2025-06-14 02:10:05.018 61727 INFO tempest.lib.common.dynamic_creds [-] Acquired dynamic creds: credentials: Credentials: {'domain_id': 'default', 'domain_name': 'Default', 'username': 'tempest-ServerDiagnosticsTest-196698161-project-admin', 'project_domain_id': 'default', 'project_domain_name': 'Default', 'project_id': '728b217be32547e1975b3eac84808e07', 'project_name': 'tempest-ServerDiagnosticsTest-196698161', 'tenant_id': '728b217be32547e1975b3eac84808e07', 'tenant_name': 'tempest-ServerDiagnosticsTest-196698161', 'user_domain_id': 'default', 'user_domain_name': 'Default', 'user_id': '5839642e45f54caaabd75cbd69965880', 'system': None}, Network: None, Subnet: None, Router: None
2025-06-14 02:10:05.019 61727 INFO tempest.lib.common.dynamic_creds [-] Created isolated network resources for: credentials: Credentials: {'domain_id': 'default', 'domain_name': 'Default', 'username': 'tempest-ServerDiagnosticsTest-196698161-project-admin', 'project_domain_id': 'default', 'project_domain_name': 'Default', 'project_id': '728b217be32547e1975b3eac84808e07', 'project_name': 'tempest-ServerDiagnosticsTest-196698161', 'tenant_id': '728b217be32547e1975b3eac84808e07', 'tenant_name': 'tempest-ServerDiagnosticsTest-196698161', 'user_domain_id': 'default', 'user_domain_name': 'Default', 'user_id': '5839642e45f54caaabd75cbd69965880', 'system': None}, Network: None, Subnet: None, Router: None
2025-06-14 02:10:05.025 61731 INFO tempest.lib.common.rest_client [req-a5327c05-210e-4d88-9a5e-8cf91dd69cc4 req-a5327c05-210e-4d88-9a5e-8cf91dd69cc4 ] Request (SecurityGroupsTestAdminJSON:tearDownClass): 200 GET http://10.180.1.21:9696/networking/v2.0/security-groups?tenant_id=808742ebbe1c4515abbc2f394d6a9a16&name=default 0.061s
2025-06-14 02:10:05.094 61727 INFO tempest.lib.common.rest_client [req-994cd639-9a2d-4fd6-862f-ef7012b98626 req-994cd639-9a2d-4fd6-862f-ef7012b98626 ] Request (ServerDiagnosticsTest:setUpClass): 201 POST http://10.180.1.21/identity/v3/auth/tokens 0.072s
2025-06-14 02:10:05.147 61727 INFO tempest.lib.common.rest_client [req-149d8f65-4b18-408e-866f-3a0096f0afbe req-149d8f65-4b18-408e-866f-3a0096f0afbe ] Request (ServerDiagnosticsTest:test_get_server_diagnostics): 201 POST http://10.180.1.21/identity/v3/auth/tokens 0.050s
2025-06-14 02:10:05.147 61727 INFO tempest.lib.common.fixed_network [-] (ServerDiagnosticsTest:test_get_server_diagnostics) Found network None available for tenant
2025-06-14 02:10:05.166 61731 INFO tempest.lib.common.rest_client [req-c58cc8ec-2256-43e8-814a-4680123875ec req-c58cc8ec-2256-43e8-814a-4680123875ec ] Request (SecurityGroupsTestAdminJSON:tearDownClass): 204 DELETE http://10.180.1.21:9696/networking/v2.0/security-groups/335341f0-53aa-4d54-895f-5625a154f202 0.141s
2025-06-14 02:10:05.173 61750 INFO tempest.lib.common.rest_client [req-06981231-93fe-43f4-adac-7e5b14dcac47 req-06981231-93fe-43f4-adac-7e5b14dcac47 ] Request (FloatingIPsAssociationTestJSON:setUpClass): 200 GET http://10.180.1.21/compute/v2.1/servers/921c348d-b2ed-4a9c-b2cf-bdac15ebff67 2.017s
2025-06-14 02:10:05.197 61773 INFO tempest.lib.common.rest_client [req-a2ee1b88-2204-4b31-9bcc-444088246c7b req-a2ee1b88-2204-4b31-9bcc-444088246c7b ] Request (QuotasAdminTestJSON:test_get_updated_quotas): 200 PUT http://10.180.1.21/compute/v2.1/os-quota-sets/d6147ae31fc34ada8d38ffb934537dd4 2.074s
2025-06-14 02:10:05.203 61761 INFO tempest.lib.common.rest_client [req-984f4e92-1c2c-46bf-bd79-0c155eccd6a4 req-984f4e92-1c2c-46bf-bd79-0c155eccd6a4 ] Request (AggregatesAdminNegativeTestJSON:test_aggregate_create_aggregate_name_length_exceeds_255): 400 POST http://10.180.1.21/compute/v2.1/os-aggregates 1.965s
2025-06-14 02:10:05.231 61771 INFO tempest.lib.common.rest_client [req-ebb82e3f-4beb-41d3-81ea-6c7d2eb77db0 req-ebb82e3f-4beb-41d3-81ea-6c7d2eb77db0 ] Request (ImagesMetadataTestJSON:test_get_image_metadata_item): 200 GET http://10.180.1.21/compute/v2.1/images/c264c4cb-c013-4a5e-b0e2-55e76ccb7515/metadata/os_distro 2.017s
2025-06-14 02:10:05.252 61729 INFO tempest.lib.common.rest_client [req-dbcb82b7-f93e-40fa-9e47-6f4c15154eae req-dbcb82b7-f93e-40fa-9e47-6f4c15154eae ] Request (FlavorsExtraSpecsTestJSON:tearDownClass): 202 DELETE http://10.180.1.21/compute/v2.1/flavors/198151471 1.998s
2025-06-14 02:10:05.275 61759 INFO tempest.lib.common.rest_client [req-cd95d5cc-cc63-47d8-9385-d27f42b1ca07 req-cd95d5cc-cc63-47d8-9385-d27f42b1ca07 ] Request (FlavorsAdminTestJSON:_run_cleanups): 200 GET http://10.180.1.21/compute/v2.1/flavors/detail 2.001s
2025-06-14 02:10:05.284 61743 INFO tempest.lib.common.rest_client [req-3993ccca-2a38-439b-997d-fd703c12f9e6 req-3993ccca-2a38-439b-997d-fd703c12f9e6 ] Request (HostsAdminNegativeTestJSON:test_update_host_with_non_admin_user): 403 PUT http://10.180.1.21/compute/v2.1/os-hosts/devstack 2.000s
2025-06-14 02:10:05.307 61739 INFO tempest.lib.common.rest_client [req-88b5f172-4047-4702-a33f-71b8d16686e1 req-88b5f172-4047-4702-a33f-71b8d16686e1 ] Request (FlavorsV2TestJSON:test_list_flavors_detailed_filter_by_min_ram): 200 GET http://10.180.1.21/compute/v2.1/flavors/detail?minRam=129 2.010s
2025-06-14 02:10:05.338 61731 INFO tempest.lib.common.rest_client [req-76327f8c-b492-4f43-a9af-29adce23ce51 req-76327f8c-b492-4f43-a9af-29adce23ce51 ] Request (SecurityGroupsTestAdminJSON:tearDownClass): 204 DELETE http://10.180.1.21/identity/v3/projects/808742ebbe1c4515abbc2f394d6a9a16 0.170s
2025-06-14 02:10:05.408 61715 INFO tempest.lib.common.rest_client [req-a8f88e22-4f42-46dc-a28b-0ab3b71da9d8 req-a8f88e22-4f42-46dc-a28b-0ab3b71da9d8 ] Request (ServerDiagnosticsV248Test:test_get_server_diagnostics): 200 GET http://10.180.1.21/compute/v2.1/servers/dc8b5106-5657-409b-b425-b929c8e893d5 1.937s
2025-06-14 02:10:05.428 61731 INFO tempest.lib.common.rest_client [req-1ccbe31f-e5c2-425d-a2b5-e73459bb32fc req-1ccbe31f-e5c2-425d-a2b5-e73459bb32fc ] Request (KeyPairsV2TestJSON:setUpClass): 201 POST http://10.180.1.21/identity/v3/auth/tokens 0.082s
2025-06-14 02:10:05.431 61717 INFO tempest.lib.common.rest_client [req-4170dced-ee73-4400-89c5-4aeb350afed0 req-4170dced-ee73-4400-89c5-4aeb350afed0 ] Request (ServicesAdminNegativeV253TestJSON:test_get_service_by_invalid_service_and_valid_host): 200 GET http://10.180.1.21/compute/v2.1/os-services 1.910s
2025-06-14 02:10:05.445 61721 INFO tempest.lib.common.rest_client [req-06eef83a-a296-422a-8dc8-1bf1c95bd76e req-06eef83a-a296-422a-8dc8-1bf1c95bd76e ] Request (TenantUsagesTestJSON:setUpClass): 200 GET http://10.180.1.21/compute/v2.1/servers/5a1247fd-0053-444a-bb93-2ff419d9e102 2.204s
2025-06-14 02:10:05.465 61746 INFO tempest.lib.common.rest_client [req-f5678f3f-b76c-4e01-9c4b-a5e39da049a2 req-f5678f3f-b76c-4e01-9c4b-a5e39da049a2 ] Request (KeyPairsV210TestJSON:_run_cleanups): 204 DELETE http://10.180.1.21/compute/v2.1/os-keypairs/tempest-KeyPairsV210TestJSON-keypair-143303050 1.693s
2025-06-14 02:10:05.474 61731 INFO tempest.lib.common.rest_client [req-0c0a0db7-bed7-49ea-945b-84d3584f1112 req-0c0a0db7-bed7-49ea-945b-84d3584f1112 ] Request (KeyPairsV2TestJSON:setUpClass): 201 POST http://10.180.1.21/identity/v3/auth/tokens 0.044s
2025-06-14 02:10:05.504 61769 INFO tempest.lib.common.rest_client [req-d7ecfb1d-bff4-44e6-8501-db51ded48cee req-d7ecfb1d-bff4-44e6-8501-db51ded48cee ] Request (ListImageFiltersTestJSON:setUpClass): 200 GET http://10.180.1.21/compute/v2.1/images/8208617f-c4f7-4501-b0e7-3fb8ed54304c 1.546s
2025-06-14 02:10:05.507 61731 INFO tempest.lib.common.rest_client [req-85504c12-cb98-4bfa-9aff-3fb5069f4a46 req-85504c12-cb98-4bfa-9aff-3fb5069f4a46 ] Request (KeyPairsV2TestJSON:setUpClass): 200 GET http://10.180.1.21/identity/v3/domains?name=Default 0.033s
2025-06-14 02:10:05.542 61731 INFO tempest.lib.common.rest_client [req-7a368294-82e4-4b26-be8a-b6f6dc753350 req-7a368294-82e4-4b26-be8a-b6f6dc753350 ] Request (KeyPairsV2TestJSON:setUpClass): 201 POST http://10.180.1.21/identity/v3/projects 0.034s
2025-06-14 02:10:05.624 61731 INFO tempest.lib.common.rest_client [req-eb6d60ce-e723-4645-a06a-df47207bcecf req-eb6d60ce-e723-4645-a06a-df47207bcecf ] Request (KeyPairsV2TestJSON:setUpClass): 201 POST http://10.180.1.21/identity/v3/users 0.081s
2025-06-14 02:10:05.643 61731 INFO tempest.lib.common.rest_client [req-f772db14-29ce-4948-bf34-392a3f39e74b req-f772db14-29ce-4948-bf34-392a3f39e74b ] Request (KeyPairsV2TestJSON:setUpClass): 200 GET http://10.180.1.21/identity/v3/roles 0.018s
2025-06-14 02:10:05.677 61731 INFO tempest.lib.common.rest_client [req-738c9eec-ff02-45b8-8e80-a96c8113545d req-738c9eec-ff02-45b8-8e80-a96c8113545d ] Request (KeyPairsV2TestJSON:setUpClass): 204 PUT http://10.180.1.21/identity/v3/projects/57e879cb21354070b4a4512d9a4e448d/users/8e8bcbc38b674dab88750972941071f5/roles/5248d8e4cd25431c983a426641613609 0.034s
2025-06-14 02:10:05.678 61731 INFO tempest.lib.common.dynamic_creds [-] Dynamic test user 8e8bcbc38b674dab88750972941071f5 is created with scope project and roles: ['member']
2025-06-14 02:10:05.678 61731 INFO tempest.lib.common.dynamic_creds [-] Acquired dynamic creds: credentials: Credentials: {'domain_id': 'default', 'domain_name': 'Default', 'username': 'tempest-KeyPairsV2TestJSON-586841997-project-member', 'project_domain_id': 'default', 'project_domain_name': 'Default', 'project_id': '57e879cb21354070b4a4512d9a4e448d', 'project_name': 'tempest-KeyPairsV2TestJSON-586841997', 'tenant_id': '57e879cb21354070b4a4512d9a4e448d', 'tenant_name': 'tempest-KeyPairsV2TestJSON-586841997', 'user_domain_id': 'default', 'user_domain_name': 'Default', 'user_id': '8e8bcbc38b674dab88750972941071f5', 'system': None}, Network: None, Subnet: None, Router: None
2025-06-14 02:10:05.679 61731 INFO tempest.lib.common.dynamic_creds [-] Created isolated network resources for: credentials: Credentials: {'domain_id': 'default', 'domain_name': 'Default', 'username': 'tempest-KeyPairsV2TestJSON-586841997-project-member', 'project_domain_id': 'default', 'project_domain_name': 'Default', 'project_id': '57e879cb21354070b4a4512d9a4e448d', 'project_name': 'tempest-KeyPairsV2TestJSON-586841997', 'tenant_id': '57e879cb21354070b4a4512d9a4e448d', 'tenant_name': 'tempest-KeyPairsV2TestJSON-586841997', 'user_domain_id': 'default', 'user_domain_name': 'Default', 'user_id': '8e8bcbc38b674dab88750972941071f5', 'system': None}, Network: None, Subnet: None, Router: None
2025-06-14 02:10:05.710 61753 INFO tempest.lib.common.rest_client [req-89205fed-3120-4042-913d-83e2058c7b30 req-89205fed-3120-4042-913d-83e2058c7b30 ] Request (DeleteServersTestJSON:test_delete_active_server): 200 GET http://10.180.1.21/compute/v2.1/servers/079f1dc7-232a-4e21-9b0e-9fff2d16bab6 2.035s
2025-06-14 02:10:05.771 61731 INFO tempest.lib.common.rest_client [req-65ea255c-f412-4b2e-a706-621ecfb44a49 req-65ea255c-f412-4b2e-a706-621ecfb44a49 ] Request (KeyPairsV2TestJSON:setUpClass): 201 POST http://10.180.1.21/identity/v3/auth/tokens 0.086s
2025-06-14 02:10:05.822 61751 INFO tempest.lib.common.rest_client [req-59ddb40f-60cc-4256-8d5b-7d638896810f req-59ddb40f-60cc-4256-8d5b-7d638896810f ] Request (MigrationsAdminTest:test_list_migrations_in_flavor_resize_situation): 200 GET http://10.180.1.21/compute/v2.1/servers/5d67907c-7199-4734-a5cc-4466703eaa51 1.848s
2025-06-14 02:10:05.830 61723 INFO tempest.lib.common.rest_client [req-03f8238c-8ace-4ce5-93d4-ec4edd01b87a req-03f8238c-8ace-4ce5-93d4-ec4edd01b87a ] Request (ServersAdmin275Test:test_rebuild_update_server_275): 200 PUT http://10.180.1.21/compute/v2.1/servers/d9395a72-994b-4baf-a296-2fc3d05a239c 1.553s
2025-06-14 02:10:05.887 61719 INFO tempest.lib.common.rest_client [req-bac8d27b-7fc7-4f66-bc43-106d01dcde9e req-bac8d27b-7fc7-4f66-bc43-106d01dcde9e ] Request (ImagesOneServerTestJSON:setUpClass): 200 GET http://10.180.1.21/compute/v2.1/servers/e28da414-8fb8-4470-873a-a285925dd988 1.424s
2025-06-14 02:10:05.927 61767 INFO tempest.lib.common.rest_client [req-e6faa27b-2a47-4f09-952e-4a2f47e745c7 req-e6faa27b-2a47-4f09-952e-4a2f47e745c7 ] Request (ValidationResourcesFixture:setUp): 200 POST http://10.180.1.21/compute/v2.1/os-keypairs 1.224s
2025-06-14 02:10:06.005 61755 INFO tempest.lib.common.rest_client [req-f3797e93-0101-4c3d-9d9e-d43e1199dcd4 req-f3797e93-0101-4c3d-9d9e-d43e1199dcd4 ] Request (DeleteServersAdminTestJSON:test_admin_delete_servers_of_others): 200 GET http://10.180.1.21/compute/v2.1/servers/f0aae1f8-14cb-4fd5-900b-1b062c7f6783 1.526s
2025-06-14 02:10:06.020 61765 INFO tempest.lib.common.rest_client [req-1ff68012-2d75-4147-ab21-9e4b45720b6c req-1ff68012-2d75-4147-ab21-9e4b45720b6c ] Request (FlavorsAccessNegativeTestJSON:test_flavor_non_admin_remove): 200 POST http://10.180.1.21/compute/v2.1/flavors 1.176s
2025-06-14 02:10:06.027 61741 INFO tempest.lib.common.rest_client [req-0cbf05a3-72f0-4b2b-ac25-553650fe6c4a req-0cbf05a3-72f0-4b2b-ac25-553650fe6c4a ] Request (FloatingIPsTestJSON:setUpClass): 201 POST http://10.180.1.21:9696/networking/v2.0/routers 1.856s
2025-06-14 02:10:06.063 61737 INFO tempest.lib.common.rest_client [req-3ba031a0-101c-4458-bf89-625ea5dac599 req-3ba031a0-101c-4458-bf89-625ea5dac599 ] Request (ServersTestFqdnHostnames:test_create_server_with_fqdn_name): 200 GET http://10.180.1.21/compute/v2.1/servers/f24ff321-c4a3-4bd4-a60d-ac7c1d448e31 1.295s
2025-06-14 02:10:06.171 61757 INFO tempest.lib.common.rest_client [req-4b02fe5c-308e-42d0-8fd1-39b76f8bca0c req-4b02fe5c-308e-42d0-8fd1-39b76f8bca0c ] Request (ValidationResourcesFixture:setUp): 200 POST http://10.180.1.21/compute/v2.1/os-keypairs 1.206s
2025-06-14 02:10:06.406 61757 INFO tempest.lib.common.rest_client [req-1aba3df8-5407-4b62-b6e8-067c5fd06ae6 req-1aba3df8-5407-4b62-b6e8-067c5fd06ae6 ] Request (ValidationResourcesFixture:setUp): 201 POST http://10.180.1.21:9696/networking/v2.0/security-groups 0.233s
2025-06-14 02:10:06.450 61713 INFO tempest.lib.common.rest_client [req-be01e560-9f37-4add-af42-0ba8bbd61e13 req-be01e560-9f37-4add-af42-0ba8bbd61e13 ] Request (QuotasAdminNegativeTest:test_create_server_when_cpu_quota_is_full): 403 POST http://10.180.1.21/compute/v2.1/servers 1.433s
2025-06-14 02:10:06.509 61757 INFO tempest.lib.common.rest_client [req-41998db9-cc8e-4f11-a0d2-7a443a7ef5b1 req-41998db9-cc8e-4f11-a0d2-7a443a7ef5b1 ] Request (ValidationResourcesFixture:setUp): 201 POST http://10.180.1.21:9696/networking/v2.0/security-group-rules 0.103s
2025-06-14 02:10:06.521 61767 INFO tempest.lib.common.rest_client [req-f190fce8-a0d3-4baf-abeb-d3a6d4634006 req-f190fce8-a0d3-4baf-abeb-d3a6d4634006 ] Request (ValidationResourcesFixture:setUp): 201 POST http://10.180.1.21:9696/networking/v2.0/security-groups 0.591s
2025-06-14 02:10:06.567 61773 INFO tempest.lib.common.rest_client [req-50991aee-795b-405b-bd5f-8eb5413b6c27 req-50991aee-795b-405b-bd5f-8eb5413b6c27 ] Request (QuotasAdminTestJSON:test_get_updated_quotas): 200 GET http://10.180.1.21/compute/v2.1/os-quota-sets/d6147ae31fc34ada8d38ffb934537dd4/detail 1.367s
2025-06-14 02:10:06.573 61761 INFO tempest.lib.common.rest_client [req-c28b8368-d613-4bbf-af1b-3c7a66a5afca req-c28b8368-d613-4bbf-af1b-3c7a66a5afca ] Request (AggregatesAdminNegativeTestJSON:test_aggregate_create_aggregate_name_length_less_than_1): 400 POST http://10.180.1.21/compute/v2.1/os-aggregates 1.369s
2025-06-14 02:10:06.580 61725 INFO tempest.lib.common.rest_client [req-af39dbad-8f40-4490-b455-f8d4306cd5e2 req-af39dbad-8f40-4490-b455-f8d4306cd5e2 ] Request (InstanceActionsV221TestJSON:setUpClass): 201 POST http://10.180.1.21:9696/networking/v2.0/routers 1.612s
2025-06-14 02:10:06.597 61773 INFO tempest.lib.common.rest_client [req-29b5d6d0-5c0a-46c9-8763-a4e22f195d73 req-29b5d6d0-5c0a-46c9-8763-a4e22f195d73 ] Request (QuotasAdminTestJSON:test_get_updated_quotas): 200 GET http://10.180.1.21/identity/v3/domains?name=Default 0.023s
2025-06-14 02:10:06.623 61773 INFO tempest.lib.common.rest_client [req-f88551a0-41ec-4ef4-ac8d-4029bd698447 req-f88551a0-41ec-4ef4-ac8d-4029bd698447 ] Request (QuotasAdminTestJSON:test_get_updated_quotas): 201 POST http://10.180.1.21/identity/v3/users 0.026s
2025-06-14 02:10:06.646 61773 INFO tempest.lib.common.rest_client [req-01c132d7-5b5b-4092-9171-f9bc1450340b req-01c132d7-5b5b-4092-9171-f9bc1450340b ] Request (QuotasAdminTestJSON:test_get_updated_quotas): 200 GET http://10.180.1.21/identity/v3/domains?name=Default 0.022s
2025-06-14 02:10:06.730 61771 INFO tempest.lib.common.rest_client [req-35940395-84fa-40d0-adc2-465095c3c694 req-35940395-84fa-40d0-adc2-465095c3c694 ] Request (ImagesMetadataTestJSON:setUp): 200 PUT http://10.180.1.21/compute/v2.1/images/c264c4cb-c013-4a5e-b0e2-55e76ccb7515/metadata 1.498s
2025-06-14 02:10:06.736 61767 INFO tempest.lib.common.rest_client [req-3a0be759-b86e-429e-a418-84170dcb5df9 req-3a0be759-b86e-429e-a418-84170dcb5df9 ] Request (ValidationResourcesFixture:setUp): 201 POST http://10.180.1.21:9696/networking/v2.0/security-group-rules 0.215s
2025-06-14 02:10:06.738 61757 INFO tempest.lib.common.rest_client [req-8b25e2db-69fe-466e-81dc-10240d73c025 req-8b25e2db-69fe-466e-81dc-10240d73c025 ] Request (ValidationResourcesFixture:setUp): 201 POST http://10.180.1.21:9696/networking/v2.0/security-group-rules 0.229s
2025-06-14 02:10:06.751 61729 INFO tempest.lib.common.rest_client [req-8ae60b4d-d34f-4cfe-a171-5445204332ac req-8ae60b4d-d34f-4cfe-a171-5445204332ac ] Request (FlavorsExtraSpecsTestJSON:tearDownClass): 200 GET http://10.180.1.21/compute/v2.1/flavors/detail 1.498s
2025-06-14 02:10:06.773 61759 INFO tempest.lib.common.rest_client [req-e11eb795-24e1-4829-ae0b-5c6bbd21cd6d req-e11eb795-24e1-4829-ae0b-5c6bbd21cd6d ] Request (FlavorsAdminTestJSON:test_create_flavor_with_uuid_id): 200 POST http://10.180.1.21/compute/v2.1/flavors 1.491s
2025-06-14 02:10:06.773 61727 INFO tempest.lib.common.rest_client [req-937f9d48-de5c-4a33-b97e-17df13695225 req-937f9d48-de5c-4a33-b97e-17df13695225 ] Request (ServerDiagnosticsTest:test_get_server_diagnostics): 202 POST http://10.180.1.21/compute/v2.1/servers 1.625s
2025-06-14 02:10:06.779 61743 INFO tempest.lib.common.rest_client [req-c443f77e-cc72-4def-8d50-2865dfe5479e req-c443f77e-cc72-4def-8d50-2865dfe5479e ] Request (HostsAdminNegativeTestJSON:test_update_host_without_param): 400 PUT http://10.180.1.21/compute/v2.1/os-hosts/devstack 1.494s
2025-06-14 02:10:06.787 61739 INFO tempest.lib.common.rest_client [req-e42e3b9f-0d7e-4e56-b233-e681daec47b2 req-e42e3b9f-0d7e-4e56-b233-e681daec47b2 ] Request (FlavorsV2TestJSON:test_list_flavors_detailed_limit_results): 200 GET http://10.180.1.21/compute/v2.1/flavors/detail?limit=1 1.470s
2025-06-14 02:10:06.804 61717 INFO tempest.lib.common.rest_client [req-3b942d46-a0f7-42f5-8553-49d303a861d5 req-3b942d46-a0f7-42f5-8553-49d303a861d5 ] Request (ServicesAdminNegativeV253TestJSON:test_get_service_by_invalid_service_and_valid_host): 200 GET http://10.180.1.21/compute/v2.1/os-services?host=devstack&binary=xxx 1.370s
2025-06-14 02:10:06.809 61746 INFO tempest.lib.common.rest_client [req-ab9408d6-2196-41ad-b6f2-93c68269c2ed req-ab9408d6-2196-41ad-b6f2-93c68269c2ed ] Request (KeyPairsV210TestJSON:_run_cleanups): 204 DELETE http://10.180.1.21/compute/v2.1/os-keypairs/tempest-keypair-2130437357?user_id=2ac7533841e842e5821f370d40a04015 1.344s
2025-06-14 02:10:06.837 61769 INFO tempest.lib.common.rest_client [req-11bf45cc-18fe-4292-82d2-682225326d0c req-11bf45cc-18fe-4292-82d2-682225326d0c ] Request (ListImageFiltersTestJSON:setUpClass): 200 GET http://10.180.1.21/compute/v2.1/images/8208617f-c4f7-4501-b0e7-3fb8ed54304c 1.327s
2025-06-14 02:10:06.920 61731 INFO tempest.lib.common.rest_client [req-7d59dedf-1c0c-49d1-b960-b047fc72a432 req-7d59dedf-1c0c-49d1-b960-b047fc72a432 ] Request (KeyPairsV2TestJSON:test_get_keypair_detail): 200 POST http://10.180.1.21/compute/v2.1/os-keypairs 1.147s
2025-06-14 02:10:06.954 61729 INFO tempest.lib.common.rest_client [req-c8ded52f-463f-4c12-a7de-e090df45969f req-c8ded52f-463f-4c12-a7de-e090df45969f ] Request (FlavorsExtraSpecsTestJSON:tearDownClass): 204 DELETE http://10.180.1.21/identity/v3/users/20449a26a2a04b138100ee9dee33a919 0.196s
2025-06-14 02:10:06.962 61769 INFO tempest.lib.common.rest_client [req-50a0f690-7801-4667-9912-9720ede10766 req-50a0f690-7801-4667-9912-9720ede10766 ] Request (ListImageFiltersTestJSON:setUpClass): 201 POST http://10.180.1.21/identity/v3/auth/tokens 0.113s
2025-06-14 02:10:06.963 61769 INFO tempest.lib.common.fixed_network [-] (ListImageFiltersTestJSON:setUpClass) Found network None available for tenant
2025-06-14 02:10:07.046 61767 INFO tempest.lib.common.rest_client [req-935553a6-918c-4de4-abd8-8bdcc4acfab0 req-935553a6-918c-4de4-abd8-8bdcc4acfab0 ] Request (ValidationResourcesFixture:setUp): 201 POST http://10.180.1.21:9696/networking/v2.0/security-group-rules 0.309s
2025-06-14 02:10:07.092 61729 INFO tempest.lib.common.rest_client [req-06c4c65b-84ff-478b-bf1a-12f29e1bc021 req-06c4c65b-84ff-478b-bf1a-12f29e1bc021 ] Request (FlavorsExtraSpecsTestJSON:tearDownClass): 204 DELETE http://10.180.1.21/identity/v3/users/9c3c0f67466142d2b3f0326106878138 0.138s
2025-06-14 02:10:07.093 61729 INFO tempest.lib.common.dynamic_creds [-] Deleting project and security group for project: 5361a0fac0c146c182ed26d02caea8f1
2025-06-14 02:10:07.104 61711 INFO tempest.lib.common.rest_client [req-41379592-b574-479e-8908-665feb6fd191 req-41379592-b574-479e-8908-665feb6fd191 ] Request (ServersAdminNegativeTestJSON:setUpClass): 200 GET http://10.180.1.21/compute/v2.1/servers/28261a41-7f6d-495c-abbd-7f73f67e80d6 1.420s
2025-06-14 02:10:07.178 61729 INFO tempest.lib.common.rest_client [req-003a2000-8084-43bb-86f4-af5e89503bba req-003a2000-8084-43bb-86f4-af5e89503bba ] Request (FlavorsExtraSpecsTestJSON:tearDownClass): 201 POST http://10.180.1.21/identity/v3/auth/tokens 0.085s
2025-06-14 02:10:07.223 61723 INFO tempest.lib.common.rest_client [req-6fe3c4a5-7451-4017-8e8b-fa852c12b981 req-6fe3c4a5-7451-4017-8e8b-fa852c12b981 ] Request (ServersAdmin275Test:test_rebuild_update_server_275): 200 GET http://10.180.1.21/compute/v2.1/servers/d9395a72-994b-4baf-a296-2fc3d05a239c 1.383s
2025-06-14 02:10:07.269 61747 INFO tempest.lib.common.rest_client [req-9ae1a05f-8205-4b8d-b69e-4422d99b4138 req-9ae1a05f-8205-4b8d-b69e-4422d99b4138 ] Request (ServerDiagnosticsNegativeTest:test_get_server_diagnostics_by_non_admin): 200 GET http://10.180.1.21/compute/v2.1/servers/4703897a-ce8c-4bca-89e9-62fe53c5d404 1.450s
2025-06-14 02:10:07.309 61763 INFO tempest.lib.common.rest_client [req-a0470663-3376-4386-ad03-155fc939916e req-a0470663-3376-4386-ad03-155fc939916e ] Request (ServersAdminTestJSON:setUpClass): 200 GET http://10.180.1.21/compute/v2.1/servers/c6880758-25cf-4078-9455-827db6fb6435 1.391s
2025-06-14 02:10:07.420 61765 INFO tempest.lib.common.rest_client [req-dcc80262-8269-4250-b679-816cac9f8153 req-dcc80262-8269-4250-b679-816cac9f8153 ] Request (FlavorsAccessNegativeTestJSON:test_flavor_non_admin_remove): 200 POST http://10.180.1.21/compute/v2.1/flavors/1972017906/action 1.397s
2025-06-14 02:10:07.491 61715 INFO tempest.lib.common.rest_client [req-db2e0cf4-41df-4593-980b-d108cbdab49a req-db2e0cf4-41df-4593-980b-d108cbdab49a ] Request (ServerDiagnosticsV248Test:test_get_server_diagnostics): 200 GET http://10.180.1.21/compute/v2.1/servers/dc8b5106-5657-409b-b425-b929c8e893d5 1.071s
2025-06-14 02:10:07.589 61729 INFO tempest.lib.common.rest_client [req-54b45ee6-a393-4a1a-9016-8a1c4671d19f req-54b45ee6-a393-4a1a-9016-8a1c4671d19f ] Request (FlavorsExtraSpecsTestJSON:tearDownClass): 200 GET http://10.180.1.21:9696/networking/v2.0/security-groups?tenant_id=5361a0fac0c146c182ed26d02caea8f1&name=default 0.410s
2025-06-14 02:10:07.645 61713 INFO tempest.lib.common.rest_client [req-768136da-5b2a-4ca6-874c-c608c98866d2 req-768136da-5b2a-4ca6-874c-c608c98866d2 ] Request (QuotasAdminNegativeTest:_run_cleanups): 200 PUT http://10.180.1.21/compute/v2.1/os-quota-sets/bcf1f79aa33840ec8f17faf546677ce0 1.193s
2025-06-14 02:10:07.861 61750 INFO tempest.lib.common.rest_client [req-2ef602f5-98b9-459e-b848-c267877ee60c req-2ef602f5-98b9-459e-b848-c267877ee60c ] Request (FloatingIPsAssociationTestJSON:setUpClass): 200 GET http://10.180.1.21/compute/v2.1/servers/921c348d-b2ed-4a9c-b2cf-bdac15ebff67 1.678s
2025-06-14 02:10:07.870 61761 INFO tempest.lib.common.rest_client [req-86e62552-da93-4964-b0a2-2467a60ba5df req-86e62552-da93-4964-b0a2-2467a60ba5df ] Request (AggregatesAdminNegativeTestJSON:test_aggregate_create_as_user): 403 POST http://10.180.1.21/compute/v2.1/os-aggregates 1.295s
2025-06-14 02:10:07.998 61721 INFO tempest.lib.common.rest_client [req-9a7a0537-0cfc-4e07-b23f-16f9ae82390c req-9a7a0537-0cfc-4e07-b23f-16f9ae82390c ] Request (TenantUsagesTestJSON:setUpClass): 200 GET http://10.180.1.21/compute/v2.1/servers/5a1247fd-0053-444a-bb93-2ff419d9e102 1.542s
2025-06-14 02:10:08.025 61773 INFO tempest.lib.common.rest_client [req-bccf5c18-5f4a-4e73-9983-84d84e7a2c1d req-bccf5c18-5f4a-4e73-9983-84d84e7a2c1d ] Request (QuotasAdminTestJSON:test_get_updated_quotas): 200 PUT http://10.180.1.21/compute/v2.1/os-quota-sets/d6147ae31fc34ada8d38ffb934537dd4?user_id=589cb34034db49e891982a115d0e6313 1.379s
2025-06-14 02:10:08.032 61729 INFO tempest.lib.common.rest_client [req-29f1b5de-55d6-4f10-a3f6-b769eee63bb6 req-29f1b5de-55d6-4f10-a3f6-b769eee63bb6 ] Request (FlavorsExtraSpecsTestJSON:tearDownClass): 204 DELETE http://10.180.1.21:9696/networking/v2.0/security-groups/e743ec31-c242-40bc-b086-5beb2b250828 0.441s
2025-06-14 02:10:08.069 61771 INFO tempest.lib.common.rest_client [req-e36dab06-8a86-4a9b-bc12-9883541e2ea5 req-e36dab06-8a86-4a9b-bc12-9883541e2ea5 ] Request (ImagesMetadataTestJSON:test_list_image_metadata): 200 GET http://10.180.1.21/compute/v2.1/images/c264c4cb-c013-4a5e-b0e2-55e76ccb7515/metadata 1.337s
2025-06-14 02:10:08.115 61757 INFO tempest.lib.common.rest_client [req-803cdb44-893a-4000-ac82-644e7bc5442a req-803cdb44-893a-4000-ac82-644e7bc5442a ] Request (ValidationResourcesFixture:setUp): 201 POST http://10.180.1.21:9696/networking/v2.0/floatingips 1.375s
2025-06-14 02:10:08.141 61729 INFO tempest.lib.common.rest_client [req-a774f1d8-1fef-4775-94e0-74078c6643eb req-a774f1d8-1fef-4775-94e0-74078c6643eb ] Request (FlavorsExtraSpecsTestJSON:tearDownClass): 204 DELETE http://10.180.1.21/identity/v3/projects/5361a0fac0c146c182ed26d02caea8f1 0.109s
2025-06-14 02:10:08.142 61729 INFO tempest.lib.common.dynamic_creds [-] Deleting project and security group for project: fc7f760416d8416db51790a8fcb458ae
2025-06-14 02:10:08.147 61727 INFO tempest.lib.common.rest_client [req-5015c0de-3728-4139-9cf3-6babef2dc80e req-5015c0de-3728-4139-9cf3-6babef2dc80e ] Request (ServerDiagnosticsTest:test_get_server_diagnostics): 200 GET http://10.180.1.21/compute/v2.1/servers/57eb1cd4-7c95-4173-800b-385bed2dbbbe 1.372s
2025-06-14 02:10:08.173 61759 INFO tempest.lib.common.rest_client [req-e2d37282-5a3a-4eae-b4a1-e012ffee3952 req-e2d37282-5a3a-4eae-b4a1-e012ffee3952 ] Request (FlavorsAdminTestJSON:_run_cleanups): 202 DELETE http://10.180.1.21/compute/v2.1/flavors/047bf95d-2a6b-4cb8-a52f-31a255d04f64 1.398s
2025-06-14 02:10:08.176 61767 INFO tempest.lib.common.rest_client [req-afadf1c9-fd4a-4dcc-ab76-110891c1ca84 req-afadf1c9-fd4a-4dcc-ab76-110891c1ca84 ] Request (ValidationResourcesFixture:setUp): 201 POST http://10.180.1.21:9696/networking/v2.0/floatingips 1.130s
2025-06-14 02:10:08.190 61743 INFO tempest.lib.common.rest_client [req-10a4ce56-a107-4953-bf22-052e24ae4287 req-10a4ce56-a107-4953-bf22-052e24ae4287 ] Request (HostsAdminNegativeTestJSON:test_update_nonexistent_host): 404 PUT http://10.180.1.21/compute/v2.1/os-hosts/nonexistent_hostname 1.408s
2025-06-14 02:10:08.202 61739 INFO tempest.lib.common.rest_client [req-c5b76fde-6fc7-4d78-b498-b7e8680589ec req-c5b76fde-6fc7-4d78-b498-b7e8680589ec ] Request (FlavorsV2TestJSON:test_list_flavors_detailed_using_marker): 200 GET http://10.180.1.21/compute/v2.1/flavors/42 1.411s
2025-06-14 02:10:08.212 61753 INFO tempest.lib.common.rest_client [req-34ba85be-ca61-4512-830f-39bb269d187f req-34ba85be-ca61-4512-830f-39bb269d187f ] Request (DeleteServersTestJSON:test_delete_active_server): 200 GET http://10.180.1.21/compute/v2.1/servers/079f1dc7-232a-4e21-9b0e-9fff2d16bab6 1.491s
2025-06-14 02:10:08.225 61717 INFO tempest.lib.common.rest_client [req-77eb8a87-1dd7-4196-9e48-85834bf228d7 req-77eb8a87-1dd7-4196-9e48-85834bf228d7 ] Request (ServicesAdminNegativeV253TestJSON:test_get_service_with_valid_service_and_invalid_host): 200 GET http://10.180.1.21/compute/v2.1/os-services 1.418s
2025-06-14 02:10:08.233 61757 INFO tempest.lib.common.rest_client [req-fe30c773-6ae9-47d3-940f-559489a70d8c req-fe30c773-6ae9-47d3-940f-559489a70d8c ] Request (AttachInterfacesUnderV243Test:test_add_remove_fixed_ip): 201 POST http://10.180.1.21/identity/v3/auth/tokens 0.115s
2025-06-14 02:10:08.234 61757 INFO tempest.lib.common.fixed_network [-] (AttachInterfacesUnderV243Test:test_add_remove_fixed_ip) Found network {'id': '3d15bd53-3854-47df-b821-a08abccb916e', 'name': 'tempest-AttachInterfacesUnderV243Test-1815026015-network', 'tenant_id': '4d190df5a91440c2b908f04ee1f3617c', 'admin_state_up': True, 'mtu': 8950, 'status': 'ACTIVE', 'subnets': [], 'shared': False, 'project_id': '4d190df5a91440c2b908f04ee1f3617c', 'port_security_enabled': True, 'router:external': False, 'provider:network_type': 'vlan', 'provider:physical_network': 'default', 'provider:segmentation_id': 673, 'is_default': False, 'availability_zone_hints': [], 'availability_zones': [], 'ipv4_address_scope': None, 'ipv6_address_scope': None, 'description': '', 'tags': [], 'created_at': '2025-06-14T02:09:59Z', 'updated_at': '2025-06-14T02:09:59Z', 'revision_number': 1} available for tenant
2025-06-14 02:10:08.252 61746 INFO tempest.lib.common.rest_client [req-78fce85e-eca7-4244-b490-568a6fc78564 req-78fce85e-eca7-4244-b490-568a6fc78564 ] Request (KeyPairsV210TestJSON:_run_cleanups): 204 DELETE http://10.180.1.21/compute/v2.1/os-keypairs/tempest-keypair-2034312539?user_id=2ac7533841e842e5821f370d40a04015 1.442s
2025-06-14 02:10:08.277 61767 INFO tempest.lib.common.rest_client [req-7cb38f93-794a-4ee2-9322-3531dc79b612 req-7cb38f93-794a-4ee2-9322-3531dc79b612 ] Request (ServersWithSpecificFlavorTestJSON:test_verify_created_server_ephemeral_disk): 201 POST http://10.180.1.21/identity/v3/auth/tokens 0.098s
2025-06-14 02:10:08.277 61767 INFO tempest.lib.common.fixed_network [-] (ServersWithSpecificFlavorTestJSON:test_verify_created_server_ephemeral_disk) Found network {'id': '3b948e2e-ced6-4700-9ddc-a70aaef0ec09', 'name': 'tempest-ServersWithSpecificFlavorTestJSON-1252519306-network', 'tenant_id': 'e5eeca3026a549719e833ddc4973534c', 'admin_state_up': True, 'mtu': 8950, 'status': 'ACTIVE', 'subnets': [], 'shared': False, 'project_id': 'e5eeca3026a549719e833ddc4973534c', 'port_security_enabled': True, 'router:external': False, 'provider:network_type': 'vlan', 'provider:physical_network': 'default', 'provider:segmentation_id': 338, 'is_default': False, 'availability_zone_hints': [], 'availability_zones': [], 'ipv4_address_scope': None, 'ipv6_address_scope': None, 'description': '', 'tags': [], 'created_at': '2025-06-14T02:09:32Z', 'updated_at': '2025-06-14T02:09:32Z', 'revision_number': 1} available for tenant
2025-06-14 02:10:08.321 61719 INFO tempest.lib.common.rest_client [req-48464588-18f4-42b8-8dc3-31c81d11b207 req-48464588-18f4-42b8-8dc3-31c81d11b207 ] Request (ImagesOneServerTestJSON:setUpClass): 200 GET http://10.180.1.21/compute/v2.1/servers/e28da414-8fb8-4470-873a-a285925dd988 1.423s
2025-06-14 02:10:08.336 61731 INFO tempest.lib.common.rest_client [req-a54a2124-6efe-4bff-88c1-ece5e11741b0 req-a54a2124-6efe-4bff-88c1-ece5e11741b0 ] Request (KeyPairsV2TestJSON:test_get_keypair_detail): 200 GET http://10.180.1.21/compute/v2.1/os-keypairs/tempest-keypair-1728703286 1.413s
2025-06-14 02:10:08.360 61729 INFO tempest.lib.common.rest_client [req-cdc3e7dd-c657-45fb-bdbc-65499937cb28 req-cdc3e7dd-c657-45fb-bdbc-65499937cb28 ] Request (FlavorsExtraSpecsTestJSON:tearDownClass): 200 GET http://10.180.1.21:9696/networking/v2.0/security-groups?tenant_id=fc7f760416d8416db51790a8fcb458ae&name=default 0.218s
2025-06-14 02:10:08.382 61743 INFO tempest.lib.common.rest_client [req-80f7a455-4d40-41f5-82f0-e8fcd1a83d3a req-80f7a455-4d40-41f5-82f0-e8fcd1a83d3a ] Request (HostsAdminNegativeTestJSON:tearDownClass): 204 DELETE http://10.180.1.21/identity/v3/users/76d7beb958d945a1b368230a7271977a 0.189s
2025-06-14 02:10:08.473 61746 INFO tempest.lib.common.rest_client [req-fe459be4-fdc5-488a-8e67-5d2ffb92e50b req-fe459be4-fdc5-488a-8e67-5d2ffb92e50b ] Request (KeyPairsV210TestJSON:tearDownClass): 204 DELETE http://10.180.1.21/identity/v3/users/2ac7533841e842e5821f370d40a04015 0.216s
2025-06-14 02:10:08.564 61743 INFO tempest.lib.common.rest_client [req-4b1a23db-cdf9-4762-84d3-81cb4f3b8994 req-4b1a23db-cdf9-4762-84d3-81cb4f3b8994 ] Request (HostsAdminNegativeTestJSON:tearDownClass): 204 DELETE http://10.180.1.21/identity/v3/users/239e6d071b214fcb971840487d0c401c 0.182s
2025-06-14 02:10:08.564 61743 INFO tempest.lib.common.dynamic_creds [-] Deleting project and security group for project: 8f9fc94c58664d89914ce4a6887738aa
2025-06-14 02:10:08.565 61751 INFO tempest.lib.common.rest_client [req-e890bccd-f070-4fc9-83f6-355d755fabce req-e890bccd-f070-4fc9-83f6-355d755fabce ] Request (MigrationsAdminTest:test_list_migrations_in_flavor_resize_situation): 200 GET http://10.180.1.21/compute/v2.1/servers/5d67907c-7199-4734-a5cc-4466703eaa51 1.735s
2025-06-14 02:10:08.582 61746 INFO tempest.lib.common.rest_client [req-79903516-4dff-4162-a688-24782d2dfc2d req-79903516-4dff-4162-a688-24782d2dfc2d ] Request (KeyPairsV210TestJSON:tearDownClass): 204 DELETE http://10.180.1.21/identity/v3/users/d356851af6834212a9d835343654c5d0 0.108s
2025-06-14 02:10:08.583 61746 INFO tempest.lib.common.dynamic_creds [-] Deleting project and security group for project: 92bbb5489d5c42efb72d82beebdcd79f
2025-06-14 02:10:08.598 61729 INFO tempest.lib.common.rest_client [req-b454f013-19d8-4579-989a-4ba123d995e8 req-b454f013-19d8-4579-989a-4ba123d995e8 ] Request (FlavorsExtraSpecsTestJSON:tearDownClass): 204 DELETE http://10.180.1.21:9696/networking/v2.0/security-groups/01f6b948-68c3-4992-9d02-b0e0631475b4 0.237s
2025-06-14 02:10:08.630 61743 INFO tempest.lib.common.rest_client [req-eb0674c9-fe5e-4a5c-a994-4ff6255abf36 req-eb0674c9-fe5e-4a5c-a994-4ff6255abf36 ] Request (HostsAdminNegativeTestJSON:tearDownClass): 201 POST http://10.180.1.21/identity/v3/auth/tokens 0.066s
2025-06-14 02:10:08.644 61746 INFO tempest.lib.common.rest_client [req-602d7799-9bc5-429f-9725-a15ecc55dab6 req-602d7799-9bc5-429f-9725-a15ecc55dab6 ] Request (KeyPairsV210TestJSON:tearDownClass): 201 POST http://10.180.1.21/identity/v3/auth/tokens 0.061s
2025-06-14 02:10:08.677 61741 INFO tempest.lib.common.rest_client [req-d8ba48e0-83d3-4c30-84e1-f55024148b13 req-d8ba48e0-83d3-4c30-84e1-f55024148b13 ] Request (FloatingIPsTestJSON:setUpClass): 200 PUT http://10.180.1.21:9696/networking/v2.0/routers/0e360a57-ffae-473a-8e51-2e12cdc86282/add_router_interface 2.650s
2025-06-14 02:10:08.677 61741 INFO tempest.lib.common.dynamic_creds [-] Created isolated network resources for: credentials: Credentials: {'domain_id': 'default', 'domain_name': 'Default', 'username': 'tempest-FloatingIPsTestJSON-1812812046-project-member', 'project_domain_id': 'default', 'project_domain_name': 'Default', 'project_id': '45a65cf0d42443788df74d6986e47c09', 'project_name': 'tempest-FloatingIPsTestJSON-1812812046', 'tenant_id': '45a65cf0d42443788df74d6986e47c09', 'tenant_name': 'tempest-FloatingIPsTestJSON-1812812046', 'user_domain_id': 'default', 'user_domain_name': 'Default', 'user_id': 'ffc46bcedf884136b3b483f859801032', 'system': None}, Network: {'id': '297cc0e9-2248-4126-96dd-2d354aac6ea0', 'name': 'tempest-FloatingIPsTestJSON-1379319905-network', 'tenant_id': '45a65cf0d42443788df74d6986e47c09', 'admin_state_up': True, 'mtu': 8950, 'status': 'ACTIVE', 'subnets': [], 'shared': False, 'project_id': '45a65cf0d42443788df74d6986e47c09', 'port_security_enabled': True, 'router:external': False, 'provider:network_type': 'vlan', 'provider:physical_network': 'default', 'provider:segmentation_id': 951, 'is_default': False, 'availability_zone_hints': [], 'availability_zones': [], 'ipv4_address_scope': None, 'ipv6_address_scope': None, 'description': '', 'tags': [], 'created_at': '2025-06-14T02:10:03Z', 'updated_at': '2025-06-14T02:10:03Z', 'revision_number': 1}, Subnet: {'id': 'c968ab33-90f7-4cf2-bb12-6c7eba0f8b1a', 'name': 'tempest-FloatingIPsTestJSON-1379319905-subnet', 'tenant_id': '45a65cf0d42443788df74d6986e47c09', 'network_id': '297cc0e9-2248-4126-96dd-2d354aac6ea0', 'ip_version': 4, 'subnetpool_id': None, 'enable_dhcp': True, 'ipv6_ra_mode': None, 'ipv6_address_mode': None, 'gateway_ip': '192.168.128.1', 'cidr': '192.168.128.0/28', 'allocation_pools': [{'start': '192.168.128.2', 'end': '192.168.128.14'}], 'host_routes': [], 'dns_nameservers': [], 'description': '', 'service_types': [], 'tags': [], 'created_at': '2025-06-14T02:10:03Z', 'updated_at': '2025-06-14T02:10:03Z', 'revision_number': 0, 'project_id': '45a65cf0d42443788df74d6986e47c09'}, Router: {'id': '0e360a57-ffae-473a-8e51-2e12cdc86282', 'name': 'tempest-FloatingIPsTestJSON-1379319905-router', 'tenant_id': '45a65cf0d42443788df74d6986e47c09', 'admin_state_up': True, 'status': 'ACTIVE', 'external_gateway_info': {'network_id': 'a54f6b09-285d-47b5-b5cb-bbec411d9e49', 'external_fixed_ips': [{'subnet_id': '904938d7-2d60-4ac2-8792-87ddba481696', 'ip_address': '10.180.180.247'}], 'enable_snat': True}, 'description': '', 'availability_zones': [], 'distributed': False, 'ha': False, 'availability_zone_hints': [], 'routes': [], 'flavor_id': None, 'tags': [], 'created_at': '2025-06-14T02:10:04Z', 'updated_at': '2025-06-14T02:10:05Z', 'revision_number': 2, 'project_id': '45a65cf0d42443788df74d6986e47c09'}
2025-06-14 02:10:08.696 61729 INFO tempest.lib.common.rest_client [req-cb1d4f9c-fb65-489a-846b-e6ea2c69e49b req-cb1d4f9c-fb65-489a-846b-e6ea2c69e49b ] Request (FlavorsExtraSpecsTestJSON:tearDownClass): 204 DELETE http://10.180.1.21/identity/v3/projects/fc7f760416d8416db51790a8fcb458ae 0.098s
2025-06-14 02:10:08.735 61769 INFO tempest.lib.common.rest_client [req-20e25c58-3ea2-4b25-a762-2db8467f13d9 req-20e25c58-3ea2-4b25-a762-2db8467f13d9 ] Request (ListImageFiltersTestJSON:setUpClass): 202 POST http://10.180.1.21/compute/v2.1/servers 1.772s
2025-06-14 02:10:08.751 61755 INFO tempest.lib.common.rest_client [req-e91c824e-eb2a-489e-be1b-8351989bdfa4 req-e91c824e-eb2a-489e-be1b-8351989bdfa4 ] Request (DeleteServersAdminTestJSON:test_admin_delete_servers_of_others): 200 GET http://10.180.1.21/compute/v2.1/servers/f0aae1f8-14cb-4fd5-900b-1b062c7f6783 1.738s
2025-06-14 02:10:08.757 61765 INFO tempest.lib.common.rest_client [req-683ab0da-0d46-4d51-8030-bb6aae03ad35 req-683ab0da-0d46-4d51-8030-bb6aae03ad35 ] Request (FlavorsAccessNegativeTestJSON:test_flavor_non_admin_remove): 403 POST http://10.180.1.21/compute/v2.1/flavors/1972017906/action 1.335s
2025-06-14 02:10:08.829 61729 INFO tempest.lib.common.rest_client [req-47a45d34-e59f-4b1e-b91d-166a85aa993e req-47a45d34-e59f-4b1e-b91d-166a85aa993e ] Request (NetworksTest:setUpClass): 201 POST http://10.180.1.21/identity/v3/auth/tokens 0.130s
2025-06-14 02:10:08.835 61725 INFO tempest.lib.common.rest_client [req-dca835bf-3981-4061-9250-25215f84cb84 req-dca835bf-3981-4061-9250-25215f84cb84 ] Request (InstanceActionsV221TestJSON:setUpClass): 200 PUT http://10.180.1.21:9696/networking/v2.0/routers/592f8b32-f05b-4389-8e6b-7f155033003d/add_router_interface 2.254s
2025-06-14 02:10:08.835 61725 INFO tempest.lib.common.dynamic_creds [-] Created isolated network resources for: credentials: Credentials: {'domain_id': 'default', 'domain_name': 'Default', 'username': 'tempest-InstanceActionsV221TestJSON-2016883952-project-member', 'project_domain_id': 'default', 'project_domain_name': 'Default', 'project_id': 'f68f9364f413457e92017641ead2f466', 'project_name': 'tempest-InstanceActionsV221TestJSON-2016883952', 'tenant_id': 'f68f9364f413457e92017641ead2f466', 'tenant_name': 'tempest-InstanceActionsV221TestJSON-2016883952', 'user_domain_id': 'default', 'user_domain_name': 'Default', 'user_id': 'd73ee34044bc478a98ae528ed077520a', 'system': None}, Network: {'id': 'c9b57438-f880-4d87-b0c1-c141be3e6d90', 'name': 'tempest-InstanceActionsV221TestJSON-1427410279-network', 'tenant_id': 'f68f9364f413457e92017641ead2f466', 'admin_state_up': True, 'mtu': 8950, 'status': 'ACTIVE', 'subnets': [], 'shared': False, 'project_id': 'f68f9364f413457e92017641ead2f466', 'port_security_enabled': True, 'router:external': False, 'provider:network_type': 'vlan', 'provider:physical_network': 'default', 'provider:segmentation_id': 920, 'is_default': False, 'availability_zone_hints': [], 'availability_zones': [], 'ipv4_address_scope': None, 'ipv6_address_scope': None, 'description': '', 'tags': [], 'created_at': '2025-06-14T02:10:03Z', 'updated_at': '2025-06-14T02:10:03Z', 'revision_number': 1}, Subnet: {'id': '5e95bbe9-1ec6-48b3-9879-ebd7e5b9c597', 'name': 'tempest-InstanceActionsV221TestJSON-1427410279-subnet', 'tenant_id': 'f68f9364f413457e92017641ead2f466', 'network_id': 'c9b57438-f880-4d87-b0c1-c141be3e6d90', 'ip_version': 4, 'subnetpool_id': None, 'enable_dhcp': True, 'ipv6_ra_mode': None, 'ipv6_address_mode': None, 'gateway_ip': '192.168.128.1', 'cidr': '192.168.128.0/28', 'allocation_pools': [{'start': '192.168.128.2', 'end': '192.168.128.14'}], 'host_routes': [], 'dns_nameservers': [], 'description': '', 'service_types': [], 'tags': [], 'created_at': '2025-06-14T02:10:04Z', 'updated_at': '2025-06-14T02:10:04Z', 'revision_number': 0, 'project_id': 'f68f9364f413457e92017641ead2f466'}, Router: {'id': '592f8b32-f05b-4389-8e6b-7f155033003d', 'name': 'tempest-InstanceActionsV221TestJSON-1427410279-router', 'tenant_id': 'f68f9364f413457e92017641ead2f466', 'admin_state_up': True, 'status': 'ACTIVE', 'external_gateway_info': {'network_id': 'a54f6b09-285d-47b5-b5cb-bbec411d9e49', 'external_fixed_ips': [{'subnet_id': '904938d7-2d60-4ac2-8792-87ddba481696', 'ip_address': '10.180.180.136'}], 'enable_snat': True}, 'description': '', 'availability_zones': [], 'distributed': False, 'ha': False, 'availability_zone_hints': [], 'routes': [], 'flavor_id': None, 'tags': [], 'created_at': '2025-06-14T02:10:05Z', 'updated_at': '2025-06-14T02:10:05Z', 'revision_number': 2, 'project_id': 'f68f9364f413457e92017641ead2f466'}
2025-06-14 02:10:08.898 61741 INFO tempest.lib.common.rest_client [req-54d56b3f-3fa4-4bc5-b3de-0dd93657d15a req-54d56b3f-3fa4-4bc5-b3de-0dd93657d15a ] Request (FloatingIPsTestJSON:setUpClass): 201 POST http://10.180.1.21/identity/v3/auth/tokens 0.215s
2025-06-14 02:10:08.903 61769 INFO tempest.lib.common.rest_client [req-a57e98c1-9d2b-4bcc-9e75-59e03144a6e3 req-a57e98c1-9d2b-4bcc-9e75-59e03144a6e3 ] Request (ListImageFiltersTestJSON:setUpClass): 201 POST http://10.180.1.21/identity/v3/auth/tokens 0.162s
2025-06-14 02:10:08.904 61769 INFO tempest.lib.common.fixed_network [-] (ListImageFiltersTestJSON:setUpClass) Found network None available for tenant
2025-06-14 02:10:08.929 61729 INFO tempest.lib.common.rest_client [req-b05d3630-9ea5-4338-9ac5-0a5ef786e8e9 req-b05d3630-9ea5-4338-9ac5-0a5ef786e8e9 ] Request (NetworksTest:setUpClass): 201 POST http://10.180.1.21/identity/v3/auth/tokens 0.098s
2025-06-14 02:10:08.938 61737 INFO tempest.lib.common.rest_client [req-13454222-ed51-4ca3-93ae-d694eb6a287d req-13454222-ed51-4ca3-93ae-d694eb6a287d ] Request (ServersTestFqdnHostnames:test_create_server_with_fqdn_name): 200 GET http://10.180.1.21/compute/v2.1/servers/f24ff321-c4a3-4bd4-a60d-ac7c1d448e31 1.865s
2025-06-14 02:10:08.945 61746 INFO tempest.lib.common.rest_client [req-2ba17e14-3fd5-4fd0-8551-f4073b352030 req-2ba17e14-3fd5-4fd0-8551-f4073b352030 ] Request (KeyPairsV210TestJSON:tearDownClass): 200 GET http://10.180.1.21:9696/networking/v2.0/security-groups?tenant_id=92bbb5489d5c42efb72d82beebdcd79f&name=default 0.301s
2025-06-14 02:10:08.966 61761 INFO tempest.lib.common.rest_client [req-3636340d-c0e4-4c5b-a978-47f3e3357274 req-3636340d-c0e4-4c5b-a978-47f3e3357274 ] Request (AggregatesAdminNegativeTestJSON:test_aggregate_create_with_existent_aggregate_name): 200 POST http://10.180.1.21/compute/v2.1/os-aggregates 1.093s
2025-06-14 02:10:08.987 61743 INFO tempest.lib.common.rest_client [req-8e937949-54e9-41b9-8493-19af9134d1cc req-8e937949-54e9-41b9-8493-19af9134d1cc ] Request (HostsAdminNegativeTestJSON:tearDownClass): 200 GET http://10.180.1.21:9696/networking/v2.0/security-groups?tenant_id=8f9fc94c58664d89914ce4a6887738aa&name=default 0.356s
2025-06-14 02:10:08.988 61725 INFO tempest.lib.common.rest_client [req-e02fbec4-97ce-4a8a-9feb-0c1dede79624 req-e02fbec4-97ce-4a8a-9feb-0c1dede79624 ] Request (InstanceActionsV221TestJSON:setUpClass): 201 POST http://10.180.1.21/identity/v3/auth/tokens 0.148s
2025-06-14 02:10:09.014 61729 INFO tempest.lib.common.rest_client [req-87733248-a797-40a1-9663-31ab2bc1c370 req-87733248-a797-40a1-9663-31ab2bc1c370 ] Request (NetworksTest:setUpClass): 200 GET http://10.180.1.21/identity/v3/domains?name=Default 0.084s
2025-06-14 02:10:09.045 61746 INFO tempest.lib.common.rest_client [req-7d3eb52a-4d21-45b0-ba8a-9e152c781ac8 req-7d3eb52a-4d21-45b0-ba8a-9e152c781ac8 ] Request (KeyPairsV210TestJSON:tearDownClass): 204 DELETE http://10.180.1.21:9696/networking/v2.0/security-groups/617c0555-87ec-48c9-84d0-10dda273396f 0.099s
2025-06-14 02:10:09.049 61725 INFO tempest.lib.common.rest_client [req-84768e99-9d73-4049-9ef9-2f86d1041ead req-84768e99-9d73-4049-9ef9-2f86d1041ead ] Request (InstanceActionsV221TestJSON:test_get_list_deleted_instance_actions): 201 POST http://10.180.1.21/identity/v3/auth/tokens 0.054s
2025-06-14 02:10:09.050 61725 INFO tempest.lib.common.fixed_network [-] (InstanceActionsV221TestJSON:test_get_list_deleted_instance_actions) Found network {'id': 'c9b57438-f880-4d87-b0c1-c141be3e6d90', 'name': 'tempest-InstanceActionsV221TestJSON-1427410279-network', 'tenant_id': 'f68f9364f413457e92017641ead2f466', 'admin_state_up': True, 'mtu': 8950, 'status': 'ACTIVE', 'subnets': [], 'shared': False, 'project_id': 'f68f9364f413457e92017641ead2f466', 'port_security_enabled': True, 'router:external': False, 'provider:network_type': 'vlan', 'provider:physical_network': 'default', 'provider:segmentation_id': 920, 'is_default': False, 'availability_zone_hints': [], 'availability_zones': [], 'ipv4_address_scope': None, 'ipv6_address_scope': None, 'description': '', 'tags': [], 'created_at': '2025-06-14T02:10:03Z', 'updated_at': '2025-06-14T02:10:03Z', 'revision_number': 1} available for tenant
2025-06-14 02:10:09.059 61713 INFO tempest.lib.common.rest_client [req-cb3e1a0d-4954-4d4e-b98b-a8cf90418cb6 req-cb3e1a0d-4954-4d4e-b98b-a8cf90418cb6 ] Request (QuotasAdminNegativeTest:test_create_server_when_instances_quota_is_full): 200 GET http://10.180.1.21/compute/v2.1/os-quota-sets/bcf1f79aa33840ec8f17faf546677ce0 1.411s
2025-06-14 02:10:09.083 61743 INFO tempest.lib.common.rest_client [req-baad5c24-fa1b-44e3-8bae-49e59bd800e9 req-baad5c24-fa1b-44e3-8bae-49e59bd800e9 ] Request (HostsAdminNegativeTestJSON:tearDownClass): 204 DELETE http://10.180.1.21:9696/networking/v2.0/security-groups/27731003-b472-4ed0-9bf0-8797161f76cc 0.096s
2025-06-14 02:10:09.086 61729 INFO tempest.lib.common.rest_client [req-f7e4cb8a-9217-4e45-8cb8-e474bc4d6164 req-f7e4cb8a-9217-4e45-8cb8-e474bc4d6164 ] Request (NetworksTest:setUpClass): 201 POST http://10.180.1.21/identity/v3/projects 0.071s
2025-06-14 02:10:09.167 61773 INFO tempest.lib.common.rest_client [req-bf3bab83-cff1-48f0-ade8-6c485b27fb05 req-bf3bab83-cff1-48f0-ade8-6c485b27fb05 ] Request (QuotasAdminTestJSON:test_get_updated_quotas): 200 GET http://10.180.1.21/compute/v2.1/os-quota-sets/d6147ae31fc34ada8d38ffb934537dd4?user_id=589cb34034db49e891982a115d0e6313 1.139s
2025-06-14 02:10:09.186 61746 INFO tempest.lib.common.rest_client [req-832d5af6-47bc-4c8e-880f-c57029b23ad6 req-832d5af6-47bc-4c8e-880f-c57029b23ad6 ] Request (KeyPairsV210TestJSON:tearDownClass): 204 DELETE http://10.180.1.21/identity/v3/projects/92bbb5489d5c42efb72d82beebdcd79f 0.141s
2025-06-14 02:10:09.187 61746 INFO tempest.lib.common.dynamic_creds [-] Deleting project and security group for project: 1599a1d358864eb095f5c05d15e9932d
2025-06-14 02:10:09.199 61743 INFO tempest.lib.common.rest_client [req-4751aace-daf4-4659-b848-b494a84f055d req-4751aace-daf4-4659-b848-b494a84f055d ] Request (HostsAdminNegativeTestJSON:tearDownClass): 204 DELETE http://10.180.1.21/identity/v3/projects/8f9fc94c58664d89914ce4a6887738aa 0.115s
2025-06-14 02:10:09.199 61743 INFO tempest.lib.common.dynamic_creds [-] Deleting project and security group for project: 1aa85a0552164b8fb5df47548b0ea777
2025-06-14 02:10:09.313 61729 INFO tempest.lib.common.rest_client [req-d90ff977-dd60-4727-b60e-a01e9cbbe67e req-d90ff977-dd60-4727-b60e-a01e9cbbe67e ] Request (NetworksTest:setUpClass): 201 POST http://10.180.1.21/identity/v3/users 0.226s
2025-06-14 02:10:09.345 61771 INFO tempest.lib.common.rest_client [req-d2129fd0-b981-4961-afc6-94f79a47d4c4 req-d2129fd0-b981-4961-afc6-94f79a47d4c4 ] Request (ImagesMetadataTestJSON:setUp): 200 PUT http://10.180.1.21/compute/v2.1/images/c264c4cb-c013-4a5e-b0e2-55e76ccb7515/metadata 1.272s
2025-06-14 02:10:09.350 61743 INFO tempest.lib.common.rest_client [req-ae2fa093-8f3d-4533-9a84-f62955100329 req-ae2fa093-8f3d-4533-9a84-f62955100329 ] Request (HostsAdminNegativeTestJSON:tearDownClass): 200 GET http://10.180.1.21:9696/networking/v2.0/security-groups?tenant_id=1aa85a0552164b8fb5df47548b0ea777&name=default 0.150s
2025-06-14 02:10:09.359 61773 INFO tempest.lib.common.rest_client [req-0bc001a7-34e7-47a1-93a0-e381a8afe726 req-0bc001a7-34e7-47a1-93a0-e381a8afe726 ] Request (QuotasAdminTestJSON:_run_cleanups): 204 DELETE http://10.180.1.21/identity/v3/users/589cb34034db49e891982a115d0e6313 0.190s
2025-06-14 02:10:09.371 61759 INFO tempest.lib.common.rest_client [req-69434a7f-c01d-447f-998e-7db29e12916d req-69434a7f-c01d-447f-998e-7db29e12916d ] Request (FlavorsAdminTestJSON:_run_cleanups): 200 GET http://10.180.1.21/compute/v2.1/flavors/detail 1.197s
