2025-06-14 02:12:13.505 61713 INFO tempest.lib.common.rest_client [req-19078325-fb99-4eb8-9973-8fbd98ee1f77 req-19078325-fb99-4eb8-9973-8fbd98ee1f77 ] Request (FloatingIPsAssociationNegativeTestJSON:setUpClass): 200 GET http://10.180.1.21/compute/v2.1/servers/e2c7e712-922a-4fc9-882d-03c425fbdf4e 0.123s
2025-06-14 02:12:13.543 61717 INFO tempest.lib.common.rest_client [req-06430cd4-da96-4c0d-abfa-0b6d07be9316 req-06430cd4-da96-4c0d-abfa-0b6d07be9316 ] Request (SecurityGroupsTestJSON:test_list_security_groups_by_server): 200 GET http://10.180.1.21/compute/v2.1/servers/f5079713-8e14-41b8-84db-2b599f6e136e 0.120s
2025-06-14 02:12:13.547 61747 INFO tempest.lib.common.rest_client [req-2d94863c-c087-4347-b3fb-23353d5ab7f4 req-2d94863c-c087-4347-b3fb-23353d5ab7f4 ] Request (ServersNegativeTestMultiTenantJSON:setUpClass): 200 GET http://10.180.1.21/compute/v2.1/servers/77271f0d-6c43-4ecc-9211-e16c977b8531 0.123s
2025-06-14 02:12:13.583 61746 INFO tempest.lib.common.rest_client [req-3587e806-cc9a-4853-a262-e0e84f1cf133 req-3587e806-cc9a-4853-a262-e0e84f1cf133 ] Request (ImagesOneServerNegativeTestJSON:setUpClass): 200 GET http://10.180.1.21/compute/v2.1/servers/23c4d824-ec68-42ad-b50d-ee33d8c833a8 0.117s
2025-06-14 02:12:13.589 61735 INFO tempest.lib.common.rest_client [req-c4146843-b8e2-4933-8375-b6c9e1c3f135 req-c4146843-b8e2-4933-8375-b6c9e1c3f135 ] Request (AttachInterfacesV270Test:test_create_get_list_interfaces): 200 GET http://10.180.1.21/compute/v2.1/servers/0091006b-084b-40e7-8d60-a2b43acc08a9 0.118s
2025-06-14 02:12:13.624 61769 INFO tempest.lib.common.rest_client [req-1481f155-df11-4c61-9b44-5329f669cf0d req-1481f155-df11-4c61-9b44-5329f669cf0d ] Request (ListImageFiltersTestJSON:setUpClass): 200 GET http://10.180.1.21/compute/v2.1/servers/f1938744-dd32-4992-9cf9-53d81491e4a7 0.118s
2025-06-14 02:12:13.629 61729 INFO tempest.lib.common.rest_client [req-5d81b1ba-41c5-4b06-b80c-0f1723e12d3a req-5d81b1ba-41c5-4b06-b80c-0f1723e12d3a ] Request (ServerRescueTestJSONUnderV235:setUpClass): 200 GET http://10.180.1.21/compute/v2.1/servers/f081b1bc-1d1f-4b5c-8690-e0186c1a7793 0.120s
2025-06-14 02:12:13.667 61741 INFO tempest.lib.common.rest_client [req-d34d2ce1-fb1c-4521-b044-1be755796e5c req-d34d2ce1-fb1c-4521-b044-1be755796e5c ] Request (ImagesNegativeTestJSON:test_create_image_from_deleted_server): 200 GET http://10.180.1.21/compute/v2.1/servers/19550523-59ec-4891-8695-9939b1baefbc 0.119s
2025-06-14 02:12:13.672 61773 INFO tempest.lib.common.rest_client [req-97c45c3d-fa2f-4e04-9b97-a211c3c553fe req-97c45c3d-fa2f-4e04-9b97-a211c3c553fe ] Request (ListServerFiltersTestJSON:setUpClass): 200 GET http://10.180.1.21/compute/v2.1/servers/762e77db-04ae-474e-8f6e-e6b8c81ecf47 0.123s
2025-06-14 02:12:13.712 61743 INFO tempest.lib.common.rest_client [req-cffac128-6ad1-4773-b61d-e798f3164ddd req-cffac128-6ad1-4773-b61d-e798f3164ddd ] Request (ServerActionsTestOtherB:setUpClass): 200 GET http://10.180.1.21/compute/v2.1/servers/5a356b28-fa9a-4fe6-ab01-e5576d802e8c 0.123s
2025-06-14 02:12:13.714 61755 INFO tempest.lib.common.rest_client [req-e3b0e864-5ed6-48a9-9c95-38ae1e65a6c0 req-e3b0e864-5ed6-48a9-9c95-38ae1e65a6c0 ] Request (DeleteServersAdminTestJSON:test_delete_server_while_in_error_state): 200 GET http://10.180.1.21/compute/v2.1/servers/dd63d5b4-50a7-4dce-8e2f-3eac7d55e424 0.122s
2025-06-14 02:12:13.754 61761 INFO tempest.lib.common.rest_client [req-ef2e83c8-996a-4f9b-b9bb-90f091295350 req-ef2e83c8-996a-4f9b-b9bb-90f091295350 ] Request (VolumesAssistedSnapshotsTest:test_volume_assisted_snapshot_create_delete): 200 GET http://10.180.1.21/compute/v2.1/servers/d2946031-980f-4ee9-8818-f4d7584d4e3e 0.121s
2025-06-14 02:12:13.757 61725 INFO tempest.lib.common.rest_client [req-b88d4ff0-685b-468e-80e8-292c580d3466 req-b88d4ff0-685b-468e-80e8-292c580d3466 ] Request (InstanceActionsV221TestJSON:test_get_list_deleted_instance_actions): 200 GET http://10.180.1.21/compute/v2.1/servers/e6071ce1-467f-4082-b885-adb4555634d2 0.122s
2025-06-14 02:12:13.796 61727 INFO tempest.lib.common.rest_client [req-0003da80-eeeb-465c-b09d-73329487b337 req-0003da80-eeeb-465c-b09d-73329487b337 ] Request (ServerDiagnosticsTest:test_get_server_diagnostics): 200 GET http://10.180.1.21/compute/v2.1/servers/57eb1cd4-7c95-4173-800b-385bed2dbbbe 0.120s
2025-06-14 02:12:13.799 61771 INFO tempest.lib.common.rest_client [req-8d0d51bf-c4fe-43bd-bea7-4c3eaeb9f9c3 req-8d0d51bf-c4fe-43bd-bea7-4c3eaeb9f9c3 ] Request (MultipleCreateTestJSON:test_multiple_create): 200 GET http://10.180.1.21/compute/v2.1/servers/3a350a34-7728-493f-a737-7a6a3071363e 0.124s
2025-06-14 02:12:13.841 61715 INFO tempest.lib.common.rest_client [req-4b8c8de7-0802-4fdc-9a22-3419a5f18d21 req-4b8c8de7-0802-4fdc-9a22-3419a5f18d21 ] Request (ServerDiagnosticsV248Test:test_get_server_diagnostics): 200 GET http://10.180.1.21/compute/v2.1/servers/dc8b5106-5657-409b-b425-b929c8e893d5 0.118s
2025-06-14 02:12:13.892 61721 INFO tempest.lib.common.rest_client [req-c93e1a41-fbdb-4c40-a2c3-bf5224ace3dd req-c93e1a41-fbdb-4c40-a2c3-bf5224ace3dd ] Request (TenantUsagesTestJSON:setUpClass): 200 GET http://10.180.1.21/compute/v2.1/servers/5a1247fd-0053-444a-bb93-2ff419d9e102 0.085s
2025-06-14 02:12:13.915 61733 INFO tempest.lib.common.rest_client [req-a5876f76-c46f-4020-9d43-d31e5581e748 req-a5876f76-c46f-4020-9d43-d31e5581e748 ] Request (VolumesAdminNegativeTest:test_update_attached_volume_with_nonexistent_volume_in_body): 200 GET http://10.180.1.21/compute/v2.1/servers/50977f71-35b5-46e5-8096-5725c8053295 0.045s
2025-06-14 02:12:14.032 61711 INFO tempest.lib.common.rest_client [req-dcce7933-1aad-4ae3-bfbb-cf81c2e940ba req-dcce7933-1aad-4ae3-bfbb-cf81c2e940ba ] Request (ServersAdminNegativeTestJSON:setUpClass): 200 GET http://10.180.1.21/compute/v2.1/servers/28261a41-7f6d-495c-abbd-7f73f67e80d6 0.088s
2025-06-14 02:12:14.078 61751 INFO tempest.lib.common.rest_client [req-92dae355-f14f-48c5-9071-1c6d771a6384 req-92dae355-f14f-48c5-9071-1c6d771a6384 ] Request (MigrationsAdminTest:test_list_migrations_in_flavor_resize_situation): 200 GET http://10.180.1.21/compute/v2.1/servers/5d67907c-7199-4734-a5cc-4466703eaa51 0.123s
2025-06-14 02:12:14.152 61750 INFO tempest.lib.common.rest_client [req-5069aecd-5665-4028-aa80-78f5978f7a91 req-5069aecd-5665-4028-aa80-78f5978f7a91 ] Request (FloatingIPsAssociationTestJSON:setUpClass): 200 GET http://10.180.1.21/compute/v2.1/servers/921c348d-b2ed-4a9c-b2cf-bdac15ebff67 0.085s
2025-06-14 02:12:14.257 61737 INFO tempest.lib.common.rest_client [req-7a3920f5-61dc-419f-8ab2-bb155f085cea req-7a3920f5-61dc-419f-8ab2-bb155f085cea ] Request (ServersTestFqdnHostnames:test_create_server_with_fqdn_name): 200 GET http://10.180.1.21/compute/v2.1/servers/f24ff321-c4a3-4bd4-a60d-ac7c1d448e31 0.086s
2025-06-14 02:12:14.427 61753 INFO tempest.lib.common.rest_client [req-9811bf4c-89f8-4b31-ad85-6e27fdd04d28 req-9811bf4c-89f8-4b31-ad85-6e27fdd04d28 ] Request (DeleteServersTestJSON:test_delete_active_server): 200 GET http://10.180.1.21/compute/v2.1/servers/079f1dc7-232a-4e21-9b0e-9fff2d16bab6 0.089s
2025-06-14 02:12:14.427 61763 INFO tempest.lib.common.rest_client [req-68a29ddd-0417-427b-b257-cd0e0179ba14 req-68a29ddd-0417-427b-b257-cd0e0179ba14 ] Request (ServersAdminTestJSON:setUpClass): 200 GET http://10.180.1.21/compute/v2.1/servers/c6880758-25cf-4078-9455-827db6fb6435 0.089s
2025-06-14 02:12:14.469 61757 INFO tempest.lib.common.rest_client [req-5c283ee7-4018-4b45-a49d-e146acfa42c3 req-5c283ee7-4018-4b45-a49d-e146acfa42c3 ] Request (AttachInterfacesUnderV243Test:test_add_remove_fixed_ip): 200 GET http://10.180.1.21/compute/v2.1/servers/ca5bf1d1-8ef4-44da-bc74-ff0dfb0fac80 0.088s
2025-06-14 02:12:14.476 61723 INFO tempest.lib.common.rest_client [req-e76eb7fb-89d7-49de-a9a9-9845fc5a934c req-e76eb7fb-89d7-49de-a9a9-9845fc5a934c ] Request (ServersAdmin275Test:test_rebuild_update_server_275): 200 GET http://10.180.1.21/compute/v2.1/servers/d9395a72-994b-4baf-a296-2fc3d05a239c 0.086s
2025-06-14 02:12:14.511 61767 INFO tempest.lib.common.rest_client [req-e02d18e2-ecef-40a8-bd29-8c0c50c44c25 req-e02d18e2-ecef-40a8-bd29-8c0c50c44c25 ] Request (ServersWithSpecificFlavorTestJSON:test_verify_created_server_ephemeral_disk): 200 GET http://10.180.1.21/compute/v2.1/servers/28b6c493-6d01-475d-818a-93540528a3f4 0.088s
2025-06-14 02:12:14.516 61765 INFO tempest.lib.common.rest_client [req-7d6916df-c2ea-4ceb-ac68-302cefa3e185 req-7d6916df-c2ea-4ceb-ac68-302cefa3e185 ] Request (ServerRescueNegativeTestJSON:setUpClass): 200 GET http://10.180.1.21/compute/v2.1/servers/b82e7ee5-fdf0-458d-8ffa-a4bdeb4fcdae 0.088s
2025-06-14 02:12:14.553 61759 INFO tempest.lib.common.rest_client [req-4154735b-4692-4e71-ab4d-793b99181315 req-4154735b-4692-4e71-ab4d-793b99181315 ] Request (ServersTestJSON:setUpClass): 200 GET http://10.180.1.21/compute/v2.1/servers/b7aecc9b-4032-4e15-963e-6cc270af55f3 0.090s
2025-06-14 02:12:14.559 61719 INFO tempest.lib.common.rest_client [req-1245c954-9794-4ffe-bfc2-526c0aed22ae req-1245c954-9794-4ffe-bfc2-526c0aed22ae ] Request (ImagesOneServerTestJSON:setUpClass): 200 GET http://10.180.1.21/compute/v2.1/servers/e28da414-8fb8-4470-873a-a285925dd988 0.090s
2025-06-14 02:12:14.596 61739 INFO tempest.lib.common.rest_client [req-60f3dbb3-e0f7-4ea9-9181-f4131f03e5d6 req-60f3dbb3-e0f7-4ea9-9181-f4131f03e5d6 ] Request (ServerDiskConfigTestJSON:test_rebuild_server_with_auto_disk_config): 200 GET http://10.180.1.21/compute/v2.1/servers/9e023463-2573-4518-b6a4-cb1bd3bc0224 0.090s
2025-06-14 02:12:14.603 61713 INFO tempest.lib.common.rest_client [req-51c29251-e603-4425-a408-63b1b5ba0641 req-51c29251-e603-4425-a408-63b1b5ba0641 ] Request (FloatingIPsAssociationNegativeTestJSON:setUpClass): 200 GET http://10.180.1.21/compute/v2.1/servers/e2c7e712-922a-4fc9-882d-03c425fbdf4e 0.090s
2025-06-14 02:12:14.639 61717 INFO tempest.lib.common.rest_client [req-57f0fc09-2f50-442f-b695-3e511fc8d8f2 req-57f0fc09-2f50-442f-b695-3e511fc8d8f2 ] Request (SecurityGroupsTestJSON:test_list_security_groups_by_server): 200 GET http://10.180.1.21/compute/v2.1/servers/f5079713-8e14-41b8-84db-2b599f6e136e 0.087s
2025-06-14 02:12:14.646 61747 INFO tempest.lib.common.rest_client [req-1e2302b7-9b20-4feb-a8ab-93107597fd18 req-1e2302b7-9b20-4feb-a8ab-93107597fd18 ] Request (ServersNegativeTestMultiTenantJSON:setUpClass): 200 GET http://10.180.1.21/compute/v2.1/servers/77271f0d-6c43-4ecc-9211-e16c977b8531 0.092s
2025-06-14 02:12:14.680 61746 INFO tempest.lib.common.rest_client [req-40485a25-1348-40db-9a3e-9f25b3ea149f req-40485a25-1348-40db-9a3e-9f25b3ea149f ] Request (ImagesOneServerNegativeTestJSON:setUpClass): 200 GET http://10.180.1.21/compute/v2.1/servers/23c4d824-ec68-42ad-b50d-ee33d8c833a8 0.087s
2025-06-14 02:12:14.691 61735 INFO tempest.lib.common.rest_client [req-5b9e1fd4-cb25-4bba-8876-1182c65aac25 req-5b9e1fd4-cb25-4bba-8876-1182c65aac25 ] Request (AttachInterfacesV270Test:test_create_get_list_interfaces): 200 GET http://10.180.1.21/compute/v2.1/servers/0091006b-084b-40e7-8d60-a2b43acc08a9 0.093s
2025-06-14 02:12:14.721 61769 INFO tempest.lib.common.rest_client [req-937c5c86-fe23-43a9-b777-651fac4bf3f7 req-937c5c86-fe23-43a9-b777-651fac4bf3f7 ] Request (ListImageFiltersTestJSON:setUpClass): 200 GET http://10.180.1.21/compute/v2.1/servers/f1938744-dd32-4992-9cf9-53d81491e4a7 0.089s
2025-06-14 02:12:14.733 61729 INFO tempest.lib.common.rest_client [req-da465ff4-172d-4f1e-9cf6-37937f952b6a req-da465ff4-172d-4f1e-9cf6-37937f952b6a ] Request (ServerRescueTestJSONUnderV235:setUpClass): 200 GET http://10.180.1.21/compute/v2.1/servers/f081b1bc-1d1f-4b5c-8690-e0186c1a7793 0.095s
2025-06-14 02:12:14.765 61741 INFO tempest.lib.common.rest_client [req-534d061f-ba52-4313-b077-dd26fe494fd6 req-534d061f-ba52-4313-b077-dd26fe494fd6 ] Request (ImagesNegativeTestJSON:test_create_image_from_deleted_server): 200 GET http://10.180.1.21/compute/v2.1/servers/19550523-59ec-4891-8695-9939b1baefbc 0.089s
2025-06-14 02:12:14.775 61773 INFO tempest.lib.common.rest_client [req-7f4c93a1-517f-4bca-8bba-649cc89480ba req-7f4c93a1-517f-4bca-8bba-649cc89480ba ] Request (ListServerFiltersTestJSON:setUpClass): 200 GET http://10.180.1.21/compute/v2.1/servers/762e77db-04ae-474e-8f6e-e6b8c81ecf47 0.095s
2025-06-14 02:12:14.809 61743 INFO tempest.lib.common.rest_client [req-3e4ceb7a-ce96-49aa-b5b8-fd18186ff9d0 req-3e4ceb7a-ce96-49aa-b5b8-fd18186ff9d0 ] Request (ServerActionsTestOtherB:setUpClass): 200 GET http://10.180.1.21/compute/v2.1/servers/5a356b28-fa9a-4fe6-ab01-e5576d802e8c 0.089s
2025-06-14 02:12:14.819 61755 INFO tempest.lib.common.rest_client [req-9c40541e-6287-4c4f-87df-3fe9ce955442 req-9c40541e-6287-4c4f-87df-3fe9ce955442 ] Request (DeleteServersAdminTestJSON:test_delete_server_while_in_error_state): 200 GET http://10.180.1.21/compute/v2.1/servers/dd63d5b4-50a7-4dce-8e2f-3eac7d55e424 0.097s
2025-06-14 02:12:14.858 61761 INFO tempest.lib.common.rest_client [req-e6f9cca4-b5ae-48ab-9650-3e634fbee361 req-e6f9cca4-b5ae-48ab-9650-3e634fbee361 ] Request (VolumesAssistedSnapshotsTest:test_volume_assisted_snapshot_create_delete): 200 GET http://10.180.1.21/compute/v2.1/servers/d2946031-980f-4ee9-8818-f4d7584d4e3e 0.095s
2025-06-14 02:12:14.864 61725 INFO tempest.lib.common.rest_client [req-2209481a-aa98-41f9-9c2b-0b2fa6210157 req-2209481a-aa98-41f9-9c2b-0b2fa6210157 ] Request (InstanceActionsV221TestJSON:test_get_list_deleted_instance_actions): 200 GET http://10.180.1.21/compute/v2.1/servers/e6071ce1-467f-4082-b885-adb4555634d2 0.097s
2025-06-14 02:12:14.901 61727 INFO tempest.lib.common.rest_client [req-d7913a07-4ca1-4646-8459-1ffdf379b0f2 req-d7913a07-4ca1-4646-8459-1ffdf379b0f2 ] Request (ServerDiagnosticsTest:test_get_server_diagnostics): 200 GET http://10.180.1.21/compute/v2.1/servers/57eb1cd4-7c95-4173-800b-385bed2dbbbe 0.098s
2025-06-14 02:12:14.906 61771 INFO tempest.lib.common.rest_client [req-731af88e-528d-4f52-8670-e7108aacca2d req-731af88e-528d-4f52-8670-e7108aacca2d ] Request (MultipleCreateTestJSON:test_multiple_create): 200 GET http://10.180.1.21/compute/v2.1/servers/3a350a34-7728-493f-a737-7a6a3071363e 0.099s
2025-06-14 02:12:14.946 61715 INFO tempest.lib.common.rest_client [req-c1e2858e-b68a-4768-90c5-bb1306d76cfa req-c1e2858e-b68a-4768-90c5-bb1306d76cfa ] Request (ServerDiagnosticsV248Test:test_get_server_diagnostics): 200 GET http://10.180.1.21/compute/v2.1/servers/dc8b5106-5657-409b-b425-b929c8e893d5 0.096s
2025-06-14 02:12:14.987 61733 INFO tempest.lib.common.rest_client [req-05f8a1ec-f5fd-4581-a753-fdcc74e4add3 req-05f8a1ec-f5fd-4581-a753-fdcc74e4add3 ] Request (VolumesAdminNegativeTest:test_update_attached_volume_with_nonexistent_volume_in_body): 200 GET http://10.180.1.21/compute/v2.1/servers/50977f71-35b5-46e5-8096-5725c8053295 0.065s
2025-06-14 02:12:14.990 61721 INFO tempest.lib.common.rest_client [req-4791057f-6688-4d8f-9482-8eba9f12ad4b req-4791057f-6688-4d8f-9482-8eba9f12ad4b ] Request (TenantUsagesTestJSON:setUpClass): 200 GET http://10.180.1.21/compute/v2.1/servers/5a1247fd-0053-444a-bb93-2ff419d9e102 0.091s
2025-06-14 02:12:15.128 61711 INFO tempest.lib.common.rest_client [req-93640be7-840a-4015-81a2-cd8f79dbcce7 req-93640be7-840a-4015-81a2-cd8f79dbcce7 ] Request (ServersAdminNegativeTestJSON:setUpClass): 200 GET http://10.180.1.21/compute/v2.1/servers/28261a41-7f6d-495c-abbd-7f73f67e80d6 0.089s
2025-06-14 02:12:15.180 61751 INFO tempest.lib.common.rest_client [req-2b5dd272-20ab-4e5e-834a-3e00fb395846 req-2b5dd272-20ab-4e5e-834a-3e00fb395846 ] Request (MigrationsAdminTest:test_list_migrations_in_flavor_resize_situation): 200 GET http://10.180.1.21/compute/v2.1/servers/5d67907c-7199-4734-a5cc-4466703eaa51 0.092s
2025-06-14 02:12:15.284 61750 INFO tempest.lib.common.rest_client [req-39106808-7eee-419f-8a6b-f370f15feec7 req-39106808-7eee-419f-8a6b-f370f15feec7 ] Request (FloatingIPsAssociationTestJSON:setUpClass): 200 GET http://10.180.1.21/compute/v2.1/servers/921c348d-b2ed-4a9c-b2cf-bdac15ebff67 0.125s
2025-06-14 02:12:15.389 61737 INFO tempest.lib.common.rest_client [req-a8d0f519-af78-4b44-ad4c-b6aa6c1e594f req-a8d0f519-af78-4b44-ad4c-b6aa6c1e594f ] Request (ServersTestFqdnHostnames:test_create_server_with_fqdn_name): 200 GET http://10.180.1.21/compute/v2.1/servers/f24ff321-c4a3-4bd4-a60d-ac7c1d448e31 0.125s
2025-06-14 02:12:15.524 61763 INFO tempest.lib.common.rest_client [req-08fc29ed-d7d3-4829-a6a2-72b3382da7e4 req-08fc29ed-d7d3-4829-a6a2-72b3382da7e4 ] Request (ServersAdminTestJSON:setUpClass): 200 GET http://10.180.1.21/compute/v2.1/servers/c6880758-25cf-4078-9455-827db6fb6435 0.089s
2025-06-14 02:12:15.528 61753 INFO tempest.lib.common.rest_client [req-c4be35f8-7dd5-48d3-927c-22d9f59aeeb3 req-c4be35f8-7dd5-48d3-927c-22d9f59aeeb3 ] Request (DeleteServersTestJSON:test_delete_active_server): 200 GET http://10.180.1.21/compute/v2.1/servers/079f1dc7-232a-4e21-9b0e-9fff2d16bab6 0.093s
2025-06-14 02:12:15.570 61757 INFO tempest.lib.common.rest_client [req-d6be6e75-cb14-49b3-ac6e-d4eeef264656 req-d6be6e75-cb14-49b3-ac6e-d4eeef264656 ] Request (AttachInterfacesUnderV243Test:test_add_remove_fixed_ip): 200 GET http://10.180.1.21/compute/v2.1/servers/ca5bf1d1-8ef4-44da-bc74-ff0dfb0fac80 0.093s
2025-06-14 02:12:15.575 61723 INFO tempest.lib.common.rest_client [req-b6c1a989-6b28-41f0-8c70-6c2adddf04b9 req-b6c1a989-6b28-41f0-8c70-6c2adddf04b9 ] Request (ServersAdmin275Test:test_rebuild_update_server_275): 200 GET http://10.180.1.21/compute/v2.1/servers/d9395a72-994b-4baf-a296-2fc3d05a239c 0.088s
2025-06-14 02:12:15.611 61767 INFO tempest.lib.common.rest_client [req-bac6da4c-a230-44ea-9879-9a2e7ce7cfeb req-bac6da4c-a230-44ea-9879-9a2e7ce7cfeb ] Request (ServersWithSpecificFlavorTestJSON:test_verify_created_server_ephemeral_disk): 200 GET http://10.180.1.21/compute/v2.1/servers/28b6c493-6d01-475d-818a-93540528a3f4 0.092s
2025-06-14 02:12:15.616 61765 INFO tempest.lib.common.rest_client [req-a28c27a5-e96e-4bb3-87b8-3c2ab5eb86d6 req-a28c27a5-e96e-4bb3-87b8-3c2ab5eb86d6 ] Request (ServerRescueNegativeTestJSON:setUpClass): 200 GET http://10.180.1.21/compute/v2.1/servers/b82e7ee5-fdf0-458d-8ffa-a4bdeb4fcdae 0.092s
2025-06-14 02:12:15.653 61759 INFO tempest.lib.common.rest_client [req-3549f686-5c6e-4c51-ad84-112499d2916f req-3549f686-5c6e-4c51-ad84-112499d2916f ] Request (ServersTestJSON:setUpClass): 200 GET http://10.180.1.21/compute/v2.1/servers/b7aecc9b-4032-4e15-963e-6cc270af55f3 0.092s
2025-06-14 02:12:15.657 61719 INFO tempest.lib.common.rest_client [req-a5676e5e-fd70-4ae7-9fde-439641f5ce1a req-a5676e5e-fd70-4ae7-9fde-439641f5ce1a ] Request (ImagesOneServerTestJSON:setUpClass): 200 GET http://10.180.1.21/compute/v2.1/servers/e28da414-8fb8-4470-873a-a285925dd988 0.090s
2025-06-14 02:12:15.696 61739 INFO tempest.lib.common.rest_client [req-65bd37ae-9889-41cb-bdbe-bc9edb8c093e req-65bd37ae-9889-41cb-bdbe-bc9edb8c093e ] Request (ServerDiskConfigTestJSON:test_rebuild_server_with_auto_disk_config): 200 GET http://10.180.1.21/compute/v2.1/servers/9e023463-2573-4518-b6a4-cb1bd3bc0224 0.092s
2025-06-14 02:12:15.699 61713 INFO tempest.lib.common.rest_client [req-68d9df26-5257-49b3-8356-9ffb1affae7f req-68d9df26-5257-49b3-8356-9ffb1affae7f ] Request (FloatingIPsAssociationNegativeTestJSON:setUpClass): 200 GET http://10.180.1.21/compute/v2.1/servers/e2c7e712-922a-4fc9-882d-03c425fbdf4e 0.089s
2025-06-14 02:12:15.740 61717 INFO tempest.lib.common.rest_client [req-b5301898-d566-447e-a600-9e1fcd0a465c req-b5301898-d566-447e-a600-9e1fcd0a465c ] Request (SecurityGroupsTestJSON:test_list_security_groups_by_server): 200 GET http://10.180.1.21/compute/v2.1/servers/f5079713-8e14-41b8-84db-2b599f6e136e 0.093s
2025-06-14 02:12:15.742 61747 INFO tempest.lib.common.rest_client [req-82d2b0ec-6486-406b-bd41-f30a077635af req-82d2b0ec-6486-406b-bd41-f30a077635af ] Request (ServersNegativeTestMultiTenantJSON:setUpClass): 200 GET http://10.180.1.21/compute/v2.1/servers/77271f0d-6c43-4ecc-9211-e16c977b8531 0.089s
2025-06-14 02:12:15.782 61746 INFO tempest.lib.common.rest_client [req-f54cbf66-4d05-47ec-9091-f6f988c0b65e req-f54cbf66-4d05-47ec-9091-f6f988c0b65e ] Request (ImagesOneServerNegativeTestJSON:setUpClass): 200 GET http://10.180.1.21/compute/v2.1/servers/23c4d824-ec68-42ad-b50d-ee33d8c833a8 0.094s
2025-06-14 02:12:15.787 61735 INFO tempest.lib.common.rest_client [req-731f7095-216c-4fd4-9351-5d0ce385ab05 req-731f7095-216c-4fd4-9351-5d0ce385ab05 ] Request (AttachInterfacesV270Test:test_create_get_list_interfaces): 200 GET http://10.180.1.21/compute/v2.1/servers/0091006b-084b-40e7-8d60-a2b43acc08a9 0.086s
2025-06-14 02:12:15.825 61769 INFO tempest.lib.common.rest_client [req-986b7ee1-ad15-469e-8d76-1ca0d51ef3ca req-986b7ee1-ad15-469e-8d76-1ca0d51ef3ca ] Request (ListImageFiltersTestJSON:setUpClass): 200 GET http://10.180.1.21/compute/v2.1/servers/f1938744-dd32-4992-9cf9-53d81491e4a7 0.096s
2025-06-14 02:12:15.829 61729 INFO tempest.lib.common.rest_client [req-c80909ff-7d7c-4752-9d1d-79f10cd29112 req-c80909ff-7d7c-4752-9d1d-79f10cd29112 ] Request (ServerRescueTestJSONUnderV235:setUpClass): 200 GET http://10.180.1.21/compute/v2.1/servers/f081b1bc-1d1f-4b5c-8690-e0186c1a7793 0.088s
2025-06-14 02:12:15.868 61741 INFO tempest.lib.common.rest_client [req-faf32c85-8f57-431b-9ada-1039bad5a7bf req-faf32c85-8f57-431b-9ada-1039bad5a7bf ] Request (ImagesNegativeTestJSON:test_create_image_from_deleted_server): 200 GET http://10.180.1.21/compute/v2.1/servers/19550523-59ec-4891-8695-9939b1baefbc 0.095s
2025-06-14 02:12:15.870 61773 INFO tempest.lib.common.rest_client [req-2e3aeedb-b3fd-48d4-b0ed-0d16f00a879d req-2e3aeedb-b3fd-48d4-b0ed-0d16f00a879d ] Request (ListServerFiltersTestJSON:setUpClass): 200 GET http://10.180.1.21/compute/v2.1/servers/762e77db-04ae-474e-8f6e-e6b8c81ecf47 0.088s
2025-06-14 02:12:15.908 61743 INFO tempest.lib.common.rest_client [req-af6b6190-c47e-4f56-bfed-38873e77383f req-af6b6190-c47e-4f56-bfed-38873e77383f ] Request (ServerActionsTestOtherB:setUpClass): 200 GET http://10.180.1.21/compute/v2.1/servers/5a356b28-fa9a-4fe6-ab01-e5576d802e8c 0.091s
2025-06-14 02:12:15.911 61755 INFO tempest.lib.common.rest_client [req-39fae906-862c-4643-bbc0-c8c003b0f9e8 req-39fae906-862c-4643-bbc0-c8c003b0f9e8 ] Request (DeleteServersAdminTestJSON:test_delete_server_while_in_error_state): 200 GET http://10.180.1.21/compute/v2.1/servers/dd63d5b4-50a7-4dce-8e2f-3eac7d55e424 0.084s
2025-06-14 02:12:15.952 61761 INFO tempest.lib.common.rest_client [req-df732861-d918-4ef9-bf5b-a334d3b715e0 req-df732861-d918-4ef9-bf5b-a334d3b715e0 ] Request (VolumesAssistedSnapshotsTest:test_volume_assisted_snapshot_create_delete): 200 GET http://10.180.1.21/compute/v2.1/servers/d2946031-980f-4ee9-8818-f4d7584d4e3e 0.086s
2025-06-14 02:12:15.954 61725 INFO tempest.lib.common.rest_client [req-18c78a83-b2c6-44d9-ae9f-fb5bbf511772 req-18c78a83-b2c6-44d9-ae9f-fb5bbf511772 ] Request (InstanceActionsV221TestJSON:test_get_list_deleted_instance_actions): 200 GET http://10.180.1.21/compute/v2.1/servers/e6071ce1-467f-4082-b885-adb4555634d2 0.082s
2025-06-14 02:12:15.994 61727 INFO tempest.lib.common.rest_client [req-85610ab7-ae9f-41fe-96bc-d16f52b4596f req-85610ab7-ae9f-41fe-96bc-d16f52b4596f ] Request (ServerDiagnosticsTest:test_get_server_diagnostics): 200 GET http://10.180.1.21/compute/v2.1/servers/57eb1cd4-7c95-4173-800b-385bed2dbbbe 0.086s
2025-06-14 02:12:15.999 61771 INFO tempest.lib.common.rest_client [req-7948769f-41ba-40d2-bf2a-0ccbec1539ee req-7948769f-41ba-40d2-bf2a-0ccbec1539ee ] Request (MultipleCreateTestJSON:test_multiple_create): 200 GET http://10.180.1.21/compute/v2.1/servers/3a350a34-7728-493f-a737-7a6a3071363e 0.085s
2025-06-14 02:12:16.038 61715 INFO tempest.lib.common.rest_client [req-2c5391a0-306c-4938-b3c5-ea4da9409015 req-2c5391a0-306c-4938-b3c5-ea4da9409015 ] Request (ServerDiagnosticsV248Test:test_get_server_diagnostics): 200 GET http://10.180.1.21/compute/v2.1/servers/dc8b5106-5657-409b-b425-b929c8e893d5 0.083s
2025-06-14 02:12:16.040 61733 INFO tempest.lib.common.rest_client [req-d1c83d42-af4b-4c66-89d7-ecdbcdb01048 req-d1c83d42-af4b-4c66-89d7-ecdbcdb01048 ] Request (VolumesAdminNegativeTest:test_update_attached_volume_with_nonexistent_volume_in_body): 200 GET http://10.180.1.21/compute/v2.1/servers/50977f71-35b5-46e5-8096-5725c8053295 0.045s
2025-06-14 02:12:16.124 61721 INFO tempest.lib.common.rest_client [req-26a181f9-89e2-4a25-88f7-264cd32a6360 req-26a181f9-89e2-4a25-88f7-264cd32a6360 ] Request (TenantUsagesTestJSON:setUpClass): 200 GET http://10.180.1.21/compute/v2.1/servers/5a1247fd-0053-444a-bb93-2ff419d9e102 0.126s
2025-06-14 02:12:16.265 61711 INFO tempest.lib.common.rest_client [req-84c96464-fefd-492a-8d92-d6613a67b8d5 req-84c96464-fefd-492a-8d92-d6613a67b8d5 ] Request (ServersAdminNegativeTestJSON:setUpClass): 200 GET http://10.180.1.21/compute/v2.1/servers/28261a41-7f6d-495c-abbd-7f73f67e80d6 0.129s
2025-06-14 02:12:16.276 61751 INFO tempest.lib.common.rest_client [req-33f3c96c-9df8-47a9-a150-1ba7a184745d req-33f3c96c-9df8-47a9-a150-1ba7a184745d ] Request (MigrationsAdminTest:test_list_migrations_in_flavor_resize_situation): 200 GET http://10.180.1.21/compute/v2.1/servers/5d67907c-7199-4734-a5cc-4466703eaa51 0.089s
2025-06-14 02:12:16.379 61750 INFO tempest.lib.common.rest_client [req-bb212064-8180-4efa-9c03-163c96f227f5 req-bb212064-8180-4efa-9c03-163c96f227f5 ] Request (FloatingIPsAssociationTestJSON:setUpClass): 200 GET http://10.180.1.21/compute/v2.1/servers/921c348d-b2ed-4a9c-b2cf-bdac15ebff67 0.087s
2025-06-14 02:12:16.483 61737 INFO tempest.lib.common.rest_client [req-a8531cdc-4444-4d64-ba6f-da234e8ea1d8 req-a8531cdc-4444-4d64-ba6f-da234e8ea1d8 ] Request (ServersTestFqdnHostnames:test_create_server_with_fqdn_name): 200 GET http://10.180.1.21/compute/v2.1/servers/f24ff321-c4a3-4bd4-a60d-ac7c1d448e31 0.086s
2025-06-14 02:12:16.624 61763 INFO tempest.lib.common.rest_client [req-43220c84-d768-4432-a74a-eeb3767fc203 req-43220c84-d768-4432-a74a-eeb3767fc203 ] Request (ServersAdminTestJSON:setUpClass): 200 GET http://10.180.1.21/compute/v2.1/servers/c6880758-25cf-4078-9455-827db6fb6435 0.091s
2025-06-14 02:12:16.625 61753 INFO tempest.lib.common.rest_client [req-dc7fbaed-0921-41e6-82ad-395a0eced033 req-dc7fbaed-0921-41e6-82ad-395a0eced033 ] Request (DeleteServersTestJSON:test_delete_active_server): 200 GET http://10.180.1.21/compute/v2.1/servers/079f1dc7-232a-4e21-9b0e-9fff2d16bab6 0.089s
2025-06-14 02:12:16.670 61757 INFO tempest.lib.common.rest_client [req-ceea20c8-3dd0-4fc3-8a09-bd528386524e req-ceea20c8-3dd0-4fc3-8a09-bd528386524e ] Request (AttachInterfacesUnderV243Test:test_add_remove_fixed_ip): 200 GET http://10.180.1.21/compute/v2.1/servers/ca5bf1d1-8ef4-44da-bc74-ff0dfb0fac80 0.091s
2025-06-14 02:12:16.673 61723 INFO tempest.lib.common.rest_client [req-830b5318-51e5-4d38-a0f1-3342837d82bc req-830b5318-51e5-4d38-a0f1-3342837d82bc ] Request (ServersAdmin275Test:test_rebuild_update_server_275): 200 GET http://10.180.1.21/compute/v2.1/servers/d9395a72-994b-4baf-a296-2fc3d05a239c 0.088s
2025-06-14 02:12:16.712 61767 INFO tempest.lib.common.rest_client [req-943ed714-d0ab-48f8-bdec-2d7e50af4b28 req-943ed714-d0ab-48f8-bdec-2d7e50af4b28 ] Request (ServersWithSpecificFlavorTestJSON:test_verify_created_server_ephemeral_disk): 200 GET http://10.180.1.21/compute/v2.1/servers/28b6c493-6d01-475d-818a-93540528a3f4 0.093s
2025-06-14 02:12:16.716 61765 INFO tempest.lib.common.rest_client [req-6865fa01-fb7f-4f94-94d9-d6900ca5abcb req-6865fa01-fb7f-4f94-94d9-d6900ca5abcb ] Request (ServerRescueNegativeTestJSON:setUpClass): 200 GET http://10.180.1.21/compute/v2.1/servers/b82e7ee5-fdf0-458d-8ffa-a4bdeb4fcdae 0.091s
2025-06-14 02:12:16.754 61759 INFO tempest.lib.common.rest_client [req-e2e3e530-acec-44a0-9fb9-93afe5f116a7 req-e2e3e530-acec-44a0-9fb9-93afe5f116a7 ] Request (ServersTestJSON:setUpClass): 200 GET http://10.180.1.21/compute/v2.1/servers/b7aecc9b-4032-4e15-963e-6cc270af55f3 0.093s
2025-06-14 02:12:16.758 61719 INFO tempest.lib.common.rest_client [req-d89b7ba6-7c8a-4f0a-a006-92893e48c4eb req-d89b7ba6-7c8a-4f0a-a006-92893e48c4eb ] Request (ImagesOneServerTestJSON:setUpClass): 200 GET http://10.180.1.21/compute/v2.1/servers/e28da414-8fb8-4470-873a-a285925dd988 0.093s
2025-06-14 02:12:16.797 61739 INFO tempest.lib.common.rest_client [req-6c6d056f-7035-44ae-b906-1a05f3aa32a9 req-6c6d056f-7035-44ae-b906-1a05f3aa32a9 ] Request (ServerDiskConfigTestJSON:test_rebuild_server_with_auto_disk_config): 200 GET http://10.180.1.21/compute/v2.1/servers/9e023463-2573-4518-b6a4-cb1bd3bc0224 0.093s
2025-06-14 02:12:16.801 61713 INFO tempest.lib.common.rest_client [req-715c7383-3226-4e03-b9fd-34d1ef695ba6 req-715c7383-3226-4e03-b9fd-34d1ef695ba6 ] Request (FloatingIPsAssociationNegativeTestJSON:setUpClass): 200 GET http://10.180.1.21/compute/v2.1/servers/e2c7e712-922a-4fc9-882d-03c425fbdf4e 0.093s
2025-06-14 02:12:16.840 61717 INFO tempest.lib.common.rest_client [req-f93c83e5-f8a6-43af-aea0-20a7ca9d378a req-f93c83e5-f8a6-43af-aea0-20a7ca9d378a ] Request (SecurityGroupsTestJSON:test_list_security_groups_by_server): 200 GET http://10.180.1.21/compute/v2.1/servers/f5079713-8e14-41b8-84db-2b599f6e136e 0.092s
2025-06-14 02:12:16.844 61747 INFO tempest.lib.common.rest_client [req-a88f723c-99f6-4290-a69b-4178d46b28c3 req-a88f723c-99f6-4290-a69b-4178d46b28c3 ] Request (ServersNegativeTestMultiTenantJSON:setUpClass): 200 GET http://10.180.1.21/compute/v2.1/servers/77271f0d-6c43-4ecc-9211-e16c977b8531 0.094s
2025-06-14 02:12:16.885 61746 INFO tempest.lib.common.rest_client [req-6a76006f-7b9a-426f-94bd-6a95d77eeac6 req-6a76006f-7b9a-426f-94bd-6a95d77eeac6 ] Request (ImagesOneServerNegativeTestJSON:setUpClass): 200 GET http://10.180.1.21/compute/v2.1/servers/23c4d824-ec68-42ad-b50d-ee33d8c833a8 0.095s
2025-06-14 02:12:16.888 61735 INFO tempest.lib.common.rest_client [req-0149bcd0-e2f7-4bc5-9930-e086876176f4 req-0149bcd0-e2f7-4bc5-9930-e086876176f4 ] Request (AttachInterfacesV270Test:test_create_get_list_interfaces): 200 GET http://10.180.1.21/compute/v2.1/servers/0091006b-084b-40e7-8d60-a2b43acc08a9 0.091s
2025-06-14 02:12:16.930 61769 INFO tempest.lib.common.rest_client [req-c5403829-9a57-4025-b9a1-aeeb0fdce117 req-c5403829-9a57-4025-b9a1-aeeb0fdce117 ] Request (ListImageFiltersTestJSON:setUpClass): 200 GET http://10.180.1.21/compute/v2.1/servers/f1938744-dd32-4992-9cf9-53d81491e4a7 0.097s
2025-06-14 02:12:16.931 61729 INFO tempest.lib.common.rest_client [req-6853f8ba-9192-4864-baf8-ba972deaf91a req-6853f8ba-9192-4864-baf8-ba972deaf91a ] Request (ServerRescueTestJSONUnderV235:setUpClass): 200 GET http://10.180.1.21/compute/v2.1/servers/f081b1bc-1d1f-4b5c-8690-e0186c1a7793 0.094s
2025-06-14 02:12:16.972 61741 INFO tempest.lib.common.rest_client [req-f825ecce-12ae-4919-97af-4b8e2a3c039c req-f825ecce-12ae-4919-97af-4b8e2a3c039c ] Request (ImagesNegativeTestJSON:test_create_image_from_deleted_server): 200 GET http://10.180.1.21/compute/v2.1/servers/19550523-59ec-4891-8695-9939b1baefbc 0.097s
2025-06-14 02:12:16.975 61773 INFO tempest.lib.common.rest_client [req-a697f1b4-2dc9-4438-8b03-58c61a6e5f22 req-a697f1b4-2dc9-4438-8b03-58c61a6e5f22 ] Request (ListServerFiltersTestJSON:setUpClass): 200 GET http://10.180.1.21/compute/v2.1/servers/762e77db-04ae-474e-8f6e-e6b8c81ecf47 0.097s
2025-06-14 02:12:17.015 61743 INFO tempest.lib.common.rest_client [req-ddef4317-1232-401e-8dbb-213ccc4c9ec9 req-ddef4317-1232-401e-8dbb-213ccc4c9ec9 ] Request (ServerActionsTestOtherB:setUpClass): 200 GET http://10.180.1.21/compute/v2.1/servers/5a356b28-fa9a-4fe6-ab01-e5576d802e8c 0.098s
2025-06-14 02:12:17.017 61755 INFO tempest.lib.common.rest_client [req-1f8dec57-9701-4a18-a48e-c11f4ce68723 req-1f8dec57-9701-4a18-a48e-c11f4ce68723 ] Request (DeleteServersAdminTestJSON:test_delete_server_while_in_error_state): 200 GET http://10.180.1.21/compute/v2.1/servers/dd63d5b4-50a7-4dce-8e2f-3eac7d55e424 0.098s
2025-06-14 02:12:17.057 61761 INFO tempest.lib.common.rest_client [req-ece38b89-33a7-42ce-a005-84595bc140e2 req-ece38b89-33a7-42ce-a005-84595bc140e2 ] Request (VolumesAssistedSnapshotsTest:test_volume_assisted_snapshot_create_delete): 200 GET http://10.180.1.21/compute/v2.1/servers/d2946031-980f-4ee9-8818-f4d7584d4e3e 0.096s
2025-06-14 02:12:17.062 61725 INFO tempest.lib.common.rest_client [req-7828bd04-ba9e-484c-9e3c-f9752909eec3 req-7828bd04-ba9e-484c-9e3c-f9752909eec3 ] Request (InstanceActionsV221TestJSON:test_get_list_deleted_instance_actions): 200 GET http://10.180.1.21/compute/v2.1/servers/e6071ce1-467f-4082-b885-adb4555634d2 0.097s
2025-06-14 02:12:17.099 61727 INFO tempest.lib.common.rest_client [req-aea126a0-5eeb-4618-b766-d7b890ad90ef req-aea126a0-5eeb-4618-b766-d7b890ad90ef ] Request (ServerDiagnosticsTest:test_get_server_diagnostics): 200 GET http://10.180.1.21/compute/v2.1/servers/57eb1cd4-7c95-4173-800b-385bed2dbbbe 0.097s
2025-06-14 02:12:17.102 61771 INFO tempest.lib.common.rest_client [req-cde6ba0b-7385-4a4b-8165-22d59a027c73 req-cde6ba0b-7385-4a4b-8165-22d59a027c73 ] Request (MultipleCreateTestJSON:test_multiple_create): 200 GET http://10.180.1.21/compute/v2.1/servers/3a350a34-7728-493f-a737-7a6a3071363e 0.096s
2025-06-14 02:12:17.142 61733 INFO tempest.lib.common.rest_client [req-2b45f280-984c-46d5-abf6-542c689f08f1 req-2b45f280-984c-46d5-abf6-542c689f08f1 ] Request (VolumesAdminNegativeTest:test_update_attached_volume_with_nonexistent_volume_in_body): 200 GET http://10.180.1.21/compute/v2.1/servers/50977f71-35b5-46e5-8096-5725c8053295 0.094s
2025-06-14 02:12:17.145 61715 INFO tempest.lib.common.rest_client [req-10090dce-2c27-4b8e-966e-8bd8b367d05c req-10090dce-2c27-4b8e-966e-8bd8b367d05c ] Request (ServerDiagnosticsV248Test:test_get_server_diagnostics): 200 GET http://10.180.1.21/compute/v2.1/servers/dc8b5106-5657-409b-b425-b929c8e893d5 0.097s
2025-06-14 02:12:17.225 61721 INFO tempest.lib.common.rest_client [req-69de7637-e052-4ee0-bbd0-62fb6831027d req-69de7637-e052-4ee0-bbd0-62fb6831027d ] Request (TenantUsagesTestJSON:setUpClass): 200 GET http://10.180.1.21/compute/v2.1/servers/5a1247fd-0053-444a-bb93-2ff419d9e102 0.093s
2025-06-14 02:12:17.364 61711 INFO tempest.lib.common.rest_client [req-dbedbed3-e126-4355-8b81-31e29ff0204f req-dbedbed3-e126-4355-8b81-31e29ff0204f ] Request (ServersAdminNegativeTestJSON:setUpClass): 200 GET http://10.180.1.21/compute/v2.1/servers/28261a41-7f6d-495c-abbd-7f73f67e80d6 0.091s
2025-06-14 02:12:17.374 61751 INFO tempest.lib.common.rest_client [req-8ee65127-63bf-4523-8627-a553b7c114db req-8ee65127-63bf-4523-8627-a553b7c114db ] Request (MigrationsAdminTest:test_list_migrations_in_flavor_resize_situation): 200 GET http://10.180.1.21/compute/v2.1/servers/5d67907c-7199-4734-a5cc-4466703eaa51 0.090s
2025-06-14 02:12:17.479 61750 INFO tempest.lib.common.rest_client [req-f600f18f-a997-4f2b-b1c0-4cd4df10ec99 req-f600f18f-a997-4f2b-b1c0-4cd4df10ec99 ] Request (FloatingIPsAssociationTestJSON:setUpClass): 200 GET http://10.180.1.21/compute/v2.1/servers/921c348d-b2ed-4a9c-b2cf-bdac15ebff67 0.092s
2025-06-14 02:12:17.578 61737 INFO tempest.lib.common.rest_client [req-047374a6-9e91-4e91-9f68-d71660063e12 req-047374a6-9e91-4e91-9f68-d71660063e12 ] Request (ServersTestFqdnHostnames:test_create_server_with_fqdn_name): 200 GET http://10.180.1.21/compute/v2.1/servers/f24ff321-c4a3-4bd4-a60d-ac7c1d448e31 0.087s
2025-06-14 02:12:17.755 61763 INFO tempest.lib.common.rest_client [req-ff9edd05-e706-4b99-98ff-d26bbe27fcc8 req-ff9edd05-e706-4b99-98ff-d26bbe27fcc8 ] Request (ServersAdminTestJSON:setUpClass): 200 GET http://10.180.1.21/compute/v2.1/servers/c6880758-25cf-4078-9455-827db6fb6435 0.124s
2025-06-14 02:12:17.761 61753 INFO tempest.lib.common.rest_client [req-0176b854-51a5-43a0-ac81-24e2de580a33 req-0176b854-51a5-43a0-ac81-24e2de580a33 ] Request (DeleteServersTestJSON:test_delete_active_server): 200 GET http://10.180.1.21/compute/v2.1/servers/079f1dc7-232a-4e21-9b0e-9fff2d16bab6 0.128s
2025-06-14 02:12:17.801 61757 INFO tempest.lib.common.rest_client [req-37de9258-eb1a-4341-8918-f628fc2a044f req-37de9258-eb1a-4341-8918-f628fc2a044f ] Request (AttachInterfacesUnderV243Test:test_add_remove_fixed_ip): 200 GET http://10.180.1.21/compute/v2.1/servers/ca5bf1d1-8ef4-44da-bc74-ff0dfb0fac80 0.124s
2025-06-14 02:12:17.809 61723 INFO tempest.lib.common.rest_client [req-1230bbca-90f5-4fb3-ba97-877353bcc947 req-1230bbca-90f5-4fb3-ba97-877353bcc947 ] Request (ServersAdmin275Test:test_rebuild_update_server_275): 200 GET http://10.180.1.21/compute/v2.1/servers/d9395a72-994b-4baf-a296-2fc3d05a239c 0.128s
2025-06-14 02:12:17.842 61767 INFO tempest.lib.common.rest_client [req-891e960b-dd51-428d-9707-88c6f0187899 req-891e960b-dd51-428d-9707-88c6f0187899 ] Request (ServersWithSpecificFlavorTestJSON:test_verify_created_server_ephemeral_disk): 200 GET http://10.180.1.21/compute/v2.1/servers/28b6c493-6d01-475d-818a-93540528a3f4 0.123s
2025-06-14 02:12:17.852 61765 INFO tempest.lib.common.rest_client [req-c0772507-b91c-4826-9abc-db504ae35829 req-c0772507-b91c-4826-9abc-db504ae35829 ] Request (ServerRescueNegativeTestJSON:setUpClass): 200 GET http://10.180.1.21/compute/v2.1/servers/b82e7ee5-fdf0-458d-8ffa-a4bdeb4fcdae 0.128s
2025-06-14 02:12:17.884 61759 INFO tempest.lib.common.rest_client [req-62ebc559-6b4f-4171-8b07-d829170f46c1 req-62ebc559-6b4f-4171-8b07-d829170f46c1 ] Request (ServersTestJSON:setUpClass): 200 GET http://10.180.1.21/compute/v2.1/servers/b7aecc9b-4032-4e15-963e-6cc270af55f3 0.123s
2025-06-14 02:12:17.893 61719 INFO tempest.lib.common.rest_client [req-96c39bb3-51c2-43e6-b701-cd198a5cbaaf req-96c39bb3-51c2-43e6-b701-cd198a5cbaaf ] Request (ImagesOneServerTestJSON:setUpClass): 200 GET http://10.180.1.21/compute/v2.1/servers/e28da414-8fb8-4470-873a-a285925dd988 0.127s
2025-06-14 02:12:17.928 61739 INFO tempest.lib.common.rest_client [req-19080f37-eba9-4e59-a112-4d8bb279d583 req-19080f37-eba9-4e59-a112-4d8bb279d583 ] Request (ServerDiskConfigTestJSON:test_rebuild_server_with_auto_disk_config): 200 GET http://10.180.1.21/compute/v2.1/servers/9e023463-2573-4518-b6a4-cb1bd3bc0224 0.123s
2025-06-14 02:12:17.937 61713 INFO tempest.lib.common.rest_client [req-d9ba2238-5bcf-4859-9cd7-427878395914 req-d9ba2238-5bcf-4859-9cd7-427878395914 ] Request (FloatingIPsAssociationNegativeTestJSON:setUpClass): 200 GET http://10.180.1.21/compute/v2.1/servers/e2c7e712-922a-4fc9-882d-03c425fbdf4e 0.129s
2025-06-14 02:12:17.973 61717 INFO tempest.lib.common.rest_client [req-cb10bd26-ffaf-4a03-8c90-af2a0d4d62d4 req-cb10bd26-ffaf-4a03-8c90-af2a0d4d62d4 ] Request (SecurityGroupsTestJSON:test_list_security_groups_by_server): 200 GET http://10.180.1.21/compute/v2.1/servers/f5079713-8e14-41b8-84db-2b599f6e136e 0.125s
2025-06-14 02:12:17.984 61747 INFO tempest.lib.common.rest_client [req-246afc61-d8bb-4d09-9ba5-0b90fd2a3f10 req-246afc61-d8bb-4d09-9ba5-0b90fd2a3f10 ] Request (ServersNegativeTestMultiTenantJSON:setUpClass): 200 GET http://10.180.1.21/compute/v2.1/servers/77271f0d-6c43-4ecc-9211-e16c977b8531 0.133s
2025-06-14 02:12:18.021 61746 INFO tempest.lib.common.rest_client [req-4dd26d08-9204-4d1b-8892-2a4f34794ec8 req-4dd26d08-9204-4d1b-8892-2a4f34794ec8 ] Request (ImagesOneServerNegativeTestJSON:setUpClass): 200 GET http://10.180.1.21/compute/v2.1/servers/23c4d824-ec68-42ad-b50d-ee33d8c833a8 0.129s
2025-06-14 02:12:18.032 61735 INFO tempest.lib.common.rest_client [req-ee5069d2-59d1-4976-80bb-1a0942abbe26 req-ee5069d2-59d1-4976-80bb-1a0942abbe26 ] Request (AttachInterfacesV270Test:test_create_get_list_interfaces): 200 GET http://10.180.1.21/compute/v2.1/servers/0091006b-084b-40e7-8d60-a2b43acc08a9 0.133s
2025-06-14 02:12:18.067 61729 INFO tempest.lib.common.rest_client [req-08689d73-60dc-4eaa-8f08-e29bb944fa83 req-08689d73-60dc-4eaa-8f08-e29bb944fa83 ] Request (ServerRescueTestJSONUnderV235:setUpClass): 200 GET http://10.180.1.21/compute/v2.1/servers/f081b1bc-1d1f-4b5c-8690-e0186c1a7793 0.128s
2025-06-14 02:12:18.076 61769 INFO tempest.lib.common.rest_client [req-25abd7ec-ff3c-4024-8036-579a2e916215 req-25abd7ec-ff3c-4024-8036-579a2e916215 ] Request (ListImageFiltersTestJSON:setUpClass): 200 GET http://10.180.1.21/compute/v2.1/servers/f1938744-dd32-4992-9cf9-53d81491e4a7 0.136s
2025-06-14 02:12:18.110 61741 INFO tempest.lib.common.rest_client [req-e575012d-ce6b-4de2-b21f-11cc61c5dd07 req-e575012d-ce6b-4de2-b21f-11cc61c5dd07 ] Request (ImagesNegativeTestJSON:test_create_image_from_deleted_server): 200 GET http://10.180.1.21/compute/v2.1/servers/19550523-59ec-4891-8695-9939b1baefbc 0.130s
2025-06-14 02:12:18.121 61773 INFO tempest.lib.common.rest_client [req-f29681e2-f892-44b6-b087-0c0e334fb4ac req-f29681e2-f892-44b6-b087-0c0e334fb4ac ] Request (ListServerFiltersTestJSON:setUpClass): 200 GET http://10.180.1.21/compute/v2.1/servers/762e77db-04ae-474e-8f6e-e6b8c81ecf47 0.139s
2025-06-14 02:12:18.154 61743 INFO tempest.lib.common.rest_client [req-c4c969ca-30e2-4785-add6-c60f50107f70 req-c4c969ca-30e2-4785-add6-c60f50107f70 ] Request (ServerActionsTestOtherB:setUpClass): 200 GET http://10.180.1.21/compute/v2.1/servers/5a356b28-fa9a-4fe6-ab01-e5576d802e8c 0.131s
2025-06-14 02:12:18.164 61755 INFO tempest.lib.common.rest_client [req-7570bd5f-cd03-4336-b156-611a35a3a087 req-7570bd5f-cd03-4336-b156-611a35a3a087 ] Request (DeleteServersAdminTestJSON:test_delete_server_while_in_error_state): 200 GET http://10.180.1.21/compute/v2.1/servers/dd63d5b4-50a7-4dce-8e2f-3eac7d55e424 0.139s
2025-06-14 02:12:18.197 61761 INFO tempest.lib.common.rest_client [req-9efa6705-3317-47cd-b868-1636510158f6 req-9efa6705-3317-47cd-b868-1636510158f6 ] Request (VolumesAssistedSnapshotsTest:test_volume_assisted_snapshot_create_delete): 200 GET http://10.180.1.21/compute/v2.1/servers/d2946031-980f-4ee9-8818-f4d7584d4e3e 0.132s
2025-06-14 02:12:18.210 61725 INFO tempest.lib.common.rest_client [req-6aa57a87-0004-4e08-87de-2cb7cf4b59c0 req-6aa57a87-0004-4e08-87de-2cb7cf4b59c0 ] Request (InstanceActionsV221TestJSON:test_get_list_deleted_instance_actions): 200 GET http://10.180.1.21/compute/v2.1/servers/e6071ce1-467f-4082-b885-adb4555634d2 0.140s
2025-06-14 02:12:18.240 61727 INFO tempest.lib.common.rest_client [req-2d3c5084-831a-49db-a90a-a7c01645bbd5 req-2d3c5084-831a-49db-a90a-a7c01645bbd5 ] Request (ServerDiagnosticsTest:test_get_server_diagnostics): 200 GET http://10.180.1.21/compute/v2.1/servers/57eb1cd4-7c95-4173-800b-385bed2dbbbe 0.133s
2025-06-14 02:12:18.262 61771 INFO tempest.lib.common.rest_client [req-0970e31d-5538-4d1d-b7d4-03b699e7c827 req-0970e31d-5538-4d1d-b7d4-03b699e7c827 ] Request (MultipleCreateTestJSON:test_multiple_create): 200 GET http://10.180.1.21/compute/v2.1/servers/3a350a34-7728-493f-a737-7a6a3071363e 0.152s
2025-06-14 02:12:18.284 61733 INFO tempest.lib.common.rest_client [req-ed46181b-4476-4ba1-a114-83faa90b914c req-ed46181b-4476-4ba1-a114-83faa90b914c ] Request (VolumesAdminNegativeTest:test_update_attached_volume_with_nonexistent_volume_in_body): 200 GET http://10.180.1.21/compute/v2.1/servers/50977f71-35b5-46e5-8096-5725c8053295 0.134s
2025-06-14 02:12:18.310 61715 INFO tempest.lib.common.rest_client [req-abd2de7a-6568-410d-84cd-85856bc53778 req-abd2de7a-6568-410d-84cd-85856bc53778 ] Request (ServerDiagnosticsV248Test:test_get_server_diagnostics): 200 GET http://10.180.1.21/compute/v2.1/servers/dc8b5106-5657-409b-b425-b929c8e893d5 0.155s
2025-06-14 02:12:18.370 61721 INFO tempest.lib.common.rest_client [req-1b860c87-1985-4cd7-9b39-f3d0f56a9fa3 req-1b860c87-1985-4cd7-9b39-f3d0f56a9fa3 ] Request (TenantUsagesTestJSON:setUpClass): 200 GET http://10.180.1.21/compute/v2.1/servers/5a1247fd-0053-444a-bb93-2ff419d9e102 0.136s
2025-06-14 02:12:18.465 61711 INFO tempest.lib.common.rest_client [req-53aaf96c-d930-458d-be74-a2e14560b4cb req-53aaf96c-d930-458d-be74-a2e14560b4cb ] Request (ServersAdminNegativeTestJSON:setUpClass): 200 GET http://10.180.1.21/compute/v2.1/servers/28261a41-7f6d-495c-abbd-7f73f67e80d6 0.093s
2025-06-14 02:12:18.468 61751 INFO tempest.lib.common.rest_client [req-85ac4b3d-0f35-433b-a38b-08aad251cd67 req-85ac4b3d-0f35-433b-a38b-08aad251cd67 ] Request (MigrationsAdminTest:test_list_migrations_in_flavor_resize_situation): 200 GET http://10.180.1.21/compute/v2.1/servers/5d67907c-7199-4734-a5cc-4466703eaa51 0.087s
2025-06-14 02:12:18.627 61750 INFO tempest.lib.common.rest_client [req-41403551-33b6-448e-8f2a-3eb96dc5b493 req-41403551-33b6-448e-8f2a-3eb96dc5b493 ] Request (FloatingIPsAssociationTestJSON:setUpClass): 200 GET http://10.180.1.21/compute/v2.1/servers/921c348d-b2ed-4a9c-b2cf-bdac15ebff67 0.140s
2025-06-14 02:12:18.746 61737 INFO tempest.lib.common.rest_client [req-4ec6b32c-7d89-4d6c-ac70-01d03afebe29 req-4ec6b32c-7d89-4d6c-ac70-01d03afebe29 ] Request (ServersTestFqdnHostnames:test_create_server_with_fqdn_name): 200 GET http://10.180.1.21/compute/v2.1/servers/f24ff321-c4a3-4bd4-a60d-ac7c1d448e31 0.161s
2025-06-14 02:12:18.894 61763 INFO tempest.lib.common.rest_client [req-8db47a85-93c2-43c9-aae9-ea3a958d2be7 req-8db47a85-93c2-43c9-aae9-ea3a958d2be7 ] Request (ServersAdminTestJSON:setUpClass): 200 GET http://10.180.1.21/compute/v2.1/servers/c6880758-25cf-4078-9455-827db6fb6435 0.128s
2025-06-14 02:12:18.902 61753 INFO tempest.lib.common.rest_client [req-b84e1204-f39f-4a9a-b4f1-ab4825120261 req-b84e1204-f39f-4a9a-b4f1-ab4825120261 ] Request (DeleteServersTestJSON:test_delete_active_server): 200 GET http://10.180.1.21/compute/v2.1/servers/079f1dc7-232a-4e21-9b0e-9fff2d16bab6 0.134s
2025-06-14 02:12:18.940 61757 INFO tempest.lib.common.rest_client [req-4d0a7fbe-9e1a-481d-a2d3-741bae1a4331 req-4d0a7fbe-9e1a-481d-a2d3-741bae1a4331 ] Request (AttachInterfacesUnderV243Test:test_add_remove_fixed_ip): 200 GET http://10.180.1.21/compute/v2.1/servers/ca5bf1d1-8ef4-44da-bc74-ff0dfb0fac80 0.133s
2025-06-14 02:12:18.953 61723 INFO tempest.lib.common.rest_client [req-6fa8e97e-38e9-42d4-891e-0273efb5e728 req-6fa8e97e-38e9-42d4-891e-0273efb5e728 ] Request (ServersAdmin275Test:test_rebuild_update_server_275): 200 GET http://10.180.1.21/compute/v2.1/servers/d9395a72-994b-4baf-a296-2fc3d05a239c 0.134s
2025-06-14 02:12:18.987 61767 INFO tempest.lib.common.rest_client [req-fb68e223-8af7-4256-aea3-8ebe1634f03e req-fb68e223-8af7-4256-aea3-8ebe1634f03e ] Request (ServersWithSpecificFlavorTestJSON:test_verify_created_server_ephemeral_disk): 200 GET http://10.180.1.21/compute/v2.1/servers/28b6c493-6d01-475d-818a-93540528a3f4 0.137s
2025-06-14 02:12:18.999 61765 INFO tempest.lib.common.rest_client [req-f8872158-c918-4823-9845-5a3a15735916 req-f8872158-c918-4823-9845-5a3a15735916 ] Request (ServerRescueNegativeTestJSON:setUpClass): 200 GET http://10.180.1.21/compute/v2.1/servers/b82e7ee5-fdf0-458d-8ffa-a4bdeb4fcdae 0.139s
2025-06-14 02:12:19.034 61759 INFO tempest.lib.common.rest_client [req-c1067baf-37fc-4373-b721-4fda774df5af req-c1067baf-37fc-4373-b721-4fda774df5af ] Request (ServersTestJSON:setUpClass): 200 GET http://10.180.1.21/compute/v2.1/servers/b7aecc9b-4032-4e15-963e-6cc270af55f3 0.142s
2025-06-14 02:12:19.045 61719 INFO tempest.lib.common.rest_client [req-c5496343-c11f-4951-bf22-77dedfea79ab req-c5496343-c11f-4951-bf22-77dedfea79ab ] Request (ImagesOneServerTestJSON:setUpClass): 200 GET http://10.180.1.21/compute/v2.1/servers/e28da414-8fb8-4470-873a-a285925dd988 0.145s
2025-06-14 02:12:19.077 61739 INFO tempest.lib.common.rest_client [req-95198635-ff34-4286-9af5-76a428cf1722 req-95198635-ff34-4286-9af5-76a428cf1722 ] Request (ServerDiskConfigTestJSON:test_rebuild_server_with_auto_disk_config): 200 GET http://10.180.1.21/compute/v2.1/servers/9e023463-2573-4518-b6a4-cb1bd3bc0224 0.141s
2025-06-14 02:12:19.089 61713 INFO tempest.lib.common.rest_client [req-3df466fd-0f24-4688-beaa-52eaab07ad2e req-3df466fd-0f24-4688-beaa-52eaab07ad2e ] Request (FloatingIPsAssociationNegativeTestJSON:setUpClass): 200 GET http://10.180.1.21/compute/v2.1/servers/e2c7e712-922a-4fc9-882d-03c425fbdf4e 0.144s
2025-06-14 02:12:19.119 61717 INFO tempest.lib.common.rest_client [req-1a91cae4-3254-448c-af74-a1cd0067d586 req-1a91cae4-3254-448c-af74-a1cd0067d586 ] Request (SecurityGroupsTestJSON:test_list_security_groups_by_server): 200 GET http://10.180.1.21/compute/v2.1/servers/f5079713-8e14-41b8-84db-2b599f6e136e 0.138s
2025-06-14 02:12:19.134 61747 INFO tempest.lib.common.rest_client [req-f9c70d44-a9ef-492f-98d6-75171c194dc0 req-f9c70d44-a9ef-492f-98d6-75171c194dc0 ] Request (ServersNegativeTestMultiTenantJSON:setUpClass): 200 GET http://10.180.1.21/compute/v2.1/servers/77271f0d-6c43-4ecc-9211-e16c977b8531 0.142s
2025-06-14 02:12:19.161 61746 INFO tempest.lib.common.rest_client [req-53e05db1-e06e-4b9c-baab-eeaafcf52dfa req-53e05db1-e06e-4b9c-baab-eeaafcf52dfa ] Request (ImagesOneServerNegativeTestJSON:setUpClass): 200 GET http://10.180.1.21/compute/v2.1/servers/23c4d824-ec68-42ad-b50d-ee33d8c833a8 0.131s
2025-06-14 02:12:19.204 61729 INFO tempest.lib.common.rest_client [req-51f7117f-1ea4-4153-9406-0ecd9ff7e2d2 req-51f7117f-1ea4-4153-9406-0ecd9ff7e2d2 ] Request (ServerRescueTestJSONUnderV235:setUpClass): 200 GET http://10.180.1.21/compute/v2.1/servers/f081b1bc-1d1f-4b5c-8690-e0186c1a7793 0.129s
2025-06-14 02:12:19.253 61769 INFO tempest.lib.common.rest_client [req-30497d3d-bbd9-46f9-aa16-12759218e285 req-30497d3d-bbd9-46f9-aa16-12759218e285 ] Request (ListImageFiltersTestJSON:setUpClass): 200 GET http://10.180.1.21/compute/v2.1/servers/f1938744-dd32-4992-9cf9-53d81491e4a7 0.169s
2025-06-14 02:12:19.296 61741 INFO tempest.lib.common.rest_client [req-0f84f565-791e-44e1-8448-1f275566c24e req-0f84f565-791e-44e1-8448-1f275566c24e ] Request (ImagesNegativeTestJSON:test_create_image_from_deleted_server): 200 GET http://10.180.1.21/compute/v2.1/servers/19550523-59ec-4891-8695-9939b1baefbc 0.178s
2025-06-14 02:12:19.340 61773 INFO tempest.lib.common.rest_client [req-c4951813-166c-4489-8284-333addc50d8a req-c4951813-166c-4489-8284-333addc50d8a ] Request (ListServerFiltersTestJSON:setUpClass): 200 GET http://10.180.1.21/compute/v2.1/servers/762e77db-04ae-474e-8f6e-e6b8c81ecf47 0.212s
2025-06-14 02:12:19.356 61735 INFO tempest.lib.common.rest_client [req-ecd66a47-90eb-4757-bc9c-760f5513f2fa req-ecd66a47-90eb-4757-bc9c-760f5513f2fa ] Request (AttachInterfacesV270Test:test_create_get_list_interfaces): 200 GET http://10.180.1.21/compute/v2.1/servers/0091006b-084b-40e7-8d60-a2b43acc08a9 0.312s
