2025-06-14 02:10:01.688 61723 INFO tempest.lib.common.rest_client [req-c7d822e4-8b7b-44f5-a204-db7b27d26390 req-c7d822e4-8b7b-44f5-a204-db7b27d26390 ] Request (ServersAdmin275Test:setUpClass): 204 PUT http://10.180.1.21/identity/v3/projects/33c5896f105c4d9ca6e5cd367900945a/users/c6a82cccd0ed4350a7658bb4bde0bc5f/roles/5248d8e4cd25431c983a426641613609 0.030s
2025-06-14 02:10:01.688 61723 INFO tempest.lib.common.dynamic_creds [-] Dynamic test user c6a82cccd0ed4350a7658bb4bde0bc5f is created with scope project and roles: ['member']
2025-06-14 02:10:01.688 61723 INFO tempest.lib.common.dynamic_creds [-] Acquired dynamic creds: credentials: Credentials: {'domain_id': 'default', 'domain_name': 'Default', 'username': 'tempest-ServersAdmin275Test-1695820350-project-member', 'project_domain_id': 'default', 'project_domain_name': 'Default', 'project_id': '33c5896f105c4d9ca6e5cd367900945a', 'project_name': 'tempest-ServersAdmin275Test-1695820350', 'tenant_id': '33c5896f105c4d9ca6e5cd367900945a', 'tenant_name': 'tempest-ServersAdmin275Test-1695820350', 'user_domain_id': 'default', 'user_domain_name': 'Default', 'user_id': 'c6a82cccd0ed4350a7658bb4bde0bc5f', 'system': None}, Network: None, Subnet: None, Router: None
2025-06-14 02:10:01.688 61723 INFO tempest.lib.common.dynamic_creds [-] Created isolated network resources for: credentials: Credentials: {'domain_id': 'default', 'domain_name': 'Default', 'username': 'tempest-ServersAdmin275Test-1695820350-project-member', 'project_domain_id': 'default', 'project_domain_name': 'Default', 'project_id': '33c5896f105c4d9ca6e5cd367900945a', 'project_name': 'tempest-ServersAdmin275Test-1695820350', 'tenant_id': '33c5896f105c4d9ca6e5cd367900945a', 'tenant_name': 'tempest-ServersAdmin275Test-1695820350', 'user_domain_id': 'default', 'user_domain_name': 'Default', 'user_id': 'c6a82cccd0ed4350a7658bb4bde0bc5f', 'system': None}, Network: None, Subnet: None, Router: None
2025-06-14 02:10:01.726 61725 INFO tempest.lib.common.rest_client [req-9148d2af-0135-4d22-980b-5716f78c0f4a req-9148d2af-0135-4d22-980b-5716f78c0f4a ] Request (SecurityGroupsNegativeTestJSON:tearDownClass): 204 DELETE http://10.180.1.21:9696/networking/v2.0/networks/bb0370c6-08f9-4097-8fa3-12e34c425014 0.940s
2025-06-14 02:10:01.753 61711 INFO tempest.lib.common.rest_client [req-c19a82c4-2529-45ea-90fb-703b55631378 req-c19a82c4-2529-45ea-90fb-703b55631378 ] Request (ServersAdminNegativeTestJSON:setUpClass): 200 GET http://10.180.1.21/compute/v2.1/servers/28261a41-7f6d-495c-abbd-7f73f67e80d6 1.691s
2025-06-14 02:10:01.776 61767 INFO tempest.lib.common.rest_client [req-22ce7bbc-f857-4206-b3e4-5b4ac789c1d9 req-22ce7bbc-f857-4206-b3e4-5b4ac789c1d9 ] Request (ServersWithSpecificFlavorTestJSON:test_verify_created_server_ephemeral_disk): 200 POST http://10.180.1.21/compute/v2.1/flavors 1.700s
2025-06-14 02:10:01.778 61723 INFO tempest.lib.common.rest_client [req-51a1e80c-27b7-4719-9fe3-8b5ea6573651 req-51a1e80c-27b7-4719-9fe3-8b5ea6573651 ] Request (ServersAdmin275Test:setUpClass): 201 POST http://10.180.1.21/identity/v3/auth/tokens 0.083s
2025-06-14 02:10:01.833 61741 INFO tempest.lib.common.rest_client [req-09ee227e-8729-4eb4-b904-f5b94fdbc8d4 req-09ee227e-8729-4eb4-b904-f5b94fdbc8d4 ] Request (FlavorsExtraSpecsNegativeTestJSON:tearDownClass): 200 GET http://10.180.1.21:9696/networking/v2.0/security-groups?tenant_id=cf3d46fee6a64956aea9121651d86cd4&name=default 0.270s
2025-06-14 02:10:01.837 61747 INFO tempest.lib.common.rest_client [req-2fca7afc-50ca-4e71-9743-85b905e2f2a7 req-2fca7afc-50ca-4e71-9743-85b905e2f2a7 ] Request (ServerDiagnosticsNegativeTest:test_get_server_diagnostics_by_non_admin): 200 GET http://10.180.1.21/compute/v2.1/servers/4703897a-ce8c-4bca-89e9-62fe53c5d404 1.770s
2025-06-14 02:10:01.876 61771 INFO tempest.lib.common.rest_client [req-c888e84a-aa87-4eac-8c85-06742857b93f req-c888e84a-aa87-4eac-8c85-06742857b93f ] Request (ImagesMetadataTestJSON:test_delete_image_metadata_item): 200 GET http://10.180.1.21/compute/v2.1/images/c264c4cb-c013-4a5e-b0e2-55e76ccb7515/metadata 1.604s
2025-06-14 02:10:01.889 61725 INFO tempest.lib.common.rest_client [req-72b952bc-19e8-4d4e-a051-2c902ad84b02 req-72b952bc-19e8-4d4e-a051-2c902ad84b02 ] Request (SecurityGroupsNegativeTestJSON:tearDownClass): 204 DELETE http://10.180.1.21/identity/v3/users/c27c1a7a4a8c461bbdb1d35f2bc19ea1 0.163s
2025-06-14 02:10:01.890 61725 INFO tempest.lib.common.dynamic_creds [-] Deleting project and security group for project: f1256700ba6f4ed9813f722682b784f6
2025-06-14 02:10:01.951 61723 INFO tempest.lib.common.rest_client [req-e845c38c-b23b-448b-8976-472e4b21637f req-e845c38c-b23b-448b-8976-472e4b21637f ] Request (ServersAdmin275Test:setUpClass): 201 POST http://10.180.1.21/identity/v3/projects 0.172s
2025-06-14 02:10:01.965 61765 INFO tempest.lib.common.rest_client [req-f9008650-041a-4448-91b9-47a436c1f9d0 req-f9008650-041a-4448-91b9-47a436c1f9d0 ] Request (FlavorsAccessNegativeTestJSON:test_flavor_non_admin_add): 403 POST http://10.180.1.21/compute/v2.1/flavors/752874482/action 1.885s
2025-06-14 02:10:02.002 61741 INFO tempest.lib.common.rest_client [req-eb3ad375-2f89-47b0-9639-1357eb339a4b req-eb3ad375-2f89-47b0-9639-1357eb339a4b ] Request (FlavorsExtraSpecsNegativeTestJSON:tearDownClass): 204 DELETE http://10.180.1.21:9696/networking/v2.0/security-groups/2e2fa2f0-8dff-45f7-a256-ffd47ed9a326 0.169s
2025-06-14 02:10:02.011 61725 INFO tempest.lib.common.rest_client [req-23bffde9-1683-4692-8fb3-84d5cf1baefa req-23bffde9-1683-4692-8fb3-84d5cf1baefa ] Request (SecurityGroupsNegativeTestJSON:tearDownClass): 200 GET http://10.180.1.21:9696/networking/v2.0/security-groups?tenant_id=f1256700ba6f4ed9813f722682b784f6&name=default 0.121s
2025-06-14 02:10:02.051 61763 INFO tempest.lib.common.rest_client [req-8d88d9a6-5d18-4d7b-8566-7ef917cbb2b9 req-8d88d9a6-5d18-4d7b-8566-7ef917cbb2b9 ] Request (ServersAdminTestJSON:setUpClass): 200 GET http://10.180.1.21/compute/v2.1/servers/c6880758-25cf-4078-9455-827db6fb6435 1.155s
2025-06-14 02:10:02.091 61723 INFO tempest.lib.common.rest_client [req-45ab9fc0-c870-46db-b702-a797c6274b83 req-45ab9fc0-c870-46db-b702-a797c6274b83 ] Request (ServersAdmin275Test:setUpClass): 201 POST http://10.180.1.21/identity/v3/users 0.140s
2025-06-14 02:10:02.142 61750 INFO tempest.lib.common.rest_client [req-0e9a3cfd-73d3-473a-946d-a5d63ddc16ba req-0e9a3cfd-73d3-473a-946d-a5d63ddc16ba ] Request (FloatingIPsAssociationTestJSON:setUpClass): 200 GET http://10.180.1.21/compute/v2.1/servers/921c348d-b2ed-4a9c-b2cf-bdac15ebff67 1.391s
2025-06-14 02:10:02.166 61741 INFO tempest.lib.common.rest_client [req-224d6ce8-b9d7-4eb2-832c-5b04708bdfee req-224d6ce8-b9d7-4eb2-832c-5b04708bdfee ] Request (FlavorsExtraSpecsNegativeTestJSON:tearDownClass): 204 DELETE http://10.180.1.21/identity/v3/projects/cf3d46fee6a64956aea9121651d86cd4 0.163s
2025-06-14 02:10:02.211 61719 INFO tempest.lib.common.rest_client [req-4a6e9648-6d5e-4734-ac50-c35fa9b2f342 req-4a6e9648-6d5e-4734-ac50-c35fa9b2f342 ] Request (ImagesOneServerTestJSON:setUpClass): 200 PUT http://10.180.1.21:9696/networking/v2.0/routers/da788a8f-4d84-4c36-b4d2-cc2616346d70/add_router_interface 3.171s
2025-06-14 02:10:02.212 61719 INFO tempest.lib.common.dynamic_creds [-] Created isolated network resources for: credentials: Credentials: {'domain_id': 'default', 'domain_name': 'Default', 'username': 'tempest-ImagesOneServerTestJSON-1497840417-project-member', 'project_domain_id': 'default', 'project_domain_name': 'Default', 'project_id': '72045edaa7784faea6f453f344ee6815', 'project_name': 'tempest-ImagesOneServerTestJSON-1497840417', 'tenant_id': '72045edaa7784faea6f453f344ee6815', 'tenant_name': 'tempest-ImagesOneServerTestJSON-1497840417', 'user_domain_id': 'default', 'user_domain_name': 'Default', 'user_id': '78d5dc51bdff4ac497db3fdaa3ac4339', 'system': None}, Network: {'id': '96fc7821-8b52-4887-8c09-59c107f1fc5c', 'name': 'tempest-ImagesOneServerTestJSON-254752078-network', 'tenant_id': '72045edaa7784faea6f453f344ee6815', 'admin_state_up': True, 'mtu': 8950, 'status': 'ACTIVE', 'subnets': [], 'shared': False, 'project_id': '72045edaa7784faea6f453f344ee6815', 'port_security_enabled': True, 'router:external': False, 'provider:network_type': 'vlan', 'provider:physical_network': 'default', 'provider:segmentation_id': 988, 'is_default': False, 'availability_zone_hints': [], 'availability_zones': [], 'ipv4_address_scope': None, 'ipv6_address_scope': None, 'description': '', 'tags': [], 'created_at': '2025-06-14T02:09:56Z', 'updated_at': '2025-06-14T02:09:56Z', 'revision_number': 1}, Subnet: {'id': '051089ee-d748-4295-b24b-88ea46ac77da', 'name': 'tempest-ImagesOneServerTestJSON-254752078-subnet', 'tenant_id': '72045edaa7784faea6f453f344ee6815', 'network_id': '96fc7821-8b52-4887-8c09-59c107f1fc5c', 'ip_version': 4, 'subnetpool_id': None, 'enable_dhcp': True, 'ipv6_ra_mode': None, 'ipv6_address_mode': None, 'gateway_ip': '192.168.128.1', 'cidr': '192.168.128.0/28', 'allocation_pools': [{'start': '192.168.128.2', 'end': '192.168.128.14'}], 'host_routes': [], 'dns_nameservers': [], 'description': '', 'service_types': [], 'tags': [], 'created_at': '2025-06-14T02:09:56Z', 'updated_at': '2025-06-14T02:09:56Z', 'revision_number': 0, 'project_id': '72045edaa7784faea6f453f344ee6815'}, Router: {'id': 'da788a8f-4d84-4c36-b4d2-cc2616346d70', 'name': 'tempest-ImagesOneServerTestJSON-254752078-router', 'tenant_id': '72045edaa7784faea6f453f344ee6815', 'admin_state_up': True, 'status': 'ACTIVE', 'external_gateway_info': {'network_id': 'a54f6b09-285d-47b5-b5cb-bbec411d9e49', 'external_fixed_ips': [{'subnet_id': '904938d7-2d60-4ac2-8792-87ddba481696', 'ip_address': '10.180.180.195'}], 'enable_snat': True}, 'description': '', 'availability_zones': [], 'distributed': False, 'ha': False, 'availability_zone_hints': [], 'routes': [], 'flavor_id': None, 'tags': [], 'created_at': '2025-06-14T02:09:57Z', 'updated_at': '2025-06-14T02:09:58Z', 'revision_number': 2, 'project_id': '72045edaa7784faea6f453f344ee6815'}
2025-06-14 02:10:02.225 61723 INFO tempest.lib.common.rest_client [req-63444f36-9fd5-4c4a-8644-082d2aefdaa1 req-63444f36-9fd5-4c4a-8644-082d2aefdaa1 ] Request (ServersAdmin275Test:setUpClass): 200 GET http://10.180.1.21/identity/v3/roles 0.133s
2025-06-14 02:10:02.226 61741 INFO tempest.lib.common.rest_client [req-0802732d-f5d4-448f-9994-a45798d900e7 req-0802732d-f5d4-448f-9994-a45798d900e7 ] Request (FloatingIPsTestJSON:setUpClass): 201 POST http://10.180.1.21/identity/v3/auth/tokens 0.059s
2025-06-14 02:10:02.233 61721 INFO tempest.lib.common.rest_client [req-a0c7b185-7318-435c-84a3-42babdc8919c req-a0c7b185-7318-435c-84a3-42babdc8919c ] Request (TenantUsagesTestJSON:setUpClass): 200 GET http://10.180.1.21/compute/v2.1/servers/5a1247fd-0053-444a-bb93-2ff419d9e102 1.265s
2025-06-14 02:10:02.241 61769 INFO tempest.lib.common.rest_client [req-885da1d3-987e-4524-a560-4b61f61c977c req-885da1d3-987e-4524-a560-4b61f61c977c ] Request (ListImageFiltersTestJSON:setUpClass): 201 POST http://10.180.1.21/image/v2/images 0.763s
2025-06-14 02:10:02.259 61723 INFO tempest.lib.common.rest_client [req-b53d9a49-aa1f-4626-867f-44e898572e8f req-b53d9a49-aa1f-4626-867f-44e898572e8f ] Request (ServersAdmin275Test:setUpClass): 204 PUT http://10.180.1.21/identity/v3/projects/abf3bc4c12974b86a6268fa5e4ec21e7/users/e32a2896f2a54a80b19f3a529a6d1467/roles/00c377ae88a5477a9982e85cf6e60ee8 0.034s
2025-06-14 02:10:02.265 61761 INFO tempest.lib.common.rest_client [req-a96c00ed-928d-4eff-944c-c7c5a03a7c9e req-a96c00ed-928d-4eff-944c-c7c5a03a7c9e ] Request (AggregatesAdminNegativeTestJSON:test_aggregate_add_non_exist_host): 404 POST http://10.180.1.21/compute/v2.1/os-aggregates/3/action 1.167s
2025-06-14 02:10:02.281 61727 INFO tempest.lib.common.rest_client [req-a04e54d4-16bf-4df5-988d-03c77d6f403b req-a04e54d4-16bf-4df5-988d-03c77d6f403b ] Request (FlavorsAccessTestJSON:_run_cleanups): 200 GET http://10.180.1.21/compute/v2.1/flavors/detail 1.163s
2025-06-14 02:10:02.316 61729 INFO tempest.lib.common.rest_client [req-52e707cd-5d67-4c7b-ae6e-06a15ce04312 req-52e707cd-5d67-4c7b-ae6e-06a15ce04312 ] Request (FlavorsExtraSpecsTestJSON:test_flavor_set_get_update_show_unset_keys): 200 DELETE http://10.180.1.21/compute/v2.1/flavors/198151471/os-extra_specs/hw:cpu_policy 1.179s
2025-06-14 02:10:02.317 61719 INFO tempest.lib.common.rest_client [req-c03e81bb-65d4-4de2-a1da-c6b952748134 req-c03e81bb-65d4-4de2-a1da-c6b952748134 ] Request (ImagesOneServerTestJSON:setUpClass): 201 POST http://10.180.1.21/identity/v3/auth/tokens 0.099s
2025-06-14 02:10:02.329 61759 INFO tempest.lib.common.rest_client [req-6e7a877d-dab2-40fe-90dc-6db329f43e67 req-6e7a877d-dab2-40fe-90dc-6db329f43e67 ] Request (FlavorsAdminTestJSON:test_create_flavor_with_none_id): 200 POST http://10.180.1.21/compute/v2.1/flavors 1.170s
2025-06-14 02:10:02.330 61741 INFO tempest.lib.common.rest_client [req-a6fcc6f0-9745-4ac4-b491-4f4ca3193333 req-a6fcc6f0-9745-4ac4-b491-4f4ca3193333 ] Request (FloatingIPsTestJSON:setUpClass): 201 POST http://10.180.1.21/identity/v3/auth/tokens 0.100s
2025-06-14 02:10:02.338 61723 INFO tempest.lib.common.rest_client [req-5396511a-c228-4a46-8ac1-e3dc39818eaa req-5396511a-c228-4a46-8ac1-e3dc39818eaa ] Request (ServersAdmin275Test:setUpClass): 200 GET http://10.180.1.21/identity/v3/roles 0.079s
2025-06-14 02:10:02.342 61743 INFO tempest.lib.common.rest_client [req-e17b6bf3-65d8-4569-a755-adbd96f0ae01 req-e17b6bf3-65d8-4569-a755-adbd96f0ae01 ] Request (HostsAdminNegativeTestJSON:test_update_host_with_invalid_maintenance_mode): 400 PUT http://10.180.1.21/compute/v2.1/os-hosts/devstack 1.178s
2025-06-14 02:10:02.359 61739 INFO tempest.lib.common.rest_client [req-8a0bc695-47aa-46bf-bd50-d6fa3501576a req-8a0bc695-47aa-46bf-bd50-d6fa3501576a ] Request (FlavorsV2TestJSON:test_list_flavors_detailed_filter_by_min_disk): 200 GET http://10.180.1.21/compute/v2.1/flavors/detail?minDisk=2 0.935s
2025-06-14 02:10:02.368 61719 INFO tempest.lib.common.rest_client [req-c9d1b5f9-5c1f-43d4-a0d4-5720ffe4bb84 req-c9d1b5f9-5c1f-43d4-a0d4-5720ffe4bb84 ] Request (ImagesOneServerTestJSON:setUpClass): 201 POST http://10.180.1.21/identity/v3/auth/tokens 0.045s
2025-06-14 02:10:02.368 61719 INFO tempest.lib.common.fixed_network [-] (ImagesOneServerTestJSON:setUpClass) Found network {'id': '96fc7821-8b52-4887-8c09-59c107f1fc5c', 'name': 'tempest-ImagesOneServerTestJSON-254752078-network', 'tenant_id': '72045edaa7784faea6f453f344ee6815', 'admin_state_up': True, 'mtu': 8950, 'status': 'ACTIVE', 'subnets': [], 'shared': False, 'project_id': '72045edaa7784faea6f453f344ee6815', 'port_security_enabled': True, 'router:external': False, 'provider:network_type': 'vlan', 'provider:physical_network': 'default', 'provider:segmentation_id': 988, 'is_default': False, 'availability_zone_hints': [], 'availability_zones': [], 'ipv4_address_scope': None, 'ipv6_address_scope': None, 'description': '', 'tags': [], 'created_at': '2025-06-14T02:09:56Z', 'updated_at': '2025-06-14T02:09:56Z', 'revision_number': 1} available for tenant
2025-06-14 02:10:02.390 61717 INFO tempest.lib.common.rest_client [req-1b091747-6bf9-4e91-8f82-982e188b79f4 req-1b091747-6bf9-4e91-8f82-982e188b79f4 ] Request (ServicesAdminNegativeV253TestJSON:test_get_service_by_invalid_params): 200 GET http://10.180.1.21/compute/v2.1/os-services 0.945s
2025-06-14 02:10:02.395 61741 INFO tempest.lib.common.rest_client [req-43b82dee-6ba0-44f9-8570-b89eea420e69 req-43b82dee-6ba0-44f9-8570-b89eea420e69 ] Request (FloatingIPsTestJSON:setUpClass): 200 GET http://10.180.1.21/identity/v3/domains?name=Default 0.065s
2025-06-14 02:10:02.430 61727 INFO tempest.lib.common.rest_client [req-e0c32344-c402-490d-aba1-78450db03f87 req-e0c32344-c402-490d-aba1-78450db03f87 ] Request (FlavorsAccessTestJSON:tearDownClass): 204 DELETE http://10.180.1.21/identity/v3/users/7f2e415bd7ca4a4a98e75ef5489353a2 0.142s
2025-06-14 02:10:02.440 61723 INFO tempest.lib.common.rest_client [req-991decba-fef9-4df4-bbe7-7f56617545ca req-991decba-fef9-4df4-bbe7-7f56617545ca ] Request (ServersAdmin275Test:setUpClass): 204 PUT http://10.180.1.21/identity/v3/projects/abf3bc4c12974b86a6268fa5e4ec21e7/users/e32a2896f2a54a80b19f3a529a6d1467/roles/00c377ae88a5477a9982e85cf6e60ee8 0.102s
2025-06-14 02:10:02.441 61723 INFO tempest.lib.common.dynamic_creds [-] Dynamic test user e32a2896f2a54a80b19f3a529a6d1467 is created with scope project and roles: ['admin']
2025-06-14 02:10:02.441 61723 INFO tempest.lib.common.dynamic_creds [-] Acquired dynamic creds: credentials: Credentials: {'domain_id': 'default', 'domain_name': 'Default', 'username': 'tempest-ServersAdmin275Test-1188911953-project-admin', 'project_domain_id': 'default', 'project_domain_name': 'Default', 'project_id': 'abf3bc4c12974b86a6268fa5e4ec21e7', 'project_name': 'tempest-ServersAdmin275Test-1188911953', 'tenant_id': 'abf3bc4c12974b86a6268fa5e4ec21e7', 'tenant_name': 'tempest-ServersAdmin275Test-1188911953', 'user_domain_id': 'default', 'user_domain_name': 'Default', 'user_id': 'e32a2896f2a54a80b19f3a529a6d1467', 'system': None}, Network: None, Subnet: None, Router: None
2025-06-14 02:10:02.441 61723 INFO tempest.lib.common.dynamic_creds [-] Created isolated network resources for: credentials: Credentials: {'domain_id': 'default', 'domain_name': 'Default', 'username': 'tempest-ServersAdmin275Test-1188911953-project-admin', 'project_domain_id': 'default', 'project_domain_name': 'Default', 'project_id': 'abf3bc4c12974b86a6268fa5e4ec21e7', 'project_name': 'tempest-ServersAdmin275Test-1188911953', 'tenant_id': 'abf3bc4c12974b86a6268fa5e4ec21e7', 'tenant_name': 'tempest-ServersAdmin275Test-1188911953', 'user_domain_id': 'default', 'user_domain_name': 'Default', 'user_id': 'e32a2896f2a54a80b19f3a529a6d1467', 'system': None}, Network: None, Subnet: None, Router: None
2025-06-14 02:10:02.461 61715 INFO tempest.lib.common.rest_client [req-0cdf41f4-9ee6-4da4-adf5-5094379c4266 req-0cdf41f4-9ee6-4da4-adf5-5094379c4266 ] Request (ServerDiagnosticsV248Test:test_get_server_diagnostics): 200 GET http://10.180.1.21/compute/v2.1/servers/dc8b5106-5657-409b-b425-b929c8e893d5 1.012s
2025-06-14 02:10:02.497 61746 INFO tempest.lib.common.rest_client [req-922b7eee-3742-40f9-ae3b-eb646c2804f2 req-922b7eee-3742-40f9-ae3b-eb646c2804f2 ] Request (KeyPairsV210TestJSON:test_admin_manage_keypairs_for_other_users): 201 POST http://10.180.1.21/compute/v2.1/os-keypairs 1.036s
2025-06-14 02:10:02.515 61741 INFO tempest.lib.common.rest_client [req-fa1ce8be-4060-4465-802c-9b19fba7b156 req-fa1ce8be-4060-4465-802c-9b19fba7b156 ] Request (FloatingIPsTestJSON:setUpClass): 201 POST http://10.180.1.21/identity/v3/projects 0.118s
2025-06-14 02:10:02.541 61725 INFO tempest.lib.common.rest_client [req-06a9b760-81fd-4d50-8e9f-b17d1d2ae568 req-06a9b760-81fd-4d50-8e9f-b17d1d2ae568 ] Request (SecurityGroupsNegativeTestJSON:tearDownClass): 204 DELETE http://10.180.1.21:9696/networking/v2.0/security-groups/dbf1e1d9-3c6e-4b70-a7cb-32b84d6734f0 0.529s
2025-06-14 02:10:02.555 61727 INFO tempest.lib.common.rest_client [req-c1d2480f-a4f9-4514-b49e-afd6efbd5e62 req-c1d2480f-a4f9-4514-b49e-afd6efbd5e62 ] Request (FlavorsAccessTestJSON:tearDownClass): 204 DELETE http://10.180.1.21/identity/v3/users/d16b199ca8374a91a5c0eac1d35f6b74 0.125s
2025-06-14 02:10:02.557 61727 INFO tempest.lib.common.dynamic_creds [-] Deleting project and security group for project: 1664c2c11d4c43eb9e6380969fd7cec0
2025-06-14 02:10:02.588 61723 INFO tempest.lib.common.rest_client [req-e494843b-c663-4489-ad99-b346b2ec51b0 req-e494843b-c663-4489-ad99-b346b2ec51b0 ] Request (ServersAdmin275Test:setUpClass): 201 POST http://10.180.1.21/identity/v3/auth/tokens 0.145s
2025-06-14 02:10:02.620 61741 INFO tempest.lib.common.rest_client [req-d3524ac9-cd0d-48ac-a508-b4fe45a13029 req-d3524ac9-cd0d-48ac-a508-b4fe45a13029 ] Request (FloatingIPsTestJSON:setUpClass): 201 POST http://10.180.1.21/identity/v3/users 0.104s
2025-06-14 02:10:02.644 61727 INFO tempest.lib.common.rest_client [req-a48a60ff-605b-431a-8f5c-17e38fac2c1a req-a48a60ff-605b-431a-8f5c-17e38fac2c1a ] Request (FlavorsAccessTestJSON:tearDownClass): 201 POST http://10.180.1.21/identity/v3/auth/tokens 0.087s
2025-06-14 02:10:02.654 61731 INFO tempest.lib.common.rest_client [req-fe3e8428-a0f0-4189-94eb-72bfd9eb4a53 req-fe3e8428-a0f0-4189-94eb-72bfd9eb4a53 ] Request (SecurityGroupsTestAdminJSON:_run_cleanups): 202 DELETE http://10.180.1.21/compute/v2.1/os-security-groups/becaa9f5-5f73-4d1b-a075-86eeeba65a49 1.634s
2025-06-14 02:10:02.665 61753 INFO tempest.lib.common.rest_client [req-ca2df978-fb8b-43c2-9128-e38149da64aa req-ca2df978-fb8b-43c2-9128-e38149da64aa ] Request (DeleteServersTestJSON:test_delete_active_server): 200 GET http://10.180.1.21/compute/v2.1/servers/079f1dc7-232a-4e21-9b0e-9fff2d16bab6 1.149s
2025-06-14 02:10:02.683 61725 INFO tempest.lib.common.rest_client [req-4f64cb17-f95e-4b24-8b26-23fd4a7d40a8 req-4f64cb17-f95e-4b24-8b26-23fd4a7d40a8 ] Request (SecurityGroupsNegativeTestJSON:tearDownClass): 204 DELETE http://10.180.1.21/identity/v3/projects/f1256700ba6f4ed9813f722682b784f6 0.141s
2025-06-14 02:10:02.693 61723 INFO tempest.lib.common.rest_client [req-3722ddac-e146-4fe5-9085-74834abad2ea req-3722ddac-e146-4fe5-9085-74834abad2ea ] Request (ServersAdmin275Test:test_rebuild_update_server_275): 201 POST http://10.180.1.21/identity/v3/auth/tokens 0.101s
2025-06-14 02:10:02.694 61723 INFO tempest.lib.common.fixed_network [-] (ServersAdmin275Test:test_rebuild_update_server_275) Found network None available for tenant
2025-06-14 02:10:02.720 61757 INFO tempest.lib.common.rest_client [req-aa855757-fdf7-4ff1-815e-7c45342e9e04 req-aa855757-fdf7-4ff1-815e-7c45342e9e04 ] Request (AttachInterfacesUnderV243Test:setUpClass): 201 POST http://10.180.1.21:9696/networking/v2.0/routers 2.446s
2025-06-14 02:10:02.732 61741 INFO tempest.lib.common.rest_client [req-6b299a57-f4f4-4cd8-932d-aba1b94b6a47 req-6b299a57-f4f4-4cd8-932d-aba1b94b6a47 ] Request (FloatingIPsTestJSON:setUpClass): 200 GET http://10.180.1.21/identity/v3/roles 0.112s
2025-06-14 02:10:02.773 61725 INFO tempest.lib.common.rest_client [req-52aa3710-de0f-438c-a05a-d5d84b3a2908 req-52aa3710-de0f-438c-a05a-d5d84b3a2908 ] Request (InstanceActionsV221TestJSON:setUpClass): 201 POST http://10.180.1.21/identity/v3/auth/tokens 0.088s
2025-06-14 02:10:02.848 61727 INFO tempest.lib.common.rest_client [req-c21911f4-3cef-4d73-8698-7cfec06b1d22 req-c21911f4-3cef-4d73-8698-7cfec06b1d22 ] Request (FlavorsAccessTestJSON:tearDownClass): 200 GET http://10.180.1.21:9696/networking/v2.0/security-groups?tenant_id=1664c2c11d4c43eb9e6380969fd7cec0&name=default 0.203s
2025-06-14 02:10:02.848 61773 INFO tempest.lib.common.rest_client [req-9afac226-7afe-49fc-8382-9697277d4221 req-9afac226-7afe-49fc-8382-9697277d4221 ] Request (QuotasAdminTestJSON:test_get_default_quotas): 200 GET http://10.180.1.21/compute/v2.1/os-quota-sets/7e37042470b34bf29e2c488e8f100c69/defaults 1.242s
2025-06-14 02:10:02.859 61741 INFO tempest.lib.common.rest_client [req-aa0d9f60-abca-48ed-9710-6dbdd36e31c1 req-aa0d9f60-abca-48ed-9710-6dbdd36e31c1 ] Request (FloatingIPsTestJSON:setUpClass): 204 PUT http://10.180.1.21/identity/v3/projects/45a65cf0d42443788df74d6986e47c09/users/ffc46bcedf884136b3b483f859801032/roles/5248d8e4cd25431c983a426641613609 0.124s
2025-06-14 02:10:02.859 61741 INFO tempest.lib.common.dynamic_creds [-] Dynamic test user ffc46bcedf884136b3b483f859801032 is created with scope project and roles: ['member']
2025-06-14 02:10:02.859 61741 INFO tempest.lib.common.dynamic_creds [-] Acquired dynamic creds: credentials: Credentials: {'domain_id': 'default', 'domain_name': 'Default', 'username': 'tempest-FloatingIPsTestJSON-1812812046-project-member', 'project_domain_id': 'default', 'project_domain_name': 'Default', 'project_id': '45a65cf0d42443788df74d6986e47c09', 'project_name': 'tempest-FloatingIPsTestJSON-1812812046', 'tenant_id': '45a65cf0d42443788df74d6986e47c09', 'tenant_name': 'tempest-FloatingIPsTestJSON-1812812046', 'user_domain_id': 'default', 'user_domain_name': 'Default', 'user_id': 'ffc46bcedf884136b3b483f859801032', 'system': None}, Network: None, Subnet: None, Router: None
2025-06-14 02:10:02.896 61725 INFO tempest.lib.common.rest_client [req-0358ee10-d8f3-41b9-b6d6-0595b167bf3c req-0358ee10-d8f3-41b9-b6d6-0595b167bf3c ] Request (InstanceActionsV221TestJSON:setUpClass): 201 POST http://10.180.1.21/identity/v3/auth/tokens 0.121s
2025-06-14 02:10:02.918 61741 INFO tempest.lib.common.rest_client [req-6fc1a184-d59b-40f6-a6fb-5542edf49127 req-6fc1a184-d59b-40f6-a6fb-5542edf49127 ] Request (FloatingIPsTestJSON:setUpClass): 201 POST http://10.180.1.21/identity/v3/auth/tokens 0.058s
2025-06-14 02:10:02.923 61773 INFO tempest.lib.common.rest_client [req-db4dc03e-6fef-4f0b-956e-7f78d3f436ab req-db4dc03e-6fef-4f0b-956e-7f78d3f436ab ] Request (QuotasAdminTestJSON:test_get_updated_quotas): 200 GET http://10.180.1.21/identity/v3/domains?name=Default 0.069s
2025-06-14 02:10:02.945 61725 INFO tempest.lib.common.rest_client [req-deb83a9a-c695-43d5-9398-db13602f01c3 req-deb83a9a-c695-43d5-9398-db13602f01c3 ] Request (InstanceActionsV221TestJSON:setUpClass): 200 GET http://10.180.1.21/identity/v3/domains?name=Default 0.048s
2025-06-14 02:10:02.962 61751 INFO tempest.lib.common.rest_client [req-9b718d12-939c-4e62-8bb7-578572fe0b60 req-9b718d12-939c-4e62-8bb7-578572fe0b60 ] Request (MigrationsAdminTest:test_list_migrations_in_flavor_resize_situation): 200 GET http://10.180.1.21/compute/v2.1/servers/5d67907c-7199-4734-a5cc-4466703eaa51 1.202s
2025-06-14 02:10:02.976 61767 INFO tempest.lib.common.rest_client [req-650e43f3-1106-4908-928f-a3a49f38854f req-650e43f3-1106-4908-928f-a3a49f38854f ] Request (ServersWithSpecificFlavorTestJSON:test_verify_created_server_ephemeral_disk): 200 GET http://10.180.1.21/compute/v2.1/flavors/42/os-extra_specs 1.198s
2025-06-14 02:10:03.005 61727 INFO tempest.lib.common.rest_client [req-173f2349-a2e8-4af8-b0b9-88eb2687b44b req-173f2349-a2e8-4af8-b0b9-88eb2687b44b ] Request (FlavorsAccessTestJSON:tearDownClass): 204 DELETE http://10.180.1.21:9696/networking/v2.0/security-groups/234637c1-44d4-4a57-b240-4cbc8f648a5a 0.157s
2025-06-14 02:10:03.022 61713 INFO tempest.lib.common.rest_client [req-df973e4b-ea2a-44ba-a84f-b24f3cf222ce req-df973e4b-ea2a-44ba-a84f-b24f3cf222ce ] Request (QuotasAdminNegativeTest:test_create_server_when_cpu_quota_is_full): 200 GET http://10.180.1.21/compute/v2.1/os-quota-sets/bcf1f79aa33840ec8f17faf546677ce0 1.382s
2025-06-14 02:10:03.033 61773 INFO tempest.lib.common.rest_client [req-41410c45-c1b2-49d8-9475-98d38e2abb5d req-41410c45-c1b2-49d8-9475-98d38e2abb5d ] Request (QuotasAdminTestJSON:test_get_updated_quotas): 201 POST http://10.180.1.21/identity/v3/projects 0.109s
2025-06-14 02:10:03.052 61765 INFO tempest.lib.common.rest_client [req-0cc7fc00-0406-44eb-9394-4e291a250708 req-0cc7fc00-0406-44eb-9394-4e291a250708 ] Request (FlavorsAccessNegativeTestJSON:_run_cleanups): 202 DELETE http://10.180.1.21/compute/v2.1/flavors/752874482 1.086s
2025-06-14 02:10:03.063 61725 INFO tempest.lib.common.rest_client [req-147012e5-5520-40ca-ae84-f0425c08d2d3 req-147012e5-5520-40ca-ae84-f0425c08d2d3 ] Request (InstanceActionsV221TestJSON:setUpClass): 201 POST http://10.180.1.21/identity/v3/projects 0.117s
2025-06-14 02:10:03.123 61773 INFO tempest.lib.common.rest_client [req-3d67916e-470b-4389-a014-81405d2e9da6 req-3d67916e-470b-4389-a014-81405d2e9da6 ] Request (QuotasAdminTestJSON:test_get_updated_quotas): 200 GET http://10.180.1.21/identity/v3/domains?name=Default 0.089s
2025-06-14 02:10:03.180 61725 INFO tempest.lib.common.rest_client [req-cb4509c9-6fef-4faa-a21d-c7b1c5a46d2c req-cb4509c9-6fef-4faa-a21d-c7b1c5a46d2c ] Request (InstanceActionsV221TestJSON:setUpClass): 201 POST http://10.180.1.21/identity/v3/users 0.115s
2025-06-14 02:10:03.209 61727 INFO tempest.lib.common.rest_client [req-842c75e3-2365-4e31-8944-1e0e0c7d8b14 req-842c75e3-2365-4e31-8944-1e0e0c7d8b14 ] Request (FlavorsAccessTestJSON:tearDownClass): 204 DELETE http://10.180.1.21/identity/v3/projects/1664c2c11d4c43eb9e6380969fd7cec0 0.203s
2025-06-14 02:10:03.209 61727 INFO tempest.lib.common.dynamic_creds [-] Deleting project and security group for project: 569d75df5d574a30a4802ea231adfb84
2025-06-14 02:10:03.212 61771 INFO tempest.lib.common.rest_client [req-7add62aa-5772-4374-9327-81d9e80aeed5 req-7add62aa-5772-4374-9327-81d9e80aeed5 ] Request (ImagesMetadataTestJSON:setUp): 200 PUT http://10.180.1.21/compute/v2.1/images/c264c4cb-c013-4a5e-b0e2-55e76ccb7515/metadata 1.333s
2025-06-14 02:10:03.227 61725 INFO tempest.lib.common.rest_client [req-54e2afde-7d2c-42c3-9346-bcd47282c802 req-54e2afde-7d2c-42c3-9346-bcd47282c802 ] Request (InstanceActionsV221TestJSON:setUpClass): 200 GET http://10.180.1.21/identity/v3/roles 0.047s
2025-06-14 02:10:03.234 61761 INFO tempest.lib.common.rest_client [req-24c6505b-7fef-4777-a575-dbc0de5d7c4f req-24c6505b-7fef-4777-a575-dbc0de5d7c4f ] Request (AggregatesAdminNegativeTestJSON:_run_cleanups): 200 DELETE http://10.180.1.21/compute/v2.1/os-aggregates/3 0.968s
2025-06-14 02:10:03.252 61729 INFO tempest.lib.common.rest_client [req-ad5f9b03-c972-4eb2-9e23-c2968748501e req-ad5f9b03-c972-4eb2-9e23-c2968748501e ] Request (FlavorsExtraSpecsTestJSON:test_flavor_set_get_update_show_unset_keys): 200 GET http://10.180.1.21/compute/v2.1/flavors/198151471/os-extra_specs 0.935s
2025-06-14 02:10:03.273 61759 INFO tempest.lib.common.rest_client [req-02ccaafe-3a6b-4463-929b-1aca4e263675 req-02ccaafe-3a6b-4463-929b-1aca4e263675 ] Request (FlavorsAdminTestJSON:_run_cleanups): 202 DELETE http://10.180.1.21/compute/v2.1/flavors/36904381-4a10-40e4-a855-7b7892ed29aa 0.942s
2025-06-14 02:10:03.283 61743 INFO tempest.lib.common.rest_client [req-9d6e6417-1f59-420e-8ee6-e91914bc5a22 req-9d6e6417-1f59-420e-8ee6-e91914bc5a22 ] Request (HostsAdminNegativeTestJSON:test_update_host_with_invalid_status): 400 PUT http://10.180.1.21/compute/v2.1/os-hosts/devstack 0.938s
2025-06-14 02:10:03.284 61725 INFO tempest.lib.common.rest_client [req-4beecb3c-5c33-41b9-a8ff-9c9aaeb15c53 req-4beecb3c-5c33-41b9-a8ff-9c9aaeb15c53 ] Request (InstanceActionsV221TestJSON:setUpClass): 204 PUT http://10.180.1.21/identity/v3/projects/f68f9364f413457e92017641ead2f466/users/d73ee34044bc478a98ae528ed077520a/roles/5248d8e4cd25431c983a426641613609 0.057s
2025-06-14 02:10:03.284 61725 INFO tempest.lib.common.dynamic_creds [-] Dynamic test user d73ee34044bc478a98ae528ed077520a is created with scope project and roles: ['member']
2025-06-14 02:10:03.284 61725 INFO tempest.lib.common.dynamic_creds [-] Acquired dynamic creds: credentials: Credentials: {'domain_id': 'default', 'domain_name': 'Default', 'username': 'tempest-InstanceActionsV221TestJSON-2016883952-project-member', 'project_domain_id': 'default', 'project_domain_name': 'Default', 'project_id': 'f68f9364f413457e92017641ead2f466', 'project_name': 'tempest-InstanceActionsV221TestJSON-2016883952', 'tenant_id': 'f68f9364f413457e92017641ead2f466', 'tenant_name': 'tempest-InstanceActionsV221TestJSON-2016883952', 'user_domain_id': 'default', 'user_domain_name': 'Default', 'user_id': 'd73ee34044bc478a98ae528ed077520a', 'system': None}, Network: None, Subnet: None, Router: None
2025-06-14 02:10:03.294 61739 INFO tempest.lib.common.rest_client [req-c81ea17d-c3a4-4f38-b7f6-f39fa730ab46 req-c81ea17d-c3a4-4f38-b7f6-f39fa730ab46 ] Request (FlavorsV2TestJSON:test_list_flavors_detailed_filter_by_min_ram): 200 GET http://10.180.1.21/compute/v2.1/flavors/42 0.926s
2025-06-14 02:10:03.363 61725 INFO tempest.lib.common.rest_client [req-2e61f943-33b4-467d-88b7-97527ec8749c req-2e61f943-33b4-467d-88b7-97527ec8749c ] Request (InstanceActionsV221TestJSON:setUpClass): 201 POST http://10.180.1.21/identity/v3/auth/tokens 0.078s
2025-06-14 02:10:03.417 61741 INFO tempest.lib.common.rest_client [req-806a6b64-3985-4a42-ad3c-5b9b4af9c1f6 req-806a6b64-3985-4a42-ad3c-5b9b4af9c1f6 ] Request (FloatingIPsTestJSON:setUpClass): 201 POST http://10.180.1.21:9696/networking/v2.0/networks 0.499s
2025-06-14 02:10:03.438 61727 INFO tempest.lib.common.rest_client [req-f785d05a-4e21-44f9-aa7a-a5a748de1c01 req-f785d05a-4e21-44f9-aa7a-a5a748de1c01 ] Request (FlavorsAccessTestJSON:tearDownClass): 200 GET http://10.180.1.21:9696/networking/v2.0/security-groups?tenant_id=569d75df5d574a30a4802ea231adfb84&name=default 0.229s
2025-06-14 02:10:03.467 61755 INFO tempest.lib.common.rest_client [req-72ef63c2-6483-40ed-9309-b6c8bed39db5 req-72ef63c2-6483-40ed-9309-b6c8bed39db5 ] Request (DeleteServersAdminTestJSON:test_admin_delete_servers_of_others): 200 GET http://10.180.1.21/compute/v2.1/servers/f0aae1f8-14cb-4fd5-900b-1b062c7f6783 1.392s
2025-06-14 02:10:03.516 61717 INFO tempest.lib.common.rest_client [req-a917615c-a1b0-4c4b-9afd-7cbfcf4af861 req-a917615c-a1b0-4c4b-9afd-7cbfcf4af861 ] Request (ServicesAdminNegativeV253TestJSON:test_get_service_by_invalid_params): 200 GET http://10.180.1.21/compute/v2.1/os-services?xxx=nova-compute 1.123s
2025-06-14 02:10:03.758 61737 INFO tempest.lib.common.rest_client [req-7997daeb-0566-4c20-b0bb-d6fafdb64e4a req-7997daeb-0566-4c20-b0bb-d6fafdb64e4a ] Request (ServersTestFqdnHostnames:test_create_server_with_fqdn_name): 200 GET http://10.180.1.21/compute/v2.1/servers/f24ff321-c4a3-4bd4-a60d-ac7c1d448e31 1.323s
2025-06-14 02:10:03.770 61746 INFO tempest.lib.common.rest_client [req-7494d332-d357-47d5-a92a-67fb2ee1426c req-7494d332-d357-47d5-a92a-67fb2ee1426c ] Request (KeyPairsV210TestJSON:test_admin_manage_keypairs_for_other_users): 200 GET http://10.180.1.21/compute/v2.1/os-keypairs?user_id=2ac7533841e842e5821f370d40a04015 1.272s
2025-06-14 02:10:03.795 61727 INFO tempest.lib.common.rest_client [req-d835f83b-7555-4e8c-8c4e-4913c9e1fd29 req-d835f83b-7555-4e8c-8c4e-4913c9e1fd29 ] Request (FlavorsAccessTestJSON:tearDownClass): 204 DELETE http://10.180.1.21:9696/networking/v2.0/security-groups/10a9529a-06b0-4ed6-9b71-5ae7cf9ce5d1 0.357s
2025-06-14 02:10:03.876 61727 INFO tempest.lib.common.rest_client [req-9e1637a8-0cd3-40a5-ad7b-2017f8d2d99a req-9e1637a8-0cd3-40a5-ad7b-2017f8d2d99a ] Request (FlavorsAccessTestJSON:tearDownClass): 204 DELETE http://10.180.1.21/identity/v3/projects/569d75df5d574a30a4802ea231adfb84 0.080s
2025-06-14 02:10:03.949 61731 INFO tempest.lib.common.rest_client [req-7380b7cd-8d5c-489f-90c3-a7cb22afb634 req-7380b7cd-8d5c-489f-90c3-a7cb22afb634 ] Request (SecurityGroupsTestAdminJSON:_run_cleanups): 202 DELETE http://10.180.1.21/compute/v2.1/os-security-groups/0b850315-f5dc-4a76-ba12-7224cf637b24 1.295s
2025-06-14 02:10:03.953 61727 INFO tempest.lib.common.rest_client [req-15893f67-3a4c-43b2-8630-5f2fbadfc5ec req-15893f67-3a4c-43b2-8630-5f2fbadfc5ec ] Request (ServerDiagnosticsTest:setUpClass): 201 POST http://10.180.1.21/identity/v3/auth/tokens 0.075s
2025-06-14 02:10:03.958 61769 INFO tempest.lib.common.rest_client [req-a65d98a3-c7c7-447f-ba0b-400d77e85265 req-a65d98a3-c7c7-447f-ba0b-400d77e85265 ] Request (ListImageFiltersTestJSON:setUpClass): 204 PUT http://10.180.1.21/image/v2/images/8208617f-c4f7-4501-b0e7-3fb8ed54304c/file 0.716s
2025-06-14 02:10:04.029 61731 INFO tempest.lib.common.rest_client [req-add7d448-950f-451c-9cbc-388b5a21282a req-add7d448-950f-451c-9cbc-388b5a21282a ] Request (SecurityGroupsTestAdminJSON:tearDownClass): 204 DELETE http://10.180.1.21/identity/v3/users/e20f91e2dce64a128d6af62b3da80fc6 0.078s
2025-06-14 02:10:04.096 61727 INFO tempest.lib.common.rest_client [req-428a526e-41c8-4df2-9065-a15f7f8d0463 req-428a526e-41c8-4df2-9065-a15f7f8d0463 ] Request (ServerDiagnosticsTest:setUpClass): 201 POST http://10.180.1.21/identity/v3/auth/tokens 0.141s
2025-06-14 02:10:04.164 61731 INFO tempest.lib.common.rest_client [req-444897d5-099a-4b32-917f-a9a98ef1da52 req-444897d5-099a-4b32-917f-a9a98ef1da52 ] Request (SecurityGroupsTestAdminJSON:tearDownClass): 204 DELETE http://10.180.1.21/identity/v3/users/099a284d38324b4880e7ad41ad095ab3 0.135s
2025-06-14 02:10:04.164 61731 INFO tempest.lib.common.dynamic_creds [-] Deleting project and security group for project: f5527152f59146cf9f3012b011ce4a83
2025-06-14 02:10:04.170 61741 INFO tempest.lib.common.rest_client [req-6e17cd9a-5d0b-4219-8513-8aa24a354ed6 req-6e17cd9a-5d0b-4219-8513-8aa24a354ed6 ] Request (FloatingIPsTestJSON:setUpClass): 201 POST http://10.180.1.21:9696/networking/v2.0/subnets 0.752s
2025-06-14 02:10:04.171 61725 INFO tempest.lib.common.rest_client [req-c076b66f-2acb-405d-8e17-071b9325bedc req-c076b66f-2acb-405d-8e17-071b9325bedc ] Request (InstanceActionsV221TestJSON:setUpClass): 201 POST http://10.180.1.21:9696/networking/v2.0/networks 0.807s
2025-06-14 02:10:04.197 61727 INFO tempest.lib.common.rest_client [req-ed023aea-4707-4502-82d6-7211e80a4211 req-ed023aea-4707-4502-82d6-7211e80a4211 ] Request (ServerDiagnosticsTest:setUpClass): 200 GET http://10.180.1.21/identity/v3/domains?name=Default 0.100s
2025-06-14 02:10:04.221 61731 INFO tempest.lib.common.rest_client [req-71bc14a5-65a4-4d3f-8e87-be163645bcdd req-71bc14a5-65a4-4d3f-8e87-be163645bcdd ] Request (SecurityGroupsTestAdminJSON:tearDownClass): 201 POST http://10.180.1.21/identity/v3/auth/tokens 0.056s
2025-06-14 02:10:04.274 61723 INFO tempest.lib.common.rest_client [req-7578f7da-4b38-4d69-9d7b-0353e5c153ff req-7578f7da-4b38-4d69-9d7b-0353e5c153ff ] Request (ServersAdmin275Test:test_rebuild_update_server_275): 202 POST http://10.180.1.21/compute/v2.1/servers 1.580s
2025-06-14 02:10:04.328 61727 INFO tempest.lib.common.rest_client [req-03577385-15c3-4a9f-9532-3f64fc1694d1 req-03577385-15c3-4a9f-9532-3f64fc1694d1 ] Request (ServerDiagnosticsTest:setUpClass): 201 POST http://10.180.1.21/identity/v3/projects 0.131s
2025-06-14 02:10:04.438 61731 INFO tempest.lib.common.rest_client [req-c47b9309-59a6-494b-be6d-beab7b1f821a req-c47b9309-59a6-494b-be6d-beab7b1f821a ] Request (SecurityGroupsTestAdminJSON:tearDownClass): 200 GET http://10.180.1.21:9696/networking/v2.0/security-groups?tenant_id=f5527152f59146cf9f3012b011ce4a83&name=default 0.216s
2025-06-14 02:10:04.456 61727 INFO tempest.lib.common.rest_client [req-d1d3ee47-5148-4a5c-9024-7ce79f00340d req-d1d3ee47-5148-4a5c-9024-7ce79f00340d ] Request (ServerDiagnosticsTest:setUpClass): 201 POST http://10.180.1.21/identity/v3/users 0.127s
2025-06-14 02:10:04.461 61719 INFO tempest.lib.common.rest_client [req-918d81ac-04f7-4b61-aa81-ea9469d2c13f req-918d81ac-04f7-4b61-aa81-ea9469d2c13f ] Request (ImagesOneServerTestJSON:setUpClass): 202 POST http://10.180.1.21/compute/v2.1/servers 2.092s
2025-06-14 02:10:04.489 61727 INFO tempest.lib.common.rest_client [req-b070c1ab-08bc-402b-a7fc-af430e2f24b9 req-b070c1ab-08bc-402b-a7fc-af430e2f24b9 ] Request (ServerDiagnosticsTest:setUpClass): 200 GET http://10.180.1.21/identity/v3/roles 0.031s
2025-06-14 02:10:04.559 61727 INFO tempest.lib.common.rest_client [req-4d1020f7-0d2f-4581-9b4c-e60adde79fc7 req-4d1020f7-0d2f-4581-9b4c-e60adde79fc7 ] Request (ServerDiagnosticsTest:setUpClass): 204 PUT http://10.180.1.21/identity/v3/projects/57f73c994ac74204a438ab789205ba29/users/79c0cb8540ce460396182931069f1b02/roles/5248d8e4cd25431c983a426641613609 0.070s
2025-06-14 02:10:04.559 61727 INFO tempest.lib.common.dynamic_creds [-] Dynamic test user 79c0cb8540ce460396182931069f1b02 is created with scope project and roles: ['member']
2025-06-14 02:10:04.560 61727 INFO tempest.lib.common.dynamic_creds [-] Acquired dynamic creds: credentials: Credentials: {'domain_id': 'default', 'domain_name': 'Default', 'username': 'tempest-ServerDiagnosticsTest-791504828-project-member', 'project_domain_id': 'default', 'project_domain_name': 'Default', 'project_id': '57f73c994ac74204a438ab789205ba29', 'project_name': 'tempest-ServerDiagnosticsTest-791504828', 'tenant_id': '57f73c994ac74204a438ab789205ba29', 'tenant_name': 'tempest-ServerDiagnosticsTest-791504828', 'user_domain_id': 'default', 'user_domain_name': 'Default', 'user_id': '79c0cb8540ce460396182931069f1b02', 'system': None}, Network: None, Subnet: None, Router: None
2025-06-14 02:10:04.560 61727 INFO tempest.lib.common.dynamic_creds [-] Created isolated network resources for: credentials: Credentials: {'domain_id': 'default', 'domain_name': 'Default', 'username': 'tempest-ServerDiagnosticsTest-791504828-project-member', 'project_domain_id': 'default', 'project_domain_name': 'Default', 'project_id': '57f73c994ac74204a438ab789205ba29', 'project_name': 'tempest-ServerDiagnosticsTest-791504828', 'tenant_id': '57f73c994ac74204a438ab789205ba29', 'tenant_name': 'tempest-ServerDiagnosticsTest-791504828', 'user_domain_id': 'default', 'user_domain_name': 'Default', 'user_id': '79c0cb8540ce460396182931069f1b02', 'system': None}, Network: None, Subnet: None, Router: None
2025-06-14 02:10:04.651 61727 INFO tempest.lib.common.rest_client [req-8ef72c57-1009-4ad4-92d0-c8d74af9898f req-8ef72c57-1009-4ad4-92d0-c8d74af9898f ] Request (ServerDiagnosticsTest:setUpClass): 201 POST http://10.180.1.21/identity/v3/auth/tokens 0.086s
2025-06-14 02:10:04.668 61711 INFO tempest.lib.common.rest_client [req-5eb87db4-e6e8-43c2-a793-7e2faec8398a req-5eb87db4-e6e8-43c2-a793-7e2faec8398a ] Request (ServersAdminNegativeTestJSON:setUpClass): 200 GET http://10.180.1.21/compute/v2.1/servers/28261a41-7f6d-495c-abbd-7f73f67e80d6 1.906s
2025-06-14 02:10:04.701 61767 INFO tempest.lib.common.rest_client [req-b9f32b27-aace-44a4-a987-cc7b41277f27 req-b9f32b27-aace-44a4-a987-cc7b41277f27 ] Request (ServersWithSpecificFlavorTestJSON:test_verify_created_server_ephemeral_disk): 200 POST http://10.180.1.21/compute/v2.1/flavors/1913878076/os-extra_specs 1.724s
2025-06-14 02:10:04.725 61727 INFO tempest.lib.common.rest_client [req-71888422-69bf-46e7-8aae-9cb27d7c5def req-71888422-69bf-46e7-8aae-9cb27d7c5def ] Request (ServerDiagnosticsTest:setUpClass): 201 POST http://10.180.1.21/identity/v3/projects 0.073s
2025-06-14 02:10:04.787 61727 INFO tempest.lib.common.rest_client [req-b316e9c4-ffcd-4ccf-a926-b049a7ed805d req-b316e9c4-ffcd-4ccf-a926-b049a7ed805d ] Request (ServerDiagnosticsTest:setUpClass): 201 POST http://10.180.1.21/identity/v3/users 0.061s
2025-06-14 02:10:04.802 61727 INFO tempest.lib.common.rest_client [req-1a4d253a-bde2-4f50-97a4-564013090a8e req-1a4d253a-bde2-4f50-97a4-564013090a8e ] Request (ServerDiagnosticsTest:setUpClass): 200 GET http://10.180.1.21/identity/v3/roles 0.015s
2025-06-14 02:10:04.810 61747 INFO tempest.lib.common.rest_client [req-e53a597d-e509-44a4-8b24-f513ae620213 req-e53a597d-e509-44a4-8b24-f513ae620213 ] Request (ServerDiagnosticsNegativeTest:test_get_server_diagnostics_by_non_admin): 200 GET http://10.180.1.21/compute/v2.1/servers/4703897a-ce8c-4bca-89e9-62fe53c5d404 1.966s
2025-06-14 02:10:04.829 61731 INFO tempest.lib.common.rest_client [req-8bbaed46-baad-41be-9a01-20606aaf2fa0 req-8bbaed46-baad-41be-9a01-20606aaf2fa0 ] Request (SecurityGroupsTestAdminJSON:tearDownClass): 204 DELETE http://10.180.1.21:9696/networking/v2.0/security-groups/ba2a8909-14bd-4228-9063-9af8d6d7b66c 0.388s
2025-06-14 02:10:04.831 61727 INFO tempest.lib.common.rest_client [req-4ab01f6a-d949-43cb-a289-5560d9688101 req-4ab01f6a-d949-43cb-a289-5560d9688101 ] Request (ServerDiagnosticsTest:setUpClass): 204 PUT http://10.180.1.21/identity/v3/projects/728b217be32547e1975b3eac84808e07/users/5839642e45f54caaabd75cbd69965880/roles/00c377ae88a5477a9982e85cf6e60ee8 0.028s
2025-06-14 02:10:04.835 61765 INFO tempest.lib.common.rest_client [req-50024d29-9160-46a2-bc99-263b5f59f18b req-50024d29-9160-46a2-bc99-263b5f59f18b ] Request (FlavorsAccessNegativeTestJSON:_run_cleanups): 200 GET http://10.180.1.21/compute/v2.1/flavors/detail 1.783s
2025-06-14 02:10:04.849 61757 INFO tempest.lib.common.rest_client [req-4ad951d0-6c42-4037-a5b5-af071783059b req-4ad951d0-6c42-4037-a5b5-af071783059b ] Request (AttachInterfacesUnderV243Test:setUpClass): 200 PUT http://10.180.1.21:9696/networking/v2.0/routers/8a4eaf0e-a09a-4bf9-8a32-2217f0fdff8f/add_router_interface 2.129s
2025-06-14 02:10:04.849 61757 INFO tempest.lib.common.dynamic_creds [-] Created isolated network resources for: credentials: Credentials: {'domain_id': 'default', 'domain_name': 'Default', 'username': 'tempest-AttachInterfacesUnderV243Test-235916781-project-member', 'project_domain_id': 'default', 'project_domain_name': 'Default', 'project_id': '4d190df5a91440c2b908f04ee1f3617c', 'project_name': 'tempest-AttachInterfacesUnderV243Test-235916781', 'tenant_id': '4d190df5a91440c2b908f04ee1f3617c', 'tenant_name': 'tempest-AttachInterfacesUnderV243Test-235916781', 'user_domain_id': 'default', 'user_domain_name': 'Default', 'user_id': 'dd95290dabf94f94ae0c97591b3c0215', 'system': None}, Network: {'id': '3d15bd53-3854-47df-b821-a08abccb916e', 'name': 'tempest-AttachInterfacesUnderV243Test-1815026015-network', 'tenant_id': '4d190df5a91440c2b908f04ee1f3617c', 'admin_state_up': True, 'mtu': 8950, 'status': 'ACTIVE', 'subnets': [], 'shared': False, 'project_id': '4d190df5a91440c2b908f04ee1f3617c', 'port_security_enabled': True, 'router:external': False, 'provider:network_type': 'vlan', 'provider:physical_network': 'default', 'provider:segmentation_id': 673, 'is_default': False, 'availability_zone_hints': [], 'availability_zones': [], 'ipv4_address_scope': None, 'ipv6_address_scope': None, 'description': '', 'tags': [], 'created_at': '2025-06-14T02:09:59Z', 'updated_at': '2025-06-14T02:09:59Z', 'revision_number': 1}, Subnet: {'id': '36b17bd3-ba97-41ba-8c01-b67ca70aa0cc', 'name': 'tempest-AttachInterfacesUnderV243Test-1815026015-subnet', 'tenant_id': '4d190df5a91440c2b908f04ee1f3617c', 'network_id': '3d15bd53-3854-47df-b821-a08abccb916e', 'ip_version': 4, 'subnetpool_id': None, 'enable_dhcp': True, 'ipv6_ra_mode': None, 'ipv6_address_mode': None, 'gateway_ip': '192.168.128.1', 'cidr': '192.168.128.0/28', 'allocation_pools': [{'start': '192.168.128.2', 'end': '192.168.128.14'}], 'host_routes': [], 'dns_nameservers': [], 'description': '', 'service_types': [], 'tags': [], 'created_at': '2025-06-14T02:09:59Z', 'updated_at': '2025-06-14T02:09:59Z', 'revision_number': 0, 'project_id': '4d190df5a91440c2b908f04ee1f3617c'}, Router: {'id': '8a4eaf0e-a09a-4bf9-8a32-2217f0fdff8f', 'name': 'tempest-AttachInterfacesUnderV243Test-1815026015-router', 'tenant_id': '4d190df5a91440c2b908f04ee1f3617c', 'admin_state_up': True, 'status': 'ACTIVE', 'external_gateway_info': {'network_id': 'a54f6b09-285d-47b5-b5cb-bbec411d9e49', 'external_fixed_ips': [{'subnet_id': '904938d7-2d60-4ac2-8792-87ddba481696', 'ip_address': '10.180.180.250'}], 'enable_snat': True}, 'description': '', 'availability_zones': [], 'distributed': False, 'ha': False, 'availability_zone_hints': [], 'routes': [], 'flavor_id': None, 'tags': [], 'created_at': '2025-06-14T02:10:00Z', 'updated_at': '2025-06-14T02:10:01Z', 'revision_number': 2, 'project_id': '4d190df5a91440c2b908f04ee1f3617c'}
2025-06-14 02:10:04.882 61713 INFO tempest.lib.common.rest_client [req-15849ceb-385a-4615-bd0b-1f6a3f8cb1cd req-15849ceb-385a-4615-bd0b-1f6a3f8cb1cd ] Request (QuotasAdminNegativeTest:test_create_server_when_cpu_quota_is_full): 200 PUT http://10.180.1.21/compute/v2.1/os-quota-sets/bcf1f79aa33840ec8f17faf546677ce0 1.858s
2025-06-14 02:10:04.896 61727 INFO tempest.lib.common.rest_client [req-79c3a241-5400-4a8c-9926-bd2a8271728f req-79c3a241-5400-4a8c-9926-bd2a8271728f ] Request (ServerDiagnosticsTest:setUpClass): 200 GET http://10.180.1.21/identity/v3/roles 0.065s
2025-06-14 02:10:04.910 61763 INFO tempest.lib.common.rest_client [req-7eb51806-c12d-4816-97e4-d6136e7bb4ed req-7eb51806-c12d-4816-97e4-d6136e7bb4ed ] Request (ServersAdminTestJSON:setUpClass): 200 GET http://10.180.1.21/compute/v2.1/servers/c6880758-25cf-4078-9455-827db6fb6435 1.849s
2025-06-14 02:10:04.962 61757 INFO tempest.lib.common.rest_client [req-008bf8ca-542e-41ee-8579-70c67f02e49c req-008bf8ca-542e-41ee-8579-70c67f02e49c ] Request (AttachInterfacesUnderV243Test:setUpClass): 201 POST http://10.180.1.21/identity/v3/auth/tokens 0.107s
2025-06-14 02:10:04.963 61731 INFO tempest.lib.common.rest_client [req-303b10c0-0e22-452c-a2bd-43619c21241c req-303b10c0-0e22-452c-a2bd-43619c21241c ] Request (SecurityGroupsTestAdminJSON:tearDownClass): 204 DELETE http://10.180.1.21/identity/v3/projects/f5527152f59146cf9f3012b011ce4a83 0.133s
2025-06-14 02:10:04.963 61731 INFO tempest.lib.common.dynamic_creds [-] Deleting project and security group for project: 808742ebbe1c4515abbc2f394d6a9a16
2025-06-14 02:10:04.967 61725 INFO tempest.lib.common.rest_client [req-342d52a4-4cc2-4fbe-a13b-b488454e0c6b req-342d52a4-4cc2-4fbe-a13b-b488454e0c6b ] Request (InstanceActionsV221TestJSON:setUpClass): 201 POST http://10.180.1.21:9696/networking/v2.0/subnets 0.795s
2025-06-14 02:10:05.016 61713 INFO tempest.lib.common.rest_client [req-a1438ce6-9d85-4fbf-907b-37c3c807314f req-a1438ce6-9d85-4fbf-907b-37c3c807314f ] Request (QuotasAdminNegativeTest:test_create_server_when_cpu_quota_is_full): 201 POST http://10.180.1.21/identity/v3/auth/tokens 0.129s
2025-06-14 02:10:05.017 61713 INFO tempest.lib.common.fixed_network [-] (QuotasAdminNegativeTest:test_create_server_when_cpu_quota_is_full) Found network None available for tenant
2025-06-14 02:10:05.018 61727 INFO tempest.lib.common.rest_client [req-229792a2-eb64-40e0-a8c4-b90c94034bd7 req-229792a2-eb64-40e0-a8c4-b90c94034bd7 ] Request (ServerDiagnosticsTest:setUpClass): 204 PUT http://10.180.1.21/identity/v3/projects/728b217be32547e1975b3eac84808e07/users/5839642e45f54caaabd75cbd69965880/roles/00c377ae88a5477a9982e85cf6e60ee8 0.121s
2025-06-14 02:10:05.018 61727 INFO tempest.lib.common.dynamic_creds [-] Dynamic test user 5839642e45f54caaabd75cbd69965880 is created with scope project and roles: ['admin']
