2025-11-24 19:57:41.264 66209 INFO tempest.lib.common.rest_client [req-908dd1f0-f14a-4efa-ba43-1fc16d053b37 req-908dd1f0-f14a-4efa-ba43-1fc16d053b37 ] Request (ServersTestFqdnHostnames:setUpClass): 201 POST http://10.180.1.21/identity/v3/users 0.121s
2025-11-24 19:57:41.277 66185 INFO tempest.lib.common.rest_client [req-4fd3ab52-cce9-4ee6-be1d-363de36a3e6a req-4fd3ab52-cce9-4ee6-be1d-363de36a3e6a ] Request (HostsAdminNegativeTestJSON:setUpClass): 204 PUT http://10.180.1.21/identity/v3/projects/0ee2ec1b9bd94d20a10f0d0d574c65eb/users/008984e00ab24f4bb0920fc38c03f753/roles/48c4e0177d00420ab2bd19a24509a6ba 0.175s
2025-11-24 19:57:41.347 66209 INFO tempest.lib.common.rest_client [req-3171b428-46f9-4edb-a0da-c44c8629f772 req-3171b428-46f9-4edb-a0da-c44c8629f772 ] Request (ServersTestFqdnHostnames:setUpClass): 200 GET http://10.180.1.21/identity/v3/roles 0.083s
2025-11-24 19:57:41.371 66185 INFO tempest.lib.common.rest_client [req-7896e184-7447-4bd8-a1e3-5dd8b91471dc req-7896e184-7447-4bd8-a1e3-5dd8b91471dc ] Request (HostsAdminNegativeTestJSON:setUpClass): 200 GET http://10.180.1.21/identity/v3/roles 0.093s
2025-11-24 19:57:41.406 66209 INFO tempest.lib.common.rest_client [req-09c63d69-69ad-45c6-87b9-705d494bdfb2 req-09c63d69-69ad-45c6-87b9-705d494bdfb2 ] Request (ServersTestFqdnHostnames:setUpClass): 204 PUT http://10.180.1.21/identity/v3/projects/fe43e3faae0943a2b91a08d87b88e099/users/de1eda34abfd47798be05b9368692ff4/roles/2525bddd4d5a4148aac33bd193386849 0.056s
2025-11-24 19:57:41.406 66209 INFO tempest.lib.common.dynamic_creds [-] Dynamic test user de1eda34abfd47798be05b9368692ff4 is created with scope project and roles: ['member']
2025-11-24 19:57:41.406 66209 INFO tempest.lib.common.dynamic_creds [-] Acquired dynamic creds: credentials: Credentials: {'domain_id': 'default', 'domain_name': 'Default', 'username': 'tempest-ServersTestFqdnHostnames-1392648948-project-member', 'project_domain_id': 'default', 'project_domain_name': 'Default', 'project_id': 'fe43e3faae0943a2b91a08d87b88e099', 'project_name': 'tempest-ServersTestFqdnHostnames-1392648948', 'tenant_id': 'fe43e3faae0943a2b91a08d87b88e099', 'tenant_name': 'tempest-ServersTestFqdnHostnames-1392648948', 'user_domain_id': 'default', 'user_domain_name': 'Default', 'user_id': 'de1eda34abfd47798be05b9368692ff4', 'system': None}, Network: None, Subnet: None, Router: None
2025-11-24 19:57:41.437 66187 INFO tempest.lib.common.rest_client [req-581bba06-79e2-4310-a018-98ec2fe216e1 req-581bba06-79e2-4310-a018-98ec2fe216e1 ] Request (ServerPasswordTestJSON:setUpClass): 200 GET http://10.180.1.21/compute/v2.1/servers/b8d95805-c681-4ff0-bb7c-91a2c4207345 2.926s
2025-11-24 19:57:41.482 66177 INFO tempest.lib.common.rest_client [req-46548014-c0bd-4043-aab1-b6c0f194ba08 req-46548014-c0bd-4043-aab1-b6c0f194ba08 ] Request (ImagesOneServerNegativeTestJSON:tearDown): 200 GET http://10.180.1.21/compute/v2.1/servers/321e0a5f-7753-495a-9c03-cbc68cc20c65 2.961s
2025-11-24 19:57:41.490 66185 INFO tempest.lib.common.rest_client [req-d52976ff-14d0-49af-8ce3-1a2805448098 req-d52976ff-14d0-49af-8ce3-1a2805448098 ] Request (HostsAdminNegativeTestJSON:setUpClass): 204 PUT http://10.180.1.21/identity/v3/projects/0ee2ec1b9bd94d20a10f0d0d574c65eb/users/008984e00ab24f4bb0920fc38c03f753/roles/48c4e0177d00420ab2bd19a24509a6ba 0.117s
2025-11-24 19:57:41.490 66185 INFO tempest.lib.common.dynamic_creds [-] Dynamic test user 008984e00ab24f4bb0920fc38c03f753 is created with scope project and roles: ['admin']
2025-11-24 19:57:41.490 66185 INFO tempest.lib.common.dynamic_creds [-] Acquired dynamic creds: credentials: Credentials: {'domain_id': 'default', 'domain_name': 'Default', 'username': 'tempest-HostsAdminNegativeTestJSON-865308861-project-admin', 'project_domain_id': 'default', 'project_domain_name': 'Default', 'project_id': '0ee2ec1b9bd94d20a10f0d0d574c65eb', 'project_name': 'tempest-HostsAdminNegativeTestJSON-865308861', 'tenant_id': '0ee2ec1b9bd94d20a10f0d0d574c65eb', 'tenant_name': 'tempest-HostsAdminNegativeTestJSON-865308861', 'user_domain_id': 'default', 'user_domain_name': 'Default', 'user_id': '008984e00ab24f4bb0920fc38c03f753', 'system': None}, Network: None, Subnet: None, Router: None
2025-11-24 19:57:41.490 66185 INFO tempest.lib.common.dynamic_creds [-] Created isolated network resources for: credentials: Credentials: {'domain_id': 'default', 'domain_name': 'Default', 'username': 'tempest-HostsAdminNegativeTestJSON-865308861-project-admin', 'project_domain_id': 'default', 'project_domain_name': 'Default', 'project_id': '0ee2ec1b9bd94d20a10f0d0d574c65eb', 'project_name': 'tempest-HostsAdminNegativeTestJSON-865308861', 'tenant_id': '0ee2ec1b9bd94d20a10f0d0d574c65eb', 'tenant_name': 'tempest-HostsAdminNegativeTestJSON-865308861', 'user_domain_id': 'default', 'user_domain_name': 'Default', 'user_id': '008984e00ab24f4bb0920fc38c03f753', 'system': None}, Network: None, Subnet: None, Router: None
2025-11-24 19:57:41.517 66173 INFO tempest.lib.common.rest_client [req-9f110b23-c752-47da-b0ab-d614353821d0 req-9f110b23-c752-47da-b0ab-d614353821d0 ] Request (ImagesMetadataNegativeTestJSON:test_set_nonexistent_image_metadata_item): 404 PUT http://10.180.1.21/compute/v2.1/images/30a8b74f-0299-4571-b7c1-b1c910895c70/metadata/os_distro 2.918s
2025-11-24 19:57:41.523 66209 INFO tempest.lib.common.rest_client [req-256a5f68-f75d-4867-b9e6-a4208c9aaa0e req-256a5f68-f75d-4867-b9e6-a4208c9aaa0e ] Request (ServersTestFqdnHostnames:setUpClass): 201 POST http://10.180.1.21/identity/v3/auth/tokens 0.117s
2025-11-24 19:57:41.524 66207 INFO tempest.lib.common.rest_client [req-18831c5c-74d9-4504-b11d-95df4408e06b req-18831c5c-74d9-4504-b11d-95df4408e06b ] Request (ServerTagsTestJSON:_run_cleanups): 204 DELETE http://10.180.1.21/compute/v2.1/servers/62402b49-7580-41f0-a612-155ec8c1dd8d/tags 2.952s
2025-11-24 19:57:41.546 66213 INFO tempest.lib.common.rest_client [req-9215c29b-0715-4aa8-8fad-acff26ec74e8 req-9215c29b-0715-4aa8-8fad-acff26ec74e8 ] Request (SecurityGroupRulesNegativeTestJSON:test_create_security_group_rule_with_non_existent_id): 404 POST http://10.180.1.21/compute/v2.1/os-security-group-rules 2.911s
2025-11-24 19:57:41.619 66185 INFO tempest.lib.common.rest_client [req-793e64b7-c7ed-4b62-ad98-aa43afb707fb req-793e64b7-c7ed-4b62-ad98-aa43afb707fb ] Request (HostsAdminNegativeTestJSON:setUpClass): 201 POST http://10.180.1.21/identity/v3/auth/tokens 0.126s
2025-11-24 19:57:41.746 66203 WARNING tempest.lib.common.ssh [-] Failed to establish authenticated ssh connection to cirros@10.180.180.175 ([Errno None] Unable to connect to port 22 on 10.180.180.175). Number attempts: 1. Retry after 2 seconds.: paramiko.ssh_exception.NoValidConnectionsError: [Errno None] Unable to connect to port 22 on 10.180.180.175
2025-11-24 19:57:41.794 66231 INFO tempest.lib.common.rest_client [req-b68a1d75-bf9d-47d6-b72d-3f6b762c0b39 req-b68a1d75-bf9d-47d6-b72d-3f6b762c0b39 ] Request (ImagesMetadataTestJSON:setUp): 200 PUT http://10.180.1.21/compute/v2.1/images/cfa43644-e070-4353-aeed-c2f662c4612d/metadata 3.145s
2025-11-24 19:57:41.814 66223 INFO tempest.lib.common.rest_client [req-314d3478-9844-447b-96ba-18b4c7f3a7eb req-314d3478-9844-447b-96ba-18b4c7f3a7eb ] Request (MigrationsAdminTest:test_resize_server_revert_deleted_flavor): 200 GET http://10.180.1.21/compute/v2.1/flavors/42/os-extra_specs 3.129s
2025-11-24 19:57:41.890 66209 INFO tempest.lib.common.rest_client [req-3fda0b77-bbc9-4435-bdcd-1970989403bc req-3fda0b77-bbc9-4435-bdcd-1970989403bc ] Request (ServersTestFqdnHostnames:setUpClass): 201 POST http://10.180.1.21/networking/v2.0/networks 0.366s
2025-11-24 19:57:41.925 66175 INFO tempest.lib.common.rest_client [req-7e9ea8d2-39ed-4363-a235-758d0c913740 req-7e9ea8d2-39ed-4363-a235-758d0c913740 ] Request (InstanceActionsTestJSON:tearDownClass): 200 PUT http://10.180.1.21/networking/v2.0/routers/d60a3375-577a-4bee-9b1c-411b109e9656/remove_router_interface 1.284s
2025-11-24 19:57:41.954 66227 INFO tempest.lib.common.rest_client [req-94704187-7aa0-433b-9d60-dd0a4f3a18e0 req-94704187-7aa0-433b-9d60-dd0a4f3a18e0 ] Request (ServerRescueNegativeTestJSON:setUpClass): 200 GET http://10.180.1.21/compute/v2.1/servers/d7974f38-8e0f-4d95-9524-a08fd5d27de4 2.235s
2025-11-24 19:57:42.112 66209 INFO tempest.lib.common.rest_client [req-df98039e-d80e-4c7d-8fc7-17018f8ef3e4 req-df98039e-d80e-4c7d-8fc7-17018f8ef3e4 ] Request (ServersTestFqdnHostnames:setUpClass): 201 POST http://10.180.1.21/networking/v2.0/subnets 0.220s
2025-11-24 19:57:42.152 66235 INFO tempest.lib.common.rest_client [req-5f32b481-2997-4853-9413-38d53c4c55d2 req-5f32b481-2997-4853-9413-38d53c4c55d2 ] Request (ServersWithSpecificFlavorTestJSON:test_verify_created_server_ephemeral_disk): 200 GET http://10.180.1.21/compute/v2.1/servers/f63995cf-ee09-4d02-9555-f6652de9b759 2.418s
2025-11-24 19:57:42.430 66175 INFO tempest.lib.common.rest_client [req-d8f427be-4a13-437d-8753-360231f566e3 req-d8f427be-4a13-437d-8753-360231f566e3 ] Request (InstanceActionsTestJSON:tearDownClass): 204 DELETE http://10.180.1.21/networking/v2.0/routers/d60a3375-577a-4bee-9b1c-411b109e9656 0.505s
2025-11-24 19:57:42.487 66195 INFO tempest.lib.common.rest_client [req-c581a75a-f8a2-4dcc-aaf5-1e5507c8e684 req-c581a75a-f8a2-4dcc-aaf5-1e5507c8e684 ] Request (VolumesAdminNegativeTest:test_update_attached_volume_with_nonexistent_volume_in_uri): 200 GET http://10.180.1.21/compute/v2.1/servers/22a30db4-7a28-45c3-bddb-7432e597e493 2.728s
2025-11-24 19:57:42.501 66215 INFO tempest.lib.common.rest_client [req-2f87d682-2171-428f-b69a-d42dad46f588 req-2f87d682-2171-428f-b69a-d42dad46f588 ] Request (KeyPairsV22TestJSON:test_get_keypair_detail): 200 GET http://10.180.1.21/compute/v2.1/os-keypairs/tempest-keypair-562560812 2.550s
2025-11-24 19:57:42.712 66175 INFO tempest.lib.common.rest_client [req-5f171e11-2fac-4e09-8a76-39175a5c41dc req-5f171e11-2fac-4e09-8a76-39175a5c41dc ] Request (InstanceActionsTestJSON:tearDownClass): 204 DELETE http://10.180.1.21/networking/v2.0/subnets/7673dc3e-8738-4892-b027-060a9c66fd83 0.281s
2025-11-24 19:57:42.936 66209 INFO tempest.lib.common.rest_client [req-2110b310-11c9-4a89-a1a5-9a9e42a8ed49 req-2110b310-11c9-4a89-a1a5-9a9e42a8ed49 ] Request (ServersTestFqdnHostnames:setUpClass): 201 POST http://10.180.1.21/networking/v2.0/routers 0.823s
2025-11-24 19:57:43.317 66175 INFO tempest.lib.common.rest_client [req-13f62e13-eccc-4fa4-ae36-97777c5fcd80 req-13f62e13-eccc-4fa4-ae36-97777c5fcd80 ] Request (InstanceActionsTestJSON:tearDownClass): 204 DELETE http://10.180.1.21/networking/v2.0/networks/cf02aaab-75ac-4d1e-93d4-0eeecb8f659c 0.603s
2025-11-24 19:57:43.403 66205 INFO tempest.lib.common.rest_client [req-ea527bca-3b89-4a53-bc83-c1a87c378ba9 req-ea527bca-3b89-4a53-bc83-c1a87c378ba9 ] Request (VolumesAssistedSnapshotsTest:tearDownClass): 200 GET http://10.180.1.21/compute/v2.1/servers/c8994edf-f400-47d3-8964-725b2d43358c 3.345s
2025-11-24 19:57:43.449 66175 INFO tempest.lib.common.rest_client [req-e5c59060-97bb-48f7-afd7-50cc36e28d38 req-e5c59060-97bb-48f7-afd7-50cc36e28d38 ] Request (InstanceActionsTestJSON:tearDownClass): 204 DELETE http://10.180.1.21/identity/v3/users/ed1e44f344284f4fac8ae72506a42adc 0.132s
2025-11-24 19:57:43.449 66175 INFO tempest.lib.common.dynamic_creds [-] Deleting project and security group for project: 3e012d604e94446aa6b72f59e8f2382e
2025-11-24 19:57:43.463 66181 INFO tempest.lib.common.rest_client [req-fac9c348-1447-43b7-8805-e8c632872c1d req-fac9c348-1447-43b7-8805-e8c632872c1d ] Request (ServersAdminTestJSON:test_create_server_with_scheduling_hint): 202 POST http://10.180.1.21/compute/v2.1/servers 4.794s
2025-11-24 19:57:43.512 66175 INFO tempest.lib.common.rest_client [req-f27fe3a7-4d77-4be5-ae3a-0890bf1fa8ca req-f27fe3a7-4d77-4be5-ae3a-0890bf1fa8ca ] Request (InstanceActionsTestJSON:tearDownClass): 200 GET http://10.180.1.21/networking/v2.0/security-groups?tenant_id=3e012d604e94446aa6b72f59e8f2382e&name=default 0.063s
2025-11-24 19:57:44.036 66175 INFO tempest.lib.common.rest_client [req-2d8651da-5adb-471f-8564-38d6496ad00e req-2d8651da-5adb-471f-8564-38d6496ad00e ] Request (InstanceActionsTestJSON:tearDownClass): 204 DELETE http://10.180.1.21/networking/v2.0/security-groups/d65082c9-0b60-42be-a86a-b728b05e4ca4 0.523s
2025-11-24 19:57:44.068 66189 INFO tempest.lib.common.rest_client [req-e6139b95-bb6d-4244-9ece-76a87eddd1e5 req-e6139b95-bb6d-4244-9ece-76a87eddd1e5 ] Request (DeleteServersTestJSON:test_delete_server_while_in_attached_volume): 200 GET http://10.180.1.21/compute/v2.1/servers/85c377f8-de4f-4ed9-946d-543011be89fd 3.999s
2025-11-24 19:57:44.184 66175 INFO tempest.lib.common.rest_client [req-cf7b70ab-3924-43e9-9c63-9dd43472934e req-cf7b70ab-3924-43e9-9c63-9dd43472934e ] Request (InstanceActionsTestJSON:tearDownClass): 204 DELETE http://10.180.1.21/identity/v3/projects/3e012d604e94446aa6b72f59e8f2382e 0.147s
2025-11-24 19:57:44.271 66175 INFO tempest.lib.common.rest_client [req-1549f28e-a65f-4bea-abb5-5146597f7430 req-1549f28e-a65f-4bea-abb5-5146597f7430 ] Request (ListServersNegativeTestJSON:setUpClass): 201 POST http://10.180.1.21/identity/v3/auth/tokens 0.085s
2025-11-24 19:57:44.307 66175 INFO tempest.lib.common.rest_client [req-9acb8080-b508-4b60-aa9a-aa819b03ce64 req-9acb8080-b508-4b60-aa9a-aa819b03ce64 ] Request (ListServersNegativeTestJSON:setUpClass): 201 POST http://10.180.1.21/identity/v3/auth/tokens 0.033s
2025-11-24 19:57:44.349 66175 INFO tempest.lib.common.rest_client [req-a72789cc-4e85-4784-b269-6dc44da9779f req-a72789cc-4e85-4784-b269-6dc44da9779f ] Request (ListServersNegativeTestJSON:setUpClass): 200 GET http://10.180.1.21/identity/v3/domains?name=Default 0.041s
2025-11-24 19:57:44.385 66175 INFO tempest.lib.common.rest_client [req-49bd220d-608a-4ac4-a788-eb1724aeac8c req-49bd220d-608a-4ac4-a788-eb1724aeac8c ] Request (ListServersNegativeTestJSON:setUpClass): 201 POST http://10.180.1.21/identity/v3/projects 0.035s
2025-11-24 19:57:44.459 66209 INFO tempest.lib.common.rest_client [req-6507a67f-57ab-4656-bfa6-d8e8295f7055 req-6507a67f-57ab-4656-bfa6-d8e8295f7055 ] Request (ServersTestFqdnHostnames:setUpClass): 200 PUT http://10.180.1.21/networking/v2.0/routers/d28abff0-f149-4689-9d84-4fc399c7fd00/add_router_interface 1.523s
2025-11-24 19:57:44.459 66209 INFO tempest.lib.common.dynamic_creds [-] Created isolated network resources for: credentials: Credentials: {'domain_id': 'default', 'domain_name': 'Default', 'username': 'tempest-ServersTestFqdnHostnames-1392648948-project-member', 'project_domain_id': 'default', 'project_domain_name': 'Default', 'project_id': 'fe43e3faae0943a2b91a08d87b88e099', 'project_name': 'tempest-ServersTestFqdnHostnames-1392648948', 'tenant_id': 'fe43e3faae0943a2b91a08d87b88e099', 'tenant_name': 'tempest-ServersTestFqdnHostnames-1392648948', 'user_domain_id': 'default', 'user_domain_name': 'Default', 'user_id': 'de1eda34abfd47798be05b9368692ff4', 'system': None}, Network: {'id': '42e24128-5c1c-4c66-832c-6d9aded0773e', 'name': 'tempest-ServersTestFqdnHostnames-1848161491-network', 'tenant_id': 'fe43e3faae0943a2b91a08d87b88e099', 'project_id': 'fe43e3faae0943a2b91a08d87b88e099', 'admin_state_up': True, 'mtu': 8950, 'status': 'ACTIVE', 'subnets': [], 'shared': False, 'port_security_enabled': True, 'router:external': False, 'provider:network_type': 'vlan', 'provider:physical_network': 'default', 'provider:segmentation_id': 853, 'availability_zone_hints': [], 'availability_zones': [], 'ipv4_address_scope': None, 'ipv6_address_scope': None, 'description': '', 'tags': [], 'created_at': '2025-11-24T19:57:41Z', 'updated_at': '2025-11-24T19:57:41Z', 'revision_number': 1}, Subnet: {'id': '7b622ecf-68a2-4391-8343-0e6e1334bd64', 'name': 'tempest-ServersTestFqdnHostnames-1848161491-subnet', 'tenant_id': 'fe43e3faae0943a2b91a08d87b88e099', 'network_id': '42e24128-5c1c-4c66-832c-6d9aded0773e', 'ip_version': 4, 'subnetpool_id': None, 'enable_dhcp': True, 'ipv6_ra_mode': None, 'ipv6_address_mode': None, 'gateway_ip': '192.168.128.1', 'cidr': '192.168.128.0/28', 'allocation_pools': [{'start': '192.168.128.2', 'end': '192.168.128.14'}], 'host_routes': [], 'dns_nameservers': [], 'description': '', 'router:external': False, 'service_types': [], 'tags': [], 'created_at': '2025-11-24T19:57:41Z', 'updated_at': '2025-11-24T19:57:41Z', 'revision_number': 0, 'project_id': 'fe43e3faae0943a2b91a08d87b88e099'}, Router: {'id': 'd28abff0-f149-4689-9d84-4fc399c7fd00', 'name': 'tempest-ServersTestFqdnHostnames-1848161491-router', 'tenant_id': 'fe43e3faae0943a2b91a08d87b88e099', 'admin_state_up': True, 'status': 'ACTIVE', 'external_gateway_info': {'network_id': '9154d845-d937-4d2f-bc28-5f70988f05c7', 'external_fixed_ips': [{'subnet_id': '23fad2bd-e926-45d5-b98e-d53162ed844a', 'ip_address': '10.180.180.131'}], 'enable_snat': True}, 'description': '', 'availability_zones': [], 'distributed': False, 'ha': False, 'availability_zone_hints': [], 'routes': [], 'flavor_id': None, 'tags': [], 'created_at': '2025-11-24T19:57:42Z', 'updated_at': '2025-11-24T19:57:42Z', 'revision_number': 2, 'project_id': 'fe43e3faae0943a2b91a08d87b88e099'}
2025-11-24 19:57:44.484 66175 INFO tempest.lib.common.rest_client [req-4cb3965c-761c-4aad-9b77-f0541b04f8d8 req-4cb3965c-761c-4aad-9b77-f0541b04f8d8 ] Request (ListServersNegativeTestJSON:setUpClass): 201 POST http://10.180.1.21/identity/v3/users 0.098s
2025-11-24 19:57:44.506 66175 INFO tempest.lib.common.rest_client [req-fcb0a6d0-424a-4cb2-ad9a-d6df714fd65a req-fcb0a6d0-424a-4cb2-ad9a-d6df714fd65a ] Request (ListServersNegativeTestJSON:setUpClass): 200 GET http://10.180.1.21/identity/v3/roles 0.022s
2025-11-24 19:57:44.544 66175 INFO tempest.lib.common.rest_client [req-9beb2994-544e-4045-ac18-9a75e0a46b00 req-9beb2994-544e-4045-ac18-9a75e0a46b00 ] Request (ListServersNegativeTestJSON:setUpClass): 204 PUT http://10.180.1.21/identity/v3/projects/872c1e22fff24067b0230f2bb99ecf4e/users/86bda51de2e64e80b8f5e469c560833c/roles/2525bddd4d5a4148aac33bd193386849 0.037s
2025-11-24 19:57:44.545 66175 INFO tempest.lib.common.dynamic_creds [-] Dynamic test user 86bda51de2e64e80b8f5e469c560833c is created with scope project and roles: ['member']
2025-11-24 19:57:44.545 66175 INFO tempest.lib.common.dynamic_creds [-] Acquired dynamic creds: credentials: Credentials: {'domain_id': 'default', 'domain_name': 'Default', 'username': 'tempest-ListServersNegativeTestJSON-1430921204-project-member', 'project_domain_id': 'default', 'project_domain_name': 'Default', 'project_id': '872c1e22fff24067b0230f2bb99ecf4e', 'project_name': 'tempest-ListServersNegativeTestJSON-1430921204', 'tenant_id': '872c1e22fff24067b0230f2bb99ecf4e', 'tenant_name': 'tempest-ListServersNegativeTestJSON-1430921204', 'user_domain_id': 'default', 'user_domain_name': 'Default', 'user_id': '86bda51de2e64e80b8f5e469c560833c', 'system': None}, Network: None, Subnet: None, Router: None
2025-11-24 19:57:44.560 66209 INFO tempest.lib.common.rest_client [req-c4f50a4d-b7f2-49b8-9dac-54b702c1c694 req-c4f50a4d-b7f2-49b8-9dac-54b702c1c694 ] Request (ServersTestFqdnHostnames:setUpClass): 201 POST http://10.180.1.21/identity/v3/auth/tokens 0.096s
2025-11-24 19:57:44.605 66175 INFO tempest.lib.common.rest_client [req-af7e5aa5-6644-4873-98e8-58240711bd0d req-af7e5aa5-6644-4873-98e8-58240711bd0d ] Request (ListServersNegativeTestJSON:setUpClass): 201 POST http://10.180.1.21/identity/v3/auth/tokens 0.060s
2025-11-24 19:57:44.816 66203 WARNING tempest.lib.common.ssh [-] Failed to establish authenticated ssh connection to cirros@10.180.180.175 ([Errno None] Unable to connect to port 22 on 10.180.180.175). Number attempts: 2. Retry after 3 seconds.: paramiko.ssh_exception.NoValidConnectionsError: [Errno None] Unable to connect to port 22 on 10.180.180.175
2025-11-24 19:57:45.000 66175 INFO tempest.lib.common.rest_client [req-34703d0e-7e8b-46cd-9cae-6f8906b51251 req-34703d0e-7e8b-46cd-9cae-6f8906b51251 ] Request (ListServersNegativeTestJSON:setUpClass): 201 POST http://10.180.1.21/networking/v2.0/networks 0.394s
2025-11-24 19:57:45.281 66179 INFO tempest.lib.common.rest_client [req-1ca30ccc-b5ff-456b-9ad3-7efa3f52becf req-1ca30ccc-b5ff-456b-9ad3-7efa3f52becf ] Request (ServerRescueTestJSONUnderV235:test_rescued_vm_add_remove_security_group): 202 POST http://10.180.1.21/compute/v2.1/servers/9a74cda8-528f-4b88-9e8b-ced7c55f06e3/action 4.904s
2025-11-24 19:57:45.475 66175 INFO tempest.lib.common.rest_client [req-362b48c4-7303-4601-8d36-0ddf0e5b9868 req-362b48c4-7303-4601-8d36-0ddf0e5b9868 ] Request (ListServersNegativeTestJSON:setUpClass): 201 POST http://10.180.1.21/networking/v2.0/subnets 0.474s
2025-11-24 19:57:45.614 66229 INFO tempest.lib.common.rest_client [req-3292cbf1-7c27-43c3-bb32-49d7c9a81ccd req-3292cbf1-7c27-43c3-bb32-49d7c9a81ccd ] Request (ServerDiskConfigTestJSON:test_rebuild_server_with_auto_disk_config): 202 POST http://10.180.1.21/compute/v2.1/servers 5.556s
2025-11-24 19:57:45.658 66191 INFO tempest.lib.common.rest_client [req-0834b9ff-cfd0-43fa-8ce7-e09cd388e579 req-0834b9ff-cfd0-43fa-8ce7-e09cd388e579 ] Request (ListImageFiltersTestJSON:setUpClass): 200 GET http://10.180.1.21/compute/v2.1/images/d1a70f04-825a-47a3-ba99-2abbc9331839 4.961s
2025-11-24 19:57:45.686 66219 INFO tempest.lib.common.rest_client [req-6195c7df-1e7d-4e54-86a4-4001d796ce16 req-6195c7df-1e7d-4e54-86a4-4001d796ce16 ] Request (AggregatesAdminNegativeTestJSON:test_aggregate_remove_nonexistent_host): 200 POST http://10.180.1.21/compute/v2.1/os-aggregates 4.981s
2025-11-24 19:57:45.720 66233 INFO tempest.lib.common.rest_client [req-44a19455-354a-4d42-840c-20c2710319e1 req-44a19455-354a-4d42-840c-20c2710319e1 ] Request (FlavorsAdminTestJSON:test_is_public_string_variations): 200 GET http://10.180.1.21/compute/v2.1/flavors/detail?is_public=true 4.985s
2025-11-24 19:57:45.793 66197 INFO tempest.lib.common.rest_client [req-d5f421a0-83d4-40c9-bf12-c6c5e06d4fd4 req-d5f421a0-83d4-40c9-bf12-c6c5e06d4fd4 ] Request (ImagesOneServerTestJSON:test_create_delete_image): 200 GET http://10.180.1.21/compute/v2.1/images/31ca17aa-2412-4ecb-8994-30c179ee5ab5 4.682s
2025-11-24 19:57:46.358 66175 INFO tempest.lib.common.rest_client [req-c9c4563c-e904-48ff-838e-2dfd8e5f3a81 req-c9c4563c-e904-48ff-838e-2dfd8e5f3a81 ] Request (ListServersNegativeTestJSON:setUpClass): 201 POST http://10.180.1.21/networking/v2.0/routers 0.883s
2025-11-24 19:57:46.397 66221 INFO tempest.lib.common.rest_client [req-bb83b0ce-c088-4031-97e0-d0218e8a3db1 req-bb83b0ce-c088-4031-97e0-d0218e8a3db1 ] Request (SecurityGroupsTestJSON:test_security_groups_create_list_delete): 200 GET http://10.180.1.21/compute/v2.1/os-security-groups 5.888s
2025-11-24 19:57:47.720 66175 INFO tempest.lib.common.rest_client [req-dc9af6bc-bee1-4bd3-9ee1-20f745cb8666 req-dc9af6bc-bee1-4bd3-9ee1-20f745cb8666 ] Request (ListServersNegativeTestJSON:setUpClass): 200 PUT http://10.180.1.21/networking/v2.0/routers/d1b151bc-88cb-45e0-83a0-6787dc1e8a58/add_router_interface 1.361s
2025-11-24 19:57:47.720 66175 INFO tempest.lib.common.dynamic_creds [-] Created isolated network resources for: credentials: Credentials: {'domain_id': 'default', 'domain_name': 'Default', 'username': 'tempest-ListServersNegativeTestJSON-1430921204-project-member', 'project_domain_id': 'default', 'project_domain_name': 'Default', 'project_id': '872c1e22fff24067b0230f2bb99ecf4e', 'project_name': 'tempest-ListServersNegativeTestJSON-1430921204', 'tenant_id': '872c1e22fff24067b0230f2bb99ecf4e', 'tenant_name': 'tempest-ListServersNegativeTestJSON-1430921204', 'user_domain_id': 'default', 'user_domain_name': 'Default', 'user_id': '86bda51de2e64e80b8f5e469c560833c', 'system': None}, Network: {'id': '88e63174-7768-4e05-b07a-0fcfd7f9bac1', 'name': 'tempest-ListServersNegativeTestJSON-1132342988-network', 'tenant_id': '872c1e22fff24067b0230f2bb99ecf4e', 'project_id': '872c1e22fff24067b0230f2bb99ecf4e', 'admin_state_up': True, 'mtu': 8950, 'status': 'ACTIVE', 'subnets': [], 'shared': False, 'port_security_enabled': True, 'router:external': False, 'provider:network_type': 'vlan', 'provider:physical_network': 'default', 'provider:segmentation_id': 134, 'availability_zone_hints': [], 'availability_zones': [], 'ipv4_address_scope': None, 'ipv6_address_scope': None, 'description': '', 'tags': [], 'created_at': '2025-11-24T19:57:44Z', 'updated_at': '2025-11-24T19:57:44Z', 'revision_number': 1}, Subnet: {'id': 'cea7b648-4937-4aaf-8753-40595d16cbe8', 'name': 'tempest-ListServersNegativeTestJSON-1132342988-subnet', 'tenant_id': '872c1e22fff24067b0230f2bb99ecf4e', 'network_id': '88e63174-7768-4e05-b07a-0fcfd7f9bac1', 'ip_version': 4, 'subnetpool_id': None, 'enable_dhcp': True, 'ipv6_ra_mode': None, 'ipv6_address_mode': None, 'gateway_ip': '192.168.128.1', 'cidr': '192.168.128.0/28', 'allocation_pools': [{'start': '192.168.128.2', 'end': '192.168.128.14'}], 'host_routes': [], 'dns_nameservers': [], 'description': '', 'router:external': False, 'service_types': [], 'tags': [], 'created_at': '2025-11-24T19:57:45Z', 'updated_at': '2025-11-24T19:57:45Z', 'revision_number': 0, 'project_id': '872c1e22fff24067b0230f2bb99ecf4e'}, Router: {'id': 'd1b151bc-88cb-45e0-83a0-6787dc1e8a58', 'name': 'tempest-ListServersNegativeTestJSON-1132342988-router', 'tenant_id': '872c1e22fff24067b0230f2bb99ecf4e', 'admin_state_up': True, 'status': 'ACTIVE', 'external_gateway_info': {'network_id': '9154d845-d937-4d2f-bc28-5f70988f05c7', 'external_fixed_ips': [{'subnet_id': '23fad2bd-e926-45d5-b98e-d53162ed844a', 'ip_address': '10.180.180.174'}], 'enable_snat': True}, 'description': '', 'availability_zones': [], 'distributed': False, 'ha': False, 'availability_zone_hints': [], 'routes': [], 'flavor_id': None, 'tags': [], 'created_at': '2025-11-24T19:57:45Z', 'updated_at': '2025-11-24T19:57:45Z', 'revision_number': 2, 'project_id': '872c1e22fff24067b0230f2bb99ecf4e'}
2025-11-24 19:57:47.821 66175 INFO tempest.lib.common.rest_client [req-ec54b20c-416b-48a0-8e62-daf348032a48 req-ec54b20c-416b-48a0-8e62-daf348032a48 ] Request (ListServersNegativeTestJSON:setUpClass): 201 POST http://10.180.1.21/identity/v3/auth/tokens 0.097s
2025-11-24 19:57:47.853 66175 INFO tempest.lib.common.rest_client [req-1797b18e-9c97-4b38-bb1b-3b992d5141cd req-1797b18e-9c97-4b38-bb1b-3b992d5141cd ] Request (ListServersNegativeTestJSON:setUpClass): 201 POST http://10.180.1.21/identity/v3/auth/tokens 0.027s
2025-11-24 19:57:47.853 66175 INFO tempest.lib.common.fixed_network [-] (ListServersNegativeTestJSON:setUpClass) Found network {'id': '88e63174-7768-4e05-b07a-0fcfd7f9bac1', 'name': 'tempest-ListServersNegativeTestJSON-1132342988-network', 'tenant_id': '872c1e22fff24067b0230f2bb99ecf4e', 'project_id': '872c1e22fff24067b0230f2bb99ecf4e', 'admin_state_up': True, 'mtu': 8950, 'status': 'ACTIVE', 'subnets': [], 'shared': False, 'port_security_enabled': True, 'router:external': False, 'provider:network_type': 'vlan', 'provider:physical_network': 'default', 'provider:segmentation_id': 134, 'availability_zone_hints': [], 'availability_zones': [], 'ipv4_address_scope': None, 'ipv6_address_scope': None, 'description': '', 'tags': [], 'created_at': '2025-11-24T19:57:44Z', 'updated_at': '2025-11-24T19:57:44Z', 'revision_number': 1} available for tenant
2025-11-24 19:57:48.009 66199 INFO tempest.lib.common.rest_client [req-2f311063-e1d7-4559-8540-093b8bcb3e4c req-2f311063-e1d7-4559-8540-093b8bcb3e4c ] Request (SecurityGroupRulesTestJSON:test_security_group_rules_create_with_optional_group_id): 200 POST http://10.180.1.21/compute/v2.1/os-security-group-rules 6.835s
2025-11-24 19:57:48.036 66173 INFO tempest.lib.common.rest_client [req-012948b4-fee1-4ff8-b03b-898586a0931c req-012948b4-fee1-4ff8-b03b-898586a0931c ] Request (ImagesMetadataNegativeTestJSON:test_update_nonexistent_image_metadata): 404 POST http://10.180.1.21/compute/v2.1/images/1df5d48c-9aae-43ae-bfb9-e14a9a876665/metadata 6.516s
2025-11-24 19:57:48.045 66211 INFO tempest.lib.common.rest_client [req-101c5d94-9cfc-4755-961d-ff3c4c375ff7 req-101c5d94-9cfc-4755-961d-ff3c4c375ff7 ] Request (ImagesTestJSON:test_create_image_from_suspended_server): 200 GET http://10.180.1.21/compute/v2.1/servers/6c6cd9ad-69bd-4823-9eab-0769dbde5c3c 6.656s
2025-11-24 19:57:48.060 66211 INFO tempest.common.waiters [-] State transition "BUILD/spawning" ==> "ACTIVE/None" after 36 second wait
2025-11-24 19:57:48.077 66213 INFO tempest.lib.common.rest_client [req-0ed0658a-2b03-41ed-bb71-092c1f7b96d2 req-0ed0658a-2b03-41ed-bb71-092c1f7b96d2 ] Request (SecurityGroupRulesNegativeTestJSON:test_delete_security_group_rule_with_non_existent_id): 404 DELETE http://10.180.1.21/compute/v2.1/os-security-group-rules/59fc5b9d-6d4a-40f6-a8a8-ea0440e3e151 6.528s
2025-11-24 19:57:48.133 66207 INFO tempest.lib.common.rest_client [req-ea527c48-6b20-46a9-9b2c-ee0fc81daeec req-ea527c48-6b20-46a9-9b2c-ee0fc81daeec ] Request (ServerTagsTestJSON:test_update_all_tags): 201 PUT http://10.180.1.21/compute/v2.1/servers/62402b49-7580-41f0-a612-155ec8c1dd8d/tags/tempest-tag-515386301 6.604s
2025-11-24 19:57:48.183 66173 INFO tempest.lib.common.rest_client [req-f28c48e5-eff3-4ebd-82cc-ea0ad448a891 req-f28c48e5-eff3-4ebd-82cc-ea0ad448a891 ] Request (ImagesMetadataNegativeTestJSON:tearDownClass): 204 DELETE http://10.180.1.21/identity/v3/users/aa9541fc6eb5497097ac2b94e59f5550 0.143s
2025-11-24 19:57:48.183 66173 INFO tempest.lib.common.dynamic_creds [-] Deleting project and security group for project: d1e864e2dfd048098384905b5880050f
2025-11-24 19:57:48.212 66201 INFO tempest.lib.common.rest_client [req-33e23ba9-ff28-4c63-ad20-c670fb84cd45 req-33e23ba9-ff28-4c63-ad20-c670fb84cd45 ] Request (ServerActionsTestOtherA:test_rebuild_server_in_stop_state): 200 GET http://10.180.1.21/compute/v2.1/servers/a632d95b-87db-46b8-b12d-2d6202e30e87 6.599s
2025-11-24 19:57:48.266 66173 INFO tempest.lib.common.rest_client [req-e49a17c7-a9aa-4ccc-9d83-44fdbe7fbf28 req-e49a17c7-a9aa-4ccc-9d83-44fdbe7fbf28 ] Request (ImagesMetadataNegativeTestJSON:tearDownClass): 201 POST http://10.180.1.21/identity/v3/auth/tokens 0.082s
2025-11-24 19:57:48.312 66185 INFO tempest.lib.common.rest_client [req-9b97106d-71c5-471b-b897-bccf6a212931 req-9b97106d-71c5-471b-b897-bccf6a212931 ] Request (HostsAdminNegativeTestJSON:setUpClass): 200 GET http://10.180.1.21/compute/v2.1/os-hosts 6.692s
2025-11-24 19:57:48.437 66173 INFO tempest.lib.common.rest_client [req-891cb3c5-88a4-46cd-8f25-f3a2f9b31ec7 req-891cb3c5-88a4-46cd-8f25-f3a2f9b31ec7 ] Request (ImagesMetadataNegativeTestJSON:tearDownClass): 200 GET http://10.180.1.21/networking/v2.0/security-groups?tenant_id=d1e864e2dfd048098384905b5880050f&name=default 0.171s
2025-11-24 19:57:48.461 66193 INFO tempest.lib.common.rest_client [req-35415333-06a2-4d42-a75a-fe114b13f8d5 req-35415333-06a2-4d42-a75a-fe114b13f8d5 ] Request (FloatingIPsAssociationNegativeTestJSON:tearDownClass): 200 GET http://10.180.1.21/compute/v2.1/servers/c5d7506f-7493-461c-a6c2-13f754ffc531 6.800s
2025-11-24 19:57:48.474 66193 INFO tempest.common.waiters [-] State transition "ACTIVE/deleting" ==> "DELETED/None" after 8 second wait
2025-11-24 19:57:48.491 66223 INFO tempest.lib.common.rest_client [req-c9ea4f51-3dcf-4520-b0b8-07fc394f21e8 req-c9ea4f51-3dcf-4520-b0b8-07fc394f21e8 ] Request (MigrationsAdminTest:test_resize_server_revert_deleted_flavor): 200 POST http://10.180.1.21/compute/v2.1/flavors/73bfacac-9731-4411-941e-f75011172f13/os-extra_specs 6.676s
2025-11-24 19:57:48.533 66231 INFO tempest.lib.common.rest_client [req-09a5d2bf-d2c6-498d-badb-6f102fd5ec12 req-09a5d2bf-d2c6-498d-badb-6f102fd5ec12 ] Request (ImagesMetadataTestJSON:test_set_image_metadata_item): 200 PUT http://10.180.1.21/compute/v2.1/images/cfa43644-e070-4353-aeed-c2f662c4612d/metadata/os_version 6.738s
2025-11-24 19:57:48.573 66173 INFO tempest.lib.common.rest_client [req-6dd328ad-8006-43d7-a7e5-75e42ea2597a req-6dd328ad-8006-43d7-a7e5-75e42ea2597a ] Request (ImagesMetadataNegativeTestJSON:tearDownClass): 204 DELETE http://10.180.1.21/networking/v2.0/security-groups/53825c65-ce04-4f1d-9044-ada0e430764b 0.135s
2025-11-24 19:57:48.607 66223 INFO tempest.lib.common.rest_client [req-bc96a51e-4661-4f22-93f7-96e81da562d4 req-bc96a51e-4661-4f22-93f7-96e81da562d4 ] Request (MigrationsAdminTest:test_resize_server_revert_deleted_flavor): 201 POST http://10.180.1.21/identity/v3/auth/tokens 0.109s
2025-11-24 19:57:48.608 66223 INFO tempest.lib.common.fixed_network [-] (MigrationsAdminTest:test_resize_server_revert_deleted_flavor) Found network None available for tenant
2025-11-24 19:57:48.656 66173 INFO tempest.lib.common.rest_client [req-9c0f4f68-1a33-4747-b168-5dc8e0dee04a req-9c0f4f68-1a33-4747-b168-5dc8e0dee04a ] Request (ImagesMetadataNegativeTestJSON:tearDownClass): 204 DELETE http://10.180.1.21/identity/v3/projects/d1e864e2dfd048098384905b5880050f 0.082s
2025-11-24 19:57:48.736 66187 INFO tempest.lib.common.rest_client [req-d8e18699-6de2-4d90-b7f4-51d3d323682f req-d8e18699-6de2-4d90-b7f4-51d3d323682f ] Request (ServerPasswordTestJSON:setUpClass): 200 GET http://10.180.1.21/compute/v2.1/servers/b8d95805-c681-4ff0-bb7c-91a2c4207345 6.285s
2025-11-24 19:57:48.739 66173 INFO tempest.lib.common.rest_client [req-03723b12-7bc3-47f2-b413-0ebed875bf63 req-03723b12-7bc3-47f2-b413-0ebed875bf63 ] Request (ComputeTenantNetworksTest:setUpClass): 201 POST http://10.180.1.21/identity/v3/auth/tokens 0.080s
2025-11-24 19:57:48.744 66187 INFO tempest.common.waiters [-] State transition "BUILD/spawning" ==> "ACTIVE/None" after 20 second wait
2025-11-24 19:57:48.759 66177 INFO tempest.lib.common.rest_client [req-c037491b-95fe-44a8-abe1-2860799d71e2 req-c037491b-95fe-44a8-abe1-2860799d71e2 ] Request (ImagesOneServerNegativeTestJSON:tearDown): 200 GET http://10.180.1.21/compute/v2.1/servers/321e0a5f-7753-495a-9c03-cbc68cc20c65 6.265s
2025-11-24 19:57:48.763 66215 INFO tempest.lib.common.rest_client [req-b6f0270f-1b64-4120-9348-4b83780b1261 req-b6f0270f-1b64-4120-9348-4b83780b1261 ] Request (KeyPairsV22TestJSON:_run_cleanups): 204 DELETE http://10.180.1.21/compute/v2.1/os-keypairs/tempest-keypair-562560812 6.259s
2025-11-24 19:57:48.769 66177 INFO tempest.common.waiters [-] State transition "ACTIVE/image_uploading" ==> "ACTIVE/None" after 7 second wait
2025-11-24 19:57:48.790 66173 INFO tempest.lib.common.rest_client [req-6ec46cc4-6a14-4e7d-b02e-f75ff300cf21 req-6ec46cc4-6a14-4e7d-b02e-f75ff300cf21 ] Request (ComputeTenantNetworksTest:setUpClass): 201 POST http://10.180.1.21/identity/v3/auth/tokens 0.048s
2025-11-24 19:57:48.819 66173 INFO tempest.lib.common.rest_client [req-0e9bff16-ac6c-4715-91d4-3c56c0f132e4 req-0e9bff16-ac6c-4715-91d4-3c56c0f132e4 ] Request (ComputeTenantNetworksTest:setUpClass): 200 GET http://10.180.1.21/identity/v3/domains?name=Default 0.029s
2025-11-24 19:57:48.829 66227 INFO tempest.lib.common.rest_client [req-67fd5f6a-3532-4df5-bbd2-36e01219b386 req-67fd5f6a-3532-4df5-bbd2-36e01219b386 ] Request (ServerRescueNegativeTestJSON:setUpClass): 200 GET http://10.180.1.21/compute/v2.1/servers/d7974f38-8e0f-4d95-9524-a08fd5d27de4 5.860s
2025-11-24 19:57:48.854 66173 INFO tempest.lib.common.rest_client [req-de7829a8-f0f9-4c82-ab04-1fb3d02abd6b req-de7829a8-f0f9-4c82-ab04-1fb3d02abd6b ] Request (ComputeTenantNetworksTest:setUpClass): 201 POST http://10.180.1.21/identity/v3/projects 0.034s
2025-11-24 19:57:48.889 66235 INFO tempest.lib.common.rest_client [req-4a88b6b1-1160-4194-9fa4-acd2ada5621f req-4a88b6b1-1160-4194-9fa4-acd2ada5621f ] Request (ServersWithSpecificFlavorTestJSON:test_verify_created_server_ephemeral_disk): 200 GET http://10.180.1.21/compute/v2.1/servers/f63995cf-ee09-4d02-9555-f6652de9b759 5.726s
2025-11-24 19:57:48.900 66235 INFO tempest.common.waiters [-] State transition "BUILD/None" ==> "BUILD/spawning" after 12 second wait
2025-11-24 19:57:48.901 66181 INFO tempest.lib.common.rest_client [req-0912da88-ce6d-477c-be2f-21bf04c76935 req-0912da88-ce6d-477c-be2f-21bf04c76935 ] Request (ServersAdminTestJSON:test_create_server_with_scheduling_hint): 200 GET http://10.180.1.21/compute/v2.1/servers/577ac6f1-9b58-44ea-a3d8-7ad850d7f024 5.435s
2025-11-24 19:57:48.912 66183 WARNING tempest.lib.common.ssh [-] Failed to establish authenticated ssh connection to cirros@10.180.180.234 ([Errno None] Unable to connect to port 22 on 10.180.180.234). Number attempts: 10. Retry after 11 seconds.: paramiko.ssh_exception.NoValidConnectionsError: [Errno None] Unable to connect to port 22 on 10.180.180.234
2025-11-24 19:57:48.926 66173 INFO tempest.lib.common.rest_client [req-8e506bcc-389a-4fb0-8a64-f32e1a2fdd44 req-8e506bcc-389a-4fb0-8a64-f32e1a2fdd44 ] Request (ComputeTenantNetworksTest:setUpClass): 201 POST http://10.180.1.21/identity/v3/users 0.072s
2025-11-24 19:57:48.956 66173 INFO tempest.lib.common.rest_client [req-bc37d59d-45bc-472b-838c-61ef572c1fc0 req-bc37d59d-45bc-472b-838c-61ef572c1fc0 ] Request (ComputeTenantNetworksTest:setUpClass): 200 GET http://10.180.1.21/identity/v3/roles 0.030s
2025-11-24 19:57:49.000 66173 INFO tempest.lib.common.rest_client [req-fb53f639-1465-4996-a677-a084793b5ecf req-fb53f639-1465-4996-a677-a084793b5ecf ] Request (ComputeTenantNetworksTest:setUpClass): 204 PUT http://10.180.1.21/identity/v3/projects/5c8d6e60dbf34dbcb71269de5a726500/users/3b4b0fdcb200482188aa921afd807966/roles/2525bddd4d5a4148aac33bd193386849 0.043s
2025-11-24 19:57:49.000 66173 INFO tempest.lib.common.dynamic_creds [-] Dynamic test user 3b4b0fdcb200482188aa921afd807966 is created with scope project and roles: ['member']
2025-11-24 19:57:49.000 66173 INFO tempest.lib.common.dynamic_creds [-] Acquired dynamic creds: credentials: Credentials: {'domain_id': 'default', 'domain_name': 'Default', 'username': 'tempest-ComputeTenantNetworksTest-97121023-project-member', 'project_domain_id': 'default', 'project_domain_name': 'Default', 'project_id': '5c8d6e60dbf34dbcb71269de5a726500', 'project_name': 'tempest-ComputeTenantNetworksTest-97121023', 'tenant_id': '5c8d6e60dbf34dbcb71269de5a726500', 'tenant_name': 'tempest-ComputeTenantNetworksTest-97121023', 'user_domain_id': 'default', 'user_domain_name': 'Default', 'user_id': '3b4b0fdcb200482188aa921afd807966', 'system': None}, Network: None, Subnet: None, Router: None
2025-11-24 19:57:49.085 66173 INFO tempest.lib.common.rest_client [req-2e0216bf-1f1d-4db9-8f63-89abf74bff8d req-2e0216bf-1f1d-4db9-8f63-89abf74bff8d ] Request (ComputeTenantNetworksTest:setUpClass): 201 POST http://10.180.1.21/identity/v3/auth/tokens 0.084s
2025-11-24 19:57:49.394 66205 INFO tempest.lib.common.rest_client [req-7652d58f-b1a0-409e-aac1-4c68d53e673c req-7652d58f-b1a0-409e-aac1-4c68d53e673c ] Request (VolumesAssistedSnapshotsTest:tearDownClass): 200 GET http://10.180.1.21/compute/v2.1/servers/c8994edf-f400-47d3-8964-725b2d43358c 4.982s
2025-11-24 19:57:49.401 66205 INFO tempest.common.waiters [-] State transition "ACTIVE/deleting" ==> "DELETED/None" after 6 second wait
2025-11-24 19:57:49.544 66209 INFO tempest.lib.common.rest_client [req-d51be169-0926-4ba4-bc12-e653fd1e51ee req-d51be169-0926-4ba4-bc12-e653fd1e51ee ] Request (ServersTestFqdnHostnames:test_create_server_with_fqdn_name): 200 POST http://10.180.1.21/compute/v2.1/os-keypairs 4.981s
2025-11-24 19:57:49.684 66173 INFO tempest.lib.common.rest_client [req-2abecce7-4e66-4492-ac86-11053367a580 req-2abecce7-4e66-4492-ac86-11053367a580 ] Request (ComputeTenantNetworksTest:setUpClass): 201 POST http://10.180.1.21/networking/v2.0/networks 0.598s
2025-11-24 19:57:49.684 66173 INFO tempest.lib.common.dynamic_creds [-] Created isolated network resources for: credentials: Credentials: {'domain_id': 'default', 'domain_name': 'Default', 'username': 'tempest-ComputeTenantNetworksTest-97121023-project-member', 'project_domain_id': 'default', 'project_domain_name': 'Default', 'project_id': '5c8d6e60dbf34dbcb71269de5a726500', 'project_name': 'tempest-ComputeTenantNetworksTest-97121023', 'tenant_id': '5c8d6e60dbf34dbcb71269de5a726500', 'tenant_name': 'tempest-ComputeTenantNetworksTest-97121023', 'user_domain_id': 'default', 'user_domain_name': 'Default', 'user_id': '3b4b0fdcb200482188aa921afd807966', 'system': None}, Network: {'id': '5c4264fb-5a3e-4d25-af07-6622ec4d0612', 'name': 'tempest-ComputeTenantNetworksTest-540826563-network', 'tenant_id': '5c8d6e60dbf34dbcb71269de5a726500', 'project_id': '5c8d6e60dbf34dbcb71269de5a726500', 'admin_state_up': True, 'mtu': 8950, 'status': 'ACTIVE', 'subnets': [], 'shared': False, 'port_security_enabled': True, 'router:external': False, 'provider:network_type': 'vlan', 'provider:physical_network': 'default', 'provider:segmentation_id': 552, 'availability_zone_hints': [], 'availability_zones': [], 'ipv4_address_scope': None, 'ipv6_address_scope': None, 'description': '', 'tags': [], 'created_at': '2025-11-24T19:57:49Z', 'updated_at': '2025-11-24T19:57:49Z', 'revision_number': 1}, Subnet: None, Router: None
2025-11-24 19:57:49.717 66195 INFO tempest.lib.common.rest_client [req-c842938a-18c7-403f-ae46-62dd9fa3b05f req-c842938a-18c7-403f-ae46-62dd9fa3b05f ] Request (VolumesAdminNegativeTest:test_update_attached_volume_with_nonexistent_volume_in_uri): 200 GET http://10.180.1.21/compute/v2.1/servers/22a30db4-7a28-45c3-bddb-7432e597e493 6.218s
2025-11-24 19:57:49.724 66195 INFO tempest.common.waiters [-] State transition "BUILD/None" ==> "BUILD/spawning" after 13 second wait
2025-11-24 19:57:49.762 66173 INFO tempest.lib.common.rest_client [req-552e1a26-d8d0-4988-ba15-8b03bbd56106 req-552e1a26-d8d0-4988-ba15-8b03bbd56106 ] Request (ComputeTenantNetworksTest:setUpClass): 201 POST http://10.180.1.21/identity/v3/auth/tokens 0.075s
2025-11-24 19:57:49.802 66173 INFO tempest.lib.common.rest_client [req-82e041f8-f2eb-4593-8f11-7720b19c8b8d req-82e041f8-f2eb-4593-8f11-7720b19c8b8d ] Request (ComputeTenantNetworksTest:setUpClass): 201 POST http://10.180.1.21/identity/v3/auth/tokens 0.034s
2025-11-24 19:57:49.802 66173 INFO tempest.lib.common.fixed_network [-] (ComputeTenantNetworksTest:setUpClass) Found network {'id': '5c4264fb-5a3e-4d25-af07-6622ec4d0612', 'name': 'tempest-ComputeTenantNetworksTest-540826563-network', 'tenant_id': '5c8d6e60dbf34dbcb71269de5a726500', 'project_id': '5c8d6e60dbf34dbcb71269de5a726500', 'admin_state_up': True, 'mtu': 8950, 'status': 'ACTIVE', 'subnets': [], 'shared': False, 'port_security_enabled': True, 'router:external': False, 'provider:network_type': 'vlan', 'provider:physical_network': 'default', 'provider:segmentation_id': 552, 'availability_zone_hints': [], 'availability_zones': [], 'ipv4_address_scope': None, 'ipv6_address_scope': None, 'description': '', 'tags': [], 'created_at': '2025-11-24T19:57:49Z', 'updated_at': '2025-11-24T19:57:49Z', 'revision_number': 1} available for tenant
2025-11-24 19:57:49.813 66209 INFO tempest.lib.common.rest_client [req-4a52774b-62b5-4780-af00-2f5fc3ae545c req-4a52774b-62b5-4780-af00-2f5fc3ae545c ] Request (ServersTestFqdnHostnames:test_create_server_with_fqdn_name): 201 POST http://10.180.1.21/networking/v2.0/security-groups 0.268s
2025-11-24 19:57:49.834 66189 INFO tempest.lib.common.rest_client [req-1db1853f-7e01-458e-8c2b-9291f1a8807b req-1db1853f-7e01-458e-8c2b-9291f1a8807b ] Request (DeleteServersTestJSON:test_delete_server_while_in_attached_volume): 200 GET http://10.180.1.21/compute/v2.1/servers/85c377f8-de4f-4ed9-946d-543011be89fd 4.756s
2025-11-24 19:57:49.964 66209 INFO tempest.lib.common.rest_client [req-327b588a-b6ed-4692-b4a8-93c8af7be575 req-327b588a-b6ed-4692-b4a8-93c8af7be575 ] Request (ServersTestFqdnHostnames:test_create_server_with_fqdn_name): 201 POST http://10.180.1.21/networking/v2.0/security-group-rules 0.150s
2025-11-24 19:57:50.000 66229 INFO tempest.lib.common.rest_client [req-4fde711b-a403-4ca8-815c-6aeeeda6d566 req-4fde711b-a403-4ca8-815c-6aeeeda6d566 ] Request (ServerDiskConfigTestJSON:test_rebuild_server_with_auto_disk_config): 200 GET http://10.180.1.21/compute/v2.1/servers/6ffe9e23-6b2e-4b9b-a86a-cb76c4f8a8cc 4.383s
2025-11-24 19:57:50.152 66209 INFO tempest.lib.common.rest_client [req-a234f744-74bd-49a6-b828-8f5b5c0691a7 req-a234f744-74bd-49a6-b828-8f5b5c0691a7 ] Request (ServersTestFqdnHostnames:test_create_server_with_fqdn_name): 201 POST http://10.180.1.21/networking/v2.0/security-group-rules 0.187s
2025-11-24 19:57:50.439 66179 INFO tempest.lib.common.rest_client [req-5ab12cd9-0347-49f4-8fb8-74a3e32e0050 req-5ab12cd9-0347-49f4-8fb8-74a3e32e0050 ] Request (ServerRescueTestJSONUnderV235:test_rescued_vm_add_remove_security_group): 202 POST http://10.180.1.21/compute/v2.1/servers/9a74cda8-528f-4b88-9e8b-ced7c55f06e3/action 5.157s
2025-11-24 19:57:50.483 66219 INFO tempest.lib.common.rest_client [req-c6bc0121-d65d-4269-beab-d0f71fc2ea59 req-c6bc0121-d65d-4269-beab-d0f71fc2ea59 ] Request (AggregatesAdminNegativeTestJSON:test_aggregate_remove_nonexistent_host): 404 POST http://10.180.1.21/compute/v2.1/os-aggregates/8/action 4.793s
2025-11-24 19:57:50.483 66191 INFO tempest.lib.common.rest_client [req-caa67c5f-2893-4515-9498-2f757ef53751 req-caa67c5f-2893-4515-9498-2f757ef53751 ] Request (ListImageFiltersTestJSON:setUpClass): 200 GET http://10.180.1.21/compute/v2.1/servers/0cdc6ea8-0d89-43d4-9e3d-563564a7d0d8 4.817s
2025-11-24 19:57:50.514 66233 INFO tempest.lib.common.rest_client [req-fbe4a168-5eb2-4a85-81be-0ef1f290e86d req-fbe4a168-5eb2-4a85-81be-0ef1f290e86d ] Request (FlavorsAdminTestJSON:test_is_public_string_variations): 200 GET http://10.180.1.21/compute/v2.1/flavors/detail?is_public=yes 4.787s
2025-11-24 19:57:50.553 66197 INFO tempest.lib.common.rest_client [req-231856ae-fd45-4e7b-b1ba-2f7b86f9231d req-231856ae-fd45-4e7b-b1ba-2f7b86f9231d ] Request (ImagesOneServerTestJSON:test_create_delete_image): 200 GET http://10.180.1.21/compute/v2.1/images/31ca17aa-2412-4ecb-8994-30c179ee5ab5 3.753s
2025-11-24 19:57:50.626 66221 INFO tempest.lib.common.rest_client [req-e0ba8623-3e2c-47ee-96f3-c74ae247c056 req-e0ba8623-3e2c-47ee-96f3-c74ae247c056 ] Request (SecurityGroupsTestJSON:test_server_security_groups): 200 POST http://10.180.1.21/compute/v2.1/os-security-groups 4.221s
2025-11-24 19:57:50.735 66209 INFO tempest.lib.common.rest_client [req-515bb49f-6128-4006-a46e-64c1162573d0 req-515bb49f-6128-4006-a46e-64c1162573d0 ] Request (ServersTestFqdnHostnames:test_create_server_with_fqdn_name): 201 POST http://10.180.1.21/networking/v2.0/floatingips 0.582s
2025-11-24 19:57:50.769 66209 INFO tempest.lib.common.rest_client [req-844382e7-8770-4793-bb71-10b9467b9694 req-844382e7-8770-4793-bb71-10b9467b9694 ] Request (ServersTestFqdnHostnames:test_create_server_with_fqdn_name): 201 POST http://10.180.1.21/identity/v3/auth/tokens 0.029s
2025-11-24 19:57:50.770 66209 INFO tempest.lib.common.fixed_network [-] (ServersTestFqdnHostnames:test_create_server_with_fqdn_name) Found network {'id': '42e24128-5c1c-4c66-832c-6d9aded0773e', 'name': 'tempest-ServersTestFqdnHostnames-1848161491-network', 'tenant_id': 'fe43e3faae0943a2b91a08d87b88e099', 'project_id': 'fe43e3faae0943a2b91a08d87b88e099', 'admin_state_up': True, 'mtu': 8950, 'status': 'ACTIVE', 'subnets': [], 'shared': False, 'port_security_enabled': True, 'router:external': False, 'provider:network_type': 'vlan', 'provider:physical_network': 'default', 'provider:segmentation_id': 853, 'availability_zone_hints': [], 'availability_zones': [], 'ipv4_address_scope': None, 'ipv6_address_scope': None, 'description': '', 'tags': [], 'created_at': '2025-11-24T19:57:41Z', 'updated_at': '2025-11-24T19:57:41Z', 'revision_number': 1} available for tenant
2025-11-24 19:57:50.771 66199 INFO tempest.lib.common.rest_client [req-e6937b15-43cd-4a5b-a246-e30532f1c56c req-e6937b15-43cd-4a5b-a246-e30532f1c56c ] Request (SecurityGroupRulesTestJSON:test_security_group_rules_delete_when_peer_group_deleted): 200 POST http://10.180.1.21/compute/v2.1/os-security-groups 2.755s
2025-11-24 19:57:50.881 66211 INFO tempest.lib.common.rest_client [req-ed8f3445-955e-4f3b-b648-de651197fff8 req-ed8f3445-955e-4f3b-b648-de651197fff8 ] Request (ImagesTestJSON:test_create_image_from_suspended_server): 202 POST http://10.180.1.21/compute/v2.1/servers/6c6cd9ad-69bd-4823-9eab-0769dbde5c3c/action 2.821s
2025-11-24 19:57:51.041 66213 INFO tempest.lib.common.rest_client [req-cedc215c-c103-49c5-b218-fb0813075ec7 req-cedc215c-c103-49c5-b218-fb0813075ec7 ] Request (SecurityGroupRulesNegativeTestJSON:tearDownClass): 202 DELETE http://10.180.1.21/compute/v2.1/os-security-groups/be219c38-58ca-402d-85a0-26a0ee77dd2f 2.962s
2025-11-24 19:57:51.168 66207 INFO tempest.lib.common.rest_client [req-3611e2f4-b782-4a13-b2fc-9876ff7fcbf5 req-3611e2f4-b782-4a13-b2fc-9876ff7fcbf5 ] Request (ServerTagsTestJSON:test_update_all_tags): 201 PUT http://10.180.1.21/compute/v2.1/servers/62402b49-7580-41f0-a612-155ec8c1dd8d/tags/tempest-tag-359325732 3.034s
2025-11-24 19:57:51.305 66185 INFO tempest.lib.common.rest_client [req-be48c7ef-5414-496e-b90d-1bf65f20ef98 req-be48c7ef-5414-496e-b90d-1bf65f20ef98 ] Request (HostsAdminNegativeTestJSON:test_list_hosts_with_non_admin_user): 403 GET http://10.180.1.21/compute/v2.1/os-hosts 2.990s
2025-11-24 19:57:51.357 66231 INFO tempest.lib.common.rest_client [req-50631e20-c972-464f-aad9-29379ad5734a req-50631e20-c972-464f-aad9-29379ad5734a ] Request (ImagesMetadataTestJSON:test_set_image_metadata_item): 200 GET http://10.180.1.21/compute/v2.1/images/cfa43644-e070-4353-aeed-c2f662c4612d/metadata 2.823s
2025-11-24 19:57:51.390 66175 INFO tempest.lib.common.rest_client [req-1ded8605-cc36-4b91-bbd4-8ce921dbe688 req-1ded8605-cc36-4b91-bbd4-8ce921dbe688 ] Request (ListServersNegativeTestJSON:setUpClass): 202 POST http://10.180.1.21/compute/v2.1/servers 3.535s
2025-11-24 19:57:51.409 66203 WARNING tempest.lib.common.ssh [-] Failed to establish authenticated ssh connection to cirros@10.180.180.175 ([Errno None] Unable to connect to port 22 on 10.180.180.175). Number attempts: 3. Retry after 4 seconds.: paramiko.ssh_exception.NoValidConnectionsError: [Errno None] Unable to connect to port 22 on 10.180.180.175
