2025-11-24 19:55:29.920 66187 INFO tempest.lib.common.rest_client [req-709a7d64-70f3-4965-a805-1de6f8770642 req-709a7d64-70f3-4965-a805-1de6f8770642 ] Request (QuotaClassesAdmin257Test:setUpClass): 204 PUT http://10.180.1.21/identity/v3/projects/a5704ac54f8049d0bc1d79d68a47cf10/users/36786ef4a8064864a03a263e4462495c/roles/48c4e0177d00420ab2bd19a24509a6ba 0.432s
2025-11-24 19:55:29.921 66187 INFO tempest.lib.common.dynamic_creds [-] Dynamic test user 36786ef4a8064864a03a263e4462495c is created with scope project and roles: ['admin']
2025-11-24 19:55:29.921 66187 INFO tempest.lib.common.dynamic_creds [-] Acquired dynamic creds: credentials: Credentials: {'domain_id': 'default', 'domain_name': 'Default', 'username': 'tempest-QuotaClassesAdmin257Test-1749277431-project-admin', 'project_domain_id': 'default', 'project_domain_name': 'Default', 'project_id': 'a5704ac54f8049d0bc1d79d68a47cf10', 'project_name': 'tempest-QuotaClassesAdmin257Test-1749277431', 'tenant_id': 'a5704ac54f8049d0bc1d79d68a47cf10', 'tenant_name': 'tempest-QuotaClassesAdmin257Test-1749277431', 'user_domain_id': 'default', 'user_domain_name': 'Default', 'user_id': '36786ef4a8064864a03a263e4462495c', 'system': None}, Network: None, Subnet: None, Router: None
2025-11-24 19:55:29.921 66187 INFO tempest.lib.common.dynamic_creds [-] Created isolated network resources for: credentials: Credentials: {'domain_id': 'default', 'domain_name': 'Default', 'username': 'tempest-QuotaClassesAdmin257Test-1749277431-project-admin', 'project_domain_id': 'default', 'project_domain_name': 'Default', 'project_id': 'a5704ac54f8049d0bc1d79d68a47cf10', 'project_name': 'tempest-QuotaClassesAdmin257Test-1749277431', 'tenant_id': 'a5704ac54f8049d0bc1d79d68a47cf10', 'tenant_name': 'tempest-QuotaClassesAdmin257Test-1749277431', 'user_domain_id': 'default', 'user_domain_name': 'Default', 'user_id': '36786ef4a8064864a03a263e4462495c', 'system': None}, Network: None, Subnet: None, Router: None
2025-11-24 19:55:29.926 66205 INFO tempest.lib.common.rest_client [req-0785078d-a931-4abd-af17-72fde9c398a8 req-0785078d-a931-4abd-af17-72fde9c398a8 ] Request (VolumesAssistedSnapshotsTest:setUpClass): 201 POST http://10.180.1.21/networking/v2.0/routers 1.406s
2025-11-24 19:55:29.960 66195 INFO tempest.lib.common.rest_client [req-73de0d59-4729-4d97-920b-c1db6ba582eb req-73de0d59-4729-4d97-920b-c1db6ba582eb ] Request (FlavorsExtraSpecsTestJSON:setUpClass): 201 POST http://10.180.1.21/identity/v3/auth/tokens 0.452s
2025-11-24 19:55:29.983 66191 INFO tempest.lib.common.rest_client [req-562826b2-3363-49e3-a54e-8ec7b421dba3 req-562826b2-3363-49e3-a54e-8ec7b421dba3 ] Request (KeyPairsV210TestJSON:setUpClass): 204 PUT http://10.180.1.21/identity/v3/projects/cd8b144e6afe4e7e900953c8098eec59/users/da9388dc512f4a93a190e9830a946261/roles/48c4e0177d00420ab2bd19a24509a6ba 0.426s
2025-11-24 19:55:29.983 66191 INFO tempest.lib.common.dynamic_creds [-] Dynamic test user da9388dc512f4a93a190e9830a946261 is created with scope project and roles: ['admin']
2025-11-24 19:55:29.984 66191 INFO tempest.lib.common.dynamic_creds [-] Acquired dynamic creds: credentials: Credentials: {'domain_id': 'default', 'domain_name': 'Default', 'username': 'tempest-KeyPairsV210TestJSON-1091414791-project-admin', 'project_domain_id': 'default', 'project_domain_name': 'Default', 'project_id': 'cd8b144e6afe4e7e900953c8098eec59', 'project_name': 'tempest-KeyPairsV210TestJSON-1091414791', 'tenant_id': 'cd8b144e6afe4e7e900953c8098eec59', 'tenant_name': 'tempest-KeyPairsV210TestJSON-1091414791', 'user_domain_id': 'default', 'user_domain_name': 'Default', 'user_id': 'da9388dc512f4a93a190e9830a946261', 'system': None}, Network: None, Subnet: None, Router: None
2025-11-24 19:55:29.984 66191 INFO tempest.lib.common.dynamic_creds [-] Created isolated network resources for: credentials: Credentials: {'domain_id': 'default', 'domain_name': 'Default', 'username': 'tempest-KeyPairsV210TestJSON-1091414791-project-admin', 'project_domain_id': 'default', 'project_domain_name': 'Default', 'project_id': 'cd8b144e6afe4e7e900953c8098eec59', 'project_name': 'tempest-KeyPairsV210TestJSON-1091414791', 'tenant_id': 'cd8b144e6afe4e7e900953c8098eec59', 'tenant_name': 'tempest-KeyPairsV210TestJSON-1091414791', 'user_domain_id': 'default', 'user_domain_name': 'Default', 'user_id': 'da9388dc512f4a93a190e9830a946261', 'system': None}, Network: None, Subnet: None, Router: None
2025-11-24 19:55:30.001 66199 INFO tempest.lib.common.rest_client [req-6fa6fac8-2b93-4d47-aff4-7ca48900be3e req-6fa6fac8-2b93-4d47-aff4-7ca48900be3e ] Request (FlavorsAccessNegativeTestJSON:setUpClass): 201 POST http://10.180.1.21/identity/v3/projects 0.441s
2025-11-24 19:55:30.043 66217 INFO tempest.lib.common.rest_client [req-ac047d40-c035-4298-87b2-0afea63ae87d req-ac047d40-c035-4298-87b2-0afea63ae87d ] Request (FloatingIPsNegativeTestJSON:setUpClass): 200 PUT http://10.180.1.21/networking/v2.0/routers/2be05475-25df-4bf5-8cfd-bf8cf4b26ac5/add_router_interface 0.910s
2025-11-24 19:55:30.043 66217 INFO tempest.lib.common.dynamic_creds [-] Created isolated network resources for: credentials: Credentials: {'domain_id': 'default', 'domain_name': 'Default', 'username': 'tempest-FloatingIPsNegativeTestJSON-361226581-project-member', 'project_domain_id': 'default', 'project_domain_name': 'Default', 'project_id': '211e62467c8b4771b1624e4d99803ecf', 'project_name': 'tempest-FloatingIPsNegativeTestJSON-361226581', 'tenant_id': '211e62467c8b4771b1624e4d99803ecf', 'tenant_name': 'tempest-FloatingIPsNegativeTestJSON-361226581', 'user_domain_id': 'default', 'user_domain_name': 'Default', 'user_id': '2b377759c1be4f8799328fd8549199cf', 'system': None}, Network: {'id': '0b4158c7-a168-4119-9699-e1f44d8d2e36', 'name': 'tempest-FloatingIPsNegativeTestJSON-385760046-network', 'tenant_id': '211e62467c8b4771b1624e4d99803ecf', 'project_id': '211e62467c8b4771b1624e4d99803ecf', 'admin_state_up': True, 'mtu': 8950, 'status': 'ACTIVE', 'subnets': [], 'shared': False, 'port_security_enabled': True, 'router:external': False, 'provider:network_type': 'vlan', 'provider:physical_network': 'default', 'provider:segmentation_id': 943, 'availability_zone_hints': [], 'availability_zones': [], 'ipv4_address_scope': None, 'ipv6_address_scope': None, 'description': '', 'tags': [], 'created_at': '2025-11-24T19:55:27Z', 'updated_at': '2025-11-24T19:55:27Z', 'revision_number': 1}, Subnet: {'id': '868cfbb7-3b1a-417b-a681-893178a52a87', 'name': 'tempest-FloatingIPsNegativeTestJSON-385760046-subnet', 'tenant_id': '211e62467c8b4771b1624e4d99803ecf', 'network_id': '0b4158c7-a168-4119-9699-e1f44d8d2e36', 'ip_version': 4, 'subnetpool_id': None, 'enable_dhcp': True, 'ipv6_ra_mode': None, 'ipv6_address_mode': None, 'gateway_ip': '192.168.128.1', 'cidr': '192.168.128.0/28', 'allocation_pools': [{'start': '192.168.128.2', 'end': '192.168.128.14'}], 'host_routes': [], 'dns_nameservers': [], 'description': '', 'router:external': False, 'service_types': [], 'tags': [], 'created_at': '2025-11-24T19:55:28Z', 'updated_at': '2025-11-24T19:55:28Z', 'revision_number': 0, 'project_id': '211e62467c8b4771b1624e4d99803ecf'}, Router: {'id': '2be05475-25df-4bf5-8cfd-bf8cf4b26ac5', 'name': 'tempest-FloatingIPsNegativeTestJSON-385760046-router', 'tenant_id': '211e62467c8b4771b1624e4d99803ecf', 'admin_state_up': True, 'status': 'ACTIVE', 'external_gateway_info': {'network_id': '9154d845-d937-4d2f-bc28-5f70988f05c7', 'external_fixed_ips': [{'subnet_id': '23fad2bd-e926-45d5-b98e-d53162ed844a', 'ip_address': '10.180.180.144'}], 'enable_snat': True}, 'description': '', 'availability_zones': [], 'distributed': False, 'ha': False, 'availability_zone_hints': [], 'routes': [], 'flavor_id': None, 'tags': [], 'created_at': '2025-11-24T19:55:28Z', 'updated_at': '2025-11-24T19:55:28Z', 'revision_number': 2, 'project_id': '211e62467c8b4771b1624e4d99803ecf'}
2025-11-24 19:55:30.073 66227 INFO tempest.lib.common.rest_client [req-2d9c802e-1f9a-45e9-8a91-0fa89bf8ec14 req-2d9c802e-1f9a-45e9-8a91-0fa89bf8ec14 ] Request (ServicesAdminTestJSON:setUpClass): 204 PUT http://10.180.1.21/identity/v3/projects/19e3ebd8bc7a43e1993a20ce48f493ad/users/f58c351ce37c495bbca002ace0e924e4/roles/48c4e0177d00420ab2bd19a24509a6ba 0.491s
2025-11-24 19:55:30.073 66227 INFO tempest.lib.common.dynamic_creds [-] Dynamic test user f58c351ce37c495bbca002ace0e924e4 is created with scope project and roles: ['admin']
2025-11-24 19:55:30.072 66223 INFO tempest.lib.common.rest_client [req-aca2cf7f-0ef0-4da9-8ac7-9c74910038e3 req-aca2cf7f-0ef0-4da9-8ac7-9c74910038e3 ] Request (MigrationsAdminTest:setUpClass): 204 PUT http://10.180.1.21/identity/v3/projects/f4d077d3949745f78c9fc2f01e53bd7a/users/e43dbe8dd20f4f61802170224cac89d4/roles/48c4e0177d00420ab2bd19a24509a6ba 0.486s
2025-11-24 19:55:30.073 66227 INFO tempest.lib.common.dynamic_creds [-] Acquired dynamic creds: credentials: Credentials: {'domain_id': 'default', 'domain_name': 'Default', 'username': 'tempest-ServicesAdminTestJSON-1079312698-project-admin', 'project_domain_id': 'default', 'project_domain_name': 'Default', 'project_id': '19e3ebd8bc7a43e1993a20ce48f493ad', 'project_name': 'tempest-ServicesAdminTestJSON-1079312698', 'tenant_id': '19e3ebd8bc7a43e1993a20ce48f493ad', 'tenant_name': 'tempest-ServicesAdminTestJSON-1079312698', 'user_domain_id': 'default', 'user_domain_name': 'Default', 'user_id': 'f58c351ce37c495bbca002ace0e924e4', 'system': None}, Network: None, Subnet: None, Router: None
2025-11-24 19:55:30.073 66223 INFO tempest.lib.common.dynamic_creds [-] Dynamic test user e43dbe8dd20f4f61802170224cac89d4 is created with scope project and roles: ['admin']
2025-11-24 19:55:30.073 66227 INFO tempest.lib.common.dynamic_creds [-] Created isolated network resources for: credentials: Credentials: {'domain_id': 'default', 'domain_name': 'Default', 'username': 'tempest-ServicesAdminTestJSON-1079312698-project-admin', 'project_domain_id': 'default', 'project_domain_name': 'Default', 'project_id': '19e3ebd8bc7a43e1993a20ce48f493ad', 'project_name': 'tempest-ServicesAdminTestJSON-1079312698', 'tenant_id': '19e3ebd8bc7a43e1993a20ce48f493ad', 'tenant_name': 'tempest-ServicesAdminTestJSON-1079312698', 'user_domain_id': 'default', 'user_domain_name': 'Default', 'user_id': 'f58c351ce37c495bbca002ace0e924e4', 'system': None}, Network: None, Subnet: None, Router: None
2025-11-24 19:55:30.074 66223 INFO tempest.lib.common.dynamic_creds [-] Acquired dynamic creds: credentials: Credentials: {'domain_id': 'default', 'domain_name': 'Default', 'username': 'tempest-MigrationsAdminTest-1324721927-project-admin', 'project_domain_id': 'default', 'project_domain_name': 'Default', 'project_id': 'f4d077d3949745f78c9fc2f01e53bd7a', 'project_name': 'tempest-MigrationsAdminTest-1324721927', 'tenant_id': 'f4d077d3949745f78c9fc2f01e53bd7a', 'tenant_name': 'tempest-MigrationsAdminTest-1324721927', 'user_domain_id': 'default', 'user_domain_name': 'Default', 'user_id': 'e43dbe8dd20f4f61802170224cac89d4', 'system': None}, Network: None, Subnet: None, Router: None
2025-11-24 19:55:30.074 66223 INFO tempest.lib.common.dynamic_creds [-] Created isolated network resources for: credentials: Credentials: {'domain_id': 'default', 'domain_name': 'Default', 'username': 'tempest-MigrationsAdminTest-1324721927-project-admin', 'project_domain_id': 'default', 'project_domain_name': 'Default', 'project_id': 'f4d077d3949745f78c9fc2f01e53bd7a', 'project_name': 'tempest-MigrationsAdminTest-1324721927', 'tenant_id': 'f4d077d3949745f78c9fc2f01e53bd7a', 'tenant_name': 'tempest-MigrationsAdminTest-1324721927', 'user_domain_id': 'default', 'user_domain_name': 'Default', 'user_id': 'e43dbe8dd20f4f61802170224cac89d4', 'system': None}, Network: None, Subnet: None, Router: None
2025-11-24 19:55:30.120 66215 INFO tempest.lib.common.rest_client [req-dde22cc2-fea5-4308-a713-06eda6f57a04 req-dde22cc2-fea5-4308-a713-06eda6f57a04 ] Request (ServerDiagnosticsNegativeTest:setUpClass): 204 PUT http://10.180.1.21/identity/v3/projects/da0b689a0a404ca185a9b0b3fa4411b8/users/eb33084d2d6447f78eef718d5c8304b8/roles/48c4e0177d00420ab2bd19a24509a6ba 0.413s
2025-11-24 19:55:30.120 66215 INFO tempest.lib.common.dynamic_creds [-] Dynamic test user eb33084d2d6447f78eef718d5c8304b8 is created with scope project and roles: ['admin']
2025-11-24 19:55:30.120 66215 INFO tempest.lib.common.dynamic_creds [-] Acquired dynamic creds: credentials: Credentials: {'domain_id': 'default', 'domain_name': 'Default', 'username': 'tempest-ServerDiagnosticsNegativeTest-1922182455-project-admin', 'project_domain_id': 'default', 'project_domain_name': 'Default', 'project_id': 'da0b689a0a404ca185a9b0b3fa4411b8', 'project_name': 'tempest-ServerDiagnosticsNegativeTest-1922182455', 'tenant_id': 'da0b689a0a404ca185a9b0b3fa4411b8', 'tenant_name': 'tempest-ServerDiagnosticsNegativeTest-1922182455', 'user_domain_id': 'default', 'user_domain_name': 'Default', 'user_id': 'eb33084d2d6447f78eef718d5c8304b8', 'system': None}, Network: None, Subnet: None, Router: None
2025-11-24 19:55:30.120 66215 INFO tempest.lib.common.dynamic_creds [-] Created isolated network resources for: credentials: Credentials: {'domain_id': 'default', 'domain_name': 'Default', 'username': 'tempest-ServerDiagnosticsNegativeTest-1922182455-project-admin', 'project_domain_id': 'default', 'project_domain_name': 'Default', 'project_id': 'da0b689a0a404ca185a9b0b3fa4411b8', 'project_name': 'tempest-ServerDiagnosticsNegativeTest-1922182455', 'tenant_id': 'da0b689a0a404ca185a9b0b3fa4411b8', 'tenant_name': 'tempest-ServerDiagnosticsNegativeTest-1922182455', 'user_domain_id': 'default', 'user_domain_name': 'Default', 'user_id': 'eb33084d2d6447f78eef718d5c8304b8', 'system': None}, Network: None, Subnet: None, Router: None
2025-11-24 19:55:30.146 66211 INFO tempest.lib.common.rest_client [req-eeb5e365-20a5-42ad-a26d-8f2a5215b6ee req-eeb5e365-20a5-42ad-a26d-8f2a5215b6ee ] Request (HypervisorAdminNegativeUnderV252Test:setUpClass): 204 PUT http://10.180.1.21/identity/v3/projects/dd99b01ff242409aac07485fe444c8dd/users/8e93cf1f14b74c7c8b2bc7fcb95471cc/roles/48c4e0177d00420ab2bd19a24509a6ba 0.548s
2025-11-24 19:55:30.147 66211 INFO tempest.lib.common.dynamic_creds [-] Dynamic test user 8e93cf1f14b74c7c8b2bc7fcb95471cc is created with scope project and roles: ['admin']
2025-11-24 19:55:30.147 66211 INFO tempest.lib.common.dynamic_creds [-] Acquired dynamic creds: credentials: Credentials: {'domain_id': 'default', 'domain_name': 'Default', 'username': 'tempest-HypervisorAdminNegativeUnderV252Test-219055503-project-admin', 'project_domain_id': 'default', 'project_domain_name': 'Default', 'project_id': 'dd99b01ff242409aac07485fe444c8dd', 'project_name': 'tempest-HypervisorAdminNegativeUnderV252Test-219055503', 'tenant_id': 'dd99b01ff242409aac07485fe444c8dd', 'tenant_name': 'tempest-HypervisorAdminNegativeUnderV252Test-219055503', 'user_domain_id': 'default', 'user_domain_name': 'Default', 'user_id': '8e93cf1f14b74c7c8b2bc7fcb95471cc', 'system': None}, Network: None, Subnet: None, Router: None
2025-11-24 19:55:30.147 66211 INFO tempest.lib.common.dynamic_creds [-] Created isolated network resources for: credentials: Credentials: {'domain_id': 'default', 'domain_name': 'Default', 'username': 'tempest-HypervisorAdminNegativeUnderV252Test-219055503-project-admin', 'project_domain_id': 'default', 'project_domain_name': 'Default', 'project_id': 'dd99b01ff242409aac07485fe444c8dd', 'project_name': 'tempest-HypervisorAdminNegativeUnderV252Test-219055503', 'tenant_id': 'dd99b01ff242409aac07485fe444c8dd', 'tenant_name': 'tempest-HypervisorAdminNegativeUnderV252Test-219055503', 'user_domain_id': 'default', 'user_domain_name': 'Default', 'user_id': '8e93cf1f14b74c7c8b2bc7fcb95471cc', 'system': None}, Network: None, Subnet: None, Router: None
2025-11-24 19:55:30.198 66233 INFO tempest.lib.common.rest_client [req-3fbf56d9-8b56-42a0-91e5-025d9ae29129 req-3fbf56d9-8b56-42a0-91e5-025d9ae29129 ] Request (FlavorsAdminTestJSON:setUpClass): 204 PUT http://10.180.1.21/identity/v3/projects/05b676aed6744c44a25629d86388a805/users/1b69d2d095ae4030a4b29da0310c8d46/roles/48c4e0177d00420ab2bd19a24509a6ba 0.468s
2025-11-24 19:55:30.199 66233 INFO tempest.lib.common.dynamic_creds [-] Dynamic test user 1b69d2d095ae4030a4b29da0310c8d46 is created with scope project and roles: ['admin']
2025-11-24 19:55:30.198 66189 INFO tempest.lib.common.rest_client [req-ad91b5e9-9ff5-4c26-b926-a91cde0bde21 req-ad91b5e9-9ff5-4c26-b926-a91cde0bde21 ] Request (ServersAdmin275Test:setUpClass): 204 PUT http://10.180.1.21/identity/v3/projects/1b8268a2b38d45ef829af4ed020ebdd7/users/8b82f6681a1643ee8324e8bad5f40ba3/roles/48c4e0177d00420ab2bd19a24509a6ba 0.489s
2025-11-24 19:55:30.199 66189 INFO tempest.lib.common.dynamic_creds [-] Dynamic test user 8b82f6681a1643ee8324e8bad5f40ba3 is created with scope project and roles: ['admin']
2025-11-24 19:55:30.199 66233 INFO tempest.lib.common.dynamic_creds [-] Acquired dynamic creds: credentials: Credentials: {'domain_id': 'default', 'domain_name': 'Default', 'username': 'tempest-FlavorsAdminTestJSON-2138469497-project-admin', 'project_domain_id': 'default', 'project_domain_name': 'Default', 'project_id': '05b676aed6744c44a25629d86388a805', 'project_name': 'tempest-FlavorsAdminTestJSON-2138469497', 'tenant_id': '05b676aed6744c44a25629d86388a805', 'tenant_name': 'tempest-FlavorsAdminTestJSON-2138469497', 'user_domain_id': 'default', 'user_domain_name': 'Default', 'user_id': '1b69d2d095ae4030a4b29da0310c8d46', 'system': None}, Network: None, Subnet: None, Router: None
2025-11-24 19:55:30.199 66233 INFO tempest.lib.common.dynamic_creds [-] Created isolated network resources for: credentials: Credentials: {'domain_id': 'default', 'domain_name': 'Default', 'username': 'tempest-FlavorsAdminTestJSON-2138469497-project-admin', 'project_domain_id': 'default', 'project_domain_name': 'Default', 'project_id': '05b676aed6744c44a25629d86388a805', 'project_name': 'tempest-FlavorsAdminTestJSON-2138469497', 'tenant_id': '05b676aed6744c44a25629d86388a805', 'tenant_name': 'tempest-FlavorsAdminTestJSON-2138469497', 'user_domain_id': 'default', 'user_domain_name': 'Default', 'user_id': '1b69d2d095ae4030a4b29da0310c8d46', 'system': None}, Network: None, Subnet: None, Router: None
2025-11-24 19:55:30.199 66189 INFO tempest.lib.common.dynamic_creds [-] Acquired dynamic creds: credentials: Credentials: {'domain_id': 'default', 'domain_name': 'Default', 'username': 'tempest-ServersAdmin275Test-2099494055-project-admin', 'project_domain_id': 'default', 'project_domain_name': 'Default', 'project_id': '1b8268a2b38d45ef829af4ed020ebdd7', 'project_name': 'tempest-ServersAdmin275Test-2099494055', 'tenant_id': '1b8268a2b38d45ef829af4ed020ebdd7', 'tenant_name': 'tempest-ServersAdmin275Test-2099494055', 'user_domain_id': 'default', 'user_domain_name': 'Default', 'user_id': '8b82f6681a1643ee8324e8bad5f40ba3', 'system': None}, Network: None, Subnet: None, Router: None
2025-11-24 19:55:30.199 66189 INFO tempest.lib.common.dynamic_creds [-] Created isolated network resources for: credentials: Credentials: {'domain_id': 'default', 'domain_name': 'Default', 'username': 'tempest-ServersAdmin275Test-2099494055-project-admin', 'project_domain_id': 'default', 'project_domain_name': 'Default', 'project_id': '1b8268a2b38d45ef829af4ed020ebdd7', 'project_name': 'tempest-ServersAdmin275Test-2099494055', 'tenant_id': '1b8268a2b38d45ef829af4ed020ebdd7', 'tenant_name': 'tempest-ServersAdmin275Test-2099494055', 'user_domain_id': 'default', 'user_domain_name': 'Default', 'user_id': '8b82f6681a1643ee8324e8bad5f40ba3', 'system': None}, Network: None, Subnet: None, Router: None
2025-11-24 19:55:30.264 66201 INFO tempest.lib.common.rest_client [req-c78ac642-fc9f-41e8-828d-0da8e0a0600c req-c78ac642-fc9f-41e8-828d-0da8e0a0600c ] Request (HypervisorAdminNegativeTestJSON:setUpClass): 201 POST http://10.180.1.21/identity/v3/auth/tokens 0.525s
2025-11-24 19:55:30.280 66229 INFO tempest.lib.common.rest_client [req-86f28dbc-fe51-461f-a4e9-ec7d3d9db10d req-86f28dbc-fe51-461f-a4e9-ec7d3d9db10d ] Request (AZAdminNegativeTestJSON:setUpClass): 204 PUT http://10.180.1.21/identity/v3/projects/ff79b14bfcab4e7fb76b7180015aef85/users/21577ced883947c18080c3bca18e3beb/roles/48c4e0177d00420ab2bd19a24509a6ba 0.527s
2025-11-24 19:55:30.280 66229 INFO tempest.lib.common.dynamic_creds [-] Dynamic test user 21577ced883947c18080c3bca18e3beb is created with scope project and roles: ['admin']
2025-11-24 19:55:30.281 66229 INFO tempest.lib.common.dynamic_creds [-] Acquired dynamic creds: credentials: Credentials: {'domain_id': 'default', 'domain_name': 'Default', 'username': 'tempest-AZAdminNegativeTestJSON-568836311-project-admin', 'project_domain_id': 'default', 'project_domain_name': 'Default', 'project_id': 'ff79b14bfcab4e7fb76b7180015aef85', 'project_name': 'tempest-AZAdminNegativeTestJSON-568836311', 'tenant_id': 'ff79b14bfcab4e7fb76b7180015aef85', 'tenant_name': 'tempest-AZAdminNegativeTestJSON-568836311', 'user_domain_id': 'default', 'user_domain_name': 'Default', 'user_id': '21577ced883947c18080c3bca18e3beb', 'system': None}, Network: None, Subnet: None, Router: None
2025-11-24 19:55:30.281 66229 INFO tempest.lib.common.dynamic_creds [-] Created isolated network resources for: credentials: Credentials: {'domain_id': 'default', 'domain_name': 'Default', 'username': 'tempest-AZAdminNegativeTestJSON-568836311-project-admin', 'project_domain_id': 'default', 'project_domain_name': 'Default', 'project_id': 'ff79b14bfcab4e7fb76b7180015aef85', 'project_name': 'tempest-AZAdminNegativeTestJSON-568836311', 'tenant_id': 'ff79b14bfcab4e7fb76b7180015aef85', 'tenant_name': 'tempest-AZAdminNegativeTestJSON-568836311', 'user_domain_id': 'default', 'user_domain_name': 'Default', 'user_id': '21577ced883947c18080c3bca18e3beb', 'system': None}, Network: None, Subnet: None, Router: None
2025-11-24 19:55:30.285 66193 INFO tempest.lib.common.rest_client [req-d38b5ccc-ef2c-4950-920f-6526efe864a4 req-d38b5ccc-ef2c-4950-920f-6526efe864a4 ] Request (AZAdminV2TestJSON:setUpClass): 204 PUT http://10.180.1.21/identity/v3/projects/a17e7e8a54ba43b49c04aca25c4c906b/users/867dd4770056457c8423c60669d96236/roles/48c4e0177d00420ab2bd19a24509a6ba 0.513s
2025-11-24 19:55:30.285 66193 INFO tempest.lib.common.dynamic_creds [-] Dynamic test user 867dd4770056457c8423c60669d96236 is created with scope project and roles: ['admin']
2025-11-24 19:55:30.285 66193 INFO tempest.lib.common.dynamic_creds [-] Acquired dynamic creds: credentials: Credentials: {'domain_id': 'default', 'domain_name': 'Default', 'username': 'tempest-AZAdminV2TestJSON-1559052718-project-admin', 'project_domain_id': 'default', 'project_domain_name': 'Default', 'project_id': 'a17e7e8a54ba43b49c04aca25c4c906b', 'project_name': 'tempest-AZAdminV2TestJSON-1559052718', 'tenant_id': 'a17e7e8a54ba43b49c04aca25c4c906b', 'tenant_name': 'tempest-AZAdminV2TestJSON-1559052718', 'user_domain_id': 'default', 'user_domain_name': 'Default', 'user_id': '867dd4770056457c8423c60669d96236', 'system': None}, Network: None, Subnet: None, Router: None
2025-11-24 19:55:30.285 66193 INFO tempest.lib.common.dynamic_creds [-] Created isolated network resources for: credentials: Credentials: {'domain_id': 'default', 'domain_name': 'Default', 'username': 'tempest-AZAdminV2TestJSON-1559052718-project-admin', 'project_domain_id': 'default', 'project_domain_name': 'Default', 'project_id': 'a17e7e8a54ba43b49c04aca25c4c906b', 'project_name': 'tempest-AZAdminV2TestJSON-1559052718', 'tenant_id': 'a17e7e8a54ba43b49c04aca25c4c906b', 'tenant_name': 'tempest-AZAdminV2TestJSON-1559052718', 'user_domain_id': 'default', 'user_domain_name': 'Default', 'user_id': '867dd4770056457c8423c60669d96236', 'system': None}, Network: None, Subnet: None, Router: None
2025-11-24 19:55:30.369 66225 INFO tempest.lib.common.rest_client [req-0d9b131e-88b9-44b8-92c8-e3f88ce40db0 req-0d9b131e-88b9-44b8-92c8-e3f88ce40db0 ] Request (InstanceUsageAuditLogTestJSON:setUpClass): 204 PUT http://10.180.1.21/identity/v3/projects/533f91226b7a4dba90c00b57efda2563/users/b43ae9c06dc04112a8013f35177e1e02/roles/48c4e0177d00420ab2bd19a24509a6ba 0.528s
2025-11-24 19:55:30.369 66225 INFO tempest.lib.common.dynamic_creds [-] Dynamic test user b43ae9c06dc04112a8013f35177e1e02 is created with scope project and roles: ['admin']
2025-11-24 19:55:30.369 66225 INFO tempest.lib.common.dynamic_creds [-] Acquired dynamic creds: credentials: Credentials: {'domain_id': 'default', 'domain_name': 'Default', 'username': 'tempest-InstanceUsageAuditLogTestJSON-235440042-project-admin', 'project_domain_id': 'default', 'project_domain_name': 'Default', 'project_id': '533f91226b7a4dba90c00b57efda2563', 'project_name': 'tempest-InstanceUsageAuditLogTestJSON-235440042', 'tenant_id': '533f91226b7a4dba90c00b57efda2563', 'tenant_name': 'tempest-InstanceUsageAuditLogTestJSON-235440042', 'user_domain_id': 'default', 'user_domain_name': 'Default', 'user_id': 'b43ae9c06dc04112a8013f35177e1e02', 'system': None}, Network: None, Subnet: None, Router: None
2025-11-24 19:55:30.370 66225 INFO tempest.lib.common.dynamic_creds [-] Created isolated network resources for: credentials: Credentials: {'domain_id': 'default', 'domain_name': 'Default', 'username': 'tempest-InstanceUsageAuditLogTestJSON-235440042-project-admin', 'project_domain_id': 'default', 'project_domain_name': 'Default', 'project_id': '533f91226b7a4dba90c00b57efda2563', 'project_name': 'tempest-InstanceUsageAuditLogTestJSON-235440042', 'tenant_id': '533f91226b7a4dba90c00b57efda2563', 'tenant_name': 'tempest-InstanceUsageAuditLogTestJSON-235440042', 'user_domain_id': 'default', 'user_domain_name': 'Default', 'user_id': 'b43ae9c06dc04112a8013f35177e1e02', 'system': None}, Network: None, Subnet: None, Router: None
2025-11-24 19:55:30.454 66197 INFO tempest.lib.common.rest_client [req-100d7b7e-582f-4ecf-b15d-8ac8e86e3283 req-100d7b7e-582f-4ecf-b15d-8ac8e86e3283 ] Request (TenantUsagesTestJSON:setUpClass): 201 POST http://10.180.1.21/identity/v3/auth/tokens 0.584s
2025-11-24 19:55:30.455 66197 WARNING tempest.lib.common.rest_client [-] Deprecated: "tenant_id" property is deprecated for removal, use "project_id" instead
2025-11-24 19:55:30.457 66175 INFO tempest.lib.common.rest_client [req-1252f134-6bf1-4fe3-8613-dc72baa215f6 req-1252f134-6bf1-4fe3-8613-dc72baa215f6 ] Request (FlavorMetadataValidation:setUpClass): 201 POST http://10.180.1.21/identity/v3/auth/tokens 0.590s
2025-11-24 19:55:30.548 66187 INFO tempest.lib.common.rest_client [req-99f1c3df-3340-4e37-988f-9eabf014c185 req-99f1c3df-3340-4e37-988f-9eabf014c185 ] Request (QuotaClassesAdmin257Test:setUpClass): 201 POST http://10.180.1.21/identity/v3/auth/tokens 0.624s
2025-11-24 19:55:30.553 66191 INFO tempest.lib.common.rest_client [req-8c6c8bf2-9db1-4476-8e03-cc571b333bb6 req-8c6c8bf2-9db1-4476-8e03-cc571b333bb6 ] Request (KeyPairsV210TestJSON:setUpClass): 201 POST http://10.180.1.21/identity/v3/auth/tokens 0.567s
2025-11-24 19:55:30.613 66199 INFO tempest.lib.common.rest_client [req-03e29789-d3e9-4fcd-af1d-1a89843ac4ee req-03e29789-d3e9-4fcd-af1d-1a89843ac4ee ] Request (FlavorsAccessNegativeTestJSON:setUpClass): 201 POST http://10.180.1.21/identity/v3/users 0.611s
2025-11-24 19:55:30.624 66217 INFO tempest.lib.common.rest_client [req-37c712ba-62a7-47fc-89e2-d24f11ac83ad req-37c712ba-62a7-47fc-89e2-d24f11ac83ad ] Request (FloatingIPsNegativeTestJSON:setUpClass): 201 POST http://10.180.1.21/identity/v3/auth/tokens 0.575s
2025-11-24 19:55:30.694 66227 INFO tempest.lib.common.rest_client [req-7c196113-5fce-4bbb-91f3-9b21ab389f14 req-7c196113-5fce-4bbb-91f3-9b21ab389f14 ] Request (ServicesAdminTestJSON:setUpClass): 201 POST http://10.180.1.21/identity/v3/auth/tokens 0.617s
2025-11-24 19:55:30.705 66223 INFO tempest.lib.common.rest_client [req-aa116ee9-4471-4dfe-a9af-913375b6d65c req-aa116ee9-4471-4dfe-a9af-913375b6d65c ] Request (MigrationsAdminTest:setUpClass): 201 POST http://10.180.1.21/identity/v3/auth/tokens 0.626s
2025-11-24 19:55:30.777 66211 INFO tempest.lib.common.rest_client [req-7385fe56-615e-41be-8b0f-e6e1d58e9f8c req-7385fe56-615e-41be-8b0f-e6e1d58e9f8c ] Request (HypervisorAdminNegativeUnderV252Test:setUpClass): 201 POST http://10.180.1.21/identity/v3/auth/tokens 0.627s
2025-11-24 19:55:30.783 66215 INFO tempest.lib.common.rest_client [req-ef0c355c-75e5-4a9d-9812-6dca41e4ef83 req-ef0c355c-75e5-4a9d-9812-6dca41e4ef83 ] Request (ServerDiagnosticsNegativeTest:setUpClass): 201 POST http://10.180.1.21/identity/v3/auth/tokens 0.660s
2025-11-24 19:55:30.844 66189 INFO tempest.lib.common.rest_client [req-08e2e298-f006-49cd-b5bf-fe9ecb3bb983 req-08e2e298-f006-49cd-b5bf-fe9ecb3bb983 ] Request (ServersAdmin275Test:setUpClass): 201 POST http://10.180.1.21/identity/v3/auth/tokens 0.642s
2025-11-24 19:55:30.855 66233 INFO tempest.lib.common.rest_client [req-21ce0a57-4399-4cd2-aa8e-da3ba494c2c5 req-21ce0a57-4399-4cd2-aa8e-da3ba494c2c5 ] Request (FlavorsAdminTestJSON:setUpClass): 201 POST http://10.180.1.21/identity/v3/auth/tokens 0.651s
2025-11-24 19:55:30.863 66235 INFO tempest.lib.common.rest_client [req-67d268ad-6aa6-4902-ac9f-0e19e4a4dff5 req-67d268ad-6aa6-4902-ac9f-0e19e4a4dff5 ] Request (ServersWithSpecificFlavorTestJSON:setUpClass): 200 PUT http://10.180.1.21/networking/v2.0/routers/7449c635-2ebd-4676-b856-be6e90133b28/add_router_interface 1.662s
2025-11-24 19:55:30.864 66235 INFO tempest.lib.common.dynamic_creds [-] Created isolated network resources for: credentials: Credentials: {'domain_id': 'default', 'domain_name': 'Default', 'username': 'tempest-ServersWithSpecificFlavorTestJSON-1546929489-project-member', 'project_domain_id': 'default', 'project_domain_name': 'Default', 'project_id': '49343938ba484910b49179f81a8d0988', 'project_name': 'tempest-ServersWithSpecificFlavorTestJSON-1546929489', 'tenant_id': '49343938ba484910b49179f81a8d0988', 'tenant_name': 'tempest-ServersWithSpecificFlavorTestJSON-1546929489', 'user_domain_id': 'default', 'user_domain_name': 'Default', 'user_id': '47e5071fdbdd4bf1a3d4407f8b078ea2', 'system': None}, Network: {'id': '1fb29768-70bd-4027-8a43-63c2e13271c0', 'name': 'tempest-ServersWithSpecificFlavorTestJSON-450488187-network', 'tenant_id': '49343938ba484910b49179f81a8d0988', 'project_id': '49343938ba484910b49179f81a8d0988', 'admin_state_up': True, 'mtu': 8950, 'status': 'ACTIVE', 'subnets': [], 'shared': False, 'port_security_enabled': True, 'router:external': False, 'provider:network_type': 'vlan', 'provider:physical_network': 'default', 'provider:segmentation_id': 573, 'availability_zone_hints': [], 'availability_zones': [], 'ipv4_address_scope': None, 'ipv6_address_scope': None, 'description': '', 'tags': [], 'created_at': '2025-11-24T19:55:27Z', 'updated_at': '2025-11-24T19:55:27Z', 'revision_number': 1}, Subnet: {'id': 'c673c685-cbea-4438-bb8f-fc946afa9cae', 'name': 'tempest-ServersWithSpecificFlavorTestJSON-450488187-subnet', 'tenant_id': '49343938ba484910b49179f81a8d0988', 'network_id': '1fb29768-70bd-4027-8a43-63c2e13271c0', 'ip_version': 4, 'subnetpool_id': None, 'enable_dhcp': True, 'ipv6_ra_mode': None, 'ipv6_address_mode': None, 'gateway_ip': '192.168.128.1', 'cidr': '192.168.128.0/28', 'allocation_pools': [{'start': '192.168.128.2', 'end': '192.168.128.14'}], 'host_routes': [], 'dns_nameservers': [], 'description': '', 'router:external': False, 'service_types': [], 'tags': [], 'created_at': '2025-11-24T19:55:28Z', 'updated_at': '2025-11-24T19:55:28Z', 'revision_number': 0, 'project_id': '49343938ba484910b49179f81a8d0988'}, Router: {'id': '7449c635-2ebd-4676-b856-be6e90133b28', 'name': 'tempest-ServersWithSpecificFlavorTestJSON-450488187-router', 'tenant_id': '49343938ba484910b49179f81a8d0988', 'admin_state_up': True, 'status': 'ACTIVE', 'external_gateway_info': {'network_id': '9154d845-d937-4d2f-bc28-5f70988f05c7', 'external_fixed_ips': [{'subnet_id': '23fad2bd-e926-45d5-b98e-d53162ed844a', 'ip_address': '10.180.180.152'}], 'enable_snat': True}, 'description': '', 'availability_zones': [], 'distributed': False, 'ha': False, 'availability_zone_hints': [], 'routes': [], 'flavor_id': None, 'tags': [], 'created_at': '2025-11-24T19:55:28Z', 'updated_at': '2025-11-24T19:55:28Z', 'revision_number': 2, 'project_id': '49343938ba484910b49179f81a8d0988'}
2025-11-24 19:55:30.871 66201 INFO tempest.lib.common.rest_client [req-42187ad8-f043-423d-a584-40c724006cef req-42187ad8-f043-423d-a584-40c724006cef ] Request (HypervisorAdminNegativeTestJSON:setUpClass): 200 GET http://10.180.1.21/identity/v3/domains?name=Default 0.606s
2025-11-24 19:55:30.888 66205 INFO tempest.lib.common.rest_client [req-8566a127-734c-47a6-95a3-953a05bd6d83 req-8566a127-734c-47a6-95a3-953a05bd6d83 ] Request (VolumesAssistedSnapshotsTest:setUpClass): 200 PUT http://10.180.1.21/networking/v2.0/routers/d96954a8-ca2e-4cad-b8a1-79d14f3c5ed4/add_router_interface 0.961s
2025-11-24 19:55:30.888 66205 INFO tempest.lib.common.dynamic_creds [-] Created isolated network resources for: credentials: Credentials: {'domain_id': 'default', 'domain_name': 'Default', 'username': 'tempest-VolumesAssistedSnapshotsTest-1866048366-project-admin', 'project_domain_id': 'default', 'project_domain_name': 'Default', 'project_id': '645b937462b245c1af36b30ccf9a93da', 'project_name': 'tempest-VolumesAssistedSnapshotsTest-1866048366', 'tenant_id': '645b937462b245c1af36b30ccf9a93da', 'tenant_name': 'tempest-VolumesAssistedSnapshotsTest-1866048366', 'user_domain_id': 'default', 'user_domain_name': 'Default', 'user_id': '084b6dffa9a842919f23f742a1564330', 'system': None}, Network: {'id': '927ccc72-665f-4f0a-8574-d62f7da2d7d0', 'name': 'tempest-VolumesAssistedSnapshotsTest-1327788100-network', 'tenant_id': '645b937462b245c1af36b30ccf9a93da', 'project_id': '645b937462b245c1af36b30ccf9a93da', 'admin_state_up': True, 'mtu': 8950, 'status': 'ACTIVE', 'subnets': [], 'shared': False, 'port_security_enabled': True, 'router:external': False, 'provider:network_type': 'vlan', 'provider:physical_network': 'default', 'provider:segmentation_id': 188, 'availability_zone_hints': [], 'availability_zones': [], 'ipv4_address_scope': None, 'ipv6_address_scope': None, 'description': '', 'tags': [], 'created_at': '2025-11-24T19:55:28Z', 'updated_at': '2025-11-24T19:55:28Z', 'revision_number': 1}, Subnet: {'id': '77c61b66-54ea-4ecb-85c1-c037c39235b8', 'name': 'tempest-VolumesAssistedSnapshotsTest-1327788100-subnet', 'tenant_id': '645b937462b245c1af36b30ccf9a93da', 'network_id': '927ccc72-665f-4f0a-8574-d62f7da2d7d0', 'ip_version': 4, 'subnetpool_id': None, 'enable_dhcp': True, 'ipv6_ra_mode': None, 'ipv6_address_mode': None, 'gateway_ip': '192.168.128.1', 'cidr': '192.168.128.0/28', 'allocation_pools': [{'start': '192.168.128.2', 'end': '192.168.128.14'}], 'host_routes': [], 'dns_nameservers': [], 'description': '', 'router:external': False, 'service_types': [], 'tags': [], 'created_at': '2025-11-24T19:55:28Z', 'updated_at': '2025-11-24T19:55:28Z', 'revision_number': 0, 'project_id': '645b937462b245c1af36b30ccf9a93da'}, Router: {'id': 'd96954a8-ca2e-4cad-b8a1-79d14f3c5ed4', 'name': 'tempest-VolumesAssistedSnapshotsTest-1327788100-router', 'tenant_id': '645b937462b245c1af36b30ccf9a93da', 'admin_state_up': True, 'status': 'ACTIVE', 'external_gateway_info': {'network_id': '9154d845-d937-4d2f-bc28-5f70988f05c7', 'external_fixed_ips': [{'subnet_id': '23fad2bd-e926-45d5-b98e-d53162ed844a', 'ip_address': '10.180.180.156'}], 'enable_snat': True}, 'description': '', 'availability_zones': [], 'distributed': False, 'ha': False, 'availability_zone_hints': [], 'routes': [], 'flavor_id': None, 'tags': [], 'created_at': '2025-11-24T19:55:29Z', 'updated_at': '2025-11-24T19:55:29Z', 'revision_number': 2, 'project_id': '645b937462b245c1af36b30ccf9a93da'}
2025-11-24 19:55:30.938 66229 INFO tempest.lib.common.rest_client [req-46bcd7e7-50a9-4dd1-ac81-b6b2b485a3fb req-46bcd7e7-50a9-4dd1-ac81-b6b2b485a3fb ] Request (AZAdminNegativeTestJSON:setUpClass): 201 POST http://10.180.1.21/identity/v3/auth/tokens 0.652s
2025-11-24 19:55:30.968 66193 INFO tempest.lib.common.rest_client [req-ba8067c8-faff-44df-a85a-0c9f038fd5fd req-ba8067c8-faff-44df-a85a-0c9f038fd5fd ] Request (AZAdminV2TestJSON:setUpClass): 201 POST http://10.180.1.21/identity/v3/auth/tokens 0.679s
2025-11-24 19:55:31.002 66183 INFO tempest.lib.common.rest_client [req-bd1bb124-b9d6-42ea-ae8a-7ae2974bb31b req-bd1bb124-b9d6-42ea-ae8a-7ae2974bb31b ] Request (NetworksTest:test_get_network): 200 GET http://10.180.1.21/compute/v2.1/os-networks 3.988s
2025-11-24 19:55:31.025 66197 INFO tempest.lib.common.rest_client [req-30041e6f-50f0-4e7b-90e9-6b6685dffd1e req-30041e6f-50f0-4e7b-90e9-6b6685dffd1e ] Request (TenantUsagesTestJSON:setUpClass): 201 POST http://10.180.1.21/identity/v3/auth/tokens 0.567s
2025-11-24 19:55:31.026 66197 INFO tempest.lib.common.fixed_network [-] (TenantUsagesTestJSON:setUpClass) Found network None available for tenant
2025-11-24 19:55:31.039 66225 INFO tempest.lib.common.rest_client [req-8892ee36-98d8-4ff4-86bb-a9e272ebddb4 req-8892ee36-98d8-4ff4-86bb-a9e272ebddb4 ] Request (InstanceUsageAuditLogTestJSON:setUpClass): 201 POST http://10.180.1.21/identity/v3/auth/tokens 0.666s
2025-11-24 19:55:31.046 66199 INFO tempest.lib.common.rest_client [req-267bc3bc-a051-45bc-9336-8d225f75d705 req-267bc3bc-a051-45bc-9336-8d225f75d705 ] Request (FlavorsAccessNegativeTestJSON:setUpClass): 200 GET http://10.180.1.21/identity/v3/roles 0.433s
2025-11-24 19:55:31.051 66223 INFO tempest.lib.common.rest_client [req-5d6c1bf9-8f17-44ee-a17d-69d9bb2294ee req-5d6c1bf9-8f17-44ee-a17d-69d9bb2294ee ] Request (MigrationsAdminTest:setUpClass): 200 GET http://10.180.1.21/identity/v3/projects/9deb2fd251884c488a4bd03dc60a3b05 0.346s
2025-11-24 19:55:31.052 66223 INFO tempest.lib.common.dynamic_creds [-] Using the existing project 9deb2fd251884c488a4bd03dc60a3b05 for scope project and roles: ['manager']
2025-11-24 19:55:31.099 66215 INFO tempest.lib.common.rest_client [req-30c5ea20-4154-46a9-b6b6-42c585101926 req-30c5ea20-4154-46a9-b6b6-42c585101926 ] Request (ServerDiagnosticsNegativeTest:test_get_server_diagnostics_by_non_admin): 201 POST http://10.180.1.21/identity/v3/auth/tokens 0.312s
2025-11-24 19:55:31.100 66215 INFO tempest.lib.common.fixed_network [-] (ServerDiagnosticsNegativeTest:test_get_server_diagnostics_by_non_admin) Found network None available for tenant
2025-11-24 19:55:31.105 66189 INFO tempest.lib.common.rest_client [req-703c4c50-605f-4697-a925-afd91d360a73 req-703c4c50-605f-4697-a925-afd91d360a73 ] Request (ServersAdmin275Test:test_rebuild_update_server_275): 201 POST http://10.180.1.21/identity/v3/auth/tokens 0.256s
2025-11-24 19:55:31.106 66189 INFO tempest.lib.common.fixed_network [-] (ServersAdmin275Test:test_rebuild_update_server_275) Found network None available for tenant
2025-11-24 19:55:31.132 66201 INFO tempest.lib.common.rest_client [req-50a8bf36-2e2f-4e89-bd43-d1bd1bfdd765 req-50a8bf36-2e2f-4e89-bd43-d1bd1bfdd765 ] Request (HypervisorAdminNegativeTestJSON:setUpClass): 201 POST http://10.180.1.21/identity/v3/projects 0.260s
2025-11-24 19:55:31.192 66235 INFO tempest.lib.common.rest_client [req-37155a39-2dc7-4bc3-9f9a-176fba6a85b1 req-37155a39-2dc7-4bc3-9f9a-176fba6a85b1 ] Request (ServersWithSpecificFlavorTestJSON:setUpClass): 201 POST http://10.180.1.21/identity/v3/auth/tokens 0.320s
2025-11-24 19:55:31.262 66205 INFO tempest.lib.common.rest_client [req-bca6b552-7dd6-43f1-b8a6-6c447d5406bd req-bca6b552-7dd6-43f1-b8a6-6c447d5406bd ] Request (VolumesAssistedSnapshotsTest:setUpClass): 201 POST http://10.180.1.21/identity/v3/auth/tokens 0.372s
2025-11-24 19:55:31.317 66223 INFO tempest.lib.common.rest_client [req-a1acf204-b520-4f51-8272-7897c398019e req-a1acf204-b520-4f51-8272-7897c398019e ] Request (MigrationsAdminTest:setUpClass): 201 POST http://10.180.1.21/identity/v3/users 0.265s
2025-11-24 19:55:31.321 66199 INFO tempest.lib.common.rest_client [req-0104498c-fa05-4269-afa8-b9164c87fc34 req-0104498c-fa05-4269-afa8-b9164c87fc34 ] Request (FlavorsAccessNegativeTestJSON:setUpClass): 204 PUT http://10.180.1.21/identity/v3/projects/928869f3b6a94d2db8c05a618c3b0deb/users/dcaf447d1de24e51860e8016f382df98/roles/2525bddd4d5a4148aac33bd193386849 0.274s
2025-11-24 19:55:31.321 66199 INFO tempest.lib.common.dynamic_creds [-] Dynamic test user dcaf447d1de24e51860e8016f382df98 is created with scope project and roles: ['member']
2025-11-24 19:55:31.321 66199 INFO tempest.lib.common.dynamic_creds [-] Acquired dynamic creds: credentials: Credentials: {'domain_id': 'default', 'domain_name': 'Default', 'username': 'tempest-FlavorsAccessNegativeTestJSON-1144092872-project-member', 'project_domain_id': 'default', 'project_domain_name': 'Default', 'project_id': '928869f3b6a94d2db8c05a618c3b0deb', 'project_name': 'tempest-FlavorsAccessNegativeTestJSON-1144092872', 'tenant_id': '928869f3b6a94d2db8c05a618c3b0deb', 'tenant_name': 'tempest-FlavorsAccessNegativeTestJSON-1144092872', 'user_domain_id': 'default', 'user_domain_name': 'Default', 'user_id': 'dcaf447d1de24e51860e8016f382df98', 'system': None}, Network: None, Subnet: None, Router: None
2025-11-24 19:55:31.321 66199 INFO tempest.lib.common.dynamic_creds [-] Created isolated network resources for: credentials: Credentials: {'domain_id': 'default', 'domain_name': 'Default', 'username': 'tempest-FlavorsAccessNegativeTestJSON-1144092872-project-member', 'project_domain_id': 'default', 'project_domain_name': 'Default', 'project_id': '928869f3b6a94d2db8c05a618c3b0deb', 'project_name': 'tempest-FlavorsAccessNegativeTestJSON-1144092872', 'tenant_id': '928869f3b6a94d2db8c05a618c3b0deb', 'tenant_name': 'tempest-FlavorsAccessNegativeTestJSON-1144092872', 'user_domain_id': 'default', 'user_domain_name': 'Default', 'user_id': 'dcaf447d1de24e51860e8016f382df98', 'system': None}, Network: None, Subnet: None, Router: None
2025-11-24 19:55:31.383 66201 INFO tempest.lib.common.rest_client [req-ea87674a-2a1e-4151-9e78-23df5910a5e4 req-ea87674a-2a1e-4151-9e78-23df5910a5e4 ] Request (HypervisorAdminNegativeTestJSON:setUpClass): 201 POST http://10.180.1.21/identity/v3/users 0.250s
2025-11-24 19:55:31.385 66235 INFO tempest.lib.common.rest_client [req-e6838678-bf8e-4c69-b1fe-4166cf1d5882 req-e6838678-bf8e-4c69-b1fe-4166cf1d5882 ] Request (ServersWithSpecificFlavorTestJSON:setUpClass): 201 POST http://10.180.1.21/identity/v3/projects 0.192s
2025-11-24 19:55:31.399 66203 INFO tempest.lib.common.rest_client [req-37793e8a-21f5-4356-9bfc-910d4fd58f39 req-37793e8a-21f5-4356-9bfc-910d4fd58f39 ] Request (ImagesNegativeTestJSON:test_create_image_from_deleted_server): 202 POST http://10.180.1.21/compute/v2.1/servers 7.984s
2025-11-24 19:55:31.458 66223 INFO tempest.lib.common.rest_client [req-7cc81f6d-e107-406d-92e7-5db0b10d9dd7 req-7cc81f6d-e107-406d-92e7-5db0b10d9dd7 ] Request (MigrationsAdminTest:setUpClass): 200 GET http://10.180.1.21/identity/v3/roles 0.140s
2025-11-24 19:55:31.479 66205 INFO tempest.lib.common.rest_client [req-b648af62-4834-41f7-b621-96e31bb9a2c6 req-b648af62-4834-41f7-b621-96e31bb9a2c6 ] Request (VolumesAssistedSnapshotsTest:setUpClass): 201 POST http://10.180.1.21/identity/v3/projects 0.216s
2025-11-24 19:55:31.545 66199 INFO tempest.lib.common.rest_client [req-e08c4312-6007-4e61-9b6e-366a3cf632f9 req-e08c4312-6007-4e61-9b6e-366a3cf632f9 ] Request (FlavorsAccessNegativeTestJSON:setUpClass): 201 POST http://10.180.1.21/identity/v3/auth/tokens 0.218s
2025-11-24 19:55:31.546 66199 WARNING tempest.lib.common.rest_client [-] Deprecated: "tenant_id" property is deprecated for removal, use "project_id" instead
2025-11-24 19:55:31.546 66201 INFO tempest.lib.common.rest_client [req-4a288eee-0a94-4b85-82a6-fc077120a497 req-4a288eee-0a94-4b85-82a6-fc077120a497 ] Request (HypervisorAdminNegativeTestJSON:setUpClass): 200 GET http://10.180.1.21/identity/v3/roles 0.163s
2025-11-24 19:55:31.581 66235 INFO tempest.lib.common.rest_client [req-1631c2bf-f77d-4853-a8dd-f9be568fc78b req-1631c2bf-f77d-4853-a8dd-f9be568fc78b ] Request (ServersWithSpecificFlavorTestJSON:setUpClass): 201 POST http://10.180.1.21/identity/v3/users 0.196s
2025-11-24 19:55:31.609 66185 INFO tempest.lib.common.rest_client [req-6e5e5e7d-7ddc-4e66-95f6-0cd9c4865ecd req-6e5e5e7d-7ddc-4e66-95f6-0cd9c4865ecd ] Request (DeleteServersAdminTestJSON:test_admin_delete_servers_of_others): 202 POST http://10.180.1.21/compute/v2.1/servers 4.457s
2025-11-24 19:55:31.610 66223 INFO tempest.lib.common.rest_client [req-181f411b-0329-4a0b-bfc7-7666a8040db1 req-181f411b-0329-4a0b-bfc7-7666a8040db1 ] Request (MigrationsAdminTest:setUpClass): 204 PUT http://10.180.1.21/identity/v3/projects/9deb2fd251884c488a4bd03dc60a3b05/users/60c4607abb2a43468cb4ffb0c9464921/roles/1a7df794662e458988af2978fd578b89 0.152s
2025-11-24 19:55:31.610 66223 INFO tempest.lib.common.dynamic_creds [-] Dynamic test user 60c4607abb2a43468cb4ffb0c9464921 is created with scope project and roles: ['manager']
2025-11-24 19:55:31.611 66223 INFO tempest.lib.common.dynamic_creds [-] Acquired dynamic creds: credentials: Credentials: {'domain_id': 'default', 'domain_name': 'Default', 'username': 'tempest-MigrationsAdminTest-1653527346-project-manager', 'project_domain_id': 'default', 'project_domain_name': 'Default', 'project_id': '9deb2fd251884c488a4bd03dc60a3b05', 'project_name': 'tempest-MigrationsAdminTest-1653527346', 'tenant_id': '9deb2fd251884c488a4bd03dc60a3b05', 'tenant_name': 'tempest-MigrationsAdminTest-1653527346', 'user_domain_id': 'default', 'user_domain_name': 'Default', 'user_id': '60c4607abb2a43468cb4ffb0c9464921', 'system': None}, Network: None, Subnet: None, Router: None
2025-11-24 19:55:31.611 66223 INFO tempest.lib.common.dynamic_creds [-] Network resources are not created for requested scope: project and credentials: Credentials: {'domain_id': 'default', 'domain_name': 'Default', 'username': 'tempest-MigrationsAdminTest-1653527346-project-manager', 'project_domain_id': 'default', 'project_domain_name': 'Default', 'project_id': '9deb2fd251884c488a4bd03dc60a3b05', 'project_name': 'tempest-MigrationsAdminTest-1653527346', 'tenant_id': '9deb2fd251884c488a4bd03dc60a3b05', 'tenant_name': 'tempest-MigrationsAdminTest-1653527346', 'user_domain_id': 'default', 'user_domain_name': 'Default', 'user_id': '60c4607abb2a43468cb4ffb0c9464921', 'system': None}, Network: None, Subnet: None, Router: None
2025-11-24 19:55:31.706 66205 INFO tempest.lib.common.rest_client [req-e7442ec6-2604-4774-bb61-2962338868fb req-e7442ec6-2604-4774-bb61-2962338868fb ] Request (VolumesAssistedSnapshotsTest:setUpClass): 201 POST http://10.180.1.21/identity/v3/users 0.227s
2025-11-24 19:55:31.733 66201 INFO tempest.lib.common.rest_client [req-a228083b-02b7-4614-b30d-0965c23ddc11 req-a228083b-02b7-4614-b30d-0965c23ddc11 ] Request (HypervisorAdminNegativeTestJSON:setUpClass): 204 PUT http://10.180.1.21/identity/v3/projects/12a9acd939ca479987186d9cc5e46b0c/users/937551856b1346fe8ea919646c84118f/roles/2525bddd4d5a4148aac33bd193386849 0.186s
2025-11-24 19:55:31.733 66201 INFO tempest.lib.common.dynamic_creds [-] Dynamic test user 937551856b1346fe8ea919646c84118f is created with scope project and roles: ['member']
2025-11-24 19:55:31.734 66201 INFO tempest.lib.common.dynamic_creds [-] Acquired dynamic creds: credentials: Credentials: {'domain_id': 'default', 'domain_name': 'Default', 'username': 'tempest-HypervisorAdminNegativeTestJSON-1827011704-project-member', 'project_domain_id': 'default', 'project_domain_name': 'Default', 'project_id': '12a9acd939ca479987186d9cc5e46b0c', 'project_name': 'tempest-HypervisorAdminNegativeTestJSON-1827011704', 'tenant_id': '12a9acd939ca479987186d9cc5e46b0c', 'tenant_name': 'tempest-HypervisorAdminNegativeTestJSON-1827011704', 'user_domain_id': 'default', 'user_domain_name': 'Default', 'user_id': '937551856b1346fe8ea919646c84118f', 'system': None}, Network: None, Subnet: None, Router: None
2025-11-24 19:55:31.734 66201 INFO tempest.lib.common.dynamic_creds [-] Created isolated network resources for: credentials: Credentials: {'domain_id': 'default', 'domain_name': 'Default', 'username': 'tempest-HypervisorAdminNegativeTestJSON-1827011704-project-member', 'project_domain_id': 'default', 'project_domain_name': 'Default', 'project_id': '12a9acd939ca479987186d9cc5e46b0c', 'project_name': 'tempest-HypervisorAdminNegativeTestJSON-1827011704', 'tenant_id': '12a9acd939ca479987186d9cc5e46b0c', 'tenant_name': 'tempest-HypervisorAdminNegativeTestJSON-1827011704', 'user_domain_id': 'default', 'user_domain_name': 'Default', 'user_id': '937551856b1346fe8ea919646c84118f', 'system': None}, Network: None, Subnet: None, Router: None
2025-11-24 19:55:31.745 66179 INFO tempest.lib.common.rest_client [req-a6796a02-6526-4145-9bb1-03203497534c req-a6796a02-6526-4145-9bb1-03203497534c ] Request (ServersAaction247Test:test_create_backup): 200 GET http://10.180.1.21/compute/v2.1/servers/a4f9777b-207d-4fe8-b937-e5ec6c33e512 3.698s
2025-11-24 19:55:31.753 66231 INFO tempest.lib.common.rest_client [req-ac5bffbb-21ed-412e-a940-d7d0e2e0cf97 req-ac5bffbb-21ed-412e-a940-d7d0e2e0cf97 ] Request (QuotaClassesAdminTestJSON:test_update_default_quotas): 200 GET http://10.180.1.21/compute/v2.1/os-quota-class-sets/default 4.489s
2025-11-24 19:55:31.763 66177 INFO tempest.lib.common.rest_client [req-8d66cbc3-caca-4cb1-af32-bb6c35f5df83 req-8d66cbc3-caca-4cb1-af32-bb6c35f5df83 ] Request (ServicesAdminNegativeV253TestJSON:test_disable_service_with_invalid_service_id): 404 PUT http://10.180.1.21/compute/v2.1/os-services/412fb108-9e1b-4140-8efa-68f42d725eb0 3.297s
2025-11-24 19:55:31.811 66235 INFO tempest.lib.common.rest_client [req-115f5c52-ca6d-4335-aeb6-0b66bdbf7963 req-115f5c52-ca6d-4335-aeb6-0b66bdbf7963 ] Request (ServersWithSpecificFlavorTestJSON:setUpClass): 200 GET http://10.180.1.21/identity/v3/roles 0.229s
2025-11-24 19:55:31.811 66207 INFO tempest.lib.common.rest_client [req-f6ef2bcd-e6db-42e8-8202-b79538f188aa req-f6ef2bcd-e6db-42e8-8202-b79538f188aa ] Request (KeyPairsNegativeTestJSON:test_create_keypair_when_public_key_bits_exceeds_maximum): 400 POST http://10.180.1.21/compute/v2.1/os-keypairs 2.559s
