2025-11-24 19:55:42.483 66183 INFO tempest.lib.common.rest_client [req-cb327e11-67f8-474c-a84a-7abe9a92474f req-cb327e11-67f8-474c-a84a-7abe9a92474f ] Request (ServerActionsTestOtherB:setUpClass): 201 POST http://10.180.1.21/networking/v2.0/subnets 1.529s
2025-11-24 19:55:42.501 66227 INFO tempest.lib.common.rest_client [req-aff3374d-c5dc-4c26-8f64-9c7c7263b815 req-aff3374d-c5dc-4c26-8f64-9c7c7263b815 ] Request (ServicesAdminTestJSON:tearDownClass): 201 POST http://10.180.1.21/identity/v3/auth/tokens 0.062s
2025-11-24 19:55:42.605 66217 INFO tempest.lib.common.rest_client [req-fc46e932-6dec-4d1c-9d0b-c31122b2a2aa req-fc46e932-6dec-4d1c-9d0b-c31122b2a2aa ] Request (FloatingIPsNegativeTestJSON:tearDownClass): 204 DELETE http://10.180.1.21/networking/v2.0/security-groups/f4c9bb9b-f5c6-4ca2-bd2e-ed1866fed16a 0.506s
2025-11-24 19:55:42.623 66175 INFO tempest.lib.common.rest_client [req-bbc28b6e-deaf-44c0-bdeb-3c281a874e70 req-bbc28b6e-deaf-44c0-bdeb-3c281a874e70 ] Request (FlavorMetadataValidation:tearDownClass): 200 GET http://10.180.1.21/networking/v2.0/security-groups?tenant_id=c03b2148a0da4c83b3668976bd8c7687&name=default 1.489s
2025-11-24 19:55:42.630 66215 INFO tempest.lib.common.rest_client [req-2e1e8c93-17bb-4b9e-9c98-735cafe72405 req-2e1e8c93-17bb-4b9e-9c98-735cafe72405 ] Request (ServerDiagnosticsNegativeTest:test_get_server_diagnostics_by_non_admin): 200 GET http://10.180.1.21/compute/v2.1/servers/d5adeabb-8a96-48e6-ace8-5fae35cf060a 5.449s
2025-11-24 19:55:42.639 66215 INFO tempest.common.waiters [-] State transition "BUILD/scheduling" ==> "BUILD/None" after 6 second wait
2025-11-24 19:55:42.645 66235 INFO tempest.lib.common.rest_client [req-c69d5d18-543a-4592-ba99-7ac9a9059ee2 req-c69d5d18-543a-4592-ba99-7ac9a9059ee2 ] Request (ServersWithSpecificFlavorTestJSON:test_verify_created_server_ephemeral_disk): 200 GET http://10.180.1.21/compute/v2.1/flavors/42/os-extra_specs 3.219s
2025-11-24 19:55:42.663 66177 INFO tempest.lib.common.rest_client [req-8f720d55-1d6a-4533-8191-5082b686cabf req-8f720d55-1d6a-4533-8191-5082b686cabf ] Request (ServicesAdminNegativeV253TestJSON:test_get_service_by_invalid_service_and_valid_host): 200 GET http://10.180.1.21/compute/v2.1/os-services 2.970s
2025-11-24 19:55:42.669 66207 INFO tempest.lib.common.rest_client [req-9560646d-567a-4781-9756-817e1785ac12 req-9560646d-567a-4781-9756-817e1785ac12 ] Request (KeyPairsNegativeTestJSON:test_create_keypair_with_empty_name_string): 400 POST http://10.180.1.21/compute/v2.1/os-keypairs 2.962s
2025-11-24 19:55:42.672 66217 INFO tempest.lib.common.rest_client [req-416b645b-b55a-4851-8d61-3973bf88a6d7 req-416b645b-b55a-4851-8d61-3973bf88a6d7 ] Request (FloatingIPsNegativeTestJSON:tearDownClass): 204 DELETE http://10.180.1.21/identity/v3/projects/211e62467c8b4771b1624e4d99803ecf 0.067s
2025-11-24 19:55:42.673 66217 INFO tempest.test [-] raised in ServerStableDeviceRescueTest.setUpClass. Invoking tearDownClass.
2025-11-24 19:55:42.706 66231 INFO tempest.lib.common.rest_client [req-3d782b8d-d9be-4d89-95ae-971f4eb38c1f req-3d782b8d-d9be-4d89-95ae-971f4eb38c1f ] Request (QuotaClassesAdminTestJSON:tearDownClass): 204 DELETE http://10.180.1.21/networking/v2.0/security-groups/1d3fba24-7853-46ae-9184-9d811041779d 0.316s
2025-11-24 19:55:42.731 66223 INFO tempest.lib.common.rest_client [req-7af3b3e8-5831-482b-9078-7b5430fd3057 req-7af3b3e8-5831-482b-9078-7b5430fd3057 ] Request (MigrationsAdminTest:test_list_migrations_in_flavor_resize_situation): 200 GET http://10.180.1.21/compute/v2.1/servers/d09c29cd-167e-4576-a3b5-0685d2283f80 3.453s
2025-11-24 19:55:42.743 66217 INFO tempest.lib.common.rest_client [req-35219a19-6a9c-4086-bc8f-5de1d4268b7a req-35219a19-6a9c-4086-bc8f-5de1d4268b7a ] Request (ServersListShow296Test:setUpClass): 201 POST http://10.180.1.21/identity/v3/auth/tokens 0.065s
2025-11-24 19:55:42.816 66231 INFO tempest.lib.common.rest_client [req-9defadbf-c114-4aa0-a4e7-11bcebec9426 req-9defadbf-c114-4aa0-a4e7-11bcebec9426 ] Request (QuotaClassesAdminTestJSON:tearDownClass): 204 DELETE http://10.180.1.21/identity/v3/projects/a7291ced0b2a48bc96942bf4baac5dfa 0.110s
2025-11-24 19:55:42.817 66231 INFO tempest.lib.common.dynamic_creds [-] Deleting project and security group for project: b2a5e83cbfaa454998317e9e611e0559
2025-11-24 19:55:42.852 66225 INFO tempest.lib.common.rest_client [req-88510405-c14a-4a09-8c3a-d7edeb4f660b req-88510405-c14a-4a09-8c3a-d7edeb4f660b ] Request (InstanceUsageAuditLogNegativeTestJSON:test_get_instance_usage_audit_logs_with_invalid_time): 400 GET http://10.180.1.21/compute/v2.1/os-instance_usage_audit_log/invalid_time 2.676s
2025-11-24 19:55:42.887 66217 INFO tempest.lib.common.rest_client [req-1add9388-cb94-4879-9f6a-025475865549 req-1add9388-cb94-4879-9f6a-025475865549 ] Request (ServersListShow296Test:setUpClass): 201 POST http://10.180.1.21/identity/v3/auth/tokens 0.141s
2025-11-24 19:55:42.916 66217 INFO tempest.lib.common.rest_client [req-aff897c7-e7f2-4a58-9cf6-007516c550b8 req-aff897c7-e7f2-4a58-9cf6-007516c550b8 ] Request (ServersListShow296Test:setUpClass): 200 GET http://10.180.1.21/identity/v3/domains?name=Default 0.028s
2025-11-24 19:55:42.948 66217 INFO tempest.lib.common.rest_client [req-42a8d07a-9fb2-4100-8efc-17b9d9977c23 req-42a8d07a-9fb2-4100-8efc-17b9d9977c23 ] Request (ServersListShow296Test:setUpClass): 201 POST http://10.180.1.21/identity/v3/projects 0.032s
2025-11-24 19:55:43.045 66217 INFO tempest.lib.common.rest_client [req-d50878d9-a70c-446c-ad71-a2213be76df1 req-d50878d9-a70c-446c-ad71-a2213be76df1 ] Request (ServersListShow296Test:setUpClass): 201 POST http://10.180.1.21/identity/v3/users 0.096s
2025-11-24 19:55:43.080 66217 INFO tempest.lib.common.rest_client [req-cf46ec08-8fc9-4b5f-b679-d06c0fdd04f0 req-cf46ec08-8fc9-4b5f-b679-d06c0fdd04f0 ] Request (ServersListShow296Test:setUpClass): 200 GET http://10.180.1.21/identity/v3/roles 0.034s
2025-11-24 19:55:43.092 66199 INFO tempest.lib.common.rest_client [req-d74623e9-2c72-4500-9681-7a3b1b13686d req-d74623e9-2c72-4500-9681-7a3b1b13686d ] Request (FlavorsAccessNegativeTestJSON:_run_cleanups): 200 POST http://10.180.1.21/compute/v2.1/flavors/1906941814/action 2.437s
2025-11-24 19:55:43.127 66217 INFO tempest.lib.common.rest_client [req-0910143b-2156-4e92-a505-c18633282d7f req-0910143b-2156-4e92-a505-c18633282d7f ] Request (ServersListShow296Test:setUpClass): 204 PUT http://10.180.1.21/identity/v3/projects/5a2b4d062d6c447685f1d72bf8d559ac/users/354a733db0af433fbd0568afcf06154d/roles/2525bddd4d5a4148aac33bd193386849 0.046s
2025-11-24 19:55:43.128 66217 INFO tempest.lib.common.dynamic_creds [-] Dynamic test user 354a733db0af433fbd0568afcf06154d is created with scope project and roles: ['member']
2025-11-24 19:55:43.129 66217 INFO tempest.lib.common.dynamic_creds [-] Acquired dynamic creds: credentials: Credentials: {'domain_id': 'default', 'domain_name': 'Default', 'username': 'tempest-ServersListShow296Test-1211782977-project-member', 'project_domain_id': 'default', 'project_domain_name': 'Default', 'project_id': '5a2b4d062d6c447685f1d72bf8d559ac', 'project_name': 'tempest-ServersListShow296Test-1211782977', 'tenant_id': '5a2b4d062d6c447685f1d72bf8d559ac', 'tenant_name': 'tempest-ServersListShow296Test-1211782977', 'user_domain_id': 'default', 'user_domain_name': 'Default', 'user_id': '354a733db0af433fbd0568afcf06154d', 'system': None}, Network: None, Subnet: None, Router: None
2025-11-24 19:55:43.129 66217 INFO tempest.lib.common.dynamic_creds [-] Created isolated network resources for: credentials: Credentials: {'domain_id': 'default', 'domain_name': 'Default', 'username': 'tempest-ServersListShow296Test-1211782977-project-member', 'project_domain_id': 'default', 'project_domain_name': 'Default', 'project_id': '5a2b4d062d6c447685f1d72bf8d559ac', 'project_name': 'tempest-ServersListShow296Test-1211782977', 'tenant_id': '5a2b4d062d6c447685f1d72bf8d559ac', 'tenant_name': 'tempest-ServersListShow296Test-1211782977', 'user_domain_id': 'default', 'user_domain_name': 'Default', 'user_id': '354a733db0af433fbd0568afcf06154d', 'system': None}, Network: None, Subnet: None, Router: None
2025-11-24 19:55:43.174 66205 INFO tempest.lib.common.rest_client [req-973a0c75-0d64-4419-a416-e77b36669870 req-973a0c75-0d64-4419-a416-e77b36669870 ] Request (VolumesAssistedSnapshotsTest:test_volume_assisted_snapshot_create_delete): 201 POST http://10.180.1.21/networking/v2.0/floatingips 0.927s
2025-11-24 19:55:43.228 66217 INFO tempest.lib.common.rest_client [req-ab73c4b9-21d6-4e53-bca6-38535dfb9bcf req-ab73c4b9-21d6-4e53-bca6-38535dfb9bcf ] Request (ServersListShow296Test:setUpClass): 201 POST http://10.180.1.21/identity/v3/auth/tokens 0.095s
2025-11-24 19:55:43.288 66205 INFO tempest.lib.common.rest_client [req-abdba751-0419-414e-8ffc-73ff89bf8b64 req-abdba751-0419-414e-8ffc-73ff89bf8b64 ] Request (VolumesAssistedSnapshotsTest:test_volume_assisted_snapshot_create_delete): 201 POST http://10.180.1.21/identity/v3/auth/tokens 0.110s
2025-11-24 19:55:43.288 66205 INFO tempest.lib.common.fixed_network [-] (VolumesAssistedSnapshotsTest:test_volume_assisted_snapshot_create_delete) Found network {'id': 'cfd1e365-29d4-45fd-81ee-6ec8aa49c7d7', 'name': 'tempest-VolumesAssistedSnapshotsTest-676315682-network', 'tenant_id': '26765de7a0f84c77abdc10e87f6c1864', 'project_id': '26765de7a0f84c77abdc10e87f6c1864', 'admin_state_up': True, 'mtu': 8950, 'status': 'ACTIVE', 'subnets': [], 'shared': False, 'port_security_enabled': True, 'router:external': False, 'provider:network_type': 'vlan', 'provider:physical_network': 'default', 'provider:segmentation_id': 28, 'availability_zone_hints': [], 'availability_zones': [], 'ipv4_address_scope': None, 'ipv6_address_scope': None, 'description': '', 'tags': [], 'created_at': '2025-11-24T19:55:20Z', 'updated_at': '2025-11-24T19:55:20Z', 'revision_number': 1} available for tenant
2025-11-24 19:55:43.314 66217 INFO tempest.lib.common.rest_client [req-95e60897-47cb-4f15-8b24-8bd15a49a74e req-95e60897-47cb-4f15-8b24-8bd15a49a74e ] Request (ServersListShow296Test:test_list_show_update_rebuild_server_296): 201 POST http://10.180.1.21/identity/v3/auth/tokens 0.081s
2025-11-24 19:55:43.314 66217 INFO tempest.lib.common.fixed_network [-] (ServersListShow296Test:test_list_show_update_rebuild_server_296) Found network None available for tenant
2025-11-24 19:55:43.396 66227 INFO tempest.lib.common.rest_client [req-735ba105-4df8-4bea-82c8-f190920cdefe req-735ba105-4df8-4bea-82c8-f190920cdefe ] Request (ServicesAdminTestJSON:tearDownClass): 200 GET http://10.180.1.21/networking/v2.0/security-groups?tenant_id=0b471c13fb4644c9baf1f1e9d497768f&name=default 0.895s
2025-11-24 19:55:43.530 66175 INFO tempest.lib.common.rest_client [req-e75b438e-06f8-4dec-bb9d-ec29b10a1411 req-e75b438e-06f8-4dec-bb9d-ec29b10a1411 ] Request (FlavorMetadataValidation:tearDownClass): 204 DELETE http://10.180.1.21/networking/v2.0/security-groups/d8fd7b20-70ee-467f-b1a0-c7baedaed12d 0.906s
2025-11-24 19:55:43.568 66183 INFO tempest.lib.common.rest_client [req-b1221e29-19f2-43ee-b168-7b1183ea4130 req-b1221e29-19f2-43ee-b168-7b1183ea4130 ] Request (ServerActionsTestOtherB:setUpClass): 201 POST http://10.180.1.21/networking/v2.0/routers 1.084s
2025-11-24 19:55:43.626 66175 INFO tempest.lib.common.rest_client [req-4c26fdcb-417d-4e73-9005-e0a083eb4daa req-4c26fdcb-417d-4e73-9005-e0a083eb4daa ] Request (FlavorMetadataValidation:tearDownClass): 204 DELETE http://10.180.1.21/identity/v3/projects/c03b2148a0da4c83b3668976bd8c7687 0.095s
2025-11-24 19:55:43.626 66175 INFO tempest.lib.common.dynamic_creds [-] Deleting project and security group for project: 48cd6559b180444db07e14f7005f56ee
2025-11-24 19:55:43.693 66231 INFO tempest.lib.common.rest_client [req-fbd7103b-f777-49f9-9609-3dbcb1dde7cd req-fbd7103b-f777-49f9-9609-3dbcb1dde7cd ] Request (QuotaClassesAdminTestJSON:tearDownClass): 200 GET http://10.180.1.21/networking/v2.0/security-groups?tenant_id=b2a5e83cbfaa454998317e9e611e0559&name=default 0.876s
2025-11-24 19:55:43.788 66227 INFO tempest.lib.common.rest_client [req-4f01b185-be75-43e8-8617-fb4a740cafb5 req-4f01b185-be75-43e8-8617-fb4a740cafb5 ] Request (ServicesAdminTestJSON:tearDownClass): 204 DELETE http://10.180.1.21/networking/v2.0/security-groups/1e8891d3-2de4-44b5-b026-ed26779c8eed 0.391s
2025-11-24 19:55:43.850 66203 INFO tempest.lib.common.rest_client [req-cfe30514-5e92-47c9-9295-26146957f699 req-cfe30514-5e92-47c9-9295-26146957f699 ] Request (ImagesNegativeTestJSON:test_create_image_from_deleted_server): 200 GET http://10.180.1.21/compute/v2.1/servers/0b84712e-4932-46a7-8021-4dff60985732 3.647s
2025-11-24 19:55:43.878 66173 INFO tempest.lib.common.rest_client [req-fb366585-4f57-4cdd-bf95-4bc00561cd18 req-fb366585-4f57-4cdd-bf95-4bc00561cd18 ] Request (ServicesAdminNegativeTestJSON:test_get_service_with_valid_service_and_invalid_host): 200 GET http://10.180.1.21/compute/v2.1/os-services 3.199s
2025-11-24 19:55:43.905 66181 INFO tempest.lib.common.rest_client [req-00188702-ccb2-4a60-8c66-b06b697c20e2 req-00188702-ccb2-4a60-8c66-b06b697c20e2 ] Request (FlavorsV255TestJSON:_run_cleanups): 202 DELETE http://10.180.1.21/compute/v2.1/flavors/781525334 3.197s
2025-11-24 19:55:43.921 66195 INFO tempest.lib.common.rest_client [req-1205ffba-4070-42f7-9971-250e4b0fe6ea req-1205ffba-4070-42f7-9971-250e4b0fe6ea ] Request (FlavorsExtraSpecsTestJSON:test_flavor_non_admin_get_specific_key): 200 GET http://10.180.1.21/compute/v2.1/flavors/1212115530/os-extra_specs/hw:numa_nodes 3.197s
2025-11-24 19:55:43.922 66227 INFO tempest.lib.common.rest_client [req-a1ee0dc3-8d6e-41c0-9ef3-dd554c862229 req-a1ee0dc3-8d6e-41c0-9ef3-dd554c862229 ] Request (ServicesAdminTestJSON:tearDownClass): 204 DELETE http://10.180.1.21/identity/v3/projects/0b471c13fb4644c9baf1f1e9d497768f 0.134s
2025-11-24 19:55:43.923 66227 INFO tempest.lib.common.dynamic_creds [-] Deleting project and security group for project: 19e3ebd8bc7a43e1993a20ce48f493ad
2025-11-24 19:55:44.019 66175 INFO tempest.lib.common.rest_client [req-ba62b3dc-dd07-4cc9-9fbc-018c76d1f82e req-ba62b3dc-dd07-4cc9-9fbc-018c76d1f82e ] Request (FlavorMetadataValidation:tearDownClass): 200 GET http://10.180.1.21/networking/v2.0/security-groups?tenant_id=48cd6559b180444db07e14f7005f56ee&name=default 0.393s
2025-11-24 19:55:44.163 66231 INFO tempest.lib.common.rest_client [req-e1b05bc9-5b5f-47af-b0eb-a9968741117f req-e1b05bc9-5b5f-47af-b0eb-a9968741117f ] Request (QuotaClassesAdminTestJSON:tearDownClass): 204 DELETE http://10.180.1.21/networking/v2.0/security-groups/efb1b4e8-ae03-486b-b2da-4cec7c903cdc 0.469s
2025-11-24 19:55:44.200 66185 INFO tempest.lib.common.rest_client [req-6264e3e9-d466-4398-bbb8-013e7e9e9870 req-6264e3e9-d466-4398-bbb8-013e7e9e9870 ] Request (DeleteServersAdminTestJSON:test_admin_delete_servers_of_others): 200 GET http://10.180.1.21/compute/v2.1/servers/8f2629e4-1b82-40a0-9f6c-391c10869b1a 3.527s
2025-11-24 19:55:44.210 66185 INFO tempest.common.waiters [-] State transition "BUILD/block_device_mapping" ==> "BUILD/spawning" after 9 second wait
2025-11-24 19:55:44.252 66219 INFO tempest.lib.common.rest_client [req-a4043c27-869d-4526-a47c-5161ad14148a req-a4043c27-869d-4526-a47c-5161ad14148a ] Request (AggregatesAdminNegativeTestJSON:_run_cleanups): 200 POST http://10.180.1.21/compute/v2.1/os-aggregates/1/action 3.470s
2025-11-24 19:55:44.280 66231 INFO tempest.lib.common.rest_client [req-f80fbbdc-5af2-483b-bafa-75fe35461be0 req-f80fbbdc-5af2-483b-bafa-75fe35461be0 ] Request (QuotaClassesAdminTestJSON:tearDownClass): 204 DELETE http://10.180.1.21/identity/v3/projects/b2a5e83cbfaa454998317e9e611e0559 0.116s
2025-11-24 19:55:44.350 66231 INFO tempest.lib.common.rest_client [req-300e8661-4976-43f8-9776-04c086b3002f req-300e8661-4976-43f8-9776-04c086b3002f ] Request (QuotasAdminNegativeTest:setUpClass): 201 POST http://10.180.1.21/identity/v3/auth/tokens 0.069s
2025-11-24 19:55:44.382 66231 INFO tempest.lib.common.rest_client [req-3ce6e421-3484-4723-9723-6cab2f82c918 req-3ce6e421-3484-4723-9723-6cab2f82c918 ] Request (QuotasAdminNegativeTest:setUpClass): 201 POST http://10.180.1.21/identity/v3/auth/tokens 0.028s
2025-11-24 19:55:44.406 66231 INFO tempest.lib.common.rest_client [req-4c8ea86a-622b-414a-b935-9eed69a47a97 req-4c8ea86a-622b-414a-b935-9eed69a47a97 ] Request (QuotasAdminNegativeTest:setUpClass): 200 GET http://10.180.1.21/identity/v3/domains?name=Default 0.023s
2025-11-24 19:55:44.441 66231 INFO tempest.lib.common.rest_client [req-506027d1-4205-4e20-ba4d-d43cec9d80fb req-506027d1-4205-4e20-ba4d-d43cec9d80fb ] Request (QuotasAdminNegativeTest:setUpClass): 201 POST http://10.180.1.21/identity/v3/projects 0.034s
2025-11-24 19:55:44.443 66193 INFO tempest.lib.common.rest_client [req-cb296eca-9211-41ad-b8b0-c8406097e546 req-cb296eca-9211-41ad-b8b0-c8406097e546 ] Request (QuotasAdminTestV257:test_get_updated_quotas): 200 PUT http://10.180.1.21/compute/v2.1/os-quota-sets/dd6a30cd03da4224a7884b2a9d3749e5 3.566s
2025-11-24 19:55:44.507 66231 INFO tempest.lib.common.rest_client [req-81f0bb93-cdf6-4b7f-8e59-465fc2d7fb2d req-81f0bb93-cdf6-4b7f-8e59-465fc2d7fb2d ] Request (QuotasAdminNegativeTest:setUpClass): 201 POST http://10.180.1.21/identity/v3/users 0.066s
2025-11-24 19:55:44.534 66231 INFO tempest.lib.common.rest_client [req-51113e86-2da0-484d-83f4-a0bcd12c6cbf req-51113e86-2da0-484d-83f4-a0bcd12c6cbf ] Request (QuotasAdminNegativeTest:setUpClass): 200 GET http://10.180.1.21/identity/v3/roles 0.026s
2025-11-24 19:55:44.567 66231 INFO tempest.lib.common.rest_client [req-69955b67-ce64-4732-b4b4-e4ff1697ff66 req-69955b67-ce64-4732-b4b4-e4ff1697ff66 ] Request (QuotasAdminNegativeTest:setUpClass): 204 PUT http://10.180.1.21/identity/v3/projects/1d5ce79309494c2faa14d231651f45df/users/a1a5ebbb651a4a4daa1f86d2deaf997c/roles/2525bddd4d5a4148aac33bd193386849 0.032s
2025-11-24 19:55:44.567 66231 INFO tempest.lib.common.dynamic_creds [-] Dynamic test user a1a5ebbb651a4a4daa1f86d2deaf997c is created with scope project and roles: ['member']
2025-11-24 19:55:44.567 66231 INFO tempest.lib.common.dynamic_creds [-] Acquired dynamic creds: credentials: Credentials: {'domain_id': 'default', 'domain_name': 'Default', 'username': 'tempest-QuotasAdminNegativeTest-1543364271-project-member', 'project_domain_id': 'default', 'project_domain_name': 'Default', 'project_id': '1d5ce79309494c2faa14d231651f45df', 'project_name': 'tempest-QuotasAdminNegativeTest-1543364271', 'tenant_id': '1d5ce79309494c2faa14d231651f45df', 'tenant_name': 'tempest-QuotasAdminNegativeTest-1543364271', 'user_domain_id': 'default', 'user_domain_name': 'Default', 'user_id': 'a1a5ebbb651a4a4daa1f86d2deaf997c', 'system': None}, Network: None, Subnet: None, Router: None
2025-11-24 19:55:44.567 66231 INFO tempest.lib.common.dynamic_creds [-] Created isolated network resources for: credentials: Credentials: {'domain_id': 'default', 'domain_name': 'Default', 'username': 'tempest-QuotasAdminNegativeTest-1543364271-project-member', 'project_domain_id': 'default', 'project_domain_name': 'Default', 'project_id': '1d5ce79309494c2faa14d231651f45df', 'project_name': 'tempest-QuotasAdminNegativeTest-1543364271', 'tenant_id': '1d5ce79309494c2faa14d231651f45df', 'tenant_name': 'tempest-QuotasAdminNegativeTest-1543364271', 'user_domain_id': 'default', 'user_domain_name': 'Default', 'user_id': 'a1a5ebbb651a4a4daa1f86d2deaf997c', 'system': None}, Network: None, Subnet: None, Router: None
2025-11-24 19:55:44.655 66183 INFO tempest.lib.common.rest_client [req-dbd65e85-6b74-4538-9aba-027145d4bfe8 req-dbd65e85-6b74-4538-9aba-027145d4bfe8 ] Request (ServerActionsTestOtherB:setUpClass): 200 PUT http://10.180.1.21/networking/v2.0/routers/9d23a40d-b3f3-4e92-bc94-cb882211a871/add_router_interface 1.086s
2025-11-24 19:55:44.655 66183 INFO tempest.lib.common.dynamic_creds [-] Created isolated network resources for: credentials: Credentials: {'domain_id': 'default', 'domain_name': 'Default', 'username': 'tempest-ServerActionsTestOtherB-1099767447-project-member', 'project_domain_id': 'default', 'project_domain_name': 'Default', 'project_id': 'b580c192f3774f3c86e4519b48c02e89', 'project_name': 'tempest-ServerActionsTestOtherB-1099767447', 'tenant_id': 'b580c192f3774f3c86e4519b48c02e89', 'tenant_name': 'tempest-ServerActionsTestOtherB-1099767447', 'user_domain_id': 'default', 'user_domain_name': 'Default', 'user_id': 'edc45fe4319443d195ce8605d1f74e0f', 'system': None}, Network: {'id': '8c9dee05-76d5-46b5-b873-082c452290cd', 'name': 'tempest-ServerActionsTestOtherB-136416281-network', 'tenant_id': 'b580c192f3774f3c86e4519b48c02e89', 'project_id': 'b580c192f3774f3c86e4519b48c02e89', 'admin_state_up': True, 'mtu': 8950, 'status': 'ACTIVE', 'subnets': [], 'shared': False, 'port_security_enabled': True, 'router:external': False, 'provider:network_type': 'vlan', 'provider:physical_network': 'default', 'provider:segmentation_id': 93, 'availability_zone_hints': [], 'availability_zones': [], 'ipv4_address_scope': None, 'ipv6_address_scope': None, 'description': '', 'tags': [], 'created_at': '2025-11-24T19:55:40Z', 'updated_at': '2025-11-24T19:55:40Z', 'revision_number': 1}, Subnet: {'id': '95fc8213-2f17-4435-9832-2993dd960af4', 'name': 'tempest-ServerActionsTestOtherB-136416281-subnet', 'tenant_id': 'b580c192f3774f3c86e4519b48c02e89', 'network_id': '8c9dee05-76d5-46b5-b873-082c452290cd', 'ip_version': 4, 'subnetpool_id': None, 'enable_dhcp': True, 'ipv6_ra_mode': None, 'ipv6_address_mode': None, 'gateway_ip': '192.168.128.1', 'cidr': '192.168.128.0/28', 'allocation_pools': [{'start': '192.168.128.2', 'end': '192.168.128.14'}], 'host_routes': [], 'dns_nameservers': [], 'description': '', 'router:external': False, 'service_types': [], 'tags': [], 'created_at': '2025-11-24T19:55:42Z', 'updated_at': '2025-11-24T19:55:42Z', 'revision_number': 0, 'project_id': 'b580c192f3774f3c86e4519b48c02e89'}, Router: {'id': '9d23a40d-b3f3-4e92-bc94-cb882211a871', 'name': 'tempest-ServerActionsTestOtherB-136416281-router', 'tenant_id': 'b580c192f3774f3c86e4519b48c02e89', 'admin_state_up': True, 'status': 'ACTIVE', 'external_gateway_info': {'network_id': '9154d845-d937-4d2f-bc28-5f70988f05c7', 'external_fixed_ips': [{'subnet_id': '23fad2bd-e926-45d5-b98e-d53162ed844a', 'ip_address': '10.180.180.138'}], 'enable_snat': True}, 'description': '', 'availability_zones': [], 'distributed': False, 'ha': False, 'availability_zone_hints': [], 'routes': [], 'flavor_id': None, 'tags': [], 'created_at': '2025-11-24T19:55:42Z', 'updated_at': '2025-11-24T19:55:43Z', 'revision_number': 2, 'project_id': 'b580c192f3774f3c86e4519b48c02e89'}
2025-11-24 19:55:44.679 66231 INFO tempest.lib.common.rest_client [req-13e32e6d-75f5-4733-9b9e-ab1fe66303eb req-13e32e6d-75f5-4733-9b9e-ab1fe66303eb ] Request (QuotasAdminNegativeTest:setUpClass): 201 POST http://10.180.1.21/identity/v3/auth/tokens 0.105s
2025-11-24 19:55:44.698 66227 INFO tempest.lib.common.rest_client [req-958f29d3-cbf7-4e1d-80db-d0dfc1f5b7ec req-958f29d3-cbf7-4e1d-80db-d0dfc1f5b7ec ] Request (ServicesAdminTestJSON:tearDownClass): 200 GET http://10.180.1.21/networking/v2.0/security-groups?tenant_id=19e3ebd8bc7a43e1993a20ce48f493ad&name=default 0.774s
2025-11-24 19:55:44.737 66183 INFO tempest.lib.common.rest_client [req-afb77c74-0dc5-45af-9236-ee52faa4c0da req-afb77c74-0dc5-45af-9236-ee52faa4c0da ] Request (ServerActionsTestOtherB:setUpClass): 201 POST http://10.180.1.21/identity/v3/auth/tokens 0.077s
2025-11-24 19:55:44.753 66175 INFO tempest.lib.common.rest_client [req-ef79becc-c10e-4bf5-a3b7-1237c4458def req-ef79becc-c10e-4bf5-a3b7-1237c4458def ] Request (FlavorMetadataValidation:tearDownClass): 204 DELETE http://10.180.1.21/networking/v2.0/security-groups/1f65f42c-63f6-44ef-851f-4b9e8db6b9bd 0.734s
2025-11-24 19:55:44.756 66231 INFO tempest.lib.common.rest_client [req-3032b313-7bc8-4147-a380-5e0db399142b req-3032b313-7bc8-4147-a380-5e0db399142b ] Request (QuotasAdminNegativeTest:setUpClass): 201 POST http://10.180.1.21/identity/v3/projects 0.076s
2025-11-24 19:55:44.760 66189 INFO tempest.lib.common.rest_client [req-6a232d11-26f6-4de8-bb41-326410d08378 req-6a232d11-26f6-4de8-bb41-326410d08378 ] Request (ServersAdmin275Test:test_rebuild_update_server_275): 200 GET http://10.180.1.21/compute/v2.1/servers/a0e6a4b2-c571-411e-8f07-1bf2c7c5801b 3.319s
2025-11-24 19:55:44.776 66209 INFO tempest.lib.common.rest_client [req-bdd8d0b8-73e8-4fc1-b603-36dbebae1e99 req-bdd8d0b8-73e8-4fc1-b603-36dbebae1e99 ] Request (ServerDiagnosticsV248Test:test_get_server_diagnostics): 200 GET http://10.180.1.21/compute/v2.1/servers/d37e82b4-5b97-43d5-890c-faab60d7cea9 3.327s
2025-11-24 19:55:44.787 66209 INFO tempest.common.waiters [-] State transition "BUILD/None" ==> "BUILD/spawning" after 9 second wait
2025-11-24 19:55:44.790 66191 INFO tempest.lib.common.rest_client [req-f93c2155-de13-43ab-92e1-e6caf2754f6c req-f93c2155-de13-43ab-92e1-e6caf2754f6c ] Request (KeyPairsV210TestJSON:test_admin_manage_keypairs_for_other_users): 200 GET http://10.180.1.21/compute/v2.1/os-keypairs?user_id=1d574b643e524a80a5dc4be2db28778d 2.603s
2025-11-24 19:55:44.830 66231 INFO tempest.lib.common.rest_client [req-9f9e6df6-22f0-4cf4-88cc-02ebf2fd3f81 req-9f9e6df6-22f0-4cf4-88cc-02ebf2fd3f81 ] Request (QuotasAdminNegativeTest:setUpClass): 201 POST http://10.180.1.21/identity/v3/users 0.074s
2025-11-24 19:55:44.852 66175 INFO tempest.lib.common.rest_client [req-6f8f4625-9b7f-4524-acb9-655110c9e671 req-6f8f4625-9b7f-4524-acb9-655110c9e671 ] Request (FlavorMetadataValidation:tearDownClass): 204 DELETE http://10.180.1.21/identity/v3/projects/48cd6559b180444db07e14f7005f56ee 0.099s
2025-11-24 19:55:44.884 66227 INFO tempest.lib.common.rest_client [req-df76ee98-8bb4-4be7-bf4c-6bf373187709 req-df76ee98-8bb4-4be7-bf4c-6bf373187709 ] Request (ServicesAdminTestJSON:tearDownClass): 204 DELETE http://10.180.1.21/networking/v2.0/security-groups/ab121896-fe14-4e69-80e8-043a1aa41bf9 0.185s
2025-11-24 19:55:44.992 66221 INFO tempest.lib.common.rest_client [req-e99e96e1-2aaf-4d93-a71a-c613b1f9524d req-e99e96e1-2aaf-4d93-a71a-c613b1f9524d ] Request (FloatingIPDetailsNegativeTestJSON:test_get_nonexistent_floating_ip_details): 404 GET http://10.180.1.21/compute/v2.1/os-floating-ips/65050bf6-9718-4a22-b2b0-b0be6d704e3f 2.806s
2025-11-24 19:55:45.004 66201 INFO tempest.lib.common.rest_client [req-0d5d5c45-1152-4842-95e0-405b69a4973c req-0d5d5c45-1152-4842-95e0-405b69a4973c ] Request (HypervisorAdminNegativeTestJSON:test_get_hypervisor_uptime_with_non_admin_user): 200 GET http://10.180.1.21/compute/v2.1/os-hypervisors 2.832s
2025-11-24 19:55:45.009 66211 INFO tempest.lib.common.rest_client [req-224baded-0e2e-4695-baf1-b55128e18ad4 req-224baded-0e2e-4695-baf1-b55128e18ad4 ] Request (HypervisorAdminNegativeUnderV252Test:test_show_servers_with_non_admin_user): 403 GET http://10.180.1.21/compute/v2.1/os-hypervisors/1/servers 2.788s
2025-11-24 19:55:45.032 66233 INFO tempest.lib.common.rest_client [req-5da3d3d7-33ce-431d-84d0-2882578c37dc req-5da3d3d7-33ce-431d-84d0-2882578c37dc ] Request (FlavorsAdminTestJSON:test_create_flavor_verify_entry_in_list_details): 200 GET http://10.180.1.21/compute/v2.1/flavors/detail 2.834s
2025-11-24 19:55:45.037 66235 INFO tempest.lib.common.rest_client [req-369d8482-3d95-441b-a111-c971218c6564 req-369d8482-3d95-441b-a111-c971218c6564 ] Request (ServersWithSpecificFlavorTestJSON:test_verify_created_server_ephemeral_disk): 200 POST http://10.180.1.21/compute/v2.1/flavors/400089489/os-extra_specs 2.390s
2025-11-24 19:55:45.043 66231 INFO tempest.lib.common.rest_client [req-3ccd669c-8582-4535-ad7a-6e27a457c0c9 req-3ccd669c-8582-4535-ad7a-6e27a457c0c9 ] Request (QuotasAdminNegativeTest:setUpClass): 200 GET http://10.180.1.21/identity/v3/roles 0.212s
2025-11-24 19:55:45.043 66175 INFO tempest.lib.common.rest_client [req-f2cd152a-347a-42e4-8e4f-726d106c91c9 req-f2cd152a-347a-42e4-8e4f-726d106c91c9 ] Request (FloatingIPsTestJSON:setUpClass): 201 POST http://10.180.1.21/identity/v3/auth/tokens 0.189s
2025-11-24 19:55:45.062 66177 INFO tempest.lib.common.rest_client [req-8cc5bf90-29d0-4666-8500-c0490352a47a req-8cc5bf90-29d0-4666-8500-c0490352a47a ] Request (ServicesAdminNegativeV253TestJSON:test_get_service_by_invalid_service_and_valid_host): 200 GET http://10.180.1.21/compute/v2.1/os-services?host=devstack&binary=xxx 2.397s
2025-11-24 19:55:45.081 66231 INFO tempest.lib.common.rest_client [req-7ac7f284-19cd-47c3-91f7-11d80ea89b13 req-7ac7f284-19cd-47c3-91f7-11d80ea89b13 ] Request (QuotasAdminNegativeTest:setUpClass): 204 PUT http://10.180.1.21/identity/v3/projects/d1ce64f3a04d44afa3777c1f027a0d56/users/9f659dee3b514e3799c9af19ee1e204f/roles/48c4e0177d00420ab2bd19a24509a6ba 0.038s
2025-11-24 19:55:45.095 66207 INFO tempest.lib.common.rest_client [req-0cb0adba-5141-4f3b-b917-1741922b2664 req-0cb0adba-5141-4f3b-b917-1741922b2664 ] Request (KeyPairsNegativeTestJSON:test_create_keypair_with_empty_public_key): 400 POST http://10.180.1.21/compute/v2.1/os-keypairs 2.424s
2025-11-24 19:55:45.121 66199 INFO tempest.lib.common.rest_client [req-5aa77909-2844-4f4a-94d0-c50cdc37a372 req-5aa77909-2844-4f4a-94d0-c50cdc37a372 ] Request (FlavorsAccessNegativeTestJSON:_run_cleanups): 202 DELETE http://10.180.1.21/compute/v2.1/flavors/1906941814 2.027s
2025-11-24 19:55:45.133 66227 INFO tempest.lib.common.rest_client [req-749cd79a-d869-4309-84c1-c660eac3a47b req-749cd79a-d869-4309-84c1-c660eac3a47b ] Request (ServicesAdminTestJSON:tearDownClass): 204 DELETE http://10.180.1.21/identity/v3/projects/19e3ebd8bc7a43e1993a20ce48f493ad 0.249s
2025-11-24 19:55:45.153 66175 INFO tempest.lib.common.rest_client [req-267a7700-125f-4561-834f-01e3510d0d8a req-267a7700-125f-4561-834f-01e3510d0d8a ] Request (FloatingIPsTestJSON:setUpClass): 201 POST http://10.180.1.21/identity/v3/auth/tokens 0.106s
2025-11-24 19:55:45.180 66231 INFO tempest.lib.common.rest_client [req-e35fdcfe-088d-4fbf-96da-e4c1ae15e1b3 req-e35fdcfe-088d-4fbf-96da-e4c1ae15e1b3 ] Request (QuotasAdminNegativeTest:setUpClass): 200 GET http://10.180.1.21/identity/v3/roles 0.099s
2025-11-24 19:55:45.202 66227 INFO tempest.lib.common.rest_client [req-31e8098e-0ea5-4a42-b8e7-bb5c65854edc req-31e8098e-0ea5-4a42-b8e7-bb5c65854edc ] Request (MultipleCreateNegativeTestJSON:setUpClass): 201 POST http://10.180.1.21/identity/v3/auth/tokens 0.067s
2025-11-24 19:55:45.222 66175 INFO tempest.lib.common.rest_client [req-43c41b26-a222-4106-9c0e-66f20ea7aa25 req-43c41b26-a222-4106-9c0e-66f20ea7aa25 ] Request (FloatingIPsTestJSON:setUpClass): 200 GET http://10.180.1.21/identity/v3/domains?name=Default 0.068s
2025-11-24 19:55:45.235 66225 INFO tempest.lib.common.rest_client [req-40010352-2f11-461c-a921-19039d7edb06 req-40010352-2f11-461c-a921-19039d7edb06 ] Request (InstanceUsageAuditLogNegativeTestJSON:test_instance_usage_audit_logs_with_nonadmin_user): 403 GET http://10.180.1.21/compute/v2.1/os-instance_usage_audit_log 2.378s
2025-11-24 19:55:45.239 66231 INFO tempest.lib.common.rest_client [req-2397b7ca-5188-4de8-b599-a362f5f403b4 req-2397b7ca-5188-4de8-b599-a362f5f403b4 ] Request (QuotasAdminNegativeTest:setUpClass): 204 PUT http://10.180.1.21/identity/v3/projects/d1ce64f3a04d44afa3777c1f027a0d56/users/9f659dee3b514e3799c9af19ee1e204f/roles/48c4e0177d00420ab2bd19a24509a6ba 0.058s
2025-11-24 19:55:45.239 66231 INFO tempest.lib.common.dynamic_creds [-] Dynamic test user 9f659dee3b514e3799c9af19ee1e204f is created with scope project and roles: ['admin']
2025-11-24 19:55:45.239 66231 INFO tempest.lib.common.dynamic_creds [-] Acquired dynamic creds: credentials: Credentials: {'domain_id': 'default', 'domain_name': 'Default', 'username': 'tempest-QuotasAdminNegativeTest-585768339-project-admin', 'project_domain_id': 'default', 'project_domain_name': 'Default', 'project_id': 'd1ce64f3a04d44afa3777c1f027a0d56', 'project_name': 'tempest-QuotasAdminNegativeTest-585768339', 'tenant_id': 'd1ce64f3a04d44afa3777c1f027a0d56', 'tenant_name': 'tempest-QuotasAdminNegativeTest-585768339', 'user_domain_id': 'default', 'user_domain_name': 'Default', 'user_id': '9f659dee3b514e3799c9af19ee1e204f', 'system': None}, Network: None, Subnet: None, Router: None
2025-11-24 19:55:45.239 66231 INFO tempest.lib.common.dynamic_creds [-] Created isolated network resources for: credentials: Credentials: {'domain_id': 'default', 'domain_name': 'Default', 'username': 'tempest-QuotasAdminNegativeTest-585768339-project-admin', 'project_domain_id': 'default', 'project_domain_name': 'Default', 'project_id': 'd1ce64f3a04d44afa3777c1f027a0d56', 'project_name': 'tempest-QuotasAdminNegativeTest-585768339', 'tenant_id': 'd1ce64f3a04d44afa3777c1f027a0d56', 'tenant_name': 'tempest-QuotasAdminNegativeTest-585768339', 'user_domain_id': 'default', 'user_domain_name': 'Default', 'user_id': '9f659dee3b514e3799c9af19ee1e204f', 'system': None}, Network: None, Subnet: None, Router: None
2025-11-24 19:55:45.294 66227 INFO tempest.lib.common.rest_client [req-edc1cf0b-3b73-4594-a0c2-19bc78051559 req-edc1cf0b-3b73-4594-a0c2-19bc78051559 ] Request (MultipleCreateNegativeTestJSON:setUpClass): 201 POST http://10.180.1.21/identity/v3/auth/tokens 0.088s
2025-11-24 19:55:45.299 66175 INFO tempest.lib.common.rest_client [req-ca630fc3-fcc0-4eda-a36a-edd7fbfb4899 req-ca630fc3-fcc0-4eda-a36a-edd7fbfb4899 ] Request (FloatingIPsTestJSON:setUpClass): 201 POST http://10.180.1.21/identity/v3/projects 0.076s
2025-11-24 19:55:45.358 66227 INFO tempest.lib.common.rest_client [req-3525e541-27eb-47fa-86d3-ca09ad175103 req-3525e541-27eb-47fa-86d3-ca09ad175103 ] Request (MultipleCreateNegativeTestJSON:setUpClass): 200 GET http://10.180.1.21/identity/v3/domains?name=Default 0.063s
2025-11-24 19:55:45.382 66175 INFO tempest.lib.common.rest_client [req-b5fee4fc-7339-4fd0-a342-00a98f134417 req-b5fee4fc-7339-4fd0-a342-00a98f134417 ] Request (FloatingIPsTestJSON:setUpClass): 201 POST http://10.180.1.21/identity/v3/users 0.083s
2025-11-24 19:55:45.384 66231 INFO tempest.lib.common.rest_client [req-ef421aae-667a-4fb4-ad5a-181f66496bf8 req-ef421aae-667a-4fb4-ad5a-181f66496bf8 ] Request (QuotasAdminNegativeTest:setUpClass): 201 POST http://10.180.1.21/identity/v3/auth/tokens 0.142s
2025-11-24 19:55:45.387 66231 WARNING tempest.lib.common.rest_client [-] Deprecated: "tenant_id" property is deprecated for removal, use "project_id" instead
2025-11-24 19:55:45.407 66227 INFO tempest.lib.common.rest_client [req-abe18dfd-a756-409e-80e1-200147167543 req-abe18dfd-a756-409e-80e1-200147167543 ] Request (MultipleCreateNegativeTestJSON:setUpClass): 201 POST http://10.180.1.21/identity/v3/projects 0.048s
2025-11-24 19:55:45.409 66175 INFO tempest.lib.common.rest_client [req-6439dee2-0b4a-4989-99c1-45c300806113 req-6439dee2-0b4a-4989-99c1-45c300806113 ] Request (FloatingIPsTestJSON:setUpClass): 200 GET http://10.180.1.21/identity/v3/roles 0.024s
2025-11-24 19:55:45.469 66227 INFO tempest.lib.common.rest_client [req-f539cb2e-3e65-4252-86aa-2156466ead4a req-f539cb2e-3e65-4252-86aa-2156466ead4a ] Request (MultipleCreateNegativeTestJSON:setUpClass): 201 POST http://10.180.1.21/identity/v3/users 0.062s
2025-11-24 19:55:45.476 66175 INFO tempest.lib.common.rest_client [req-61a4287b-dc1b-470d-bdaf-f6e6c40768cf req-61a4287b-dc1b-470d-bdaf-f6e6c40768cf ] Request (FloatingIPsTestJSON:setUpClass): 204 PUT http://10.180.1.21/identity/v3/projects/50ce119822dc42d59271c1b581cd635b/users/34da3aaa9cee4c01b4ba8a50115978fd/roles/2525bddd4d5a4148aac33bd193386849 0.067s
2025-11-24 19:55:45.477 66175 INFO tempest.lib.common.dynamic_creds [-] Dynamic test user 34da3aaa9cee4c01b4ba8a50115978fd is created with scope project and roles: ['member']
2025-11-24 19:55:45.477 66175 INFO tempest.lib.common.dynamic_creds [-] Acquired dynamic creds: credentials: Credentials: {'domain_id': 'default', 'domain_name': 'Default', 'username': 'tempest-FloatingIPsTestJSON-555965720-project-member', 'project_domain_id': 'default', 'project_domain_name': 'Default', 'project_id': '50ce119822dc42d59271c1b581cd635b', 'project_name': 'tempest-FloatingIPsTestJSON-555965720', 'tenant_id': '50ce119822dc42d59271c1b581cd635b', 'tenant_name': 'tempest-FloatingIPsTestJSON-555965720', 'user_domain_id': 'default', 'user_domain_name': 'Default', 'user_id': '34da3aaa9cee4c01b4ba8a50115978fd', 'system': None}, Network: None, Subnet: None, Router: None
2025-11-24 19:55:45.529 66227 INFO tempest.lib.common.rest_client [req-8ba92667-f70c-460a-922b-c3c72f7be4e7 req-8ba92667-f70c-460a-922b-c3c72f7be4e7 ] Request (MultipleCreateNegativeTestJSON:setUpClass): 200 GET http://10.180.1.21/identity/v3/roles 0.060s
2025-11-24 19:55:45.545 66175 INFO tempest.lib.common.rest_client [req-0032979b-d6d1-4804-ae81-98b994a330ce req-0032979b-d6d1-4804-ae81-98b994a330ce ] Request (FloatingIPsTestJSON:setUpClass): 201 POST http://10.180.1.21/identity/v3/auth/tokens 0.067s
2025-11-24 19:55:45.556 66227 INFO tempest.lib.common.rest_client [req-b3468f3f-7245-4cc9-81c6-1399cc377627 req-b3468f3f-7245-4cc9-81c6-1399cc377627 ] Request (MultipleCreateNegativeTestJSON:setUpClass): 204 PUT http://10.180.1.21/identity/v3/projects/7c6c98539af64d1e9b994ad3581bb7f3/users/8fa3928c9896441f8ffcf5285c2cdfb8/roles/2525bddd4d5a4148aac33bd193386849 0.026s
2025-11-24 19:55:45.556 66227 INFO tempest.lib.common.dynamic_creds [-] Dynamic test user 8fa3928c9896441f8ffcf5285c2cdfb8 is created with scope project and roles: ['member']
2025-11-24 19:55:45.556 66227 INFO tempest.lib.common.dynamic_creds [-] Acquired dynamic creds: credentials: Credentials: {'domain_id': 'default', 'domain_name': 'Default', 'username': 'tempest-MultipleCreateNegativeTestJSON-234952133-project-member', 'project_domain_id': 'default', 'project_domain_name': 'Default', 'project_id': '7c6c98539af64d1e9b994ad3581bb7f3', 'project_name': 'tempest-MultipleCreateNegativeTestJSON-234952133', 'tenant_id': '7c6c98539af64d1e9b994ad3581bb7f3', 'tenant_name': 'tempest-MultipleCreateNegativeTestJSON-234952133', 'user_domain_id': 'default', 'user_domain_name': 'Default', 'user_id': '8fa3928c9896441f8ffcf5285c2cdfb8', 'system': None}, Network: None, Subnet: None, Router: None
2025-11-24 19:55:45.556 66227 INFO tempest.lib.common.dynamic_creds [-] Created isolated network resources for: credentials: Credentials: {'domain_id': 'default', 'domain_name': 'Default', 'username': 'tempest-MultipleCreateNegativeTestJSON-234952133-project-member', 'project_domain_id': 'default', 'project_domain_name': 'Default', 'project_id': '7c6c98539af64d1e9b994ad3581bb7f3', 'project_name': 'tempest-MultipleCreateNegativeTestJSON-234952133', 'tenant_id': '7c6c98539af64d1e9b994ad3581bb7f3', 'tenant_name': 'tempest-MultipleCreateNegativeTestJSON-234952133', 'user_domain_id': 'default', 'user_domain_name': 'Default', 'user_id': '8fa3928c9896441f8ffcf5285c2cdfb8', 'system': None}, Network: None, Subnet: None, Router: None
2025-11-24 19:55:45.635 66227 INFO tempest.lib.common.rest_client [req-807c8a4e-6711-4326-89bf-20e0be471ab8 req-807c8a4e-6711-4326-89bf-20e0be471ab8 ] Request (MultipleCreateNegativeTestJSON:setUpClass): 201 POST http://10.180.1.21/identity/v3/auth/tokens 0.076s
2025-11-24 19:55:45.666 66227 INFO tempest.lib.common.rest_client [req-2dad0b03-010c-40b2-86f2-acd2283ac652 req-2dad0b03-010c-40b2-86f2-acd2283ac652 ] Request (MultipleCreateNegativeTestJSON:test_max_count_less_than_min_count): 201 POST http://10.180.1.21/identity/v3/auth/tokens 0.027s
2025-11-24 19:55:45.667 66227 INFO tempest.lib.common.fixed_network [-] (MultipleCreateNegativeTestJSON:test_max_count_less_than_min_count) Found network None available for tenant
2025-11-24 19:55:45.812 66221 INFO tempest.lib.common.rest_client [req-77916abd-1218-48bf-8b40-a966a1c6dfef req-77916abd-1218-48bf-8b40-a966a1c6dfef ] Request (FloatingIPDetailsNegativeTestJSON:tearDownClass): 200 PUT http://10.180.1.21/networking/v2.0/routers/06a938f1-b003-4397-a565-5522ef450f82/remove_router_interface 0.817s
2025-11-24 19:55:45.882 66179 INFO tempest.lib.common.rest_client [req-4f6e9dfc-4e30-418d-9a06-19461b4bd848 req-4f6e9dfc-4e30-418d-9a06-19461b4bd848 ] Request (ServersAaction247Test:test_create_backup): 200 GET http://10.180.1.21/compute/v2.1/servers/a4f9777b-207d-4fe8-b937-e5ec6c33e512 2.733s
2025-11-24 19:55:45.891 66197 INFO tempest.lib.common.rest_client [req-7480e293-a9a9-4917-8620-7feba2505f83 req-7480e293-a9a9-4917-8620-7feba2505f83 ] Request (TenantUsagesTestJSON:setUpClass): 200 GET http://10.180.1.21/compute/v2.1/servers/4dec959f-b1b0-4048-940e-983366e846a4 2.737s
2025-11-24 19:55:45.893 66179 INFO tempest.common.waiters [-] State transition "BUILD/spawning" ==> "ACTIVE/None" after 14 second wait
2025-11-24 19:55:45.898 66197 INFO tempest.common.waiters [-] State transition "BUILD/None" ==> "BUILD/networking" after 9 second wait
2025-11-24 19:55:46.149 66217 INFO tempest.lib.common.rest_client [req-c1272b74-d49b-45b4-8e30-544e967e5178 req-c1272b74-d49b-45b4-8e30-544e967e5178 ] Request (ServersListShow296Test:test_list_show_update_rebuild_server_296): 202 POST http://10.180.1.21/compute/v2.1/servers 2.834s
2025-11-24 19:55:46.242 66175 INFO tempest.lib.common.rest_client [req-60f6c1a0-85c3-4ff7-a488-3b071153c6bb req-60f6c1a0-85c3-4ff7-a488-3b071153c6bb ] Request (FloatingIPsTestJSON:setUpClass): 201 POST http://10.180.1.21/networking/v2.0/networks 0.697s
2025-11-24 19:55:46.623 66221 INFO tempest.lib.common.rest_client [req-608ba2f2-3cfb-4eee-8601-5e4a321a4613 req-608ba2f2-3cfb-4eee-8601-5e4a321a4613 ] Request (FloatingIPDetailsNegativeTestJSON:tearDownClass): 204 DELETE http://10.180.1.21/networking/v2.0/routers/06a938f1-b003-4397-a565-5522ef450f82 0.810s
2025-11-24 19:55:46.663 66175 INFO tempest.lib.common.rest_client [req-d0658184-ebd2-494c-b187-0f903be44500 req-d0658184-ebd2-494c-b187-0f903be44500 ] Request (FloatingIPsTestJSON:setUpClass): 201 POST http://10.180.1.21/networking/v2.0/subnets 0.420s
2025-11-24 19:55:46.745 66215 INFO tempest.lib.common.rest_client [req-68077b0a-4179-4948-8d61-fc153b6bdee0 req-68077b0a-4179-4948-8d61-fc153b6bdee0 ] Request (ServerDiagnosticsNegativeTest:test_get_server_diagnostics_by_non_admin): 200 GET http://10.180.1.21/compute/v2.1/servers/d5adeabb-8a96-48e6-ace8-5fae35cf060a 3.105s
2025-11-24 19:55:46.755 66215 INFO tempest.common.waiters [-] State transition "BUILD/None" ==> "BUILD/spawning" after 10 second wait
2025-11-24 19:55:47.142 66221 INFO tempest.lib.common.rest_client [req-a4c40bb0-9406-4d53-99dc-d8ca391341c8 req-a4c40bb0-9406-4d53-99dc-d8ca391341c8 ] Request (FloatingIPDetailsNegativeTestJSON:tearDownClass): 204 DELETE http://10.180.1.21/networking/v2.0/subnets/02804fc5-c778-426b-9cee-b5cb970ddc47 0.519s
2025-11-24 19:55:47.174 66223 INFO tempest.lib.common.rest_client [req-24d22ee9-0a2b-4a86-82f4-d603a7c2004d req-24d22ee9-0a2b-4a86-82f4-d603a7c2004d ] Request (MigrationsAdminTest:test_list_migrations_in_flavor_resize_situation): 200 GET http://10.180.1.21/compute/v2.1/servers/d09c29cd-167e-4576-a3b5-0685d2283f80 3.434s
2025-11-24 19:55:47.196 66173 INFO tempest.lib.common.rest_client [req-501ac883-bce9-4937-8607-62e5d68744d0 req-501ac883-bce9-4937-8607-62e5d68744d0 ] Request (ServicesAdminNegativeTestJSON:test_get_service_with_valid_service_and_invalid_host): 200 GET http://10.180.1.21/compute/v2.1/os-services?host=xxx&binary=nova-scheduler 3.314s
2025-11-24 19:55:47.220 66181 INFO tempest.lib.common.rest_client [req-ebad01d2-cac7-448b-841c-17c08ec17a8d req-ebad01d2-cac7-448b-841c-17c08ec17a8d ] Request (FlavorsV255TestJSON:_run_cleanups): 200 GET http://10.180.1.21/compute/v2.1/flavors/detail 3.315s
2025-11-24 19:55:47.239 66195 INFO tempest.lib.common.rest_client [req-fb03c594-dadf-4f3a-a4be-41557686d5c2 req-fb03c594-dadf-4f3a-a4be-41557686d5c2 ] Request (FlavorsExtraSpecsTestJSON:test_flavor_set_get_update_show_unset_keys): 200 POST http://10.180.1.21/compute/v2.1/flavors/1212115530/os-extra_specs 3.317s
2025-11-24 19:55:47.262 66219 INFO tempest.lib.common.rest_client [req-3a27a0c1-dbeb-4dfa-9210-d5674acad4a2 req-3a27a0c1-dbeb-4dfa-9210-d5674acad4a2 ] Request (AggregatesAdminNegativeTestJSON:_run_cleanups): 200 DELETE http://10.180.1.21/compute/v2.1/os-aggregates/1 3.007s
2025-11-24 19:55:47.314 66181 INFO tempest.lib.common.rest_client [req-043bad7f-6ce2-4b42-b3b2-6ebe6f804b18 req-043bad7f-6ce2-4b42-b3b2-6ebe6f804b18 ] Request (FlavorsV255TestJSON:tearDownClass): 204 DELETE http://10.180.1.21/identity/v3/users/f7bacd1aeb8c4b98b0bef45286e171e5 0.084s
2025-11-24 19:55:47.412 66181 INFO tempest.lib.common.rest_client [req-1c4b5614-5d81-48dc-9ecb-56664c530417 req-1c4b5614-5d81-48dc-9ecb-56664c530417 ] Request (FlavorsV255TestJSON:tearDownClass): 204 DELETE http://10.180.1.21/identity/v3/users/6f5909a2ebc8451ab088d91bc756b520 0.097s
2025-11-24 19:55:47.412 66181 INFO tempest.lib.common.dynamic_creds [-] Deleting project and security group for project: 5ccbc50152f744ef92a0f73bd3cb0e03
2025-11-24 19:55:47.467 66181 INFO tempest.lib.common.rest_client [req-e5052604-e277-4e5e-aa09-f82f6c967130 req-e5052604-e277-4e5e-aa09-f82f6c967130 ] Request (FlavorsV255TestJSON:tearDownClass): 201 POST http://10.180.1.21/identity/v3/auth/tokens 0.055s
2025-11-24 19:55:47.492 66193 INFO tempest.lib.common.rest_client [req-dfa36d5d-3e05-40c2-99cd-5ee84e1ceca8 req-dfa36d5d-3e05-40c2-99cd-5ee84e1ceca8 ] Request (QuotasAdminTestV257:test_get_updated_quotas): 200 GET http://10.180.1.21/compute/v2.1/os-quota-sets/dd6a30cd03da4224a7884b2a9d3749e5/detail 3.047s
2025-11-24 19:55:47.533 66193 INFO tempest.lib.common.rest_client [req-5a7f97c0-27ee-4763-9b74-0244318786b4 req-5a7f97c0-27ee-4763-9b74-0244318786b4 ] Request (QuotasAdminTestV257:test_get_updated_quotas): 200 GET http://10.180.1.21/identity/v3/domains?name=Default 0.036s
2025-11-24 19:55:47.556 66193 INFO tempest.lib.common.rest_client [req-408399c4-5e61-4f8d-870c-36964b5adb0e req-408399c4-5e61-4f8d-870c-36964b5adb0e ] Request (QuotasAdminTestV257:test_get_updated_quotas): 201 POST http://10.180.1.21/identity/v3/users 0.022s
2025-11-24 19:55:47.577 66193 INFO tempest.lib.common.rest_client [req-f9b6fd30-9083-46be-8dad-0433b813edea req-f9b6fd30-9083-46be-8dad-0433b813edea ] Request (QuotasAdminTestV257:test_get_updated_quotas): 200 GET http://10.180.1.21/identity/v3/domains?name=Default 0.020s
2025-11-24 19:55:47.613 66183 INFO tempest.lib.common.rest_client [req-d5ccfe96-d2b3-441e-b852-edcebd0b0780 req-d5ccfe96-d2b3-441e-b852-edcebd0b0780 ] Request (ServerActionsTestOtherB:setUpClass): 200 POST http://10.180.1.21/compute/v2.1/os-keypairs 2.874s
2025-11-24 19:55:47.625 66191 INFO tempest.lib.common.rest_client [req-035b75aa-4cda-40d6-b3b9-88c59a590878 req-035b75aa-4cda-40d6-b3b9-88c59a590878 ] Request (KeyPairsV210TestJSON:_run_cleanups): 204 DELETE http://10.180.1.21/compute/v2.1/os-keypairs/tempest-KeyPairsV210TestJSON-keypair-1627905186 2.832s
2025-11-24 19:55:47.805 66175 INFO tempest.lib.common.rest_client [req-0170b2e6-da55-498b-8049-c51e4756154e req-0170b2e6-da55-498b-8049-c51e4756154e ] Request (FloatingIPsTestJSON:setUpClass): 201 POST http://10.180.1.21/networking/v2.0/routers 1.142s
2025-11-24 19:55:47.929 66221 INFO tempest.lib.common.rest_client [req-e450444f-d744-43b9-9b02-f966dd1d688f req-e450444f-d744-43b9-9b02-f966dd1d688f ] Request (FloatingIPDetailsNegativeTestJSON:tearDownClass): 204 DELETE http://10.180.1.21/networking/v2.0/networks/512f948c-dc3b-41fe-9ff5-9ca3a0d887e8 0.786s
2025-11-24 19:55:48.036 66221 INFO tempest.lib.common.rest_client [req-f043de8a-fe8f-4e0d-aadb-e8f77bc2f786 req-f043de8a-fe8f-4e0d-aadb-e8f77bc2f786 ] Request (FloatingIPDetailsNegativeTestJSON:tearDownClass): 204 DELETE http://10.180.1.21/identity/v3/users/e74ed78ad39e4f65931000ac1ed40985 0.106s
2025-11-24 19:55:48.036 66221 INFO tempest.lib.common.dynamic_creds [-] Deleting project and security group for project: 5e1af4e88b6845bcbb472b7828566461
2025-11-24 19:55:48.270 66181 INFO tempest.lib.common.rest_client [req-56eb1e09-b0dd-4512-814c-684c38ba3aa7 req-56eb1e09-b0dd-4512-814c-684c38ba3aa7 ] Request (FlavorsV255TestJSON:tearDownClass): 200 GET http://10.180.1.21/networking/v2.0/security-groups?tenant_id=5ccbc50152f744ef92a0f73bd3cb0e03&name=default 0.803s
2025-11-24 19:55:48.366 66183 INFO tempest.lib.common.rest_client [req-4a7dd902-b19a-4f27-abe1-7ac0740a3d1a req-4a7dd902-b19a-4f27-abe1-7ac0740a3d1a ] Request (ServerActionsTestOtherB:setUpClass): 201 POST http://10.180.1.21/networking/v2.0/security-groups 0.752s
2025-11-24 19:55:48.773 66221 INFO tempest.lib.common.rest_client [req-f860853a-a6f1-4740-af20-2b472a091021 req-f860853a-a6f1-4740-af20-2b472a091021 ] Request (FloatingIPDetailsNegativeTestJSON:tearDownClass): 200 GET http://10.180.1.21/networking/v2.0/security-groups?tenant_id=5e1af4e88b6845bcbb472b7828566461&name=default 0.736s
2025-11-24 19:55:48.921 66181 INFO tempest.lib.common.rest_client [req-5fa24f05-e279-4af0-93ea-a177a7e1e5fe req-5fa24f05-e279-4af0-93ea-a177a7e1e5fe ] Request (FlavorsV255TestJSON:tearDownClass): 204 DELETE http://10.180.1.21/networking/v2.0/security-groups/78b6ec28-174e-443e-9668-f311ce06f654 0.650s
2025-11-24 19:55:49.018 66181 INFO tempest.lib.common.rest_client [req-1dcc6799-49a5-4d89-9810-f46ab54021a0 req-1dcc6799-49a5-4d89-9810-f46ab54021a0 ] Request (FlavorsV255TestJSON:tearDownClass): 204 DELETE http://10.180.1.21/identity/v3/projects/5ccbc50152f744ef92a0f73bd3cb0e03 0.096s
2025-11-24 19:55:49.019 66181 INFO tempest.lib.common.dynamic_creds [-] Deleting project and security group for project: dad64f599d7747d6ba77fa93f213ae8a
2025-11-24 19:55:49.045 66183 INFO tempest.lib.common.rest_client [req-79f2a197-6f67-41c5-a44a-8fc55e27a87c req-79f2a197-6f67-41c5-a44a-8fc55e27a87c ] Request (ServerActionsTestOtherB:setUpClass): 201 POST http://10.180.1.21/networking/v2.0/security-group-rules 0.678s
2025-11-24 19:55:49.087 66203 INFO tempest.lib.common.rest_client [req-926cbcbf-607f-4909-9bc7-3d63fce864a5 req-926cbcbf-607f-4909-9bc7-3d63fce864a5 ] Request (ImagesNegativeTestJSON:test_create_image_from_deleted_server): 200 GET http://10.180.1.21/compute/v2.1/servers/0b84712e-4932-46a7-8021-4dff60985732 4.227s
