2025-12-08 17:52:38.712 65948 INFO tempest.lib.common.rest_client [req-3b46c662-8c0e-40f8-93b5-704fa9f46df5 req-3b46c662-8c0e-40f8-93b5-704fa9f46df5 ] Request (ServerRescueNegativeTestJSON:test_rescued_vm_attach_volume): 409 POST http://10.180.1.21/compute/v2.1/servers/5134c951-acd3-4899-b7e8-2e219bc2aef6/os-volume_attachments 2.144s
2025-12-08 17:52:38.786 65900 INFO tempest.lib.common.rest_client [req-838c8256-f582-4e92-a63d-393896f764da req-838c8256-f582-4e92-a63d-393896f764da ] Request (KeyPairsV22TestJSON:test_keypairsv22_create_list_show): 201 POST http://10.180.1.21/compute/v2.1/os-keypairs 2.198s
2025-12-08 17:52:38.791 65896 INFO tempest.lib.common.rest_client [req-e0b71cb4-ec71-44fb-a173-97b31a1ef2c5 req-e0b71cb4-ec71-44fb-a173-97b31a1ef2c5 ] Request (ServersTestBootFromVolume:setUpClass): 200 GET http://10.180.1.21/volume/v3/volumes/0a6a432e-6c29-4f19-bce1-4ba518f85aa3 0.038s
2025-12-08 17:52:38.833 65909 INFO tempest.lib.common.rest_client [req-b94a6c33-56f9-49b4-be6f-34e104e9fb3d req-b94a6c33-56f9-49b4-be6f-34e104e9fb3d ] Request (VolumesAssistedSnapshotsTest:_run_cleanups): 202 DELETE http://10.180.1.21/compute/v2.1/servers/c5481c8b-7b7f-47f3-b07f-7bdf72a83202/os-volume_attachments/014c62e9-21a9-4356-9f2d-6e431586ed7b 2.617s
2025-12-08 17:52:39.037 65940 INFO tempest.lib.common.rest_client [req-e0c7070a-ec60-4869-923c-e29075945155 req-e0c7070a-ec60-4869-923c-e29075945155 ] Request (ListServerFiltersTestJSON:setUpClass): 201 POST http://10.180.1.21/networking/v2.0/networks 0.491s
2025-12-08 17:52:39.249 65916 INFO tempest.lib.common.rest_client [req-eedf5fdb-30b9-45b0-884c-e743019b1750 req-eedf5fdb-30b9-45b0-884c-e743019b1750 ] Request (ServerMetadataNegativeTestJSON:setUpClass): 201 POST http://10.180.1.21/networking/v2.0/routers 1.032s
2025-12-08 17:52:39.387 65902 INFO tempest.lib.common.rest_client [req-867cf528-d612-4e9b-bf92-4d03ade3fbb7 req-867cf528-d612-4e9b-bf92-4d03ade3fbb7 ] Request (ServerActionsV293TestJSON:setUpClass): 200 GET http://10.180.1.21/volume/v3/volumes/2c7b991c-a0b6-4a63-b496-844284751b2d 0.031s
2025-12-08 17:52:39.499 65940 INFO tempest.lib.common.rest_client [req-3f6f260c-e1f4-4ad8-bfea-00502f321b07 req-3f6f260c-e1f4-4ad8-bfea-00502f321b07 ] Request (ListServerFiltersTestJSON:setUpClass): 201 POST http://10.180.1.21/networking/v2.0/subnets 0.461s
2025-12-08 17:52:39.500 65940 INFO tempest.lib.common.dynamic_creds [-] Created isolated network resources for: credentials: Credentials: {'domain_id': 'default', 'domain_name': 'Default', 'username': 'tempest-ListServerFiltersTestJSON-123931929-project-member', 'project_domain_id': 'default', 'project_domain_name': 'Default', 'project_id': '6ae90928677c4d58a85b3f3328688bdc', 'project_name': 'tempest-ListServerFiltersTestJSON-123931929', 'tenant_id': '6ae90928677c4d58a85b3f3328688bdc', 'tenant_name': 'tempest-ListServerFiltersTestJSON-123931929', 'user_domain_id': 'default', 'user_domain_name': 'Default', 'user_id': '6f2567290c0b4a45a0ca57e0ef6908cc', 'system': None}, Network: {'id': 'e18703b9-5e4e-4acd-8cbc-b7f96dcf6e0f', 'name': 'tempest-ListServerFiltersTestJSON-1993702448-network', 'tenant_id': '6ae90928677c4d58a85b3f3328688bdc', 'project_id': '6ae90928677c4d58a85b3f3328688bdc', 'admin_state_up': True, 'mtu': 8950, 'status': 'ACTIVE', 'subnets': [], 'shared': False, 'port_security_enabled': True, 'router:external': False, 'provider:network_type': 'vlan', 'provider:physical_network': 'default', 'provider:segmentation_id': 313, 'availability_zone_hints': [], 'availability_zones': [], 'ipv4_address_scope': None, 'ipv6_address_scope': None, 'description': '', 'tags': [], 'created_at': '2025-12-08T17:52:38Z', 'updated_at': '2025-12-08T17:52:38Z', 'revision_number': 1}, Subnet: {'id': '49e249fd-0806-494a-8b15-edd4aae3bec2', 'name': 'tempest-ListServerFiltersTestJSON-1993702448-subnet', 'tenant_id': '6ae90928677c4d58a85b3f3328688bdc', 'network_id': 'e18703b9-5e4e-4acd-8cbc-b7f96dcf6e0f', 'ip_version': 4, 'subnetpool_id': None, 'enable_dhcp': True, 'ipv6_ra_mode': None, 'ipv6_address_mode': None, 'gateway_ip': '192.168.128.1', 'cidr': '192.168.128.0/28', 'allocation_pools': [{'start': '192.168.128.2', 'end': '192.168.128.14'}], 'host_routes': [], 'dns_nameservers': [], 'description': '', 'router:external': False, 'service_types': [], 'tags': [], 'created_at': '2025-12-08T17:52:39Z', 'updated_at': '2025-12-08T17:52:39Z', 'revision_number': 0, 'project_id': '6ae90928677c4d58a85b3f3328688bdc'}, Router: None
2025-12-08 17:52:39.601 65940 INFO tempest.lib.common.rest_client [req-467218e8-f88e-4580-b231-182bb94687af req-467218e8-f88e-4580-b231-182bb94687af ] Request (ListServerFiltersTestJSON:setUpClass): 201 POST http://10.180.1.21/identity/v3/auth/tokens 0.097s
2025-12-08 17:52:39.642 65940 INFO tempest.lib.common.rest_client [req-f4d0f354-9d0e-4013-ab53-8a22a9868dac req-f4d0f354-9d0e-4013-ab53-8a22a9868dac ] Request (ListServerFiltersTestJSON:setUpClass): 201 POST http://10.180.1.21/identity/v3/auth/tokens 0.038s
2025-12-08 17:52:39.642 65940 INFO tempest.lib.common.fixed_network [-] (ListServerFiltersTestJSON:setUpClass) Found network {'id': 'e18703b9-5e4e-4acd-8cbc-b7f96dcf6e0f', 'name': 'tempest-ListServerFiltersTestJSON-1993702448-network', 'tenant_id': '6ae90928677c4d58a85b3f3328688bdc', 'project_id': '6ae90928677c4d58a85b3f3328688bdc', 'admin_state_up': True, 'mtu': 8950, 'status': 'ACTIVE', 'subnets': [], 'shared': False, 'port_security_enabled': True, 'router:external': False, 'provider:network_type': 'vlan', 'provider:physical_network': 'default', 'provider:segmentation_id': 313, 'availability_zone_hints': [], 'availability_zones': [], 'ipv4_address_scope': None, 'ipv6_address_scope': None, 'description': '', 'tags': [], 'created_at': '2025-12-08T17:52:38Z', 'updated_at': '2025-12-08T17:52:38Z', 'revision_number': 1} available for tenant
2025-12-08 17:52:39.698 65940 INFO tempest.lib.common.rest_client [req-1fba33c9-07ec-442d-8ad6-314ac0a5ac78 req-1fba33c9-07ec-442d-8ad6-314ac0a5ac78 ] Request (ListServerFiltersTestJSON:setUpClass): 201 POST http://10.180.1.21/identity/v3/auth/tokens 0.052s
2025-12-08 17:52:39.699 65940 INFO tempest.lib.common.fixed_network [-] (ListServerFiltersTestJSON:setUpClass) Found network {'id': 'e18703b9-5e4e-4acd-8cbc-b7f96dcf6e0f', 'name': 'tempest-ListServerFiltersTestJSON-1993702448-network', 'tenant_id': '6ae90928677c4d58a85b3f3328688bdc', 'project_id': '6ae90928677c4d58a85b3f3328688bdc', 'admin_state_up': True, 'mtu': 8950, 'status': 'ACTIVE', 'subnets': [], 'shared': False, 'port_security_enabled': True, 'router:external': False, 'provider:network_type': 'vlan', 'provider:physical_network': 'default', 'provider:segmentation_id': 313, 'availability_zone_hints': [], 'availability_zones': [], 'ipv4_address_scope': None, 'ipv6_address_scope': None, 'description': '', 'tags': [], 'created_at': '2025-12-08T17:52:38Z', 'updated_at': '2025-12-08T17:52:38Z', 'revision_number': 1} available for tenant
2025-12-08 17:52:39.850 65896 INFO tempest.lib.common.rest_client [req-9df99b01-d9d3-4d94-a228-84a4c63f3a2d req-9df99b01-d9d3-4d94-a228-84a4c63f3a2d ] Request (ServersTestBootFromVolume:setUpClass): 200 GET http://10.180.1.21/volume/v3/volumes/0a6a432e-6c29-4f19-bce1-4ba518f85aa3 0.048s
2025-12-08 17:52:40.426 65902 INFO tempest.lib.common.rest_client [req-132ba2e1-dd1e-4838-af6d-83b9d8beb3d0 req-132ba2e1-dd1e-4838-af6d-83b9d8beb3d0 ] Request (ServerActionsV293TestJSON:setUpClass): 200 GET http://10.180.1.21/volume/v3/volumes/2c7b991c-a0b6-4a63-b496-844284751b2d 0.026s
2025-12-08 17:52:40.498 65916 INFO tempest.lib.common.rest_client [req-1087ea24-f582-4abd-a4e2-db45a649d03d req-1087ea24-f582-4abd-a4e2-db45a649d03d ] Request (ServerMetadataNegativeTestJSON:setUpClass): 200 PUT http://10.180.1.21/networking/v2.0/routers/54c36e63-4579-4e46-bd1e-bba4c585efbf/add_router_interface 1.248s
2025-12-08 17:52:40.498 65916 INFO tempest.lib.common.dynamic_creds [-] Created isolated network resources for: credentials: Credentials: {'domain_id': 'default', 'domain_name': 'Default', 'username': 'tempest-ServerMetadataNegativeTestJSON-668346707-project-member', 'project_domain_id': 'default', 'project_domain_name': 'Default', 'project_id': '6af968469d614677af7b7251761fd3cc', 'project_name': 'tempest-ServerMetadataNegativeTestJSON-668346707', 'tenant_id': '6af968469d614677af7b7251761fd3cc', 'tenant_name': 'tempest-ServerMetadataNegativeTestJSON-668346707', 'user_domain_id': 'default', 'user_domain_name': 'Default', 'user_id': '826363f303f0414d91da8f8eacd1ad72', 'system': None}, Network: {'id': '1f177d29-717b-4e4b-8ec3-2ae8f7e17132', 'name': 'tempest-ServerMetadataNegativeTestJSON-1732985913-network', 'tenant_id': '6af968469d614677af7b7251761fd3cc', 'project_id': '6af968469d614677af7b7251761fd3cc', 'admin_state_up': True, 'mtu': 8950, 'status': 'ACTIVE', 'subnets': [], 'shared': False, 'port_security_enabled': True, 'router:external': False, 'provider:network_type': 'vlan', 'provider:physical_network': 'default', 'provider:segmentation_id': 359, 'availability_zone_hints': [], 'availability_zones': [], 'ipv4_address_scope': None, 'ipv6_address_scope': None, 'description': '', 'tags': [], 'created_at': '2025-12-08T17:52:37Z', 'updated_at': '2025-12-08T17:52:37Z', 'revision_number': 1}, Subnet: {'id': 'fa83a96b-760d-4f78-8890-7837e26a9e7d', 'name': 'tempest-ServerMetadataNegativeTestJSON-1732985913-subnet', 'tenant_id': '6af968469d614677af7b7251761fd3cc', 'network_id': '1f177d29-717b-4e4b-8ec3-2ae8f7e17132', 'ip_version': 4, 'subnetpool_id': None, 'enable_dhcp': True, 'ipv6_ra_mode': None, 'ipv6_address_mode': None, 'gateway_ip': '192.168.128.1', 'cidr': '192.168.128.0/28', 'allocation_pools': [{'start': '192.168.128.2', 'end': '192.168.128.14'}], 'host_routes': [], 'dns_nameservers': [], 'description': '', 'router:external': False, 'service_types': [], 'tags': [], 'created_at': '2025-12-08T17:52:38Z', 'updated_at': '2025-12-08T17:52:38Z', 'revision_number': 0, 'project_id': '6af968469d614677af7b7251761fd3cc'}, Router: {'id': '54c36e63-4579-4e46-bd1e-bba4c585efbf', 'name': 'tempest-ServerMetadataNegativeTestJSON-1732985913-router', 'tenant_id': '6af968469d614677af7b7251761fd3cc', 'admin_state_up': True, 'status': 'ACTIVE', 'external_gateway_info': {'network_id': '533da2d4-8f93-4ef4-9f93-6649af7950d2', 'external_fixed_ips': [{'subnet_id': 'dbcd1bb7-18c4-4405-83a0-780630f187dd', 'ip_address': '10.180.180.178'}], 'enable_snat': True}, 'description': '', 'availability_zones': [], 'distributed': False, 'ha': False, 'availability_zone_hints': [], 'routes': [], 'flavor_id': None, 'tags': [], 'created_at': '2025-12-08T17:52:38Z', 'updated_at': '2025-12-08T17:52:38Z', 'revision_number': 2, 'project_id': '6af968469d614677af7b7251761fd3cc'}
2025-12-08 17:52:40.552 65926 INFO tempest.lib.common.rest_client [req-810d6d90-31ab-452c-9bbc-3d33981ef5b9 req-810d6d90-31ab-452c-9bbc-3d33981ef5b9 ] Request (AttachInterfacesTestJSON:test_create_list_show_delete_interfaces_by_fixed_ip): 200 GET http://10.180.1.21/compute/v2.1/servers/5e999761-448f-462f-8e82-82cf9a0440df 3.781s
2025-12-08 17:52:40.581 65890 WARNING tempest.lib.common.ssh [-] Failed to establish authenticated ssh connection to cirros@10.180.180.184 ([Errno None] Unable to connect to port 22 on 10.180.180.184). Number attempts: 4. Retry after 5 seconds.: paramiko.ssh_exception.NoValidConnectionsError: [Errno None] Unable to connect to port 22 on 10.180.180.184
2025-12-08 17:52:40.639 65916 INFO tempest.lib.common.rest_client [req-617f8e45-5ad2-4e5e-82c7-54bd1ab65f51 req-617f8e45-5ad2-4e5e-82c7-54bd1ab65f51 ] Request (ServerMetadataNegativeTestJSON:setUpClass): 201 POST http://10.180.1.21/identity/v3/auth/tokens 0.138s
2025-12-08 17:52:40.641 65916 WARNING tempest.lib.common.rest_client [-] Deprecated: "tenant_id" property is deprecated for removal, use "project_id" instead
2025-12-08 17:52:40.694 65916 INFO tempest.lib.common.rest_client [req-d22ffb3c-9c31-4c5a-a281-00cd131a7948 req-d22ffb3c-9c31-4c5a-a281-00cd131a7948 ] Request (ServerMetadataNegativeTestJSON:setUpClass): 201 POST http://10.180.1.21/identity/v3/auth/tokens 0.044s
2025-12-08 17:52:40.694 65916 INFO tempest.lib.common.fixed_network [-] (ServerMetadataNegativeTestJSON:setUpClass) Found network {'id': '1f177d29-717b-4e4b-8ec3-2ae8f7e17132', 'name': 'tempest-ServerMetadataNegativeTestJSON-1732985913-network', 'tenant_id': '6af968469d614677af7b7251761fd3cc', 'project_id': '6af968469d614677af7b7251761fd3cc', 'admin_state_up': True, 'mtu': 8950, 'status': 'ACTIVE', 'subnets': [], 'shared': False, 'port_security_enabled': True, 'router:external': False, 'provider:network_type': 'vlan', 'provider:physical_network': 'default', 'provider:segmentation_id': 359, 'availability_zone_hints': [], 'availability_zones': [], 'ipv4_address_scope': None, 'ipv6_address_scope': None, 'description': '', 'tags': [], 'created_at': '2025-12-08T17:52:37Z', 'updated_at': '2025-12-08T17:52:37Z', 'revision_number': 1} available for tenant
2025-12-08 17:52:40.725 65898 INFO tempest.lib.common.rest_client [req-604b32b8-1490-41b4-8b2f-5c4e7a133ff6 req-604b32b8-1490-41b4-8b2f-5c4e7a133ff6 ] Request (ServerDiskConfigTestJSON:test_rebuild_server_with_manual_disk_config): 200 GET http://10.180.1.21/compute/v2.1/servers/33edaaef-9843-4762-8738-da7a3177bffc 3.884s
2025-12-08 17:52:40.815 65928 INFO tempest.lib.common.rest_client [req-077108e2-0f80-41bb-8dd1-5ea5ee8cf1a3 req-077108e2-0f80-41bb-8dd1-5ea5ee8cf1a3 ] Request (ServerShowV254Test:test_rebuild_server): 200 GET http://10.180.1.21/compute/v2.1/servers/f8dcce6e-b96c-4730-b6ea-e7798ddf99c3 3.947s
2025-12-08 17:52:40.828 65928 INFO tempest.common.waiters [-] State transition "BUILD/spawning" ==> "ACTIVE/None" after 26 second wait
2025-12-08 17:52:40.897 65896 INFO tempest.lib.common.rest_client [req-2b241f9d-c00a-4f9e-90c1-2fc33b44b80d req-2b241f9d-c00a-4f9e-90c1-2fc33b44b80d ] Request (ServersTestBootFromVolume:setUpClass): 200 GET http://10.180.1.21/volume/v3/volumes/0a6a432e-6c29-4f19-bce1-4ba518f85aa3 0.038s
2025-12-08 17:52:40.900 65936 INFO tempest.lib.common.rest_client [req-e1d05e98-1842-4536-a0ff-7ea9207de561 req-e1d05e98-1842-4536-a0ff-7ea9207de561 ] Request (ServersNegativeTestJSON:setUpClass): 200 GET http://10.180.1.21/compute/v2.1/servers/e390c8a6-bc1f-4a49-bdea-e98a16130f1b 3.938s
2025-12-08 17:52:40.916 65892 INFO tempest.lib.common.rest_client [req-74865f4c-9d23-47ce-a3f2-012af66a9de4 req-74865f4c-9d23-47ce-a3f2-012af66a9de4 ] Request (ServersAdminNegativeTestJSON:setUpClass): 202 POST http://10.180.1.21/compute/v2.1/servers 4.082s
2025-12-08 17:52:40.976 65922 INFO tempest.lib.common.rest_client [req-60569a6e-1b52-431a-91c3-e8cffdb902a1 req-60569a6e-1b52-431a-91c3-e8cffdb902a1 ] Request (ImagesOneServerNegativeTestJSON:test_create_second_image_when_first_image_is_being_saved): 409 POST http://10.180.1.21/compute/v2.1/servers/c1b5a28c-8af8-4adc-b63c-4630446a62de/action 3.878s
2025-12-08 17:52:41.021 65953 INFO tempest.lib.common.rest_client [req-cdd305e7-3b20-4c80-bb4f-f48283424e54 req-cdd305e7-3b20-4c80-bb4f-f48283424e54 ] Request (ServersNegativeTestMultiTenantJSON:tearDownClass): 200 GET http://10.180.1.21/compute/v2.1/servers/33c2365f-84e0-45f7-af8b-0589693402df 3.935s
2025-12-08 17:52:41.044 65942 INFO tempest.lib.common.rest_client [req-41fbc55d-3722-4f35-964b-a4e6f532df2f req-41fbc55d-3722-4f35-964b-a4e6f532df2f ] Request (DeleteServersAdminTestJSON:tearDownClass): 404 DELETE http://10.180.1.21/compute/v2.1/servers/358eddbc-d3ea-408b-a87d-bc5ffadfa4bf 3.808s
2025-12-08 17:52:41.055 65920 INFO tempest.lib.common.rest_client [req-8c046107-3d6d-479c-8b34-b12fc096fb12 req-8c046107-3d6d-479c-8b34-b12fc096fb12 ] Request (ServersWithSpecificFlavorTestJSON:test_verify_created_server_ephemeral_disk): 200 GET http://10.180.1.21/compute/v2.1/servers/e38ddaf1-a85a-4f61-b419-5b808781800b 3.952s
2025-12-08 17:52:41.070 65918 INFO tempest.lib.common.rest_client [req-44ee00bd-52c6-4f54-9b00-765acc6f1665 req-44ee00bd-52c6-4f54-9b00-765acc6f1665 ] Request (KeyPairsV210TestJSON:_run_cleanups): 204 DELETE http://10.180.1.21/compute/v2.1/os-keypairs/tempest-keypair-1497437415?user_id=d2370f6a1fdc4dbdb82019fed7a67074 3.718s
2025-12-08 17:52:41.189 65938 INFO tempest.lib.common.rest_client [req-f60a9e3f-0b11-4ffc-95e6-6b90a877be3f req-f60a9e3f-0b11-4ffc-95e6-6b90a877be3f ] Request (ServerActionsTestJSON:setUpClass): 200 POST http://10.180.1.21/compute/v2.1/os-keypairs 3.787s
2025-12-08 17:52:41.188 65918 INFO tempest.lib.common.rest_client [req-b2e26450-9a4c-4244-b2e7-01663f3a30e4 req-b2e26450-9a4c-4244-b2e7-01663f3a30e4 ] Request (KeyPairsV210TestJSON:tearDownClass): 204 DELETE http://10.180.1.21/identity/v3/users/d2370f6a1fdc4dbdb82019fed7a67074 0.116s
2025-12-08 17:52:41.259 65904 INFO tempest.lib.common.rest_client [req-fde19095-e90d-4122-8b4e-18d1357da5d3 req-fde19095-e90d-4122-8b4e-18d1357da5d3 ] Request (VolumesSnapshotsTestJSON:test_volume_snapshot_create_get_list_delete): 200 GET http://10.180.1.21/compute/v2.1/os-volumes/01e06a89-7273-493b-be6f-2d1275b5e650 3.570s
2025-12-08 17:52:41.263 65904 INFO tempest.common.waiters [-] volume 01e06a89-7273-493b-be6f-2d1275b5e650 reached available after waiting for 0.263795 seconds
2025-12-08 17:52:41.324 65934 INFO tempest.lib.common.rest_client [req-013fb9de-2dd8-45e0-87cf-98065af8e061 req-013fb9de-2dd8-45e0-87cf-98065af8e061 ] Request (ImagesTestJSON:test_create_image_from_stopped_server): 200 GET http://10.180.1.21/compute/v2.1/servers/5c1164e5-ae55-42b0-81f0-cbaa674977d4 3.774s
2025-12-08 17:52:41.384 65918 INFO tempest.lib.common.rest_client [req-9c36745d-2f0f-465d-a1a6-06074fd705ce req-9c36745d-2f0f-465d-a1a6-06074fd705ce ] Request (KeyPairsV210TestJSON:tearDownClass): 204 DELETE http://10.180.1.21/identity/v3/users/288e31435bf4475bbeb107c6edc9723e 0.193s
2025-12-08 17:52:41.384 65918 INFO tempest.lib.common.dynamic_creds [-] Deleting project and security group for project: 7ded84fea44849d08763a19e030cff98
2025-12-08 17:52:41.389 65944 INFO tempest.lib.common.rest_client [req-796ce668-1b01-4686-b89c-b9d10408c1ca req-796ce668-1b01-4686-b89c-b9d10408c1ca ] Request (ImagesOneServerTestJSON:test_create_delete_image): 200 GET http://10.180.1.21/compute/v2.1/images/3ea4a821-ddfb-4010-a28b-b0f639ce54c6 3.181s
2025-12-08 17:52:41.442 65938 INFO tempest.lib.common.rest_client [req-d00470bd-6a65-4a63-b0e0-cbb8c70fd850 req-d00470bd-6a65-4a63-b0e0-cbb8c70fd850 ] Request (ServerActionsTestJSON:setUpClass): 201 POST http://10.180.1.21/networking/v2.0/security-groups 0.252s
2025-12-08 17:52:41.473 65932 INFO tempest.lib.common.rest_client [req-9ffb91c3-6b64-43d4-97e5-07ea5df28145 req-9ffb91c3-6b64-43d4-97e5-07ea5df28145 ] Request (MigrationsAdminTest:test_list_migrations_in_flavor_resize_situation): 200 GET http://10.180.1.21/compute/v2.1/servers/e8ea726d-647b-4e85-8401-f195ab26e948 3.368s
2025-12-08 17:52:41.486 65918 INFO tempest.lib.common.rest_client [req-7246286d-b8be-4e7f-a015-307168066e30 req-7246286d-b8be-4e7f-a015-307168066e30 ] Request (KeyPairsV210TestJSON:tearDownClass): 201 POST http://10.180.1.21/identity/v3/auth/tokens 0.102s
2025-12-08 17:52:41.489 65902 INFO tempest.lib.common.rest_client [req-d2b375a7-7099-4127-b1fd-79af77508a23 req-d2b375a7-7099-4127-b1fd-79af77508a23 ] Request (ServerActionsV293TestJSON:setUpClass): 200 GET http://10.180.1.21/volume/v3/volumes/2c7b991c-a0b6-4a63-b496-844284751b2d 0.052s
2025-12-08 17:52:41.573 65938 INFO tempest.lib.common.rest_client [req-f837b18d-142d-484c-98fb-a53ea2c1fea6 req-f837b18d-142d-484c-98fb-a53ea2c1fea6 ] Request (ServerActionsTestJSON:setUpClass): 201 POST http://10.180.1.21/networking/v2.0/security-group-rules 0.131s
2025-12-08 17:52:41.684 65930 INFO tempest.lib.common.rest_client [req-20c47e45-faff-4add-bce6-ddabea3ca44a req-20c47e45-faff-4add-bce6-ddabea3ca44a ] Request (QuotasAdminTestV257:test_get_updated_quotas): 200 PUT http://10.180.1.21/compute/v2.1/os-quota-sets/c313dac9be0d4aa59436131d770c1932?user_id=0777f7066a6d4f5ea78bfaf7a36fbef6 3.454s
2025-12-08 17:52:41.938 65896 INFO tempest.lib.common.rest_client [req-af6c085a-fa4d-48bf-8705-84d306abec34 req-af6c085a-fa4d-48bf-8705-84d306abec34 ] Request (ServersTestBootFromVolume:setUpClass): 200 GET http://10.180.1.21/volume/v3/volumes/0a6a432e-6c29-4f19-bce1-4ba518f85aa3 0.027s
2025-12-08 17:52:42.204 65918 INFO tempest.lib.common.rest_client [req-05fbd0d3-e3ff-48da-96d0-cbb1f4c84b4c req-05fbd0d3-e3ff-48da-96d0-cbb1f4c84b4c ] Request (KeyPairsV210TestJSON:tearDownClass): 200 GET http://10.180.1.21/networking/v2.0/security-groups?tenant_id=7ded84fea44849d08763a19e030cff98&name=default 0.718s
2025-12-08 17:52:42.225 65950 INFO tempest.lib.common.rest_client [req-a64ac1da-f8e1-4df3-84db-bc44dfd2d1e5 req-a64ac1da-f8e1-4df3-84db-bc44dfd2d1e5 ] Request (FloatingIPsAssociationTestJSON:tearDownClass): 200 GET http://10.180.1.21/compute/v2.1/servers/066e81a6-6f17-4b10-b840-e23a2929de3c 3.887s
2025-12-08 17:52:42.303 65948 INFO tempest.lib.common.rest_client [req-20121698-c429-4993-a790-f21ba8d95ec5 req-20121698-c429-4993-a790-f21ba8d95ec5 ] Request (ServerRescueNegativeTestJSON:_run_cleanups): 202 POST http://10.180.1.21/compute/v2.1/servers/5134c951-acd3-4899-b7e8-2e219bc2aef6/action 3.590s
2025-12-08 17:52:42.312 65938 INFO tempest.lib.common.rest_client [req-c32c174c-82e7-48cc-9f59-c81868fe635b req-c32c174c-82e7-48cc-9f59-c81868fe635b ] Request (ServerActionsTestJSON:setUpClass): 201 POST http://10.180.1.21/networking/v2.0/security-group-rules 0.738s
2025-12-08 17:52:42.318 65900 INFO tempest.lib.common.rest_client [req-14c5cc61-1248-45b3-a238-37def213cada req-14c5cc61-1248-45b3-a238-37def213cada ] Request (KeyPairsV22TestJSON:test_keypairsv22_create_list_show): 200 GET http://10.180.1.21/compute/v2.1/os-keypairs/tempest-keypair-290422775 3.529s
2025-12-08 17:52:42.358 65909 INFO tempest.lib.common.rest_client [req-431e72c9-0f1c-4b95-92b2-1df466167801 req-431e72c9-0f1c-4b95-92b2-1df466167801 ] Request (VolumesAssistedSnapshotsTest:_run_cleanups): 200 GET http://10.180.1.21/compute/v2.1/servers/c5481c8b-7b7f-47f3-b07f-7bdf72a83202/os-volume_attachments 3.523s
2025-12-08 17:52:42.390 65909 INFO tempest.lib.common.rest_client [req-d3d6b707-7747-49a8-acfb-f9a648d01a89 req-d3d6b707-7747-49a8-acfb-f9a648d01a89 ] Request (VolumesAssistedSnapshotsTest:_run_cleanups): 200 GET http://10.180.1.21/volume/v3/volumes/014c62e9-21a9-4356-9f2d-6e431586ed7b 0.030s
2025-12-08 17:52:42.398 65909 INFO tempest.common.waiters [-] volume 014c62e9-21a9-4356-9f2d-6e431586ed7b reached available after waiting for 0.398373 seconds
2025-12-08 17:52:42.459 65909 INFO tempest.lib.common.rest_client [req-ca1d5e8c-2be6-4ab5-a60d-73c827065768 req-ca1d5e8c-2be6-4ab5-a60d-73c827065768 ] Request (VolumesAssistedSnapshotsTest:_run_cleanups): 202 DELETE http://10.180.1.21/volume/v3/volumes/014c62e9-21a9-4356-9f2d-6e431586ed7b 0.060s
2025-12-08 17:52:42.493 65918 INFO tempest.lib.common.rest_client [req-d85d5b92-9476-4857-80ca-946d7567fc64 req-d85d5b92-9476-4857-80ca-946d7567fc64 ] Request (KeyPairsV210TestJSON:tearDownClass): 204 DELETE http://10.180.1.21/networking/v2.0/security-groups/31e3cb8c-e09a-44cf-bfc9-6a24ca7df504 0.288s
2025-12-08 17:52:42.495 65909 INFO tempest.lib.common.rest_client [req-294a1549-d05b-4d88-858e-e28d7253eb4f req-294a1549-d05b-4d88-858e-e28d7253eb4f ] Request (VolumesAssistedSnapshotsTest:_run_cleanups): 200 GET http://10.180.1.21/volume/v3/volumes/014c62e9-21a9-4356-9f2d-6e431586ed7b 0.036s
2025-12-08 17:52:42.533 65902 INFO tempest.lib.common.rest_client [req-795d35b4-7c1d-4452-990e-452141d98ad6 req-795d35b4-7c1d-4452-990e-452141d98ad6 ] Request (ServerActionsV293TestJSON:setUpClass): 200 GET http://10.180.1.21/volume/v3/volumes/2c7b991c-a0b6-4a63-b496-844284751b2d 0.033s
2025-12-08 17:52:42.544 65902 INFO tempest.common.waiters [-] volume 2c7b991c-a0b6-4a63-b496-844284751b2d reached available after waiting for 19.544826 seconds
2025-12-08 17:52:42.580 65918 INFO tempest.lib.common.rest_client [req-0b93badc-928c-4a23-a877-df5a7ace4b47 req-0b93badc-928c-4a23-a877-df5a7ace4b47 ] Request (KeyPairsV210TestJSON:tearDownClass): 204 DELETE http://10.180.1.21/identity/v3/projects/7ded84fea44849d08763a19e030cff98 0.087s
2025-12-08 17:52:42.581 65918 INFO tempest.lib.common.dynamic_creds [-] Deleting project and security group for project: bf4d5f31ae4c456189dd3ac36a941af5
2025-12-08 17:52:42.955 65938 INFO tempest.lib.common.rest_client [req-b8b3efec-ac4d-4cf7-a89a-9adeb0abc218 req-b8b3efec-ac4d-4cf7-a89a-9adeb0abc218 ] Request (ServerActionsTestJSON:setUpClass): 201 POST http://10.180.1.21/networking/v2.0/floatingips 0.642s
2025-12-08 17:52:42.976 65896 INFO tempest.lib.common.rest_client [req-d8e994d7-c29e-4f21-8c3c-756db31dcb6c req-d8e994d7-c29e-4f21-8c3c-756db31dcb6c ] Request (ServersTestBootFromVolume:setUpClass): 200 GET http://10.180.1.21/volume/v3/volumes/0a6a432e-6c29-4f19-bce1-4ba518f85aa3 0.031s
2025-12-08 17:52:43.009 65906 INFO tempest.lib.common.rest_client [req-53a56d2c-8eb4-4c95-b13a-2c52ed4ed545 req-53a56d2c-8eb4-4c95-b13a-2c52ed4ed545 ] Request (ServersAdmin275Test:tearDownClass): 200 GET http://10.180.1.21/compute/v2.1/servers/18b33235-2f56-4cd0-a91a-f801caa06bf3 4.104s
2025-12-08 17:52:43.045 65938 INFO tempest.lib.common.rest_client [req-39a03ea5-6ad9-473e-8337-d51388ece81f req-39a03ea5-6ad9-473e-8337-d51388ece81f ] Request (ServerActionsTestJSON:setUpClass): 201 POST http://10.180.1.21/identity/v3/auth/tokens 0.087s
2025-12-08 17:52:43.046 65938 INFO tempest.lib.common.fixed_network [-] (ServerActionsTestJSON:setUpClass) Found network {'id': '26206560-eeea-46dc-a390-3e285a3ddb40', 'name': 'tempest-ServerActionsTestJSON-637676273-network', 'tenant_id': '2eb7f13d2a1e4faaa1bf9cb5a6a3b6ac', 'project_id': '2eb7f13d2a1e4faaa1bf9cb5a6a3b6ac', 'admin_state_up': True, 'mtu': 8950, 'status': 'ACTIVE', 'subnets': [], 'shared': False, 'port_security_enabled': True, 'router:external': False, 'provider:network_type': 'vlan', 'provider:physical_network': 'default', 'provider:segmentation_id': 679, 'availability_zone_hints': [], 'availability_zones': [], 'ipv4_address_scope': None, 'ipv6_address_scope': None, 'description': '', 'tags': [], 'created_at': '2025-12-08T17:52:34Z', 'updated_at': '2025-12-08T17:52:34Z', 'revision_number': 1} available for tenant
2025-12-08 17:52:43.136 65918 INFO tempest.lib.common.rest_client [req-81a4339f-7a4d-4a49-bf10-2c94586e868d req-81a4339f-7a4d-4a49-bf10-2c94586e868d ] Request (KeyPairsV210TestJSON:tearDownClass): 200 GET http://10.180.1.21/networking/v2.0/security-groups?tenant_id=bf4d5f31ae4c456189dd3ac36a941af5&name=default 0.555s
2025-12-08 17:52:43.172 65910 INFO tempest.lib.common.rest_client [req-c9083396-7d29-49c1-9798-5f59b8abb36a req-c9083396-7d29-49c1-9798-5f59b8abb36a ] Request (ListImageFiltersTestJSON:setUpClass): 200 GET http://10.180.1.21/compute/v2.1/servers/23e0b84c-d0a8-4c4d-8d08-767eafed631a 4.264s
2025-12-08 17:52:43.187 65910 INFO tempest.common.waiters [-] State transition "BUILD/None" ==> "BUILD/spawning" after 22 second wait
2025-12-08 17:52:43.232 65914 INFO tempest.lib.common.rest_client [req-27912af4-9d82-4843-9f43-97c4b87308a9 req-27912af4-9d82-4843-9f43-97c4b87308a9 ] Request (ServersAdminTestJSON:test_create_server_with_scheduling_hint): 200 GET http://10.180.1.21/compute/v2.1/servers/9da26775-4325-4232-ae00-a600d65f90d7 3.960s
2025-12-08 17:52:43.253 65918 INFO tempest.lib.common.rest_client [req-bb89deda-bf03-4837-9c25-bc2f40e1605c req-bb89deda-bf03-4837-9c25-bc2f40e1605c ] Request (KeyPairsV210TestJSON:tearDownClass): 204 DELETE http://10.180.1.21/networking/v2.0/security-groups/e184b623-1ff0-4be7-a78c-919cb86e6e57 0.116s
2025-12-08 17:52:43.263 65912 INFO tempest.lib.common.rest_client [req-dd2efdcd-4122-4308-92cc-d987a8ed32d8 req-dd2efdcd-4122-4308-92cc-d987a8ed32d8 ] Request (FloatingIPsAssociationNegativeTestJSON:tearDownClass): 404 GET http://10.180.1.21/compute/v2.1/servers/e9b705e8-aef1-4d4b-bfcd-e6e7cf882d90 3.639s
2025-12-08 17:52:43.392 65918 INFO tempest.lib.common.rest_client [req-ab63f720-7882-4879-9b52-2a7c86fe9f67 req-ab63f720-7882-4879-9b52-2a7c86fe9f67 ] Request (KeyPairsV210TestJSON:tearDownClass): 204 DELETE http://10.180.1.21/identity/v3/projects/bf4d5f31ae4c456189dd3ac36a941af5 0.139s
2025-12-08 17:52:43.502 65918 INFO tempest.lib.common.rest_client [req-b6bb4e36-2834-4280-8d30-98ca45bf5277 req-b6bb4e36-2834-4280-8d30-98ca45bf5277 ] Request (ServerDiagnosticsV248Test:setUpClass): 201 POST http://10.180.1.21/identity/v3/auth/tokens 0.108s
2025-12-08 17:52:43.551 65909 INFO tempest.lib.common.rest_client [req-a9077881-84f4-4bb2-945d-86e701e1678f req-a9077881-84f4-4bb2-945d-86e701e1678f ] Request (VolumesAssistedSnapshotsTest:_run_cleanups): 200 GET http://10.180.1.21/volume/v3/volumes/014c62e9-21a9-4356-9f2d-6e431586ed7b 0.046s
2025-12-08 17:52:43.557 65918 INFO tempest.lib.common.rest_client [req-9014be6a-62b1-4544-9724-d058033e4802 req-9014be6a-62b1-4544-9724-d058033e4802 ] Request (ServerDiagnosticsV248Test:setUpClass): 201 POST http://10.180.1.21/identity/v3/auth/tokens 0.052s
2025-12-08 17:52:43.598 65918 INFO tempest.lib.common.rest_client [req-e29cd205-5826-4d1d-97fd-60332db2c602 req-e29cd205-5826-4d1d-97fd-60332db2c602 ] Request (ServerDiagnosticsV248Test:setUpClass): 200 GET http://10.180.1.21/identity/v3/domains?name=Default 0.040s
2025-12-08 17:52:43.644 65918 INFO tempest.lib.common.rest_client [req-b97c7e0e-8809-41a0-a4cd-42a4b2f00f58 req-b97c7e0e-8809-41a0-a4cd-42a4b2f00f58 ] Request (ServerDiagnosticsV248Test:setUpClass): 201 POST http://10.180.1.21/identity/v3/projects 0.045s
2025-12-08 17:52:43.721 65918 INFO tempest.lib.common.rest_client [req-4b356f9a-afb6-4d8f-9ed0-2aadb24ab66c req-4b356f9a-afb6-4d8f-9ed0-2aadb24ab66c ] Request (ServerDiagnosticsV248Test:setUpClass): 201 POST http://10.180.1.21/identity/v3/users 0.076s
2025-12-08 17:52:43.748 65918 INFO tempest.lib.common.rest_client [req-8a2f361b-2a7e-4c69-be63-a0f02310cead req-8a2f361b-2a7e-4c69-be63-a0f02310cead ] Request (ServerDiagnosticsV248Test:setUpClass): 200 GET http://10.180.1.21/identity/v3/roles 0.026s
2025-12-08 17:52:43.777 65918 INFO tempest.lib.common.rest_client [req-a2334994-3b53-465c-89a5-bd1ff6cfbf08 req-a2334994-3b53-465c-89a5-bd1ff6cfbf08 ] Request (ServerDiagnosticsV248Test:setUpClass): 204 PUT http://10.180.1.21/identity/v3/projects/4f4ef03635b34b9bb902c57206b3abcd/users/2c08f1887ce943eca8b10f01dc673c30/roles/95c992af95a546be8dce9f3a38f86d68 0.029s
2025-12-08 17:52:43.777 65918 INFO tempest.lib.common.dynamic_creds [-] Dynamic test user 2c08f1887ce943eca8b10f01dc673c30 is created with scope project and roles: ['member']
2025-12-08 17:52:43.778 65918 INFO tempest.lib.common.dynamic_creds [-] Acquired dynamic creds: credentials: Credentials: {'domain_id': 'default', 'domain_name': 'Default', 'username': 'tempest-ServerDiagnosticsV248Test-1832114348-project-member', 'project_domain_id': 'default', 'project_domain_name': 'Default', 'project_id': '4f4ef03635b34b9bb902c57206b3abcd', 'project_name': 'tempest-ServerDiagnosticsV248Test-1832114348', 'tenant_id': '4f4ef03635b34b9bb902c57206b3abcd', 'tenant_name': 'tempest-ServerDiagnosticsV248Test-1832114348', 'user_domain_id': 'default', 'user_domain_name': 'Default', 'user_id': '2c08f1887ce943eca8b10f01dc673c30', 'system': None}, Network: None, Subnet: None, Router: None
2025-12-08 17:52:43.778 65918 INFO tempest.lib.common.dynamic_creds [-] Created isolated network resources for: credentials: Credentials: {'domain_id': 'default', 'domain_name': 'Default', 'username': 'tempest-ServerDiagnosticsV248Test-1832114348-project-member', 'project_domain_id': 'default', 'project_domain_name': 'Default', 'project_id': '4f4ef03635b34b9bb902c57206b3abcd', 'project_name': 'tempest-ServerDiagnosticsV248Test-1832114348', 'tenant_id': '4f4ef03635b34b9bb902c57206b3abcd', 'tenant_name': 'tempest-ServerDiagnosticsV248Test-1832114348', 'user_domain_id': 'default', 'user_domain_name': 'Default', 'user_id': '2c08f1887ce943eca8b10f01dc673c30', 'system': None}, Network: None, Subnet: None, Router: None
2025-12-08 17:52:43.871 65918 INFO tempest.lib.common.rest_client [req-20609354-75d8-48ea-8e3f-cae29d40a6f5 req-20609354-75d8-48ea-8e3f-cae29d40a6f5 ] Request (ServerDiagnosticsV248Test:setUpClass): 201 POST http://10.180.1.21/identity/v3/auth/tokens 0.090s
2025-12-08 17:52:43.916 65940 INFO tempest.lib.common.rest_client [req-e36585c4-f435-4385-82dc-e7f3e8c22d2e req-e36585c4-f435-4385-82dc-e7f3e8c22d2e ] Request (ListServerFiltersTestJSON:setUpClass): 202 POST http://10.180.1.21/compute/v2.1/servers 4.216s
2025-12-08 17:52:43.947 65918 INFO tempest.lib.common.rest_client [req-6c3cffe0-a076-4e12-9f37-eea67773f9d6 req-6c3cffe0-a076-4e12-9f37-eea67773f9d6 ] Request (ServerDiagnosticsV248Test:setUpClass): 201 POST http://10.180.1.21/identity/v3/projects 0.075s
2025-12-08 17:52:44.040 65896 INFO tempest.lib.common.rest_client [req-f5bcbab0-e959-4e9d-a64c-5ef86258e239 req-f5bcbab0-e959-4e9d-a64c-5ef86258e239 ] Request (ServersTestBootFromVolume:setUpClass): 200 GET http://10.180.1.21/volume/v3/volumes/0a6a432e-6c29-4f19-bce1-4ba518f85aa3 0.056s
2025-12-08 17:52:44.059 65940 INFO tempest.lib.common.rest_client [req-60f20aa0-e4bb-47e2-bca3-a322b9c5e98a req-60f20aa0-e4bb-47e2-bca3-a322b9c5e98a ] Request (ListServerFiltersTestJSON:setUpClass): 201 POST http://10.180.1.21/identity/v3/auth/tokens 0.139s
2025-12-08 17:52:44.060 65940 INFO tempest.lib.common.fixed_network [-] (ListServerFiltersTestJSON:setUpClass) Found network {'id': 'e18703b9-5e4e-4acd-8cbc-b7f96dcf6e0f', 'name': 'tempest-ListServerFiltersTestJSON-1993702448-network', 'tenant_id': '6ae90928677c4d58a85b3f3328688bdc', 'project_id': '6ae90928677c4d58a85b3f3328688bdc', 'admin_state_up': True, 'mtu': 8950, 'status': 'ACTIVE', 'subnets': [], 'shared': False, 'port_security_enabled': True, 'router:external': False, 'provider:network_type': 'vlan', 'provider:physical_network': 'default', 'provider:segmentation_id': 313, 'availability_zone_hints': [], 'availability_zones': [], 'ipv4_address_scope': None, 'ipv6_address_scope': None, 'description': '', 'tags': [], 'created_at': '2025-12-08T17:52:38Z', 'updated_at': '2025-12-08T17:52:38Z', 'revision_number': 1} available for tenant
2025-12-08 17:52:44.093 65912 INFO tempest.lib.common.rest_client [req-5cec63a8-3e13-499e-a089-f3dc237067bb req-5cec63a8-3e13-499e-a089-f3dc237067bb ] Request (FloatingIPsAssociationNegativeTestJSON:tearDownClass): 200 PUT http://10.180.1.21/networking/v2.0/routers/4bf68878-49f6-4a38-a64a-51488f8322bf/remove_router_interface 0.830s
2025-12-08 17:52:44.218 65918 INFO tempest.lib.common.rest_client [req-12e0d949-f604-4212-a568-ff86618c3209 req-12e0d949-f604-4212-a568-ff86618c3209 ] Request (ServerDiagnosticsV248Test:setUpClass): 201 POST http://10.180.1.21/identity/v3/users 0.269s
2025-12-08 17:52:44.254 65918 INFO tempest.lib.common.rest_client [req-1afc59c2-ea2a-4090-99b6-29558874ebd7 req-1afc59c2-ea2a-4090-99b6-29558874ebd7 ] Request (ServerDiagnosticsV248Test:setUpClass): 200 GET http://10.180.1.21/identity/v3/roles 0.035s
2025-12-08 17:52:44.311 65918 INFO tempest.lib.common.rest_client [req-34e738eb-c5a0-4955-870e-9e08b4608547 req-34e738eb-c5a0-4955-870e-9e08b4608547 ] Request (ServerDiagnosticsV248Test:setUpClass): 204 PUT http://10.180.1.21/identity/v3/projects/e4eabc8c57a84d54b6852d866023b60b/users/02675536237f4c33a3211c2a2a374f18/roles/7dd87a64c47448bbbea89141dd531c8e 0.056s
2025-12-08 17:52:44.419 65918 INFO tempest.lib.common.rest_client [req-6da91750-ed3a-4eff-ac51-46f932cb8013 req-6da91750-ed3a-4eff-ac51-46f932cb8013 ] Request (ServerDiagnosticsV248Test:setUpClass): 200 GET http://10.180.1.21/identity/v3/roles 0.107s
2025-12-08 17:52:44.464 65918 INFO tempest.lib.common.rest_client [req-49694629-4783-4cc0-bb67-bdbcb7bb054f req-49694629-4783-4cc0-bb67-bdbcb7bb054f ] Request (ServerDiagnosticsV248Test:setUpClass): 204 PUT http://10.180.1.21/identity/v3/projects/e4eabc8c57a84d54b6852d866023b60b/users/02675536237f4c33a3211c2a2a374f18/roles/7dd87a64c47448bbbea89141dd531c8e 0.045s
2025-12-08 17:52:44.464 65918 INFO tempest.lib.common.dynamic_creds [-] Dynamic test user 02675536237f4c33a3211c2a2a374f18 is created with scope project and roles: ['admin']
2025-12-08 17:52:44.464 65918 INFO tempest.lib.common.dynamic_creds [-] Acquired dynamic creds: credentials: Credentials: {'domain_id': 'default', 'domain_name': 'Default', 'username': 'tempest-ServerDiagnosticsV248Test-1734172189-project-admin', 'project_domain_id': 'default', 'project_domain_name': 'Default', 'project_id': 'e4eabc8c57a84d54b6852d866023b60b', 'project_name': 'tempest-ServerDiagnosticsV248Test-1734172189', 'tenant_id': 'e4eabc8c57a84d54b6852d866023b60b', 'tenant_name': 'tempest-ServerDiagnosticsV248Test-1734172189', 'user_domain_id': 'default', 'user_domain_name': 'Default', 'user_id': '02675536237f4c33a3211c2a2a374f18', 'system': None}, Network: None, Subnet: None, Router: None
2025-12-08 17:52:44.465 65918 INFO tempest.lib.common.dynamic_creds [-] Created isolated network resources for: credentials: Credentials: {'domain_id': 'default', 'domain_name': 'Default', 'username': 'tempest-ServerDiagnosticsV248Test-1734172189-project-admin', 'project_domain_id': 'default', 'project_domain_name': 'Default', 'project_id': 'e4eabc8c57a84d54b6852d866023b60b', 'project_name': 'tempest-ServerDiagnosticsV248Test-1734172189', 'tenant_id': 'e4eabc8c57a84d54b6852d866023b60b', 'tenant_name': 'tempest-ServerDiagnosticsV248Test-1734172189', 'user_domain_id': 'default', 'user_domain_name': 'Default', 'user_id': '02675536237f4c33a3211c2a2a374f18', 'system': None}, Network: None, Subnet: None, Router: None
2025-12-08 17:52:44.610 65918 INFO tempest.lib.common.rest_client [req-0d906b27-8dd4-4b34-9e5d-319c7156eb45 req-0d906b27-8dd4-4b34-9e5d-319c7156eb45 ] Request (ServerDiagnosticsV248Test:setUpClass): 201 POST http://10.180.1.21/identity/v3/auth/tokens 0.143s
2025-12-08 17:52:44.620 65909 INFO tempest.lib.common.rest_client [req-84b58fe8-d3d3-45e5-9078-29903e99be77 req-84b58fe8-d3d3-45e5-9078-29903e99be77 ] Request (VolumesAssistedSnapshotsTest:_run_cleanups): 200 GET http://10.180.1.21/volume/v3/volumes/014c62e9-21a9-4356-9f2d-6e431586ed7b 0.056s
2025-12-08 17:52:44.694 65918 INFO tempest.lib.common.rest_client [req-b1ef285b-20d9-49b0-8d78-b32111ec35ab req-b1ef285b-20d9-49b0-8d78-b32111ec35ab ] Request (ServerDiagnosticsV248Test:test_get_server_diagnostics): 201 POST http://10.180.1.21/identity/v3/auth/tokens 0.077s
2025-12-08 17:52:44.694 65918 INFO tempest.lib.common.fixed_network [-] (ServerDiagnosticsV248Test:test_get_server_diagnostics) Found network None available for tenant
2025-12-08 17:52:44.717 65916 INFO tempest.lib.common.rest_client [req-45d4b680-4413-4ae4-96e7-8597d02f311e req-45d4b680-4413-4ae4-96e7-8597d02f311e ] Request (ServerMetadataNegativeTestJSON:setUpClass): 202 POST http://10.180.1.21/compute/v2.1/servers 4.022s
2025-12-08 17:52:44.718 65912 INFO tempest.lib.common.rest_client [req-e1c9aa60-a447-40ae-b0d0-038e2e691bb7 req-e1c9aa60-a447-40ae-b0d0-038e2e691bb7 ] Request (FloatingIPsAssociationNegativeTestJSON:tearDownClass): 204 DELETE http://10.180.1.21/networking/v2.0/routers/4bf68878-49f6-4a38-a64a-51488f8322bf 0.624s
2025-12-08 17:52:44.743 65894 INFO tempest.lib.common.rest_client [req-a130cbea-d661-433f-aa81-16f18c61325e req-a130cbea-d661-433f-aa81-16f18c61325e ] Request (AttachInterfacesV270Test:test_create_get_list_interfaces): 400 POST http://10.180.1.21/compute/v2.1/servers/25ad1396-3633-4ef6-9858-39ba5efc33eb/os-interface 6.066s
2025-12-08 17:52:44.756 65928 INFO tempest.lib.common.rest_client [req-3977f5c7-3521-43b6-aee6-f3174d38bb3e req-3977f5c7-3521-43b6-aee6-f3174d38bb3e ] Request (ServerShowV254Test:test_rebuild_server): 201 POST http://10.180.1.21/compute/v2.1/os-keypairs 3.927s
2025-12-08 17:52:44.855 65892 INFO tempest.lib.common.rest_client [req-1ef96761-49ac-46b2-9aad-e8bd1207119a req-1ef96761-49ac-46b2-9aad-e8bd1207119a ] Request (ServersAdminNegativeTestJSON:setUpClass): 200 GET http://10.180.1.21/compute/v2.1/servers/1cdd0cab-9fc3-4650-acd2-983291e39656 3.935s
2025-12-08 17:52:44.892 65942 INFO tempest.lib.common.rest_client [req-be6d53a9-1376-4080-a1d3-afcc08da34dd req-be6d53a9-1376-4080-a1d3-afcc08da34dd ] Request (DeleteServersAdminTestJSON:tearDownClass): 404 GET http://10.180.1.21/compute/v2.1/servers/358eddbc-d3ea-408b-a87d-bc5ffadfa4bf 3.847s
2025-12-08 17:52:44.903 65922 INFO tempest.lib.common.rest_client [req-2a16945a-5287-4f25-9d9f-1e361886a558 req-2a16945a-5287-4f25-9d9f-1e361886a558 ] Request (ImagesOneServerNegativeTestJSON:test_create_second_image_when_first_image_is_being_saved): 204 DELETE http://10.180.1.21/compute/v2.1/images/5db56299-2ad4-4cb1-bbc6-c57f112d1018 3.926s
2025-12-08 17:52:44.960 65912 INFO tempest.lib.common.rest_client [req-03468bed-a1aa-4147-8e77-ef65f7f2f826 req-03468bed-a1aa-4147-8e77-ef65f7f2f826 ] Request (FloatingIPsAssociationNegativeTestJSON:tearDownClass): 204 DELETE http://10.180.1.21/networking/v2.0/subnets/ecd24c6a-9f56-4370-9649-a577f5291e03 0.241s
2025-12-08 17:52:45.065 65904 INFO tempest.lib.common.rest_client [req-cbf09a47-40e1-45a7-9daa-0d33ef85b40c req-cbf09a47-40e1-45a7-9daa-0d33ef85b40c ] Request (VolumesSnapshotsTestJSON:test_volume_snapshot_create_get_list_delete): 200 POST http://10.180.1.21/compute/v2.1/os-snapshots 3.799s
2025-12-08 17:52:45.087 65896 INFO tempest.lib.common.rest_client [req-f2df8e97-e61e-4eb1-8991-8f90237a36c2 req-f2df8e97-e61e-4eb1-8991-8f90237a36c2 ] Request (ServersTestBootFromVolume:setUpClass): 200 GET http://10.180.1.21/volume/v3/volumes/0a6a432e-6c29-4f19-bce1-4ba518f85aa3 0.038s
2025-12-08 17:52:45.283 65912 INFO tempest.lib.common.rest_client [req-3606b052-cc1e-4c47-9f2f-0f726d7490bf req-3606b052-cc1e-4c47-9f2f-0f726d7490bf ] Request (FloatingIPsAssociationNegativeTestJSON:tearDownClass): 204 DELETE http://10.180.1.21/networking/v2.0/networks/929c1dd3-ff05-4834-857b-cf7aa2b53bab 0.322s
2025-12-08 17:52:45.530 65912 INFO tempest.lib.common.rest_client [req-41219d65-d929-4a54-a320-097d967d8e43 req-41219d65-d929-4a54-a320-097d967d8e43 ] Request (FloatingIPsAssociationNegativeTestJSON:tearDownClass): 204 DELETE http://10.180.1.21/identity/v3/users/4d71676083c84a6bb816322f731a0558 0.245s
2025-12-08 17:52:45.530 65912 INFO tempest.lib.common.dynamic_creds [-] Deleting project and security group for project: 0c87f98690ea4991ad5973b519573455
2025-12-08 17:52:45.527 65944 INFO tempest.lib.common.rest_client [req-c8b63ea5-c169-48aa-bd16-e90eba7dafab req-c8b63ea5-c169-48aa-bd16-e90eba7dafab ] Request (ImagesOneServerTestJSON:test_create_delete_image): 200 GET http://10.180.1.21/compute/v2.1/images/3ea4a821-ddfb-4010-a28b-b0f639ce54c6 4.132s
2025-12-08 17:52:45.573 65912 INFO tempest.lib.common.rest_client [req-71666efa-d482-40ca-b608-b7aa6ec22f83 req-71666efa-d482-40ca-b608-b7aa6ec22f83 ] Request (FloatingIPsAssociationNegativeTestJSON:tearDownClass): 200 GET http://10.180.1.21/networking/v2.0/security-groups?tenant_id=0c87f98690ea4991ad5973b519573455&name=default 0.042s
2025-12-08 17:52:45.586 65934 INFO tempest.lib.common.rest_client [req-7a0ca05f-21df-4a49-a665-c2f278238463 req-7a0ca05f-21df-4a49-a665-c2f278238463 ] Request (ImagesTestJSON:test_create_image_from_stopped_server): 202 POST http://10.180.1.21/compute/v2.1/servers/5c1164e5-ae55-42b0-81f0-cbaa674977d4/action 4.246s
2025-12-08 17:52:45.655 65909 INFO tempest.lib.common.rest_client [req-cf40df13-dbc2-4e46-943d-ca1274bb8890 req-cf40df13-dbc2-4e46-943d-ca1274bb8890 ] Request (VolumesAssistedSnapshotsTest:_run_cleanups): 404 GET http://10.180.1.21/volume/v3/volumes/014c62e9-21a9-4356-9f2d-6e431586ed7b 0.022s
2025-12-08 17:52:45.702 65912 INFO tempest.lib.common.rest_client [req-6d28f516-7bcc-4032-aa14-823ba73c96da req-6d28f516-7bcc-4032-aa14-823ba73c96da ] Request (FloatingIPsAssociationNegativeTestJSON:tearDownClass): 204 DELETE http://10.180.1.21/networking/v2.0/security-groups/8adbd203-f2c5-4c40-b977-777b83d00716 0.128s
2025-12-08 17:52:45.744 65930 INFO tempest.lib.common.rest_client [req-aee9bf86-fc1c-4545-bfc6-918d5077f291 req-aee9bf86-fc1c-4545-bfc6-918d5077f291 ] Request (QuotasAdminTestV257:test_get_updated_quotas): 200 GET http://10.180.1.21/compute/v2.1/os-quota-sets/c313dac9be0d4aa59436131d770c1932?user_id=0777f7066a6d4f5ea78bfaf7a36fbef6 4.059s
2025-12-08 17:52:45.831 65926 INFO tempest.lib.common.rest_client [req-3ac38276-0e9c-483b-b900-d0e90bc280f2 req-3ac38276-0e9c-483b-b900-d0e90bc280f2 ] Request (AttachInterfacesTestJSON:test_create_list_show_delete_interfaces_by_fixed_ip): 200 GET http://10.180.1.21/compute/v2.1/servers/5e999761-448f-462f-8e82-82cf9a0440df 4.266s
2025-12-08 17:52:45.833 65912 INFO tempest.lib.common.rest_client [req-747d4f1a-73ff-4f88-9556-f1324a4f2185 req-747d4f1a-73ff-4f88-9556-f1324a4f2185 ] Request (FloatingIPsAssociationNegativeTestJSON:tearDownClass): 204 DELETE http://10.180.1.21/identity/v3/projects/0c87f98690ea4991ad5973b519573455 0.131s
2025-12-08 17:52:45.842 65926 INFO tempest.common.waiters [-] State transition "BUILD/spawning" ==> "ACTIVE/None" after 32 second wait
2025-12-08 17:52:45.856 65898 INFO tempest.lib.common.rest_client [req-ce539560-b93a-400a-b16c-0257678fd092 req-ce539560-b93a-400a-b16c-0257678fd092 ] Request (ServerDiskConfigTestJSON:test_rebuild_server_with_manual_disk_config): 200 GET http://10.180.1.21/compute/v2.1/servers/33edaaef-9843-4762-8738-da7a3177bffc 4.116s
2025-12-08 17:52:45.874 65930 INFO tempest.lib.common.rest_client [req-99789d4b-2d5e-45ba-8302-2832a2bd75f9 req-99789d4b-2d5e-45ba-8302-2832a2bd75f9 ] Request (QuotasAdminTestV257:_run_cleanups): 204 DELETE http://10.180.1.21/identity/v3/users/0777f7066a6d4f5ea78bfaf7a36fbef6 0.128s
2025-12-08 17:52:45.939 65912 INFO tempest.lib.common.rest_client [req-009aacdb-b7a5-4ee9-a871-dcb3565819c8 req-009aacdb-b7a5-4ee9-a871-dcb3565819c8 ] Request (ServersTestMultiNic:setUpClass): 201 POST http://10.180.1.21/identity/v3/auth/tokens 0.103s
2025-12-08 17:52:45.941 65936 INFO tempest.lib.common.rest_client [req-c86b1930-b85d-4780-a2f1-2147eeaac767 req-c86b1930-b85d-4780-a2f1-2147eeaac767 ] Request (ServersNegativeTestJSON:setUpClass): 200 GET http://10.180.1.21/compute/v2.1/servers/e390c8a6-bc1f-4a49-bdea-e98a16130f1b 4.025s
2025-12-08 17:52:45.990 65953 INFO tempest.lib.common.rest_client [req-c642109c-ef66-4b33-8109-c78cba546cd6 req-c642109c-ef66-4b33-8109-c78cba546cd6 ] Request (ServersNegativeTestMultiTenantJSON:tearDownClass): 200 GET http://10.180.1.21/compute/v2.1/servers/33c2365f-84e0-45f7-af8b-0589693402df 3.960s
2025-12-08 17:52:45.992 65930 INFO tempest.lib.common.rest_client [req-f1c32148-2ef2-40af-8b0e-d620e61cf497 req-f1c32148-2ef2-40af-8b0e-d620e61cf497 ] Request (QuotasAdminTestV257:_run_cleanups): 204 DELETE http://10.180.1.21/identity/v3/projects/c313dac9be0d4aa59436131d770c1932 0.117s
2025-12-08 17:52:46.011 65912 INFO tempest.lib.common.rest_client [req-518e2ddc-a1f0-47a4-b780-d08b15ba4fc8 req-518e2ddc-a1f0-47a4-b780-d08b15ba4fc8 ] Request (ServersTestMultiNic:setUpClass): 201 POST http://10.180.1.21/identity/v3/auth/tokens 0.066s
2025-12-08 17:52:46.042 65920 INFO tempest.lib.common.rest_client [req-f3d5d513-0054-4f49-9aea-841946a756b1 req-f3d5d513-0054-4f49-9aea-841946a756b1 ] Request (ServersWithSpecificFlavorTestJSON:test_verify_created_server_ephemeral_disk): 200 GET http://10.180.1.21/compute/v2.1/servers/e38ddaf1-a85a-4f61-b419-5b808781800b 3.978s
2025-12-08 17:52:46.053 65912 INFO tempest.lib.common.rest_client [req-f3aa8b99-813a-470e-b8c5-fd99b71a3f2d req-f3aa8b99-813a-470e-b8c5-fd99b71a3f2d ] Request (ServersTestMultiNic:setUpClass): 200 GET http://10.180.1.21/identity/v3/domains?name=Default 0.042s
2025-12-08 17:52:46.070 65900 INFO tempest.lib.common.rest_client [req-ba8073d1-ff0e-4146-8d31-6a6e147aad84 req-ba8073d1-ff0e-4146-8d31-6a6e147aad84 ] Request (KeyPairsV22TestJSON:test_keypairsv22_create_list_show): 200 GET http://10.180.1.21/compute/v2.1/os-keypairs 3.750s
2025-12-08 17:52:46.090 65890 WARNING tempest.lib.common.ssh [-] Failed to establish authenticated ssh connection to cirros@10.180.180.184 ([Errno None] Unable to connect to port 22 on 10.180.180.184). Number attempts: 5. Retry after 6 seconds.: paramiko.ssh_exception.NoValidConnectionsError: [Errno None] Unable to connect to port 22 on 10.180.180.184
2025-12-08 17:52:46.091 65912 INFO tempest.lib.common.rest_client [req-bea5080e-dd08-4b47-9ebd-409430ce4d1d req-bea5080e-dd08-4b47-9ebd-409430ce4d1d ] Request (ServersTestMultiNic:setUpClass): 201 POST http://10.180.1.21/identity/v3/projects 0.038s
2025-12-08 17:52:46.146 65896 INFO tempest.lib.common.rest_client [req-5c2db7ed-da95-41a4-8dc9-d111e7d9fecb req-5c2db7ed-da95-41a4-8dc9-d111e7d9fecb ] Request (ServersTestBootFromVolume:setUpClass): 200 GET http://10.180.1.21/volume/v3/volumes/0a6a432e-6c29-4f19-bce1-4ba518f85aa3 0.042s
2025-12-08 17:52:46.171 65930 INFO tempest.lib.common.rest_client [req-5be53b73-2755-4a6b-bdd6-59b0e285f7e9 req-5be53b73-2755-4a6b-bdd6-59b0e285f7e9 ] Request (QuotasAdminTestV257:tearDownClass): 204 DELETE http://10.180.1.21/identity/v3/users/64a8b2f81e24456ebad85851c5cb82b8 0.176s
2025-12-08 17:52:46.215 65912 INFO tempest.lib.common.rest_client [req-35845b08-228c-4bb3-9b50-3956c87d6606 req-35845b08-228c-4bb3-9b50-3956c87d6606 ] Request (ServersTestMultiNic:setUpClass): 201 POST http://10.180.1.21/identity/v3/users 0.123s
2025-12-08 17:52:46.226 65948 INFO tempest.lib.common.rest_client [req-13f8ba1f-28d8-4b9d-b007-39df0aba640a req-13f8ba1f-28d8-4b9d-b007-39df0aba640a ] Request (ServerRescueNegativeTestJSON:_run_cleanups): 200 GET http://10.180.1.21/compute/v2.1/servers/5134c951-acd3-4899-b7e8-2e219bc2aef6 3.922s
2025-12-08 17:52:46.246 65912 INFO tempest.lib.common.rest_client [req-b1b64e87-58db-46bb-a281-d34aee27cc29 req-b1b64e87-58db-46bb-a281-d34aee27cc29 ] Request (ServersTestMultiNic:setUpClass): 200 GET http://10.180.1.21/identity/v3/roles 0.031s
