2025-12-08 17:50:57.229 65904 INFO tempest.lib.common.fixed_network [-] (TenantUsagesTestJSON:setUpClass) Found network None available for tenant
2025-12-08 17:50:57.510 65912 INFO tempest.lib.common.rest_client [req-ccb8986e-35f2-4202-a91e-1d3948b32e4e req-ccb8986e-35f2-4202-a91e-1d3948b32e4e ] Request (FloatingIPsAssociationNegativeTestJSON:setUpClass): 200 PUT http://10.180.1.21/networking/v2.0/routers/4bf68878-49f6-4a38-a64a-51488f8322bf/add_router_interface 1.634s
2025-12-08 17:50:57.511 65912 INFO tempest.lib.common.dynamic_creds [-] Created isolated network resources for: credentials: Credentials: {'domain_id': 'default', 'domain_name': 'Default', 'username': 'tempest-FloatingIPsAssociationNegativeTestJSON-1960046828-project-member', 'project_domain_id': 'default', 'project_domain_name': 'Default', 'project_id': '0c87f98690ea4991ad5973b519573455', 'project_name': 'tempest-FloatingIPsAssociationNegativeTestJSON-1960046828', 'tenant_id': '0c87f98690ea4991ad5973b519573455', 'tenant_name': 'tempest-FloatingIPsAssociationNegativeTestJSON-1960046828', 'user_domain_id': 'default', 'user_domain_name': 'Default', 'user_id': '4d71676083c84a6bb816322f731a0558', 'system': None}, Network: {'id': '929c1dd3-ff05-4834-857b-cf7aa2b53bab', 'name': 'tempest-FloatingIPsAssociationNegativeTestJSON-914098396-network', 'tenant_id': '0c87f98690ea4991ad5973b519573455', 'project_id': '0c87f98690ea4991ad5973b519573455', 'admin_state_up': True, 'mtu': 8950, 'status': 'ACTIVE', 'subnets': [], 'shared': False, 'port_security_enabled': True, 'router:external': False, 'provider:network_type': 'vlan', 'provider:physical_network': 'default', 'provider:segmentation_id': 149, 'availability_zone_hints': [], 'availability_zones': [], 'ipv4_address_scope': None, 'ipv6_address_scope': None, 'description': '', 'tags': [], 'created_at': '2025-12-08T17:50:54Z', 'updated_at': '2025-12-08T17:50:54Z', 'revision_number': 1}, Subnet: {'id': 'ecd24c6a-9f56-4370-9649-a577f5291e03', 'name': 'tempest-FloatingIPsAssociationNegativeTestJSON-914098396-subnet', 'tenant_id': '0c87f98690ea4991ad5973b519573455', 'network_id': '929c1dd3-ff05-4834-857b-cf7aa2b53bab', 'ip_version': 4, 'subnetpool_id': None, 'enable_dhcp': True, 'ipv6_ra_mode': None, 'ipv6_address_mode': None, 'gateway_ip': '192.168.128.1', 'cidr': '192.168.128.0/28', 'allocation_pools': [{'start': '192.168.128.2', 'end': '192.168.128.14'}], 'host_routes': [], 'dns_nameservers': [], 'description': '', 'router:external': False, 'service_types': [], 'tags': [], 'created_at': '2025-12-08T17:50:54Z', 'updated_at': '2025-12-08T17:50:54Z', 'revision_number': 0, 'project_id': '0c87f98690ea4991ad5973b519573455'}, Router: {'id': '4bf68878-49f6-4a38-a64a-51488f8322bf', 'name': 'tempest-FloatingIPsAssociationNegativeTestJSON-914098396-router', 'tenant_id': '0c87f98690ea4991ad5973b519573455', 'admin_state_up': True, 'status': 'ACTIVE', 'external_gateway_info': {'network_id': '533da2d4-8f93-4ef4-9f93-6649af7950d2', 'external_fixed_ips': [{'subnet_id': 'dbcd1bb7-18c4-4405-83a0-780630f187dd', 'ip_address': '10.180.180.234'}], 'enable_snat': True}, 'description': '', 'availability_zones': [], 'distributed': False, 'ha': False, 'availability_zone_hints': [], 'routes': [], 'flavor_id': None, 'tags': [], 'created_at': '2025-12-08T17:50:55Z', 'updated_at': '2025-12-08T17:50:55Z', 'revision_number': 2, 'project_id': '0c87f98690ea4991ad5973b519573455'}
2025-12-08 17:50:57.620 65912 INFO tempest.lib.common.rest_client [req-41648a0d-7727-4312-84a4-451be56c4baa req-41648a0d-7727-4312-84a4-451be56c4baa ] Request (FloatingIPsAssociationNegativeTestJSON:setUpClass): 201 POST http://10.180.1.21/identity/v3/auth/tokens 0.105s
2025-12-08 17:50:57.660 65912 INFO tempest.lib.common.rest_client [req-5634e362-3af8-405b-8dd1-13a7b8ac328a req-5634e362-3af8-405b-8dd1-13a7b8ac328a ] Request (FloatingIPsAssociationNegativeTestJSON:setUpClass): 201 POST http://10.180.1.21/identity/v3/auth/tokens 0.036s
2025-12-08 17:50:57.660 65912 INFO tempest.lib.common.fixed_network [-] (FloatingIPsAssociationNegativeTestJSON:setUpClass) Found network {'id': '929c1dd3-ff05-4834-857b-cf7aa2b53bab', 'name': 'tempest-FloatingIPsAssociationNegativeTestJSON-914098396-network', 'tenant_id': '0c87f98690ea4991ad5973b519573455', 'project_id': '0c87f98690ea4991ad5973b519573455', 'admin_state_up': True, 'mtu': 8950, 'status': 'ACTIVE', 'subnets': [], 'shared': False, 'port_security_enabled': True, 'router:external': False, 'provider:network_type': 'vlan', 'provider:physical_network': 'default', 'provider:segmentation_id': 149, 'availability_zone_hints': [], 'availability_zones': [], 'ipv4_address_scope': None, 'ipv6_address_scope': None, 'description': '', 'tags': [], 'created_at': '2025-12-08T17:50:54Z', 'updated_at': '2025-12-08T17:50:54Z', 'revision_number': 1} available for tenant
2025-12-08 17:50:57.707 65936 INFO tempest.lib.common.rest_client [req-f669d6ee-a22e-4aae-8b2a-a5beebf58196 req-f669d6ee-a22e-4aae-8b2a-a5beebf58196 ] Request (ServersNegativeTestJSON:setUpClass): 201 POST http://10.180.1.21/networking/v2.0/subnets 1.049s
2025-12-08 17:50:57.775 65902 INFO tempest.lib.common.rest_client [req-9cf8bd96-a859-42b9-93ae-5de34cd3bd4a req-9cf8bd96-a859-42b9-93ae-5de34cd3bd4a ] Request (InstanceActionsV221TestJSON:setUpClass): 200 PUT http://10.180.1.21/networking/v2.0/routers/a18d394a-4c6e-46e4-a5cb-ebe02113f54b/add_router_interface 1.163s
2025-12-08 17:50:57.775 65902 INFO tempest.lib.common.dynamic_creds [-] Created isolated network resources for: credentials: Credentials: {'domain_id': 'default', 'domain_name': 'Default', 'username': 'tempest-InstanceActionsV221TestJSON-235836081-project-member', 'project_domain_id': 'default', 'project_domain_name': 'Default', 'project_id': 'accc8589d24b4d81a849312dcea3fb3a', 'project_name': 'tempest-InstanceActionsV221TestJSON-235836081', 'tenant_id': 'accc8589d24b4d81a849312dcea3fb3a', 'tenant_name': 'tempest-InstanceActionsV221TestJSON-235836081', 'user_domain_id': 'default', 'user_domain_name': 'Default', 'user_id': '0619805e10f54b6e9e6ea7b9b8855606', 'system': None}, Network: {'id': '5a212638-be6f-4a01-a86d-965c29fd37e9', 'name': 'tempest-InstanceActionsV221TestJSON-339315285-network', 'tenant_id': 'accc8589d24b4d81a849312dcea3fb3a', 'project_id': 'accc8589d24b4d81a849312dcea3fb3a', 'admin_state_up': True, 'mtu': 8950, 'status': 'ACTIVE', 'subnets': [], 'shared': False, 'port_security_enabled': True, 'router:external': False, 'provider:network_type': 'vlan', 'provider:physical_network': 'default', 'provider:segmentation_id': 780, 'availability_zone_hints': [], 'availability_zones': [], 'ipv4_address_scope': None, 'ipv6_address_scope': None, 'description': '', 'tags': [], 'created_at': '2025-12-08T17:50:54Z', 'updated_at': '2025-12-08T17:50:54Z', 'revision_number': 1}, Subnet: {'id': 'ba1ede3a-d548-4df6-8d22-9ae0a622199d', 'name': 'tempest-InstanceActionsV221TestJSON-339315285-subnet', 'tenant_id': 'accc8589d24b4d81a849312dcea3fb3a', 'network_id': '5a212638-be6f-4a01-a86d-965c29fd37e9', 'ip_version': 4, 'subnetpool_id': None, 'enable_dhcp': True, 'ipv6_ra_mode': None, 'ipv6_address_mode': None, 'gateway_ip': '192.168.128.1', 'cidr': '192.168.128.0/28', 'allocation_pools': [{'start': '192.168.128.2', 'end': '192.168.128.14'}], 'host_routes': [], 'dns_nameservers': [], 'description': '', 'router:external': False, 'service_types': [], 'tags': [], 'created_at': '2025-12-08T17:50:54Z', 'updated_at': '2025-12-08T17:50:54Z', 'revision_number': 0, 'project_id': 'accc8589d24b4d81a849312dcea3fb3a'}, Router: {'id': 'a18d394a-4c6e-46e4-a5cb-ebe02113f54b', 'name': 'tempest-InstanceActionsV221TestJSON-339315285-router', 'tenant_id': 'accc8589d24b4d81a849312dcea3fb3a', 'admin_state_up': True, 'status': 'ACTIVE', 'external_gateway_info': {'network_id': '533da2d4-8f93-4ef4-9f93-6649af7950d2', 'external_fixed_ips': [{'subnet_id': 'dbcd1bb7-18c4-4405-83a0-780630f187dd', 'ip_address': '10.180.180.174'}], 'enable_snat': True}, 'description': '', 'availability_zones': [], 'distributed': False, 'ha': False, 'availability_zone_hints': [], 'routes': [], 'flavor_id': None, 'tags': [], 'created_at': '2025-12-08T17:50:55Z', 'updated_at': '2025-12-08T17:50:56Z', 'revision_number': 2, 'project_id': 'accc8589d24b4d81a849312dcea3fb3a'}
2025-12-08 17:50:57.817 65910 INFO tempest.lib.common.rest_client [req-ee676a38-06b2-4022-acdc-38dc34cd2849 req-ee676a38-06b2-4022-acdc-38dc34cd2849 ] Request (ServerDiagnosticsNegativeTest:test_get_server_diagnostics_by_non_admin): 200 GET http://10.180.1.21/compute/v2.1/servers/b7428d15-1bed-469d-b816-6fdd88a5a4d9 5.764s
2025-12-08 17:50:57.840 65950 INFO tempest.lib.common.rest_client [req-b9c5e69b-bfeb-4058-970e-f935a7d056f1 req-b9c5e69b-bfeb-4058-970e-f935a7d056f1 ] Request (FloatingIPsAssociationTestJSON:setUpClass): 200 GET http://10.180.1.21/compute/v2.1/servers/066e81a6-6f17-4b10-b840-e23a2929de3c 5.491s
2025-12-08 17:50:57.867 65918 INFO tempest.lib.common.rest_client [req-15d256a4-3996-45e4-ba67-f0389a8a71c2 req-15d256a4-3996-45e4-ba67-f0389a8a71c2 ] Request (FlavorsAdminTestJSON:_run_cleanups): 200 GET http://10.180.1.21/compute/v2.1/flavors/detail 5.209s
2025-12-08 17:50:57.876 65902 INFO tempest.lib.common.rest_client [req-d42d8a9b-9bf3-4baa-acd0-b0fbe8b9c7f1 req-d42d8a9b-9bf3-4baa-acd0-b0fbe8b9c7f1 ] Request (InstanceActionsV221TestJSON:setUpClass): 201 POST http://10.180.1.21/identity/v3/auth/tokens 0.094s
2025-12-08 17:50:57.913 65902 INFO tempest.lib.common.rest_client [req-4cfff737-46e4-44f9-85f9-2382178af633 req-4cfff737-46e4-44f9-85f9-2382178af633 ] Request (InstanceActionsV221TestJSON:test_get_list_deleted_instance_actions): 201 POST http://10.180.1.21/identity/v3/auth/tokens 0.032s
2025-12-08 17:50:57.914 65902 INFO tempest.lib.common.fixed_network [-] (InstanceActionsV221TestJSON:test_get_list_deleted_instance_actions) Found network {'id': '5a212638-be6f-4a01-a86d-965c29fd37e9', 'name': 'tempest-InstanceActionsV221TestJSON-339315285-network', 'tenant_id': 'accc8589d24b4d81a849312dcea3fb3a', 'project_id': 'accc8589d24b4d81a849312dcea3fb3a', 'admin_state_up': True, 'mtu': 8950, 'status': 'ACTIVE', 'subnets': [], 'shared': False, 'port_security_enabled': True, 'router:external': False, 'provider:network_type': 'vlan', 'provider:physical_network': 'default', 'provider:segmentation_id': 780, 'availability_zone_hints': [], 'availability_zones': [], 'ipv4_address_scope': None, 'ipv6_address_scope': None, 'description': '', 'tags': [], 'created_at': '2025-12-08T17:50:54Z', 'updated_at': '2025-12-08T17:50:54Z', 'revision_number': 1} available for tenant
2025-12-08 17:50:58.035 65898 INFO tempest.lib.common.rest_client [req-f49d897a-906c-4398-a306-2601cf66d67b req-f49d897a-906c-4398-a306-2601cf66d67b ] Request (QuotasAdminNegativeTest:test_create_server_when_instances_quota_is_full): 200 GET http://10.180.1.21/compute/v2.1/os-quota-sets/f15d9a51cddf4219acf2bcee30f01fa5 5.280s
2025-12-08 17:50:58.071 65916 INFO tempest.lib.common.rest_client [req-0ec96c2b-6168-41b6-b560-a36c0a788b2a req-0ec96c2b-6168-41b6-b560-a36c0a788b2a ] Request (FlavorsExtraSpecsNegativeTestJSON:test_flavor_non_admin_update_specific_key): 200 POST http://10.180.1.21/compute/v2.1/flavors/1047891155/os-extra_specs 5.310s
2025-12-08 17:50:58.089 65920 INFO tempest.lib.common.rest_client [req-c215bed2-61fd-4e2b-a2be-feb703648f2a req-c215bed2-61fd-4e2b-a2be-feb703648f2a ] Request (ServersWithSpecificFlavorTestJSON:test_verify_created_server_ephemeral_disk): 200 POST http://10.180.1.21/compute/v2.1/flavors 5.282s
2025-12-08 17:50:58.096 65906 INFO tempest.lib.common.rest_client [req-21357ae1-eb21-4809-9a6a-88504a84388f req-21357ae1-eb21-4809-9a6a-88504a84388f ] Request (HypervisorAdminNegativeTestJSON:test_get_nonexistent_hypervisor_uptime): 404 GET http://10.180.1.21/compute/v2.1/os-hypervisors/3db350fd-8d53-4fd1-a419-a43538876e21/uptime 5.285s
2025-12-08 17:50:58.116 65944 INFO tempest.lib.common.rest_client [req-9f10a5b0-a3b2-4ff3-9f3d-be0b7c2c7cb0 req-9f10a5b0-a3b2-4ff3-9f3d-be0b7c2c7cb0 ] Request (FlavorsExtraSpecsTestJSON:test_flavor_set_get_update_show_unset_keys): 200 POST http://10.180.1.21/compute/v2.1/flavors/2006961302/os-extra_specs 5.292s
2025-12-08 17:50:58.126 65926 INFO tempest.lib.common.rest_client [req-78617042-d9db-44a4-ae92-197066cb5417 req-78617042-d9db-44a4-ae92-197066cb5417 ] Request (HostsAdminNegativeTestJSON:test_show_host_detail_with_nonexistent_hostname): 404 GET http://10.180.1.21/compute/v2.1/os-hosts/nonexistent_hostname 5.297s
2025-12-08 17:50:58.934 65936 INFO tempest.lib.common.rest_client [req-7e03875d-762d-474b-a0c9-a505290b5671 req-7e03875d-762d-474b-a0c9-a505290b5671 ] Request (ServersNegativeTestJSON:setUpClass): 201 POST http://10.180.1.21/networking/v2.0/routers 1.226s
2025-12-08 17:50:59.490 65942 INFO tempest.lib.common.rest_client [req-e99be085-35df-4011-9c13-f064dae35a38 req-e99be085-35df-4011-9c13-f064dae35a38 ] Request (DeleteServersAdminTestJSON:test_admin_delete_servers_of_others): 200 GET http://10.180.1.21/compute/v2.1/servers/ec26ca3b-b5aa-4b4f-8c44-efcc3ce7f532 6.379s
2025-12-08 17:50:59.501 65942 INFO tempest.common.waiters [-] State transition "BUILD/spawning" ==> "ACTIVE/None" after 15 second wait
2025-12-08 17:51:00.281 65936 INFO tempest.lib.common.rest_client [req-4cea1086-17b5-47a4-8241-8fb67efcca57 req-4cea1086-17b5-47a4-8241-8fb67efcca57 ] Request (ServersNegativeTestJSON:setUpClass): 200 PUT http://10.180.1.21/networking/v2.0/routers/28ffe6ea-17ee-4835-9a01-d8b0ae1f7802/add_router_interface 1.346s
2025-12-08 17:51:00.282 65936 INFO tempest.lib.common.dynamic_creds [-] Created isolated network resources for: credentials: Credentials: {'domain_id': 'default', 'domain_name': 'Default', 'username': 'tempest-ServersNegativeTestJSON-2056374732-project-member', 'project_domain_id': 'default', 'project_domain_name': 'Default', 'project_id': '195eb2a6f2f44875aab2e600ea420243', 'project_name': 'tempest-ServersNegativeTestJSON-2056374732', 'tenant_id': '195eb2a6f2f44875aab2e600ea420243', 'tenant_name': 'tempest-ServersNegativeTestJSON-2056374732', 'user_domain_id': 'default', 'user_domain_name': 'Default', 'user_id': '8914fe3d5fb24f8eab77a937001d2130', 'system': None}, Network: {'id': '61340fc9-55a4-4c70-8f55-4ef39acf038f', 'name': 'tempest-ServersNegativeTestJSON-1786407419-network', 'tenant_id': '195eb2a6f2f44875aab2e600ea420243', 'project_id': '195eb2a6f2f44875aab2e600ea420243', 'admin_state_up': True, 'mtu': 8950, 'status': 'ACTIVE', 'subnets': [], 'shared': False, 'port_security_enabled': True, 'router:external': False, 'provider:network_type': 'vlan', 'provider:physical_network': 'default', 'provider:segmentation_id': 524, 'availability_zone_hints': [], 'availability_zones': [], 'ipv4_address_scope': None, 'ipv6_address_scope': None, 'description': '', 'tags': [], 'created_at': '2025-12-08T17:50:56Z', 'updated_at': '2025-12-08T17:50:56Z', 'revision_number': 1}, Subnet: {'id': '9e5c3c4e-427a-45d0-90d7-7e7911d3a18c', 'name': 'tempest-ServersNegativeTestJSON-1786407419-subnet', 'tenant_id': '195eb2a6f2f44875aab2e600ea420243', 'network_id': '61340fc9-55a4-4c70-8f55-4ef39acf038f', 'ip_version': 4, 'subnetpool_id': None, 'enable_dhcp': True, 'ipv6_ra_mode': None, 'ipv6_address_mode': None, 'gateway_ip': '192.168.128.1', 'cidr': '192.168.128.0/28', 'allocation_pools': [{'start': '192.168.128.2', 'end': '192.168.128.14'}], 'host_routes': [], 'dns_nameservers': [], 'description': '', 'router:external': False, 'service_types': [], 'tags': [], 'created_at': '2025-12-08T17:50:57Z', 'updated_at': '2025-12-08T17:50:57Z', 'revision_number': 0, 'project_id': '195eb2a6f2f44875aab2e600ea420243'}, Router: {'id': '28ffe6ea-17ee-4835-9a01-d8b0ae1f7802', 'name': 'tempest-ServersNegativeTestJSON-1786407419-router', 'tenant_id': '195eb2a6f2f44875aab2e600ea420243', 'admin_state_up': True, 'status': 'ACTIVE', 'external_gateway_info': {'network_id': '533da2d4-8f93-4ef4-9f93-6649af7950d2', 'external_fixed_ips': [{'subnet_id': 'dbcd1bb7-18c4-4405-83a0-780630f187dd', 'ip_address': '10.180.180.188'}], 'enable_snat': True}, 'description': '', 'availability_zones': [], 'distributed': False, 'ha': False, 'availability_zone_hints': [], 'routes': [], 'flavor_id': None, 'tags': [], 'created_at': '2025-12-08T17:50:57Z', 'updated_at': '2025-12-08T17:50:58Z', 'revision_number': 2, 'project_id': '195eb2a6f2f44875aab2e600ea420243'}
2025-12-08 17:51:00.367 65890 INFO tempest.lib.common.rest_client [req-79e9d47f-6835-412f-9ace-09906e00a6d7 req-79e9d47f-6835-412f-9ace-09906e00a6d7 ] Request (FloatingIPDetailsTestJSON:test_get_floating_ip_details): 200 POST http://10.180.1.21/compute/v2.1/os-floating-ips 8.009s
2025-12-08 17:51:00.370 65936 INFO tempest.lib.common.rest_client [req-6385411c-5153-4419-b805-07072f9c2935 req-6385411c-5153-4419-b805-07072f9c2935 ] Request (ServersNegativeTestJSON:setUpClass): 201 POST http://10.180.1.21/identity/v3/auth/tokens 0.083s
2025-12-08 17:51:00.393 65922 INFO tempest.lib.common.rest_client [req-68340515-adc6-4da8-a848-a712543e0275 req-68340515-adc6-4da8-a848-a712543e0275 ] Request (FlavorsV261TestJSON:_run_cleanups): 202 DELETE http://10.180.1.21/compute/v2.1/flavors/1825996229 7.247s
2025-12-08 17:51:00.412 65936 INFO tempest.lib.common.rest_client [req-bc1db348-e878-446b-bc0b-2d1eecb9307f req-bc1db348-e878-446b-bc0b-2d1eecb9307f ] Request (ServersNegativeTestJSON:setUpClass): 201 POST http://10.180.1.21/identity/v3/auth/tokens 0.038s
2025-12-08 17:51:00.412 65936 INFO tempest.lib.common.fixed_network [-] (ServersNegativeTestJSON:setUpClass) Found network {'id': '61340fc9-55a4-4c70-8f55-4ef39acf038f', 'name': 'tempest-ServersNegativeTestJSON-1786407419-network', 'tenant_id': '195eb2a6f2f44875aab2e600ea420243', 'project_id': '195eb2a6f2f44875aab2e600ea420243', 'admin_state_up': True, 'mtu': 8950, 'status': 'ACTIVE', 'subnets': [], 'shared': False, 'port_security_enabled': True, 'router:external': False, 'provider:network_type': 'vlan', 'provider:physical_network': 'default', 'provider:segmentation_id': 524, 'availability_zone_hints': [], 'availability_zones': [], 'ipv4_address_scope': None, 'ipv6_address_scope': None, 'description': '', 'tags': [], 'created_at': '2025-12-08T17:50:56Z', 'updated_at': '2025-12-08T17:50:56Z', 'revision_number': 1} available for tenant
2025-12-08 17:51:00.868 65909 INFO tempest.lib.common.rest_client [req-76f92f5e-a170-4f8c-ae01-6e927fa34689 req-76f92f5e-a170-4f8c-ae01-6e927fa34689 ] Request (VolumesAssistedSnapshotsTest:test_volume_assisted_snapshot_create_delete): 200 GET http://10.180.1.21/compute/v2.1/servers/c5481c8b-7b7f-47f3-b07f-7bdf72a83202 7.537s
2025-12-08 17:51:00.875 65909 INFO tempest.common.waiters [-] State transition "BUILD/None" ==> "BUILD/networking" after 8 second wait
2025-12-08 17:51:00.978 65946 INFO tempest.lib.common.rest_client [req-a86772b1-8723-42af-9ebc-2641b9389653 req-a86772b1-8723-42af-9ebc-2641b9389653 ] Request (QuotasAdminTestV236:test_get_updated_quotas): 200 GET http://10.180.1.21/compute/v2.1/os-quota-sets/a2e74d4dc584494592a5fe7ae0a53835/detail 7.486s
2025-12-08 17:51:00.991 65894 INFO tempest.lib.common.rest_client [req-6ea01f30-55dc-4f8c-b8b3-37c2c57fc18a req-6ea01f30-55dc-4f8c-b8b3-37c2c57fc18a ] Request (FlavorsAccessTestJSON:_run_cleanups): 202 DELETE http://10.180.1.21/compute/v2.1/flavors/670853079 7.469s
2025-12-08 17:51:00.998 65930 INFO tempest.lib.common.rest_client [req-1b0572ee-c687-4e5a-931f-40e4452223f6 req-1b0572ee-c687-4e5a-931f-40e4452223f6 ] Request (HypervisorAdminNegativeUnderV252Test:test_show_servers_with_non_admin_user): 403 GET http://10.180.1.21/compute/v2.1/os-hypervisors/1/servers 7.451s
2025-12-08 17:51:01.008 65946 INFO tempest.lib.common.rest_client [req-b5e0f5ba-8640-4e21-b992-63952f77068b req-b5e0f5ba-8640-4e21-b992-63952f77068b ] Request (QuotasAdminTestV236:test_get_updated_quotas): 200 GET http://10.180.1.21/identity/v3/domains?name=Default 0.025s
2025-12-08 17:51:01.038 65946 INFO tempest.lib.common.rest_client [req-aca14ad9-6753-4639-ad54-802b4dffad01 req-aca14ad9-6753-4639-ad54-802b4dffad01 ] Request (QuotasAdminTestV236:test_get_updated_quotas): 201 POST http://10.180.1.21/identity/v3/users 0.030s
2025-12-08 17:51:01.062 65946 INFO tempest.lib.common.rest_client [req-51d1d142-8c0c-493c-a45e-30c27432045a req-51d1d142-8c0c-493c-a45e-30c27432045a ] Request (QuotasAdminTestV236:test_get_updated_quotas): 200 GET http://10.180.1.21/identity/v3/domains?name=Default 0.023s
2025-12-08 17:51:01.240 65953 INFO tempest.lib.common.rest_client [req-5d610457-e118-443f-a104-12d745fa02de req-5d610457-e118-443f-a104-12d745fa02de ] Request (FloatingIPsTestJSON:test_delete_floating_ip): 200 POST http://10.180.1.21/compute/v2.1/os-floating-ips 8.117s
2025-12-08 17:51:01.307 65940 INFO tempest.lib.common.rest_client [req-a182e7ed-4491-4b64-bef6-b0cd572b4627 req-a182e7ed-4491-4b64-bef6-b0cd572b4627 ] Request (AggregatesAdminNegativeTestJSON:_run_cleanups): 200 DELETE http://10.180.1.21/compute/v2.1/os-aggregates/1 7.451s
2025-12-08 17:51:01.335 65932 INFO tempest.lib.common.rest_client [req-697e6c61-816e-4d7d-b3cd-564d796e6b92 req-697e6c61-816e-4d7d-b3cd-564d796e6b92 ] Request (FlavorsAccessNegativeTestJSON:_run_cleanups): 200 GET http://10.180.1.21/compute/v2.1/flavors/detail 7.454s
2025-12-08 17:51:01.437 65948 INFO tempest.lib.common.rest_client [req-ebd358c7-66d0-4f0c-893d-3344d9c9d8f5 req-ebd358c7-66d0-4f0c-893d-3344d9c9d8f5 ] Request (HypervisorAdminV228Test:test_get_list_hypervisor_details): 200 GET http://10.180.1.21/compute/v2.1/os-hypervisors 7.318s
2025-12-08 17:51:02.068 65900 INFO tempest.lib.common.rest_client [req-f4b560bc-e445-4b5e-8eba-52d8c21f3a23 req-f4b560bc-e445-4b5e-8eba-52d8c21f3a23 ] Request (ImagesNegativeTestJSON:test_create_image_from_deleted_server): 200 GET http://10.180.1.21/compute/v2.1/servers/06923df2-f7ff-4822-8ca1-2adb657f577a 8.420s
2025-12-08 17:51:02.075 65900 INFO tempest.common.waiters [-] State transition "BUILD/spawning" ==> "ACTIVE/None" after 18 second wait
2025-12-08 17:51:02.251 65934 INFO tempest.lib.common.rest_client [req-f2194469-3021-48eb-9550-ff9507570279 req-f2194469-3021-48eb-9550-ff9507570279 ] Request (VolumesAdminNegativeTest:test_update_attached_volume_with_nonexistent_volume_in_uri): 200 GET http://10.180.1.21/compute/v2.1/servers/2933853e-0d6b-4034-aad4-e7986a73e468 6.215s
2025-12-08 17:51:02.259 65934 INFO tempest.common.waiters [-] State transition "BUILD/networking" ==> "BUILD/spawning" after 13 second wait
2025-12-08 17:51:02.312 65928 INFO tempest.lib.common.rest_client [req-9830d66f-9fc0-4e9b-bd11-32543376511c req-9830d66f-9fc0-4e9b-bd11-32543376511c ] Request (ServerExternalEventsTest:test_create_server_external_events): 200 GET http://10.180.1.21/compute/v2.1/servers/6ae366e2-489f-445b-b418-4b1813d4b4ce 6.260s
2025-12-08 17:51:02.524 65914 INFO tempest.lib.common.rest_client [req-17378a3b-63ed-4cff-9ebe-67439a1b0874 req-17378a3b-63ed-4cff-9ebe-67439a1b0874 ] Request (ServerDiagnosticsTest:test_get_server_diagnostics): 200 GET http://10.180.1.21/compute/v2.1/servers/a70b4853-08b6-47c4-b701-a5bcaeffb486 5.364s
2025-12-08 17:51:02.531 65914 INFO tempest.common.waiters [-] State transition "BUILD/None" ==> "BUILD/spawning" after 12 second wait
2025-12-08 17:51:02.542 65924 INFO tempest.lib.common.rest_client [req-9aa51e6d-b5a9-46c7-a60c-78c3a75d8609 req-9aa51e6d-b5a9-46c7-a60c-78c3a75d8609 ] Request (AttachInterfacesUnderV243Test:test_add_remove_fixed_ip): 200 GET http://10.180.1.21/compute/v2.1/servers/bb940847-53df-4b3f-8fec-7b7dec035781 5.370s
2025-12-08 17:51:02.549 65924 INFO tempest.common.waiters [-] State transition "BUILD/None" ==> "BUILD/spawning" after 12 second wait
2025-12-08 17:51:02.836 65904 INFO tempest.lib.common.rest_client [req-18a129ea-a964-42c2-b47c-445741497747 req-18a129ea-a964-42c2-b47c-445741497747 ] Request (TenantUsagesTestJSON:setUpClass): 202 POST http://10.180.1.21/compute/v2.1/servers 5.607s
2025-12-08 17:51:02.860 65918 INFO tempest.lib.common.rest_client [req-8e9ae362-1d98-4f30-9074-a855cb94bd8b req-8e9ae362-1d98-4f30-9074-a855cb94bd8b ] Request (FlavorsAdminTestJSON:test_is_public_string_variations): 200 POST http://10.180.1.21/compute/v2.1/flavors 4.984s
2025-12-08 17:51:02.908 65912 INFO tempest.lib.common.rest_client [req-2a3c357e-2f66-4def-a6b9-58c2c4aecb55 req-2a3c357e-2f66-4def-a6b9-58c2c4aecb55 ] Request (FloatingIPsAssociationNegativeTestJSON:setUpClass): 202 POST http://10.180.1.21/compute/v2.1/servers 5.247s
2025-12-08 17:51:02.981 65898 INFO tempest.lib.common.rest_client [req-d218610d-fcd1-4f47-b46e-07d8a8e060f4 req-d218610d-fcd1-4f47-b46e-07d8a8e060f4 ] Request (QuotasAdminNegativeTest:test_create_server_when_instances_quota_is_full): 200 PUT http://10.180.1.21/compute/v2.1/os-quota-sets/f15d9a51cddf4219acf2bcee30f01fa5 4.939s
2025-12-08 17:51:02.987 65916 INFO tempest.lib.common.rest_client [req-7fea2d54-d48e-4b60-a4a1-8f485ccf6f49 req-7fea2d54-d48e-4b60-a4a1-8f485ccf6f49 ] Request (FlavorsExtraSpecsNegativeTestJSON:test_flavor_non_admin_update_specific_key): 403 PUT http://10.180.1.21/compute/v2.1/flavors/1047891155/os-extra_specs/hw:numa_nodes 4.915s
2025-12-08 17:51:03.000 65920 INFO tempest.lib.common.rest_client [req-6b345957-7676-42d0-a48f-ddd72540c845 req-6b345957-7676-42d0-a48f-ddd72540c845 ] Request (ServersWithSpecificFlavorTestJSON:test_verify_created_server_ephemeral_disk): 200 GET http://10.180.1.21/compute/v2.1/flavors/42/os-extra_specs 4.908s
2025-12-08 17:51:03.024 65906 INFO tempest.lib.common.rest_client [req-759c48b2-7754-4ab7-ac10-2816e6808b10 req-759c48b2-7754-4ab7-ac10-2816e6808b10 ] Request (HypervisorAdminNegativeTestJSON:test_show_hypervisor_with_non_admin_user): 200 GET http://10.180.1.21/compute/v2.1/os-hypervisors 4.927s
2025-12-08 17:51:03.035 65944 INFO tempest.lib.common.rest_client [req-0927e207-5d6b-420e-a922-0d28ebf40edf req-0927e207-5d6b-420e-a922-0d28ebf40edf ] Request (FlavorsExtraSpecsTestJSON:test_flavor_set_get_update_show_unset_keys): 200 GET http://10.180.1.21/compute/v2.1/flavors/2006961302/os-extra_specs 4.918s
2025-12-08 17:51:03.045 65926 INFO tempest.lib.common.rest_client [req-0b601c15-11c5-4db9-b8ee-5c45fcfec172 req-0b601c15-11c5-4db9-b8ee-5c45fcfec172 ] Request (HostsAdminNegativeTestJSON:test_shutdown_host_with_non_admin_user): 403 GET http://10.180.1.21/compute/v2.1/os-hosts/devstack/shutdown 4.918s
2025-12-08 17:51:03.063 65898 INFO tempest.lib.common.rest_client [req-6e4c6324-d325-45d7-ab3c-05052ba1554a req-6e4c6324-d325-45d7-ab3c-05052ba1554a ] Request (QuotasAdminNegativeTest:test_create_server_when_instances_quota_is_full): 201 POST http://10.180.1.21/identity/v3/auth/tokens 0.075s
2025-12-08 17:51:03.064 65898 INFO tempest.lib.common.fixed_network [-] (QuotasAdminNegativeTest:test_create_server_when_instances_quota_is_full) Found network None available for tenant
2025-12-08 17:51:03.209 65910 INFO tempest.lib.common.rest_client [req-60f91cf9-a812-420f-8293-665ac941f5d7 req-60f91cf9-a812-420f-8293-665ac941f5d7 ] Request (ServerDiagnosticsNegativeTest:test_get_server_diagnostics_by_non_admin): 200 GET http://10.180.1.21/compute/v2.1/servers/b7428d15-1bed-469d-b816-6fdd88a5a4d9 4.381s
2025-12-08 17:51:03.217 65910 INFO tempest.common.waiters [-] State transition "BUILD/spawning" ==> "ACTIVE/None" after 20 second wait
2025-12-08 17:51:03.252 65902 INFO tempest.lib.common.rest_client [req-d0b8bfc3-7a3d-494f-85e4-67cbb870259a req-d0b8bfc3-7a3d-494f-85e4-67cbb870259a ] Request (InstanceActionsV221TestJSON:test_get_list_deleted_instance_actions): 202 POST http://10.180.1.21/compute/v2.1/servers 5.337s
2025-12-08 17:51:03.392 65950 INFO tempest.lib.common.rest_client [req-e2da7cf3-6db0-41c8-bd70-4d5df537fac0 req-e2da7cf3-6db0-41c8-bd70-4d5df537fac0 ] Request (FloatingIPsAssociationTestJSON:setUpClass): 200 GET http://10.180.1.21/compute/v2.1/servers/066e81a6-6f17-4b10-b840-e23a2929de3c 4.538s
2025-12-08 17:51:03.401 65950 INFO tempest.common.waiters [-] State transition "BUILD/spawning" ==> "ACTIVE/None" after 19 second wait
2025-12-08 17:51:03.494 65942 INFO tempest.lib.common.rest_client [req-a725efde-ba72-4be2-8e96-58a2f7b35b34 req-a725efde-ba72-4be2-8e96-58a2f7b35b34 ] Request (DeleteServersAdminTestJSON:test_admin_delete_servers_of_others): 204 DELETE http://10.180.1.21/compute/v2.1/servers/ec26ca3b-b5aa-4b4f-8c44-efcc3ce7f532 3.992s
2025-12-08 17:51:03.510 65890 INFO tempest.lib.common.rest_client [req-aed4afc0-f818-445d-b8f4-17ee8afdccf1 req-aed4afc0-f818-445d-b8f4-17ee8afdccf1 ] Request (FloatingIPDetailsTestJSON:test_get_floating_ip_details): 200 GET http://10.180.1.21/compute/v2.1/os-floating-ips/7fa5b31b-2207-4b7b-a706-e595fef37f3c 3.141s
2025-12-08 17:51:03.527 65922 INFO tempest.lib.common.rest_client [req-fce6c3e7-954e-4b3d-b968-e934d7fc1a39 req-fce6c3e7-954e-4b3d-b968-e934d7fc1a39 ] Request (FlavorsV261TestJSON:_run_cleanups): 200 GET http://10.180.1.21/compute/v2.1/flavors/detail 3.133s
2025-12-08 17:51:03.559 65894 INFO tempest.lib.common.rest_client [req-a30fc3cd-e0a1-46c7-9527-c4be7ea2b4b5 req-a30fc3cd-e0a1-46c7-9527-c4be7ea2b4b5 ] Request (FlavorsAccessTestJSON:_run_cleanups): 200 GET http://10.180.1.21/compute/v2.1/flavors/detail 2.567s
2025-12-08 17:51:03.573 65930 INFO tempest.lib.common.rest_client [req-a66e2d67-44df-458f-b63d-ff95907f854f req-a66e2d67-44df-458f-b63d-ff95907f854f ] Request (HypervisorAdminNegativeUnderV252Test:test_show_servers_with_nonexistent_hypervisor): 404 GET http://10.180.1.21/compute/v2.1/os-hypervisors/e1d17c50-810e-4eea-a8f6-4dbe6cfe4151/servers 2.573s
2025-12-08 17:51:03.697 65922 INFO tempest.lib.common.rest_client [req-01b38e7d-e2a8-4916-b152-94697f63ec61 req-01b38e7d-e2a8-4916-b152-94697f63ec61 ] Request (FlavorsV261TestJSON:tearDownClass): 204 DELETE http://10.180.1.21/identity/v3/users/97adeab6325a4fc0ae5bc3730d1e46d7 0.159s
2025-12-08 17:51:03.698 65930 INFO tempest.lib.common.rest_client [req-1f1620a9-d2b6-4fb6-aa48-6332bf801d97 req-1f1620a9-d2b6-4fb6-aa48-6332bf801d97 ] Request (HypervisorAdminNegativeUnderV252Test:tearDownClass): 204 DELETE http://10.180.1.21/identity/v3/users/c5a2c1cc6072441598527784fb4f2f83 0.124s
2025-12-08 17:51:03.823 65922 INFO tempest.lib.common.rest_client [req-b89107bd-889e-45a0-a1c3-9525144935b3 req-b89107bd-889e-45a0-a1c3-9525144935b3 ] Request (FlavorsV261TestJSON:tearDownClass): 204 DELETE http://10.180.1.21/identity/v3/users/1ae191eaeeaf47c0a939ecce1ed89926 0.125s
2025-12-08 17:51:03.823 65922 INFO tempest.lib.common.dynamic_creds [-] Deleting project and security group for project: 5f06f38b4c56440f874fab0f6bde4c6c
2025-12-08 17:51:03.894 65922 INFO tempest.lib.common.rest_client [req-833832c1-7168-4774-8a53-86e819dd1f4c req-833832c1-7168-4774-8a53-86e819dd1f4c ] Request (FlavorsV261TestJSON:tearDownClass): 201 POST http://10.180.1.21/identity/v3/auth/tokens 0.071s
2025-12-08 17:51:03.906 65946 INFO tempest.lib.common.rest_client [req-3c36e053-890d-4ae3-a067-a95a487a91ed req-3c36e053-890d-4ae3-a067-a95a487a91ed ] Request (QuotasAdminTestV236:test_get_updated_quotas): 200 PUT http://10.180.1.21/compute/v2.1/os-quota-sets/a2e74d4dc584494592a5fe7ae0a53835?user_id=76bd196734b94d51806080d20b144023 2.843s
2025-12-08 17:51:03.926 65930 INFO tempest.lib.common.rest_client [req-68313563-e904-479f-b601-fe2b9113e006 req-68313563-e904-479f-b601-fe2b9113e006 ] Request (HypervisorAdminNegativeUnderV252Test:tearDownClass): 204 DELETE http://10.180.1.21/identity/v3/users/5304d1fbeaa9417eb75997d8283b922b 0.227s
2025-12-08 17:51:03.926 65930 INFO tempest.lib.common.dynamic_creds [-] Deleting project and security group for project: 4ebc75191bfb491c90d90c842cb15395
2025-12-08 17:51:03.934 65936 INFO tempest.lib.common.rest_client [req-10787ce2-c367-4a98-b66f-74e3bca72c11 req-10787ce2-c367-4a98-b66f-74e3bca72c11 ] Request (ServersNegativeTestJSON:setUpClass): 202 POST http://10.180.1.21/compute/v2.1/servers 3.520s
2025-12-08 17:51:03.962 65940 INFO tempest.lib.common.rest_client [req-8d19f91e-d18c-4a0a-bec3-628dc9bbe4de req-8d19f91e-d18c-4a0a-bec3-628dc9bbe4de ] Request (AggregatesAdminNegativeTestJSON:test_aggregate_add_host_as_user): 200 POST http://10.180.1.21/compute/v2.1/os-aggregates 2.650s
2025-12-08 17:51:04.005 65896 INFO tempest.lib.common.rest_client [req-aad42db6-a0d1-4d79-95f9-dd9cd814b266 req-aad42db6-a0d1-4d79-95f9-dd9cd814b266 ] Request (HostsAdminTestJSON:test_list_hosts_with_zone): 200 GET http://10.180.1.21/compute/v2.1/os-hosts 2.688s
2025-12-08 17:51:04.019 65930 INFO tempest.lib.common.rest_client [req-a6782288-0d93-44ca-8f59-a7fae6a90f8c req-a6782288-0d93-44ca-8f59-a7fae6a90f8c ] Request (HypervisorAdminNegativeUnderV252Test:tearDownClass): 201 POST http://10.180.1.21/identity/v3/auth/tokens 0.092s
2025-12-08 17:51:04.023 65932 INFO tempest.lib.common.rest_client [req-278d9225-3d37-4ecf-a1cb-eeb65dcef269 req-278d9225-3d37-4ecf-a1cb-eeb65dcef269 ] Request (FlavorsAccessNegativeTestJSON:test_flavor_access_list_with_public_flavor): 200 POST http://10.180.1.21/compute/v2.1/flavors 2.678s
2025-12-08 17:51:04.048 65948 INFO tempest.lib.common.rest_client [req-a6863310-12fa-4977-82c7-b173cec3079f req-a6863310-12fa-4977-82c7-b173cec3079f ] Request (HypervisorAdminV228Test:test_get_list_hypervisor_details): 200 GET http://10.180.1.21/compute/v2.1/os-hypervisors/1 2.609s
2025-12-08 17:51:04.141 65948 INFO tempest.lib.common.rest_client [req-8474941f-38bd-468e-80c5-2a5a12b12e3d req-8474941f-38bd-468e-80c5-2a5a12b12e3d ] Request (HypervisorAdminV228Test:tearDownClass): 204 DELETE http://10.180.1.21/identity/v3/users/7367ea5dba6b4c83b84db525a1d6fe67 0.086s
2025-12-08 17:51:04.158 65922 INFO tempest.lib.common.rest_client [req-b03ab141-f29b-4934-b976-9b7f9a44c3bc req-b03ab141-f29b-4934-b976-9b7f9a44c3bc ] Request (FlavorsV261TestJSON:tearDownClass): 200 GET http://10.180.1.21/networking/v2.0/security-groups?tenant_id=5f06f38b4c56440f874fab0f6bde4c6c&name=default 0.264s
2025-12-08 17:51:04.200 65930 INFO tempest.lib.common.rest_client [req-e8b45d1d-13e9-4f05-94c4-96414406499a req-e8b45d1d-13e9-4f05-94c4-96414406499a ] Request (HypervisorAdminNegativeUnderV252Test:tearDownClass): 200 GET http://10.180.1.21/networking/v2.0/security-groups?tenant_id=4ebc75191bfb491c90d90c842cb15395&name=default 0.181s
2025-12-08 17:51:04.243 65948 INFO tempest.lib.common.rest_client [req-effe8613-fa1d-4c80-a576-acbc159f94e7 req-effe8613-fa1d-4c80-a576-acbc159f94e7 ] Request (HypervisorAdminV228Test:tearDownClass): 204 DELETE http://10.180.1.21/identity/v3/users/f347da867b984ba297a4447807212ae3 0.101s
2025-12-08 17:51:04.243 65948 INFO tempest.lib.common.dynamic_creds [-] Deleting project and security group for project: e8cc9489d12b423da6643b3acca0ce6f
2025-12-08 17:51:04.332 65948 INFO tempest.lib.common.rest_client [req-9f4d1806-d4f5-42f6-8b48-af9c61c852a4 req-9f4d1806-d4f5-42f6-8b48-af9c61c852a4 ] Request (HypervisorAdminV228Test:tearDownClass): 201 POST http://10.180.1.21/identity/v3/auth/tokens 0.089s
2025-12-08 17:51:04.343 65922 INFO tempest.lib.common.rest_client [req-0ae946b4-1268-4812-9660-e566ab012cea req-0ae946b4-1268-4812-9660-e566ab012cea ] Request (FlavorsV261TestJSON:tearDownClass): 204 DELETE http://10.180.1.21/networking/v2.0/security-groups/49dc58b2-0c67-4e05-9b1b-12d8c10f32c9 0.184s
2025-12-08 17:51:04.385 65930 INFO tempest.lib.common.rest_client [req-12fa4ccc-6467-4a1e-ac64-4d4bc027477c req-12fa4ccc-6467-4a1e-ac64-4d4bc027477c ] Request (HypervisorAdminNegativeUnderV252Test:tearDownClass): 204 DELETE http://10.180.1.21/networking/v2.0/security-groups/58264ece-6358-455b-b4bb-2a7d3eb36bb8 0.184s
2025-12-08 17:51:04.443 65909 INFO tempest.lib.common.rest_client [req-7f9b957b-f8bf-467e-b9f1-629099c90686 req-7f9b957b-f8bf-467e-b9f1-629099c90686 ] Request (VolumesAssistedSnapshotsTest:test_volume_assisted_snapshot_create_delete): 200 GET http://10.180.1.21/compute/v2.1/servers/c5481c8b-7b7f-47f3-b07f-7bdf72a83202 2.567s
2025-12-08 17:51:04.450 65922 INFO tempest.lib.common.rest_client [req-64f1adba-7f58-49ed-98a7-5dcdd49565c1 req-64f1adba-7f58-49ed-98a7-5dcdd49565c1 ] Request (FlavorsV261TestJSON:tearDownClass): 204 DELETE http://10.180.1.21/identity/v3/projects/5f06f38b4c56440f874fab0f6bde4c6c 0.106s
2025-12-08 17:51:04.451 65922 INFO tempest.lib.common.dynamic_creds [-] Deleting project and security group for project: 28db308d73d940d68247ecfbbab0764d
2025-12-08 17:51:04.454 65909 INFO tempest.common.waiters [-] State transition "BUILD/networking" ==> "BUILD/spawning" after 12 second wait
2025-12-08 17:51:04.582 65930 INFO tempest.lib.common.rest_client [req-0e0fb161-20c6-436d-ac80-16930d6ea049 req-0e0fb161-20c6-436d-ac80-16930d6ea049 ] Request (HypervisorAdminNegativeUnderV252Test:tearDownClass): 204 DELETE http://10.180.1.21/identity/v3/projects/4ebc75191bfb491c90d90c842cb15395 0.196s
2025-12-08 17:51:04.582 65930 INFO tempest.lib.common.dynamic_creds [-] Deleting project and security group for project: 56883fdad53244a38efe8288fd63e176
2025-12-08 17:51:04.640 65900 INFO tempest.lib.common.rest_client [req-a5e2ecb1-e484-4d69-913b-10a02ab7b485 req-a5e2ecb1-e484-4d69-913b-10a02ab7b485 ] Request (ImagesNegativeTestJSON:test_create_image_from_deleted_server): 204 DELETE http://10.180.1.21/compute/v2.1/servers/06923df2-f7ff-4822-8ca1-2adb657f577a 2.564s
2025-12-08 17:51:04.741 65948 INFO tempest.lib.common.rest_client [req-87c2a9fc-1e75-44c7-b5ca-0fe05000c050 req-87c2a9fc-1e75-44c7-b5ca-0fe05000c050 ] Request (HypervisorAdminV228Test:tearDownClass): 200 GET http://10.180.1.21/networking/v2.0/security-groups?tenant_id=e8cc9489d12b423da6643b3acca0ce6f&name=default 0.409s
2025-12-08 17:51:04.754 65953 INFO tempest.lib.common.rest_client [req-94c8597e-7d03-400e-8d32-e6a32c58b494 req-94c8597e-7d03-400e-8d32-e6a32c58b494 ] Request (FloatingIPsTestJSON:test_delete_floating_ip): 202 DELETE http://10.180.1.21/compute/v2.1/os-floating-ips/5744e786-1068-41c0-85b4-39107ce03b7c 3.510s
2025-12-08 17:51:04.779 65918 INFO tempest.lib.common.rest_client [req-8dbd3c0a-62c1-43d9-ad58-73f0aceb7fb0 req-8dbd3c0a-62c1-43d9-ad58-73f0aceb7fb0 ] Request (FlavorsAdminTestJSON:test_is_public_string_variations): 200 POST http://10.180.1.21/compute/v2.1/flavors 1.916s
2025-12-08 17:51:04.881 65922 INFO tempest.lib.common.rest_client [req-9c47015e-ee8d-4665-9824-685b82d6558f req-9c47015e-ee8d-4665-9824-685b82d6558f ] Request (FlavorsV261TestJSON:tearDownClass): 200 GET http://10.180.1.21/networking/v2.0/security-groups?tenant_id=28db308d73d940d68247ecfbbab0764d&name=default 0.430s
2025-12-08 17:51:04.904 65930 INFO tempest.lib.common.rest_client [req-0fc75211-e207-4531-b7e0-d1e1fbf509e0 req-0fc75211-e207-4531-b7e0-d1e1fbf509e0 ] Request (HypervisorAdminNegativeUnderV252Test:tearDownClass): 200 GET http://10.180.1.21/networking/v2.0/security-groups?tenant_id=56883fdad53244a38efe8288fd63e176&name=default 0.322s
2025-12-08 17:51:04.905 65904 INFO tempest.lib.common.rest_client [req-b512886c-9f0e-4f28-8e5b-dbd7375297d9 req-b512886c-9f0e-4f28-8e5b-dbd7375297d9 ] Request (TenantUsagesTestJSON:setUpClass): 200 GET http://10.180.1.21/compute/v2.1/servers/04c29c1d-0f4d-47c0-aa83-50294d5daa61 2.067s
2025-12-08 17:51:04.917 65916 INFO tempest.lib.common.rest_client [req-0063427e-32a8-4307-b0ae-e0c70e851f6f req-0063427e-32a8-4307-b0ae-e0c70e851f6f ] Request (FlavorsExtraSpecsNegativeTestJSON:test_flavor_unset_nonexistent_key): 404 DELETE http://10.180.1.21/compute/v2.1/flavors/1047891155/os-extra_specs/hw:cpu_thread_policy 1.929s
2025-12-08 17:51:04.941 65920 INFO tempest.lib.common.rest_client [req-daf241a4-a31b-4bdd-b82f-11a6c9103132 req-daf241a4-a31b-4bdd-b82f-11a6c9103132 ] Request (ServersWithSpecificFlavorTestJSON:test_verify_created_server_ephemeral_disk): 200 POST http://10.180.1.21/compute/v2.1/flavors/852297516/os-extra_specs 1.939s
2025-12-08 17:51:04.947 65906 INFO tempest.lib.common.rest_client [req-c09be11f-9e21-46fb-88f5-bcaf2be9610b req-c09be11f-9e21-46fb-88f5-bcaf2be9610b ] Request (HypervisorAdminNegativeTestJSON:test_show_hypervisor_with_non_admin_user): 403 GET http://10.180.1.21/compute/v2.1/os-hypervisors/1 1.920s
2025-12-08 17:51:04.961 65912 INFO tempest.lib.common.rest_client [req-0131aafd-3966-458e-8174-e8ed82607d12 req-0131aafd-3966-458e-8174-e8ed82607d12 ] Request (FloatingIPsAssociationNegativeTestJSON:setUpClass): 200 GET http://10.180.1.21/compute/v2.1/servers/e9b705e8-aef1-4d4b-bfcd-e6e7cf882d90 2.051s
2025-12-08 17:51:04.969 65944 INFO tempest.lib.common.rest_client [req-fa34b0b3-135c-43a2-8f31-c2c348219d8c req-fa34b0b3-135c-43a2-8f31-c2c348219d8c ] Request (FlavorsExtraSpecsTestJSON:test_flavor_set_get_update_show_unset_keys): 200 PUT http://10.180.1.21/compute/v2.1/flavors/2006961302/os-extra_specs/hw:numa_nodes 1.933s
2025-12-08 17:51:04.979 65926 INFO tempest.lib.common.rest_client [req-d879f917-0a49-47aa-83ef-f6a6beeb25bf req-d879f917-0a49-47aa-83ef-f6a6beeb25bf ] Request (HostsAdminNegativeTestJSON:test_shutdown_nonexistent_host): 404 GET http://10.180.1.21/compute/v2.1/os-hosts/nonexistent_hostname/shutdown 1.930s
2025-12-08 17:51:04.986 65948 INFO tempest.lib.common.rest_client [req-d9828b28-650b-4103-a938-fe0461eadb75 req-d9828b28-650b-4103-a938-fe0461eadb75 ] Request (HypervisorAdminV228Test:tearDownClass): 204 DELETE http://10.180.1.21/networking/v2.0/security-groups/257db00f-08e8-4a4a-92ab-23932b6c3915 0.244s
2025-12-08 17:51:05.041 65910 INFO tempest.lib.common.rest_client [req-70367115-9055-4fd6-83e7-dc87557321be req-70367115-9055-4fd6-83e7-dc87557321be ] Request (ServerDiagnosticsNegativeTest:test_get_server_diagnostics_by_non_admin): 403 GET http://10.180.1.21/compute/v2.1/servers/b7428d15-1bed-469d-b816-6fdd88a5a4d9/diagnostics 1.823s
2025-12-08 17:51:05.050 65922 INFO tempest.lib.common.rest_client [req-dd9ca405-77e0-4e81-af0f-a2c2912b56b9 req-dd9ca405-77e0-4e81-af0f-a2c2912b56b9 ] Request (FlavorsV261TestJSON:tearDownClass): 204 DELETE http://10.180.1.21/networking/v2.0/security-groups/59efd3c5-0dd2-4633-8c4e-e76374849a6f 0.168s
2025-12-08 17:51:05.077 65930 INFO tempest.lib.common.rest_client [req-1be4ddca-bbef-4785-8080-26fb78522666 req-1be4ddca-bbef-4785-8080-26fb78522666 ] Request (HypervisorAdminNegativeUnderV252Test:tearDownClass): 204 DELETE http://10.180.1.21/networking/v2.0/security-groups/7b486d81-6a22-4b79-b681-da38f3af8c19 0.172s
2025-12-08 17:51:05.104 65902 INFO tempest.lib.common.rest_client [req-def21dcd-4a4e-408d-b618-7c0031b69cea req-def21dcd-4a4e-408d-b618-7c0031b69cea ] Request (InstanceActionsV221TestJSON:test_get_list_deleted_instance_actions): 200 GET http://10.180.1.21/compute/v2.1/servers/fdb97222-7820-4d3e-a117-696cee1687a8 1.850s
2025-12-08 17:51:05.127 65948 INFO tempest.lib.common.rest_client [req-f2956bd0-b327-41e5-96e2-433ab8493e1d req-f2956bd0-b327-41e5-96e2-433ab8493e1d ] Request (HypervisorAdminV228Test:tearDownClass): 204 DELETE http://10.180.1.21/identity/v3/projects/e8cc9489d12b423da6643b3acca0ce6f 0.141s
2025-12-08 17:51:05.128 65948 INFO tempest.lib.common.dynamic_creds [-] Deleting project and security group for project: 1199072ca07b4b58ab89633f814380e1
2025-12-08 17:51:05.193 65898 INFO tempest.lib.common.rest_client [req-855d3a75-0c79-43ec-aca9-5d00f52e29db req-855d3a75-0c79-43ec-aca9-5d00f52e29db ] Request (QuotasAdminNegativeTest:test_create_server_when_instances_quota_is_full): 403 POST http://10.180.1.21/compute/v2.1/servers 2.129s
2025-12-08 17:51:05.216 65922 INFO tempest.lib.common.rest_client [req-5a97d5a6-0878-44e2-8b5b-c444a7c5d458 req-5a97d5a6-0878-44e2-8b5b-c444a7c5d458 ] Request (FlavorsV261TestJSON:tearDownClass): 204 DELETE http://10.180.1.21/identity/v3/projects/28db308d73d940d68247ecfbbab0764d 0.166s
2025-12-08 17:51:05.229 65930 INFO tempest.lib.common.rest_client [req-03a9f661-91ab-4236-a888-4c13d9940eed req-03a9f661-91ab-4236-a888-4c13d9940eed ] Request (HypervisorAdminNegativeUnderV252Test:tearDownClass): 204 DELETE http://10.180.1.21/identity/v3/projects/56883fdad53244a38efe8288fd63e176 0.152s
2025-12-08 17:51:05.234 65948 INFO tempest.lib.common.rest_client [req-7e5dfce2-d553-452a-bc07-b4099da597b5 req-7e5dfce2-d553-452a-bc07-b4099da597b5 ] Request (HypervisorAdminV228Test:tearDownClass): 200 GET http://10.180.1.21/networking/v2.0/security-groups?tenant_id=1199072ca07b4b58ab89633f814380e1&name=default 0.106s
2025-12-08 17:51:05.237 65934 INFO tempest.lib.common.rest_client [req-939a192a-1491-4b1f-a5ef-f7f33a517bc5 req-939a192a-1491-4b1f-a5ef-f7f33a517bc5 ] Request (VolumesAdminNegativeTest:test_update_attached_volume_with_nonexistent_volume_in_uri): 200 GET http://10.180.1.21/compute/v2.1/servers/2933853e-0d6b-4034-aad4-e7986a73e468 1.977s
2025-12-08 17:51:05.275 65922 INFO tempest.lib.common.rest_client [req-bd4ff7e9-922e-4fdd-98cc-39e00a21556d req-bd4ff7e9-922e-4fdd-98cc-39e00a21556d ] Request (InstanceUsageAuditLogTestJSON:setUpClass): 201 POST http://10.180.1.21/identity/v3/auth/tokens 0.057s
2025-12-08 17:51:05.315 65922 INFO tempest.lib.common.rest_client [req-395c705f-aace-4af2-9052-0c05bcddf585 req-395c705f-aace-4af2-9052-0c05bcddf585 ] Request (InstanceUsageAuditLogTestJSON:setUpClass): 201 POST http://10.180.1.21/identity/v3/auth/tokens 0.036s
2025-12-08 17:51:05.321 65930 INFO tempest.lib.common.rest_client [req-de7d7a5b-df11-43f4-896e-28c14f7934dc req-de7d7a5b-df11-43f4-896e-28c14f7934dc ] Request (QuotasAdminTestV257:setUpClass): 201 POST http://10.180.1.21/identity/v3/auth/tokens 0.090s
2025-12-08 17:51:05.330 65948 INFO tempest.lib.common.rest_client [req-4f58e05a-55f0-444e-8fd2-3f22df94e98d req-4f58e05a-55f0-444e-8fd2-3f22df94e98d ] Request (HypervisorAdminV228Test:tearDownClass): 204 DELETE http://10.180.1.21/networking/v2.0/security-groups/214aa2fa-78a7-46c1-bddf-f580040f79c8 0.096s
2025-12-08 17:51:05.339 65922 INFO tempest.lib.common.rest_client [req-992fdfef-68cb-4329-9ea8-a742b068b0f9 req-992fdfef-68cb-4329-9ea8-a742b068b0f9 ] Request (InstanceUsageAuditLogTestJSON:setUpClass): 200 GET http://10.180.1.21/identity/v3/domains?name=Default 0.024s
2025-12-08 17:51:05.360 65930 INFO tempest.lib.common.rest_client [req-ac8abba1-6d46-47c3-b538-1353fd289036 req-ac8abba1-6d46-47c3-b538-1353fd289036 ] Request (QuotasAdminTestV257:setUpClass): 201 POST http://10.180.1.21/identity/v3/auth/tokens 0.035s
2025-12-08 17:51:05.385 65922 INFO tempest.lib.common.rest_client [req-e2507af7-bac4-4672-acde-a902107a8b74 req-e2507af7-bac4-4672-acde-a902107a8b74 ] Request (InstanceUsageAuditLogTestJSON:setUpClass): 201 POST http://10.180.1.21/identity/v3/projects 0.045s
2025-12-08 17:51:05.395 65928 INFO tempest.lib.common.rest_client [req-2dd25ec1-3aa8-465a-b27b-ebfbbf7f3fb5 req-2dd25ec1-3aa8-465a-b27b-ebfbbf7f3fb5 ] Request (ServerExternalEventsTest:test_create_server_external_events): 200 GET http://10.180.1.21/compute/v2.1/servers/6ae366e2-489f-445b-b418-4b1813d4b4ce 2.071s
2025-12-08 17:51:05.409 65948 INFO tempest.lib.common.rest_client [req-b34bece6-076e-4a1b-8d79-6779adcba6fe req-b34bece6-076e-4a1b-8d79-6779adcba6fe ] Request (HypervisorAdminV228Test:tearDownClass): 204 DELETE http://10.180.1.21/identity/v3/projects/1199072ca07b4b58ab89633f814380e1 0.078s
2025-12-08 17:51:05.410 65948 INFO tempest.test [-] raised in ServerStableDeviceRescueTestIDE.setUpClass. Invoking tearDownClass.
2025-12-08 17:51:05.442 65930 INFO tempest.lib.common.rest_client [req-a15ddc1f-6c00-4c4b-b62d-795b9c2e7ab9 req-a15ddc1f-6c00-4c4b-b62d-795b9c2e7ab9 ] Request (QuotasAdminTestV257:setUpClass): 200 GET http://10.180.1.21/identity/v3/domains?name=Default 0.082s
2025-12-08 17:51:05.470 65948 INFO tempest.lib.common.rest_client [req-46f7d59c-cc2e-465a-82ad-ca4d30250a87 req-46f7d59c-cc2e-465a-82ad-ca4d30250a87 ] Request (ServerRescueNegativeTestJSON:setUpClass): 201 POST http://10.180.1.21/identity/v3/auth/tokens 0.057s
2025-12-08 17:51:05.494 65922 INFO tempest.lib.common.rest_client [req-24ec229e-87d6-464c-a2cb-4ad615d54ce3 req-24ec229e-87d6-464c-a2cb-4ad615d54ce3 ] Request (InstanceUsageAuditLogTestJSON:setUpClass): 201 POST http://10.180.1.21/identity/v3/users 0.109s
2025-12-08 17:51:05.509 65930 INFO tempest.lib.common.rest_client [req-a7a2664d-f968-46c5-9d2e-bfdc2294ce4c req-a7a2664d-f968-46c5-9d2e-bfdc2294ce4c ] Request (QuotasAdminTestV257:setUpClass): 201 POST http://10.180.1.21/identity/v3/projects 0.066s
2025-12-08 17:51:05.567 65922 INFO tempest.lib.common.rest_client [req-809e8ebf-b400-43b2-bc27-c4d07c5f880f req-809e8ebf-b400-43b2-bc27-c4d07c5f880f ] Request (InstanceUsageAuditLogTestJSON:setUpClass): 200 GET http://10.180.1.21/identity/v3/roles 0.072s
2025-12-08 17:51:05.573 65948 INFO tempest.lib.common.rest_client [req-6b9b3dac-dee9-4a3a-b341-aebb9713575c req-6b9b3dac-dee9-4a3a-b341-aebb9713575c ] Request (ServerRescueNegativeTestJSON:setUpClass): 201 POST http://10.180.1.21/identity/v3/auth/tokens 0.094s
2025-12-08 17:51:05.581 65942 INFO tempest.lib.common.rest_client [req-c3a24382-c4d3-444f-bbbb-a18e62b07d9b req-c3a24382-c4d3-444f-bbbb-a18e62b07d9b ] Request (DeleteServersAdminTestJSON:test_admin_delete_servers_of_others): 200 GET http://10.180.1.21/compute/v2.1/servers/ec26ca3b-b5aa-4b4f-8c44-efcc3ce7f532 2.086s
2025-12-08 17:51:05.600 65930 INFO tempest.lib.common.rest_client [req-ae0ea423-90e2-45a3-8eea-57a5ed26508c req-ae0ea423-90e2-45a3-8eea-57a5ed26508c ] Request (QuotasAdminTestV257:setUpClass): 201 POST http://10.180.1.21/identity/v3/users 0.091s
2025-12-08 17:51:05.613 65922 INFO tempest.lib.common.rest_client [req-84cd9c70-6f5c-4341-b2fb-8e69485f5195 req-84cd9c70-6f5c-4341-b2fb-8e69485f5195 ] Request (InstanceUsageAuditLogTestJSON:setUpClass): 204 PUT http://10.180.1.21/identity/v3/projects/318ca4ebaecf4335bf3e08d6355b7bfc/users/03e3d665deac4cc7851802c26069a65b/roles/95c992af95a546be8dce9f3a38f86d68 0.046s
2025-12-08 17:51:05.614 65922 INFO tempest.lib.common.dynamic_creds [-] Dynamic test user 03e3d665deac4cc7851802c26069a65b is created with scope project and roles: ['member']
