2025-12-08 17:53:03.402 65900 INFO tempest.lib.common.dynamic_creds [-] Acquired dynamic creds: credentials: Credentials: {'domain_id': 'default', 'domain_name': 'Default', 'username': 'tempest-InstanceActionsTestJSON-649193877-project-member', 'project_domain_id': 'default', 'project_domain_name': 'Default', 'project_id': '92bd1a8643ed4da38cddebe9134f70d7', 'project_name': 'tempest-InstanceActionsTestJSON-649193877', 'tenant_id': '92bd1a8643ed4da38cddebe9134f70d7', 'tenant_name': 'tempest-InstanceActionsTestJSON-649193877', 'user_domain_id': 'default', 'user_domain_name': 'Default', 'user_id': '29d0be3c3d784acdb6eee6caabcb7e1a', 'system': None}, Network: None, Subnet: None, Router: None
2025-12-08 17:53:03.472 65900 INFO tempest.lib.common.rest_client [req-faf468e9-4eca-4272-99d9-9b76f322bec8 req-faf468e9-4eca-4272-99d9-9b76f322bec8 ] Request (InstanceActionsTestJSON:setUpClass): 201 POST http://10.180.1.21/identity/v3/auth/tokens 0.069s
2025-12-08 17:53:03.934 65953 INFO tempest.lib.common.rest_client [req-df38c06b-2a31-4566-8188-4c4c7f77c8b4 req-df38c06b-2a31-4566-8188-4c4c7f77c8b4 ] Request (AttachVolumeShelveTestJSON:setUpClass): 200 PUT http://10.180.1.21/networking/v2.0/routers/a24d8318-8d67-4c8d-898e-3d80296fe80f/add_router_interface 1.523s
2025-12-08 17:53:03.935 65953 INFO tempest.lib.common.dynamic_creds [-] Created isolated network resources for: credentials: Credentials: {'domain_id': 'default', 'domain_name': 'Default', 'username': 'tempest-AttachVolumeShelveTestJSON-347360728-project-member', 'project_domain_id': 'default', 'project_domain_name': 'Default', 'project_id': '758c893999a44bbd95f59c23c2ce9162', 'project_name': 'tempest-AttachVolumeShelveTestJSON-347360728', 'tenant_id': '758c893999a44bbd95f59c23c2ce9162', 'tenant_name': 'tempest-AttachVolumeShelveTestJSON-347360728', 'user_domain_id': 'default', 'user_domain_name': 'Default', 'user_id': '1d73b323992f424aa7fc509f7721536f', 'system': None}, Network: {'id': '499c0eee-e0c7-4d2e-948e-3de3d6ae4f6a', 'name': 'tempest-AttachVolumeShelveTestJSON-1821939375-network', 'tenant_id': '758c893999a44bbd95f59c23c2ce9162', 'project_id': '758c893999a44bbd95f59c23c2ce9162', 'admin_state_up': True, 'mtu': 8950, 'status': 'ACTIVE', 'subnets': [], 'shared': False, 'port_security_enabled': True, 'router:external': False, 'provider:network_type': 'vlan', 'provider:physical_network': 'default', 'provider:segmentation_id': 455, 'availability_zone_hints': [], 'availability_zones': [], 'ipv4_address_scope': None, 'ipv6_address_scope': None, 'description': '', 'tags': [], 'created_at': '2025-12-08T17:53:01Z', 'updated_at': '2025-12-08T17:53:01Z', 'revision_number': 1}, Subnet: {'id': '57367a97-5f6f-4e57-8283-5b5e7d8540c7', 'name': 'tempest-AttachVolumeShelveTestJSON-1821939375-subnet', 'tenant_id': '758c893999a44bbd95f59c23c2ce9162', 'network_id': '499c0eee-e0c7-4d2e-948e-3de3d6ae4f6a', 'ip_version': 4, 'subnetpool_id': None, 'enable_dhcp': True, 'ipv6_ra_mode': None, 'ipv6_address_mode': None, 'gateway_ip': '192.168.128.1', 'cidr': '192.168.128.0/28', 'allocation_pools': [{'start': '192.168.128.2', 'end': '192.168.128.14'}], 'host_routes': [], 'dns_nameservers': [], 'description': '', 'router:external': False, 'service_types': [], 'tags': [], 'created_at': '2025-12-08T17:53:01Z', 'updated_at': '2025-12-08T17:53:01Z', 'revision_number': 0, 'project_id': '758c893999a44bbd95f59c23c2ce9162'}, Router: {'id': 'a24d8318-8d67-4c8d-898e-3d80296fe80f', 'name': 'tempest-AttachVolumeShelveTestJSON-1821939375-router', 'tenant_id': '758c893999a44bbd95f59c23c2ce9162', 'admin_state_up': True, 'status': 'ACTIVE', 'external_gateway_info': {'network_id': '533da2d4-8f93-4ef4-9f93-6649af7950d2', 'external_fixed_ips': [{'subnet_id': 'dbcd1bb7-18c4-4405-83a0-780630f187dd', 'ip_address': '10.180.180.217'}], 'enable_snat': True}, 'description': '', 'availability_zones': [], 'distributed': False, 'ha': False, 'availability_zone_hints': [], 'routes': [], 'flavor_id': None, 'tags': [], 'created_at': '2025-12-08T17:53:01Z', 'updated_at': '2025-12-08T17:53:02Z', 'revision_number': 2, 'project_id': '758c893999a44bbd95f59c23c2ce9162'}
2025-12-08 17:53:03.994 65898 INFO tempest.lib.common.rest_client [req-b4318b3f-1cf9-4a3e-a235-e71b5a81e69a req-b4318b3f-1cf9-4a3e-a235-e71b5a81e69a ] Request (ServerDiskConfigTestJSON:test_rebuild_server_with_manual_disk_config): 200 GET http://10.180.1.21/compute/v2.1/servers/33edaaef-9843-4762-8738-da7a3177bffc 3.163s
2025-12-08 17:53:04.060 65953 INFO tempest.lib.common.rest_client [req-fa38b1c9-6dec-47a8-9b41-cc137347adac req-fa38b1c9-6dec-47a8-9b41-cc137347adac ] Request (AttachVolumeShelveTestJSON:setUpClass): 201 POST http://10.180.1.21/identity/v3/auth/tokens 0.120s
2025-12-08 17:53:04.198 65906 INFO tempest.lib.common.rest_client [req-b3301cc4-763c-4489-a728-6f0e7d6e2756 req-b3301cc4-763c-4489-a728-6f0e7d6e2756 ] Request (ServerGroup264TestJSON:setUpClass): 201 POST http://10.180.1.21/networking/v2.0/subnets 1.275s
2025-12-08 17:53:04.260 65936 INFO tempest.lib.common.rest_client [req-27423295-65f7-4ff1-a619-92ce703648ff req-27423295-65f7-4ff1-a619-92ce703648ff ] Request (ServersNegativeTestJSON:setUp): 200 GET http://10.180.1.21/compute/v2.1/servers/1dbc0bdd-8fbd-4e61-8e87-6ec9dcf59965 3.370s
2025-12-08 17:53:04.419 65900 INFO tempest.lib.common.rest_client [req-385353e7-4918-4af2-81ab-b204af70324a req-385353e7-4918-4af2-81ab-b204af70324a ] Request (InstanceActionsTestJSON:setUpClass): 201 POST http://10.180.1.21/networking/v2.0/networks 0.946s
2025-12-08 17:53:04.431 65936 INFO tempest.lib.common.rest_client [req-d99702d8-8c6e-4a94-9d65-b3c8292ca2a5 req-d99702d8-8c6e-4a94-9d65-b3c8292ca2a5 ] Request (ServersNegativeTestJSON:test_create_server_from_non_bootable_volume): 202 POST http://10.180.1.21/volume/v3/volumes 0.162s
2025-12-08 17:53:04.482 65936 INFO tempest.lib.common.rest_client [req-b44994b0-add3-4ca1-bf65-0a62fa1315d4 req-b44994b0-add3-4ca1-bf65-0a62fa1315d4 ] Request (ServersNegativeTestJSON:test_create_server_from_non_bootable_volume): 200 GET http://10.180.1.21/volume/v3/volumes/94f9f43d-2ba8-4f5b-b434-91d27102cdfa 0.040s
2025-12-08 17:53:04.487 65948 INFO tempest.lib.common.rest_client [req-74cf00ec-4ee6-4b32-bc05-cdccbe9bc11b req-74cf00ec-4ee6-4b32-bc05-cdccbe9bc11b ] Request (ServerRescueNegativeTestJSON:test_rescued_vm_detach_volume): 200 GET http://10.180.1.21/compute/v2.1/servers/12409570-0fc0-4130-a5f5-d70d932906be 3.554s
2025-12-08 17:53:04.519 65942 INFO tempest.lib.common.rest_client [req-94167c80-7667-4168-ac5c-f4c1d1b00bed req-94167c80-7667-4168-ac5c-f4c1d1b00bed ] Request (ServicesAdminNegativeTestJSON:test_get_service_by_invalid_service_and_valid_host): 200 GET http://10.180.1.21/compute/v2.1/os-services 3.480s
2025-12-08 17:53:04.661 65920 INFO tempest.lib.common.rest_client [req-d8cfb8a3-fe36-46a3-bd8f-992ef0a91a4f req-d8cfb8a3-fe36-46a3-bd8f-992ef0a91a4f ] Request (ServersWithSpecificFlavorTestJSON:test_verify_created_server_ephemeral_disk): 200 GET http://10.180.1.21/compute/v2.1/servers/e38ddaf1-a85a-4f61-b419-5b808781800b 3.757s
2025-12-08 17:53:04.672 65920 INFO tempest.common.waiters [-] State transition "BUILD/None" ==> "BUILD/spawning" after 28 second wait
2025-12-08 17:53:04.719 65904 INFO tempest.lib.common.rest_client [req-c3b95276-10f3-4119-bf75-8f89143c94a8 req-c3b95276-10f3-4119-bf75-8f89143c94a8 ] Request (VolumesSnapshotsTestJSON:_run_cleanups): 202 DELETE http://10.180.1.21/compute/v2.1/os-volumes/01e06a89-7273-493b-be6f-2d1275b5e650 3.652s
2025-12-08 17:53:04.745 65924 WARNING tempest.lib.common.ssh [-] Failed to establish authenticated ssh connection to cirros@10.180.180.222 ([Errno None] Unable to connect to port 22 on 10.180.180.222). Number attempts: 11. Retry after 12 seconds.: paramiko.ssh_exception.NoValidConnectionsError: [Errno None] Unable to connect to port 22 on 10.180.180.222
2025-12-08 17:53:04.860 65900 INFO tempest.lib.common.rest_client [req-9206cd8f-990c-42e1-b408-8e433ca41dad req-9206cd8f-990c-42e1-b408-8e433ca41dad ] Request (InstanceActionsTestJSON:setUpClass): 201 POST http://10.180.1.21/networking/v2.0/subnets 0.440s
2025-12-08 17:53:04.947 65940 INFO tempest.lib.common.rest_client [req-ef28ec03-870e-455e-8622-f2036fff248a req-ef28ec03-870e-455e-8622-f2036fff248a ] Request (ListServerFiltersTestJSON:setUpClass): 200 GET http://10.180.1.21/compute/v2.1/servers/029d6dc3-4388-4c78-8b14-c4fba73c5919 3.882s
2025-12-08 17:53:04.973 65938 INFO tempest.lib.common.rest_client [req-616edbd8-3dd8-447f-b911-3e6c53fcf193 req-616edbd8-3dd8-447f-b911-3e6c53fcf193 ] Request (ServerActionsTestJSON:setUpClass): 200 GET http://10.180.1.21/compute/v2.1/servers/02194384-529d-4c6f-9976-4fdf19851b61 3.639s
2025-12-08 17:53:05.212 65906 INFO tempest.lib.common.rest_client [req-56c75323-44ef-47c1-9574-882d7127691e req-56c75323-44ef-47c1-9574-882d7127691e ] Request (ServerGroup264TestJSON:setUpClass): 201 POST http://10.180.1.21/networking/v2.0/routers 1.013s
2025-12-08 17:53:05.314 65902 INFO tempest.lib.common.rest_client [req-77179220-c998-46f7-acba-205b4b10a735 req-77179220-c998-46f7-acba-205b4b10a735 ] Request (ServerActionsV293TestJSON:setUpClass): 200 GET http://10.180.1.21/compute/v2.1/servers/f4381e0b-af18-4281-a056-b5eb848d78e2 3.912s
2025-12-08 17:53:05.333 65918 INFO tempest.lib.common.rest_client [req-58f6512f-cffd-487d-9c95-da6ab9d477d5 req-58f6512f-cffd-487d-9c95-da6ab9d477d5 ] Request (ServerDiagnosticsV248Test:test_get_server_diagnostics): 200 GET http://10.180.1.21/compute/v2.1/servers/27b19992-741e-4daa-8435-6240fb24c92a 3.913s
2025-12-08 17:53:05.524 65936 INFO tempest.lib.common.rest_client [req-a36a576d-cc5e-424b-baff-dc85956243e0 req-a36a576d-cc5e-424b-baff-dc85956243e0 ] Request (ServersNegativeTestJSON:test_create_server_from_non_bootable_volume): 200 GET http://10.180.1.21/volume/v3/volumes/94f9f43d-2ba8-4f5b-b434-91d27102cdfa 0.032s
2025-12-08 17:53:05.533 65936 INFO tempest.common.waiters [-] volume 94f9f43d-2ba8-4f5b-b434-91d27102cdfa reached available after waiting for 1.533266 seconds
2025-12-08 17:53:05.562 65936 INFO tempest.lib.common.rest_client [req-c90476c6-755c-439c-8115-8e13279eed09 req-c90476c6-755c-439c-8115-8e13279eed09 ] Request (ServersNegativeTestJSON:test_create_server_from_non_bootable_volume): 200 POST http://10.180.1.21/volume/v3/volumes/94f9f43d-2ba8-4f5b-b434-91d27102cdfa/action 0.028s
2025-12-08 17:53:05.589 65936 INFO tempest.lib.common.rest_client [req-7b21a81c-17ce-4de2-995e-c257654edfb5 req-7b21a81c-17ce-4de2-995e-c257654edfb5 ] Request (ServersNegativeTestJSON:test_create_server_from_non_bootable_volume): 200 GET http://10.180.1.21/volume/v3/volumes/94f9f43d-2ba8-4f5b-b434-91d27102cdfa 0.024s
2025-12-08 17:53:05.676 65936 INFO tempest.lib.common.rest_client [req-e077c920-b26c-4e59-bf35-2d6c8eaee99a req-e077c920-b26c-4e59-bf35-2d6c8eaee99a ] Request (ServersNegativeTestJSON:test_create_server_from_non_bootable_volume): 201 POST http://10.180.1.21/identity/v3/auth/tokens 0.077s
2025-12-08 17:53:05.677 65936 INFO tempest.lib.common.fixed_network [-] (ServersNegativeTestJSON:test_create_server_from_non_bootable_volume) Found network {'id': '61340fc9-55a4-4c70-8f55-4ef39acf038f', 'name': 'tempest-ServersNegativeTestJSON-1786407419-network', 'tenant_id': '195eb2a6f2f44875aab2e600ea420243', 'project_id': '195eb2a6f2f44875aab2e600ea420243', 'admin_state_up': True, 'mtu': 8950, 'status': 'ACTIVE', 'subnets': [], 'shared': False, 'port_security_enabled': True, 'router:external': False, 'provider:network_type': 'vlan', 'provider:physical_network': 'default', 'provider:segmentation_id': 524, 'availability_zone_hints': [], 'availability_zones': [], 'ipv4_address_scope': None, 'ipv6_address_scope': None, 'description': '', 'tags': [], 'created_at': '2025-12-08T17:50:56Z', 'updated_at': '2025-12-08T17:50:56Z', 'revision_number': 1} available for tenant
2025-12-08 17:53:05.682 65926 WARNING tempest.lib.common.ssh [-] Failed to establish authenticated ssh connection to cirros@10.180.180.190 ([Errno None] Unable to connect to port 22 on 10.180.180.190). Number attempts: 4. Retry after 5 seconds.: paramiko.ssh_exception.NoValidConnectionsError: [Errno None] Unable to connect to port 22 on 10.180.180.190
2025-12-08 17:53:05.805 65900 INFO tempest.lib.common.rest_client [req-9dfb3efa-de35-45d4-991a-da583a5d0d76 req-9dfb3efa-de35-45d4-991a-da583a5d0d76 ] Request (InstanceActionsTestJSON:setUpClass): 201 POST http://10.180.1.21/networking/v2.0/routers 0.944s
2025-12-08 17:53:05.902 65894 INFO tempest.lib.common.rest_client [req-234c71ef-0058-4c51-b934-d10b37b903fc req-234c71ef-0058-4c51-b934-d10b37b903fc ] Request (AttachInterfacesV270Test:tearDownClass): 200 GET http://10.180.1.21/compute/v2.1/servers/25ad1396-3633-4ef6-9858-39ba5efc33eb 4.366s
2025-12-08 17:53:06.277 65906 INFO tempest.lib.common.rest_client [req-e2cd150d-2374-4667-b5b0-1ef907397905 req-e2cd150d-2374-4667-b5b0-1ef907397905 ] Request (ServerGroup264TestJSON:setUpClass): 200 PUT http://10.180.1.21/networking/v2.0/routers/876d159c-d342-4c74-a124-c9f9d0ba3df7/add_router_interface 1.065s
2025-12-08 17:53:06.278 65906 INFO tempest.lib.common.dynamic_creds [-] Created isolated network resources for: credentials: Credentials: {'domain_id': 'default', 'domain_name': 'Default', 'username': 'tempest-ServerGroup264TestJSON-1740478092-project-member', 'project_domain_id': 'default', 'project_domain_name': 'Default', 'project_id': '7004e868c12c4913a3d4276e824a7022', 'project_name': 'tempest-ServerGroup264TestJSON-1740478092', 'tenant_id': '7004e868c12c4913a3d4276e824a7022', 'tenant_name': 'tempest-ServerGroup264TestJSON-1740478092', 'user_domain_id': 'default', 'user_domain_name': 'Default', 'user_id': '64cf7385379e4ac58089f868d6475f74', 'system': None}, Network: {'id': '4ffb8482-29bd-4f5d-8532-347300675f6b', 'name': 'tempest-ServerGroup264TestJSON-1516104324-network', 'tenant_id': '7004e868c12c4913a3d4276e824a7022', 'project_id': '7004e868c12c4913a3d4276e824a7022', 'admin_state_up': True, 'mtu': 8950, 'status': 'ACTIVE', 'subnets': [], 'shared': False, 'port_security_enabled': True, 'router:external': False, 'provider:network_type': 'vlan', 'provider:physical_network': 'default', 'provider:segmentation_id': 419, 'availability_zone_hints': [], 'availability_zones': [], 'ipv4_address_scope': None, 'ipv6_address_scope': None, 'description': '', 'tags': [], 'created_at': '2025-12-08T17:53:02Z', 'updated_at': '2025-12-08T17:53:02Z', 'revision_number': 1}, Subnet: {'id': 'c78d76d5-af95-4659-9c58-64ffa5ea53bd', 'name': 'tempest-ServerGroup264TestJSON-1516104324-subnet', 'tenant_id': '7004e868c12c4913a3d4276e824a7022', 'network_id': '4ffb8482-29bd-4f5d-8532-347300675f6b', 'ip_version': 4, 'subnetpool_id': None, 'enable_dhcp': True, 'ipv6_ra_mode': None, 'ipv6_address_mode': None, 'gateway_ip': '192.168.128.1', 'cidr': '192.168.128.0/28', 'allocation_pools': [{'start': '192.168.128.2', 'end': '192.168.128.14'}], 'host_routes': [], 'dns_nameservers': [], 'description': '', 'router:external': False, 'service_types': [], 'tags': [], 'created_at': '2025-12-08T17:53:04Z', 'updated_at': '2025-12-08T17:53:04Z', 'revision_number': 0, 'project_id': '7004e868c12c4913a3d4276e824a7022'}, Router: {'id': '876d159c-d342-4c74-a124-c9f9d0ba3df7', 'name': 'tempest-ServerGroup264TestJSON-1516104324-router', 'tenant_id': '7004e868c12c4913a3d4276e824a7022', 'admin_state_up': True, 'status': 'ACTIVE', 'external_gateway_info': {'network_id': '533da2d4-8f93-4ef4-9f93-6649af7950d2', 'external_fixed_ips': [{'subnet_id': 'dbcd1bb7-18c4-4405-83a0-780630f187dd', 'ip_address': '10.180.180.213'}], 'enable_snat': True}, 'description': '', 'availability_zones': [], 'distributed': False, 'ha': False, 'availability_zone_hints': [], 'routes': [], 'flavor_id': None, 'tags': [], 'created_at': '2025-12-08T17:53:04Z', 'updated_at': '2025-12-08T17:53:04Z', 'revision_number': 2, 'project_id': '7004e868c12c4913a3d4276e824a7022'}
2025-12-08 17:53:06.383 65906 INFO tempest.lib.common.rest_client [req-5b6fe4b7-611e-4894-b443-bc3c206a99d9 req-5b6fe4b7-611e-4894-b443-bc3c206a99d9 ] Request (ServerGroup264TestJSON:setUpClass): 201 POST http://10.180.1.21/identity/v3/auth/tokens 0.102s
2025-12-08 17:53:06.393 65932 INFO tempest.lib.common.rest_client [req-ae1f251d-4194-4ca0-8d78-556be0ece52e req-ae1f251d-4194-4ca0-8d78-556be0ece52e ] Request (MigrationsAdminTest:test_list_migrations_in_flavor_resize_situation): 200 GET http://10.180.1.21/compute/v2.1/servers/e8ea726d-647b-4e85-8401-f195ab26e948 4.677s
2025-12-08 17:53:06.527 65896 INFO tempest.lib.common.rest_client [req-2c319d63-be80-4213-b7d9-c3dcc55f0941 req-2c319d63-be80-4213-b7d9-c3dcc55f0941 ] Request (ServersTestBootFromVolume:setUpClass): 200 GET http://10.180.1.21/compute/v2.1/servers/14bd3a99-d20b-45fb-9fce-ebe83e6faa27 4.527s
2025-12-08 17:53:06.562 65950 INFO tempest.lib.common.rest_client [req-3b723255-3c91-43c9-a8c5-5cf2d61e0d92 req-3b723255-3c91-43c9-a8c5-5cf2d61e0d92 ] Request (FloatingIPsAssociationTestJSON:tearDownClass): 404 GET http://10.180.1.21/compute/v2.1/servers/066e81a6-6f17-4b10-b840-e23a2929de3c 4.541s
2025-12-08 17:53:06.605 65944 INFO tempest.lib.common.rest_client [req-2d93e039-cffd-49bc-9972-e76c3bce09bd req-2d93e039-cffd-49bc-9972-e76c3bce09bd ] Request (ImagesOneServerTestJSON:test_create_image_specify_multibyte_character_image_name): 202 POST http://10.180.1.21/compute/v2.1/servers/5c43a3e4-d891-4a69-980e-321ebd0e9f36/action 4.860s
2025-12-08 17:53:06.880 65900 INFO tempest.lib.common.rest_client [req-7dbaabcd-c979-463c-91cc-de6ea9919d5c req-7dbaabcd-c979-463c-91cc-de6ea9919d5c ] Request (InstanceActionsTestJSON:setUpClass): 200 PUT http://10.180.1.21/networking/v2.0/routers/0be30e4d-e717-4d11-8b04-3114e12fc98b/add_router_interface 1.075s
2025-12-08 17:53:06.880 65900 INFO tempest.lib.common.dynamic_creds [-] Created isolated network resources for: credentials: Credentials: {'domain_id': 'default', 'domain_name': 'Default', 'username': 'tempest-InstanceActionsTestJSON-649193877-project-member', 'project_domain_id': 'default', 'project_domain_name': 'Default', 'project_id': '92bd1a8643ed4da38cddebe9134f70d7', 'project_name': 'tempest-InstanceActionsTestJSON-649193877', 'tenant_id': '92bd1a8643ed4da38cddebe9134f70d7', 'tenant_name': 'tempest-InstanceActionsTestJSON-649193877', 'user_domain_id': 'default', 'user_domain_name': 'Default', 'user_id': '29d0be3c3d784acdb6eee6caabcb7e1a', 'system': None}, Network: {'id': '94dcfd3c-db9e-4375-b16f-2c057385d864', 'name': 'tempest-InstanceActionsTestJSON-791634739-network', 'tenant_id': '92bd1a8643ed4da38cddebe9134f70d7', 'project_id': '92bd1a8643ed4da38cddebe9134f70d7', 'admin_state_up': True, 'mtu': 8950, 'status': 'ACTIVE', 'subnets': [], 'shared': False, 'port_security_enabled': True, 'router:external': False, 'provider:network_type': 'vlan', 'provider:physical_network': 'default', 'provider:segmentation_id': 844, 'availability_zone_hints': [], 'availability_zones': [], 'ipv4_address_scope': None, 'ipv6_address_scope': None, 'description': '', 'tags': [], 'created_at': '2025-12-08T17:53:04Z', 'updated_at': '2025-12-08T17:53:04Z', 'revision_number': 1}, Subnet: {'id': '842ade77-53ff-4be8-945b-3ab34b93b886', 'name': 'tempest-InstanceActionsTestJSON-791634739-subnet', 'tenant_id': '92bd1a8643ed4da38cddebe9134f70d7', 'network_id': '94dcfd3c-db9e-4375-b16f-2c057385d864', 'ip_version': 4, 'subnetpool_id': None, 'enable_dhcp': True, 'ipv6_ra_mode': None, 'ipv6_address_mode': None, 'gateway_ip': '192.168.128.1', 'cidr': '192.168.128.0/28', 'allocation_pools': [{'start': '192.168.128.2', 'end': '192.168.128.14'}], 'host_routes': [], 'dns_nameservers': [], 'description': '', 'router:external': False, 'service_types': [], 'tags': [], 'created_at': '2025-12-08T17:53:04Z', 'updated_at': '2025-12-08T17:53:04Z', 'revision_number': 0, 'project_id': '92bd1a8643ed4da38cddebe9134f70d7'}, Router: {'id': '0be30e4d-e717-4d11-8b04-3114e12fc98b', 'name': 'tempest-InstanceActionsTestJSON-791634739-router', 'tenant_id': '92bd1a8643ed4da38cddebe9134f70d7', 'admin_state_up': True, 'status': 'ACTIVE', 'external_gateway_info': {'network_id': '533da2d4-8f93-4ef4-9f93-6649af7950d2', 'external_fixed_ips': [{'subnet_id': 'dbcd1bb7-18c4-4405-83a0-780630f187dd', 'ip_address': '10.180.180.249'}], 'enable_snat': True}, 'description': '', 'availability_zones': [], 'distributed': False, 'ha': False, 'availability_zone_hints': [], 'routes': [], 'flavor_id': None, 'tags': [], 'created_at': '2025-12-08T17:53:04Z', 'updated_at': '2025-12-08T17:53:05Z', 'revision_number': 2, 'project_id': '92bd1a8643ed4da38cddebe9134f70d7'}
2025-12-08 17:53:06.912 65914 INFO tempest.lib.common.rest_client [req-cb45640b-7eef-4b47-b58b-c2b29c82fe36 req-cb45640b-7eef-4b47-b58b-c2b29c82fe36 ] Request (ServersAdminTestJSON:test_create_server_with_scheduling_hint): 200 GET http://10.180.1.21/compute/v2.1/servers/9da26775-4325-4232-ae00-a600d65f90d7 4.756s
2025-12-08 17:53:06.926 65928 INFO tempest.lib.common.rest_client [req-c7e94f16-39cf-4d49-9330-2684e474d6a6 req-c7e94f16-39cf-4d49-9330-2684e474d6a6 ] Request (ServerShowV254Test:test_rebuild_server): 200 GET http://10.180.1.21/compute/v2.1/servers/f8dcce6e-b96c-4730-b6ea-e7798ddf99c3 4.790s
2025-12-08 17:53:06.935 65928 INFO tempest.common.waiters [-] State transition "REBUILD/rebuild_spawning" ==> "ACTIVE/None" after 14 second wait
2025-12-08 17:53:06.995 65900 INFO tempest.lib.common.rest_client [req-71c58ab1-9fc1-4212-b4d7-cb0ddacfe9f0 req-71c58ab1-9fc1-4212-b4d7-cb0ddacfe9f0 ] Request (InstanceActionsTestJSON:setUpClass): 201 POST http://10.180.1.21/identity/v3/auth/tokens 0.111s
2025-12-08 17:53:07.000 65916 INFO tempest.lib.common.rest_client [req-8ef36cf7-6e39-4257-b9aa-d240d3c1a431 req-8ef36cf7-6e39-4257-b9aa-d240d3c1a431 ] Request (ServerMetadataNegativeTestJSON:setUpClass): 200 GET http://10.180.1.21/compute/v2.1/servers/4f0edb5c-1ae4-4087-90f6-cd32f2194607 4.783s
2025-12-08 17:53:07.040 65900 INFO tempest.lib.common.rest_client [req-53bb5f96-d628-4a0a-90d8-e54f9abf817e req-53bb5f96-d628-4a0a-90d8-e54f9abf817e ] Request (InstanceActionsTestJSON:setUpClass): 201 POST http://10.180.1.21/identity/v3/auth/tokens 0.039s
2025-12-08 17:53:07.040 65900 INFO tempest.lib.common.fixed_network [-] (InstanceActionsTestJSON:setUpClass) Found network {'id': '94dcfd3c-db9e-4375-b16f-2c057385d864', 'name': 'tempest-InstanceActionsTestJSON-791634739-network', 'tenant_id': '92bd1a8643ed4da38cddebe9134f70d7', 'project_id': '92bd1a8643ed4da38cddebe9134f70d7', 'admin_state_up': True, 'mtu': 8950, 'status': 'ACTIVE', 'subnets': [], 'shared': False, 'port_security_enabled': True, 'router:external': False, 'provider:network_type': 'vlan', 'provider:physical_network': 'default', 'provider:segmentation_id': 844, 'availability_zone_hints': [], 'availability_zones': [], 'ipv4_address_scope': None, 'ipv6_address_scope': None, 'description': '', 'tags': [], 'created_at': '2025-12-08T17:53:04Z', 'updated_at': '2025-12-08T17:53:04Z', 'revision_number': 1} available for tenant
2025-12-08 17:53:07.099 65912 INFO tempest.lib.common.rest_client [req-5cfe98a2-25a4-4b37-926b-2b29611eb901 req-5cfe98a2-25a4-4b37-926b-2b29611eb901 ] Request (ServersTestMultiNic:test_verify_duplicate_network_nics): 200 GET http://10.180.1.21/compute/v2.1/servers/cf7d54ae-72cf-4af5-846d-d73230c8c743 4.601s
2025-12-08 17:53:07.146 65934 INFO tempest.lib.common.rest_client [req-d11cef2e-6a04-4f30-9fb4-6e43859bfb1d req-d11cef2e-6a04-4f30-9fb4-6e43859bfb1d ] Request (ImagesTestJSON:test_create_image_from_stopped_server): 200 GET http://10.180.1.21/compute/v2.1/images/e23178a6-8d85-4db0-a590-538a51d5001a 4.595s
2025-12-08 17:53:07.198 65910 INFO tempest.lib.common.rest_client [req-32539d0e-cab1-4dd8-82bd-4bfd96ace088 req-32539d0e-cab1-4dd8-82bd-4bfd96ace088 ] Request (ListImageFiltersTestJSON:setUpClass): 200 GET http://10.180.1.21/compute/v2.1/images/536bc267-f540-4d4a-9545-594c459f6b01 4.586s
2025-12-08 17:53:07.264 65909 INFO tempest.lib.common.rest_client [req-3f6c451f-5134-4366-b7d7-60557e69d87e req-3f6c451f-5134-4366-b7d7-60557e69d87e ] Request (VolumesAssistedSnapshotsTest:tearDownClass): 200 GET http://10.180.1.21/compute/v2.1/servers/c5481c8b-7b7f-47f3-b07f-7bdf72a83202 5.061s
2025-12-08 17:53:07.286 65922 INFO tempest.lib.common.rest_client [req-cbc1b3b3-04ea-4c69-bfda-6a7a074785eb req-cbc1b3b3-04ea-4c69-bfda-6a7a074785eb ] Request (ImagesOneServerNegativeTestJSON:_run_cleanups): 204 DELETE http://10.180.1.21/compute/v2.1/servers/c1b5a28c-8af8-4adc-b63c-4630446a62de 4.608s
2025-12-08 17:53:07.372 65892 INFO tempest.lib.common.rest_client [req-bc113c1f-e8c8-4459-ab54-b70afeb914bc req-bc113c1f-e8c8-4459-ab54-b70afeb914bc ] Request (ServersAdminNegativeTestJSON:setUpClass): 200 GET http://10.180.1.21/compute/v2.1/servers/1cdd0cab-9fc3-4650-acd2-983291e39656 4.198s
2025-12-08 17:53:07.408 65942 INFO tempest.lib.common.rest_client [req-ca3cfa74-82c9-4182-866d-b1c1cdaa999f req-ca3cfa74-82c9-4182-866d-b1c1cdaa999f ] Request (ServicesAdminNegativeTestJSON:test_get_service_by_invalid_service_and_valid_host): 200 GET http://10.180.1.21/compute/v2.1/os-services?host=devstack&binary=xxx 2.887s
2025-12-08 17:53:07.409 65953 INFO tempest.lib.common.rest_client [req-72a8a7ea-32f8-44ea-8092-5b06cda9e4cd req-72a8a7ea-32f8-44ea-8092-5b06cda9e4cd ] Request (ValidationResourcesFixture:setUp): 201 POST http://10.180.1.21/compute/v2.1/os-keypairs 3.346s
2025-12-08 17:53:07.434 65904 INFO tempest.lib.common.rest_client [req-b5e9beff-5940-4861-883e-fee6c5ececca req-b5e9beff-5940-4861-883e-fee6c5ececca ] Request (VolumesSnapshotsTestJSON:_run_cleanups): 404 GET http://10.180.1.21/compute/v2.1/os-volumes/01e06a89-7273-493b-be6f-2d1275b5e650 2.714s
2025-12-08 17:53:07.559 65953 INFO tempest.lib.common.rest_client [req-f3f942b7-bbeb-4432-a8a3-8c087b56b371 req-f3f942b7-bbeb-4432-a8a3-8c087b56b371 ] Request (ValidationResourcesFixture:setUp): 201 POST http://10.180.1.21/networking/v2.0/security-groups 0.149s
2025-12-08 17:53:07.596 65950 INFO tempest.lib.common.rest_client [req-d8f783ab-87e5-4a99-a928-0f01c16ab0d0 req-d8f783ab-87e5-4a99-a928-0f01c16ab0d0 ] Request (FloatingIPsAssociationTestJSON:tearDownClass): 200 PUT http://10.180.1.21/networking/v2.0/routers/944982bf-b808-4bf9-bb17-b006db566980/remove_router_interface 1.033s
2025-12-08 17:53:07.650 65948 INFO tempest.lib.common.rest_client [req-21a49ca9-9443-4c16-a639-a04c10a0a35d req-21a49ca9-9443-4c16-a639-a04c10a0a35d ] Request (ServerRescueNegativeTestJSON:test_rescued_vm_detach_volume): 200 GET http://10.180.1.21/compute/v2.1/servers/12409570-0fc0-4130-a5f5-d70d932906be 2.150s
2025-12-08 17:53:07.757 65953 INFO tempest.lib.common.rest_client [req-63b6639c-dfd0-49d8-b0fa-c5130c5561ef req-63b6639c-dfd0-49d8-b0fa-c5130c5561ef ] Request (ValidationResourcesFixture:setUp): 201 POST http://10.180.1.21/networking/v2.0/security-group-rules 0.196s
2025-12-08 17:53:07.799 65898 INFO tempest.lib.common.rest_client [req-9acb06a7-3779-46ab-b1d7-190c74f1711e req-9acb06a7-3779-46ab-b1d7-190c74f1711e ] Request (ServerDiskConfigTestJSON:test_rebuild_server_with_manual_disk_config): 200 GET http://10.180.1.21/compute/v2.1/servers/33edaaef-9843-4762-8738-da7a3177bffc 2.789s
2025-12-08 17:53:07.857 65936 INFO tempest.lib.common.rest_client [req-a12df5e1-c97e-44bf-91fc-46eb1d0f6d23 req-a12df5e1-c97e-44bf-91fc-46eb1d0f6d23 ] Request (ServersNegativeTestJSON:test_create_server_from_non_bootable_volume): 400 POST http://10.180.1.21/compute/v2.1/servers 2.179s
2025-12-08 17:53:07.942 65953 INFO tempest.lib.common.rest_client [req-b8070fbc-4b98-443c-ab20-0c9ded465f98 req-b8070fbc-4b98-443c-ab20-0c9ded465f98 ] Request (ValidationResourcesFixture:setUp): 201 POST http://10.180.1.21/networking/v2.0/security-group-rules 0.185s
2025-12-08 17:53:07.989 65920 INFO tempest.lib.common.rest_client [req-734a0762-376b-4333-8c4e-e747bfbeab6f req-734a0762-376b-4333-8c4e-e747bfbeab6f ] Request (ServersWithSpecificFlavorTestJSON:test_verify_created_server_ephemeral_disk): 200 GET http://10.180.1.21/compute/v2.1/servers/e38ddaf1-a85a-4f61-b419-5b808781800b 2.316s
2025-12-08 17:53:08.009 65940 INFO tempest.lib.common.rest_client [req-7cd08757-5e4a-4a93-b1a2-267744cee6c1 req-7cd08757-5e4a-4a93-b1a2-267744cee6c1 ] Request (ListServerFiltersTestJSON:setUpClass): 200 GET http://10.180.1.21/compute/v2.1/servers/029d6dc3-4388-4c78-8b14-c4fba73c5919 2.053s
2025-12-08 17:53:08.480 65953 INFO tempest.lib.common.rest_client [req-e99f8615-e0e3-4c69-a66d-8d16b2dd3555 req-e99f8615-e0e3-4c69-a66d-8d16b2dd3555 ] Request (ValidationResourcesFixture:setUp): 201 POST http://10.180.1.21/networking/v2.0/floatingips 0.537s
2025-12-08 17:53:08.509 65938 INFO tempest.lib.common.rest_client [req-51d05117-eb7e-4d1e-af34-7518d0297371 req-51d05117-eb7e-4d1e-af34-7518d0297371 ] Request (ServerActionsTestJSON:setUpClass): 200 GET http://10.180.1.21/compute/v2.1/servers/02194384-529d-4c6f-9976-4fdf19851b61 2.517s
2025-12-08 17:53:08.545 65953 INFO tempest.lib.common.rest_client [req-ca68ce0f-9a2a-4db2-8c3a-d4a06ed31198 req-ca68ce0f-9a2a-4db2-8c3a-d4a06ed31198 ] Request (AttachVolumeShelveTestJSON:test_attach_volume_shelved_or_offload_server): 201 POST http://10.180.1.21/identity/v3/auth/tokens 0.061s
2025-12-08 17:53:08.546 65953 INFO tempest.lib.common.fixed_network [-] (AttachVolumeShelveTestJSON:test_attach_volume_shelved_or_offload_server) Found network {'id': '499c0eee-e0c7-4d2e-948e-3de3d6ae4f6a', 'name': 'tempest-AttachVolumeShelveTestJSON-1821939375-network', 'tenant_id': '758c893999a44bbd95f59c23c2ce9162', 'project_id': '758c893999a44bbd95f59c23c2ce9162', 'admin_state_up': True, 'mtu': 8950, 'status': 'ACTIVE', 'subnets': [], 'shared': False, 'port_security_enabled': True, 'router:external': False, 'provider:network_type': 'vlan', 'provider:physical_network': 'default', 'provider:segmentation_id': 455, 'availability_zone_hints': [], 'availability_zones': [], 'ipv4_address_scope': None, 'ipv6_address_scope': None, 'description': '', 'tags': [], 'created_at': '2025-12-08T17:53:01Z', 'updated_at': '2025-12-08T17:53:01Z', 'revision_number': 1} available for tenant
2025-12-08 17:53:08.555 65902 INFO tempest.lib.common.rest_client [req-5f686941-57bc-48b6-835f-2815960e2c4b req-5f686941-57bc-48b6-835f-2815960e2c4b ] Request (ServerActionsV293TestJSON:setUpClass): 200 GET http://10.180.1.21/compute/v2.1/servers/f4381e0b-af18-4281-a056-b5eb848d78e2 2.227s
2025-12-08 17:53:08.588 65950 INFO tempest.lib.common.rest_client [req-30260c81-afc9-4040-97bd-a8e1bbe226f6 req-30260c81-afc9-4040-97bd-a8e1bbe226f6 ] Request (FloatingIPsAssociationTestJSON:tearDownClass): 204 DELETE http://10.180.1.21/networking/v2.0/routers/944982bf-b808-4bf9-bb17-b006db566980 0.991s
2025-12-08 17:53:08.620 65918 INFO tempest.lib.common.rest_client [req-289f3f07-f391-4f33-8476-c75d5347293e req-289f3f07-f391-4f33-8476-c75d5347293e ] Request (ServerDiagnosticsV248Test:test_get_server_diagnostics): 200 GET http://10.180.1.21/compute/v2.1/servers/27b19992-741e-4daa-8435-6240fb24c92a 2.276s
2025-12-08 17:53:08.622 65890 WARNING tempest.lib.common.ssh [-] Failed to establish authenticated ssh connection to cirros@10.180.180.184 ([Errno None] Unable to connect to port 22 on 10.180.180.184). Number attempts: 8. Retry after 9 seconds.: paramiko.ssh_exception.NoValidConnectionsError: [Errno None] Unable to connect to port 22 on 10.180.180.184
2025-12-08 17:53:08.667 65944 INFO tempest.lib.common.rest_client [req-ebdc5a74-10c9-468f-b746-c63456922c99 req-ebdc5a74-10c9-468f-b746-c63456922c99 ] Request (ImagesOneServerTestJSON:test_create_image_specify_multibyte_character_image_name): 200 GET http://10.180.1.21/compute/v2.1/images/1f6b424c-6644-4629-8c34-70ccfa8bb96a 2.061s
2025-12-08 17:53:08.720 65906 INFO tempest.lib.common.rest_client [req-1b46d9cd-3179-4aa0-9acd-aed4db1819ee req-1b46d9cd-3179-4aa0-9acd-aed4db1819ee ] Request (ServerGroup264TestJSON:test_create_get_server_group): 200 POST http://10.180.1.21/compute/v2.1/os-server-groups 2.335s
2025-12-08 17:53:08.748 65928 INFO tempest.lib.common.rest_client [req-27c1724d-72d9-4091-b6aa-ec7a999b7899 req-27c1724d-72d9-4091-b6aa-ec7a999b7899 ] Request (ServerShowV254Test:_run_cleanups): 204 DELETE http://10.180.1.21/compute/v2.1/os-keypairs/tempest-ServerShowV254Test-keypair-1688610839 1.812s
2025-12-08 17:53:08.775 65950 INFO tempest.lib.common.rest_client [req-a8b48931-39c0-44f7-9865-a45a4fea00ca req-a8b48931-39c0-44f7-9865-a45a4fea00ca ] Request (FloatingIPsAssociationTestJSON:tearDownClass): 204 DELETE http://10.180.1.21/networking/v2.0/subnets/414209a6-726a-4b86-95aa-e2ea6fe8b9a5 0.185s
2025-12-08 17:53:08.811 65894 INFO tempest.lib.common.rest_client [req-d969befb-0c3e-4f28-949b-2acf8926f8c4 req-d969befb-0c3e-4f28-949b-2acf8926f8c4 ] Request (AttachInterfacesV270Test:tearDownClass): 200 GET http://10.180.1.21/compute/v2.1/servers/25ad1396-3633-4ef6-9858-39ba5efc33eb 1.889s
2025-12-08 17:53:08.868 65934 INFO tempest.lib.common.rest_client [req-89864cd8-0455-41c5-a1f7-6363543e63e4 req-89864cd8-0455-41c5-a1f7-6363543e63e4 ] Request (ImagesTestJSON:test_create_image_from_stopped_server): 200 GET http://10.180.1.21/compute/v2.1/images/e23178a6-8d85-4db0-a590-538a51d5001a 1.716s
2025-12-08 17:53:08.916 65934 INFO tempest.lib.common.rest_client [req-8cfbd2d5-d4c5-4393-9ca5-e547b32484fe req-8cfbd2d5-d4c5-4393-9ca5-e547b32484fe ] Request (ImagesTestJSON:test_create_image_from_stopped_server): 200 GET http://10.180.1.21/image/v2/images/e23178a6-8d85-4db0-a590-538a51d5001a/tasks 0.045s
2025-12-08 17:53:09.120 65950 INFO tempest.lib.common.rest_client [req-c12e0f4c-4478-44aa-b1e0-574ecb21c65f req-c12e0f4c-4478-44aa-b1e0-574ecb21c65f ] Request (FloatingIPsAssociationTestJSON:tearDownClass): 204 DELETE http://10.180.1.21/networking/v2.0/networks/b59c912e-a49b-43ba-ba64-e549c8e698ed 0.345s
2025-12-08 17:53:09.184 65922 INFO tempest.lib.common.rest_client [req-17bf40c8-6235-433f-8237-eb40ec2589d9 req-17bf40c8-6235-433f-8237-eb40ec2589d9 ] Request (ImagesOneServerNegativeTestJSON:_run_cleanups): 200 GET http://10.180.1.21/compute/v2.1/servers/c1b5a28c-8af8-4adc-b63c-4630446a62de 1.898s
2025-12-08 17:53:09.266 65950 INFO tempest.lib.common.rest_client [req-44ecdd93-ea08-400c-a0fd-0f49cea2f269 req-44ecdd93-ea08-400c-a0fd-0f49cea2f269 ] Request (FloatingIPsAssociationTestJSON:tearDownClass): 204 DELETE http://10.180.1.21/identity/v3/users/b81a5c0a93e84b00984c0ac4a44dd960 0.146s
2025-12-08 17:53:09.267 65950 INFO tempest.lib.common.dynamic_creds [-] Deleting project and security group for project: e3312c4af92d4755a4ea8713bd6ad2d7
2025-12-08 17:53:09.404 65950 INFO tempest.lib.common.rest_client [req-4312f816-83b0-4023-8984-7e3a2046d014 req-4312f816-83b0-4023-8984-7e3a2046d014 ] Request (FloatingIPsAssociationTestJSON:tearDownClass): 200 GET http://10.180.1.21/networking/v2.0/security-groups?tenant_id=e3312c4af92d4755a4ea8713bd6ad2d7&name=default 0.137s
2025-12-08 17:53:09.454 65932 INFO tempest.lib.common.rest_client [req-38104bf4-58e8-4f58-aaa3-e083f742ac38 req-38104bf4-58e8-4f58-aaa3-e083f742ac38 ] Request (MigrationsAdminTest:test_list_migrations_in_flavor_resize_situation): 200 GET http://10.180.1.21/compute/v2.1/servers/e8ea726d-647b-4e85-8401-f195ab26e948 2.049s
2025-12-08 17:53:09.490 65942 INFO tempest.lib.common.rest_client [req-45f20722-df4f-4279-8334-59d2beadf2ad req-45f20722-df4f-4279-8334-59d2beadf2ad ] Request (ServicesAdminNegativeTestJSON:test_get_service_with_valid_service_and_invalid_host): 200 GET http://10.180.1.21/compute/v2.1/os-services 2.078s
2025-12-08 17:53:09.529 65904 INFO tempest.lib.common.rest_client [req-9ece530f-99a3-4e80-9466-5baca418ec63 req-9ece530f-99a3-4e80-9466-5baca418ec63 ] Request (VolumesSnapshotsTestJSON:tearDownClass): 404 DELETE http://10.180.1.21/compute/v2.1/os-volumes/01e06a89-7273-493b-be6f-2d1275b5e650 2.087s
2025-12-08 17:53:09.663 65900 INFO tempest.lib.common.rest_client [req-2fcad6af-5baa-4afa-afef-9c7e34f95f9e req-2fcad6af-5baa-4afa-afef-9c7e34f95f9e ] Request (InstanceActionsTestJSON:setUpClass): 202 POST http://10.180.1.21/compute/v2.1/servers 2.622s
2025-12-08 17:53:09.676 65950 INFO tempest.lib.common.rest_client [req-a92f7e88-9cac-47bd-a762-566ab410dbc0 req-a92f7e88-9cac-47bd-a762-566ab410dbc0 ] Request (FloatingIPsAssociationTestJSON:tearDownClass): 204 DELETE http://10.180.1.21/networking/v2.0/security-groups/f1b0744f-dac8-4211-a269-8958c95d520c 0.272s
2025-12-08 17:53:09.793 65896 INFO tempest.lib.common.rest_client [req-4d346fc6-ecf2-4fbe-aef8-59bd337728fa req-4d346fc6-ecf2-4fbe-aef8-59bd337728fa ] Request (ServersTestBootFromVolume:setUpClass): 200 GET http://10.180.1.21/compute/v2.1/servers/14bd3a99-d20b-45fb-9fce-ebe83e6faa27 2.252s
2025-12-08 17:53:09.802 65950 INFO tempest.lib.common.rest_client [req-ae4db091-875e-4e85-8e0f-0187d4676665 req-ae4db091-875e-4e85-8e0f-0187d4676665 ] Request (FloatingIPsAssociationTestJSON:tearDownClass): 204 DELETE http://10.180.1.21/identity/v3/projects/e3312c4af92d4755a4ea8713bd6ad2d7 0.125s
2025-12-08 17:53:09.891 65950 INFO tempest.lib.common.rest_client [req-3e97dc0f-d34a-4995-9322-46ff63602545 req-3e97dc0f-d34a-4995-9322-46ff63602545 ] Request (ServersListShow296Test:setUpClass): 201 POST http://10.180.1.21/identity/v3/auth/tokens 0.086s
2025-12-08 17:53:09.922 65950 INFO tempest.lib.common.rest_client [req-6a4c7bbf-deab-464d-9bf6-a576e8319de3 req-6a4c7bbf-deab-464d-9bf6-a576e8319de3 ] Request (ServersListShow296Test:setUpClass): 201 POST http://10.180.1.21/identity/v3/auth/tokens 0.028s
2025-12-08 17:53:09.952 65950 INFO tempest.lib.common.rest_client [req-5e5cc714-a885-466b-992e-321cfcc3e400 req-5e5cc714-a885-466b-992e-321cfcc3e400 ] Request (ServersListShow296Test:setUpClass): 200 GET http://10.180.1.21/identity/v3/domains?name=Default 0.030s
2025-12-08 17:53:09.983 65950 INFO tempest.lib.common.rest_client [req-7e0dfde6-a690-49b4-8468-883154c0620d req-7e0dfde6-a690-49b4-8468-883154c0620d ] Request (ServersListShow296Test:setUpClass): 201 POST http://10.180.1.21/identity/v3/projects 0.029s
2025-12-08 17:53:10.072 65950 INFO tempest.lib.common.rest_client [req-3f2a18e0-5854-4449-ac58-1098db96dbd4 req-3f2a18e0-5854-4449-ac58-1098db96dbd4 ] Request (ServersListShow296Test:setUpClass): 201 POST http://10.180.1.21/identity/v3/users 0.088s
2025-12-08 17:53:10.117 65950 INFO tempest.lib.common.rest_client [req-269c7b3b-12d6-45d7-884f-6f631e2d2d1e req-269c7b3b-12d6-45d7-884f-6f631e2d2d1e ] Request (ServersListShow296Test:setUpClass): 200 GET http://10.180.1.21/identity/v3/roles 0.044s
2025-12-08 17:53:10.160 65950 INFO tempest.lib.common.rest_client [req-1b5144e3-054c-427f-be38-05e1ca8c2ffc req-1b5144e3-054c-427f-be38-05e1ca8c2ffc ] Request (ServersListShow296Test:setUpClass): 204 PUT http://10.180.1.21/identity/v3/projects/e74a6196d0d44c698a8f478fef7293c8/users/1084fa6eb4304658841c1acf341d87c9/roles/95c992af95a546be8dce9f3a38f86d68 0.043s
2025-12-08 17:53:10.161 65950 INFO tempest.lib.common.dynamic_creds [-] Dynamic test user 1084fa6eb4304658841c1acf341d87c9 is created with scope project and roles: ['member']
2025-12-08 17:53:10.161 65950 INFO tempest.lib.common.dynamic_creds [-] Acquired dynamic creds: credentials: Credentials: {'domain_id': 'default', 'domain_name': 'Default', 'username': 'tempest-ServersListShow296Test-1519243531-project-member', 'project_domain_id': 'default', 'project_domain_name': 'Default', 'project_id': 'e74a6196d0d44c698a8f478fef7293c8', 'project_name': 'tempest-ServersListShow296Test-1519243531', 'tenant_id': 'e74a6196d0d44c698a8f478fef7293c8', 'tenant_name': 'tempest-ServersListShow296Test-1519243531', 'user_domain_id': 'default', 'user_domain_name': 'Default', 'user_id': '1084fa6eb4304658841c1acf341d87c9', 'system': None}, Network: None, Subnet: None, Router: None
2025-12-08 17:53:10.161 65950 INFO tempest.lib.common.dynamic_creds [-] Created isolated network resources for: credentials: Credentials: {'domain_id': 'default', 'domain_name': 'Default', 'username': 'tempest-ServersListShow296Test-1519243531-project-member', 'project_domain_id': 'default', 'project_domain_name': 'Default', 'project_id': 'e74a6196d0d44c698a8f478fef7293c8', 'project_name': 'tempest-ServersListShow296Test-1519243531', 'tenant_id': 'e74a6196d0d44c698a8f478fef7293c8', 'tenant_name': 'tempest-ServersListShow296Test-1519243531', 'user_domain_id': 'default', 'user_domain_name': 'Default', 'user_id': '1084fa6eb4304658841c1acf341d87c9', 'system': None}, Network: None, Subnet: None, Router: None
2025-12-08 17:53:10.198 65936 INFO tempest.lib.common.rest_client [req-9ba91474-fd3b-40ad-96d3-1425bf03065f req-9ba91474-fd3b-40ad-96d3-1425bf03065f ] Request (ServersNegativeTestJSON:tearDown): 200 GET http://10.180.1.21/compute/v2.1/servers/1dbc0bdd-8fbd-4e61-8e87-6ec9dcf59965 2.340s
2025-12-08 17:53:10.239 65914 INFO tempest.lib.common.rest_client [req-e717acd3-1f1f-461c-bf79-505c600f8f06 req-e717acd3-1f1f-461c-bf79-505c600f8f06 ] Request (ServersAdminTestJSON:test_create_server_with_scheduling_hint): 200 GET http://10.180.1.21/compute/v2.1/servers/9da26775-4325-4232-ae00-a600d65f90d7 2.311s
2025-12-08 17:53:10.246 65914 INFO tempest.common.waiters [-] State transition "BUILD/None" ==> "BUILD/spawning" after 32 second wait
2025-12-08 17:53:10.260 65950 INFO tempest.lib.common.rest_client [req-74b4e614-ca25-4347-84b0-cf88f182c671 req-74b4e614-ca25-4347-84b0-cf88f182c671 ] Request (ServersListShow296Test:setUpClass): 201 POST http://10.180.1.21/identity/v3/auth/tokens 0.093s
2025-12-08 17:53:10.280 65916 INFO tempest.lib.common.rest_client [req-866e0a26-c923-4f83-827a-ecce01b99acc req-866e0a26-c923-4f83-827a-ecce01b99acc ] Request (ServerMetadataNegativeTestJSON:setUpClass): 200 GET http://10.180.1.21/compute/v2.1/servers/4f0edb5c-1ae4-4087-90f6-cd32f2194607 2.262s
2025-12-08 17:53:10.298 65950 INFO tempest.lib.common.rest_client [req-0d2dd0e7-8bf2-4c64-b836-615f5960064f req-0d2dd0e7-8bf2-4c64-b836-615f5960064f ] Request (ServersListShow296Test:test_list_show_update_rebuild_server_296): 201 POST http://10.180.1.21/identity/v3/auth/tokens 0.031s
2025-12-08 17:53:10.298 65950 INFO tempest.lib.common.fixed_network [-] (ServersListShow296Test:test_list_show_update_rebuild_server_296) Found network None available for tenant
2025-12-08 17:53:10.303 65912 INFO tempest.lib.common.rest_client [req-b75ae25c-aeed-4639-bd72-d08ebcb8a3ce req-b75ae25c-aeed-4639-bd72-d08ebcb8a3ce ] Request (ServersTestMultiNic:test_verify_duplicate_network_nics): 200 GET http://10.180.1.21/compute/v2.1/servers/cf7d54ae-72cf-4af5-846d-d73230c8c743 2.191s
2025-12-08 17:53:10.334 65910 INFO tempest.lib.common.rest_client [req-b24cf150-38e6-4c5a-a0e9-e6364585f6c3 req-b24cf150-38e6-4c5a-a0e9-e6364585f6c3 ] Request (ListImageFiltersTestJSON:setUpClass): 200 GET http://10.180.1.21/compute/v2.1/images/536bc267-f540-4d4a-9545-594c459f6b01 2.131s
2025-12-08 17:53:10.400 65909 INFO tempest.lib.common.rest_client [req-f818cb14-e82d-4bae-aa7c-c7e56efd0b84 req-f818cb14-e82d-4bae-aa7c-c7e56efd0b84 ] Request (VolumesAssistedSnapshotsTest:tearDownClass): 200 GET http://10.180.1.21/compute/v2.1/servers/c5481c8b-7b7f-47f3-b07f-7bdf72a83202 2.125s
2025-12-08 17:53:10.419 65892 INFO tempest.lib.common.rest_client [req-eb5a2aa9-6ef7-41bb-ae25-84e8fcf89981 req-eb5a2aa9-6ef7-41bb-ae25-84e8fcf89981 ] Request (ServersAdminNegativeTestJSON:setUpClass): 200 GET http://10.180.1.21/compute/v2.1/servers/1cdd0cab-9fc3-4650-acd2-983291e39656 2.033s
2025-12-08 17:53:10.535 65948 INFO tempest.lib.common.rest_client [req-270ccb1e-95e1-4b66-99de-5d73bd21c6b9 req-270ccb1e-95e1-4b66-99de-5d73bd21c6b9 ] Request (ServerRescueNegativeTestJSON:test_rescued_vm_detach_volume): 200 GET http://10.180.1.21/compute/v2.1/servers/12409570-0fc0-4130-a5f5-d70d932906be 1.865s
2025-12-08 17:53:10.559 65906 INFO tempest.lib.common.rest_client [req-4db6d08f-8bbd-4ed4-bf50-b305221d652e req-4db6d08f-8bbd-4ed4-bf50-b305221d652e ] Request (ServerGroup264TestJSON:test_create_get_server_group): 200 GET http://10.180.1.21/compute/v2.1/os-server-groups 1.837s
2025-12-08 17:53:10.683 65928 INFO tempest.lib.common.rest_client [req-a3525e30-7db4-4de8-aa8d-011c48afcf03 req-a3525e30-7db4-4de8-aa8d-011c48afcf03 ] Request (ServerShowV254Test:tearDownClass): 204 DELETE http://10.180.1.21/compute/v2.1/servers/f8dcce6e-b96c-4730-b6ea-e7798ddf99c3 1.926s
2025-12-08 17:53:10.941 65953 INFO tempest.lib.common.rest_client [req-d59e97bd-1259-425c-9d2b-fd31a5d7e1df req-d59e97bd-1259-425c-9d2b-fd31a5d7e1df ] Request (AttachVolumeShelveTestJSON:test_attach_volume_shelved_or_offload_server): 202 POST http://10.180.1.21/compute/v2.1/servers 2.394s
2025-12-08 17:53:10.982 65898 INFO tempest.lib.common.rest_client [req-c5b94ce6-c571-43f7-b29e-36c8446cc911 req-c5b94ce6-c571-43f7-b29e-36c8446cc911 ] Request (ServerDiskConfigTestJSON:test_rebuild_server_with_manual_disk_config): 200 GET http://10.180.1.21/compute/v2.1/servers/33edaaef-9843-4762-8738-da7a3177bffc 2.174s
2025-12-08 17:53:11.066 65934 INFO tempest.lib.common.rest_client [req-dacdf6b3-ca19-4088-99de-00100bd5c557 req-dacdf6b3-ca19-4088-99de-00100bd5c557 ] Request (ImagesTestJSON:_run_cleanups): 204 DELETE http://10.180.1.21/compute/v2.1/images/e23178a6-8d85-4db0-a590-538a51d5001a 2.149s
2025-12-08 17:53:11.127 65920 INFO tempest.lib.common.rest_client [req-5b684a43-eddc-476f-a622-05150a806a06 req-5b684a43-eddc-476f-a622-05150a806a06 ] Request (ServersWithSpecificFlavorTestJSON:test_verify_created_server_ephemeral_disk): 200 GET http://10.180.1.21/compute/v2.1/servers/e38ddaf1-a85a-4f61-b419-5b808781800b 2.127s
2025-12-08 17:53:11.151 65940 INFO tempest.lib.common.rest_client [req-e84c472a-b6a0-41f4-a30a-42c688176d0f req-e84c472a-b6a0-41f4-a30a-42c688176d0f ] Request (ListServerFiltersTestJSON:setUpClass): 200 GET http://10.180.1.21/compute/v2.1/servers/029d6dc3-4388-4c78-8b14-c4fba73c5919 2.132s
2025-12-08 17:53:11.165 65942 INFO tempest.lib.common.rest_client [req-af0f93c4-2499-418b-a53c-45c7abdae0f3 req-af0f93c4-2499-418b-a53c-45c7abdae0f3 ] Request (ServicesAdminNegativeTestJSON:test_get_service_with_valid_service_and_invalid_host): 200 GET http://10.180.1.21/compute/v2.1/os-services?host=xxx&binary=nova-scheduler 1.668s
2025-12-08 17:53:11.190 65926 WARNING tempest.lib.common.ssh [-] Failed to establish authenticated ssh connection to cirros@10.180.180.190 ([Errno None] Unable to connect to port 22 on 10.180.180.190). Number attempts: 5. Retry after 6 seconds.: paramiko.ssh_exception.NoValidConnectionsError: [Errno None] Unable to connect to port 22 on 10.180.180.190
2025-12-08 17:53:11.201 65904 INFO tempest.lib.common.rest_client [req-74343f9f-facd-4b8b-b106-985d0cffd721 req-74343f9f-facd-4b8b-b106-985d0cffd721 ] Request (VolumesSnapshotsTestJSON:tearDownClass): 404 GET http://10.180.1.21/compute/v2.1/os-volumes/01e06a89-7273-493b-be6f-2d1275b5e650 1.671s
2025-12-08 17:53:11.220 65938 INFO tempest.lib.common.rest_client [req-3aa1a61f-b792-474c-a8f2-3d8b8d227bae req-3aa1a61f-b792-474c-a8f2-3d8b8d227bae ] Request (ServerActionsTestJSON:setUpClass): 200 GET http://10.180.1.21/compute/v2.1/servers/02194384-529d-4c6f-9976-4fdf19851b61 1.694s
2025-12-08 17:53:11.300 65902 INFO tempest.lib.common.rest_client [req-213f96cf-f8e4-4718-a05f-65c68bf624f0 req-213f96cf-f8e4-4718-a05f-65c68bf624f0 ] Request (ServerActionsV293TestJSON:setUpClass): 200 GET http://10.180.1.21/compute/v2.1/servers/f4381e0b-af18-4281-a056-b5eb848d78e2 1.728s
2025-12-08 17:53:11.311 65918 INFO tempest.lib.common.rest_client [req-e83112f2-d5cd-44c2-8613-02f02354f56c req-e83112f2-d5cd-44c2-8613-02f02354f56c ] Request (ServerDiagnosticsV248Test:test_get_server_diagnostics): 200 GET http://10.180.1.21/compute/v2.1/servers/27b19992-741e-4daa-8435-6240fb24c92a 1.679s
2025-12-08 17:53:11.355 65944 INFO tempest.lib.common.rest_client [req-afabb877-4c27-47ef-b075-30110782e86b req-afabb877-4c27-47ef-b075-30110782e86b ] Request (ImagesOneServerTestJSON:test_create_image_specify_multibyte_character_image_name): 200 GET http://10.180.1.21/compute/v2.1/images/1f6b424c-6644-4629-8c34-70ccfa8bb96a 1.681s
2025-12-08 17:53:11.360 65900 INFO tempest.lib.common.rest_client [req-0f79301a-6a8e-4723-a974-10bcfabc79df req-0f79301a-6a8e-4723-a974-10bcfabc79df ] Request (InstanceActionsTestJSON:setUpClass): 200 GET http://10.180.1.21/compute/v2.1/servers/b921529e-8fbe-405a-8850-302e258ae9c2 1.695s
2025-12-08 17:53:11.376 65904 INFO tempest.lib.common.rest_client [req-c3b75e1f-1f9f-4932-b41f-8666b8f4139a req-c3b75e1f-1f9f-4932-b41f-8666b8f4139a ] Request (VolumesSnapshotsTestJSON:tearDownClass): 204 DELETE http://10.180.1.21/identity/v3/users/0581bb6e0ecc42c2b5be1c8ff93bbfbd 0.174s
2025-12-08 17:53:11.376 65904 INFO tempest.lib.common.dynamic_creds [-] Deleting project and security group for project: 38baf243a4df4834adec44d75d64547c
2025-12-08 17:53:11.459 65894 INFO tempest.lib.common.rest_client [req-80dff483-6029-4ad1-9340-3636e0e850e1 req-80dff483-6029-4ad1-9340-3636e0e850e1 ] Request (AttachInterfacesV270Test:tearDownClass): 200 GET http://10.180.1.21/compute/v2.1/servers/25ad1396-3633-4ef6-9858-39ba5efc33eb 1.630s
2025-12-08 17:53:11.481 65922 INFO tempest.lib.common.rest_client [req-3527a9ae-5efb-441d-9dd6-2bcd02af356d req-3527a9ae-5efb-441d-9dd6-2bcd02af356d ] Request (ImagesOneServerNegativeTestJSON:_run_cleanups): 200 GET http://10.180.1.21/compute/v2.1/servers/c1b5a28c-8af8-4adc-b63c-4630446a62de 1.280s
2025-12-08 17:53:11.484 65904 INFO tempest.lib.common.rest_client [req-18c09f46-ecbd-4fb5-b063-eea850b2b1a4 req-18c09f46-ecbd-4fb5-b063-eea850b2b1a4 ] Request (VolumesSnapshotsTestJSON:tearDownClass): 201 POST http://10.180.1.21/identity/v3/auth/tokens 0.107s
2025-12-08 17:53:11.495 65922 INFO tempest.common.waiters [-] State transition "ACTIVE/deleting" ==> "DELETED/None" after 2 second wait
2025-12-08 17:53:11.737 65904 INFO tempest.lib.common.rest_client [req-f3f84194-a837-4799-b4b8-ac5d395a60f6 req-f3f84194-a837-4799-b4b8-ac5d395a60f6 ] Request (VolumesSnapshotsTestJSON:tearDownClass): 200 GET http://10.180.1.21/networking/v2.0/security-groups?tenant_id=38baf243a4df4834adec44d75d64547c&name=default 0.253s
