2025-12-08 17:50:33.152 65900 INFO tempest.lib.common.rest_client [req-20c20664-3eae-475f-bfe4-259f298dfa49 req-20c20664-3eae-475f-bfe4-259f298dfa49 ] Request (ImagesNegativeTestJSON:setUpClass): 201 POST http://10.180.1.21/identity/v3/auth/tokens 0.413s
2025-12-08 17:50:33.152 65926 INFO tempest.lib.common.rest_client [req-83d8a210-071c-4524-ab7d-8ac88f2a9abb req-83d8a210-071c-4524-ab7d-8ac88f2a9abb ] Request (HostsAdminNegativeTestJSON:setUpClass): 201 POST http://10.180.1.21/identity/v3/auth/tokens 0.458s
2025-12-08 17:50:33.218 65922 INFO tempest.lib.common.rest_client [req-b2da2f9e-9085-4ce1-9314-9627af699959 req-b2da2f9e-9085-4ce1-9314-9627af699959 ] Request (FlavorsV261TestJSON:setUpClass): 201 POST http://10.180.1.21/identity/v3/auth/tokens 0.460s
2025-12-08 17:50:33.260 65946 INFO tempest.lib.common.rest_client [req-8c4e9f4c-dc10-42a2-9916-62bec6259783 req-8c4e9f4c-dc10-42a2-9916-62bec6259783 ] Request (NetworksTest:setUpClass): 201 POST http://10.180.1.21/identity/v3/auth/tokens 0.501s
2025-12-08 17:50:33.298 65924 INFO tempest.lib.common.rest_client [req-a90f385c-19cc-46b5-9236-4b587d24e625 req-a90f385c-19cc-46b5-9236-4b587d24e625 ] Request (FlavorsV2TestJSON:tearDownClass): 204 DELETE http://10.180.1.21/identity/v3/projects/a3ee0a37a957490190298d48e4956858 0.494s
2025-12-08 17:50:33.360 65934 INFO tempest.lib.common.rest_client [req-363a51a7-c04a-4d24-8ce7-7477e9f71806 req-363a51a7-c04a-4d24-8ce7-7477e9f71806 ] Request (VolumesAdminNegativeTest:setUpClass): 204 PUT http://10.180.1.21/identity/v3/projects/6a54abf5421a42809447e8220bd0417b/users/af8a4493adee4e979945523db42abf91/roles/7dd87a64c47448bbbea89141dd531c8e 0.477s
2025-12-08 17:50:33.390 65890 INFO tempest.lib.common.rest_client [req-ff43783a-e74f-494c-900a-01b01b6adeca req-ff43783a-e74f-494c-900a-01b01b6adeca ] Request (QuotasSecurityGroupAdminNegativeTest:tearDownClass): 204 DELETE http://10.180.1.21/identity/v3/users/94c42a15a5ea4a57bef902c17fc4bf84 0.552s
2025-12-08 17:50:33.422 65942 INFO tempest.lib.common.rest_client [req-0295b547-d0f9-4305-beb1-09b19cca8b2b req-0295b547-d0f9-4305-beb1-09b19cca8b2b ] Request (DeleteServersAdminTestJSON:test_admin_delete_servers_of_others): 201 POST http://10.180.1.21/identity/v3/auth/tokens 0.523s
2025-12-08 17:50:33.422 65942 INFO tempest.lib.common.fixed_network [-] (DeleteServersAdminTestJSON:test_admin_delete_servers_of_others) Found network None available for tenant
2025-12-08 17:50:33.455 65932 INFO tempest.lib.common.rest_client [req-aeb52b23-94d4-4a53-a10a-8de8e60c9fd3 req-aeb52b23-94d4-4a53-a10a-8de8e60c9fd3 ] Request (FlavorsAccessNegativeTestJSON:setUpClass): 200 GET http://10.180.1.21/identity/v3/roles 0.452s
2025-12-08 17:50:33.485 65928 INFO tempest.lib.common.rest_client [req-0cf268eb-b5bc-4b6b-b990-fe9e36d33916 req-0cf268eb-b5bc-4b6b-b990-fe9e36d33916 ] Request (ServerExternalEventsTest:setUpClass): 201 POST http://10.180.1.21/identity/v3/projects 0.401s
2025-12-08 17:50:33.487 65898 INFO tempest.lib.common.rest_client [req-c52f2bf8-5cae-4ddc-8f38-e05ec3b6d968 req-c52f2bf8-5cae-4ddc-8f38-e05ec3b6d968 ] Request (QuotasAdminNegativeTest:setUpClass): 201 POST http://10.180.1.21/identity/v3/projects 0.428s
2025-12-08 17:50:33.543 65924 INFO tempest.lib.common.rest_client [req-66fa8e3b-e706-4fba-86d0-ca595a846b27 req-66fa8e3b-e706-4fba-86d0-ca595a846b27 ] Request (AttachInterfacesUnderV243Test:setUpClass): 201 POST http://10.180.1.21/identity/v3/auth/tokens 0.242s
2025-12-08 17:50:33.544 65900 INFO tempest.lib.common.rest_client [req-b63a8241-9438-400d-9314-bebbd46dba7b req-b63a8241-9438-400d-9314-bebbd46dba7b ] Request (ImagesNegativeTestJSON:test_create_image_from_deleted_server): 201 POST http://10.180.1.21/identity/v3/auth/tokens 0.385s
2025-12-08 17:50:33.544 65900 INFO tempest.lib.common.fixed_network [-] (ImagesNegativeTestJSON:test_create_image_from_deleted_server) Found network {'id': 'dd9bfc0c-6100-442b-87c7-53beda1510d5', 'name': 'tempest-ImagesNegativeTestJSON-246725722-network', 'tenant_id': '2cbc9f42413c4f10a81c6ebda44a08c0', 'project_id': '2cbc9f42413c4f10a81c6ebda44a08c0', 'admin_state_up': True, 'mtu': 8950, 'status': 'ACTIVE', 'subnets': [], 'shared': False, 'port_security_enabled': True, 'router:external': False, 'provider:network_type': 'vlan', 'provider:physical_network': 'default', 'provider:segmentation_id': 466, 'availability_zone_hints': [], 'availability_zones': [], 'ipv4_address_scope': None, 'ipv6_address_scope': None, 'description': '', 'tags': [], 'created_at': '2025-12-08T17:50:29Z', 'updated_at': '2025-12-08T17:50:29Z', 'revision_number': 1} available for tenant
2025-12-08 17:50:33.562 65909 INFO tempest.lib.common.rest_client [req-0ac0c9fa-272d-4959-9769-70d6034285e7 req-0ac0c9fa-272d-4959-9769-70d6034285e7 ] Request (VolumesAssistedSnapshotsTest:setUpClass): 200 PUT http://10.180.1.21/networking/v2.0/routers/e8ac8506-daee-404d-9fbe-0d824bbe489c/add_router_interface 1.639s
2025-12-08 17:50:33.562 65909 INFO tempest.lib.common.dynamic_creds [-] Created isolated network resources for: credentials: Credentials: {'domain_id': 'default', 'domain_name': 'Default', 'username': 'tempest-VolumesAssistedSnapshotsTest-139475131-project-admin', 'project_domain_id': 'default', 'project_domain_name': 'Default', 'project_id': '96b24c13c72440038db2e02802d7f980', 'project_name': 'tempest-VolumesAssistedSnapshotsTest-139475131', 'tenant_id': '96b24c13c72440038db2e02802d7f980', 'tenant_name': 'tempest-VolumesAssistedSnapshotsTest-139475131', 'user_domain_id': 'default', 'user_domain_name': 'Default', 'user_id': 'fda7c5ce03bd4c5dbba012319dc79f0f', 'system': None}, Network: {'id': 'd8dbf49f-0353-49aa-b4eb-3e653d1b0c61', 'name': 'tempest-VolumesAssistedSnapshotsTest-190783234-network', 'tenant_id': '96b24c13c72440038db2e02802d7f980', 'project_id': '96b24c13c72440038db2e02802d7f980', 'admin_state_up': True, 'mtu': 8950, 'status': 'ACTIVE', 'subnets': [], 'shared': False, 'port_security_enabled': True, 'router:external': False, 'provider:network_type': 'vlan', 'provider:physical_network': 'default', 'provider:segmentation_id': 489, 'availability_zone_hints': [], 'availability_zones': [], 'ipv4_address_scope': None, 'ipv6_address_scope': None, 'description': '', 'tags': [], 'created_at': '2025-12-08T17:50:29Z', 'updated_at': '2025-12-08T17:50:29Z', 'revision_number': 1}, Subnet: {'id': 'e0781644-d13f-4aae-8c77-ee7b96f45d1b', 'name': 'tempest-VolumesAssistedSnapshotsTest-190783234-subnet', 'tenant_id': '96b24c13c72440038db2e02802d7f980', 'network_id': 'd8dbf49f-0353-49aa-b4eb-3e653d1b0c61', 'ip_version': 4, 'subnetpool_id': None, 'enable_dhcp': True, 'ipv6_ra_mode': None, 'ipv6_address_mode': None, 'gateway_ip': '192.168.128.1', 'cidr': '192.168.128.0/28', 'allocation_pools': [{'start': '192.168.128.2', 'end': '192.168.128.14'}], 'host_routes': [], 'dns_nameservers': [], 'description': '', 'router:external': False, 'service_types': [], 'tags': [], 'created_at': '2025-12-08T17:50:30Z', 'updated_at': '2025-12-08T17:50:30Z', 'revision_number': 0, 'project_id': '96b24c13c72440038db2e02802d7f980'}, Router: {'id': 'e8ac8506-daee-404d-9fbe-0d824bbe489c', 'name': 'tempest-VolumesAssistedSnapshotsTest-190783234-router', 'tenant_id': '96b24c13c72440038db2e02802d7f980', 'admin_state_up': True, 'status': 'ACTIVE', 'external_gateway_info': {'network_id': '533da2d4-8f93-4ef4-9f93-6649af7950d2', 'external_fixed_ips': [{'subnet_id': 'dbcd1bb7-18c4-4405-83a0-780630f187dd', 'ip_address': '10.180.180.215'}], 'enable_snat': True}, 'description': '', 'availability_zones': [], 'distributed': False, 'ha': False, 'availability_zone_hints': [], 'routes': [], 'flavor_id': None, 'tags': [], 'created_at': '2025-12-08T17:50:31Z', 'updated_at': '2025-12-08T17:50:31Z', 'revision_number': 2, 'project_id': '96b24c13c72440038db2e02802d7f980'}
2025-12-08 17:50:33.574 65934 INFO tempest.lib.common.rest_client [req-90123d33-f73e-4910-bab9-300b151f98d4 req-90123d33-f73e-4910-bab9-300b151f98d4 ] Request (VolumesAdminNegativeTest:setUpClass): 200 GET http://10.180.1.21/identity/v3/roles 0.213s
2025-12-08 17:50:33.594 65932 INFO tempest.lib.common.rest_client [req-38a85a86-d371-4d13-a109-867e1bbd0cf2 req-38a85a86-d371-4d13-a109-867e1bbd0cf2 ] Request (FlavorsAccessNegativeTestJSON:setUpClass): 204 PUT http://10.180.1.21/identity/v3/projects/45c11237f1534bcfb5601fd209d89e96/users/2242da02d279411396f8bb1554601788/roles/95c992af95a546be8dce9f3a38f86d68 0.139s
2025-12-08 17:50:33.594 65932 INFO tempest.lib.common.dynamic_creds [-] Dynamic test user 2242da02d279411396f8bb1554601788 is created with scope project and roles: ['member']
2025-12-08 17:50:33.595 65932 INFO tempest.lib.common.dynamic_creds [-] Acquired dynamic creds: credentials: Credentials: {'domain_id': 'default', 'domain_name': 'Default', 'username': 'tempest-FlavorsAccessNegativeTestJSON-1282325726-project-member', 'project_domain_id': 'default', 'project_domain_name': 'Default', 'project_id': '45c11237f1534bcfb5601fd209d89e96', 'project_name': 'tempest-FlavorsAccessNegativeTestJSON-1282325726', 'tenant_id': '45c11237f1534bcfb5601fd209d89e96', 'tenant_name': 'tempest-FlavorsAccessNegativeTestJSON-1282325726', 'user_domain_id': 'default', 'user_domain_name': 'Default', 'user_id': '2242da02d279411396f8bb1554601788', 'system': None}, Network: None, Subnet: None, Router: None
2025-12-08 17:50:33.595 65932 INFO tempest.lib.common.dynamic_creds [-] Created isolated network resources for: credentials: Credentials: {'domain_id': 'default', 'domain_name': 'Default', 'username': 'tempest-FlavorsAccessNegativeTestJSON-1282325726-project-member', 'project_domain_id': 'default', 'project_domain_name': 'Default', 'project_id': '45c11237f1534bcfb5601fd209d89e96', 'project_name': 'tempest-FlavorsAccessNegativeTestJSON-1282325726', 'tenant_id': '45c11237f1534bcfb5601fd209d89e96', 'tenant_name': 'tempest-FlavorsAccessNegativeTestJSON-1282325726', 'user_domain_id': 'default', 'user_domain_name': 'Default', 'user_id': '2242da02d279411396f8bb1554601788', 'system': None}, Network: None, Subnet: None, Router: None
2025-12-08 17:50:33.605 65890 INFO tempest.lib.common.rest_client [req-c9f6a27a-8a72-4d79-91cd-57c83c5752d5 req-c9f6a27a-8a72-4d79-91cd-57c83c5752d5 ] Request (QuotasSecurityGroupAdminNegativeTest:tearDownClass): 204 DELETE http://10.180.1.21/identity/v3/users/4ea708bf346b4e1c80ca3a8b4a60b232 0.214s
2025-12-08 17:50:33.605 65890 INFO tempest.lib.common.dynamic_creds [-] Deleting project and security group for project: fa03021bc2c14ac297adff3569c5bb22
2025-12-08 17:50:33.661 65898 INFO tempest.lib.common.rest_client [req-ffc094d1-9bfc-4cf0-8498-edbd4bb434b9 req-ffc094d1-9bfc-4cf0-8498-edbd4bb434b9 ] Request (QuotasAdminNegativeTest:setUpClass): 201 POST http://10.180.1.21/identity/v3/users 0.173s
2025-12-08 17:50:33.678 65953 INFO tempest.lib.common.rest_client [req-46aed4d8-17a0-4838-991f-8a9fcb2c1901 req-46aed4d8-17a0-4838-991f-8a9fcb2c1901 ] Request (FloatingIPsTestJSON:setUpClass): 200 PUT http://10.180.1.21/networking/v2.0/routers/018c9258-cf6f-4c78-91e3-143918348160/add_router_interface 1.112s
2025-12-08 17:50:33.679 65953 INFO tempest.lib.common.dynamic_creds [-] Created isolated network resources for: credentials: Credentials: {'domain_id': 'default', 'domain_name': 'Default', 'username': 'tempest-FloatingIPsTestJSON-836234275-project-member', 'project_domain_id': 'default', 'project_domain_name': 'Default', 'project_id': 'de31e50764b9434580654ef7b4168f83', 'project_name': 'tempest-FloatingIPsTestJSON-836234275', 'tenant_id': 'de31e50764b9434580654ef7b4168f83', 'tenant_name': 'tempest-FloatingIPsTestJSON-836234275', 'user_domain_id': 'default', 'user_domain_name': 'Default', 'user_id': '142d6635cddc4d8eade17cf1b7d11131', 'system': None}, Network: {'id': 'd7997ace-78e5-4e2a-a49d-69897726c118', 'name': 'tempest-FloatingIPsTestJSON-1257680208-network', 'tenant_id': 'de31e50764b9434580654ef7b4168f83', 'project_id': 'de31e50764b9434580654ef7b4168f83', 'admin_state_up': True, 'mtu': 8950, 'status': 'ACTIVE', 'subnets': [], 'shared': False, 'port_security_enabled': True, 'router:external': False, 'provider:network_type': 'vlan', 'provider:physical_network': 'default', 'provider:segmentation_id': 461, 'availability_zone_hints': [], 'availability_zones': [], 'ipv4_address_scope': None, 'ipv6_address_scope': None, 'description': '', 'tags': [], 'created_at': '2025-12-08T17:50:30Z', 'updated_at': '2025-12-08T17:50:30Z', 'revision_number': 1}, Subnet: {'id': 'ab23fbdd-431f-473e-ab53-1b87fbb0348c', 'name': 'tempest-FloatingIPsTestJSON-1257680208-subnet', 'tenant_id': 'de31e50764b9434580654ef7b4168f83', 'network_id': 'd7997ace-78e5-4e2a-a49d-69897726c118', 'ip_version': 4, 'subnetpool_id': None, 'enable_dhcp': True, 'ipv6_ra_mode': None, 'ipv6_address_mode': None, 'gateway_ip': '192.168.128.1', 'cidr': '192.168.128.0/28', 'allocation_pools': [{'start': '192.168.128.2', 'end': '192.168.128.14'}], 'host_routes': [], 'dns_nameservers': [], 'description': '', 'router:external': False, 'service_types': [], 'tags': [], 'created_at': '2025-12-08T17:50:30Z', 'updated_at': '2025-12-08T17:50:30Z', 'revision_number': 0, 'project_id': 'de31e50764b9434580654ef7b4168f83'}, Router: {'id': '018c9258-cf6f-4c78-91e3-143918348160', 'name': 'tempest-FloatingIPsTestJSON-1257680208-router', 'tenant_id': 'de31e50764b9434580654ef7b4168f83', 'admin_state_up': True, 'status': 'ACTIVE', 'external_gateway_info': {'network_id': '533da2d4-8f93-4ef4-9f93-6649af7950d2', 'external_fixed_ips': [{'subnet_id': 'dbcd1bb7-18c4-4405-83a0-780630f187dd', 'ip_address': '10.180.180.173'}], 'enable_snat': True}, 'description': '', 'availability_zones': [], 'distributed': False, 'ha': False, 'availability_zone_hints': [], 'routes': [], 'flavor_id': None, 'tags': [], 'created_at': '2025-12-08T17:50:31Z', 'updated_at': '2025-12-08T17:50:32Z', 'revision_number': 2, 'project_id': 'de31e50764b9434580654ef7b4168f83'}
2025-12-08 17:50:33.685 65924 INFO tempest.lib.common.rest_client [req-95dc5e8f-95b2-416c-95fc-b413bc6fd273 req-95dc5e8f-95b2-416c-95fc-b413bc6fd273 ] Request (AttachInterfacesUnderV243Test:setUpClass): 201 POST http://10.180.1.21/identity/v3/auth/tokens 0.137s
2025-12-08 17:50:33.701 65928 INFO tempest.lib.common.rest_client [req-159a79f2-cc90-41a7-96ea-a8ae0cbd8a41 req-159a79f2-cc90-41a7-96ea-a8ae0cbd8a41 ] Request (ServerExternalEventsTest:setUpClass): 201 POST http://10.180.1.21/identity/v3/users 0.216s
2025-12-08 17:50:33.724 65934 INFO tempest.lib.common.rest_client [req-4d07939d-24e0-4426-93b2-c3fbfa281226 req-4d07939d-24e0-4426-93b2-c3fbfa281226 ] Request (VolumesAdminNegativeTest:setUpClass): 204 PUT http://10.180.1.21/identity/v3/projects/6a54abf5421a42809447e8220bd0417b/users/af8a4493adee4e979945523db42abf91/roles/7dd87a64c47448bbbea89141dd531c8e 0.150s
2025-12-08 17:50:33.725 65934 INFO tempest.lib.common.dynamic_creds [-] Dynamic test user af8a4493adee4e979945523db42abf91 is created with scope project and roles: ['admin']
2025-12-08 17:50:33.725 65934 INFO tempest.lib.common.dynamic_creds [-] Acquired dynamic creds: credentials: Credentials: {'domain_id': 'default', 'domain_name': 'Default', 'username': 'tempest-VolumesAdminNegativeTest-1387515382-project-admin', 'project_domain_id': 'default', 'project_domain_name': 'Default', 'project_id': '6a54abf5421a42809447e8220bd0417b', 'project_name': 'tempest-VolumesAdminNegativeTest-1387515382', 'tenant_id': '6a54abf5421a42809447e8220bd0417b', 'tenant_name': 'tempest-VolumesAdminNegativeTest-1387515382', 'user_domain_id': 'default', 'user_domain_name': 'Default', 'user_id': 'af8a4493adee4e979945523db42abf91', 'system': None}, Network: None, Subnet: None, Router: None
2025-12-08 17:50:33.754 65909 INFO tempest.lib.common.rest_client [req-4b46c06c-53e8-4eff-9f07-39383f47b504 req-4b46c06c-53e8-4eff-9f07-39383f47b504 ] Request (VolumesAssistedSnapshotsTest:setUpClass): 201 POST http://10.180.1.21/identity/v3/auth/tokens 0.189s
2025-12-08 17:50:33.787 65932 INFO tempest.lib.common.rest_client [req-b36fbd91-a4d8-4502-9aad-d89e514f3dc3 req-b36fbd91-a4d8-4502-9aad-d89e514f3dc3 ] Request (FlavorsAccessNegativeTestJSON:setUpClass): 201 POST http://10.180.1.21/identity/v3/auth/tokens 0.189s
2025-12-08 17:50:33.788 65932 WARNING tempest.lib.common.rest_client [-] Deprecated: "tenant_id" property is deprecated for removal, use "project_id" instead
2025-12-08 17:50:33.812 65890 INFO tempest.lib.common.rest_client [req-536ed389-d6b8-4b2a-ac6d-db1b19634cf9 req-536ed389-d6b8-4b2a-ac6d-db1b19634cf9 ] Request (QuotasSecurityGroupAdminNegativeTest:tearDownClass): 201 POST http://10.180.1.21/identity/v3/auth/tokens 0.207s
2025-12-08 17:50:33.840 65924 INFO tempest.lib.common.rest_client [req-b018303c-8b8a-475b-961e-898568c7b3f6 req-b018303c-8b8a-475b-961e-898568c7b3f6 ] Request (AttachInterfacesUnderV243Test:setUpClass): 200 GET http://10.180.1.21/identity/v3/domains?name=Default 0.154s
2025-12-08 17:50:33.843 65898 INFO tempest.lib.common.rest_client [req-2a714dee-8c27-41b4-aa8c-58522f27e012 req-2a714dee-8c27-41b4-aa8c-58522f27e012 ] Request (QuotasAdminNegativeTest:setUpClass): 200 GET http://10.180.1.21/identity/v3/roles 0.180s
2025-12-08 17:50:33.860 65928 INFO tempest.lib.common.rest_client [req-9308a18e-d40a-4699-a057-c71ec681bf8c req-9308a18e-d40a-4699-a057-c71ec681bf8c ] Request (ServerExternalEventsTest:setUpClass): 200 GET http://10.180.1.21/identity/v3/roles 0.158s
2025-12-08 17:50:33.888 65909 INFO tempest.lib.common.rest_client [req-8dd0ed36-a170-42ff-993e-0c2b1f5ba128 req-8dd0ed36-a170-42ff-993e-0c2b1f5ba128 ] Request (VolumesAssistedSnapshotsTest:setUpClass): 201 POST http://10.180.1.21/identity/v3/projects 0.134s
2025-12-08 17:50:33.904 65953 INFO tempest.lib.common.rest_client [req-83de575f-251c-409d-9de4-22069e208d41 req-83de575f-251c-409d-9de4-22069e208d41 ] Request (FloatingIPsTestJSON:setUpClass): 201 POST http://10.180.1.21/identity/v3/auth/tokens 0.217s
2025-12-08 17:50:33.951 65924 INFO tempest.lib.common.rest_client [req-699ce090-b21c-4220-8676-bc99a80d6af2 req-699ce090-b21c-4220-8676-bc99a80d6af2 ] Request (AttachInterfacesUnderV243Test:setUpClass): 201 POST http://10.180.1.21/identity/v3/projects 0.110s
2025-12-08 17:50:33.968 65898 INFO tempest.lib.common.rest_client [req-60b1e49f-0f69-4b8c-9ac5-df15fcded007 req-60b1e49f-0f69-4b8c-9ac5-df15fcded007 ] Request (QuotasAdminNegativeTest:setUpClass): 204 PUT http://10.180.1.21/identity/v3/projects/434f786e90fa43638882d67bb24510f9/users/d1f121436673435b98c2ce7792933296/roles/7dd87a64c47448bbbea89141dd531c8e 0.124s
2025-12-08 17:50:34.029 65909 INFO tempest.lib.common.rest_client [req-8c83cbef-9bca-4597-9bd9-316fb2eaa6de req-8c83cbef-9bca-4597-9bd9-316fb2eaa6de ] Request (VolumesAssistedSnapshotsTest:setUpClass): 201 POST http://10.180.1.21/identity/v3/users 0.140s
2025-12-08 17:50:34.059 65928 INFO tempest.lib.common.rest_client [req-7d963922-74fc-4c88-b2ba-a3c83a3cfa22 req-7d963922-74fc-4c88-b2ba-a3c83a3cfa22 ] Request (ServerExternalEventsTest:setUpClass): 204 PUT http://10.180.1.21/identity/v3/projects/9ae4ef48ae8d49be894bff3c05514825/users/1e1ddf22b6ee4388880c959affebc4af/roles/b586b0b5d4a34596aa1d6ed84b40d742 0.198s
2025-12-08 17:50:34.105 65898 INFO tempest.lib.common.rest_client [req-25d341a7-2097-4589-a77f-4ad50b00ef12 req-25d341a7-2097-4589-a77f-4ad50b00ef12 ] Request (QuotasAdminNegativeTest:setUpClass): 200 GET http://10.180.1.21/identity/v3/roles 0.136s
2025-12-08 17:50:34.107 65924 INFO tempest.lib.common.rest_client [req-feaf4087-60e7-492c-8829-a835efb4af5e req-feaf4087-60e7-492c-8829-a835efb4af5e ] Request (AttachInterfacesUnderV243Test:setUpClass): 201 POST http://10.180.1.21/identity/v3/users 0.156s
2025-12-08 17:50:34.124 65909 INFO tempest.lib.common.rest_client [req-da05e1d8-f652-4058-ae80-3ac6bc75da05 req-da05e1d8-f652-4058-ae80-3ac6bc75da05 ] Request (VolumesAssistedSnapshotsTest:setUpClass): 200 GET http://10.180.1.21/identity/v3/roles 0.094s
2025-12-08 17:50:34.125 65928 INFO tempest.lib.common.rest_client [req-68db5bdc-b8fc-4a18-a345-3987f71b9c03 req-68db5bdc-b8fc-4a18-a345-3987f71b9c03 ] Request (ServerExternalEventsTest:setUpClass): 200 GET http://10.180.1.21/identity/v3/roles 0.065s
2025-12-08 17:50:34.137 65898 INFO tempest.lib.common.rest_client [req-34baa5b0-da3d-44e1-ae84-e2150acd4ad4 req-34baa5b0-da3d-44e1-ae84-e2150acd4ad4 ] Request (QuotasAdminNegativeTest:setUpClass): 204 PUT http://10.180.1.21/identity/v3/projects/434f786e90fa43638882d67bb24510f9/users/d1f121436673435b98c2ce7792933296/roles/7dd87a64c47448bbbea89141dd531c8e 0.031s
2025-12-08 17:50:34.137 65898 INFO tempest.lib.common.dynamic_creds [-] Dynamic test user d1f121436673435b98c2ce7792933296 is created with scope project and roles: ['admin']
2025-12-08 17:50:34.137 65898 INFO tempest.lib.common.dynamic_creds [-] Acquired dynamic creds: credentials: Credentials: {'domain_id': 'default', 'domain_name': 'Default', 'username': 'tempest-QuotasAdminNegativeTest-930978974-project-admin', 'project_domain_id': 'default', 'project_domain_name': 'Default', 'project_id': '434f786e90fa43638882d67bb24510f9', 'project_name': 'tempest-QuotasAdminNegativeTest-930978974', 'tenant_id': '434f786e90fa43638882d67bb24510f9', 'tenant_name': 'tempest-QuotasAdminNegativeTest-930978974', 'user_domain_id': 'default', 'user_domain_name': 'Default', 'user_id': 'd1f121436673435b98c2ce7792933296', 'system': None}, Network: None, Subnet: None, Router: None
2025-12-08 17:50:34.138 65898 INFO tempest.lib.common.dynamic_creds [-] Created isolated network resources for: credentials: Credentials: {'domain_id': 'default', 'domain_name': 'Default', 'username': 'tempest-QuotasAdminNegativeTest-930978974-project-admin', 'project_domain_id': 'default', 'project_domain_name': 'Default', 'project_id': '434f786e90fa43638882d67bb24510f9', 'project_name': 'tempest-QuotasAdminNegativeTest-930978974', 'tenant_id': '434f786e90fa43638882d67bb24510f9', 'tenant_name': 'tempest-QuotasAdminNegativeTest-930978974', 'user_domain_id': 'default', 'user_domain_name': 'Default', 'user_id': 'd1f121436673435b98c2ce7792933296', 'system': None}, Network: None, Subnet: None, Router: None
2025-12-08 17:50:34.143 65924 INFO tempest.lib.common.rest_client [req-becf29cd-b7fb-4369-afb9-e0466e14abf8 req-becf29cd-b7fb-4369-afb9-e0466e14abf8 ] Request (AttachInterfacesUnderV243Test:setUpClass): 200 GET http://10.180.1.21/identity/v3/roles 0.035s
2025-12-08 17:50:34.191 65909 INFO tempest.lib.common.rest_client [req-f78e6adc-6300-42d2-834a-dcd49412efc0 req-f78e6adc-6300-42d2-834a-dcd49412efc0 ] Request (VolumesAssistedSnapshotsTest:setUpClass): 204 PUT http://10.180.1.21/identity/v3/projects/3480c2e19b034d9c8d84e8ea858a0cfe/users/948df229b8b84b6ab08fddbef6b667c0/roles/b586b0b5d4a34596aa1d6ed84b40d742 0.066s
2025-12-08 17:50:34.197 65928 INFO tempest.lib.common.rest_client [req-2ae188c7-65b3-4959-ba27-479f623b365a req-2ae188c7-65b3-4959-ba27-479f623b365a ] Request (ServerExternalEventsTest:setUpClass): 204 PUT http://10.180.1.21/identity/v3/projects/9ae4ef48ae8d49be894bff3c05514825/users/1e1ddf22b6ee4388880c959affebc4af/roles/7dd87a64c47448bbbea89141dd531c8e 0.072s
2025-12-08 17:50:34.197 65928 INFO tempest.lib.common.dynamic_creds [-] Dynamic test user 1e1ddf22b6ee4388880c959affebc4af is created with scope project and roles: ['service', 'admin']
2025-12-08 17:50:34.198 65928 INFO tempest.lib.common.dynamic_creds [-] Acquired dynamic creds: credentials: Credentials: {'domain_id': 'default', 'domain_name': 'Default', 'username': 'tempest-ServerExternalEventsTest-867119693-project', 'project_domain_id': 'default', 'project_domain_name': 'Default', 'project_id': '9ae4ef48ae8d49be894bff3c05514825', 'project_name': 'tempest-ServerExternalEventsTest-867119693', 'tenant_id': '9ae4ef48ae8d49be894bff3c05514825', 'tenant_name': 'tempest-ServerExternalEventsTest-867119693', 'user_domain_id': 'default', 'user_domain_name': 'Default', 'user_id': '1e1ddf22b6ee4388880c959affebc4af', 'system': None}, Network: None, Subnet: None, Router: None
2025-12-08 17:50:34.198 65928 INFO tempest.lib.common.dynamic_creds [-] Created isolated network resources for: credentials: Credentials: {'domain_id': 'default', 'domain_name': 'Default', 'username': 'tempest-ServerExternalEventsTest-867119693-project', 'project_domain_id': 'default', 'project_domain_name': 'Default', 'project_id': '9ae4ef48ae8d49be894bff3c05514825', 'project_name': 'tempest-ServerExternalEventsTest-867119693', 'tenant_id': '9ae4ef48ae8d49be894bff3c05514825', 'tenant_name': 'tempest-ServerExternalEventsTest-867119693', 'user_domain_id': 'default', 'user_domain_name': 'Default', 'user_id': '1e1ddf22b6ee4388880c959affebc4af', 'system': None}, Network: None, Subnet: None, Router: None
2025-12-08 17:50:34.286 65898 INFO tempest.lib.common.rest_client [req-15b34cd7-caff-4ecc-bf4c-5cf082be54cb req-15b34cd7-caff-4ecc-bf4c-5cf082be54cb ] Request (QuotasAdminNegativeTest:setUpClass): 201 POST http://10.180.1.21/identity/v3/auth/tokens 0.141s
2025-12-08 17:50:34.288 65898 WARNING tempest.lib.common.rest_client [-] Deprecated: "tenant_id" property is deprecated for removal, use "project_id" instead
2025-12-08 17:50:34.299 65924 INFO tempest.lib.common.rest_client [req-00f6935c-5ef3-4e73-ab51-aa78813c084c req-00f6935c-5ef3-4e73-ab51-aa78813c084c ] Request (AttachInterfacesUnderV243Test:setUpClass): 204 PUT http://10.180.1.21/identity/v3/projects/d408ce6e66b14bc3a1f033e765d46aed/users/812d9f8c9bd5489fac209611575757a0/roles/95c992af95a546be8dce9f3a38f86d68 0.155s
2025-12-08 17:50:34.299 65924 INFO tempest.lib.common.dynamic_creds [-] Dynamic test user 812d9f8c9bd5489fac209611575757a0 is created with scope project and roles: ['member']
2025-12-08 17:50:34.300 65924 INFO tempest.lib.common.dynamic_creds [-] Acquired dynamic creds: credentials: Credentials: {'domain_id': 'default', 'domain_name': 'Default', 'username': 'tempest-AttachInterfacesUnderV243Test-1952801998-project-member', 'project_domain_id': 'default', 'project_domain_name': 'Default', 'project_id': 'd408ce6e66b14bc3a1f033e765d46aed', 'project_name': 'tempest-AttachInterfacesUnderV243Test-1952801998', 'tenant_id': 'd408ce6e66b14bc3a1f033e765d46aed', 'tenant_name': 'tempest-AttachInterfacesUnderV243Test-1952801998', 'user_domain_id': 'default', 'user_domain_name': 'Default', 'user_id': '812d9f8c9bd5489fac209611575757a0', 'system': None}, Network: None, Subnet: None, Router: None
2025-12-08 17:50:34.302 65920 INFO tempest.lib.common.rest_client [req-d8f9ba00-8eb0-49fa-926a-865fad132160 req-d8f9ba00-8eb0-49fa-926a-865fad132160 ] Request (ServersWithSpecificFlavorTestJSON:setUpClass): 201 POST http://10.180.1.21/networking/v2.0/routers 1.591s
2025-12-08 17:50:34.304 65909 INFO tempest.lib.common.rest_client [req-1aeda061-9699-4ce5-b9e9-52b85912f019 req-1aeda061-9699-4ce5-b9e9-52b85912f019 ] Request (VolumesAssistedSnapshotsTest:setUpClass): 200 GET http://10.180.1.21/identity/v3/roles 0.112s
2025-12-08 17:50:34.341 65934 INFO tempest.lib.common.rest_client [req-d4027747-8a33-45ab-b534-60ffa7fecaca req-d4027747-8a33-45ab-b534-60ffa7fecaca ] Request (VolumesAdminNegativeTest:setUpClass): 201 POST http://10.180.1.21/networking/v2.0/networks 0.616s
2025-12-08 17:50:34.365 65924 INFO tempest.lib.common.rest_client [req-b6f0a33f-c735-40fc-90c8-b5da4ff4e067 req-b6f0a33f-c735-40fc-90c8-b5da4ff4e067 ] Request (AttachInterfacesUnderV243Test:setUpClass): 201 POST http://10.180.1.21/identity/v3/auth/tokens 0.065s
2025-12-08 17:50:34.377 65928 INFO tempest.lib.common.rest_client [req-7630d62a-86c0-4dfa-966b-cd976d4543e3 req-7630d62a-86c0-4dfa-966b-cd976d4543e3 ] Request (ServerExternalEventsTest:setUpClass): 201 POST http://10.180.1.21/identity/v3/auth/tokens 0.175s
2025-12-08 17:50:34.380 65909 INFO tempest.lib.common.rest_client [req-d52eafda-c2c6-4026-bad8-53c2bd5cee01 req-d52eafda-c2c6-4026-bad8-53c2bd5cee01 ] Request (VolumesAssistedSnapshotsTest:setUpClass): 204 PUT http://10.180.1.21/identity/v3/projects/3480c2e19b034d9c8d84e8ea858a0cfe/users/948df229b8b84b6ab08fddbef6b667c0/roles/7dd87a64c47448bbbea89141dd531c8e 0.076s
2025-12-08 17:50:34.381 65909 INFO tempest.lib.common.dynamic_creds [-] Dynamic test user 948df229b8b84b6ab08fddbef6b667c0 is created with scope project and roles: ['service', 'admin']
2025-12-08 17:50:34.381 65909 INFO tempest.lib.common.dynamic_creds [-] Acquired dynamic creds: credentials: Credentials: {'domain_id': 'default', 'domain_name': 'Default', 'username': 'tempest-VolumesAssistedSnapshotsTest-2110459090-project', 'project_domain_id': 'default', 'project_domain_name': 'Default', 'project_id': '3480c2e19b034d9c8d84e8ea858a0cfe', 'project_name': 'tempest-VolumesAssistedSnapshotsTest-2110459090', 'tenant_id': '3480c2e19b034d9c8d84e8ea858a0cfe', 'tenant_name': 'tempest-VolumesAssistedSnapshotsTest-2110459090', 'user_domain_id': 'default', 'user_domain_name': 'Default', 'user_id': '948df229b8b84b6ab08fddbef6b667c0', 'system': None}, Network: None, Subnet: None, Router: None
2025-12-08 17:50:34.516 65928 INFO tempest.lib.common.rest_client [req-64519797-0382-4ba9-abb0-04af86099b78 req-64519797-0382-4ba9-abb0-04af86099b78 ] Request (ServerExternalEventsTest:test_create_server_external_events): 201 POST http://10.180.1.21/identity/v3/auth/tokens 0.135s
2025-12-08 17:50:34.516 65928 INFO tempest.lib.common.fixed_network [-] (ServerExternalEventsTest:test_create_server_external_events) Found network None available for tenant
2025-12-08 17:50:34.578 65890 INFO tempest.lib.common.rest_client [req-e67c78c9-4ad0-446d-86aa-f5531b019a2f req-e67c78c9-4ad0-446d-86aa-f5531b019a2f ] Request (QuotasSecurityGroupAdminNegativeTest:tearDownClass): 200 GET http://10.180.1.21/networking/v2.0/security-groups?tenant_id=fa03021bc2c14ac297adff3569c5bb22&name=default 0.765s
2025-12-08 17:50:34.714 65910 INFO tempest.lib.common.rest_client [req-564fd54f-c211-4509-a3d3-93d412cd6c9b req-564fd54f-c211-4509-a3d3-93d412cd6c9b ] Request (ServerDiagnosticsNegativeTest:test_get_server_diagnostics_by_non_admin): 202 POST http://10.180.1.21/compute/v2.1/servers 5.039s
2025-12-08 17:50:34.752 65918 INFO tempest.lib.common.rest_client [req-401a2e46-c85c-4fca-8ffe-b542d8733009 req-401a2e46-c85c-4fca-8ffe-b542d8733009 ] Request (FlavorsAdminTestJSON:_run_cleanups): 202 DELETE http://10.180.1.21/compute/v2.1/flavors/1323506368 4.593s
2025-12-08 17:50:34.767 65934 INFO tempest.lib.common.rest_client [req-d88529df-3007-443a-a37c-54b21752df3d req-d88529df-3007-443a-a37c-54b21752df3d ] Request (VolumesAdminNegativeTest:setUpClass): 201 POST http://10.180.1.21/networking/v2.0/subnets 0.425s
2025-12-08 17:50:34.842 65912 INFO tempest.lib.common.rest_client [req-e2ccf152-5987-41f2-8e62-6487e76fa798 req-e2ccf152-5987-41f2-8e62-6487e76fa798 ] Request (QuotaClassesAdminTestJSON:test_update_default_quotas): 200 GET http://10.180.1.21/compute/v2.1/os-quota-class-sets/default 4.643s
2025-12-08 17:50:34.927 65906 INFO tempest.lib.common.rest_client [req-0ba27bf0-5d6b-4d43-9d9a-c43dca8c5d03 req-0ba27bf0-5d6b-4d43-9d9a-c43dca8c5d03 ] Request (HypervisorAdminNegativeTestJSON:test_get_hypervisor_list_details_with_non_admin_user): 403 GET http://10.180.1.21/compute/v2.1/os-hypervisors/detail 4.109s
2025-12-08 17:50:35.037 65914 INFO tempest.lib.common.rest_client [req-8cb447aa-566c-41b7-b61c-41bc808e35d7 req-8cb447aa-566c-41b7-b61c-41bc808e35d7 ] Request (AZAdminV2TestJSON:test_get_availability_zone_list): 200 GET http://10.180.1.21/compute/v2.1/os-availability-zone 3.932s
2025-12-08 17:50:35.082 65924 INFO tempest.lib.common.rest_client [req-d05e033c-a91e-4fe2-b0c1-ef1f03773683 req-d05e033c-a91e-4fe2-b0c1-ef1f03773683 ] Request (AttachInterfacesUnderV243Test:setUpClass): 201 POST http://10.180.1.21/networking/v2.0/networks 0.716s
2025-12-08 17:50:35.153 65916 INFO tempest.lib.common.rest_client [req-539e86db-fecd-4623-9a77-fa0a8efff47b req-539e86db-fecd-4623-9a77-fa0a8efff47b ] Request (FlavorsExtraSpecsNegativeTestJSON:setUpClass): 200 POST http://10.180.1.21/compute/v2.1/flavors 3.773s
2025-12-08 17:50:35.259 65904 INFO tempest.lib.common.rest_client [req-7ef1b78b-5ff6-48f3-a47b-ee91220651ae req-7ef1b78b-5ff6-48f3-a47b-ee91220651ae ] Request (HypervisorAdminTestJSON:test_get_hypervisor_list): 200 GET http://10.180.1.21/compute/v2.1/os-hypervisors 3.503s
2025-12-08 17:50:35.276 65920 INFO tempest.lib.common.rest_client [req-8d259631-b36d-4290-93d3-3870330db4e7 req-8d259631-b36d-4290-93d3-3870330db4e7 ] Request (ServersWithSpecificFlavorTestJSON:setUpClass): 200 PUT http://10.180.1.21/networking/v2.0/routers/54768d21-c34d-4b64-98c5-49858c887902/add_router_interface 0.974s
2025-12-08 17:50:35.277 65920 INFO tempest.lib.common.dynamic_creds [-] Created isolated network resources for: credentials: Credentials: {'domain_id': 'default', 'domain_name': 'Default', 'username': 'tempest-ServersWithSpecificFlavorTestJSON-47596209-project-admin', 'project_domain_id': 'default', 'project_domain_name': 'Default', 'project_id': 'a748cb6b0cd9495fa4a7e44e94e333b9', 'project_name': 'tempest-ServersWithSpecificFlavorTestJSON-47596209', 'tenant_id': 'a748cb6b0cd9495fa4a7e44e94e333b9', 'tenant_name': 'tempest-ServersWithSpecificFlavorTestJSON-47596209', 'user_domain_id': 'default', 'user_domain_name': 'Default', 'user_id': '370349f8e52945658131d9187b1c909c', 'system': None}, Network: {'id': '3cdd09f8-4d9a-44c9-a9b6-d6fc078bc928', 'name': 'tempest-ServersWithSpecificFlavorTestJSON-2031317144-network', 'tenant_id': 'a748cb6b0cd9495fa4a7e44e94e333b9', 'project_id': 'a748cb6b0cd9495fa4a7e44e94e333b9', 'admin_state_up': True, 'mtu': 8950, 'status': 'ACTIVE', 'subnets': [], 'shared': False, 'port_security_enabled': True, 'router:external': False, 'provider:network_type': 'vlan', 'provider:physical_network': 'default', 'provider:segmentation_id': 203, 'availability_zone_hints': [], 'availability_zones': [], 'ipv4_address_scope': None, 'ipv6_address_scope': None, 'description': '', 'tags': [], 'created_at': '2025-12-08T17:50:31Z', 'updated_at': '2025-12-08T17:50:31Z', 'revision_number': 1}, Subnet: {'id': 'f4a465fa-48b3-438f-b5ee-2bdc734e663c', 'name': 'tempest-ServersWithSpecificFlavorTestJSON-2031317144-subnet', 'tenant_id': 'a748cb6b0cd9495fa4a7e44e94e333b9', 'network_id': '3cdd09f8-4d9a-44c9-a9b6-d6fc078bc928', 'ip_version': 4, 'subnetpool_id': None, 'enable_dhcp': True, 'ipv6_ra_mode': None, 'ipv6_address_mode': None, 'gateway_ip': '192.168.128.1', 'cidr': '192.168.128.0/28', 'allocation_pools': [{'start': '192.168.128.2', 'end': '192.168.128.14'}], 'host_routes': [], 'dns_nameservers': [], 'description': '', 'router:external': False, 'service_types': [], 'tags': [], 'created_at': '2025-12-08T17:50:32Z', 'updated_at': '2025-12-08T17:50:32Z', 'revision_number': 0, 'project_id': 'a748cb6b0cd9495fa4a7e44e94e333b9'}, Router: {'id': '54768d21-c34d-4b64-98c5-49858c887902', 'name': 'tempest-ServersWithSpecificFlavorTestJSON-2031317144-router', 'tenant_id': 'a748cb6b0cd9495fa4a7e44e94e333b9', 'admin_state_up': True, 'status': 'ACTIVE', 'external_gateway_info': {'network_id': '533da2d4-8f93-4ef4-9f93-6649af7950d2', 'external_fixed_ips': [{'subnet_id': 'dbcd1bb7-18c4-4405-83a0-780630f187dd', 'ip_address': '10.180.180.168'}], 'enable_snat': True}, 'description': '', 'availability_zones': [], 'distributed': False, 'ha': False, 'availability_zone_hints': [], 'routes': [], 'flavor_id': None, 'tags': [], 'created_at': '2025-12-08T17:50:33Z', 'updated_at': '2025-12-08T17:50:34Z', 'revision_number': 2, 'project_id': 'a748cb6b0cd9495fa4a7e44e94e333b9'}
2025-12-08 17:50:35.298 65909 INFO tempest.lib.common.rest_client [req-27fc688c-74f1-4a3a-b519-2da73cf1f761 req-27fc688c-74f1-4a3a-b519-2da73cf1f761 ] Request (VolumesAssistedSnapshotsTest:setUpClass): 201 POST http://10.180.1.21/networking/v2.0/networks 0.917s
2025-12-08 17:50:35.365 65936 INFO tempest.lib.common.rest_client [req-ef16bd65-415a-4b24-9dc9-bf3515e3ed65 req-ef16bd65-415a-4b24-9dc9-bf3515e3ed65 ] Request (HypervisorAdminUnderV252Test:test_get_hypervisor_show_servers): 200 GET http://10.180.1.21/compute/v2.1/os-hypervisors 3.543s
2025-12-08 17:50:35.382 65920 INFO tempest.lib.common.rest_client [req-97aa1491-4c44-44bf-90b4-097e81ac43d7 req-97aa1491-4c44-44bf-90b4-097e81ac43d7 ] Request (ServersWithSpecificFlavorTestJSON:setUpClass): 201 POST http://10.180.1.21/identity/v3/auth/tokens 0.103s
2025-12-08 17:50:35.418 65890 INFO tempest.lib.common.rest_client [req-919a2ea1-7939-40b9-b213-d6058e8a314f req-919a2ea1-7939-40b9-b213-d6058e8a314f ] Request (QuotasSecurityGroupAdminNegativeTest:tearDownClass): 204 DELETE http://10.180.1.21/networking/v2.0/security-groups/9e51b5c8-717c-4391-8a35-0f4b372aebd4 0.840s
2025-12-08 17:50:35.466 65894 INFO tempest.lib.common.rest_client [req-4ee98bf2-ecb8-43c7-9347-3051feaf0593 req-4ee98bf2-ecb8-43c7-9347-3051feaf0593 ] Request (FlavorsAccessTestJSON:test_flavor_access_add_remove): 200 POST http://10.180.1.21/compute/v2.1/flavors 3.611s
2025-12-08 17:50:35.507 65890 INFO tempest.lib.common.rest_client [req-b7cee5b0-3592-4c2e-9e65-fd58191320a8 req-b7cee5b0-3592-4c2e-9e65-fd58191320a8 ] Request (QuotasSecurityGroupAdminNegativeTest:tearDownClass): 204 DELETE http://10.180.1.21/identity/v3/projects/fa03021bc2c14ac297adff3569c5bb22 0.089s
2025-12-08 17:50:35.508 65890 INFO tempest.lib.common.dynamic_creds [-] Deleting project and security group for project: cc6050645f9a43c2baa96d3041bde1fd
2025-12-08 17:50:35.568 65896 INFO tempest.lib.common.rest_client [req-bf07d1e0-a4f9-4e65-a97a-403dbc41532a req-bf07d1e0-a4f9-4e65-a97a-403dbc41532a ] Request (HostsAdminTestJSON:test_list_hosts): 200 GET http://10.180.1.21/compute/v2.1/os-hosts 3.678s
2025-12-08 17:50:35.598 65924 INFO tempest.lib.common.rest_client [req-34ff78aa-4614-4a84-bea1-22f9e011374e req-34ff78aa-4614-4a84-bea1-22f9e011374e ] Request (AttachInterfacesUnderV243Test:setUpClass): 201 POST http://10.180.1.21/networking/v2.0/subnets 0.516s
2025-12-08 17:50:35.688 65948 INFO tempest.lib.common.rest_client [req-2828edfb-155b-4147-bb1b-8b1988f494ec req-2828edfb-155b-4147-bb1b-8b1988f494ec ] Request (FlavorMetadataValidation:test_flavor_update_with_custom_namespace): 200 POST http://10.180.1.21/compute/v2.1/flavors 3.431s
2025-12-08 17:50:35.748 65909 INFO tempest.lib.common.rest_client [req-8bc9c1fe-8ffa-46f2-9e60-1ac2e36a58e8 req-8bc9c1fe-8ffa-46f2-9e60-1ac2e36a58e8 ] Request (VolumesAssistedSnapshotsTest:setUpClass): 201 POST http://10.180.1.21/networking/v2.0/subnets 0.449s
2025-12-08 17:50:35.772 65944 INFO tempest.lib.common.rest_client [req-6b7ba3f1-517b-430c-8d4b-cca567c30130 req-6b7ba3f1-517b-430c-8d4b-cca567c30130 ] Request (FlavorsExtraSpecsTestJSON:setUpClass): 200 POST http://10.180.1.21/compute/v2.1/flavors 3.348s
2025-12-08 17:50:35.862 65938 INFO tempest.lib.common.rest_client [req-08a498c8-758f-40ef-8caa-68789463db43 req-08a498c8-758f-40ef-8caa-68789463db43 ] Request (InstanceUsageAuditLogNegativeTestJSON:test_get_instance_usage_audit_logs_with_invalid_time): 400 GET http://10.180.1.21/compute/v2.1/os-instance_usage_audit_log/invalid_time 3.212s
2025-12-08 17:50:35.924 65950 INFO tempest.lib.common.rest_client [req-a6385894-f103-4ec6-a5a8-a22fae48d4ec req-a6385894-f103-4ec6-a5a8-a22fae48d4ec ] Request (FloatingIPsAssociationTestJSON:setUpClass): 202 POST http://10.180.1.21/compute/v2.1/servers 8.240s
2025-12-08 17:50:35.978 65940 INFO tempest.lib.common.rest_client [req-a5c7a87e-9ba5-4c34-9766-41157d8d0563 req-a5c7a87e-9ba5-4c34-9766-41157d8d0563 ] Request (AggregatesAdminNegativeTestJSON:setUpClass): 200 GET http://10.180.1.21/compute/v2.1/os-services?binary=nova-compute 3.147s
2025-12-08 17:50:36.016 65930 INFO tempest.lib.common.rest_client [req-a4c1ce7c-fd63-4c23-92ef-8c5ddd7ddb7c req-a4c1ce7c-fd63-4c23-92ef-8c5ddd7ddb7c ] Request (AZAdminNegativeTestJSON:test_get_availability_zone_list_detail_with_non_admin_user): 403 GET http://10.180.1.21/compute/v2.1/os-availability-zone/detail 3.055s
2025-12-08 17:50:36.038 65934 INFO tempest.lib.common.rest_client [req-f20a1cac-da0f-4083-97cb-ff63227d2e59 req-f20a1cac-da0f-4083-97cb-ff63227d2e59 ] Request (VolumesAdminNegativeTest:setUpClass): 201 POST http://10.180.1.21/networking/v2.0/routers 1.270s
2025-12-08 17:50:36.108 65902 INFO tempest.lib.common.rest_client [req-f5d052b3-3512-4433-99f3-136a0eb83f4f req-f5d052b3-3512-4433-99f3-136a0eb83f4f ] Request (ServicesAdminTestJSON:test_get_service_by_host_name): 200 GET http://10.180.1.21/compute/v2.1/os-services 3.136s
2025-12-08 17:50:36.123 65926 INFO tempest.lib.common.rest_client [req-c02d4c17-f4dd-4630-8428-ab1503603f3e req-c02d4c17-f4dd-4630-8428-ab1503603f3e ] Request (HostsAdminNegativeTestJSON:setUpClass): 200 GET http://10.180.1.21/compute/v2.1/os-hosts 2.970s
2025-12-08 17:50:36.195 65922 INFO tempest.lib.common.rest_client [req-b8c32acb-cacd-4092-ab2c-e308093b7edb req-b8c32acb-cacd-4092-ab2c-e308093b7edb ] Request (FlavorsV261TestJSON:test_crud_flavor): 200 POST http://10.180.1.21/compute/v2.1/flavors 2.976s
2025-12-08 17:50:36.219 65890 INFO tempest.lib.common.rest_client [req-643ecd5e-c9ed-494a-99ff-89ef05806aba req-643ecd5e-c9ed-494a-99ff-89ef05806aba ] Request (QuotasSecurityGroupAdminNegativeTest:tearDownClass): 200 GET http://10.180.1.21/networking/v2.0/security-groups?tenant_id=cc6050645f9a43c2baa96d3041bde1fd&name=default 0.711s
2025-12-08 17:50:36.250 65930 INFO tempest.lib.common.rest_client [req-e2622e63-0c36-49a6-b804-253c6f0a3f54 req-e2622e63-0c36-49a6-b804-253c6f0a3f54 ] Request (AZAdminNegativeTestJSON:tearDownClass): 204 DELETE http://10.180.1.21/identity/v3/users/a822693108ed4c37aa7815515a9e9fe4 0.228s
2025-12-08 17:50:36.543 65930 INFO tempest.lib.common.rest_client [req-64fd4208-37df-4083-9558-4f869f4a9f5d req-64fd4208-37df-4083-9558-4f869f4a9f5d ] Request (AZAdminNegativeTestJSON:tearDownClass): 204 DELETE http://10.180.1.21/identity/v3/users/148e6ede704b4aa6a64255fca24e1382 0.293s
2025-12-08 17:50:36.543 65930 INFO tempest.lib.common.dynamic_creds [-] Deleting project and security group for project: 8aed7cd703be4c0fb934b15fb39f174b
2025-12-08 17:50:36.618 65930 INFO tempest.lib.common.rest_client [req-3af36523-3e8b-40c5-805a-1c6e7da0f198 req-3af36523-3e8b-40c5-805a-1c6e7da0f198 ] Request (AZAdminNegativeTestJSON:tearDownClass): 201 POST http://10.180.1.21/identity/v3/auth/tokens 0.075s
2025-12-08 17:50:36.918 65924 INFO tempest.lib.common.rest_client [req-7dfddda2-cf32-4e6a-b339-cfcd1e058f84 req-7dfddda2-cf32-4e6a-b339-cfcd1e058f84 ] Request (AttachInterfacesUnderV243Test:setUpClass): 201 POST http://10.180.1.21/networking/v2.0/routers 1.319s
2025-12-08 17:50:37.006 65909 INFO tempest.lib.common.rest_client [req-60f7c73f-68af-4691-a1dd-da773a111811 req-60f7c73f-68af-4691-a1dd-da773a111811 ] Request (VolumesAssistedSnapshotsTest:setUpClass): 201 POST http://10.180.1.21/networking/v2.0/routers 1.257s
2025-12-08 17:50:37.085 65890 INFO tempest.lib.common.rest_client [req-bb85394a-b4ef-4c7a-b6ac-c0c2ab27fc0f req-bb85394a-b4ef-4c7a-b6ac-c0c2ab27fc0f ] Request (QuotasSecurityGroupAdminNegativeTest:tearDownClass): 204 DELETE http://10.180.1.21/networking/v2.0/security-groups/e8351f44-2e08-4657-a0cd-4836e156a78a 0.865s
2025-12-08 17:50:37.169 65890 INFO tempest.lib.common.rest_client [req-7b853b97-f2aa-4d80-806f-a7006c7d8776 req-7b853b97-f2aa-4d80-806f-a7006c7d8776 ] Request (QuotasSecurityGroupAdminNegativeTest:tearDownClass): 204 DELETE http://10.180.1.21/identity/v3/projects/cc6050645f9a43c2baa96d3041bde1fd 0.083s
2025-12-08 17:50:37.170 65890 INFO tempest.test [-] raised in TestMultiAttachVolumeSwap.setUpClass. Invoking tearDownClass.
2025-12-08 17:50:37.202 65946 INFO tempest.lib.common.rest_client [req-0822a8c2-bd86-44c5-81c4-9c40a7d8fe01 req-0822a8c2-bd86-44c5-81c4-9c40a7d8fe01 ] Request (NetworksTest:test_get_network): 200 GET http://10.180.1.21/compute/v2.1/os-networks 3.939s
2025-12-08 17:50:37.266 65890 INFO tempest.lib.common.rest_client [req-5693ed41-164c-4c61-b05e-250463bb4fbd req-5693ed41-164c-4c61-b05e-250463bb4fbd ] Request (FloatingIPDetailsTestJSON:setUpClass): 201 POST http://10.180.1.21/identity/v3/auth/tokens 0.094s
2025-12-08 17:50:37.350 65890 INFO tempest.lib.common.rest_client [req-0533cb55-612a-484f-b47d-e50ce557eabc req-0533cb55-612a-484f-b47d-e50ce557eabc ] Request (FloatingIPDetailsTestJSON:setUpClass): 201 POST http://10.180.1.21/identity/v3/auth/tokens 0.078s
2025-12-08 17:50:37.387 65890 INFO tempest.lib.common.rest_client [req-4f25e4e5-c1bf-4b39-8905-1f29ae0246d7 req-4f25e4e5-c1bf-4b39-8905-1f29ae0246d7 ] Request (FloatingIPDetailsTestJSON:setUpClass): 200 GET http://10.180.1.21/identity/v3/domains?name=Default 0.036s
2025-12-08 17:50:37.418 65890 INFO tempest.lib.common.rest_client [req-aacafd15-b4ad-4f8b-abd6-eb620b6934d4 req-aacafd15-b4ad-4f8b-abd6-eb620b6934d4 ] Request (FloatingIPDetailsTestJSON:setUpClass): 201 POST http://10.180.1.21/identity/v3/projects 0.031s
2025-12-08 17:50:37.459 65930 INFO tempest.lib.common.rest_client [req-607377a1-eb5f-45d8-8d47-ff50ad19625e req-607377a1-eb5f-45d8-8d47-ff50ad19625e ] Request (AZAdminNegativeTestJSON:tearDownClass): 200 GET http://10.180.1.21/networking/v2.0/security-groups?tenant_id=8aed7cd703be4c0fb934b15fb39f174b&name=default 0.840s
2025-12-08 17:50:37.492 65890 INFO tempest.lib.common.rest_client [req-9c479cc2-3007-4bc1-81a2-35c67e6a265c req-9c479cc2-3007-4bc1-81a2-35c67e6a265c ] Request (FloatingIPDetailsTestJSON:setUpClass): 201 POST http://10.180.1.21/identity/v3/users 0.073s
2025-12-08 17:50:37.520 65890 INFO tempest.lib.common.rest_client [req-fb8e6fd9-6d99-4a7b-8903-6f1bbb5beb3c req-fb8e6fd9-6d99-4a7b-8903-6f1bbb5beb3c ] Request (FloatingIPDetailsTestJSON:setUpClass): 200 GET http://10.180.1.21/identity/v3/roles 0.028s
2025-12-08 17:50:37.560 65890 INFO tempest.lib.common.rest_client [req-9c9f8550-396b-4d52-9ce8-8708dcb67563 req-9c9f8550-396b-4d52-9ce8-8708dcb67563 ] Request (FloatingIPDetailsTestJSON:setUpClass): 204 PUT http://10.180.1.21/identity/v3/projects/85bf4cc7e1194e3a888f54c4b8170608/users/b06fb91f209041958621f97326ddd2a4/roles/95c992af95a546be8dce9f3a38f86d68 0.039s
2025-12-08 17:50:37.560 65890 INFO tempest.lib.common.dynamic_creds [-] Dynamic test user b06fb91f209041958621f97326ddd2a4 is created with scope project and roles: ['member']
2025-12-08 17:50:37.560 65890 INFO tempest.lib.common.dynamic_creds [-] Acquired dynamic creds: credentials: Credentials: {'domain_id': 'default', 'domain_name': 'Default', 'username': 'tempest-FloatingIPDetailsTestJSON-1752512332-project-member', 'project_domain_id': 'default', 'project_domain_name': 'Default', 'project_id': '85bf4cc7e1194e3a888f54c4b8170608', 'project_name': 'tempest-FloatingIPDetailsTestJSON-1752512332', 'tenant_id': '85bf4cc7e1194e3a888f54c4b8170608', 'tenant_name': 'tempest-FloatingIPDetailsTestJSON-1752512332', 'user_domain_id': 'default', 'user_domain_name': 'Default', 'user_id': 'b06fb91f209041958621f97326ddd2a4', 'system': None}, Network: None, Subnet: None, Router: None
2025-12-08 17:50:37.628 65890 INFO tempest.lib.common.rest_client [req-864886cf-a8ba-4365-96d8-4dacb66d1192 req-864886cf-a8ba-4365-96d8-4dacb66d1192 ] Request (FloatingIPDetailsTestJSON:setUpClass): 201 POST http://10.180.1.21/identity/v3/auth/tokens 0.067s
2025-12-08 17:50:37.756 65934 INFO tempest.lib.common.rest_client [req-1d9012fe-e9c1-4ccc-81e2-d18b0c81b240 req-1d9012fe-e9c1-4ccc-81e2-d18b0c81b240 ] Request (VolumesAdminNegativeTest:setUpClass): 200 PUT http://10.180.1.21/networking/v2.0/routers/8067f437-4efb-4eb8-aa8d-d459b4e9be45/add_router_interface 1.717s
