2025-12-08 17:54:33.906 65909 INFO tempest.lib.common.dynamic_creds [-] Created isolated network resources for: credentials: Credentials: {'domain_id': 'default', 'domain_name': 'Default', 'username': 'tempest-MultipleCreateNegativeTestJSON-499002060-project-member', 'project_domain_id': 'default', 'project_domain_name': 'Default', 'project_id': '97aac3c3bbb547209867f94db2a73bd1', 'project_name': 'tempest-MultipleCreateNegativeTestJSON-499002060', 'tenant_id': '97aac3c3bbb547209867f94db2a73bd1', 'tenant_name': 'tempest-MultipleCreateNegativeTestJSON-499002060', 'user_domain_id': 'default', 'user_domain_name': 'Default', 'user_id': 'a9c9fae0c8ae47ac9c83815b669c5ee5', 'system': None}, Network: None, Subnet: None, Router: None
2025-12-08 17:54:33.910 65942 INFO tempest.lib.common.rest_client [req-68cbf9b1-7ddb-4534-afe8-251f4ed63d79 req-68cbf9b1-7ddb-4534-afe8-251f4ed63d79 ] Request (ServerShowV247Test:test_update_rebuild_list_server): 200 GET http://10.180.1.21/compute/v2.1/servers/e108629d-713c-42fb-a470-7ef38aba80aa 0.186s
2025-12-08 17:54:33.937 65900 INFO tempest.lib.common.rest_client [req-c9f00f4f-1742-4e36-b96e-57a39cba3a32 req-c9f00f4f-1742-4e36-b96e-57a39cba3a32 ] Request (InstanceActionsTestJSON:tearDownClass): 200 GET http://10.180.1.21/compute/v2.1/servers/b921529e-8fbe-405a-8850-302e258ae9c2 0.140s
2025-12-08 17:54:33.967 65898 INFO tempest.lib.common.rest_client [req-fe309c1f-145f-4d21-9912-9aa7de98c674 req-fe309c1f-145f-4d21-9912-9aa7de98c674 ] Request (ServerDiskConfigTestJSON:test_resize_server_from_auto_to_manual): 200 GET http://10.180.1.21/compute/v2.1/servers/9aaa4a26-147f-40db-942f-f921a6ab691c 0.105s
2025-12-08 17:54:33.985 65909 INFO tempest.lib.common.rest_client [req-e54931b7-71aa-459b-9b4d-12a3803dea54 req-e54931b7-71aa-459b-9b4d-12a3803dea54 ] Request (MultipleCreateNegativeTestJSON:setUpClass): 201 POST http://10.180.1.21/identity/v3/auth/tokens 0.075s
2025-12-08 17:54:33.998 65940 INFO tempest.lib.common.rest_client [req-63efa65e-9ee1-43ed-8597-296cc74c480a req-63efa65e-9ee1-43ed-8597-296cc74c480a ] Request (ListServerFiltersTestJSON:tearDownClass): 200 GET http://10.180.1.21/compute/v2.1/servers/029d6dc3-4388-4c78-8b14-c4fba73c5919 0.122s
2025-12-08 17:54:33.999 65914 INFO tempest.lib.common.rest_client [req-871e4617-f44e-4b21-8b97-855e32e75cc9 req-871e4617-f44e-4b21-8b97-855e32e75cc9 ] Request (ServersAdminTestJSON:test_list_servers_by_admin_with_specified_tenant): 200 GET http://10.180.1.21/compute/v2.1/servers/detail?all_tenants=&tenant_id=5f10dc0cd637493497abb01d66312611 0.112s
2025-12-08 17:54:34.020 65914 INFO tempest.lib.common.rest_client [req-9e925485-a29d-4a94-9125-e7194f371e02 req-9e925485-a29d-4a94-9125-e7194f371e02 ] Request (ServersAdminTestJSON:test_list_servers_detailed_filter_by_invalid_status): 200 GET http://10.180.1.21/compute/v2.1/servers/detail?status=invalid_status 0.008s
2025-12-08 17:54:34.020 65909 INFO tempest.lib.common.rest_client [req-4954c2d6-441b-4fb1-92c0-7b6874cd9685 req-4954c2d6-441b-4fb1-92c0-7b6874cd9685 ] Request (MultipleCreateNegativeTestJSON:test_max_count_less_than_min_count): 201 POST http://10.180.1.21/identity/v3/auth/tokens 0.030s
2025-12-08 17:54:34.021 65909 INFO tempest.lib.common.fixed_network [-] (MultipleCreateNegativeTestJSON:test_max_count_less_than_min_count) Found network None available for tenant
2025-12-08 17:54:34.026 65920 WARNING tempest.lib.common.ssh [-] Failed to establish authenticated ssh connection to cirros@10.180.180.165 ([Errno None] Unable to connect to port 22 on 10.180.180.165). Number attempts: 9. Retry after 10 seconds.: paramiko.ssh_exception.NoValidConnectionsError: [Errno None] Unable to connect to port 22 on 10.180.180.165
2025-12-08 17:54:34.052 65922 INFO tempest.lib.common.rest_client [req-2b67a5c0-af24-4db9-bf4e-7d7580ceb697 req-2b67a5c0-af24-4db9-bf4e-7d7580ceb697 ] Request (ImagesOneServerNegativeTestJSON:_run_cleanups): 200 GET http://10.180.1.21/compute/v2.1/servers/f68c9bb3-0167-4669-b4fb-65252b4f5b95 0.113s
2025-12-08 17:54:34.096 65909 INFO tempest.lib.common.rest_client [req-e8d8941e-d80c-4e0f-b60e-c79bd0a9271c req-e8d8941e-d80c-4e0f-b60e-c79bd0a9271c ] Request (MultipleCreateNegativeTestJSON:test_max_count_less_than_min_count): 400 POST http://10.180.1.21/compute/v2.1/servers 0.074s
2025-12-08 17:54:34.111 65914 INFO tempest.lib.common.rest_client [req-667bccf3-3c2a-4903-8270-030cbc6ea360 req-667bccf3-3c2a-4903-8270-030cbc6ea360 ] Request (ServersAdminTestJSON:test_list_servers_filter_by_error_status): 202 POST http://10.180.1.21/compute/v2.1/servers/8b8b9018-de88-4635-8787-6ce9051564b6/action 0.083s
2025-12-08 17:54:34.138 65909 INFO tempest.lib.common.rest_client [req-4f7f1a83-18cb-4f00-b850-e4da6c22be3b req-4f7f1a83-18cb-4f00-b850-e4da6c22be3b ] Request (MultipleCreateNegativeTestJSON:test_max_count_less_than_one): 201 POST http://10.180.1.21/identity/v3/auth/tokens 0.035s
2025-12-08 17:54:34.139 65909 INFO tempest.lib.common.fixed_network [-] (MultipleCreateNegativeTestJSON:test_max_count_less_than_one) Found network None available for tenant
2025-12-08 17:54:34.149 65934 INFO tempest.lib.common.rest_client [req-67d52271-d025-420a-878a-055ba476147e req-67d52271-d025-420a-878a-055ba476147e ] Request (ImagesTestJSON:test_create_image_from_suspended_server): 200 GET http://10.180.1.21/compute/v2.1/images/d18789dc-23ee-4814-b15e-8cf1cf06abd2 0.079s
2025-12-08 17:54:34.161 65892 INFO tempest.lib.common.rest_client [req-cc1fbaf5-517a-4dfb-a99f-98c996651230 req-cc1fbaf5-517a-4dfb-a99f-98c996651230 ] Request (ServersAdminNegativeTestJSON:test_migrate_server_invalid_state): 200 GET http://10.180.1.21/compute/v2.1/servers/930b5cd7-e9e8-4a6a-a46a-62b722480f3c 0.132s
2025-12-08 17:54:34.210 65914 INFO tempest.lib.common.rest_client [req-1dea8bf0-2277-4a07-bcf9-c1b932105238 req-1dea8bf0-2277-4a07-bcf9-c1b932105238 ] Request (ServersAdminTestJSON:test_list_servers_filter_by_error_status): 200 GET http://10.180.1.21/compute/v2.1/servers?status=error 0.099s
2025-12-08 17:54:34.214 65909 INFO tempest.lib.common.rest_client [req-e4a9db0a-cc88-475f-be2e-bd8b077cd645 req-e4a9db0a-cc88-475f-be2e-bd8b077cd645 ] Request (MultipleCreateNegativeTestJSON:test_max_count_less_than_one): 400 POST http://10.180.1.21/compute/v2.1/servers 0.075s
2025-12-08 17:54:34.214 65894 INFO tempest.lib.common.rest_client [req-75e3864d-2fd6-45b7-88f2-91cfe482b54a req-75e3864d-2fd6-45b7-88f2-91cfe482b54a ] Request (ServerActionsTestOtherA:setUpClass): 200 GET http://10.180.1.21/compute/v2.1/servers/df617c96-ba5f-46b7-91a0-488c4d86dc16 0.078s
2025-12-08 17:54:34.258 65909 INFO tempest.lib.common.rest_client [req-ef5c832f-170a-45e8-b88f-28035d8f8965 req-ef5c832f-170a-45e8-b88f-28035d8f8965 ] Request (MultipleCreateNegativeTestJSON:test_max_count_non_integer): 201 POST http://10.180.1.21/identity/v3/auth/tokens 0.038s
2025-12-08 17:54:34.258 65909 INFO tempest.lib.common.fixed_network [-] (MultipleCreateNegativeTestJSON:test_max_count_non_integer) Found network None available for tenant
2025-12-08 17:54:34.268 65909 INFO tempest.lib.common.rest_client [req-9e3552d4-17bc-452b-8709-3eea03c7b00d req-9e3552d4-17bc-452b-8709-3eea03c7b00d ] Request (MultipleCreateNegativeTestJSON:test_max_count_non_integer): 400 POST http://10.180.1.21/compute/v2.1/servers 0.009s
2025-12-08 17:54:34.277 65914 INFO tempest.lib.common.rest_client [req-cf8ab729-db57-4a35-9227-67d85b25ca1d req-cf8ab729-db57-4a35-9227-67d85b25ca1d ] Request (ServersAdminTestJSON:test_list_servers_filter_by_error_status): 202 POST http://10.180.1.21/compute/v2.1/servers/8b8b9018-de88-4635-8787-6ce9051564b6/action 0.065s
2025-12-08 17:54:34.299 65909 INFO tempest.lib.common.rest_client [req-25816165-b5e0-4efd-a24b-c78c4fb2e120 req-25816165-b5e0-4efd-a24b-c78c4fb2e120 ] Request (MultipleCreateNegativeTestJSON:test_min_count_less_than_one): 201 POST http://10.180.1.21/identity/v3/auth/tokens 0.027s
2025-12-08 17:54:34.299 65909 INFO tempest.lib.common.fixed_network [-] (MultipleCreateNegativeTestJSON:test_min_count_less_than_one) Found network None available for tenant
2025-12-08 17:54:34.310 65909 INFO tempest.lib.common.rest_client [req-0ec9bf22-e367-4515-a599-ff1ca98e190f req-0ec9bf22-e367-4515-a599-ff1ca98e190f ] Request (MultipleCreateNegativeTestJSON:test_min_count_less_than_one): 400 POST http://10.180.1.21/compute/v2.1/servers 0.010s
2025-12-08 17:54:34.342 65909 INFO tempest.lib.common.rest_client [req-baa283eb-55c3-426d-88e2-003fcddfcf3d req-baa283eb-55c3-426d-88e2-003fcddfcf3d ] Request (MultipleCreateNegativeTestJSON:test_min_count_non_integer): 201 POST http://10.180.1.21/identity/v3/auth/tokens 0.026s
2025-12-08 17:54:34.343 65909 INFO tempest.lib.common.fixed_network [-] (MultipleCreateNegativeTestJSON:test_min_count_non_integer) Found network None available for tenant
2025-12-08 17:54:34.352 65909 INFO tempest.lib.common.rest_client [req-a915d89b-34ef-43d3-a3b6-2479dc472416 req-a915d89b-34ef-43d3-a3b6-2479dc472416 ] Request (MultipleCreateNegativeTestJSON:test_min_count_non_integer): 400 POST http://10.180.1.21/compute/v2.1/servers 0.008s
2025-12-08 17:54:34.428 65914 INFO tempest.lib.common.rest_client [req-cc73e2ad-932b-401e-af3e-b2dadbe60e6d req-cc73e2ad-932b-401e-af3e-b2dadbe60e6d ] Request (ServersAdminTestJSON:test_list_servers_filter_by_error_status): 200 GET http://10.180.1.21/compute/v2.1/servers/8b8b9018-de88-4635-8787-6ce9051564b6 0.150s
2025-12-08 17:54:34.454 65936 INFO tempest.lib.common.rest_client [req-8376a5d4-d429-44cb-a017-6def1cc5f14c req-8376a5d4-d429-44cb-a017-6def1cc5f14c ] Request (ServersNegativeTestJSON:test_shelve_shelved_server): 200 GET http://10.180.1.21/compute/v2.1/servers/1dbc0bdd-8fbd-4e61-8e87-6ec9dcf59965 0.106s
2025-12-08 17:54:34.485 65909 INFO tempest.lib.common.rest_client [req-3367c14b-e427-4cf7-93a4-3b04a14d496f req-3367c14b-e427-4cf7-93a4-3b04a14d496f ] Request (MultipleCreateNegativeTestJSON:tearDownClass): 204 DELETE http://10.180.1.21/identity/v3/users/a9c9fae0c8ae47ac9c83815b669c5ee5 0.128s
2025-12-08 17:54:34.485 65909 INFO tempest.lib.common.dynamic_creds [-] Deleting project and security group for project: 97aac3c3bbb547209867f94db2a73bd1
2025-12-08 17:54:34.491 65926 INFO tempest.lib.common.rest_client [req-e8b64383-ec32-43b3-8089-5e5eb512d895 req-e8b64383-ec32-43b3-8089-5e5eb512d895 ] Request (AttachInterfacesTestJSON:test_create_list_show_delete_interfaces_by_network_port): 200 GET http://10.180.1.21/compute/v2.1/servers/8a7e84e3-af30-48f9-8241-333686f35069 0.104s
2025-12-08 17:54:34.500 65926 INFO tempest.common.waiters [-] State transition "BUILD/scheduling" ==> "BUILD/None" after 2 second wait
2025-12-08 17:54:34.563 65909 INFO tempest.lib.common.rest_client [req-41b34e67-407d-4ac0-810d-b6a06b2a3f70 req-41b34e67-407d-4ac0-810d-b6a06b2a3f70 ] Request (MultipleCreateNegativeTestJSON:tearDownClass): 201 POST http://10.180.1.21/identity/v3/auth/tokens 0.077s
2025-12-08 17:54:34.567 65910 INFO tempest.lib.common.rest_client [req-9c0db30b-1e7d-48f1-bd53-594915a9ef01 req-9c0db30b-1e7d-48f1-bd53-594915a9ef01 ] Request (ListImageFiltersTestJSON:tearDownClass): 200 GET http://10.180.1.21/compute/v2.1/servers/23e0b84c-d0a8-4c4d-8d08-767eafed631a 0.128s
2025-12-08 17:54:34.619 65914 INFO tempest.lib.common.rest_client [req-c7656919-6223-452c-9f5f-c75526f8d0cc req-c7656919-6223-452c-9f5f-c75526f8d0cc ] Request (ServersAdminTestJSON:test_list_servers_filter_by_exist_host): 200 GET http://10.180.1.21/compute/v2.1/servers/8b8b9018-de88-4635-8787-6ce9051564b6 0.180s
2025-12-08 17:54:34.710 65918 INFO tempest.lib.common.rest_client [req-ce3d5cb6-19e0-4740-8f9d-19a0b850765e req-ce3d5cb6-19e0-4740-8f9d-19a0b850765e ] Request (ServerDiagnosticsV248Test:tearDownClass): 200 GET http://10.180.1.21/compute/v2.1/servers/27b19992-741e-4daa-8435-6240fb24c92a 0.251s
2025-12-08 17:54:34.728 65890 INFO tempest.lib.common.rest_client [req-9240d210-7374-4370-8396-5df5bb2451a6 req-9240d210-7374-4370-8396-5df5bb2451a6 ] Request (ListServersNegativeTestJSON:setUpClass): 200 GET http://10.180.1.21/compute/v2.1/servers/725ff6c5-2580-4dec-b7bd-6dc5d420f7d3 0.201s
2025-12-08 17:54:34.826 65909 INFO tempest.lib.common.rest_client [req-dbd9ba30-a8b8-47ae-9a6c-f1afec6bc1f2 req-dbd9ba30-a8b8-47ae-9a6c-f1afec6bc1f2 ] Request (MultipleCreateNegativeTestJSON:tearDownClass): 200 GET http://10.180.1.21/networking/v2.0/security-groups?tenant_id=97aac3c3bbb547209867f94db2a73bd1&name=default 0.263s
2025-12-08 17:54:34.856 65938 INFO tempest.lib.common.rest_client [req-6e4d2c9f-2229-4588-9edf-56d9559521db req-6e4d2c9f-2229-4588-9edf-56d9559521db ] Request (ServerActionsTestJSON:test_lock_unlock_server): 200 GET http://10.180.1.21/compute/v2.1/servers/02194384-529d-4c6f-9976-4fdf19851b61 0.307s
2025-12-08 17:54:34.872 65914 INFO tempest.lib.common.rest_client [req-b0c38d1c-5edb-4951-a98e-eeb88129cbbd req-b0c38d1c-5edb-4951-a98e-eeb88129cbbd ] Request (ServersAdminTestJSON:test_list_servers_filter_by_exist_host): 200 GET http://10.180.1.21/compute/v2.1/servers?host=cpu-1&all_tenants=1 0.240s
2025-12-08 17:54:34.933 65909 INFO tempest.lib.common.rest_client [req-3e0f7482-e324-4cd3-a7b2-7c25eb7ab573 req-3e0f7482-e324-4cd3-a7b2-7c25eb7ab573 ] Request (MultipleCreateNegativeTestJSON:tearDownClass): 204 DELETE http://10.180.1.21/networking/v2.0/security-groups/ab9d10dc-d589-4fde-ac04-a60ebe2fc3d9 0.106s
2025-12-08 17:54:34.954 65912 INFO tempest.lib.common.rest_client [req-560d0c7e-4241-4fd2-bf20-53311d196b35 req-560d0c7e-4241-4fd2-bf20-53311d196b35 ] Request (ServersTestMultiNic:_run_cleanups): 200 GET http://10.180.1.21/compute/v2.1/servers/cf7d54ae-72cf-4af5-846d-d73230c8c743 0.263s
2025-12-08 17:54:34.980 65932 INFO tempest.lib.common.rest_client [req-9662b618-3908-4794-b1b2-b8d15f496727 req-9662b618-3908-4794-b1b2-b8d15f496727 ] Request (MigrationsAdminTest:test_list_migrations_in_flavor_resize_situation): 200 GET http://10.180.1.21/compute/v2.1/servers/e8ea726d-647b-4e85-8401-f195ab26e948 0.339s
2025-12-08 17:54:34.986 65896 WARNING tempest.lib.common.ssh [-] Failed to establish authenticated ssh connection to cirros@10.180.180.173 ([Errno None] Unable to connect to port 22 on 10.180.180.173). Number attempts: 4. Retry after 5 seconds.: paramiko.ssh_exception.NoValidConnectionsError: [Errno None] Unable to connect to port 22 on 10.180.180.173
2025-12-08 17:54:35.023 65909 INFO tempest.lib.common.rest_client [req-11c72346-7e17-4165-a100-ca40b790794a req-11c72346-7e17-4165-a100-ca40b790794a ] Request (MultipleCreateNegativeTestJSON:tearDownClass): 204 DELETE http://10.180.1.21/identity/v3/projects/97aac3c3bbb547209867f94db2a73bd1 0.089s
2025-12-08 17:54:35.049 65924 INFO tempest.lib.common.rest_client [req-f657927b-6637-4292-bb4c-316b7927dd79 req-f657927b-6637-4292-bb4c-316b7927dd79 ] Request (AttachInterfacesUnderV243Test:_run_cleanups): 200 GET http://10.180.1.21/compute/v2.1/servers/bb940847-53df-4b3f-8fec-7b7dec035781 0.329s
2025-12-08 17:54:35.072 65950 INFO tempest.lib.common.rest_client [req-e582c866-7c8b-48a4-98c3-8cf4a5e9671d req-e582c866-7c8b-48a4-98c3-8cf4a5e9671d ] Request (ServersListShow296Test:tearDownClass): 200 GET http://10.180.1.21/compute/v2.1/servers/5e0a34fa-609b-4b55-b46f-c64e6bcc88cd 0.275s
2025-12-08 17:54:35.105 65916 INFO tempest.lib.common.rest_client [req-10dff8ec-8870-49c5-81a4-f8b772aa11a8 req-10dff8ec-8870-49c5-81a4-f8b772aa11a8 ] Request (ServerPasswordTestJSON:setUpClass): 200 GET http://10.180.1.21/compute/v2.1/servers/2fdd9e2f-13a5-4932-a25a-fcedb54419f3 0.241s
2025-12-08 17:54:35.136 65914 INFO tempest.lib.common.rest_client [req-b3ec9191-1468-46a2-832d-92a0afa4a698 req-b3ec9191-1468-46a2-832d-92a0afa4a698 ] Request (ServersAdminTestJSON:test_list_servers_filter_by_exist_host): 200 GET http://10.180.1.21/compute/v2.1/servers?host=nonexistent_host&all_tenants=1 0.260s
2025-12-08 17:54:35.201 65942 INFO tempest.lib.common.rest_client [req-48a30f2c-3714-4360-8920-08e95ef9eff5 req-48a30f2c-3714-4360-8920-08e95ef9eff5 ] Request (ServerShowV247Test:test_update_rebuild_list_server): 200 GET http://10.180.1.21/compute/v2.1/servers/e108629d-713c-42fb-a470-7ef38aba80aa 0.280s
2025-12-08 17:54:35.208 65900 INFO tempest.lib.common.rest_client [req-a37257e3-0000-45f7-9651-366cb1a0d803 req-a37257e3-0000-45f7-9651-366cb1a0d803 ] Request (InstanceActionsTestJSON:tearDownClass): 200 GET http://10.180.1.21/compute/v2.1/servers/b921529e-8fbe-405a-8850-302e258ae9c2 0.260s
2025-12-08 17:54:35.260 65898 INFO tempest.lib.common.rest_client [req-7ea70488-d4b6-4947-b99b-95c506f4875e req-7ea70488-d4b6-4947-b99b-95c506f4875e ] Request (ServerDiskConfigTestJSON:test_resize_server_from_auto_to_manual): 200 GET http://10.180.1.21/compute/v2.1/servers/9aaa4a26-147f-40db-942f-f921a6ab691c 0.285s
2025-12-08 17:54:35.277 65940 INFO tempest.lib.common.rest_client [req-6f102190-2a3b-46d8-bc1c-fc6513164236 req-6f102190-2a3b-46d8-bc1c-fc6513164236 ] Request (ListServerFiltersTestJSON:tearDownClass): 200 GET http://10.180.1.21/compute/v2.1/servers/029d6dc3-4388-4c78-8b14-c4fba73c5919 0.272s
2025-12-08 17:54:35.321 65922 INFO tempest.lib.common.rest_client [req-77ddc3a0-f644-4752-b084-ee1934443d3b req-77ddc3a0-f644-4752-b084-ee1934443d3b ] Request (ImagesOneServerNegativeTestJSON:_run_cleanups): 200 GET http://10.180.1.21/compute/v2.1/servers/f68c9bb3-0167-4669-b4fb-65252b4f5b95 0.260s
2025-12-08 17:54:35.339 65914 INFO tempest.lib.common.rest_client [req-6df44b58-d9fd-4ff4-b06a-553fd2640b4f req-6df44b58-d9fd-4ff4-b06a-553fd2640b4f ] Request (ServersAdminTestJSON:test_rebuild_server_in_error_state): 202 POST http://10.180.1.21/compute/v2.1/servers/8b8b9018-de88-4635-8787-6ce9051564b6/action 0.197s
2025-12-08 17:54:35.395 65892 INFO tempest.lib.common.rest_client [req-6d73f44a-2e83-4eb4-9b30-042e4b10cdbd req-6d73f44a-2e83-4eb4-9b30-042e4b10cdbd ] Request (ServersAdminNegativeTestJSON:test_migrate_server_invalid_state): 200 GET http://10.180.1.21/compute/v2.1/servers/930b5cd7-e9e8-4a6a-a46a-62b722480f3c 0.223s
2025-12-08 17:54:35.453 65894 INFO tempest.lib.common.rest_client [req-f33953c6-df34-4d46-a565-1fd6440ffa7f req-f33953c6-df34-4d46-a565-1fd6440ffa7f ] Request (ServerActionsTestOtherA:setUpClass): 200 GET http://10.180.1.21/compute/v2.1/servers/df617c96-ba5f-46b7-91a0-488c4d86dc16 0.230s
2025-12-08 17:54:35.769 65953 WARNING tempest.lib.common.ssh [-] Failed to establish authenticated ssh connection to cirros@10.180.180.206 ([Errno None] Unable to connect to port 22 on 10.180.180.206). Number attempts: 4. Retry after 5 seconds.: paramiko.ssh_exception.NoValidConnectionsError: [Errno None] Unable to connect to port 22 on 10.180.180.206
2025-12-08 17:54:36.713 65948 WARNING tempest.lib.common.ssh [-] Failed to establish authenticated ssh connection to cirros@10.180.180.233 ([Errno None] Unable to connect to port 22 on 10.180.180.233). Number attempts: 4. Retry after 5 seconds.: paramiko.ssh_exception.NoValidConnectionsError: [Errno None] Unable to connect to port 22 on 10.180.180.233
2025-12-08 17:54:40.361 65902 WARNING tempest.lib.common.ssh [-] Failed to establish authenticated ssh connection to cirros@10.180.180.192 ([Errno None] Unable to connect to port 22 on 10.180.180.192). Number attempts: 8. Retry after 9 seconds.: paramiko.ssh_exception.NoValidConnectionsError: [Errno None] Unable to connect to port 22 on 10.180.180.192
2025-12-08 17:54:41.276 65953 WARNING tempest.lib.common.ssh [-] Failed to establish authenticated ssh connection to cirros@10.180.180.206 ([Errno None] Unable to connect to port 22 on 10.180.180.206). Number attempts: 5. Retry after 6 seconds.: paramiko.ssh_exception.NoValidConnectionsError: [Errno None] Unable to connect to port 22 on 10.180.180.206
2025-12-08 17:54:43.083 65934 INFO tempest.lib.common.rest_client [req-ea556c70-87c1-4bc0-8ef7-4053486db6ea req-ea556c70-87c1-4bc0-8ef7-4053486db6ea ] Request (ImagesTestJSON:test_create_image_from_suspended_server): 200 GET http://10.180.1.21/compute/v2.1/images/d18789dc-23ee-4814-b15e-8cf1cf06abd2 7.929s
2025-12-08 17:54:43.177 65914 INFO tempest.lib.common.rest_client [req-0daada73-67f3-4558-888c-98eff54f5222 req-0daada73-67f3-4558-888c-98eff54f5222 ] Request (ServersAdminTestJSON:test_rebuild_server_in_error_state): 202 POST http://10.180.1.21/compute/v2.1/servers/8b8b9018-de88-4635-8787-6ce9051564b6/action 7.838s
2025-12-08 17:54:43.251 65936 INFO tempest.lib.common.rest_client [req-846e75a1-926c-4dc5-a406-c4cfb12dde77 req-846e75a1-926c-4dc5-a406-c4cfb12dde77 ] Request (ServersNegativeTestJSON:test_shelve_shelved_server): 200 GET http://10.180.1.21/compute/v2.1/servers/1dbc0bdd-8fbd-4e61-8e87-6ec9dcf59965 7.786s
2025-12-08 17:54:43.266 65926 INFO tempest.lib.common.rest_client [req-daff0d34-b908-4ebc-a6ff-1037a7edea68 req-daff0d34-b908-4ebc-a6ff-1037a7edea68 ] Request (AttachInterfacesTestJSON:test_create_list_show_delete_interfaces_by_network_port): 200 GET http://10.180.1.21/compute/v2.1/servers/8a7e84e3-af30-48f9-8241-333686f35069 7.765s
2025-12-08 17:54:43.288 65918 INFO tempest.lib.common.rest_client [req-afd23149-afa1-4b99-acaf-b90450f1164f req-afd23149-afa1-4b99-acaf-b90450f1164f ] Request (ServerDiagnosticsV248Test:tearDownClass): 404 GET http://10.180.1.21/compute/v2.1/servers/27b19992-741e-4daa-8435-6240fb24c92a 7.566s
2025-12-08 17:54:43.335 65910 INFO tempest.lib.common.rest_client [req-c05f881d-1a76-4956-aacd-48e7ead0b0b5 req-c05f881d-1a76-4956-aacd-48e7ead0b0b5 ] Request (ListImageFiltersTestJSON:tearDownClass): 200 GET http://10.180.1.21/compute/v2.1/servers/23e0b84c-d0a8-4c4d-8d08-767eafed631a 7.759s
2025-12-08 17:54:43.372 65890 INFO tempest.lib.common.rest_client [req-d9cbd64d-a758-499b-8b02-c018bcaf4304 req-d9cbd64d-a758-499b-8b02-c018bcaf4304 ] Request (ListServersNegativeTestJSON:setUpClass): 200 GET http://10.180.1.21/compute/v2.1/servers/725ff6c5-2580-4dec-b7bd-6dc5d420f7d3 7.628s
2025-12-08 17:54:43.411 65912 INFO tempest.lib.common.rest_client [req-c121dcb4-9d85-4762-8050-a0b254677ff2 req-c121dcb4-9d85-4762-8050-a0b254677ff2 ] Request (ServersTestMultiNic:_run_cleanups): 404 GET http://10.180.1.21/compute/v2.1/servers/cf7d54ae-72cf-4af5-846d-d73230c8c743 7.449s
2025-12-08 17:54:43.429 65918 INFO tempest.lib.common.rest_client [req-721711e4-474d-4b28-84b4-a7b48f2f7f20 req-721711e4-474d-4b28-84b4-a7b48f2f7f20 ] Request (ServerDiagnosticsV248Test:tearDownClass): 204 DELETE http://10.180.1.21/identity/v3/users/2c08f1887ce943eca8b10f01dc673c30 0.140s
2025-12-08 17:54:43.546 65918 INFO tempest.lib.common.rest_client [req-e5cb9bfa-288b-4b44-a27a-88fb45d3a5c9 req-e5cb9bfa-288b-4b44-a27a-88fb45d3a5c9 ] Request (ServerDiagnosticsV248Test:tearDownClass): 204 DELETE http://10.180.1.21/identity/v3/users/02675536237f4c33a3211c2a2a374f18 0.117s
2025-12-08 17:54:43.546 65918 INFO tempest.lib.common.dynamic_creds [-] Deleting project and security group for project: 4f4ef03635b34b9bb902c57206b3abcd
2025-12-08 17:54:43.561 65896 WARNING tempest.lib.common.ssh [-] Failed to establish authenticated ssh connection to cirros@10.180.180.173 ([Errno None] Unable to connect to port 22 on 10.180.180.173). Number attempts: 5. Retry after 6 seconds.: paramiko.ssh_exception.NoValidConnectionsError: [Errno None] Unable to connect to port 22 on 10.180.180.173
2025-12-08 17:54:43.600 65912 INFO tempest.lib.common.rest_client [req-732cbb75-ef6e-4319-a586-ed79f80f26ae req-732cbb75-ef6e-4319-a586-ed79f80f26ae ] Request (ServersTestMultiNic:_run_cleanups): 204 DELETE http://10.180.1.21/networking/v2.0/subnets/c0afc1d6-d5d3-40ec-8150-bb4dfd8b80c4 0.188s
2025-12-08 17:54:43.610 65918 INFO tempest.lib.common.rest_client [req-b46f8ddd-a4e0-461a-b489-26d9f449eb1c req-b46f8ddd-a4e0-461a-b489-26d9f449eb1c ] Request (ServerDiagnosticsV248Test:tearDownClass): 201 POST http://10.180.1.21/identity/v3/auth/tokens 0.064s
2025-12-08 17:54:43.671 65938 INFO tempest.lib.common.rest_client [req-9c38992e-86af-4452-9e19-c8c3efacf076 req-9c38992e-86af-4452-9e19-c8c3efacf076 ] Request (ServerActionsTestJSON:test_lock_unlock_server): 200 GET http://10.180.1.21/compute/v2.1/servers/02194384-529d-4c6f-9976-4fdf19851b61 7.803s
2025-12-08 17:54:43.680 65938 INFO tempest.common.waiters [-] State transition "SHUTOFF/powering-on" ==> "ACTIVE/None" after 11 second wait
2025-12-08 17:54:43.889 65918 INFO tempest.lib.common.rest_client [req-3ff60c92-4528-4bb0-a85c-6fd565f919e5 req-3ff60c92-4528-4bb0-a85c-6fd565f919e5 ] Request (ServerDiagnosticsV248Test:tearDownClass): 200 GET http://10.180.1.21/networking/v2.0/security-groups?tenant_id=4f4ef03635b34b9bb902c57206b3abcd&name=default 0.278s
2025-12-08 17:54:43.922 65932 INFO tempest.lib.common.rest_client [req-91d5bfd7-5575-4330-adc9-d1e9d06c37f0 req-91d5bfd7-5575-4330-adc9-d1e9d06c37f0 ] Request (MigrationsAdminTest:test_list_migrations_in_flavor_resize_situation): 200 GET http://10.180.1.21/compute/v2.1/servers/e8ea726d-647b-4e85-8401-f195ab26e948 7.930s
2025-12-08 17:54:43.929 65932 INFO tempest.common.waiters [-] State transition "VERIFY_RESIZE/None" ==> "ACTIVE/None" after 47 second wait
2025-12-08 17:54:43.934 65924 INFO tempest.lib.common.rest_client [req-aa46c3be-8fd2-4819-9060-e9450c97302f req-aa46c3be-8fd2-4819-9060-e9450c97302f ] Request (AttachInterfacesUnderV243Test:_run_cleanups): 200 GET http://10.180.1.21/compute/v2.1/servers/bb940847-53df-4b3f-8fec-7b7dec035781 7.876s
2025-12-08 17:54:43.979 65912 INFO tempest.lib.common.rest_client [req-020fe870-2d1d-46fc-a4cc-adffec01a2fa req-020fe870-2d1d-46fc-a4cc-adffec01a2fa ] Request (ServersTestMultiNic:_run_cleanups): 204 DELETE http://10.180.1.21/networking/v2.0/networks/7cba601a-6579-4c9f-984e-f2cdf0536076 0.378s
2025-12-08 17:54:44.002 65916 INFO tempest.lib.common.rest_client [req-be191a5f-4971-4ed0-bf55-4943955af106 req-be191a5f-4971-4ed0-bf55-4943955af106 ] Request (ServerPasswordTestJSON:setUpClass): 200 GET http://10.180.1.21/compute/v2.1/servers/2fdd9e2f-13a5-4932-a25a-fcedb54419f3 7.887s
2025-12-08 17:54:44.010 65918 INFO tempest.lib.common.rest_client [req-1bf28eb0-68c7-42dd-a555-738aba16bd27 req-1bf28eb0-68c7-42dd-a555-738aba16bd27 ] Request (ServerDiagnosticsV248Test:tearDownClass): 204 DELETE http://10.180.1.21/networking/v2.0/security-groups/bd1af3a5-8fdf-418e-a8ee-8873fb474ae4 0.121s
2025-12-08 17:54:44.028 65950 INFO tempest.lib.common.rest_client [req-05e85867-47ee-4814-a54f-c64672562f83 req-05e85867-47ee-4814-a54f-c64672562f83 ] Request (ServersListShow296Test:tearDownClass): 200 GET http://10.180.1.21/compute/v2.1/servers/5e0a34fa-609b-4b55-b46f-c64e6bcc88cd 7.945s
2025-12-08 17:54:44.038 65950 INFO tempest.common.waiters [-] State transition "ACTIVE/deleting" ==> "DELETED/None" after 12 second wait
2025-12-08 17:54:44.067 65942 INFO tempest.lib.common.rest_client [req-bcbd4bb4-9d33-4bc8-b979-8c2ebf176b2b req-bcbd4bb4-9d33-4bc8-b979-8c2ebf176b2b ] Request (ServerShowV247Test:test_update_rebuild_list_server): 200 GET http://10.180.1.21/compute/v2.1/servers/e108629d-713c-42fb-a470-7ef38aba80aa 7.855s
2025-12-08 17:54:44.077 65942 INFO tempest.common.waiters [-] State transition "BUILD/None" ==> "BUILD/spawning" after 77 second wait
2025-12-08 17:54:44.090 65900 INFO tempest.lib.common.rest_client [req-576e823d-b710-4c6d-9693-8c955fd9199c req-576e823d-b710-4c6d-9693-8c955fd9199c ] Request (InstanceActionsTestJSON:tearDownClass): 200 GET http://10.180.1.21/compute/v2.1/servers/b921529e-8fbe-405a-8850-302e258ae9c2 7.872s
2025-12-08 17:54:44.114 65918 INFO tempest.lib.common.rest_client [req-42ad6649-0966-46c8-b697-86e54c49bdc8 req-42ad6649-0966-46c8-b697-86e54c49bdc8 ] Request (ServerDiagnosticsV248Test:tearDownClass): 204 DELETE http://10.180.1.21/identity/v3/projects/4f4ef03635b34b9bb902c57206b3abcd 0.103s
2025-12-08 17:54:44.114 65918 INFO tempest.lib.common.dynamic_creds [-] Deleting project and security group for project: e4eabc8c57a84d54b6852d866023b60b
2025-12-08 17:54:44.120 65898 INFO tempest.lib.common.rest_client [req-caf81a6b-c1ec-4663-9dc1-6495b3aa8473 req-caf81a6b-c1ec-4663-9dc1-6495b3aa8473 ] Request (ServerDiskConfigTestJSON:test_resize_server_from_auto_to_manual): 200 GET http://10.180.1.21/compute/v2.1/servers/9aaa4a26-147f-40db-942f-f921a6ab691c 7.852s
2025-12-08 17:54:44.142 65912 INFO tempest.lib.common.rest_client [req-0c7ab8ad-6b06-4107-b4c9-6e530797f63e req-0c7ab8ad-6b06-4107-b4c9-6e530797f63e ] Request (ServersTestMultiNic:_run_cleanups): 204 DELETE http://10.180.1.21/networking/v2.0/subnets/20494ce7-34ec-470b-8d7f-7b60808b5c8d 0.163s
2025-12-08 17:54:44.164 65940 INFO tempest.lib.common.rest_client [req-e5bdfeb4-0dcb-43d5-951d-6cc64d063ba9 req-e5bdfeb4-0dcb-43d5-951d-6cc64d063ba9 ] Request (ListServerFiltersTestJSON:tearDownClass): 200 GET http://10.180.1.21/compute/v2.1/servers/029d6dc3-4388-4c78-8b14-c4fba73c5919 7.876s
2025-12-08 17:54:44.217 65918 INFO tempest.lib.common.rest_client [req-c9a79ca1-58b5-4764-832f-4948bcb5f432 req-c9a79ca1-58b5-4764-832f-4948bcb5f432 ] Request (ServerDiagnosticsV248Test:tearDownClass): 200 GET http://10.180.1.21/networking/v2.0/security-groups?tenant_id=e4eabc8c57a84d54b6852d866023b60b&name=default 0.101s
2025-12-08 17:54:44.243 65922 INFO tempest.lib.common.rest_client [req-14d900fb-03fb-4360-a790-e95d1f3aadbd req-14d900fb-03fb-4360-a790-e95d1f3aadbd ] Request (ImagesOneServerNegativeTestJSON:_run_cleanups): 200 GET http://10.180.1.21/compute/v2.1/servers/f68c9bb3-0167-4669-b4fb-65252b4f5b95 7.914s
2025-12-08 17:54:44.401 65918 INFO tempest.lib.common.rest_client [req-737fd771-9f49-4bf4-aeef-01b78ed1982f req-737fd771-9f49-4bf4-aeef-01b78ed1982f ] Request (ServerDiagnosticsV248Test:tearDownClass): 204 DELETE http://10.180.1.21/networking/v2.0/security-groups/53c64215-af7e-4913-a556-9208ba5a3494 0.184s
2025-12-08 17:54:44.415 65912 INFO tempest.lib.common.rest_client [req-febf34f3-9b61-4763-8cf4-077bccc33b24 req-febf34f3-9b61-4763-8cf4-077bccc33b24 ] Request (ServersTestMultiNic:_run_cleanups): 204 DELETE http://10.180.1.21/networking/v2.0/networks/6b46d5e5-de8f-4aad-8f16-07f31b36ff71 0.272s
2025-12-08 17:54:44.445 65894 INFO tempest.lib.common.rest_client [req-a6bb3361-40c8-4a79-86be-926289abdbbd req-a6bb3361-40c8-4a79-86be-926289abdbbd ] Request (ServerActionsTestOtherA:setUpClass): 200 GET http://10.180.1.21/compute/v2.1/servers/df617c96-ba5f-46b7-91a0-488c4d86dc16 7.982s
2025-12-08 17:54:44.452 65894 INFO tempest.common.waiters [-] State transition "BUILD/None" ==> "BUILD/networking" after 64 second wait
2025-12-08 17:54:44.468 65892 INFO tempest.lib.common.rest_client [req-2f48a6fb-1321-4932-ab37-fcc0fd6885cb req-2f48a6fb-1321-4932-ab37-fcc0fd6885cb ] Request (ServersAdminNegativeTestJSON:test_migrate_server_invalid_state): 200 GET http://10.180.1.21/compute/v2.1/servers/930b5cd7-e9e8-4a6a-a46a-62b722480f3c 8.061s
2025-12-08 17:54:44.475 65892 INFO tempest.common.waiters [-] State transition "BUILD/None" ==> "BUILD/spawning" after 76 second wait
2025-12-08 17:54:44.493 65934 INFO tempest.lib.common.rest_client [req-ef370fec-fbe8-4c75-8fcd-6d8177c26e96 req-ef370fec-fbe8-4c75-8fcd-6d8177c26e96 ] Request (ImagesTestJSON:test_create_image_from_suspended_server): 200 GET http://10.180.1.21/compute/v2.1/images/d18789dc-23ee-4814-b15e-8cf1cf06abd2 1.406s
2025-12-08 17:54:44.522 65918 INFO tempest.lib.common.rest_client [req-a51b23a7-4bf6-4a9f-837f-4ed261a6b624 req-a51b23a7-4bf6-4a9f-837f-4ed261a6b624 ] Request (ServerDiagnosticsV248Test:tearDownClass): 204 DELETE http://10.180.1.21/identity/v3/projects/e4eabc8c57a84d54b6852d866023b60b 0.120s
2025-12-08 17:54:44.553 65934 INFO tempest.lib.common.rest_client [req-bdcd288c-9495-4a44-ba6e-a0b50c1fae2b req-bdcd288c-9495-4a44-ba6e-a0b50c1fae2b ] Request (ImagesTestJSON:test_create_image_from_suspended_server): 200 GET http://10.180.1.21/image/v2/images/d18789dc-23ee-4814-b15e-8cf1cf06abd2/tasks 0.057s
2025-12-08 17:54:44.583 65912 INFO tempest.lib.common.rest_client [req-a185dec9-e75b-43a9-ad7d-537054a96fd9 req-a185dec9-e75b-43a9-ad7d-537054a96fd9 ] Request (ServersTestMultiNic:test_verify_multiple_nics_order): 201 POST http://10.180.1.21/networking/v2.0/networks 0.166s
2025-12-08 17:54:44.640 65918 INFO tempest.lib.common.rest_client [req-5c6ac38d-5a10-449e-89e5-031e152f0cda req-5c6ac38d-5a10-449e-89e5-031e152f0cda ] Request (ServersListShow2100Test:setUpClass): 201 POST http://10.180.1.21/identity/v3/auth/tokens 0.117s
2025-12-08 17:54:44.675 65918 INFO tempest.lib.common.rest_client [req-65ece702-6645-4983-a1a3-d48e427d74d6 req-65ece702-6645-4983-a1a3-d48e427d74d6 ] Request (ServersListShow2100Test:setUpClass): 201 POST http://10.180.1.21/identity/v3/auth/tokens 0.032s
2025-12-08 17:54:44.709 65918 INFO tempest.lib.common.rest_client [req-b3acdc02-0fb2-4719-9c74-812950d34026 req-b3acdc02-0fb2-4719-9c74-812950d34026 ] Request (ServersListShow2100Test:setUpClass): 200 GET http://10.180.1.21/identity/v3/domains?name=Default 0.033s
2025-12-08 17:54:44.737 65918 INFO tempest.lib.common.rest_client [req-3a2f3d01-d53e-41ce-b38e-ab44e227d29b req-3a2f3d01-d53e-41ce-b38e-ab44e227d29b ] Request (ServersListShow2100Test:setUpClass): 201 POST http://10.180.1.21/identity/v3/projects 0.028s
2025-12-08 17:54:44.858 65918 INFO tempest.lib.common.rest_client [req-fa7383f4-a1e1-4ecf-b3d1-63c868ab35a6 req-fa7383f4-a1e1-4ecf-b3d1-63c868ab35a6 ] Request (ServersListShow2100Test:setUpClass): 201 POST http://10.180.1.21/identity/v3/users 0.120s
2025-12-08 17:54:44.884 65918 INFO tempest.lib.common.rest_client [req-6ae8d638-a28e-4e04-b197-dae629566ada req-6ae8d638-a28e-4e04-b197-dae629566ada ] Request (ServersListShow2100Test:setUpClass): 200 GET http://10.180.1.21/identity/v3/roles 0.025s
2025-12-08 17:54:44.912 65912 INFO tempest.lib.common.rest_client [req-f46c1c6a-19d8-4575-903a-268be2405484 req-f46c1c6a-19d8-4575-903a-268be2405484 ] Request (ServersTestMultiNic:test_verify_multiple_nics_order): 201 POST http://10.180.1.21/networking/v2.0/subnets 0.328s
2025-12-08 17:54:44.920 65918 INFO tempest.lib.common.rest_client [req-4c59b20d-8bd4-4ed0-adba-bc66fc47f021 req-4c59b20d-8bd4-4ed0-adba-bc66fc47f021 ] Request (ServersListShow2100Test:setUpClass): 204 PUT http://10.180.1.21/identity/v3/projects/d94137a382e94edfb0e7fd0b2e23424b/users/42ed68a3e98846a7816d6cbc18edf16a/roles/95c992af95a546be8dce9f3a38f86d68 0.035s
2025-12-08 17:54:44.920 65918 INFO tempest.lib.common.dynamic_creds [-] Dynamic test user 42ed68a3e98846a7816d6cbc18edf16a is created with scope project and roles: ['member']
2025-12-08 17:54:44.921 65918 INFO tempest.lib.common.dynamic_creds [-] Acquired dynamic creds: credentials: Credentials: {'domain_id': 'default', 'domain_name': 'Default', 'username': 'tempest-ServersListShow2100Test-191076294-project-member', 'project_domain_id': 'default', 'project_domain_name': 'Default', 'project_id': 'd94137a382e94edfb0e7fd0b2e23424b', 'project_name': 'tempest-ServersListShow2100Test-191076294', 'tenant_id': 'd94137a382e94edfb0e7fd0b2e23424b', 'tenant_name': 'tempest-ServersListShow2100Test-191076294', 'user_domain_id': 'default', 'user_domain_name': 'Default', 'user_id': '42ed68a3e98846a7816d6cbc18edf16a', 'system': None}, Network: None, Subnet: None, Router: None
2025-12-08 17:54:44.921 65918 INFO tempest.lib.common.dynamic_creds [-] Created isolated network resources for: credentials: Credentials: {'domain_id': 'default', 'domain_name': 'Default', 'username': 'tempest-ServersListShow2100Test-191076294-project-member', 'project_domain_id': 'default', 'project_domain_name': 'Default', 'project_id': 'd94137a382e94edfb0e7fd0b2e23424b', 'project_name': 'tempest-ServersListShow2100Test-191076294', 'tenant_id': 'd94137a382e94edfb0e7fd0b2e23424b', 'tenant_name': 'tempest-ServersListShow2100Test-191076294', 'user_domain_id': 'default', 'user_domain_name': 'Default', 'user_id': '42ed68a3e98846a7816d6cbc18edf16a', 'system': None}, Network: None, Subnet: None, Router: None
2025-12-08 17:54:44.958 65914 INFO tempest.lib.common.rest_client [req-05a54f26-13c9-4142-9adf-2207b6e183da req-05a54f26-13c9-4142-9adf-2207b6e183da ] Request (ServersAdminTestJSON:test_rebuild_server_in_error_state): 200 GET http://10.180.1.21/compute/v2.1/servers/8b8b9018-de88-4635-8787-6ce9051564b6 1.774s
2025-12-08 17:54:45.024 65918 INFO tempest.lib.common.rest_client [req-ac797c55-4bde-4b5a-b4e4-95170973ea22 req-ac797c55-4bde-4b5a-b4e4-95170973ea22 ] Request (ServersListShow2100Test:setUpClass): 201 POST http://10.180.1.21/identity/v3/auth/tokens 0.099s
2025-12-08 17:54:45.065 65918 INFO tempest.lib.common.rest_client [req-6415dcad-f0b6-41eb-9366-d6b15da70e86 req-6415dcad-f0b6-41eb-9366-d6b15da70e86 ] Request (ServersListShow2100Test:test_list_show_rebuild_update_server_2100): 201 POST http://10.180.1.21/identity/v3/auth/tokens 0.037s
2025-12-08 17:54:45.066 65918 INFO tempest.lib.common.fixed_network [-] (ServersListShow2100Test:test_list_show_rebuild_update_server_2100) Found network None available for tenant
2025-12-08 17:54:45.095 65912 INFO tempest.lib.common.rest_client [req-abc80cdb-b1d9-47e4-bf4a-61ffb8ad2edf req-abc80cdb-b1d9-47e4-bf4a-61ffb8ad2edf ] Request (ServersTestMultiNic:test_verify_multiple_nics_order): 201 POST http://10.180.1.21/networking/v2.0/networks 0.182s
2025-12-08 17:54:45.131 65938 INFO tempest.lib.common.rest_client [req-25a1f898-c669-416a-bb12-f2239df3e700 req-25a1f898-c669-416a-bb12-f2239df3e700 ] Request (ServerActionsTestJSON:tearDown): 200 GET http://10.180.1.21/compute/v2.1/servers/02194384-529d-4c6f-9976-4fdf19851b61 1.451s
2025-12-08 17:54:45.289 65948 WARNING tempest.lib.common.ssh [-] Failed to establish authenticated ssh connection to cirros@10.180.180.233 ([Errno None] Unable to connect to port 22 on 10.180.180.233). Number attempts: 5. Retry after 6 seconds.: paramiko.ssh_exception.NoValidConnectionsError: [Errno None] Unable to connect to port 22 on 10.180.180.233
2025-12-08 17:54:45.396 65912 INFO tempest.lib.common.rest_client [req-58229fd4-1fbb-4cc1-afc5-6a035c50ad1e req-58229fd4-1fbb-4cc1-afc5-6a035c50ad1e ] Request (ServersTestMultiNic:test_verify_multiple_nics_order): 201 POST http://10.180.1.21/networking/v2.0/subnets 0.301s
2025-12-08 17:54:45.470 65912 INFO tempest.lib.common.rest_client [req-30c5bd6d-238a-46d9-b8a4-fe98164d8a0a req-30c5bd6d-238a-46d9-b8a4-fe98164d8a0a ] Request (ServersTestMultiNic:test_verify_multiple_nics_order): 201 POST http://10.180.1.21/identity/v3/auth/tokens 0.070s
2025-12-08 17:54:45.471 65912 INFO tempest.lib.common.fixed_network [-] (ServersTestMultiNic:test_verify_multiple_nics_order) Found network {'id': '437c01f2-44e9-4d59-a745-00717d8c7663', 'name': 'tempest-ServersTestMultiNic-1552243030-network', 'tenant_id': 'b60424ae7bf746af86ccd1633a943a62', 'project_id': 'b60424ae7bf746af86ccd1633a943a62', 'admin_state_up': True, 'mtu': 8950, 'status': 'ACTIVE', 'subnets': [], 'shared': False, 'port_security_enabled': True, 'router:external': False, 'provider:network_type': 'vlan', 'provider:physical_network': 'default', 'provider:segmentation_id': 691, 'availability_zone_hints': [], 'availability_zones': [], 'ipv4_address_scope': None, 'ipv6_address_scope': None, 'description': '', 'tags': [], 'created_at': '2025-12-08T17:52:46Z', 'updated_at': '2025-12-08T17:52:46Z', 'revision_number': 1} available for tenant
2025-12-08 17:54:45.496 65932 INFO tempest.lib.common.rest_client [req-3357dceb-a439-4e93-9319-99031e3da48f req-3357dceb-a439-4e93-9319-99031e3da48f ] Request (MigrationsAdminTest:test_list_migrations_in_flavor_resize_situation): 200 GET http://10.180.1.21/compute/v2.1/servers/e8ea726d-647b-4e85-8401-f195ab26e948 1.566s
2025-12-08 17:54:45.545 65936 INFO tempest.lib.common.rest_client [req-2f3ce8da-79fc-468b-97e5-e62b018a008a req-2f3ce8da-79fc-468b-97e5-e62b018a008a ] Request (ServersNegativeTestJSON:test_shelve_shelved_server): 200 GET http://10.180.1.21/compute/v2.1/servers/1dbc0bdd-8fbd-4e61-8e87-6ec9dcf59965 1.285s
2025-12-08 17:54:45.553 65936 INFO tempest.common.waiters [-] State transition "ACTIVE/shelving_image_uploading" ==> "SHELVED/shelving_offloading" after 17 second wait
2025-12-08 17:54:45.604 65926 INFO tempest.lib.common.rest_client [req-3979728c-2cec-4ad2-9fa5-b388bb2e8d0e req-3979728c-2cec-4ad2-9fa5-b388bb2e8d0e ] Request (AttachInterfacesTestJSON:test_create_list_show_delete_interfaces_by_network_port): 200 GET http://10.180.1.21/compute/v2.1/servers/8a7e84e3-af30-48f9-8241-333686f35069 1.330s
2025-12-08 17:54:45.654 65910 INFO tempest.lib.common.rest_client [req-0ab14b3d-dbea-4f12-afcc-f7006b419371 req-0ab14b3d-dbea-4f12-afcc-f7006b419371 ] Request (ListImageFiltersTestJSON:tearDownClass): 200 GET http://10.180.1.21/compute/v2.1/servers/23e0b84c-d0a8-4c4d-8d08-767eafed631a 1.310s
2025-12-08 17:54:45.664 65890 INFO tempest.lib.common.rest_client [req-f01935d8-dd67-4372-a400-547808c7d491 req-f01935d8-dd67-4372-a400-547808c7d491 ] Request (ListServersNegativeTestJSON:setUpClass): 200 GET http://10.180.1.21/compute/v2.1/servers/725ff6c5-2580-4dec-b7bd-6dc5d420f7d3 1.283s
2025-12-08 17:54:45.725 65924 INFO tempest.lib.common.rest_client [req-17047ec1-d0d9-4a41-b16b-b4ced0599a22 req-17047ec1-d0d9-4a41-b16b-b4ced0599a22 ] Request (AttachInterfacesUnderV243Test:_run_cleanups): 200 GET http://10.180.1.21/compute/v2.1/servers/bb940847-53df-4b3f-8fec-7b7dec035781 0.783s
2025-12-08 17:54:45.751 65934 INFO tempest.lib.common.rest_client [req-effda3d1-02cc-4893-bad2-604a48e3b848 req-effda3d1-02cc-4893-bad2-604a48e3b848 ] Request (ImagesTestJSON:_run_cleanups): 204 DELETE http://10.180.1.21/compute/v2.1/images/d18789dc-23ee-4814-b15e-8cf1cf06abd2 1.198s
2025-12-08 17:54:45.771 65916 INFO tempest.lib.common.rest_client [req-ac884c70-aa64-4386-b612-26bc1a5f61cc req-ac884c70-aa64-4386-b612-26bc1a5f61cc ] Request (ServerPasswordTestJSON:setUpClass): 200 GET http://10.180.1.21/compute/v2.1/servers/2fdd9e2f-13a5-4932-a25a-fcedb54419f3 0.759s
2025-12-08 17:54:45.817 65950 INFO tempest.lib.common.rest_client [req-461389e9-47de-49f9-b223-c17a8c78a852 req-461389e9-47de-49f9-b223-c17a8c78a852 ] Request (ServersListShow296Test:tearDownClass): 200 GET http://10.180.1.21/compute/v2.1/servers/5e0a34fa-609b-4b55-b46f-c64e6bcc88cd 0.778s
2025-12-08 17:54:45.870 65942 INFO tempest.lib.common.rest_client [req-1944d4b3-158c-4174-ab44-6f1ef49a5f17 req-1944d4b3-158c-4174-ab44-6f1ef49a5f17 ] Request (ServerShowV247Test:test_update_rebuild_list_server): 200 GET http://10.180.1.21/compute/v2.1/servers/e108629d-713c-42fb-a470-7ef38aba80aa 0.791s
2025-12-08 17:54:45.928 65900 INFO tempest.lib.common.rest_client [req-2feb5d77-3844-4054-b6db-6faa360ba14d req-2feb5d77-3844-4054-b6db-6faa360ba14d ] Request (InstanceActionsTestJSON:tearDownClass): 200 GET http://10.180.1.21/compute/v2.1/servers/b921529e-8fbe-405a-8850-302e258ae9c2 0.830s
2025-12-08 17:54:45.972 65918 INFO tempest.lib.common.rest_client [req-3e00a22a-dd59-4118-9e57-00c842efa2be req-3e00a22a-dd59-4118-9e57-00c842efa2be ] Request (ServersListShow2100Test:test_list_show_rebuild_update_server_2100): 202 POST http://10.180.1.21/compute/v2.1/servers 0.906s
2025-12-08 17:54:45.994 65898 INFO tempest.lib.common.rest_client [req-883736d1-5ad3-4133-8800-3b61b7958da5 req-883736d1-5ad3-4133-8800-3b61b7958da5 ] Request (ServerDiskConfigTestJSON:test_resize_server_from_auto_to_manual): 200 GET http://10.180.1.21/compute/v2.1/servers/9aaa4a26-147f-40db-942f-f921a6ab691c 0.865s
2025-12-08 17:54:46.050 65938 INFO tempest.lib.common.rest_client [req-0cac011f-4de9-4c6c-81fc-09d14087295b req-0cac011f-4de9-4c6c-81fc-09d14087295b ] Request (ServerActionsTestJSON:_run_cleanups): 202 POST http://10.180.1.21/compute/v2.1/servers/02194384-529d-4c6f-9976-4fdf19851b61/action 0.912s
2025-12-08 17:54:46.060 65940 INFO tempest.lib.common.rest_client [req-24a2ac18-058f-4cd8-9587-04711c56e4ee req-24a2ac18-058f-4cd8-9587-04711c56e4ee ] Request (ListServerFiltersTestJSON:tearDownClass): 200 GET http://10.180.1.21/compute/v2.1/servers/029d6dc3-4388-4c78-8b14-c4fba73c5919 0.888s
2025-12-08 17:54:46.114 65922 INFO tempest.lib.common.rest_client [req-91b8aedf-c48f-46cd-8aa3-18bc36de7274 req-91b8aedf-c48f-46cd-8aa3-18bc36de7274 ] Request (ImagesOneServerNegativeTestJSON:_run_cleanups): 200 GET http://10.180.1.21/compute/v2.1/servers/f68c9bb3-0167-4669-b4fb-65252b4f5b95 0.860s
2025-12-08 17:54:46.187 65894 INFO tempest.lib.common.rest_client [req-5a5c330b-7f63-46ef-8fc9-d6302b572a70 req-5a5c330b-7f63-46ef-8fc9-d6302b572a70 ] Request (ServerActionsTestOtherA:setUpClass): 200 GET http://10.180.1.21/compute/v2.1/servers/df617c96-ba5f-46b7-91a0-488c4d86dc16 0.734s
2025-12-08 17:54:46.194 65894 INFO tempest.common.waiters [-] State transition "BUILD/networking" ==> "BUILD/spawning" after 66 second wait
2025-12-08 17:54:46.295 65892 INFO tempest.lib.common.rest_client [req-5d2c84de-b69f-4861-9a8b-31495449a4db req-5d2c84de-b69f-4861-9a8b-31495449a4db ] Request (ServersAdminNegativeTestJSON:test_migrate_server_invalid_state): 200 GET http://10.180.1.21/compute/v2.1/servers/930b5cd7-e9e8-4a6a-a46a-62b722480f3c 0.819s
2025-12-08 17:54:46.323 65932 INFO tempest.lib.common.rest_client [req-293803d2-6d3d-4e8d-bd85-7d986fdadebd req-293803d2-6d3d-4e8d-bd85-7d986fdadebd ] Request (MigrationsAdminTest:test_list_migrations_in_flavor_resize_situation): 200 POST http://10.180.1.21/compute/v2.1/os-keypairs 0.819s
2025-12-08 17:54:46.443 65934 INFO tempest.lib.common.rest_client [req-5fb8b7a2-9bb7-4c15-96f4-0be9de550402 req-5fb8b7a2-9bb7-4c15-96f4-0be9de550402 ] Request (ImagesTestJSON:_run_cleanups): 204 DELETE http://10.180.1.21/compute/v2.1/servers/72de7a2a-6905-4264-a9b1-6c6c12da67d0 0.691s
2025-12-08 17:54:46.474 65932 INFO tempest.lib.common.rest_client [req-b50a42c0-ae8f-4b72-bf41-db2a9a408d03 req-b50a42c0-ae8f-4b72-bf41-db2a9a408d03 ] Request (MigrationsAdminTest:test_list_migrations_in_flavor_resize_situation): 201 POST http://10.180.1.21/networking/v2.0/security-groups 0.149s
2025-12-08 17:54:46.522 65934 INFO tempest.lib.common.rest_client [req-c712b6aa-39c4-4b11-8b5f-1bd63014514a req-c712b6aa-39c4-4b11-8b5f-1bd63014514a ] Request (ImagesTestJSON:test_create_server_from_snapshot): 201 POST http://10.180.1.21/identity/v3/auth/tokens 0.074s
2025-12-08 17:54:46.522 65934 INFO tempest.lib.common.fixed_network [-] (ImagesTestJSON:test_create_server_from_snapshot) Found network {'id': 'd822cce1-bc2f-4b7b-a849-a9f38d2de5a0', 'name': 'tempest-ImagesTestJSON-1035905208-network', 'tenant_id': '330cb3f2b0c1452fbd9ed0d863b35761', 'project_id': '330cb3f2b0c1452fbd9ed0d863b35761', 'admin_state_up': True, 'mtu': 8950, 'status': 'ACTIVE', 'subnets': [], 'shared': False, 'port_security_enabled': True, 'router:external': False, 'provider:network_type': 'vlan', 'provider:physical_network': 'default', 'provider:segmentation_id': 884, 'availability_zone_hints': [], 'availability_zones': [], 'ipv4_address_scope': None, 'ipv6_address_scope': None, 'description': '', 'tags': [], 'created_at': '2025-12-08T17:51:54Z', 'updated_at': '2025-12-08T17:51:54Z', 'revision_number': 1} available for tenant
2025-12-08 17:54:46.932 65914 INFO tempest.lib.common.rest_client [req-cdfa0f90-628d-4c90-b777-e7b7558ba58c req-cdfa0f90-628d-4c90-b777-e7b7558ba58c ] Request (ServersAdminTestJSON:test_rebuild_server_in_error_state): 200 GET http://10.180.1.21/compute/v2.1/servers/8b8b9018-de88-4635-8787-6ce9051564b6 0.960s
2025-12-08 17:54:46.941 65914 INFO tempest.common.waiters [-] State transition "REBUILD/rebuilding" ==> "REBUILD/rebuild_block_device_mapping" after 2 second wait
2025-12-08 17:54:46.973 65932 INFO tempest.lib.common.rest_client [req-e9f9f3dc-cb7b-4f1a-8ca4-c37bd71ba67d req-e9f9f3dc-cb7b-4f1a-8ca4-c37bd71ba67d ] Request (MigrationsAdminTest:test_list_migrations_in_flavor_resize_situation): 201 POST http://10.180.1.21/networking/v2.0/security-group-rules 0.499s
2025-12-08 17:54:47.065 65932 INFO tempest.lib.common.rest_client [req-d25709ff-615b-446d-ba02-4e0333eb1f92 req-d25709ff-615b-446d-ba02-4e0333eb1f92 ] Request (MigrationsAdminTest:test_list_migrations_in_flavor_resize_situation): 201 POST http://10.180.1.21/networking/v2.0/security-group-rules 0.091s
2025-12-08 17:54:47.079 65918 INFO tempest.lib.common.rest_client [req-523ba4fd-2798-49c2-beae-210aa69985dc req-523ba4fd-2798-49c2-beae-210aa69985dc ] Request (ServersListShow2100Test:test_list_show_rebuild_update_server_2100): 200 GET http://10.180.1.21/compute/v2.1/servers/8a0e5fb7-5768-4b08-9a41-2c1d71d5be9b 1.105s
2025-12-08 17:54:47.186 65912 INFO tempest.lib.common.rest_client [req-a6201433-39bb-46bb-9e96-5e9c6a75c136 req-a6201433-39bb-46bb-9e96-5e9c6a75c136 ] Request (ServersTestMultiNic:test_verify_multiple_nics_order): 202 POST http://10.180.1.21/compute/v2.1/servers 1.715s
2025-12-08 17:54:47.534 65932 INFO tempest.lib.common.rest_client [req-9918738c-351f-4d8c-9e0c-1a8248060261 req-9918738c-351f-4d8c-9e0c-1a8248060261 ] Request (MigrationsAdminTest:test_list_migrations_in_flavor_resize_situation): 201 POST http://10.180.1.21/networking/v2.0/floatingips 0.469s
2025-12-08 17:54:47.594 65920 WARNING tempest.lib.common.ssh [-] Failed to establish authenticated ssh connection to cirros@10.180.180.165 ([Errno None] Unable to connect to port 22 on 10.180.180.165). Number attempts: 10. Retry after 11 seconds.: paramiko.ssh_exception.NoValidConnectionsError: [Errno None] Unable to connect to port 22 on 10.180.180.165
2025-12-08 17:54:47.614 65938 INFO tempest.lib.common.rest_client [req-7ac7d134-2abd-485e-9b5d-cd087b94c543 req-7ac7d134-2abd-485e-9b5d-cd087b94c543 ] Request (ServerActionsTestJSON:setUp): 200 GET http://10.180.1.21/compute/v2.1/servers/02194384-529d-4c6f-9976-4fdf19851b61 1.562s
2025-12-08 17:54:47.785 65953 INFO paramiko.transport [-] Connected (version 2.0, client dropbear_2020.81)
2025-12-08 17:54:47.849 65953 INFO paramiko.transport [-] Authentication (publickey) successful!
2025-12-08 17:54:47.849 65953 INFO tempest.lib.common.ssh [-] ssh connection to cirros@10.180.180.206 successfully created
2025-12-08 17:54:47.987 65936 INFO tempest.lib.common.rest_client [req-16872b40-6b18-49ed-813f-72089102a3f8 req-16872b40-6b18-49ed-813f-72089102a3f8 ] Request (ServersNegativeTestJSON:test_shelve_shelved_server): 200 GET http://10.180.1.21/compute/v2.1/servers/1dbc0bdd-8fbd-4e61-8e87-6ec9dcf59965 1.432s
