2025-11-23 05:29:06.524 66192 INFO tempest.lib.common.rest_client [req-bff25542-b676-491f-a5de-1f152a68a89f req-bff25542-b676-491f-a5de-1f152a68a89f ] Request (ImagesNegativeTestJSON:test_create_image_from_deleted_server): 200 GET http://10.180.1.21/compute/v2.1/servers/d2ab3b4f-94ff-4ec0-9808-102e8e5957ac 0.816s
2025-11-23 05:29:06.528 66168 INFO tempest.lib.common.rest_client [req-c001b2d5-717c-4cb1-b91c-19a54df3d167 req-c001b2d5-717c-4cb1-b91c-19a54df3d167 ] Request (AggregatesAdminNegativeTestJSON:test_aggregate_remove_host_as_user): 403 POST http://10.180.1.21/compute/v2.1/os-aggregates/7/action 0.787s
2025-11-23 05:29:06.537 66187 INFO tempest.lib.common.rest_client [req-1b47fe71-f36a-4f5a-88a9-2b706d036f4f req-1b47fe71-f36a-4f5a-88a9-2b706d036f4f ] Request (FlavorsAdminTestJSON:test_is_public_string_variations): 200 GET http://10.180.1.21/compute/v2.1/flavors/detail?is_public=no 0.779s
2025-11-23 05:29:06.550 66202 INFO tempest.lib.common.rest_client [req-b9befa84-12af-4f74-b16f-147cfa81c0cb req-b9befa84-12af-4f74-b16f-147cfa81c0cb ] Request (HypervisorAdminNegativeUnderV252Test:test_search_nonexistent_hypervisor): 404 GET http://10.180.1.21/compute/v2.1/os-hypervisors/nonexistent_hypervisor_name/search 0.728s
2025-11-23 05:29:06.600 66172 INFO tempest.lib.common.rest_client [req-1b88b0d9-dea4-4ba1-af3c-799b79104f14 req-1b88b0d9-dea4-4ba1-af3c-799b79104f14 ] Request (ImagesTestJSON:test_create_image_from_suspended_server): 200 GET http://10.180.1.21/compute/v2.1/servers/c3c8b5ae-01a7-4128-bce7-2c1ba78da3b8 0.729s
2025-11-23 05:29:06.617 66198 INFO tempest.lib.common.rest_client [req-02b47615-b4c1-48dc-9867-8c20f00db805 req-02b47615-b4c1-48dc-9867-8c20f00db805 ] Request (MigrationsAdminTest:test_list_migrations_in_flavor_resize_situation): 200 GET http://10.180.1.21/compute/v2.1/servers/6a7b7491-19f0-4e28-951c-6a291371eb6f 0.891s
2025-11-23 05:29:06.626 66198 INFO tempest.common.waiters [-] State transition "VERIFY_RESIZE/None" ==> "ACTIVE/None" after 21 second wait
2025-11-23 05:29:06.663 66156 INFO tempest.lib.common.rest_client [req-2fb980b9-433e-4395-8e2a-829b2c45fcaa req-2fb980b9-433e-4395-8e2a-829b2c45fcaa ] Request (ServerRescueNegativeTestJSON:setUpClass): 200 GET http://10.180.1.21/compute/v2.1/servers/774f19ac-d703-46fe-bfa6-2df075504c73 0.741s
2025-11-23 05:29:06.729 66197 INFO tempest.lib.common.rest_client [req-ea5df97d-97ee-4a11-b2d4-1168dfe09899 req-ea5df97d-97ee-4a11-b2d4-1168dfe09899 ] Request (ServerActionsTestOtherA:setUpClass): 200 GET http://10.180.1.21/compute/v2.1/servers/f755f4c0-549a-4787-ac33-b33c4b3eac60 0.747s
2025-11-23 05:29:06.755 66162 INFO tempest.lib.common.rest_client [req-f58813d8-8495-4681-beb1-8a0f24f149d9 req-f58813d8-8495-4681-beb1-8a0f24f149d9 ] Request (SecurityGroupsTestJSON:test_server_security_groups): 200 POST http://10.180.1.21/compute/v2.1/os-security-groups 0.812s
2025-11-23 05:29:06.805 66152 INFO tempest.lib.common.rest_client [req-12a000b8-3db8-4a6f-b52d-fab06f183e94 req-12a000b8-3db8-4a6f-b52d-fab06f183e94 ] Request (KeyPairsNegativeTestJSON:test_create_keypair_with_duplicate_name): 200 POST http://10.180.1.21/compute/v2.1/os-keypairs 0.754s
2025-11-23 05:29:06.879 66164 INFO tempest.lib.common.rest_client [req-6f3fa7eb-eb71-450c-be18-c3cc25770eda req-6f3fa7eb-eb71-450c-be18-c3cc25770eda ] Request (ServersV294TestFqdnHostnames:setUpClass): 200 GET http://10.180.1.21/compute/v2.1/servers/6f359e28-9919-4cb5-949d-6c66bd4e4ce6 0.818s
2025-11-23 05:29:06.943 66206 INFO tempest.lib.common.rest_client [req-da93b1a7-3ac5-428c-ac28-5967ba82c59e req-da93b1a7-3ac5-428c-ac28-5967ba82c59e ] Request (ServerMetadataTestJSON:test_update_metadata_empty_body): 200 POST http://10.180.1.21/compute/v2.1/servers/e0b86371-c7c8-4cd9-a81a-31dad52d92f2/metadata 0.819s
2025-11-23 05:29:07.010 66170 INFO tempest.lib.common.rest_client [req-695bcf7b-39b9-4bcb-9751-64fab654c535 req-695bcf7b-39b9-4bcb-9751-64fab654c535 ] Request (VolumesAdminNegativeTest:test_update_attached_volume_with_nonexistent_volume_in_uri): 200 GET http://10.180.1.21/compute/v2.1/servers/4619c986-3809-46f5-88ef-d8a4ad674ea8 0.886s
2025-11-23 05:29:07.076 66200 INFO tempest.lib.common.rest_client [req-ee1fb25e-08fa-4e59-b6c8-41791c2c40ff req-ee1fb25e-08fa-4e59-b6c8-41791c2c40ff ] Request (ListServersNegativeTestJSON:setUpClass): 200 GET http://10.180.1.21/compute/v2.1/servers/946bf688-56a0-42ab-8c5e-7a83efb34000 0.944s
2025-11-23 05:29:07.102 66194 INFO tempest.lib.common.rest_client [req-7b4025c6-3e7c-4e2d-9c74-7dfef27ed51d req-7b4025c6-3e7c-4e2d-9c74-7dfef27ed51d ] Request (ServersAdminTestJSON:test_list_servers_by_admin_with_all_tenants): 200 GET http://10.180.1.21/compute/v2.1/servers/detail?all_tenants= 1.081s
2025-11-23 05:29:07.135 66194 WARNING tempest.lib.common.rest_client [-] Deprecated: "tenant_id" property is deprecated for removal, use "project_id" instead
2025-11-23 05:29:07.146 66176 INFO tempest.lib.common.rest_client [req-eb31f3d5-f6c4-4798-b87e-4a9a48d296a7 req-eb31f3d5-f6c4-4798-b87e-4a9a48d296a7 ] Request (FloatingIPsAssociationNegativeTestJSON:tearDownClass): 200 GET http://10.180.1.21/compute/v2.1/servers/c2ab6b65-f3c6-4a5f-b033-4c694fb5e13f 0.914s
2025-11-23 05:29:07.157 66176 INFO tempest.common.waiters [-] State transition "ACTIVE/deleting" ==> "DELETED/None" after 4 second wait
2025-11-23 05:29:07.180 66166 INFO tempest.lib.common.rest_client [req-78e8169a-ea52-4426-af28-7665ce437b88 req-78e8169a-ea52-4426-af28-7665ce437b88 ] Request (TenantUsagesTestJSON:tearDownClass): 200 GET http://10.180.1.21/compute/v2.1/servers/5e24f903-0184-48bf-9b9b-9e7ce09e7b00 0.943s
2025-11-23 05:29:07.204 66154 INFO tempest.lib.common.rest_client [req-ad02ee15-7de6-44db-b66c-f24d18eb1fb6 req-ad02ee15-7de6-44db-b66c-f24d18eb1fb6 ] Request (KeyPairsV2TestJSON:_run_cleanups): 202 DELETE http://10.180.1.21/compute/v2.1/os-keypairs/tempest-keypair-1202208423 0.795s
2025-11-23 05:29:07.293 66158 INFO tempest.lib.common.rest_client [req-cb6f56ac-0750-42a8-af70-9ba9ee5396ab req-cb6f56ac-0750-42a8-af70-9ba9ee5396ab ] Request (SecurityGroupRulesNegativeTestJSON:tearDownClass): 202 DELETE http://10.180.1.21/compute/v2.1/os-security-groups/86b1fde3-fbf7-448c-9fe8-77f827203c0d 0.929s
2025-11-23 05:29:07.366 66160 INFO tempest.lib.common.rest_client [req-52f56536-8008-49b7-a1e5-3b72b244afbf req-52f56536-8008-49b7-a1e5-3b72b244afbf ] Request (ServersTestJSON:test_create_server_with_ipv6_addr_only): 200 GET http://10.180.1.21/compute/v2.1/servers/8b2f93f9-9f47-4358-9499-6b90702ca782 0.856s
2025-11-23 05:29:07.501 66168 INFO tempest.lib.common.rest_client [req-b19a37b1-6a14-4901-be78-fe9990bed3ea req-b19a37b1-6a14-4901-be78-fe9990bed3ea ] Request (AggregatesAdminNegativeTestJSON:_run_cleanups): 200 POST http://10.180.1.21/compute/v2.1/os-aggregates/7/action 0.972s
2025-11-23 05:29:07.517 66187 INFO tempest.lib.common.rest_client [req-0aa72460-7d0a-4a3d-95ad-7d4e02230074 req-0aa72460-7d0a-4a3d-95ad-7d4e02230074 ] Request (FlavorsAdminTestJSON:test_is_public_string_variations): 200 GET http://10.180.1.21/compute/v2.1/flavors/detail?is_public=0 0.976s
2025-11-23 05:29:07.526 66190 INFO tempest.lib.common.rest_client [req-ba1802b2-5bb3-4246-9100-bd4770371025 req-ba1802b2-5bb3-4246-9100-bd4770371025 ] Request (DeleteServersTestJSON:test_delete_active_server): 200 GET http://10.180.1.21/compute/v2.1/servers/54cea278-13e4-422f-9321-7c45fcc1b050 1.105s
2025-11-23 05:29:07.532 66202 INFO tempest.lib.common.rest_client [req-52bec288-b57b-4322-b2dc-36f9ecdea299 req-52bec288-b57b-4322-b2dc-36f9ecdea299 ] Request (HypervisorAdminNegativeUnderV252Test:test_show_servers_with_non_admin_user): 200 GET http://10.180.1.21/compute/v2.1/os-hypervisors 0.980s
2025-11-23 05:29:07.534 66190 INFO tempest.common.waiters [-] State transition "BUILD/spawning" ==> "ACTIVE/None" after 23 second wait
2025-11-23 05:29:07.681 66208 INFO tempest.lib.common.rest_client [req-628f20bd-c943-4c84-ad2c-791ef203f058 req-628f20bd-c943-4c84-ad2c-791ef203f058 ] Request (ImagesOneServerNegativeTestJSON:tearDown): 200 GET http://10.180.1.21/compute/v2.1/servers/87a8e02f-25f1-4d9a-99fe-babe618e8fd3 1.099s
2025-11-23 05:29:07.688 66208 INFO tempest.common.waiters [-] State transition "ACTIVE/image_uploading" ==> "ACTIVE/None" after 4 second wait
2025-11-23 05:29:07.708 66198 INFO tempest.lib.common.rest_client [req-276b710a-eaaf-4799-b6aa-0167dae6dd75 req-276b710a-eaaf-4799-b6aa-0167dae6dd75 ] Request (MigrationsAdminTest:test_list_migrations_in_flavor_resize_situation): 200 GET http://10.180.1.21/compute/v2.1/servers/6a7b7491-19f0-4e28-951c-6a291371eb6f 1.081s
2025-11-23 05:29:07.734 66188 INFO tempest.lib.common.rest_client [req-b4cfa476-c3a9-4c7c-9ad5-2b6a22632c40 req-b4cfa476-c3a9-4c7c-9ad5-2b6a22632c40 ] Request (ServersAdminNegativeTestJSON:test_migrate_server_invalid_state): 200 GET http://10.180.1.21/compute/v2.1/servers/58c6b695-f46c-4347-b0a7-669e49da3616 1.074s
2025-11-23 05:29:07.756 66180 INFO tempest.lib.common.rest_client [req-5e77f19f-51c3-46f8-8b10-335388d575ee req-5e77f19f-51c3-46f8-8b10-335388d575ee ] Request (ServersTestBootFromVolume:setUpClass): 200 GET http://10.180.1.21/compute/v2.1/servers/6197619a-342a-4ab0-9bcd-aaae2ab0de8c 1.009s
2025-11-23 05:29:07.798 66152 INFO tempest.lib.common.rest_client [req-70dfe73c-3629-4d45-a512-951e8768a027 req-70dfe73c-3629-4d45-a512-951e8768a027 ] Request (KeyPairsNegativeTestJSON:test_create_keypair_with_duplicate_name): 409 POST http://10.180.1.21/compute/v2.1/os-keypairs 0.991s
2025-11-23 05:29:07.858 66162 INFO tempest.lib.common.rest_client [req-a33e6349-8b4e-4199-9d50-289478f5a039 req-a33e6349-8b4e-4199-9d50-289478f5a039 ] Request (SecurityGroupsTestJSON:test_server_security_groups): 200 POST http://10.180.1.21/compute/v2.1/os-security-groups 1.097s
2025-11-23 05:29:07.897 66206 INFO tempest.lib.common.rest_client [req-ba3ca427-4153-4b47-bb7d-6d4deba3aa7f req-ba3ca427-4153-4b47-bb7d-6d4deba3aa7f ] Request (ServerMetadataTestJSON:test_update_metadata_empty_body): 200 GET http://10.180.1.21/compute/v2.1/servers/e0b86371-c7c8-4cd9-a81a-31dad52d92f2/metadata 0.953s
2025-11-23 05:29:07.928 66184 INFO tempest.lib.common.rest_client [req-69483136-2c24-41e3-81ff-f094113ed3d1 req-69483136-2c24-41e3-81ff-f094113ed3d1 ] Request (InstanceActionsV221TestJSON:test_get_list_deleted_instance_actions): 200 GET http://10.180.1.21/compute/v2.1/servers/0f354429-787a-4a67-9336-693ae8803304 1.022s
2025-11-23 05:29:07.932 66162 INFO tempest.lib.common.rest_client [req-bd8994e9-ea87-4a04-b0bb-97e8111d37ac req-bd8994e9-ea87-4a04-b0bb-97e8111d37ac ] Request (SecurityGroupsTestJSON:test_server_security_groups): 201 POST http://10.180.1.21/identity/v3/auth/tokens 0.069s
2025-11-23 05:29:07.933 66162 INFO tempest.lib.common.fixed_network [-] (SecurityGroupsTestJSON:test_server_security_groups) Found network {'id': 'f97e5b30-6bb3-488f-ab20-125850790621', 'name': 'tempest-SecurityGroupsTestJSON-587868333-network', 'tenant_id': '339ba40f30e147e588c6d9b8cccedf79', 'project_id': '339ba40f30e147e588c6d9b8cccedf79', 'admin_state_up': True, 'mtu': 8950, 'status': 'ACTIVE', 'subnets': [], 'shared': False, 'port_security_enabled': True, 'router:external': False, 'provider:network_type': 'vlan', 'provider:physical_network': 'default', 'provider:segmentation_id': 794, 'availability_zone_hints': [], 'availability_zones': [], 'ipv4_address_scope': None, 'ipv6_address_scope': None, 'description': '', 'tags': [], 'created_at': '2025-11-23T05:27:18Z', 'updated_at': '2025-11-23T05:27:18Z', 'revision_number': 1} available for tenant
2025-11-23 05:29:07.938 66184 INFO tempest.common.waiters [-] State transition "BUILD/spawning" ==> "ACTIVE/None" after 23 second wait
2025-11-23 05:29:07.960 66174 INFO tempest.lib.common.rest_client [req-76b3a56d-c8bb-449a-bb47-156a9c215345 req-76b3a56d-c8bb-449a-bb47-156a9c215345 ] Request (DeleteServersAdminTestJSON:test_delete_server_while_in_error_state): 200 GET http://10.180.1.21/compute/v2.1/servers/b82a969b-34c4-4631-a85e-ad0fab5db7f3 0.969s
2025-11-23 05:29:07.986 66178 INFO tempest.lib.common.rest_client [req-7254444c-50e1-4b99-85fe-377c9016d68f req-7254444c-50e1-4b99-85fe-377c9016d68f ] Request (FloatingIPsAssociationTestJSON:test_associate_already_associated_floating_ip): 200 GET http://10.180.1.21/compute/v2.1/servers/18eaf5a7-4711-4a52-82fa-aeca7ed9ae86 0.935s
2025-11-23 05:29:08.014 66154 INFO tempest.lib.common.rest_client [req-8871ecd6-4977-452a-a077-63269e00665c req-8871ecd6-4977-452a-a077-63269e00665c ] Request (KeyPairsV2TestJSON:test_keypairs_create_list_delete): 200 POST http://10.180.1.21/compute/v2.1/os-keypairs 0.808s
2025-11-23 05:29:08.027 66194 INFO tempest.lib.common.rest_client [req-9b1af2ef-26aa-472e-91b2-e772a72470f6 req-9b1af2ef-26aa-472e-91b2-e772a72470f6 ] Request (ServersAdminTestJSON:test_list_servers_by_admin_with_specified_tenant): 200 GET http://10.180.1.21/compute/v2.1/servers/detail?tenant_id=c3cdc8f99c7c4201a4cbca70968c235b 0.890s
2025-11-23 05:29:08.033 66158 INFO tempest.lib.common.rest_client [req-f0c05344-a5cb-4a39-8e31-c0100ead3b7e req-f0c05344-a5cb-4a39-8e31-c0100ead3b7e ] Request (SecurityGroupRulesNegativeTestJSON:tearDownClass): 200 PUT http://10.180.1.21/networking/v2.0/routers/3d5671cc-2503-49be-8322-85d2b6096384/remove_router_interface 0.739s
2025-11-23 05:29:08.051 66168 INFO tempest.lib.common.rest_client [req-8f27868b-5b6b-4c77-928a-4c04044ab063 req-8f27868b-5b6b-4c77-928a-4c04044ab063 ] Request (AggregatesAdminNegativeTestJSON:_run_cleanups): 200 DELETE http://10.180.1.21/compute/v2.1/os-aggregates/7 0.547s
2025-11-23 05:29:08.078 66212 INFO tempest.lib.common.rest_client [req-fd47953b-cccb-4446-b2fd-1608056ad763 req-fd47953b-cccb-4446-b2fd-1608056ad763 ] Request (ServerShowV254Test:test_rebuild_server): 200 GET http://10.180.1.21/compute/v2.1/servers/16172018-9e41-459b-a0ee-61f08a508a66 0.603s
2025-11-23 05:29:08.082 66202 INFO tempest.lib.common.rest_client [req-0ec144ef-69c2-4f76-a392-2f78525ba0f0 req-0ec144ef-69c2-4f76-a392-2f78525ba0f0 ] Request (HypervisorAdminNegativeUnderV252Test:test_show_servers_with_non_admin_user): 403 GET http://10.180.1.21/compute/v2.1/os-hypervisors/1/servers 0.549s
2025-11-23 05:29:08.084 66187 INFO tempest.lib.common.rest_client [req-16e5f14c-154c-4460-9815-816cc22ced5e req-16e5f14c-154c-4460-9815-816cc22ced5e ] Request (FlavorsAdminTestJSON:test_is_public_string_variations): 200 GET http://10.180.1.21/compute/v2.1/flavors/detail?is_public=t 0.565s
2025-11-23 05:29:08.136 66192 INFO tempest.lib.common.rest_client [req-36685a77-5471-4218-a838-06c3632ac733 req-36685a77-5471-4218-a838-06c3632ac733 ] Request (ImagesNegativeTestJSON:test_create_image_from_deleted_server): 200 GET http://10.180.1.21/compute/v2.1/servers/d2ab3b4f-94ff-4ec0-9808-102e8e5957ac 0.600s
2025-11-23 05:29:08.175 66190 INFO tempest.lib.common.rest_client [req-10ecbf84-ad3e-4bf0-b5a6-02d057bca58e req-10ecbf84-ad3e-4bf0-b5a6-02d057bca58e ] Request (DeleteServersTestJSON:test_delete_active_server): 204 DELETE http://10.180.1.21/compute/v2.1/servers/54cea278-13e4-422f-9321-7c45fcc1b050 0.640s
2025-11-23 05:29:08.234 66172 INFO tempest.lib.common.rest_client [req-a2fa5109-c7dc-4d9e-ba34-5007bf5116bf req-a2fa5109-c7dc-4d9e-ba34-5007bf5116bf ] Request (ImagesTestJSON:test_create_image_from_suspended_server): 200 GET http://10.180.1.21/compute/v2.1/servers/c3c8b5ae-01a7-4128-bce7-2c1ba78da3b8 0.627s
2025-11-23 05:29:08.246 66156 INFO tempest.lib.common.rest_client [req-c9a88d54-d8f7-4601-9e68-6e6f16aec0ed req-c9a88d54-d8f7-4601-9e68-6e6f16aec0ed ] Request (ServerRescueNegativeTestJSON:setUpClass): 200 GET http://10.180.1.21/compute/v2.1/servers/774f19ac-d703-46fe-bfa6-2df075504c73 0.575s
2025-11-23 05:29:08.290 66198 INFO tempest.lib.common.rest_client [req-6a102ecc-6255-4575-aa51-2979525e1437 req-6a102ecc-6255-4575-aa51-2979525e1437 ] Request (MigrationsAdminTest:test_list_migrations_in_flavor_resize_situation): 200 POST http://10.180.1.21/compute/v2.1/os-keypairs 0.573s
2025-11-23 05:29:08.329 66208 INFO tempest.lib.common.rest_client [req-649de3be-de84-4c03-a749-746552a04b4a req-649de3be-de84-4c03-a749-746552a04b4a ] Request (ImagesOneServerNegativeTestJSON:_run_cleanups): 204 DELETE http://10.180.1.21/compute/v2.1/servers/87a8e02f-25f1-4d9a-99fe-babe618e8fd3 0.640s
2025-11-23 05:29:08.341 66152 INFO tempest.lib.common.rest_client [req-0440ba22-027d-43ca-96ec-bf9f416fab4b req-0440ba22-027d-43ca-96ec-bf9f416fab4b ] Request (KeyPairsNegativeTestJSON:test_create_keypair_with_duplicate_name): 202 DELETE http://10.180.1.21/compute/v2.1/os-keypairs/tempest-keypair-1204035601 0.542s
2025-11-23 05:29:08.414 66198 INFO tempest.lib.common.rest_client [req-b1a98b7a-8c0f-4e9b-8a61-259e40ac009a req-b1a98b7a-8c0f-4e9b-8a61-259e40ac009a ] Request (MigrationsAdminTest:test_list_migrations_in_flavor_resize_situation): 201 POST http://10.180.1.21/networking/v2.0/security-groups 0.122s
2025-11-23 05:29:08.439 66197 INFO tempest.lib.common.rest_client [req-c3c23a4c-0d29-4fe4-80fe-18b6a21bd56e req-c3c23a4c-0d29-4fe4-80fe-18b6a21bd56e ] Request (ServerActionsTestOtherA:setUpClass): 200 GET http://10.180.1.21/compute/v2.1/servers/f755f4c0-549a-4787-ac33-b33c4b3eac60 0.701s
2025-11-23 05:29:08.457 66164 INFO tempest.lib.common.rest_client [req-90d0f9e9-4afd-4b29-98a7-4c74ae05290a req-90d0f9e9-4afd-4b29-98a7-4c74ae05290a ] Request (ServersV294TestFqdnHostnames:setUpClass): 200 GET http://10.180.1.21/compute/v2.1/servers/6f359e28-9919-4cb5-949d-6c66bd4e4ce6 0.564s
2025-11-23 05:29:08.535 66158 INFO tempest.lib.common.rest_client [req-ec377ca2-989d-4d77-b744-00298ce0042e req-ec377ca2-989d-4d77-b744-00298ce0042e ] Request (SecurityGroupRulesNegativeTestJSON:tearDownClass): 204 DELETE http://10.180.1.21/networking/v2.0/routers/3d5671cc-2503-49be-8322-85d2b6096384 0.502s
2025-11-23 05:29:08.552 66206 INFO tempest.lib.common.rest_client [req-203146ce-d885-427b-b4e8-c8c5e7fb0caf req-203146ce-d885-427b-b4e8-c8c5e7fb0caf ] Request (ServerMetadataTestJSON:setUp): 200 PUT http://10.180.1.21/compute/v2.1/servers/e0b86371-c7c8-4cd9-a81a-31dad52d92f2/metadata 0.647s
2025-11-23 05:29:08.566 66198 INFO tempest.lib.common.rest_client [req-4e68656a-55fa-4cf2-a33a-b58e43a01025 req-4e68656a-55fa-4cf2-a33a-b58e43a01025 ] Request (MigrationsAdminTest:test_list_migrations_in_flavor_resize_situation): 201 POST http://10.180.1.21/networking/v2.0/security-group-rules 0.152s
2025-11-23 05:29:08.678 66184 INFO tempest.lib.common.rest_client [req-312a1afa-6a40-47ca-bc36-5578cbb39c6c req-312a1afa-6a40-47ca-bc36-5578cbb39c6c ] Request (InstanceActionsV221TestJSON:test_get_list_deleted_instance_actions): 204 DELETE http://10.180.1.21/compute/v2.1/servers/0f354429-787a-4a67-9336-693ae8803304 0.739s
2025-11-23 05:29:08.695 66198 INFO tempest.lib.common.rest_client [req-73800a20-2338-46c2-bfc7-286dbf105ac7 req-73800a20-2338-46c2-bfc7-286dbf105ac7 ] Request (MigrationsAdminTest:test_list_migrations_in_flavor_resize_situation): 201 POST http://10.180.1.21/networking/v2.0/security-group-rules 0.128s
2025-11-23 05:29:08.718 66154 INFO tempest.lib.common.rest_client [req-eba3ddaa-bbf2-4b09-a1ff-1148b8760a78 req-eba3ddaa-bbf2-4b09-a1ff-1148b8760a78 ] Request (KeyPairsV2TestJSON:test_keypairs_create_list_delete): 200 POST http://10.180.1.21/compute/v2.1/os-keypairs 0.702s
2025-11-23 05:29:08.749 66158 INFO tempest.lib.common.rest_client [req-4cc7116e-caf1-4c8a-bf3f-39fe466f40e5 req-4cc7116e-caf1-4c8a-bf3f-39fe466f40e5 ] Request (SecurityGroupRulesNegativeTestJSON:tearDownClass): 204 DELETE http://10.180.1.21/networking/v2.0/subnets/4bd42fbc-fe52-4388-bcf7-11b8bba5b8de 0.213s
2025-11-23 05:29:08.963 66210 WARNING tempest.lib.common.ssh [-] Failed to establish authenticated ssh connection to cirros@10.180.180.254 ([Errno None] Unable to connect to port 22 on 10.180.180.254). Number attempts: 6. Retry after 7 seconds.: paramiko.ssh_exception.NoValidConnectionsError: [Errno None] Unable to connect to port 22 on 10.180.180.254
2025-11-23 05:29:09.055 66158 INFO tempest.lib.common.rest_client [req-18b9cfce-9995-4501-91bd-a31f735384f9 req-18b9cfce-9995-4501-91bd-a31f735384f9 ] Request (SecurityGroupRulesNegativeTestJSON:tearDownClass): 204 DELETE http://10.180.1.21/networking/v2.0/networks/38ec6096-7f52-429c-94b1-5d5279ce77fb 0.305s
2025-11-23 05:29:09.078 66170 INFO tempest.lib.common.rest_client [req-3e4818b9-6a42-4ca6-b79d-d82fb9280465 req-3e4818b9-6a42-4ca6-b79d-d82fb9280465 ] Request (VolumesAdminNegativeTest:test_update_attached_volume_with_nonexistent_volume_in_uri): 200 GET http://10.180.1.21/compute/v2.1/servers/4619c986-3809-46f5-88ef-d8a4ad674ea8 1.060s
2025-11-23 05:29:09.106 66198 INFO tempest.lib.common.rest_client [req-346da3e1-caa9-4c6a-be2e-5e44295599da req-346da3e1-caa9-4c6a-be2e-5e44295599da ] Request (MigrationsAdminTest:test_list_migrations_in_flavor_resize_situation): 201 POST http://10.180.1.21/networking/v2.0/floatingips 0.410s
2025-11-23 05:29:09.254 66162 INFO tempest.lib.common.rest_client [req-713cedd3-d664-4ec7-a856-c1d7ddc3ec43 req-713cedd3-d664-4ec7-a856-c1d7ddc3ec43 ] Request (SecurityGroupsTestJSON:test_server_security_groups): 202 POST http://10.180.1.21/compute/v2.1/servers 1.320s
2025-11-23 05:29:09.268 66158 INFO tempest.lib.common.rest_client [req-2d293b86-5ab0-40b1-9d28-e5f215b0e221 req-2d293b86-5ab0-40b1-9d28-e5f215b0e221 ] Request (SecurityGroupRulesNegativeTestJSON:tearDownClass): 204 DELETE http://10.180.1.21/identity/v3/users/c83ddf16a41d4b158594b8e478be3880 0.212s
2025-11-23 05:29:09.268 66158 INFO tempest.lib.common.dynamic_creds [-] Deleting project and security group for project: ccc7095d1cb8428e80c9cfea699da863
2025-11-23 05:29:09.284 66168 INFO tempest.lib.common.rest_client [req-b9461833-a072-4da9-847b-acd20493def8 req-b9461833-a072-4da9-847b-acd20493def8 ] Request (AggregatesAdminNegativeTestJSON:test_aggregate_remove_nonexistent_host): 200 POST http://10.180.1.21/compute/v2.1/os-aggregates 1.231s
2025-11-23 05:29:09.297 66194 INFO tempest.lib.common.rest_client [req-43fb4f55-1c52-4ee9-9e91-3ac7c773a5dc req-43fb4f55-1c52-4ee9-9e91-3ac7c773a5dc ] Request (ServersAdminTestJSON:test_list_servers_by_admin_with_specified_tenant): 200 GET http://10.180.1.21/compute/v2.1/servers/detail?all_tenants=&tenant_id=c3cdc8f99c7c4201a4cbca70968c235b 1.261s
2025-11-23 05:29:09.298 66202 INFO tempest.lib.common.rest_client [req-7ff3bc25-074e-49d4-bfa9-2701c9cb53ed req-7ff3bc25-074e-49d4-bfa9-2701c9cb53ed ] Request (HypervisorAdminNegativeUnderV252Test:test_show_servers_with_nonexistent_hypervisor): 404 GET http://10.180.1.21/compute/v2.1/os-hypervisors/14ccdfe2-a117-4892-86d8-b901909414e7/servers 1.214s
2025-11-23 05:29:09.329 66158 INFO tempest.lib.common.rest_client [req-e3af86c2-1377-42db-a54a-a96783c358c7 req-e3af86c2-1377-42db-a54a-a96783c358c7 ] Request (SecurityGroupRulesNegativeTestJSON:tearDownClass): 200 GET http://10.180.1.21/networking/v2.0/security-groups?tenant_id=ccc7095d1cb8428e80c9cfea699da863&name=default 0.061s
2025-11-23 05:29:09.333 66187 INFO tempest.lib.common.rest_client [req-324a3f41-64d1-47cf-8773-8d0465b72944 req-324a3f41-64d1-47cf-8773-8d0465b72944 ] Request (FlavorsAdminTestJSON:test_is_public_string_variations): 200 GET http://10.180.1.21/compute/v2.1/flavors/detail?is_public=true 1.243s
2025-11-23 05:29:09.487 66158 INFO tempest.lib.common.rest_client [req-d77f9c2a-ae79-472b-99d6-56f3192178b1 req-d77f9c2a-ae79-472b-99d6-56f3192178b1 ] Request (SecurityGroupRulesNegativeTestJSON:tearDownClass): 204 DELETE http://10.180.1.21/networking/v2.0/security-groups/6f1825f3-469f-46dc-ab50-f8cb8e3069cc 0.157s
2025-11-23 05:29:09.503 66202 INFO tempest.lib.common.rest_client [req-64c41470-c4f3-4453-9ad7-6290130b3d70 req-64c41470-c4f3-4453-9ad7-6290130b3d70 ] Request (HypervisorAdminNegativeUnderV252Test:tearDownClass): 204 DELETE http://10.180.1.21/identity/v3/users/9d8ba108fbf343c6bc396627b441df19 0.202s
2025-11-23 05:29:09.520 66200 INFO tempest.lib.common.rest_client [req-41af2a3e-3de9-4928-90dc-2419c7e24f73 req-41af2a3e-3de9-4928-90dc-2419c7e24f73 ] Request (ListServersNegativeTestJSON:setUpClass): 200 GET http://10.180.1.21/compute/v2.1/servers/946bf688-56a0-42ab-8c5e-7a83efb34000 1.433s
2025-11-23 05:29:09.530 66176 INFO tempest.lib.common.rest_client [req-2c4e006f-450f-40de-a936-6e0b78b0836b req-2c4e006f-450f-40de-a936-6e0b78b0836b ] Request (FloatingIPsAssociationNegativeTestJSON:tearDownClass): 200 GET http://10.180.1.21/compute/v2.1/servers/c2ab6b65-f3c6-4a5f-b033-4c694fb5e13f 1.373s
2025-11-23 05:29:09.641 66202 INFO tempest.lib.common.rest_client [req-e969c4fa-d091-4c84-ae10-2bcd15fd2f8f req-e969c4fa-d091-4c84-ae10-2bcd15fd2f8f ] Request (HypervisorAdminNegativeUnderV252Test:tearDownClass): 204 DELETE http://10.180.1.21/identity/v3/users/90a79f585dd34056ae6253f4fc97f695 0.136s
2025-11-23 05:29:09.641 66202 INFO tempest.lib.common.dynamic_creds [-] Deleting project and security group for project: 1771205663c5492bb8cb0b4a91ba0917
2025-11-23 05:29:09.642 66158 INFO tempest.lib.common.rest_client [req-dccf56f0-4b85-4e99-97ad-1fb4cb3f2668 req-dccf56f0-4b85-4e99-97ad-1fb4cb3f2668 ] Request (SecurityGroupRulesNegativeTestJSON:tearDownClass): 204 DELETE http://10.180.1.21/identity/v3/projects/ccc7095d1cb8428e80c9cfea699da863 0.154s
2025-11-23 05:29:09.665 66166 INFO tempest.lib.common.rest_client [req-2424c0ef-19ff-461a-8bc3-03a41180dea5 req-2424c0ef-19ff-461a-8bc3-03a41180dea5 ] Request (TenantUsagesTestJSON:tearDownClass): 200 GET http://10.180.1.21/compute/v2.1/servers/5e24f903-0184-48bf-9b9b-9e7ce09e7b00 1.472s
2025-11-23 05:29:09.692 66190 INFO tempest.lib.common.rest_client [req-144995a8-e765-421b-80bc-c449affa7e4b req-144995a8-e765-421b-80bc-c449affa7e4b ] Request (DeleteServersTestJSON:test_delete_active_server): 200 GET http://10.180.1.21/compute/v2.1/servers/54cea278-13e4-422f-9321-7c45fcc1b050 1.516s
2025-11-23 05:29:09.705 66152 INFO tempest.lib.common.rest_client [req-2d716c3f-b3dd-46d9-8b50-65aeb9d24bc6 req-2d716c3f-b3dd-46d9-8b50-65aeb9d24bc6 ] Request (KeyPairsNegativeTestJSON:test_create_keypair_with_empty_name_string): 400 POST http://10.180.1.21/compute/v2.1/os-keypairs 1.361s
2025-11-23 05:29:09.731 66202 INFO tempest.lib.common.rest_client [req-dda32072-96e0-435d-a12b-b3eab053cee4 req-dda32072-96e0-435d-a12b-b3eab053cee4 ] Request (HypervisorAdminNegativeUnderV252Test:tearDownClass): 201 POST http://10.180.1.21/identity/v3/auth/tokens 0.090s
2025-11-23 05:29:09.763 66158 INFO tempest.lib.common.rest_client [req-e4f2fa6e-dd98-4473-99e4-f69b3559f335 req-e4f2fa6e-dd98-4473-99e4-f69b3559f335 ] Request (MultipleCreateTestJSON:setUpClass): 201 POST http://10.180.1.21/identity/v3/auth/tokens 0.119s
2025-11-23 05:29:09.814 66158 INFO tempest.lib.common.rest_client [req-70a00bdb-83b7-4d26-9b7d-d0c800b09d71 req-70a00bdb-83b7-4d26-9b7d-d0c800b09d71 ] Request (MultipleCreateTestJSON:setUpClass): 201 POST http://10.180.1.21/identity/v3/auth/tokens 0.048s
2025-11-23 05:29:09.848 66158 INFO tempest.lib.common.rest_client [req-77e1dca0-0267-4451-94e1-8b09dfef39d8 req-77e1dca0-0267-4451-94e1-8b09dfef39d8 ] Request (MultipleCreateTestJSON:setUpClass): 200 GET http://10.180.1.21/identity/v3/domains?name=Default 0.033s
2025-11-23 05:29:09.885 66158 INFO tempest.lib.common.rest_client [req-52811b2a-f771-4993-baf5-142dcde87143 req-52811b2a-f771-4993-baf5-142dcde87143 ] Request (MultipleCreateTestJSON:setUpClass): 201 POST http://10.180.1.21/identity/v3/projects 0.036s
2025-11-23 05:29:09.947 66202 INFO tempest.lib.common.rest_client [req-3441b8c8-f9a3-4fe9-8cc6-fc66646e514b req-3441b8c8-f9a3-4fe9-8cc6-fc66646e514b ] Request (HypervisorAdminNegativeUnderV252Test:tearDownClass): 200 GET http://10.180.1.21/networking/v2.0/security-groups?tenant_id=1771205663c5492bb8cb0b4a91ba0917&name=default 0.215s
2025-11-23 05:29:09.979 66158 INFO tempest.lib.common.rest_client [req-63205142-958e-49ff-8cd3-fd9dd61e8285 req-63205142-958e-49ff-8cd3-fd9dd61e8285 ] Request (MultipleCreateTestJSON:setUpClass): 201 POST http://10.180.1.21/identity/v3/users 0.093s
2025-11-23 05:29:09.984 66160 INFO tempest.lib.common.rest_client [req-98cf14a5-5690-431f-a408-95d274dfc282 req-98cf14a5-5690-431f-a408-95d274dfc282 ] Request (ServersTestJSON:test_create_server_with_ipv6_addr_only): 200 GET http://10.180.1.21/compute/v2.1/servers/8b2f93f9-9f47-4358-9499-6b90702ca782 1.607s
2025-11-23 05:29:10.026 66158 INFO tempest.lib.common.rest_client [req-9eb47677-4a51-4509-8184-4ed175672bd9 req-9eb47677-4a51-4509-8184-4ed175672bd9 ] Request (MultipleCreateTestJSON:setUpClass): 200 GET http://10.180.1.21/identity/v3/roles 0.047s
2025-11-23 05:29:10.029 66208 INFO tempest.lib.common.rest_client [req-c9ab1891-8b9c-41ed-86c8-17ac3e1d66e2 req-c9ab1891-8b9c-41ed-86c8-17ac3e1d66e2 ] Request (ImagesOneServerNegativeTestJSON:_run_cleanups): 200 GET http://10.180.1.21/compute/v2.1/servers/87a8e02f-25f1-4d9a-99fe-babe618e8fd3 1.700s
2025-11-23 05:29:10.079 66158 INFO tempest.lib.common.rest_client [req-fa4069e9-e15f-48bf-adc8-5d793709957d req-fa4069e9-e15f-48bf-adc8-5d793709957d ] Request (MultipleCreateTestJSON:setUpClass): 204 PUT http://10.180.1.21/identity/v3/projects/dcbb4f7645224756815a7f50502ce2c6/users/213c976bf9d1482dad8b6eadee409867/roles/1c8baa65c196402dba23bb2988ee1938 0.052s
2025-11-23 05:29:10.079 66158 INFO tempest.lib.common.dynamic_creds [-] Dynamic test user 213c976bf9d1482dad8b6eadee409867 is created with scope project and roles: ['member']
2025-11-23 05:29:10.079 66158 INFO tempest.lib.common.dynamic_creds [-] Acquired dynamic creds: credentials: Credentials: {'domain_id': 'default', 'domain_name': 'Default', 'username': 'tempest-MultipleCreateTestJSON-2114692520-project-member', 'project_domain_id': 'default', 'project_domain_name': 'Default', 'project_id': 'dcbb4f7645224756815a7f50502ce2c6', 'project_name': 'tempest-MultipleCreateTestJSON-2114692520', 'tenant_id': 'dcbb4f7645224756815a7f50502ce2c6', 'tenant_name': 'tempest-MultipleCreateTestJSON-2114692520', 'user_domain_id': 'default', 'user_domain_name': 'Default', 'user_id': '213c976bf9d1482dad8b6eadee409867', 'system': None}, Network: None, Subnet: None, Router: None
2025-11-23 05:29:10.112 66206 INFO tempest.lib.common.rest_client [req-74c9b136-a54e-487f-a153-5c36734082ee req-74c9b136-a54e-487f-a153-5c36734082ee ] Request (ServerMetadataTestJSON:test_update_server_metadata): 200 POST http://10.180.1.21/compute/v2.1/servers/e0b86371-c7c8-4cd9-a81a-31dad52d92f2/metadata 1.559s
2025-11-23 05:29:10.127 66202 INFO tempest.lib.common.rest_client [req-b31d7ba5-952f-4979-8c64-55a1e8ed35c8 req-b31d7ba5-952f-4979-8c64-55a1e8ed35c8 ] Request (HypervisorAdminNegativeUnderV252Test:tearDownClass): 204 DELETE http://10.180.1.21/networking/v2.0/security-groups/8103a17b-61cc-4c3a-8adf-d47f91e5c21a 0.179s
2025-11-23 05:29:10.162 66158 INFO tempest.lib.common.rest_client [req-d6c8d0e8-bd36-4975-9f6a-b20e13624d0c req-d6c8d0e8-bd36-4975-9f6a-b20e13624d0c ] Request (MultipleCreateTestJSON:setUpClass): 201 POST http://10.180.1.21/identity/v3/auth/tokens 0.082s
2025-11-23 05:29:10.165 66154 INFO tempest.lib.common.rest_client [req-49626a72-7689-462e-a363-b9a75a59fd19 req-49626a72-7689-462e-a363-b9a75a59fd19 ] Request (KeyPairsV2TestJSON:test_keypairs_create_list_delete): 200 POST http://10.180.1.21/compute/v2.1/os-keypairs 1.445s
2025-11-23 05:29:10.290 66202 INFO tempest.lib.common.rest_client [req-6eb9344f-f493-48a3-81d6-02051223071c req-6eb9344f-f493-48a3-81d6-02051223071c ] Request (HypervisorAdminNegativeUnderV252Test:tearDownClass): 204 DELETE http://10.180.1.21/identity/v3/projects/1771205663c5492bb8cb0b4a91ba0917 0.162s
2025-11-23 05:29:10.290 66202 INFO tempest.lib.common.dynamic_creds [-] Deleting project and security group for project: 82803f9d27aa41638b66806a113eea9c
2025-11-23 05:29:10.572 66158 INFO tempest.lib.common.rest_client [req-1568e011-a51c-4c18-86c8-3293c105e4e0 req-1568e011-a51c-4c18-86c8-3293c105e4e0 ] Request (MultipleCreateTestJSON:setUpClass): 201 POST http://10.180.1.21/networking/v2.0/networks 0.409s
2025-11-23 05:29:10.596 66188 INFO tempest.lib.common.rest_client [req-e77a0822-6361-443f-85fe-514d0f26a81e req-e77a0822-6361-443f-85fe-514d0f26a81e ] Request (ServersAdminNegativeTestJSON:test_migrate_server_invalid_state): 200 GET http://10.180.1.21/compute/v2.1/servers/58c6b695-f46c-4347-b0a7-669e49da3616 1.851s
2025-11-23 05:29:10.602 66188 INFO tempest.common.waiters [-] State transition "BUILD/scheduling" ==> "BUILD/None" after 7 second wait
2025-11-23 05:29:10.622 66184 INFO tempest.lib.common.rest_client [req-26c01b90-62ec-482a-aa78-b1f302af10d8 req-26c01b90-62ec-482a-aa78-b1f302af10d8 ] Request (InstanceActionsV221TestJSON:test_get_list_deleted_instance_actions): 200 GET http://10.180.1.21/compute/v2.1/servers/0f354429-787a-4a67-9336-693ae8803304 1.943s
2025-11-23 05:29:10.709 66202 INFO tempest.lib.common.rest_client [req-d1007843-8acc-4fde-85e5-e982196642ec req-d1007843-8acc-4fde-85e5-e982196642ec ] Request (HypervisorAdminNegativeUnderV252Test:tearDownClass): 200 GET http://10.180.1.21/networking/v2.0/security-groups?tenant_id=82803f9d27aa41638b66806a113eea9c&name=default 0.418s
2025-11-23 05:29:10.998 66158 INFO tempest.lib.common.rest_client [req-7a39becb-3b8f-4f8b-b29a-f506654afbff req-7a39becb-3b8f-4f8b-b29a-f506654afbff ] Request (MultipleCreateTestJSON:setUpClass): 201 POST http://10.180.1.21/networking/v2.0/subnets 0.426s
2025-11-23 05:29:11.020 66180 INFO tempest.lib.common.rest_client [req-632faa96-a00d-427c-b851-b9c95143c6db req-632faa96-a00d-427c-b851-b9c95143c6db ] Request (ServersTestBootFromVolume:setUpClass): 200 GET http://10.180.1.21/compute/v2.1/servers/6197619a-342a-4ab0-9bcd-aaae2ab0de8c 2.255s
2025-11-23 05:29:11.033 66174 INFO tempest.lib.common.rest_client [req-1a9abe1d-f2b1-4cc9-bc90-c96f1c75fb02 req-1a9abe1d-f2b1-4cc9-bc90-c96f1c75fb02 ] Request (DeleteServersAdminTestJSON:test_delete_server_while_in_error_state): 200 GET http://10.180.1.21/compute/v2.1/servers/b82a969b-34c4-4631-a85e-ad0fab5db7f3 2.061s
2025-11-23 05:29:11.129 66202 INFO tempest.lib.common.rest_client [req-cad0e528-643c-46a5-9a05-ea73d8e2099a req-cad0e528-643c-46a5-9a05-ea73d8e2099a ] Request (HypervisorAdminNegativeUnderV252Test:tearDownClass): 204 DELETE http://10.180.1.21/networking/v2.0/security-groups/3f455f4d-bfc4-4f75-8d07-4080dce84035 0.420s
2025-11-23 05:29:11.218 66202 INFO tempest.lib.common.rest_client [req-5c69e20b-5ebc-439f-8524-f9551183cbf0 req-5c69e20b-5ebc-439f-8524-f9551183cbf0 ] Request (HypervisorAdminNegativeUnderV252Test:tearDownClass): 204 DELETE http://10.180.1.21/identity/v3/projects/82803f9d27aa41638b66806a113eea9c 0.088s
2025-11-23 05:29:11.296 66202 INFO tempest.lib.common.rest_client [req-72c92cef-ea78-47be-9582-59ed7c674ada req-72c92cef-ea78-47be-9582-59ed7c674ada ] Request (AbsoluteLimitsTestJSON:setUpClass): 201 POST http://10.180.1.21/identity/v3/auth/tokens 0.077s
2025-11-23 05:29:11.332 66202 INFO tempest.lib.common.rest_client [req-5e015fb5-9b93-4803-8bcb-df9af2210a0e req-5e015fb5-9b93-4803-8bcb-df9af2210a0e ] Request (AbsoluteLimitsTestJSON:setUpClass): 201 POST http://10.180.1.21/identity/v3/auth/tokens 0.034s
2025-11-23 05:29:11.356 66202 INFO tempest.lib.common.rest_client [req-dfa7249a-0469-4a5b-aebb-e65f5c30def1 req-dfa7249a-0469-4a5b-aebb-e65f5c30def1 ] Request (AbsoluteLimitsTestJSON:setUpClass): 200 GET http://10.180.1.21/identity/v3/domains?name=Default 0.023s
2025-11-23 05:29:11.399 66202 INFO tempest.lib.common.rest_client [req-c2c0d959-b53b-47fc-bde4-f6703e08d8f0 req-c2c0d959-b53b-47fc-bde4-f6703e08d8f0 ] Request (AbsoluteLimitsTestJSON:setUpClass): 201 POST http://10.180.1.21/identity/v3/projects 0.042s
2025-11-23 05:29:11.465 66202 INFO tempest.lib.common.rest_client [req-e2454632-3a54-4fd4-bab6-940c7aa1e41c req-e2454632-3a54-4fd4-bab6-940c7aa1e41c ] Request (AbsoluteLimitsTestJSON:setUpClass): 201 POST http://10.180.1.21/identity/v3/users 0.065s
2025-11-23 05:29:11.489 66202 INFO tempest.lib.common.rest_client [req-fe1d7f67-2bbf-4f89-a6e3-9f48307b23c8 req-fe1d7f67-2bbf-4f89-a6e3-9f48307b23c8 ] Request (AbsoluteLimitsTestJSON:setUpClass): 200 GET http://10.180.1.21/identity/v3/roles 0.024s
2025-11-23 05:29:11.519 66202 INFO tempest.lib.common.rest_client [req-925df85d-9e3a-45f9-90eb-74f1af3a70b5 req-925df85d-9e3a-45f9-90eb-74f1af3a70b5 ] Request (AbsoluteLimitsTestJSON:setUpClass): 204 PUT http://10.180.1.21/identity/v3/projects/a8e7613cc94945c59af4d8d9cab87af0/users/3b763949ff934837960eb0cb1df1d1f2/roles/1c8baa65c196402dba23bb2988ee1938 0.029s
2025-11-23 05:29:11.519 66202 INFO tempest.lib.common.dynamic_creds [-] Dynamic test user 3b763949ff934837960eb0cb1df1d1f2 is created with scope project and roles: ['member']
2025-11-23 05:29:11.519 66202 INFO tempest.lib.common.dynamic_creds [-] Acquired dynamic creds: credentials: Credentials: {'domain_id': 'default', 'domain_name': 'Default', 'username': 'tempest-AbsoluteLimitsTestJSON-271605079-project-member', 'project_domain_id': 'default', 'project_domain_name': 'Default', 'project_id': 'a8e7613cc94945c59af4d8d9cab87af0', 'project_name': 'tempest-AbsoluteLimitsTestJSON-271605079', 'tenant_id': 'a8e7613cc94945c59af4d8d9cab87af0', 'tenant_name': 'tempest-AbsoluteLimitsTestJSON-271605079', 'user_domain_id': 'default', 'user_domain_name': 'Default', 'user_id': '3b763949ff934837960eb0cb1df1d1f2', 'system': None}, Network: None, Subnet: None, Router: None
2025-11-23 05:29:11.519 66202 INFO tempest.lib.common.dynamic_creds [-] Created isolated network resources for: credentials: Credentials: {'domain_id': 'default', 'domain_name': 'Default', 'username': 'tempest-AbsoluteLimitsTestJSON-271605079-project-member', 'project_domain_id': 'default', 'project_domain_name': 'Default', 'project_id': 'a8e7613cc94945c59af4d8d9cab87af0', 'project_name': 'tempest-AbsoluteLimitsTestJSON-271605079', 'tenant_id': 'a8e7613cc94945c59af4d8d9cab87af0', 'tenant_name': 'tempest-AbsoluteLimitsTestJSON-271605079', 'user_domain_id': 'default', 'user_domain_name': 'Default', 'user_id': '3b763949ff934837960eb0cb1df1d1f2', 'system': None}, Network: None, Subnet: None, Router: None
2025-11-23 05:29:11.617 66202 INFO tempest.lib.common.rest_client [req-da3a2af1-cd37-496c-9ea2-9e115f3b6854 req-da3a2af1-cd37-496c-9ea2-9e115f3b6854 ] Request (AbsoluteLimitsTestJSON:setUpClass): 201 POST http://10.180.1.21/identity/v3/auth/tokens 0.094s
2025-11-23 05:29:11.685 66178 INFO tempest.lib.common.rest_client [req-7ee6591c-6dfa-489b-a9aa-3323bc65c505 req-7ee6591c-6dfa-489b-a9aa-3323bc65c505 ] Request (FloatingIPsAssociationTestJSON:test_associate_already_associated_floating_ip): 200 GET http://10.180.1.21/compute/v2.1/servers/18eaf5a7-4711-4a52-82fa-aeca7ed9ae86 2.691s
2025-11-23 05:29:11.699 66212 INFO tempest.lib.common.rest_client [req-470a625d-61d6-48ce-9500-9a42359e79c7 req-470a625d-61d6-48ce-9500-9a42359e79c7 ] Request (ServerShowV254Test:test_rebuild_server): 200 GET http://10.180.1.21/compute/v2.1/servers/16172018-9e41-459b-a0ee-61f08a508a66 2.605s
2025-11-23 05:29:11.702 66198 INFO tempest.lib.common.rest_client [req-7174dd64-7243-425f-b3e1-cb4a9d44d5ae req-7174dd64-7243-425f-b3e1-cb4a9d44d5ae ] Request (MigrationsAdminTest:test_list_migrations_in_flavor_resize_situation): 200 GET http://10.180.1.21/compute/v2.1/os-migrations 2.595s
2025-11-23 05:29:11.709 66212 INFO tempest.common.waiters [-] State transition "REBUILD/rebuild_spawning" ==> "ACTIVE/None" after 10 second wait
2025-11-23 05:29:11.941 66172 INFO tempest.lib.common.rest_client [req-ec784362-65fe-4029-b168-c915d9860c30 req-ec784362-65fe-4029-b168-c915d9860c30 ] Request (ImagesTestJSON:test_create_image_from_suspended_server): 200 GET http://10.180.1.21/compute/v2.1/servers/c3c8b5ae-01a7-4128-bce7-2c1ba78da3b8 2.695s
2025-11-23 05:29:11.960 66192 INFO tempest.lib.common.rest_client [req-eefe35a0-1095-48f8-9233-c6c527bdbbe5 req-eefe35a0-1095-48f8-9233-c6c527bdbbe5 ] Request (ImagesNegativeTestJSON:test_create_image_from_deleted_server): 200 GET http://10.180.1.21/compute/v2.1/servers/d2ab3b4f-94ff-4ec0-9808-102e8e5957ac 2.815s
2025-11-23 05:29:12.018 66162 INFO tempest.lib.common.rest_client [req-a866e0e9-8505-4524-a247-b5ce1b0a4323 req-a866e0e9-8505-4524-a247-b5ce1b0a4323 ] Request (SecurityGroupsTestJSON:test_server_security_groups): 200 GET http://10.180.1.21/compute/v2.1/servers/55128a66-2320-48f0-a7b0-9b809de89974 2.762s
2025-11-23 05:29:12.032 66156 INFO tempest.lib.common.rest_client [req-31655c28-1aee-45fe-bf22-24f28ca40d5f req-31655c28-1aee-45fe-bf22-24f28ca40d5f ] Request (ServerRescueNegativeTestJSON:setUpClass): 200 GET http://10.180.1.21/compute/v2.1/servers/774f19ac-d703-46fe-bfa6-2df075504c73 2.775s
2025-11-23 05:29:12.052 66168 INFO tempest.lib.common.rest_client [req-e6740018-99d9-4de9-9c85-0e9bf72979e9 req-e6740018-99d9-4de9-9c85-0e9bf72979e9 ] Request (AggregatesAdminNegativeTestJSON:test_aggregate_remove_nonexistent_host): 404 POST http://10.180.1.21/compute/v2.1/os-aggregates/8/action 2.765s
2025-11-23 05:29:12.064 66194 INFO tempest.lib.common.rest_client [req-80596f74-796f-41e8-8efc-d9caa2d4f66b req-80596f74-796f-41e8-8efc-d9caa2d4f66b ] Request (ServersAdminTestJSON:test_list_servers_by_admin_with_specified_tenant): 200 GET http://10.180.1.21/compute/v2.1/servers/detail?all_tenants=&tenant_id=bafeee7dcf78488abf6debdca79b8d49 2.754s
2025-11-23 05:29:12.079 66187 INFO tempest.lib.common.rest_client [req-45ad7932-e176-435e-b55f-a02369a2f5df req-45ad7932-e176-435e-b55f-a02369a2f5df ] Request (FlavorsAdminTestJSON:test_is_public_string_variations): 200 GET http://10.180.1.21/compute/v2.1/flavors/detail?is_public=yes 2.735s
2025-11-23 05:29:12.423 66158 INFO tempest.lib.common.rest_client [req-097b1545-f5d0-4a43-9ea4-37f9a9a6c880 req-097b1545-f5d0-4a43-9ea4-37f9a9a6c880 ] Request (MultipleCreateTestJSON:setUpClass): 201 POST http://10.180.1.21/networking/v2.0/routers 1.424s
2025-11-23 05:29:12.459 66164 INFO tempest.lib.common.rest_client [req-2c2a7381-8cc1-496b-b932-56ebeae52918 req-2c2a7381-8cc1-496b-b932-56ebeae52918 ] Request (ServersV294TestFqdnHostnames:setUpClass): 200 GET http://10.180.1.21/compute/v2.1/servers/6f359e28-9919-4cb5-949d-6c66bd4e4ce6 2.985s
2025-11-23 05:29:12.497 66152 INFO tempest.lib.common.rest_client [req-c019ab7a-574d-419b-9dc4-53251f6554cd req-c019ab7a-574d-419b-9dc4-53251f6554cd ] Request (KeyPairsNegativeTestJSON:test_create_keypair_with_empty_public_key): 400 POST http://10.180.1.21/compute/v2.1/os-keypairs 2.790s
2025-11-23 05:29:13.361 66158 INFO tempest.lib.common.rest_client [req-5ef4c262-f3c2-41f8-acc5-a00398b1a374 req-5ef4c262-f3c2-41f8-acc5-a00398b1a374 ] Request (MultipleCreateTestJSON:setUpClass): 200 PUT http://10.180.1.21/networking/v2.0/routers/d7c12d80-43b4-4e4e-a636-665c93a0eb8d/add_router_interface 0.937s
2025-11-23 05:29:13.362 66158 INFO tempest.lib.common.dynamic_creds [-] Created isolated network resources for: credentials: Credentials: {'domain_id': 'default', 'domain_name': 'Default', 'username': 'tempest-MultipleCreateTestJSON-2114692520-project-member', 'project_domain_id': 'default', 'project_domain_name': 'Default', 'project_id': 'dcbb4f7645224756815a7f50502ce2c6', 'project_name': 'tempest-MultipleCreateTestJSON-2114692520', 'tenant_id': 'dcbb4f7645224756815a7f50502ce2c6', 'tenant_name': 'tempest-MultipleCreateTestJSON-2114692520', 'user_domain_id': 'default', 'user_domain_name': 'Default', 'user_id': '213c976bf9d1482dad8b6eadee409867', 'system': None}, Network: {'id': '4065b1e2-57d1-4b6b-a10e-e2ed1c7ea57c', 'name': 'tempest-MultipleCreateTestJSON-67205083-network', 'tenant_id': 'dcbb4f7645224756815a7f50502ce2c6', 'project_id': 'dcbb4f7645224756815a7f50502ce2c6', 'admin_state_up': True, 'mtu': 8950, 'status': 'ACTIVE', 'subnets': [], 'shared': False, 'port_security_enabled': True, 'router:external': False, 'provider:network_type': 'vlan', 'provider:physical_network': 'default', 'provider:segmentation_id': 980, 'availability_zone_hints': [], 'availability_zones': [], 'ipv4_address_scope': None, 'ipv6_address_scope': None, 'description': '', 'tags': [], 'created_at': '2025-11-23T05:29:10Z', 'updated_at': '2025-11-23T05:29:10Z', 'revision_number': 1}, Subnet: {'id': '53cdda82-9b78-49b6-9cb5-fb3d8198423b', 'name': 'tempest-MultipleCreateTestJSON-67205083-subnet', 'tenant_id': 'dcbb4f7645224756815a7f50502ce2c6', 'network_id': '4065b1e2-57d1-4b6b-a10e-e2ed1c7ea57c', 'ip_version': 4, 'subnetpool_id': None, 'enable_dhcp': True, 'ipv6_ra_mode': None, 'ipv6_address_mode': None, 'gateway_ip': '192.168.128.1', 'cidr': '192.168.128.0/28', 'allocation_pools': [{'start': '192.168.128.2', 'end': '192.168.128.14'}], 'host_routes': [], 'dns_nameservers': [], 'description': '', 'router:external': False, 'service_types': [], 'tags': [], 'created_at': '2025-11-23T05:29:10Z', 'updated_at': '2025-11-23T05:29:10Z', 'revision_number': 0, 'project_id': 'dcbb4f7645224756815a7f50502ce2c6'}, Router: {'id': 'd7c12d80-43b4-4e4e-a636-665c93a0eb8d', 'name': 'tempest-MultipleCreateTestJSON-67205083-router', 'tenant_id': 'dcbb4f7645224756815a7f50502ce2c6', 'admin_state_up': True, 'status': 'ACTIVE', 'external_gateway_info': {'network_id': '277cd4dd-a3ab-424a-b2cf-421ba2cd99c2', 'external_fixed_ips': [{'subnet_id': '64e74495-c9bc-4d8d-9f39-17ed1ad9c0e6', 'ip_address': '10.180.180.230'}], 'enable_snat': True}, 'description': '', 'availability_zones': [], 'distributed': False, 'ha': False, 'availability_zone_hints': [], 'routes': [], 'flavor_id': None, 'tags': [], 'created_at': '2025-11-23T05:29:11Z', 'updated_at': '2025-11-23T05:29:12Z', 'revision_number': 2, 'project_id': 'dcbb4f7645224756815a7f50502ce2c6'}
2025-11-23 05:29:13.403 66197 INFO tempest.lib.common.rest_client [req-9679ab9d-221b-4421-a787-a2057daa767e req-9679ab9d-221b-4421-a787-a2057daa767e ] Request (ServerActionsTestOtherA:setUpClass): 200 GET http://10.180.1.21/compute/v2.1/servers/f755f4c0-549a-4787-ac33-b33c4b3eac60 3.952s
2025-11-23 05:29:13.411 66197 INFO tempest.common.waiters [-] State transition "BUILD/None" ==> "BUILD/spawning" after 24 second wait
2025-11-23 05:29:13.417 66170 INFO tempest.lib.common.rest_client [req-ba86e4b3-8fdb-4a67-b224-4a0b369072ff req-ba86e4b3-8fdb-4a67-b224-4a0b369072ff ] Request (VolumesAdminNegativeTest:test_update_attached_volume_with_nonexistent_volume_in_uri): 200 GET http://10.180.1.21/compute/v2.1/servers/4619c986-3809-46f5-88ef-d8a4ad674ea8 3.331s
2025-11-23 05:29:13.425 66170 INFO tempest.common.waiters [-] State transition "BUILD/scheduling" ==> "BUILD/None" after 8 second wait
2025-11-23 05:29:13.433 66154 INFO tempest.lib.common.rest_client [req-08b8f9d5-f425-4861-bcf0-26a0270cf010 req-08b8f9d5-f425-4861-bcf0-26a0270cf010 ] Request (KeyPairsV2TestJSON:test_keypairs_create_list_delete): 200 GET http://10.180.1.21/compute/v2.1/os-keypairs 3.265s
2025-11-23 05:29:13.457 66206 INFO tempest.lib.common.rest_client [req-49f9effc-88a4-4d6d-8a48-d8fba449f1ef req-49f9effc-88a4-4d6d-8a48-d8fba449f1ef ] Request (ServerMetadataTestJSON:test_update_server_metadata): 200 GET http://10.180.1.21/compute/v2.1/servers/e0b86371-c7c8-4cd9-a81a-31dad52d92f2/metadata 3.344s
2025-11-23 05:29:13.475 66158 INFO tempest.lib.common.rest_client [req-c8edaa11-afdb-47cb-87d8-0ddf834bb6ad req-c8edaa11-afdb-47cb-87d8-0ddf834bb6ad ] Request (MultipleCreateTestJSON:setUpClass): 201 POST http://10.180.1.21/identity/v3/auth/tokens 0.110s
2025-11-23 05:29:13.511 66200 INFO tempest.lib.common.rest_client [req-8027d650-6e05-4804-a5ab-73d34ac5f0d6 req-8027d650-6e05-4804-a5ab-73d34ac5f0d6 ] Request (ListServersNegativeTestJSON:setUpClass): 200 GET http://10.180.1.21/compute/v2.1/servers/946bf688-56a0-42ab-8c5e-7a83efb34000 2.976s
2025-11-23 05:29:13.523 66158 INFO tempest.lib.common.rest_client [req-2dc2d2a8-ec2a-4d7e-9aa9-be72731341c7 req-2dc2d2a8-ec2a-4d7e-9aa9-be72731341c7 ] Request (MultipleCreateTestJSON:test_multiple_create): 201 POST http://10.180.1.21/identity/v3/auth/tokens 0.042s
2025-11-23 05:29:13.523 66158 INFO tempest.lib.common.fixed_network [-] (MultipleCreateTestJSON:test_multiple_create) Found network {'id': '4065b1e2-57d1-4b6b-a10e-e2ed1c7ea57c', 'name': 'tempest-MultipleCreateTestJSON-67205083-network', 'tenant_id': 'dcbb4f7645224756815a7f50502ce2c6', 'project_id': 'dcbb4f7645224756815a7f50502ce2c6', 'admin_state_up': True, 'mtu': 8950, 'status': 'ACTIVE', 'subnets': [], 'shared': False, 'port_security_enabled': True, 'router:external': False, 'provider:network_type': 'vlan', 'provider:physical_network': 'default', 'provider:segmentation_id': 980, 'availability_zone_hints': [], 'availability_zones': [], 'ipv4_address_scope': None, 'ipv6_address_scope': None, 'description': '', 'tags': [], 'created_at': '2025-11-23T05:29:10Z', 'updated_at': '2025-11-23T05:29:10Z', 'revision_number': 1} available for tenant
2025-11-23 05:29:13.568 66176 INFO tempest.lib.common.rest_client [req-5438000c-64e6-48fc-bf41-a108d42fb1da req-5438000c-64e6-48fc-bf41-a108d42fb1da ] Request (FloatingIPsAssociationNegativeTestJSON:tearDownClass): 200 GET http://10.180.1.21/compute/v2.1/servers/c2ab6b65-f3c6-4a5f-b033-4c694fb5e13f 3.025s
2025-11-23 05:29:13.613 66166 INFO tempest.lib.common.rest_client [req-f86b3f66-ba17-45be-b1c5-a12017361f90 req-f86b3f66-ba17-45be-b1c5-a12017361f90 ] Request (TenantUsagesTestJSON:tearDownClass): 200 GET http://10.180.1.21/compute/v2.1/servers/5e24f903-0184-48bf-9b9b-9e7ce09e7b00 2.938s
2025-11-23 05:29:13.675 66190 INFO tempest.lib.common.rest_client [req-ebf0ab55-486f-4bb8-9c1c-a806812b68a4 req-ebf0ab55-486f-4bb8-9c1c-a806812b68a4 ] Request (DeleteServersTestJSON:test_delete_active_server): 200 GET http://10.180.1.21/compute/v2.1/servers/54cea278-13e4-422f-9321-7c45fcc1b050 2.972s
2025-11-23 05:29:13.683 66190 INFO tempest.common.waiters [-] State transition "ACTIVE/deleting" ==> "DELETED/None" after 4 second wait
2025-11-23 05:29:13.687 66160 INFO tempest.lib.common.rest_client [req-f1209917-f215-4d7c-8ff7-64b388272ab1 req-f1209917-f215-4d7c-8ff7-64b388272ab1 ] Request (ServersTestJSON:test_create_server_with_ipv6_addr_only): 200 GET http://10.180.1.21/compute/v2.1/servers/8b2f93f9-9f47-4358-9499-6b90702ca782 2.690s
