2025-11-23 05:30:47.310 66206 INFO tempest.lib.common.rest_client [req-362934dc-8500-4283-99c4-0189601a607c req-362934dc-8500-4283-99c4-0189601a607c ] Request (ServerRescueTestJSONUnderV235:setUpClass): 200 GET http://10.180.1.21/compute/v2.1/servers/28e3baa9-4cd9-4a05-8949-f06709c259b3 0.116s
2025-11-23 05:30:47.405 66188 INFO tempest.lib.common.rest_client [req-32d0b4e8-62ba-4302-893c-a5370009c5a8 req-32d0b4e8-62ba-4302-893c-a5370009c5a8 ] Request (ServersAdminNegativeTestJSON:tearDownClass): 200 GET http://10.180.1.21/compute/v2.1/servers/b34dbbfa-846c-4849-8afc-894be0b70068 0.111s
2025-11-23 05:30:47.410 66194 INFO tempest.lib.common.rest_client [req-f476f584-7a44-4cd4-b27a-6304e1eec4fc req-f476f584-7a44-4cd4-b27a-6304e1eec4fc ] Request (ServersAdminTestJSON:tearDownClass): 200 GET http://10.180.1.21/compute/v2.1/servers/b8344695-701f-44c8-906a-10ab326546c1 0.056s
2025-11-23 05:30:47.542 66202 INFO tempest.lib.common.rest_client [req-ebf15ca0-4d2e-4a3c-8165-7004654af0ee req-ebf15ca0-4d2e-4a3c-8165-7004654af0ee ] Request (ServerDiskConfigTestJSON:test_rebuild_server_with_manual_disk_config): 200 GET http://10.180.1.21/compute/v2.1/servers/746b7185-90a5-423b-b4da-428f754c471d 0.058s
2025-11-23 05:30:47.566 66190 INFO tempest.lib.common.rest_client [req-d280195a-9e5c-4d1c-8d07-10e31a5fcee6 req-d280195a-9e5c-4d1c-8d07-10e31a5fcee6 ] Request (DeleteServersTestJSON:test_delete_server_while_in_attached_volume): 200 GET http://10.180.1.21/compute/v2.1/servers/041365df-e115-4857-8a0a-5e2fc528315f 0.057s
2025-11-23 05:30:47.621 66178 INFO tempest.lib.common.rest_client [req-1dfffcf4-468a-465f-a3e4-b894b8fff613 req-1dfffcf4-468a-465f-a3e4-b894b8fff613 ] Request (FloatingIPsAssociationTestJSON:tearDownClass): 200 GET http://10.180.1.21/compute/v2.1/servers/92cf7152-7138-4f68-a3a3-c433071a7f89 0.064s
2025-11-23 05:30:47.638 66192 INFO tempest.lib.common.rest_client [req-31e09a56-4da9-4051-b691-0f67ed4ef306 req-31e09a56-4da9-4051-b691-0f67ed4ef306 ] Request (ServersListShow298Test:test_list_show_update_rebuild_server_298): 200 GET http://10.180.1.21/compute/v2.1/servers/2258e05e-241d-4799-9759-e14ac02f5d1d 0.065s
2025-11-23 05:30:47.683 66158 INFO tempest.lib.common.rest_client [req-7df3eeed-56de-456f-937c-1edce6e32fd8 req-7df3eeed-56de-456f-937c-1edce6e32fd8 ] Request (MultipleCreateTestJSON:_run_cleanups): 200 GET http://10.180.1.21/compute/v2.1/servers/c27e0fb8-a5cb-433f-ad38-d3fc90fd8064 0.068s
2025-11-23 05:30:47.696 66174 INFO tempest.lib.common.rest_client [req-48792ff9-4b9e-4cb3-af74-3ced93767e20 req-48792ff9-4b9e-4cb3-af74-3ced93767e20 ] Request (ServerDiagnosticsV248Test:test_get_server_diagnostics): 200 GET http://10.180.1.21/compute/v2.1/servers/b60a31e9-8b1f-4c24-b6b3-b6cf15cd2df4 0.078s
2025-11-23 05:30:47.764 66180 INFO tempest.lib.common.rest_client [req-1442a1f8-d1f2-4af8-91d2-ef19da027f39 req-1442a1f8-d1f2-4af8-91d2-ef19da027f39 ] Request (ServersTestBootFromVolume:tearDownClass): 200 GET http://10.180.1.21/compute/v2.1/servers/6197619a-342a-4ab0-9bcd-aaae2ab0de8c 0.098s
2025-11-23 05:30:47.773 66172 INFO tempest.lib.common.rest_client [req-50193622-0844-4bb5-9fca-a0a2ad892722 req-50193622-0844-4bb5-9fca-a0a2ad892722 ] Request (ImagesTestJSON:test_create_server_from_snapshot): 200 GET http://10.180.1.21/compute/v2.1/servers/248bad78-5ecf-49e6-a2c0-ec9a99dec831 0.102s
2025-11-23 05:30:47.824 66162 INFO tempest.lib.common.rest_client [req-445be867-b8e8-4116-8e70-08d865fcd892 req-445be867-b8e8-4116-8e70-08d865fcd892 ] Request (SecurityGroupsTestJSON:test_server_security_groups): 200 GET http://10.180.1.21/compute/v2.1/servers/55128a66-2320-48f0-a7b0-9b809de89974 0.068s
2025-11-23 05:30:47.859 66152 INFO tempest.lib.common.rest_client [req-5b00edcf-fbdc-475a-a156-0b312391b878 req-5b00edcf-fbdc-475a-a156-0b312391b878 ] Request (ServersNegativeTestJSON:setUpClass): 200 GET http://10.180.1.21/compute/v2.1/servers/c94be035-0f2d-4f7b-b196-cb5d02ff61cb 0.063s
2025-11-23 05:30:48.099 66168 WARNING tempest.lib.common.ssh [-] Failed to establish authenticated ssh connection to cirros@10.180.180.214 ([Errno None] Unable to connect to port 22 on 10.180.180.214). Number attempts: 3. Retry after 4 seconds.: paramiko.ssh_exception.NoValidConnectionsError: [Errno None] Unable to connect to port 22 on 10.180.180.214
2025-11-23 05:30:48.195 66208 INFO tempest.lib.common.rest_client [req-2147c771-cef2-40ec-8c5f-ef01a4f669a2 req-2147c771-cef2-40ec-8c5f-ef01a4f669a2 ] Request (ImagesOneServerNegativeTestJSON:_run_cleanups): 200 GET http://10.180.1.21/compute/v2.1/servers/0d831cb4-6f13-41b2-9d96-300aaacbc764 0.169s
2025-11-23 05:30:48.214 66198 INFO tempest.lib.common.rest_client [req-d7a3d489-2bc7-42ab-951a-b7411890fb2b req-d7a3d489-2bc7-42ab-951a-b7411890fb2b ] Request (MigrationsAdminTest:test_resize_server_revert_deleted_flavor): 200 GET http://10.180.1.21/compute/v2.1/servers/21bd6276-6f01-4292-8c49-3474685f8466 0.141s
2025-11-23 05:30:48.258 66197 INFO tempest.lib.common.rest_client [req-2eac5bb8-d729-493f-8c02-9ef13f1eba5b req-2eac5bb8-d729-493f-8c02-9ef13f1eba5b ] Request (ServerActionsTestOtherA:test_rebuild_server_in_stop_state): 200 GET http://10.180.1.21/compute/v2.1/servers/b1a6869e-577a-4c26-adf3-8919d827ea2e 0.175s
2025-11-23 05:30:48.277 66156 INFO tempest.lib.common.rest_client [req-46fce502-4bf4-4305-b451-04fa6e52fa43 req-46fce502-4bf4-4305-b451-04fa6e52fa43 ] Request (ServerRescueNegativeTestJSON:test_rescued_vm_detach_volume): 200 GET http://10.180.1.21/compute/v2.1/servers/71be2679-a934-4709-9b7f-991ff7385512 0.150s
2025-11-23 05:30:48.326 66170 INFO tempest.lib.common.rest_client [req-f31c7a43-b544-456c-bf0d-908b87b418e6 req-f31c7a43-b544-456c-bf0d-908b87b418e6 ] Request (ImagesOneServerTestJSON:setUpClass): 200 GET http://10.180.1.21/compute/v2.1/servers/528a633b-b5c4-48b5-a0a0-d6dde3108f9f 0.135s
2025-11-23 05:30:48.327 66164 INFO tempest.lib.common.rest_client [req-4b3fd5b1-4600-4f38-8c0f-8f959ca3a194 req-4b3fd5b1-4600-4f38-8c0f-8f959ca3a194 ] Request (ServersV294TestFqdnHostnames:tearDownClass): 200 GET http://10.180.1.21/compute/v2.1/servers/6f359e28-9919-4cb5-949d-6c66bd4e4ce6 0.179s
2025-11-23 05:30:48.375 66160 INFO tempest.lib.common.rest_client [req-1b754a3c-f022-4de9-8fd4-31fbba5f95fc req-1b754a3c-f022-4de9-8fd4-31fbba5f95fc ] Request (ServersTestJSON:test_create_specify_keypair): 200 GET http://10.180.1.21/compute/v2.1/servers/6412743a-0ac8-41a0-92aa-a361652c43e1 0.173s
2025-11-23 05:30:48.424 66206 INFO tempest.lib.common.rest_client [req-ed9f1bb0-5830-480d-b454-b905320cbe2a req-ed9f1bb0-5830-480d-b454-b905320cbe2a ] Request (ServerRescueTestJSONUnderV235:setUpClass): 200 GET http://10.180.1.21/compute/v2.1/servers/28e3baa9-4cd9-4a05-8949-f06709c259b3 0.106s
2025-11-23 05:30:48.476 66194 INFO tempest.lib.common.rest_client [req-8c7a5c45-28e2-4757-8c4d-c7e2735a42c5 req-8c7a5c45-28e2-4757-8c4d-c7e2735a42c5 ] Request (ServersAdminTestJSON:tearDownClass): 200 GET http://10.180.1.21/compute/v2.1/servers/b8344695-701f-44c8-906a-10ab326546c1 0.058s
2025-11-23 05:30:48.503 66188 INFO tempest.lib.common.rest_client [req-1f765d41-d449-47f4-864c-daae1c9323de req-1f765d41-d449-47f4-864c-daae1c9323de ] Request (ServersAdminNegativeTestJSON:tearDownClass): 200 GET http://10.180.1.21/compute/v2.1/servers/b34dbbfa-846c-4849-8afc-894be0b70068 0.089s
2025-11-23 05:30:48.599 66202 INFO tempest.lib.common.rest_client [req-13673688-1375-4578-af50-cace8ea064dd req-13673688-1375-4578-af50-cace8ea064dd ] Request (ServerDiskConfigTestJSON:test_rebuild_server_with_manual_disk_config): 200 GET http://10.180.1.21/compute/v2.1/servers/746b7185-90a5-423b-b4da-428f754c471d 0.049s
2025-11-23 05:30:48.632 66190 INFO tempest.lib.common.rest_client [req-77929e4c-8488-4156-b2e1-70fa80717d4e req-77929e4c-8488-4156-b2e1-70fa80717d4e ] Request (DeleteServersTestJSON:test_delete_server_while_in_attached_volume): 200 GET http://10.180.1.21/compute/v2.1/servers/041365df-e115-4857-8a0a-5e2fc528315f 0.055s
2025-11-23 05:30:48.639 66190 INFO tempest.common.waiters [-] State transition "ACTIVE/deleting" ==> "DELETED/None" after 5 second wait
2025-11-23 05:30:48.685 66178 INFO tempest.lib.common.rest_client [req-ce6754ee-2f25-42c7-9542-2b7fece4bd6a req-ce6754ee-2f25-42c7-9542-2b7fece4bd6a ] Request (FloatingIPsAssociationTestJSON:tearDownClass): 200 GET http://10.180.1.21/compute/v2.1/servers/92cf7152-7138-4f68-a3a3-c433071a7f89 0.057s
2025-11-23 05:30:48.715 66192 INFO tempest.lib.common.rest_client [req-7f3f892e-a260-402e-a54c-e7c05a7c1086 req-7f3f892e-a260-402e-a54c-e7c05a7c1086 ] Request (ServersListShow298Test:test_list_show_update_rebuild_server_298): 200 GET http://10.180.1.21/compute/v2.1/servers/2258e05e-241d-4799-9759-e14ac02f5d1d 0.065s
2025-11-23 05:30:48.753 66158 INFO tempest.lib.common.rest_client [req-2bd1eec4-91d0-406b-a8cc-8d0a25a717c2 req-2bd1eec4-91d0-406b-a8cc-8d0a25a717c2 ] Request (MultipleCreateTestJSON:_run_cleanups): 200 GET http://10.180.1.21/compute/v2.1/servers/c27e0fb8-a5cb-433f-ad38-d3fc90fd8064 0.062s
2025-11-23 05:30:48.768 66174 INFO tempest.lib.common.rest_client [req-39a38a73-261f-4eff-a489-5b7d5cb1b3a6 req-39a38a73-261f-4eff-a489-5b7d5cb1b3a6 ] Request (ServerDiagnosticsV248Test:test_get_server_diagnostics): 200 GET http://10.180.1.21/compute/v2.1/servers/b60a31e9-8b1f-4c24-b6b3-b6cf15cd2df4 0.061s
2025-11-23 05:30:48.831 66180 INFO tempest.lib.common.rest_client [req-5e78d33e-5f1d-40cb-a3d7-40e81cd87d9a req-5e78d33e-5f1d-40cb-a3d7-40e81cd87d9a ] Request (ServersTestBootFromVolume:tearDownClass): 200 GET http://10.180.1.21/compute/v2.1/servers/6197619a-342a-4ab0-9bcd-aaae2ab0de8c 0.059s
2025-11-23 05:30:48.836 66172 INFO tempest.lib.common.rest_client [req-cf5f2126-88c0-4717-bca1-9ff6a12f524e req-cf5f2126-88c0-4717-bca1-9ff6a12f524e ] Request (ImagesTestJSON:test_create_server_from_snapshot): 200 GET http://10.180.1.21/compute/v2.1/servers/248bad78-5ecf-49e6-a2c0-ec9a99dec831 0.053s
2025-11-23 05:30:48.867 66187 WARNING tempest.lib.common.ssh [-] Failed to establish authenticated ssh connection to cirros@10.180.180.136 ([Errno None] Unable to connect to port 22 on 10.180.180.136). Number attempts: 1. Retry after 2 seconds.: paramiko.ssh_exception.NoValidConnectionsError: [Errno None] Unable to connect to port 22 on 10.180.180.136
2025-11-23 05:30:48.891 66162 INFO tempest.lib.common.rest_client [req-8c01660c-b423-4c9f-b710-d389d259c457 req-8c01660c-b423-4c9f-b710-d389d259c457 ] Request (SecurityGroupsTestJSON:test_server_security_groups): 200 GET http://10.180.1.21/compute/v2.1/servers/55128a66-2320-48f0-a7b0-9b809de89974 0.060s
2025-11-23 05:30:48.920 66152 INFO tempest.lib.common.rest_client [req-6a44a3cf-8ee9-4ce2-88b2-98ed2be0adb3 req-6a44a3cf-8ee9-4ce2-88b2-98ed2be0adb3 ] Request (ServersNegativeTestJSON:setUpClass): 200 GET http://10.180.1.21/compute/v2.1/servers/c94be035-0f2d-4f7b-b196-cb5d02ff61cb 0.051s
2025-11-23 05:30:49.264 66208 INFO tempest.lib.common.rest_client [req-952550cd-4202-4566-aac4-a5ab21d0950f req-952550cd-4202-4566-aac4-a5ab21d0950f ] Request (ImagesOneServerNegativeTestJSON:_run_cleanups): 200 GET http://10.180.1.21/compute/v2.1/servers/0d831cb4-6f13-41b2-9d96-300aaacbc764 0.057s
2025-11-23 05:30:49.330 66197 INFO tempest.lib.common.rest_client [req-26c96ff3-a606-49b7-a588-eab615838ecd req-26c96ff3-a606-49b7-a588-eab615838ecd ] Request (ServerActionsTestOtherA:test_rebuild_server_in_stop_state): 200 GET http://10.180.1.21/compute/v2.1/servers/b1a6869e-577a-4c26-adf3-8919d827ea2e 0.062s
2025-11-23 05:30:49.341 66198 INFO tempest.lib.common.rest_client [req-d99a75e9-3a28-412f-940e-07b06c00ca2e req-d99a75e9-3a28-412f-940e-07b06c00ca2e ] Request (MigrationsAdminTest:test_resize_server_revert_deleted_flavor): 200 GET http://10.180.1.21/compute/v2.1/servers/21bd6276-6f01-4292-8c49-3474685f8466 0.118s
2025-11-23 05:30:49.387 66156 INFO tempest.lib.common.rest_client [req-f3611cf7-3bc7-4326-ba6a-7abe63183cec req-f3611cf7-3bc7-4326-ba6a-7abe63183cec ] Request (ServerRescueNegativeTestJSON:test_rescued_vm_detach_volume): 200 GET http://10.180.1.21/compute/v2.1/servers/71be2679-a934-4709-9b7f-991ff7385512 0.101s
2025-11-23 05:30:49.393 66170 INFO tempest.lib.common.rest_client [req-57cafe7f-9145-46d6-b9c8-73abef3d7a25 req-57cafe7f-9145-46d6-b9c8-73abef3d7a25 ] Request (ImagesOneServerTestJSON:setUpClass): 200 GET http://10.180.1.21/compute/v2.1/servers/528a633b-b5c4-48b5-a0a0-d6dde3108f9f 0.059s
2025-11-23 05:30:49.446 66160 INFO tempest.lib.common.rest_client [req-f138ab8e-ff6e-4261-9dad-2323013d1ccc req-f138ab8e-ff6e-4261-9dad-2323013d1ccc ] Request (ServersTestJSON:test_create_specify_keypair): 200 GET http://10.180.1.21/compute/v2.1/servers/6412743a-0ac8-41a0-92aa-a361652c43e1 0.062s
2025-11-23 05:30:49.460 66164 INFO tempest.lib.common.rest_client [req-db768334-d9a6-47f8-963f-9bd74feef2d2 req-db768334-d9a6-47f8-963f-9bd74feef2d2 ] Request (ServersV294TestFqdnHostnames:tearDownClass): 200 GET http://10.180.1.21/compute/v2.1/servers/6f359e28-9919-4cb5-949d-6c66bd4e4ce6 0.122s
2025-11-23 05:30:49.545 66206 INFO tempest.lib.common.rest_client [req-927fdf6c-1f05-401e-97c1-ff76ac3488a7 req-927fdf6c-1f05-401e-97c1-ff76ac3488a7 ] Request (ServerRescueTestJSONUnderV235:setUpClass): 200 GET http://10.180.1.21/compute/v2.1/servers/28e3baa9-4cd9-4a05-8949-f06709c259b3 0.113s
2025-11-23 05:30:49.561 66194 INFO tempest.lib.common.rest_client [req-3b160691-aec4-48a5-953b-b3626f540a06 req-3b160691-aec4-48a5-953b-b3626f540a06 ] Request (ServersAdminTestJSON:tearDownClass): 200 GET http://10.180.1.21/compute/v2.1/servers/b8344695-701f-44c8-906a-10ab326546c1 0.077s
2025-11-23 05:30:49.661 66188 INFO tempest.lib.common.rest_client [req-b80fd2c2-c8c7-4d51-a2d5-9b3f53df3336 req-b80fd2c2-c8c7-4d51-a2d5-9b3f53df3336 ] Request (ServersAdminNegativeTestJSON:tearDownClass): 200 GET http://10.180.1.21/compute/v2.1/servers/b34dbbfa-846c-4849-8afc-894be0b70068 0.150s
2025-11-23 05:30:49.676 66202 INFO tempest.lib.common.rest_client [req-09238e33-9d24-4802-b4c5-c3b6d6afd949 req-09238e33-9d24-4802-b4c5-c3b6d6afd949 ] Request (ServerDiskConfigTestJSON:test_rebuild_server_with_manual_disk_config): 200 GET http://10.180.1.21/compute/v2.1/servers/746b7185-90a5-423b-b4da-428f754c471d 0.069s
2025-11-23 05:30:49.726 66190 INFO tempest.lib.common.rest_client [req-79e41efd-c861-4de8-bc21-b82c6795dedc req-79e41efd-c861-4de8-bc21-b82c6795dedc ] Request (DeleteServersTestJSON:test_delete_server_while_in_attached_volume): 200 GET http://10.180.1.21/compute/v2.1/servers/041365df-e115-4857-8a0a-5e2fc528315f 0.084s
2025-11-23 05:30:49.763 66178 INFO tempest.lib.common.rest_client [req-6689af56-644a-4b33-bcdb-d5934a3fe5cf req-6689af56-644a-4b33-bcdb-d5934a3fe5cf ] Request (FloatingIPsAssociationTestJSON:tearDownClass): 200 GET http://10.180.1.21/compute/v2.1/servers/92cf7152-7138-4f68-a3a3-c433071a7f89 0.070s
2025-11-23 05:30:49.817 66192 INFO tempest.lib.common.rest_client [req-366cc6c1-8f45-41ff-a527-36ef6f1746d1 req-366cc6c1-8f45-41ff-a527-36ef6f1746d1 ] Request (ServersListShow298Test:test_list_show_update_rebuild_server_298): 200 GET http://10.180.1.21/compute/v2.1/servers/2258e05e-241d-4799-9759-e14ac02f5d1d 0.092s
2025-11-23 05:30:49.848 66158 INFO tempest.lib.common.rest_client [req-2681171d-7d76-4e98-8e8f-99ced2891edc req-2681171d-7d76-4e98-8e8f-99ced2891edc ] Request (MultipleCreateTestJSON:_run_cleanups): 200 GET http://10.180.1.21/compute/v2.1/servers/c27e0fb8-a5cb-433f-ad38-d3fc90fd8064 0.087s
2025-11-23 05:30:49.869 66174 INFO tempest.lib.common.rest_client [req-296785b6-363d-4044-8939-d5446c6d39ac req-296785b6-363d-4044-8939-d5446c6d39ac ] Request (ServerDiagnosticsV248Test:test_get_server_diagnostics): 200 GET http://10.180.1.21/compute/v2.1/servers/b60a31e9-8b1f-4c24-b6b3-b6cf15cd2df4 0.091s
2025-11-23 05:30:49.871 66180 INFO tempest.lib.common.rest_client [req-28524e67-5e51-4a21-b5ab-542e7710a026 req-28524e67-5e51-4a21-b5ab-542e7710a026 ] Request (ServersTestBootFromVolume:tearDownClass): 404 GET http://10.180.1.21/compute/v2.1/servers/6197619a-342a-4ab0-9bcd-aaae2ab0de8c 0.032s
2025-11-23 05:30:49.892 66180 INFO tempest.lib.common.rest_client [req-ec98d903-596c-4bc5-9986-41a16d0c77c0 req-ec98d903-596c-4bc5-9986-41a16d0c77c0 ] Request (ServersTestBootFromVolume:tearDownClass): 202 DELETE http://10.180.1.21/compute/v2.1/os-keypairs/tempest-keypair-484911552 0.021s
2025-11-23 05:30:49.920 66172 INFO tempest.lib.common.rest_client [req-9e2d95c6-42e4-4a68-90f2-e0eca4e432ea req-9e2d95c6-42e4-4a68-90f2-e0eca4e432ea ] Request (ImagesTestJSON:test_create_server_from_snapshot): 200 GET http://10.180.1.21/compute/v2.1/servers/248bad78-5ecf-49e6-a2c0-ec9a99dec831 0.078s
2025-11-23 05:30:49.956 66162 INFO tempest.lib.common.rest_client [req-eaa392ab-ab85-4774-8bcc-2556b16da0e0 req-eaa392ab-ab85-4774-8bcc-2556b16da0e0 ] Request (SecurityGroupsTestJSON:test_server_security_groups): 200 GET http://10.180.1.21/compute/v2.1/servers/55128a66-2320-48f0-a7b0-9b809de89974 0.057s
2025-11-23 05:30:49.976 66152 INFO tempest.lib.common.rest_client [req-67e4ccc1-8557-43ea-a869-fbe77252c28a req-67e4ccc1-8557-43ea-a869-fbe77252c28a ] Request (ServersNegativeTestJSON:setUpClass): 200 GET http://10.180.1.21/compute/v2.1/servers/c94be035-0f2d-4f7b-b196-cb5d02ff61cb 0.049s
2025-11-23 05:30:49.977 66180 INFO tempest.lib.common.rest_client [req-f8bef0e7-ae6d-4249-9d0b-89be6311845f req-f8bef0e7-ae6d-4249-9d0b-89be6311845f ] Request (ServersTestBootFromVolume:tearDownClass): 204 DELETE http://10.180.1.21/networking/v2.0/security-groups/1723657c-045d-4e76-905a-f1602b6cbec4 0.085s
2025-11-23 05:30:49.987 66180 INFO tempest.lib.common.rest_client [req-44ebcd42-a31c-44ae-8f0b-0eb1bc8cdff2 req-44ebcd42-a31c-44ae-8f0b-0eb1bc8cdff2 ] Request (ServersTestBootFromVolume:tearDownClass): 404 GET http://10.180.1.21/networking/v2.0/security-groups/1723657c-045d-4e76-905a-f1602b6cbec4 0.009s
2025-11-23 05:30:50.185 66180 INFO tempest.lib.common.rest_client [req-25690270-13d0-4e5b-824f-2d90d3f75fb3 req-25690270-13d0-4e5b-824f-2d90d3f75fb3 ] Request (ServersTestBootFromVolume:tearDownClass): 204 DELETE http://10.180.1.21/networking/v2.0/floatingips/4d5f03ed-24e6-4633-8d5c-a5db7a52450a 0.197s
2025-11-23 05:30:50.368 66208 INFO tempest.lib.common.rest_client [req-9c466f11-6333-4601-a982-ca32c47ca8a7 req-9c466f11-6333-4601-a982-ca32c47ca8a7 ] Request (ImagesOneServerNegativeTestJSON:_run_cleanups): 200 GET http://10.180.1.21/compute/v2.1/servers/0d831cb4-6f13-41b2-9d96-300aaacbc764 0.095s
2025-11-23 05:30:50.378 66208 INFO tempest.common.waiters [-] State transition "ACTIVE/deleting" ==> "DELETED/None" after 5 second wait
2025-11-23 05:30:50.413 66197 INFO tempest.lib.common.rest_client [req-1beb815e-79ce-42ce-815e-f2c0bacef2ed req-1beb815e-79ce-42ce-815e-f2c0bacef2ed ] Request (ServerActionsTestOtherA:test_rebuild_server_in_stop_state): 200 GET http://10.180.1.21/compute/v2.1/servers/b1a6869e-577a-4c26-adf3-8919d827ea2e 0.076s
2025-11-23 05:30:50.469 66198 INFO tempest.lib.common.rest_client [req-d591e0f3-6770-44a4-a0b1-17ada387a4a9 req-d591e0f3-6770-44a4-a0b1-17ada387a4a9 ] Request (MigrationsAdminTest:test_resize_server_revert_deleted_flavor): 200 GET http://10.180.1.21/compute/v2.1/servers/21bd6276-6f01-4292-8c49-3474685f8466 0.121s
2025-11-23 05:30:50.483 66156 INFO tempest.lib.common.rest_client [req-328817c1-5d82-4028-8665-28cded10604d req-328817c1-5d82-4028-8665-28cded10604d ] Request (ServerRescueNegativeTestJSON:test_rescued_vm_detach_volume): 200 GET http://10.180.1.21/compute/v2.1/servers/71be2679-a934-4709-9b7f-991ff7385512 0.089s
2025-11-23 05:30:50.520 66170 INFO tempest.lib.common.rest_client [req-b432592f-63db-4ef8-8bb0-adbffb1da104 req-b432592f-63db-4ef8-8bb0-adbffb1da104 ] Request (ImagesOneServerTestJSON:setUpClass): 200 GET http://10.180.1.21/compute/v2.1/servers/528a633b-b5c4-48b5-a0a0-d6dde3108f9f 0.118s
2025-11-23 05:30:50.532 66160 INFO tempest.lib.common.rest_client [req-4cac07cb-0975-478d-a301-b39284779347 req-4cac07cb-0975-478d-a301-b39284779347 ] Request (ServersTestJSON:test_create_specify_keypair): 200 GET http://10.180.1.21/compute/v2.1/servers/6412743a-0ac8-41a0-92aa-a361652c43e1 0.078s
2025-11-23 05:30:50.584 66164 INFO tempest.lib.common.rest_client [req-f45a1035-0e0a-4836-9434-f11dee725242 req-f45a1035-0e0a-4836-9434-f11dee725242 ] Request (ServersV294TestFqdnHostnames:tearDownClass): 200 GET http://10.180.1.21/compute/v2.1/servers/6f359e28-9919-4cb5-949d-6c66bd4e4ce6 0.113s
2025-11-23 05:30:50.663 66194 INFO tempest.lib.common.rest_client [req-d42b1600-2aff-40bf-ac0d-44e3598b26a1 req-d42b1600-2aff-40bf-ac0d-44e3598b26a1 ] Request (ServersAdminTestJSON:tearDownClass): 200 GET http://10.180.1.21/compute/v2.1/servers/b8344695-701f-44c8-906a-10ab326546c1 0.093s
2025-11-23 05:30:50.685 66206 INFO tempest.lib.common.rest_client [req-05bade63-4c28-4224-8da1-9da63ea29577 req-05bade63-4c28-4224-8da1-9da63ea29577 ] Request (ServerRescueTestJSONUnderV235:setUpClass): 200 GET http://10.180.1.21/compute/v2.1/servers/28e3baa9-4cd9-4a05-8949-f06709c259b3 0.132s
2025-11-23 05:30:50.727 66188 INFO tempest.lib.common.rest_client [req-ecaaa654-c04e-45a6-8602-a97c455871db req-ecaaa654-c04e-45a6-8602-a97c455871db ] Request (ServersAdminNegativeTestJSON:tearDownClass): 200 GET http://10.180.1.21/compute/v2.1/servers/b34dbbfa-846c-4849-8afc-894be0b70068 0.054s
2025-11-23 05:30:50.740 66202 INFO tempest.lib.common.rest_client [req-a280dc74-f87a-4bdf-8e5e-9ca5ba97c216 req-a280dc74-f87a-4bdf-8e5e-9ca5ba97c216 ] Request (ServerDiskConfigTestJSON:test_rebuild_server_with_manual_disk_config): 200 GET http://10.180.1.21/compute/v2.1/servers/746b7185-90a5-423b-b4da-428f754c471d 0.052s
2025-11-23 05:30:50.798 66190 INFO tempest.lib.common.rest_client [req-8623b6f0-179e-4371-bea9-c2c08f028a81 req-8623b6f0-179e-4371-bea9-c2c08f028a81 ] Request (DeleteServersTestJSON:test_delete_server_while_in_attached_volume): 200 GET http://10.180.1.21/compute/v2.1/servers/041365df-e115-4857-8a0a-5e2fc528315f 0.062s
2025-11-23 05:30:50.842 66178 INFO tempest.lib.common.rest_client [req-a4632ac5-dbce-4a4e-85e5-3f27b852169b req-a4632ac5-dbce-4a4e-85e5-3f27b852169b ] Request (FloatingIPsAssociationTestJSON:tearDownClass): 200 GET http://10.180.1.21/compute/v2.1/servers/92cf7152-7138-4f68-a3a3-c433071a7f89 0.069s
2025-11-23 05:30:50.912 66192 INFO tempest.lib.common.rest_client [req-7d33458b-5d33-4b13-9cbd-8fe5f1a9c727 req-7d33458b-5d33-4b13-9cbd-8fe5f1a9c727 ] Request (ServersListShow298Test:test_list_show_update_rebuild_server_298): 200 GET http://10.180.1.21/compute/v2.1/servers/2258e05e-241d-4799-9759-e14ac02f5d1d 0.083s
2025-11-23 05:30:50.918 66158 INFO tempest.lib.common.rest_client [req-bd33ef9b-ac04-4a22-ba60-51e01f0c3dec req-bd33ef9b-ac04-4a22-ba60-51e01f0c3dec ] Request (MultipleCreateTestJSON:_run_cleanups): 200 GET http://10.180.1.21/compute/v2.1/servers/c27e0fb8-a5cb-433f-ad38-d3fc90fd8064 0.062s
2025-11-23 05:30:50.950 66180 INFO tempest.lib.common.rest_client [req-795d8221-9ac8-4013-b286-457c87087ee3 req-795d8221-9ac8-4013-b286-457c87087ee3 ] Request (ServersTestBootFromVolume:tearDownClass): 200 PUT http://10.180.1.21/networking/v2.0/routers/4affa4b8-ee52-40d0-afdf-3d961934baf1/remove_router_interface 0.765s
2025-11-23 05:30:50.959 66174 INFO tempest.lib.common.rest_client [req-a924107e-4c69-43b0-a3da-333d6f7fb44f req-a924107e-4c69-43b0-a3da-333d6f7fb44f ] Request (ServerDiagnosticsV248Test:test_get_server_diagnostics): 200 GET http://10.180.1.21/compute/v2.1/servers/b60a31e9-8b1f-4c24-b6b3-b6cf15cd2df4 0.080s
2025-11-23 05:30:50.984 66172 INFO tempest.lib.common.rest_client [req-e9f9780e-b553-4ba7-ad21-c7d338b0be4d req-e9f9780e-b553-4ba7-ad21-c7d338b0be4d ] Request (ImagesTestJSON:test_create_server_from_snapshot): 200 GET http://10.180.1.21/compute/v2.1/servers/248bad78-5ecf-49e6-a2c0-ec9a99dec831 0.055s
2025-11-23 05:30:51.021 66162 INFO tempest.lib.common.rest_client [req-51450f3b-9d23-4f19-9fd0-666a9552d213 req-51450f3b-9d23-4f19-9fd0-666a9552d213 ] Request (SecurityGroupsTestJSON:test_server_security_groups): 200 GET http://10.180.1.21/compute/v2.1/servers/55128a66-2320-48f0-a7b0-9b809de89974 0.059s
2025-11-23 05:30:51.036 66152 INFO tempest.lib.common.rest_client [req-375d5e5e-5351-4cdf-8914-2a2855bb9783 req-375d5e5e-5351-4cdf-8914-2a2855bb9783 ] Request (ServersNegativeTestJSON:setUpClass): 200 GET http://10.180.1.21/compute/v2.1/servers/c94be035-0f2d-4f7b-b196-cb5d02ff61cb 0.052s
2025-11-23 05:30:51.312 66180 INFO tempest.lib.common.rest_client [req-01ebc553-0afe-4e01-9293-67b062e6a9af req-01ebc553-0afe-4e01-9293-67b062e6a9af ] Request (ServersTestBootFromVolume:tearDownClass): 204 DELETE http://10.180.1.21/networking/v2.0/routers/4affa4b8-ee52-40d0-afdf-3d961934baf1 0.361s
2025-11-23 05:30:51.447 66180 INFO tempest.lib.common.rest_client [req-e763276c-7ed6-49ef-ad61-23cfeeda59ff req-e763276c-7ed6-49ef-ad61-23cfeeda59ff ] Request (ServersTestBootFromVolume:tearDownClass): 204 DELETE http://10.180.1.21/networking/v2.0/subnets/b3bc98d6-bbdc-4080-8b2a-2b183a14696b 0.134s
2025-11-23 05:30:51.459 66208 INFO tempest.lib.common.rest_client [req-42f6b53e-5cfe-42d7-abc0-cd944fd4f262 req-42f6b53e-5cfe-42d7-abc0-cd944fd4f262 ] Request (ImagesOneServerNegativeTestJSON:_run_cleanups): 200 GET http://10.180.1.21/compute/v2.1/servers/0d831cb4-6f13-41b2-9d96-300aaacbc764 0.079s
2025-11-23 05:30:51.473 66197 INFO tempest.lib.common.rest_client [req-1ea7f32f-2ba4-48ea-96d0-5e7fdcfd672c req-1ea7f32f-2ba4-48ea-96d0-5e7fdcfd672c ] Request (ServerActionsTestOtherA:test_rebuild_server_in_stop_state): 200 GET http://10.180.1.21/compute/v2.1/servers/b1a6869e-577a-4c26-adf3-8919d827ea2e 0.051s
2025-11-23 05:30:51.582 66156 INFO tempest.lib.common.rest_client [req-54917fa9-47a2-4dcc-9594-a9947c2feeda req-54917fa9-47a2-4dcc-9594-a9947c2feeda ] Request (ServerRescueNegativeTestJSON:test_rescued_vm_detach_volume): 200 GET http://10.180.1.21/compute/v2.1/servers/71be2679-a934-4709-9b7f-991ff7385512 0.091s
2025-11-23 05:30:51.621 66198 INFO tempest.lib.common.rest_client [req-4c7e9651-cdb1-4a7c-8751-e91b6bda2115 req-4c7e9651-cdb1-4a7c-8751-e91b6bda2115 ] Request (MigrationsAdminTest:test_resize_server_revert_deleted_flavor): 200 GET http://10.180.1.21/compute/v2.1/servers/21bd6276-6f01-4292-8c49-3474685f8466 0.143s
2025-11-23 05:30:51.642 66170 INFO tempest.lib.common.rest_client [req-45ccc101-e369-4d54-9cd6-90f511759c4d req-45ccc101-e369-4d54-9cd6-90f511759c4d ] Request (ImagesOneServerTestJSON:setUpClass): 200 GET http://10.180.1.21/compute/v2.1/servers/528a633b-b5c4-48b5-a0a0-d6dde3108f9f 0.115s
2025-11-23 05:30:51.676 66160 INFO tempest.lib.common.rest_client [req-6ec562ef-9d93-4436-985a-1beb44aff101 req-6ec562ef-9d93-4436-985a-1beb44aff101 ] Request (ServersTestJSON:test_create_specify_keypair): 200 GET http://10.180.1.21/compute/v2.1/servers/6412743a-0ac8-41a0-92aa-a361652c43e1 0.136s
2025-11-23 05:30:51.713 66164 INFO tempest.lib.common.rest_client [req-50b88115-7199-444f-ba19-cd589ef7620d req-50b88115-7199-444f-ba19-cd589ef7620d ] Request (ServersV294TestFqdnHostnames:tearDownClass): 200 GET http://10.180.1.21/compute/v2.1/servers/6f359e28-9919-4cb5-949d-6c66bd4e4ce6 0.118s
2025-11-23 05:30:51.746 66180 INFO tempest.lib.common.rest_client [req-e0f4df77-6e6e-45d8-a6ba-7b36041dfaf8 req-e0f4df77-6e6e-45d8-a6ba-7b36041dfaf8 ] Request (ServersTestBootFromVolume:tearDownClass): 204 DELETE http://10.180.1.21/networking/v2.0/networks/7e540f9a-9939-4caa-b7b5-02a0a4d9f48e 0.299s
2025-11-23 05:30:51.748 66194 INFO tempest.lib.common.rest_client [req-d9f42bd7-bc12-4dab-82c3-d1e113168b4e req-d9f42bd7-bc12-4dab-82c3-d1e113168b4e ] Request (ServersAdminTestJSON:tearDownClass): 200 GET http://10.180.1.21/compute/v2.1/servers/b8344695-701f-44c8-906a-10ab326546c1 0.077s
2025-11-23 05:30:51.801 66188 INFO tempest.lib.common.rest_client [req-8aaf20a9-0775-4d30-a8c7-c8aa6e6f115a req-8aaf20a9-0775-4d30-a8c7-c8aa6e6f115a ] Request (ServersAdminNegativeTestJSON:tearDownClass): 200 GET http://10.180.1.21/compute/v2.1/servers/b34dbbfa-846c-4849-8afc-894be0b70068 0.067s
2025-11-23 05:30:51.809 66188 INFO tempest.common.waiters [-] State transition "ACTIVE/deleting" ==> "DELETED/None" after 4 second wait
2025-11-23 05:30:51.833 66180 INFO tempest.lib.common.rest_client [req-7e478e95-cd87-4686-a263-4379a2ca39ce req-7e478e95-cd87-4686-a263-4379a2ca39ce ] Request (ServersTestBootFromVolume:tearDownClass): 204 DELETE http://10.180.1.21/identity/v3/users/e6863db045ca43be988d4e5ce556f1ce 0.086s
2025-11-23 05:30:51.833 66180 INFO tempest.lib.common.dynamic_creds [-] Deleting project and security group for project: 96c398231b4f43da942c7829eb309411
2025-11-23 05:30:51.844 66206 INFO tempest.lib.common.rest_client [req-90951ba5-93d1-4f9e-9083-ea52ee981525 req-90951ba5-93d1-4f9e-9083-ea52ee981525 ] Request (ServerRescueTestJSONUnderV235:setUpClass): 200 GET http://10.180.1.21/compute/v2.1/servers/28e3baa9-4cd9-4a05-8949-f06709c259b3 0.151s
2025-11-23 05:30:51.851 66206 INFO tempest.common.waiters [-] State transition "BUILD/spawning" ==> "ACTIVE/None" after 52 second wait
2025-11-23 05:30:51.851 66202 INFO tempest.lib.common.rest_client [req-59386df7-c395-4d68-82a5-a66917f6537e req-59386df7-c395-4d68-82a5-a66917f6537e ] Request (ServerDiskConfigTestJSON:test_rebuild_server_with_manual_disk_config): 200 GET http://10.180.1.21/compute/v2.1/servers/746b7185-90a5-423b-b4da-428f754c471d 0.104s
2025-11-23 05:30:51.860 66180 INFO tempest.lib.common.rest_client [req-0b6f8637-d709-4284-899c-a847307d2d05 req-0b6f8637-d709-4284-899c-a847307d2d05 ] Request (ServersTestBootFromVolume:tearDownClass): 200 GET http://10.180.1.21/networking/v2.0/security-groups?tenant_id=96c398231b4f43da942c7829eb309411&name=default 0.026s
2025-11-23 05:30:51.904 66190 INFO tempest.lib.common.rest_client [req-be781349-c056-4a44-a4f4-9335616189cd req-be781349-c056-4a44-a4f4-9335616189cd ] Request (DeleteServersTestJSON:test_delete_server_while_in_attached_volume): 200 GET http://10.180.1.21/compute/v2.1/servers/041365df-e115-4857-8a0a-5e2fc528315f 0.097s
2025-11-23 05:30:51.917 66178 INFO tempest.lib.common.rest_client [req-fd6f36b5-4a27-4def-9e89-e8b088d38d54 req-fd6f36b5-4a27-4def-9e89-e8b088d38d54 ] Request (FloatingIPsAssociationTestJSON:tearDownClass): 200 GET http://10.180.1.21/compute/v2.1/servers/92cf7152-7138-4f68-a3a3-c433071a7f89 0.066s
2025-11-23 05:30:51.938 66187 WARNING tempest.lib.common.ssh [-] Failed to establish authenticated ssh connection to cirros@10.180.180.136 ([Errno None] Unable to connect to port 22 on 10.180.180.136). Number attempts: 2. Retry after 3 seconds.: paramiko.ssh_exception.NoValidConnectionsError: [Errno None] Unable to connect to port 22 on 10.180.180.136
2025-11-23 05:30:51.983 66180 INFO tempest.lib.common.rest_client [req-262ba095-4a67-405d-b70a-db11d933311c req-262ba095-4a67-405d-b70a-db11d933311c ] Request (ServersTestBootFromVolume:tearDownClass): 204 DELETE http://10.180.1.21/networking/v2.0/security-groups/2e502122-c639-427c-b46c-af902d96ba6a 0.122s
2025-11-23 05:30:51.991 66206 INFO tempest.lib.common.rest_client [req-45620b5e-2e2c-4163-8f32-d3b3d265f30e req-45620b5e-2e2c-4163-8f32-d3b3d265f30e ] Request (ServerRescueTestJSONUnderV235:setUpClass): 200 POST http://10.180.1.21/compute/v2.1/servers/28e3baa9-4cd9-4a05-8949-f06709c259b3/action 0.139s
2025-11-23 05:30:52.051 66158 INFO tempest.lib.common.rest_client [req-140d3c27-4544-4527-9357-1160f9cc5309 req-140d3c27-4544-4527-9357-1160f9cc5309 ] Request (MultipleCreateTestJSON:_run_cleanups): 200 GET http://10.180.1.21/compute/v2.1/servers/c27e0fb8-a5cb-433f-ad38-d3fc90fd8064 0.124s
2025-11-23 05:30:52.081 66180 INFO tempest.lib.common.rest_client [req-c259087f-ff35-4995-988c-8cdb1cfe01e0 req-c259087f-ff35-4995-988c-8cdb1cfe01e0 ] Request (ServersTestBootFromVolume:tearDownClass): 204 DELETE http://10.180.1.21/identity/v3/projects/96c398231b4f43da942c7829eb309411 0.097s
2025-11-23 05:30:52.130 66174 INFO tempest.lib.common.rest_client [req-a5b17c72-30e9-4472-b490-0e8d02b35698 req-a5b17c72-30e9-4472-b490-0e8d02b35698 ] Request (ServerDiagnosticsV248Test:test_get_server_diagnostics): 200 GET http://10.180.1.21/compute/v2.1/servers/b60a31e9-8b1f-4c24-b6b3-b6cf15cd2df4 0.160s
2025-11-23 05:30:52.145 66180 INFO tempest.lib.common.rest_client [req-571a88c4-5b66-4ab7-a361-de7cdefae3e9 req-571a88c4-5b66-4ab7-a361-de7cdefae3e9 ] Request (ServerMetadataNegativeTestJSON:setUpClass): 201 POST http://10.180.1.21/identity/v3/auth/tokens 0.062s
2025-11-23 05:30:52.178 66180 INFO tempest.lib.common.rest_client [req-010440ce-4133-4191-b9f9-99820b9e0011 req-010440ce-4133-4191-b9f9-99820b9e0011 ] Request (ServerMetadataNegativeTestJSON:setUpClass): 201 POST http://10.180.1.21/identity/v3/auth/tokens 0.030s
2025-11-23 05:30:52.212 66180 INFO tempest.lib.common.rest_client [req-acbae7f6-f973-441b-bc20-71b755c2b209 req-acbae7f6-f973-441b-bc20-71b755c2b209 ] Request (ServerMetadataNegativeTestJSON:setUpClass): 200 GET http://10.180.1.21/identity/v3/domains?name=Default 0.033s
2025-11-23 05:30:52.247 66206 INFO tempest.lib.common.rest_client [req-56590a3d-d038-4e08-9302-9d9c1b10da95 req-56590a3d-d038-4e08-9302-9d9c1b10da95 ] Request (ServerRescueTestJSONUnderV235:setUpClass): 200 GET http://10.180.1.21/compute/v2.1/servers/28e3baa9-4cd9-4a05-8949-f06709c259b3 0.255s
2025-11-23 05:30:52.269 66180 INFO tempest.lib.common.rest_client [req-d72db104-3b5f-44f3-b7b3-62c6318b914e req-d72db104-3b5f-44f3-b7b3-62c6318b914e ] Request (ServerMetadataNegativeTestJSON:setUpClass): 201 POST http://10.180.1.21/identity/v3/projects 0.056s
2025-11-23 05:30:52.349 66172 INFO tempest.lib.common.rest_client [req-c831792a-45e2-4586-85df-385b01dc0625 req-c831792a-45e2-4586-85df-385b01dc0625 ] Request (ImagesTestJSON:test_create_server_from_snapshot): 200 GET http://10.180.1.21/compute/v2.1/servers/248bad78-5ecf-49e6-a2c0-ec9a99dec831 0.356s
2025-11-23 05:30:52.356 66172 INFO tempest.common.waiters [-] State transition "BUILD/None" ==> "BUILD/networking" after 46 second wait
2025-11-23 05:30:52.364 66180 INFO tempest.lib.common.rest_client [req-be639b1f-4c4b-4089-8dac-0a234ddc0722 req-be639b1f-4c4b-4089-8dac-0a234ddc0722 ] Request (ServerMetadataNegativeTestJSON:setUpClass): 201 POST http://10.180.1.21/identity/v3/users 0.095s
2025-11-23 05:30:52.408 66180 INFO tempest.lib.common.rest_client [req-77db7a63-cca6-4e8f-884e-df559924638b req-77db7a63-cca6-4e8f-884e-df559924638b ] Request (ServerMetadataNegativeTestJSON:setUpClass): 200 GET http://10.180.1.21/identity/v3/roles 0.039s
2025-11-23 05:30:52.422 66192 INFO tempest.lib.common.rest_client [req-6866f8b0-0452-4207-b9d6-dad843252c1c req-6866f8b0-0452-4207-b9d6-dad843252c1c ] Request (ServersListShow298Test:test_list_show_update_rebuild_server_298): 200 GET http://10.180.1.21/compute/v2.1/servers/2258e05e-241d-4799-9759-e14ac02f5d1d 0.498s
2025-11-23 05:30:52.435 66162 INFO tempest.lib.common.rest_client [req-5367a2b4-f4e9-465d-827a-2214779e97b1 req-5367a2b4-f4e9-465d-827a-2214779e97b1 ] Request (SecurityGroupsTestJSON:test_server_security_groups): 200 GET http://10.180.1.21/compute/v2.1/servers/55128a66-2320-48f0-a7b0-9b809de89974 0.405s
2025-11-23 05:30:52.451 66180 INFO tempest.lib.common.rest_client [req-aa174a55-16fc-4ed1-a332-05194c8fd050 req-aa174a55-16fc-4ed1-a332-05194c8fd050 ] Request (ServerMetadataNegativeTestJSON:setUpClass): 204 PUT http://10.180.1.21/identity/v3/projects/77d85624fb364147aee3ce4f7fb0bb4f/users/e85e773f3a4b43e69d78fa7d04662002/roles/1c8baa65c196402dba23bb2988ee1938 0.042s
2025-11-23 05:30:52.451 66180 INFO tempest.lib.common.dynamic_creds [-] Dynamic test user e85e773f3a4b43e69d78fa7d04662002 is created with scope project and roles: ['member']
2025-11-23 05:30:52.451 66180 INFO tempest.lib.common.dynamic_creds [-] Acquired dynamic creds: credentials: Credentials: {'domain_id': 'default', 'domain_name': 'Default', 'username': 'tempest-ServerMetadataNegativeTestJSON-1690454738-project-member', 'project_domain_id': 'default', 'project_domain_name': 'Default', 'project_id': '77d85624fb364147aee3ce4f7fb0bb4f', 'project_name': 'tempest-ServerMetadataNegativeTestJSON-1690454738', 'tenant_id': '77d85624fb364147aee3ce4f7fb0bb4f', 'tenant_name': 'tempest-ServerMetadataNegativeTestJSON-1690454738', 'user_domain_id': 'default', 'user_domain_name': 'Default', 'user_id': 'e85e773f3a4b43e69d78fa7d04662002', 'system': None}, Network: None, Subnet: None, Router: None
2025-11-23 05:30:52.482 66152 INFO tempest.lib.common.rest_client [req-398ac544-c495-459a-94f0-d5e000264d19 req-398ac544-c495-459a-94f0-d5e000264d19 ] Request (ServersNegativeTestJSON:setUpClass): 200 GET http://10.180.1.21/compute/v2.1/servers/c94be035-0f2d-4f7b-b196-cb5d02ff61cb 0.438s
2025-11-23 05:30:52.519 66180 INFO tempest.lib.common.rest_client [req-30abd2b1-79b4-4c86-9987-a4898cb155d7 req-30abd2b1-79b4-4c86-9987-a4898cb155d7 ] Request (ServerMetadataNegativeTestJSON:setUpClass): 201 POST http://10.180.1.21/identity/v3/auth/tokens 0.068s
2025-11-23 05:30:52.532 66197 INFO tempest.lib.common.rest_client [req-87100c67-dd64-48ae-b788-7ea047a67f0d req-87100c67-dd64-48ae-b788-7ea047a67f0d ] Request (ServerActionsTestOtherA:test_rebuild_server_in_stop_state): 200 GET http://10.180.1.21/compute/v2.1/servers/b1a6869e-577a-4c26-adf3-8919d827ea2e 0.051s
2025-11-23 05:30:52.544 66208 INFO tempest.lib.common.rest_client [req-e9aefcd2-71dc-44f3-af54-418b4be388c8 req-e9aefcd2-71dc-44f3-af54-418b4be388c8 ] Request (ImagesOneServerNegativeTestJSON:_run_cleanups): 200 GET http://10.180.1.21/compute/v2.1/servers/0d831cb4-6f13-41b2-9d96-300aaacbc764 0.074s
2025-11-23 05:30:52.781 66156 INFO tempest.lib.common.rest_client [req-57c12fb0-9127-4163-8d25-1a82d1f6544f req-57c12fb0-9127-4163-8d25-1a82d1f6544f ] Request (ServerRescueNegativeTestJSON:test_rescued_vm_detach_volume): 200 GET http://10.180.1.21/compute/v2.1/servers/71be2679-a934-4709-9b7f-991ff7385512 0.191s
2025-11-23 05:30:52.785 66180 INFO tempest.lib.common.rest_client [req-b589520c-3f85-4cea-aed4-90d2114782f0 req-b589520c-3f85-4cea-aed4-90d2114782f0 ] Request (ServerMetadataNegativeTestJSON:setUpClass): 201 POST http://10.180.1.21/networking/v2.0/networks 0.265s
2025-11-23 05:30:52.983 66180 INFO tempest.lib.common.rest_client [req-9119a9df-b4e7-4c15-8f1c-ed4b6d8640a2 req-9119a9df-b4e7-4c15-8f1c-ed4b6d8640a2 ] Request (ServerMetadataNegativeTestJSON:setUpClass): 201 POST http://10.180.1.21/networking/v2.0/subnets 0.198s
2025-11-23 05:30:53.024 66198 INFO tempest.lib.common.rest_client [req-c2b1bc44-c59b-4a73-a4df-67ed6ac5ae50 req-c2b1bc44-c59b-4a73-a4df-67ed6ac5ae50 ] Request (MigrationsAdminTest:test_resize_server_revert_deleted_flavor): 200 GET http://10.180.1.21/compute/v2.1/servers/21bd6276-6f01-4292-8c49-3474685f8466 0.395s
2025-11-23 05:30:53.036 66170 INFO tempest.lib.common.rest_client [req-1de8ac77-772a-46ae-8f01-43a47ad13aa9 req-1de8ac77-772a-46ae-8f01-43a47ad13aa9 ] Request (ImagesOneServerTestJSON:setUpClass): 200 GET http://10.180.1.21/compute/v2.1/servers/528a633b-b5c4-48b5-a0a0-d6dde3108f9f 0.386s
2025-11-23 05:30:53.720 66180 INFO tempest.lib.common.rest_client [req-f85735fd-f155-41f0-a9d5-52b64c45b741 req-f85735fd-f155-41f0-a9d5-52b64c45b741 ] Request (ServerMetadataNegativeTestJSON:setUpClass): 201 POST http://10.180.1.21/networking/v2.0/routers 0.736s
2025-11-23 05:30:53.775 66160 INFO tempest.lib.common.rest_client [req-c32bfac1-a8bc-4db3-ad9d-475042ec57ec req-c32bfac1-a8bc-4db3-ad9d-475042ec57ec ] Request (ServersTestJSON:test_create_specify_keypair): 200 GET http://10.180.1.21/compute/v2.1/servers/6412743a-0ac8-41a0-92aa-a361652c43e1 1.090s
2025-11-23 05:30:53.790 66164 INFO tempest.lib.common.rest_client [req-ace69e6a-6112-4f10-b753-246a016271e3 req-ace69e6a-6112-4f10-b753-246a016271e3 ] Request (ServersV294TestFqdnHostnames:tearDownClass): 200 GET http://10.180.1.21/compute/v2.1/servers/6f359e28-9919-4cb5-949d-6c66bd4e4ce6 1.066s
2025-11-23 05:30:54.464 66194 INFO tempest.lib.common.rest_client [req-74e9cda6-d1aa-4ee1-a604-98a2749660af req-74e9cda6-d1aa-4ee1-a604-98a2749660af ] Request (ServersAdminTestJSON:tearDownClass): 200 GET http://10.180.1.21/compute/v2.1/servers/b8344695-701f-44c8-906a-10ab326546c1 1.708s
2025-11-23 05:30:54.479 66188 INFO tempest.lib.common.rest_client [req-fe983699-5585-44e0-8830-b697f094cc9b req-fe983699-5585-44e0-8830-b697f094cc9b ] Request (ServersAdminNegativeTestJSON:tearDownClass): 200 GET http://10.180.1.21/compute/v2.1/servers/b34dbbfa-846c-4849-8afc-894be0b70068 1.669s
2025-11-23 05:30:54.554 66202 INFO tempest.lib.common.rest_client [req-039d357d-7fe1-42a6-88e6-1159d2ecdbde req-039d357d-7fe1-42a6-88e6-1159d2ecdbde ] Request (ServerDiskConfigTestJSON:test_rebuild_server_with_manual_disk_config): 200 GET http://10.180.1.21/compute/v2.1/servers/746b7185-90a5-423b-b4da-428f754c471d 1.692s
2025-11-23 05:30:54.566 66190 INFO tempest.lib.common.rest_client [req-a35e83b3-75a2-4f2e-bec1-11c610841e13 req-a35e83b3-75a2-4f2e-bec1-11c610841e13 ] Request (DeleteServersTestJSON:test_delete_server_while_in_attached_volume): 200 GET http://10.180.1.21/compute/v2.1/servers/041365df-e115-4857-8a0a-5e2fc528315f 1.655s
2025-11-23 05:30:54.585 66158 INFO tempest.lib.common.rest_client [req-28a6eed5-72c2-431e-8d50-9a9d5edb5ffd req-28a6eed5-72c2-431e-8d50-9a9d5edb5ffd ] Request (MultipleCreateTestJSON:_run_cleanups): 404 GET http://10.180.1.21/compute/v2.1/servers/c27e0fb8-a5cb-433f-ad38-d3fc90fd8064 1.523s
2025-11-23 05:30:54.641 66180 INFO tempest.lib.common.rest_client [req-129ac3c8-7a77-4016-86b5-7a46ca228a7b req-129ac3c8-7a77-4016-86b5-7a46ca228a7b ] Request (ServerMetadataNegativeTestJSON:setUpClass): 200 PUT http://10.180.1.21/networking/v2.0/routers/34e2a003-f8a5-43be-924e-c131be122467/add_router_interface 0.921s
2025-11-23 05:30:54.641 66180 INFO tempest.lib.common.dynamic_creds [-] Created isolated network resources for: credentials: Credentials: {'domain_id': 'default', 'domain_name': 'Default', 'username': 'tempest-ServerMetadataNegativeTestJSON-1690454738-project-member', 'project_domain_id': 'default', 'project_domain_name': 'Default', 'project_id': '77d85624fb364147aee3ce4f7fb0bb4f', 'project_name': 'tempest-ServerMetadataNegativeTestJSON-1690454738', 'tenant_id': '77d85624fb364147aee3ce4f7fb0bb4f', 'tenant_name': 'tempest-ServerMetadataNegativeTestJSON-1690454738', 'user_domain_id': 'default', 'user_domain_name': 'Default', 'user_id': 'e85e773f3a4b43e69d78fa7d04662002', 'system': None}, Network: {'id': '544e97af-e5d1-4c23-b4e9-4e793614c16d', 'name': 'tempest-ServerMetadataNegativeTestJSON-1102921595-network', 'tenant_id': '77d85624fb364147aee3ce4f7fb0bb4f', 'project_id': '77d85624fb364147aee3ce4f7fb0bb4f', 'admin_state_up': True, 'mtu': 8950, 'status': 'ACTIVE', 'subnets': [], 'shared': False, 'port_security_enabled': True, 'router:external': False, 'provider:network_type': 'vlan', 'provider:physical_network': 'default', 'provider:segmentation_id': 550, 'availability_zone_hints': [], 'availability_zones': [], 'ipv4_address_scope': None, 'ipv6_address_scope': None, 'description': '', 'tags': [], 'created_at': '2025-11-23T05:30:52Z', 'updated_at': '2025-11-23T05:30:52Z', 'revision_number': 1}, Subnet: {'id': 'd523948c-f6a0-488d-bd12-2738307a171b', 'name': 'tempest-ServerMetadataNegativeTestJSON-1102921595-subnet', 'tenant_id': '77d85624fb364147aee3ce4f7fb0bb4f', 'network_id': '544e97af-e5d1-4c23-b4e9-4e793614c16d', 'ip_version': 4, 'subnetpool_id': None, 'enable_dhcp': True, 'ipv6_ra_mode': None, 'ipv6_address_mode': None, 'gateway_ip': '192.168.128.1', 'cidr': '192.168.128.0/28', 'allocation_pools': [{'start': '192.168.128.2', 'end': '192.168.128.14'}], 'host_routes': [], 'dns_nameservers': [], 'description': '', 'router:external': False, 'service_types': [], 'tags': [], 'created_at': '2025-11-23T05:30:52Z', 'updated_at': '2025-11-23T05:30:52Z', 'revision_number': 0, 'project_id': '77d85624fb364147aee3ce4f7fb0bb4f'}, Router: {'id': '34e2a003-f8a5-43be-924e-c131be122467', 'name': 'tempest-ServerMetadataNegativeTestJSON-1102921595-router', 'tenant_id': '77d85624fb364147aee3ce4f7fb0bb4f', 'admin_state_up': True, 'status': 'ACTIVE', 'external_gateway_info': {'network_id': '277cd4dd-a3ab-424a-b2cf-421ba2cd99c2', 'external_fixed_ips': [{'subnet_id': '64e74495-c9bc-4d8d-9f39-17ed1ad9c0e6', 'ip_address': '10.180.180.142'}], 'enable_snat': True}, 'description': '', 'availability_zones': [], 'distributed': False, 'ha': False, 'availability_zone_hints': [], 'routes': [], 'flavor_id': None, 'tags': [], 'created_at': '2025-11-23T05:30:53Z', 'updated_at': '2025-11-23T05:30:53Z', 'revision_number': 2, 'project_id': '77d85624fb364147aee3ce4f7fb0bb4f'}
2025-11-23 05:30:54.648 66178 INFO tempest.lib.common.rest_client [req-3f89d8c0-c7ef-4b1f-b2e7-2239cfaf6cc4 req-3f89d8c0-c7ef-4b1f-b2e7-2239cfaf6cc4 ] Request (FloatingIPsAssociationTestJSON:tearDownClass): 200 GET http://10.180.1.21/compute/v2.1/servers/92cf7152-7138-4f68-a3a3-c433071a7f89 1.722s
2025-11-23 05:30:54.664 66174 INFO tempest.lib.common.rest_client [req-20eb31dc-b4ce-446c-b964-3f146f91eadc req-20eb31dc-b4ce-446c-b964-3f146f91eadc ] Request (ServerDiagnosticsV248Test:test_get_server_diagnostics): 200 GET http://10.180.1.21/compute/v2.1/servers/b60a31e9-8b1f-4c24-b6b3-b6cf15cd2df4 1.524s
2025-11-23 05:30:54.681 66174 INFO tempest.common.waiters [-] State transition "BUILD/spawning" ==> "ACTIVE/None" after 51 second wait
2025-11-23 05:30:54.744 66206 INFO tempest.lib.common.rest_client [req-a65554e4-6644-4d0b-8e73-9603b5809fa2 req-a65554e4-6644-4d0b-8e73-9603b5809fa2 ] Request (ServerRescueTestJSONUnderV235:setUpClass): 200 GET http://10.180.1.21/compute/v2.1/servers/28e3baa9-4cd9-4a05-8949-f06709c259b3 1.489s
2025-11-23 05:30:54.745 66180 INFO tempest.lib.common.rest_client [req-442b96d5-e937-4b5f-9422-d63281df254c req-442b96d5-e937-4b5f-9422-d63281df254c ] Request (ServerMetadataNegativeTestJSON:setUpClass): 201 POST http://10.180.1.21/identity/v3/auth/tokens 0.100s
2025-11-23 05:30:54.789 66172 INFO tempest.lib.common.rest_client [req-9b6a0369-8fdf-4a28-96a8-781fe970a649 req-9b6a0369-8fdf-4a28-96a8-781fe970a649 ] Request (ImagesTestJSON:test_create_server_from_snapshot): 200 GET http://10.180.1.21/compute/v2.1/servers/248bad78-5ecf-49e6-a2c0-ec9a99dec831 1.431s
2025-11-23 05:30:54.797 66172 INFO tempest.common.waiters [-] State transition "BUILD/networking" ==> "BUILD/spawning" after 48 second wait
2025-11-23 05:30:54.798 66180 INFO tempest.lib.common.rest_client [req-9a009dcb-afc3-47f3-8072-2c0adc941375 req-9a009dcb-afc3-47f3-8072-2c0adc941375 ] Request (ServerMetadataNegativeTestJSON:setUpClass): 201 POST http://10.180.1.21/identity/v3/auth/tokens 0.044s
2025-11-23 05:30:54.798 66180 INFO tempest.lib.common.fixed_network [-] (ServerMetadataNegativeTestJSON:setUpClass) Found network {'id': '544e97af-e5d1-4c23-b4e9-4e793614c16d', 'name': 'tempest-ServerMetadataNegativeTestJSON-1102921595-network', 'tenant_id': '77d85624fb364147aee3ce4f7fb0bb4f', 'project_id': '77d85624fb364147aee3ce4f7fb0bb4f', 'admin_state_up': True, 'mtu': 8950, 'status': 'ACTIVE', 'subnets': [], 'shared': False, 'port_security_enabled': True, 'router:external': False, 'provider:network_type': 'vlan', 'provider:physical_network': 'default', 'provider:segmentation_id': 550, 'availability_zone_hints': [], 'availability_zones': [], 'ipv4_address_scope': None, 'ipv6_address_scope': None, 'description': '', 'tags': [], 'created_at': '2025-11-23T05:30:52Z', 'updated_at': '2025-11-23T05:30:52Z', 'revision_number': 1} available for tenant
2025-11-23 05:30:54.820 66192 INFO tempest.lib.common.rest_client [req-652b1dc7-fab3-4afb-9467-ef0f9da5044c req-652b1dc7-fab3-4afb-9467-ef0f9da5044c ] Request (ServersListShow298Test:test_list_show_update_rebuild_server_298): 200 GET http://10.180.1.21/compute/v2.1/servers/2258e05e-241d-4799-9759-e14ac02f5d1d 1.383s
2025-11-23 05:30:54.865 66162 INFO tempest.lib.common.rest_client [req-4525fda4-8e0d-42bc-861d-5b5cc00b5ee5 req-4525fda4-8e0d-42bc-861d-5b5cc00b5ee5 ] Request (SecurityGroupsTestJSON:test_server_security_groups): 200 GET http://10.180.1.21/compute/v2.1/servers/55128a66-2320-48f0-a7b0-9b809de89974 1.421s
2025-11-23 05:30:54.882 66152 INFO tempest.lib.common.rest_client [req-e1078aa0-1458-41cb-a6ec-091228137cff req-e1078aa0-1458-41cb-a6ec-091228137cff ] Request (ServersNegativeTestJSON:setUpClass): 200 GET http://10.180.1.21/compute/v2.1/servers/c94be035-0f2d-4f7b-b196-cb5d02ff61cb 1.393s
2025-11-23 05:30:54.925 66197 INFO tempest.lib.common.rest_client [req-b1f1210b-6497-47d2-bad3-52b4590883de req-b1f1210b-6497-47d2-bad3-52b4590883de ] Request (ServerActionsTestOtherA:test_rebuild_server_in_stop_state): 200 GET http://10.180.1.21/compute/v2.1/servers/b1a6869e-577a-4c26-adf3-8919d827ea2e 1.382s
2025-11-23 05:30:54.948 66208 INFO tempest.lib.common.rest_client [req-ac536755-7af5-4c92-bb2e-461dde69049c req-ac536755-7af5-4c92-bb2e-461dde69049c ] Request (ImagesOneServerNegativeTestJSON:_run_cleanups): 200 GET http://10.180.1.21/compute/v2.1/servers/0d831cb4-6f13-41b2-9d96-300aaacbc764 1.396s
2025-11-23 05:30:54.983 66156 INFO tempest.lib.common.rest_client [req-27aff266-48e8-4b8c-9bdc-3857f51b4a6d req-27aff266-48e8-4b8c-9bdc-3857f51b4a6d ] Request (ServerRescueNegativeTestJSON:test_rescued_vm_detach_volume): 200 GET http://10.180.1.21/compute/v2.1/servers/71be2679-a934-4709-9b7f-991ff7385512 1.191s
2025-11-23 05:30:55.033 66170 INFO tempest.lib.common.rest_client [req-e5394d30-965d-41d8-b79b-5544f9b3b412 req-e5394d30-965d-41d8-b79b-5544f9b3b412 ] Request (ImagesOneServerTestJSON:setUpClass): 200 GET http://10.180.1.21/compute/v2.1/servers/528a633b-b5c4-48b5-a0a0-d6dde3108f9f 0.990s
2025-11-23 05:30:55.070 66198 INFO tempest.lib.common.rest_client [req-988fbc99-7526-4cf4-8026-12ba72bfa221 req-988fbc99-7526-4cf4-8026-12ba72bfa221 ] Request (MigrationsAdminTest:test_resize_server_revert_deleted_flavor): 200 GET http://10.180.1.21/compute/v2.1/servers/21bd6276-6f01-4292-8c49-3474685f8466 1.034s
