2025-12-09 00:47:42.173 65436 INFO tempest.lib.common.dynamic_creds [-] Deleting project and security group for project: 271501cb486143c7b02edac2502de3f5
2025-12-09 00:47:42.364 65464 INFO tempest.lib.common.rest_client [req-cbb75ad6-99b0-43ba-9c35-fab8b48e66d6 req-cbb75ad6-99b0-43ba-9c35-fab8b48e66d6 ] Request (SecurityGroupsNegativeTestJSON:tearDownClass): 204 DELETE http://10.180.1.21/networking/v2.0/routers/e461cd98-b9f3-42b3-8c47-8e88d93787fe 0.801s
2025-12-09 00:47:42.558 65436 INFO tempest.lib.common.rest_client [req-5a56af7d-7913-4d5e-a34f-2279d39039c2 req-5a56af7d-7913-4d5e-a34f-2279d39039c2 ] Request (QuotasAdminTestJSON:tearDownClass): 200 GET http://10.180.1.21/networking/v2.0/security-groups?tenant_id=271501cb486143c7b02edac2502de3f5&name=default 0.385s
2025-12-09 00:47:42.636 65464 INFO tempest.lib.common.rest_client [req-7f795540-3b7b-47f9-8db9-4f5ea65f9d26 req-7f795540-3b7b-47f9-8db9-4f5ea65f9d26 ] Request (SecurityGroupsNegativeTestJSON:tearDownClass): 204 DELETE http://10.180.1.21/networking/v2.0/subnets/a22b819c-6231-47e1-a6c0-79b89188afc1 0.271s
2025-12-09 00:47:42.742 65436 INFO tempest.lib.common.rest_client [req-2c13e9f5-7038-439f-94de-6e1c4f51765d req-2c13e9f5-7038-439f-94de-6e1c4f51765d ] Request (QuotasAdminTestJSON:tearDownClass): 204 DELETE http://10.180.1.21/networking/v2.0/security-groups/948976fb-ef98-48ac-8bae-24b71d9ecba9 0.184s
2025-12-09 00:47:42.796 65480 INFO tempest.lib.common.rest_client [req-966a3f7a-52db-409c-9554-eff9f7d2e2eb req-966a3f7a-52db-409c-9554-eff9f7d2e2eb ] Request (FloatingIPsAssociationNegativeTestJSON:_run_cleanups): 202 POST http://10.180.1.21/compute/v2.1/servers/2dfaa982-d729-49b2-8917-8f3fcf075c1a/action 5.642s
2025-12-09 00:47:42.852 65436 INFO tempest.lib.common.rest_client [req-73ec1165-e207-4864-bb1f-f5b033ea949a req-73ec1165-e207-4864-bb1f-f5b033ea949a ] Request (QuotasAdminTestJSON:tearDownClass): 204 DELETE http://10.180.1.21/identity/v3/projects/271501cb486143c7b02edac2502de3f5 0.108s
2025-12-09 00:47:42.918 65436 INFO tempest.lib.common.rest_client [req-51e4e8f8-9dc2-4325-89ad-c49a0eb753d0 req-51e4e8f8-9dc2-4325-89ad-c49a0eb753d0 ] Request (ServerDiagnosticsTest:setUpClass): 201 POST http://10.180.1.21/identity/v3/auth/tokens 0.065s
2025-12-09 00:47:42.956 65436 INFO tempest.lib.common.rest_client [req-42644248-569c-422a-97f3-de7a7ea0c060 req-42644248-569c-422a-97f3-de7a7ea0c060 ] Request (ServerDiagnosticsTest:setUpClass): 201 POST http://10.180.1.21/identity/v3/auth/tokens 0.034s
2025-12-09 00:47:42.998 65436 INFO tempest.lib.common.rest_client [req-e5df3018-b98b-46cc-a47d-698fb21adb36 req-e5df3018-b98b-46cc-a47d-698fb21adb36 ] Request (ServerDiagnosticsTest:setUpClass): 200 GET http://10.180.1.21/identity/v3/domains?name=Default 0.042s
2025-12-09 00:47:43.037 65436 INFO tempest.lib.common.rest_client [req-fb181061-725b-4b4c-8c27-2682cffaa770 req-fb181061-725b-4b4c-8c27-2682cffaa770 ] Request (ServerDiagnosticsTest:setUpClass): 201 POST http://10.180.1.21/identity/v3/projects 0.038s
2025-12-09 00:47:43.100 65436 INFO tempest.lib.common.rest_client [req-2f26a7e3-c4cf-4d2a-ba30-81c5c6e405c9 req-2f26a7e3-c4cf-4d2a-ba30-81c5c6e405c9 ] Request (ServerDiagnosticsTest:setUpClass): 201 POST http://10.180.1.21/identity/v3/users 0.062s
2025-12-09 00:47:43.121 65436 INFO tempest.lib.common.rest_client [req-d1a9ccad-5e2a-494a-aa58-bde13eac5d2e req-d1a9ccad-5e2a-494a-aa58-bde13eac5d2e ] Request (ServerDiagnosticsTest:setUpClass): 200 GET http://10.180.1.21/identity/v3/roles 0.021s
2025-12-09 00:47:43.126 65464 INFO tempest.lib.common.rest_client [req-08410250-bdfc-45e7-9d7a-84a0891f2e2f req-08410250-bdfc-45e7-9d7a-84a0891f2e2f ] Request (SecurityGroupsNegativeTestJSON:tearDownClass): 204 DELETE http://10.180.1.21/networking/v2.0/networks/4eaa62e7-5981-4bbb-bd36-49b18ebdc598 0.489s
2025-12-09 00:47:43.148 65436 INFO tempest.lib.common.rest_client [req-e874b94a-9470-4af6-a9e3-d15178c9eb29 req-e874b94a-9470-4af6-a9e3-d15178c9eb29 ] Request (ServerDiagnosticsTest:setUpClass): 204 PUT http://10.180.1.21/identity/v3/projects/68ed072da26147c5a6d9ccf5379fa7b6/users/47b075aac9494baf97d5e881a987fa0b/roles/15b26bc5372545e78acae16753fafabd 0.026s
2025-12-09 00:47:43.148 65436 INFO tempest.lib.common.dynamic_creds [-] Dynamic test user 47b075aac9494baf97d5e881a987fa0b is created with scope project and roles: ['member']
2025-12-09 00:47:43.149 65436 INFO tempest.lib.common.dynamic_creds [-] Acquired dynamic creds: credentials: Credentials: {'domain_id': 'default', 'domain_name': 'Default', 'username': 'tempest-ServerDiagnosticsTest-1971017932-project-member', 'project_domain_id': 'default', 'project_domain_name': 'Default', 'project_id': '68ed072da26147c5a6d9ccf5379fa7b6', 'project_name': 'tempest-ServerDiagnosticsTest-1971017932', 'tenant_id': '68ed072da26147c5a6d9ccf5379fa7b6', 'tenant_name': 'tempest-ServerDiagnosticsTest-1971017932', 'user_domain_id': 'default', 'user_domain_name': 'Default', 'user_id': '47b075aac9494baf97d5e881a987fa0b', 'system': None}, Network: None, Subnet: None, Router: None
2025-12-09 00:47:43.149 65436 INFO tempest.lib.common.dynamic_creds [-] Created isolated network resources for: credentials: Credentials: {'domain_id': 'default', 'domain_name': 'Default', 'username': 'tempest-ServerDiagnosticsTest-1971017932-project-member', 'project_domain_id': 'default', 'project_domain_name': 'Default', 'project_id': '68ed072da26147c5a6d9ccf5379fa7b6', 'project_name': 'tempest-ServerDiagnosticsTest-1971017932', 'tenant_id': '68ed072da26147c5a6d9ccf5379fa7b6', 'tenant_name': 'tempest-ServerDiagnosticsTest-1971017932', 'user_domain_id': 'default', 'user_domain_name': 'Default', 'user_id': '47b075aac9494baf97d5e881a987fa0b', 'system': None}, Network: None, Subnet: None, Router: None
2025-12-09 00:47:43.216 65452 INFO tempest.lib.common.rest_client [req-a92b930e-e47f-40a1-bedb-ac72460d750b req-a92b930e-e47f-40a1-bedb-ac72460d750b ] Request (MultipleCreateTestJSON:test_multiple_create): 200 GET http://10.180.1.21/compute/v2.1/servers/0cd78c47-e6c4-4465-bb45-f4178ddb6ca4 4.749s
2025-12-09 00:47:43.243 65436 INFO tempest.lib.common.rest_client [req-f4487315-6b6d-4073-82bf-2fd04765fa05 req-f4487315-6b6d-4073-82bf-2fd04765fa05 ] Request (ServerDiagnosticsTest:setUpClass): 201 POST http://10.180.1.21/identity/v3/auth/tokens 0.090s
2025-12-09 00:47:43.268 65464 INFO tempest.lib.common.rest_client [req-3306c381-c1ec-4417-aed8-6153ed980024 req-3306c381-c1ec-4417-aed8-6153ed980024 ] Request (SecurityGroupsNegativeTestJSON:tearDownClass): 204 DELETE http://10.180.1.21/identity/v3/users/08e499c0a92449ffb9d4406af79f0728 0.141s
2025-12-09 00:47:43.268 65464 INFO tempest.lib.common.dynamic_creds [-] Deleting project and security group for project: 0f7af8153cb04ae68e179d7510b63e49
2025-12-09 00:47:43.334 65464 INFO tempest.lib.common.rest_client [req-e7829f2d-da8d-4be0-95f5-aa4f6f33e03f req-e7829f2d-da8d-4be0-95f5-aa4f6f33e03f ] Request (SecurityGroupsNegativeTestJSON:tearDownClass): 200 GET http://10.180.1.21/networking/v2.0/security-groups?tenant_id=0f7af8153cb04ae68e179d7510b63e49&name=default 0.065s
2025-12-09 00:47:43.369 65436 INFO tempest.lib.common.rest_client [req-860b1e9c-9642-49dd-9265-e1954d1a3f67 req-860b1e9c-9642-49dd-9265-e1954d1a3f67 ] Request (ServerDiagnosticsTest:setUpClass): 201 POST http://10.180.1.21/identity/v3/projects 0.126s
2025-12-09 00:47:43.395 65488 INFO tempest.lib.common.rest_client [req-5be203b8-5afe-44d1-b936-c1351e012a82 req-5be203b8-5afe-44d1-b936-c1351e012a82 ] Request (ServersAdminTestJSON:test_create_server_with_scheduling_hint): 200 GET http://10.180.1.21/compute/v2.1/servers/a9efd407-17fa-47fe-9544-e9774feb8cf3 4.671s
2025-12-09 00:47:43.433 65436 INFO tempest.lib.common.rest_client [req-490cbaee-e125-445a-8a5b-c1ad0f3af906 req-490cbaee-e125-445a-8a5b-c1ad0f3af906 ] Request (ServerDiagnosticsTest:setUpClass): 201 POST http://10.180.1.21/identity/v3/users 0.063s
2025-12-09 00:47:43.459 65436 INFO tempest.lib.common.rest_client [req-0647999e-ef91-4fdc-b603-20ca0de89c34 req-0647999e-ef91-4fdc-b603-20ca0de89c34 ] Request (ServerDiagnosticsTest:setUpClass): 200 GET http://10.180.1.21/identity/v3/roles 0.026s
2025-12-09 00:47:43.501 65436 INFO tempest.lib.common.rest_client [req-839e5ccf-e7c0-4fd2-8ac5-d5e6aba620a2 req-839e5ccf-e7c0-4fd2-8ac5-d5e6aba620a2 ] Request (ServerDiagnosticsTest:setUpClass): 204 PUT http://10.180.1.21/identity/v3/projects/6ce05f66c44748a3b85c7023d5709c3a/users/2233212fb2004ff5a9aa90d7e4ba7e80/roles/29fa455557ee45d58fadf6596037e189 0.041s
2025-12-09 00:47:43.535 65458 INFO tempest.lib.common.rest_client [req-4c4df035-6b3d-4457-aae9-207d6616f2e0 req-4c4df035-6b3d-4457-aae9-207d6616f2e0 ] Request (ImagesTestJSON:test_create_image_from_stopped_server): 202 POST http://10.180.1.21/compute/v2.1/servers 5.162s
2025-12-09 00:47:43.567 65436 INFO tempest.lib.common.rest_client [req-97f7652c-fb1f-4204-81d8-f361df9cf7f5 req-97f7652c-fb1f-4204-81d8-f361df9cf7f5 ] Request (ServerDiagnosticsTest:setUpClass): 200 GET http://10.180.1.21/identity/v3/roles 0.066s
2025-12-09 00:47:43.569 65464 INFO tempest.lib.common.rest_client [req-a7be578c-de42-429e-a70a-9e59e43541e7 req-a7be578c-de42-429e-a70a-9e59e43541e7 ] Request (SecurityGroupsNegativeTestJSON:tearDownClass): 204 DELETE http://10.180.1.21/networking/v2.0/security-groups/0bc49de7-d2af-4aaa-a16a-1ca6218ee707 0.234s
2025-12-09 00:47:43.586 65436 INFO tempest.lib.common.rest_client [req-045fc2a6-d4b8-4860-9de4-020153e24933 req-045fc2a6-d4b8-4860-9de4-020153e24933 ] Request (ServerDiagnosticsTest:setUpClass): 204 PUT http://10.180.1.21/identity/v3/projects/6ce05f66c44748a3b85c7023d5709c3a/users/2233212fb2004ff5a9aa90d7e4ba7e80/roles/29fa455557ee45d58fadf6596037e189 0.018s
2025-12-09 00:47:43.586 65436 INFO tempest.lib.common.dynamic_creds [-] Dynamic test user 2233212fb2004ff5a9aa90d7e4ba7e80 is created with scope project and roles: ['admin']
2025-12-09 00:47:43.586 65436 INFO tempest.lib.common.dynamic_creds [-] Acquired dynamic creds: credentials: Credentials: {'domain_id': 'default', 'domain_name': 'Default', 'username': 'tempest-ServerDiagnosticsTest-1232751360-project-admin', 'project_domain_id': 'default', 'project_domain_name': 'Default', 'project_id': '6ce05f66c44748a3b85c7023d5709c3a', 'project_name': 'tempest-ServerDiagnosticsTest-1232751360', 'tenant_id': '6ce05f66c44748a3b85c7023d5709c3a', 'tenant_name': 'tempest-ServerDiagnosticsTest-1232751360', 'user_domain_id': 'default', 'user_domain_name': 'Default', 'user_id': '2233212fb2004ff5a9aa90d7e4ba7e80', 'system': None}, Network: None, Subnet: None, Router: None
2025-12-09 00:47:43.586 65436 INFO tempest.lib.common.dynamic_creds [-] Created isolated network resources for: credentials: Credentials: {'domain_id': 'default', 'domain_name': 'Default', 'username': 'tempest-ServerDiagnosticsTest-1232751360-project-admin', 'project_domain_id': 'default', 'project_domain_name': 'Default', 'project_id': '6ce05f66c44748a3b85c7023d5709c3a', 'project_name': 'tempest-ServerDiagnosticsTest-1232751360', 'tenant_id': '6ce05f66c44748a3b85c7023d5709c3a', 'tenant_name': 'tempest-ServerDiagnosticsTest-1232751360', 'user_domain_id': 'default', 'user_domain_name': 'Default', 'user_id': '2233212fb2004ff5a9aa90d7e4ba7e80', 'system': None}, Network: None, Subnet: None, Router: None
2025-12-09 00:47:43.615 65484 INFO tempest.lib.common.rest_client [req-3e939a6d-2f22-4951-ae39-3217b6b1bd6f req-3e939a6d-2f22-4951-ae39-3217b6b1bd6f ] Request (FlavorsAccessNegativeTestJSON:_run_cleanups): 200 POST http://10.180.1.21/compute/v2.1/flavors/495115326/action 4.818s
2025-12-09 00:47:43.683 65436 INFO tempest.lib.common.rest_client [req-87113615-7250-4293-80e3-c0c15e2478d4 req-87113615-7250-4293-80e3-c0c15e2478d4 ] Request (ServerDiagnosticsTest:setUpClass): 201 POST http://10.180.1.21/identity/v3/auth/tokens 0.093s
2025-12-09 00:47:43.708 65464 INFO tempest.lib.common.rest_client [req-509686b8-9db7-4c32-b5b2-bbb819f79239 req-509686b8-9db7-4c32-b5b2-bbb819f79239 ] Request (SecurityGroupsNegativeTestJSON:tearDownClass): 204 DELETE http://10.180.1.21/identity/v3/projects/0f7af8153cb04ae68e179d7510b63e49 0.138s
2025-12-09 00:47:43.767 65436 INFO tempest.lib.common.rest_client [req-206eac2b-98f4-4e96-aef1-74bb8f044c34 req-206eac2b-98f4-4e96-aef1-74bb8f044c34 ] Request (ServerDiagnosticsTest:test_get_server_diagnostics): 201 POST http://10.180.1.21/identity/v3/auth/tokens 0.075s
2025-12-09 00:47:43.767 65436 INFO tempest.lib.common.fixed_network [-] (ServerDiagnosticsTest:test_get_server_diagnostics) Found network None available for tenant
2025-12-09 00:47:43.790 65464 INFO tempest.lib.common.rest_client [req-bf0bd595-1e1d-41af-ac25-d296f8ffc058 req-bf0bd595-1e1d-41af-ac25-d296f8ffc058 ] Request (ServerShowV263Test:setUpClass): 201 POST http://10.180.1.21/identity/v3/auth/tokens 0.080s
2025-12-09 00:47:43.826 65464 INFO tempest.lib.common.rest_client [req-7caa5fd2-7165-419b-af80-d754cac6a465 req-7caa5fd2-7165-419b-af80-d754cac6a465 ] Request (ServerShowV263Test:setUpClass): 201 POST http://10.180.1.21/identity/v3/auth/tokens 0.032s
2025-12-09 00:47:43.858 65464 INFO tempest.lib.common.rest_client [req-ec5eb874-21a3-4af4-9e74-c1f4934c5f12 req-ec5eb874-21a3-4af4-9e74-c1f4934c5f12 ] Request (ServerShowV263Test:setUpClass): 200 GET http://10.180.1.21/identity/v3/domains?name=Default 0.031s
2025-12-09 00:47:43.886 65464 INFO tempest.lib.common.rest_client [req-93cb5555-400d-47df-a7b7-55c24a1b11df req-93cb5555-400d-47df-a7b7-55c24a1b11df ] Request (ServerShowV263Test:setUpClass): 201 POST http://10.180.1.21/identity/v3/projects 0.028s
2025-12-09 00:47:43.906 65492 INFO tempest.lib.common.rest_client [req-ba186ff6-38b2-4896-8843-8881de12e047 req-ba186ff6-38b2-4896-8843-8881de12e047 ] Request (FloatingIPsAssociationTestJSON:test_associate_already_associated_floating_ip): 200 GET http://10.180.1.21/compute/v2.1/servers/4e47a856-2243-403e-874f-8a753ef16e17 4.821s
2025-12-09 00:47:43.914 65492 INFO tempest.common.waiters [-] State transition "BUILD/None" ==> "BUILD/spawning" after 9 second wait
2025-12-09 00:47:43.965 65464 INFO tempest.lib.common.rest_client [req-c8dfb845-fb30-42a4-aa68-d4981da52418 req-c8dfb845-fb30-42a4-aa68-d4981da52418 ] Request (ServerShowV263Test:setUpClass): 201 POST http://10.180.1.21/identity/v3/users 0.078s
2025-12-09 00:47:43.995 65464 INFO tempest.lib.common.rest_client [req-558ce66e-30c5-4a3d-ab7f-9a8e96b46219 req-558ce66e-30c5-4a3d-ab7f-9a8e96b46219 ] Request (ServerShowV263Test:setUpClass): 200 GET http://10.180.1.21/identity/v3/roles 0.029s
2025-12-09 00:47:44.037 65464 INFO tempest.lib.common.rest_client [req-2dea7fc0-772a-4c5d-964a-4c5318773829 req-2dea7fc0-772a-4c5d-964a-4c5318773829 ] Request (ServerShowV263Test:setUpClass): 204 PUT http://10.180.1.21/identity/v3/projects/fd2f32587628418786c9eac582702816/users/88ca9392e4c940399044101bd0ad65a2/roles/15b26bc5372545e78acae16753fafabd 0.040s
2025-12-09 00:47:44.037 65464 INFO tempest.lib.common.dynamic_creds [-] Dynamic test user 88ca9392e4c940399044101bd0ad65a2 is created with scope project and roles: ['member']
2025-12-09 00:47:44.037 65464 INFO tempest.lib.common.dynamic_creds [-] Acquired dynamic creds: credentials: Credentials: {'domain_id': 'default', 'domain_name': 'Default', 'username': 'tempest-ServerShowV263Test-1378779796-project-member', 'project_domain_id': 'default', 'project_domain_name': 'Default', 'project_id': 'fd2f32587628418786c9eac582702816', 'project_name': 'tempest-ServerShowV263Test-1378779796', 'tenant_id': 'fd2f32587628418786c9eac582702816', 'tenant_name': 'tempest-ServerShowV263Test-1378779796', 'user_domain_id': 'default', 'user_domain_name': 'Default', 'user_id': '88ca9392e4c940399044101bd0ad65a2', 'system': None}, Network: None, Subnet: None, Router: None
2025-12-09 00:47:44.037 65464 INFO tempest.lib.common.dynamic_creds [-] Created isolated network resources for: credentials: Credentials: {'domain_id': 'default', 'domain_name': 'Default', 'username': 'tempest-ServerShowV263Test-1378779796-project-member', 'project_domain_id': 'default', 'project_domain_name': 'Default', 'project_id': 'fd2f32587628418786c9eac582702816', 'project_name': 'tempest-ServerShowV263Test-1378779796', 'tenant_id': 'fd2f32587628418786c9eac582702816', 'tenant_name': 'tempest-ServerShowV263Test-1378779796', 'user_domain_id': 'default', 'user_domain_name': 'Default', 'user_id': '88ca9392e4c940399044101bd0ad65a2', 'system': None}, Network: None, Subnet: None, Router: None
2025-12-09 00:47:44.168 65464 INFO tempest.lib.common.rest_client [req-ef96e75e-5b7d-40ef-8d68-da883ae669ae req-ef96e75e-5b7d-40ef-8d68-da883ae669ae ] Request (ServerShowV263Test:setUpClass): 201 POST http://10.180.1.21/identity/v3/auth/tokens 0.124s
2025-12-09 00:47:44.171 65482 INFO tempest.lib.common.rest_client [req-4e7987bc-7868-4a17-81cf-4444bdb7a97f req-4e7987bc-7868-4a17-81cf-4444bdb7a97f ] Request (ServersWithSpecificFlavorTestJSON:test_verify_created_server_ephemeral_disk): 200 GET http://10.180.1.21/compute/v2.1/servers/75a236fc-8b3b-47f7-a21a-a3d27df215b2 5.146s
2025-12-09 00:47:44.182 65482 INFO tempest.common.waiters [-] State transition "BUILD/spawning" ==> "ACTIVE/None" after 17 second wait
2025-12-09 00:47:44.240 65464 INFO tempest.lib.common.rest_client [req-2f7d95fe-2769-43ee-9f31-b1927e825aa6 req-2f7d95fe-2769-43ee-9f31-b1927e825aa6 ] Request (ServerShowV263Test:setUpClass): 200 GET http://10.180.1.21/identity/v3/projects/fd2f32587628418786c9eac582702816 0.071s
2025-12-09 00:47:44.241 65464 INFO tempest.lib.common.dynamic_creds [-] Using the existing project fd2f32587628418786c9eac582702816 for scope project and roles: ['reader']
2025-12-09 00:47:44.254 65470 INFO tempest.lib.common.rest_client [req-8c85b7d4-533e-4716-9c81-1fd33d7387b8 req-8c85b7d4-533e-4716-9c81-1fd33d7387b8 ] Request (DeleteServersAdminTestJSON:test_delete_server_while_in_error_state): 200 GET http://10.180.1.21/compute/v2.1/servers/ccda2eae-7264-498c-aaab-a44d3d839e20 5.096s
2025-12-09 00:47:44.262 65470 INFO tempest.common.waiters [-] State transition "BUILD/None" ==> "BUILD/spawning" after 10 second wait
2025-12-09 00:47:44.265 65464 INFO tempest.lib.common.rest_client [req-1259e6e6-b5a3-4d3e-86a0-ba1807fc56e2 req-1259e6e6-b5a3-4d3e-86a0-ba1807fc56e2 ] Request (ServerShowV263Test:setUpClass): 201 POST http://10.180.1.21/identity/v3/users 0.024s
2025-12-09 00:47:44.302 65464 INFO tempest.lib.common.rest_client [req-d3d018a0-0aec-47a6-8f80-2454ebbec126 req-d3d018a0-0aec-47a6-8f80-2454ebbec126 ] Request (ServerShowV263Test:setUpClass): 200 GET http://10.180.1.21/identity/v3/roles 0.036s
2025-12-09 00:47:44.310 65454 INFO tempest.lib.common.rest_client [req-307c5c83-fb93-4999-bd82-505931c44342 req-307c5c83-fb93-4999-bd82-505931c44342 ] Request (ImagesNegativeTestJSON:test_create_image_from_deleted_server): 200 GET http://10.180.1.21/compute/v2.1/servers/2cd61cce-b35b-4dfe-a8cf-c90dfc4efa93 5.057s
2025-12-09 00:47:44.314 65468 INFO tempest.lib.common.rest_client [req-405b778c-c740-4794-b050-1d8cc57ea0fd req-405b778c-c740-4794-b050-1d8cc57ea0fd ] Request (ServersAdminNegativeTestJSON:test_migrate_server_invalid_state): 200 GET http://10.180.1.21/compute/v2.1/servers/0fc4cb94-455e-47d0-b343-f098456ad0a6 4.959s
2025-12-09 00:47:44.347 65464 INFO tempest.lib.common.rest_client [req-5bf91a5a-75d1-4ec7-b983-0b7c80cbc62a req-5bf91a5a-75d1-4ec7-b983-0b7c80cbc62a ] Request (ServerShowV263Test:setUpClass): 204 PUT http://10.180.1.21/identity/v3/projects/fd2f32587628418786c9eac582702816/users/26158f3b9a2c4fcc907daddd12c310b0/roles/448587e5b6de4a56b62067cb36d3ba4d 0.044s
2025-12-09 00:47:44.348 65464 INFO tempest.lib.common.dynamic_creds [-] Dynamic test user 26158f3b9a2c4fcc907daddd12c310b0 is created with scope project and roles: ['reader']
2025-12-09 00:47:44.348 65464 INFO tempest.lib.common.dynamic_creds [-] Acquired dynamic creds: credentials: Credentials: {'domain_id': 'default', 'domain_name': 'Default', 'username': 'tempest-ServerShowV263Test-1378779796-project-reader', 'project_domain_id': 'default', 'project_domain_name': 'Default', 'project_id': 'fd2f32587628418786c9eac582702816', 'project_name': 'tempest-ServerShowV263Test-1378779796', 'tenant_id': 'fd2f32587628418786c9eac582702816', 'tenant_name': 'tempest-ServerShowV263Test-1378779796', 'user_domain_id': 'default', 'user_domain_name': 'Default', 'user_id': '26158f3b9a2c4fcc907daddd12c310b0', 'system': None}, Network: None, Subnet: None, Router: None
2025-12-09 00:47:44.348 65464 INFO tempest.lib.common.dynamic_creds [-] Network resources are not created for requested scope: project and credentials: Credentials: {'domain_id': 'default', 'domain_name': 'Default', 'username': 'tempest-ServerShowV263Test-1378779796-project-reader', 'project_domain_id': 'default', 'project_domain_name': 'Default', 'project_id': 'fd2f32587628418786c9eac582702816', 'project_name': 'tempest-ServerShowV263Test-1378779796', 'tenant_id': 'fd2f32587628418786c9eac582702816', 'tenant_name': 'tempest-ServerShowV263Test-1378779796', 'user_domain_id': 'default', 'user_domain_name': 'Default', 'user_id': '26158f3b9a2c4fcc907daddd12c310b0', 'system': None}, Network: None, Subnet: None, Router: None
2025-12-09 00:47:44.358 65460 WARNING tempest.lib.common.ssh [-] Failed to establish authenticated ssh connection to cirros@10.180.180.133 ([Errno None] Unable to connect to port 22 on 10.180.180.133). Number attempts: 3. Retry after 4 seconds.: paramiko.ssh_exception.NoValidConnectionsError: [Errno None] Unable to connect to port 22 on 10.180.180.133
2025-12-09 00:47:44.406 65486 INFO tempest.lib.common.rest_client [req-37dec3e2-46cd-452e-aa55-013dbfb735c0 req-37dec3e2-46cd-452e-aa55-013dbfb735c0 ] Request (VolumesAdminNegativeTest:tearDownClass): 204 DELETE http://10.180.1.21/compute/v2.1/servers/cb8499d9-8940-47a3-9dfe-53782477264d 4.979s
2025-12-09 00:47:44.437 65464 INFO tempest.lib.common.rest_client [req-8e221d13-d546-477f-8f50-51ad2f676898 req-8e221d13-d546-477f-8f50-51ad2f676898 ] Request (ServerShowV263Test:setUpClass): 201 POST http://10.180.1.21/identity/v3/auth/tokens 0.086s
2025-12-09 00:47:44.445 65490 INFO tempest.lib.common.rest_client [req-0910d758-3a9b-4286-8129-6415dca9a5b9 req-0910d758-3a9b-4286-8129-6415dca9a5b9 ] Request (KeyPairsV22TestJSON:test_keypair_create_with_pub_key): 201 POST http://10.180.1.21/compute/v2.1/os-keypairs 4.129s
2025-12-09 00:47:44.464 65444 INFO tempest.lib.common.rest_client [req-aa91ab4a-c3ec-4d94-8ef8-1b5e53d4979e req-aa91ab4a-c3ec-4d94-8ef8-1b5e53d4979e ] Request (ServersTestBootFromVolume:setUpClass): 200 GET http://10.180.1.21/compute/v2.1/servers/fce1069a-50d2-41ac-85c6-2d90af2a149c 5.060s
2025-12-09 00:47:44.479 65444 INFO tempest.lib.common.ssh [-] Creating ssh connection to '10.180.180.169:22' as 'cirros' with public key authentication
2025-12-09 00:47:44.493 65434 INFO tempest.lib.common.rest_client [req-c2e1b80c-b496-4410-b393-e913043a6507 req-c2e1b80c-b496-4410-b393-e913043a6507 ] Request (HypervisorAdminTestJSON:test_get_hypervisor_show_details): 200 GET http://10.180.1.21/compute/v2.1/os-hypervisors/1 4.137s
2025-12-09 00:47:44.501 65448 INFO tempest.lib.common.rest_client [req-ead821cd-002b-40d8-b6c5-840c1de8fcdb req-ead821cd-002b-40d8-b6c5-840c1de8fcdb ] Request (DeleteServersTestJSON:test_delete_active_server): 200 GET http://10.180.1.21/compute/v2.1/servers/2f1cabdb-11ef-42a9-a036-c0e4b80a2815 4.157s
2025-12-09 00:47:44.511 65448 INFO tempest.common.waiters [-] State transition "BUILD/scheduling" ==> "BUILD/None" after 5 second wait
2025-12-09 00:47:44.552 65464 INFO tempest.lib.common.rest_client [req-b004912b-4c23-414f-ba3c-3df7ed70c42d req-b004912b-4c23-414f-ba3c-3df7ed70c42d ] Request (ServerShowV263Test:tearDownClass): 204 DELETE http://10.180.1.21/identity/v3/users/88ca9392e4c940399044101bd0ad65a2 0.112s
2025-12-09 00:47:44.643 65446 INFO tempest.lib.common.rest_client [req-bbeb331e-f94b-4af0-a89d-fde6eabc9447 req-bbeb331e-f94b-4af0-a89d-fde6eabc9447 ] Request (ImagesDeleteNegativeTestJSON:test_delete_image_blank_id): 404 DELETE http://10.180.1.21/compute/v2.1/images/ 4.183s
2025-12-09 00:47:44.662 65438 INFO tempest.lib.common.rest_client [req-e92c0b49-2de4-4b91-b1a5-1267e18c62ce req-e92c0b49-2de4-4b91-b1a5-1267e18c62ce ] Request (ImagesOneServerTestJSON:test_create_delete_image): 200 GET http://10.180.1.21/compute/v2.1/flavors/42 4.050s
2025-12-09 00:47:44.669 65464 INFO tempest.lib.common.rest_client [req-b3e129b3-42a2-470d-a26e-df95235ecffd req-b3e129b3-42a2-470d-a26e-df95235ecffd ] Request (ServerShowV263Test:tearDownClass): 204 DELETE http://10.180.1.21/identity/v3/users/26158f3b9a2c4fcc907daddd12c310b0 0.116s
2025-12-09 00:47:44.669 65464 INFO tempest.lib.common.dynamic_creds [-] Deleting project and security group for project: fd2f32587628418786c9eac582702816
2025-12-09 00:47:44.745 65464 INFO tempest.lib.common.rest_client [req-26ebc6dc-5e8c-4761-a190-1651aed64095 req-26ebc6dc-5e8c-4761-a190-1651aed64095 ] Request (ServerShowV263Test:tearDownClass): 201 POST http://10.180.1.21/identity/v3/auth/tokens 0.076s
2025-12-09 00:47:44.792 65466 INFO tempest.lib.common.rest_client [req-66709c55-a003-4a65-95d5-6083bea0a6ee req-66709c55-a003-4a65-95d5-6083bea0a6ee ] Request (ImagesMetadataTestJSON:test_update_image_metadata): 200 POST http://10.180.1.21/compute/v2.1/images/4e350f82-55e5-4e2e-9977-b3c090b9ce39/metadata 4.218s
2025-12-09 00:47:44.907 65474 INFO tempest.lib.common.rest_client [req-c50fb97d-9bcd-43e7-9376-c787e321bcef req-c50fb97d-9bcd-43e7-9376-c787e321bcef ] Request (QuotasAdminTestV236:test_get_updated_quotas): 200 PUT http://10.180.1.21/compute/v2.1/os-quota-sets/3e005aa98bd14fb5a66000aa86334945 4.065s
2025-12-09 00:47:44.957 65464 INFO tempest.lib.common.rest_client [req-3c0be6b1-3ec9-47d4-8212-895e9e19a59e req-3c0be6b1-3ec9-47d4-8212-895e9e19a59e ] Request (ServerShowV263Test:tearDownClass): 200 GET http://10.180.1.21/networking/v2.0/security-groups?tenant_id=fd2f32587628418786c9eac582702816&name=default 0.211s
2025-12-09 00:47:44.993 65462 INFO tempest.lib.common.rest_client [req-98437ab4-0b3b-461f-ab0b-1c6e9b356a5b req-98437ab4-0b3b-461f-ab0b-1c6e9b356a5b ] Request (InstanceActionsV221TestJSON:test_get_list_deleted_instance_actions): 200 GET http://10.180.1.21/compute/v2.1/servers/24c9cd11-c18d-405e-b58b-3530cadbc723 4.058s
2025-12-09 00:47:45.089 65464 INFO tempest.lib.common.rest_client [req-7ed47c2f-b7b2-4e5e-8962-4c8b1a7417c5 req-7ed47c2f-b7b2-4e5e-8962-4c8b1a7417c5 ] Request (ServerShowV263Test:tearDownClass): 204 DELETE http://10.180.1.21/networking/v2.0/security-groups/3c328d8d-fc3d-4b79-9822-53ab4d788c64 0.132s
2025-12-09 00:47:45.122 65472 INFO tempest.lib.common.rest_client [req-09f548ea-fa9e-45cc-a38c-b0cc288eebda req-09f548ea-fa9e-45cc-a38c-b0cc288eebda ] Request (ServicesAdminNegativeV253TestJSON:test_disable_log_reason_with_invalid_service_id): 404 PUT http://10.180.1.21/compute/v2.1/os-services/7450234c-1a47-43f7-82ff-848d9252f78d 3.499s
2025-12-09 00:47:45.131 65430 INFO tempest.lib.common.rest_client [req-d477d149-563c-4f87-bf27-7d0deab0ddf1 req-d477d149-563c-4f87-bf27-7d0deab0ddf1 ] Request (MultipleCreateNegativeTestJSON:test_max_count_less_than_min_count): 400 POST http://10.180.1.21/compute/v2.1/servers 3.830s
2025-12-09 00:47:45.142 65440 INFO tempest.lib.common.rest_client [req-64311169-bd8c-4414-b054-f0a1c560a4d6 req-64311169-bd8c-4414-b054-f0a1c560a4d6 ] Request (AggregatesAdminNegativeTestJSON:test_aggregate_create_with_existent_aggregate_name): 409 POST http://10.180.1.21/compute/v2.1/os-aggregates 3.514s
2025-12-09 00:47:45.175 65442 INFO tempest.lib.common.rest_client [req-305ddaa0-1612-4e3d-b629-d70244658ef5 req-305ddaa0-1612-4e3d-b629-d70244658ef5 ] Request (FlavorsAdminTestJSON:test_create_list_flavor_without_extra_data): 200 POST http://10.180.1.21/compute/v2.1/flavors 3.392s
2025-12-09 00:47:45.204 65464 INFO tempest.lib.common.rest_client [req-24809071-1871-46ca-a945-a02c755b32b6 req-24809071-1871-46ca-a945-a02c755b32b6 ] Request (ServerShowV263Test:tearDownClass): 204 DELETE http://10.180.1.21/identity/v3/projects/fd2f32587628418786c9eac582702816 0.114s
2025-12-09 00:47:45.223 65430 INFO tempest.lib.common.rest_client [req-691e98af-1b15-4434-8c74-e5f87c70dd05 req-691e98af-1b15-4434-8c74-e5f87c70dd05 ] Request (MultipleCreateNegativeTestJSON:test_max_count_less_than_one): 201 POST http://10.180.1.21/identity/v3/auth/tokens 0.085s
2025-12-09 00:47:45.223 65430 INFO tempest.lib.common.fixed_network [-] (MultipleCreateNegativeTestJSON:test_max_count_less_than_one) Found network None available for tenant
2025-12-09 00:47:45.263 65478 INFO tempest.lib.common.rest_client [req-4b56d464-304c-4f57-926f-b36d7b15ea1f req-4b56d464-304c-4f57-926f-b36d7b15ea1f ] Request (ServersAdmin275Test:test_rebuild_update_server_275): 200 GET http://10.180.1.21/compute/v2.1/servers/20012954-e8ad-4d3a-a992-32bf5bd2d534 2.650s
2025-12-09 00:47:45.280 65464 INFO tempest.lib.common.rest_client [req-9c06829f-1889-455c-9f50-3e3e21f2a44b req-9c06829f-1889-455c-9f50-3e3e21f2a44b ] Request (ExtensionsTest:setUpClass): 201 POST http://10.180.1.21/identity/v3/auth/tokens 0.075s
2025-12-09 00:47:45.310 65450 INFO tempest.lib.common.rest_client [req-4a0de9d9-44bf-4eee-9b44-1466fcdcad24 req-4a0de9d9-44bf-4eee-9b44-1466fcdcad24 ] Request (InstanceActionsTestJSON:test_list_instance_actions): 200 GET http://10.180.1.21/compute/v2.1/servers/faa2268b-0674-4912-9d15-8a0dac6dd259 3.568s
2025-12-09 00:47:45.313 65464 INFO tempest.lib.common.rest_client [req-5dd7d1e7-053f-4e93-a240-fa9eb1e13fa2 req-5dd7d1e7-053f-4e93-a240-fa9eb1e13fa2 ] Request (ExtensionsTest:setUpClass): 201 POST http://10.180.1.21/identity/v3/auth/tokens 0.030s
2025-12-09 00:47:45.366 65464 INFO tempest.lib.common.rest_client [req-4308d54b-fd58-47d6-b14e-7cb2e9bc47c0 req-4308d54b-fd58-47d6-b14e-7cb2e9bc47c0 ] Request (ExtensionsTest:setUpClass): 200 GET http://10.180.1.21/identity/v3/domains?name=Default 0.052s
2025-12-09 00:47:45.372 65458 INFO tempest.lib.common.rest_client [req-c3a1c9c8-cc86-4e52-891d-57a74422b05c req-c3a1c9c8-cc86-4e52-891d-57a74422b05c ] Request (ImagesTestJSON:test_create_image_from_stopped_server): 200 GET http://10.180.1.21/compute/v2.1/servers/66628f94-3777-4b02-8f25-dbbeebd63d9f 1.835s
2025-12-09 00:47:45.394 65484 INFO tempest.lib.common.rest_client [req-2b4b2ef8-cf18-49c6-b987-0292053f7546 req-2b4b2ef8-cf18-49c6-b987-0292053f7546 ] Request (FlavorsAccessNegativeTestJSON:_run_cleanups): 202 DELETE http://10.180.1.21/compute/v2.1/flavors/495115326 1.778s
2025-12-09 00:47:45.416 65464 INFO tempest.lib.common.rest_client [req-ce77090b-4199-448c-a312-79849108a72d req-ce77090b-4199-448c-a312-79849108a72d ] Request (ExtensionsTest:setUpClass): 201 POST http://10.180.1.21/identity/v3/projects 0.050s
2025-12-09 00:47:45.482 65464 INFO tempest.lib.common.rest_client [req-5e1c5c9f-8825-4403-a428-e68726ec24a6 req-5e1c5c9f-8825-4403-a428-e68726ec24a6 ] Request (ExtensionsTest:setUpClass): 201 POST http://10.180.1.21/identity/v3/users 0.065s
2025-12-09 00:47:45.506 65464 INFO tempest.lib.common.rest_client [req-0d2c73b9-3544-4677-9c22-b8292a64f56c req-0d2c73b9-3544-4677-9c22-b8292a64f56c ] Request (ExtensionsTest:setUpClass): 200 GET http://10.180.1.21/identity/v3/roles 0.023s
2025-12-09 00:47:45.544 65464 INFO tempest.lib.common.rest_client [req-a54e6255-d8c9-4bf2-aec5-0495480a61e5 req-a54e6255-d8c9-4bf2-aec5-0495480a61e5 ] Request (ExtensionsTest:setUpClass): 204 PUT http://10.180.1.21/identity/v3/projects/2f8a54c6434b4733a575825c2df4f102/users/aea955c61d344c10aacc46c47a6fc9dd/roles/15b26bc5372545e78acae16753fafabd 0.037s
2025-12-09 00:47:45.544 65464 INFO tempest.lib.common.dynamic_creds [-] Dynamic test user aea955c61d344c10aacc46c47a6fc9dd is created with scope project and roles: ['member']
2025-12-09 00:47:45.544 65464 INFO tempest.lib.common.dynamic_creds [-] Acquired dynamic creds: credentials: Credentials: {'domain_id': 'default', 'domain_name': 'Default', 'username': 'tempest-ExtensionsTest-192483565-project-member', 'project_domain_id': 'default', 'project_domain_name': 'Default', 'project_id': '2f8a54c6434b4733a575825c2df4f102', 'project_name': 'tempest-ExtensionsTest-192483565', 'tenant_id': '2f8a54c6434b4733a575825c2df4f102', 'tenant_name': 'tempest-ExtensionsTest-192483565', 'user_domain_id': 'default', 'user_domain_name': 'Default', 'user_id': 'aea955c61d344c10aacc46c47a6fc9dd', 'system': None}, Network: None, Subnet: None, Router: None
2025-12-09 00:47:45.544 65464 INFO tempest.lib.common.dynamic_creds [-] Created isolated network resources for: credentials: Credentials: {'domain_id': 'default', 'domain_name': 'Default', 'username': 'tempest-ExtensionsTest-192483565-project-member', 'project_domain_id': 'default', 'project_domain_name': 'Default', 'project_id': '2f8a54c6434b4733a575825c2df4f102', 'project_name': 'tempest-ExtensionsTest-192483565', 'tenant_id': '2f8a54c6434b4733a575825c2df4f102', 'tenant_name': 'tempest-ExtensionsTest-192483565', 'user_domain_id': 'default', 'user_domain_name': 'Default', 'user_id': 'aea955c61d344c10aacc46c47a6fc9dd', 'system': None}, Network: None, Subnet: None, Router: None
2025-12-09 00:47:45.627 65464 INFO tempest.lib.common.rest_client [req-c5d3db38-41c7-4814-9ade-9cce8f77f19f req-c5d3db38-41c7-4814-9ade-9cce8f77f19f ] Request (ExtensionsTest:setUpClass): 201 POST http://10.180.1.21/identity/v3/auth/tokens 0.078s
2025-12-09 00:47:45.631 65432 WARNING tempest.lib.common.ssh [-] Failed to establish authenticated ssh connection to cirros@10.180.180.131 ([Errno None] Unable to connect to port 22 on 10.180.180.131). Number attempts: 3. Retry after 4 seconds.: paramiko.ssh_exception.NoValidConnectionsError: [Errno None] Unable to connect to port 22 on 10.180.180.131
2025-12-09 00:47:45.821 65480 INFO tempest.lib.common.rest_client [req-2e42582a-711a-46cd-b7cb-0f1bee09aae3 req-2e42582a-711a-46cd-b7cb-0f1bee09aae3 ] Request (FloatingIPsAssociationNegativeTestJSON:_run_cleanups): 202 DELETE http://10.180.1.21/compute/v2.1/os-floating-ips/c1120433-df50-4e6c-9869-8530e0555a77 3.024s
2025-12-09 00:47:45.821 65436 INFO tempest.lib.common.rest_client [req-3fae6125-a776-4f22-8ac0-ac819c903926 req-3fae6125-a776-4f22-8ac0-ac819c903926 ] Request (ServerDiagnosticsTest:test_get_server_diagnostics): 202 POST http://10.180.1.21/compute/v2.1/servers 2.053s
2025-12-09 00:47:45.881 65452 INFO tempest.lib.common.rest_client [req-0be2f92e-ca68-47d1-96af-4a55dd8df590 req-0be2f92e-ca68-47d1-96af-4a55dd8df590 ] Request (MultipleCreateTestJSON:test_multiple_create): 200 GET http://10.180.1.21/compute/v2.1/servers/0cd78c47-e6c4-4465-bb45-f4178ddb6ca4 1.654s
2025-12-09 00:47:45.904 65482 INFO tempest.lib.common.rest_client [req-8e7067e8-ff5c-49b6-8328-4ad967de32d4 req-8e7067e8-ff5c-49b6-8328-4ad967de32d4 ] Request (ServersWithSpecificFlavorTestJSON:test_verify_created_server_ephemeral_disk): 200 GET http://10.180.1.21/compute/v2.1/servers/75a236fc-8b3b-47f7-a21a-a3d27df215b2/os-interface 1.721s
2025-12-09 00:47:45.938 65488 INFO tempest.lib.common.rest_client [req-bf3d78b1-6660-486b-aec2-2a357b302018 req-bf3d78b1-6660-486b-aec2-2a357b302018 ] Request (ServersAdminTestJSON:test_create_server_with_scheduling_hint): 200 GET http://10.180.1.21/compute/v2.1/servers/a9efd407-17fa-47fe-9544-e9774feb8cf3 1.533s
2025-12-09 00:47:45.954 65490 INFO tempest.lib.common.rest_client [req-b5039d38-5d12-4a4d-b0ca-9e07bc73a484 req-b5039d38-5d12-4a4d-b0ca-9e07bc73a484 ] Request (KeyPairsV22TestJSON:_run_cleanups): 204 DELETE http://10.180.1.21/compute/v2.1/os-keypairs/tempest-keypair-1582750100 1.507s
2025-12-09 00:47:45.969 65434 INFO tempest.lib.common.rest_client [req-b2ef9ef4-be7c-468d-b184-9f80d2dec683 req-b2ef9ef4-be7c-468d-b184-9f80d2dec683 ] Request (HypervisorAdminTestJSON:test_get_hypervisor_stats): 200 GET http://10.180.1.21/compute/v2.1/os-hypervisors/statistics 1.470s
2025-12-09 00:47:45.987 65446 INFO tempest.lib.common.rest_client [req-71101464-d1a2-432c-a33d-26fb07a1ed6a req-71101464-d1a2-432c-a33d-26fb07a1ed6a ] Request (ImagesDeleteNegativeTestJSON:test_delete_image_negative_image_id): 404 DELETE http://10.180.1.21/compute/v2.1/images/-1 1.343s
2025-12-09 00:47:46.068 65486 INFO tempest.lib.common.rest_client [req-0f8bb232-824e-496a-a79e-927b86b9b461 req-0f8bb232-824e-496a-a79e-927b86b9b461 ] Request (VolumesAdminNegativeTest:tearDownClass): 200 GET http://10.180.1.21/compute/v2.1/servers/cb8499d9-8940-47a3-9dfe-53782477264d 1.662s
2025-12-09 00:47:46.103 65466 INFO tempest.lib.common.rest_client [req-57152da6-8ff1-45c8-8b78-6c0c56a6b14e req-57152da6-8ff1-45c8-8b78-6c0c56a6b14e ] Request (ImagesMetadataTestJSON:test_update_image_metadata): 200 GET http://10.180.1.21/compute/v2.1/images/4e350f82-55e5-4e2e-9977-b3c090b9ce39/metadata 1.308s
2025-12-09 00:47:46.108 65438 INFO tempest.lib.common.rest_client [req-df76696b-60a5-4e40-8e53-6661be3919a0 req-df76696b-60a5-4e40-8e53-6661be3919a0 ] Request (ImagesOneServerTestJSON:test_create_delete_image): 204 DELETE http://10.180.1.21/compute/v2.1/images/496139d9-21e8-4dc8-8df2-f3983c265ae9 1.444s
2025-12-09 00:47:46.114 65434 INFO tempest.lib.common.rest_client [req-b9314404-fc64-433c-893d-21fa768aa4a2 req-b9314404-fc64-433c-893d-21fa768aa4a2 ] Request (HypervisorAdminTestJSON:tearDownClass): 204 DELETE http://10.180.1.21/identity/v3/users/18de3c3539014a3294c5b42c705586e4 0.142s
2025-12-09 00:47:46.174 65466 INFO tempest.lib.common.rest_client [req-488e1a0a-7838-4c33-918a-88bbf2028d3c req-488e1a0a-7838-4c33-918a-88bbf2028d3c ] Request (ImagesMetadataTestJSON:tearDownClass): 204 DELETE http://10.180.1.21/image/v2/images/4e350f82-55e5-4e2e-9977-b3c090b9ce39 0.067s
2025-12-09 00:47:46.243 65492 INFO tempest.lib.common.rest_client [req-dfceaf71-c256-4443-bc21-940ca3219b36 req-dfceaf71-c256-4443-bc21-940ca3219b36 ] Request (FloatingIPsAssociationTestJSON:test_associate_already_associated_floating_ip): 200 GET http://10.180.1.21/compute/v2.1/servers/4e47a856-2243-403e-874f-8a753ef16e17 1.327s
2025-12-09 00:47:46.243 65434 INFO tempest.lib.common.rest_client [req-68784392-bdd3-4637-9dbe-699a7dbd3a91 req-68784392-bdd3-4637-9dbe-699a7dbd3a91 ] Request (HypervisorAdminTestJSON:tearDownClass): 204 DELETE http://10.180.1.21/identity/v3/users/2521aac2043d415080fafa099eacb5db 0.128s
2025-12-09 00:47:46.243 65434 INFO tempest.lib.common.dynamic_creds [-] Deleting project and security group for project: 36f112cd133444038896cd77a1f47458
2025-12-09 00:47:46.270 65472 INFO tempest.lib.common.rest_client [req-73080e58-5fc9-4c77-9b93-e0c00ad3b8cb req-73080e58-5fc9-4c77-9b93-e0c00ad3b8cb ] Request (ServicesAdminNegativeV253TestJSON:test_disable_service_with_invalid_service_id): 404 PUT http://10.180.1.21/compute/v2.1/os-services/7450234c-1a47-43f7-82ff-848d9252f78d 1.146s
2025-12-09 00:47:46.296 65440 INFO tempest.lib.common.rest_client [req-024ebfa0-fe9f-4bcd-bbac-c908ab6eefd1 req-024ebfa0-fe9f-4bcd-bbac-c908ab6eefd1 ] Request (AggregatesAdminNegativeTestJSON:_run_cleanups): 200 DELETE http://10.180.1.21/compute/v2.1/os-aggregates/4 1.153s
2025-12-09 00:47:46.312 65442 INFO tempest.lib.common.rest_client [req-70a2fa70-6158-4b7f-9280-8c9dd6e48c91 req-70a2fa70-6158-4b7f-9280-8c9dd6e48c91 ] Request (FlavorsAdminTestJSON:test_create_list_flavor_without_extra_data): 200 GET http://10.180.1.21/compute/v2.1/flavors/214909405 1.132s
2025-12-09 00:47:46.320 65430 INFO tempest.lib.common.rest_client [req-a8cf19b8-d329-4074-9703-ac8aa8417aad req-a8cf19b8-d329-4074-9703-ac8aa8417aad ] Request (MultipleCreateNegativeTestJSON:test_max_count_less_than_one): 400 POST http://10.180.1.21/compute/v2.1/servers 1.096s
2025-12-09 00:47:46.347 65474 INFO tempest.lib.common.rest_client [req-7fa1e2c6-4db2-4c1f-b6f2-f4dafdf75e12 req-7fa1e2c6-4db2-4c1f-b6f2-f4dafdf75e12 ] Request (QuotasAdminTestV236:test_get_updated_quotas): 200 GET http://10.180.1.21/compute/v2.1/os-quota-sets/3e005aa98bd14fb5a66000aa86334945/detail 1.437s
2025-12-09 00:47:46.382 65466 INFO tempest.lib.common.rest_client [req-5ac2da79-7c30-40d2-b533-a2cd2367adbe req-5ac2da79-7c30-40d2-b533-a2cd2367adbe ] Request (ImagesMetadataTestJSON:tearDownClass): 204 DELETE http://10.180.1.21/identity/v3/users/3ae9b300bd924ccc8da64747ecb9e6bd 0.207s
2025-12-09 00:47:46.382 65466 INFO tempest.lib.common.dynamic_creds [-] Deleting project and security group for project: 6f4de0dbc25442059f3dc304159332fc
2025-12-09 00:47:46.386 65434 INFO tempest.lib.common.rest_client [req-2aaa7bc1-7af5-46a4-88cc-fe25e4f81a55 req-2aaa7bc1-7af5-46a4-88cc-fe25e4f81a55 ] Request (HypervisorAdminTestJSON:tearDownClass): 201 POST http://10.180.1.21/identity/v3/auth/tokens 0.142s
2025-12-09 00:47:46.472 65430 INFO tempest.lib.common.rest_client [req-b2baf7a0-6350-4509-a940-f975e35fb72f req-b2baf7a0-6350-4509-a940-f975e35fb72f ] Request (MultipleCreateNegativeTestJSON:test_max_count_non_integer): 201 POST http://10.180.1.21/identity/v3/auth/tokens 0.143s
2025-12-09 00:47:46.472 65430 INFO tempest.lib.common.fixed_network [-] (MultipleCreateNegativeTestJSON:test_max_count_non_integer) Found network None available for tenant
2025-12-09 00:47:46.516 65474 INFO tempest.lib.common.rest_client [req-39ab6088-06f0-46ae-bb93-d408f3727d92 req-39ab6088-06f0-46ae-bb93-d408f3727d92 ] Request (QuotasAdminTestV236:test_get_updated_quotas): 200 GET http://10.180.1.21/identity/v3/domains?name=Default 0.159s
2025-12-09 00:47:46.538 65466 INFO tempest.lib.common.rest_client [req-24367eb4-c0a3-4d1b-b2e4-d8502119640e req-24367eb4-c0a3-4d1b-b2e4-d8502119640e ] Request (ImagesMetadataTestJSON:tearDownClass): 201 POST http://10.180.1.21/identity/v3/auth/tokens 0.156s
2025-12-09 00:47:46.551 65474 INFO tempest.lib.common.rest_client [req-810f945e-ebef-4160-8b78-e334760717e8 req-810f945e-ebef-4160-8b78-e334760717e8 ] Request (QuotasAdminTestV236:test_get_updated_quotas): 201 POST http://10.180.1.21/identity/v3/users 0.034s
2025-12-09 00:47:46.576 65474 INFO tempest.lib.common.rest_client [req-d1f25cef-ec42-45e4-9506-16c3a401d6e0 req-d1f25cef-ec42-45e4-9506-16c3a401d6e0 ] Request (QuotasAdminTestV236:test_get_updated_quotas): 200 GET http://10.180.1.21/identity/v3/domains?name=Default 0.025s
2025-12-09 00:47:46.590 65482 INFO tempest.lib.common.rest_client [req-6366dce6-4368-44c1-b927-0910cc7333e6 req-6366dce6-4368-44c1-b927-0910cc7333e6 ] Request (ServersWithSpecificFlavorTestJSON:test_verify_created_server_ephemeral_disk): 200 PUT http://10.180.1.21/networking/v2.0/floatingips/810ac69b-0a7b-410d-9fcc-588bcb9fb11f 0.684s
2025-12-09 00:47:46.787 65454 INFO tempest.lib.common.rest_client [req-e207d2ae-fae3-40eb-b45b-9d3d2590c822 req-e207d2ae-fae3-40eb-b45b-9d3d2590c822 ] Request (ImagesNegativeTestJSON:test_create_image_from_deleted_server): 200 GET http://10.180.1.21/compute/v2.1/servers/2cd61cce-b35b-4dfe-a8cf-c90dfc4efa93 1.464s
2025-12-09 00:47:46.944 65434 INFO tempest.lib.common.rest_client [req-406f53af-7c6f-451b-8def-db16cb4c7f97 req-406f53af-7c6f-451b-8def-db16cb4c7f97 ] Request (HypervisorAdminTestJSON:tearDownClass): 200 GET http://10.180.1.21/networking/v2.0/security-groups?tenant_id=36f112cd133444038896cd77a1f47458&name=default 0.558s
2025-12-09 00:47:46.954 65466 INFO tempest.lib.common.rest_client [req-d49a7277-70de-41f6-93a4-826d1148696e req-d49a7277-70de-41f6-93a4-826d1148696e ] Request (ImagesMetadataTestJSON:tearDownClass): 200 GET http://10.180.1.21/networking/v2.0/security-groups?tenant_id=6f4de0dbc25442059f3dc304159332fc&name=default 0.415s
2025-12-09 00:47:46.992 65470 INFO tempest.lib.common.rest_client [req-34e649be-faf6-4fb0-a4f3-0cd540637be6 req-34e649be-faf6-4fb0-a4f3-0cd540637be6 ] Request (DeleteServersAdminTestJSON:test_delete_server_while_in_error_state): 200 GET http://10.180.1.21/compute/v2.1/servers/ccda2eae-7264-498c-aaab-a44d3d839e20 1.728s
2025-12-09 00:47:47.038 65484 INFO tempest.lib.common.rest_client [req-5a75f4c8-b855-4aa2-a7e9-996602bf9f4e req-5a75f4c8-b855-4aa2-a7e9-996602bf9f4e ] Request (FlavorsAccessNegativeTestJSON:_run_cleanups): 200 GET http://10.180.1.21/compute/v2.1/flavors/detail 1.643s
2025-12-09 00:47:47.133 65434 INFO tempest.lib.common.rest_client [req-0391c8d3-e736-4fe2-a8a7-aeea911b1c77 req-0391c8d3-e736-4fe2-a8a7-aeea911b1c77 ] Request (HypervisorAdminTestJSON:tearDownClass): 204 DELETE http://10.180.1.21/networking/v2.0/security-groups/97b027fa-7a82-4bc9-b972-f870077e5c7c 0.188s
2025-12-09 00:47:47.242 65466 INFO tempest.lib.common.rest_client [req-b36d9cae-c1a1-4aa1-9e68-ba2f6757737e req-b36d9cae-c1a1-4aa1-9e68-ba2f6757737e ] Request (ImagesMetadataTestJSON:tearDownClass): 204 DELETE http://10.180.1.21/networking/v2.0/security-groups/8cdaf29a-dc7b-4a1b-b2f8-b19c79fee874 0.287s
2025-12-09 00:47:47.252 65434 INFO tempest.lib.common.rest_client [req-b49fbf33-e35b-44e3-af13-7d0e74b3a070 req-b49fbf33-e35b-44e3-af13-7d0e74b3a070 ] Request (HypervisorAdminTestJSON:tearDownClass): 204 DELETE http://10.180.1.21/identity/v3/projects/36f112cd133444038896cd77a1f47458 0.118s
2025-12-09 00:47:47.252 65434 INFO tempest.lib.common.dynamic_creds [-] Deleting project and security group for project: ba486dcc25234b379acee1a1c174c9e2
2025-12-09 00:47:47.281 65468 INFO tempest.lib.common.rest_client [req-b0a01526-f422-4048-93cd-1675e9413447 req-b0a01526-f422-4048-93cd-1675e9413447 ] Request (ServersAdminNegativeTestJSON:test_migrate_server_invalid_state): 200 GET http://10.180.1.21/compute/v2.1/servers/0fc4cb94-455e-47d0-b343-f098456ad0a6 1.956s
2025-12-09 00:47:47.292 65468 INFO tempest.common.waiters [-] State transition "BUILD/None" ==> "BUILD/block_device_mapping" after 12 second wait
2025-12-09 00:47:47.347 65448 INFO tempest.lib.common.rest_client [req-203cce9a-2441-451b-b5ab-0234e60aa2c2 req-203cce9a-2441-451b-b5ab-0234e60aa2c2 ] Request (DeleteServersTestJSON:test_delete_active_server): 200 GET http://10.180.1.21/compute/v2.1/servers/2f1cabdb-11ef-42a9-a036-c0e4b80a2815 1.833s
2025-12-09 00:47:47.389 65466 INFO tempest.lib.common.rest_client [req-3a531aa4-1e6d-4402-9c4d-ac45e4f8fa31 req-3a531aa4-1e6d-4402-9c4d-ac45e4f8fa31 ] Request (ImagesMetadataTestJSON:tearDownClass): 204 DELETE http://10.180.1.21/identity/v3/projects/6f4de0dbc25442059f3dc304159332fc 0.146s
2025-12-09 00:47:47.404 65464 INFO tempest.lib.common.rest_client [req-25095fd5-c0e4-48dd-9c90-289eea123b50 req-25095fd5-c0e4-48dd-9c90-289eea123b50 ] Request (ExtensionsTest:test_get_extension): 200 GET http://10.180.1.21/compute/v2.1/extensions/os-consoles 1.775s
2025-12-09 00:47:47.411 65480 INFO tempest.lib.common.rest_client [req-b9d8b6b6-fc58-40ea-9051-6b17994c708b req-b9d8b6b6-fc58-40ea-9051-6b17994c708b ] Request (FloatingIPsAssociationNegativeTestJSON:test_associate_ip_to_server_without_passing_floating_ip): 400 POST http://10.180.1.21/compute/v2.1/servers/2dfaa982-d729-49b2-8917-8f3fcf075c1a/action 1.585s
2025-12-09 00:47:47.448 65490 INFO tempest.lib.common.rest_client [req-a598981f-656f-4cdf-825e-4eeb83c5f87d req-a598981f-656f-4cdf-825e-4eeb83c5f87d ] Request (KeyPairsV22TestJSON:test_keypairs_create_list_delete): 201 POST http://10.180.1.21/compute/v2.1/os-keypairs 1.491s
2025-12-09 00:47:47.459 65466 INFO tempest.lib.common.rest_client [req-06726668-f500-4af7-bdee-0423953b4fc9 req-06726668-f500-4af7-bdee-0423953b4fc9 ] Request (ServerActionsTestJSON:setUpClass): 201 POST http://10.180.1.21/identity/v3/auth/tokens 0.068s
2025-12-09 00:47:47.471 65446 INFO tempest.lib.common.rest_client [req-dd2df906-b5fe-4b87-a681-ed9f6e081a67 req-dd2df906-b5fe-4b87-a681-ed9f6e081a67 ] Request (ImagesDeleteNegativeTestJSON:test_delete_image_non_hex_string_id): 404 DELETE http://10.180.1.21/compute/v2.1/images/c48bdf40-4ace-490b-8d71-459de051ba9j 1.482s
2025-12-09 00:47:47.478 65434 INFO tempest.lib.common.rest_client [req-3fce0f2b-05e3-4683-b18e-e3a51170d348 req-3fce0f2b-05e3-4683-b18e-e3a51170d348 ] Request (HypervisorAdminTestJSON:tearDownClass): 200 GET http://10.180.1.21/networking/v2.0/security-groups?tenant_id=ba486dcc25234b379acee1a1c174c9e2&name=default 0.225s
2025-12-09 00:47:47.494 65466 INFO tempest.lib.common.rest_client [req-c8dc5774-89f2-4082-a89e-d86676acad44 req-c8dc5774-89f2-4082-a89e-d86676acad44 ] Request (ServerActionsTestJSON:setUpClass): 201 POST http://10.180.1.21/identity/v3/auth/tokens 0.032s
2025-12-09 00:47:47.520 65466 INFO tempest.lib.common.rest_client [req-5c588020-3a78-4b85-b453-d956fe66a9f9 req-5c588020-3a78-4b85-b453-d956fe66a9f9 ] Request (ServerActionsTestJSON:setUpClass): 200 GET http://10.180.1.21/identity/v3/domains?name=Default 0.026s
2025-12-09 00:47:47.532 65436 INFO tempest.lib.common.rest_client [req-f418c771-1b2e-49f1-ab19-73ab9540edfa req-f418c771-1b2e-49f1-ab19-73ab9540edfa ] Request (ServerDiagnosticsTest:test_get_server_diagnostics): 200 GET http://10.180.1.21/compute/v2.1/servers/0cd9079b-7eac-4b58-ae5c-feb46a0749bb 1.709s
2025-12-09 00:47:47.556 65466 INFO tempest.lib.common.rest_client [req-73c72534-1055-489f-9185-c0ffe5308baa req-73c72534-1055-489f-9185-c0ffe5308baa ] Request (ServerActionsTestJSON:setUpClass): 201 POST http://10.180.1.21/identity/v3/projects 0.035s
2025-12-09 00:47:47.562 65444 WARNING tempest.lib.common.ssh [-] Failed to establish authenticated ssh connection to cirros@10.180.180.169 ([Errno None] Unable to connect to port 22 on 10.180.180.169). Number attempts: 1. Retry after 2 seconds.: paramiko.ssh_exception.NoValidConnectionsError: [Errno None] Unable to connect to port 22 on 10.180.180.169
2025-12-09 00:47:47.565 65438 INFO tempest.lib.common.rest_client [req-f61707c8-8b94-4ded-89f6-1c894d8ce3dc req-f61707c8-8b94-4ded-89f6-1c894d8ce3dc ] Request (ImagesOneServerTestJSON:test_create_delete_image): 404 GET http://10.180.1.21/compute/v2.1/images/496139d9-21e8-4dc8-8df2-f3983c265ae9 1.456s
2025-12-09 00:47:47.615 65472 INFO tempest.lib.common.rest_client [req-d854b888-d9d5-4858-85a6-4bc8d78947bc req-d854b888-d9d5-4858-85a6-4bc8d78947bc ] Request (ServicesAdminNegativeV253TestJSON:test_enable_service_with_invalid_service_id): 404 PUT http://10.180.1.21/compute/v2.1/os-services/7450234c-1a47-43f7-82ff-848d9252f78d 1.343s
