2025-12-09 00:48:32.571 65472 INFO tempest.lib.common.rest_client [req-6558be0c-e567-4068-a5be-14f09ccfb640 req-6558be0c-e567-4068-a5be-14f09ccfb640 ] Request (ListImageFiltersTestJSON:setUpClass): 202 POST http://10.180.1.21/compute/v2.1/servers 1.199s
2025-12-09 00:48:32.594 65460 WARNING tempest.lib.common.ssh [-] Failed to establish authenticated ssh connection to cirros@10.180.180.133 ([Errno None] Unable to connect to port 22 on 10.180.180.133). Number attempts: 9. Retry after 10 seconds.: paramiko.ssh_exception.NoValidConnectionsError: [Errno None] Unable to connect to port 22 on 10.180.180.133
2025-12-09 00:48:32.603 65480 INFO tempest.lib.common.rest_client [req-172a50d0-fe3c-418d-b539-2c4d12991527 req-172a50d0-fe3c-418d-b539-2c4d12991527 ] Request (ServersTestManualDisk:setUpClass): 201 POST http://10.180.1.21/networking/v2.0/security-groups 0.145s
2025-12-09 00:48:32.619 65457 INFO tempest.lib.common.rest_client [req-6a2b699c-7dc7-4ba8-ad0b-2f42cc678aca req-6a2b699c-7dc7-4ba8-ad0b-2f42cc678aca ] Request (TenantUsagesTestJSON:setUpClass): 200 GET http://10.180.1.21/compute/v2.1/servers/aaadc774-fbf7-474d-9791-77b008920848 0.767s
2025-12-09 00:48:32.623 65458 INFO tempest.lib.common.rest_client [req-e1d37440-4afe-4cbc-a851-dd5a49dd639c req-e1d37440-4afe-4cbc-a851-dd5a49dd639c ] Request (ImagesTestJSON:test_create_image_from_stopped_server): 200 GET http://10.180.1.21/compute/v2.1/images/eac9022f-db5e-4a25-b295-fdcd060ac113 0.736s
2025-12-09 00:48:32.725 65480 INFO tempest.lib.common.rest_client [req-891fdce8-a89b-47e6-9bc3-780613db2ad0 req-891fdce8-a89b-47e6-9bc3-780613db2ad0 ] Request (ServersTestManualDisk:setUpClass): 201 POST http://10.180.1.21/networking/v2.0/security-group-rules 0.121s
2025-12-09 00:48:32.757 65450 INFO tempest.lib.common.rest_client [req-632c31e2-b7f0-4e3f-ab0c-582304f50d94 req-632c31e2-b7f0-4e3f-ab0c-582304f50d94 ] Request (ListServerFiltersTestJSON:setUpClass): 200 GET http://10.180.1.21/compute/v2.1/servers/2cd95585-4cdb-48f2-9d52-a7ef712b93f0 0.866s
2025-12-09 00:48:32.770 65490 INFO tempest.lib.common.rest_client [req-26f55690-8b97-4d05-8417-21410a750dda req-26f55690-8b97-4d05-8417-21410a750dda ] Request (SecurityGroupRulesTestJSON:test_security_group_rules_create_with_optional_group_id): 200 POST http://10.180.1.21/compute/v2.1/os-security-groups 0.739s
2025-12-09 00:48:32.916 65480 INFO tempest.lib.common.rest_client [req-48300340-a220-48d6-8d3a-8dc481f9905d req-48300340-a220-48d6-8d3a-8dc481f9905d ] Request (ServersTestManualDisk:setUpClass): 201 POST http://10.180.1.21/networking/v2.0/security-group-rules 0.191s
2025-12-09 00:48:32.931 65468 INFO tempest.lib.common.rest_client [req-29668c6b-f2d3-4726-a4d8-a88b52f6f916 req-29668c6b-f2d3-4726-a4d8-a88b52f6f916 ] Request (ServersAdminNegativeTestJSON:test_resize_server_using_overlimit_vcpus): 403 POST http://10.180.1.21/compute/v2.1/servers/aabf4b4d-6bb2-4f31-8340-8b9f6f9ceec6/action 0.880s
2025-12-09 00:48:32.958 65442 INFO tempest.lib.common.rest_client [req-2de6af41-40fb-41f7-9acd-1e8939e45701 req-2de6af41-40fb-41f7-9acd-1e8939e45701 ] Request (FlavorsAdminTestJSON:_run_cleanups): 200 GET http://10.180.1.21/compute/v2.1/flavors/detail 0.760s
2025-12-09 00:48:33.111 65484 INFO tempest.lib.common.rest_client [req-981c755d-65d6-4b7f-9067-8dd8712c7bb4 req-981c755d-65d6-4b7f-9067-8dd8712c7bb4 ] Request (NetworksTest:test_get_network): 200 GET http://10.180.1.21/compute/v2.1/os-networks 0.933s
2025-12-09 00:48:33.157 65436 INFO tempest.lib.common.rest_client [req-d06d2508-ebe7-4e51-b549-087e4e453654 req-d06d2508-ebe7-4e51-b549-087e4e453654 ] Request (ServerDiagnosticsTest:tearDownClass): 200 GET http://10.180.1.21/compute/v2.1/servers/0cd9079b-7eac-4b58-ae5c-feb46a0749bb 0.928s
2025-12-09 00:48:33.165 65436 INFO tempest.common.waiters [-] State transition "ACTIVE/deleting" ==> "DELETED/None" after 2 second wait
2025-12-09 00:48:33.214 65452 INFO tempest.lib.common.rest_client [req-98c96d7a-8685-47b8-a790-3a68c247bda2 req-98c96d7a-8685-47b8-a790-3a68c247bda2 ] Request (MultipleCreateTestJSON:_run_cleanups): 200 GET http://10.180.1.21/compute/v2.1/servers/957d83a7-758d-4635-aa24-ac389d35eae5 0.878s
2025-12-09 00:48:33.237 65470 INFO tempest.lib.common.rest_client [req-9bef9e28-0dfe-44ba-92d8-6512c40fcc7c req-9bef9e28-0dfe-44ba-92d8-6512c40fcc7c ] Request (DeleteServersAdminTestJSON:tearDownClass): 404 DELETE http://10.180.1.21/compute/v2.1/servers/ccda2eae-7264-498c-aaab-a44d3d839e20 0.689s
2025-12-09 00:48:33.266 65448 INFO tempest.lib.common.rest_client [req-8f0b8a0a-9494-4e93-b4c0-95caf632f464 req-8f0b8a0a-9494-4e93-b4c0-95caf632f464 ] Request (DeleteServersTestJSON:test_delete_active_server): 200 GET http://10.180.1.21/compute/v2.1/servers/2f1cabdb-11ef-42a9-a036-c0e4b80a2815 0.816s
2025-12-09 00:48:33.330 65472 INFO tempest.lib.common.rest_client [req-bb6d1450-d9af-48ea-8c93-535a966c131d req-bb6d1450-d9af-48ea-8c93-535a966c131d ] Request (ListImageFiltersTestJSON:setUpClass): 200 GET http://10.180.1.21/compute/v2.1/servers/84e2c383-baec-4899-b644-8a66a730728e 0.757s
2025-12-09 00:48:33.434 65480 INFO tempest.lib.common.rest_client [req-5c772faf-818a-49b7-8d12-8d623c5bd568 req-5c772faf-818a-49b7-8d12-8d623c5bd568 ] Request (ServersTestManualDisk:setUpClass): 201 POST http://10.180.1.21/networking/v2.0/floatingips 0.517s
2025-12-09 00:48:33.468 65490 INFO tempest.lib.common.rest_client [req-8f8445c0-7d48-435d-a7bf-82f5576da147 req-8f8445c0-7d48-435d-a7bf-82f5576da147 ] Request (SecurityGroupRulesTestJSON:test_security_group_rules_create_with_optional_group_id): 200 POST http://10.180.1.21/compute/v2.1/os-security-groups 0.694s
2025-12-09 00:48:33.471 65480 INFO tempest.lib.common.rest_client [req-6f86972c-2848-4d06-af6e-0476472c2530 req-6f86972c-2848-4d06-af6e-0476472c2530 ] Request (ServersTestManualDisk:setUpClass): 201 POST http://10.180.1.21/identity/v3/auth/tokens 0.034s
2025-12-09 00:48:33.472 65480 INFO tempest.lib.common.fixed_network [-] (ServersTestManualDisk:setUpClass) Found network {'id': '14749403-6920-4064-b6b7-ccb00937fce9', 'name': 'tempest-ServersTestManualDisk-1194807255-network', 'tenant_id': '276b5dd1cdad47bc90728cbeeef24f0c', 'project_id': '276b5dd1cdad47bc90728cbeeef24f0c', 'admin_state_up': True, 'mtu': 8950, 'status': 'ACTIVE', 'subnets': [], 'shared': False, 'port_security_enabled': True, 'router:external': False, 'provider:network_type': 'vlan', 'provider:physical_network': 'default', 'provider:segmentation_id': 921, 'availability_zone_hints': [], 'availability_zones': [], 'ipv4_address_scope': None, 'ipv6_address_scope': None, 'description': '', 'tags': [], 'created_at': '2025-12-09T00:48:28Z', 'updated_at': '2025-12-09T00:48:28Z', 'revision_number': 1} available for tenant
2025-12-09 00:48:33.474 65466 INFO tempest.lib.common.rest_client [req-c6ca810a-35eb-40e5-92f4-3a65d113a7fa req-c6ca810a-35eb-40e5-92f4-3a65d113a7fa ] Request (ServerActionsTestJSON:setUpClass): 200 GET http://10.180.1.21/compute/v2.1/servers/e52c50fe-cf3d-4411-874a-757dd06f2c6d 0.710s
2025-12-09 00:48:33.505 65468 INFO tempest.lib.common.rest_client [req-f62f2ef6-1c39-406a-8867-56d809d7a402 req-f62f2ef6-1c39-406a-8867-56d809d7a402 ] Request (ServersAdminNegativeTestJSON:_run_cleanups): 202 DELETE http://10.180.1.21/compute/v2.1/flavors/1598722988 0.573s
2025-12-09 00:48:33.519 65442 INFO tempest.lib.common.rest_client [req-5f9ea121-134b-487f-a794-0409a4f591fa req-5f9ea121-134b-487f-a794-0409a4f591fa ] Request (FlavorsAdminTestJSON:test_list_non_public_flavor): 200 POST http://10.180.1.21/compute/v2.1/flavors 0.553s
2025-12-09 00:48:33.541 65438 INFO tempest.lib.common.rest_client [req-f1133071-dd55-41e9-bce3-39289a90486c req-f1133071-dd55-41e9-bce3-39289a90486c ] Request (ImagesOneServerTestJSON:tearDownClass): 200 GET http://10.180.1.21/compute/v2.1/servers/7c849095-536d-48a4-87cd-afe6ff00f95f 0.663s
2025-12-09 00:48:33.591 65484 INFO tempest.lib.common.rest_client [req-5ce80b54-845d-4346-a13b-eee1393cba78 req-5ce80b54-845d-4346-a13b-eee1393cba78 ] Request (NetworksTest:test_get_network): 200 GET http://10.180.1.21/compute/v2.1/os-networks/0d90ecbd-4026-4e1f-b679-a6ac0fc71fc1 0.479s
2025-12-09 00:48:33.613 65434 INFO tempest.lib.common.rest_client [req-5c5cc2aa-742d-4cce-bef6-8a1725a6d846 req-5c5cc2aa-742d-4cce-bef6-8a1725a6d846 ] Request (MigrationsAdminTest:test_list_migrations_in_flavor_resize_situation): 200 GET http://10.180.1.21/compute/v2.1/servers/b0e652e0-21cf-4681-b615-5bc00f418457 0.568s
2025-12-09 00:48:33.647 65454 INFO tempest.lib.common.rest_client [req-411ef2bb-0e99-4b27-a6ea-550c430d52aa req-411ef2bb-0e99-4b27-a6ea-550c430d52aa ] Request (AttachInterfacesV270Test:test_create_get_list_interfaces): 200 GET http://10.180.1.21/compute/v2.1/servers/90490a64-6474-468b-b3f8-ef53380bec2f 0.522s
2025-12-09 00:48:33.662 65462 INFO tempest.lib.common.rest_client [req-373573a3-b333-43db-b49b-db0bef65a557 req-373573a3-b333-43db-b49b-db0bef65a557 ] Request (ServerPasswordTestJSON:setUpClass): 200 GET http://10.180.1.21/compute/v2.1/servers/02f8a7a9-08d0-4a86-baae-df590a46cd36 0.490s
2025-12-09 00:48:33.716 65430 INFO tempest.lib.common.rest_client [req-3db201fa-2645-4d93-b809-196eed879378 req-3db201fa-2645-4d93-b809-196eed879378 ] Request (ServerMetadataNegativeTestJSON:setUpClass): 200 GET http://10.180.1.21/compute/v2.1/servers/5d134546-3b76-4a93-8cd1-79cd688c845b 0.493s
2025-12-09 00:48:33.739 65470 INFO tempest.lib.common.rest_client [req-16593bc6-4ee5-4b4d-9a74-a18c8c0586fe req-16593bc6-4ee5-4b4d-9a74-a18c8c0586fe ] Request (DeleteServersAdminTestJSON:tearDownClass): 404 GET http://10.180.1.21/compute/v2.1/servers/ccda2eae-7264-498c-aaab-a44d3d839e20 0.502s
2025-12-09 00:48:33.756 65446 INFO tempest.lib.common.rest_client [req-b4b4fb8e-1c41-4ef4-8cda-07e5770a14ea req-b4b4fb8e-1c41-4ef4-8cda-07e5770a14ea ] Request (ImagesOneServerNegativeTestJSON:setUpClass): 200 GET http://10.180.1.21/compute/v2.1/servers/c24efdc1-d347-4a9f-b6d5-8dec3d21632c 0.565s
2025-12-09 00:48:33.844 65478 INFO tempest.lib.common.rest_client [req-7dcb794e-61ec-4855-b291-8ee49366b308 req-7dcb794e-61ec-4855-b291-8ee49366b308 ] Request (ServersAdmin275Test:_run_cleanups): 200 GET http://10.180.1.21/compute/v2.1/servers/20012954-e8ad-4d3a-a992-32bf5bd2d534 0.537s
2025-12-09 00:48:33.919 65492 INFO tempest.lib.common.rest_client [req-f74b53dc-48c5-4f3a-8753-9919186910b5 req-f74b53dc-48c5-4f3a-8753-9919186910b5 ] Request (FloatingIPsAssociationTestJSON:tearDownClass): 200 GET http://10.180.1.21/compute/v2.1/servers/4e47a856-2243-403e-874f-8a753ef16e17 0.577s
2025-12-09 00:48:34.052 65488 INFO tempest.lib.common.rest_client [req-0bf61c41-42ae-4bc0-9f98-1fa3f7cd139c req-0bf61c41-42ae-4bc0-9f98-1fa3f7cd139c ] Request (ServersAdminTestJSON:test_inject_network_info): 200 GET http://10.180.1.21/compute/v2.1/servers/b2a19598-2bcf-4dbb-8a1f-00c6d94b9235 0.797s
2025-12-09 00:48:34.139 65490 INFO tempest.lib.common.rest_client [req-b24f09e2-3a17-4803-9735-692f971e2f62 req-b24f09e2-3a17-4803-9735-692f971e2f62 ] Request (SecurityGroupRulesTestJSON:test_security_group_rules_create_with_optional_group_id): 200 POST http://10.180.1.21/compute/v2.1/os-security-group-rules 0.667s
2025-12-09 00:48:34.141 65490 WARNING tempest.lib.common.rest_client [-] Deprecated: "tenant_id" property is deprecated for removal, use "project_id" instead
2025-12-09 00:48:34.163 65468 INFO tempest.lib.common.rest_client [req-89a80cb6-7264-4995-b2d9-18cd01bbea01 req-89a80cb6-7264-4995-b2d9-18cd01bbea01 ] Request (ServersAdminNegativeTestJSON:_run_cleanups): 200 GET http://10.180.1.21/compute/v2.1/flavors/detail 0.658s
2025-12-09 00:48:34.184 65442 INFO tempest.lib.common.rest_client [req-af01f077-ec99-44f9-9f9d-47fd8289d43c req-af01f077-ec99-44f9-9f9d-47fd8289d43c ] Request (FlavorsAdminTestJSON:test_list_non_public_flavor): 200 GET http://10.180.1.21/compute/v2.1/flavors/detail 0.662s
2025-12-09 00:48:34.246 65474 INFO tempest.lib.common.rest_client [req-e2408b5e-d870-4543-ad3d-977481fe1890 req-e2408b5e-d870-4543-ad3d-977481fe1890 ] Request (ServerShowV247Test:test_update_rebuild_list_server): 200 GET http://10.180.1.21/compute/v2.1/servers/5bdbc682-6eda-4b83-8844-34c13940e35a 0.713s
2025-12-09 00:48:34.395 65484 INFO tempest.lib.common.rest_client [req-8e96399c-e1d4-4012-86e5-9bde076d9d86 req-8e96399c-e1d4-4012-86e5-9bde076d9d86 ] Request (NetworksTest:test_list_all_networks): 200 GET http://10.180.1.21/compute/v2.1/os-networks 0.802s
2025-12-09 00:48:34.438 65458 INFO tempest.lib.common.rest_client [req-236d069b-b927-4c68-a630-9016eb8d8c48 req-236d069b-b927-4c68-a630-9016eb8d8c48 ] Request (ImagesTestJSON:test_create_image_from_stopped_server): 200 GET http://10.180.1.21/compute/v2.1/images/eac9022f-db5e-4a25-b295-fdcd060ac113 0.812s
2025-12-09 00:48:34.449 65480 INFO tempest.lib.common.rest_client [req-9809efa8-a2d9-4f51-9484-005ced2bd6d9 req-9809efa8-a2d9-4f51-9484-005ced2bd6d9 ] Request (ServersTestManualDisk:setUpClass): 202 POST http://10.180.1.21/compute/v2.1/servers 0.977s
2025-12-09 00:48:34.476 65470 INFO tempest.lib.common.rest_client [req-df863254-2a07-428b-bea4-973de31b93a9 req-df863254-2a07-428b-bea4-973de31b93a9 ] Request (DeleteServersAdminTestJSON:tearDownClass): 404 DELETE http://10.180.1.21/compute/v2.1/servers/e779a286-7101-4067-9bab-67c62dd96345 0.734s
2025-12-09 00:48:34.517 65457 INFO tempest.lib.common.rest_client [req-3b89c302-e686-4b78-8fa0-4188cb69192c req-3b89c302-e686-4b78-8fa0-4188cb69192c ] Request (TenantUsagesTestJSON:setUpClass): 200 GET http://10.180.1.21/compute/v2.1/servers/aaadc774-fbf7-474d-9791-77b008920848 0.880s
2025-12-09 00:48:34.553 65450 INFO tempest.lib.common.rest_client [req-96c9ba65-19c0-4819-a679-82cb202c6d73 req-96c9ba65-19c0-4819-a679-82cb202c6d73 ] Request (ListServerFiltersTestJSON:setUpClass): 200 GET http://10.180.1.21/compute/v2.1/servers/2cd95585-4cdb-48f2-9d52-a7ef712b93f0 0.778s
2025-12-09 00:48:34.564 65484 INFO tempest.lib.common.rest_client [req-538a9718-3aea-4c15-9716-5d61dcdaaab4 req-538a9718-3aea-4c15-9716-5d61dcdaaab4 ] Request (NetworksTest:tearDownClass): 204 DELETE http://10.180.1.21/identity/v3/users/b39c35d559cf429784ad2b6ad1a802a5 0.167s
2025-12-09 00:48:34.693 65484 INFO tempest.lib.common.rest_client [req-cd69c711-262d-450f-8c39-05fccae56686 req-cd69c711-262d-450f-8c39-05fccae56686 ] Request (NetworksTest:tearDownClass): 204 DELETE http://10.180.1.21/identity/v3/users/827dc6e19263401c8c5738eeb2b12692 0.127s
2025-12-09 00:48:34.693 65484 INFO tempest.lib.common.dynamic_creds [-] Deleting project and security group for project: ad2aded086d64232b8bd134f60e2eab9
2025-12-09 00:48:34.703 65490 INFO tempest.lib.common.rest_client [req-9a078fb5-2d09-4ec4-9439-76da91909c0c req-9a078fb5-2d09-4ec4-9439-76da91909c0c ] Request (SecurityGroupRulesTestJSON:test_security_group_rules_delete_when_peer_group_deleted): 200 POST http://10.180.1.21/compute/v2.1/os-security-groups 0.559s
2025-12-09 00:48:34.747 65436 INFO tempest.lib.common.rest_client [req-f4a0b647-770a-4d48-bf22-05fb3cc7fd9f req-f4a0b647-770a-4d48-bf22-05fb3cc7fd9f ] Request (ServerDiagnosticsTest:tearDownClass): 200 GET http://10.180.1.21/compute/v2.1/servers/0cd9079b-7eac-4b58-ae5c-feb46a0749bb 0.580s
2025-12-09 00:48:34.748 65468 INFO tempest.lib.common.rest_client [req-11ec709d-75a0-4e77-90f4-50db0889841a req-11ec709d-75a0-4e77-90f4-50db0889841a ] Request (ServersAdminNegativeTestJSON:test_restore_server_invalid_state): 409 POST http://10.180.1.21/compute/v2.1/servers/aabf4b4d-6bb2-4f31-8340-8b9f6f9ceec6/action 0.579s
2025-12-09 00:48:34.783 65442 INFO tempest.lib.common.rest_client [req-bd4b86d0-ee17-4e1f-88ea-2d706a7b95b9 req-bd4b86d0-ee17-4e1f-88ea-2d706a7b95b9 ] Request (FlavorsAdminTestJSON:test_list_non_public_flavor): 200 GET http://10.180.1.21/compute/v2.1/flavors/detail 0.594s
2025-12-09 00:48:34.803 65484 INFO tempest.lib.common.rest_client [req-145e811e-aa1c-47aa-9661-a12f6c8c40d0 req-145e811e-aa1c-47aa-9661-a12f6c8c40d0 ] Request (NetworksTest:tearDownClass): 201 POST http://10.180.1.21/identity/v3/auth/tokens 0.109s
2025-12-09 00:48:34.919 65452 INFO tempest.lib.common.rest_client [req-a2b86c8f-bfba-4d60-8576-0c8a77b4e2c9 req-a2b86c8f-bfba-4d60-8576-0c8a77b4e2c9 ] Request (MultipleCreateTestJSON:_run_cleanups): 200 GET http://10.180.1.21/compute/v2.1/servers/957d83a7-758d-4635-aa24-ac389d35eae5 0.694s
2025-12-09 00:48:34.931 65440 INFO tempest.lib.common.rest_client [req-7d18b87e-3b20-49b1-a867-e467c142c886 req-7d18b87e-3b20-49b1-a867-e467c142c886 ] Request (QuotaClassesAdminTestJSON:test_update_default_quotas): 200 GET http://10.180.1.21/compute/v2.1/os-quota-class-sets/default 0.689s
2025-12-09 00:48:35.019 65484 INFO tempest.lib.common.rest_client [req-54e483ea-2407-4510-a72e-c9161fe78f5b req-54e483ea-2407-4510-a72e-c9161fe78f5b ] Request (NetworksTest:tearDownClass): 200 GET http://10.180.1.21/networking/v2.0/security-groups?tenant_id=ad2aded086d64232b8bd134f60e2eab9&name=default 0.216s
2025-12-09 00:48:35.042 65448 INFO tempest.lib.common.rest_client [req-0bd18536-1c11-49cf-b9de-c49fa4d72f50 req-0bd18536-1c11-49cf-b9de-c49fa4d72f50 ] Request (DeleteServersTestJSON:test_delete_active_server): 200 GET http://10.180.1.21/compute/v2.1/servers/2f1cabdb-11ef-42a9-a036-c0e4b80a2815 0.766s
2025-12-09 00:48:35.061 65472 INFO tempest.lib.common.rest_client [req-df7b72c0-5951-4859-8c40-2df0c486964c req-df7b72c0-5951-4859-8c40-2df0c486964c ] Request (ListImageFiltersTestJSON:setUpClass): 200 GET http://10.180.1.21/compute/v2.1/servers/84e2c383-baec-4899-b644-8a66a730728e 0.720s
2025-12-09 00:48:35.087 65470 INFO tempest.lib.common.rest_client [req-d1584853-9ada-4c31-876f-72db8f293790 req-d1584853-9ada-4c31-876f-72db8f293790 ] Request (DeleteServersAdminTestJSON:tearDownClass): 404 GET http://10.180.1.21/compute/v2.1/servers/e779a286-7101-4067-9bab-67c62dd96345 0.610s
2025-12-09 00:48:35.137 65484 INFO tempest.lib.common.rest_client [req-5a02a204-4bdd-4064-b4ef-0363469cb985 req-5a02a204-4bdd-4064-b4ef-0363469cb985 ] Request (NetworksTest:tearDownClass): 204 DELETE http://10.180.1.21/networking/v2.0/security-groups/10a4f1db-e2ed-4c59-82bd-494be0818d52 0.117s
2025-12-09 00:48:35.171 65470 INFO tempest.lib.common.rest_client [req-fce78d0a-5817-4a3b-8ce6-f53e3aea5554 req-fce78d0a-5817-4a3b-8ce6-f53e3aea5554 ] Request (DeleteServersAdminTestJSON:tearDownClass): 204 DELETE http://10.180.1.21/identity/v3/users/8ee34e0051034c17910685eba0652f6e 0.084s
2025-12-09 00:48:35.219 65480 INFO tempest.lib.common.rest_client [req-6228c634-fce0-4553-bc76-71fd3c724b2f req-6228c634-fce0-4553-bc76-71fd3c724b2f ] Request (ServersTestManualDisk:setUpClass): 200 GET http://10.180.1.21/compute/v2.1/servers/a6af512b-ee5b-478c-bbe5-7a5b4b66804d 0.768s
2025-12-09 00:48:35.257 65484 INFO tempest.lib.common.rest_client [req-bc0ee7af-6253-4a57-a3fa-2ec9f582276e req-bc0ee7af-6253-4a57-a3fa-2ec9f582276e ] Request (NetworksTest:tearDownClass): 204 DELETE http://10.180.1.21/identity/v3/projects/ad2aded086d64232b8bd134f60e2eab9 0.119s
2025-12-09 00:48:35.257 65484 INFO tempest.lib.common.dynamic_creds [-] Deleting project and security group for project: 21ce787f768d4e39a0529c802f9883bc
2025-12-09 00:48:35.284 65470 INFO tempest.lib.common.rest_client [req-1379e750-8faf-45cd-b8cd-a4f48d72d8bc req-1379e750-8faf-45cd-b8cd-a4f48d72d8bc ] Request (DeleteServersAdminTestJSON:tearDownClass): 204 DELETE http://10.180.1.21/identity/v3/users/34fee43a63a14574aef929d1cba0b65a 0.112s
2025-12-09 00:48:35.285 65470 INFO tempest.lib.common.dynamic_creds [-] Deleting project and security group for project: 1f6d0bce2b344f658a945833fe75199d
2025-12-09 00:48:35.352 65470 INFO tempest.lib.common.rest_client [req-f8ed0ef6-ee5f-4a1d-9aba-dcdd0b6baf62 req-f8ed0ef6-ee5f-4a1d-9aba-dcdd0b6baf62 ] Request (DeleteServersAdminTestJSON:tearDownClass): 201 POST http://10.180.1.21/identity/v3/auth/tokens 0.066s
2025-12-09 00:48:35.415 65484 INFO tempest.lib.common.rest_client [req-9d735a50-c8b0-4ec7-b5db-91fea9b4d0e9 req-9d735a50-c8b0-4ec7-b5db-91fea9b4d0e9 ] Request (NetworksTest:tearDownClass): 200 GET http://10.180.1.21/networking/v2.0/security-groups?tenant_id=21ce787f768d4e39a0529c802f9883bc&name=default 0.157s
2025-12-09 00:48:35.436 65438 INFO tempest.lib.common.rest_client [req-9f6ec1a0-dc46-4d1f-aed1-b741ee8d838f req-9f6ec1a0-dc46-4d1f-aed1-b741ee8d838f ] Request (ImagesOneServerTestJSON:tearDownClass): 200 GET http://10.180.1.21/compute/v2.1/servers/7c849095-536d-48a4-87cd-afe6ff00f95f 0.888s
2025-12-09 00:48:35.451 65466 INFO tempest.lib.common.rest_client [req-bf8546f0-fd84-47a7-ab3e-1390a9406525 req-bf8546f0-fd84-47a7-ab3e-1390a9406525 ] Request (ServerActionsTestJSON:setUpClass): 200 GET http://10.180.1.21/compute/v2.1/servers/e52c50fe-cf3d-4411-874a-757dd06f2c6d 0.966s
2025-12-09 00:48:35.548 65484 INFO tempest.lib.common.rest_client [req-fcb7e554-7b13-4301-a854-823f34ca2548 req-fcb7e554-7b13-4301-a854-823f34ca2548 ] Request (NetworksTest:tearDownClass): 204 DELETE http://10.180.1.21/networking/v2.0/security-groups/fbdb5799-351b-4ec0-b9fb-9d50f00f0a9f 0.133s
2025-12-09 00:48:35.616 65484 INFO tempest.lib.common.rest_client [req-42300cea-1559-442c-b3cf-190d8b6a5f3f req-42300cea-1559-442c-b3cf-190d8b6a5f3f ] Request (NetworksTest:tearDownClass): 204 DELETE http://10.180.1.21/identity/v3/projects/21ce787f768d4e39a0529c802f9883bc 0.067s
2025-12-09 00:48:35.616 65444 WARNING tempest.lib.common.ssh [-] Failed to establish authenticated ssh connection to cirros@10.180.180.169 ([Errno None] Unable to connect to port 22 on 10.180.180.169). Number attempts: 9. Retry after 10 seconds.: paramiko.ssh_exception.NoValidConnectionsError: [Errno None] Unable to connect to port 22 on 10.180.180.169
2025-12-09 00:48:35.622 65470 INFO tempest.lib.common.rest_client [req-58beebd8-03e0-43f5-831b-179c61f426d0 req-58beebd8-03e0-43f5-831b-179c61f426d0 ] Request (DeleteServersAdminTestJSON:tearDownClass): 200 GET http://10.180.1.21/networking/v2.0/security-groups?tenant_id=1f6d0bce2b344f658a945833fe75199d&name=default 0.271s
2025-12-09 00:48:35.684 65454 INFO tempest.lib.common.rest_client [req-6a2261db-5c2d-42a2-ada2-2d0fd70440d2 req-6a2261db-5c2d-42a2-ada2-2d0fd70440d2 ] Request (AttachInterfacesV270Test:test_create_get_list_interfaces): 200 GET http://10.180.1.21/compute/v2.1/servers/90490a64-6474-468b-b3f8-ef53380bec2f 1.027s
2025-12-09 00:48:35.691 65484 INFO tempest.lib.common.rest_client [req-fb12386b-ac12-44c8-9523-ea1c1ac2ddc8 req-fb12386b-ac12-44c8-9523-ea1c1ac2ddc8 ] Request (FloatingIPDetailsTestJSON:setUpClass): 201 POST http://10.180.1.21/identity/v3/auth/tokens 0.073s
2025-12-09 00:48:35.725 65484 INFO tempest.lib.common.rest_client [req-50f81bbb-0131-46f6-89df-f38f1994e419 req-50f81bbb-0131-46f6-89df-f38f1994e419 ] Request (FloatingIPDetailsTestJSON:setUpClass): 201 POST http://10.180.1.21/identity/v3/auth/tokens 0.032s
2025-12-09 00:48:35.760 65484 INFO tempest.lib.common.rest_client [req-75149e31-a429-407d-b50c-e1e48b443321 req-75149e31-a429-407d-b50c-e1e48b443321 ] Request (FloatingIPDetailsTestJSON:setUpClass): 200 GET http://10.180.1.21/identity/v3/domains?name=Default 0.035s
2025-12-09 00:48:35.782 65470 INFO tempest.lib.common.rest_client [req-e502fbfc-ffac-40b6-9aa6-92d134151ac1 req-e502fbfc-ffac-40b6-9aa6-92d134151ac1 ] Request (DeleteServersAdminTestJSON:tearDownClass): 204 DELETE http://10.180.1.21/networking/v2.0/security-groups/f079d0c6-90fa-4319-bdba-cde98f92caed 0.158s
2025-12-09 00:48:35.789 65484 INFO tempest.lib.common.rest_client [req-de3f2cfb-6fbb-4015-a3da-38fdf9884403 req-de3f2cfb-6fbb-4015-a3da-38fdf9884403 ] Request (FloatingIPDetailsTestJSON:setUpClass): 201 POST http://10.180.1.21/identity/v3/projects 0.028s
2025-12-09 00:48:35.830 65434 INFO tempest.lib.common.rest_client [req-b87dcd1d-0084-49e4-8870-a403f03786c1 req-b87dcd1d-0084-49e4-8870-a403f03786c1 ] Request (MigrationsAdminTest:test_list_migrations_in_flavor_resize_situation): 200 GET http://10.180.1.21/compute/v2.1/servers/b0e652e0-21cf-4681-b615-5bc00f418457 1.208s
2025-12-09 00:48:35.846 65462 INFO tempest.lib.common.rest_client [req-10074536-e01d-4b38-8e74-5317e736c7a4 req-10074536-e01d-4b38-8e74-5317e736c7a4 ] Request (ServerPasswordTestJSON:setUpClass): 200 GET http://10.180.1.21/compute/v2.1/servers/02f8a7a9-08d0-4a86-baae-df590a46cd36 1.174s
2025-12-09 00:48:35.876 65484 INFO tempest.lib.common.rest_client [req-469e3db1-a5f5-4515-8e19-95b16f8c1fa1 req-469e3db1-a5f5-4515-8e19-95b16f8c1fa1 ] Request (FloatingIPDetailsTestJSON:setUpClass): 201 POST http://10.180.1.21/identity/v3/users 0.087s
2025-12-09 00:48:35.919 65470 INFO tempest.lib.common.rest_client [req-60ad54d1-92c6-4940-a7c5-c9187914132f req-60ad54d1-92c6-4940-a7c5-c9187914132f ] Request (DeleteServersAdminTestJSON:tearDownClass): 204 DELETE http://10.180.1.21/identity/v3/projects/1f6d0bce2b344f658a945833fe75199d 0.137s
2025-12-09 00:48:35.919 65470 INFO tempest.lib.common.dynamic_creds [-] Deleting project and security group for project: 5bb0be373ed24915b8070375e493e890
2025-12-09 00:48:35.953 65484 INFO tempest.lib.common.rest_client [req-fd09723b-8312-4003-9756-9576781412c7 req-fd09723b-8312-4003-9756-9576781412c7 ] Request (FloatingIPDetailsTestJSON:setUpClass): 200 GET http://10.180.1.21/identity/v3/roles 0.076s
2025-12-09 00:48:35.959 65490 INFO tempest.lib.common.rest_client [req-ea631722-e2a9-4a50-8183-5f419bee447c req-ea631722-e2a9-4a50-8183-5f419bee447c ] Request (SecurityGroupRulesTestJSON:test_security_group_rules_delete_when_peer_group_deleted): 200 POST http://10.180.1.21/compute/v2.1/os-security-groups 1.252s
2025-12-09 00:48:36.000 65484 INFO tempest.lib.common.rest_client [req-75e7ecdd-86f5-4bc9-9539-599f58bd2a04 req-75e7ecdd-86f5-4bc9-9539-599f58bd2a04 ] Request (FloatingIPDetailsTestJSON:setUpClass): 204 PUT http://10.180.1.21/identity/v3/projects/74a546eea22a41348c71a558692430bd/users/1f9acb087b0d49888b50e68305e6ec4e/roles/15b26bc5372545e78acae16753fafabd 0.047s
2025-12-09 00:48:36.001 65484 INFO tempest.lib.common.dynamic_creds [-] Dynamic test user 1f9acb087b0d49888b50e68305e6ec4e is created with scope project and roles: ['member']
2025-12-09 00:48:36.002 65484 INFO tempest.lib.common.dynamic_creds [-] Acquired dynamic creds: credentials: Credentials: {'domain_id': 'default', 'domain_name': 'Default', 'username': 'tempest-FloatingIPDetailsTestJSON-266186468-project-member', 'project_domain_id': 'default', 'project_domain_name': 'Default', 'project_id': '74a546eea22a41348c71a558692430bd', 'project_name': 'tempest-FloatingIPDetailsTestJSON-266186468', 'tenant_id': '74a546eea22a41348c71a558692430bd', 'tenant_name': 'tempest-FloatingIPDetailsTestJSON-266186468', 'user_domain_id': 'default', 'user_domain_name': 'Default', 'user_id': '1f9acb087b0d49888b50e68305e6ec4e', 'system': None}, Network: None, Subnet: None, Router: None
2025-12-09 00:48:36.021 65470 INFO tempest.lib.common.rest_client [req-5e4258de-d228-425c-a321-9e775a99bad5 req-5e4258de-d228-425c-a321-9e775a99bad5 ] Request (DeleteServersAdminTestJSON:tearDownClass): 200 GET http://10.180.1.21/networking/v2.0/security-groups?tenant_id=5bb0be373ed24915b8070375e493e890&name=default 0.101s
2025-12-09 00:48:36.064 65430 INFO tempest.lib.common.rest_client [req-e578a452-b70f-4ad2-9dcf-693d4187f0be req-e578a452-b70f-4ad2-9dcf-693d4187f0be ] Request (ServerMetadataNegativeTestJSON:setUpClass): 200 GET http://10.180.1.21/compute/v2.1/servers/5d134546-3b76-4a93-8cd1-79cd688c845b 1.337s
2025-12-09 00:48:36.073 65430 INFO tempest.common.waiters [-] State transition "BUILD/None" ==> "BUILD/block_device_mapping" after 35 second wait
2025-12-09 00:48:36.083 65468 INFO tempest.lib.common.rest_client [req-a3a252d3-9c4f-44fd-badd-f72a4b7cbe0f req-a3a252d3-9c4f-44fd-badd-f72a4b7cbe0f ] Request (ServersAdminNegativeTestJSON:tearDownClass): 204 DELETE http://10.180.1.21/compute/v2.1/servers/0fc4cb94-455e-47d0-b343-f098456ad0a6 1.327s
2025-12-09 00:48:36.096 65484 INFO tempest.lib.common.rest_client [req-72a3ea24-9d65-416b-b9b8-ee662f91aa75 req-72a3ea24-9d65-416b-b9b8-ee662f91aa75 ] Request (FloatingIPDetailsTestJSON:setUpClass): 201 POST http://10.180.1.21/identity/v3/auth/tokens 0.093s
2025-12-09 00:48:36.106 65442 INFO tempest.lib.common.rest_client [req-df9b4df8-79ad-4079-b0dd-4e812045edf7 req-df9b4df8-79ad-4079-b0dd-4e812045edf7 ] Request (FlavorsAdminTestJSON:_run_cleanups): 202 DELETE http://10.180.1.21/compute/v2.1/flavors/1512943596 1.314s
2025-12-09 00:48:36.156 65470 INFO tempest.lib.common.rest_client [req-482a8b8a-d3fc-4f06-a030-278151bf2c8d req-482a8b8a-d3fc-4f06-a030-278151bf2c8d ] Request (DeleteServersAdminTestJSON:tearDownClass): 204 DELETE http://10.180.1.21/networking/v2.0/security-groups/07a46042-afaf-4913-af12-c0ed86762c14 0.134s
2025-12-09 00:48:36.229 65470 INFO tempest.lib.common.rest_client [req-40186683-e90c-4342-82e1-834e7fb3d8d0 req-40186683-e90c-4342-82e1-834e7fb3d8d0 ] Request (DeleteServersAdminTestJSON:tearDownClass): 204 DELETE http://10.180.1.21/identity/v3/projects/5bb0be373ed24915b8070375e493e890 0.073s
2025-12-09 00:48:36.302 65470 INFO tempest.lib.common.rest_client [req-043baf57-4945-4ee3-a733-91683a993d5f req-043baf57-4945-4ee3-a733-91683a993d5f ] Request (HypervisorAdminV253TestBase:setUpClass): 201 POST http://10.180.1.21/identity/v3/auth/tokens 0.071s
2025-12-09 00:48:36.332 65470 INFO tempest.lib.common.rest_client [req-4a7adf62-0fae-4941-9f80-6e698dd735e8 req-4a7adf62-0fae-4941-9f80-6e698dd735e8 ] Request (HypervisorAdminV253TestBase:setUpClass): 201 POST http://10.180.1.21/identity/v3/auth/tokens 0.028s
2025-12-09 00:48:36.355 65470 INFO tempest.lib.common.rest_client [req-98386649-74ac-44fa-812b-c5cea6367671 req-98386649-74ac-44fa-812b-c5cea6367671 ] Request (HypervisorAdminV253TestBase:setUpClass): 200 GET http://10.180.1.21/identity/v3/domains?name=Default 0.022s
2025-12-09 00:48:36.389 65470 INFO tempest.lib.common.rest_client [req-b977767a-3cb1-4e58-b397-183dbe838952 req-b977767a-3cb1-4e58-b397-183dbe838952 ] Request (HypervisorAdminV253TestBase:setUpClass): 201 POST http://10.180.1.21/identity/v3/projects 0.034s
2025-12-09 00:48:36.419 65484 INFO tempest.lib.common.rest_client [req-aad874a0-31ea-431a-9143-efe4985df183 req-aad874a0-31ea-431a-9143-efe4985df183 ] Request (FloatingIPDetailsTestJSON:setUpClass): 201 POST http://10.180.1.21/networking/v2.0/networks 0.323s
2025-12-09 00:48:36.474 65470 INFO tempest.lib.common.rest_client [req-b5b232ea-4b3e-4812-b888-dddf16217388 req-b5b232ea-4b3e-4812-b888-dddf16217388 ] Request (HypervisorAdminV253TestBase:setUpClass): 201 POST http://10.180.1.21/identity/v3/users 0.084s
2025-12-09 00:48:36.501 65470 INFO tempest.lib.common.rest_client [req-a671bcd5-7a7a-497f-9488-504eb3dc4406 req-a671bcd5-7a7a-497f-9488-504eb3dc4406 ] Request (HypervisorAdminV253TestBase:setUpClass): 200 GET http://10.180.1.21/identity/v3/roles 0.026s
2025-12-09 00:48:36.512 65478 INFO tempest.lib.common.rest_client [req-2634c2ad-59f0-4643-baf5-bdfafbcd561f req-2634c2ad-59f0-4643-baf5-bdfafbcd561f ] Request (ServersAdmin275Test:_run_cleanups): 200 GET http://10.180.1.21/compute/v2.1/servers/20012954-e8ad-4d3a-a992-32bf5bd2d534 1.657s
2025-12-09 00:48:36.545 65470 INFO tempest.lib.common.rest_client [req-4ff21d99-159b-4434-ac22-975d8d872658 req-4ff21d99-159b-4434-ac22-975d8d872658 ] Request (HypervisorAdminV253TestBase:setUpClass): 204 PUT http://10.180.1.21/identity/v3/projects/822b8ba7c239499ca9c810a3c727ab9e/users/d3fda2246b834c159cd4414015d70242/roles/15b26bc5372545e78acae16753fafabd 0.044s
2025-12-09 00:48:36.546 65470 INFO tempest.lib.common.dynamic_creds [-] Dynamic test user d3fda2246b834c159cd4414015d70242 is created with scope project and roles: ['member']
2025-12-09 00:48:36.546 65470 INFO tempest.lib.common.dynamic_creds [-] Acquired dynamic creds: credentials: Credentials: {'domain_id': 'default', 'domain_name': 'Default', 'username': 'tempest-HypervisorAdminV253TestBase-91527284-project-member', 'project_domain_id': 'default', 'project_domain_name': 'Default', 'project_id': '822b8ba7c239499ca9c810a3c727ab9e', 'project_name': 'tempest-HypervisorAdminV253TestBase-91527284', 'tenant_id': '822b8ba7c239499ca9c810a3c727ab9e', 'tenant_name': 'tempest-HypervisorAdminV253TestBase-91527284', 'user_domain_id': 'default', 'user_domain_name': 'Default', 'user_id': 'd3fda2246b834c159cd4414015d70242', 'system': None}, Network: None, Subnet: None, Router: None
2025-12-09 00:48:36.546 65470 INFO tempest.lib.common.dynamic_creds [-] Created isolated network resources for: credentials: Credentials: {'domain_id': 'default', 'domain_name': 'Default', 'username': 'tempest-HypervisorAdminV253TestBase-91527284-project-member', 'project_domain_id': 'default', 'project_domain_name': 'Default', 'project_id': '822b8ba7c239499ca9c810a3c727ab9e', 'project_name': 'tempest-HypervisorAdminV253TestBase-91527284', 'tenant_id': '822b8ba7c239499ca9c810a3c727ab9e', 'tenant_name': 'tempest-HypervisorAdminV253TestBase-91527284', 'user_domain_id': 'default', 'user_domain_name': 'Default', 'user_id': 'd3fda2246b834c159cd4414015d70242', 'system': None}, Network: None, Subnet: None, Router: None
2025-12-09 00:48:36.641 65470 INFO tempest.lib.common.rest_client [req-2dec2ae4-1e3b-4b2b-8a3c-835df57c71aa req-2dec2ae4-1e3b-4b2b-8a3c-835df57c71aa ] Request (HypervisorAdminV253TestBase:setUpClass): 201 POST http://10.180.1.21/identity/v3/auth/tokens 0.089s
2025-12-09 00:48:36.692 65484 INFO tempest.lib.common.rest_client [req-b817c45f-38fc-4c90-a037-3ab35afc7bba req-b817c45f-38fc-4c90-a037-3ab35afc7bba ] Request (FloatingIPDetailsTestJSON:setUpClass): 201 POST http://10.180.1.21/networking/v2.0/subnets 0.272s
2025-12-09 00:48:36.718 65470 INFO tempest.lib.common.rest_client [req-f1d0aa7b-3ed3-4f70-8e35-75c98c4968ea req-f1d0aa7b-3ed3-4f70-8e35-75c98c4968ea ] Request (HypervisorAdminV253TestBase:setUpClass): 201 POST http://10.180.1.21/identity/v3/projects 0.076s
2025-12-09 00:48:36.728 65446 INFO tempest.lib.common.rest_client [req-b6e6a77f-447e-4b34-bb56-9d87d27e5248 req-b6e6a77f-447e-4b34-bb56-9d87d27e5248 ] Request (ImagesOneServerNegativeTestJSON:setUpClass): 200 GET http://10.180.1.21/compute/v2.1/servers/c24efdc1-d347-4a9f-b6d5-8dec3d21632c 1.964s
2025-12-09 00:48:36.753 65492 INFO tempest.lib.common.rest_client [req-b16ecda5-4395-4c34-8142-5ffe82fa7b43 req-b16ecda5-4395-4c34-8142-5ffe82fa7b43 ] Request (FloatingIPsAssociationTestJSON:tearDownClass): 200 GET http://10.180.1.21/compute/v2.1/servers/4e47a856-2243-403e-874f-8a753ef16e17 1.821s
2025-12-09 00:48:36.805 65470 INFO tempest.lib.common.rest_client [req-2aa627a9-4271-467b-928a-f0a834ab9e8c req-2aa627a9-4271-467b-928a-f0a834ab9e8c ] Request (HypervisorAdminV253TestBase:setUpClass): 201 POST http://10.180.1.21/identity/v3/users 0.086s
2025-12-09 00:48:36.828 65470 INFO tempest.lib.common.rest_client [req-1ca4787d-6934-4db0-a1e4-5bbaf62e012c req-1ca4787d-6934-4db0-a1e4-5bbaf62e012c ] Request (HypervisorAdminV253TestBase:setUpClass): 200 GET http://10.180.1.21/identity/v3/roles 0.022s
2025-12-09 00:48:36.860 65470 INFO tempest.lib.common.rest_client [req-67cab949-9a51-4a59-85db-e00251224a09 req-67cab949-9a51-4a59-85db-e00251224a09 ] Request (HypervisorAdminV253TestBase:setUpClass): 204 PUT http://10.180.1.21/identity/v3/projects/dfcb502bc73d40228402b37ac726de19/users/a380c21e5fff45718606db1525385a2f/roles/29fa455557ee45d58fadf6596037e189 0.032s
2025-12-09 00:48:36.891 65440 INFO tempest.lib.common.rest_client [req-2dd459ab-4100-4067-92e2-08276bd42312 req-2dd459ab-4100-4067-92e2-08276bd42312 ] Request (QuotaClassesAdminTestJSON:test_update_default_quotas): 200 PUT http://10.180.1.21/compute/v2.1/os-quota-class-sets/default 1.957s
2025-12-09 00:48:36.923 65470 INFO tempest.lib.common.rest_client [req-c0d7353e-3261-473c-b406-57d436e301a8 req-c0d7353e-3261-473c-b406-57d436e301a8 ] Request (HypervisorAdminV253TestBase:setUpClass): 200 GET http://10.180.1.21/identity/v3/roles 0.062s
2025-12-09 00:48:36.951 65470 INFO tempest.lib.common.rest_client [req-512c8971-196c-412d-8cd2-def143bb37d5 req-512c8971-196c-412d-8cd2-def143bb37d5 ] Request (HypervisorAdminV253TestBase:setUpClass): 204 PUT http://10.180.1.21/identity/v3/projects/dfcb502bc73d40228402b37ac726de19/users/a380c21e5fff45718606db1525385a2f/roles/29fa455557ee45d58fadf6596037e189 0.028s
2025-12-09 00:48:36.952 65470 INFO tempest.lib.common.dynamic_creds [-] Dynamic test user a380c21e5fff45718606db1525385a2f is created with scope project and roles: ['admin']
2025-12-09 00:48:36.952 65470 INFO tempest.lib.common.dynamic_creds [-] Acquired dynamic creds: credentials: Credentials: {'domain_id': 'default', 'domain_name': 'Default', 'username': 'tempest-HypervisorAdminV253TestBase-755338325-project-admin', 'project_domain_id': 'default', 'project_domain_name': 'Default', 'project_id': 'dfcb502bc73d40228402b37ac726de19', 'project_name': 'tempest-HypervisorAdminV253TestBase-755338325', 'tenant_id': 'dfcb502bc73d40228402b37ac726de19', 'tenant_name': 'tempest-HypervisorAdminV253TestBase-755338325', 'user_domain_id': 'default', 'user_domain_name': 'Default', 'user_id': 'a380c21e5fff45718606db1525385a2f', 'system': None}, Network: None, Subnet: None, Router: None
2025-12-09 00:48:36.952 65470 INFO tempest.lib.common.dynamic_creds [-] Created isolated network resources for: credentials: Credentials: {'domain_id': 'default', 'domain_name': 'Default', 'username': 'tempest-HypervisorAdminV253TestBase-755338325-project-admin', 'project_domain_id': 'default', 'project_domain_name': 'Default', 'project_id': 'dfcb502bc73d40228402b37ac726de19', 'project_name': 'tempest-HypervisorAdminV253TestBase-755338325', 'tenant_id': 'dfcb502bc73d40228402b37ac726de19', 'tenant_name': 'tempest-HypervisorAdminV253TestBase-755338325', 'user_domain_id': 'default', 'user_domain_name': 'Default', 'user_id': 'a380c21e5fff45718606db1525385a2f', 'system': None}, Network: None, Subnet: None, Router: None
2025-12-09 00:48:37.042 65470 INFO tempest.lib.common.rest_client [req-eec765a2-537a-4894-a02d-2012a7e77dfe req-eec765a2-537a-4894-a02d-2012a7e77dfe ] Request (HypervisorAdminV253TestBase:setUpClass): 201 POST http://10.180.1.21/identity/v3/auth/tokens 0.088s
2025-12-09 00:48:37.263 65488 INFO tempest.lib.common.rest_client [req-cea7b668-c8cc-4d26-8b05-9160ec34b811 req-cea7b668-c8cc-4d26-8b05-9160ec34b811 ] Request (ServersAdminTestJSON:test_inject_network_info): 200 GET http://10.180.1.21/compute/v2.1/servers/b2a19598-2bcf-4dbb-8a1f-00c6d94b9235 2.199s
2025-12-09 00:48:37.281 65474 INFO tempest.lib.common.rest_client [req-5ea90616-cf09-4480-ab47-2917a4077d64 req-5ea90616-cf09-4480-ab47-2917a4077d64 ] Request (ServerShowV247Test:test_update_rebuild_list_server): 200 GET http://10.180.1.21/compute/v2.1/servers/5bdbc682-6eda-4b83-8844-34c13940e35a 2.024s
2025-12-09 00:48:37.310 65458 INFO tempest.lib.common.rest_client [req-db2efa4d-7431-4f4a-bb01-e78122aed355 req-db2efa4d-7431-4f4a-bb01-e78122aed355 ] Request (ImagesTestJSON:test_create_image_from_stopped_server): 200 GET http://10.180.1.21/compute/v2.1/images/eac9022f-db5e-4a25-b295-fdcd060ac113 1.867s
2025-12-09 00:48:37.346 65457 INFO tempest.lib.common.rest_client [req-0223507f-db76-482d-b5c3-46263efe2bdb req-0223507f-db76-482d-b5c3-46263efe2bdb ] Request (TenantUsagesTestJSON:setUpClass): 200 GET http://10.180.1.21/compute/v2.1/servers/aaadc774-fbf7-474d-9791-77b008920848 1.821s
2025-12-09 00:48:37.363 65450 INFO tempest.lib.common.rest_client [req-8cbd132b-2fef-491b-9d7f-0d9e3e62a56d req-8cbd132b-2fef-491b-9d7f-0d9e3e62a56d ] Request (ListServerFiltersTestJSON:setUpClass): 200 GET http://10.180.1.21/compute/v2.1/servers/2cd95585-4cdb-48f2-9d52-a7ef712b93f0 1.793s
2025-12-09 00:48:37.407 65436 INFO tempest.lib.common.rest_client [req-862c1def-9e42-440b-8977-170ce3949161 req-862c1def-9e42-440b-8977-170ce3949161 ] Request (ServerDiagnosticsTest:tearDownClass): 200 GET http://10.180.1.21/compute/v2.1/servers/0cd9079b-7eac-4b58-ae5c-feb46a0749bb 1.651s
2025-12-09 00:48:37.434 65452 INFO tempest.lib.common.rest_client [req-608df593-8309-429a-86f8-7448348c63e6 req-608df593-8309-429a-86f8-7448348c63e6 ] Request (MultipleCreateTestJSON:_run_cleanups): 200 GET http://10.180.1.21/compute/v2.1/servers/957d83a7-758d-4635-aa24-ac389d35eae5 1.507s
2025-12-09 00:48:37.519 65484 INFO tempest.lib.common.rest_client [req-a691072d-c067-41c4-8e1b-9fb57192e059 req-a691072d-c067-41c4-8e1b-9fb57192e059 ] Request (FloatingIPDetailsTestJSON:setUpClass): 201 POST http://10.180.1.21/networking/v2.0/routers 0.826s
2025-12-09 00:48:37.543 65448 INFO tempest.lib.common.rest_client [req-0b85aff0-8cbb-4595-887c-70ac525e1550 req-0b85aff0-8cbb-4595-887c-70ac525e1550 ] Request (DeleteServersTestJSON:test_delete_active_server): 200 GET http://10.180.1.21/compute/v2.1/servers/2f1cabdb-11ef-42a9-a036-c0e4b80a2815 1.492s
2025-12-09 00:48:37.594 65490 INFO tempest.lib.common.rest_client [req-6a98a36c-0fa5-418b-93c1-05603c5cde42 req-6a98a36c-0fa5-418b-93c1-05603c5cde42 ] Request (SecurityGroupRulesTestJSON:test_security_group_rules_delete_when_peer_group_deleted): 200 POST http://10.180.1.21/compute/v2.1/os-security-group-rules 1.632s
2025-12-09 00:48:37.612 65472 INFO tempest.lib.common.rest_client [req-f1ba8c16-fe8f-4753-9b68-41717e3927bf req-f1ba8c16-fe8f-4753-9b68-41717e3927bf ] Request (ListImageFiltersTestJSON:setUpClass): 200 GET http://10.180.1.21/compute/v2.1/servers/84e2c383-baec-4899-b644-8a66a730728e 1.540s
2025-12-09 00:48:37.639 65442 INFO tempest.lib.common.rest_client [req-cb963e66-b59b-400e-944c-2080a5e58b29 req-cb963e66-b59b-400e-944c-2080a5e58b29 ] Request (FlavorsAdminTestJSON:_run_cleanups): 200 GET http://10.180.1.21/compute/v2.1/flavors/detail 1.532s
2025-12-09 00:48:37.703 65480 INFO tempest.lib.common.rest_client [req-f108bc03-7340-48d5-9952-881bc2b08742 req-f108bc03-7340-48d5-9952-881bc2b08742 ] Request (ServersTestManualDisk:setUpClass): 200 GET http://10.180.1.21/compute/v2.1/servers/a6af512b-ee5b-478c-bbe5-7a5b4b66804d 1.474s
2025-12-09 00:48:37.726 65468 INFO tempest.lib.common.rest_client [req-2d63977b-f5a7-4fb1-9a5b-daa12e20a58f req-2d63977b-f5a7-4fb1-9a5b-daa12e20a58f ] Request (ServersAdminNegativeTestJSON:tearDownClass): 200 GET http://10.180.1.21/compute/v2.1/servers/0fc4cb94-455e-47d0-b343-f098456ad0a6 1.643s
2025-12-09 00:48:37.806 65438 INFO tempest.lib.common.rest_client [req-262172c2-0916-44c0-9b2d-0974ab829943 req-262172c2-0916-44c0-9b2d-0974ab829943 ] Request (ImagesOneServerTestJSON:tearDownClass): 200 GET http://10.180.1.21/compute/v2.1/servers/7c849095-536d-48a4-87cd-afe6ff00f95f 1.360s
2025-12-09 00:48:38.088 65454 INFO tempest.lib.common.rest_client [req-316a848c-9ccd-4fcf-a420-8051b4be3394 req-316a848c-9ccd-4fcf-a420-8051b4be3394 ] Request (AttachInterfacesV270Test:test_create_get_list_interfaces): 200 GET http://10.180.1.21/compute/v2.1/servers/90490a64-6474-468b-b3f8-ef53380bec2f 1.384s
2025-12-09 00:48:38.142 65466 INFO tempest.lib.common.rest_client [req-53e31549-ef53-46b5-a961-8dac41432e0e req-53e31549-ef53-46b5-a961-8dac41432e0e ] Request (ServerActionsTestJSON:setUpClass): 200 GET http://10.180.1.21/compute/v2.1/servers/e52c50fe-cf3d-4411-874a-757dd06f2c6d 1.680s
2025-12-09 00:48:38.150 65466 INFO tempest.common.waiters [-] State transition "BUILD/spawning" ==> "ACTIVE/None" after 37 second wait
2025-12-09 00:48:38.207 65432 INFO paramiko.transport [-] Connected (version 2.0, client dropbear_2020.81)
2025-12-09 00:48:38.223 65462 INFO tempest.lib.common.rest_client [req-41715e14-9d1a-4fdd-ab7c-f9cd1438de55 req-41715e14-9d1a-4fdd-ab7c-f9cd1438de55 ] Request (ServerPasswordTestJSON:setUpClass): 200 GET http://10.180.1.21/compute/v2.1/servers/02f8a7a9-08d0-4a86-baae-df590a46cd36 1.367s
2025-12-09 00:48:38.240 65440 INFO tempest.lib.common.rest_client [req-a99b22c6-def0-4ed6-b5cc-96119a62dac9 req-a99b22c6-def0-4ed6-b5cc-96119a62dac9 ] Request (QuotaClassesAdminTestJSON:test_update_default_quotas): 200 GET http://10.180.1.21/compute/v2.1/os-quota-class-sets/default 1.346s
2025-12-09 00:48:38.253 65434 INFO tempest.lib.common.rest_client [req-bd7a8f62-1651-4f88-8936-31ae47826f54 req-bd7a8f62-1651-4f88-8936-31ae47826f54 ] Request (MigrationsAdminTest:test_list_migrations_in_flavor_resize_situation): 200 GET http://10.180.1.21/compute/v2.1/servers/b0e652e0-21cf-4681-b615-5bc00f418457 1.414s
2025-12-09 00:48:38.318 65432 INFO paramiko.transport [-] Authentication (publickey) successful!
2025-12-09 00:48:38.319 65432 INFO tempest.lib.common.ssh [-] ssh connection to cirros@10.180.180.131 successfully created
2025-12-09 00:48:38.408 65430 INFO tempest.lib.common.rest_client [req-6554266e-f4da-428c-83cc-38b7de817b3e req-6554266e-f4da-428c-83cc-38b7de817b3e ] Request (ServerMetadataNegativeTestJSON:setUpClass): 200 GET http://10.180.1.21/compute/v2.1/servers/5d134546-3b76-4a93-8cd1-79cd688c845b 1.333s
2025-12-09 00:48:38.418 65430 INFO tempest.common.waiters [-] State transition "BUILD/block_device_mapping" ==> "BUILD/spawning" after 37 second wait
2025-12-09 00:48:38.426 65470 INFO tempest.lib.common.rest_client [req-a1797864-0519-4a4d-b616-1597013620ed req-a1797864-0519-4a4d-b616-1597013620ed ] Request (HypervisorAdminV253TestBase:test_list_show_detail_hypervisors): 200 GET http://10.180.1.21/compute/v2.1/os-hypervisors/detail?with_servers=True 1.382s
2025-12-09 00:48:38.484 65484 INFO tempest.lib.common.rest_client [req-cb3c3b34-0c08-459f-909a-44a6996ba2b9 req-cb3c3b34-0c08-459f-909a-44a6996ba2b9 ] Request (FloatingIPDetailsTestJSON:setUpClass): 200 PUT http://10.180.1.21/networking/v2.0/routers/4dc081a4-4a01-41b8-98b9-eed114fe77da/add_router_interface 0.964s
2025-12-09 00:48:38.484 65484 INFO tempest.lib.common.dynamic_creds [-] Created isolated network resources for: credentials: Credentials: {'domain_id': 'default', 'domain_name': 'Default', 'username': 'tempest-FloatingIPDetailsTestJSON-266186468-project-member', 'project_domain_id': 'default', 'project_domain_name': 'Default', 'project_id': '74a546eea22a41348c71a558692430bd', 'project_name': 'tempest-FloatingIPDetailsTestJSON-266186468', 'tenant_id': '74a546eea22a41348c71a558692430bd', 'tenant_name': 'tempest-FloatingIPDetailsTestJSON-266186468', 'user_domain_id': 'default', 'user_domain_name': 'Default', 'user_id': '1f9acb087b0d49888b50e68305e6ec4e', 'system': None}, Network: {'id': '8de5f853-8860-4c1e-be50-960a68842f3f', 'name': 'tempest-FloatingIPDetailsTestJSON-43716879-network', 'tenant_id': '74a546eea22a41348c71a558692430bd', 'project_id': '74a546eea22a41348c71a558692430bd', 'admin_state_up': True, 'mtu': 8950, 'status': 'ACTIVE', 'subnets': [], 'shared': False, 'port_security_enabled': True, 'router:external': False, 'provider:network_type': 'vlan', 'provider:physical_network': 'default', 'provider:segmentation_id': 967, 'availability_zone_hints': [], 'availability_zones': [], 'ipv4_address_scope': None, 'ipv6_address_scope': None, 'description': '', 'tags': [], 'created_at': '2025-12-09T00:48:36Z', 'updated_at': '2025-12-09T00:48:36Z', 'revision_number': 1}, Subnet: {'id': '5d498bdf-ad74-4f0e-9d8f-cf62d1f117ae', 'name': 'tempest-FloatingIPDetailsTestJSON-43716879-subnet', 'tenant_id': '74a546eea22a41348c71a558692430bd', 'network_id': '8de5f853-8860-4c1e-be50-960a68842f3f', 'ip_version': 4, 'subnetpool_id': None, 'enable_dhcp': True, 'ipv6_ra_mode': None, 'ipv6_address_mode': None, 'gateway_ip': '192.168.128.1', 'cidr': '192.168.128.0/28', 'allocation_pools': [{'start': '192.168.128.2', 'end': '192.168.128.14'}], 'host_routes': [], 'dns_nameservers': [], 'description': '', 'router:external': False, 'service_types': [], 'tags': [], 'created_at': '2025-12-09T00:48:36Z', 'updated_at': '2025-12-09T00:48:36Z', 'revision_number': 0, 'project_id': '74a546eea22a41348c71a558692430bd'}, Router: {'id': '4dc081a4-4a01-41b8-98b9-eed114fe77da', 'name': 'tempest-FloatingIPDetailsTestJSON-43716879-router', 'tenant_id': '74a546eea22a41348c71a558692430bd', 'admin_state_up': True, 'status': 'ACTIVE', 'external_gateway_info': {'network_id': '0d90ecbd-4026-4e1f-b679-a6ac0fc71fc1', 'external_fixed_ips': [{'subnet_id': 'de5e51e8-b796-4f2b-a3a7-015d688ab931', 'ip_address': '10.180.180.151'}], 'enable_snat': True}, 'description': '', 'availability_zones': [], 'distributed': False, 'ha': False, 'availability_zone_hints': [], 'routes': [], 'flavor_id': None, 'tags': [], 'created_at': '2025-12-09T00:48:36Z', 'updated_at': '2025-12-09T00:48:37Z', 'revision_number': 2, 'project_id': '74a546eea22a41348c71a558692430bd'}
2025-12-09 00:48:38.515 65478 INFO tempest.lib.common.rest_client [req-edb6ccb0-50d8-4f3b-b0ab-52404181d78d req-edb6ccb0-50d8-4f3b-b0ab-52404181d78d ] Request (ServersAdmin275Test:_run_cleanups): 200 GET http://10.180.1.21/compute/v2.1/servers/20012954-e8ad-4d3a-a992-32bf5bd2d534 0.991s
2025-12-09 00:48:38.540 65442 INFO tempest.lib.common.rest_client [req-1ef04aaf-2974-4a7e-bde6-8d8bc2c2006e req-1ef04aaf-2974-4a7e-bde6-8d8bc2c2006e ] Request (FlavorsAdminTestJSON:test_list_public_flavor_with_other_user): 200 POST http://10.180.1.21/compute/v2.1/flavors 0.895s
2025-12-09 00:48:38.599 65484 INFO tempest.lib.common.rest_client [req-ed925ee0-7d6c-4891-8b1a-23ad91267b4a req-ed925ee0-7d6c-4891-8b1a-23ad91267b4a ] Request (FloatingIPDetailsTestJSON:setUpClass): 201 POST http://10.180.1.21/identity/v3/auth/tokens 0.112s
2025-12-09 00:48:38.631 65490 INFO tempest.lib.common.rest_client [req-3484bc46-68e7-479c-bd31-42e1642a5cd9 req-3484bc46-68e7-479c-bd31-42e1642a5cd9 ] Request (SecurityGroupRulesTestJSON:test_security_group_rules_delete_when_peer_group_deleted): 202 DELETE http://10.180.1.21/compute/v2.1/os-security-groups/8f3f62e2-4784-4854-8445-3212a0b2d9b1 1.034s
2025-12-09 00:48:38.706 65492 INFO tempest.lib.common.rest_client [req-fe60e868-a7c8-4f72-ae9b-b248e67acb58 req-fe60e868-a7c8-4f72-ae9b-b248e67acb58 ] Request (FloatingIPsAssociationTestJSON:tearDownClass): 200 GET http://10.180.1.21/compute/v2.1/servers/4e47a856-2243-403e-874f-8a753ef16e17 0.941s
