2025-12-09 00:49:13.440 65436 INFO tempest.lib.common.rest_client [req-6f90d088-111d-444e-ab21-dea52714c52f req-6f90d088-111d-444e-ab21-dea52714c52f ] Request (ServersTestJSON:test_create_server_specify_multibyte_character_name): 200 GET http://10.180.1.21/compute/v2.1/servers/2042a37a-451d-428b-aed4-0143ff23a67a 1.008s
2025-12-09 00:49:13.488 65470 INFO tempest.lib.common.rest_client [req-e2f26124-d236-40d9-b7d6-7a19eb5f7df9 req-e2f26124-d236-40d9-b7d6-7a19eb5f7df9 ] Request (ServerShowV254Test:test_rebuild_server): 200 GET http://10.180.1.21/compute/v2.1/servers/e864708d-2dd3-49f8-ad40-fe2d00194f09 1.023s
2025-12-09 00:49:13.500 65438 INFO tempest.lib.common.rest_client [req-440b543c-4f4f-4876-823a-d5971180b02c req-440b543c-4f4f-4876-823a-d5971180b02c ] Request (ServerDiskConfigTestJSON:setUpClass): 201 POST http://10.180.1.21/identity/v3/auth/tokens 0.095s
2025-12-09 00:49:13.511 65446 INFO tempest.lib.common.rest_client [req-58af05c7-2b94-4f99-8e4c-769fadb0c6fe req-58af05c7-2b94-4f99-8e4c-769fadb0c6fe ] Request (ImagesOneServerNegativeTestJSON:_run_cleanups): 200 GET http://10.180.1.21/compute/v2.1/servers/c24efdc1-d347-4a9f-b6d5-8dec3d21632c 1.017s
2025-12-09 00:49:13.522 65446 INFO tempest.common.waiters [-] State transition "ACTIVE/deleting" ==> "DELETED/None" after 2 second wait
2025-12-09 00:49:13.546 65454 INFO tempest.lib.common.rest_client [req-7f64e381-20e5-49ab-8f4a-b1ce2f6a2192 req-7f64e381-20e5-49ab-8f4a-b1ce2f6a2192 ] Request (AttachInterfacesV270Test:tearDownClass): 200 GET http://10.180.1.21/compute/v2.1/servers/90490a64-6474-468b-b3f8-ef53380bec2f 1.000s
2025-12-09 00:49:13.562 65452 INFO tempest.lib.common.rest_client [req-585ed852-bee7-43ed-ad13-147fe2db5bd0 req-585ed852-bee7-43ed-ad13-147fe2db5bd0 ] Request (MultipleCreateTestJSON:test_multiple_create_with_reservation_return): 200 GET http://10.180.1.21/compute/v2.1/servers/2ddcf512-0682-49ba-9acf-d8bfed0847c6 1.003s
2025-12-09 00:49:13.612 65488 INFO tempest.lib.common.rest_client [req-f24c509f-d8cc-4c68-8a11-a77805d52f5c req-f24c509f-d8cc-4c68-8a11-a77805d52f5c ] Request (ServersAdminTestJSON:test_rebuild_server_in_error_state): 202 POST http://10.180.1.21/compute/v2.1/servers/b0214ca6-4c13-4eff-876b-01b264d72494/action 0.751s
2025-12-09 00:49:13.765 65438 INFO tempest.lib.common.rest_client [req-9a464367-c343-490a-9be2-80e12957afa4 req-9a464367-c343-490a-9be2-80e12957afa4 ] Request (ServerDiskConfigTestJSON:setUpClass): 201 POST http://10.180.1.21/networking/v2.0/networks 0.264s
2025-12-09 00:49:14.018 65457 INFO tempest.lib.common.rest_client [req-5059fee0-fb8b-4666-8ede-785d4c0e378d req-5059fee0-fb8b-4666-8ede-785d4c0e378d ] Request (TenantUsagesTestJSON:tearDownClass): 200 GET http://10.180.1.21/compute/v2.1/servers/aaadc774-fbf7-474d-9791-77b008920848 1.378s
2025-12-09 00:49:14.047 65450 INFO tempest.lib.common.rest_client [req-ed6e0827-e218-4696-9f55-10c8cdb9ce9f req-ed6e0827-e218-4696-9f55-10c8cdb9ce9f ] Request (ListServerFiltersTestJSON:setUpClass): 200 GET http://10.180.1.21/compute/v2.1/servers/2cd95585-4cdb-48f2-9d52-a7ef712b93f0 0.565s
2025-12-09 00:49:14.086 65438 INFO tempest.lib.common.rest_client [req-9f68aecf-e8f5-4cc9-ab16-fc20facec79e req-9f68aecf-e8f5-4cc9-ab16-fc20facec79e ] Request (ServerDiskConfigTestJSON:setUpClass): 201 POST http://10.180.1.21/networking/v2.0/subnets 0.321s
2025-12-09 00:49:14.097 65478 INFO tempest.lib.common.rest_client [req-c5effb72-1e39-4c3b-841d-779e7042acf9 req-c5effb72-1e39-4c3b-841d-779e7042acf9 ] Request (ServersAdmin275Test:tearDownClass): 200 GET http://10.180.1.21/compute/v2.1/servers/20012954-e8ad-4d3a-a992-32bf5bd2d534 0.566s
2025-12-09 00:49:14.105 65472 INFO tempest.lib.common.rest_client [req-13856b92-5cf1-4ae8-b639-01db46d00628 req-13856b92-5cf1-4ae8-b639-01db46d00628 ] Request (ListImageFiltersTestJSON:setUpClass): 200 GET http://10.180.1.21/compute/v2.1/servers/84e2c383-baec-4899-b644-8a66a730728e 0.559s
2025-12-09 00:49:14.156 65440 INFO tempest.lib.common.rest_client [req-f04f3598-4b3c-472c-961e-0ddb92265b69 req-f04f3598-4b3c-472c-961e-0ddb92265b69 ] Request (ServerExternalEventsTest:test_create_server_external_events): 200 GET http://10.180.1.21/compute/v2.1/servers/58db549e-ca0b-4b55-a7a3-8a582b35b2c4 0.552s
2025-12-09 00:49:14.211 65430 INFO tempest.lib.common.rest_client [req-cb94e9ac-2b1d-4668-a5fb-d10667547661 req-cb94e9ac-2b1d-4668-a5fb-d10667547661 ] Request (ServerMetadataNegativeTestJSON:tearDownClass): 200 GET http://10.180.1.21/compute/v2.1/servers/5d134546-3b76-4a93-8cd1-79cd688c845b 0.579s
2025-12-09 00:49:14.254 65488 INFO tempest.lib.common.rest_client [req-3c361c2d-8c60-4fec-a210-6bf7c41bdbf2 req-3c361c2d-8c60-4fec-a210-6bf7c41bdbf2 ] Request (ServersAdminTestJSON:test_rebuild_server_in_error_state): 202 POST http://10.180.1.21/compute/v2.1/servers/b0214ca6-4c13-4eff-876b-01b264d72494/action 0.641s
2025-12-09 00:49:14.265 65480 INFO tempest.lib.common.rest_client [req-20a685e1-be55-4a6d-92bf-18b39b2b9720 req-20a685e1-be55-4a6d-92bf-18b39b2b9720 ] Request (ServersTestManualDisk:setUpClass): 200 GET http://10.180.1.21/compute/v2.1/servers/a6af512b-ee5b-478c-bbe5-7a5b4b66804d 0.445s
2025-12-09 00:49:14.272 65468 INFO tempest.lib.common.rest_client [req-45873e60-3192-4ac9-878d-7b288f4508c0 req-45873e60-3192-4ac9-878d-7b288f4508c0 ] Request (ServersAdminNegativeTestJSON:tearDownClass): 404 GET http://10.180.1.21/compute/v2.1/servers/0fc4cb94-455e-47d0-b343-f098456ad0a6 0.437s
2025-12-09 00:49:14.342 65482 INFO tempest.lib.common.rest_client [req-cc5effa0-a990-4c8c-b08a-7b4eaeec11d0 req-cc5effa0-a990-4c8c-b08a-7b4eaeec11d0 ] Request (ServersWithSpecificFlavorTestJSON:test_verify_created_server_ephemeral_disk): 200 GET http://10.180.1.21/compute/v2.1/servers/6f19d7b2-afaa-4593-a860-f1376ea50cfd 0.384s
2025-12-09 00:49:14.356 65442 INFO tempest.lib.common.rest_client [req-f019f335-bb27-4c13-8638-d90a86443cf3 req-f019f335-bb27-4c13-8638-d90a86443cf3 ] Request (ServerAddressesNegativeTestJSON:setUpClass): 200 GET http://10.180.1.21/compute/v2.1/servers/876258c5-3944-4d32-b9da-1d5db28134e8 0.384s
2025-12-09 00:49:14.433 65444 INFO tempest.lib.common.rest_client [req-1ece66e2-db26-4806-8fb3-c74b403e121f req-1ece66e2-db26-4806-8fb3-c74b403e121f ] Request (ServersTestBootFromVolume:tearDownClass): 200 GET http://10.180.1.21/compute/v2.1/servers/fce1069a-50d2-41ac-85c6-2d90af2a149c 0.406s
2025-12-09 00:49:14.447 65458 INFO tempest.lib.common.rest_client [req-dccc5cd6-0281-4f70-a2c0-1aaca98864d6 req-dccc5cd6-0281-4f70-a2c0-1aaca98864d6 ] Request (ImagesTestJSON:test_create_image_from_suspended_server): 200 GET http://10.180.1.21/compute/v2.1/servers/730383de-6743-46a5-a53d-04229931efd5 0.397s
2025-12-09 00:49:14.555 65492 INFO tempest.lib.common.rest_client [req-2bcb5f68-5562-4b08-b4d8-e56ff004604f req-2bcb5f68-5562-4b08-b4d8-e56ff004604f ] Request (FloatingIPsAssociationTestJSON:tearDownClass): 200 GET http://10.180.1.21/compute/v2.1/servers/0ce2ddf7-49a1-48bb-9a34-b19312f0dd9f 0.449s
2025-12-09 00:49:14.566 65432 INFO tempest.lib.common.rest_client [req-98946a52-aa6c-4283-bb7c-0c7c2c2403f4 req-98946a52-aa6c-4283-bb7c-0c7c2c2403f4 ] Request (VolumesAssistedSnapshotsTest:tearDownClass): 200 GET http://10.180.1.21/compute/v2.1/servers/4aad1d26-43b4-4e3a-a868-85c054a129be 0.364s
2025-12-09 00:49:14.746 65438 INFO tempest.lib.common.rest_client [req-001765b5-b5bf-404a-b2d3-e0bc22a0cff1 req-001765b5-b5bf-404a-b2d3-e0bc22a0cff1 ] Request (ServerDiskConfigTestJSON:setUpClass): 201 POST http://10.180.1.21/networking/v2.0/routers 0.659s
2025-12-09 00:49:14.790 65434 INFO tempest.lib.common.rest_client [req-517df828-2aa9-48ee-8ec8-64fac2161b49 req-517df828-2aa9-48ee-8ec8-64fac2161b49 ] Request (MigrationsAdminTest:test_list_migrations_in_flavor_resize_situation): 200 GET http://10.180.1.21/compute/v2.1/servers/b0e652e0-21cf-4681-b615-5bc00f418457 0.550s
2025-12-09 00:49:14.837 65488 INFO tempest.lib.common.rest_client [req-9027d8dc-55e8-4bcc-a27b-dd2f74e91d95 req-9027d8dc-55e8-4bcc-a27b-dd2f74e91d95 ] Request (ServersAdminTestJSON:test_rebuild_server_in_error_state): 200 GET http://10.180.1.21/compute/v2.1/servers/b0214ca6-4c13-4eff-876b-01b264d72494 0.576s
2025-12-09 00:49:14.883 65448 INFO tempest.lib.common.rest_client [req-85576fa3-b11b-43a0-ab68-4bfc384bedde req-85576fa3-b11b-43a0-ab68-4bfc384bedde ] Request (DeleteServersTestJSON:test_delete_server_while_in_attached_volume): 200 GET http://10.180.1.21/compute/v2.1/servers/eb6d285e-a5f1-44a2-8951-ad8097bcf791 0.616s
2025-12-09 00:49:14.951 65468 INFO tempest.lib.common.rest_client [req-6063bef9-70d2-4394-a01f-e56512b922d7 req-6063bef9-70d2-4394-a01f-e56512b922d7 ] Request (ServersAdminNegativeTestJSON:tearDownClass): 204 DELETE http://10.180.1.21/compute/v2.1/servers/aabf4b4d-6bb2-4f31-8340-8b9f6f9ceec6 0.677s
2025-12-09 00:49:15.000 65462 INFO tempest.lib.common.rest_client [req-cb2802d7-83dd-45c7-8a6d-619faf64007c req-cb2802d7-83dd-45c7-8a6d-619faf64007c ] Request (ServerPasswordTestJSON:tearDownClass): 200 GET http://10.180.1.21/compute/v2.1/servers/02f8a7a9-08d0-4a86-baae-df590a46cd36 0.687s
2025-12-09 00:49:15.065 65460 INFO tempest.lib.common.rest_client [req-99ac5914-74f7-45a0-8a19-c6a54d98cd68 req-99ac5914-74f7-45a0-8a19-c6a54d98cd68 ] Request (ServersTestJSON:tearDownClass): 200 GET http://10.180.1.21/compute/v2.1/servers/3b2c9811-7869-4c5f-bdf5-33dc5eef6e59 0.711s
2025-12-09 00:49:15.101 65474 INFO tempest.lib.common.rest_client [req-a60b74f2-1a70-4f42-a764-6b95f0eca02a req-a60b74f2-1a70-4f42-a764-6b95f0eca02a ] Request (ServerShowV247Test:tearDownClass): 200 GET http://10.180.1.21/compute/v2.1/servers/5bdbc682-6eda-4b83-8844-34c13940e35a 0.685s
2025-12-09 00:49:15.132 65436 INFO tempest.lib.common.rest_client [req-0ecb8f1a-e832-4c43-8136-95b30c9053fd req-0ecb8f1a-e832-4c43-8136-95b30c9053fd ] Request (ServersTestJSON:test_create_server_specify_multibyte_character_name): 200 GET http://10.180.1.21/compute/v2.1/servers/2042a37a-451d-428b-aed4-0143ff23a67a 0.683s
2025-12-09 00:49:15.175 65470 INFO tempest.lib.common.rest_client [req-858ba95b-fd46-4969-b1f6-8d105627c53a req-858ba95b-fd46-4969-b1f6-8d105627c53a ] Request (ServerShowV254Test:test_rebuild_server): 200 GET http://10.180.1.21/compute/v2.1/servers/e864708d-2dd3-49f8-ad40-fe2d00194f09 0.674s
2025-12-09 00:49:15.224 65446 INFO tempest.lib.common.rest_client [req-b963c360-2e5f-43d8-afd0-ab666d4cb1bc req-b963c360-2e5f-43d8-afd0-ab666d4cb1bc ] Request (ImagesOneServerNegativeTestJSON:_run_cleanups): 200 GET http://10.180.1.21/compute/v2.1/servers/c24efdc1-d347-4a9f-b6d5-8dec3d21632c 0.700s
2025-12-09 00:49:15.291 65454 INFO tempest.lib.common.rest_client [req-798704db-9c3d-431f-8281-c4ff6c5c100e req-798704db-9c3d-431f-8281-c4ff6c5c100e ] Request (AttachInterfacesV270Test:tearDownClass): 200 GET http://10.180.1.21/compute/v2.1/servers/90490a64-6474-468b-b3f8-ef53380bec2f 0.730s
2025-12-09 00:49:15.304 65452 INFO tempest.lib.common.rest_client [req-8d3714b7-7b9e-4e16-ac81-31ce9cc5935a req-8d3714b7-7b9e-4e16-ac81-31ce9cc5935a ] Request (MultipleCreateTestJSON:test_multiple_create_with_reservation_return): 200 GET http://10.180.1.21/compute/v2.1/servers/2ddcf512-0682-49ba-9acf-d8bfed0847c6 0.729s
2025-12-09 00:49:15.392 65457 INFO tempest.lib.common.rest_client [req-d3433270-8925-4557-859f-640cf6dded47 req-d3433270-8925-4557-859f-640cf6dded47 ] Request (TenantUsagesTestJSON:tearDownClass): 200 GET http://10.180.1.21/compute/v2.1/servers/aaadc774-fbf7-474d-9791-77b008920848 0.362s
2025-12-09 00:49:15.429 65468 INFO tempest.lib.common.rest_client [req-db23db60-d3ec-459d-98d5-aea0f2bc10e1 req-db23db60-d3ec-459d-98d5-aea0f2bc10e1 ] Request (ServersAdminNegativeTestJSON:tearDownClass): 200 GET http://10.180.1.21/compute/v2.1/servers/aabf4b4d-6bb2-4f31-8340-8b9f6f9ceec6 0.478s
2025-12-09 00:49:15.521 65478 INFO tempest.lib.common.rest_client [req-9d6d9fff-91e0-4c5e-867f-599a46f412a3 req-9d6d9fff-91e0-4c5e-867f-599a46f412a3 ] Request (ServersAdmin275Test:tearDownClass): 200 GET http://10.180.1.21/compute/v2.1/servers/20012954-e8ad-4d3a-a992-32bf5bd2d534 0.411s
2025-12-09 00:49:15.543 65450 INFO tempest.lib.common.rest_client [req-04f156cb-80c6-4ef5-b9ec-2fb7bfd0a6fd req-04f156cb-80c6-4ef5-b9ec-2fb7bfd0a6fd ] Request (ListServerFiltersTestJSON:setUpClass): 200 GET http://10.180.1.21/compute/v2.1/servers/2cd95585-4cdb-48f2-9d52-a7ef712b93f0 0.489s
2025-12-09 00:49:15.580 65472 INFO tempest.lib.common.rest_client [req-d52da4ae-3549-4dbe-9d51-ad993a6a22b0 req-d52da4ae-3549-4dbe-9d51-ad993a6a22b0 ] Request (ListImageFiltersTestJSON:setUpClass): 200 GET http://10.180.1.21/compute/v2.1/servers/84e2c383-baec-4899-b644-8a66a730728e 0.465s
2025-12-09 00:49:15.609 65440 INFO tempest.lib.common.rest_client [req-a8bb088b-10cc-4520-bbff-c673f18d0561 req-a8bb088b-10cc-4520-bbff-c673f18d0561 ] Request (ServerExternalEventsTest:test_create_server_external_events): 200 GET http://10.180.1.21/compute/v2.1/servers/58db549e-ca0b-4b55-a7a3-8a582b35b2c4 0.442s
2025-12-09 00:49:15.648 65430 INFO tempest.lib.common.rest_client [req-c96c8dbd-74ac-4297-8f4a-0e43e5b51916 req-c96c8dbd-74ac-4297-8f4a-0e43e5b51916 ] Request (ServerMetadataNegativeTestJSON:tearDownClass): 200 GET http://10.180.1.21/compute/v2.1/servers/5d134546-3b76-4a93-8cd1-79cd688c845b 0.427s
2025-12-09 00:49:15.664 65480 INFO tempest.lib.common.rest_client [req-5ca22f01-35dc-4b52-a30c-24e8e317887f req-5ca22f01-35dc-4b52-a30c-24e8e317887f ] Request (ServersTestManualDisk:setUpClass): 200 GET http://10.180.1.21/compute/v2.1/servers/a6af512b-ee5b-478c-bbe5-7a5b4b66804d 0.391s
2025-12-09 00:49:15.698 65482 INFO tempest.lib.common.rest_client [req-4eabb4de-ea89-4eb3-a40b-65191b108195 req-4eabb4de-ea89-4eb3-a40b-65191b108195 ] Request (ServersWithSpecificFlavorTestJSON:test_verify_created_server_ephemeral_disk): 200 GET http://10.180.1.21/compute/v2.1/servers/6f19d7b2-afaa-4593-a860-f1376ea50cfd 0.347s
2025-12-09 00:49:15.715 65442 INFO tempest.lib.common.rest_client [req-26fef72d-6473-423d-80cc-9377d328c36d req-26fef72d-6473-423d-80cc-9377d328c36d ] Request (ServerAddressesNegativeTestJSON:setUpClass): 200 GET http://10.180.1.21/compute/v2.1/servers/876258c5-3944-4d32-b9da-1d5db28134e8 0.349s
2025-12-09 00:49:15.734 65438 INFO tempest.lib.common.rest_client [req-d3cdfca1-d0cf-41d0-8274-4a636afadfd4 req-d3cdfca1-d0cf-41d0-8274-4a636afadfd4 ] Request (ServerDiskConfigTestJSON:setUpClass): 200 PUT http://10.180.1.21/networking/v2.0/routers/0b2e1e13-748e-43b0-8333-a20f08c02fef/add_router_interface 0.987s
2025-12-09 00:49:15.734 65438 INFO tempest.lib.common.dynamic_creds [-] Created isolated network resources for: credentials: Credentials: {'domain_id': 'default', 'domain_name': 'Default', 'username': 'tempest-ServerDiskConfigTestJSON-2108457671-project-member', 'project_domain_id': 'default', 'project_domain_name': 'Default', 'project_id': 'f1fb402dfa044892b63b74cdae761f4b', 'project_name': 'tempest-ServerDiskConfigTestJSON-2108457671', 'tenant_id': 'f1fb402dfa044892b63b74cdae761f4b', 'tenant_name': 'tempest-ServerDiskConfigTestJSON-2108457671', 'user_domain_id': 'default', 'user_domain_name': 'Default', 'user_id': '5b15205aac884ca799f8ccda1bfbc795', 'system': None}, Network: {'id': 'd16ddbaa-8890-4030-8c90-396d09e60aab', 'name': 'tempest-ServerDiskConfigTestJSON-297976517-network', 'tenant_id': 'f1fb402dfa044892b63b74cdae761f4b', 'project_id': 'f1fb402dfa044892b63b74cdae761f4b', 'admin_state_up': True, 'mtu': 8950, 'status': 'ACTIVE', 'subnets': [], 'shared': False, 'port_security_enabled': True, 'router:external': False, 'provider:network_type': 'vlan', 'provider:physical_network': 'default', 'provider:segmentation_id': 403, 'availability_zone_hints': [], 'availability_zones': [], 'ipv4_address_scope': None, 'ipv6_address_scope': None, 'description': '', 'tags': [], 'created_at': '2025-12-09T00:49:13Z', 'updated_at': '2025-12-09T00:49:13Z', 'revision_number': 1}, Subnet: {'id': '93583270-ec43-43ff-b5b5-a1604ad676ed', 'name': 'tempest-ServerDiskConfigTestJSON-297976517-subnet', 'tenant_id': 'f1fb402dfa044892b63b74cdae761f4b', 'network_id': 'd16ddbaa-8890-4030-8c90-396d09e60aab', 'ip_version': 4, 'subnetpool_id': None, 'enable_dhcp': True, 'ipv6_ra_mode': None, 'ipv6_address_mode': None, 'gateway_ip': '192.168.128.1', 'cidr': '192.168.128.0/28', 'allocation_pools': [{'start': '192.168.128.2', 'end': '192.168.128.14'}], 'host_routes': [], 'dns_nameservers': [], 'description': '', 'router:external': False, 'service_types': [], 'tags': [], 'created_at': '2025-12-09T00:49:13Z', 'updated_at': '2025-12-09T00:49:13Z', 'revision_number': 0, 'project_id': 'f1fb402dfa044892b63b74cdae761f4b'}, Router: {'id': '0b2e1e13-748e-43b0-8333-a20f08c02fef', 'name': 'tempest-ServerDiskConfigTestJSON-297976517-router', 'tenant_id': 'f1fb402dfa044892b63b74cdae761f4b', 'admin_state_up': True, 'status': 'ACTIVE', 'external_gateway_info': {'network_id': '0d90ecbd-4026-4e1f-b679-a6ac0fc71fc1', 'external_fixed_ips': [{'subnet_id': 'de5e51e8-b796-4f2b-a3a7-015d688ab931', 'ip_address': '10.180.180.218'}], 'enable_snat': True}, 'description': '', 'availability_zones': [], 'distributed': False, 'ha': False, 'availability_zone_hints': [], 'routes': [], 'flavor_id': None, 'tags': [], 'created_at': '2025-12-09T00:49:14Z', 'updated_at': '2025-12-09T00:49:14Z', 'revision_number': 2, 'project_id': 'f1fb402dfa044892b63b74cdae761f4b'}
2025-12-09 00:49:15.755 65444 INFO tempest.lib.common.rest_client [req-b4400cfa-92f1-4b5f-a548-73f8d4f9a179 req-b4400cfa-92f1-4b5f-a548-73f8d4f9a179 ] Request (ServersTestBootFromVolume:tearDownClass): 200 GET http://10.180.1.21/compute/v2.1/servers/fce1069a-50d2-41ac-85c6-2d90af2a149c 0.313s
2025-12-09 00:49:15.772 65458 INFO tempest.lib.common.rest_client [req-1c58a6c4-9875-489a-b2a3-cea2995a0164 req-1c58a6c4-9875-489a-b2a3-cea2995a0164 ] Request (ImagesTestJSON:test_create_image_from_suspended_server): 200 GET http://10.180.1.21/compute/v2.1/servers/730383de-6743-46a5-a53d-04229931efd5 0.316s
2025-12-09 00:49:15.834 65492 INFO tempest.lib.common.rest_client [req-7818ecee-36e3-4766-ab51-4f46e44bc86c req-7818ecee-36e3-4766-ab51-4f46e44bc86c ] Request (FloatingIPsAssociationTestJSON:tearDownClass): 200 GET http://10.180.1.21/compute/v2.1/servers/0ce2ddf7-49a1-48bb-9a34-b19312f0dd9f 0.269s
2025-12-09 00:49:15.845 65438 INFO tempest.lib.common.rest_client [req-d7e69373-8a88-408b-b2e0-30d54c891410 req-d7e69373-8a88-408b-b2e0-30d54c891410 ] Request (ServerDiskConfigTestJSON:setUpClass): 201 POST http://10.180.1.21/identity/v3/auth/tokens 0.107s
2025-12-09 00:49:15.854 65432 INFO tempest.lib.common.rest_client [req-78ac0c90-8ac1-4e99-bef2-03e756afde1d req-78ac0c90-8ac1-4e99-bef2-03e756afde1d ] Request (VolumesAssistedSnapshotsTest:tearDownClass): 200 GET http://10.180.1.21/compute/v2.1/servers/4aad1d26-43b4-4e3a-a868-85c054a129be 0.279s
2025-12-09 00:49:15.884 65438 INFO tempest.lib.common.rest_client [req-c5c8e7f1-e84f-4bf0-9bca-0cff26cfa5ea req-c5c8e7f1-e84f-4bf0-9bca-0cff26cfa5ea ] Request (ServerDiskConfigTestJSON:test_rebuild_server_with_auto_disk_config): 201 POST http://10.180.1.21/identity/v3/auth/tokens 0.036s
2025-12-09 00:49:15.885 65438 INFO tempest.lib.common.fixed_network [-] (ServerDiskConfigTestJSON:test_rebuild_server_with_auto_disk_config) Found network {'id': 'd16ddbaa-8890-4030-8c90-396d09e60aab', 'name': 'tempest-ServerDiskConfigTestJSON-297976517-network', 'tenant_id': 'f1fb402dfa044892b63b74cdae761f4b', 'project_id': 'f1fb402dfa044892b63b74cdae761f4b', 'admin_state_up': True, 'mtu': 8950, 'status': 'ACTIVE', 'subnets': [], 'shared': False, 'port_security_enabled': True, 'router:external': False, 'provider:network_type': 'vlan', 'provider:physical_network': 'default', 'provider:segmentation_id': 403, 'availability_zone_hints': [], 'availability_zones': [], 'ipv4_address_scope': None, 'ipv6_address_scope': None, 'description': '', 'tags': [], 'created_at': '2025-12-09T00:49:13Z', 'updated_at': '2025-12-09T00:49:13Z', 'revision_number': 1} available for tenant
2025-12-09 00:49:15.966 65434 INFO tempest.lib.common.rest_client [req-d02cf79b-06c9-4861-b680-13a8499d9a3b req-d02cf79b-06c9-4861-b680-13a8499d9a3b ] Request (MigrationsAdminTest:test_list_migrations_in_flavor_resize_situation): 200 GET http://10.180.1.21/compute/v2.1/servers/b0e652e0-21cf-4681-b615-5bc00f418457 0.165s
2025-12-09 00:49:15.973 65434 INFO tempest.common.waiters [-] State transition "RESIZE/resize_migrated" ==> "RESIZE/resize_finish" after 43 second wait
2025-12-09 00:49:15.997 65488 INFO tempest.lib.common.rest_client [req-acfdb74c-de7d-4510-8201-223ca1f8c4b6 req-acfdb74c-de7d-4510-8201-223ca1f8c4b6 ] Request (ServersAdminTestJSON:test_rebuild_server_in_error_state): 200 GET http://10.180.1.21/compute/v2.1/servers/b0214ca6-4c13-4eff-876b-01b264d72494 0.146s
2025-12-09 00:49:16.074 65448 INFO tempest.lib.common.rest_client [req-a48ae55e-5a26-4a1d-aec6-5194a4bfd4e3 req-a48ae55e-5a26-4a1d-aec6-5194a4bfd4e3 ] Request (DeleteServersTestJSON:test_delete_server_while_in_attached_volume): 200 GET http://10.180.1.21/compute/v2.1/servers/eb6d285e-a5f1-44a2-8951-ad8097bcf791 0.181s
2025-12-09 00:49:16.145 65462 INFO tempest.lib.common.rest_client [req-a061ec03-f212-4c29-b9a8-a78a73d59dce req-a061ec03-f212-4c29-b9a8-a78a73d59dce ] Request (ServerPasswordTestJSON:tearDownClass): 200 GET http://10.180.1.21/compute/v2.1/servers/02f8a7a9-08d0-4a86-baae-df590a46cd36 0.137s
2025-12-09 00:49:16.209 65460 INFO tempest.lib.common.rest_client [req-9c4a8dc7-2983-4a1b-be93-875922a09421 req-9c4a8dc7-2983-4a1b-be93-875922a09421 ] Request (ServersTestJSON:tearDownClass): 200 GET http://10.180.1.21/compute/v2.1/servers/3b2c9811-7869-4c5f-bdf5-33dc5eef6e59 0.133s
2025-12-09 00:49:16.270 65474 INFO tempest.lib.common.rest_client [req-32733662-d674-48a8-9bab-2595a0941d77 req-32733662-d674-48a8-9bab-2595a0941d77 ] Request (ServerShowV247Test:tearDownClass): 200 GET http://10.180.1.21/compute/v2.1/servers/5bdbc682-6eda-4b83-8844-34c13940e35a 0.159s
2025-12-09 00:49:16.330 65436 INFO tempest.lib.common.rest_client [req-6501fea4-3e24-44d0-a721-dae7c9c3f4c9 req-6501fea4-3e24-44d0-a721-dae7c9c3f4c9 ] Request (ServersTestJSON:test_create_server_specify_multibyte_character_name): 200 GET http://10.180.1.21/compute/v2.1/servers/2042a37a-451d-428b-aed4-0143ff23a67a 0.187s
2025-12-09 00:49:16.387 65470 INFO tempest.lib.common.rest_client [req-07afabc5-01f1-437e-ac1f-818366ca89dc req-07afabc5-01f1-437e-ac1f-818366ca89dc ] Request (ServerShowV254Test:test_rebuild_server): 200 GET http://10.180.1.21/compute/v2.1/servers/e864708d-2dd3-49f8-ad40-fe2d00194f09 0.198s
2025-12-09 00:49:16.387 65438 INFO tempest.lib.common.rest_client [req-13889946-8ad9-459c-a760-1801d8fa94fb req-13889946-8ad9-459c-a760-1801d8fa94fb ] Request (ServerDiskConfigTestJSON:test_rebuild_server_with_auto_disk_config): 202 POST http://10.180.1.21/compute/v2.1/servers 0.501s
2025-12-09 00:49:16.459 65446 INFO tempest.lib.common.rest_client [req-9673f121-5eea-46b5-a9c9-d42753964dde req-9673f121-5eea-46b5-a9c9-d42753964dde ] Request (ImagesOneServerNegativeTestJSON:_run_cleanups): 200 GET http://10.180.1.21/compute/v2.1/servers/c24efdc1-d347-4a9f-b6d5-8dec3d21632c 0.224s
2025-12-09 00:49:16.480 65454 INFO tempest.lib.common.rest_client [req-a68402a5-ede3-44bb-b392-028fec4ac8f7 req-a68402a5-ede3-44bb-b392-028fec4ac8f7 ] Request (AttachInterfacesV270Test:tearDownClass): 200 GET http://10.180.1.21/compute/v2.1/servers/90490a64-6474-468b-b3f8-ef53380bec2f 0.178s
2025-12-09 00:49:16.521 65452 INFO tempest.lib.common.rest_client [req-56cd7b72-e3da-4f65-9f03-9528731140fa req-56cd7b72-e3da-4f65-9f03-9528731140fa ] Request (MultipleCreateTestJSON:test_multiple_create_with_reservation_return): 200 GET http://10.180.1.21/compute/v2.1/servers/2ddcf512-0682-49ba-9acf-d8bfed0847c6 0.206s
2025-12-09 00:49:16.532 65438 INFO tempest.lib.common.rest_client [req-41d7d85f-7fba-4fc3-b739-858e840a4fe1 req-41d7d85f-7fba-4fc3-b739-858e840a4fe1 ] Request (ServerDiskConfigTestJSON:test_rebuild_server_with_auto_disk_config): 200 GET http://10.180.1.21/compute/v2.1/servers/68b33721-0db3-4fbf-87b5-eb2935bc3392 0.143s
2025-12-09 00:49:16.588 65457 INFO tempest.lib.common.rest_client [req-f33c675d-ed44-42da-af00-fe891eb2497f req-f33c675d-ed44-42da-af00-fe891eb2497f ] Request (TenantUsagesTestJSON:tearDownClass): 200 GET http://10.180.1.21/compute/v2.1/servers/aaadc774-fbf7-474d-9791-77b008920848 0.187s
2025-12-09 00:49:16.652 65468 INFO tempest.lib.common.rest_client [req-55d3e970-7d4c-4194-9cb2-02796597d3a1 req-55d3e970-7d4c-4194-9cb2-02796597d3a1 ] Request (ServersAdminNegativeTestJSON:tearDownClass): 200 GET http://10.180.1.21/compute/v2.1/servers/aabf4b4d-6bb2-4f31-8340-8b9f6f9ceec6 0.214s
2025-12-09 00:49:16.664 65478 INFO tempest.lib.common.rest_client [req-841d660d-2a2a-40f3-9456-d2c9019e9a01 req-841d660d-2a2a-40f3-9456-d2c9019e9a01 ] Request (ServersAdmin275Test:tearDownClass): 200 GET http://10.180.1.21/compute/v2.1/servers/20012954-e8ad-4d3a-a992-32bf5bd2d534 0.132s
2025-12-09 00:49:16.715 65472 INFO tempest.lib.common.rest_client [req-b8939495-956d-43a8-b9a2-e5804d8317de req-b8939495-956d-43a8-b9a2-e5804d8317de ] Request (ListImageFiltersTestJSON:setUpClass): 200 GET http://10.180.1.21/compute/v2.1/servers/84e2c383-baec-4899-b644-8a66a730728e 0.126s
2025-12-09 00:49:16.764 65440 INFO tempest.lib.common.rest_client [req-33f53aef-f9bd-4839-9528-d9e555576fb6 req-33f53aef-f9bd-4839-9528-d9e555576fb6 ] Request (ServerExternalEventsTest:test_create_server_external_events): 200 GET http://10.180.1.21/compute/v2.1/servers/58db549e-ca0b-4b55-a7a3-8a582b35b2c4 0.144s
2025-12-09 00:49:16.777 65450 INFO tempest.lib.common.rest_client [req-56b90ed6-ac4d-4b70-9759-4a670550704f req-56b90ed6-ac4d-4b70-9759-4a670550704f ] Request (ListServerFiltersTestJSON:setUpClass): 200 GET http://10.180.1.21/compute/v2.1/servers/2cd95585-4cdb-48f2-9d52-a7ef712b93f0 0.220s
2025-12-09 00:49:16.840 65430 INFO tempest.lib.common.rest_client [req-051718bd-3da1-41d2-a42e-8d4b7fca13e0 req-051718bd-3da1-41d2-a42e-8d4b7fca13e0 ] Request (ServerMetadataNegativeTestJSON:tearDownClass): 200 GET http://10.180.1.21/compute/v2.1/servers/5d134546-3b76-4a93-8cd1-79cd688c845b 0.183s
2025-12-09 00:49:16.844 65480 INFO tempest.lib.common.rest_client [req-c1e0f1ff-c5f0-4b8b-93e5-dd4b169f8612 req-c1e0f1ff-c5f0-4b8b-93e5-dd4b169f8612 ] Request (ServersTestManualDisk:setUpClass): 200 GET http://10.180.1.21/compute/v2.1/servers/a6af512b-ee5b-478c-bbe5-7a5b4b66804d 0.167s
2025-12-09 00:49:16.900 65482 INFO tempest.lib.common.rest_client [req-0e2b9adc-6abf-49a5-9cf2-073fe8b2581c req-0e2b9adc-6abf-49a5-9cf2-073fe8b2581c ] Request (ServersWithSpecificFlavorTestJSON:test_verify_created_server_ephemeral_disk): 200 GET http://10.180.1.21/compute/v2.1/servers/6f19d7b2-afaa-4593-a860-f1376ea50cfd 0.194s
2025-12-09 00:49:16.900 65442 INFO tempest.lib.common.rest_client [req-849e2751-022f-46a9-bf92-4e395c25dbf3 req-849e2751-022f-46a9-bf92-4e395c25dbf3 ] Request (ServerAddressesNegativeTestJSON:setUpClass): 200 GET http://10.180.1.21/compute/v2.1/servers/876258c5-3944-4d32-b9da-1d5db28134e8 0.177s
2025-12-09 00:49:16.958 65458 INFO tempest.lib.common.rest_client [req-2e5bef4f-0ea2-4f18-9c0e-c02b59253f6a req-2e5bef4f-0ea2-4f18-9c0e-c02b59253f6a ] Request (ImagesTestJSON:test_create_image_from_suspended_server): 200 GET http://10.180.1.21/compute/v2.1/servers/730383de-6743-46a5-a53d-04229931efd5 0.179s
2025-12-09 00:49:16.967 65444 INFO tempest.lib.common.rest_client [req-9ec9d629-420d-4d61-8949-e2b8cd053715 req-9ec9d629-420d-4d61-8949-e2b8cd053715 ] Request (ServersTestBootFromVolume:tearDownClass): 200 GET http://10.180.1.21/compute/v2.1/servers/fce1069a-50d2-41ac-85c6-2d90af2a149c 0.201s
2025-12-09 00:49:17.041 65432 INFO tempest.lib.common.rest_client [req-42219202-9b4c-4271-89e7-271ef0b4dc74 req-42219202-9b4c-4271-89e7-271ef0b4dc74 ] Request (VolumesAssistedSnapshotsTest:tearDownClass): 200 GET http://10.180.1.21/compute/v2.1/servers/4aad1d26-43b4-4e3a-a868-85c054a129be 0.176s
2025-12-09 00:49:17.044 65492 INFO tempest.lib.common.rest_client [req-4b135772-3c51-497c-8bda-6eaad09ec03e req-4b135772-3c51-497c-8bda-6eaad09ec03e ] Request (FloatingIPsAssociationTestJSON:tearDownClass): 200 GET http://10.180.1.21/compute/v2.1/servers/0ce2ddf7-49a1-48bb-9a34-b19312f0dd9f 0.200s
2025-12-09 00:49:17.159 65434 INFO tempest.lib.common.rest_client [req-5b73d43a-63d8-408a-9b16-23325726cd6a req-5b73d43a-63d8-408a-9b16-23325726cd6a ] Request (MigrationsAdminTest:test_list_migrations_in_flavor_resize_situation): 200 GET http://10.180.1.21/compute/v2.1/servers/b0e652e0-21cf-4681-b615-5bc00f418457 0.184s
2025-12-09 00:49:17.167 65488 INFO tempest.lib.common.rest_client [req-641de3fb-fb93-42c7-b74c-a83e78034196 req-641de3fb-fb93-42c7-b74c-a83e78034196 ] Request (ServersAdminTestJSON:test_rebuild_server_in_error_state): 200 GET http://10.180.1.21/compute/v2.1/servers/b0214ca6-4c13-4eff-876b-01b264d72494 0.161s
2025-12-09 00:49:17.174 65488 INFO tempest.common.waiters [-] State transition "REBUILD/rebuilding" ==> "REBUILD/rebuild_block_device_mapping" after 3 second wait
2025-12-09 00:49:17.213 65448 INFO tempest.lib.common.rest_client [req-509276f6-26f3-4bfd-ba9e-05dc8cd249a1 req-509276f6-26f3-4bfd-ba9e-05dc8cd249a1 ] Request (DeleteServersTestJSON:test_delete_server_while_in_attached_volume): 200 GET http://10.180.1.21/compute/v2.1/servers/eb6d285e-a5f1-44a2-8951-ad8097bcf791 0.131s
2025-12-09 00:49:17.229 65462 INFO tempest.lib.common.rest_client [req-e8e9f36c-76c7-40e2-b3d9-4df30e6ff711 req-e8e9f36c-76c7-40e2-b3d9-4df30e6ff711 ] Request (ServerPasswordTestJSON:tearDownClass): 200 GET http://10.180.1.21/compute/v2.1/servers/02f8a7a9-08d0-4a86-baae-df590a46cd36 0.073s
2025-12-09 00:49:17.306 65460 INFO tempest.lib.common.rest_client [req-10f59a2a-8bf9-4b73-8105-c573381de3cf req-10f59a2a-8bf9-4b73-8105-c573381de3cf ] Request (ServersTestJSON:tearDownClass): 200 GET http://10.180.1.21/compute/v2.1/servers/3b2c9811-7869-4c5f-bdf5-33dc5eef6e59 0.089s
2025-12-09 00:49:17.478 65474 INFO tempest.lib.common.rest_client [req-3b7e4f9b-3a17-428e-8659-34896a4bb307 req-3b7e4f9b-3a17-428e-8659-34896a4bb307 ] Request (ServerShowV247Test:tearDownClass): 200 GET http://10.180.1.21/compute/v2.1/servers/5bdbc682-6eda-4b83-8844-34c13940e35a 0.198s
2025-12-09 00:49:17.492 65436 INFO tempest.lib.common.rest_client [req-c58558b6-d246-41ef-95a3-8cf8d3aeef20 req-c58558b6-d246-41ef-95a3-8cf8d3aeef20 ] Request (ServersTestJSON:test_create_server_specify_multibyte_character_name): 200 GET http://10.180.1.21/compute/v2.1/servers/2042a37a-451d-428b-aed4-0143ff23a67a 0.153s
2025-12-09 00:49:17.540 65470 INFO tempest.lib.common.rest_client [req-6066f02e-f012-4f05-979d-175539329a01 req-6066f02e-f012-4f05-979d-175539329a01 ] Request (ServerShowV254Test:test_rebuild_server): 200 GET http://10.180.1.21/compute/v2.1/servers/e864708d-2dd3-49f8-ad40-fe2d00194f09 0.142s
2025-12-09 00:49:17.591 65446 INFO tempest.lib.common.rest_client [req-fa85a875-efce-49b3-aabe-258be4a07c0f req-fa85a875-efce-49b3-aabe-258be4a07c0f ] Request (ImagesOneServerNegativeTestJSON:_run_cleanups): 200 GET http://10.180.1.21/compute/v2.1/servers/c24efdc1-d347-4a9f-b6d5-8dec3d21632c 0.120s
2025-12-09 00:49:17.608 65454 INFO tempest.lib.common.rest_client [req-019d966c-dc69-42ea-bcdf-22eb5e0bde06 req-019d966c-dc69-42ea-bcdf-22eb5e0bde06 ] Request (AttachInterfacesV270Test:tearDownClass): 200 GET http://10.180.1.21/compute/v2.1/servers/90490a64-6474-468b-b3f8-ef53380bec2f 0.117s
2025-12-09 00:49:17.650 65452 INFO tempest.lib.common.rest_client [req-163287f0-aaa4-4622-95e9-efb28de79567 req-163287f0-aaa4-4622-95e9-efb28de79567 ] Request (MultipleCreateTestJSON:test_multiple_create_with_reservation_return): 200 GET http://10.180.1.21/compute/v2.1/servers/2ddcf512-0682-49ba-9acf-d8bfed0847c6 0.118s
2025-12-09 00:49:17.675 65438 INFO tempest.lib.common.rest_client [req-0d1af03f-69d6-48ac-b854-d2ccf1984cea req-0d1af03f-69d6-48ac-b854-d2ccf1984cea ] Request (ServerDiskConfigTestJSON:test_rebuild_server_with_auto_disk_config): 200 GET http://10.180.1.21/compute/v2.1/servers/68b33721-0db3-4fbf-87b5-eb2935bc3392 0.133s
2025-12-09 00:49:17.731 65457 INFO tempest.lib.common.rest_client [req-add4fb24-1353-47ba-babb-bb6be2af0b8f req-add4fb24-1353-47ba-babb-bb6be2af0b8f ] Request (TenantUsagesTestJSON:tearDownClass): 200 GET http://10.180.1.21/compute/v2.1/servers/aaadc774-fbf7-474d-9791-77b008920848 0.129s
2025-12-09 00:49:17.738 65468 INFO tempest.lib.common.rest_client [req-f0236051-8191-40de-b98e-8f5aa7e29f57 req-f0236051-8191-40de-b98e-8f5aa7e29f57 ] Request (ServersAdminNegativeTestJSON:tearDownClass): 200 GET http://10.180.1.21/compute/v2.1/servers/aabf4b4d-6bb2-4f31-8340-8b9f6f9ceec6 0.075s
2025-12-09 00:49:17.808 65478 INFO tempest.lib.common.rest_client [req-da490e97-8745-4fda-b3f5-ce01af906fb2 req-da490e97-8745-4fda-b3f5-ce01af906fb2 ] Request (ServersAdmin275Test:tearDownClass): 200 GET http://10.180.1.21/compute/v2.1/servers/20012954-e8ad-4d3a-a992-32bf5bd2d534 0.129s
2025-12-09 00:49:17.876 65472 INFO tempest.lib.common.rest_client [req-cb5a438f-b610-47db-834b-3dec616f3740 req-cb5a438f-b610-47db-834b-3dec616f3740 ] Request (ListImageFiltersTestJSON:setUpClass): 200 GET http://10.180.1.21/compute/v2.1/servers/84e2c383-baec-4899-b644-8a66a730728e 0.152s
2025-12-09 00:49:17.884 65472 INFO tempest.common.waiters [-] State transition "BUILD/None" ==> "BUILD/block_device_mapping" after 44 second wait
2025-12-09 00:49:17.888 65440 INFO tempest.lib.common.rest_client [req-8f47529f-58fc-44e8-8d3d-6c64c01ecff9 req-8f47529f-58fc-44e8-8d3d-6c64c01ecff9 ] Request (ServerExternalEventsTest:test_create_server_external_events): 200 GET http://10.180.1.21/compute/v2.1/servers/58db549e-ca0b-4b55-a7a3-8a582b35b2c4 0.115s
2025-12-09 00:49:17.980 65430 INFO tempest.lib.common.rest_client [req-b9e0d5eb-3d9e-47cc-9556-2c4557c65ca5 req-b9e0d5eb-3d9e-47cc-9556-2c4557c65ca5 ] Request (ServerMetadataNegativeTestJSON:tearDownClass): 200 GET http://10.180.1.21/compute/v2.1/servers/5d134546-3b76-4a93-8cd1-79cd688c845b 0.132s
2025-12-09 00:49:18.009 65450 INFO tempest.lib.common.rest_client [req-7243575c-16a3-487f-a11f-3d0253413e48 req-7243575c-16a3-487f-a11f-3d0253413e48 ] Request (ListServerFiltersTestJSON:setUpClass): 200 GET http://10.180.1.21/compute/v2.1/servers/2cd95585-4cdb-48f2-9d52-a7ef712b93f0 0.223s
2025-12-09 00:49:18.040 65480 INFO tempest.lib.common.rest_client [req-a2757f89-e4cd-4236-835c-434a14f1caa3 req-a2757f89-e4cd-4236-835c-434a14f1caa3 ] Request (ServersTestManualDisk:setUpClass): 200 GET http://10.180.1.21/compute/v2.1/servers/a6af512b-ee5b-478c-bbe5-7a5b4b66804d 0.187s
2025-12-09 00:49:18.067 65482 INFO tempest.lib.common.rest_client [req-4f88d9f4-a034-4af5-9177-99f2b80d1ff3 req-4f88d9f4-a034-4af5-9177-99f2b80d1ff3 ] Request (ServersWithSpecificFlavorTestJSON:test_verify_created_server_ephemeral_disk): 200 GET http://10.180.1.21/compute/v2.1/servers/6f19d7b2-afaa-4593-a860-f1376ea50cfd 0.154s
2025-12-09 00:49:18.101 65442 INFO tempest.lib.common.rest_client [req-5fded60c-0b7b-483c-92b5-3eb13557cf1b req-5fded60c-0b7b-483c-92b5-3eb13557cf1b ] Request (ServerAddressesNegativeTestJSON:setUpClass): 200 GET http://10.180.1.21/compute/v2.1/servers/876258c5-3944-4d32-b9da-1d5db28134e8 0.189s
2025-12-09 00:49:18.123 65458 INFO tempest.lib.common.rest_client [req-6eb4143e-289e-4a58-94e2-b06104fba8c4 req-6eb4143e-289e-4a58-94e2-b06104fba8c4 ] Request (ImagesTestJSON:test_create_image_from_suspended_server): 200 GET http://10.180.1.21/compute/v2.1/servers/730383de-6743-46a5-a53d-04229931efd5 0.153s
2025-12-09 00:49:18.178 65444 INFO tempest.lib.common.rest_client [req-d4d45b98-8a9b-456f-8bf4-5c818301186e req-d4d45b98-8a9b-456f-8bf4-5c818301186e ] Request (ServersTestBootFromVolume:tearDownClass): 200 GET http://10.180.1.21/compute/v2.1/servers/fce1069a-50d2-41ac-85c6-2d90af2a149c 0.202s
2025-12-09 00:49:18.193 65432 INFO tempest.lib.common.rest_client [req-e1662e1a-4648-4d48-b68a-3396f82d783d req-e1662e1a-4648-4d48-b68a-3396f82d783d ] Request (VolumesAssistedSnapshotsTest:tearDownClass): 200 GET http://10.180.1.21/compute/v2.1/servers/4aad1d26-43b4-4e3a-a868-85c054a129be 0.142s
2025-12-09 00:49:18.240 65492 INFO tempest.lib.common.rest_client [req-1e098f62-c1f3-4b72-974b-bd87966dd5fc req-1e098f62-c1f3-4b72-974b-bd87966dd5fc ] Request (FloatingIPsAssociationTestJSON:tearDownClass): 200 GET http://10.180.1.21/compute/v2.1/servers/0ce2ddf7-49a1-48bb-9a34-b19312f0dd9f 0.188s
2025-12-09 00:49:18.300 65434 INFO tempest.lib.common.rest_client [req-804c3d72-7109-4252-9faa-a95231e4fddc req-804c3d72-7109-4252-9faa-a95231e4fddc ] Request (MigrationsAdminTest:test_list_migrations_in_flavor_resize_situation): 200 GET http://10.180.1.21/compute/v2.1/servers/b0e652e0-21cf-4681-b615-5bc00f418457 0.133s
2025-12-09 00:49:18.359 65488 INFO tempest.lib.common.rest_client [req-9fcaeb10-6142-4df1-b760-d800ef37128b req-9fcaeb10-6142-4df1-b760-d800ef37128b ] Request (ServersAdminTestJSON:test_rebuild_server_in_error_state): 200 GET http://10.180.1.21/compute/v2.1/servers/b0214ca6-4c13-4eff-876b-01b264d72494 0.183s
2025-12-09 00:49:18.366 65488 INFO tempest.common.waiters [-] State transition "REBUILD/rebuild_block_device_mapping" ==> "REBUILD/rebuild_spawning" after 4 second wait
2025-12-09 00:49:18.375 65448 INFO tempest.lib.common.rest_client [req-703ce99e-7ae3-4f56-bfdd-a964567d9298 req-703ce99e-7ae3-4f56-bfdd-a964567d9298 ] Request (DeleteServersTestJSON:test_delete_server_while_in_attached_volume): 200 GET http://10.180.1.21/compute/v2.1/servers/eb6d285e-a5f1-44a2-8951-ad8097bcf791 0.153s
2025-12-09 00:49:18.415 65462 INFO tempest.lib.common.rest_client [req-f10997ba-6eaf-43ee-bb7d-d43b4dbaa7e3 req-f10997ba-6eaf-43ee-bb7d-d43b4dbaa7e3 ] Request (ServerPasswordTestJSON:tearDownClass): 200 GET http://10.180.1.21/compute/v2.1/servers/02f8a7a9-08d0-4a86-baae-df590a46cd36 0.179s
2025-12-09 00:49:18.437 65460 INFO tempest.lib.common.rest_client [req-c18504f7-e69f-4f1e-9acb-c15f59220cf8 req-c18504f7-e69f-4f1e-9acb-c15f59220cf8 ] Request (ServersTestJSON:tearDownClass): 200 GET http://10.180.1.21/compute/v2.1/servers/3b2c9811-7869-4c5f-bdf5-33dc5eef6e59 0.121s
2025-12-09 00:49:18.561 65474 INFO tempest.lib.common.rest_client [req-ca4d5225-aa67-46af-93aa-31d1c24686a7 req-ca4d5225-aa67-46af-93aa-31d1c24686a7 ] Request (ServerShowV247Test:tearDownClass): 200 GET http://10.180.1.21/compute/v2.1/servers/5bdbc682-6eda-4b83-8844-34c13940e35a 0.069s
2025-12-09 00:49:18.579 65436 INFO tempest.lib.common.rest_client [req-ade4b4fb-a29b-4afe-9b61-84c3043b7d14 req-ade4b4fb-a29b-4afe-9b61-84c3043b7d14 ] Request (ServersTestJSON:test_create_server_specify_multibyte_character_name): 200 GET http://10.180.1.21/compute/v2.1/servers/2042a37a-451d-428b-aed4-0143ff23a67a 0.079s
2025-12-09 00:49:18.619 65470 INFO tempest.lib.common.rest_client [req-c6e44192-b9dc-43d4-8d23-cb5411b2bd0a req-c6e44192-b9dc-43d4-8d23-cb5411b2bd0a ] Request (ServerShowV254Test:test_rebuild_server): 200 GET http://10.180.1.21/compute/v2.1/servers/e864708d-2dd3-49f8-ad40-fe2d00194f09 0.066s
2025-12-09 00:49:18.670 65446 INFO tempest.lib.common.rest_client [req-25cc30ac-acbc-465c-9939-419652028d43 req-25cc30ac-acbc-465c-9939-419652028d43 ] Request (ImagesOneServerNegativeTestJSON:_run_cleanups): 200 GET http://10.180.1.21/compute/v2.1/servers/c24efdc1-d347-4a9f-b6d5-8dec3d21632c 0.070s
2025-12-09 00:49:18.690 65454 INFO tempest.lib.common.rest_client [req-673b26bb-f6f9-4bdb-8e59-a072a85a7b5d req-673b26bb-f6f9-4bdb-8e59-a072a85a7b5d ] Request (AttachInterfacesV270Test:tearDownClass): 200 GET http://10.180.1.21/compute/v2.1/servers/90490a64-6474-468b-b3f8-ef53380bec2f 0.068s
2025-12-09 00:49:18.725 65452 INFO tempest.lib.common.rest_client [req-a9f8f446-5798-490f-bc1b-86d95e01d15b req-a9f8f446-5798-490f-bc1b-86d95e01d15b ] Request (MultipleCreateTestJSON:test_multiple_create_with_reservation_return): 200 GET http://10.180.1.21/compute/v2.1/servers/2ddcf512-0682-49ba-9acf-d8bfed0847c6 0.064s
2025-12-09 00:49:18.742 65438 INFO tempest.lib.common.rest_client [req-29ec2cee-3788-46e6-984b-e86ace3763e8 req-29ec2cee-3788-46e6-984b-e86ace3763e8 ] Request (ServerDiskConfigTestJSON:test_rebuild_server_with_auto_disk_config): 200 GET http://10.180.1.21/compute/v2.1/servers/68b33721-0db3-4fbf-87b5-eb2935bc3392 0.056s
2025-12-09 00:49:18.813 65468 INFO tempest.lib.common.rest_client [req-03758653-c101-4206-b5e8-920c518dec68 req-03758653-c101-4206-b5e8-920c518dec68 ] Request (ServersAdminNegativeTestJSON:tearDownClass): 200 GET http://10.180.1.21/compute/v2.1/servers/aabf4b4d-6bb2-4f31-8340-8b9f6f9ceec6 0.063s
2025-12-09 00:49:18.821 65468 INFO tempest.common.waiters [-] State transition "ACTIVE/deleting" ==> "DELETED/None" after 3 second wait
2025-12-09 00:49:18.827 65457 INFO tempest.lib.common.rest_client [req-80a7b8ce-87c1-431d-9c00-a1c507132ef5 req-80a7b8ce-87c1-431d-9c00-a1c507132ef5 ] Request (TenantUsagesTestJSON:tearDownClass): 200 GET http://10.180.1.21/compute/v2.1/servers/aaadc774-fbf7-474d-9791-77b008920848 0.081s
2025-12-09 00:49:18.893 65478 INFO tempest.lib.common.rest_client [req-40957b89-0ead-4de5-83c8-a9d6ee83e0fc req-40957b89-0ead-4de5-83c8-a9d6ee83e0fc ] Request (ServersAdmin275Test:tearDownClass): 200 GET http://10.180.1.21/compute/v2.1/servers/20012954-e8ad-4d3a-a992-32bf5bd2d534 0.074s
2025-12-09 00:49:18.973 65440 INFO tempest.lib.common.rest_client [req-bd997e18-3628-4a95-b3c1-3c7cfa217518 req-bd997e18-3628-4a95-b3c1-3c7cfa217518 ] Request (ServerExternalEventsTest:test_create_server_external_events): 200 GET http://10.180.1.21/compute/v2.1/servers/58db549e-ca0b-4b55-a7a3-8a582b35b2c4 0.074s
2025-12-09 00:49:18.994 65472 INFO tempest.lib.common.rest_client [req-51106037-b327-44cf-b63c-f5a711b5fbd2 req-51106037-b327-44cf-b63c-f5a711b5fbd2 ] Request (ListImageFiltersTestJSON:setUpClass): 200 GET http://10.180.1.21/compute/v2.1/servers/84e2c383-baec-4899-b644-8a66a730728e 0.108s
2025-12-09 00:49:19.001 65472 INFO tempest.common.waiters [-] State transition "BUILD/block_device_mapping" ==> "BUILD/spawning" after 46 second wait
2025-12-09 00:49:19.063 65430 INFO tempest.lib.common.rest_client [req-58b47b08-0721-4d7f-ac09-f93b75ce53c1 req-58b47b08-0721-4d7f-ac09-f93b75ce53c1 ] Request (ServerMetadataNegativeTestJSON:tearDownClass): 200 GET http://10.180.1.21/compute/v2.1/servers/5d134546-3b76-4a93-8cd1-79cd688c845b 0.075s
2025-12-09 00:49:19.122 65450 INFO tempest.lib.common.rest_client [req-96af2273-3069-42f3-9297-db1a28fe24fa req-96af2273-3069-42f3-9297-db1a28fe24fa ] Request (ListServerFiltersTestJSON:setUpClass): 200 GET http://10.180.1.21/compute/v2.1/servers/2cd95585-4cdb-48f2-9d52-a7ef712b93f0 0.105s
2025-12-09 00:49:19.134 65480 INFO tempest.lib.common.rest_client [req-15af18e5-80a9-452a-b381-c02bab848349 req-15af18e5-80a9-452a-b381-c02bab848349 ] Request (ServersTestManualDisk:setUpClass): 200 GET http://10.180.1.21/compute/v2.1/servers/a6af512b-ee5b-478c-bbe5-7a5b4b66804d 0.086s
2025-12-09 00:49:19.202 65482 INFO tempest.lib.common.rest_client [req-af444657-71f5-4599-8fdc-51b4d9629e08 req-af444657-71f5-4599-8fdc-51b4d9629e08 ] Request (ServersWithSpecificFlavorTestJSON:test_verify_created_server_ephemeral_disk): 200 GET http://10.180.1.21/compute/v2.1/servers/6f19d7b2-afaa-4593-a860-f1376ea50cfd 0.127s
2025-12-09 00:49:19.211 65442 INFO tempest.lib.common.rest_client [req-83f00e06-fdca-4d46-8fc9-c7062ed8daf1 req-83f00e06-fdca-4d46-8fc9-c7062ed8daf1 ] Request (ServerAddressesNegativeTestJSON:setUpClass): 200 GET http://10.180.1.21/compute/v2.1/servers/876258c5-3944-4d32-b9da-1d5db28134e8 0.094s
2025-12-09 00:49:19.256 65458 INFO tempest.lib.common.rest_client [req-46fde9a9-71d7-4953-ab86-3f3127f8701f req-46fde9a9-71d7-4953-ab86-3f3127f8701f ] Request (ImagesTestJSON:test_create_image_from_suspended_server): 200 GET http://10.180.1.21/compute/v2.1/servers/730383de-6743-46a5-a53d-04229931efd5 0.125s
2025-12-09 00:49:19.280 65444 INFO tempest.lib.common.rest_client [req-d685aecd-3af1-46b0-a25b-e3eb44b8fd73 req-d685aecd-3af1-46b0-a25b-e3eb44b8fd73 ] Request (ServersTestBootFromVolume:tearDownClass): 200 GET http://10.180.1.21/compute/v2.1/servers/fce1069a-50d2-41ac-85c6-2d90af2a149c 0.090s
2025-12-09 00:49:19.308 65432 INFO tempest.lib.common.rest_client [req-c5f8e24c-e7ed-437e-9c19-c13879b6155e req-c5f8e24c-e7ed-437e-9c19-c13879b6155e ] Request (VolumesAssistedSnapshotsTest:tearDownClass): 200 GET http://10.180.1.21/compute/v2.1/servers/4aad1d26-43b4-4e3a-a868-85c054a129be 0.106s
2025-12-09 00:49:19.333 65492 INFO tempest.lib.common.rest_client [req-ec7ec570-9525-439b-80be-1d25bb5ffec3 req-ec7ec570-9525-439b-80be-1d25bb5ffec3 ] Request (FloatingIPsAssociationTestJSON:tearDownClass): 200 GET http://10.180.1.21/compute/v2.1/servers/0ce2ddf7-49a1-48bb-9a34-b19312f0dd9f 0.084s
2025-12-09 00:49:19.399 65434 INFO tempest.lib.common.rest_client [req-40e62167-f913-4404-bc98-8af067a812e9 req-40e62167-f913-4404-bc98-8af067a812e9 ] Request (MigrationsAdminTest:test_list_migrations_in_flavor_resize_situation): 200 GET http://10.180.1.21/compute/v2.1/servers/b0e652e0-21cf-4681-b615-5bc00f418457 0.091s
2025-12-09 00:49:19.406 65434 INFO tempest.common.waiters [-] State transition "RESIZE/resize_finish" ==> "VERIFY_RESIZE/None" after 47 second wait
2025-12-09 00:49:19.445 65448 INFO tempest.lib.common.rest_client [req-50e8617b-6b60-4f76-96b9-395fda088695 req-50e8617b-6b60-4f76-96b9-395fda088695 ] Request (DeleteServersTestJSON:test_delete_server_while_in_attached_volume): 200 GET http://10.180.1.21/compute/v2.1/servers/eb6d285e-a5f1-44a2-8951-ad8097bcf791 0.061s
2025-12-09 00:49:19.458 65488 INFO tempest.lib.common.rest_client [req-3a563de8-5667-46e2-bed6-21f97ce5f0bb req-3a563de8-5667-46e2-bed6-21f97ce5f0bb ] Request (ServersAdminTestJSON:test_rebuild_server_in_error_state): 200 GET http://10.180.1.21/compute/v2.1/servers/b0214ca6-4c13-4eff-876b-01b264d72494 0.091s
2025-12-09 00:49:19.503 65434 INFO tempest.lib.common.rest_client [req-113a5ee8-1fb5-4eca-a898-f1effa07d558 req-113a5ee8-1fb5-4eca-a898-f1effa07d558 ] Request (MigrationsAdminTest:test_list_migrations_in_flavor_resize_situation): 204 POST http://10.180.1.21/compute/v2.1/servers/b0e652e0-21cf-4681-b615-5bc00f418457/action 0.095s
2025-12-09 00:49:19.520 65462 INFO tempest.lib.common.rest_client [req-79a84ebe-b52b-4c2c-99c5-3c927c6e2c86 req-79a84ebe-b52b-4c2c-99c5-3c927c6e2c86 ] Request (ServerPasswordTestJSON:tearDownClass): 200 GET http://10.180.1.21/compute/v2.1/servers/02f8a7a9-08d0-4a86-baae-df590a46cd36 0.097s
2025-12-09 00:49:19.558 65460 INFO tempest.lib.common.rest_client [req-bb79e354-4d25-4349-b6c6-825776e8b2c0 req-bb79e354-4d25-4349-b6c6-825776e8b2c0 ] Request (ServersTestJSON:tearDownClass): 200 GET http://10.180.1.21/compute/v2.1/servers/3b2c9811-7869-4c5f-bdf5-33dc5eef6e59 0.113s
2025-12-09 00:49:19.632 65474 INFO tempest.lib.common.rest_client [req-d760e960-14ef-4ea3-849a-df4ba384987e req-d760e960-14ef-4ea3-849a-df4ba384987e ] Request (ServerShowV247Test:tearDownClass): 200 GET http://10.180.1.21/compute/v2.1/servers/5bdbc682-6eda-4b83-8844-34c13940e35a 0.061s
2025-12-09 00:49:19.639 65434 INFO tempest.lib.common.rest_client [req-4460df1c-46e0-4633-81ff-e2fc62b8a7fa req-4460df1c-46e0-4633-81ff-e2fc62b8a7fa ] Request (MigrationsAdminTest:test_list_migrations_in_flavor_resize_situation): 200 GET http://10.180.1.21/compute/v2.1/servers/b0e652e0-21cf-4681-b615-5bc00f418457 0.136s
2025-12-09 00:49:19.685 65436 INFO tempest.lib.common.rest_client [req-f039198d-af3f-4a40-b17f-ef458746db51 req-f039198d-af3f-4a40-b17f-ef458746db51 ] Request (ServersTestJSON:test_create_server_specify_multibyte_character_name): 200 GET http://10.180.1.21/compute/v2.1/servers/2042a37a-451d-428b-aed4-0143ff23a67a 0.096s
2025-12-09 00:49:19.692 65470 INFO tempest.lib.common.rest_client [req-964b2850-ebe8-457c-b0a9-4506b4f2ba88 req-964b2850-ebe8-457c-b0a9-4506b4f2ba88 ] Request (ServerShowV254Test:test_rebuild_server): 200 GET http://10.180.1.21/compute/v2.1/servers/e864708d-2dd3-49f8-ad40-fe2d00194f09 0.064s
2025-12-09 00:49:19.746 65446 INFO tempest.lib.common.rest_client [req-2ba51b06-265f-49c5-8d9a-01551019a632 req-2ba51b06-265f-49c5-8d9a-01551019a632 ] Request (ImagesOneServerNegativeTestJSON:_run_cleanups): 200 GET http://10.180.1.21/compute/v2.1/servers/c24efdc1-d347-4a9f-b6d5-8dec3d21632c 0.067s
2025-12-09 00:49:19.776 65454 INFO tempest.lib.common.rest_client [req-abfcaa05-60b5-4154-8fc9-b62aa06229bb req-abfcaa05-60b5-4154-8fc9-b62aa06229bb ] Request (AttachInterfacesV270Test:tearDownClass): 200 GET http://10.180.1.21/compute/v2.1/servers/90490a64-6474-468b-b3f8-ef53380bec2f 0.075s
2025-12-09 00:49:19.813 65452 INFO tempest.lib.common.rest_client [req-1d9dae1a-ad92-48ae-80fb-5e31a9ef272f req-1d9dae1a-ad92-48ae-80fb-5e31a9ef272f ] Request (MultipleCreateTestJSON:test_multiple_create_with_reservation_return): 200 GET http://10.180.1.21/compute/v2.1/servers/2ddcf512-0682-49ba-9acf-d8bfed0847c6 0.079s
2025-12-09 00:49:19.845 65438 INFO tempest.lib.common.rest_client [req-ebc09d89-d790-4a56-827a-6c99b489482f req-ebc09d89-d790-4a56-827a-6c99b489482f ] Request (ServerDiskConfigTestJSON:test_rebuild_server_with_auto_disk_config): 200 GET http://10.180.1.21/compute/v2.1/servers/68b33721-0db3-4fbf-87b5-eb2935bc3392 0.088s
2025-12-09 00:49:19.895 65468 INFO tempest.lib.common.rest_client [req-6e150407-fade-4b66-b89e-c9ea82f8bbae req-6e150407-fade-4b66-b89e-c9ea82f8bbae ] Request (ServersAdminNegativeTestJSON:tearDownClass): 200 GET http://10.180.1.21/compute/v2.1/servers/aabf4b4d-6bb2-4f31-8340-8b9f6f9ceec6 0.073s
2025-12-09 00:49:19.906 65457 INFO tempest.lib.common.rest_client [req-2e91cbc0-b9f4-4f1e-a316-8abc7a727f90 req-2e91cbc0-b9f4-4f1e-a316-8abc7a727f90 ] Request (TenantUsagesTestJSON:tearDownClass): 200 GET http://10.180.1.21/compute/v2.1/servers/aaadc774-fbf7-474d-9791-77b008920848 0.072s
2025-12-09 00:49:19.980 65478 INFO tempest.lib.common.rest_client [req-fb09dbbc-80d3-47d3-af04-dffff29b18b1 req-fb09dbbc-80d3-47d3-af04-dffff29b18b1 ] Request (ServersAdmin275Test:tearDownClass): 200 GET http://10.180.1.21/compute/v2.1/servers/20012954-e8ad-4d3a-a992-32bf5bd2d534 0.074s
