2025-06-21 05:37:04.056 63119 INFO tempest.lib.common.rest_client [req-98530327-c545-417b-b485-508d58a555f1 req-98530327-c545-417b-b485-508d58a555f1 ] Request (DeleteServersAdminTestJSON:test_delete_server_while_in_error_state): 200 GET http://10.180.1.21/compute/v2.1/servers/56f9e03c-1157-442f-8add-156627a6ec1e 0.102s
2025-06-21 05:37:04.116 63145 INFO tempest.lib.common.rest_client [req-5fc46c21-e72a-49b2-8525-23eb41efd287 req-5fc46c21-e72a-49b2-8525-23eb41efd287 ] Request (ImagesTestJSON:_run_cleanups): 204 DELETE http://10.180.1.21/compute/v2.1/servers/217e5812-95cc-4104-8d7b-82dfca2c0fcc 0.078s
2025-06-21 05:37:04.122 63103 INFO tempest.lib.common.rest_client [req-c725a239-9503-4b53-a50e-114fc2ee59d6 req-c725a239-9503-4b53-a50e-114fc2ee59d6 ] Request (ServersListShow2100Test:test_list_show_rebuild_update_server_2100): 200 GET http://10.180.1.21/compute/v2.1/servers/127fee64-fd56-4a23-bdd2-18c817898fd5 0.084s
2025-06-21 05:37:04.185 63145 INFO tempest.lib.common.rest_client [req-ce371429-036b-4f50-9936-af0ccd9ab392 req-ce371429-036b-4f50-9936-af0ccd9ab392 ] Request (ImagesTestJSON:test_create_server_from_snapshot): 201 POST http://10.180.1.21/identity/v3/auth/tokens 0.064s
2025-06-21 05:37:04.185 63145 INFO tempest.lib.common.fixed_network [-] (ImagesTestJSON:test_create_server_from_snapshot) Found network {'id': '37e61cfc-9573-498e-9e85-98dd8eb7e5a6', 'name': 'tempest-ImagesTestJSON-10724113-network', 'tenant_id': '3dedbeff832a4ac48b0aa01bd6acc3f1', 'admin_state_up': True, 'mtu': 8950, 'status': 'ACTIVE', 'subnets': [], 'shared': False, 'project_id': '3dedbeff832a4ac48b0aa01bd6acc3f1', 'port_security_enabled': True, 'router:external': False, 'provider:network_type': 'vlan', 'provider:physical_network': 'default', 'provider:segmentation_id': 199, 'availability_zone_hints': [], 'availability_zones': [], 'ipv4_address_scope': None, 'ipv6_address_scope': None, 'description': '', 'tags': [], 'created_at': '2025-06-21T05:34:22Z', 'updated_at': '2025-06-21T05:34:22Z', 'revision_number': 1} available for tenant
2025-06-21 05:37:04.188 63135 INFO tempest.lib.common.rest_client [req-c5798c87-cbfd-45a4-8e0e-d99b05c7bf16 req-c5798c87-cbfd-45a4-8e0e-d99b05c7bf16 ] Request (InstanceActionsV221TestJSON:test_get_list_deleted_instance_actions): 200 GET http://10.180.1.21/compute/v2.1/servers/c7829a8b-a9f7-40b1-958c-732e2eaa2b3c 0.096s
2025-06-21 05:37:04.205 63134 INFO tempest.lib.common.rest_client [req-42f23060-642c-47c0-bf4b-b2fbf0de7c9c req-42f23060-642c-47c0-bf4b-b2fbf0de7c9c ] Request (MultipleCreateTestJSON:test_multiple_create_with_reservation_return): 200 GET http://10.180.1.21/compute/v2.1/servers/c18acec7-cf95-4cdf-aa49-32419d364534 0.050s
2025-06-21 05:37:04.282 63151 INFO tempest.lib.common.rest_client [req-401eb58b-56a7-4efd-ad10-a7e90e498e6f req-401eb58b-56a7-4efd-ad10-a7e90e498e6f ] Request (ServersTestJSON:setUpClass): 200 GET http://10.180.1.21/compute/v2.1/servers/1f40dc62-1a58-4cfb-8785-c37b68747f37 0.063s
2025-06-21 05:37:04.339 63089 INFO tempest.lib.common.rest_client [req-e7a1941c-405c-4917-bfc8-a235590c52a4 req-e7a1941c-405c-4917-bfc8-a235590c52a4 ] Request (ServerMetadataNegativeTestJSON:setUpClass): 200 GET http://10.180.1.21/compute/v2.1/servers/413eaa2e-7bbc-402e-b0d3-f030b6395d7b 0.110s
2025-06-21 05:37:04.384 63149 INFO tempest.lib.common.rest_client [req-34713974-4f89-4c39-8c10-ee7f792468dd req-34713974-4f89-4c39-8c10-ee7f792468dd ] Request (ImagesOneServerNegativeTestJSON:_run_cleanups): 200 GET http://10.180.1.21/compute/v2.1/servers/7cca1c35-6bfc-450d-ba74-0e825b160e8f 0.105s
2025-06-21 05:37:04.438 63130 INFO tempest.lib.common.rest_client [req-b7fcf3a6-0cdc-4dc3-94f0-1287c49678b4 req-b7fcf3a6-0cdc-4dc3-94f0-1287c49678b4 ] Request (ServerMetadataTestJSON:tearDownClass): 200 GET http://10.180.1.21/compute/v2.1/servers/a589a3d8-20dc-4ff5-a192-c540e29f39d6 0.101s
2025-06-21 05:37:04.469 63097 INFO tempest.lib.common.rest_client [req-a97b0459-f1cd-4357-9e11-19ee483d773f req-a97b0459-f1cd-4357-9e11-19ee483d773f ] Request (ImagesOneServerTestJSON:test_create_delete_image): 200 GET http://10.180.1.21/compute/v2.1/images/c73af40e-dd5c-4c62-8e27-a5a56963e1c7 0.111s
2025-06-21 05:37:04.496 63145 INFO tempest.lib.common.rest_client [req-cd9604ee-0794-4f39-97a3-93c4a3aa7d01 req-cd9604ee-0794-4f39-97a3-93c4a3aa7d01 ] Request (ImagesTestJSON:test_create_server_from_snapshot): 202 POST http://10.180.1.21/compute/v2.1/servers 0.310s
2025-06-21 05:37:04.518 63123 INFO tempest.lib.common.rest_client [req-83fe3980-ab74-42b1-a429-4b448c608205 req-83fe3980-ab74-42b1-a429-4b448c608205 ] Request (ServersAdminTestJSON:test_create_server_with_scheduling_hint): 200 GET http://10.180.1.21/compute/v2.1/servers/cbc5985a-38e7-4e52-9fb0-264b5cec013a 0.131s
2025-06-21 05:37:04.543 63099 INFO tempest.lib.common.rest_client [req-798c62ca-17fe-4cbc-b4a0-787471630f61 req-798c62ca-17fe-4cbc-b4a0-787471630f61 ] Request (ServerShowV257Test:test_rebuild_server): 200 GET http://10.180.1.21/compute/v2.1/servers/c9e11016-e92a-459e-b5ee-b0e43ce29450 0.122s
2025-06-21 05:37:04.579 63095 INFO tempest.lib.common.rest_client [req-a95542ee-0bed-4828-a584-d95ec7921f2e req-a95542ee-0bed-4828-a584-d95ec7921f2e ] Request (ServerRescueNegativeTestJSON:test_rescued_vm_detach_volume): 200 GET http://10.180.1.21/compute/v2.1/servers/3e4479a0-8edd-4b37-8cc9-2c91275b88ee 0.141s
2025-06-21 05:37:04.593 63113 INFO tempest.lib.common.rest_client [req-ff7e37b8-2457-423b-8d1a-274a96f78736 req-ff7e37b8-2457-423b-8d1a-274a96f78736 ] Request (AttachInterfacesUnderV243Test:test_add_remove_fixed_ip): 200 GET http://10.180.1.21/compute/v2.1/servers/d366a755-49b4-427b-8564-d8572a7fbbb7 0.122s
2025-06-21 05:37:04.628 63145 INFO tempest.lib.common.rest_client [req-16ceeb22-61a8-452a-b6a6-33ce0f828512 req-16ceeb22-61a8-452a-b6a6-33ce0f828512 ] Request (ImagesTestJSON:test_create_server_from_snapshot): 200 GET http://10.180.1.21/compute/v2.1/servers/c8765756-0870-4a06-a1a5-d02177959b29 0.130s
2025-06-21 05:37:04.648 63137 INFO tempest.lib.common.rest_client [req-25fbab72-a6b9-4a30-ac94-210b9ad8826b req-25fbab72-a6b9-4a30-ac94-210b9ad8826b ] Request (MigrationsAdminTest:test_resize_server_revert_deleted_flavor): 200 GET http://10.180.1.21/compute/v2.1/servers/9cd89da4-d190-4bfc-81e1-da15b98d54ba 0.115s
2025-06-21 05:37:04.685 63125 INFO tempest.lib.common.rest_client [req-1e15eee4-8283-4ef6-916e-be819898ca34 req-1e15eee4-8283-4ef6-916e-be819898ca34 ] Request (FloatingIPsAssociationNegativeTestJSON:tearDownClass): 200 GET http://10.180.1.21/compute/v2.1/servers/369cd937-4c18-4068-ae59-70a1d585094b 0.099s
2025-06-21 05:37:04.709 63093 INFO tempest.lib.common.rest_client [req-d6f19940-8f0c-409d-921a-9aac70e1603e req-d6f19940-8f0c-409d-921a-9aac70e1603e ] Request (ServersTestMultiNic:_run_cleanups): 200 GET http://10.180.1.21/compute/v2.1/servers/961dedc6-5ddd-4620-bfa7-54cf0c520af3 0.065s
2025-06-21 05:37:04.753 63105 INFO tempest.lib.common.rest_client [req-1773aec8-6cce-4636-940b-59459fd0003e req-1773aec8-6cce-4636-940b-59459fd0003e ] Request (ListServersNegativeTestJSON:tearDownClass): 200 GET http://10.180.1.21/compute/v2.1/servers/961f313b-b43f-4531-8a4b-0a39421d6a34 0.063s
2025-06-21 05:37:04.884 63117 INFO tempest.lib.common.rest_client [req-6270d5b0-1071-4355-b68a-12fdc73ad81f req-6270d5b0-1071-4355-b68a-12fdc73ad81f ] Request (InstanceActionsTestJSON:tearDownClass): 200 GET http://10.180.1.21/compute/v2.1/servers/1a16bd56-0992-4bec-bd3f-2836dfe68579 0.107s
2025-06-21 05:37:05.018 63141 INFO tempest.lib.common.rest_client [req-a6659a9f-db5a-42b3-8cd5-b2e764e8f031 req-a6659a9f-db5a-42b3-8cd5-b2e764e8f031 ] Request (SecurityGroupsTestJSON:test_list_security_groups_by_server): 200 GET http://10.180.1.21/compute/v2.1/servers/425e8edd-c002-45a1-bb6f-ee3ac8812509 0.060s
2025-06-21 05:37:05.061 63127 INFO tempest.lib.common.rest_client [req-7622d267-9374-4fd7-a25e-fd6801febda5 req-7622d267-9374-4fd7-a25e-fd6801febda5 ] Request (ServerExternalEventsTest:test_create_server_external_events): 200 GET http://10.180.1.21/compute/v2.1/servers/b289800f-49ce-49e7-b6bc-a3b4ec84b434 0.056s
2025-06-21 05:37:05.131 63119 INFO tempest.lib.common.rest_client [req-a6434dd3-905f-40c8-b69c-ea0e520c674a req-a6434dd3-905f-40c8-b69c-ea0e520c674a ] Request (DeleteServersAdminTestJSON:test_delete_server_while_in_error_state): 200 GET http://10.180.1.21/compute/v2.1/servers/56f9e03c-1157-442f-8add-156627a6ec1e 0.066s
2025-06-21 05:37:05.234 63103 INFO tempest.lib.common.rest_client [req-467405d3-6b0b-4afb-9af1-cfcc08e1c3a1 req-467405d3-6b0b-4afb-9af1-cfcc08e1c3a1 ] Request (ServersListShow2100Test:test_list_show_rebuild_update_server_2100): 200 GET http://10.180.1.21/compute/v2.1/servers/127fee64-fd56-4a23-bdd2-18c817898fd5 0.097s
2025-06-21 05:37:05.275 63135 INFO tempest.lib.common.rest_client [req-5a52e6c1-9788-40fa-9961-6bbf13aeee48 req-5a52e6c1-9788-40fa-9961-6bbf13aeee48 ] Request (InstanceActionsV221TestJSON:test_get_list_deleted_instance_actions): 200 GET http://10.180.1.21/compute/v2.1/servers/c7829a8b-a9f7-40b1-958c-732e2eaa2b3c 0.079s
2025-06-21 05:37:05.283 63134 INFO tempest.lib.common.rest_client [req-ed1cff70-ab71-4002-81e2-1979086742d0 req-ed1cff70-ab71-4002-81e2-1979086742d0 ] Request (MultipleCreateTestJSON:test_multiple_create_with_reservation_return): 200 GET http://10.180.1.21/compute/v2.1/servers/c18acec7-cf95-4cdf-aa49-32419d364534 0.067s
2025-06-21 05:37:05.342 63151 INFO tempest.lib.common.rest_client [req-44d76170-5de9-45f5-a3cb-9baa19bea39f req-44d76170-5de9-45f5-a3cb-9baa19bea39f ] Request (ServersTestJSON:setUpClass): 200 GET http://10.180.1.21/compute/v2.1/servers/1f40dc62-1a58-4cfb-8785-c37b68747f37 0.051s
2025-06-21 05:37:05.394 63089 INFO tempest.lib.common.rest_client [req-877150d6-d5af-487d-91b0-cfe13e4c890d req-877150d6-d5af-487d-91b0-cfe13e4c890d ] Request (ServerMetadataNegativeTestJSON:setUpClass): 200 GET http://10.180.1.21/compute/v2.1/servers/413eaa2e-7bbc-402e-b0d3-f030b6395d7b 0.048s
2025-06-21 05:37:05.437 63149 INFO tempest.lib.common.rest_client [req-bba40855-8105-4127-90fd-3fd04082b1f7 req-bba40855-8105-4127-90fd-3fd04082b1f7 ] Request (ImagesOneServerNegativeTestJSON:_run_cleanups): 200 GET http://10.180.1.21/compute/v2.1/servers/7cca1c35-6bfc-450d-ba74-0e825b160e8f 0.046s
2025-06-21 05:37:05.505 63130 INFO tempest.lib.common.rest_client [req-797eed46-183f-4890-9396-b394e02a8186 req-797eed46-183f-4890-9396-b394e02a8186 ] Request (ServerMetadataTestJSON:tearDownClass): 200 GET http://10.180.1.21/compute/v2.1/servers/a589a3d8-20dc-4ff5-a192-c540e29f39d6 0.060s
2025-06-21 05:37:05.510 63097 INFO tempest.lib.common.rest_client [req-d1a94e7d-5a5f-4b15-875a-1266c3dad099 req-d1a94e7d-5a5f-4b15-875a-1266c3dad099 ] Request (ImagesOneServerTestJSON:test_create_delete_image): 200 GET http://10.180.1.21/compute/v2.1/images/c73af40e-dd5c-4c62-8e27-a5a56963e1c7 0.037s
2025-06-21 05:37:05.586 63123 INFO tempest.lib.common.rest_client [req-8d986803-989f-41b3-a5c1-a47a0d1247a5 req-8d986803-989f-41b3-a5c1-a47a0d1247a5 ] Request (ServersAdminTestJSON:test_create_server_with_scheduling_hint): 200 GET http://10.180.1.21/compute/v2.1/servers/cbc5985a-38e7-4e52-9fb0-264b5cec013a 0.061s
2025-06-21 05:37:05.609 63099 INFO tempest.lib.common.rest_client [req-e9f26715-36fc-4102-ba87-7ba1588ffeb3 req-e9f26715-36fc-4102-ba87-7ba1588ffeb3 ] Request (ServerShowV257Test:test_rebuild_server): 200 GET http://10.180.1.21/compute/v2.1/servers/c9e11016-e92a-459e-b5ee-b0e43ce29450 0.057s
2025-06-21 05:37:05.637 63095 INFO tempest.lib.common.rest_client [req-5fe6d71e-78c9-4b0d-a038-0ee9fc80f79b req-5fe6d71e-78c9-4b0d-a038-0ee9fc80f79b ] Request (ServerRescueNegativeTestJSON:test_rescued_vm_detach_volume): 200 GET http://10.180.1.21/compute/v2.1/servers/3e4479a0-8edd-4b37-8cc9-2c91275b88ee 0.049s
2025-06-21 05:37:05.661 63113 INFO tempest.lib.common.rest_client [req-8dea644c-7545-4c9c-b796-f60214dc3c04 req-8dea644c-7545-4c9c-b796-f60214dc3c04 ] Request (AttachInterfacesUnderV243Test:test_add_remove_fixed_ip): 200 GET http://10.180.1.21/compute/v2.1/servers/d366a755-49b4-427b-8564-d8572a7fbbb7 0.053s
2025-06-21 05:37:05.689 63145 INFO tempest.lib.common.rest_client [req-52f48182-0e6b-428b-9712-8273e9f6841e req-52f48182-0e6b-428b-9712-8273e9f6841e ] Request (ImagesTestJSON:test_create_server_from_snapshot): 200 GET http://10.180.1.21/compute/v2.1/servers/c8765756-0870-4a06-a1a5-d02177959b29 0.053s
2025-06-21 05:37:05.712 63137 INFO tempest.lib.common.rest_client [req-9e0cf7c3-4819-42c1-84a8-8bcd42f4b46e req-9e0cf7c3-4819-42c1-84a8-8bcd42f4b46e ] Request (MigrationsAdminTest:test_resize_server_revert_deleted_flavor): 200 GET http://10.180.1.21/compute/v2.1/servers/9cd89da4-d190-4bfc-81e1-da15b98d54ba 0.055s
2025-06-21 05:37:05.753 63125 INFO tempest.lib.common.rest_client [req-08daf0ab-6c34-424c-9a2a-dfecee8df2cd req-08daf0ab-6c34-424c-9a2a-dfecee8df2cd ] Request (FloatingIPsAssociationNegativeTestJSON:tearDownClass): 200 GET http://10.180.1.21/compute/v2.1/servers/369cd937-4c18-4068-ae59-70a1d585094b 0.059s
2025-06-21 05:37:05.782 63093 INFO tempest.lib.common.rest_client [req-372f4ad2-fab6-4660-ac66-91c127a5b764 req-372f4ad2-fab6-4660-ac66-91c127a5b764 ] Request (ServersTestMultiNic:_run_cleanups): 200 GET http://10.180.1.21/compute/v2.1/servers/961dedc6-5ddd-4620-bfa7-54cf0c520af3 0.066s
2025-06-21 05:37:05.817 63105 INFO tempest.lib.common.rest_client [req-653c87b2-0810-43c5-b1c9-a6d4dd61a4a3 req-653c87b2-0810-43c5-b1c9-a6d4dd61a4a3 ] Request (ListServersNegativeTestJSON:tearDownClass): 200 GET http://10.180.1.21/compute/v2.1/servers/961f313b-b43f-4531-8a4b-0a39421d6a34 0.054s
2025-06-21 05:37:05.949 63117 INFO tempest.lib.common.rest_client [req-8df855f2-881d-4e68-8bcc-9bf3cfdf5928 req-8df855f2-881d-4e68-8bcc-9bf3cfdf5928 ] Request (InstanceActionsTestJSON:tearDownClass): 200 GET http://10.180.1.21/compute/v2.1/servers/1a16bd56-0992-4bec-bd3f-2836dfe68579 0.056s
2025-06-21 05:37:06.077 63141 INFO tempest.lib.common.rest_client [req-1239fb0e-89de-4c93-83e0-3f517089f14e req-1239fb0e-89de-4c93-83e0-3f517089f14e ] Request (SecurityGroupsTestJSON:test_list_security_groups_by_server): 200 GET http://10.180.1.21/compute/v2.1/servers/425e8edd-c002-45a1-bb6f-ee3ac8812509 0.048s
2025-06-21 05:37:06.128 63127 INFO tempest.lib.common.rest_client [req-bc45de25-8685-493a-9b28-ae7846193c16 req-bc45de25-8685-493a-9b28-ae7846193c16 ] Request (ServerExternalEventsTest:test_create_server_external_events): 200 GET http://10.180.1.21/compute/v2.1/servers/b289800f-49ce-49e7-b6bc-a3b4ec84b434 0.054s
2025-06-21 05:37:06.202 63119 INFO tempest.lib.common.rest_client [req-30d4fa3a-5a6e-4a48-b46a-dcf8687fee08 req-30d4fa3a-5a6e-4a48-b46a-dcf8687fee08 ] Request (DeleteServersAdminTestJSON:test_delete_server_while_in_error_state): 200 GET http://10.180.1.21/compute/v2.1/servers/56f9e03c-1157-442f-8add-156627a6ec1e 0.063s
2025-06-21 05:37:06.307 63103 INFO tempest.lib.common.rest_client [req-2adf1446-6e70-493f-a65a-760857df0353 req-2adf1446-6e70-493f-a65a-760857df0353 ] Request (ServersListShow2100Test:test_list_show_rebuild_update_server_2100): 200 GET http://10.180.1.21/compute/v2.1/servers/127fee64-fd56-4a23-bdd2-18c817898fd5 0.059s
2025-06-21 05:37:06.344 63135 INFO tempest.lib.common.rest_client [req-93f0005f-3269-451e-abdd-3db22eb2e7f8 req-93f0005f-3269-451e-abdd-3db22eb2e7f8 ] Request (InstanceActionsV221TestJSON:test_get_list_deleted_instance_actions): 200 GET http://10.180.1.21/compute/v2.1/servers/c7829a8b-a9f7-40b1-958c-732e2eaa2b3c 0.059s
2025-06-21 05:37:06.352 63134 INFO tempest.lib.common.rest_client [req-b07aa9e4-0a05-4b3f-b71f-29a708d9a4fe req-b07aa9e4-0a05-4b3f-b71f-29a708d9a4fe ] Request (MultipleCreateTestJSON:test_multiple_create_with_reservation_return): 200 GET http://10.180.1.21/compute/v2.1/servers/c18acec7-cf95-4cdf-aa49-32419d364534 0.060s
2025-06-21 05:37:06.399 63151 INFO tempest.lib.common.rest_client [req-5e16d699-b1cf-49e5-b725-0775c3c1a851 req-5e16d699-b1cf-49e5-b725-0775c3c1a851 ] Request (ServersTestJSON:setUpClass): 200 GET http://10.180.1.21/compute/v2.1/servers/1f40dc62-1a58-4cfb-8785-c37b68747f37 0.049s
2025-06-21 05:37:06.449 63089 INFO tempest.lib.common.rest_client [req-4536cba5-1a04-45fd-b6a7-d7c9cb54b7ce req-4536cba5-1a04-45fd-b6a7-d7c9cb54b7ce ] Request (ServerMetadataNegativeTestJSON:setUpClass): 200 GET http://10.180.1.21/compute/v2.1/servers/413eaa2e-7bbc-402e-b0d3-f030b6395d7b 0.046s
2025-06-21 05:37:06.491 63149 INFO tempest.lib.common.rest_client [req-04461182-bee0-4b7c-8678-d65500117e76 req-04461182-bee0-4b7c-8678-d65500117e76 ] Request (ImagesOneServerNegativeTestJSON:_run_cleanups): 200 GET http://10.180.1.21/compute/v2.1/servers/7cca1c35-6bfc-450d-ba74-0e825b160e8f 0.046s
2025-06-21 05:37:06.550 63097 INFO tempest.lib.common.rest_client [req-6d98619e-d863-4a8b-ab18-ca27a65ef3b7 req-6d98619e-d863-4a8b-ab18-ca27a65ef3b7 ] Request (ImagesOneServerTestJSON:test_create_delete_image): 200 GET http://10.180.1.21/compute/v2.1/images/c73af40e-dd5c-4c62-8e27-a5a56963e1c7 0.033s
2025-06-21 05:37:06.579 63130 INFO tempest.lib.common.rest_client [req-d801fe98-a492-4fdd-937f-4bca5395ab56 req-d801fe98-a492-4fdd-937f-4bca5395ab56 ] Request (ServerMetadataTestJSON:tearDownClass): 200 GET http://10.180.1.21/compute/v2.1/servers/a589a3d8-20dc-4ff5-a192-c540e29f39d6 0.066s
2025-06-21 05:37:06.643 63123 INFO tempest.lib.common.rest_client [req-5495fe42-6a03-4803-bd6d-ff1db82061ac req-5495fe42-6a03-4803-bd6d-ff1db82061ac ] Request (ServersAdminTestJSON:test_create_server_with_scheduling_hint): 200 GET http://10.180.1.21/compute/v2.1/servers/cbc5985a-38e7-4e52-9fb0-264b5cec013a 0.050s
2025-06-21 05:37:06.670 63099 INFO tempest.lib.common.rest_client [req-d3c20303-8b84-4d7f-b55a-a94c47040be5 req-d3c20303-8b84-4d7f-b55a-a94c47040be5 ] Request (ServerShowV257Test:test_rebuild_server): 200 GET http://10.180.1.21/compute/v2.1/servers/c9e11016-e92a-459e-b5ee-b0e43ce29450 0.052s
2025-06-21 05:37:06.679 63099 INFO tempest.common.waiters [-] State transition "BUILD/spawning" ==> "ACTIVE/None" after 83 second wait
2025-06-21 05:37:06.695 63111 WARNING tempest.lib.common.ssh [-] Failed to establish authenticated ssh connection to cirros@10.180.180.220 ([Errno None] Unable to connect to port 22 on 10.180.180.220). Number attempts: 12. Retry after 13 seconds.: paramiko.ssh_exception.NoValidConnectionsError: [Errno None] Unable to connect to port 22 on 10.180.180.220
2025-06-21 05:37:06.696 63095 INFO tempest.lib.common.rest_client [req-5e0429a7-8a1d-4a62-95a2-52940b954b94 req-5e0429a7-8a1d-4a62-95a2-52940b954b94 ] Request (ServerRescueNegativeTestJSON:test_rescued_vm_detach_volume): 200 GET http://10.180.1.21/compute/v2.1/servers/3e4479a0-8edd-4b37-8cc9-2c91275b88ee 0.050s
2025-06-21 05:37:06.719 63113 INFO tempest.lib.common.rest_client [req-2e5494e4-2a16-46d0-80d5-b405e7c53d0d req-2e5494e4-2a16-46d0-80d5-b405e7c53d0d ] Request (AttachInterfacesUnderV243Test:test_add_remove_fixed_ip): 200 GET http://10.180.1.21/compute/v2.1/servers/d366a755-49b4-427b-8564-d8572a7fbbb7 0.050s
2025-06-21 05:37:06.764 63145 INFO tempest.lib.common.rest_client [req-51ee7df1-1ad9-40b1-a868-998ca9181e62 req-51ee7df1-1ad9-40b1-a868-998ca9181e62 ] Request (ImagesTestJSON:test_create_server_from_snapshot): 200 GET http://10.180.1.21/compute/v2.1/servers/c8765756-0870-4a06-a1a5-d02177959b29 0.067s
2025-06-21 05:37:06.813 63137 INFO tempest.lib.common.rest_client [req-b2a6e25b-cddc-4639-9a23-8f41936c90e4 req-b2a6e25b-cddc-4639-9a23-8f41936c90e4 ] Request (MigrationsAdminTest:test_resize_server_revert_deleted_flavor): 200 GET http://10.180.1.21/compute/v2.1/servers/9cd89da4-d190-4bfc-81e1-da15b98d54ba 0.093s
2025-06-21 05:37:06.862 63125 INFO tempest.lib.common.rest_client [req-cb672d5d-585b-4383-a4b7-db5f17fe33ed req-cb672d5d-585b-4383-a4b7-db5f17fe33ed ] Request (FloatingIPsAssociationNegativeTestJSON:tearDownClass): 200 GET http://10.180.1.21/compute/v2.1/servers/369cd937-4c18-4068-ae59-70a1d585094b 0.101s
2025-06-21 05:37:06.885 63099 INFO tempest.lib.common.rest_client [req-84495cc3-774e-48c8-9aca-774788601731 req-84495cc3-774e-48c8-9aca-774788601731 ] Request (ServerShowV257Test:test_rebuild_server): 202 POST http://10.180.1.21/compute/v2.1/servers/c9e11016-e92a-459e-b5ee-b0e43ce29450/action 0.205s
2025-06-21 05:37:06.914 63093 INFO tempest.lib.common.rest_client [req-e16e4e28-0feb-4e54-a078-8dee4aea87b2 req-e16e4e28-0feb-4e54-a078-8dee4aea87b2 ] Request (ServersTestMultiNic:_run_cleanups): 200 GET http://10.180.1.21/compute/v2.1/servers/961dedc6-5ddd-4620-bfa7-54cf0c520af3 0.125s
2025-06-21 05:37:06.943 63105 INFO tempest.lib.common.rest_client [req-fd9c576e-b1d4-463f-bd84-2d00ed9f6d52 req-fd9c576e-b1d4-463f-bd84-2d00ed9f6d52 ] Request (ListServersNegativeTestJSON:tearDownClass): 200 GET http://10.180.1.21/compute/v2.1/servers/961f313b-b43f-4531-8a4b-0a39421d6a34 0.116s
2025-06-21 05:37:06.963 63099 INFO tempest.lib.common.rest_client [req-9fed2375-aa36-4f48-bbf4-1f4b1fe83f9e req-9fed2375-aa36-4f48-bbf4-1f4b1fe83f9e ] Request (ServerShowV257Test:test_rebuild_server): 200 GET http://10.180.1.21/compute/v2.1/servers/c9e11016-e92a-459e-b5ee-b0e43ce29450 0.070s
2025-06-21 05:37:07.016 63117 INFO tempest.lib.common.rest_client [req-e7552f00-ab63-4f7c-acab-0c1d9080d712 req-e7552f00-ab63-4f7c-acab-0c1d9080d712 ] Request (InstanceActionsTestJSON:tearDownClass): 200 GET http://10.180.1.21/compute/v2.1/servers/1a16bd56-0992-4bec-bd3f-2836dfe68579 0.059s
2025-06-21 05:37:07.023 63117 INFO tempest.common.waiters [-] State transition "ACTIVE/deleting" ==> "DELETED/None" after 5 second wait
2025-06-21 05:37:07.144 63141 INFO tempest.lib.common.rest_client [req-b29e8002-8c61-4b75-9772-56ed01f3aee0 req-b29e8002-8c61-4b75-9772-56ed01f3aee0 ] Request (SecurityGroupsTestJSON:test_list_security_groups_by_server): 200 GET http://10.180.1.21/compute/v2.1/servers/425e8edd-c002-45a1-bb6f-ee3ac8812509 0.059s
2025-06-21 05:37:07.193 63127 INFO tempest.lib.common.rest_client [req-1a2f632a-27df-4162-8d3c-8a4869aa473c req-1a2f632a-27df-4162-8d3c-8a4869aa473c ] Request (ServerExternalEventsTest:test_create_server_external_events): 200 GET http://10.180.1.21/compute/v2.1/servers/b289800f-49ce-49e7-b6bc-a3b4ec84b434 0.056s
2025-06-21 05:37:07.267 63119 INFO tempest.lib.common.rest_client [req-bffc604d-ab18-4068-bc0c-fc3c3867d876 req-bffc604d-ab18-4068-bc0c-fc3c3867d876 ] Request (DeleteServersAdminTestJSON:test_delete_server_while_in_error_state): 200 GET http://10.180.1.21/compute/v2.1/servers/56f9e03c-1157-442f-8add-156627a6ec1e 0.057s
2025-06-21 05:37:07.377 63135 INFO tempest.lib.common.rest_client [req-5ca93751-b6e5-403e-aa7f-bb5b5bad475d req-5ca93751-b6e5-403e-aa7f-bb5b5bad475d ] Request (InstanceActionsV221TestJSON:test_get_list_deleted_instance_actions): 404 GET http://10.180.1.21/compute/v2.1/servers/c7829a8b-a9f7-40b1-958c-732e2eaa2b3c 0.024s
2025-06-21 05:37:07.384 63103 INFO tempest.lib.common.rest_client [req-04c3fe49-ed2b-405c-a2ad-3f2819a6628c req-04c3fe49-ed2b-405c-a2ad-3f2819a6628c ] Request (ServersListShow2100Test:test_list_show_rebuild_update_server_2100): 200 GET http://10.180.1.21/compute/v2.1/servers/127fee64-fd56-4a23-bdd2-18c817898fd5 0.063s
2025-06-21 05:37:07.426 63134 INFO tempest.lib.common.rest_client [req-0389c14c-3685-45e1-81bd-fc22b15a57ad req-0389c14c-3685-45e1-81bd-fc22b15a57ad ] Request (MultipleCreateTestJSON:test_multiple_create_with_reservation_return): 200 GET http://10.180.1.21/compute/v2.1/servers/c18acec7-cf95-4cdf-aa49-32419d364534 0.067s
2025-06-21 05:37:07.429 63135 INFO tempest.lib.common.rest_client [req-b713f329-34b2-4d82-8233-1173fda00f93 req-b713f329-34b2-4d82-8233-1173fda00f93 ] Request (InstanceActionsV221TestJSON:test_get_list_deleted_instance_actions): 200 GET http://10.180.1.21/compute/v2.1/servers/c7829a8b-a9f7-40b1-958c-732e2eaa2b3c/os-instance-actions 0.051s
2025-06-21 05:37:07.453 63135 INFO tempest.lib.common.rest_client [req-e6d97ba1-756f-4f9e-90da-e73c35ee4165 req-e6d97ba1-756f-4f9e-90da-e73c35ee4165 ] Request (InstanceActionsV221TestJSON:tearDownClass): 404 DELETE http://10.180.1.21/compute/v2.1/servers/c7829a8b-a9f7-40b1-958c-732e2eaa2b3c 0.020s
2025-06-21 05:37:07.475 63135 INFO tempest.lib.common.rest_client [req-69364141-db95-4297-8787-337eece859e0 req-69364141-db95-4297-8787-337eece859e0 ] Request (InstanceActionsV221TestJSON:tearDownClass): 404 GET http://10.180.1.21/compute/v2.1/servers/c7829a8b-a9f7-40b1-958c-732e2eaa2b3c 0.022s
2025-06-21 05:37:07.477 63151 INFO tempest.lib.common.rest_client [req-5cf1cb35-f63e-49d1-a03f-09638e57c3f8 req-5cf1cb35-f63e-49d1-a03f-09638e57c3f8 ] Request (ServersTestJSON:setUpClass): 200 GET http://10.180.1.21/compute/v2.1/servers/1f40dc62-1a58-4cfb-8785-c37b68747f37 0.070s
2025-06-21 05:37:07.525 63089 INFO tempest.lib.common.rest_client [req-3924b350-208a-4ef6-8925-a67e4e2fd9b6 req-3924b350-208a-4ef6-8925-a67e4e2fd9b6 ] Request (ServerMetadataNegativeTestJSON:setUpClass): 200 GET http://10.180.1.21/compute/v2.1/servers/413eaa2e-7bbc-402e-b0d3-f030b6395d7b 0.068s
2025-06-21 05:37:07.576 63149 INFO tempest.lib.common.rest_client [req-ca8e8da2-f1a4-4f1e-8aa3-6665a2dcf083 req-ca8e8da2-f1a4-4f1e-8aa3-6665a2dcf083 ] Request (ImagesOneServerNegativeTestJSON:_run_cleanups): 200 GET http://10.180.1.21/compute/v2.1/servers/7cca1c35-6bfc-450d-ba74-0e825b160e8f 0.077s
2025-06-21 05:37:07.591 63097 INFO tempest.lib.common.rest_client [req-541d8014-73c2-4ffa-a012-f1db328fbbee req-541d8014-73c2-4ffa-a012-f1db328fbbee ] Request (ImagesOneServerTestJSON:test_create_delete_image): 200 GET http://10.180.1.21/compute/v2.1/images/c73af40e-dd5c-4c62-8e27-a5a56963e1c7 0.036s
2025-06-21 05:37:07.656 63130 INFO tempest.lib.common.rest_client [req-045be5e7-7e8f-4e73-9d59-0fcf8664e729 req-045be5e7-7e8f-4e73-9d59-0fcf8664e729 ] Request (ServerMetadataTestJSON:tearDownClass): 200 GET http://10.180.1.21/compute/v2.1/servers/a589a3d8-20dc-4ff5-a192-c540e29f39d6 0.069s
2025-06-21 05:37:07.706 63123 INFO tempest.lib.common.rest_client [req-053c9f46-de8c-4f0a-8e0f-dc0997c6d81c req-053c9f46-de8c-4f0a-8e0f-dc0997c6d81c ] Request (ServersAdminTestJSON:test_create_server_with_scheduling_hint): 200 GET http://10.180.1.21/compute/v2.1/servers/cbc5985a-38e7-4e52-9fb0-264b5cec013a 0.055s
2025-06-21 05:37:07.757 63095 INFO tempest.lib.common.rest_client [req-fb6099be-ac1b-4c6c-ac4a-886a0096e7e2 req-fb6099be-ac1b-4c6c-ac4a-886a0096e7e2 ] Request (ServerRescueNegativeTestJSON:test_rescued_vm_detach_volume): 200 GET http://10.180.1.21/compute/v2.1/servers/3e4479a0-8edd-4b37-8cc9-2c91275b88ee 0.053s
2025-06-21 05:37:07.782 63113 INFO tempest.lib.common.rest_client [req-42d5e9ae-b6fc-4a4b-b245-fcc9bc76096f req-42d5e9ae-b6fc-4a4b-b245-fcc9bc76096f ] Request (AttachInterfacesUnderV243Test:test_add_remove_fixed_ip): 200 GET http://10.180.1.21/compute/v2.1/servers/d366a755-49b4-427b-8564-d8572a7fbbb7 0.054s
2025-06-21 05:37:07.825 63145 INFO tempest.lib.common.rest_client [req-cd0de714-2d81-46eb-bc84-88cd30566c49 req-cd0de714-2d81-46eb-bc84-88cd30566c49 ] Request (ImagesTestJSON:test_create_server_from_snapshot): 200 GET http://10.180.1.21/compute/v2.1/servers/c8765756-0870-4a06-a1a5-d02177959b29 0.053s
2025-06-21 05:37:07.877 63137 INFO tempest.lib.common.rest_client [req-fda77634-0237-46a8-bb98-418ea1160927 req-fda77634-0237-46a8-bb98-418ea1160927 ] Request (MigrationsAdminTest:test_resize_server_revert_deleted_flavor): 200 GET http://10.180.1.21/compute/v2.1/servers/9cd89da4-d190-4bfc-81e1-da15b98d54ba 0.056s
2025-06-21 05:37:07.941 63125 INFO tempest.lib.common.rest_client [req-9d3b55a0-ddf0-45b6-b259-2e66e7d6e05b req-9d3b55a0-ddf0-45b6-b259-2e66e7d6e05b ] Request (FloatingIPsAssociationNegativeTestJSON:tearDownClass): 200 GET http://10.180.1.21/compute/v2.1/servers/369cd937-4c18-4068-ae59-70a1d585094b 0.069s
2025-06-21 05:37:07.993 63093 INFO tempest.lib.common.rest_client [req-abcbcf25-140e-4d7b-9ffa-d68819b2c982 req-abcbcf25-140e-4d7b-9ffa-d68819b2c982 ] Request (ServersTestMultiNic:_run_cleanups): 200 GET http://10.180.1.21/compute/v2.1/servers/961dedc6-5ddd-4620-bfa7-54cf0c520af3 0.070s
2025-06-21 05:37:08.035 63105 INFO tempest.lib.common.rest_client [req-82ee3d8b-6aeb-4f62-bf11-0f21ac06fbbe req-82ee3d8b-6aeb-4f62-bf11-0f21ac06fbbe ] Request (ListServersNegativeTestJSON:tearDownClass): 200 GET http://10.180.1.21/compute/v2.1/servers/961f313b-b43f-4531-8a4b-0a39421d6a34 0.084s
2025-06-21 05:37:08.050 63099 INFO tempest.lib.common.rest_client [req-6f234f6d-4331-4f95-aa39-6962cc1a89da req-6f234f6d-4331-4f95-aa39-6962cc1a89da ] Request (ServerShowV257Test:test_rebuild_server): 200 GET http://10.180.1.21/compute/v2.1/servers/c9e11016-e92a-459e-b5ee-b0e43ce29450 0.077s
2025-06-21 05:37:08.105 63117 INFO tempest.lib.common.rest_client [req-8ee1e05d-c183-49df-ada5-6d22fe56350d req-8ee1e05d-c183-49df-ada5-6d22fe56350d ] Request (InstanceActionsTestJSON:tearDownClass): 200 GET http://10.180.1.21/compute/v2.1/servers/1a16bd56-0992-4bec-bd3f-2836dfe68579 0.082s
2025-06-21 05:37:08.211 63141 INFO tempest.lib.common.rest_client [req-a29d72f7-94d1-41b1-8adc-7f29b369647e req-a29d72f7-94d1-41b1-8adc-7f29b369647e ] Request (SecurityGroupsTestJSON:test_list_security_groups_by_server): 200 GET http://10.180.1.21/compute/v2.1/servers/425e8edd-c002-45a1-bb6f-ee3ac8812509 0.059s
2025-06-21 05:37:08.230 63135 INFO tempest.lib.common.rest_client [req-5912d188-8a23-410e-9b3e-16c462f699b0 req-5912d188-8a23-410e-9b3e-16c462f699b0 ] Request (InstanceActionsV221TestJSON:tearDownClass): 200 PUT http://10.180.1.21:9696/networking/v2.0/routers/00b20ecc-cafe-4cca-becd-318c99d37d60/remove_router_interface 0.754s
2025-06-21 05:37:08.262 63127 INFO tempest.lib.common.rest_client [req-6b6899af-3e0a-4532-979e-cf56cddb8423 req-6b6899af-3e0a-4532-979e-cf56cddb8423 ] Request (ServerExternalEventsTest:test_create_server_external_events): 200 GET http://10.180.1.21/compute/v2.1/servers/b289800f-49ce-49e7-b6bc-a3b4ec84b434 0.061s
2025-06-21 05:37:08.331 63119 INFO tempest.lib.common.rest_client [req-799925ca-afed-4da2-bbfe-edbbb290f273 req-799925ca-afed-4da2-bbfe-edbbb290f273 ] Request (DeleteServersAdminTestJSON:test_delete_server_while_in_error_state): 200 GET http://10.180.1.21/compute/v2.1/servers/56f9e03c-1157-442f-8add-156627a6ec1e 0.057s
2025-06-21 05:37:08.489 63134 INFO tempest.lib.common.rest_client [req-532a63d6-53d5-43c9-9ed7-07d9ce34f086 req-532a63d6-53d5-43c9-9ed7-07d9ce34f086 ] Request (MultipleCreateTestJSON:test_multiple_create_with_reservation_return): 200 GET http://10.180.1.21/compute/v2.1/servers/c18acec7-cf95-4cdf-aa49-32419d364534 0.055s
2025-06-21 05:37:08.506 63103 INFO tempest.lib.common.rest_client [req-ed3e26e4-1e22-441b-884c-74ac9682d9c5 req-ed3e26e4-1e22-441b-884c-74ac9682d9c5 ] Request (ServersListShow2100Test:test_list_show_rebuild_update_server_2100): 200 GET http://10.180.1.21/compute/v2.1/servers/127fee64-fd56-4a23-bdd2-18c817898fd5 0.110s
2025-06-21 05:37:08.547 63151 INFO tempest.lib.common.rest_client [req-c9343bbc-9109-458b-a900-fac263a4790c req-c9343bbc-9109-458b-a900-fac263a4790c ] Request (ServersTestJSON:setUpClass): 200 GET http://10.180.1.21/compute/v2.1/servers/1f40dc62-1a58-4cfb-8785-c37b68747f37 0.062s
2025-06-21 05:37:08.597 63089 INFO tempest.lib.common.rest_client [req-51f7f917-bb62-420f-a46a-d348fc8ef5ae req-51f7f917-bb62-420f-a46a-d348fc8ef5ae ] Request (ServerMetadataNegativeTestJSON:setUpClass): 200 GET http://10.180.1.21/compute/v2.1/servers/413eaa2e-7bbc-402e-b0d3-f030b6395d7b 0.063s
2025-06-21 05:37:08.647 63097 INFO tempest.lib.common.rest_client [req-4d0a312e-1cac-4c25-b05f-90e9b75f818c req-4d0a312e-1cac-4c25-b05f-90e9b75f818c ] Request (ImagesOneServerTestJSON:test_create_delete_image): 200 GET http://10.180.1.21/compute/v2.1/images/c73af40e-dd5c-4c62-8e27-a5a56963e1c7 0.053s
2025-06-21 05:37:08.654 63149 INFO tempest.lib.common.rest_client [req-00aedeef-e29d-4f12-88f8-9a48dd3154de req-00aedeef-e29d-4f12-88f8-9a48dd3154de ] Request (ImagesOneServerNegativeTestJSON:_run_cleanups): 200 GET http://10.180.1.21/compute/v2.1/servers/7cca1c35-6bfc-450d-ba74-0e825b160e8f 0.070s
2025-06-21 05:37:08.662 63149 INFO tempest.common.waiters [-] State transition "BUILD/scheduling" ==> "BUILD/None" after 22 second wait
2025-06-21 05:37:08.737 63130 INFO tempest.lib.common.rest_client [req-c898a6cd-48d1-422d-b5c1-577c28d55f27 req-c898a6cd-48d1-422d-b5c1-577c28d55f27 ] Request (ServerMetadataTestJSON:tearDownClass): 200 GET http://10.180.1.21/compute/v2.1/servers/a589a3d8-20dc-4ff5-a192-c540e29f39d6 0.072s
2025-06-21 05:37:08.838 63095 INFO tempest.lib.common.rest_client [req-448f789f-fa08-489d-9d33-22b6411a7391 req-448f789f-fa08-489d-9d33-22b6411a7391 ] Request (ServerRescueNegativeTestJSON:test_rescued_vm_detach_volume): 200 GET http://10.180.1.21/compute/v2.1/servers/3e4479a0-8edd-4b37-8cc9-2c91275b88ee 0.074s
2025-06-21 05:37:08.895 63113 INFO tempest.lib.common.rest_client [req-88eb7069-f783-424b-ab35-cd32c6e82e94 req-88eb7069-f783-424b-ab35-cd32c6e82e94 ] Request (AttachInterfacesUnderV243Test:test_add_remove_fixed_ip): 200 GET http://10.180.1.21/compute/v2.1/servers/d366a755-49b4-427b-8564-d8572a7fbbb7 0.105s
2025-06-21 05:37:08.909 63135 INFO tempest.lib.common.rest_client [req-8f9f42a0-3768-4296-b4c3-91d7d31aa388 req-8f9f42a0-3768-4296-b4c3-91d7d31aa388 ] Request (InstanceActionsV221TestJSON:tearDownClass): 204 DELETE http://10.180.1.21:9696/networking/v2.0/routers/00b20ecc-cafe-4cca-becd-318c99d37d60 0.679s
2025-06-21 05:37:08.954 63145 INFO tempest.lib.common.rest_client [req-ecbd4509-7c4d-4ccd-ab46-5215449446ce req-ecbd4509-7c4d-4ccd-ab46-5215449446ce ] Request (ImagesTestJSON:test_create_server_from_snapshot): 200 GET http://10.180.1.21/compute/v2.1/servers/c8765756-0870-4a06-a1a5-d02177959b29 0.120s
2025-06-21 05:37:09.018 63137 INFO tempest.lib.common.rest_client [req-4502da9e-1456-4351-8860-3fc41dc341ac req-4502da9e-1456-4351-8860-3fc41dc341ac ] Request (MigrationsAdminTest:test_resize_server_revert_deleted_flavor): 200 GET http://10.180.1.21/compute/v2.1/servers/9cd89da4-d190-4bfc-81e1-da15b98d54ba 0.133s
2025-06-21 05:37:09.021 63123 INFO tempest.lib.common.rest_client [req-48288bee-9c69-48fd-a701-dd4d5709e950 req-48288bee-9c69-48fd-a701-dd4d5709e950 ] Request (ServersAdminTestJSON:test_create_server_with_scheduling_hint): 200 GET http://10.180.1.21/compute/v2.1/servers/cbc5985a-38e7-4e52-9fb0-264b5cec013a 0.307s
2025-06-21 05:37:09.074 63135 INFO tempest.lib.common.rest_client [req-3f226511-2e63-4e6d-8c80-4063268d34bb req-3f226511-2e63-4e6d-8c80-4063268d34bb ] Request (InstanceActionsV221TestJSON:tearDownClass): 204 DELETE http://10.180.1.21:9696/networking/v2.0/subnets/7d1f27c5-a8e7-4709-8601-c2c6f109c46f 0.165s
2025-06-21 05:37:09.092 63125 INFO tempest.lib.common.rest_client [req-23728cff-f710-440e-916e-66505703f285 req-23728cff-f710-440e-916e-66505703f285 ] Request (FloatingIPsAssociationNegativeTestJSON:tearDownClass): 200 GET http://10.180.1.21/compute/v2.1/servers/369cd937-4c18-4068-ae59-70a1d585094b 0.144s
2025-06-21 05:37:09.094 63093 INFO tempest.lib.common.rest_client [req-a3811097-caad-4cb0-805c-26520b4704bd req-a3811097-caad-4cb0-805c-26520b4704bd ] Request (ServersTestMultiNic:_run_cleanups): 200 GET http://10.180.1.21/compute/v2.1/servers/961dedc6-5ddd-4620-bfa7-54cf0c520af3 0.091s
2025-06-21 05:37:09.180 63105 INFO tempest.lib.common.rest_client [req-18de9e9f-52bf-41d8-a241-8ad79c6764e9 req-18de9e9f-52bf-41d8-a241-8ad79c6764e9 ] Request (ListServersNegativeTestJSON:tearDownClass): 200 GET http://10.180.1.21/compute/v2.1/servers/961f313b-b43f-4531-8a4b-0a39421d6a34 0.136s
2025-06-21 05:37:09.182 63099 INFO tempest.lib.common.rest_client [req-91dec468-085d-4400-8aee-f40f9dfe60a0 req-91dec468-085d-4400-8aee-f40f9dfe60a0 ] Request (ServerShowV257Test:test_rebuild_server): 200 GET http://10.180.1.21/compute/v2.1/servers/c9e11016-e92a-459e-b5ee-b0e43ce29450 0.121s
2025-06-21 05:37:09.260 63117 INFO tempest.lib.common.rest_client [req-69a1535a-5919-4419-99e4-454098aad582 req-69a1535a-5919-4419-99e4-454098aad582 ] Request (InstanceActionsTestJSON:tearDownClass): 200 GET http://10.180.1.21/compute/v2.1/servers/1a16bd56-0992-4bec-bd3f-2836dfe68579 0.146s
2025-06-21 05:37:09.283 63141 INFO tempest.lib.common.rest_client [req-8a2ba91e-5e23-46a2-b4ce-62bd2c4c404f req-8a2ba91e-5e23-46a2-b4ce-62bd2c4c404f ] Request (SecurityGroupsTestJSON:test_list_security_groups_by_server): 200 GET http://10.180.1.21/compute/v2.1/servers/425e8edd-c002-45a1-bb6f-ee3ac8812509 0.064s
2025-06-21 05:37:09.331 63127 INFO tempest.lib.common.rest_client [req-b0d77605-776a-404f-af51-5675a0f917c7 req-b0d77605-776a-404f-af51-5675a0f917c7 ] Request (ServerExternalEventsTest:test_create_server_external_events): 200 GET http://10.180.1.21/compute/v2.1/servers/b289800f-49ce-49e7-b6bc-a3b4ec84b434 0.061s
2025-06-21 05:37:09.405 63119 INFO tempest.lib.common.rest_client [req-a78bd6de-2286-4de2-9346-59bb5715ee17 req-a78bd6de-2286-4de2-9346-59bb5715ee17 ] Request (DeleteServersAdminTestJSON:test_delete_server_while_in_error_state): 200 GET http://10.180.1.21/compute/v2.1/servers/56f9e03c-1157-442f-8add-156627a6ec1e 0.067s
2025-06-21 05:37:09.423 63135 INFO tempest.lib.common.rest_client [req-f021ea7e-3525-4b91-8ee2-05b39c1ae891 req-f021ea7e-3525-4b91-8ee2-05b39c1ae891 ] Request (InstanceActionsV221TestJSON:tearDownClass): 204 DELETE http://10.180.1.21:9696/networking/v2.0/networks/4237f075-67ce-4796-a773-53de15be2135 0.348s
2025-06-21 05:37:09.497 63135 INFO tempest.lib.common.rest_client [req-d6726c48-08eb-480a-a389-05bc2f2cd8e0 req-d6726c48-08eb-480a-a389-05bc2f2cd8e0 ] Request (InstanceActionsV221TestJSON:tearDownClass): 204 DELETE http://10.180.1.21/identity/v3/users/8602e639f53943c49d8e7d5ac9fe20a7 0.074s
2025-06-21 05:37:09.497 63135 INFO tempest.lib.common.dynamic_creds [-] Deleting project and security group for project: 0b9ca872e0c44873b87dc2a12edec042
2025-06-21 05:37:09.530 63135 INFO tempest.lib.common.rest_client [req-6d44e079-8b3d-4068-a658-e83446c59ab1 req-6d44e079-8b3d-4068-a658-e83446c59ab1 ] Request (InstanceActionsV221TestJSON:tearDownClass): 200 GET http://10.180.1.21:9696/networking/v2.0/security-groups?tenant_id=0b9ca872e0c44873b87dc2a12edec042&name=default 0.033s
2025-06-21 05:37:09.557 63134 INFO tempest.lib.common.rest_client [req-c98f0db2-841c-447f-8d5b-fadd95279a8b req-c98f0db2-841c-447f-8d5b-fadd95279a8b ] Request (MultipleCreateTestJSON:test_multiple_create_with_reservation_return): 200 GET http://10.180.1.21/compute/v2.1/servers/c18acec7-cf95-4cdf-aa49-32419d364534 0.059s
2025-06-21 05:37:09.614 63151 INFO tempest.lib.common.rest_client [req-320dc0a6-54d2-4cf3-923d-99b5e67d1134 req-320dc0a6-54d2-4cf3-923d-99b5e67d1134 ] Request (ServersTestJSON:setUpClass): 200 GET http://10.180.1.21/compute/v2.1/servers/1f40dc62-1a58-4cfb-8785-c37b68747f37 0.056s
2025-06-21 05:37:09.619 63103 INFO tempest.lib.common.rest_client [req-4a3e1c3b-b8d2-4519-94be-a4c1a2e68b6e req-4a3e1c3b-b8d2-4519-94be-a4c1a2e68b6e ] Request (ServersListShow2100Test:test_list_show_rebuild_update_server_2100): 200 GET http://10.180.1.21/compute/v2.1/servers/127fee64-fd56-4a23-bdd2-18c817898fd5 0.100s
2025-06-21 05:37:09.661 63135 INFO tempest.lib.common.rest_client [req-6df9c634-032c-4d02-976a-c307671783ea req-6df9c634-032c-4d02-976a-c307671783ea ] Request (InstanceActionsV221TestJSON:tearDownClass): 204 DELETE http://10.180.1.21:9696/networking/v2.0/security-groups/b9b9d241-2752-4201-82c9-fdc07ded9c74 0.129s
2025-06-21 05:37:09.676 63089 INFO tempest.lib.common.rest_client [req-06b90ecb-4f47-4e92-9dfb-0ac9f9a8cbac req-06b90ecb-4f47-4e92-9dfb-0ac9f9a8cbac ] Request (ServerMetadataNegativeTestJSON:setUpClass): 200 GET http://10.180.1.21/compute/v2.1/servers/413eaa2e-7bbc-402e-b0d3-f030b6395d7b 0.068s
2025-06-21 05:37:09.688 63097 INFO tempest.lib.common.rest_client [req-eda91faa-4619-4759-9405-f0e5c55d98d5 req-eda91faa-4619-4759-9405-f0e5c55d98d5 ] Request (ImagesOneServerTestJSON:test_create_delete_image): 200 GET http://10.180.1.21/compute/v2.1/images/c73af40e-dd5c-4c62-8e27-a5a56963e1c7 0.036s
2025-06-21 05:37:09.726 63149 INFO tempest.lib.common.rest_client [req-5b2859fe-08fc-4d05-b17b-092adf613f87 req-5b2859fe-08fc-4d05-b17b-092adf613f87 ] Request (ImagesOneServerNegativeTestJSON:_run_cleanups): 200 GET http://10.180.1.21/compute/v2.1/servers/7cca1c35-6bfc-450d-ba74-0e825b160e8f 0.062s
2025-06-21 05:37:09.756 63135 INFO tempest.lib.common.rest_client [req-c0c95567-a4da-4961-8b54-47d08093a1e2 req-c0c95567-a4da-4961-8b54-47d08093a1e2 ] Request (InstanceActionsV221TestJSON:tearDownClass): 204 DELETE http://10.180.1.21/identity/v3/projects/0b9ca872e0c44873b87dc2a12edec042 0.095s
2025-06-21 05:37:09.821 63130 INFO tempest.lib.common.rest_client [req-e094fd44-57f0-4e90-9edf-049ef870775e req-e094fd44-57f0-4e90-9edf-049ef870775e ] Request (ServerMetadataTestJSON:tearDownClass): 200 GET http://10.180.1.21/compute/v2.1/servers/a589a3d8-20dc-4ff5-a192-c540e29f39d6 0.074s
2025-06-21 05:37:09.826 63135 INFO tempest.lib.common.rest_client [req-f68cf1b0-7823-4a46-b721-de2306aaea8e req-f68cf1b0-7823-4a46-b721-de2306aaea8e ] Request (AttachVolumeTestJSON:setUpClass): 201 POST http://10.180.1.21/identity/v3/auth/tokens 0.069s
2025-06-21 05:37:09.856 63135 INFO tempest.lib.common.rest_client [req-0bf02c25-2d55-4388-b8c4-04a5fc94d7bf req-0bf02c25-2d55-4388-b8c4-04a5fc94d7bf ] Request (AttachVolumeTestJSON:setUpClass): 201 POST http://10.180.1.21/identity/v3/auth/tokens 0.026s
2025-06-21 05:37:09.886 63135 INFO tempest.lib.common.rest_client [req-a5fd3432-e3b4-4928-8324-3fb979c126c6 req-a5fd3432-e3b4-4928-8324-3fb979c126c6 ] Request (AttachVolumeTestJSON:setUpClass): 200 GET http://10.180.1.21/identity/v3/domains?name=Default 0.030s
2025-06-21 05:37:09.904 63095 INFO tempest.lib.common.rest_client [req-41571897-89eb-45ea-ae3b-c0ef3a7a0b4d req-41571897-89eb-45ea-ae3b-c0ef3a7a0b4d ] Request (ServerRescueNegativeTestJSON:test_rescued_vm_detach_volume): 200 GET http://10.180.1.21/compute/v2.1/servers/3e4479a0-8edd-4b37-8cc9-2c91275b88ee 0.056s
2025-06-21 05:37:09.913 63135 INFO tempest.lib.common.rest_client [req-52585e6b-b79a-4336-902a-cc2544c86667 req-52585e6b-b79a-4336-902a-cc2544c86667 ] Request (AttachVolumeTestJSON:setUpClass): 201 POST http://10.180.1.21/identity/v3/projects 0.026s
2025-06-21 05:37:09.957 63113 INFO tempest.lib.common.rest_client [req-4e5427bf-93b5-4d41-8399-6005ba61eb93 req-4e5427bf-93b5-4d41-8399-6005ba61eb93 ] Request (AttachInterfacesUnderV243Test:test_add_remove_fixed_ip): 200 GET http://10.180.1.21/compute/v2.1/servers/d366a755-49b4-427b-8564-d8572a7fbbb7 0.051s
2025-06-21 05:37:09.971 63135 INFO tempest.lib.common.rest_client [req-a1c9eb9b-8172-408a-88b7-7f9c1e91693c req-a1c9eb9b-8172-408a-88b7-7f9c1e91693c ] Request (AttachVolumeTestJSON:setUpClass): 201 POST http://10.180.1.21/identity/v3/users 0.057s
2025-06-21 05:37:09.990 63135 INFO tempest.lib.common.rest_client [req-47301b92-9217-4df7-93f0-2e514abc3d0c req-47301b92-9217-4df7-93f0-2e514abc3d0c ] Request (AttachVolumeTestJSON:setUpClass): 200 GET http://10.180.1.21/identity/v3/roles 0.019s
2025-06-21 05:37:10.010 63145 INFO tempest.lib.common.rest_client [req-9c402a59-272a-41ef-ad25-7970e22801e0 req-9c402a59-272a-41ef-ad25-7970e22801e0 ] Request (ImagesTestJSON:test_create_server_from_snapshot): 200 GET http://10.180.1.21/compute/v2.1/servers/c8765756-0870-4a06-a1a5-d02177959b29 0.049s
2025-06-21 05:37:10.024 63135 INFO tempest.lib.common.rest_client [req-0a7e7d46-e07c-4e8e-83db-a80915a16a54 req-0a7e7d46-e07c-4e8e-83db-a80915a16a54 ] Request (AttachVolumeTestJSON:setUpClass): 204 PUT http://10.180.1.21/identity/v3/projects/2b3ba1c9c7624abfb3e0bd880dc40166/users/8497da37b9de4640826067a536d8a358/roles/79dc19b254bc49cea356c89d208fba0b 0.033s
2025-06-21 05:37:10.025 63135 INFO tempest.lib.common.dynamic_creds [-] Dynamic test user 8497da37b9de4640826067a536d8a358 is created with scope project and roles: ['member']
2025-06-21 05:37:10.025 63135 INFO tempest.lib.common.dynamic_creds [-] Acquired dynamic creds: credentials: Credentials: {'domain_id': 'default', 'domain_name': 'Default', 'username': 'tempest-AttachVolumeTestJSON-1694269603-project-member', 'project_domain_id': 'default', 'project_domain_name': 'Default', 'project_id': '2b3ba1c9c7624abfb3e0bd880dc40166', 'project_name': 'tempest-AttachVolumeTestJSON-1694269603', 'tenant_id': '2b3ba1c9c7624abfb3e0bd880dc40166', 'tenant_name': 'tempest-AttachVolumeTestJSON-1694269603', 'user_domain_id': 'default', 'user_domain_name': 'Default', 'user_id': '8497da37b9de4640826067a536d8a358', 'system': None}, Network: None, Subnet: None, Router: None
2025-06-21 05:37:10.085 63123 INFO tempest.lib.common.rest_client [req-73c27c73-50ce-479e-a8ae-4afb62a20c14 req-73c27c73-50ce-479e-a8ae-4afb62a20c14 ] Request (ServersAdminTestJSON:test_create_server_with_scheduling_hint): 200 GET http://10.180.1.21/compute/v2.1/servers/cbc5985a-38e7-4e52-9fb0-264b5cec013a 0.050s
2025-06-21 05:37:10.085 63137 INFO tempest.lib.common.rest_client [req-40fe8a70-54dc-4a8d-9169-516b0c332234 req-40fe8a70-54dc-4a8d-9169-516b0c332234 ] Request (MigrationsAdminTest:test_resize_server_revert_deleted_flavor): 200 GET http://10.180.1.21/compute/v2.1/servers/9cd89da4-d190-4bfc-81e1-da15b98d54ba 0.054s
2025-06-21 05:37:10.085 63135 INFO tempest.lib.common.rest_client [req-0c410f46-273a-479f-a066-7c9b132ff9f3 req-0c410f46-273a-479f-a066-7c9b132ff9f3 ] Request (AttachVolumeTestJSON:setUpClass): 201 POST http://10.180.1.21/identity/v3/auth/tokens 0.060s
2025-06-21 05:37:10.187 63125 INFO tempest.lib.common.rest_client [req-f1daf72d-44ba-4d8e-bf6c-9217fe9af92a req-f1daf72d-44ba-4d8e-bf6c-9217fe9af92a ] Request (FloatingIPsAssociationNegativeTestJSON:tearDownClass): 200 GET http://10.180.1.21/compute/v2.1/servers/369cd937-4c18-4068-ae59-70a1d585094b 0.084s
2025-06-21 05:37:10.188 63093 INFO tempest.lib.common.rest_client [req-ef104fcd-394a-4f60-91f8-f16e5be26e2c req-ef104fcd-394a-4f60-91f8-f16e5be26e2c ] Request (ServersTestMultiNic:_run_cleanups): 200 GET http://10.180.1.21/compute/v2.1/servers/961dedc6-5ddd-4620-bfa7-54cf0c520af3 0.076s
2025-06-21 05:37:10.255 63099 INFO tempest.lib.common.rest_client [req-a62d8b61-f8d6-42b7-9f56-c98e408bed88 req-a62d8b61-f8d6-42b7-9f56-c98e408bed88 ] Request (ServerShowV257Test:test_rebuild_server): 200 GET http://10.180.1.21/compute/v2.1/servers/c9e11016-e92a-459e-b5ee-b0e43ce29450 0.060s
2025-06-21 05:37:10.258 63105 INFO tempest.lib.common.rest_client [req-0b362709-701f-459c-b4d0-79b00de829dc req-0b362709-701f-459c-b4d0-79b00de829dc ] Request (ListServersNegativeTestJSON:tearDownClass): 200 GET http://10.180.1.21/compute/v2.1/servers/961f313b-b43f-4531-8a4b-0a39421d6a34 0.067s
2025-06-21 05:37:10.265 63099 INFO tempest.common.waiters [-] State transition "REBUILD/rebuilding" ==> "REBUILD/rebuild_spawning" after 4 second wait
2025-06-21 05:37:10.329 63117 INFO tempest.lib.common.rest_client [req-4e602c17-59dd-49d4-98ab-e0a9f2e51b8a req-4e602c17-59dd-49d4-98ab-e0a9f2e51b8a ] Request (InstanceActionsTestJSON:tearDownClass): 200 GET http://10.180.1.21/compute/v2.1/servers/1a16bd56-0992-4bec-bd3f-2836dfe68579 0.060s
2025-06-21 05:37:10.346 63141 INFO tempest.lib.common.rest_client [req-680ff434-1750-447f-aeaf-62052498fc37 req-680ff434-1750-447f-aeaf-62052498fc37 ] Request (SecurityGroupsTestJSON:test_list_security_groups_by_server): 200 GET http://10.180.1.21/compute/v2.1/servers/425e8edd-c002-45a1-bb6f-ee3ac8812509 0.054s
2025-06-21 05:37:10.401 63127 INFO tempest.lib.common.rest_client [req-903b9854-1ca9-492a-9739-2ccd3069306d req-903b9854-1ca9-492a-9739-2ccd3069306d ] Request (ServerExternalEventsTest:test_create_server_external_events): 200 GET http://10.180.1.21/compute/v2.1/servers/b289800f-49ce-49e7-b6bc-a3b4ec84b434 0.061s
2025-06-21 05:37:10.403 63135 INFO tempest.lib.common.rest_client [req-ba20f45b-9302-41de-bb01-96ce5fc420e4 req-ba20f45b-9302-41de-bb01-96ce5fc420e4 ] Request (AttachVolumeTestJSON:setUpClass): 201 POST http://10.180.1.21:9696/networking/v2.0/networks 0.317s
2025-06-21 05:37:10.471 63119 INFO tempest.lib.common.rest_client [req-7b8d1354-3728-43a9-8cd6-b9da62a3b3f0 req-7b8d1354-3728-43a9-8cd6-b9da62a3b3f0 ] Request (DeleteServersAdminTestJSON:test_delete_server_while_in_error_state): 200 GET http://10.180.1.21/compute/v2.1/servers/56f9e03c-1157-442f-8add-156627a6ec1e 0.057s
2025-06-21 05:37:10.679 63134 INFO tempest.lib.common.rest_client [req-44e318df-0786-418b-8a25-9d0c2761f0ba req-44e318df-0786-418b-8a25-9d0c2761f0ba ] Request (MultipleCreateTestJSON:test_multiple_create_with_reservation_return): 200 GET http://10.180.1.21/compute/v2.1/servers/c18acec7-cf95-4cdf-aa49-32419d364534 0.112s
2025-06-21 05:37:10.684 63151 INFO tempest.lib.common.rest_client [req-b509be7c-04be-4ce4-9d59-514d3d00318f req-b509be7c-04be-4ce4-9d59-514d3d00318f ] Request (ServersTestJSON:setUpClass): 200 GET http://10.180.1.21/compute/v2.1/servers/1f40dc62-1a58-4cfb-8785-c37b68747f37 0.061s
2025-06-21 05:37:10.750 63089 INFO tempest.lib.common.rest_client [req-720e0bd3-d8e2-4362-823c-7f8b0b260306 req-720e0bd3-d8e2-4362-823c-7f8b0b260306 ] Request (ServerMetadataNegativeTestJSON:setUpClass): 200 GET http://10.180.1.21/compute/v2.1/servers/413eaa2e-7bbc-402e-b0d3-f030b6395d7b 0.064s
2025-06-21 05:37:10.758 63103 INFO tempest.lib.common.rest_client [req-bd8605a9-c524-4553-8cc1-9e60ba157fd7 req-bd8605a9-c524-4553-8cc1-9e60ba157fd7 ] Request (ServersListShow2100Test:test_list_show_rebuild_update_server_2100): 200 GET http://10.180.1.21/compute/v2.1/servers/127fee64-fd56-4a23-bdd2-18c817898fd5 0.126s
2025-06-21 05:37:10.785 63097 INFO tempest.lib.common.rest_client [req-96c7a829-6621-446c-b1e5-93e8d3bf2040 req-96c7a829-6621-446c-b1e5-93e8d3bf2040 ] Request (ImagesOneServerTestJSON:test_create_delete_image): 200 GET http://10.180.1.21/compute/v2.1/images/c73af40e-dd5c-4c62-8e27-a5a56963e1c7 0.093s
2025-06-21 05:37:10.829 63149 INFO tempest.lib.common.rest_client [req-7d91be61-1dbb-46d4-8b85-dfe177c4ce1c req-7d91be61-1dbb-46d4-8b85-dfe177c4ce1c ] Request (ImagesOneServerNegativeTestJSON:_run_cleanups): 200 GET http://10.180.1.21/compute/v2.1/servers/7cca1c35-6bfc-450d-ba74-0e825b160e8f 0.094s
