2025-06-21 05:36:45.151 63147 INFO tempest.lib.common.rest_client [req-93024d5a-724a-4ab5-a6e2-2f13a8a3369c req-93024d5a-724a-4ab5-a6e2-2f13a8a3369c ] Request (ServerActionsTestOtherB:setUpClass): 200 GET http://10.180.1.21/compute/v2.1/servers/9343301c-dfe9-41b0-b4a0-067af544d297 0.591s
2025-06-21 05:36:45.190 63139 WARNING tempest.lib.common.ssh [-] Failed to establish authenticated ssh connection to cirros@10.180.180.183 ([Errno None] Unable to connect to port 22 on 10.180.180.183). Number attempts: 11. Retry after 12 seconds.: paramiko.ssh_exception.NoValidConnectionsError: [Errno None] Unable to connect to port 22 on 10.180.180.183
2025-06-21 05:36:45.228 63151 INFO tempest.lib.common.rest_client [req-af876cfc-671f-477e-8929-e66cc88a7430 req-af876cfc-671f-477e-8929-e66cc88a7430 ] Request (ServersTestJSON:setUpClass): 200 GET http://10.180.1.21/compute/v2.1/servers/1f40dc62-1a58-4cfb-8785-c37b68747f37 0.542s
2025-06-21 05:36:45.302 63099 INFO tempest.lib.common.rest_client [req-a3095a24-ee19-4e0e-be17-36e64b14365b req-a3095a24-ee19-4e0e-be17-36e64b14365b ] Request (ServerShowV257Test:test_rebuild_server): 200 GET http://10.180.1.21/compute/v2.1/servers/c9e11016-e92a-459e-b5ee-b0e43ce29450 0.535s
2025-06-21 05:36:45.367 63095 INFO tempest.lib.common.rest_client [req-13df0430-b93e-4a78-a96f-9634298a61d7 req-13df0430-b93e-4a78-a96f-9634298a61d7 ] Request (ServerRescueNegativeTestJSON:test_rescued_vm_detach_volume): 200 GET http://10.180.1.21/compute/v2.1/servers/3e4479a0-8edd-4b37-8cc9-2c91275b88ee 0.528s
2025-06-21 05:36:45.447 63121 WARNING tempest.lib.common.ssh [-] Failed to establish authenticated ssh connection to cirros@10.180.180.218 ([Errno None] Unable to connect to port 22 on 10.180.180.218). Number attempts: 10. Retry after 11 seconds.: paramiko.ssh_exception.NoValidConnectionsError: [Errno None] Unable to connect to port 22 on 10.180.180.218
2025-06-21 05:36:45.863 63145 INFO tempest.lib.common.rest_client [req-752b41a8-7abd-4b67-90f1-3f766e80a3ae req-752b41a8-7abd-4b67-90f1-3f766e80a3ae ] Request (ImagesTestJSON:test_create_image_from_suspended_server): 202 POST http://10.180.1.21/compute/v2.1/servers/217e5812-95cc-4104-8d7b-82dfca2c0fcc/action 0.959s
2025-06-21 05:36:45.891 63125 INFO tempest.lib.common.rest_client [req-18ecf83e-8411-4b57-9bec-238e821e957f req-18ecf83e-8411-4b57-9bec-238e821e957f ] Request (FloatingIPsAssociationNegativeTestJSON:_run_cleanups): 202 POST http://10.180.1.21/compute/v2.1/servers/369cd937-4c18-4068-ae59-70a1d585094b/action 1.235s
2025-06-21 05:36:45.943 63123 INFO tempest.lib.common.rest_client [req-97f2b9e7-411d-4b14-bb16-89526b473315 req-97f2b9e7-411d-4b14-bb16-89526b473315 ] Request (ServersAdminTestJSON:test_create_server_with_scheduling_hint): 200 GET http://10.180.1.21/compute/v2.1/servers/cbc5985a-38e7-4e52-9fb0-264b5cec013a 1.016s
2025-06-21 05:36:45.998 63097 INFO tempest.lib.common.rest_client [req-a464bf37-b931-48ea-856f-c4063dd6f1a0 req-a464bf37-b931-48ea-856f-c4063dd6f1a0 ] Request (ImagesOneServerTestJSON:setUpClass): 200 GET http://10.180.1.21/compute/v2.1/servers/9677b03f-7138-47b7-b1e8-f3714d11e550 1.004s
2025-06-21 05:36:46.094 63117 INFO tempest.lib.common.rest_client [req-fcc1a7cf-b363-491d-98b0-edd70cd52dff req-fcc1a7cf-b363-491d-98b0-edd70cd52dff ] Request (InstanceActionsTestJSON:setUpClass): 200 GET http://10.180.1.21/compute/v2.1/servers/1a16bd56-0992-4bec-bd3f-2836dfe68579 1.041s
2025-06-21 05:36:46.102 63117 INFO tempest.common.waiters [-] State transition "BUILD/None" ==> "BUILD/block_device_mapping" after 71 second wait
2025-06-21 05:36:46.180 63089 INFO tempest.lib.common.rest_client [req-39bea1b7-1660-436e-9a49-e883cb3a499f req-39bea1b7-1660-436e-9a49-e883cb3a499f ] Request (ServerAddressesNegativeTestJSON:tearDownClass): 200 GET http://10.180.1.21/compute/v2.1/servers/004fd137-4902-4313-a6f7-6c83cd76743d 1.049s
2025-06-21 05:36:46.250 63149 INFO tempest.lib.common.rest_client [req-34806b58-efde-494b-854e-45f530f98ac0 req-34806b58-efde-494b-854e-45f530f98ac0 ] Request (ImagesOneServerNegativeTestJSON:_run_cleanups): 202 POST http://10.180.1.21/compute/v2.1/servers 1.294s
2025-06-21 05:36:46.315 63113 INFO tempest.lib.common.rest_client [req-8c5a4fcf-950b-420d-826f-d22e266e3075 req-8c5a4fcf-950b-420d-826f-d22e266e3075 ] Request (AttachInterfacesUnderV243Test:test_add_remove_fixed_ip): 200 GET http://10.180.1.21/compute/v2.1/servers/d366a755-49b4-427b-8564-d8572a7fbbb7 1.061s
2025-06-21 05:36:46.319 63119 INFO tempest.lib.common.rest_client [req-24213277-3631-4585-8b5d-da54290b6b3e req-24213277-3631-4585-8b5d-da54290b6b3e ] Request (DeleteServersAdminTestJSON:test_delete_server_while_in_error_state): 200 GET http://10.180.1.21/compute/v2.1/servers/56f9e03c-1157-442f-8add-156627a6ec1e 1.153s
2025-06-21 05:36:46.371 63137 INFO tempest.lib.common.rest_client [req-8adb6c67-4dbb-4874-b335-adf646113101 req-8adb6c67-4dbb-4874-b335-adf646113101 ] Request (MigrationsAdminTest:test_resize_server_revert_deleted_flavor): 200 GET http://10.180.1.21/compute/v2.1/servers/9cd89da4-d190-4bfc-81e1-da15b98d54ba 1.050s
2025-06-21 05:36:46.372 63105 INFO tempest.lib.common.rest_client [req-a8e0b8f3-b464-4649-8166-5bf812ed5c8d req-a8e0b8f3-b464-4649-8166-5bf812ed5c8d ] Request (ListServersNegativeTestJSON:setUpClass): 200 GET http://10.180.1.21/compute/v2.1/servers/e6af4651-9f3a-4ce0-add8-06f1cfef255f 1.112s
2025-06-21 05:36:46.441 63103 INFO tempest.lib.common.rest_client [req-99c39ea6-8c02-4205-b1fe-57e2027455ab req-99c39ea6-8c02-4205-b1fe-57e2027455ab ] Request (ServersListShow2100Test:test_list_show_rebuild_update_server_2100): 200 GET http://10.180.1.21/compute/v2.1/servers/127fee64-fd56-4a23-bdd2-18c817898fd5 1.105s
2025-06-21 05:36:46.448 63135 INFO tempest.lib.common.rest_client [req-f0088871-d34f-449b-8467-b4ebdd3b7ffe req-f0088871-d34f-449b-8467-b4ebdd3b7ffe ] Request (InstanceActionsV221TestJSON:test_get_list_deleted_instance_actions): 200 GET http://10.180.1.21/compute/v2.1/servers/c7829a8b-a9f7-40b1-958c-732e2eaa2b3c 1.052s
2025-06-21 05:36:46.495 63127 INFO tempest.lib.common.rest_client [req-70a67936-fbb5-4c47-a8d8-5064cb559e7e req-70a67936-fbb5-4c47-a8d8-5064cb559e7e ] Request (ServerExternalEventsTest:test_create_server_external_events): 200 GET http://10.180.1.21/compute/v2.1/servers/b289800f-49ce-49e7-b6bc-a3b4ec84b434 0.984s
2025-06-21 05:36:46.500 63130 INFO tempest.lib.common.rest_client [req-4d61a1f7-98db-411b-9924-d3237648b853 req-4d61a1f7-98db-411b-9924-d3237648b853 ] Request (ServerMetadataTestJSON:tearDownClass): 200 GET http://10.180.1.21/compute/v2.1/servers/a589a3d8-20dc-4ff5-a192-c540e29f39d6 1.038s
2025-06-21 05:36:46.545 63134 INFO tempest.lib.common.rest_client [req-208b435a-e9e6-4804-a43b-f1be72d85e6b req-208b435a-e9e6-4804-a43b-f1be72d85e6b ] Request (MultipleCreateTestJSON:test_multiple_create_with_reservation_return): 200 GET http://10.180.1.21/compute/v2.1/servers/c18acec7-cf95-4cdf-aa49-32419d364534 0.826s
2025-06-21 05:36:46.597 63141 INFO tempest.lib.common.rest_client [req-34493326-b36b-47af-9e5f-89c424e54987 req-34493326-b36b-47af-9e5f-89c424e54987 ] Request (ServersAdminNegativeTestJSON:tearDownClass): 200 GET http://10.180.1.21/compute/v2.1/servers/be02bc93-1278-4b3d-afa3-270c84585d1d 0.818s
2025-06-21 05:36:46.607 63093 INFO tempest.lib.common.rest_client [req-2e3be016-c7b3-46ea-855d-adb6b508e7aa req-2e3be016-c7b3-46ea-855d-adb6b508e7aa ] Request (ServersTestMultiNic:test_verify_duplicate_network_nics): 200 GET http://10.180.1.21/compute/v2.1/servers/961dedc6-5ddd-4620-bfa7-54cf0c520af3 0.862s
2025-06-21 05:36:46.633 63145 INFO tempest.lib.common.rest_client [req-5ae56b72-4047-4165-bedc-02c8a4821701 req-5ae56b72-4047-4165-bedc-02c8a4821701 ] Request (ImagesTestJSON:test_create_image_from_suspended_server): 200 GET http://10.180.1.21/compute/v2.1/images/f5e1a700-0673-4eca-adf9-4520693e9282 0.768s
2025-06-21 05:36:46.717 63147 INFO tempest.lib.common.rest_client [req-cf136349-fb87-4458-a6c5-521de7f3fa9d req-cf136349-fb87-4458-a6c5-521de7f3fa9d ] Request (ServerActionsTestOtherB:setUpClass): 200 GET http://10.180.1.21/compute/v2.1/servers/9343301c-dfe9-41b0-b4a0-067af544d297 0.557s
2025-06-21 05:36:46.767 63151 INFO tempest.lib.common.rest_client [req-2fb8210d-e4a9-4023-be82-5c6ae967ddf6 req-2fb8210d-e4a9-4023-be82-5c6ae967ddf6 ] Request (ServersTestJSON:setUpClass): 200 GET http://10.180.1.21/compute/v2.1/servers/1f40dc62-1a58-4cfb-8785-c37b68747f37 0.532s
2025-06-21 05:36:46.806 63149 INFO tempest.lib.common.rest_client [req-2e3417c5-ff31-4a10-b502-c9160a46b017 req-2e3417c5-ff31-4a10-b502-c9160a46b017 ] Request (ImagesOneServerNegativeTestJSON:_run_cleanups): 200 GET http://10.180.1.21/compute/v2.1/servers/7cca1c35-6bfc-450d-ba74-0e825b160e8f 0.554s
2025-06-21 05:36:46.859 63099 INFO tempest.lib.common.rest_client [req-61b1c181-681b-4821-a2e3-25e211a72825 req-61b1c181-681b-4821-a2e3-25e211a72825 ] Request (ServerShowV257Test:test_rebuild_server): 200 GET http://10.180.1.21/compute/v2.1/servers/c9e11016-e92a-459e-b5ee-b0e43ce29450 0.546s
2025-06-21 05:36:46.921 63095 INFO tempest.lib.common.rest_client [req-f83e6b86-4913-42db-b842-20a002614b80 req-f83e6b86-4913-42db-b842-20a002614b80 ] Request (ServerRescueNegativeTestJSON:test_rescued_vm_detach_volume): 200 GET http://10.180.1.21/compute/v2.1/servers/3e4479a0-8edd-4b37-8cc9-2c91275b88ee 0.546s
2025-06-21 05:36:46.988 63125 INFO tempest.lib.common.rest_client [req-57ce1a34-1d51-482b-98e3-444ac848a217 req-57ce1a34-1d51-482b-98e3-444ac848a217 ] Request (FloatingIPsAssociationNegativeTestJSON:_run_cleanups): 202 DELETE http://10.180.1.21/compute/v2.1/os-floating-ips/d4f7ba61-a13d-4e04-bee8-4a84762ffaef 1.094s
2025-06-21 05:36:46.997 63125 INFO tempest.lib.common.rest_client [req-935bef4e-3285-4c91-b37f-62395218958c req-935bef4e-3285-4c91-b37f-62395218958c ] Request (FloatingIPsAssociationNegativeTestJSON:test_associate_ip_to_server_without_passing_floating_ip): 400 POST http://10.180.1.21/compute/v2.1/servers/369cd937-4c18-4068-ae59-70a1d585094b/action 0.008s
2025-06-21 05:36:47.011 63123 INFO tempest.lib.common.rest_client [req-2489c470-27cd-48bf-949d-6b2a7d136f3b req-2489c470-27cd-48bf-949d-6b2a7d136f3b ] Request (ServersAdminTestJSON:test_create_server_with_scheduling_hint): 200 GET http://10.180.1.21/compute/v2.1/servers/cbc5985a-38e7-4e52-9fb0-264b5cec013a 0.060s
2025-06-21 05:36:47.076 63097 INFO tempest.lib.common.rest_client [req-2ba70134-7775-4c37-bc7d-2ae074d04053 req-2ba70134-7775-4c37-bc7d-2ae074d04053 ] Request (ImagesOneServerTestJSON:setUpClass): 200 GET http://10.180.1.21/compute/v2.1/servers/9677b03f-7138-47b7-b1e8-f3714d11e550 0.070s
2025-06-21 05:36:47.076 63125 INFO tempest.lib.common.rest_client [req-da823ea2-98aa-4a01-b1e3-297b6ef66a4f req-da823ea2-98aa-4a01-b1e3-297b6ef66a4f ] Request (FloatingIPsAssociationNegativeTestJSON:test_associate_nonexistent_floating_ip): 404 POST http://10.180.1.21/compute/v2.1/servers/369cd937-4c18-4068-ae59-70a1d585094b/action 0.078s
2025-06-21 05:36:47.117 63125 INFO tempest.lib.common.rest_client [req-700ded01-d3f2-4d1e-9b6c-4d7d34bffe78 req-700ded01-d3f2-4d1e-9b6c-4d7d34bffe78 ] Request (FloatingIPsAssociationNegativeTestJSON:test_dissociate_nonexistent_floating_ip): 404 POST http://10.180.1.21/compute/v2.1/servers/369cd937-4c18-4068-ae59-70a1d585094b/action 0.039s
2025-06-21 05:36:47.228 63125 INFO tempest.lib.common.rest_client [req-174b485c-1a91-46f1-8396-7457dfb9ba2e req-174b485c-1a91-46f1-8396-7457dfb9ba2e ] Request (FloatingIPsAssociationNegativeTestJSON:tearDownClass): 204 DELETE http://10.180.1.21/compute/v2.1/servers/369cd937-4c18-4068-ae59-70a1d585094b 0.107s
2025-06-21 05:36:47.270 63117 INFO tempest.lib.common.rest_client [req-18285f09-a8a3-4036-8d53-89097fe427e5 req-18285f09-a8a3-4036-8d53-89097fe427e5 ] Request (InstanceActionsTestJSON:setUpClass): 200 GET http://10.180.1.21/compute/v2.1/servers/1a16bd56-0992-4bec-bd3f-2836dfe68579 0.168s
2025-06-21 05:36:47.280 63117 INFO tempest.common.waiters [-] State transition "BUILD/block_device_mapping" ==> "BUILD/spawning" after 72 second wait
2025-06-21 05:36:47.309 63089 INFO tempest.lib.common.rest_client [req-b4318234-c693-4f85-8ad1-5dbe4b604bdb req-b4318234-c693-4f85-8ad1-5dbe4b604bdb ] Request (ServerAddressesNegativeTestJSON:tearDownClass): 200 GET http://10.180.1.21/compute/v2.1/servers/004fd137-4902-4313-a6f7-6c83cd76743d 0.115s
2025-06-21 05:36:47.374 63125 INFO tempest.lib.common.rest_client [req-e7d15a7b-cdad-412b-b422-55c35d05da73 req-e7d15a7b-cdad-412b-b422-55c35d05da73 ] Request (FloatingIPsAssociationNegativeTestJSON:tearDownClass): 200 GET http://10.180.1.21/compute/v2.1/servers/369cd937-4c18-4068-ae59-70a1d585094b 0.144s
2025-06-21 05:36:47.421 63113 INFO tempest.lib.common.rest_client [req-0d6fb502-8bb7-4caf-a518-7d1329ecb31d req-0d6fb502-8bb7-4caf-a518-7d1329ecb31d ] Request (AttachInterfacesUnderV243Test:test_add_remove_fixed_ip): 200 GET http://10.180.1.21/compute/v2.1/servers/d366a755-49b4-427b-8564-d8572a7fbbb7 0.097s
2025-06-21 05:36:47.486 63105 INFO tempest.lib.common.rest_client [req-71119377-bcf5-4ab5-9771-ddc2998fea44 req-71119377-bcf5-4ab5-9771-ddc2998fea44 ] Request (ListServersNegativeTestJSON:setUpClass): 200 GET http://10.180.1.21/compute/v2.1/servers/e6af4651-9f3a-4ce0-add8-06f1cfef255f 0.106s
2025-06-21 05:36:47.494 63116 WARNING tempest.lib.common.ssh [-] Failed to establish authenticated ssh connection to cirros@10.180.180.229 ([Errno None] Unable to connect to port 22 on 10.180.180.229). Number attempts: 3. Retry after 4 seconds.: paramiko.ssh_exception.NoValidConnectionsError: [Errno None] Unable to connect to port 22 on 10.180.180.229
2025-06-21 05:36:47.496 63119 INFO tempest.lib.common.rest_client [req-0941a06b-8c3e-41a3-a73b-3c140fe7896a req-0941a06b-8c3e-41a3-a73b-3c140fe7896a ] Request (DeleteServersAdminTestJSON:test_delete_server_while_in_error_state): 200 GET http://10.180.1.21/compute/v2.1/servers/56f9e03c-1157-442f-8add-156627a6ec1e 0.165s
2025-06-21 05:36:47.550 63137 INFO tempest.lib.common.rest_client [req-3e681766-9dd5-41a2-b5ca-e6bb62b3156e req-3e681766-9dd5-41a2-b5ca-e6bb62b3156e ] Request (MigrationsAdminTest:test_resize_server_revert_deleted_flavor): 200 GET http://10.180.1.21/compute/v2.1/servers/9cd89da4-d190-4bfc-81e1-da15b98d54ba 0.169s
2025-06-21 05:36:47.571 63103 INFO tempest.lib.common.rest_client [req-afc0cb94-8263-46a6-9ce9-0ae2b1f6169a req-afc0cb94-8263-46a6-9ce9-0ae2b1f6169a ] Request (ServersListShow2100Test:test_list_show_rebuild_update_server_2100): 200 GET http://10.180.1.21/compute/v2.1/servers/127fee64-fd56-4a23-bdd2-18c817898fd5 0.117s
2025-06-21 05:36:47.609 63135 INFO tempest.lib.common.rest_client [req-b99bd36f-d9ee-470a-923f-2f5fb993667f req-b99bd36f-d9ee-470a-923f-2f5fb993667f ] Request (InstanceActionsV221TestJSON:test_get_list_deleted_instance_actions): 200 GET http://10.180.1.21/compute/v2.1/servers/c7829a8b-a9f7-40b1-958c-732e2eaa2b3c 0.150s
2025-06-21 05:36:47.622 63127 INFO tempest.lib.common.rest_client [req-032cc8e3-8c4b-4a5e-925a-faefaa287c4e req-032cc8e3-8c4b-4a5e-925a-faefaa287c4e ] Request (ServerExternalEventsTest:test_create_server_external_events): 200 GET http://10.180.1.21/compute/v2.1/servers/b289800f-49ce-49e7-b6bc-a3b4ec84b434 0.120s
2025-06-21 05:36:47.666 63130 INFO tempest.lib.common.rest_client [req-738cffb6-44a7-4fc0-a840-b1264d93d52e req-738cffb6-44a7-4fc0-a840-b1264d93d52e ] Request (ServerMetadataTestJSON:tearDownClass): 200 GET http://10.180.1.21/compute/v2.1/servers/a589a3d8-20dc-4ff5-a192-c540e29f39d6 0.157s
2025-06-21 05:36:47.673 63134 INFO tempest.lib.common.rest_client [req-b0911cef-2a3e-4fbd-85fd-bda597310b5e req-b0911cef-2a3e-4fbd-85fd-bda597310b5e ] Request (MultipleCreateTestJSON:test_multiple_create_with_reservation_return): 200 GET http://10.180.1.21/compute/v2.1/servers/c18acec7-cf95-4cdf-aa49-32419d364534 0.121s
2025-06-21 05:36:47.732 63141 INFO tempest.lib.common.rest_client [req-fe7c57bd-c461-4b05-b2cc-8d5b4bce96d7 req-fe7c57bd-c461-4b05-b2cc-8d5b4bce96d7 ] Request (ServersAdminNegativeTestJSON:tearDownClass): 200 GET http://10.180.1.21/compute/v2.1/servers/be02bc93-1278-4b3d-afa3-270c84585d1d 0.127s
2025-06-21 05:36:47.768 63145 INFO tempest.lib.common.rest_client [req-f82d6b76-e5ab-48a2-b057-c96097595f0b req-f82d6b76-e5ab-48a2-b057-c96097595f0b ] Request (ImagesTestJSON:test_create_image_from_suspended_server): 200 GET http://10.180.1.21/compute/v2.1/images/f5e1a700-0673-4eca-adf9-4520693e9282 0.131s
2025-06-21 05:36:47.776 63093 INFO tempest.lib.common.rest_client [req-b0063e21-a5f4-4c5d-9f7e-e1b7f0fa0421 req-b0063e21-a5f4-4c5d-9f7e-e1b7f0fa0421 ] Request (ServersTestMultiNic:test_verify_duplicate_network_nics): 200 GET http://10.180.1.21/compute/v2.1/servers/961dedc6-5ddd-4620-bfa7-54cf0c520af3 0.162s
2025-06-21 05:36:47.830 63151 INFO tempest.lib.common.rest_client [req-93970bdb-2eaf-4634-bcd0-0153d7dfb0a9 req-93970bdb-2eaf-4634-bcd0-0153d7dfb0a9 ] Request (ServersTestJSON:setUpClass): 200 GET http://10.180.1.21/compute/v2.1/servers/1f40dc62-1a58-4cfb-8785-c37b68747f37 0.054s
2025-06-21 05:36:47.868 63147 INFO tempest.lib.common.rest_client [req-eac26cc9-0dbe-41a9-bbc6-b898c35201f0 req-eac26cc9-0dbe-41a9-bbc6-b898c35201f0 ] Request (ServerActionsTestOtherB:setUpClass): 200 GET http://10.180.1.21/compute/v2.1/servers/9343301c-dfe9-41b0-b4a0-067af544d297 0.143s
2025-06-21 05:36:47.884 63149 INFO tempest.lib.common.rest_client [req-6bf5ee75-0f62-41ac-9771-1492a5dfc9f0 req-6bf5ee75-0f62-41ac-9771-1492a5dfc9f0 ] Request (ImagesOneServerNegativeTestJSON:_run_cleanups): 200 GET http://10.180.1.21/compute/v2.1/servers/7cca1c35-6bfc-450d-ba74-0e825b160e8f 0.069s
2025-06-21 05:36:47.925 63099 INFO tempest.lib.common.rest_client [req-b5e92116-ccd4-427b-a61a-99a252dc2fb7 req-b5e92116-ccd4-427b-a61a-99a252dc2fb7 ] Request (ServerShowV257Test:test_rebuild_server): 200 GET http://10.180.1.21/compute/v2.1/servers/c9e11016-e92a-459e-b5ee-b0e43ce29450 0.057s
2025-06-21 05:36:47.982 63095 INFO tempest.lib.common.rest_client [req-7b7da783-6170-413b-97fa-ec79bb0f9741 req-7b7da783-6170-413b-97fa-ec79bb0f9741 ] Request (ServerRescueNegativeTestJSON:test_rescued_vm_detach_volume): 200 GET http://10.180.1.21/compute/v2.1/servers/3e4479a0-8edd-4b37-8cc9-2c91275b88ee 0.053s
2025-06-21 05:36:48.073 63123 INFO tempest.lib.common.rest_client [req-8bd76e02-ce85-434e-835d-27c94f88942a req-8bd76e02-ce85-434e-835d-27c94f88942a ] Request (ServersAdminTestJSON:test_create_server_with_scheduling_hint): 200 GET http://10.180.1.21/compute/v2.1/servers/cbc5985a-38e7-4e52-9fb0-264b5cec013a 0.053s
2025-06-21 05:36:48.152 63097 INFO tempest.lib.common.rest_client [req-07f89a14-cfa9-4bf5-955f-30a9c9b7e656 req-07f89a14-cfa9-4bf5-955f-30a9c9b7e656 ] Request (ImagesOneServerTestJSON:setUpClass): 200 GET http://10.180.1.21/compute/v2.1/servers/9677b03f-7138-47b7-b1e8-f3714d11e550 0.069s
2025-06-21 05:36:48.379 63117 INFO tempest.lib.common.rest_client [req-91173f85-982d-4d5b-ab40-b9d0dc541300 req-91173f85-982d-4d5b-ab40-b9d0dc541300 ] Request (InstanceActionsTestJSON:setUpClass): 200 GET http://10.180.1.21/compute/v2.1/servers/1a16bd56-0992-4bec-bd3f-2836dfe68579 0.098s
2025-06-21 05:36:48.383 63089 INFO tempest.lib.common.rest_client [req-0ebf87fc-a715-4b60-8c40-484c43d88232 req-0ebf87fc-a715-4b60-8c40-484c43d88232 ] Request (ServerAddressesNegativeTestJSON:tearDownClass): 200 GET http://10.180.1.21/compute/v2.1/servers/004fd137-4902-4313-a6f7-6c83cd76743d 0.063s
2025-06-21 05:36:48.497 63113 INFO tempest.lib.common.rest_client [req-a01aef90-5f01-4bd5-9dff-8a8135604e22 req-a01aef90-5f01-4bd5-9dff-8a8135604e22 ] Request (AttachInterfacesUnderV243Test:test_add_remove_fixed_ip): 200 GET http://10.180.1.21/compute/v2.1/servers/d366a755-49b4-427b-8564-d8572a7fbbb7 0.062s
2025-06-21 05:36:48.515 63125 INFO tempest.lib.common.rest_client [req-32071e50-875b-4a86-ac52-1b2f54f19964 req-32071e50-875b-4a86-ac52-1b2f54f19964 ] Request (FloatingIPsAssociationNegativeTestJSON:tearDownClass): 200 GET http://10.180.1.21/compute/v2.1/servers/369cd937-4c18-4068-ae59-70a1d585094b 0.132s
2025-06-21 05:36:48.562 63105 INFO tempest.lib.common.rest_client [req-218f2c48-424e-4687-ba7c-eb44b0c2f080 req-218f2c48-424e-4687-ba7c-eb44b0c2f080 ] Request (ListServersNegativeTestJSON:setUpClass): 200 GET http://10.180.1.21/compute/v2.1/servers/e6af4651-9f3a-4ce0-add8-06f1cfef255f 0.064s
2025-06-21 05:36:48.611 63137 INFO tempest.lib.common.rest_client [req-8c795db2-1ae5-47a6-9f60-701e678d2c26 req-8c795db2-1ae5-47a6-9f60-701e678d2c26 ] Request (MigrationsAdminTest:test_resize_server_revert_deleted_flavor): 200 GET http://10.180.1.21/compute/v2.1/servers/9cd89da4-d190-4bfc-81e1-da15b98d54ba 0.049s
2025-06-21 05:36:48.658 63119 INFO tempest.lib.common.rest_client [req-e57401ce-8b03-444e-b677-b846688b425b req-e57401ce-8b03-444e-b677-b846688b425b ] Request (DeleteServersAdminTestJSON:test_delete_server_while_in_error_state): 200 GET http://10.180.1.21/compute/v2.1/servers/56f9e03c-1157-442f-8add-156627a6ec1e 0.152s
2025-06-21 05:36:48.676 63103 INFO tempest.lib.common.rest_client [req-f2d27adf-85d7-4e06-b2a1-076f12c82f75 req-f2d27adf-85d7-4e06-b2a1-076f12c82f75 ] Request (ServersListShow2100Test:test_list_show_rebuild_update_server_2100): 200 GET http://10.180.1.21/compute/v2.1/servers/127fee64-fd56-4a23-bdd2-18c817898fd5 0.089s
2025-06-21 05:36:48.722 63127 INFO tempest.lib.common.rest_client [req-ed2f19f9-0b00-4cf8-98ad-1836d4c417b4 req-ed2f19f9-0b00-4cf8-98ad-1836d4c417b4 ] Request (ServerExternalEventsTest:test_create_server_external_events): 200 GET http://10.180.1.21/compute/v2.1/servers/b289800f-49ce-49e7-b6bc-a3b4ec84b434 0.092s
2025-06-21 05:36:48.723 63135 INFO tempest.lib.common.rest_client [req-cc7b3ec0-c94c-4fec-9159-b8dbf2f117ae req-cc7b3ec0-c94c-4fec-9159-b8dbf2f117ae ] Request (InstanceActionsV221TestJSON:test_get_list_deleted_instance_actions): 200 GET http://10.180.1.21/compute/v2.1/servers/c7829a8b-a9f7-40b1-958c-732e2eaa2b3c 0.103s
2025-06-21 05:36:48.769 63134 INFO tempest.lib.common.rest_client [req-5e68a61f-e1ca-4375-b9ee-236f2acc0223 req-5e68a61f-e1ca-4375-b9ee-236f2acc0223 ] Request (MultipleCreateTestJSON:test_multiple_create_with_reservation_return): 200 GET http://10.180.1.21/compute/v2.1/servers/c18acec7-cf95-4cdf-aa49-32419d364534 0.087s
2025-06-21 05:36:48.777 63130 INFO tempest.lib.common.rest_client [req-78bb8a78-2281-48e5-9ce5-9cbedb6910ab req-78bb8a78-2281-48e5-9ce5-9cbedb6910ab ] Request (ServerMetadataTestJSON:tearDownClass): 200 GET http://10.180.1.21/compute/v2.1/servers/a589a3d8-20dc-4ff5-a192-c540e29f39d6 0.101s
2025-06-21 05:36:48.811 63145 INFO tempest.lib.common.rest_client [req-31513362-ac5b-475f-95f9-2fba2f6261ae req-31513362-ac5b-475f-95f9-2fba2f6261ae ] Request (ImagesTestJSON:test_create_image_from_suspended_server): 200 GET http://10.180.1.21/compute/v2.1/images/f5e1a700-0673-4eca-adf9-4520693e9282 0.038s
2025-06-21 05:36:48.829 63141 INFO tempest.lib.common.rest_client [req-9491a506-3874-4ce9-b195-af5ae195be17 req-9491a506-3874-4ce9-b195-af5ae195be17 ] Request (ServersAdminNegativeTestJSON:tearDownClass): 200 GET http://10.180.1.21/compute/v2.1/servers/be02bc93-1278-4b3d-afa3-270c84585d1d 0.089s
2025-06-21 05:36:48.885 63151 INFO tempest.lib.common.rest_client [req-fa7e9349-6958-4d0a-b5d1-a846483dda46 req-fa7e9349-6958-4d0a-b5d1-a846483dda46 ] Request (ServersTestJSON:setUpClass): 200 GET http://10.180.1.21/compute/v2.1/servers/1f40dc62-1a58-4cfb-8785-c37b68747f37 0.046s
2025-06-21 05:36:48.911 63093 INFO tempest.lib.common.rest_client [req-ec11df25-af5c-49df-bed3-e8351e5a0769 req-ec11df25-af5c-49df-bed3-e8351e5a0769 ] Request (ServersTestMultiNic:test_verify_duplicate_network_nics): 200 GET http://10.180.1.21/compute/v2.1/servers/961dedc6-5ddd-4620-bfa7-54cf0c520af3 0.125s
2025-06-21 05:36:48.958 63149 INFO tempest.lib.common.rest_client [req-9c7005b1-1b30-49e4-b404-ce6f1cc1b338 req-9c7005b1-1b30-49e4-b404-ce6f1cc1b338 ] Request (ImagesOneServerNegativeTestJSON:_run_cleanups): 200 GET http://10.180.1.21/compute/v2.1/servers/7cca1c35-6bfc-450d-ba74-0e825b160e8f 0.065s
2025-06-21 05:36:48.997 63147 INFO tempest.lib.common.rest_client [req-e5450d7e-a57f-4346-8752-b592d3f8d6d6 req-e5450d7e-a57f-4346-8752-b592d3f8d6d6 ] Request (ServerActionsTestOtherB:setUpClass): 200 GET http://10.180.1.21/compute/v2.1/servers/9343301c-dfe9-41b0-b4a0-067af544d297 0.120s
2025-06-21 05:36:49.004 63147 INFO tempest.common.waiters [-] State transition "BUILD/spawning" ==> "ACTIVE/None" after 75 second wait
2025-06-21 05:36:49.014 63099 INFO tempest.lib.common.rest_client [req-70df2f70-b257-4631-91c1-a0a38b4d286c req-70df2f70-b257-4631-91c1-a0a38b4d286c ] Request (ServerShowV257Test:test_rebuild_server): 200 GET http://10.180.1.21/compute/v2.1/servers/c9e11016-e92a-459e-b5ee-b0e43ce29450 0.077s
2025-06-21 05:36:49.049 63095 INFO tempest.lib.common.rest_client [req-0af1d8e5-b084-48c8-a293-c62e12494e8b req-0af1d8e5-b084-48c8-a293-c62e12494e8b ] Request (ServerRescueNegativeTestJSON:test_rescued_vm_detach_volume): 200 GET http://10.180.1.21/compute/v2.1/servers/3e4479a0-8edd-4b37-8cc9-2c91275b88ee 0.060s
2025-06-21 05:36:49.121 63147 INFO tempest.lib.common.rest_client [req-6cb93ad5-dea5-4ec5-932a-873609a8b0b5 req-6cb93ad5-dea5-4ec5-932a-873609a8b0b5 ] Request (ServerActionsTestOtherB:setUpClass): 200 GET http://10.180.1.21/compute/v2.1/servers/9343301c-dfe9-41b0-b4a0-067af544d297/os-interface 0.116s
2025-06-21 05:36:49.165 63123 INFO tempest.lib.common.rest_client [req-908f9003-2707-4fd8-a896-52b131be42e9 req-908f9003-2707-4fd8-a896-52b131be42e9 ] Request (ServersAdminTestJSON:test_create_server_with_scheduling_hint): 200 GET http://10.180.1.21/compute/v2.1/servers/cbc5985a-38e7-4e52-9fb0-264b5cec013a 0.084s
2025-06-21 05:36:49.234 63097 INFO tempest.lib.common.rest_client [req-855c7865-41f0-4f9d-8bc7-8b34f635d0c0 req-855c7865-41f0-4f9d-8bc7-8b34f635d0c0 ] Request (ImagesOneServerTestJSON:setUpClass): 200 GET http://10.180.1.21/compute/v2.1/servers/9677b03f-7138-47b7-b1e8-f3714d11e550 0.075s
2025-06-21 05:36:49.242 63097 INFO tempest.common.waiters [-] State transition "BUILD/None" ==> "BUILD/networking" after 70 second wait
2025-06-21 05:36:49.471 63089 INFO tempest.lib.common.rest_client [req-c1ef3e6c-71ac-4fe7-8984-911fe6cd0520 req-c1ef3e6c-71ac-4fe7-8984-911fe6cd0520 ] Request (ServerAddressesNegativeTestJSON:tearDownClass): 200 GET http://10.180.1.21/compute/v2.1/servers/004fd137-4902-4313-a6f7-6c83cd76743d 0.078s
2025-06-21 05:36:49.529 63117 INFO tempest.lib.common.rest_client [req-801f82ee-d106-40e4-beb1-d939018077d2 req-801f82ee-d106-40e4-beb1-d939018077d2 ] Request (InstanceActionsTestJSON:setUpClass): 200 GET http://10.180.1.21/compute/v2.1/servers/1a16bd56-0992-4bec-bd3f-2836dfe68579 0.142s
2025-06-21 05:36:49.577 63113 INFO tempest.lib.common.rest_client [req-716d5313-041c-47ab-a788-65727b921494 req-716d5313-041c-47ab-a788-65727b921494 ] Request (AttachInterfacesUnderV243Test:test_add_remove_fixed_ip): 200 GET http://10.180.1.21/compute/v2.1/servers/d366a755-49b4-427b-8564-d8572a7fbbb7 0.070s
2025-06-21 05:36:49.640 63105 INFO tempest.lib.common.rest_client [req-9252bb00-fdb7-4d5e-9db4-d4a885ca8520 req-9252bb00-fdb7-4d5e-9db4-d4a885ca8520 ] Request (ListServersNegativeTestJSON:setUpClass): 200 GET http://10.180.1.21/compute/v2.1/servers/e6af4651-9f3a-4ce0-add8-06f1cfef255f 0.070s
2025-06-21 05:36:49.705 63137 INFO tempest.lib.common.rest_client [req-f95c45cd-1008-4b98-9a92-9c9961aefa78 req-f95c45cd-1008-4b98-9a92-9c9961aefa78 ] Request (MigrationsAdminTest:test_resize_server_revert_deleted_flavor): 200 GET http://10.180.1.21/compute/v2.1/servers/9cd89da4-d190-4bfc-81e1-da15b98d54ba 0.085s
2025-06-21 05:36:49.714 63125 INFO tempest.lib.common.rest_client [req-ffd18d6f-e119-430c-ad9f-9b861f2ed25a req-ffd18d6f-e119-430c-ad9f-9b861f2ed25a ] Request (FloatingIPsAssociationNegativeTestJSON:tearDownClass): 200 GET http://10.180.1.21/compute/v2.1/servers/369cd937-4c18-4068-ae59-70a1d585094b 0.191s
2025-06-21 05:36:49.784 63147 INFO tempest.lib.common.rest_client [req-6b46198a-a7cd-46c5-9ca9-3b23d36b36f6 req-6b46198a-a7cd-46c5-9ca9-3b23d36b36f6 ] Request (ServerActionsTestOtherB:setUpClass): 200 PUT http://10.180.1.21:9696/networking/v2.0/floatingips/ae3454d7-4f9b-485b-8410-81a873034dc6 0.660s
2025-06-21 05:36:49.785 63147 INFO tempest.lib.common.ssh [-] Creating ssh connection to '10.180.180.230:22' as 'cirros' with public key authentication
2025-06-21 05:36:49.791 63103 INFO tempest.lib.common.rest_client [req-2ebb264a-ffa8-4873-8cb2-7668bac01821 req-2ebb264a-ffa8-4873-8cb2-7668bac01821 ] Request (ServersListShow2100Test:test_list_show_rebuild_update_server_2100): 200 GET http://10.180.1.21/compute/v2.1/servers/127fee64-fd56-4a23-bdd2-18c817898fd5 0.102s
2025-06-21 05:36:49.840 63127 INFO tempest.lib.common.rest_client [req-76ff4b3d-2cc4-4953-8960-a4c5208d71bd req-76ff4b3d-2cc4-4953-8960-a4c5208d71bd ] Request (ServerExternalEventsTest:test_create_server_external_events): 200 GET http://10.180.1.21/compute/v2.1/servers/b289800f-49ce-49e7-b6bc-a3b4ec84b434 0.108s
2025-06-21 05:36:49.859 63119 INFO tempest.lib.common.rest_client [req-0a8043bb-f9fa-412c-a276-7e037463f483 req-0a8043bb-f9fa-412c-a276-7e037463f483 ] Request (DeleteServersAdminTestJSON:test_delete_server_while_in_error_state): 200 GET http://10.180.1.21/compute/v2.1/servers/56f9e03c-1157-442f-8add-156627a6ec1e 0.193s
2025-06-21 05:36:49.903 63135 INFO tempest.lib.common.rest_client [req-da6daf6b-f3b6-425c-a1d6-9a11c30146c3 req-da6daf6b-f3b6-425c-a1d6-9a11c30146c3 ] Request (InstanceActionsV221TestJSON:test_get_list_deleted_instance_actions): 200 GET http://10.180.1.21/compute/v2.1/servers/c7829a8b-a9f7-40b1-958c-732e2eaa2b3c 0.171s
2025-06-21 05:36:49.915 63134 INFO tempest.lib.common.rest_client [req-4244a87e-179a-4d25-807a-008a29b91a45 req-4244a87e-179a-4d25-807a-008a29b91a45 ] Request (MultipleCreateTestJSON:test_multiple_create_with_reservation_return): 200 GET http://10.180.1.21/compute/v2.1/servers/c18acec7-cf95-4cdf-aa49-32419d364534 0.137s
2025-06-21 05:36:49.961 63145 INFO tempest.lib.common.rest_client [req-41668efc-83cc-4221-a58a-a17173ae382a req-41668efc-83cc-4221-a58a-a17173ae382a ] Request (ImagesTestJSON:test_create_image_from_suspended_server): 200 GET http://10.180.1.21/compute/v2.1/images/f5e1a700-0673-4eca-adf9-4520693e9282 0.146s
2025-06-21 05:36:49.984 63130 INFO tempest.lib.common.rest_client [req-b282723f-5410-4998-bef5-5a94293d128f req-b282723f-5410-4998-bef5-5a94293d128f ] Request (ServerMetadataTestJSON:tearDownClass): 200 GET http://10.180.1.21/compute/v2.1/servers/a589a3d8-20dc-4ff5-a192-c540e29f39d6 0.200s
2025-06-21 05:36:50.036 63141 INFO tempest.lib.common.rest_client [req-b80212e4-b37e-4c51-a0bf-433bf65a5f21 req-b80212e4-b37e-4c51-a0bf-433bf65a5f21 ] Request (ServersAdminNegativeTestJSON:tearDownClass): 200 GET http://10.180.1.21/compute/v2.1/servers/be02bc93-1278-4b3d-afa3-270c84585d1d 0.200s
2025-06-21 05:36:50.051 63151 INFO tempest.lib.common.rest_client [req-d4a29561-6a8d-4f3b-965a-2e338bf55f48 req-d4a29561-6a8d-4f3b-965a-2e338bf55f48 ] Request (ServersTestJSON:setUpClass): 200 GET http://10.180.1.21/compute/v2.1/servers/1f40dc62-1a58-4cfb-8785-c37b68747f37 0.155s
2025-06-21 05:36:50.119 63149 INFO tempest.lib.common.rest_client [req-774c40e7-ed38-4715-9c15-448954e52034 req-774c40e7-ed38-4715-9c15-448954e52034 ] Request (ImagesOneServerNegativeTestJSON:_run_cleanups): 200 GET http://10.180.1.21/compute/v2.1/servers/7cca1c35-6bfc-450d-ba74-0e825b160e8f 0.153s
2025-06-21 05:36:50.207 63099 INFO tempest.lib.common.rest_client [req-2ce5d792-3f34-4e4d-b0f5-e0159883dbc9 req-2ce5d792-3f34-4e4d-b0f5-e0159883dbc9 ] Request (ServerShowV257Test:test_rebuild_server): 200 GET http://10.180.1.21/compute/v2.1/servers/c9e11016-e92a-459e-b5ee-b0e43ce29450 0.182s
2025-06-21 05:36:50.263 63093 INFO tempest.lib.common.rest_client [req-10bbe790-0c8a-4889-9944-57c79fdc4a4f req-10bbe790-0c8a-4889-9944-57c79fdc4a4f ] Request (ServersTestMultiNic:test_verify_duplicate_network_nics): 200 GET http://10.180.1.21/compute/v2.1/servers/961dedc6-5ddd-4620-bfa7-54cf0c520af3 0.344s
2025-06-21 05:36:50.295 63095 INFO tempest.lib.common.rest_client [req-45d46c69-d882-43e3-9a6f-34f842ea6642 req-45d46c69-d882-43e3-9a6f-34f842ea6642 ] Request (ServerRescueNegativeTestJSON:test_rescued_vm_detach_volume): 200 GET http://10.180.1.21/compute/v2.1/servers/3e4479a0-8edd-4b37-8cc9-2c91275b88ee 0.238s
2025-06-21 05:36:50.328 63123 INFO tempest.lib.common.rest_client [req-28bebc78-70a7-473b-8fd9-8da588e32387 req-28bebc78-70a7-473b-8fd9-8da588e32387 ] Request (ServersAdminTestJSON:test_create_server_with_scheduling_hint): 200 GET http://10.180.1.21/compute/v2.1/servers/cbc5985a-38e7-4e52-9fb0-264b5cec013a 0.154s
2025-06-21 05:36:50.339 63123 INFO tempest.common.waiters [-] State transition "BUILD/scheduling" ==> "BUILD/None" after 45 second wait
2025-06-21 05:36:50.407 63097 INFO tempest.lib.common.rest_client [req-3db51314-3db7-4f27-b44c-0a110271f6d6 req-3db51314-3db7-4f27-b44c-0a110271f6d6 ] Request (ImagesOneServerTestJSON:setUpClass): 200 GET http://10.180.1.21/compute/v2.1/servers/9677b03f-7138-47b7-b1e8-f3714d11e550 0.164s
2025-06-21 05:36:50.414 63097 INFO tempest.common.waiters [-] State transition "BUILD/networking" ==> "BUILD/spawning" after 71 second wait
2025-06-21 05:36:50.550 63089 INFO tempest.lib.common.rest_client [req-56faab07-c7fe-43f0-aba6-fa1b66b157fc req-56faab07-c7fe-43f0-aba6-fa1b66b157fc ] Request (ServerAddressesNegativeTestJSON:tearDownClass): 200 GET http://10.180.1.21/compute/v2.1/servers/004fd137-4902-4313-a6f7-6c83cd76743d 0.068s
2025-06-21 05:36:50.644 63113 INFO tempest.lib.common.rest_client [req-55700524-60be-494c-a8a1-2bdc5f6f83ea req-55700524-60be-494c-a8a1-2bdc5f6f83ea ] Request (AttachInterfacesUnderV243Test:test_add_remove_fixed_ip): 200 GET http://10.180.1.21/compute/v2.1/servers/d366a755-49b4-427b-8564-d8572a7fbbb7 0.056s
2025-06-21 05:36:50.706 63117 INFO tempest.lib.common.rest_client [req-ba603e34-9684-4478-b777-bef4c29074bf req-ba603e34-9684-4478-b777-bef4c29074bf ] Request (InstanceActionsTestJSON:setUpClass): 200 GET http://10.180.1.21/compute/v2.1/servers/1a16bd56-0992-4bec-bd3f-2836dfe68579 0.165s
2025-06-21 05:36:50.739 63105 INFO tempest.lib.common.rest_client [req-503dfd26-6ac4-478b-adf2-a93674d985bf req-503dfd26-6ac4-478b-adf2-a93674d985bf ] Request (ListServersNegativeTestJSON:setUpClass): 200 GET http://10.180.1.21/compute/v2.1/servers/e6af4651-9f3a-4ce0-add8-06f1cfef255f 0.089s
2025-06-21 05:36:50.794 63137 INFO tempest.lib.common.rest_client [req-7d33bc1c-3e89-43fb-a162-dbd0c71b9361 req-7d33bc1c-3e89-43fb-a162-dbd0c71b9361 ] Request (MigrationsAdminTest:test_resize_server_revert_deleted_flavor): 200 GET http://10.180.1.21/compute/v2.1/servers/9cd89da4-d190-4bfc-81e1-da15b98d54ba 0.080s
2025-06-21 05:36:50.797 63125 INFO tempest.lib.common.rest_client [req-dbf59922-a828-4c30-88bc-d37e9d50fa55 req-dbf59922-a828-4c30-88bc-d37e9d50fa55 ] Request (FloatingIPsAssociationNegativeTestJSON:tearDownClass): 200 GET http://10.180.1.21/compute/v2.1/servers/369cd937-4c18-4068-ae59-70a1d585094b 0.071s
2025-06-21 05:36:50.887 63103 INFO tempest.lib.common.rest_client [req-a4555cc3-3c1e-4e62-8313-051420a7a3a4 req-a4555cc3-3c1e-4e62-8313-051420a7a3a4 ] Request (ServersListShow2100Test:test_list_show_rebuild_update_server_2100): 200 GET http://10.180.1.21/compute/v2.1/servers/127fee64-fd56-4a23-bdd2-18c817898fd5 0.079s
2025-06-21 05:36:50.913 63127 INFO tempest.lib.common.rest_client [req-12f8908a-62ae-417d-a053-686e0fa82218 req-12f8908a-62ae-417d-a053-686e0fa82218 ] Request (ServerExternalEventsTest:test_create_server_external_events): 200 GET http://10.180.1.21/compute/v2.1/servers/b289800f-49ce-49e7-b6bc-a3b4ec84b434 0.062s
2025-06-21 05:36:50.977 63135 INFO tempest.lib.common.rest_client [req-303f8cb4-5393-4ba1-8841-27b839315c0e req-303f8cb4-5393-4ba1-8841-27b839315c0e ] Request (InstanceActionsV221TestJSON:test_get_list_deleted_instance_actions): 200 GET http://10.180.1.21/compute/v2.1/servers/c7829a8b-a9f7-40b1-958c-732e2eaa2b3c 0.065s
2025-06-21 05:36:50.993 63119 INFO tempest.lib.common.rest_client [req-8137e529-fa0f-4ec6-96d6-598e4c96886a req-8137e529-fa0f-4ec6-96d6-598e4c96886a ] Request (DeleteServersAdminTestJSON:test_delete_server_while_in_error_state): 200 GET http://10.180.1.21/compute/v2.1/servers/56f9e03c-1157-442f-8add-156627a6ec1e 0.126s
2025-06-21 05:36:51.027 63145 INFO tempest.lib.common.rest_client [req-0177fb34-6344-48f3-bb5d-c0f3afb2289e req-0177fb34-6344-48f3-bb5d-c0f3afb2289e ] Request (ImagesTestJSON:test_create_image_from_suspended_server): 200 GET http://10.180.1.21/compute/v2.1/images/f5e1a700-0673-4eca-adf9-4520693e9282 0.061s
2025-06-21 05:36:51.031 63134 INFO tempest.lib.common.rest_client [req-36206c92-af87-47e8-ac83-0aef84721252 req-36206c92-af87-47e8-ac83-0aef84721252 ] Request (MultipleCreateTestJSON:test_multiple_create_with_reservation_return): 200 GET http://10.180.1.21/compute/v2.1/servers/c18acec7-cf95-4cdf-aa49-32419d364534 0.105s
2025-06-21 05:36:51.078 63111 WARNING tempest.lib.common.ssh [-] Failed to establish authenticated ssh connection to cirros@10.180.180.220 ([Errno None] Unable to connect to port 22 on 10.180.180.220). Number attempts: 11. Retry after 12 seconds.: paramiko.ssh_exception.NoValidConnectionsError: [Errno None] Unable to connect to port 22 on 10.180.180.220
2025-06-21 05:36:51.094 63130 INFO tempest.lib.common.rest_client [req-016ceaf4-837b-4560-b767-7346fa423bdd req-016ceaf4-837b-4560-b767-7346fa423bdd ] Request (ServerMetadataTestJSON:tearDownClass): 200 GET http://10.180.1.21/compute/v2.1/servers/a589a3d8-20dc-4ff5-a192-c540e29f39d6 0.100s
2025-06-21 05:36:51.120 63141 INFO tempest.lib.common.rest_client [req-55cb5f1b-8f20-4cab-91d7-0affbf5830b2 req-55cb5f1b-8f20-4cab-91d7-0affbf5830b2 ] Request (ServersAdminNegativeTestJSON:tearDownClass): 200 GET http://10.180.1.21/compute/v2.1/servers/be02bc93-1278-4b3d-afa3-270c84585d1d 0.074s
2025-06-21 05:36:51.185 63151 INFO tempest.lib.common.rest_client [req-9e66da05-4621-41c8-871e-ed9380b7c57a req-9e66da05-4621-41c8-871e-ed9380b7c57a ] Request (ServersTestJSON:setUpClass): 200 GET http://10.180.1.21/compute/v2.1/servers/1f40dc62-1a58-4cfb-8785-c37b68747f37 0.125s
2025-06-21 05:36:51.186 63149 INFO tempest.lib.common.rest_client [req-0f53508b-ed85-4493-96c3-0c20e0e5c7c2 req-0f53508b-ed85-4493-96c3-0c20e0e5c7c2 ] Request (ImagesOneServerNegativeTestJSON:_run_cleanups): 200 GET http://10.180.1.21/compute/v2.1/servers/7cca1c35-6bfc-450d-ba74-0e825b160e8f 0.056s
2025-06-21 05:36:51.294 63099 INFO tempest.lib.common.rest_client [req-b9419d88-2ba5-41b4-96b9-69699c2e10aa req-b9419d88-2ba5-41b4-96b9-69699c2e10aa ] Request (ServerShowV257Test:test_rebuild_server): 200 GET http://10.180.1.21/compute/v2.1/servers/c9e11016-e92a-459e-b5ee-b0e43ce29450 0.072s
2025-06-21 05:36:51.365 63095 INFO tempest.lib.common.rest_client [req-6dde12be-6a34-442c-9532-852a5b01383a req-6dde12be-6a34-442c-9532-852a5b01383a ] Request (ServerRescueNegativeTestJSON:test_rescued_vm_detach_volume): 200 GET http://10.180.1.21/compute/v2.1/servers/3e4479a0-8edd-4b37-8cc9-2c91275b88ee 0.061s
2025-06-21 05:36:51.422 63093 INFO tempest.lib.common.rest_client [req-a28dacab-fc45-4f5a-9d0b-0ab37c060569 req-a28dacab-fc45-4f5a-9d0b-0ab37c060569 ] Request (ServersTestMultiNic:test_verify_duplicate_network_nics): 200 GET http://10.180.1.21/compute/v2.1/servers/961dedc6-5ddd-4620-bfa7-54cf0c520af3 0.149s
2025-06-21 05:36:51.427 63123 INFO tempest.lib.common.rest_client [req-4cc73c4e-cd59-4180-badd-c18904a77a10 req-4cc73c4e-cd59-4180-badd-c18904a77a10 ] Request (ServersAdminTestJSON:test_create_server_with_scheduling_hint): 200 GET http://10.180.1.21/compute/v2.1/servers/cbc5985a-38e7-4e52-9fb0-264b5cec013a 0.087s
2025-06-21 05:36:51.533 63097 INFO tempest.lib.common.rest_client [req-48618c7a-45e5-487b-8bf9-521a81832887 req-48618c7a-45e5-487b-8bf9-521a81832887 ] Request (ImagesOneServerTestJSON:setUpClass): 200 GET http://10.180.1.21/compute/v2.1/servers/9677b03f-7138-47b7-b1e8-f3714d11e550 0.118s
2025-06-21 05:36:51.581 63089 INFO tempest.lib.common.rest_client [req-7a6c7016-c909-4e49-8d4a-1d4838aa7257 req-7a6c7016-c909-4e49-8d4a-1d4838aa7257 ] Request (ServerAddressesNegativeTestJSON:tearDownClass): 404 GET http://10.180.1.21/compute/v2.1/servers/004fd137-4902-4313-a6f7-6c83cd76743d 0.023s
2025-06-21 05:36:51.710 63113 INFO tempest.lib.common.rest_client [req-739fed0b-e88d-4ed0-a232-8993748f021d req-739fed0b-e88d-4ed0-a232-8993748f021d ] Request (AttachInterfacesUnderV243Test:test_add_remove_fixed_ip): 200 GET http://10.180.1.21/compute/v2.1/servers/d366a755-49b4-427b-8564-d8572a7fbbb7 0.057s
2025-06-21 05:36:51.833 63117 INFO tempest.lib.common.rest_client [req-1053d962-20dd-4b3b-aab4-be057741d5eb req-1053d962-20dd-4b3b-aab4-be057741d5eb ] Request (InstanceActionsTestJSON:setUpClass): 200 GET http://10.180.1.21/compute/v2.1/servers/1a16bd56-0992-4bec-bd3f-2836dfe68579 0.115s
2025-06-21 05:36:51.844 63105 INFO tempest.lib.common.rest_client [req-b1d9ebff-1e50-4f5f-a418-491b85871c5a req-b1d9ebff-1e50-4f5f-a418-491b85871c5a ] Request (ListServersNegativeTestJSON:setUpClass): 200 GET http://10.180.1.21/compute/v2.1/servers/e6af4651-9f3a-4ce0-add8-06f1cfef255f 0.094s
2025-06-21 05:36:51.869 63101 WARNING tempest.lib.common.ssh [-] Failed to establish authenticated ssh connection to cirros@10.180.180.193 ([Errno None] Unable to connect to port 22 on 10.180.180.193). Number attempts: 8. Retry after 9 seconds.: paramiko.ssh_exception.NoValidConnectionsError: [Errno None] Unable to connect to port 22 on 10.180.180.193
2025-06-21 05:36:51.890 63137 INFO tempest.lib.common.rest_client [req-1279a294-de64-4ed0-9d69-ea6ac3b3235f req-1279a294-de64-4ed0-9d69-ea6ac3b3235f ] Request (MigrationsAdminTest:test_resize_server_revert_deleted_flavor): 200 GET http://10.180.1.21/compute/v2.1/servers/9cd89da4-d190-4bfc-81e1-da15b98d54ba 0.088s
2025-06-21 05:36:51.912 63125 INFO tempest.lib.common.rest_client [req-f3a68356-0959-4036-9dd4-6592b258e642 req-f3a68356-0959-4036-9dd4-6592b258e642 ] Request (FloatingIPsAssociationNegativeTestJSON:tearDownClass): 200 GET http://10.180.1.21/compute/v2.1/servers/369cd937-4c18-4068-ae59-70a1d585094b 0.106s
2025-06-21 05:36:51.918 63125 INFO tempest.common.waiters [-] State transition "ACTIVE/deleting" ==> "DELETED/None" after 4 second wait
2025-06-21 05:36:51.966 63103 INFO tempest.lib.common.rest_client [req-5ffa8400-9294-441f-b2a3-9807e3120e8f req-5ffa8400-9294-441f-b2a3-9807e3120e8f ] Request (ServersListShow2100Test:test_list_show_rebuild_update_server_2100): 200 GET http://10.180.1.21/compute/v2.1/servers/127fee64-fd56-4a23-bdd2-18c817898fd5 0.065s
2025-06-21 05:36:51.983 63127 INFO tempest.lib.common.rest_client [req-28ce392c-1f49-49c4-8a4b-4d533f8c0225 req-28ce392c-1f49-49c4-8a4b-4d533f8c0225 ] Request (ServerExternalEventsTest:test_create_server_external_events): 200 GET http://10.180.1.21/compute/v2.1/servers/b289800f-49ce-49e7-b6bc-a3b4ec84b434 0.062s
2025-06-21 05:36:52.053 63135 INFO tempest.lib.common.rest_client [req-5bc897d9-e33d-4efa-b933-2c2ab39ed4e5 req-5bc897d9-e33d-4efa-b933-2c2ab39ed4e5 ] Request (InstanceActionsV221TestJSON:test_get_list_deleted_instance_actions): 200 GET http://10.180.1.21/compute/v2.1/servers/c7829a8b-a9f7-40b1-958c-732e2eaa2b3c 0.067s
2025-06-21 05:36:52.092 63145 INFO tempest.lib.common.rest_client [req-9a5f4628-91f1-4eba-a06d-7cb676506d36 req-9a5f4628-91f1-4eba-a06d-7cb676506d36 ] Request (ImagesTestJSON:test_create_image_from_suspended_server): 200 GET http://10.180.1.21/compute/v2.1/images/f5e1a700-0673-4eca-adf9-4520693e9282 0.060s
2025-06-21 05:36:52.160 63134 INFO tempest.lib.common.rest_client [req-f94285a6-36ba-469a-b221-683d503312f5 req-f94285a6-36ba-469a-b221-683d503312f5 ] Request (MultipleCreateTestJSON:test_multiple_create_with_reservation_return): 200 GET http://10.180.1.21/compute/v2.1/servers/c18acec7-cf95-4cdf-aa49-32419d364534 0.121s
2025-06-21 05:36:52.206 63119 INFO tempest.lib.common.rest_client [req-7c0b8be4-0ecb-4d1f-a007-8b4d8a6ace46 req-7c0b8be4-0ecb-4d1f-a007-8b4d8a6ace46 ] Request (DeleteServersAdminTestJSON:test_delete_server_while_in_error_state): 200 GET http://10.180.1.21/compute/v2.1/servers/56f9e03c-1157-442f-8add-156627a6ec1e 0.205s
2025-06-21 05:36:52.234 63130 INFO tempest.lib.common.rest_client [req-92ddcaa6-a417-4b44-82a3-b02bdab0fefc req-92ddcaa6-a417-4b44-82a3-b02bdab0fefc ] Request (ServerMetadataTestJSON:tearDownClass): 200 GET http://10.180.1.21/compute/v2.1/servers/a589a3d8-20dc-4ff5-a192-c540e29f39d6 0.130s
2025-06-21 05:36:52.284 63141 INFO tempest.lib.common.rest_client [req-3613b49c-7e78-46b1-b59c-4864901d3fe7 req-3613b49c-7e78-46b1-b59c-4864901d3fe7 ] Request (ServersAdminNegativeTestJSON:tearDownClass): 200 GET http://10.180.1.21/compute/v2.1/servers/be02bc93-1278-4b3d-afa3-270c84585d1d 0.157s
2025-06-21 05:36:52.285 63151 INFO tempest.lib.common.rest_client [req-ff2e7fda-2a40-45ca-aa78-38e3283bfda8 req-ff2e7fda-2a40-45ca-aa78-38e3283bfda8 ] Request (ServersTestJSON:setUpClass): 200 GET http://10.180.1.21/compute/v2.1/servers/1f40dc62-1a58-4cfb-8785-c37b68747f37 0.092s
2025-06-21 05:36:52.347 63149 INFO tempest.lib.common.rest_client [req-2d34d9cb-62a3-4918-94d2-467af5ad71a0 req-2d34d9cb-62a3-4918-94d2-467af5ad71a0 ] Request (ImagesOneServerNegativeTestJSON:_run_cleanups): 200 GET http://10.180.1.21/compute/v2.1/servers/7cca1c35-6bfc-450d-ba74-0e825b160e8f 0.153s
2025-06-21 05:36:52.366 63099 INFO tempest.lib.common.rest_client [req-4421c926-8ea8-4b28-8d6a-0166ff376288 req-4421c926-8ea8-4b28-8d6a-0166ff376288 ] Request (ServerShowV257Test:test_rebuild_server): 200 GET http://10.180.1.21/compute/v2.1/servers/c9e11016-e92a-459e-b5ee-b0e43ce29450 0.060s
2025-06-21 05:36:52.435 63095 INFO tempest.lib.common.rest_client [req-cb138ed4-dedb-4f59-9bc5-17a931308c92 req-cb138ed4-dedb-4f59-9bc5-17a931308c92 ] Request (ServerRescueNegativeTestJSON:test_rescued_vm_detach_volume): 200 GET http://10.180.1.21/compute/v2.1/servers/3e4479a0-8edd-4b37-8cc9-2c91275b88ee 0.062s
2025-06-21 05:36:52.494 63123 INFO tempest.lib.common.rest_client [req-bdad4db8-3c23-434e-8adc-58b47890e172 req-bdad4db8-3c23-434e-8adc-58b47890e172 ] Request (ServersAdminTestJSON:test_create_server_with_scheduling_hint): 200 GET http://10.180.1.21/compute/v2.1/servers/cbc5985a-38e7-4e52-9fb0-264b5cec013a 0.058s
2025-06-21 05:36:52.532 63089 INFO tempest.lib.common.rest_client [req-6ab502b8-24e4-4ae4-8e2a-cf5aabdf2289 req-6ab502b8-24e4-4ae4-8e2a-cf5aabdf2289 ] Request (ServerAddressesNegativeTestJSON:tearDownClass): 200 PUT http://10.180.1.21:9696/networking/v2.0/routers/6d52922a-e585-4620-b811-1001f18b3a30/remove_router_interface 0.950s
2025-06-21 05:36:52.626 63093 INFO tempest.lib.common.rest_client [req-a80b5d1a-2ac7-4b52-a3b0-6ee392515e95 req-a80b5d1a-2ac7-4b52-a3b0-6ee392515e95 ] Request (ServersTestMultiNic:test_verify_duplicate_network_nics): 200 GET http://10.180.1.21/compute/v2.1/servers/961dedc6-5ddd-4620-bfa7-54cf0c520af3 0.184s
2025-06-21 05:36:52.634 63093 INFO tempest.common.waiters [-] State transition "BUILD/spawning" ==> "ACTIVE/None" after 78 second wait
2025-06-21 05:36:52.677 63093 INFO tempest.lib.common.rest_client [req-2a6b115f-30f5-4453-b5d0-cf9189da9d51 req-2a6b115f-30f5-4453-b5d0-cf9189da9d51 ] Request (ServersTestMultiNic:test_verify_duplicate_network_nics): 200 GET http://10.180.1.21/compute/v2.1/servers/961dedc6-5ddd-4620-bfa7-54cf0c520af3/ips 0.041s
2025-06-21 05:36:52.738 63097 INFO tempest.lib.common.rest_client [req-9d5f89b8-c1a4-4846-afc8-004a583cb8a3 req-9d5f89b8-c1a4-4846-afc8-004a583cb8a3 ] Request (ImagesOneServerTestJSON:setUpClass): 200 GET http://10.180.1.21/compute/v2.1/servers/9677b03f-7138-47b7-b1e8-f3714d11e550 0.194s
2025-06-21 05:36:52.761 63093 INFO tempest.lib.common.rest_client [req-147939e8-a0d6-4305-b16e-e20de0198ad5 req-147939e8-a0d6-4305-b16e-e20de0198ad5 ] Request (ServersTestMultiNic:_run_cleanups): 204 DELETE http://10.180.1.21/compute/v2.1/servers/961dedc6-5ddd-4620-bfa7-54cf0c520af3 0.082s
2025-06-21 05:36:52.797 63113 INFO tempest.lib.common.rest_client [req-d72c84f2-42f9-4e53-b4d1-86ac3c660bb1 req-d72c84f2-42f9-4e53-b4d1-86ac3c660bb1 ] Request (AttachInterfacesUnderV243Test:test_add_remove_fixed_ip): 200 GET http://10.180.1.21/compute/v2.1/servers/d366a755-49b4-427b-8564-d8572a7fbbb7 0.079s
2025-06-21 05:36:52.862 63093 INFO tempest.lib.common.rest_client [req-5f6f1c24-f1f4-4b77-8891-f3652955c7e1 req-5f6f1c24-f1f4-4b77-8891-f3652955c7e1 ] Request (ServersTestMultiNic:_run_cleanups): 200 GET http://10.180.1.21/compute/v2.1/servers/961dedc6-5ddd-4620-bfa7-54cf0c520af3 0.100s
2025-06-21 05:36:52.925 63105 INFO tempest.lib.common.rest_client [req-e4ca42db-f2d6-41cd-b8d7-5cba40074e84 req-e4ca42db-f2d6-41cd-b8d7-5cba40074e84 ] Request (ListServersNegativeTestJSON:setUpClass): 200 GET http://10.180.1.21/compute/v2.1/servers/e6af4651-9f3a-4ce0-add8-06f1cfef255f 0.072s
2025-06-21 05:36:52.973 63137 INFO tempest.lib.common.rest_client [req-f76246d3-38ae-4afe-b672-8a1fa13d724e req-f76246d3-38ae-4afe-b672-8a1fa13d724e ] Request (MigrationsAdminTest:test_resize_server_revert_deleted_flavor): 200 GET http://10.180.1.21/compute/v2.1/servers/9cd89da4-d190-4bfc-81e1-da15b98d54ba 0.072s
2025-06-21 05:36:53.001 63089 INFO tempest.lib.common.rest_client [req-7083dcc3-8464-4c08-a7b9-6c9226310ed1 req-7083dcc3-8464-4c08-a7b9-6c9226310ed1 ] Request (ServerAddressesNegativeTestJSON:tearDownClass): 204 DELETE http://10.180.1.21:9696/networking/v2.0/routers/6d52922a-e585-4620-b811-1001f18b3a30 0.468s
2025-06-21 05:36:53.033 63125 INFO tempest.lib.common.rest_client [req-d619d6c3-0860-4d78-b989-6200103a1a85 req-d619d6c3-0860-4d78-b989-6200103a1a85 ] Request (FloatingIPsAssociationNegativeTestJSON:tearDownClass): 200 GET http://10.180.1.21/compute/v2.1/servers/369cd937-4c18-4068-ae59-70a1d585094b 0.113s
