2025-06-21 05:35:18.271 63125 INFO tempest.lib.common.rest_client [req-117b381f-e065-4daa-8425-d7d4521616c2 req-117b381f-e065-4daa-8425-d7d4521616c2 ] Request (FloatingIPsAssociationNegativeTestJSON:setUpClass): 201 POST http://10.180.1.21/identity/v3/users 0.107s
2025-06-21 05:35:18.297 63125 INFO tempest.lib.common.rest_client [req-b7eadafb-6906-4e5a-96ba-5070eb1b9d04 req-b7eadafb-6906-4e5a-96ba-5070eb1b9d04 ] Request (FloatingIPsAssociationNegativeTestJSON:setUpClass): 200 GET http://10.180.1.21/identity/v3/roles 0.026s
2025-06-21 05:35:18.307 63130 INFO tempest.lib.common.rest_client [req-48c162cc-314e-4492-af4c-3e333deac771 req-48c162cc-314e-4492-af4c-3e333deac771 ] Request (ServerMetadataTestJSON:setUpClass): 201 POST http://10.180.1.21:9696/networking/v2.0/routers 2.555s
2025-06-21 05:35:18.321 63119 INFO tempest.lib.common.rest_client [req-fd8266ee-9b35-4baf-9f82-79ac77dd0d41 req-fd8266ee-9b35-4baf-9f82-79ac77dd0d41 ] Request (DeleteServersAdminTestJSON:test_admin_delete_servers_of_others): 200 GET http://10.180.1.21/compute/v2.1/servers/0ebb226a-40a3-40cd-8492-ccce87baf0e6 2.493s
2025-06-21 05:35:18.335 63125 INFO tempest.lib.common.rest_client [req-c0ed0922-4439-4497-981d-15dc7fdb2499 req-c0ed0922-4439-4497-981d-15dc7fdb2499 ] Request (FloatingIPsAssociationNegativeTestJSON:setUpClass): 204 PUT http://10.180.1.21/identity/v3/projects/f85eefae1aad42d8bed6bed203b8d221/users/40bcaa69e4234f62babef6c082688051/roles/79dc19b254bc49cea356c89d208fba0b 0.037s
2025-06-21 05:35:18.335 63125 INFO tempest.lib.common.dynamic_creds [-] Dynamic test user 40bcaa69e4234f62babef6c082688051 is created with scope project and roles: ['member']
2025-06-21 05:35:18.336 63125 INFO tempest.lib.common.dynamic_creds [-] Acquired dynamic creds: credentials: Credentials: {'domain_id': 'default', 'domain_name': 'Default', 'username': 'tempest-FloatingIPsAssociationNegativeTestJSON-1005726298-project-member', 'project_domain_id': 'default', 'project_domain_name': 'Default', 'project_id': 'f85eefae1aad42d8bed6bed203b8d221', 'project_name': 'tempest-FloatingIPsAssociationNegativeTestJSON-1005726298', 'tenant_id': 'f85eefae1aad42d8bed6bed203b8d221', 'tenant_name': 'tempest-FloatingIPsAssociationNegativeTestJSON-1005726298', 'user_domain_id': 'default', 'user_domain_name': 'Default', 'user_id': '40bcaa69e4234f62babef6c082688051', 'system': None}, Network: None, Subnet: None, Router: None
2025-06-21 05:35:18.360 63145 INFO tempest.lib.common.rest_client [req-02328be8-6a8a-475a-9549-aadf8d318910 req-02328be8-6a8a-475a-9549-aadf8d318910 ] Request (ImagesTestJSON:test_create_image_from_stopped_server): 200 GET http://10.180.1.21/compute/v2.1/images/e7328b9e-7c4e-41a4-ade1-d439df2073ed 2.489s
2025-06-21 05:35:18.376 63137 INFO tempest.lib.common.rest_client [req-a6383b71-56b1-4ebb-837b-5943e0c3264b req-a6383b71-56b1-4ebb-837b-5943e0c3264b ] Request (MigrationsAdminTest:test_list_migrations_in_flavor_resize_situation): 200 GET http://10.180.1.21/compute/v2.1/servers/6a592192-1b41-4be2-84a6-c3b76a4e5643 2.659s
2025-06-21 05:35:18.453 63123 INFO tempest.lib.common.rest_client [req-99af6a8d-f99e-465e-9c82-df5a50cdbfc7 req-99af6a8d-f99e-465e-9c82-df5a50cdbfc7 ] Request (ServersAdminTestJSON:setUpClass): 200 GET http://10.180.1.21/compute/v2.1/servers/f5ad9d70-75fb-4881-8853-5ede4d0903f2 2.480s
2025-06-21 05:35:18.457 63109 INFO tempest.lib.common.rest_client [req-a9e4e8a3-00c1-4bdb-9698-7e81a5e852a7 req-a9e4e8a3-00c1-4bdb-9698-7e81a5e852a7 ] Request (ServicesAdminTestJSON:tearDownClass): 204 DELETE http://10.180.1.21:9696/networking/v2.0/security-groups/ace06bdd-1671-476d-bbee-d35ba44b89ca 0.350s
2025-06-21 05:35:18.464 63123 INFO tempest.common.waiters [-] State transition "BUILD/scheduling" ==> "BUILD/None" after 9 second wait
2025-06-21 05:35:18.466 63125 INFO tempest.lib.common.rest_client [req-0a438315-460b-413b-9d41-46fe2cdaeaf7 req-0a438315-460b-413b-9d41-46fe2cdaeaf7 ] Request (FloatingIPsAssociationNegativeTestJSON:setUpClass): 201 POST http://10.180.1.21/identity/v3/auth/tokens 0.130s
2025-06-21 05:35:18.534 63131 INFO tempest.lib.common.rest_client [req-c121ea68-5112-447e-8f0d-0db96593a6ba req-c121ea68-5112-447e-8f0d-0db96593a6ba ] Request (ServersAaction247Test:tearDownClass): 204 DELETE http://10.180.1.21/compute/v2.1/servers/296f6c11-7108-42e6-8ada-5d8c08b00da6 2.508s
2025-06-21 05:35:18.595 63099 INFO tempest.lib.common.rest_client [req-35b8b567-4f34-4023-9bf9-04a748bcc70e req-35b8b567-4f34-4023-9bf9-04a748bcc70e ] Request (ServerDiagnosticsTest:tearDownClass): 200 GET http://10.180.1.21/compute/v2.1/servers/f5504590-823d-4c37-8226-26684f7957a6 2.236s
2025-06-21 05:35:18.603 63109 INFO tempest.lib.common.rest_client [req-0bb29cf6-93ab-4d29-af55-4e20de84a0b7 req-0bb29cf6-93ab-4d29-af55-4e20de84a0b7 ] Request (ServicesAdminTestJSON:tearDownClass): 204 DELETE http://10.180.1.21/identity/v3/projects/61ca00f564f740c7b31f55b7e9f8657f 0.146s
2025-06-21 05:35:18.604 63109 INFO tempest.test [-] raised in AttachVolumeMultiAttachTest.setUpClass. Invoking tearDownClass.
2025-06-21 05:35:18.689 63089 INFO tempest.lib.common.rest_client [req-f3d1c1a9-6ac2-43a8-bb59-c747c8dc2d14 req-f3d1c1a9-6ac2-43a8-bb59-c747c8dc2d14 ] Request (ServerAddressesNegativeTestJSON:setUpClass): 200 GET http://10.180.1.21/compute/v2.1/servers/004fd137-4902-4313-a6f7-6c83cd76743d 2.144s
2025-06-21 05:35:18.726 63127 INFO tempest.lib.common.rest_client [req-78ed58f0-1408-4be9-8d57-5e1b3ce96c89 req-78ed58f0-1408-4be9-8d57-5e1b3ce96c89 ] Request (FlavorsAdminTestJSON:test_is_public_string_variations): 200 GET http://10.180.1.21/compute/v2.1/flavors/detail?is_public=true 2.146s
2025-06-21 05:35:18.760 63107 INFO tempest.lib.common.rest_client [req-d4fe83a5-173a-468f-9993-6aec9b0c84bb req-d4fe83a5-173a-468f-9993-6aec9b0c84bb ] Request (AggregatesAdminNegativeTestJSON:_run_cleanups): 200 DELETE http://10.180.1.21/compute/v2.1/os-aggregates/7 1.942s
2025-06-21 05:35:18.776 63141 INFO tempest.lib.common.rest_client [req-4fd0bebd-174a-41ce-9852-5c2c57832c98 req-4fd0bebd-174a-41ce-9852-5c2c57832c98 ] Request (ServersAdminNegativeTestJSON:test_migrate_server_invalid_state): 200 GET http://10.180.1.21/compute/v2.1/servers/98d134b4-b4ca-4247-a638-ad5c24a694e5 2.320s
2025-06-21 05:35:18.790 63141 INFO tempest.common.waiters [-] State transition "BUILD/None" ==> "BUILD/spawning" after 25 second wait
2025-06-21 05:35:18.862 63101 INFO tempest.lib.common.rest_client [req-3581ceab-017b-4ed8-adbd-d1e0797f5650 req-3581ceab-017b-4ed8-adbd-d1e0797f5650 ] Request (ServersTestFqdnHostnames:test_create_server_with_fqdn_name): 200 GET http://10.180.1.21/compute/v2.1/servers/8213c50c-1d0c-4a4a-aae7-a5b1b0000fe4 1.551s
2025-06-21 05:35:18.895 63097 INFO tempest.lib.common.rest_client [req-1cf4544b-75b5-49bf-a6d5-e37db31ab4b6 req-1cf4544b-75b5-49bf-a6d5-e37db31ab4b6 ] Request (TenantUsagesTestJSON:tearDownClass): 200 GET http://10.180.1.21/compute/v2.1/servers/66db614c-d101-409d-a5c3-9de38e5a6eff 1.735s
2025-06-21 05:35:18.954 63105 INFO tempest.lib.common.rest_client [req-429067a8-8f59-46af-83c3-37e2803881ca req-429067a8-8f59-46af-83c3-37e2803881ca ] Request (ListServersNegativeTestJSON:setUpClass): 200 GET http://10.180.1.21/compute/v2.1/servers/64a475e4-6713-408b-a63a-a43b5fed5ec8 1.505s
2025-06-21 05:35:18.979 63091 INFO tempest.lib.common.rest_client [req-a84182d0-1357-44ec-b86f-96b897d930a3 req-a84182d0-1357-44ec-b86f-96b897d930a3 ] Request (ServerActionsTestJSON:setUpClass): 200 GET http://10.180.1.21/compute/v2.1/servers/59d21ef7-df97-49ac-9329-4c18df6dd087 1.435s
2025-06-21 05:35:19.040 63135 INFO tempest.lib.common.rest_client [req-874fb560-0dea-46b0-b1bf-fe707d90f7eb req-874fb560-0dea-46b0-b1bf-fe707d90f7eb ] Request (InstanceActionsV221TestJSON:test_get_list_deleted_instance_actions): 200 GET http://10.180.1.21/compute/v2.1/servers/c7829a8b-a9f7-40b1-958c-732e2eaa2b3c 1.446s
2025-06-21 05:35:19.095 63134 INFO tempest.lib.common.rest_client [req-306f20de-5083-4510-a034-871a1fca0797 req-306f20de-5083-4510-a034-871a1fca0797 ] Request (MultipleCreateTestJSON:test_multiple_create): 200 GET http://10.180.1.21/compute/v2.1/servers/8e04a5b7-7cbf-46ac-b5a0-bc21b5e4209e 1.432s
2025-06-21 05:35:19.204 63093 INFO tempest.lib.common.rest_client [req-fc5fcc69-e260-41df-999e-7fc43065c126 req-fc5fcc69-e260-41df-999e-7fc43065c126 ] Request (FloatingIPsTestJSON:tearDownClass): 200 PUT http://10.180.1.21:9696/networking/v2.0/routers/f1b63302-1b5e-49ec-be9a-ce55d4438bd6/remove_router_interface 3.001s
2025-06-21 05:35:19.245 63143 INFO tempest.lib.common.rest_client [req-11c13519-73a4-467d-9578-bd2c02258ad2 req-11c13519-73a4-467d-9578-bd2c02258ad2 ] Request (QuotasTestJSON:test_compare_tenant_quotas_with_default_quotas): 200 GET http://10.180.1.21/compute/v2.1/os-quota-sets/1e7ea37ba3514d16ac9d04001f7ee39f 1.380s
2025-06-21 05:35:19.320 63125 INFO tempest.lib.common.rest_client [req-5fb8d488-89d9-4a42-9ddc-4fc807e2008a req-5fb8d488-89d9-4a42-9ddc-4fc807e2008a ] Request (FloatingIPsAssociationNegativeTestJSON:setUpClass): 201 POST http://10.180.1.21:9696/networking/v2.0/networks 0.853s
2025-06-21 05:35:19.343 63147 INFO tempest.lib.common.rest_client [req-3e43626b-8b77-4722-94f7-31eadb865ed3 req-3e43626b-8b77-4722-94f7-31eadb865ed3 ] Request (ImagesNegativeTestJSON:tearDownClass): 200 PUT http://10.180.1.21:9696/networking/v2.0/routers/73c39545-13ce-46ec-a6e0-584a7329fb1c/remove_router_interface 2.750s
2025-06-21 05:35:19.623 63125 INFO tempest.lib.common.rest_client [req-54a01d79-fc61-40d8-846e-a90928baae40 req-54a01d79-fc61-40d8-846e-a90928baae40 ] Request (FloatingIPsAssociationNegativeTestJSON:setUpClass): 201 POST http://10.180.1.21:9696/networking/v2.0/subnets 0.302s
2025-06-21 05:35:19.938 63147 INFO tempest.lib.common.rest_client [req-8493af6e-cab6-4c0a-ac3e-54b1c13de9bf req-8493af6e-cab6-4c0a-ac3e-54b1c13de9bf ] Request (ImagesNegativeTestJSON:tearDownClass): 204 DELETE http://10.180.1.21:9696/networking/v2.0/routers/73c39545-13ce-46ec-a6e0-584a7329fb1c 0.594s
2025-06-21 05:35:20.552 63116 INFO tempest.lib.common.rest_client [req-7dba9361-ae45-45c4-b24b-9a717cc5b5c8 req-7dba9361-ae45-45c4-b24b-9a717cc5b5c8 ] Request (ServersTestBootFromVolume:setUpClass): 202 POST http://10.180.1.21/compute/v2.1/servers 2.796s
2025-06-21 05:35:20.552 63147 INFO tempest.lib.common.rest_client [req-1da749ce-8ebe-4864-97b4-9c52e191185e req-1da749ce-8ebe-4864-97b4-9c52e191185e ] Request (ImagesNegativeTestJSON:tearDownClass): 204 DELETE http://10.180.1.21:9696/networking/v2.0/subnets/2525a1ea-3108-4fa8-82a3-41dae3ca5636 0.613s
2025-06-21 05:35:20.845 63125 INFO tempest.lib.common.rest_client [req-6c3c4bd5-8b41-44c6-a93f-3be1c3a19a5f req-6c3c4bd5-8b41-44c6-a93f-3be1c3a19a5f ] Request (FloatingIPsAssociationNegativeTestJSON:setUpClass): 201 POST http://10.180.1.21:9696/networking/v2.0/routers 1.222s
2025-06-21 05:35:20.959 63093 INFO tempest.lib.common.rest_client [req-0470e155-40fb-49f7-a788-afad781c2765 req-0470e155-40fb-49f7-a788-afad781c2765 ] Request (FloatingIPsTestJSON:tearDownClass): 204 DELETE http://10.180.1.21:9696/networking/v2.0/routers/f1b63302-1b5e-49ec-be9a-ce55d4438bd6 1.754s
2025-06-21 05:35:21.058 63095 INFO tempest.lib.common.rest_client [req-fb03292a-ff27-481f-a2a1-103285538c44 req-fb03292a-ff27-481f-a2a1-103285538c44 ] Request (ServerRescueNegativeTestJSON:setUpClass): 200 GET http://10.180.1.21/compute/v2.1/servers/d9242042-6209-4b04-bf00-00dd04d9d6a0 2.539s
2025-06-21 05:35:21.210 63131 INFO tempest.lib.common.rest_client [req-411cbdf2-1cc8-4df2-83a9-a0aa0871b7df req-411cbdf2-1cc8-4df2-83a9-a0aa0871b7df ] Request (ServersAaction247Test:tearDownClass): 200 GET http://10.180.1.21/compute/v2.1/servers/296f6c11-7108-42e6-8ada-5d8c08b00da6 2.675s
2025-06-21 05:35:21.245 63113 INFO tempest.lib.common.rest_client [req-75babe26-2bf8-47e5-b227-5af4e2f7734e req-75babe26-2bf8-47e5-b227-5af4e2f7734e ] Request (SecurityGroupRulesTestJSON:setUpClass): 200 PUT http://10.180.1.21:9696/networking/v2.0/routers/96eaaa8c-2607-4335-af04-113e8dc83b49/add_router_interface 3.679s
2025-06-21 05:35:21.245 63113 INFO tempest.lib.common.dynamic_creds [-] Created isolated network resources for: credentials: Credentials: {'domain_id': 'default', 'domain_name': 'Default', 'username': 'tempest-SecurityGroupRulesTestJSON-1061121991-project-member', 'project_domain_id': 'default', 'project_domain_name': 'Default', 'project_id': '93ca8cce4de54033beb74403f22eed53', 'project_name': 'tempest-SecurityGroupRulesTestJSON-1061121991', 'tenant_id': '93ca8cce4de54033beb74403f22eed53', 'tenant_name': 'tempest-SecurityGroupRulesTestJSON-1061121991', 'user_domain_id': 'default', 'user_domain_name': 'Default', 'user_id': '61b84bf237f046afad141c9e9d932587', 'system': None}, Network: {'id': 'b27272c6-6891-44e3-81ac-354a6d8de0d8', 'name': 'tempest-SecurityGroupRulesTestJSON-1462383435-network', 'tenant_id': '93ca8cce4de54033beb74403f22eed53', 'admin_state_up': True, 'mtu': 8950, 'status': 'ACTIVE', 'subnets': [], 'shared': False, 'project_id': '93ca8cce4de54033beb74403f22eed53', 'port_security_enabled': True, 'router:external': False, 'provider:network_type': 'vlan', 'provider:physical_network': 'default', 'provider:segmentation_id': 96, 'availability_zone_hints': [], 'availability_zones': [], 'ipv4_address_scope': None, 'ipv6_address_scope': None, 'description': '', 'tags': [], 'created_at': '2025-06-21T05:35:14Z', 'updated_at': '2025-06-21T05:35:14Z', 'revision_number': 1}, Subnet: {'id': '68ae9ca9-af29-413e-beb2-76823370419c', 'name': 'tempest-SecurityGroupRulesTestJSON-1462383435-subnet', 'tenant_id': '93ca8cce4de54033beb74403f22eed53', 'network_id': 'b27272c6-6891-44e3-81ac-354a6d8de0d8', 'ip_version': 4, 'subnetpool_id': None, 'enable_dhcp': True, 'ipv6_ra_mode': None, 'ipv6_address_mode': None, 'gateway_ip': '192.168.128.1', 'cidr': '192.168.128.0/28', 'allocation_pools': [{'start': '192.168.128.2', 'end': '192.168.128.14'}], 'host_routes': [], 'dns_nameservers': [], 'description': '', 'router:external': False, 'service_types': [], 'tags': [], 'created_at': '2025-06-21T05:35:14Z', 'updated_at': '2025-06-21T05:35:14Z', 'revision_number': 0, 'project_id': '93ca8cce4de54033beb74403f22eed53'}, Router: {'id': '96eaaa8c-2607-4335-af04-113e8dc83b49', 'name': 'tempest-SecurityGroupRulesTestJSON-1462383435-router', 'tenant_id': '93ca8cce4de54033beb74403f22eed53', 'admin_state_up': True, 'status': 'ACTIVE', 'external_gateway_info': {'network_id': '1650b2b1-0a9c-4d76-ab3a-ec7bcc48b22f', 'external_fixed_ips': [{'subnet_id': '4b4e2858-8704-4c86-9c3d-42d02dee2f4b', 'ip_address': '10.180.180.144'}], 'enable_snat': True}, 'description': '', 'availability_zones': [], 'distributed': False, 'ha': False, 'availability_zone_hints': [], 'routes': [], 'flavor_id': None, 'tags': [], 'created_at': '2025-06-21T05:35:15Z', 'updated_at': '2025-06-21T05:35:16Z', 'revision_number': 2, 'project_id': '93ca8cce4de54033beb74403f22eed53'}
2025-06-21 05:35:21.251 63127 INFO tempest.lib.common.rest_client [req-5d9d425c-a62d-451d-892d-6b7a80967f92 req-5d9d425c-a62d-451d-892d-6b7a80967f92 ] Request (FlavorsAdminTestJSON:test_is_public_string_variations): 200 GET http://10.180.1.21/compute/v2.1/flavors/detail?is_public=yes 2.516s
2025-06-21 05:35:21.293 63107 INFO tempest.lib.common.rest_client [req-6dad6934-cff1-4b52-bb10-ccaa564c57d3 req-6dad6934-cff1-4b52-bb10-ccaa564c57d3 ] Request (AggregatesAdminNegativeTestJSON:test_aggregate_remove_nonexistent_host): 200 POST http://10.180.1.21/compute/v2.1/os-aggregates 2.530s
2025-06-21 05:35:21.388 63113 INFO tempest.lib.common.rest_client [req-66fefad5-2843-45f3-b693-682052cb620c req-66fefad5-2843-45f3-b693-682052cb620c ] Request (SecurityGroupRulesTestJSON:setUpClass): 201 POST http://10.180.1.21/identity/v3/auth/tokens 0.138s
2025-06-21 05:35:21.432 63149 INFO tempest.lib.common.rest_client [req-a1828068-b482-467a-a38e-1843dfc841e9 req-a1828068-b482-467a-a38e-1843dfc841e9 ] Request (ImagesOneServerNegativeTestJSON:setUpClass): 200 GET http://10.180.1.21/compute/v2.1/servers/29e69c7c-08f7-4da4-9509-02a94bf971bc 2.466s
2025-06-21 05:35:21.486 63093 INFO tempest.lib.common.rest_client [req-679c9ae1-fceb-4104-9d6c-a705031f3d63 req-679c9ae1-fceb-4104-9d6c-a705031f3d63 ] Request (FloatingIPsTestJSON:tearDownClass): 204 DELETE http://10.180.1.21:9696/networking/v2.0/subnets/a376ddfb-377a-4096-bd3c-09c57e6ab221 0.527s
2025-06-21 05:35:21.555 63103 INFO tempest.lib.common.rest_client [req-7ed2055f-9c6c-4dcb-b5a1-fb899b5d3421 req-7ed2055f-9c6c-4dcb-b5a1-fb899b5d3421 ] Request (ServerDiagnosticsV248Test:tearDownClass): 200 GET http://10.180.1.21/compute/v2.1/servers/591e4a92-7c03-4d70-885f-49a66032c97e 2.351s
2025-06-21 05:35:21.652 63143 INFO tempest.lib.common.rest_client [req-4a24c43d-b8c3-449d-a75f-048427ef200f req-4a24c43d-b8c3-449d-a75f-048427ef200f ] Request (QuotasTestJSON:test_get_default_quotas): 200 GET http://10.180.1.21/compute/v2.1/os-quota-sets/1e7ea37ba3514d16ac9d04001f7ee39f/defaults 2.404s
2025-06-21 05:35:21.672 63121 WARNING tempest.lib.common.ssh [-] Failed to establish authenticated ssh connection to cirros@10.180.180.218 ([Errno None] Unable to connect to port 22 on 10.180.180.218). Number attempts: 1. Retry after 2 seconds.: paramiko.ssh_exception.NoValidConnectionsError: [Errno None] Unable to connect to port 22 on 10.180.180.218
2025-06-21 05:35:21.685 63147 INFO tempest.lib.common.rest_client [req-8d08d27f-5ae3-46fb-b726-3ec0ea32af91 req-8d08d27f-5ae3-46fb-b726-3ec0ea32af91 ] Request (ImagesNegativeTestJSON:tearDownClass): 204 DELETE http://10.180.1.21:9696/networking/v2.0/networks/fe8eed21-168a-4072-b84a-df0ba6420f17 1.133s
2025-06-21 05:35:21.784 63119 INFO tempest.lib.common.rest_client [req-d2c68023-ceac-4286-a465-387862599b8f req-d2c68023-ceac-4286-a465-387862599b8f ] Request (DeleteServersAdminTestJSON:test_admin_delete_servers_of_others): 200 GET http://10.180.1.21/compute/v2.1/servers/0ebb226a-40a3-40cd-8492-ccce87baf0e6 2.454s
2025-06-21 05:35:21.837 63147 INFO tempest.lib.common.rest_client [req-3f761e3a-4ca3-48eb-816a-3d73770c3c07 req-3f761e3a-4ca3-48eb-816a-3d73770c3c07 ] Request (ImagesNegativeTestJSON:tearDownClass): 204 DELETE http://10.180.1.21/identity/v3/users/ede8459566cf4704a7aa558b0a9f7939 0.151s
2025-06-21 05:35:21.837 63147 INFO tempest.lib.common.dynamic_creds [-] Deleting project and security group for project: 6a5b7b2f93434cbe9df49ccc5374928c
2025-06-21 05:35:21.850 63145 INFO tempest.lib.common.rest_client [req-e2ef6a98-d598-4a0e-ac41-f952d893dab6 req-e2ef6a98-d598-4a0e-ac41-f952d893dab6 ] Request (ImagesTestJSON:test_create_image_from_stopped_server): 200 GET http://10.180.1.21/compute/v2.1/images/e7328b9e-7c4e-41a4-ade1-d439df2073ed 2.482s
2025-06-21 05:35:22.134 63130 INFO tempest.lib.common.rest_client [req-1d88da8d-32a6-4aad-af1a-b23a7a1f556c req-1d88da8d-32a6-4aad-af1a-b23a7a1f556c ] Request (ServerMetadataTestJSON:setUpClass): 200 PUT http://10.180.1.21:9696/networking/v2.0/routers/f95f9193-2195-454a-9e48-9d22d383f142/add_router_interface 3.826s
2025-06-21 05:35:22.134 63130 INFO tempest.lib.common.dynamic_creds [-] Created isolated network resources for: credentials: Credentials: {'domain_id': 'default', 'domain_name': 'Default', 'username': 'tempest-ServerMetadataTestJSON-1096886146-project-member', 'project_domain_id': 'default', 'project_domain_name': 'Default', 'project_id': 'a9b8185105e94d349ab02dad98962f91', 'project_name': 'tempest-ServerMetadataTestJSON-1096886146', 'tenant_id': 'a9b8185105e94d349ab02dad98962f91', 'tenant_name': 'tempest-ServerMetadataTestJSON-1096886146', 'user_domain_id': 'default', 'user_domain_name': 'Default', 'user_id': 'da849afc04ce4ed490c00402c46fefb6', 'system': None}, Network: {'id': 'e9a8dfb5-f43f-49ab-85a3-d619632af678', 'name': 'tempest-ServerMetadataTestJSON-933191935-network', 'tenant_id': 'a9b8185105e94d349ab02dad98962f91', 'admin_state_up': True, 'mtu': 8950, 'status': 'ACTIVE', 'subnets': [], 'shared': False, 'project_id': 'a9b8185105e94d349ab02dad98962f91', 'port_security_enabled': True, 'router:external': False, 'provider:network_type': 'vlan', 'provider:physical_network': 'default', 'provider:segmentation_id': 799, 'availability_zone_hints': [], 'availability_zones': [], 'ipv4_address_scope': None, 'ipv6_address_scope': None, 'description': '', 'tags': [], 'created_at': '2025-06-21T05:35:15Z', 'updated_at': '2025-06-21T05:35:15Z', 'revision_number': 1}, Subnet: {'id': '088dc1c0-ad55-4537-a10d-cb484f72cef4', 'name': 'tempest-ServerMetadataTestJSON-933191935-subnet', 'tenant_id': 'a9b8185105e94d349ab02dad98962f91', 'network_id': 'e9a8dfb5-f43f-49ab-85a3-d619632af678', 'ip_version': 4, 'subnetpool_id': None, 'enable_dhcp': True, 'ipv6_ra_mode': None, 'ipv6_address_mode': None, 'gateway_ip': '192.168.128.1', 'cidr': '192.168.128.0/28', 'allocation_pools': [{'start': '192.168.128.2', 'end': '192.168.128.14'}], 'host_routes': [], 'dns_nameservers': [], 'description': '', 'router:external': False, 'service_types': [], 'tags': [], 'created_at': '2025-06-21T05:35:15Z', 'updated_at': '2025-06-21T05:35:15Z', 'revision_number': 0, 'project_id': 'a9b8185105e94d349ab02dad98962f91'}, Router: {'id': 'f95f9193-2195-454a-9e48-9d22d383f142', 'name': 'tempest-ServerMetadataTestJSON-933191935-router', 'tenant_id': 'a9b8185105e94d349ab02dad98962f91', 'admin_state_up': True, 'status': 'ACTIVE', 'external_gateway_info': {'network_id': '1650b2b1-0a9c-4d76-ab3a-ec7bcc48b22f', 'external_fixed_ips': [{'subnet_id': '4b4e2858-8704-4c86-9c3d-42d02dee2f4b', 'ip_address': '10.180.180.149'}], 'enable_snat': True}, 'description': '', 'availability_zones': [], 'distributed': False, 'ha': False, 'availability_zone_hints': [], 'routes': [], 'flavor_id': None, 'tags': [], 'created_at': '2025-06-21T05:35:15Z', 'updated_at': '2025-06-21T05:35:17Z', 'revision_number': 2, 'project_id': 'a9b8185105e94d349ab02dad98962f91'}
2025-06-21 05:35:22.172 63147 INFO tempest.lib.common.rest_client [req-ac6a5ea1-b2ca-46b4-a90e-94c775d95b49 req-ac6a5ea1-b2ca-46b4-a90e-94c775d95b49 ] Request (ImagesNegativeTestJSON:tearDownClass): 200 GET http://10.180.1.21:9696/networking/v2.0/security-groups?tenant_id=6a5b7b2f93434cbe9df49ccc5374928c&name=default 0.335s
2025-06-21 05:35:22.255 63130 INFO tempest.lib.common.rest_client [req-d4a4546b-0ad1-4719-a236-4671064a69e2 req-d4a4546b-0ad1-4719-a236-4671064a69e2 ] Request (ServerMetadataTestJSON:setUpClass): 201 POST http://10.180.1.21/identity/v3/auth/tokens 0.118s
2025-06-21 05:35:22.287 63137 INFO tempest.lib.common.rest_client [req-7e849b43-9f26-4183-bb67-6e8eba749519 req-7e849b43-9f26-4183-bb67-6e8eba749519 ] Request (MigrationsAdminTest:test_list_migrations_in_flavor_resize_situation): 200 GET http://10.180.1.21/compute/v2.1/servers/6a592192-1b41-4be2-84a6-c3b76a4e5643 2.896s
2025-06-21 05:35:22.291 63151 INFO tempest.lib.common.rest_client [req-18ce047f-2199-401c-8155-37e42fd033e1 req-18ce047f-2199-401c-8155-37e42fd033e1 ] Request (AttachInterfacesV270Test:test_create_get_list_interfaces): 400 POST http://10.180.1.21/compute/v2.1/servers/6976b964-a8d3-4886-8aac-8d513e721018/os-interface 4.259s
2025-06-21 05:35:22.320 63130 INFO tempest.lib.common.rest_client [req-a9b1846f-8599-4715-8703-ed9d9a6cc013 req-a9b1846f-8599-4715-8703-ed9d9a6cc013 ] Request (ServerMetadataTestJSON:setUpClass): 201 POST http://10.180.1.21/identity/v3/auth/tokens 0.062s
2025-06-21 05:35:22.320 63130 INFO tempest.lib.common.fixed_network [-] (ServerMetadataTestJSON:setUpClass) Found network {'id': 'e9a8dfb5-f43f-49ab-85a3-d619632af678', 'name': 'tempest-ServerMetadataTestJSON-933191935-network', 'tenant_id': 'a9b8185105e94d349ab02dad98962f91', 'admin_state_up': True, 'mtu': 8950, 'status': 'ACTIVE', 'subnets': [], 'shared': False, 'project_id': 'a9b8185105e94d349ab02dad98962f91', 'port_security_enabled': True, 'router:external': False, 'provider:network_type': 'vlan', 'provider:physical_network': 'default', 'provider:segmentation_id': 799, 'availability_zone_hints': [], 'availability_zones': [], 'ipv4_address_scope': None, 'ipv6_address_scope': None, 'description': '', 'tags': [], 'created_at': '2025-06-21T05:35:15Z', 'updated_at': '2025-06-21T05:35:15Z', 'revision_number': 1} available for tenant
2025-06-21 05:35:22.376 63111 WARNING tempest.lib.common.ssh [-] Failed to establish authenticated ssh connection to cirros@10.180.180.220 ([Errno None] Unable to connect to port 22 on 10.180.180.220). Number attempts: 3. Retry after 4 seconds.: paramiko.ssh_exception.NoValidConnectionsError: [Errno None] Unable to connect to port 22 on 10.180.180.220
2025-06-21 05:35:22.380 63123 INFO tempest.lib.common.rest_client [req-7cdcac0f-163f-425e-afd8-ff13f5f9b395 req-7cdcac0f-163f-425e-afd8-ff13f5f9b395 ] Request (ServersAdminTestJSON:setUpClass): 200 GET http://10.180.1.21/compute/v2.1/servers/f5ad9d70-75fb-4881-8853-5ede4d0903f2 2.914s
2025-06-21 05:35:22.385 63147 INFO tempest.lib.common.rest_client [req-79c6d009-362f-40c9-a7d0-2b8d32b34ad5 req-79c6d009-362f-40c9-a7d0-2b8d32b34ad5 ] Request (ImagesNegativeTestJSON:tearDownClass): 204 DELETE http://10.180.1.21:9696/networking/v2.0/security-groups/3579f2a1-4c6b-4f06-8d21-ed5f6727806d 0.211s
2025-06-21 05:35:22.390 63093 INFO tempest.lib.common.rest_client [req-6c25e24d-337c-4fd6-b817-498b12f11192 req-6c25e24d-337c-4fd6-b817-498b12f11192 ] Request (FloatingIPsTestJSON:tearDownClass): 204 DELETE http://10.180.1.21:9696/networking/v2.0/networks/195d82c5-5c47-44b5-a152-fe5ad5bda349 0.903s
2025-06-21 05:35:22.394 63099 INFO tempest.lib.common.rest_client [req-a796179c-5292-4523-9b10-e67b648a6c85 req-a796179c-5292-4523-9b10-e67b648a6c85 ] Request (ServerDiagnosticsTest:tearDownClass): 200 GET http://10.180.1.21/compute/v2.1/servers/f5504590-823d-4c37-8226-26684f7957a6 2.781s
2025-06-21 05:35:22.453 63089 INFO tempest.lib.common.rest_client [req-d06b9ab8-9b0f-4f61-aaa0-53025e7d929d req-d06b9ab8-9b0f-4f61-aaa0-53025e7d929d ] Request (ServerAddressesNegativeTestJSON:setUpClass): 200 GET http://10.180.1.21/compute/v2.1/servers/004fd137-4902-4313-a6f7-6c83cd76743d 2.746s
2025-06-21 05:35:22.485 63125 INFO tempest.lib.common.rest_client [req-adcbe6dd-c6d9-4ba8-8968-201ab772798a req-adcbe6dd-c6d9-4ba8-8968-201ab772798a ] Request (FloatingIPsAssociationNegativeTestJSON:setUpClass): 200 PUT http://10.180.1.21:9696/networking/v2.0/routers/d9b1fb03-29ff-4870-92d9-82a500ba7943/add_router_interface 1.639s
2025-06-21 05:35:22.485 63125 INFO tempest.lib.common.dynamic_creds [-] Created isolated network resources for: credentials: Credentials: {'domain_id': 'default', 'domain_name': 'Default', 'username': 'tempest-FloatingIPsAssociationNegativeTestJSON-1005726298-project-member', 'project_domain_id': 'default', 'project_domain_name': 'Default', 'project_id': 'f85eefae1aad42d8bed6bed203b8d221', 'project_name': 'tempest-FloatingIPsAssociationNegativeTestJSON-1005726298', 'tenant_id': 'f85eefae1aad42d8bed6bed203b8d221', 'tenant_name': 'tempest-FloatingIPsAssociationNegativeTestJSON-1005726298', 'user_domain_id': 'default', 'user_domain_name': 'Default', 'user_id': '40bcaa69e4234f62babef6c082688051', 'system': None}, Network: {'id': '755078a7-2f0f-43e8-b6a3-ca1a183cad9a', 'name': 'tempest-FloatingIPsAssociationNegativeTestJSON-249930933-network', 'tenant_id': 'f85eefae1aad42d8bed6bed203b8d221', 'admin_state_up': True, 'mtu': 8950, 'status': 'ACTIVE', 'subnets': [], 'shared': False, 'project_id': 'f85eefae1aad42d8bed6bed203b8d221', 'port_security_enabled': True, 'router:external': False, 'provider:network_type': 'vlan', 'provider:physical_network': 'default', 'provider:segmentation_id': 325, 'availability_zone_hints': [], 'availability_zones': [], 'ipv4_address_scope': None, 'ipv6_address_scope': None, 'description': '', 'tags': [], 'created_at': '2025-06-21T05:35:19Z', 'updated_at': '2025-06-21T05:35:19Z', 'revision_number': 1}, Subnet: {'id': 'dcb3fec3-abc6-41d1-a3b9-639dd5967527', 'name': 'tempest-FloatingIPsAssociationNegativeTestJSON-249930933-subnet', 'tenant_id': 'f85eefae1aad42d8bed6bed203b8d221', 'network_id': '755078a7-2f0f-43e8-b6a3-ca1a183cad9a', 'ip_version': 4, 'subnetpool_id': None, 'enable_dhcp': True, 'ipv6_ra_mode': None, 'ipv6_address_mode': None, 'gateway_ip': '192.168.128.1', 'cidr': '192.168.128.0/28', 'allocation_pools': [{'start': '192.168.128.2', 'end': '192.168.128.14'}], 'host_routes': [], 'dns_nameservers': [], 'description': '', 'router:external': False, 'service_types': [], 'tags': [], 'created_at': '2025-06-21T05:35:19Z', 'updated_at': '2025-06-21T05:35:19Z', 'revision_number': 0, 'project_id': 'f85eefae1aad42d8bed6bed203b8d221'}, Router: {'id': 'd9b1fb03-29ff-4870-92d9-82a500ba7943', 'name': 'tempest-FloatingIPsAssociationNegativeTestJSON-249930933-router', 'tenant_id': 'f85eefae1aad42d8bed6bed203b8d221', 'admin_state_up': True, 'status': 'ACTIVE', 'external_gateway_info': {'network_id': '1650b2b1-0a9c-4d76-ab3a-ec7bcc48b22f', 'external_fixed_ips': [{'subnet_id': '4b4e2858-8704-4c86-9c3d-42d02dee2f4b', 'ip_address': '10.180.180.164'}], 'enable_snat': True}, 'description': '', 'availability_zones': [], 'distributed': False, 'ha': False, 'availability_zone_hints': [], 'routes': [], 'flavor_id': None, 'tags': [], 'created_at': '2025-06-21T05:35:19Z', 'updated_at': '2025-06-21T05:35:20Z', 'revision_number': 2, 'project_id': 'f85eefae1aad42d8bed6bed203b8d221'}
2025-06-21 05:35:22.508 63101 INFO tempest.lib.common.rest_client [req-f8693005-3036-419e-887a-0015d4f8cb61 req-f8693005-3036-419e-887a-0015d4f8cb61 ] Request (ServersTestFqdnHostnames:test_create_server_with_fqdn_name): 200 GET http://10.180.1.21/compute/v2.1/servers/8213c50c-1d0c-4a4a-aae7-a5b1b0000fe4 2.636s
2025-06-21 05:35:22.522 63141 INFO tempest.lib.common.rest_client [req-18bf6984-473f-4d0d-b65a-8112209b8993 req-18bf6984-473f-4d0d-b65a-8112209b8993 ] Request (ServersAdminNegativeTestJSON:test_migrate_server_invalid_state): 200 GET http://10.180.1.21/compute/v2.1/servers/98d134b4-b4ca-4247-a638-ad5c24a694e5 2.729s
2025-06-21 05:35:22.541 63147 INFO tempest.lib.common.rest_client [req-e55cb6cc-6a02-49b1-b290-a874e8e4b4b6 req-e55cb6cc-6a02-49b1-b290-a874e8e4b4b6 ] Request (ImagesNegativeTestJSON:tearDownClass): 204 DELETE http://10.180.1.21/identity/v3/projects/6a5b7b2f93434cbe9df49ccc5374928c 0.155s
2025-06-21 05:35:22.565 63093 INFO tempest.lib.common.rest_client [req-5aed95eb-0c39-44b2-85f7-cfd044b6d63e req-5aed95eb-0c39-44b2-85f7-cfd044b6d63e ] Request (FloatingIPsTestJSON:tearDownClass): 204 DELETE http://10.180.1.21/identity/v3/users/0bb625e73bd343be97b3fd032f1ab3ea 0.175s
2025-06-21 05:35:22.565 63093 INFO tempest.lib.common.dynamic_creds [-] Deleting project and security group for project: 3e1fc111b2274d1c976019581fd541de
2025-06-21 05:35:22.612 63093 INFO tempest.lib.common.rest_client [req-f23ddfc7-cff8-426b-a2f2-8c999cacf09a req-f23ddfc7-cff8-426b-a2f2-8c999cacf09a ] Request (FloatingIPsTestJSON:tearDownClass): 200 GET http://10.180.1.21:9696/networking/v2.0/security-groups?tenant_id=3e1fc111b2274d1c976019581fd541de&name=default 0.047s
2025-06-21 05:35:22.613 63105 INFO tempest.lib.common.rest_client [req-6fbbb67a-1b95-42bb-85ef-cb67184d1776 req-6fbbb67a-1b95-42bb-85ef-cb67184d1776 ] Request (ListServersNegativeTestJSON:setUpClass): 200 GET http://10.180.1.21/compute/v2.1/servers/64a475e4-6713-408b-a63a-a43b5fed5ec8 2.647s
2025-06-21 05:35:22.613 63097 INFO tempest.lib.common.rest_client [req-b706ca76-c08b-4e65-8a61-db8f49894612 req-b706ca76-c08b-4e65-8a61-db8f49894612 ] Request (TenantUsagesTestJSON:tearDownClass): 200 GET http://10.180.1.21/compute/v2.1/servers/66db614c-d101-409d-a5c3-9de38e5a6eff 2.711s
2025-06-21 05:35:22.636 63147 INFO tempest.lib.common.rest_client [req-281dfee6-f7c5-423e-809b-5d2552858d4d req-281dfee6-f7c5-423e-809b-5d2552858d4d ] Request (ServerActionsTestOtherB:setUpClass): 201 POST http://10.180.1.21/identity/v3/auth/tokens 0.094s
2025-06-21 05:35:22.645 63125 INFO tempest.lib.common.rest_client [req-40bae700-8a98-417f-8bbd-2fd2b6c14632 req-40bae700-8a98-417f-8bbd-2fd2b6c14632 ] Request (FloatingIPsAssociationNegativeTestJSON:setUpClass): 201 POST http://10.180.1.21/identity/v3/auth/tokens 0.155s
2025-06-21 05:35:22.678 63147 INFO tempest.lib.common.rest_client [req-c4e5328f-c1c9-41a4-90ab-db436629929c req-c4e5328f-c1c9-41a4-90ab-db436629929c ] Request (ServerActionsTestOtherB:setUpClass): 201 POST http://10.180.1.21/identity/v3/auth/tokens 0.037s
2025-06-21 05:35:22.679 63091 INFO tempest.lib.common.rest_client [req-50026c08-75af-4e23-9763-ec0e62ff9838 req-50026c08-75af-4e23-9763-ec0e62ff9838 ] Request (ServerActionsTestJSON:setUpClass): 200 GET http://10.180.1.21/compute/v2.1/servers/59d21ef7-df97-49ac-9329-4c18df6dd087 2.686s
2025-06-21 05:35:22.684 63125 INFO tempest.lib.common.rest_client [req-6a8de1de-ed14-48f5-afbc-47d68ac85148 req-6a8de1de-ed14-48f5-afbc-47d68ac85148 ] Request (FloatingIPsAssociationNegativeTestJSON:setUpClass): 201 POST http://10.180.1.21/identity/v3/auth/tokens 0.036s
2025-06-21 05:35:22.684 63125 INFO tempest.lib.common.fixed_network [-] (FloatingIPsAssociationNegativeTestJSON:setUpClass) Found network {'id': '755078a7-2f0f-43e8-b6a3-ca1a183cad9a', 'name': 'tempest-FloatingIPsAssociationNegativeTestJSON-249930933-network', 'tenant_id': 'f85eefae1aad42d8bed6bed203b8d221', 'admin_state_up': True, 'mtu': 8950, 'status': 'ACTIVE', 'subnets': [], 'shared': False, 'project_id': 'f85eefae1aad42d8bed6bed203b8d221', 'port_security_enabled': True, 'router:external': False, 'provider:network_type': 'vlan', 'provider:physical_network': 'default', 'provider:segmentation_id': 325, 'availability_zone_hints': [], 'availability_zones': [], 'ipv4_address_scope': None, 'ipv6_address_scope': None, 'description': '', 'tags': [], 'created_at': '2025-06-21T05:35:19Z', 'updated_at': '2025-06-21T05:35:19Z', 'revision_number': 1} available for tenant
2025-06-21 05:35:22.709 63147 INFO tempest.lib.common.rest_client [req-c1649914-1fe3-4e5f-828c-538351c10fa4 req-c1649914-1fe3-4e5f-828c-538351c10fa4 ] Request (ServerActionsTestOtherB:setUpClass): 200 GET http://10.180.1.21/identity/v3/domains?name=Default 0.031s
2025-06-21 05:35:22.711 63135 INFO tempest.lib.common.rest_client [req-e6f616e2-54f8-4698-a821-a38a11ab01dc req-e6f616e2-54f8-4698-a821-a38a11ab01dc ] Request (InstanceActionsV221TestJSON:test_get_list_deleted_instance_actions): 200 GET http://10.180.1.21/compute/v2.1/servers/c7829a8b-a9f7-40b1-958c-732e2eaa2b3c 2.656s
2025-06-21 05:35:22.735 63134 INFO tempest.lib.common.rest_client [req-bcd40525-7be8-457b-8b86-edb3a44813e3 req-bcd40525-7be8-457b-8b86-edb3a44813e3 ] Request (MultipleCreateTestJSON:test_multiple_create): 200 GET http://10.180.1.21/compute/v2.1/servers/8e04a5b7-7cbf-46ac-b5a0-bc21b5e4209e 2.629s
2025-06-21 05:35:22.740 63147 INFO tempest.lib.common.rest_client [req-4ed8e92b-1143-43a5-a1b8-d44a0c2e6afc req-4ed8e92b-1143-43a5-a1b8-d44a0c2e6afc ] Request (ServerActionsTestOtherB:setUpClass): 201 POST http://10.180.1.21/identity/v3/projects 0.031s
2025-06-21 05:35:22.780 63127 INFO tempest.lib.common.rest_client [req-babc2305-a3c2-4151-8ec5-62b377fdfbff req-babc2305-a3c2-4151-8ec5-62b377fdfbff ] Request (FlavorsAdminTestJSON:test_is_public_string_variations): 200 GET http://10.180.1.21/compute/v2.1/flavors/detail?is_public=1 1.522s
2025-06-21 05:35:22.792 63116 INFO tempest.lib.common.rest_client [req-5e59668b-0a6f-449e-9e06-f3dd537166d3 req-5e59668b-0a6f-449e-9e06-f3dd537166d3 ] Request (ServersTestBootFromVolume:setUpClass): 200 GET http://10.180.1.21/compute/v2.1/servers/bd0933ca-aab7-4dd4-a570-1a58a720f377 2.239s
2025-06-21 05:35:22.816 63107 INFO tempest.lib.common.rest_client [req-461224ad-f546-4890-8bda-04a816be02af req-461224ad-f546-4890-8bda-04a816be02af ] Request (AggregatesAdminNegativeTestJSON:test_aggregate_remove_nonexistent_host): 404 POST http://10.180.1.21/compute/v2.1/os-aggregates/8/action 1.521s
2025-06-21 05:35:22.824 63147 INFO tempest.lib.common.rest_client [req-e57c5ae4-25d3-4deb-9b9f-84b4a2cfea13 req-e57c5ae4-25d3-4deb-9b9f-84b4a2cfea13 ] Request (ServerActionsTestOtherB:setUpClass): 201 POST http://10.180.1.21/identity/v3/users 0.083s
2025-06-21 05:35:22.847 63147 INFO tempest.lib.common.rest_client [req-486f7882-b047-4bd7-a05f-8db0ec58b17d req-486f7882-b047-4bd7-a05f-8db0ec58b17d ] Request (ServerActionsTestOtherB:setUpClass): 200 GET http://10.180.1.21/identity/v3/roles 0.022s
2025-06-21 05:35:22.850 63093 INFO tempest.lib.common.rest_client [req-aaaa60b8-a2a2-4c1e-bfc4-c7856874e785 req-aaaa60b8-a2a2-4c1e-bfc4-c7856874e785 ] Request (FloatingIPsTestJSON:tearDownClass): 204 DELETE http://10.180.1.21:9696/networking/v2.0/security-groups/39996b7d-7281-4047-9e63-abd341b61196 0.237s
2025-06-21 05:35:22.875 63147 INFO tempest.lib.common.rest_client [req-0d107718-c90e-4d43-b7a7-2b39cff49d87 req-0d107718-c90e-4d43-b7a7-2b39cff49d87 ] Request (ServerActionsTestOtherB:setUpClass): 204 PUT http://10.180.1.21/identity/v3/projects/446e63a428c34d38ad07d01f0c90b23c/users/9df1642a53c940b2bfacc82e1ac975d0/roles/79dc19b254bc49cea356c89d208fba0b 0.028s
2025-06-21 05:35:22.876 63147 INFO tempest.lib.common.dynamic_creds [-] Dynamic test user 9df1642a53c940b2bfacc82e1ac975d0 is created with scope project and roles: ['member']
2025-06-21 05:35:22.876 63147 INFO tempest.lib.common.dynamic_creds [-] Acquired dynamic creds: credentials: Credentials: {'domain_id': 'default', 'domain_name': 'Default', 'username': 'tempest-ServerActionsTestOtherB-634204386-project-member', 'project_domain_id': 'default', 'project_domain_name': 'Default', 'project_id': '446e63a428c34d38ad07d01f0c90b23c', 'project_name': 'tempest-ServerActionsTestOtherB-634204386', 'tenant_id': '446e63a428c34d38ad07d01f0c90b23c', 'tenant_name': 'tempest-ServerActionsTestOtherB-634204386', 'user_domain_id': 'default', 'user_domain_name': 'Default', 'user_id': '9df1642a53c940b2bfacc82e1ac975d0', 'system': None}, Network: None, Subnet: None, Router: None
2025-06-21 05:35:23.024 63093 INFO tempest.lib.common.rest_client [req-481ced24-54bd-4031-a0f8-521895522bd1 req-481ced24-54bd-4031-a0f8-521895522bd1 ] Request (FloatingIPsTestJSON:tearDownClass): 204 DELETE http://10.180.1.21/identity/v3/projects/3e1fc111b2274d1c976019581fd541de 0.173s
2025-06-21 05:35:23.047 63143 INFO tempest.lib.common.rest_client [req-b3d9da65-4d91-49a5-b318-fc4533973cb5 req-b3d9da65-4d91-49a5-b318-fc4533973cb5 ] Request (QuotasTestJSON:test_get_quotas): 200 GET http://10.180.1.21/compute/v2.1/os-quota-sets/1e7ea37ba3514d16ac9d04001f7ee39f 1.391s
2025-06-21 05:35:23.087 63113 INFO tempest.lib.common.rest_client [req-fdcf16f1-ef86-42bb-8908-f3d313732e61 req-fdcf16f1-ef86-42bb-8908-f3d313732e61 ] Request (SecurityGroupRulesTestJSON:test_security_group_rules_create): 200 POST http://10.180.1.21/compute/v2.1/os-security-groups 1.698s
2025-06-21 05:35:23.088 63147 INFO tempest.lib.common.rest_client [req-833e5dd0-6dab-4c5a-9481-07cc220da995 req-833e5dd0-6dab-4c5a-9481-07cc220da995 ] Request (ServerActionsTestOtherB:setUpClass): 201 POST http://10.180.1.21/identity/v3/auth/tokens 0.212s
2025-06-21 05:35:23.138 63093 INFO tempest.lib.common.rest_client [req-8f842d52-1f4b-4b7a-953f-7553bc6cc370 req-8f842d52-1f4b-4b7a-953f-7553bc6cc370 ] Request (ServersTestMultiNic:setUpClass): 201 POST http://10.180.1.21/identity/v3/auth/tokens 0.112s
2025-06-21 05:35:23.166 63131 INFO tempest.lib.common.rest_client [req-e16b98f8-1803-4984-af6d-80dfdc582890 req-e16b98f8-1803-4984-af6d-80dfdc582890 ] Request (ServersAaction247Test:tearDownClass): 200 GET http://10.180.1.21/compute/v2.1/servers/296f6c11-7108-42e6-8ada-5d8c08b00da6 0.943s
2025-06-21 05:35:23.170 63093 INFO tempest.lib.common.rest_client [req-5b167c4c-6492-4593-b55f-64dcd2d51173 req-5b167c4c-6492-4593-b55f-64dcd2d51173 ] Request (ServersTestMultiNic:setUpClass): 201 POST http://10.180.1.21/identity/v3/auth/tokens 0.030s
2025-06-21 05:35:23.200 63093 INFO tempest.lib.common.rest_client [req-45d1a1be-7df3-473e-8638-1b49131d0e69 req-45d1a1be-7df3-473e-8638-1b49131d0e69 ] Request (ServersTestMultiNic:setUpClass): 200 GET http://10.180.1.21/identity/v3/domains?name=Default 0.028s
2025-06-21 05:35:23.295 63093 INFO tempest.lib.common.rest_client [req-34acb10b-4c3a-4d98-9880-779beaad0ae4 req-34acb10b-4c3a-4d98-9880-779beaad0ae4 ] Request (ServersTestMultiNic:setUpClass): 201 POST http://10.180.1.21/identity/v3/projects 0.095s
2025-06-21 05:35:23.310 63151 INFO tempest.lib.common.rest_client [req-8cf4a4a1-e419-4dc2-acb0-1b254d1f2690 req-8cf4a4a1-e419-4dc2-acb0-1b254d1f2690 ] Request (AttachInterfacesV270Test:tearDownClass): 204 DELETE http://10.180.1.21/compute/v2.1/servers/6976b964-a8d3-4886-8aac-8d513e721018 1.018s
2025-06-21 05:35:23.325 63095 INFO tempest.lib.common.rest_client [req-f8e280d8-f82a-44ae-8d6a-34e94483e44b req-f8e280d8-f82a-44ae-8d6a-34e94483e44b ] Request (ServerRescueNegativeTestJSON:setUpClass): 200 GET http://10.180.1.21/compute/v2.1/servers/d9242042-6209-4b04-bf00-00dd04d9d6a0 1.257s
2025-06-21 05:35:23.337 63095 INFO tempest.common.waiters [-] State transition "BUILD/spawning" ==> "ACTIVE/None" after 35 second wait
2025-06-21 05:35:23.396 63149 INFO tempest.lib.common.rest_client [req-9079d2de-e181-4218-bb17-9d111b77dbf2 req-9079d2de-e181-4218-bb17-9d111b77dbf2 ] Request (ImagesOneServerNegativeTestJSON:setUpClass): 200 GET http://10.180.1.21/compute/v2.1/servers/29e69c7c-08f7-4da4-9509-02a94bf971bc 0.954s
2025-06-21 05:35:23.403 63093 INFO tempest.lib.common.rest_client [req-db558c53-44d8-44ff-abd9-16299157db9e req-db558c53-44d8-44ff-abd9-16299157db9e ] Request (ServersTestMultiNic:setUpClass): 201 POST http://10.180.1.21/identity/v3/users 0.106s
2025-06-21 05:35:23.435 63093 INFO tempest.lib.common.rest_client [req-8ac6715f-0fbc-4503-9bfb-dfe4e45db47e req-8ac6715f-0fbc-4503-9bfb-dfe4e45db47e ] Request (ServersTestMultiNic:setUpClass): 200 GET http://10.180.1.21/identity/v3/roles 0.029s
2025-06-21 05:35:23.468 63147 INFO tempest.lib.common.rest_client [req-40ac5a56-d484-4b38-b493-2db6be2b99de req-40ac5a56-d484-4b38-b493-2db6be2b99de ] Request (ServerActionsTestOtherB:setUpClass): 201 POST http://10.180.1.21:9696/networking/v2.0/networks 0.380s
2025-06-21 05:35:23.484 63093 INFO tempest.lib.common.rest_client [req-e313e939-e0bf-45a7-862b-d8aa2635466f req-e313e939-e0bf-45a7-862b-d8aa2635466f ] Request (ServersTestMultiNic:setUpClass): 204 PUT http://10.180.1.21/identity/v3/projects/d14adacd89bc460d8d1a7c7d2ecc5d7f/users/2b663046f1c5483a9b12968b16ccd98b/roles/79dc19b254bc49cea356c89d208fba0b 0.048s
2025-06-21 05:35:23.484 63093 INFO tempest.lib.common.dynamic_creds [-] Dynamic test user 2b663046f1c5483a9b12968b16ccd98b is created with scope project and roles: ['member']
2025-06-21 05:35:23.485 63093 INFO tempest.lib.common.dynamic_creds [-] Acquired dynamic creds: credentials: Credentials: {'domain_id': 'default', 'domain_name': 'Default', 'username': 'tempest-ServersTestMultiNic-1834266017-project-member', 'project_domain_id': 'default', 'project_domain_name': 'Default', 'project_id': 'd14adacd89bc460d8d1a7c7d2ecc5d7f', 'project_name': 'tempest-ServersTestMultiNic-1834266017', 'tenant_id': 'd14adacd89bc460d8d1a7c7d2ecc5d7f', 'tenant_name': 'tempest-ServersTestMultiNic-1834266017', 'user_domain_id': 'default', 'user_domain_name': 'Default', 'user_id': '2b663046f1c5483a9b12968b16ccd98b', 'system': None}, Network: None, Subnet: None, Router: None
2025-06-21 05:35:23.504 63103 INFO tempest.lib.common.rest_client [req-13aace21-b19d-4e8a-8c57-fe3c9ab74e09 req-13aace21-b19d-4e8a-8c57-fe3c9ab74e09 ] Request (ServerDiagnosticsV248Test:tearDownClass): 200 GET http://10.180.1.21/compute/v2.1/servers/591e4a92-7c03-4d70-885f-49a66032c97e 0.941s
2025-06-21 05:35:23.572 63093 INFO tempest.lib.common.rest_client [req-e609f464-3ff5-471b-a591-416d3cce6e3f req-e609f464-3ff5-471b-a591-416d3cce6e3f ] Request (ServersTestMultiNic:setUpClass): 201 POST http://10.180.1.21/identity/v3/auth/tokens 0.087s
2025-06-21 05:35:23.893 63147 INFO tempest.lib.common.rest_client [req-fdc9c18b-b53e-4cc0-a47b-6556f1ed7102 req-fdc9c18b-b53e-4cc0-a47b-6556f1ed7102 ] Request (ServerActionsTestOtherB:setUpClass): 201 POST http://10.180.1.21:9696/networking/v2.0/subnets 0.424s
2025-06-21 05:35:23.981 63130 INFO tempest.lib.common.rest_client [req-9b04c21d-7f09-461f-aeec-3ea06d96fc8c req-9b04c21d-7f09-461f-aeec-3ea06d96fc8c ] Request (ServerMetadataTestJSON:setUpClass): 202 POST http://10.180.1.21/compute/v2.1/servers 1.660s
2025-06-21 05:35:24.035 63127 INFO tempest.lib.common.rest_client [req-a3bf8974-0f63-4944-9667-d58c7807c12b req-a3bf8974-0f63-4944-9667-d58c7807c12b ] Request (FlavorsAdminTestJSON:_run_cleanups): 202 DELETE http://10.180.1.21/compute/v2.1/flavors/105421450 1.248s
2025-06-21 05:35:24.040 63093 INFO tempest.lib.common.rest_client [req-46371c7f-bd8c-4841-9fd5-f78bea48601c req-46371c7f-bd8c-4841-9fd5-f78bea48601c ] Request (ServersTestMultiNic:setUpClass): 201 POST http://10.180.1.21:9696/networking/v2.0/networks 0.466s
2025-06-21 05:35:24.056 63125 INFO tempest.lib.common.rest_client [req-35e0408d-2220-4c1c-a706-b4a7667e1fe9 req-35e0408d-2220-4c1c-a706-b4a7667e1fe9 ] Request (FloatingIPsAssociationNegativeTestJSON:setUpClass): 202 POST http://10.180.1.21/compute/v2.1/servers 1.371s
2025-06-21 05:35:24.096 63107 INFO tempest.lib.common.rest_client [req-41f3abf7-0982-4beb-ae34-930d7c7f7fab req-41f3abf7-0982-4beb-ae34-930d7c7f7fab ] Request (AggregatesAdminNegativeTestJSON:_run_cleanups): 200 DELETE http://10.180.1.21/compute/v2.1/os-aggregates/8 1.279s
2025-06-21 05:35:24.102 63139 WARNING tempest.lib.common.ssh [-] Failed to establish authenticated ssh connection to cirros@10.180.180.183 ([Errno None] Unable to connect to port 22 on 10.180.180.183). Number attempts: 4. Retry after 5 seconds.: paramiko.ssh_exception.NoValidConnectionsError: [Errno None] Unable to connect to port 22 on 10.180.180.183
2025-06-21 05:35:24.146 63119 INFO tempest.lib.common.rest_client [req-6596501f-acbd-4fd5-a482-1f04244ea95c req-6596501f-acbd-4fd5-a482-1f04244ea95c ] Request (DeleteServersAdminTestJSON:test_admin_delete_servers_of_others): 200 GET http://10.180.1.21/compute/v2.1/servers/0ebb226a-40a3-40cd-8492-ccce87baf0e6 1.348s
2025-06-21 05:35:24.148 63145 INFO tempest.lib.common.rest_client [req-5756a1ec-bf31-4004-95ff-9dc6468833f7 req-5756a1ec-bf31-4004-95ff-9dc6468833f7 ] Request (ImagesTestJSON:test_create_image_from_stopped_server): 200 GET http://10.180.1.21/compute/v2.1/images/e7328b9e-7c4e-41a4-ade1-d439df2073ed 1.293s
2025-06-21 05:35:24.260 63107 INFO tempest.lib.common.rest_client [req-16f04860-62d6-469c-9eaa-40f9c9f65d92 req-16f04860-62d6-469c-9eaa-40f9c9f65d92 ] Request (AggregatesAdminNegativeTestJSON:tearDownClass): 204 DELETE http://10.180.1.21/identity/v3/users/5333dd0cf9aa47fe8694ac8e90ca1151 0.162s
2025-06-21 05:35:24.377 63143 INFO tempest.lib.common.rest_client [req-ab832245-b9d3-40a3-b6b9-68aede471320 req-ab832245-b9d3-40a3-b6b9-68aede471320 ] Request (QuotasTestJSON:test_get_quotas): 200 GET http://10.180.1.21/compute/v2.1/os-quota-sets/1e7ea37ba3514d16ac9d04001f7ee39f?user_id=b37a7eeb54b340a2bee16760b3e5280e 1.327s
2025-06-21 05:35:24.435 63113 INFO tempest.lib.common.rest_client [req-ca6671a6-c740-463a-9f85-821d76ab5d37 req-ca6671a6-c740-463a-9f85-821d76ab5d37 ] Request (SecurityGroupRulesTestJSON:test_security_group_rules_create): 200 POST http://10.180.1.21/compute/v2.1/os-security-group-rules 1.344s
2025-06-21 05:35:24.477 63107 INFO tempest.lib.common.rest_client [req-49b12c8b-feab-41fa-b5eb-683d668cd829 req-49b12c8b-feab-41fa-b5eb-683d668cd829 ] Request (AggregatesAdminNegativeTestJSON:tearDownClass): 204 DELETE http://10.180.1.21/identity/v3/users/1f414d59a6854fa98b8ceae26cd889fd 0.216s
2025-06-21 05:35:24.477 63107 INFO tempest.lib.common.dynamic_creds [-] Deleting project and security group for project: 96aed177bea14d6a84cda2bef6b2f365
2025-06-21 05:35:24.529 63143 INFO tempest.lib.common.rest_client [req-91260ac2-52ef-4324-b6e4-8beb189f6804 req-91260ac2-52ef-4324-b6e4-8beb189f6804 ] Request (QuotasTestJSON:tearDownClass): 204 DELETE http://10.180.1.21/identity/v3/users/b37a7eeb54b340a2bee16760b3e5280e 0.145s
2025-06-21 05:35:24.529 63143 INFO tempest.lib.common.dynamic_creds [-] Deleting project and security group for project: 1e7ea37ba3514d16ac9d04001f7ee39f
2025-06-21 05:35:24.548 63093 INFO tempest.lib.common.rest_client [req-6c0c0e17-891f-461f-9f95-967ac7cda91b req-6c0c0e17-891f-461f-9f95-967ac7cda91b ] Request (ServersTestMultiNic:setUpClass): 201 POST http://10.180.1.21:9696/networking/v2.0/subnets 0.508s
2025-06-21 05:35:24.562 63137 INFO tempest.lib.common.rest_client [req-9c56ef78-a3ed-41d6-9edf-ec24c1d31a46 req-9c56ef78-a3ed-41d6-9edf-ec24c1d31a46 ] Request (MigrationsAdminTest:test_list_migrations_in_flavor_resize_situation): 200 GET http://10.180.1.21/compute/v2.1/servers/6a592192-1b41-4be2-84a6-c3b76a4e5643 1.260s
2025-06-21 05:35:24.585 63107 INFO tempest.lib.common.rest_client [req-e48a7694-1153-4133-addc-e93a9d3f7dd4 req-e48a7694-1153-4133-addc-e93a9d3f7dd4 ] Request (AggregatesAdminNegativeTestJSON:tearDownClass): 201 POST http://10.180.1.21/identity/v3/auth/tokens 0.107s
2025-06-21 05:35:24.690 63151 INFO tempest.lib.common.rest_client [req-b8b929f4-4ff2-4cc3-9d8b-9caf8132dd27 req-b8b929f4-4ff2-4cc3-9d8b-9caf8132dd27 ] Request (AttachInterfacesV270Test:tearDownClass): 200 GET http://10.180.1.21/compute/v2.1/servers/6976b964-a8d3-4886-8aac-8d513e721018 1.379s
2025-06-21 05:35:24.709 63143 INFO tempest.lib.common.rest_client [req-80b8c20f-ed77-447e-ab33-873af4c02f52 req-80b8c20f-ed77-447e-ab33-873af4c02f52 ] Request (QuotasTestJSON:tearDownClass): 201 POST http://10.180.1.21/identity/v3/auth/tokens 0.179s
2025-06-21 05:35:24.727 63095 INFO tempest.lib.common.rest_client [req-9b2348cd-c914-4e84-9fec-ac73515a1ef7 req-9b2348cd-c914-4e84-9fec-ac73515a1ef7 ] Request (ServerRescueNegativeTestJSON:setUpClass): 200 POST http://10.180.1.21/compute/v2.1/servers/d9242042-6209-4b04-bf00-00dd04d9d6a0/action 1.389s
