2025-06-21 05:37:10.869 63135 INFO tempest.lib.common.rest_client [req-93ffec34-708c-4bf4-9747-90a68a3e48f3 req-93ffec34-708c-4bf4-9747-90a68a3e48f3 ] Request (AttachVolumeTestJSON:setUpClass): 201 POST http://10.180.1.21:9696/networking/v2.0/subnets 0.464s
2025-06-21 05:37:10.912 63130 INFO tempest.lib.common.rest_client [req-8ae4caf0-0b01-4d64-a15b-12a731c3693e req-8ae4caf0-0b01-4d64-a15b-12a731c3693e ] Request (ServerMetadataTestJSON:tearDownClass): 200 GET http://10.180.1.21/compute/v2.1/servers/a589a3d8-20dc-4ff5-a192-c540e29f39d6 0.081s
2025-06-21 05:37:10.976 63095 INFO tempest.lib.common.rest_client [req-17b32385-8169-4811-aae8-b84d5eb73e27 req-17b32385-8169-4811-aae8-b84d5eb73e27 ] Request (ServerRescueNegativeTestJSON:test_rescued_vm_detach_volume): 200 GET http://10.180.1.21/compute/v2.1/servers/3e4479a0-8edd-4b37-8cc9-2c91275b88ee 0.064s
2025-06-21 05:37:11.022 63113 INFO tempest.lib.common.rest_client [req-7cb6071a-9fb2-4b44-94c6-aebb6ef5bfd2 req-7cb6071a-9fb2-4b44-94c6-aebb6ef5bfd2 ] Request (AttachInterfacesUnderV243Test:test_add_remove_fixed_ip): 200 GET http://10.180.1.21/compute/v2.1/servers/d366a755-49b4-427b-8564-d8572a7fbbb7 0.057s
2025-06-21 05:37:11.077 63145 INFO tempest.lib.common.rest_client [req-b522c63e-5d5b-43ab-b34f-ae9d6d239a7e req-b522c63e-5d5b-43ab-b34f-ae9d6d239a7e ] Request (ImagesTestJSON:test_create_server_from_snapshot): 200 GET http://10.180.1.21/compute/v2.1/servers/c8765756-0870-4a06-a1a5-d02177959b29 0.057s
2025-06-21 05:37:11.174 63147 WARNING tempest.lib.common.ssh [-] Failed to establish authenticated ssh connection to cirros@10.180.180.230 ([Errno None] Unable to connect to port 22 on 10.180.180.230). Number attempts: 4. Retry after 5 seconds.: paramiko.ssh_exception.NoValidConnectionsError: [Errno None] Unable to connect to port 22 on 10.180.180.230
2025-06-21 05:37:11.193 63137 INFO tempest.lib.common.rest_client [req-5a6c0dbe-ebac-48e4-afb7-798c0b432297 req-5a6c0dbe-ebac-48e4-afb7-798c0b432297 ] Request (MigrationsAdminTest:test_resize_server_revert_deleted_flavor): 200 GET http://10.180.1.21/compute/v2.1/servers/9cd89da4-d190-4bfc-81e1-da15b98d54ba 0.096s
2025-06-21 05:37:11.203 63123 INFO tempest.lib.common.rest_client [req-85a90b79-fa23-46a2-9c8c-198932c8ad44 req-85a90b79-fa23-46a2-9c8c-198932c8ad44 ] Request (ServersAdminTestJSON:test_create_server_with_scheduling_hint): 200 GET http://10.180.1.21/compute/v2.1/servers/cbc5985a-38e7-4e52-9fb0-264b5cec013a 0.108s
2025-06-21 05:37:11.262 63093 INFO tempest.lib.common.rest_client [req-c20ba9d1-892e-4845-84ef-7741663af081 req-c20ba9d1-892e-4845-84ef-7741663af081 ] Request (ServersTestMultiNic:_run_cleanups): 200 GET http://10.180.1.21/compute/v2.1/servers/961dedc6-5ddd-4620-bfa7-54cf0c520af3 0.065s
2025-06-21 05:37:11.269 63125 INFO tempest.lib.common.rest_client [req-c89292b2-fa20-46fe-ae07-ddeed428cc4a req-c89292b2-fa20-46fe-ae07-ddeed428cc4a ] Request (FloatingIPsAssociationNegativeTestJSON:tearDownClass): 200 GET http://10.180.1.21/compute/v2.1/servers/369cd937-4c18-4068-ae59-70a1d585094b 0.074s
2025-06-21 05:37:11.335 63099 INFO tempest.lib.common.rest_client [req-927f76a1-0526-4aaa-b3a1-5227eb870d0a req-927f76a1-0526-4aaa-b3a1-5227eb870d0a ] Request (ServerShowV257Test:test_rebuild_server): 200 GET http://10.180.1.21/compute/v2.1/servers/c9e11016-e92a-459e-b5ee-b0e43ce29450 0.069s
2025-06-21 05:37:11.342 63105 INFO tempest.lib.common.rest_client [req-fd0cb253-5b10-4226-a5d4-64ba8c43b4e8 req-fd0cb253-5b10-4226-a5d4-64ba8c43b4e8 ] Request (ListServersNegativeTestJSON:tearDownClass): 200 GET http://10.180.1.21/compute/v2.1/servers/961f313b-b43f-4531-8a4b-0a39421d6a34 0.076s
2025-06-21 05:37:11.423 63141 INFO tempest.lib.common.rest_client [req-19cad1f4-1c0f-45bd-8c2a-949a939a6358 req-19cad1f4-1c0f-45bd-8c2a-949a939a6358 ] Request (SecurityGroupsTestJSON:test_list_security_groups_by_server): 200 GET http://10.180.1.21/compute/v2.1/servers/425e8edd-c002-45a1-bb6f-ee3ac8812509 0.068s
2025-06-21 05:37:11.426 63117 INFO tempest.lib.common.rest_client [req-2e03ff27-53a1-42d2-a013-35bf72a436b8 req-2e03ff27-53a1-42d2-a013-35bf72a436b8 ] Request (InstanceActionsTestJSON:tearDownClass): 200 GET http://10.180.1.21/compute/v2.1/servers/1a16bd56-0992-4bec-bd3f-2836dfe68579 0.088s
2025-06-21 05:37:11.541 63119 INFO tempest.lib.common.rest_client [req-08c8107e-a243-4aaa-bc45-d75ace48c8a3 req-08c8107e-a243-4aaa-bc45-d75ace48c8a3 ] Request (DeleteServersAdminTestJSON:test_delete_server_while_in_error_state): 200 GET http://10.180.1.21/compute/v2.1/servers/56f9e03c-1157-442f-8add-156627a6ec1e 0.063s
2025-06-21 05:37:11.571 63127 INFO tempest.lib.common.rest_client [req-031a1b75-2c07-40b5-9d43-8d1b1c64581c req-031a1b75-2c07-40b5-9d43-8d1b1c64581c ] Request (ServerExternalEventsTest:test_create_server_external_events): 200 GET http://10.180.1.21/compute/v2.1/servers/b289800f-49ce-49e7-b6bc-a3b4ec84b434 0.162s
2025-06-21 05:37:11.583 63127 INFO tempest.common.waiters [-] State transition "BUILD/None" ==> "BUILD/block_device_mapping" after 87 second wait
2025-06-21 05:37:11.713 63135 INFO tempest.lib.common.rest_client [req-b12e1f17-a43b-4a89-aa24-0547ffc0354d req-b12e1f17-a43b-4a89-aa24-0547ffc0354d ] Request (AttachVolumeTestJSON:setUpClass): 201 POST http://10.180.1.21:9696/networking/v2.0/routers 0.844s
2025-06-21 05:37:11.748 63134 INFO tempest.lib.common.rest_client [req-a09db2bf-4bc3-4ed6-bdd3-4b224f670086 req-a09db2bf-4bc3-4ed6-bdd3-4b224f670086 ] Request (MultipleCreateTestJSON:test_multiple_create_with_reservation_return): 200 GET http://10.180.1.21/compute/v2.1/servers/c18acec7-cf95-4cdf-aa49-32419d364534 0.062s
2025-06-21 05:37:11.772 63151 INFO tempest.lib.common.rest_client [req-8d9942cb-6902-40de-a260-d89c497f3e27 req-8d9942cb-6902-40de-a260-d89c497f3e27 ] Request (ServersTestJSON:setUpClass): 200 GET http://10.180.1.21/compute/v2.1/servers/1f40dc62-1a58-4cfb-8785-c37b68747f37 0.078s
2025-06-21 05:37:11.827 63089 INFO tempest.lib.common.rest_client [req-9fefab39-51cb-4b13-b644-968d13682f05 req-9fefab39-51cb-4b13-b644-968d13682f05 ] Request (ServerMetadataNegativeTestJSON:setUpClass): 200 GET http://10.180.1.21/compute/v2.1/servers/413eaa2e-7bbc-402e-b0d3-f030b6395d7b 0.066s
2025-06-21 05:37:11.858 63103 INFO tempest.lib.common.rest_client [req-24108948-0660-4c82-a7f1-741ffc03890a req-24108948-0660-4c82-a7f1-741ffc03890a ] Request (ServersListShow2100Test:test_list_show_rebuild_update_server_2100): 200 GET http://10.180.1.21/compute/v2.1/servers/127fee64-fd56-4a23-bdd2-18c817898fd5 0.085s
2025-06-21 05:37:11.871 63097 INFO tempest.lib.common.rest_client [req-dd85d388-7930-4891-896a-7ff32f021b03 req-dd85d388-7930-4891-896a-7ff32f021b03 ] Request (ImagesOneServerTestJSON:test_create_delete_image): 200 GET http://10.180.1.21/compute/v2.1/images/c73af40e-dd5c-4c62-8e27-a5a56963e1c7 0.080s
2025-06-21 05:37:11.894 63101 INFO paramiko.transport [-] Connected (version 2.0, client dropbear_2020.81)
2025-06-21 05:37:11.925 63149 INFO tempest.lib.common.rest_client [req-4f16d6ee-c7b0-4e51-a967-24c9161db85c req-4f16d6ee-c7b0-4e51-a967-24c9161db85c ] Request (ImagesOneServerNegativeTestJSON:_run_cleanups): 200 GET http://10.180.1.21/compute/v2.1/servers/7cca1c35-6bfc-450d-ba74-0e825b160e8f 0.086s
2025-06-21 05:37:11.986 63130 INFO tempest.lib.common.rest_client [req-1eb3a9b0-8e00-4e69-add4-c1ad7a62e37f req-1eb3a9b0-8e00-4e69-add4-c1ad7a62e37f ] Request (ServerMetadataTestJSON:tearDownClass): 200 GET http://10.180.1.21/compute/v2.1/servers/a589a3d8-20dc-4ff5-a192-c540e29f39d6 0.064s
2025-06-21 05:37:11.998 63101 INFO paramiko.transport [-] Authentication (publickey) successful!
2025-06-21 05:37:11.999 63101 INFO tempest.lib.common.ssh [-] ssh connection to cirros@10.180.180.193 successfully created
2025-06-21 05:37:12.047 63095 INFO tempest.lib.common.rest_client [req-29305a9d-d2d2-4cf3-8290-da206a2468e0 req-29305a9d-d2d2-4cf3-8290-da206a2468e0 ] Request (ServerRescueNegativeTestJSON:test_rescued_vm_detach_volume): 200 GET http://10.180.1.21/compute/v2.1/servers/3e4479a0-8edd-4b37-8cc9-2c91275b88ee 0.057s
2025-06-21 05:37:12.099 63101 INFO tempest.lib.common.rest_client [req-30cce8ff-3cc0-4812-aa28-dbebae920bf4 req-30cce8ff-3cc0-4812-aa28-dbebae920bf4 ] Request (ServersTestFqdnHostnames:tearDownClass): 204 DELETE http://10.180.1.21/compute/v2.1/servers/8213c50c-1d0c-4a4a-aae7-a5b1b0000fe4 0.092s
2025-06-21 05:37:12.108 63113 INFO tempest.lib.common.rest_client [req-c8292ebb-650b-41f4-a434-c91e968d0f09 req-c8292ebb-650b-41f4-a434-c91e968d0f09 ] Request (AttachInterfacesUnderV243Test:test_add_remove_fixed_ip): 200 GET http://10.180.1.21/compute/v2.1/servers/d366a755-49b4-427b-8564-d8572a7fbbb7 0.078s
2025-06-21 05:37:12.171 63145 INFO tempest.lib.common.rest_client [req-80c7a587-c1f4-4548-8d5c-5c79057b2190 req-80c7a587-c1f4-4548-8d5c-5c79057b2190 ] Request (ImagesTestJSON:test_create_server_from_snapshot): 200 GET http://10.180.1.21/compute/v2.1/servers/c8765756-0870-4a06-a1a5-d02177959b29 0.085s
2025-06-21 05:37:12.268 63137 INFO tempest.lib.common.rest_client [req-5aa1bfa6-d300-4d53-ab0f-080d9d6cac82 req-5aa1bfa6-d300-4d53-ab0f-080d9d6cac82 ] Request (MigrationsAdminTest:test_resize_server_revert_deleted_flavor): 200 GET http://10.180.1.21/compute/v2.1/servers/9cd89da4-d190-4bfc-81e1-da15b98d54ba 0.068s
2025-06-21 05:37:12.310 63101 INFO tempest.lib.common.rest_client [req-51cb6141-771d-474e-90bf-9f12fe09ce4f req-51cb6141-771d-474e-90bf-9f12fe09ce4f ] Request (ServersTestFqdnHostnames:tearDownClass): 200 GET http://10.180.1.21/compute/v2.1/servers/8213c50c-1d0c-4a4a-aae7-a5b1b0000fe4 0.210s
2025-06-21 05:37:12.325 63123 INFO tempest.lib.common.rest_client [req-d08a51c4-8b48-4561-9835-84e45aded8ac req-d08a51c4-8b48-4561-9835-84e45aded8ac ] Request (ServersAdminTestJSON:test_create_server_with_scheduling_hint): 200 GET http://10.180.1.21/compute/v2.1/servers/cbc5985a-38e7-4e52-9fb0-264b5cec013a 0.114s
2025-06-21 05:37:12.381 63125 INFO tempest.lib.common.rest_client [req-6abd70f3-931e-4835-a1ef-b75ea13ca334 req-6abd70f3-931e-4835-a1ef-b75ea13ca334 ] Request (FloatingIPsAssociationNegativeTestJSON:tearDownClass): 200 GET http://10.180.1.21/compute/v2.1/servers/369cd937-4c18-4068-ae59-70a1d585094b 0.104s
2025-06-21 05:37:12.388 63093 INFO tempest.lib.common.rest_client [req-397b3f23-ea52-4609-88ba-c6fadce909f7 req-397b3f23-ea52-4609-88ba-c6fadce909f7 ] Request (ServersTestMultiNic:_run_cleanups): 200 GET http://10.180.1.21/compute/v2.1/servers/961dedc6-5ddd-4620-bfa7-54cf0c520af3 0.118s
2025-06-21 05:37:12.432 63099 INFO tempest.lib.common.rest_client [req-e50a21d9-3a67-4fe4-b890-5e8013872054 req-e50a21d9-3a67-4fe4-b890-5e8013872054 ] Request (ServerShowV257Test:test_rebuild_server): 200 GET http://10.180.1.21/compute/v2.1/servers/c9e11016-e92a-459e-b5ee-b0e43ce29450 0.084s
2025-06-21 05:37:12.470 63105 INFO tempest.lib.common.rest_client [req-44a2912e-489a-4c33-818e-74d4ddbe9404 req-44a2912e-489a-4c33-818e-74d4ddbe9404 ] Request (ListServersNegativeTestJSON:tearDownClass): 200 GET http://10.180.1.21/compute/v2.1/servers/961f313b-b43f-4531-8a4b-0a39421d6a34 0.117s
2025-06-21 05:37:12.487 63141 INFO tempest.lib.common.rest_client [req-7e494729-2bd1-47cc-a2eb-cd71dcb89bbf req-7e494729-2bd1-47cc-a2eb-cd71dcb89bbf ] Request (SecurityGroupsTestJSON:test_list_security_groups_by_server): 200 GET http://10.180.1.21/compute/v2.1/servers/425e8edd-c002-45a1-bb6f-ee3ac8812509 0.055s
2025-06-21 05:37:12.536 63117 INFO tempest.lib.common.rest_client [req-830a4777-da77-4bde-973b-49d21e70c094 req-830a4777-da77-4bde-973b-49d21e70c094 ] Request (InstanceActionsTestJSON:tearDownClass): 200 GET http://10.180.1.21/compute/v2.1/servers/1a16bd56-0992-4bec-bd3f-2836dfe68579 0.103s
2025-06-21 05:37:12.615 63119 INFO tempest.lib.common.rest_client [req-51cf191d-f589-4a42-af82-4df2e9aa66d6 req-51cf191d-f589-4a42-af82-4df2e9aa66d6 ] Request (DeleteServersAdminTestJSON:test_delete_server_while_in_error_state): 200 GET http://10.180.1.21/compute/v2.1/servers/56f9e03c-1157-442f-8add-156627a6ec1e 0.065s
2025-06-21 05:37:12.699 63127 INFO tempest.lib.common.rest_client [req-ae65904b-681f-4cfd-8d83-a324c7660533 req-ae65904b-681f-4cfd-8d83-a324c7660533 ] Request (ServerExternalEventsTest:test_create_server_external_events): 200 GET http://10.180.1.21/compute/v2.1/servers/b289800f-49ce-49e7-b6bc-a3b4ec84b434 0.115s
2025-06-21 05:37:12.706 63127 INFO tempest.common.waiters [-] State transition "BUILD/block_device_mapping" ==> "BUILD/spawning" after 88 second wait
2025-06-21 05:37:12.749 63135 INFO tempest.lib.common.rest_client [req-fb60d263-379e-4028-a9b5-c10b818fad68 req-fb60d263-379e-4028-a9b5-c10b818fad68 ] Request (AttachVolumeTestJSON:setUpClass): 200 PUT http://10.180.1.21:9696/networking/v2.0/routers/bf99bb52-47d5-4b12-bac3-e3c9a4363178/add_router_interface 1.035s
2025-06-21 05:37:12.749 63135 INFO tempest.lib.common.dynamic_creds [-] Created isolated network resources for: credentials: Credentials: {'domain_id': 'default', 'domain_name': 'Default', 'username': 'tempest-AttachVolumeTestJSON-1694269603-project-member', 'project_domain_id': 'default', 'project_domain_name': 'Default', 'project_id': '2b3ba1c9c7624abfb3e0bd880dc40166', 'project_name': 'tempest-AttachVolumeTestJSON-1694269603', 'tenant_id': '2b3ba1c9c7624abfb3e0bd880dc40166', 'tenant_name': 'tempest-AttachVolumeTestJSON-1694269603', 'user_domain_id': 'default', 'user_domain_name': 'Default', 'user_id': '8497da37b9de4640826067a536d8a358', 'system': None}, Network: {'id': '5363651c-6ade-4a4c-b762-9fc7cbbcf5ea', 'name': 'tempest-AttachVolumeTestJSON-1833251571-network', 'tenant_id': '2b3ba1c9c7624abfb3e0bd880dc40166', 'admin_state_up': True, 'mtu': 8950, 'status': 'ACTIVE', 'subnets': [], 'shared': False, 'project_id': '2b3ba1c9c7624abfb3e0bd880dc40166', 'port_security_enabled': True, 'router:external': False, 'provider:network_type': 'vlan', 'provider:physical_network': 'default', 'provider:segmentation_id': 536, 'availability_zone_hints': [], 'availability_zones': [], 'ipv4_address_scope': None, 'ipv6_address_scope': None, 'description': '', 'tags': [], 'created_at': '2025-06-21T05:37:10Z', 'updated_at': '2025-06-21T05:37:10Z', 'revision_number': 1}, Subnet: {'id': '58d943c2-94e6-4569-8ab3-a08ef0670a09', 'name': 'tempest-AttachVolumeTestJSON-1833251571-subnet', 'tenant_id': '2b3ba1c9c7624abfb3e0bd880dc40166', 'network_id': '5363651c-6ade-4a4c-b762-9fc7cbbcf5ea', 'ip_version': 4, 'subnetpool_id': None, 'enable_dhcp': True, 'ipv6_ra_mode': None, 'ipv6_address_mode': None, 'gateway_ip': '192.168.128.1', 'cidr': '192.168.128.0/28', 'allocation_pools': [{'start': '192.168.128.2', 'end': '192.168.128.14'}], 'host_routes': [], 'dns_nameservers': [], 'description': '', 'router:external': False, 'service_types': [], 'tags': [], 'created_at': '2025-06-21T05:37:10Z', 'updated_at': '2025-06-21T05:37:10Z', 'revision_number': 0, 'project_id': '2b3ba1c9c7624abfb3e0bd880dc40166'}, Router: {'id': 'bf99bb52-47d5-4b12-bac3-e3c9a4363178', 'name': 'tempest-AttachVolumeTestJSON-1833251571-router', 'tenant_id': '2b3ba1c9c7624abfb3e0bd880dc40166', 'admin_state_up': True, 'status': 'ACTIVE', 'external_gateway_info': {'network_id': '1650b2b1-0a9c-4d76-ab3a-ec7bcc48b22f', 'external_fixed_ips': [{'subnet_id': '4b4e2858-8704-4c86-9c3d-42d02dee2f4b', 'ip_address': '10.180.180.129'}], 'enable_snat': True}, 'description': '', 'availability_zones': [], 'distributed': False, 'ha': False, 'availability_zone_hints': [], 'routes': [], 'flavor_id': None, 'tags': [], 'created_at': '2025-06-21T05:37:10Z', 'updated_at': '2025-06-21T05:37:11Z', 'revision_number': 2, 'project_id': '2b3ba1c9c7624abfb3e0bd880dc40166'}
2025-06-21 05:37:12.840 63134 INFO tempest.lib.common.rest_client [req-7a1ec17a-ac94-4fb3-b5a3-ffdd080ac60d req-7a1ec17a-ac94-4fb3-b5a3-ffdd080ac60d ] Request (MultipleCreateTestJSON:test_multiple_create_with_reservation_return): 200 GET http://10.180.1.21/compute/v2.1/servers/c18acec7-cf95-4cdf-aa49-32419d364534 0.079s
2025-06-21 05:37:12.843 63151 INFO tempest.lib.common.rest_client [req-10134acb-1388-4d03-ab04-eb54bee4ae2b req-10134acb-1388-4d03-ab04-eb54bee4ae2b ] Request (ServersTestJSON:setUpClass): 200 GET http://10.180.1.21/compute/v2.1/servers/1f40dc62-1a58-4cfb-8785-c37b68747f37 0.061s
2025-06-21 05:37:12.856 63135 INFO tempest.lib.common.rest_client [req-9a42d005-7d9a-400a-b6b1-1d795d8ff887 req-9a42d005-7d9a-400a-b6b1-1d795d8ff887 ] Request (AttachVolumeTestJSON:setUpClass): 201 POST http://10.180.1.21/identity/v3/auth/tokens 0.103s
2025-06-21 05:37:12.905 63089 INFO tempest.lib.common.rest_client [req-f6f5d797-8ccf-4fbc-ad15-490516142219 req-f6f5d797-8ccf-4fbc-ad15-490516142219 ] Request (ServerMetadataNegativeTestJSON:setUpClass): 200 GET http://10.180.1.21/compute/v2.1/servers/413eaa2e-7bbc-402e-b0d3-f030b6395d7b 0.063s
2025-06-21 05:37:12.939 63097 INFO tempest.lib.common.rest_client [req-c52435cb-9770-44b3-b978-a4a5f1353e0d req-c52435cb-9770-44b3-b978-a4a5f1353e0d ] Request (ImagesOneServerTestJSON:test_create_delete_image): 200 GET http://10.180.1.21/compute/v2.1/images/c73af40e-dd5c-4c62-8e27-a5a56963e1c7 0.065s
2025-06-21 05:37:12.983 63135 INFO tempest.lib.common.rest_client [req-5448bd19-f2b4-4af8-aadd-ac6fb5bababf req-5448bd19-f2b4-4af8-aadd-ac6fb5bababf ] Request (ValidationResourcesFixture:setUp): 200 POST http://10.180.1.21/compute/v2.1/os-keypairs 0.125s
2025-06-21 05:37:13.017 63103 INFO tempest.lib.common.rest_client [req-1e2943ac-2faf-489e-a5fe-04202aad898e req-1e2943ac-2faf-489e-a5fe-04202aad898e ] Request (ServersListShow2100Test:test_list_show_rebuild_update_server_2100): 200 GET http://10.180.1.21/compute/v2.1/servers/127fee64-fd56-4a23-bdd2-18c817898fd5 0.141s
2025-06-21 05:37:13.069 63149 INFO tempest.lib.common.rest_client [req-59847e37-427b-471d-8c12-f5b50e27235b req-59847e37-427b-471d-8c12-f5b50e27235b ] Request (ImagesOneServerNegativeTestJSON:_run_cleanups): 200 GET http://10.180.1.21/compute/v2.1/servers/7cca1c35-6bfc-450d-ba74-0e825b160e8f 0.134s
2025-06-21 05:37:13.092 63130 INFO tempest.lib.common.rest_client [req-dc0e6780-3e51-4da7-a31b-e1cee2379356 req-dc0e6780-3e51-4da7-a31b-e1cee2379356 ] Request (ServerMetadataTestJSON:tearDownClass): 200 GET http://10.180.1.21/compute/v2.1/servers/a589a3d8-20dc-4ff5-a192-c540e29f39d6 0.095s
2025-06-21 05:37:13.132 63095 INFO tempest.lib.common.rest_client [req-26df6e62-8cde-458a-896e-13bb078b004f req-26df6e62-8cde-458a-896e-13bb078b004f ] Request (ServerRescueNegativeTestJSON:test_rescued_vm_detach_volume): 200 GET http://10.180.1.21/compute/v2.1/servers/3e4479a0-8edd-4b37-8cc9-2c91275b88ee 0.068s
2025-06-21 05:37:13.188 63135 INFO tempest.lib.common.rest_client [req-b3534ac2-2f47-4b1e-b1a4-6652d8282712 req-b3534ac2-2f47-4b1e-b1a4-6652d8282712 ] Request (ValidationResourcesFixture:setUp): 201 POST http://10.180.1.21:9696/networking/v2.0/security-groups 0.202s
2025-06-21 05:37:13.190 63113 INFO tempest.lib.common.rest_client [req-c6471e18-3abc-40fb-8cd3-8953ba1719d2 req-c6471e18-3abc-40fb-8cd3-8953ba1719d2 ] Request (AttachInterfacesUnderV243Test:test_add_remove_fixed_ip): 200 GET http://10.180.1.21/compute/v2.1/servers/d366a755-49b4-427b-8564-d8572a7fbbb7 0.070s
2025-06-21 05:37:13.200 63113 INFO tempest.common.waiters [-] State transition "BUILD/None" ==> "BUILD/networking" after 83 second wait
2025-06-21 05:37:13.251 63145 INFO tempest.lib.common.rest_client [req-f10ce1b1-79d4-4868-952c-e5bccb6c8ee3 req-f10ce1b1-79d4-4868-952c-e5bccb6c8ee3 ] Request (ImagesTestJSON:test_create_server_from_snapshot): 200 GET http://10.180.1.21/compute/v2.1/servers/c8765756-0870-4a06-a1a5-d02177959b29 0.071s
2025-06-21 05:37:13.287 63116 WARNING tempest.lib.common.ssh [-] Failed to establish authenticated ssh connection to cirros@10.180.180.229 ([Errno None] Unable to connect to port 22 on 10.180.180.229). Number attempts: 6. Retry after 7 seconds.: paramiko.ssh_exception.NoValidConnectionsError: [Errno None] Unable to connect to port 22 on 10.180.180.229
2025-06-21 05:37:13.308 63135 INFO tempest.lib.common.rest_client [req-a136ae55-0022-430c-9e80-07cc43e4b0b4 req-a136ae55-0022-430c-9e80-07cc43e4b0b4 ] Request (ValidationResourcesFixture:setUp): 201 POST http://10.180.1.21:9696/networking/v2.0/security-group-rules 0.120s
2025-06-21 05:37:13.348 63137 INFO tempest.lib.common.rest_client [req-704e67c4-aed5-4ec1-88d4-9d231735482f req-704e67c4-aed5-4ec1-88d4-9d231735482f ] Request (MigrationsAdminTest:test_resize_server_revert_deleted_flavor): 200 GET http://10.180.1.21/compute/v2.1/servers/9cd89da4-d190-4bfc-81e1-da15b98d54ba 0.070s
2025-06-21 05:37:13.404 63123 INFO tempest.lib.common.rest_client [req-9c2f5b79-3df3-4c56-b175-ba4e0923d1b8 req-9c2f5b79-3df3-4c56-b175-ba4e0923d1b8 ] Request (ServersAdminTestJSON:test_create_server_with_scheduling_hint): 200 GET http://10.180.1.21/compute/v2.1/servers/cbc5985a-38e7-4e52-9fb0-264b5cec013a 0.064s
2025-06-21 05:37:13.420 63135 INFO tempest.lib.common.rest_client [req-eb488cbc-e2f4-4347-8c9d-ad7e584c7609 req-eb488cbc-e2f4-4347-8c9d-ad7e584c7609 ] Request (ValidationResourcesFixture:setUp): 201 POST http://10.180.1.21:9696/networking/v2.0/security-group-rules 0.111s
2025-06-21 05:37:13.440 63101 INFO tempest.lib.common.rest_client [req-62e1d68f-d7cb-4f42-a243-45b5d92c61db req-62e1d68f-d7cb-4f42-a243-45b5d92c61db ] Request (ServersTestFqdnHostnames:tearDownClass): 200 GET http://10.180.1.21/compute/v2.1/servers/8213c50c-1d0c-4a4a-aae7-a5b1b0000fe4 0.121s
2025-06-21 05:37:13.479 63125 INFO tempest.lib.common.rest_client [req-dc4cbb67-0be4-4279-ac06-1d92bf788e98 req-dc4cbb67-0be4-4279-ac06-1d92bf788e98 ] Request (FloatingIPsAssociationNegativeTestJSON:tearDownClass): 200 GET http://10.180.1.21/compute/v2.1/servers/369cd937-4c18-4068-ae59-70a1d585094b 0.085s
2025-06-21 05:37:13.518 63093 INFO tempest.lib.common.rest_client [req-a82dedaa-8931-4d87-bc48-978421c1ef7f req-a82dedaa-8931-4d87-bc48-978421c1ef7f ] Request (ServersTestMultiNic:_run_cleanups): 200 GET http://10.180.1.21/compute/v2.1/servers/961dedc6-5ddd-4620-bfa7-54cf0c520af3 0.122s
2025-06-21 05:37:13.545 63099 INFO tempest.lib.common.rest_client [req-520eee03-3ec2-49fb-89bb-4b02e2447f35 req-520eee03-3ec2-49fb-89bb-4b02e2447f35 ] Request (ServerShowV257Test:test_rebuild_server): 200 GET http://10.180.1.21/compute/v2.1/servers/c9e11016-e92a-459e-b5ee-b0e43ce29450 0.102s
2025-06-21 05:37:13.584 63105 INFO tempest.lib.common.rest_client [req-e636bf68-b62b-40a1-8258-1b9faf4f063f req-e636bf68-b62b-40a1-8258-1b9faf4f063f ] Request (ListServersNegativeTestJSON:tearDownClass): 200 GET http://10.180.1.21/compute/v2.1/servers/961f313b-b43f-4531-8a4b-0a39421d6a34 0.106s
2025-06-21 05:37:13.600 63141 INFO tempest.lib.common.rest_client [req-5e25a639-b635-44bb-baf0-931cce18a7e6 req-5e25a639-b635-44bb-baf0-931cce18a7e6 ] Request (SecurityGroupsTestJSON:test_list_security_groups_by_server): 200 GET http://10.180.1.21/compute/v2.1/servers/425e8edd-c002-45a1-bb6f-ee3ac8812509 0.100s
2025-06-21 05:37:13.657 63117 INFO tempest.lib.common.rest_client [req-73e077b5-fb40-4855-94a0-72da3a4bf018 req-73e077b5-fb40-4855-94a0-72da3a4bf018 ] Request (InstanceActionsTestJSON:tearDownClass): 200 GET http://10.180.1.21/compute/v2.1/servers/1a16bd56-0992-4bec-bd3f-2836dfe68579 0.113s
2025-06-21 05:37:13.695 63119 INFO tempest.lib.common.rest_client [req-2d1de30b-c2be-4cb8-8f9b-1a5a25e571fa req-2d1de30b-c2be-4cb8-8f9b-1a5a25e571fa ] Request (DeleteServersAdminTestJSON:test_delete_server_while_in_error_state): 200 GET http://10.180.1.21/compute/v2.1/servers/56f9e03c-1157-442f-8add-156627a6ec1e 0.070s
2025-06-21 05:37:13.835 63127 INFO tempest.lib.common.rest_client [req-141768cd-d788-472a-b12d-d8faf48cf290 req-141768cd-d788-472a-b12d-d8faf48cf290 ] Request (ServerExternalEventsTest:test_create_server_external_events): 200 GET http://10.180.1.21/compute/v2.1/servers/b289800f-49ce-49e7-b6bc-a3b4ec84b434 0.127s
2025-06-21 05:37:13.903 63135 INFO tempest.lib.common.rest_client [req-af62c11b-b7d9-4437-b05c-5ff91590723f req-af62c11b-b7d9-4437-b05c-5ff91590723f ] Request (ValidationResourcesFixture:setUp): 201 POST http://10.180.1.21:9696/networking/v2.0/floatingips 0.482s
2025-06-21 05:37:13.912 63134 INFO tempest.lib.common.rest_client [req-54ea41a9-f49d-4724-b667-203d13f35136 req-54ea41a9-f49d-4724-b667-203d13f35136 ] Request (MultipleCreateTestJSON:test_multiple_create_with_reservation_return): 200 GET http://10.180.1.21/compute/v2.1/servers/c18acec7-cf95-4cdf-aa49-32419d364534 0.063s
2025-06-21 05:37:13.929 63151 INFO tempest.lib.common.rest_client [req-5357ec61-4025-4c65-a775-482914ce01ff req-5357ec61-4025-4c65-a775-482914ce01ff ] Request (ServersTestJSON:setUpClass): 200 GET http://10.180.1.21/compute/v2.1/servers/1f40dc62-1a58-4cfb-8785-c37b68747f37 0.076s
2025-06-21 05:37:13.939 63135 INFO tempest.lib.common.rest_client [req-69e7aaad-109e-4187-bdb1-4e6a6a88b381 req-69e7aaad-109e-4187-bdb1-4e6a6a88b381 ] Request (AttachVolumeTestJSON:test_attach_detach_volume): 201 POST http://10.180.1.21/identity/v3/auth/tokens 0.032s
2025-06-21 05:37:13.939 63135 INFO tempest.lib.common.fixed_network [-] (AttachVolumeTestJSON:test_attach_detach_volume) Found network {'id': '5363651c-6ade-4a4c-b762-9fc7cbbcf5ea', 'name': 'tempest-AttachVolumeTestJSON-1833251571-network', 'tenant_id': '2b3ba1c9c7624abfb3e0bd880dc40166', 'admin_state_up': True, 'mtu': 8950, 'status': 'ACTIVE', 'subnets': [], 'shared': False, 'project_id': '2b3ba1c9c7624abfb3e0bd880dc40166', 'port_security_enabled': True, 'router:external': False, 'provider:network_type': 'vlan', 'provider:physical_network': 'default', 'provider:segmentation_id': 536, 'availability_zone_hints': [], 'availability_zones': [], 'ipv4_address_scope': None, 'ipv6_address_scope': None, 'description': '', 'tags': [], 'created_at': '2025-06-21T05:37:10Z', 'updated_at': '2025-06-21T05:37:10Z', 'revision_number': 1} available for tenant
2025-06-21 05:37:13.974 63089 INFO tempest.lib.common.rest_client [req-f13c825d-9b46-4a21-9362-ee7e950ae0fa req-f13c825d-9b46-4a21-9362-ee7e950ae0fa ] Request (ServerMetadataNegativeTestJSON:setUpClass): 200 GET http://10.180.1.21/compute/v2.1/servers/413eaa2e-7bbc-402e-b0d3-f030b6395d7b 0.057s
2025-06-21 05:37:14.013 63097 INFO tempest.lib.common.rest_client [req-426c5da6-709c-4ec6-a61f-7c58c562ebb2 req-426c5da6-709c-4ec6-a61f-7c58c562ebb2 ] Request (ImagesOneServerTestJSON:test_create_delete_image): 200 GET http://10.180.1.21/compute/v2.1/images/c73af40e-dd5c-4c62-8e27-a5a56963e1c7 0.069s
2025-06-21 05:37:14.155 63103 INFO tempest.lib.common.rest_client [req-312501c8-5145-4d69-9f3d-b172d6c571e2 req-312501c8-5145-4d69-9f3d-b172d6c571e2 ] Request (ServersListShow2100Test:test_list_show_rebuild_update_server_2100): 200 GET http://10.180.1.21/compute/v2.1/servers/127fee64-fd56-4a23-bdd2-18c817898fd5 0.118s
2025-06-21 05:37:14.229 63149 INFO tempest.lib.common.rest_client [req-4756ab37-53b5-4c8d-83d1-c4e6a98f561b req-4756ab37-53b5-4c8d-83d1-c4e6a98f561b ] Request (ImagesOneServerNegativeTestJSON:_run_cleanups): 200 GET http://10.180.1.21/compute/v2.1/servers/7cca1c35-6bfc-450d-ba74-0e825b160e8f 0.151s
2025-06-21 05:37:14.326 63130 INFO tempest.lib.common.rest_client [req-daf0653d-ce9d-4bbf-89cb-4b492395f49d req-daf0653d-ce9d-4bbf-89cb-4b492395f49d ] Request (ServerMetadataTestJSON:tearDownClass): 200 GET http://10.180.1.21/compute/v2.1/servers/a589a3d8-20dc-4ff5-a192-c540e29f39d6 0.225s
2025-06-21 05:37:14.413 63095 INFO tempest.lib.common.rest_client [req-6bf5d8d1-4ee0-4765-aa25-f8ca0c051e18 req-6bf5d8d1-4ee0-4765-aa25-f8ca0c051e18 ] Request (ServerRescueNegativeTestJSON:test_rescued_vm_detach_volume): 200 GET http://10.180.1.21/compute/v2.1/servers/3e4479a0-8edd-4b37-8cc9-2c91275b88ee 0.272s
2025-06-21 05:37:14.475 63135 INFO tempest.lib.common.rest_client [req-690f084f-8403-4373-aa61-38a2143547be req-690f084f-8403-4373-aa61-38a2143547be ] Request (AttachVolumeTestJSON:test_attach_detach_volume): 202 POST http://10.180.1.21/compute/v2.1/servers 0.535s
2025-06-21 05:37:14.529 63145 INFO tempest.lib.common.rest_client [req-97366b58-6ac1-42e2-98f3-ac0f270e6621 req-97366b58-6ac1-42e2-98f3-ac0f270e6621 ] Request (ImagesTestJSON:test_create_server_from_snapshot): 200 GET http://10.180.1.21/compute/v2.1/servers/c8765756-0870-4a06-a1a5-d02177959b29 0.268s
2025-06-21 05:37:14.591 63137 INFO tempest.lib.common.rest_client [req-3f2c2f7c-209d-45c8-9f69-ca16ed7002df req-3f2c2f7c-209d-45c8-9f69-ca16ed7002df ] Request (MigrationsAdminTest:test_resize_server_revert_deleted_flavor): 200 GET http://10.180.1.21/compute/v2.1/servers/9cd89da4-d190-4bfc-81e1-da15b98d54ba 0.233s
2025-06-21 05:37:14.648 63123 INFO tempest.lib.common.rest_client [req-59d98a7c-ab88-4601-aa19-a83a7f4cb3b3 req-59d98a7c-ab88-4601-aa19-a83a7f4cb3b3 ] Request (ServersAdminTestJSON:test_create_server_with_scheduling_hint): 200 GET http://10.180.1.21/compute/v2.1/servers/cbc5985a-38e7-4e52-9fb0-264b5cec013a 0.233s
2025-06-21 05:37:14.663 63113 INFO tempest.lib.common.rest_client [req-c0662500-5199-4f64-8d23-61b054f6e800 req-c0662500-5199-4f64-8d23-61b054f6e800 ] Request (AttachInterfacesUnderV243Test:test_add_remove_fixed_ip): 200 GET http://10.180.1.21/compute/v2.1/servers/d366a755-49b4-427b-8564-d8572a7fbbb7 0.462s
2025-06-21 05:37:14.673 63113 INFO tempest.common.waiters [-] State transition "BUILD/networking" ==> "BUILD/block_device_mapping" after 84 second wait
2025-06-21 05:37:14.710 63135 INFO tempest.lib.common.rest_client [req-a2355e01-3867-4b1e-9688-e49f5eb5db34 req-a2355e01-3867-4b1e-9688-e49f5eb5db34 ] Request (AttachVolumeTestJSON:test_attach_detach_volume): 200 GET http://10.180.1.21/compute/v2.1/servers/9683894b-a300-4400-a1b9-db62478f42c5 0.233s
2025-06-21 05:37:14.748 63101 INFO tempest.lib.common.rest_client [req-14d7b8fb-af3d-4bd4-8c11-2fe18200a651 req-14d7b8fb-af3d-4bd4-8c11-2fe18200a651 ] Request (ServersTestFqdnHostnames:tearDownClass): 200 GET http://10.180.1.21/compute/v2.1/servers/8213c50c-1d0c-4a4a-aae7-a5b1b0000fe4 0.294s
2025-06-21 05:37:14.792 63125 INFO tempest.lib.common.rest_client [req-eb91c58a-1a4f-4fa1-9da5-b1c461ca3975 req-eb91c58a-1a4f-4fa1-9da5-b1c461ca3975 ] Request (FloatingIPsAssociationNegativeTestJSON:tearDownClass): 200 GET http://10.180.1.21/compute/v2.1/servers/369cd937-4c18-4068-ae59-70a1d585094b 0.306s
2025-06-21 05:37:14.805 63093 INFO tempest.lib.common.rest_client [req-469d4e32-ff69-4c1c-9a93-f8c247b59d4a req-469d4e32-ff69-4c1c-9a93-f8c247b59d4a ] Request (ServersTestMultiNic:_run_cleanups): 200 GET http://10.180.1.21/compute/v2.1/servers/961dedc6-5ddd-4620-bfa7-54cf0c520af3 0.271s
2025-06-21 05:37:14.905 63099 INFO tempest.lib.common.rest_client [req-041a485f-dd1b-4a2b-bd5c-114fc0642e65 req-041a485f-dd1b-4a2b-bd5c-114fc0642e65 ] Request (ServerShowV257Test:test_rebuild_server): 200 GET http://10.180.1.21/compute/v2.1/servers/c9e11016-e92a-459e-b5ee-b0e43ce29450 0.350s
2025-06-21 05:37:14.907 63105 INFO tempest.lib.common.rest_client [req-d2d47350-ab79-4070-9326-87df592061c6 req-d2d47350-ab79-4070-9326-87df592061c6 ] Request (ListServersNegativeTestJSON:tearDownClass): 200 GET http://10.180.1.21/compute/v2.1/servers/961f313b-b43f-4531-8a4b-0a39421d6a34 0.313s
2025-06-21 05:37:14.951 63091 WARNING tempest.lib.common.ssh [-] Failed to establish authenticated ssh connection to cirros@10.180.180.214 ([Errno None] Unable to connect to port 22 on 10.180.180.214). Number attempts: 1. Retry after 2 seconds.: paramiko.ssh_exception.NoValidConnectionsError: [Errno None] Unable to connect to port 22 on 10.180.180.214
2025-06-21 05:37:14.972 63141 INFO tempest.lib.common.rest_client [req-65cb5f08-915a-4ad2-a679-c58f44870cf2 req-65cb5f08-915a-4ad2-a679-c58f44870cf2 ] Request (SecurityGroupsTestJSON:test_list_security_groups_by_server): 200 GET http://10.180.1.21/compute/v2.1/servers/425e8edd-c002-45a1-bb6f-ee3ac8812509 0.364s
2025-06-21 05:37:14.981 63117 INFO tempest.lib.common.rest_client [req-ea1263e3-cd84-4c73-8135-2b548a16a779 req-ea1263e3-cd84-4c73-8135-2b548a16a779 ] Request (InstanceActionsTestJSON:tearDownClass): 200 GET http://10.180.1.21/compute/v2.1/servers/1a16bd56-0992-4bec-bd3f-2836dfe68579 0.316s
2025-06-21 05:37:15.050 63119 INFO tempest.lib.common.rest_client [req-fe3028f2-f0ff-4e50-a051-c6d77ebfb88e req-fe3028f2-f0ff-4e50-a051-c6d77ebfb88e ] Request (DeleteServersAdminTestJSON:test_delete_server_while_in_error_state): 200 GET http://10.180.1.21/compute/v2.1/servers/56f9e03c-1157-442f-8add-156627a6ec1e 0.345s
2025-06-21 05:37:15.110 63127 INFO tempest.lib.common.rest_client [req-a73a507c-03c0-4107-a54d-7f7e57176eae req-a73a507c-03c0-4107-a54d-7f7e57176eae ] Request (ServerExternalEventsTest:test_create_server_external_events): 200 GET http://10.180.1.21/compute/v2.1/servers/b289800f-49ce-49e7-b6bc-a3b4ec84b434 0.267s
2025-06-21 05:37:15.120 63134 INFO tempest.lib.common.rest_client [req-04ff1100-1f31-4f3c-a8c5-c1b00032db06 req-04ff1100-1f31-4f3c-a8c5-c1b00032db06 ] Request (MultipleCreateTestJSON:test_multiple_create_with_reservation_return): 200 GET http://10.180.1.21/compute/v2.1/servers/c18acec7-cf95-4cdf-aa49-32419d364534 0.195s
2025-06-21 05:37:15.176 63151 INFO tempest.lib.common.rest_client [req-74809752-44ed-473a-b28b-9f05f2e06b5b req-74809752-44ed-473a-b28b-9f05f2e06b5b ] Request (ServersTestJSON:setUpClass): 200 GET http://10.180.1.21/compute/v2.1/servers/1f40dc62-1a58-4cfb-8785-c37b68747f37 0.237s
2025-06-21 05:37:15.185 63089 INFO tempest.lib.common.rest_client [req-1abd79b9-031f-402d-b9a5-54047a4e0006 req-1abd79b9-031f-402d-b9a5-54047a4e0006 ] Request (ServerMetadataNegativeTestJSON:setUpClass): 200 GET http://10.180.1.21/compute/v2.1/servers/413eaa2e-7bbc-402e-b0d3-f030b6395d7b 0.193s
2025-06-21 05:37:15.223 63097 INFO tempest.lib.common.rest_client [req-732a3191-8cea-4d61-aa20-9c0876474666 req-732a3191-8cea-4d61-aa20-9c0876474666 ] Request (ImagesOneServerTestJSON:test_create_delete_image): 200 GET http://10.180.1.21/compute/v2.1/images/c73af40e-dd5c-4c62-8e27-a5a56963e1c7 0.205s
2025-06-21 05:37:15.302 63149 INFO tempest.lib.common.rest_client [req-0d44ac50-8728-4b97-bd8e-9bfcefb3a0a5 req-0d44ac50-8728-4b97-bd8e-9bfcefb3a0a5 ] Request (ImagesOneServerNegativeTestJSON:_run_cleanups): 200 GET http://10.180.1.21/compute/v2.1/servers/7cca1c35-6bfc-450d-ba74-0e825b160e8f 0.063s
2025-06-21 05:37:15.308 63103 INFO tempest.lib.common.rest_client [req-7c95ace1-8a34-429c-aef3-2243dc82801f req-7c95ace1-8a34-429c-aef3-2243dc82801f ] Request (ServersListShow2100Test:test_list_show_rebuild_update_server_2100): 200 GET http://10.180.1.21/compute/v2.1/servers/127fee64-fd56-4a23-bdd2-18c817898fd5 0.131s
2025-06-21 05:37:15.402 63130 INFO tempest.lib.common.rest_client [req-ae68516d-711f-4de6-9e84-b1d47b49eb12 req-ae68516d-711f-4de6-9e84-b1d47b49eb12 ] Request (ServerMetadataTestJSON:tearDownClass): 200 GET http://10.180.1.21/compute/v2.1/servers/a589a3d8-20dc-4ff5-a192-c540e29f39d6 0.068s
2025-06-21 05:37:15.488 63095 INFO tempest.lib.common.rest_client [req-fcb497af-d518-48d8-a6c8-90d9d2636100 req-fcb497af-d518-48d8-a6c8-90d9d2636100 ] Request (ServerRescueNegativeTestJSON:test_rescued_vm_detach_volume): 200 GET http://10.180.1.21/compute/v2.1/servers/3e4479a0-8edd-4b37-8cc9-2c91275b88ee 0.059s
2025-06-21 05:37:15.599 63145 INFO tempest.lib.common.rest_client [req-6d50cdb3-b821-40b5-a061-15d867a083a2 req-6d50cdb3-b821-40b5-a061-15d867a083a2 ] Request (ImagesTestJSON:test_create_server_from_snapshot): 200 GET http://10.180.1.21/compute/v2.1/servers/c8765756-0870-4a06-a1a5-d02177959b29 0.057s
2025-06-21 05:37:15.655 63121 WARNING tempest.lib.common.ssh [-] Failed to establish authenticated ssh connection to cirros@10.180.180.218 ([Errno None] Unable to connect to port 22 on 10.180.180.218). Number attempts: 12. Retry after 13 seconds.: paramiko.ssh_exception.NoValidConnectionsError: [Errno None] Unable to connect to port 22 on 10.180.180.218
2025-06-21 05:37:15.655 63137 INFO tempest.lib.common.rest_client [req-1d0fbf1a-e5e1-4f0b-bc67-a71166997ff3 req-1d0fbf1a-e5e1-4f0b-bc67-a71166997ff3 ] Request (MigrationsAdminTest:test_resize_server_revert_deleted_flavor): 200 GET http://10.180.1.21/compute/v2.1/servers/9cd89da4-d190-4bfc-81e1-da15b98d54ba 0.055s
2025-06-21 05:37:15.731 63123 INFO tempest.lib.common.rest_client [req-352064ce-5f20-4bff-b022-2d68ce519a2c req-352064ce-5f20-4bff-b022-2d68ce519a2c ] Request (ServersAdminTestJSON:test_create_server_with_scheduling_hint): 200 GET http://10.180.1.21/compute/v2.1/servers/cbc5985a-38e7-4e52-9fb0-264b5cec013a 0.072s
2025-06-21 05:37:15.800 63135 INFO tempest.lib.common.rest_client [req-d30451b8-d1cf-4300-8c4e-46eb2e5a3115 req-d30451b8-d1cf-4300-8c4e-46eb2e5a3115 ] Request (AttachVolumeTestJSON:test_attach_detach_volume): 200 GET http://10.180.1.21/compute/v2.1/servers/9683894b-a300-4400-a1b9-db62478f42c5 0.081s
2025-06-21 05:37:15.802 63113 INFO tempest.lib.common.rest_client [req-07f2df69-631b-459f-9149-03652ee04d77 req-07f2df69-631b-459f-9149-03652ee04d77 ] Request (AttachInterfacesUnderV243Test:test_add_remove_fixed_ip): 200 GET http://10.180.1.21/compute/v2.1/servers/d366a755-49b4-427b-8564-d8572a7fbbb7 0.126s
2025-06-21 05:37:15.812 63113 INFO tempest.common.waiters [-] State transition "BUILD/block_device_mapping" ==> "BUILD/spawning" after 85 second wait
2025-06-21 05:37:15.853 63101 INFO tempest.lib.common.rest_client [req-8735c08e-2f11-41ea-ac55-3c81b0f0fda9 req-8735c08e-2f11-41ea-ac55-3c81b0f0fda9 ] Request (ServersTestFqdnHostnames:tearDownClass): 200 GET http://10.180.1.21/compute/v2.1/servers/8213c50c-1d0c-4a4a-aae7-a5b1b0000fe4 0.095s
2025-06-21 05:37:15.865 63125 INFO tempest.lib.common.rest_client [req-5ab1ebc2-5ab9-4cde-a062-090815af1316 req-5ab1ebc2-5ab9-4cde-a062-090815af1316 ] Request (FloatingIPsAssociationNegativeTestJSON:tearDownClass): 200 GET http://10.180.1.21/compute/v2.1/servers/369cd937-4c18-4068-ae59-70a1d585094b 0.065s
2025-06-21 05:37:15.915 63093 INFO tempest.lib.common.rest_client [req-c27838e7-41c0-47dc-9912-aa41e5be10eb req-c27838e7-41c0-47dc-9912-aa41e5be10eb ] Request (ServersTestMultiNic:_run_cleanups): 200 GET http://10.180.1.21/compute/v2.1/servers/961dedc6-5ddd-4620-bfa7-54cf0c520af3 0.102s
2025-06-21 05:37:15.974 63099 INFO tempest.lib.common.rest_client [req-9f9c44e8-ca24-4207-8a50-d8d696de4236 req-9f9c44e8-ca24-4207-8a50-d8d696de4236 ] Request (ServerShowV257Test:test_rebuild_server): 200 GET http://10.180.1.21/compute/v2.1/servers/c9e11016-e92a-459e-b5ee-b0e43ce29450 0.060s
2025-06-21 05:37:15.980 63105 INFO tempest.lib.common.rest_client [req-1952f319-492f-4ebb-b8fb-6ca69a71e3cf req-1952f319-492f-4ebb-b8fb-6ca69a71e3cf ] Request (ListServersNegativeTestJSON:tearDownClass): 200 GET http://10.180.1.21/compute/v2.1/servers/961f313b-b43f-4531-8a4b-0a39421d6a34 0.065s
2025-06-21 05:37:16.047 63141 INFO tempest.lib.common.rest_client [req-68877f1b-8269-43e4-81c8-0a912986141e req-68877f1b-8269-43e4-81c8-0a912986141e ] Request (SecurityGroupsTestJSON:test_list_security_groups_by_server): 200 GET http://10.180.1.21/compute/v2.1/servers/425e8edd-c002-45a1-bb6f-ee3ac8812509 0.059s
2025-06-21 05:37:16.056 63117 INFO tempest.lib.common.rest_client [req-89bdbf30-1ca7-4d4d-93da-c5ac5367d007 req-89bdbf30-1ca7-4d4d-93da-c5ac5367d007 ] Request (InstanceActionsTestJSON:tearDownClass): 200 GET http://10.180.1.21/compute/v2.1/servers/1a16bd56-0992-4bec-bd3f-2836dfe68579 0.061s
2025-06-21 05:37:16.127 63119 INFO tempest.lib.common.rest_client [req-7b898190-c340-48e0-90f1-fec406940a32 req-7b898190-c340-48e0-90f1-fec406940a32 ] Request (DeleteServersAdminTestJSON:test_delete_server_while_in_error_state): 200 GET http://10.180.1.21/compute/v2.1/servers/56f9e03c-1157-442f-8add-156627a6ec1e 0.065s
2025-06-21 05:37:16.184 63134 INFO tempest.lib.common.rest_client [req-a22b9628-38cc-48ee-a084-0740837def4d req-a22b9628-38cc-48ee-a084-0740837def4d ] Request (MultipleCreateTestJSON:test_multiple_create_with_reservation_return): 200 GET http://10.180.1.21/compute/v2.1/servers/c18acec7-cf95-4cdf-aa49-32419d364534 0.051s
2025-06-21 05:37:16.234 63127 INFO tempest.lib.common.rest_client [req-de8ab2ef-5976-4a20-94f7-0ebb328ba862 req-de8ab2ef-5976-4a20-94f7-0ebb328ba862 ] Request (ServerExternalEventsTest:test_create_server_external_events): 200 GET http://10.180.1.21/compute/v2.1/servers/b289800f-49ce-49e7-b6bc-a3b4ec84b434 0.116s
2025-06-21 05:37:16.237 63151 INFO tempest.lib.common.rest_client [req-1bacfa6a-e65e-4167-a16b-106cd75cf17a req-1bacfa6a-e65e-4167-a16b-106cd75cf17a ] Request (ServersTestJSON:setUpClass): 200 GET http://10.180.1.21/compute/v2.1/servers/1f40dc62-1a58-4cfb-8785-c37b68747f37 0.052s
2025-06-21 05:37:16.269 63097 INFO tempest.lib.common.rest_client [req-118983c3-9081-45cf-a15f-bdedd009ce99 req-118983c3-9081-45cf-a15f-bdedd009ce99 ] Request (ImagesOneServerTestJSON:test_create_delete_image): 200 GET http://10.180.1.21/compute/v2.1/images/c73af40e-dd5c-4c62-8e27-a5a56963e1c7 0.042s
2025-06-21 05:37:16.280 63089 INFO tempest.lib.common.rest_client [req-3e503a24-52cd-40f8-91bf-0ee78efc4463 req-3e503a24-52cd-40f8-91bf-0ee78efc4463 ] Request (ServerMetadataNegativeTestJSON:setUpClass): 200 GET http://10.180.1.21/compute/v2.1/servers/413eaa2e-7bbc-402e-b0d3-f030b6395d7b 0.086s
2025-06-21 05:37:16.303 63097 INFO tempest.lib.common.rest_client [req-899e694c-8712-4a6a-8302-cc058a848ac3 req-899e694c-8712-4a6a-8302-cc058a848ac3 ] Request (ImagesOneServerTestJSON:test_create_delete_image): 200 GET http://10.180.1.21/compute/v2.1/images/c73af40e-dd5c-4c62-8e27-a5a56963e1c7 0.030s
2025-06-21 05:37:16.363 63149 INFO tempest.lib.common.rest_client [req-bcf8cb87-4c69-4c3f-b1e4-bffa68bbcafa req-bcf8cb87-4c69-4c3f-b1e4-bffa68bbcafa ] Request (ImagesOneServerNegativeTestJSON:_run_cleanups): 200 GET http://10.180.1.21/compute/v2.1/servers/7cca1c35-6bfc-450d-ba74-0e825b160e8f 0.053s
2025-06-21 05:37:16.419 63103 INFO tempest.lib.common.rest_client [req-8941a88b-815b-44ec-b399-473ab415d25c req-8941a88b-815b-44ec-b399-473ab415d25c ] Request (ServersListShow2100Test:test_list_show_rebuild_update_server_2100): 200 GET http://10.180.1.21/compute/v2.1/servers/127fee64-fd56-4a23-bdd2-18c817898fd5 0.098s
2025-06-21 05:37:16.431 63103 INFO tempest.common.waiters [-] State transition "BUILD/None" ==> "BUILD/networking" after 86 second wait
2025-06-21 05:37:16.445 63097 INFO tempest.lib.common.rest_client [req-eabd5f32-2df0-43d6-a608-de419fbff679 req-eabd5f32-2df0-43d6-a608-de419fbff679 ] Request (ImagesOneServerTestJSON:test_create_delete_image): 200 GET http://10.180.1.21/compute/v2.1/servers/9677b03f-7138-47b7-b1e8-f3714d11e550 0.139s
2025-06-21 05:37:16.472 63130 INFO tempest.lib.common.rest_client [req-27d306a7-d6d8-49d8-af7a-61234ded2525 req-27d306a7-d6d8-49d8-af7a-61234ded2525 ] Request (ServerMetadataTestJSON:tearDownClass): 200 GET http://10.180.1.21/compute/v2.1/servers/a589a3d8-20dc-4ff5-a192-c540e29f39d6 0.061s
2025-06-21 05:37:16.548 63095 INFO tempest.lib.common.rest_client [req-dda16ee7-7ef4-401f-9ca7-d4ce38a96f3a req-dda16ee7-7ef4-401f-9ca7-d4ce38a96f3a ] Request (ServerRescueNegativeTestJSON:test_rescued_vm_detach_volume): 200 GET http://10.180.1.21/compute/v2.1/servers/3e4479a0-8edd-4b37-8cc9-2c91275b88ee 0.047s
2025-06-21 05:37:16.656 63145 INFO tempest.lib.common.rest_client [req-5ee1baf5-4fd1-44e7-bd98-92e23e10e21c req-5ee1baf5-4fd1-44e7-bd98-92e23e10e21c ] Request (ImagesTestJSON:test_create_server_from_snapshot): 200 GET http://10.180.1.21/compute/v2.1/servers/c8765756-0870-4a06-a1a5-d02177959b29 0.048s
2025-06-21 05:37:16.716 63137 INFO tempest.lib.common.rest_client [req-1130c0af-2486-4e88-8b0e-43efa0aa05be req-1130c0af-2486-4e88-8b0e-43efa0aa05be ] Request (MigrationsAdminTest:test_resize_server_revert_deleted_flavor): 200 GET http://10.180.1.21/compute/v2.1/servers/9cd89da4-d190-4bfc-81e1-da15b98d54ba 0.052s
2025-06-21 05:37:16.791 63123 INFO tempest.lib.common.rest_client [req-513b876d-300b-4249-846c-700b4a1544fd req-513b876d-300b-4249-846c-700b4a1544fd ] Request (ServersAdminTestJSON:test_create_server_with_scheduling_hint): 200 GET http://10.180.1.21/compute/v2.1/servers/cbc5985a-38e7-4e52-9fb0-264b5cec013a 0.052s
2025-06-21 05:37:16.871 63135 INFO tempest.lib.common.rest_client [req-8da9de82-f00c-4bd9-82e5-0f1abf5c0abf req-8da9de82-f00c-4bd9-82e5-0f1abf5c0abf ] Request (AttachVolumeTestJSON:test_attach_detach_volume): 200 GET http://10.180.1.21/compute/v2.1/servers/9683894b-a300-4400-a1b9-db62478f42c5 0.056s
2025-06-21 05:37:16.924 63113 INFO tempest.lib.common.rest_client [req-dd374c73-c225-491a-b5e8-1f26120b80ac req-dd374c73-c225-491a-b5e8-1f26120b80ac ] Request (AttachInterfacesUnderV243Test:test_add_remove_fixed_ip): 200 GET http://10.180.1.21/compute/v2.1/servers/d366a755-49b4-427b-8564-d8572a7fbbb7 0.112s
2025-06-21 05:37:16.934 63101 INFO tempest.lib.common.rest_client [req-41378d90-4de1-40e7-b3ff-2311d050576c req-41378d90-4de1-40e7-b3ff-2311d050576c ] Request (ServersTestFqdnHostnames:tearDownClass): 200 GET http://10.180.1.21/compute/v2.1/servers/8213c50c-1d0c-4a4a-aae7-a5b1b0000fe4 0.072s
2025-06-21 05:37:16.940 63101 INFO tempest.common.waiters [-] State transition "ACTIVE/deleting" ==> "DELETED/None" after 4 second wait
2025-06-21 05:37:16.983 63125 INFO tempest.lib.common.rest_client [req-5c5cebd9-4305-4cf9-b7c1-e96602b996c4 req-5c5cebd9-4305-4cf9-b7c1-e96602b996c4 ] Request (FloatingIPsAssociationNegativeTestJSON:tearDownClass): 200 GET http://10.180.1.21/compute/v2.1/servers/369cd937-4c18-4068-ae59-70a1d585094b 0.107s
2025-06-21 05:37:16.990 63093 INFO tempest.lib.common.rest_client [req-590c087e-dd70-420b-93b4-b67bbd220d4b req-590c087e-dd70-420b-93b4-b67bbd220d4b ] Request (ServersTestMultiNic:_run_cleanups): 200 GET http://10.180.1.21/compute/v2.1/servers/961dedc6-5ddd-4620-bfa7-54cf0c520af3 0.064s
2025-06-21 05:37:17.042 63099 INFO tempest.lib.common.rest_client [req-36c8e486-09c7-432d-a7bc-2177c2f884a2 req-36c8e486-09c7-432d-a7bc-2177c2f884a2 ] Request (ServerShowV257Test:test_rebuild_server): 200 GET http://10.180.1.21/compute/v2.1/servers/c9e11016-e92a-459e-b5ee-b0e43ce29450 0.057s
2025-06-21 05:37:17.047 63105 INFO tempest.lib.common.rest_client [req-1db6716c-06e7-4a8d-b9d2-000439d60b17 req-1db6716c-06e7-4a8d-b9d2-000439d60b17 ] Request (ListServersNegativeTestJSON:tearDownClass): 200 GET http://10.180.1.21/compute/v2.1/servers/961f313b-b43f-4531-8a4b-0a39421d6a34 0.057s
2025-06-21 05:37:17.051 63099 INFO tempest.common.waiters [-] State transition "REBUILD/rebuild_spawning" ==> "ACTIVE/None" after 11 second wait
2025-06-21 05:37:17.121 63141 INFO tempest.lib.common.rest_client [req-e64059a5-87d2-4b1f-b506-1581b4db5998 req-e64059a5-87d2-4b1f-b506-1581b4db5998 ] Request (SecurityGroupsTestJSON:test_list_security_groups_by_server): 200 GET http://10.180.1.21/compute/v2.1/servers/425e8edd-c002-45a1-bb6f-ee3ac8812509 0.062s
2025-06-21 05:37:17.140 63099 INFO tempest.lib.common.rest_client [req-c8652e60-b8f8-4454-97ca-700682122f34 req-c8652e60-b8f8-4454-97ca-700682122f34 ] Request (ServerShowV257Test:tearDownClass): 204 DELETE http://10.180.1.21/compute/v2.1/servers/c9e11016-e92a-459e-b5ee-b0e43ce29450 0.088s
2025-06-21 05:37:17.207 63117 INFO tempest.lib.common.rest_client [req-47fa20c0-93e3-4022-a9f9-771f5261fa28 req-47fa20c0-93e3-4022-a9f9-771f5261fa28 ] Request (InstanceActionsTestJSON:tearDownClass): 200 GET http://10.180.1.21/compute/v2.1/servers/1a16bd56-0992-4bec-bd3f-2836dfe68579 0.144s
2025-06-21 05:37:17.209 63119 INFO tempest.lib.common.rest_client [req-c9649747-b851-4f42-8e20-b6fc55e0db95 req-c9649747-b851-4f42-8e20-b6fc55e0db95 ] Request (DeleteServersAdminTestJSON:test_delete_server_while_in_error_state): 200 GET http://10.180.1.21/compute/v2.1/servers/56f9e03c-1157-442f-8add-156627a6ec1e 0.074s
2025-06-21 05:37:17.263 63099 INFO tempest.lib.common.rest_client [req-fd571d93-ee15-46dc-8d56-a5965f964cd6 req-fd571d93-ee15-46dc-8d56-a5965f964cd6 ] Request (ServerShowV257Test:tearDownClass): 200 GET http://10.180.1.21/compute/v2.1/servers/c9e11016-e92a-459e-b5ee-b0e43ce29450 0.123s
2025-06-21 05:37:17.268 63134 INFO tempest.lib.common.rest_client [req-47f4387d-ce38-4429-8131-7b74f3519873 req-47f4387d-ce38-4429-8131-7b74f3519873 ] Request (MultipleCreateTestJSON:test_multiple_create_with_reservation_return): 200 GET http://10.180.1.21/compute/v2.1/servers/c18acec7-cf95-4cdf-aa49-32419d364534 0.076s
2025-06-21 05:37:17.345 63151 INFO tempest.lib.common.rest_client [req-be10ff40-c785-409f-82d0-22d2c23de171 req-be10ff40-c785-409f-82d0-22d2c23de171 ] Request (ServersTestJSON:setUpClass): 200 GET http://10.180.1.21/compute/v2.1/servers/1f40dc62-1a58-4cfb-8785-c37b68747f37 0.100s
2025-06-21 05:37:17.383 63139 WARNING tempest.lib.common.ssh [-] Failed to establish authenticated ssh connection to cirros@10.180.180.183 ([Errno None] Unable to connect to port 22 on 10.180.180.183). Number attempts: 13. Retry after 14 seconds.: paramiko.ssh_exception.NoValidConnectionsError: [Errno None] Unable to connect to port 22 on 10.180.180.183
2025-06-21 05:37:17.404 63089 INFO tempest.lib.common.rest_client [req-af8eeb55-eba7-4163-8f33-591b2322f84c req-af8eeb55-eba7-4163-8f33-591b2322f84c ] Request (ServerMetadataNegativeTestJSON:setUpClass): 200 GET http://10.180.1.21/compute/v2.1/servers/413eaa2e-7bbc-402e-b0d3-f030b6395d7b 0.114s
2025-06-21 05:37:17.439 63127 INFO tempest.lib.common.rest_client [req-0e608546-98dc-4dfa-93a8-f12e6c4ac95e req-0e608546-98dc-4dfa-93a8-f12e6c4ac95e ] Request (ServerExternalEventsTest:test_create_server_external_events): 200 GET http://10.180.1.21/compute/v2.1/servers/b289800f-49ce-49e7-b6bc-a3b4ec84b434 0.196s
2025-06-21 05:37:17.456 63091 WARNING tempest.lib.common.ssh [-] Failed to establish authenticated ssh connection to cirros@10.180.180.214 ([Errno None] Unable to connect to port 22 on 10.180.180.214). Number attempts: 2. Retry after 3 seconds.: paramiko.ssh_exception.NoValidConnectionsError: [Errno None] Unable to connect to port 22 on 10.180.180.214
2025-06-21 05:37:17.481 63149 INFO tempest.lib.common.rest_client [req-aee5e4c3-ed63-4856-b293-3298b6d97e59 req-aee5e4c3-ed63-4856-b293-3298b6d97e59 ] Request (ImagesOneServerNegativeTestJSON:_run_cleanups): 200 GET http://10.180.1.21/compute/v2.1/servers/7cca1c35-6bfc-450d-ba74-0e825b160e8f 0.111s
