2025-06-21 05:34:27.866 63143 INFO tempest.lib.common.dynamic_creds [-] Created isolated network resources for: credentials: Credentials: {'domain_id': 'default', 'domain_name': 'Default', 'username': 'tempest-QuotasTestJSON-1770777997-project-member', 'project_domain_id': 'default', 'project_domain_name': 'Default', 'project_id': '1e7ea37ba3514d16ac9d04001f7ee39f', 'project_name': 'tempest-QuotasTestJSON-1770777997', 'tenant_id': '1e7ea37ba3514d16ac9d04001f7ee39f', 'tenant_name': 'tempest-QuotasTestJSON-1770777997', 'user_domain_id': 'default', 'user_domain_name': 'Default', 'user_id': 'b37a7eeb54b340a2bee16760b3e5280e', 'system': None}, Network: None, Subnet: None, Router: None
2025-06-21 05:34:27.876 63125 INFO tempest.lib.common.rest_client [req-e72b609b-6200-4102-89fc-e99de42b4299 req-e72b609b-6200-4102-89fc-e99de42b4299 ] Request (HypervisorAdminV228Test:setUpClass): 201 POST http://10.180.1.21/identity/v3/users 0.064s
2025-06-21 05:34:27.885 63101 INFO tempest.lib.common.rest_client [req-033a0d66-7595-4aee-89b8-0dc0d57171ab req-033a0d66-7595-4aee-89b8-0dc0d57171ab ] Request (SecurityGroupRulesNegativeTestJSON:test_create_security_group_rule_with_invalid_port_range): 200 POST http://10.180.1.21/compute/v2.1/os-security-groups 1.321s
2025-06-21 05:34:27.885 63137 INFO tempest.lib.common.rest_client [req-82cb92f2-810f-4521-bcea-5969f87271b2 req-82cb92f2-810f-4521-bcea-5969f87271b2 ] Request (MigrationsAdminTest:test_list_migrations_in_flavor_resize_situation): 200 GET http://10.180.1.21/compute/v2.1/servers/6a592192-1b41-4be2-84a6-c3b76a4e5643 1.230s
2025-06-21 05:34:27.898 63093 INFO tempest.lib.common.rest_client [req-8625cc32-42ef-49d8-a610-a9f66887cfa0 req-8625cc32-42ef-49d8-a610-a9f66887cfa0 ] Request (HostsAdminNegativeTestJSON:test_startup_host_with_non_admin_user): 403 GET http://10.180.1.21/compute/v2.1/os-hosts/devstack/startup 1.047s
2025-06-21 05:34:27.911 63116 INFO tempest.lib.common.rest_client [req-dacec339-2518-41e0-af80-4f5b169597f4 req-dacec339-2518-41e0-af80-4f5b169597f4 ] Request (KeyPairsV210TestJSON:_run_cleanups): 204 DELETE http://10.180.1.21/compute/v2.1/os-keypairs/tempest-keypair-219085536?user_id=a0f8446403444db9addf8c20948e440b 1.044s
2025-06-21 05:34:27.921 63123 INFO tempest.lib.common.rest_client [req-53396826-c2b7-4db9-8678-ae782e5cd2b6 req-53396826-c2b7-4db9-8678-ae782e5cd2b6 ] Request (FlavorsExtraSpecsNegativeTestJSON:test_flavor_non_admin_update_specific_key): 403 PUT http://10.180.1.21/compute/v2.1/flavors/820676446/os-extra_specs/hw:numa_nodes 1.021s
2025-06-21 05:34:27.999 63131 INFO tempest.lib.common.rest_client [req-7ca05da7-2263-446d-9de6-849eafec9076 req-7ca05da7-2263-446d-9de6-849eafec9076 ] Request (QuotaClassesAdmin257Test:tearDownClass): 204 DELETE http://10.180.1.21/identity/v3/projects/c2de43709b214e87b31feb82d1598efc 0.149s
2025-06-21 05:34:27.999 63131 INFO tempest.lib.common.dynamic_creds [-] Deleting project and security group for project: ca87a84d07f14a67ad59327c550e8ecd
2025-06-21 05:34:28.066 63095 INFO tempest.lib.common.rest_client [req-ccd52fdf-a7c0-460f-a7d2-1b3d3f591a74 req-ccd52fdf-a7c0-460f-a7d2-1b3d3f591a74 ] Request (ListImagesTestJSON:tearDownClass): 204 DELETE http://10.180.1.21:9696/networking/v2.0/security-groups/1877dfe1-0daa-476c-86d6-0dbbf7b6a901 0.327s
2025-06-21 05:34:28.089 63143 INFO tempest.lib.common.rest_client [req-09329950-16ec-4a7d-b776-ad50b4f0bb56 req-09329950-16ec-4a7d-b776-ad50b4f0bb56 ] Request (QuotasTestJSON:setUpClass): 201 POST http://10.180.1.21/identity/v3/auth/tokens 0.214s
2025-06-21 05:34:28.091 63143 WARNING tempest.lib.common.rest_client [-] Deprecated: "tenant_id" property is deprecated for removal, use "project_id" instead
2025-06-21 05:34:28.113 63125 INFO tempest.lib.common.rest_client [req-5fa409cf-d7d0-4a7e-9871-dca7c437ccb5 req-5fa409cf-d7d0-4a7e-9871-dca7c437ccb5 ] Request (HypervisorAdminV228Test:setUpClass): 200 GET http://10.180.1.21/identity/v3/roles 0.236s
2025-06-21 05:34:28.138 63091 INFO tempest.lib.common.rest_client [req-f449e3c4-c2d5-487e-b290-507a90a3ce83 req-f449e3c4-c2d5-487e-b290-507a90a3ce83 ] Request (ServicesAdminNegativeTestJSON:tearDownClass): 200 GET http://10.180.1.21:9696/networking/v2.0/security-groups?tenant_id=a3f96822a5ca48b6a2789bd7f345bd4d&name=default 0.432s
2025-06-21 05:34:28.224 63105 INFO tempest.lib.common.rest_client [req-0ce70e19-a2cd-4d1d-bdd9-cd19ca70d88c req-0ce70e19-a2cd-4d1d-bdd9-cd19ca70d88c ] Request (HypervisorAdminNegativeUnderV252Test:test_search_hypervisor_with_non_admin_user): 403 GET http://10.180.1.21/compute/v2.1/os-hypervisors/domain-c8.fc996f14-c53b-4953-92e3-bdfa48f5cc28/search 1.019s
2025-06-21 05:34:28.234 63130 INFO tempest.lib.common.rest_client [req-b0381737-1c8e-4da1-8b58-bf2c0d3f1fca req-b0381737-1c8e-4da1-8b58-bf2c0d3f1fca ] Request (FloatingIPsNegativeTestJSON:tearDownClass): 204 DELETE http://10.180.1.21:9696/networking/v2.0/networks/9b1fde6c-ff48-4d3c-b09d-14b34b2e4ad8 1.152s
2025-06-21 05:34:28.265 63149 INFO tempest.lib.common.rest_client [req-e1aa0bd1-175e-4bbd-938d-30a60f74626d req-e1aa0bd1-175e-4bbd-938d-30a60f74626d ] Request (FlavorsExtraSpecsTestJSON:test_flavor_set_get_update_show_unset_keys): 200 PUT http://10.180.1.21/compute/v2.1/flavors/769713273/os-extra_specs/hw:numa_nodes 1.044s
2025-06-21 05:34:28.271 63145 INFO tempest.lib.common.rest_client [req-ac50b849-0b62-4c37-af8c-7340d00b3af5 req-ac50b849-0b62-4c37-af8c-7340d00b3af5 ] Request (ImagesTestJSON:setUpClass): 200 PUT http://10.180.1.21:9696/networking/v2.0/routers/b829b733-1692-4125-9643-82a67264a2f2/add_router_interface 3.203s
2025-06-21 05:34:28.271 63145 INFO tempest.lib.common.dynamic_creds [-] Created isolated network resources for: credentials: Credentials: {'domain_id': 'default', 'domain_name': 'Default', 'username': 'tempest-ImagesTestJSON-385848730-project-member', 'project_domain_id': 'default', 'project_domain_name': 'Default', 'project_id': '3dedbeff832a4ac48b0aa01bd6acc3f1', 'project_name': 'tempest-ImagesTestJSON-385848730', 'tenant_id': '3dedbeff832a4ac48b0aa01bd6acc3f1', 'tenant_name': 'tempest-ImagesTestJSON-385848730', 'user_domain_id': 'default', 'user_domain_name': 'Default', 'user_id': '58359539fd4545cdbf200ec364e43834', 'system': None}, Network: {'id': '37e61cfc-9573-498e-9e85-98dd8eb7e5a6', 'name': 'tempest-ImagesTestJSON-10724113-network', 'tenant_id': '3dedbeff832a4ac48b0aa01bd6acc3f1', 'admin_state_up': True, 'mtu': 8950, 'status': 'ACTIVE', 'subnets': [], 'shared': False, 'project_id': '3dedbeff832a4ac48b0aa01bd6acc3f1', 'port_security_enabled': True, 'router:external': False, 'provider:network_type': 'vlan', 'provider:physical_network': 'default', 'provider:segmentation_id': 199, 'availability_zone_hints': [], 'availability_zones': [], 'ipv4_address_scope': None, 'ipv6_address_scope': None, 'description': '', 'tags': [], 'created_at': '2025-06-21T05:34:22Z', 'updated_at': '2025-06-21T05:34:22Z', 'revision_number': 1}, Subnet: {'id': '0600a849-14da-42f2-95ed-7f8322213e84', 'name': 'tempest-ImagesTestJSON-10724113-subnet', 'tenant_id': '3dedbeff832a4ac48b0aa01bd6acc3f1', 'network_id': '37e61cfc-9573-498e-9e85-98dd8eb7e5a6', 'ip_version': 4, 'subnetpool_id': None, 'enable_dhcp': True, 'ipv6_ra_mode': None, 'ipv6_address_mode': None, 'gateway_ip': '192.168.128.1', 'cidr': '192.168.128.0/28', 'allocation_pools': [{'start': '192.168.128.2', 'end': '192.168.128.14'}], 'host_routes': [], 'dns_nameservers': [], 'description': '', 'router:external': False, 'service_types': [], 'tags': [], 'created_at': '2025-06-21T05:34:22Z', 'updated_at': '2025-06-21T05:34:22Z', 'revision_number': 0, 'project_id': '3dedbeff832a4ac48b0aa01bd6acc3f1'}, Router: {'id': 'b829b733-1692-4125-9643-82a67264a2f2', 'name': 'tempest-ImagesTestJSON-10724113-router', 'tenant_id': '3dedbeff832a4ac48b0aa01bd6acc3f1', 'admin_state_up': True, 'status': 'ACTIVE', 'external_gateway_info': {'network_id': '1650b2b1-0a9c-4d76-ab3a-ec7bcc48b22f', 'external_fixed_ips': [{'subnet_id': '4b4e2858-8704-4c86-9c3d-42d02dee2f4b', 'ip_address': '10.180.180.156'}], 'enable_snat': True}, 'description': '', 'availability_zones': [], 'distributed': False, 'ha': False, 'availability_zone_hints': [], 'routes': [], 'flavor_id': None, 'tags': [], 'created_at': '2025-06-21T05:34:23Z', 'updated_at': '2025-06-21T05:34:24Z', 'revision_number': 2, 'project_id': '3dedbeff832a4ac48b0aa01bd6acc3f1'}
2025-06-21 05:34:28.281 63095 INFO tempest.lib.common.rest_client [req-b6dad614-2656-4667-a752-df2e86959ce0 req-b6dad614-2656-4667-a752-df2e86959ce0 ] Request (ListImagesTestJSON:tearDownClass): 204 DELETE http://10.180.1.21/identity/v3/projects/398332513615421d98479f35f3203a57 0.215s
2025-06-21 05:34:28.294 63151 INFO tempest.lib.common.rest_client [req-dc297591-2a65-4821-876a-83ce375c74ae req-dc297591-2a65-4821-876a-83ce375c74ae ] Request (HypervisorAdminNegativeTestJSON:test_show_hypervisor_with_non_admin_user): 200 GET http://10.180.1.21/compute/v2.1/os-hypervisors 1.068s
2025-06-21 05:34:28.317 63109 INFO tempest.lib.common.rest_client [req-a1ab6804-3f7d-47e3-9fc4-8691098539f7 req-a1ab6804-3f7d-47e3-9fc4-8691098539f7 ] Request (FlavorsAccessTestJSON:test_flavor_access_list_with_private_flavor): 200 POST http://10.180.1.21/compute/v2.1/flavors 1.065s
2025-06-21 05:34:28.343 63131 INFO tempest.lib.common.rest_client [req-48ce6689-253d-4568-aa17-80dd2649f104 req-48ce6689-253d-4568-aa17-80dd2649f104 ] Request (QuotaClassesAdmin257Test:tearDownClass): 200 GET http://10.180.1.21:9696/networking/v2.0/security-groups?tenant_id=ca87a84d07f14a67ad59327c550e8ecd&name=default 0.343s
2025-06-21 05:34:28.348 63139 INFO tempest.lib.common.rest_client [req-ce3bd41f-6b07-4c01-aace-fe80b06dc754 req-ce3bd41f-6b07-4c01-aace-fe80b06dc754 ] Request (VolumesAdminNegativeTest:test_update_attached_volume_with_nonexistent_volume_in_body): 201 POST http://10.180.1.21:9696/networking/v2.0/floatingips 1.311s
2025-06-21 05:34:28.361 63125 INFO tempest.lib.common.rest_client [req-0a146dec-6607-40d6-adc0-a0a44ed6b72f req-0a146dec-6607-40d6-adc0-a0a44ed6b72f ] Request (HypervisorAdminV228Test:setUpClass): 204 PUT http://10.180.1.21/identity/v3/projects/52acf78f03dd467993f7a54e9a0b0420/users/1f9bf2882df84e1c8c227889856c4648/roles/79dc19b254bc49cea356c89d208fba0b 0.247s
2025-06-21 05:34:28.361 63125 INFO tempest.lib.common.dynamic_creds [-] Dynamic test user 1f9bf2882df84e1c8c227889856c4648 is created with scope project and roles: ['member']
2025-06-21 05:34:28.361 63125 INFO tempest.lib.common.dynamic_creds [-] Acquired dynamic creds: credentials: Credentials: {'domain_id': 'default', 'domain_name': 'Default', 'username': 'tempest-HypervisorAdminV228Test-434756981-project-member', 'project_domain_id': 'default', 'project_domain_name': 'Default', 'project_id': '52acf78f03dd467993f7a54e9a0b0420', 'project_name': 'tempest-HypervisorAdminV228Test-434756981', 'tenant_id': '52acf78f03dd467993f7a54e9a0b0420', 'tenant_name': 'tempest-HypervisorAdminV228Test-434756981', 'user_domain_id': 'default', 'user_domain_name': 'Default', 'user_id': '1f9bf2882df84e1c8c227889856c4648', 'system': None}, Network: None, Subnet: None, Router: None
2025-06-21 05:34:28.361 63125 INFO tempest.lib.common.dynamic_creds [-] Created isolated network resources for: credentials: Credentials: {'domain_id': 'default', 'domain_name': 'Default', 'username': 'tempest-HypervisorAdminV228Test-434756981-project-member', 'project_domain_id': 'default', 'project_domain_name': 'Default', 'project_id': '52acf78f03dd467993f7a54e9a0b0420', 'project_name': 'tempest-HypervisorAdminV228Test-434756981', 'tenant_id': '52acf78f03dd467993f7a54e9a0b0420', 'tenant_name': 'tempest-HypervisorAdminV228Test-434756981', 'user_domain_id': 'default', 'user_domain_name': 'Default', 'user_id': '1f9bf2882df84e1c8c227889856c4648', 'system': None}, Network: None, Subnet: None, Router: None
2025-06-21 05:34:28.398 63130 INFO tempest.lib.common.rest_client [req-8aad7849-fb88-4867-a068-25eba03accdc req-8aad7849-fb88-4867-a068-25eba03accdc ] Request (FloatingIPsNegativeTestJSON:tearDownClass): 204 DELETE http://10.180.1.21/identity/v3/users/8f4d7bcb4bc343e1bd2f41a59bcf1156 0.163s
2025-06-21 05:34:28.398 63130 INFO tempest.lib.common.dynamic_creds [-] Deleting project and security group for project: 6707fc8a0f414801b952bcd0e5f1db32
2025-06-21 05:34:28.404 63091 INFO tempest.lib.common.rest_client [req-a9e80c7f-87dd-433e-8219-2d7b26d59c23 req-a9e80c7f-87dd-433e-8219-2d7b26d59c23 ] Request (ServicesAdminNegativeTestJSON:tearDownClass): 204 DELETE http://10.180.1.21:9696/networking/v2.0/security-groups/79d9637e-c2de-4c4c-a796-709fbf6d5326 0.265s
2025-06-21 05:34:28.421 63145 INFO tempest.lib.common.rest_client [req-951dbd88-3713-4ad8-9196-eb83806fe159 req-951dbd88-3713-4ad8-9196-eb83806fe159 ] Request (ImagesTestJSON:setUpClass): 201 POST http://10.180.1.21/identity/v3/auth/tokens 0.146s
2025-06-21 05:34:28.442 63131 INFO tempest.lib.common.rest_client [req-9f79ce95-796c-42a4-930f-0b287ae1e147 req-9f79ce95-796c-42a4-930f-0b287ae1e147 ] Request (QuotaClassesAdmin257Test:tearDownClass): 204 DELETE http://10.180.1.21:9696/networking/v2.0/security-groups/7561f74a-5578-4878-913c-e1ccc37f77ed 0.099s
2025-06-21 05:34:28.447 63130 INFO tempest.lib.common.rest_client [req-f7b43cfe-9d17-4671-b6cf-074ad80bac81 req-f7b43cfe-9d17-4671-b6cf-074ad80bac81 ] Request (FloatingIPsNegativeTestJSON:tearDownClass): 200 GET http://10.180.1.21:9696/networking/v2.0/security-groups?tenant_id=6707fc8a0f414801b952bcd0e5f1db32&name=default 0.048s
2025-06-21 05:34:28.450 63095 INFO tempest.lib.common.rest_client [req-070c9b4e-17ea-4dc0-b59b-63ced66912cd req-070c9b4e-17ea-4dc0-b59b-63ced66912cd ] Request (ServerRescueNegativeTestJSON:setUpClass): 201 POST http://10.180.1.21/identity/v3/auth/tokens 0.167s
2025-06-21 05:34:28.517 63130 INFO tempest.lib.common.rest_client [req-21d13a85-4284-4000-a1a2-5b8fc40f5982 req-21d13a85-4284-4000-a1a2-5b8fc40f5982 ] Request (FloatingIPsNegativeTestJSON:tearDownClass): 204 DELETE http://10.180.1.21:9696/networking/v2.0/security-groups/dea5b65f-4aa2-4d58-ae9e-6bf6480bdb52 0.070s
2025-06-21 05:34:28.575 63117 INFO tempest.lib.common.rest_client [req-c773ac24-c08c-444f-a3ba-1757fb304dbc req-c773ac24-c08c-444f-a3ba-1757fb304dbc ] Request (QuotasAdminNegativeTest:test_create_server_when_instances_quota_is_full): 403 POST http://10.180.1.21/compute/v2.1/servers 1.272s
2025-06-21 05:34:28.587 63139 INFO tempest.lib.common.rest_client [req-bbb78458-3c44-41a8-b922-8fe06d36e7d1 req-bbb78458-3c44-41a8-b922-8fe06d36e7d1 ] Request (VolumesAdminNegativeTest:test_update_attached_volume_with_nonexistent_volume_in_body): 201 POST http://10.180.1.21/identity/v3/auth/tokens 0.235s
2025-06-21 05:34:28.588 63139 INFO tempest.lib.common.fixed_network [-] (VolumesAdminNegativeTest:test_update_attached_volume_with_nonexistent_volume_in_body) Found network {'id': 'b16d5204-f140-44fb-b4c4-621c3f5a3423', 'name': 'tempest-VolumesAdminNegativeTest-309109771-network', 'tenant_id': 'd5f0190bd5f24a909c9839b7fd1e870b', 'admin_state_up': True, 'mtu': 8950, 'status': 'ACTIVE', 'subnets': [], 'shared': False, 'project_id': 'd5f0190bd5f24a909c9839b7fd1e870b', 'port_security_enabled': True, 'router:external': False, 'provider:network_type': 'vlan', 'provider:physical_network': 'default', 'provider:segmentation_id': 323, 'availability_zone_hints': [], 'availability_zones': [], 'ipv4_address_scope': None, 'ipv6_address_scope': None, 'description': '', 'tags': [], 'created_at': '2025-06-21T05:34:15Z', 'updated_at': '2025-06-21T05:34:15Z', 'revision_number': 1} available for tenant
2025-06-21 05:34:28.612 63134 INFO tempest.lib.common.rest_client [req-690f7757-8b31-49aa-9346-ab5b90d35923 req-690f7757-8b31-49aa-9346-ab5b90d35923 ] Request (QuotasAdminTestV236:test_get_updated_quotas): 200 PUT http://10.180.1.21/compute/v2.1/os-quota-sets/e9af67bdb2ed45679dc282ee2c2a30eb 1.740s
2025-06-21 05:34:28.645 63107 INFO tempest.lib.common.rest_client [req-6bba012c-e17e-4a81-b818-b002124a5246 req-6bba012c-e17e-4a81-b818-b002124a5246 ] Request (AggregatesAdminNegativeTestJSON:test_aggregate_add_host_as_user): 200 POST http://10.180.1.21/compute/v2.1/os-aggregates 1.273s
2025-06-21 05:34:28.648 63091 INFO tempest.lib.common.rest_client [req-d82a4c3c-7f63-4c58-8ad1-ba8a5a6bab29 req-d82a4c3c-7f63-4c58-8ad1-ba8a5a6bab29 ] Request (ServicesAdminNegativeTestJSON:tearDownClass): 204 DELETE http://10.180.1.21/identity/v3/projects/a3f96822a5ca48b6a2789bd7f345bd4d 0.244s
2025-06-21 05:34:28.648 63091 INFO tempest.lib.common.dynamic_creds [-] Deleting project and security group for project: eba2d17867cc4cba8fa8050046aad9bd
2025-06-21 05:34:28.650 63103 INFO tempest.lib.common.rest_client [req-6e054fa2-8455-4ecc-805f-54458cd48acb req-6e054fa2-8455-4ecc-805f-54458cd48acb ] Request (ServerDiagnosticsV248Test:test_get_server_diagnostics): 200 GET http://10.180.1.21/compute/v2.1/servers/591e4a92-7c03-4d70-885f-49a66032c97e 1.288s
2025-06-21 05:34:28.651 63121 INFO tempest.lib.common.rest_client [req-8e24f532-d9c5-4c2a-b2e6-009f3a398ebc req-8e24f532-d9c5-4c2a-b2e6-009f3a398ebc ] Request (VolumesAssistedSnapshotsTest:setUpClass): 201 POST http://10.180.1.21:9696/networking/v2.0/routers 1.784s
2025-06-21 05:34:28.654 63125 INFO tempest.lib.common.rest_client [req-4fb45e05-0e6f-45ad-9865-a50ae266091f req-4fb45e05-0e6f-45ad-9865-a50ae266091f ] Request (HypervisorAdminV228Test:setUpClass): 201 POST http://10.180.1.21/identity/v3/auth/tokens 0.287s
2025-06-21 05:34:28.659 63103 INFO tempest.common.waiters [-] State transition "BUILD/None" ==> "BUILD/spawning" after 6 second wait
2025-06-21 05:34:28.675 63127 INFO tempest.lib.common.rest_client [req-e8103bf6-b615-4426-a99e-1fc29a9c570d req-e8103bf6-b615-4426-a99e-1fc29a9c570d ] Request (FlavorsAdminTestJSON:test_create_flavor_with_int_id): 200 POST http://10.180.1.21/compute/v2.1/flavors 1.223s
2025-06-21 05:34:28.681 63111 INFO tempest.lib.common.rest_client [req-4d9cc307-0ecf-4a7e-899e-0cc4be8e0fed req-4d9cc307-0ecf-4a7e-899e-0cc4be8e0fed ] Request (ServersWithSpecificFlavorTestJSON:test_verify_created_server_ephemeral_disk): 200 POST http://10.180.1.21/compute/v2.1/flavors/1847523081/os-extra_specs 1.302s
2025-06-21 05:34:28.698 63145 INFO tempest.lib.common.rest_client [req-13afe670-2d0b-43d4-b70e-fc4a3d4a8c78 req-13afe670-2d0b-43d4-b70e-fc4a3d4a8c78 ] Request (ImagesTestJSON:test_create_image_from_stopped_server): 201 POST http://10.180.1.21/identity/v3/auth/tokens 0.270s
2025-06-21 05:34:28.698 63145 INFO tempest.lib.common.fixed_network [-] (ImagesTestJSON:test_create_image_from_stopped_server) Found network {'id': '37e61cfc-9573-498e-9e85-98dd8eb7e5a6', 'name': 'tempest-ImagesTestJSON-10724113-network', 'tenant_id': '3dedbeff832a4ac48b0aa01bd6acc3f1', 'admin_state_up': True, 'mtu': 8950, 'status': 'ACTIVE', 'subnets': [], 'shared': False, 'project_id': '3dedbeff832a4ac48b0aa01bd6acc3f1', 'port_security_enabled': True, 'router:external': False, 'provider:network_type': 'vlan', 'provider:physical_network': 'default', 'provider:segmentation_id': 199, 'availability_zone_hints': [], 'availability_zones': [], 'ipv4_address_scope': None, 'ipv6_address_scope': None, 'description': '', 'tags': [], 'created_at': '2025-06-21T05:34:22Z', 'updated_at': '2025-06-21T05:34:22Z', 'revision_number': 1} available for tenant
2025-06-21 05:34:28.720 63095 INFO tempest.lib.common.rest_client [req-15da55e6-adef-47f0-955a-5b61dde00e24 req-15da55e6-adef-47f0-955a-5b61dde00e24 ] Request (ServerRescueNegativeTestJSON:setUpClass): 201 POST http://10.180.1.21/identity/v3/auth/tokens 0.267s
2025-06-21 05:34:28.742 63141 INFO tempest.lib.common.rest_client [req-117d18cd-5d6b-4459-b497-f4123c110dd9 req-117d18cd-5d6b-4459-b497-f4123c110dd9 ] Request (ServersAdminNegativeTestJSON:setUpClass): 200 GET http://10.180.1.21/compute/v2.1/servers/be02bc93-1278-4b3d-afa3-270c84585d1d 1.006s
2025-06-21 05:34:28.742 63097 INFO tempest.lib.common.rest_client [req-95522c6b-a52d-431c-a1e8-0e37cb809662 req-95522c6b-a52d-431c-a1e8-0e37cb809662 ] Request (TenantUsagesTestJSON:setUpClass): 200 GET http://10.180.1.21/compute/v2.1/servers/66db614c-d101-409d-a5c3-9de38e5a6eff 1.229s
2025-06-21 05:34:28.788 63131 INFO tempest.lib.common.rest_client [req-7753ad6a-4351-4282-afa4-76541e9f86be req-7753ad6a-4351-4282-afa4-76541e9f86be ] Request (QuotaClassesAdmin257Test:tearDownClass): 204 DELETE http://10.180.1.21/identity/v3/projects/ca87a84d07f14a67ad59327c550e8ecd 0.345s
2025-06-21 05:34:28.834 63101 INFO tempest.lib.common.rest_client [req-29d62dfd-d977-452f-8584-a26d1dd6a92f req-29d62dfd-d977-452f-8584-a26d1dd6a92f ] Request (SecurityGroupRulesNegativeTestJSON:test_create_security_group_rule_with_invalid_port_range): 400 POST http://10.180.1.21/compute/v2.1/os-security-group-rules 0.944s
2025-06-21 05:34:28.854 63093 INFO tempest.lib.common.rest_client [req-24dba084-5609-4215-b1dd-9f15f4fd7c57 req-24dba084-5609-4215-b1dd-9f15f4fd7c57 ] Request (HostsAdminNegativeTestJSON:test_startup_nonexistent_host): 404 GET http://10.180.1.21/compute/v2.1/os-hosts/nonexistent_hostname/startup 0.953s
2025-06-21 05:34:28.876 63116 INFO tempest.lib.common.rest_client [req-1feb4160-537c-4ec7-8add-86a84657b492 req-1feb4160-537c-4ec7-8add-86a84657b492 ] Request (KeyPairsV210TestJSON:_run_cleanups): 204 DELETE http://10.180.1.21/compute/v2.1/os-keypairs/tempest-keypair-2090824249?user_id=a0f8446403444db9addf8c20948e440b 0.965s
2025-06-21 05:34:28.891 63091 INFO tempest.lib.common.rest_client [req-57a61308-695a-4feb-8efb-7ec4a2af65ea req-57a61308-695a-4feb-8efb-7ec4a2af65ea ] Request (ServicesAdminNegativeTestJSON:tearDownClass): 200 GET http://10.180.1.21:9696/networking/v2.0/security-groups?tenant_id=eba2d17867cc4cba8fa8050046aad9bd&name=default 0.242s
2025-06-21 05:34:28.891 63123 INFO tempest.lib.common.rest_client [req-ad96acc2-9fd4-4b94-b52f-b80e0bef0b3f req-ad96acc2-9fd4-4b94-b52f-b80e0bef0b3f ] Request (FlavorsExtraSpecsNegativeTestJSON:test_flavor_unset_nonexistent_key): 404 DELETE http://10.180.1.21/compute/v2.1/flavors/820676446/os-extra_specs/hw:cpu_thread_policy 0.967s
2025-06-21 05:34:28.907 63130 INFO tempest.lib.common.rest_client [req-aa27bf58-b045-4d44-9ab6-4ef7679885d7 req-aa27bf58-b045-4d44-9ab6-4ef7679885d7 ] Request (FloatingIPsNegativeTestJSON:tearDownClass): 204 DELETE http://10.180.1.21/identity/v3/projects/6707fc8a0f414801b952bcd0e5f1db32 0.389s
2025-06-21 05:34:28.911 63113 INFO tempest.lib.common.rest_client [req-f55e4055-cd1e-4cd2-9787-e25f9eac7e01 req-f55e4055-cd1e-4cd2-9787-e25f9eac7e01 ] Request (ServerDiagnosticsNegativeTest:test_get_server_diagnostics_by_non_admin): 200 GET http://10.180.1.21/compute/v2.1/servers/32f1bd48-3a2e-42fe-8033-85d3ad55affe 1.066s
2025-06-21 05:34:28.930 63105 INFO tempest.lib.common.rest_client [req-32cc0d3c-67e6-4719-9166-324b1eeb2521 req-32cc0d3c-67e6-4719-9166-324b1eeb2521 ] Request (HypervisorAdminNegativeUnderV252Test:test_search_nonexistent_hypervisor): 404 GET http://10.180.1.21/compute/v2.1/os-hypervisors/nonexistent_hypervisor_name/search 0.705s
2025-06-21 05:34:28.943 63149 INFO tempest.lib.common.rest_client [req-40fa0f4f-d5d7-445b-afc2-0472e7c110db req-40fa0f4f-d5d7-445b-afc2-0472e7c110db ] Request (FlavorsExtraSpecsTestJSON:test_flavor_set_get_update_show_unset_keys): 200 GET http://10.180.1.21/compute/v2.1/flavors/769713273/os-extra_specs 0.678s
2025-06-21 05:34:28.954 63151 INFO tempest.lib.common.rest_client [req-f889d1aa-8d6e-4c95-9798-e92d18d4af07 req-f889d1aa-8d6e-4c95-9798-e92d18d4af07 ] Request (HypervisorAdminNegativeTestJSON:test_show_hypervisor_with_non_admin_user): 403 GET http://10.180.1.21/compute/v2.1/os-hypervisors/1 0.658s
2025-06-21 05:34:28.975 63109 INFO tempest.lib.common.rest_client [req-200f2722-14d0-4c76-a7a4-068b013c3c0e req-200f2722-14d0-4c76-a7a4-068b013c3c0e ] Request (FlavorsAccessTestJSON:test_flavor_access_list_with_private_flavor): 200 GET http://10.180.1.21/compute/v2.1/flavors/83225993/os-flavor-access 0.656s
2025-06-21 05:34:29.023 63095 INFO tempest.lib.common.rest_client [req-acac3476-ef9b-4118-b4a4-c7e4ffb6fdce req-acac3476-ef9b-4118-b4a4-c7e4ffb6fdce ] Request (ServerRescueNegativeTestJSON:setUpClass): 200 GET http://10.180.1.21/identity/v3/domains?name=Default 0.303s
2025-06-21 05:34:29.036 63125 INFO tempest.lib.common.rest_client [req-6fb3de7f-9392-4e49-af5c-07d848aabce7 req-6fb3de7f-9392-4e49-af5c-07d848aabce7 ] Request (HypervisorAdminV228Test:setUpClass): 201 POST http://10.180.1.21/identity/v3/projects 0.381s
2025-06-21 05:34:29.091 63131 INFO tempest.lib.common.rest_client [req-c614a7e2-c2be-4ab1-9e93-ddf6826701fa req-c614a7e2-c2be-4ab1-9e93-ddf6826701fa ] Request (MultipleCreateNegativeTestJSON:setUpClass): 201 POST http://10.180.1.21/identity/v3/auth/tokens 0.301s
2025-06-21 05:34:29.137 63116 INFO tempest.lib.common.rest_client [req-c1d6cc95-a90a-41fd-8315-b8d2d68b63e1 req-c1d6cc95-a90a-41fd-8315-b8d2d68b63e1 ] Request (KeyPairsV210TestJSON:tearDownClass): 204 DELETE http://10.180.1.21/identity/v3/users/a0f8446403444db9addf8c20948e440b 0.252s
2025-06-21 05:34:29.154 63099 INFO tempest.lib.common.rest_client [req-a6b1e914-ee7a-43f7-9f46-cf881d58350e req-a6b1e914-ee7a-43f7-9f46-cf881d58350e ] Request (ServerDiagnosticsTest:test_get_server_diagnostics): 200 GET http://10.180.1.21/compute/v2.1/servers/f5504590-823d-4c37-8226-26684f7957a6 0.800s
2025-06-21 05:34:29.209 63130 INFO tempest.lib.common.rest_client [req-31cd87e8-891e-44b6-9c05-7656266ea4fa req-31cd87e8-891e-44b6-9c05-7656266ea4fa ] Request (FloatingIPDetailsTestJSON:setUpClass): 201 POST http://10.180.1.21/identity/v3/auth/tokens 0.298s
2025-06-21 05:34:29.230 63091 INFO tempest.lib.common.rest_client [req-f2fe217c-2983-4de1-90eb-b7be06f8cbaf req-f2fe217c-2983-4de1-90eb-b7be06f8cbaf ] Request (ServicesAdminNegativeTestJSON:tearDownClass): 204 DELETE http://10.180.1.21:9696/networking/v2.0/security-groups/ab4d35d7-8280-40ae-8144-f9daef91728f 0.339s
2025-06-21 05:34:29.246 63095 INFO tempest.lib.common.rest_client [req-fc2bb2f1-0245-4ea6-8ddc-2d64d2dfa7ed req-fc2bb2f1-0245-4ea6-8ddc-2d64d2dfa7ed ] Request (ServerRescueNegativeTestJSON:setUpClass): 201 POST http://10.180.1.21/identity/v3/projects 0.222s
2025-06-21 05:34:29.261 63119 INFO tempest.lib.common.rest_client [req-db214474-23cb-48eb-8945-ed5ded9b014e req-db214474-23cb-48eb-8945-ed5ded9b014e ] Request (DeleteServersAdminTestJSON:test_admin_delete_servers_of_others): 200 GET http://10.180.1.21/compute/v2.1/servers/0ebb226a-40a3-40cd-8492-ccce87baf0e6 0.840s
2025-06-21 05:34:29.305 63131 INFO tempest.lib.common.rest_client [req-5ff37335-d07e-4b70-83b4-3ef9dbef2dc4 req-5ff37335-d07e-4b70-83b4-3ef9dbef2dc4 ] Request (MultipleCreateNegativeTestJSON:setUpClass): 201 POST http://10.180.1.21/identity/v3/auth/tokens 0.211s
2025-06-21 05:34:29.314 63125 INFO tempest.lib.common.rest_client [req-9901a0c3-6095-428b-a3b9-ba76a31f272b req-9901a0c3-6095-428b-a3b9-ba76a31f272b ] Request (HypervisorAdminV228Test:setUpClass): 201 POST http://10.180.1.21/identity/v3/users 0.277s
2025-06-21 05:34:29.346 63130 INFO tempest.lib.common.rest_client [req-bf3a54a8-370c-4bcf-85ee-54df9487ad8c req-bf3a54a8-370c-4bcf-85ee-54df9487ad8c ] Request (FloatingIPDetailsTestJSON:setUpClass): 201 POST http://10.180.1.21/identity/v3/auth/tokens 0.134s
2025-06-21 05:34:29.373 63116 INFO tempest.lib.common.rest_client [req-251b81e9-e20f-4056-8356-2678fc560dde req-251b81e9-e20f-4056-8356-2678fc560dde ] Request (KeyPairsV210TestJSON:tearDownClass): 204 DELETE http://10.180.1.21/identity/v3/users/f1264fc8a91f40b59ea3f463e76fe8d6 0.235s
2025-06-21 05:34:29.373 63116 INFO tempest.lib.common.dynamic_creds [-] Deleting project and security group for project: d3204cfeecaa431c9dfa649cb122cbc7
2025-06-21 05:34:29.424 63091 INFO tempest.lib.common.rest_client [req-f68bddad-8166-40f9-8520-189154f5cd28 req-f68bddad-8166-40f9-8520-189154f5cd28 ] Request (ServicesAdminNegativeTestJSON:tearDownClass): 204 DELETE http://10.180.1.21/identity/v3/projects/eba2d17867cc4cba8fa8050046aad9bd 0.194s
2025-06-21 05:34:29.462 63095 INFO tempest.lib.common.rest_client [req-ec31524f-81c7-451b-9f34-b8b91f79969c req-ec31524f-81c7-451b-9f34-b8b91f79969c ] Request (ServerRescueNegativeTestJSON:setUpClass): 201 POST http://10.180.1.21/identity/v3/users 0.216s
2025-06-21 05:34:29.486 63131 INFO tempest.lib.common.rest_client [req-53e6157f-9fc4-4989-a5f6-90f0e89c12d0 req-53e6157f-9fc4-4989-a5f6-90f0e89c12d0 ] Request (MultipleCreateNegativeTestJSON:setUpClass): 200 GET http://10.180.1.21/identity/v3/domains?name=Default 0.181s
2025-06-21 05:34:29.511 63125 INFO tempest.lib.common.rest_client [req-65cd9abd-8be7-49a2-a9b9-0e5103ac1255 req-65cd9abd-8be7-49a2-a9b9-0e5103ac1255 ] Request (HypervisorAdminV228Test:setUpClass): 200 GET http://10.180.1.21/identity/v3/roles 0.197s
2025-06-21 05:34:29.527 63130 INFO tempest.lib.common.rest_client [req-f7a783b8-7958-4638-97fc-d10a1433efd8 req-f7a783b8-7958-4638-97fc-d10a1433efd8 ] Request (FloatingIPDetailsTestJSON:setUpClass): 200 GET http://10.180.1.21/identity/v3/domains?name=Default 0.180s
2025-06-21 05:34:29.535 63116 INFO tempest.lib.common.rest_client [req-6318ea0b-cd12-43c9-85bd-c776f6db2de9 req-6318ea0b-cd12-43c9-85bd-c776f6db2de9 ] Request (KeyPairsV210TestJSON:tearDownClass): 201 POST http://10.180.1.21/identity/v3/auth/tokens 0.162s
2025-06-21 05:34:29.569 63091 INFO tempest.lib.common.rest_client [req-162784ee-a28f-4820-a84f-75845edd8399 req-162784ee-a28f-4820-a84f-75845edd8399 ] Request (ImagesMetadataNegativeTestJSON:setUpClass): 201 POST http://10.180.1.21/identity/v3/auth/tokens 0.140s
2025-06-21 05:34:29.593 63095 INFO tempest.lib.common.rest_client [req-c8af11c4-a9a5-4447-87d4-e47d64949d1a req-c8af11c4-a9a5-4447-87d4-e47d64949d1a ] Request (ServerRescueNegativeTestJSON:setUpClass): 200 GET http://10.180.1.21/identity/v3/roles 0.130s
2025-06-21 05:34:29.640 63131 INFO tempest.lib.common.rest_client [req-910889c3-20a2-42a4-b1a4-700f149433ee req-910889c3-20a2-42a4-b1a4-700f149433ee ] Request (MultipleCreateNegativeTestJSON:setUpClass): 201 POST http://10.180.1.21/identity/v3/projects 0.153s
2025-06-21 05:34:29.770 63125 INFO tempest.lib.common.rest_client [req-ee80203b-6889-4ee8-9aa2-9f47429e0c1d req-ee80203b-6889-4ee8-9aa2-9f47429e0c1d ] Request (HypervisorAdminV228Test:setUpClass): 204 PUT http://10.180.1.21/identity/v3/projects/996dd91de297472e960ae4d96edafe5c/users/8d43919ee05d4551aa01dee6b3b7391a/roles/35ff632d8bdf463483810587c06b24d1 0.258s
2025-06-21 05:34:29.775 63135 INFO tempest.lib.common.rest_client [req-6be52418-af31-4875-bc6d-30cf1968558f req-6be52418-af31-4875-bc6d-30cf1968558f ] Request (ImagesMetadataTestJSON:setUpClass): 204 PUT http://10.180.1.21/image/v2/images/2ea84742-2a9a-4bc4-ba2b-2483ec545203/file 2.065s
2025-06-21 05:34:29.777 63117 INFO tempest.lib.common.rest_client [req-80775af4-7be9-4f50-bd8f-be2fbedfde98 req-80775af4-7be9-4f50-bd8f-be2fbedfde98 ] Request (QuotasAdminNegativeTest:_run_cleanups): 200 PUT http://10.180.1.21/compute/v2.1/os-quota-sets/1181eea0a4de46fa9d5ba3829c8132fc 1.202s
2025-06-21 05:34:29.900 63130 INFO tempest.lib.common.rest_client [req-9e4539e3-fdc1-4ab5-aff0-0a28d358ea10 req-9e4539e3-fdc1-4ab5-aff0-0a28d358ea10 ] Request (FloatingIPDetailsTestJSON:setUpClass): 201 POST http://10.180.1.21/identity/v3/projects 0.372s
2025-06-21 05:34:29.977 63091 INFO tempest.lib.common.rest_client [req-fb5cfd58-2f02-48bc-993d-ea0a8bca32f6 req-fb5cfd58-2f02-48bc-993d-ea0a8bca32f6 ] Request (ImagesMetadataNegativeTestJSON:setUpClass): 201 POST http://10.180.1.21/identity/v3/auth/tokens 0.406s
2025-06-21 05:34:30.014 63095 INFO tempest.lib.common.rest_client [req-e8e0c020-a1a7-4492-93ee-f4555d5e11e3 req-e8e0c020-a1a7-4492-93ee-f4555d5e11e3 ] Request (ServerRescueNegativeTestJSON:setUpClass): 204 PUT http://10.180.1.21/identity/v3/projects/42a09e557c794726aa4895c1563ea62f/users/307242d782d24d1594ee89c0e46e7aa3/roles/79dc19b254bc49cea356c89d208fba0b 0.420s
2025-06-21 05:34:30.014 63095 INFO tempest.lib.common.dynamic_creds [-] Dynamic test user 307242d782d24d1594ee89c0e46e7aa3 is created with scope project and roles: ['member']
2025-06-21 05:34:30.014 63095 INFO tempest.lib.common.dynamic_creds [-] Acquired dynamic creds: credentials: Credentials: {'domain_id': 'default', 'domain_name': 'Default', 'username': 'tempest-ServerRescueNegativeTestJSON-253242598-project-member', 'project_domain_id': 'default', 'project_domain_name': 'Default', 'project_id': '42a09e557c794726aa4895c1563ea62f', 'project_name': 'tempest-ServerRescueNegativeTestJSON-253242598', 'tenant_id': '42a09e557c794726aa4895c1563ea62f', 'tenant_name': 'tempest-ServerRescueNegativeTestJSON-253242598', 'user_domain_id': 'default', 'user_domain_name': 'Default', 'user_id': '307242d782d24d1594ee89c0e46e7aa3', 'system': None}, Network: None, Subnet: None, Router: None
2025-06-21 05:34:30.034 63131 INFO tempest.lib.common.rest_client [req-36d2a592-176b-40cf-bc93-72e016fd996f req-36d2a592-176b-40cf-bc93-72e016fd996f ] Request (MultipleCreateNegativeTestJSON:setUpClass): 201 POST http://10.180.1.21/identity/v3/users 0.393s
2025-06-21 05:34:30.089 63125 INFO tempest.lib.common.rest_client [req-d99a8869-69eb-4751-ab31-c5657e779082 req-d99a8869-69eb-4751-ab31-c5657e779082 ] Request (HypervisorAdminV228Test:setUpClass): 200 GET http://10.180.1.21/identity/v3/roles 0.319s
2025-06-21 05:34:30.122 63130 INFO tempest.lib.common.rest_client [req-8d13fcf5-0b1d-493c-a125-093d793e186b req-8d13fcf5-0b1d-493c-a125-093d793e186b ] Request (FloatingIPDetailsTestJSON:setUpClass): 201 POST http://10.180.1.21/identity/v3/users 0.222s
2025-06-21 05:34:30.144 63116 INFO tempest.lib.common.rest_client [req-32de7d8c-2438-4c94-9a4b-3cdef905a944 req-32de7d8c-2438-4c94-9a4b-3cdef905a944 ] Request (KeyPairsV210TestJSON:tearDownClass): 200 GET http://10.180.1.21:9696/networking/v2.0/security-groups?tenant_id=d3204cfeecaa431c9dfa649cb122cbc7&name=default 0.608s
2025-06-21 05:34:30.145 63095 INFO tempest.lib.common.rest_client [req-35842ab9-5494-4f44-b0d1-37eec9269288 req-35842ab9-5494-4f44-b0d1-37eec9269288 ] Request (ServerRescueNegativeTestJSON:setUpClass): 201 POST http://10.180.1.21/identity/v3/auth/tokens 0.130s
2025-06-21 05:34:30.149 63091 INFO tempest.lib.common.rest_client [req-abed4b80-6122-4e89-916c-a0db6a7855b5 req-abed4b80-6122-4e89-916c-a0db6a7855b5 ] Request (ImagesMetadataNegativeTestJSON:setUpClass): 200 GET http://10.180.1.21/identity/v3/domains?name=Default 0.171s
2025-06-21 05:34:30.157 63121 INFO tempest.lib.common.rest_client [req-965c21cd-a274-46a9-8f80-2608ef4d1449 req-965c21cd-a274-46a9-8f80-2608ef4d1449 ] Request (VolumesAssistedSnapshotsTest:setUpClass): 200 PUT http://10.180.1.21:9696/networking/v2.0/routers/66949cac-3099-4561-99c0-2d5454f98d4b/add_router_interface 1.505s
2025-06-21 05:34:30.157 63121 INFO tempest.lib.common.dynamic_creds [-] Created isolated network resources for: credentials: Credentials: {'domain_id': 'default', 'domain_name': 'Default', 'username': 'tempest-VolumesAssistedSnapshotsTest-2032254012-project', 'project_domain_id': 'default', 'project_domain_name': 'Default', 'project_id': '4faf214def074aa09fac496b1577d42a', 'project_name': 'tempest-VolumesAssistedSnapshotsTest-2032254012', 'tenant_id': '4faf214def074aa09fac496b1577d42a', 'tenant_name': 'tempest-VolumesAssistedSnapshotsTest-2032254012', 'user_domain_id': 'default', 'user_domain_name': 'Default', 'user_id': '9c6b44677b6346a7ad2cca6f973141af', 'system': None}, Network: {'id': 'f5e3d2ea-98f4-4e7a-b03e-2ea4942888ce', 'name': 'tempest-VolumesAssistedSnapshotsTest-1941048175-network', 'tenant_id': '4faf214def074aa09fac496b1577d42a', 'admin_state_up': True, 'mtu': 8950, 'status': 'ACTIVE', 'subnets': [], 'shared': False, 'project_id': '4faf214def074aa09fac496b1577d42a', 'port_security_enabled': True, 'router:external': False, 'provider:network_type': 'vlan', 'provider:physical_network': 'default', 'provider:segmentation_id': 477, 'availability_zone_hints': [], 'availability_zones': [], 'ipv4_address_scope': None, 'ipv6_address_scope': None, 'description': '', 'tags': [], 'created_at': '2025-06-21T05:34:25Z', 'updated_at': '2025-06-21T05:34:25Z', 'revision_number': 1}, Subnet: {'id': 'd1cb3449-c109-40e6-91d5-dc7d66c09f02', 'name': 'tempest-VolumesAssistedSnapshotsTest-1941048175-subnet', 'tenant_id': '4faf214def074aa09fac496b1577d42a', 'network_id': 'f5e3d2ea-98f4-4e7a-b03e-2ea4942888ce', 'ip_version': 4, 'subnetpool_id': None, 'enable_dhcp': True, 'ipv6_ra_mode': None, 'ipv6_address_mode': None, 'gateway_ip': '192.168.128.1', 'cidr': '192.168.128.0/28', 'allocation_pools': [{'start': '192.168.128.2', 'end': '192.168.128.14'}], 'host_routes': [], 'dns_nameservers': [], 'description': '', 'router:external': False, 'service_types': [], 'tags': [], 'created_at': '2025-06-21T05:34:26Z', 'updated_at': '2025-06-21T05:34:26Z', 'revision_number': 0, 'project_id': '4faf214def074aa09fac496b1577d42a'}, Router: {'id': '66949cac-3099-4561-99c0-2d5454f98d4b', 'name': 'tempest-VolumesAssistedSnapshotsTest-1941048175-router', 'tenant_id': '4faf214def074aa09fac496b1577d42a', 'admin_state_up': True, 'status': 'ACTIVE', 'external_gateway_info': {'network_id': '1650b2b1-0a9c-4d76-ab3a-ec7bcc48b22f', 'external_fixed_ips': [{'subnet_id': '4b4e2858-8704-4c86-9c3d-42d02dee2f4b', 'ip_address': '10.180.180.233'}], 'enable_snat': True}, 'description': '', 'availability_zones': [], 'distributed': False, 'ha': False, 'availability_zone_hints': [], 'routes': [], 'flavor_id': None, 'tags': [], 'created_at': '2025-06-21T05:34:26Z', 'updated_at': '2025-06-21T05:34:28Z', 'revision_number': 2, 'project_id': '4faf214def074aa09fac496b1577d42a'}
2025-06-21 05:34:30.163 63131 INFO tempest.lib.common.rest_client [req-5e7b052b-1ddc-411f-8fdb-c1762c9afdae req-5e7b052b-1ddc-411f-8fdb-c1762c9afdae ] Request (MultipleCreateNegativeTestJSON:setUpClass): 200 GET http://10.180.1.21/identity/v3/roles 0.128s
2025-06-21 05:34:30.170 63125 INFO tempest.lib.common.rest_client [req-8debdaeb-2149-4af3-88d8-0f0d97b5037e req-8debdaeb-2149-4af3-88d8-0f0d97b5037e ] Request (HypervisorAdminV228Test:setUpClass): 204 PUT http://10.180.1.21/identity/v3/projects/996dd91de297472e960ae4d96edafe5c/users/8d43919ee05d4551aa01dee6b3b7391a/roles/35ff632d8bdf463483810587c06b24d1 0.080s
2025-06-21 05:34:30.171 63125 INFO tempest.lib.common.dynamic_creds [-] Dynamic test user 8d43919ee05d4551aa01dee6b3b7391a is created with scope project and roles: ['admin']
2025-06-21 05:34:30.171 63125 INFO tempest.lib.common.dynamic_creds [-] Acquired dynamic creds: credentials: Credentials: {'domain_id': 'default', 'domain_name': 'Default', 'username': 'tempest-HypervisorAdminV228Test-2116840842-project-admin', 'project_domain_id': 'default', 'project_domain_name': 'Default', 'project_id': '996dd91de297472e960ae4d96edafe5c', 'project_name': 'tempest-HypervisorAdminV228Test-2116840842', 'tenant_id': '996dd91de297472e960ae4d96edafe5c', 'tenant_name': 'tempest-HypervisorAdminV228Test-2116840842', 'user_domain_id': 'default', 'user_domain_name': 'Default', 'user_id': '8d43919ee05d4551aa01dee6b3b7391a', 'system': None}, Network: None, Subnet: None, Router: None
2025-06-21 05:34:30.171 63125 INFO tempest.lib.common.dynamic_creds [-] Created isolated network resources for: credentials: Credentials: {'domain_id': 'default', 'domain_name': 'Default', 'username': 'tempest-HypervisorAdminV228Test-2116840842-project-admin', 'project_domain_id': 'default', 'project_domain_name': 'Default', 'project_id': '996dd91de297472e960ae4d96edafe5c', 'project_name': 'tempest-HypervisorAdminV228Test-2116840842', 'tenant_id': '996dd91de297472e960ae4d96edafe5c', 'tenant_name': 'tempest-HypervisorAdminV228Test-2116840842', 'user_domain_id': 'default', 'user_domain_name': 'Default', 'user_id': '8d43919ee05d4551aa01dee6b3b7391a', 'system': None}, Network: None, Subnet: None, Router: None
2025-06-21 05:34:30.229 63130 INFO tempest.lib.common.rest_client [req-c90f823e-18a2-4b3e-b2ad-145239cdbdc2 req-c90f823e-18a2-4b3e-b2ad-145239cdbdc2 ] Request (FloatingIPDetailsTestJSON:setUpClass): 200 GET http://10.180.1.21/identity/v3/roles 0.106s
2025-06-21 05:34:30.299 63134 INFO tempest.lib.common.rest_client [req-08ba10ee-60e2-4c0f-8280-19a1a2133eac req-08ba10ee-60e2-4c0f-8280-19a1a2133eac ] Request (QuotasAdminTestV236:test_get_updated_quotas): 200 GET http://10.180.1.21/compute/v2.1/os-quota-sets/e9af67bdb2ed45679dc282ee2c2a30eb/detail 1.685s
2025-06-21 05:34:30.303 63091 INFO tempest.lib.common.rest_client [req-88874596-7177-43dd-8afd-e1a512802929 req-88874596-7177-43dd-8afd-e1a512802929 ] Request (ImagesMetadataNegativeTestJSON:setUpClass): 201 POST http://10.180.1.21/identity/v3/projects 0.154s
2025-06-21 05:34:30.307 63116 INFO tempest.lib.common.rest_client [req-bd8de8c9-06f1-490c-900d-82cec81c9f20 req-bd8de8c9-06f1-490c-900d-82cec81c9f20 ] Request (KeyPairsV210TestJSON:tearDownClass): 204 DELETE http://10.180.1.21:9696/networking/v2.0/security-groups/68560530-34c7-4574-9b87-5a650e8aabcb 0.163s
2025-06-21 05:34:30.426 63131 INFO tempest.lib.common.rest_client [req-f2e44226-1730-40f2-b5a4-6d7f3c426c58 req-f2e44226-1730-40f2-b5a4-6d7f3c426c58 ] Request (MultipleCreateNegativeTestJSON:setUpClass): 204 PUT http://10.180.1.21/identity/v3/projects/4aa1de672d7a4b46ac884c64ab0a41dc/users/0406a44909dc43c89a3ef811e469ce1d/roles/79dc19b254bc49cea356c89d208fba0b 0.263s
2025-06-21 05:34:30.426 63131 INFO tempest.lib.common.dynamic_creds [-] Dynamic test user 0406a44909dc43c89a3ef811e469ce1d is created with scope project and roles: ['member']
2025-06-21 05:34:30.427 63131 INFO tempest.lib.common.dynamic_creds [-] Acquired dynamic creds: credentials: Credentials: {'domain_id': 'default', 'domain_name': 'Default', 'username': 'tempest-MultipleCreateNegativeTestJSON-2087661558-project-member', 'project_domain_id': 'default', 'project_domain_name': 'Default', 'project_id': '4aa1de672d7a4b46ac884c64ab0a41dc', 'project_name': 'tempest-MultipleCreateNegativeTestJSON-2087661558', 'tenant_id': '4aa1de672d7a4b46ac884c64ab0a41dc', 'tenant_name': 'tempest-MultipleCreateNegativeTestJSON-2087661558', 'user_domain_id': 'default', 'user_domain_name': 'Default', 'user_id': '0406a44909dc43c89a3ef811e469ce1d', 'system': None}, Network: None, Subnet: None, Router: None
2025-06-21 05:34:30.427 63131 INFO tempest.lib.common.dynamic_creds [-] Created isolated network resources for: credentials: Credentials: {'domain_id': 'default', 'domain_name': 'Default', 'username': 'tempest-MultipleCreateNegativeTestJSON-2087661558-project-member', 'project_domain_id': 'default', 'project_domain_name': 'Default', 'project_id': '4aa1de672d7a4b46ac884c64ab0a41dc', 'project_name': 'tempest-MultipleCreateNegativeTestJSON-2087661558', 'tenant_id': '4aa1de672d7a4b46ac884c64ab0a41dc', 'tenant_name': 'tempest-MultipleCreateNegativeTestJSON-2087661558', 'user_domain_id': 'default', 'user_domain_name': 'Default', 'user_id': '0406a44909dc43c89a3ef811e469ce1d', 'system': None}, Network: None, Subnet: None, Router: None
2025-06-21 05:34:30.441 63121 INFO tempest.lib.common.rest_client [req-58d602bf-34bb-43d4-bc8f-a74adda72f31 req-58d602bf-34bb-43d4-bc8f-a74adda72f31 ] Request (VolumesAssistedSnapshotsTest:setUpClass): 201 POST http://10.180.1.21/identity/v3/auth/tokens 0.281s
2025-06-21 05:34:30.496 63130 INFO tempest.lib.common.rest_client [req-0cc38d82-be8b-4fa6-9505-fd9b40664e4d req-0cc38d82-be8b-4fa6-9505-fd9b40664e4d ] Request (FloatingIPDetailsTestJSON:setUpClass): 204 PUT http://10.180.1.21/identity/v3/projects/d93bd7f43fc145e28cc0a896666685c0/users/89f73e60122d4f11800f808bde1e5898/roles/79dc19b254bc49cea356c89d208fba0b 0.266s
2025-06-21 05:34:30.496 63130 INFO tempest.lib.common.dynamic_creds [-] Dynamic test user 89f73e60122d4f11800f808bde1e5898 is created with scope project and roles: ['member']
2025-06-21 05:34:30.496 63130 INFO tempest.lib.common.dynamic_creds [-] Acquired dynamic creds: credentials: Credentials: {'domain_id': 'default', 'domain_name': 'Default', 'username': 'tempest-FloatingIPDetailsTestJSON-1871651222-project-member', 'project_domain_id': 'default', 'project_domain_name': 'Default', 'project_id': 'd93bd7f43fc145e28cc0a896666685c0', 'project_name': 'tempest-FloatingIPDetailsTestJSON-1871651222', 'tenant_id': 'd93bd7f43fc145e28cc0a896666685c0', 'tenant_name': 'tempest-FloatingIPDetailsTestJSON-1871651222', 'user_domain_id': 'default', 'user_domain_name': 'Default', 'user_id': '89f73e60122d4f11800f808bde1e5898', 'system': None}, Network: None, Subnet: None, Router: None
2025-06-21 05:34:30.505 63125 INFO tempest.lib.common.rest_client [req-279425cd-ee58-403f-b892-cab6b389b669 req-279425cd-ee58-403f-b892-cab6b389b669 ] Request (HypervisorAdminV228Test:setUpClass): 201 POST http://10.180.1.21/identity/v3/auth/tokens 0.330s
2025-06-21 05:34:30.583 63139 INFO tempest.lib.common.rest_client [req-9df3d3ab-62fb-488f-a0e8-0358b1805c49 req-9df3d3ab-62fb-488f-a0e8-0358b1805c49 ] Request (VolumesAdminNegativeTest:test_update_attached_volume_with_nonexistent_volume_in_body): 202 POST http://10.180.1.21/compute/v2.1/servers 1.994s
2025-06-21 05:34:30.595 63091 INFO tempest.lib.common.rest_client [req-a6fcf7f4-c7fe-4113-aeab-6a77896bd8a8 req-a6fcf7f4-c7fe-4113-aeab-6a77896bd8a8 ] Request (ImagesMetadataNegativeTestJSON:setUpClass): 201 POST http://10.180.1.21/identity/v3/users 0.291s
2025-06-21 05:34:30.617 63107 INFO tempest.lib.common.rest_client [req-2fc99ab3-8a00-4767-bb3d-fdc2cbd48b6a req-2fc99ab3-8a00-4767-bb3d-fdc2cbd48b6a ] Request (AggregatesAdminNegativeTestJSON:test_aggregate_add_host_as_user): 403 POST http://10.180.1.21/compute/v2.1/os-aggregates/2/action 1.970s
2025-06-21 05:34:30.629 63095 INFO tempest.lib.common.rest_client [req-cb4a8bbb-127c-4abf-9d85-a8e240fe0500 req-cb4a8bbb-127c-4abf-9d85-a8e240fe0500 ] Request (ServerRescueNegativeTestJSON:setUpClass): 201 POST http://10.180.1.21:9696/networking/v2.0/networks 0.484s
2025-06-21 05:34:30.636 63127 INFO tempest.lib.common.rest_client [req-049ef6a0-d40e-452a-8b9d-292ef386c509 req-049ef6a0-d40e-452a-8b9d-292ef386c509 ] Request (FlavorsAdminTestJSON:_run_cleanups): 202 DELETE http://10.180.1.21/compute/v2.1/flavors/583075635 1.958s
2025-06-21 05:34:30.678 63134 INFO tempest.lib.common.rest_client [req-2dac39e6-7e19-420d-ad72-5a4a91d42d7c req-2dac39e6-7e19-420d-ad72-5a4a91d42d7c ] Request (QuotasAdminTestV236:test_get_updated_quotas): 200 GET http://10.180.1.21/identity/v3/domains?name=Default 0.372s
2025-06-21 05:34:30.685 63111 INFO tempest.lib.common.rest_client [req-63c6606f-cb1e-44f8-a11d-98aab4c7c4f9 req-63c6606f-cb1e-44f8-a11d-98aab4c7c4f9 ] Request (ValidationResourcesFixture:setUp): 200 POST http://10.180.1.21/compute/v2.1/os-keypairs 2.001s
2025-06-21 05:34:30.729 63116 INFO tempest.lib.common.rest_client [req-769d07a1-3b85-470a-bff7-f01627176f00 req-769d07a1-3b85-470a-bff7-f01627176f00 ] Request (KeyPairsV210TestJSON:tearDownClass): 204 DELETE http://10.180.1.21/identity/v3/projects/d3204cfeecaa431c9dfa649cb122cbc7 0.422s
2025-06-21 05:34:30.730 63116 INFO tempest.lib.common.dynamic_creds [-] Deleting project and security group for project: 7bb9699122a34b04b530ae6a93d51956
2025-06-21 05:34:30.774 63131 INFO tempest.lib.common.rest_client [req-9ab8e252-0fff-405d-8086-c34aa924d880 req-9ab8e252-0fff-405d-8086-c34aa924d880 ] Request (MultipleCreateNegativeTestJSON:setUpClass): 201 POST http://10.180.1.21/identity/v3/auth/tokens 0.342s
2025-06-21 05:34:30.843 63130 INFO tempest.lib.common.rest_client [req-5b694484-004b-44f9-b9fc-1e96bc9158b4 req-5b694484-004b-44f9-b9fc-1e96bc9158b4 ] Request (FloatingIPDetailsTestJSON:setUpClass): 201 POST http://10.180.1.21/identity/v3/auth/tokens 0.347s
2025-06-21 05:34:30.868 63091 INFO tempest.lib.common.rest_client [req-4bde7f2a-fc2a-4d7d-b390-b131c37ca32b req-4bde7f2a-fc2a-4d7d-b390-b131c37ca32b ] Request (ImagesMetadataNegativeTestJSON:setUpClass): 200 GET http://10.180.1.21/identity/v3/roles 0.272s
2025-06-21 05:34:30.932 63134 INFO tempest.lib.common.rest_client [req-04b00e05-6cf3-4e7d-8c65-d90d51365634 req-04b00e05-6cf3-4e7d-8c65-d90d51365634 ] Request (QuotasAdminTestV236:test_get_updated_quotas): 201 POST http://10.180.1.21/identity/v3/users 0.253s
2025-06-21 05:34:30.948 63111 INFO tempest.lib.common.rest_client [req-88d7e863-c67d-4295-aa67-0226af1763b7 req-88d7e863-c67d-4295-aa67-0226af1763b7 ] Request (ValidationResourcesFixture:setUp): 201 POST http://10.180.1.21:9696/networking/v2.0/security-groups 0.258s
2025-06-21 05:34:30.970 63147 INFO tempest.lib.common.rest_client [req-ffa5af6d-f751-48ea-8faa-cfdb9a13efac req-ffa5af6d-f751-48ea-8faa-cfdb9a13efac ] Request (ImagesNegativeTestJSON:test_create_image_from_deleted_server): 200 GET http://10.180.1.21/compute/v2.1/servers/37649169-66e6-4ef1-a4cd-c65b9831004a 2.220s
2025-06-21 05:34:30.977 63131 INFO tempest.lib.common.rest_client [req-4b6bf1ed-5432-456f-b4ff-1c92d41a237a req-4b6bf1ed-5432-456f-b4ff-1c92d41a237a ] Request (MultipleCreateNegativeTestJSON:test_max_count_less_than_min_count): 201 POST http://10.180.1.21/identity/v3/auth/tokens 0.195s
2025-06-21 05:34:30.977 63131 INFO tempest.lib.common.fixed_network [-] (MultipleCreateNegativeTestJSON:test_max_count_less_than_min_count) Found network None available for tenant
2025-06-21 05:34:30.982 63116 INFO tempest.lib.common.rest_client [req-1f4906b6-ff78-4348-b364-2719141137ac req-1f4906b6-ff78-4348-b364-2719141137ac ] Request (KeyPairsV210TestJSON:tearDownClass): 200 GET http://10.180.1.21:9696/networking/v2.0/security-groups?tenant_id=7bb9699122a34b04b530ae6a93d51956&name=default 0.252s
2025-06-21 05:34:31.061 63091 INFO tempest.lib.common.rest_client [req-023ae56a-0803-442c-940f-d00e57eca4ac req-023ae56a-0803-442c-940f-d00e57eca4ac ] Request (ImagesMetadataNegativeTestJSON:setUpClass): 204 PUT http://10.180.1.21/identity/v3/projects/753f00856a324a458c5720eb191a5efc/users/717d54dba7f6441193db727ad4aef53d/roles/79dc19b254bc49cea356c89d208fba0b 0.193s
2025-06-21 05:34:31.062 63091 INFO tempest.lib.common.dynamic_creds [-] Dynamic test user 717d54dba7f6441193db727ad4aef53d is created with scope project and roles: ['member']
