2025-06-21 05:36:16.552 63123 INFO tempest.lib.common.rest_client [req-569f59d1-41e4-4206-92d7-bb13640f827d req-569f59d1-41e4-4206-92d7-bb13640f827d ] Request (ServersAdminTestJSON:test_create_server_with_scheduling_hint): 200 GET http://10.180.1.21/compute/v2.1/servers/cbc5985a-38e7-4e52-9fb0-264b5cec013a 0.120s
2025-06-21 05:36:16.647 63103 INFO tempest.lib.common.rest_client [req-5ba93b36-1c73-4c85-b967-fc242028da0e req-5ba93b36-1c73-4c85-b967-fc242028da0e ] Request (ServersListShow2100Test:test_list_show_rebuild_update_server_2100): 200 GET http://10.180.1.21/compute/v2.1/servers/127fee64-fd56-4a23-bdd2-18c817898fd5 0.318s
2025-06-21 05:36:16.649 63137 INFO tempest.lib.common.rest_client [req-d4efe387-bdfd-412c-9bca-f5e7b3763926 req-d4efe387-bdfd-412c-9bca-f5e7b3763926 ] Request (MigrationsAdminTest:test_list_migrations_in_flavor_resize_situation): 200 GET http://10.180.1.21/compute/v2.1/servers/6a592192-1b41-4be2-84a6-c3b76a4e5643 0.181s
2025-06-21 05:36:16.695 63119 INFO tempest.lib.common.rest_client [req-35af7205-9d51-45e5-abe3-f0583ac0197d req-35af7205-9d51-45e5-abe3-f0583ac0197d ] Request (DeleteServersAdminTestJSON:test_delete_server_while_in_error_state): 200 GET http://10.180.1.21/compute/v2.1/servers/56f9e03c-1157-442f-8add-156627a6ec1e 0.203s
2025-06-21 05:36:16.697 63097 INFO tempest.lib.common.rest_client [req-cd96fe0e-61ec-4c57-8bef-462bdcba9396 req-cd96fe0e-61ec-4c57-8bef-462bdcba9396 ] Request (ImagesOneServerTestJSON:setUpClass): 200 GET http://10.180.1.21/compute/v2.1/servers/9677b03f-7138-47b7-b1e8-f3714d11e550 0.184s
2025-06-21 05:36:16.740 63116 INFO tempest.lib.common.rest_client [req-a6d947e5-3e3a-4ce3-a00e-306d9b3fb989 req-a6d947e5-3e3a-4ce3-a00e-306d9b3fb989 ] Request (ServersTestBootFromVolume:setUpClass): 200 GET http://10.180.1.21/compute/v2.1/servers/bd0933ca-aab7-4dd4-a570-1a58a720f377 0.201s
2025-06-21 05:36:16.791 63117 INFO tempest.lib.common.rest_client [req-bb7c5b39-2686-4bdd-aa47-18e2ee34802d req-bb7c5b39-2686-4bdd-aa47-18e2ee34802d ] Request (InstanceActionsTestJSON:setUpClass): 200 GET http://10.180.1.21/compute/v2.1/servers/1a16bd56-0992-4bec-bd3f-2836dfe68579 0.234s
2025-06-21 05:36:16.832 63130 INFO tempest.lib.common.rest_client [req-53329910-9e08-4c3e-aac2-a6fee552b51e req-53329910-9e08-4c3e-aac2-a6fee552b51e ] Request (ServerMetadataTestJSON:setUpClass): 200 GET http://10.180.1.21/compute/v2.1/servers/a589a3d8-20dc-4ff5-a192-c540e29f39d6 0.206s
2025-06-21 05:36:16.921 63089 INFO tempest.lib.common.rest_client [req-7ac99c65-df53-42e8-af5b-2d85e244beb1 req-7ac99c65-df53-42e8-af5b-2d85e244beb1 ] Request (ServerAddressesNegativeTestJSON:setUpClass): 200 GET http://10.180.1.21/compute/v2.1/servers/004fd137-4902-4313-a6f7-6c83cd76743d 0.228s
2025-06-21 05:36:16.930 63089 INFO tempest.common.waiters [-] State transition "BUILD/spawning" ==> "ACTIVE/None" after 58 second wait
2025-06-21 05:36:16.966 63113 INFO tempest.lib.common.rest_client [req-f3ea1688-5fdd-41c9-9c79-e68d8ea3073e req-f3ea1688-5fdd-41c9-9c79-e68d8ea3073e ] Request (AttachInterfacesUnderV243Test:test_add_remove_fixed_ip): 200 GET http://10.180.1.21/compute/v2.1/servers/d366a755-49b4-427b-8564-d8572a7fbbb7 0.166s
2025-06-21 05:36:17.023 63125 INFO tempest.lib.common.rest_client [req-85d4630a-e058-43f3-80c0-1a84dfb8e1c6 req-85d4630a-e058-43f3-80c0-1a84dfb8e1c6 ] Request (FloatingIPsAssociationNegativeTestJSON:setUpClass): 200 GET http://10.180.1.21/compute/v2.1/servers/369cd937-4c18-4068-ae59-70a1d585094b 0.150s
2025-06-21 05:36:17.030 63139 WARNING tempest.lib.common.ssh [-] Failed to establish authenticated ssh connection to cirros@10.180.180.183 ([Errno None] Unable to connect to port 22 on 10.180.180.183). Number attempts: 9. Retry after 10 seconds.: paramiko.ssh_exception.NoValidConnectionsError: [Errno None] Unable to connect to port 22 on 10.180.180.183
2025-06-21 05:36:17.036 63134 INFO tempest.lib.common.rest_client [req-9191f36f-df92-4599-9352-b3d1b1554eb5 req-9191f36f-df92-4599-9352-b3d1b1554eb5 ] Request (MultipleCreateTestJSON:test_multiple_create_with_reservation_return): 202 POST http://10.180.1.21/compute/v2.1/servers 0.485s
2025-06-21 05:36:17.048 63089 INFO tempest.lib.common.rest_client [req-13e4d490-8769-485b-9ac7-f698c3e89c83 req-13e4d490-8769-485b-9ac7-f698c3e89c83 ] Request (ServerAddressesNegativeTestJSON:test_list_server_addresses_by_network_neg): 404 GET http://10.180.1.21/compute/v2.1/servers/004fd137-4902-4313-a6f7-6c83cd76743d/ips/invalid 0.117s
2025-06-21 05:36:17.102 63141 INFO tempest.lib.common.rest_client [req-3b4b4e78-e194-44d5-a2e8-49de550fec8d req-3b4b4e78-e194-44d5-a2e8-49de550fec8d ] Request (ServersAdminNegativeTestJSON:tearDownClass): 200 GET http://10.180.1.21/compute/v2.1/servers/98d134b4-b4ca-4247-a638-ad5c24a694e5 0.136s
2025-06-21 05:36:17.110 63093 INFO tempest.lib.common.rest_client [req-e15752a3-3abd-4a14-bbf3-ca6b49ef68c9 req-e15752a3-3abd-4a14-bbf3-ca6b49ef68c9 ] Request (ServersTestMultiNic:test_verify_duplicate_network_nics): 200 GET http://10.180.1.21/compute/v2.1/servers/961dedc6-5ddd-4620-bfa7-54cf0c520af3 0.090s
2025-06-21 05:36:17.119 63089 INFO tempest.lib.common.rest_client [req-23936c5a-3f7c-4043-8c90-1eee6f2e0935 req-23936c5a-3f7c-4043-8c90-1eee6f2e0935 ] Request (ServerAddressesNegativeTestJSON:test_list_server_addresses_invalid_server_id): 404 GET http://10.180.1.21/compute/v2.1/servers/999/ips 0.068s
2025-06-21 05:36:17.145 63134 INFO tempest.lib.common.rest_client [req-7d871348-80cb-49d5-80fd-5777e51baaca req-7d871348-80cb-49d5-80fd-5777e51baaca ] Request (MultipleCreateTestJSON:test_multiple_create_with_reservation_return): 200 GET http://10.180.1.21/compute/v2.1/servers 0.109s
2025-06-21 05:36:17.187 63127 INFO tempest.lib.common.rest_client [req-cb143462-2d9a-45b5-9338-663f7550f6e4 req-cb143462-2d9a-45b5-9338-663f7550f6e4 ] Request (ServerExternalEventsTest:test_create_server_external_events): 200 GET http://10.180.1.21/compute/v2.1/servers/b289800f-49ce-49e7-b6bc-a3b4ec84b434 0.120s
2025-06-21 05:36:17.265 63089 INFO tempest.lib.common.rest_client [req-5f342372-147b-4b14-a0d5-36d15853d070 req-5f342372-147b-4b14-a0d5-36d15853d070 ] Request (ServerAddressesNegativeTestJSON:tearDownClass): 204 DELETE http://10.180.1.21/compute/v2.1/servers/004fd137-4902-4313-a6f7-6c83cd76743d 0.144s
2025-06-21 05:36:17.277 63135 INFO tempest.lib.common.rest_client [req-7caede16-1210-4066-90f7-aca51f096732 req-7caede16-1210-4066-90f7-aca51f096732 ] Request (InstanceActionsV221TestJSON:test_get_list_deleted_instance_actions): 200 GET http://10.180.1.21/compute/v2.1/servers/c7829a8b-a9f7-40b1-958c-732e2eaa2b3c 0.158s
2025-06-21 05:36:17.315 63134 INFO tempest.lib.common.rest_client [req-d72def69-cd4b-4636-ad9c-f3d376ad8efd req-d72def69-cd4b-4636-ad9c-f3d376ad8efd ] Request (MultipleCreateTestJSON:test_multiple_create_with_reservation_return): 200 GET http://10.180.1.21/compute/v2.1/servers/c18acec7-cf95-4cdf-aa49-32419d364534 0.166s
2025-06-21 05:36:17.324 63147 INFO tempest.lib.common.rest_client [req-a460f8f2-5ab9-4d73-97a5-2e951a2e14b0 req-a460f8f2-5ab9-4d73-97a5-2e951a2e14b0 ] Request (ServerActionsTestOtherB:setUpClass): 200 GET http://10.180.1.21/compute/v2.1/servers/9343301c-dfe9-41b0-b4a0-067af544d297 0.200s
2025-06-21 05:36:17.368 63151 INFO tempest.lib.common.rest_client [req-ed39f274-8ed7-42b5-bb6e-81a72e5ee088 req-ed39f274-8ed7-42b5-bb6e-81a72e5ee088 ] Request (ServersTestJSON:setUpClass): 200 GET http://10.180.1.21/compute/v2.1/servers/1f40dc62-1a58-4cfb-8785-c37b68747f37 0.137s
2025-06-21 05:36:17.368 63149 INFO tempest.lib.common.rest_client [req-711a9b64-aa50-446a-a0b9-6cbf2afd11e8 req-711a9b64-aa50-446a-a0b9-6cbf2afd11e8 ] Request (ImagesOneServerNegativeTestJSON:_run_cleanups): 200 GET http://10.180.1.21/compute/v2.1/servers/29e69c7c-08f7-4da4-9509-02a94bf971bc 0.170s
2025-06-21 05:36:17.417 63099 INFO tempest.lib.common.rest_client [req-ea5a0015-4564-4dd5-b7b4-c19f968aed7a req-ea5a0015-4564-4dd5-b7b4-c19f968aed7a ] Request (ServerShowV257Test:test_rebuild_server): 200 GET http://10.180.1.21/compute/v2.1/servers/c9e11016-e92a-459e-b5ee-b0e43ce29450 0.137s
2025-06-21 05:36:17.465 63089 INFO tempest.lib.common.rest_client [req-1f451aca-5754-4df0-a2cf-c79704c3b418 req-1f451aca-5754-4df0-a2cf-c79704c3b418 ] Request (ServerAddressesNegativeTestJSON:tearDownClass): 200 GET http://10.180.1.21/compute/v2.1/servers/004fd137-4902-4313-a6f7-6c83cd76743d 0.199s
2025-06-21 05:36:17.478 63095 INFO tempest.lib.common.rest_client [req-5866d017-baed-4735-9930-998096232429 req-5866d017-baed-4735-9930-998096232429 ] Request (ServerRescueNegativeTestJSON:test_rescued_vm_detach_volume): 200 GET http://10.180.1.21/compute/v2.1/servers/3e4479a0-8edd-4b37-8cc9-2c91275b88ee 0.128s
2025-06-21 05:36:17.521 63145 INFO tempest.lib.common.rest_client [req-01fca80a-c663-4147-b457-55990418f6c4 req-01fca80a-c663-4147-b457-55990418f6c4 ] Request (ImagesTestJSON:test_create_image_from_suspended_server): 200 GET http://10.180.1.21/compute/v2.1/servers/217e5812-95cc-4104-8d7b-82dfca2c0fcc 0.059s
2025-06-21 05:36:17.543 63091 WARNING tempest.lib.common.ssh [-] Failed to establish authenticated ssh connection to cirros@10.180.180.214 ([Errno None] Unable to connect to port 22 on 10.180.180.214). Number attempts: 5. Retry after 6 seconds.: paramiko.ssh_exception.NoValidConnectionsError: [Errno None] Unable to connect to port 22 on 10.180.180.214
2025-06-21 05:36:17.595 63105 INFO tempest.lib.common.rest_client [req-bb438639-b8eb-4d6c-bac7-5048f0183cc6 req-bb438639-b8eb-4d6c-bac7-5048f0183cc6 ] Request (ListServersNegativeTestJSON:setUpClass): 200 GET http://10.180.1.21/compute/v2.1/servers/961f313b-b43f-4531-8a4b-0a39421d6a34 0.184s
2025-06-21 05:36:17.602 63105 INFO tempest.common.waiters [-] State transition "BUILD/spawning" ==> "ACTIVE/None" after 7 second wait
2025-06-21 05:36:17.614 63123 INFO tempest.lib.common.rest_client [req-94151815-9b1c-4467-8cfb-0fff9747ca6d req-94151815-9b1c-4467-8cfb-0fff9747ca6d ] Request (ServersAdminTestJSON:test_create_server_with_scheduling_hint): 200 GET http://10.180.1.21/compute/v2.1/servers/cbc5985a-38e7-4e52-9fb0-264b5cec013a 0.052s
2025-06-21 05:36:17.670 63101 WARNING tempest.lib.common.ssh [-] Failed to establish authenticated ssh connection to cirros@10.180.180.193 ([Errno None] Unable to connect to port 22 on 10.180.180.193). Number attempts: 4. Retry after 5 seconds.: paramiko.ssh_exception.NoValidConnectionsError: [Errno None] Unable to connect to port 22 on 10.180.180.193
2025-06-21 05:36:17.688 63105 INFO tempest.lib.common.rest_client [req-e0075448-9661-4ba5-8258-2e353da502d0 req-e0075448-9661-4ba5-8258-2e353da502d0 ] Request (ListServersNegativeTestJSON:setUpClass): 200 GET http://10.180.1.21/compute/v2.1/servers/e6af4651-9f3a-4ce0-add8-06f1cfef255f 0.085s
2025-06-21 05:36:17.753 63103 INFO tempest.lib.common.rest_client [req-a15788ce-a2c1-4a05-a8e1-507674cc595b req-a15788ce-a2c1-4a05-a8e1-507674cc595b ] Request (ServersListShow2100Test:test_list_show_rebuild_update_server_2100): 200 GET http://10.180.1.21/compute/v2.1/servers/127fee64-fd56-4a23-bdd2-18c817898fd5 0.094s
2025-06-21 05:36:17.796 63137 INFO tempest.lib.common.rest_client [req-bfaab8a8-a043-4ec2-aa5f-c41feed87723 req-bfaab8a8-a043-4ec2-aa5f-c41feed87723 ] Request (MigrationsAdminTest:test_list_migrations_in_flavor_resize_situation): 200 GET http://10.180.1.21/compute/v2.1/servers/6a592192-1b41-4be2-84a6-c3b76a4e5643 0.138s
2025-06-21 05:36:17.828 63105 INFO tempest.lib.common.rest_client [req-cf9e9640-5514-4ae2-957f-5d56ff3606e8 req-cf9e9640-5514-4ae2-957f-5d56ff3606e8 ] Request (ListServersNegativeTestJSON:setUpClass): 204 DELETE http://10.180.1.21/compute/v2.1/servers/e6af4651-9f3a-4ce0-add8-06f1cfef255f 0.132s
2025-06-21 05:36:17.840 63119 INFO tempest.lib.common.rest_client [req-6571d311-60a9-4100-85cf-f111a6308f02 req-6571d311-60a9-4100-85cf-f111a6308f02 ] Request (DeleteServersAdminTestJSON:test_delete_server_while_in_error_state): 200 GET http://10.180.1.21/compute/v2.1/servers/56f9e03c-1157-442f-8add-156627a6ec1e 0.138s
2025-06-21 05:36:17.874 63097 INFO tempest.lib.common.rest_client [req-cc3d513c-0efe-42bc-a654-b77991d5bc6f req-cc3d513c-0efe-42bc-a654-b77991d5bc6f ] Request (ImagesOneServerTestJSON:setUpClass): 200 GET http://10.180.1.21/compute/v2.1/servers/9677b03f-7138-47b7-b1e8-f3714d11e550 0.167s
2025-06-21 05:36:17.891 63116 INFO tempest.lib.common.rest_client [req-5059ac35-ce20-41b1-a53d-384ded33a483 req-5059ac35-ce20-41b1-a53d-384ded33a483 ] Request (ServersTestBootFromVolume:setUpClass): 200 GET http://10.180.1.21/compute/v2.1/servers/bd0933ca-aab7-4dd4-a570-1a58a720f377 0.141s
2025-06-21 05:36:17.924 63117 INFO tempest.lib.common.rest_client [req-965ff56f-15f1-4a26-809e-d34559db929f req-965ff56f-15f1-4a26-809e-d34559db929f ] Request (InstanceActionsTestJSON:setUpClass): 200 GET http://10.180.1.21/compute/v2.1/servers/1a16bd56-0992-4bec-bd3f-2836dfe68579 0.125s
2025-06-21 05:36:17.970 63130 INFO tempest.lib.common.rest_client [req-7ce18433-d5c4-4637-a15c-4ef43eccea29 req-7ce18433-d5c4-4637-a15c-4ef43eccea29 ] Request (ServerMetadataTestJSON:setUpClass): 200 GET http://10.180.1.21/compute/v2.1/servers/a589a3d8-20dc-4ff5-a192-c540e29f39d6 0.131s
2025-06-21 05:36:17.980 63105 INFO tempest.lib.common.rest_client [req-bb773377-ed17-48c8-92af-970e1ce52788 req-bb773377-ed17-48c8-92af-970e1ce52788 ] Request (ListServersNegativeTestJSON:setUpClass): 200 GET http://10.180.1.21/compute/v2.1/servers/e6af4651-9f3a-4ce0-add8-06f1cfef255f 0.152s
2025-06-21 05:36:18.022 63113 INFO tempest.lib.common.rest_client [req-9b77e5a0-26c8-4dc8-a070-f9cf5ac5eb15 req-9b77e5a0-26c8-4dc8-a070-f9cf5ac5eb15 ] Request (AttachInterfacesUnderV243Test:test_add_remove_fixed_ip): 200 GET http://10.180.1.21/compute/v2.1/servers/d366a755-49b4-427b-8564-d8572a7fbbb7 0.046s
2025-06-21 05:36:18.089 63125 INFO tempest.lib.common.rest_client [req-f35e6116-7ab6-4a51-8ee1-03c4d8c98cb3 req-f35e6116-7ab6-4a51-8ee1-03c4d8c98cb3 ] Request (FloatingIPsAssociationNegativeTestJSON:setUpClass): 200 GET http://10.180.1.21/compute/v2.1/servers/369cd937-4c18-4068-ae59-70a1d585094b 0.054s
2025-06-21 05:36:18.182 63093 INFO tempest.lib.common.rest_client [req-583fb79d-9e93-4015-a02c-36c1ea96a26f req-583fb79d-9e93-4015-a02c-36c1ea96a26f ] Request (ServersTestMultiNic:test_verify_duplicate_network_nics): 200 GET http://10.180.1.21/compute/v2.1/servers/961dedc6-5ddd-4620-bfa7-54cf0c520af3 0.058s
2025-06-21 05:36:18.188 63141 INFO tempest.lib.common.rest_client [req-fcec06fb-4bcc-4ff7-9df4-72efffcd786d req-fcec06fb-4bcc-4ff7-9df4-72efffcd786d ] Request (ServersAdminNegativeTestJSON:tearDownClass): 200 GET http://10.180.1.21/compute/v2.1/servers/98d134b4-b4ca-4247-a638-ad5c24a694e5 0.073s
2025-06-21 05:36:18.244 63127 INFO tempest.lib.common.rest_client [req-a945bf56-a298-4cee-9311-87bf0e74b978 req-a945bf56-a298-4cee-9311-87bf0e74b978 ] Request (ServerExternalEventsTest:test_create_server_external_events): 200 GET http://10.180.1.21/compute/v2.1/servers/b289800f-49ce-49e7-b6bc-a3b4ec84b434 0.049s
2025-06-21 05:36:18.379 63134 INFO tempest.lib.common.rest_client [req-cd86c6cc-51b7-46d5-9d7d-4354c4884307 req-cd86c6cc-51b7-46d5-9d7d-4354c4884307 ] Request (MultipleCreateTestJSON:test_multiple_create_with_reservation_return): 200 GET http://10.180.1.21/compute/v2.1/servers/c18acec7-cf95-4cdf-aa49-32419d364534 0.056s
2025-06-21 05:36:18.428 63147 INFO tempest.lib.common.rest_client [req-a99393c0-5692-4685-8123-04791cd3a70f req-a99393c0-5692-4685-8123-04791cd3a70f ] Request (ServerActionsTestOtherB:setUpClass): 200 GET http://10.180.1.21/compute/v2.1/servers/9343301c-dfe9-41b0-b4a0-067af544d297 0.093s
2025-06-21 05:36:18.430 63135 INFO tempest.lib.common.rest_client [req-cea59a97-26b3-430d-83a7-f9f3da1a154e req-cea59a97-26b3-430d-83a7-f9f3da1a154e ] Request (InstanceActionsV221TestJSON:test_get_list_deleted_instance_actions): 200 GET http://10.180.1.21/compute/v2.1/servers/c7829a8b-a9f7-40b1-958c-732e2eaa2b3c 0.142s
2025-06-21 05:36:18.479 63151 INFO tempest.lib.common.rest_client [req-c75ea503-58bf-4396-ac8b-89648f8f3555 req-c75ea503-58bf-4396-ac8b-89648f8f3555 ] Request (ServersTestJSON:setUpClass): 200 GET http://10.180.1.21/compute/v2.1/servers/1f40dc62-1a58-4cfb-8785-c37b68747f37 0.103s
2025-06-21 05:36:18.490 63149 INFO tempest.lib.common.rest_client [req-5976ebe8-aae7-41c9-b150-440dc988ab84 req-5976ebe8-aae7-41c9-b150-440dc988ab84 ] Request (ImagesOneServerNegativeTestJSON:_run_cleanups): 200 GET http://10.180.1.21/compute/v2.1/servers/29e69c7c-08f7-4da4-9509-02a94bf971bc 0.113s
2025-06-21 05:36:18.536 63099 INFO tempest.lib.common.rest_client [req-be6e02f4-87fe-4430-b17f-d7ef7c10ea1b req-be6e02f4-87fe-4430-b17f-d7ef7c10ea1b ] Request (ServerShowV257Test:test_rebuild_server): 200 GET http://10.180.1.21/compute/v2.1/servers/c9e11016-e92a-459e-b5ee-b0e43ce29450 0.108s
2025-06-21 05:36:18.583 63089 INFO tempest.lib.common.rest_client [req-2ff4fccc-21a6-468f-984f-84c39e2c36cc req-2ff4fccc-21a6-468f-984f-84c39e2c36cc ] Request (ServerAddressesNegativeTestJSON:tearDownClass): 200 GET http://10.180.1.21/compute/v2.1/servers/004fd137-4902-4313-a6f7-6c83cd76743d 0.109s
2025-06-21 05:36:18.588 63095 INFO tempest.lib.common.rest_client [req-96fb10da-fb53-47ac-97b1-0806b36eb41f req-96fb10da-fb53-47ac-97b1-0806b36eb41f ] Request (ServerRescueNegativeTestJSON:test_rescued_vm_detach_volume): 200 GET http://10.180.1.21/compute/v2.1/servers/3e4479a0-8edd-4b37-8cc9-2c91275b88ee 0.100s
2025-06-21 05:36:18.637 63145 INFO tempest.lib.common.rest_client [req-c47db40a-ce8c-4ae3-a8d9-bf74263795c8 req-c47db40a-ce8c-4ae3-a8d9-bf74263795c8 ] Request (ImagesTestJSON:test_create_image_from_suspended_server): 200 GET http://10.180.1.21/compute/v2.1/servers/217e5812-95cc-4104-8d7b-82dfca2c0fcc 0.107s
2025-06-21 05:36:18.675 63123 INFO tempest.lib.common.rest_client [req-d1b0ea3c-d35c-414f-b6f9-ecf9e5690c18 req-d1b0ea3c-d35c-414f-b6f9-ecf9e5690c18 ] Request (ServersAdminTestJSON:test_create_server_with_scheduling_hint): 200 GET http://10.180.1.21/compute/v2.1/servers/cbc5985a-38e7-4e52-9fb0-264b5cec013a 0.053s
2025-06-21 05:36:18.835 63103 INFO tempest.lib.common.rest_client [req-fa4ae4a6-692b-4235-933a-3e5a78be5815 req-fa4ae4a6-692b-4235-933a-3e5a78be5815 ] Request (ServersListShow2100Test:test_list_show_rebuild_update_server_2100): 200 GET http://10.180.1.21/compute/v2.1/servers/127fee64-fd56-4a23-bdd2-18c817898fd5 0.069s
2025-06-21 05:36:18.898 63137 INFO tempest.lib.common.rest_client [req-20846c97-2684-4c6c-a32f-5195dc2faab8 req-20846c97-2684-4c6c-a32f-5195dc2faab8 ] Request (MigrationsAdminTest:test_list_migrations_in_flavor_resize_situation): 200 GET http://10.180.1.21/compute/v2.1/servers/6a592192-1b41-4be2-84a6-c3b76a4e5643 0.093s
2025-06-21 05:36:18.903 63119 INFO tempest.lib.common.rest_client [req-b0292423-b4d0-4423-9ecc-2305ed6d1063 req-b0292423-b4d0-4423-9ecc-2305ed6d1063 ] Request (DeleteServersAdminTestJSON:test_delete_server_while_in_error_state): 200 GET http://10.180.1.21/compute/v2.1/servers/56f9e03c-1157-442f-8add-156627a6ec1e 0.052s
2025-06-21 05:36:18.946 63097 INFO tempest.lib.common.rest_client [req-229feafe-e39f-4da6-92cd-de1d01ed37d4 req-229feafe-e39f-4da6-92cd-de1d01ed37d4 ] Request (ImagesOneServerTestJSON:setUpClass): 200 GET http://10.180.1.21/compute/v2.1/servers/9677b03f-7138-47b7-b1e8-f3714d11e550 0.064s
2025-06-21 05:36:18.953 63097 INFO tempest.common.waiters [-] State transition "BUILD/scheduling" ==> "BUILD/None" after 39 second wait
2025-06-21 05:36:18.953 63116 INFO tempest.lib.common.rest_client [req-29ebe421-1a36-4d9d-a1fd-4115ab52d15a req-29ebe421-1a36-4d9d-a1fd-4115ab52d15a ] Request (ServersTestBootFromVolume:setUpClass): 200 GET http://10.180.1.21/compute/v2.1/servers/bd0933ca-aab7-4dd4-a570-1a58a720f377 0.053s
2025-06-21 05:36:18.990 63117 INFO tempest.lib.common.rest_client [req-5b102ae3-89d6-402e-a255-a17f01f85ca5 req-5b102ae3-89d6-402e-a255-a17f01f85ca5 ] Request (InstanceActionsTestJSON:setUpClass): 200 GET http://10.180.1.21/compute/v2.1/servers/1a16bd56-0992-4bec-bd3f-2836dfe68579 0.057s
2025-06-21 05:36:18.997 63117 INFO tempest.common.waiters [-] State transition "BUILD/scheduling" ==> "BUILD/None" after 43 second wait
2025-06-21 05:36:19.032 63130 INFO tempest.lib.common.rest_client [req-eb1fcdde-cb0f-423a-9873-56a6fbf09033 req-eb1fcdde-cb0f-423a-9873-56a6fbf09033 ] Request (ServerMetadataTestJSON:setUpClass): 200 GET http://10.180.1.21/compute/v2.1/servers/a589a3d8-20dc-4ff5-a192-c540e29f39d6 0.054s
2025-06-21 05:36:19.086 63105 INFO tempest.lib.common.rest_client [req-642e344d-a0a1-4b09-b582-be23a3576170 req-642e344d-a0a1-4b09-b582-be23a3576170 ] Request (ListServersNegativeTestJSON:setUpClass): 200 GET http://10.180.1.21/compute/v2.1/servers/e6af4651-9f3a-4ce0-add8-06f1cfef255f 0.099s
2025-06-21 05:36:19.088 63113 INFO tempest.lib.common.rest_client [req-58107736-10b3-4245-a08d-95c5a50ab57f req-58107736-10b3-4245-a08d-95c5a50ab57f ] Request (AttachInterfacesUnderV243Test:test_add_remove_fixed_ip): 200 GET http://10.180.1.21/compute/v2.1/servers/d366a755-49b4-427b-8564-d8572a7fbbb7 0.059s
2025-06-21 05:36:19.199 63125 INFO tempest.lib.common.rest_client [req-a2ad9c04-6df5-4674-8e4f-7552df24b013 req-a2ad9c04-6df5-4674-8e4f-7552df24b013 ] Request (FloatingIPsAssociationNegativeTestJSON:setUpClass): 200 GET http://10.180.1.21/compute/v2.1/servers/369cd937-4c18-4068-ae59-70a1d585094b 0.100s
2025-06-21 05:36:19.220 63141 INFO tempest.lib.common.rest_client [req-b9e937b5-e9ad-4e1b-8e61-92020eb26cec req-b9e937b5-e9ad-4e1b-8e61-92020eb26cec ] Request (ServersAdminNegativeTestJSON:tearDownClass): 404 GET http://10.180.1.21/compute/v2.1/servers/98d134b4-b4ca-4247-a638-ad5c24a694e5 0.024s
2025-06-21 05:36:19.240 63093 INFO tempest.lib.common.rest_client [req-a6dd367e-9b91-48f9-91d8-a1577100abad req-a6dd367e-9b91-48f9-91d8-a1577100abad ] Request (ServersTestMultiNic:test_verify_duplicate_network_nics): 200 GET http://10.180.1.21/compute/v2.1/servers/961dedc6-5ddd-4620-bfa7-54cf0c520af3 0.050s
2025-06-21 05:36:19.269 63121 WARNING tempest.lib.common.ssh [-] Failed to establish authenticated ssh connection to cirros@10.180.180.218 ([Errno None] Unable to connect to port 22 on 10.180.180.218). Number attempts: 8. Retry after 9 seconds.: paramiko.ssh_exception.NoValidConnectionsError: [Errno None] Unable to connect to port 22 on 10.180.180.218
2025-06-21 05:36:19.292 63141 INFO tempest.lib.common.rest_client [req-3b8d8688-5c08-480d-9c96-d549d3abcce4 req-3b8d8688-5c08-480d-9c96-d549d3abcce4 ] Request (ServersAdminNegativeTestJSON:tearDownClass): 204 DELETE http://10.180.1.21/compute/v2.1/servers/be02bc93-1278-4b3d-afa3-270c84585d1d 0.071s
2025-06-21 05:36:19.300 63127 INFO tempest.lib.common.rest_client [req-eaf068c0-6ae9-49b3-96c7-ed4c07f44d00 req-eaf068c0-6ae9-49b3-96c7-ed4c07f44d00 ] Request (ServerExternalEventsTest:test_create_server_external_events): 200 GET http://10.180.1.21/compute/v2.1/servers/b289800f-49ce-49e7-b6bc-a3b4ec84b434 0.048s
2025-06-21 05:36:19.389 63141 INFO tempest.lib.common.rest_client [req-1bfd50d8-7985-4448-b355-528af3db4839 req-1bfd50d8-7985-4448-b355-528af3db4839 ] Request (ServersAdminNegativeTestJSON:tearDownClass): 200 GET http://10.180.1.21/compute/v2.1/servers/be02bc93-1278-4b3d-afa3-270c84585d1d 0.096s
2025-06-21 05:36:19.442 63134 INFO tempest.lib.common.rest_client [req-f2ef58d5-e26f-4b95-9c0b-e1c3683d360a req-f2ef58d5-e26f-4b95-9c0b-e1c3683d360a ] Request (MultipleCreateTestJSON:test_multiple_create_with_reservation_return): 200 GET http://10.180.1.21/compute/v2.1/servers/c18acec7-cf95-4cdf-aa49-32419d364534 0.055s
2025-06-21 05:36:19.489 63147 INFO tempest.lib.common.rest_client [req-484101e1-07e7-413a-b880-68f1f22e45f9 req-484101e1-07e7-413a-b880-68f1f22e45f9 ] Request (ServerActionsTestOtherB:setUpClass): 200 GET http://10.180.1.21/compute/v2.1/servers/9343301c-dfe9-41b0-b4a0-067af544d297 0.053s
2025-06-21 05:36:19.538 63151 INFO tempest.lib.common.rest_client [req-26d9c45f-d05b-43b1-b585-fdfbcf05baa6 req-26d9c45f-d05b-43b1-b585-fdfbcf05baa6 ] Request (ServersTestJSON:setUpClass): 200 GET http://10.180.1.21/compute/v2.1/servers/1f40dc62-1a58-4cfb-8785-c37b68747f37 0.051s
2025-06-21 05:36:19.566 63135 INFO tempest.lib.common.rest_client [req-82338ff6-11c1-4380-9508-8ea40ae1aa63 req-82338ff6-11c1-4380-9508-8ea40ae1aa63 ] Request (InstanceActionsV221TestJSON:test_get_list_deleted_instance_actions): 200 GET http://10.180.1.21/compute/v2.1/servers/c7829a8b-a9f7-40b1-958c-732e2eaa2b3c 0.126s
2025-06-21 05:36:19.616 63149 INFO tempest.lib.common.rest_client [req-f88ed3da-b2a1-4ebb-9eef-82d1aa4c3c5b req-f88ed3da-b2a1-4ebb-9eef-82d1aa4c3c5b ] Request (ImagesOneServerNegativeTestJSON:_run_cleanups): 200 GET http://10.180.1.21/compute/v2.1/servers/29e69c7c-08f7-4da4-9509-02a94bf971bc 0.118s
2025-06-21 05:36:19.635 63099 INFO tempest.lib.common.rest_client [req-fd0ae7c2-d603-444f-ae53-70d9e5c33442 req-fd0ae7c2-d603-444f-ae53-70d9e5c33442 ] Request (ServerShowV257Test:test_rebuild_server): 200 GET http://10.180.1.21/compute/v2.1/servers/c9e11016-e92a-459e-b5ee-b0e43ce29450 0.088s
2025-06-21 05:36:19.689 63095 INFO tempest.lib.common.rest_client [req-7ca95431-0bec-4215-933e-092eca2c4e38 req-7ca95431-0bec-4215-933e-092eca2c4e38 ] Request (ServerRescueNegativeTestJSON:test_rescued_vm_detach_volume): 200 GET http://10.180.1.21/compute/v2.1/servers/3e4479a0-8edd-4b37-8cc9-2c91275b88ee 0.093s
2025-06-21 05:36:19.741 63145 INFO tempest.lib.common.rest_client [req-7ff6af6b-f18e-4efe-8da9-2d92edd5fa1c req-7ff6af6b-f18e-4efe-8da9-2d92edd5fa1c ] Request (ImagesTestJSON:test_create_image_from_suspended_server): 200 GET http://10.180.1.21/compute/v2.1/servers/217e5812-95cc-4104-8d7b-82dfca2c0fcc 0.096s
2025-06-21 05:36:19.746 63089 INFO tempest.lib.common.rest_client [req-64b88f9e-f0e0-483e-874c-6dd3e7d3451a req-64b88f9e-f0e0-483e-874c-6dd3e7d3451a ] Request (ServerAddressesNegativeTestJSON:tearDownClass): 200 GET http://10.180.1.21/compute/v2.1/servers/004fd137-4902-4313-a6f7-6c83cd76743d 0.152s
2025-06-21 05:36:19.797 63123 INFO tempest.lib.common.rest_client [req-35a85ca0-6994-4576-bd32-f962c05efd6b req-35a85ca0-6994-4576-bd32-f962c05efd6b ] Request (ServersAdminTestJSON:test_create_server_with_scheduling_hint): 200 GET http://10.180.1.21/compute/v2.1/servers/cbc5985a-38e7-4e52-9fb0-264b5cec013a 0.112s
2025-06-21 05:36:19.919 63103 INFO tempest.lib.common.rest_client [req-7e922fc6-8385-4075-a4c6-ec644c747c68 req-7e922fc6-8385-4075-a4c6-ec644c747c68 ] Request (ServersListShow2100Test:test_list_show_rebuild_update_server_2100): 200 GET http://10.180.1.21/compute/v2.1/servers/127fee64-fd56-4a23-bdd2-18c817898fd5 0.071s
2025-06-21 05:36:19.971 63119 INFO tempest.lib.common.rest_client [req-df57f9dc-4fae-4fb1-afcc-26ebb87f241b req-df57f9dc-4fae-4fb1-afcc-26ebb87f241b ] Request (DeleteServersAdminTestJSON:test_delete_server_while_in_error_state): 200 GET http://10.180.1.21/compute/v2.1/servers/56f9e03c-1157-442f-8add-156627a6ec1e 0.059s
2025-06-21 05:36:20.019 63097 INFO tempest.lib.common.rest_client [req-fa543cc7-aef8-4d15-82f8-b7c80cb18a0f req-fa543cc7-aef8-4d15-82f8-b7c80cb18a0f ] Request (ImagesOneServerTestJSON:setUpClass): 200 GET http://10.180.1.21/compute/v2.1/servers/9677b03f-7138-47b7-b1e8-f3714d11e550 0.066s
2025-06-21 05:36:20.067 63116 INFO tempest.lib.common.rest_client [req-02ea847f-6c46-47c7-a8bf-367ca9ca94fe req-02ea847f-6c46-47c7-a8bf-367ca9ca94fe ] Request (ServersTestBootFromVolume:setUpClass): 200 GET http://10.180.1.21/compute/v2.1/servers/bd0933ca-aab7-4dd4-a570-1a58a720f377 0.106s
2025-06-21 05:36:20.079 63137 INFO tempest.lib.common.rest_client [req-46c38787-5e8f-4991-9bb6-0b246167087e req-46c38787-5e8f-4991-9bb6-0b246167087e ] Request (MigrationsAdminTest:test_list_migrations_in_flavor_resize_situation): 200 GET http://10.180.1.21/compute/v2.1/servers/6a592192-1b41-4be2-84a6-c3b76a4e5643 0.169s
2025-06-21 05:36:20.130 63117 INFO tempest.lib.common.rest_client [req-1dc69646-f0de-43d8-a9d1-04f94f555415 req-1dc69646-f0de-43d8-a9d1-04f94f555415 ] Request (InstanceActionsTestJSON:setUpClass): 200 GET http://10.180.1.21/compute/v2.1/servers/1a16bd56-0992-4bec-bd3f-2836dfe68579 0.132s
2025-06-21 05:36:20.153 63130 INFO tempest.lib.common.rest_client [req-58682f75-0c70-47c0-a769-ca3ccc9db067 req-58682f75-0c70-47c0-a769-ca3ccc9db067 ] Request (ServerMetadataTestJSON:setUpClass): 200 GET http://10.180.1.21/compute/v2.1/servers/a589a3d8-20dc-4ff5-a192-c540e29f39d6 0.113s
2025-06-21 05:36:20.206 63113 INFO tempest.lib.common.rest_client [req-6052990e-f819-49ca-bd46-a8a0c57a62c1 req-6052990e-f819-49ca-bd46-a8a0c57a62c1 ] Request (AttachInterfacesUnderV243Test:test_add_remove_fixed_ip): 200 GET http://10.180.1.21/compute/v2.1/servers/d366a755-49b4-427b-8564-d8572a7fbbb7 0.107s
2025-06-21 05:36:20.244 63105 INFO tempest.lib.common.rest_client [req-7d9f32eb-67fd-43f1-9155-b52f9a13eace req-7d9f32eb-67fd-43f1-9155-b52f9a13eace ] Request (ListServersNegativeTestJSON:setUpClass): 200 GET http://10.180.1.21/compute/v2.1/servers/e6af4651-9f3a-4ce0-add8-06f1cfef255f 0.149s
2025-06-21 05:36:20.278 63125 INFO tempest.lib.common.rest_client [req-6ea8340f-6b02-46d8-973b-da844cd6eeca req-6ea8340f-6b02-46d8-973b-da844cd6eeca ] Request (FloatingIPsAssociationNegativeTestJSON:setUpClass): 200 GET http://10.180.1.21/compute/v2.1/servers/369cd937-4c18-4068-ae59-70a1d585094b 0.070s
2025-06-21 05:36:20.298 63093 INFO tempest.lib.common.rest_client [req-4a234424-a572-465b-bb7e-bd02a85e9dc0 req-4a234424-a572-465b-bb7e-bd02a85e9dc0 ] Request (ServersTestMultiNic:test_verify_duplicate_network_nics): 200 GET http://10.180.1.21/compute/v2.1/servers/961dedc6-5ddd-4620-bfa7-54cf0c520af3 0.051s
2025-06-21 05:36:20.361 63127 INFO tempest.lib.common.rest_client [req-5a8a5130-7026-43e7-88b7-c23b52443e66 req-5a8a5130-7026-43e7-88b7-c23b52443e66 ] Request (ServerExternalEventsTest:test_create_server_external_events): 200 GET http://10.180.1.21/compute/v2.1/servers/b289800f-49ce-49e7-b6bc-a3b4ec84b434 0.053s
2025-06-21 05:36:20.494 63141 INFO tempest.lib.common.rest_client [req-b8842e33-b512-4074-b5d0-877b449bc1ac req-b8842e33-b512-4074-b5d0-877b449bc1ac ] Request (ServersAdminNegativeTestJSON:tearDownClass): 200 GET http://10.180.1.21/compute/v2.1/servers/be02bc93-1278-4b3d-afa3-270c84585d1d 0.098s
2025-06-21 05:36:20.503 63134 INFO tempest.lib.common.rest_client [req-dc3f7a92-5ae7-48e8-a759-e8366e654b31 req-dc3f7a92-5ae7-48e8-a759-e8366e654b31 ] Request (MultipleCreateTestJSON:test_multiple_create_with_reservation_return): 200 GET http://10.180.1.21/compute/v2.1/servers/c18acec7-cf95-4cdf-aa49-32419d364534 0.052s
2025-06-21 05:36:20.545 63147 INFO tempest.lib.common.rest_client [req-73cb5e93-99cd-46cd-9ff4-af4a7b905ca6 req-73cb5e93-99cd-46cd-9ff4-af4a7b905ca6 ] Request (ServerActionsTestOtherB:setUpClass): 200 GET http://10.180.1.21/compute/v2.1/servers/9343301c-dfe9-41b0-b4a0-067af544d297 0.048s
2025-06-21 05:36:20.596 63151 INFO tempest.lib.common.rest_client [req-feb6ce25-49f7-4cc8-b28c-36edfbe1a715 req-feb6ce25-49f7-4cc8-b28c-36edfbe1a715 ] Request (ServersTestJSON:setUpClass): 200 GET http://10.180.1.21/compute/v2.1/servers/1f40dc62-1a58-4cfb-8785-c37b68747f37 0.050s
2025-06-21 05:36:20.685 63149 INFO tempest.lib.common.rest_client [req-2808cd13-396c-42d8-92b2-c2cd2fd2df66 req-2808cd13-396c-42d8-92b2-c2cd2fd2df66 ] Request (ImagesOneServerNegativeTestJSON:_run_cleanups): 200 GET http://10.180.1.21/compute/v2.1/servers/29e69c7c-08f7-4da4-9509-02a94bf971bc 0.060s
2025-06-21 05:36:20.695 63135 INFO tempest.lib.common.rest_client [req-dc6ef739-e974-4216-b6ac-eac687598735 req-dc6ef739-e974-4216-b6ac-eac687598735 ] Request (InstanceActionsV221TestJSON:test_get_list_deleted_instance_actions): 200 GET http://10.180.1.21/compute/v2.1/servers/c7829a8b-a9f7-40b1-958c-732e2eaa2b3c 0.121s
2025-06-21 05:36:20.734 63099 INFO tempest.lib.common.rest_client [req-732e416b-7eb5-4aef-8e94-79e2d26a0abd req-732e416b-7eb5-4aef-8e94-79e2d26a0abd ] Request (ServerShowV257Test:test_rebuild_server): 200 GET http://10.180.1.21/compute/v2.1/servers/c9e11016-e92a-459e-b5ee-b0e43ce29450 0.085s
2025-06-21 05:36:20.744 63095 INFO tempest.lib.common.rest_client [req-8d6ed2cb-a718-41f4-99e3-f869bf936d96 req-8d6ed2cb-a718-41f4-99e3-f869bf936d96 ] Request (ServerRescueNegativeTestJSON:test_rescued_vm_detach_volume): 200 GET http://10.180.1.21/compute/v2.1/servers/3e4479a0-8edd-4b37-8cc9-2c91275b88ee 0.047s
2025-06-21 05:36:20.806 63145 INFO tempest.lib.common.rest_client [req-c47e0435-d690-40e0-8bbb-aca8c6b5368b req-c47e0435-d690-40e0-8bbb-aca8c6b5368b ] Request (ImagesTestJSON:test_create_image_from_suspended_server): 200 GET http://10.180.1.21/compute/v2.1/servers/217e5812-95cc-4104-8d7b-82dfca2c0fcc 0.047s
2025-06-21 05:36:20.809 63089 INFO tempest.lib.common.rest_client [req-106751a7-7e9f-41ae-9f7c-ce4506780c2c req-106751a7-7e9f-41ae-9f7c-ce4506780c2c ] Request (ServerAddressesNegativeTestJSON:tearDownClass): 200 GET http://10.180.1.21/compute/v2.1/servers/004fd137-4902-4313-a6f7-6c83cd76743d 0.051s
2025-06-21 05:36:20.849 63123 INFO tempest.lib.common.rest_client [req-bac59a26-b34b-4325-ac72-f6ae416f88c9 req-bac59a26-b34b-4325-ac72-f6ae416f88c9 ] Request (ServersAdminTestJSON:test_create_server_with_scheduling_hint): 200 GET http://10.180.1.21/compute/v2.1/servers/cbc5985a-38e7-4e52-9fb0-264b5cec013a 0.044s
2025-06-21 05:36:20.992 63103 INFO tempest.lib.common.rest_client [req-21d8b4e5-9363-49bc-a1b8-2b117cc09cf5 req-21d8b4e5-9363-49bc-a1b8-2b117cc09cf5 ] Request (ServersListShow2100Test:test_list_show_rebuild_update_server_2100): 200 GET http://10.180.1.21/compute/v2.1/servers/127fee64-fd56-4a23-bdd2-18c817898fd5 0.061s
2025-06-21 05:36:21.029 63119 INFO tempest.lib.common.rest_client [req-fee993f4-ef6b-4b0f-85a0-f106b80d37de req-fee993f4-ef6b-4b0f-85a0-f106b80d37de ] Request (DeleteServersAdminTestJSON:test_delete_server_while_in_error_state): 200 GET http://10.180.1.21/compute/v2.1/servers/56f9e03c-1157-442f-8add-156627a6ec1e 0.050s
2025-06-21 05:36:21.098 63097 INFO tempest.lib.common.rest_client [req-73d51f9d-7e0b-4e28-9bee-5e5930447b5f req-73d51f9d-7e0b-4e28-9bee-5e5930447b5f ] Request (ImagesOneServerTestJSON:setUpClass): 200 GET http://10.180.1.21/compute/v2.1/servers/9677b03f-7138-47b7-b1e8-f3714d11e550 0.071s
2025-06-21 05:36:21.137 63116 INFO tempest.lib.common.rest_client [req-15a8cb07-87e4-49d7-a476-6c6412ca6365 req-15a8cb07-87e4-49d7-a476-6c6412ca6365 ] Request (ServersTestBootFromVolume:setUpClass): 200 GET http://10.180.1.21/compute/v2.1/servers/bd0933ca-aab7-4dd4-a570-1a58a720f377 0.062s
2025-06-21 05:36:21.145 63116 INFO tempest.common.waiters [-] State transition "BUILD/None" ==> "BUILD/networking" after 59 second wait
2025-06-21 05:36:21.189 63117 INFO tempest.lib.common.rest_client [req-62ea401a-b911-4ffc-a5cc-816e164fd07b req-62ea401a-b911-4ffc-a5cc-816e164fd07b ] Request (InstanceActionsTestJSON:setUpClass): 200 GET http://10.180.1.21/compute/v2.1/servers/1a16bd56-0992-4bec-bd3f-2836dfe68579 0.051s
2025-06-21 05:36:21.203 63137 INFO tempest.lib.common.rest_client [req-0fde2fd9-2cec-471c-9634-e8a348f0dcbb req-0fde2fd9-2cec-471c-9634-e8a348f0dcbb ] Request (MigrationsAdminTest:test_list_migrations_in_flavor_resize_situation): 200 GET http://10.180.1.21/compute/v2.1/servers/6a592192-1b41-4be2-84a6-c3b76a4e5643 0.116s
2025-06-21 05:36:21.234 63130 INFO tempest.lib.common.rest_client [req-9bf9e4d9-1871-4ccc-99d6-af5a9d79ee06 req-9bf9e4d9-1871-4ccc-99d6-af5a9d79ee06 ] Request (ServerMetadataTestJSON:setUpClass): 200 GET http://10.180.1.21/compute/v2.1/servers/a589a3d8-20dc-4ff5-a192-c540e29f39d6 0.073s
2025-06-21 05:36:21.260 63113 INFO tempest.lib.common.rest_client [req-5ba978e5-6639-4fca-9ee7-bbc07575ef50 req-5ba978e5-6639-4fca-9ee7-bbc07575ef50 ] Request (AttachInterfacesUnderV243Test:test_add_remove_fixed_ip): 200 GET http://10.180.1.21/compute/v2.1/servers/d366a755-49b4-427b-8564-d8572a7fbbb7 0.046s
2025-06-21 05:36:21.298 63105 INFO tempest.lib.common.rest_client [req-b9da7a2d-94a8-47c1-9a6f-f22b0e70e519 req-b9da7a2d-94a8-47c1-9a6f-f22b0e70e519 ] Request (ListServersNegativeTestJSON:setUpClass): 200 GET http://10.180.1.21/compute/v2.1/servers/e6af4651-9f3a-4ce0-add8-06f1cfef255f 0.046s
2025-06-21 05:36:21.333 63125 INFO tempest.lib.common.rest_client [req-0991dd96-17a4-459c-82ce-ed6de7083d62 req-0991dd96-17a4-459c-82ce-ed6de7083d62 ] Request (FloatingIPsAssociationNegativeTestJSON:setUpClass): 200 GET http://10.180.1.21/compute/v2.1/servers/369cd937-4c18-4068-ae59-70a1d585094b 0.048s
2025-06-21 05:36:21.358 63093 INFO tempest.lib.common.rest_client [req-210e91a7-21fc-437c-b88e-fa30eddc224f req-210e91a7-21fc-437c-b88e-fa30eddc224f ] Request (ServersTestMultiNic:test_verify_duplicate_network_nics): 200 GET http://10.180.1.21/compute/v2.1/servers/961dedc6-5ddd-4620-bfa7-54cf0c520af3 0.050s
2025-06-21 05:36:21.419 63127 INFO tempest.lib.common.rest_client [req-ee8c6438-2b7b-4370-a5ae-d0020a3a338f req-ee8c6438-2b7b-4370-a5ae-d0020a3a338f ] Request (ServerExternalEventsTest:test_create_server_external_events): 200 GET http://10.180.1.21/compute/v2.1/servers/b289800f-49ce-49e7-b6bc-a3b4ec84b434 0.050s
2025-06-21 05:36:21.566 63134 INFO tempest.lib.common.rest_client [req-9ab54a88-a2d4-468e-affc-25d43ff37691 req-9ab54a88-a2d4-468e-affc-25d43ff37691 ] Request (MultipleCreateTestJSON:test_multiple_create_with_reservation_return): 200 GET http://10.180.1.21/compute/v2.1/servers/c18acec7-cf95-4cdf-aa49-32419d364534 0.055s
2025-06-21 05:36:21.619 63147 INFO tempest.lib.common.rest_client [req-6fde1f91-aa79-440a-b963-be000bd2059f req-6fde1f91-aa79-440a-b963-be000bd2059f ] Request (ServerActionsTestOtherB:setUpClass): 200 GET http://10.180.1.21/compute/v2.1/servers/9343301c-dfe9-41b0-b4a0-067af544d297 0.066s
2025-06-21 05:36:21.637 63141 INFO tempest.lib.common.rest_client [req-00e4591d-7b69-458d-b14c-a41c9e6d1ce1 req-00e4591d-7b69-458d-b14c-a41c9e6d1ce1 ] Request (ServersAdminNegativeTestJSON:tearDownClass): 200 GET http://10.180.1.21/compute/v2.1/servers/be02bc93-1278-4b3d-afa3-270c84585d1d 0.133s
2025-06-21 05:36:21.669 63151 INFO tempest.lib.common.rest_client [req-25d17eb0-1067-4a38-a9b4-a71e5ad06692 req-25d17eb0-1067-4a38-a9b4-a71e5ad06692 ] Request (ServersTestJSON:setUpClass): 200 GET http://10.180.1.21/compute/v2.1/servers/1f40dc62-1a58-4cfb-8785-c37b68747f37 0.062s
2025-06-21 05:36:21.770 63149 INFO tempest.lib.common.rest_client [req-7604e9eb-1248-4003-bd02-18dd79c1b8aa req-7604e9eb-1248-4003-bd02-18dd79c1b8aa ] Request (ImagesOneServerNegativeTestJSON:_run_cleanups): 200 GET http://10.180.1.21/compute/v2.1/servers/29e69c7c-08f7-4da4-9509-02a94bf971bc 0.077s
2025-06-21 05:36:21.817 63135 INFO tempest.lib.common.rest_client [req-a25c1622-3ed0-42e1-9214-e45878d3422f req-a25c1622-3ed0-42e1-9214-e45878d3422f ] Request (InstanceActionsV221TestJSON:test_get_list_deleted_instance_actions): 200 GET http://10.180.1.21/compute/v2.1/servers/c7829a8b-a9f7-40b1-958c-732e2eaa2b3c 0.112s
2025-06-21 05:36:21.820 63099 INFO tempest.lib.common.rest_client [req-df48cb4b-dffc-4039-90c3-6d0c8f184236 req-df48cb4b-dffc-4039-90c3-6d0c8f184236 ] Request (ServerShowV257Test:test_rebuild_server): 200 GET http://10.180.1.21/compute/v2.1/servers/c9e11016-e92a-459e-b5ee-b0e43ce29450 0.077s
2025-06-21 05:36:21.826 63135 INFO tempest.common.waiters [-] State transition "BUILD/spawning" ==> "ACTIVE/None" after 62 second wait
2025-06-21 05:36:21.879 63095 INFO tempest.lib.common.rest_client [req-75bb2c6c-7d1c-4881-b37c-871b8176078f req-75bb2c6c-7d1c-4881-b37c-871b8176078f ] Request (ServerRescueNegativeTestJSON:test_rescued_vm_detach_volume): 200 GET http://10.180.1.21/compute/v2.1/servers/3e4479a0-8edd-4b37-8cc9-2c91275b88ee 0.128s
2025-06-21 05:36:21.893 63145 INFO tempest.lib.common.rest_client [req-e3db77d8-8456-4ffd-98ec-b767f74eb599 req-e3db77d8-8456-4ffd-98ec-b767f74eb599 ] Request (ImagesTestJSON:test_create_image_from_suspended_server): 200 GET http://10.180.1.21/compute/v2.1/servers/217e5812-95cc-4104-8d7b-82dfca2c0fcc 0.080s
2025-06-21 05:36:21.948 63089 INFO tempest.lib.common.rest_client [req-49a4d2db-57a4-4885-94a5-1943c5070358 req-49a4d2db-57a4-4885-94a5-1943c5070358 ] Request (ServerAddressesNegativeTestJSON:tearDownClass): 200 GET http://10.180.1.21/compute/v2.1/servers/004fd137-4902-4313-a6f7-6c83cd76743d 0.130s
2025-06-21 05:36:21.957 63089 INFO tempest.common.waiters [-] State transition "ACTIVE/deleting" ==> "DELETED/None" after 4 second wait
2025-06-21 05:36:21.968 63135 INFO tempest.lib.common.rest_client [req-2285d1a1-0893-43a0-8ed8-a5d424e0b560 req-2285d1a1-0893-43a0-8ed8-a5d424e0b560 ] Request (InstanceActionsV221TestJSON:test_get_list_deleted_instance_actions): 204 DELETE http://10.180.1.21/compute/v2.1/servers/c7829a8b-a9f7-40b1-958c-732e2eaa2b3c 0.141s
2025-06-21 05:36:22.000 63123 INFO tempest.lib.common.rest_client [req-d2c79169-21e1-4ff3-86f0-98b9646aae1a req-d2c79169-21e1-4ff3-86f0-98b9646aae1a ] Request (ServersAdminTestJSON:test_create_server_with_scheduling_hint): 200 GET http://10.180.1.21/compute/v2.1/servers/cbc5985a-38e7-4e52-9fb0-264b5cec013a 0.142s
2025-06-21 05:36:22.085 63103 INFO tempest.lib.common.rest_client [req-78add9a3-5f68-452b-b600-d47ba6e34ed9 req-78add9a3-5f68-452b-b600-d47ba6e34ed9 ] Request (ServersListShow2100Test:test_list_show_rebuild_update_server_2100): 200 GET http://10.180.1.21/compute/v2.1/servers/127fee64-fd56-4a23-bdd2-18c817898fd5 0.081s
2025-06-21 05:36:22.092 63135 INFO tempest.lib.common.rest_client [req-5b6e1c63-732b-476d-90dd-68d20ad04eb6 req-5b6e1c63-732b-476d-90dd-68d20ad04eb6 ] Request (InstanceActionsV221TestJSON:test_get_list_deleted_instance_actions): 200 GET http://10.180.1.21/compute/v2.1/servers/c7829a8b-a9f7-40b1-958c-732e2eaa2b3c 0.121s
2025-06-21 05:36:22.149 63119 INFO tempest.lib.common.rest_client [req-970f222e-cad7-44d8-9854-a757ded6eb60 req-970f222e-cad7-44d8-9854-a757ded6eb60 ] Request (DeleteServersAdminTestJSON:test_delete_server_while_in_error_state): 200 GET http://10.180.1.21/compute/v2.1/servers/56f9e03c-1157-442f-8add-156627a6ec1e 0.111s
2025-06-21 05:36:22.162 63097 INFO tempest.lib.common.rest_client [req-99585e43-0524-4014-8d5e-c389fbc74366 req-99585e43-0524-4014-8d5e-c389fbc74366 ] Request (ImagesOneServerTestJSON:setUpClass): 200 GET http://10.180.1.21/compute/v2.1/servers/9677b03f-7138-47b7-b1e8-f3714d11e550 0.055s
2025-06-21 05:36:22.249 63117 INFO tempest.lib.common.rest_client [req-0f254d7d-0288-4dfa-acc2-eefe6fcf9ab4 req-0f254d7d-0288-4dfa-acc2-eefe6fcf9ab4 ] Request (InstanceActionsTestJSON:setUpClass): 200 GET http://10.180.1.21/compute/v2.1/servers/1a16bd56-0992-4bec-bd3f-2836dfe68579 0.052s
2025-06-21 05:36:22.352 63137 INFO tempest.lib.common.rest_client [req-f5d2360b-56a6-4d9a-9c94-afe3b6501175 req-f5d2360b-56a6-4d9a-9c94-afe3b6501175 ] Request (MigrationsAdminTest:test_list_migrations_in_flavor_resize_situation): 200 GET http://10.180.1.21/compute/v2.1/servers/6a592192-1b41-4be2-84a6-c3b76a4e5643 0.137s
2025-06-21 05:36:22.398 63130 INFO tempest.lib.common.rest_client [req-fa3f2894-08d8-4d53-bc79-f8a7f740462a req-fa3f2894-08d8-4d53-bc79-f8a7f740462a ] Request (ServerMetadataTestJSON:setUpClass): 200 GET http://10.180.1.21/compute/v2.1/servers/a589a3d8-20dc-4ff5-a192-c540e29f39d6 0.154s
2025-06-21 05:36:22.445 63113 INFO tempest.lib.common.rest_client [req-04373480-a774-43bd-bb94-d8b0c97b6187 req-04373480-a774-43bd-bb94-d8b0c97b6187 ] Request (AttachInterfacesUnderV243Test:test_add_remove_fixed_ip): 200 GET http://10.180.1.21/compute/v2.1/servers/d366a755-49b4-427b-8564-d8572a7fbbb7 0.177s
2025-06-21 05:36:22.495 63105 INFO tempest.lib.common.rest_client [req-8e4d963a-e242-4e2f-a59e-69e8247a4a46 req-8e4d963a-e242-4e2f-a59e-69e8247a4a46 ] Request (ListServersNegativeTestJSON:setUpClass): 200 GET http://10.180.1.21/compute/v2.1/servers/e6af4651-9f3a-4ce0-add8-06f1cfef255f 0.189s
2025-06-21 05:36:22.508 63105 INFO tempest.common.waiters [-] State transition "ACTIVE/deleting" ==> "DELETED/None" after 5 second wait
2025-06-21 05:36:22.509 63116 INFO tempest.lib.common.rest_client [req-e0e75251-7a1e-4fcb-89aa-aedf16dda467 req-e0e75251-7a1e-4fcb-89aa-aedf16dda467 ] Request (ServersTestBootFromVolume:setUpClass): 200 GET http://10.180.1.21/compute/v2.1/servers/bd0933ca-aab7-4dd4-a570-1a58a720f377 0.363s
2025-06-21 05:36:22.518 63116 INFO tempest.common.waiters [-] State transition "BUILD/networking" ==> "BUILD/block_device_mapping" after 60 second wait
2025-06-21 05:36:22.541 63125 INFO tempest.lib.common.rest_client [req-8ac39554-6890-4d31-8f35-8cabf4db5365 req-8ac39554-6890-4d31-8f35-8cabf4db5365 ] Request (FloatingIPsAssociationNegativeTestJSON:setUpClass): 200 GET http://10.180.1.21/compute/v2.1/servers/369cd937-4c18-4068-ae59-70a1d585094b 0.198s
2025-06-21 05:36:22.570 63093 INFO tempest.lib.common.rest_client [req-75a815f2-c3fb-4916-94a4-5a7db0b9e092 req-75a815f2-c3fb-4916-94a4-5a7db0b9e092 ] Request (ServersTestMultiNic:test_verify_duplicate_network_nics): 200 GET http://10.180.1.21/compute/v2.1/servers/961dedc6-5ddd-4620-bfa7-54cf0c520af3 0.203s
2025-06-21 05:36:22.595 63127 INFO tempest.lib.common.rest_client [req-87240674-c364-435a-bb6f-5e81052f74ed req-87240674-c364-435a-bb6f-5e81052f74ed ] Request (ServerExternalEventsTest:test_create_server_external_events): 200 GET http://10.180.1.21/compute/v2.1/servers/b289800f-49ce-49e7-b6bc-a3b4ec84b434 0.167s
2025-06-21 05:36:22.641 63134 INFO tempest.lib.common.rest_client [req-0b147b94-d816-4a75-be85-93a5429a684d req-0b147b94-d816-4a75-be85-93a5429a684d ] Request (MultipleCreateTestJSON:test_multiple_create_with_reservation_return): 200 GET http://10.180.1.21/compute/v2.1/servers/c18acec7-cf95-4cdf-aa49-32419d364534 0.066s
2025-06-21 05:36:22.685 63147 INFO tempest.lib.common.rest_client [req-fbc03838-37e8-42be-a798-41ae0691e748 req-fbc03838-37e8-42be-a798-41ae0691e748 ] Request (ServerActionsTestOtherB:setUpClass): 200 GET http://10.180.1.21/compute/v2.1/servers/9343301c-dfe9-41b0-b4a0-067af544d297 0.054s
2025-06-21 05:36:22.698 63141 INFO tempest.lib.common.rest_client [req-a5fdd2ed-c9c0-4d50-8c2e-3601eb0f69e6 req-a5fdd2ed-c9c0-4d50-8c2e-3601eb0f69e6 ] Request (ServersAdminNegativeTestJSON:tearDownClass): 200 GET http://10.180.1.21/compute/v2.1/servers/be02bc93-1278-4b3d-afa3-270c84585d1d 0.053s
2025-06-21 05:36:22.729 63151 INFO tempest.lib.common.rest_client [req-34ba99f8-c1b0-471e-ae01-47198fbaab58 req-34ba99f8-c1b0-471e-ae01-47198fbaab58 ] Request (ServersTestJSON:setUpClass): 200 GET http://10.180.1.21/compute/v2.1/servers/1f40dc62-1a58-4cfb-8785-c37b68747f37 0.050s
2025-06-21 05:36:22.834 63149 INFO tempest.lib.common.rest_client [req-01590790-7f33-40ae-8540-3fff9d6ad54e req-01590790-7f33-40ae-8540-3fff9d6ad54e ] Request (ImagesOneServerNegativeTestJSON:_run_cleanups): 200 GET http://10.180.1.21/compute/v2.1/servers/29e69c7c-08f7-4da4-9509-02a94bf971bc 0.055s
2025-06-21 05:36:22.880 63099 INFO tempest.lib.common.rest_client [req-2a004329-abf2-4994-b557-92c5b5b2ed10 req-2a004329-abf2-4994-b557-92c5b5b2ed10 ] Request (ServerShowV257Test:test_rebuild_server): 200 GET http://10.180.1.21/compute/v2.1/servers/c9e11016-e92a-459e-b5ee-b0e43ce29450 0.051s
2025-06-21 05:36:22.918 63111 WARNING tempest.lib.common.ssh [-] Failed to establish authenticated ssh connection to cirros@10.180.180.220 ([Errno None] Unable to connect to port 22 on 10.180.180.220). Number attempts: 9. Retry after 10 seconds.: paramiko.ssh_exception.NoValidConnectionsError: [Errno None] Unable to connect to port 22 on 10.180.180.220
2025-06-21 05:36:22.933 63095 INFO tempest.lib.common.rest_client [req-ba5a9495-a3c9-45f2-8def-fda6fddf558f req-ba5a9495-a3c9-45f2-8def-fda6fddf558f ] Request (ServerRescueNegativeTestJSON:test_rescued_vm_detach_volume): 200 GET http://10.180.1.21/compute/v2.1/servers/3e4479a0-8edd-4b37-8cc9-2c91275b88ee 0.046s
2025-06-21 05:36:22.947 63145 INFO tempest.lib.common.rest_client [req-12bb00ab-ebe9-4210-a645-31a35b920591 req-12bb00ab-ebe9-4210-a645-31a35b920591 ] Request (ImagesTestJSON:test_create_image_from_suspended_server): 200 GET http://10.180.1.21/compute/v2.1/servers/217e5812-95cc-4104-8d7b-82dfca2c0fcc 0.046s
2025-06-21 05:36:23.009 63089 INFO tempest.lib.common.rest_client [req-39bb660f-de18-45a2-a8d4-b6a5400f538c req-39bb660f-de18-45a2-a8d4-b6a5400f538c ] Request (ServerAddressesNegativeTestJSON:tearDownClass): 200 GET http://10.180.1.21/compute/v2.1/servers/004fd137-4902-4313-a6f7-6c83cd76743d 0.050s
2025-06-21 05:36:23.056 63123 INFO tempest.lib.common.rest_client [req-9f241a67-9296-4d6a-9fc1-7281a7e6d85a req-9f241a67-9296-4d6a-9fc1-7281a7e6d85a ] Request (ServersAdminTestJSON:test_create_server_with_scheduling_hint): 200 GET http://10.180.1.21/compute/v2.1/servers/cbc5985a-38e7-4e52-9fb0-264b5cec013a 0.047s
2025-06-21 05:36:23.174 63103 INFO tempest.lib.common.rest_client [req-14320ec4-c45d-447e-879b-98c306de0acf req-14320ec4-c45d-447e-879b-98c306de0acf ] Request (ServersListShow2100Test:test_list_show_rebuild_update_server_2100): 200 GET http://10.180.1.21/compute/v2.1/servers/127fee64-fd56-4a23-bdd2-18c817898fd5 0.069s
2025-06-21 05:36:23.217 63135 INFO tempest.lib.common.rest_client [req-a9845006-4637-4b03-be59-425c17058686 req-a9845006-4637-4b03-be59-425c17058686 ] Request (InstanceActionsV221TestJSON:test_get_list_deleted_instance_actions): 200 GET http://10.180.1.21/compute/v2.1/servers/c7829a8b-a9f7-40b1-958c-732e2eaa2b3c 0.113s
2025-06-21 05:36:23.231 63119 INFO tempest.lib.common.rest_client [req-ae49239f-5ddb-4b64-b15f-ea3bc17dbfe4 req-ae49239f-5ddb-4b64-b15f-ea3bc17dbfe4 ] Request (DeleteServersAdminTestJSON:test_delete_server_while_in_error_state): 200 GET http://10.180.1.21/compute/v2.1/servers/56f9e03c-1157-442f-8add-156627a6ec1e 0.074s
2025-06-21 05:36:23.265 63097 INFO tempest.lib.common.rest_client [req-f3e0ad04-8e54-4d8e-9ffc-21243be842ce req-f3e0ad04-8e54-4d8e-9ffc-21243be842ce ] Request (ImagesOneServerTestJSON:setUpClass): 200 GET http://10.180.1.21/compute/v2.1/servers/9677b03f-7138-47b7-b1e8-f3714d11e550 0.095s
