2025-06-21 05:35:34.282 63097 INFO tempest.lib.common.rest_client [req-d0034063-a9d2-464b-bec9-d87088567c56 req-d0034063-a9d2-464b-bec9-d87088567c56 ] Request (TenantUsagesTestJSON:tearDownClass): 204 DELETE http://10.180.1.21/identity/v3/projects/5f8144abf6b549cb8246aa63420e625a 0.088s
2025-06-21 05:35:34.282 63097 INFO tempest.lib.common.dynamic_creds [-] Deleting project and security group for project: b08f15f3dcfe47f9b82521835789315b
2025-06-21 05:35:34.374 63095 INFO tempest.lib.common.rest_client [req-66721f1e-5c1f-422a-980a-7194fb39142c req-66721f1e-5c1f-422a-980a-7194fb39142c ] Request (ServerRescueNegativeTestJSON:setUpClass): 200 GET http://10.180.1.21/compute/v2.1/servers/d9242042-6209-4b04-bf00-00dd04d9d6a0 1.275s
2025-06-21 05:35:34.382 63095 INFO tempest.common.waiters [-] State transition "ACTIVE/rescuing" ==> "RESCUE/None" after 9 second wait
2025-06-21 05:35:34.402 63117 INFO tempest.lib.common.rest_client [req-6d7d3f97-cc17-4618-901c-6db0bd7b266b req-6d7d3f97-cc17-4618-901c-6db0bd7b266b ] Request (InstanceActionsTestJSON:setUpClass): 202 POST http://10.180.1.21/compute/v2.1/servers 1.932s
2025-06-21 05:35:34.440 63123 INFO tempest.lib.common.rest_client [req-464ed9ab-c5c1-47c7-823d-b2c0df39bd50 req-464ed9ab-c5c1-47c7-823d-b2c0df39bd50 ] Request (ServersAdminTestJSON:setUpClass): 200 GET http://10.180.1.21/compute/v2.1/servers/f5ad9d70-75fb-4881-8853-5ede4d0903f2 1.253s
2025-06-21 05:35:34.443 63097 INFO tempest.lib.common.rest_client [req-56e7757c-c3e3-4bc4-98b9-d20a102da1be req-56e7757c-c3e3-4bc4-98b9-d20a102da1be ] Request (TenantUsagesTestJSON:tearDownClass): 200 GET http://10.180.1.21:9696/networking/v2.0/security-groups?tenant_id=b08f15f3dcfe47f9b82521835789315b&name=default 0.160s
2025-06-21 05:35:34.468 63147 INFO tempest.lib.common.rest_client [req-fb34b155-b48d-4d31-b41a-6d3b61229387 req-fb34b155-b48d-4d31-b41a-6d3b61229387 ] Request (ServerActionsTestOtherB:setUpClass): 200 GET http://10.180.1.21/compute/v2.1/servers/9343301c-dfe9-41b0-b4a0-067af544d297 1.252s
2025-06-21 05:35:34.543 63099 INFO tempest.lib.common.rest_client [req-f5ef378c-db87-4843-9964-12acd567b9bc req-f5ef378c-db87-4843-9964-12acd567b9bc ] Request (ServerDiagnosticsTest:tearDownClass): 200 GET http://10.180.1.21/compute/v2.1/servers/f5504590-823d-4c37-8226-26684f7957a6 1.266s
2025-06-21 05:35:34.558 63151 INFO tempest.lib.common.rest_client [req-c95c804c-ca98-42fd-8b53-0939248116c5 req-c95c804c-ca98-42fd-8b53-0939248116c5 ] Request (AttachInterfacesV270Test:tearDownClass): 200 GET http://10.180.1.21/compute/v2.1/servers/6976b964-a8d3-4886-8aac-8d513e721018 1.279s
2025-06-21 05:35:34.566 63097 INFO tempest.lib.common.rest_client [req-9aaaf6da-2689-416f-ae3e-232c873f5356 req-9aaaf6da-2689-416f-ae3e-232c873f5356 ] Request (TenantUsagesTestJSON:tearDownClass): 204 DELETE http://10.180.1.21:9696/networking/v2.0/security-groups/fd1e342b-5cbf-4ab2-8fb9-04a4e48f7816 0.122s
2025-06-21 05:35:34.593 63089 INFO tempest.lib.common.rest_client [req-385af28c-d368-49a2-8c28-2be00bd1c538 req-385af28c-d368-49a2-8c28-2be00bd1c538 ] Request (ServerAddressesNegativeTestJSON:setUpClass): 200 GET http://10.180.1.21/compute/v2.1/servers/004fd137-4902-4313-a6f7-6c83cd76743d 1.245s
2025-06-21 05:35:34.605 63119 INFO tempest.lib.common.rest_client [req-df1ad35d-8d83-47d5-a5e8-9cc6da3d5e18 req-df1ad35d-8d83-47d5-a5e8-9cc6da3d5e18 ] Request (DeleteServersAdminTestJSON:test_delete_server_while_in_error_state): 200 GET http://10.180.1.21/compute/v2.1/servers/56f9e03c-1157-442f-8add-156627a6ec1e 1.210s
2025-06-21 05:35:34.649 63101 INFO tempest.lib.common.rest_client [req-5e1c2a91-c62a-4a51-9b02-e6c4bd0a266f req-5e1c2a91-c62a-4a51-9b02-e6c4bd0a266f ] Request (ServersTestFqdnHostnames:test_create_server_with_fqdn_name): 200 GET http://10.180.1.21/compute/v2.1/servers/8213c50c-1d0c-4a4a-aae7-a5b1b0000fe4 1.245s
2025-06-21 05:35:34.690 63097 INFO tempest.lib.common.rest_client [req-b6d5a3f7-00f6-4251-a262-610851baca1b req-b6d5a3f7-00f6-4251-a262-610851baca1b ] Request (TenantUsagesTestJSON:tearDownClass): 204 DELETE http://10.180.1.21/identity/v3/projects/b08f15f3dcfe47f9b82521835789315b 0.123s
2025-06-21 05:35:34.698 63105 INFO tempest.lib.common.rest_client [req-f70a4b88-d59c-4514-8280-fc287c27448b req-f70a4b88-d59c-4514-8280-fc287c27448b ] Request (ListServersNegativeTestJSON:setUpClass): 200 GET http://10.180.1.21/compute/v2.1/servers/64a475e4-6713-408b-a63a-a43b5fed5ec8 1.175s
2025-06-21 05:35:34.718 63137 INFO tempest.lib.common.rest_client [req-167dffe6-5584-4e53-8c97-0646890fda9c req-167dffe6-5584-4e53-8c97-0646890fda9c ] Request (MigrationsAdminTest:test_list_migrations_in_flavor_resize_situation): 200 GET http://10.180.1.21/compute/v2.1/servers/6a592192-1b41-4be2-84a6-c3b76a4e5643 1.266s
2025-06-21 05:35:34.748 63091 INFO tempest.lib.common.rest_client [req-76928586-3397-4fba-a6de-3ad2f237db69 req-76928586-3397-4fba-a6de-3ad2f237db69 ] Request (ServerActionsTestJSON:setUpClass): 200 GET http://10.180.1.21/compute/v2.1/servers/59d21ef7-df97-49ac-9329-4c18df6dd087 1.166s
2025-06-21 05:35:34.758 63097 INFO tempest.lib.common.rest_client [req-852257eb-bdd0-4c0c-9576-1f2ae3163121 req-852257eb-bdd0-4c0c-9576-1f2ae3163121 ] Request (ImagesOneServerTestJSON:setUpClass): 201 POST http://10.180.1.21/identity/v3/auth/tokens 0.066s
2025-06-21 05:35:34.771 63145 INFO tempest.lib.common.rest_client [req-b085d09e-94a6-47b6-a935-22008551ac70 req-b085d09e-94a6-47b6-a935-22008551ac70 ] Request (ImagesTestJSON:test_create_image_from_suspended_server): 200 GET http://10.180.1.21/compute/v2.1/servers/217e5812-95cc-4104-8d7b-82dfca2c0fcc 1.127s
2025-06-21 05:35:34.790 63097 INFO tempest.lib.common.rest_client [req-b88ab362-22fc-45c7-ac96-c94db2cbc85a req-b88ab362-22fc-45c7-ac96-c94db2cbc85a ] Request (ImagesOneServerTestJSON:setUpClass): 201 POST http://10.180.1.21/identity/v3/auth/tokens 0.030s
2025-06-21 05:35:34.819 63097 INFO tempest.lib.common.rest_client [req-2cfa6299-7f91-48a1-bb52-661f52fe1bf6 req-2cfa6299-7f91-48a1-bb52-661f52fe1bf6 ] Request (ImagesOneServerTestJSON:setUpClass): 200 GET http://10.180.1.21/identity/v3/domains?name=Default 0.028s
2025-06-21 05:35:34.855 63097 INFO tempest.lib.common.rest_client [req-5876c258-5aef-4306-9bbe-0f346e87fa40 req-5876c258-5aef-4306-9bbe-0f346e87fa40 ] Request (ImagesOneServerTestJSON:setUpClass): 201 POST http://10.180.1.21/identity/v3/projects 0.035s
2025-06-21 05:35:34.891 63113 INFO tempest.lib.common.rest_client [req-6ddc3a29-76ac-4afd-9194-19d439efc69e req-6ddc3a29-76ac-4afd-9194-19d439efc69e ] Request (SecurityGroupRulesTestJSON:test_security_group_rules_list): 200 POST http://10.180.1.21/compute/v2.1/os-security-groups 0.771s
2025-06-21 05:35:34.921 63127 INFO tempest.lib.common.rest_client [req-def7e21e-bf29-434c-8bea-56f9c1b22fe3 req-def7e21e-bf29-434c-8bea-56f9c1b22fe3 ] Request (FlavorsAdminTestJSON:_run_cleanups): 200 GET http://10.180.1.21/compute/v2.1/flavors/detail 0.680s
2025-06-21 05:35:34.928 63107 INFO tempest.lib.common.rest_client [req-87a08bee-5583-4bfe-843a-7fe929ca8fef req-87a08bee-5583-4bfe-843a-7fe929ca8fef ] Request (FlavorsAccessNegativeTestJSON:test_add_flavor_access_duplicate): 200 POST http://10.180.1.21/compute/v2.1/flavors/64124675/action 0.982s
2025-06-21 05:35:34.952 63097 INFO tempest.lib.common.rest_client [req-bd72afee-b449-484a-8bfd-e599e9c25654 req-bd72afee-b449-484a-8bfd-e599e9c25654 ] Request (ImagesOneServerTestJSON:setUpClass): 201 POST http://10.180.1.21/identity/v3/users 0.096s
2025-06-21 05:35:34.982 63097 INFO tempest.lib.common.rest_client [req-27ccf150-5988-4fef-abbb-cfc41c0a41e2 req-27ccf150-5988-4fef-abbb-cfc41c0a41e2 ] Request (ImagesOneServerTestJSON:setUpClass): 200 GET http://10.180.1.21/identity/v3/roles 0.030s
2025-06-21 05:35:34.988 63116 INFO tempest.lib.common.rest_client [req-03bb8bbe-a05e-4b00-afb8-851e95f324d3 req-03bb8bbe-a05e-4b00-afb8-851e95f324d3 ] Request (ServersTestBootFromVolume:setUpClass): 200 GET http://10.180.1.21/compute/v2.1/servers/bd0933ca-aab7-4dd4-a570-1a58a720f377 0.631s
2025-06-21 05:35:34.991 63135 INFO tempest.lib.common.rest_client [req-74ee1f32-9bff-4426-b244-dac6250e5062 req-74ee1f32-9bff-4426-b244-dac6250e5062 ] Request (InstanceActionsV221TestJSON:test_get_list_deleted_instance_actions): 200 GET http://10.180.1.21/compute/v2.1/servers/c7829a8b-a9f7-40b1-958c-732e2eaa2b3c 0.693s
2025-06-21 05:35:35.034 63127 INFO tempest.lib.common.rest_client [req-d68efce8-f500-4f98-a735-9d1f78af3b46 req-d68efce8-f500-4f98-a735-9d1f78af3b46 ] Request (FlavorsAdminTestJSON:tearDownClass): 204 DELETE http://10.180.1.21/identity/v3/users/26a8939b53c243fa817d8f5d6fdad63a 0.107s
2025-06-21 05:35:35.042 63117 INFO tempest.lib.common.rest_client [req-5a8f2816-596a-41ce-a821-c9efe6974b30 req-5a8f2816-596a-41ce-a821-c9efe6974b30 ] Request (InstanceActionsTestJSON:setUpClass): 200 GET http://10.180.1.21/compute/v2.1/servers/1a16bd56-0992-4bec-bd3f-2836dfe68579 0.638s
2025-06-21 05:35:35.075 63097 INFO tempest.lib.common.rest_client [req-96f369f9-11d0-4f89-8cee-4c0e22587942 req-96f369f9-11d0-4f89-8cee-4c0e22587942 ] Request (ImagesOneServerTestJSON:setUpClass): 204 PUT http://10.180.1.21/identity/v3/projects/fccf636945024a0aa2c12c048e2e6a67/users/f3918eee433b4e48be96e92428ae500f/roles/79dc19b254bc49cea356c89d208fba0b 0.093s
2025-06-21 05:35:35.076 63097 INFO tempest.lib.common.dynamic_creds [-] Dynamic test user f3918eee433b4e48be96e92428ae500f is created with scope project and roles: ['member']
2025-06-21 05:35:35.076 63097 INFO tempest.lib.common.dynamic_creds [-] Acquired dynamic creds: credentials: Credentials: {'domain_id': 'default', 'domain_name': 'Default', 'username': 'tempest-ImagesOneServerTestJSON-1365087924-project-member', 'project_domain_id': 'default', 'project_domain_name': 'Default', 'project_id': 'fccf636945024a0aa2c12c048e2e6a67', 'project_name': 'tempest-ImagesOneServerTestJSON-1365087924', 'tenant_id': 'fccf636945024a0aa2c12c048e2e6a67', 'tenant_name': 'tempest-ImagesOneServerTestJSON-1365087924', 'user_domain_id': 'default', 'user_domain_name': 'Default', 'user_id': 'f3918eee433b4e48be96e92428ae500f', 'system': None}, Network: None, Subnet: None, Router: None
2025-06-21 05:35:35.103 63130 INFO tempest.lib.common.rest_client [req-ab1a1322-1b08-427b-96f8-3bd325046c34 req-ab1a1322-1b08-427b-96f8-3bd325046c34 ] Request (ServerMetadataTestJSON:setUpClass): 200 GET http://10.180.1.21/compute/v2.1/servers/a589a3d8-20dc-4ff5-a192-c540e29f39d6 0.592s
2025-06-21 05:35:35.146 63097 INFO tempest.lib.common.rest_client [req-76d8f7f7-b5e1-4cfa-b6be-f277546cb4bb req-76d8f7f7-b5e1-4cfa-b6be-f277546cb4bb ] Request (ImagesOneServerTestJSON:setUpClass): 201 POST http://10.180.1.21/identity/v3/auth/tokens 0.070s
2025-06-21 05:35:35.165 63149 INFO tempest.lib.common.rest_client [req-a453464e-f76d-4448-958f-d2a2ee24923e req-a453464e-f76d-4448-958f-d2a2ee24923e ] Request (ImagesOneServerNegativeTestJSON:setUpClass): 200 GET http://10.180.1.21/compute/v2.1/servers/29e69c7c-08f7-4da4-9509-02a94bf971bc 0.541s
2025-06-21 05:35:35.174 63095 INFO tempest.lib.common.rest_client [req-42431c25-c599-480b-9117-cc5ad8ff165c req-42431c25-c599-480b-9117-cc5ad8ff165c ] Request (ServerRescueNegativeTestJSON:setUpClass): 200 GET http://10.180.1.21/compute/v2.1/servers/c7cef7f3-11db-44e1-a454-98830b465b52 0.792s
2025-06-21 05:35:35.204 63127 INFO tempest.lib.common.rest_client [req-d14de018-d0b0-45ab-bd53-805ae14cf7bd req-d14de018-d0b0-45ab-bd53-805ae14cf7bd ] Request (FlavorsAdminTestJSON:tearDownClass): 204 DELETE http://10.180.1.21/identity/v3/users/b92c1b63eac649fd9805913f0c77a81b 0.170s
2025-06-21 05:35:35.205 63127 INFO tempest.lib.common.dynamic_creds [-] Deleting project and security group for project: b0155add76f34ad48cb1c32e33cde673
2025-06-21 05:35:35.214 63125 INFO tempest.lib.common.rest_client [req-d3019b3b-f5d9-406d-9e8d-9240da251395 req-d3019b3b-f5d9-406d-9e8d-9240da251395 ] Request (FloatingIPsAssociationNegativeTestJSON:setUpClass): 200 GET http://10.180.1.21/compute/v2.1/servers/369cd937-4c18-4068-ae59-70a1d585094b 0.531s
2025-06-21 05:35:35.258 63127 INFO tempest.lib.common.rest_client [req-2bdaa05e-1d6d-43ad-be1d-fe46fb0c5002 req-2bdaa05e-1d6d-43ad-be1d-fe46fb0c5002 ] Request (FlavorsAdminTestJSON:tearDownClass): 201 POST http://10.180.1.21/identity/v3/auth/tokens 0.052s
2025-06-21 05:35:35.283 63131 INFO tempest.lib.common.rest_client [req-6b9b1d18-1fe6-4ad3-8168-871ae0165ee0 req-6b9b1d18-1fe6-4ad3-8168-871ae0165ee0 ] Request (ServersAaction247Test:tearDownClass): 200 GET http://10.180.1.21/compute/v2.1/servers/296f6c11-7108-42e6-8ada-5d8c08b00da6 0.502s
2025-06-21 05:35:35.353 63103 INFO tempest.lib.common.rest_client [req-61eeb40a-1889-4a12-b168-8be2752f870d req-61eeb40a-1889-4a12-b168-8be2752f870d ] Request (ServerDiagnosticsV248Test:tearDownClass): 200 GET http://10.180.1.21/compute/v2.1/servers/591e4a92-7c03-4d70-885f-49a66032c97e 0.500s
2025-06-21 05:35:35.382 63141 INFO tempest.lib.common.rest_client [req-20110512-e884-493d-bea2-a97b19e9744a req-20110512-e884-493d-bea2-a97b19e9744a ] Request (ServersAdminNegativeTestJSON:test_migrate_server_invalid_state): 200 GET http://10.180.1.21/compute/v2.1/servers/98d134b4-b4ca-4247-a638-ad5c24a694e5 0.613s
2025-06-21 05:35:35.397 63141 INFO tempest.common.waiters [-] State transition "ACTIVE/suspending" ==> "SUSPENDED/None" after 2 second wait
2025-06-21 05:35:35.477 63113 INFO tempest.lib.common.rest_client [req-9c05d20d-373d-4468-b188-6e9585ec2ff3 req-9c05d20d-373d-4468-b188-6e9585ec2ff3 ] Request (SecurityGroupRulesTestJSON:test_security_group_rules_list): 200 POST http://10.180.1.21/compute/v2.1/os-security-group-rules 0.582s
2025-06-21 05:35:35.503 63127 INFO tempest.lib.common.rest_client [req-434aac80-c70e-4679-982d-2252ec68c40b req-434aac80-c70e-4679-982d-2252ec68c40b ] Request (FlavorsAdminTestJSON:tearDownClass): 200 GET http://10.180.1.21:9696/networking/v2.0/security-groups?tenant_id=b0155add76f34ad48cb1c32e33cde673&name=default 0.244s
2025-06-21 05:35:35.544 63107 INFO tempest.lib.common.rest_client [req-0c3eb28c-33c4-4ddd-a1f5-cb9bc283be2b req-0c3eb28c-33c4-4ddd-a1f5-cb9bc283be2b ] Request (FlavorsAccessNegativeTestJSON:test_add_flavor_access_duplicate): 409 POST http://10.180.1.21/compute/v2.1/flavors/64124675/action 0.614s
2025-06-21 05:35:35.562 63095 INFO tempest.lib.common.rest_client [req-05fc2855-c9ca-4ec4-b209-ec4f6dcbc958 req-05fc2855-c9ca-4ec4-b209-ec4f6dcbc958 ] Request (ServerRescueNegativeTestJSON:test_rescue_non_existent_server): 404 POST http://10.180.1.21/compute/v2.1/servers/ac426046-f524-4260-9cea-0ed7af7b5376/action 0.376s
2025-06-21 05:35:35.610 63097 INFO tempest.lib.common.rest_client [req-9a7c7e61-b73e-4b6e-9bdd-db54a0302f28 req-9a7c7e61-b73e-4b6e-9bdd-db54a0302f28 ] Request (ImagesOneServerTestJSON:setUpClass): 201 POST http://10.180.1.21:9696/networking/v2.0/networks 0.463s
2025-06-21 05:35:35.654 63093 INFO tempest.lib.common.rest_client [req-099fc87c-69d9-42fe-bbd7-868661ebe825 req-099fc87c-69d9-42fe-bbd7-868661ebe825 ] Request (ServersTestMultiNic:test_verify_duplicate_network_nics): 200 GET http://10.180.1.21/compute/v2.1/servers/961dedc6-5ddd-4620-bfa7-54cf0c520af3 0.425s
2025-06-21 05:35:35.658 63134 INFO tempest.lib.common.rest_client [req-fdb2f5da-6191-4096-8c8c-e7ada29f23da req-fdb2f5da-6191-4096-8c8c-e7ada29f23da ] Request (MultipleCreateTestJSON:test_multiple_create): 200 GET http://10.180.1.21/compute/v2.1/servers/8e04a5b7-7cbf-46ac-b5a0-bc21b5e4209e 0.574s
2025-06-21 05:35:35.665 63127 INFO tempest.lib.common.rest_client [req-f4bd958b-d063-4600-99c9-2f5d44d1bb8b req-f4bd958b-d063-4600-99c9-2f5d44d1bb8b ] Request (FlavorsAdminTestJSON:tearDownClass): 204 DELETE http://10.180.1.21:9696/networking/v2.0/security-groups/fe4f81cb-4046-487a-90d0-8e7fd09cab93 0.161s
2025-06-21 05:35:35.737 63123 INFO tempest.lib.common.rest_client [req-6c5d79bd-0324-42ca-b210-20cbe1558307 req-6c5d79bd-0324-42ca-b210-20cbe1558307 ] Request (ServersAdminTestJSON:setUpClass): 200 GET http://10.180.1.21/compute/v2.1/servers/f5ad9d70-75fb-4881-8853-5ede4d0903f2 0.288s
2025-06-21 05:35:35.740 63141 INFO tempest.lib.common.rest_client [req-796fb4bb-448a-4223-af9f-6c4a08cad0f5 req-796fb4bb-448a-4223-af9f-6c4a08cad0f5 ] Request (ServersAdminNegativeTestJSON:test_migrate_server_invalid_state): 409 POST http://10.180.1.21/compute/v2.1/servers/98d134b4-b4ca-4247-a638-ad5c24a694e5/action 0.343s
2025-06-21 05:35:35.757 63095 INFO tempest.lib.common.rest_client [req-d6521d5a-ff2b-4629-bb29-c2b25d9e1748 req-d6521d5a-ff2b-4629-bb29-c2b25d9e1748 ] Request (ServerRescueNegativeTestJSON:test_rescued_vm_attach_volume): 202 POST http://10.180.1.21/volume/v3/volumes 0.192s
2025-06-21 05:35:35.786 63127 INFO tempest.lib.common.rest_client [req-a63f51a0-0262-4c92-a0a3-ba3104576b68 req-a63f51a0-0262-4c92-a0a3-ba3104576b68 ] Request (FlavorsAdminTestJSON:tearDownClass): 204 DELETE http://10.180.1.21/identity/v3/projects/b0155add76f34ad48cb1c32e33cde673 0.120s
2025-06-21 05:35:35.786 63127 INFO tempest.lib.common.dynamic_creds [-] Deleting project and security group for project: 64a6ca00822748f499cd7576a46bbdc0
2025-06-21 05:35:35.794 63147 INFO tempest.lib.common.rest_client [req-ab0bbca7-2af6-4419-9b52-028658e3c652 req-ab0bbca7-2af6-4419-9b52-028658e3c652 ] Request (ServerActionsTestOtherB:setUpClass): 200 GET http://10.180.1.21/compute/v2.1/servers/9343301c-dfe9-41b0-b4a0-067af544d297 0.316s
2025-06-21 05:35:35.797 63095 INFO tempest.lib.common.rest_client [req-005c987d-b8b6-4cff-8702-51245beb6954 req-005c987d-b8b6-4cff-8702-51245beb6954 ] Request (ServerRescueNegativeTestJSON:test_rescued_vm_attach_volume): 200 GET http://10.180.1.21/volume/v3/volumes/b564ed7f-a597-4796-93d6-4e187a8533a6 0.030s
2025-06-21 05:35:35.900 63127 INFO tempest.lib.common.rest_client [req-7fd7e869-9a76-4d8d-b834-40cd51cf5380 req-7fd7e869-9a76-4d8d-b834-40cd51cf5380 ] Request (FlavorsAdminTestJSON:tearDownClass): 200 GET http://10.180.1.21:9696/networking/v2.0/security-groups?tenant_id=64a6ca00822748f499cd7576a46bbdc0&name=default 0.113s
2025-06-21 05:35:35.975 63107 INFO tempest.lib.common.rest_client [req-c2c8c9a6-f773-4841-b68d-641ccb8dde46 req-c2c8c9a6-f773-4841-b68d-641ccb8dde46 ] Request (FlavorsAccessNegativeTestJSON:_run_cleanups): 200 POST http://10.180.1.21/compute/v2.1/flavors/64124675/action 0.431s
2025-06-21 05:35:36.021 63113 INFO tempest.lib.common.rest_client [req-9f31cdf9-d4d0-444c-8ab4-eee700fb0891 req-9f31cdf9-d4d0-444c-8ab4-eee700fb0891 ] Request (SecurityGroupRulesTestJSON:test_security_group_rules_list): 200 POST http://10.180.1.21/compute/v2.1/os-security-group-rules 0.540s
2025-06-21 05:35:36.027 63097 INFO tempest.lib.common.rest_client [req-8c27ce83-55f3-42ec-96b5-6c291089a894 req-8c27ce83-55f3-42ec-96b5-6c291089a894 ] Request (ImagesOneServerTestJSON:setUpClass): 201 POST http://10.180.1.21:9696/networking/v2.0/subnets 0.417s
2025-06-21 05:35:36.030 63127 INFO tempest.lib.common.rest_client [req-7f30641e-ee23-45d6-a54f-eeb5b9971f50 req-7f30641e-ee23-45d6-a54f-eeb5b9971f50 ] Request (FlavorsAdminTestJSON:tearDownClass): 204 DELETE http://10.180.1.21:9696/networking/v2.0/security-groups/8afa6cbe-7d91-43bf-b3ed-4f46e861a5f7 0.130s
2025-06-21 05:35:36.092 63099 INFO tempest.lib.common.rest_client [req-15cdb574-aa60-4a17-b256-6b5dd6d28be4 req-15cdb574-aa60-4a17-b256-6b5dd6d28be4 ] Request (ServerDiagnosticsTest:tearDownClass): 200 GET http://10.180.1.21/compute/v2.1/servers/f5504590-823d-4c37-8226-26684f7957a6 0.539s
2025-06-21 05:35:36.147 63151 INFO tempest.lib.common.rest_client [req-83419c52-c359-42e0-917a-9e632873ebb8 req-83419c52-c359-42e0-917a-9e632873ebb8 ] Request (AttachInterfacesV270Test:tearDownClass): 200 GET http://10.180.1.21/compute/v2.1/servers/6976b964-a8d3-4886-8aac-8d513e721018 0.576s
2025-06-21 05:35:36.198 63089 INFO tempest.lib.common.rest_client [req-19df90ac-b2df-4da8-80c3-2da7ab99d5a7 req-19df90ac-b2df-4da8-80c3-2da7ab99d5a7 ] Request (ServerAddressesNegativeTestJSON:setUpClass): 200 GET http://10.180.1.21/compute/v2.1/servers/004fd137-4902-4313-a6f7-6c83cd76743d 0.596s
2025-06-21 05:35:36.211 63127 INFO tempest.lib.common.rest_client [req-591ed735-4d16-453e-8bcf-db70b75850ff req-591ed735-4d16-453e-8bcf-db70b75850ff ] Request (FlavorsAdminTestJSON:tearDownClass): 204 DELETE http://10.180.1.21/identity/v3/projects/64a6ca00822748f499cd7576a46bbdc0 0.180s
2025-06-21 05:35:36.245 63119 INFO tempest.lib.common.rest_client [req-7e89b881-bf14-4bec-a391-27f0ab8def9b req-7e89b881-bf14-4bec-a391-27f0ab8def9b ] Request (DeleteServersAdminTestJSON:test_delete_server_while_in_error_state): 200 GET http://10.180.1.21/compute/v2.1/servers/56f9e03c-1157-442f-8add-156627a6ec1e 0.627s
2025-06-21 05:35:36.259 63101 INFO tempest.lib.common.rest_client [req-92ffcbe2-594f-4ed7-8da9-2516bd6a6764 req-92ffcbe2-594f-4ed7-8da9-2516bd6a6764 ] Request (ServersTestFqdnHostnames:test_create_server_with_fqdn_name): 200 GET http://10.180.1.21/compute/v2.1/servers/8213c50c-1d0c-4a4a-aae7-a5b1b0000fe4 0.601s
2025-06-21 05:35:36.279 63127 INFO tempest.lib.common.rest_client [req-b9b6589b-c020-4359-b90c-6da55bba4874 req-b9b6589b-c020-4359-b90c-6da55bba4874 ] Request (FlavorsV261TestJSON:setUpClass): 201 POST http://10.180.1.21/identity/v3/auth/tokens 0.066s
2025-06-21 05:35:36.318 63127 INFO tempest.lib.common.rest_client [req-6367c9bf-c760-4180-bfd2-fe4410b7f5eb req-6367c9bf-c760-4180-bfd2-fe4410b7f5eb ] Request (FlavorsV261TestJSON:setUpClass): 201 POST http://10.180.1.21/identity/v3/auth/tokens 0.036s
2025-06-21 05:35:36.322 63105 INFO tempest.lib.common.rest_client [req-36a446bb-9ea5-44b8-8961-98c1eb93daeb req-36a446bb-9ea5-44b8-8961-98c1eb93daeb ] Request (ListServersNegativeTestJSON:setUpClass): 200 GET http://10.180.1.21/compute/v2.1/servers/64a475e4-6713-408b-a63a-a43b5fed5ec8 0.615s
2025-06-21 05:35:36.327 63141 INFO tempest.lib.common.rest_client [req-5786ea2e-9bd2-46eb-a6a9-5f5a20720cb0 req-5786ea2e-9bd2-46eb-a6a9-5f5a20720cb0 ] Request (ServersAdminNegativeTestJSON:test_reset_state_server_invalid_state): 400 POST http://10.180.1.21/compute/v2.1/servers/be02bc93-1278-4b3d-afa3-270c84585d1d/action 0.585s
2025-06-21 05:35:36.350 63127 INFO tempest.lib.common.rest_client [req-5df3b5a3-01e1-43a2-93f6-a942b3c488a5 req-5df3b5a3-01e1-43a2-93f6-a942b3c488a5 ] Request (FlavorsV261TestJSON:setUpClass): 200 GET http://10.180.1.21/identity/v3/domains?name=Default 0.031s
2025-06-21 05:35:36.386 63127 INFO tempest.lib.common.rest_client [req-c7147b25-acc4-4a4f-8d76-f11c5bbb9059 req-c7147b25-acc4-4a4f-8d76-f11c5bbb9059 ] Request (FlavorsV261TestJSON:setUpClass): 201 POST http://10.180.1.21/identity/v3/projects 0.035s
2025-06-21 05:35:36.399 63137 INFO tempest.lib.common.rest_client [req-09dc8280-fa62-4b7c-ace1-d44af554f0bf req-09dc8280-fa62-4b7c-ace1-d44af554f0bf ] Request (MigrationsAdminTest:test_list_migrations_in_flavor_resize_situation): 200 GET http://10.180.1.21/compute/v2.1/servers/6a592192-1b41-4be2-84a6-c3b76a4e5643 0.671s
2025-06-21 05:35:36.453 63145 INFO tempest.lib.common.rest_client [req-105d7774-5979-46d4-af6a-0511fab772db req-105d7774-5979-46d4-af6a-0511fab772db ] Request (ImagesTestJSON:test_create_image_from_suspended_server): 200 GET http://10.180.1.21/compute/v2.1/servers/217e5812-95cc-4104-8d7b-82dfca2c0fcc 0.673s
2025-06-21 05:35:36.453 63091 INFO tempest.lib.common.rest_client [req-8b1e1fa2-76b8-4dfd-88dc-d054a2f88867 req-8b1e1fa2-76b8-4dfd-88dc-d054a2f88867 ] Request (ServerActionsTestJSON:setUpClass): 200 GET http://10.180.1.21/compute/v2.1/servers/59d21ef7-df97-49ac-9329-4c18df6dd087 0.695s
2025-06-21 05:35:36.457 63127 INFO tempest.lib.common.rest_client [req-353e9918-5b0d-4754-9a5b-71950bbeac08 req-353e9918-5b0d-4754-9a5b-71950bbeac08 ] Request (FlavorsV261TestJSON:setUpClass): 201 POST http://10.180.1.21/identity/v3/users 0.070s
2025-06-21 05:35:36.461 63091 INFO tempest.common.waiters [-] State transition "BUILD/None" ==> "BUILD/block_device_mapping" after 34 second wait
2025-06-21 05:35:36.474 63107 INFO tempest.lib.common.rest_client [req-2d8343be-890f-49d9-806d-7e42cc531a5e req-2d8343be-890f-49d9-806d-7e42cc531a5e ] Request (FlavorsAccessNegativeTestJSON:_run_cleanups): 202 DELETE http://10.180.1.21/compute/v2.1/flavors/64124675 0.497s
2025-06-21 05:35:36.494 63127 INFO tempest.lib.common.rest_client [req-6b9709dc-2852-422c-8487-a3e9556c0dbd req-6b9709dc-2852-422c-8487-a3e9556c0dbd ] Request (FlavorsV261TestJSON:setUpClass): 200 GET http://10.180.1.21/identity/v3/roles 0.037s
2025-06-21 05:35:36.526 63116 INFO tempest.lib.common.rest_client [req-3c766882-4b61-49eb-acf2-c27d9186af37 req-3c766882-4b61-49eb-acf2-c27d9186af37 ] Request (ServersTestBootFromVolume:setUpClass): 200 GET http://10.180.1.21/compute/v2.1/servers/bd0933ca-aab7-4dd4-a570-1a58a720f377 0.530s
2025-06-21 05:35:36.529 63127 INFO tempest.lib.common.rest_client [req-bfd6beee-5349-404e-a11d-ed0b5b63beb2 req-bfd6beee-5349-404e-a11d-ed0b5b63beb2 ] Request (FlavorsV261TestJSON:setUpClass): 204 PUT http://10.180.1.21/identity/v3/projects/29e2f9afe83a4790bb5e25f9cfee2efd/users/2394ec1b8ef14ff9af766b19c97f6882/roles/79dc19b254bc49cea356c89d208fba0b 0.035s
2025-06-21 05:35:36.530 63127 INFO tempest.lib.common.dynamic_creds [-] Dynamic test user 2394ec1b8ef14ff9af766b19c97f6882 is created with scope project and roles: ['member']
2025-06-21 05:35:36.530 63127 INFO tempest.lib.common.dynamic_creds [-] Acquired dynamic creds: credentials: Credentials: {'domain_id': 'default', 'domain_name': 'Default', 'username': 'tempest-FlavorsV261TestJSON-2022223610-project-member', 'project_domain_id': 'default', 'project_domain_name': 'Default', 'project_id': '29e2f9afe83a4790bb5e25f9cfee2efd', 'project_name': 'tempest-FlavorsV261TestJSON-2022223610', 'tenant_id': '29e2f9afe83a4790bb5e25f9cfee2efd', 'tenant_name': 'tempest-FlavorsV261TestJSON-2022223610', 'user_domain_id': 'default', 'user_domain_name': 'Default', 'user_id': '2394ec1b8ef14ff9af766b19c97f6882', 'system': None}, Network: None, Subnet: None, Router: None
2025-06-21 05:35:36.530 63135 INFO tempest.lib.common.rest_client [req-6201949c-8038-4b0d-b88e-d375a807eb25 req-6201949c-8038-4b0d-b88e-d375a807eb25 ] Request (InstanceActionsV221TestJSON:test_get_list_deleted_instance_actions): 200 GET http://10.180.1.21/compute/v2.1/servers/c7829a8b-a9f7-40b1-958c-732e2eaa2b3c 0.524s
2025-06-21 05:35:36.530 63127 INFO tempest.lib.common.dynamic_creds [-] Created isolated network resources for: credentials: Credentials: {'domain_id': 'default', 'domain_name': 'Default', 'username': 'tempest-FlavorsV261TestJSON-2022223610-project-member', 'project_domain_id': 'default', 'project_domain_name': 'Default', 'project_id': '29e2f9afe83a4790bb5e25f9cfee2efd', 'project_name': 'tempest-FlavorsV261TestJSON-2022223610', 'tenant_id': '29e2f9afe83a4790bb5e25f9cfee2efd', 'tenant_name': 'tempest-FlavorsV261TestJSON-2022223610', 'user_domain_id': 'default', 'user_domain_name': 'Default', 'user_id': '2394ec1b8ef14ff9af766b19c97f6882', 'system': None}, Network: None, Subnet: None, Router: None
2025-06-21 05:35:36.574 63113 INFO tempest.lib.common.rest_client [req-009d6fee-a821-4c55-b9c3-60a1c3bc5946 req-009d6fee-a821-4c55-b9c3-60a1c3bc5946 ] Request (SecurityGroupRulesTestJSON:test_security_group_rules_list): 200 GET http://10.180.1.21/compute/v2.1/os-security-groups/ffbcb925-1c67-4701-9329-48d2cfa37a22 0.549s
2025-06-21 05:35:36.590 63117 INFO tempest.lib.common.rest_client [req-5b93e76a-4621-4276-8287-a5243ea14f01 req-5b93e76a-4621-4276-8287-a5243ea14f01 ] Request (InstanceActionsTestJSON:setUpClass): 200 GET http://10.180.1.21/compute/v2.1/servers/1a16bd56-0992-4bec-bd3f-2836dfe68579 0.537s
2025-06-21 05:35:36.618 63127 INFO tempest.lib.common.rest_client [req-3f287da8-70a2-4aa5-b95e-82e760ee4738 req-3f287da8-70a2-4aa5-b95e-82e760ee4738 ] Request (FlavorsV261TestJSON:setUpClass): 201 POST http://10.180.1.21/identity/v3/auth/tokens 0.084s
2025-06-21 05:35:36.632 63130 INFO tempest.lib.common.rest_client [req-463be76c-e172-48fe-8151-e99a06ff1366 req-463be76c-e172-48fe-8151-e99a06ff1366 ] Request (ServerMetadataTestJSON:setUpClass): 200 GET http://10.180.1.21/compute/v2.1/servers/a589a3d8-20dc-4ff5-a192-c540e29f39d6 0.519s
2025-06-21 05:35:36.646 63149 INFO tempest.lib.common.rest_client [req-81a5a8ae-65ca-4a74-a6c1-28678bcf8c8d req-81a5a8ae-65ca-4a74-a6c1-28678bcf8c8d ] Request (ImagesOneServerNegativeTestJSON:setUpClass): 200 GET http://10.180.1.21/compute/v2.1/servers/29e69c7c-08f7-4da4-9509-02a94bf971bc 0.471s
2025-06-21 05:35:36.688 63127 INFO tempest.lib.common.rest_client [req-b698891c-0d6f-4fda-8498-5a23b55057e0 req-b698891c-0d6f-4fda-8498-5a23b55057e0 ] Request (FlavorsV261TestJSON:setUpClass): 201 POST http://10.180.1.21/identity/v3/projects 0.070s
2025-06-21 05:35:36.695 63125 INFO tempest.lib.common.rest_client [req-674b0a83-47f6-47e2-bd6d-cc572f832a08 req-674b0a83-47f6-47e2-bd6d-cc572f832a08 ] Request (FloatingIPsAssociationNegativeTestJSON:setUpClass): 200 GET http://10.180.1.21/compute/v2.1/servers/369cd937-4c18-4068-ae59-70a1d585094b 0.471s
2025-06-21 05:35:36.702 63141 INFO tempest.lib.common.rest_client [req-a5fe5b13-07ec-493d-a888-354c40c59f04 req-a5fe5b13-07ec-493d-a888-354c40c59f04 ] Request (ServersAdminNegativeTestJSON:test_reset_state_server_invalid_type): 400 POST http://10.180.1.21/compute/v2.1/servers/be02bc93-1278-4b3d-afa3-270c84585d1d/action 0.371s
2025-06-21 05:35:36.734 63131 INFO tempest.lib.common.rest_client [req-db70ad68-1dc2-40c4-af43-be47a1581f25 req-db70ad68-1dc2-40c4-af43-be47a1581f25 ] Request (ServersAaction247Test:tearDownClass): 200 GET http://10.180.1.21/compute/v2.1/servers/296f6c11-7108-42e6-8ada-5d8c08b00da6 0.441s
2025-06-21 05:35:36.758 63103 INFO tempest.lib.common.rest_client [req-2176e8d5-3f52-4a9c-b164-7cd8b3b9ed0c req-2176e8d5-3f52-4a9c-b164-7cd8b3b9ed0c ] Request (ServerDiagnosticsV248Test:tearDownClass): 200 GET http://10.180.1.21/compute/v2.1/servers/591e4a92-7c03-4d70-885f-49a66032c97e 0.394s
2025-06-21 05:35:36.758 63107 INFO tempest.lib.common.rest_client [req-09f10d85-fc5f-4cb2-8d48-2a544f4fc917 req-09f10d85-fc5f-4cb2-8d48-2a544f4fc917 ] Request (FlavorsAccessNegativeTestJSON:_run_cleanups): 200 GET http://10.180.1.21/compute/v2.1/flavors/detail 0.283s
2025-06-21 05:35:36.761 63127 INFO tempest.lib.common.rest_client [req-aa440aea-5528-4bd3-b3d8-a53a41b1a70c req-aa440aea-5528-4bd3-b3d8-a53a41b1a70c ] Request (FlavorsV261TestJSON:setUpClass): 201 POST http://10.180.1.21/identity/v3/users 0.072s
2025-06-21 05:35:36.783 63127 INFO tempest.lib.common.rest_client [req-28756154-ab66-4654-bd55-2f500d55ad9e req-28756154-ab66-4654-bd55-2f500d55ad9e ] Request (FlavorsV261TestJSON:setUpClass): 200 GET http://10.180.1.21/identity/v3/roles 0.022s
2025-06-21 05:35:36.813 63127 INFO tempest.lib.common.rest_client [req-565204c8-5113-416e-accc-77abf72de206 req-565204c8-5113-416e-accc-77abf72de206 ] Request (FlavorsV261TestJSON:setUpClass): 204 PUT http://10.180.1.21/identity/v3/projects/c6929590a719498bb6165999bfccf2ee/users/fdfff6ef38d64d008ab5e83ce9978d30/roles/35ff632d8bdf463483810587c06b24d1 0.029s
2025-06-21 05:35:36.839 63095 INFO tempest.lib.common.rest_client [req-735469a8-bb11-43d3-9801-b0adf9ef5d30 req-735469a8-bb11-43d3-9801-b0adf9ef5d30 ] Request (ServerRescueNegativeTestJSON:test_rescued_vm_attach_volume): 200 GET http://10.180.1.21/volume/v3/volumes/b564ed7f-a597-4796-93d6-4e187a8533a6 0.034s
2025-06-21 05:35:36.846 63095 INFO tempest.common.waiters [-] volume b564ed7f-a597-4796-93d6-4e187a8533a6 reached available after waiting for 1.846390 seconds
2025-06-21 05:35:36.850 63134 INFO tempest.lib.common.rest_client [req-6953fb0d-2df1-43b8-b7b0-9b53cfe0a10d req-6953fb0d-2df1-43b8-b7b0-9b53cfe0a10d ] Request (MultipleCreateTestJSON:test_multiple_create): 200 GET http://10.180.1.21/compute/v2.1/servers/8e04a5b7-7cbf-46ac-b5a0-bc21b5e4209e 0.180s
2025-06-21 05:35:36.857 63134 INFO tempest.common.waiters [-] State transition "BUILD/spawning" ==> "ACTIVE/None" after 34 second wait
2025-06-21 05:35:36.876 63127 INFO tempest.lib.common.rest_client [req-b5f6b01f-2ae3-4110-b1b3-44f25e824143 req-b5f6b01f-2ae3-4110-b1b3-44f25e824143 ] Request (FlavorsV261TestJSON:setUpClass): 200 GET http://10.180.1.21/identity/v3/roles 0.063s
2025-06-21 05:35:36.909 63127 INFO tempest.lib.common.rest_client [req-554e51fa-ea0b-449e-9153-0c49ce23678d req-554e51fa-ea0b-449e-9153-0c49ce23678d ] Request (FlavorsV261TestJSON:setUpClass): 204 PUT http://10.180.1.21/identity/v3/projects/c6929590a719498bb6165999bfccf2ee/users/fdfff6ef38d64d008ab5e83ce9978d30/roles/35ff632d8bdf463483810587c06b24d1 0.032s
2025-06-21 05:35:36.909 63127 INFO tempest.lib.common.dynamic_creds [-] Dynamic test user fdfff6ef38d64d008ab5e83ce9978d30 is created with scope project and roles: ['admin']
2025-06-21 05:35:36.909 63127 INFO tempest.lib.common.dynamic_creds [-] Acquired dynamic creds: credentials: Credentials: {'domain_id': 'default', 'domain_name': 'Default', 'username': 'tempest-FlavorsV261TestJSON-1133938881-project-admin', 'project_domain_id': 'default', 'project_domain_name': 'Default', 'project_id': 'c6929590a719498bb6165999bfccf2ee', 'project_name': 'tempest-FlavorsV261TestJSON-1133938881', 'tenant_id': 'c6929590a719498bb6165999bfccf2ee', 'tenant_name': 'tempest-FlavorsV261TestJSON-1133938881', 'user_domain_id': 'default', 'user_domain_name': 'Default', 'user_id': 'fdfff6ef38d64d008ab5e83ce9978d30', 'system': None}, Network: None, Subnet: None, Router: None
2025-06-21 05:35:36.909 63127 INFO tempest.lib.common.dynamic_creds [-] Created isolated network resources for: credentials: Credentials: {'domain_id': 'default', 'domain_name': 'Default', 'username': 'tempest-FlavorsV261TestJSON-1133938881-project-admin', 'project_domain_id': 'default', 'project_domain_name': 'Default', 'project_id': 'c6929590a719498bb6165999bfccf2ee', 'project_name': 'tempest-FlavorsV261TestJSON-1133938881', 'tenant_id': 'c6929590a719498bb6165999bfccf2ee', 'tenant_name': 'tempest-FlavorsV261TestJSON-1133938881', 'user_domain_id': 'default', 'user_domain_name': 'Default', 'user_id': 'fdfff6ef38d64d008ab5e83ce9978d30', 'system': None}, Network: None, Subnet: None, Router: None
2025-06-21 05:35:36.913 63093 INFO tempest.lib.common.rest_client [req-57d159e6-3748-4c73-863d-f31726ac5963 req-57d159e6-3748-4c73-863d-f31726ac5963 ] Request (ServersTestMultiNic:test_verify_duplicate_network_nics): 200 GET http://10.180.1.21/compute/v2.1/servers/961dedc6-5ddd-4620-bfa7-54cf0c520af3 0.243s
2025-06-21 05:35:36.918 63141 INFO tempest.lib.common.rest_client [req-fda6d27e-cf88-49a6-b1dd-ed1a9fd25c5d req-fda6d27e-cf88-49a6-b1dd-ed1a9fd25c5d ] Request (ServersAdminNegativeTestJSON:test_reset_state_server_nonexistent_server): 404 POST http://10.180.1.21/compute/v2.1/servers/999/action 0.214s
2025-06-21 05:35:36.928 63113 INFO tempest.lib.common.rest_client [req-79de02cd-df72-4a46-92e1-5fc0b0d20b7d req-79de02cd-df72-4a46-92e1-5fc0b0d20b7d ] Request (SecurityGroupRulesTestJSON:_run_cleanups): 202 DELETE http://10.180.1.21/compute/v2.1/os-security-group-rules/904d85a8-9c9d-4957-b7e2-095cbd90fc88 0.349s
2025-06-21 05:35:36.949 63107 INFO tempest.lib.common.rest_client [req-535f2dab-a0bc-4434-ac99-5d6545bb3f95 req-535f2dab-a0bc-4434-ac99-5d6545bb3f95 ] Request (FlavorsAccessNegativeTestJSON:test_flavor_access_list_with_public_flavor): 200 POST http://10.180.1.21/compute/v2.1/flavors 0.183s
2025-06-21 05:35:36.959 63097 INFO tempest.lib.common.rest_client [req-416438dd-da7e-4eb4-b00e-ec3885330879 req-416438dd-da7e-4eb4-b00e-ec3885330879 ] Request (ImagesOneServerTestJSON:setUpClass): 201 POST http://10.180.1.21:9696/networking/v2.0/routers 0.931s
2025-06-21 05:35:36.985 63123 INFO tempest.lib.common.rest_client [req-c72ba9e7-abf5-47c7-ae8b-9795b7321e37 req-c72ba9e7-abf5-47c7-ae8b-9795b7321e37 ] Request (ServersAdminTestJSON:setUpClass): 200 GET http://10.180.1.21/compute/v2.1/servers/f5ad9d70-75fb-4881-8853-5ede4d0903f2 0.239s
2025-06-21 05:35:37.000 63127 INFO tempest.lib.common.rest_client [req-21dd4878-7f75-4065-be73-04bda0b0864a req-21dd4878-7f75-4065-be73-04bda0b0864a ] Request (FlavorsV261TestJSON:setUpClass): 201 POST http://10.180.1.21/identity/v3/auth/tokens 0.088s
2025-06-21 05:35:37.016 63147 INFO tempest.lib.common.rest_client [req-ab775dbe-12e1-4715-8646-fc31d75847cf req-ab775dbe-12e1-4715-8646-fc31d75847cf ] Request (ServerActionsTestOtherB:setUpClass): 200 GET http://10.180.1.21/compute/v2.1/servers/9343301c-dfe9-41b0-b4a0-067af544d297 0.212s
2025-06-21 05:35:37.149 63095 INFO tempest.lib.common.rest_client [req-1ca1cf6a-09ee-4625-b71d-4ee6df2832a6 req-1ca1cf6a-09ee-4625-b71d-4ee6df2832a6 ] Request (ServerRescueNegativeTestJSON:test_rescued_vm_attach_volume): 200 POST http://10.180.1.21/compute/v2.1/servers/c7cef7f3-11db-44e1-a454-98830b465b52/action 0.302s
2025-06-21 05:35:37.206 63134 INFO tempest.lib.common.rest_client [req-4ee28ce7-5c89-4521-9d1b-32cb995d932b req-4ee28ce7-5c89-4521-9d1b-32cb995d932b ] Request (MultipleCreateTestJSON:test_multiple_create): 200 GET http://10.180.1.21/compute/v2.1/servers/a36ad785-2f33-4dbc-bc82-ab4a35020b0f 0.348s
2025-06-21 05:35:37.381 63141 INFO tempest.lib.common.rest_client [req-35f7e455-6335-4893-8975-fefe682b7c98 req-35f7e455-6335-4893-8975-fefe682b7c98 ] Request (ServersAdminNegativeTestJSON:test_resize_server_using_overlimit_ram): 200 GET http://10.180.1.21/compute/v2.1/os-quota-sets/1ee3569b9339497580f6479e5ed6f986 0.461s
2025-06-21 05:35:37.426 63107 INFO tempest.lib.common.rest_client [req-73400b7f-89fd-4f69-a1fe-a306821d9066 req-73400b7f-89fd-4f69-a1fe-a306821d9066 ] Request (FlavorsAccessNegativeTestJSON:test_flavor_access_list_with_public_flavor): 404 GET http://10.180.1.21/compute/v2.1/flavors/1645779848/os-flavor-access 0.475s
2025-06-21 05:35:37.488 63127 INFO tempest.lib.common.rest_client [req-ba653378-9229-4c0d-9fb8-7576307f8c20 req-ba653378-9229-4c0d-9fb8-7576307f8c20 ] Request (FlavorsV261TestJSON:test_crud_flavor): 200 POST http://10.180.1.21/compute/v2.1/flavors 0.486s
2025-06-21 05:35:37.563 63099 INFO tempest.lib.common.rest_client [req-c317d307-88d1-4993-a0d1-a30753cfed9e req-c317d307-88d1-4993-a0d1-a30753cfed9e ] Request (ServerDiagnosticsTest:tearDownClass): 200 GET http://10.180.1.21/compute/v2.1/servers/f5504590-823d-4c37-8226-26684f7957a6 0.457s
2025-06-21 05:35:37.630 63113 INFO tempest.lib.common.rest_client [req-fa4b659a-d7c4-4df1-9f33-b73b3935caec req-fa4b659a-d7c4-4df1-9f33-b73b3935caec ] Request (SecurityGroupRulesTestJSON:tearDownClass): 202 DELETE http://10.180.1.21/compute/v2.1/os-security-groups/ffbcb925-1c67-4701-9329-48d2cfa37a22 0.700s
2025-06-21 05:35:37.700 63095 INFO tempest.lib.common.rest_client [req-2d56f27d-3ca9-4c9b-8ef5-ecc3fdeb28ec req-2d56f27d-3ca9-4c9b-8ef5-ecc3fdeb28ec ] Request (ServerRescueNegativeTestJSON:test_rescued_vm_attach_volume): 200 GET http://10.180.1.21/compute/v2.1/servers/c7cef7f3-11db-44e1-a454-98830b465b52 0.551s
2025-06-21 05:35:37.713 63151 INFO tempest.lib.common.rest_client [req-fc44f48e-a66e-4ba2-8c80-8f581ef16383 req-fc44f48e-a66e-4ba2-8c80-8f581ef16383 ] Request (AttachInterfacesV270Test:tearDownClass): 200 GET http://10.180.1.21/compute/v2.1/servers/6976b964-a8d3-4886-8aac-8d513e721018 0.554s
2025-06-21 05:35:37.764 63089 INFO tempest.lib.common.rest_client [req-7d0a20c5-1350-45b7-a51b-6f10d3ce18ff req-7d0a20c5-1350-45b7-a51b-6f10d3ce18ff ] Request (ServerAddressesNegativeTestJSON:setUpClass): 200 GET http://10.180.1.21/compute/v2.1/servers/004fd137-4902-4313-a6f7-6c83cd76743d 0.556s
2025-06-21 05:35:37.819 63134 INFO tempest.lib.common.rest_client [req-65d48ee7-60fb-42c0-a46f-9e3dd3da6282 req-65d48ee7-60fb-42c0-a46f-9e3dd3da6282 ] Request (MultipleCreateTestJSON:_run_cleanups): 204 DELETE http://10.180.1.21/compute/v2.1/servers/a36ad785-2f33-4dbc-bc82-ab4a35020b0f 0.605s
2025-06-21 05:35:37.873 63101 INFO tempest.lib.common.rest_client [req-63983f1c-19fa-4e66-aae9-aff1f08b4708 req-63983f1c-19fa-4e66-aae9-aff1f08b4708 ] Request (ServersTestFqdnHostnames:test_create_server_with_fqdn_name): 200 GET http://10.180.1.21/compute/v2.1/servers/8213c50c-1d0c-4a4a-aae7-a5b1b0000fe4 0.604s
2025-06-21 05:35:37.937 63105 INFO tempest.lib.common.rest_client [req-22cdb344-c321-4510-a208-6ca9a3924d6a req-22cdb344-c321-4510-a208-6ca9a3924d6a ] Request (ListServersNegativeTestJSON:setUpClass): 200 GET http://10.180.1.21/compute/v2.1/servers/64a475e4-6713-408b-a63a-a43b5fed5ec8 0.605s
2025-06-21 05:35:37.957 63141 INFO tempest.lib.common.rest_client [req-e3184f2e-2abf-4a21-ad02-ef7f7b02eaa0 req-e3184f2e-2abf-4a21-ad02-ef7f7b02eaa0 ] Request (ServersAdminNegativeTestJSON:test_resize_server_using_overlimit_ram): 200 POST http://10.180.1.21/compute/v2.1/flavors 0.573s
2025-06-21 05:35:38.014 63119 INFO tempest.lib.common.rest_client [req-2007afa6-d3ca-43a9-8d3d-c30f5c85b630 req-2007afa6-d3ca-43a9-8d3d-c30f5c85b630 ] Request (DeleteServersAdminTestJSON:test_delete_server_while_in_error_state): 200 GET http://10.180.1.21/compute/v2.1/servers/56f9e03c-1157-442f-8add-156627a6ec1e 0.760s
2025-06-21 05:35:38.037 63107 INFO tempest.lib.common.rest_client [req-f9ebe9d0-3195-475d-895a-82f8eb2e3f0a req-f9ebe9d0-3195-475d-895a-82f8eb2e3f0a ] Request (FlavorsAccessNegativeTestJSON:_run_cleanups): 202 DELETE http://10.180.1.21/compute/v2.1/flavors/1645779848 0.610s
2025-06-21 05:35:38.152 63137 INFO tempest.lib.common.rest_client [req-ddf186e2-991f-4722-bfe0-d2ae8a0cd492 req-ddf186e2-991f-4722-bfe0-d2ae8a0cd492 ] Request (MigrationsAdminTest:test_list_migrations_in_flavor_resize_situation): 200 GET http://10.180.1.21/compute/v2.1/servers/6a592192-1b41-4be2-84a6-c3b76a4e5643 0.744s
2025-06-21 05:35:38.195 63091 INFO tempest.lib.common.rest_client [req-e1c9a44b-8bc6-4c38-b61d-8521e8125eb2 req-e1c9a44b-8bc6-4c38-b61d-8521e8125eb2 ] Request (ServerActionsTestJSON:setUpClass): 200 GET http://10.180.1.21/compute/v2.1/servers/59d21ef7-df97-49ac-9329-4c18df6dd087 0.732s
2025-06-21 05:35:38.208 63091 INFO tempest.common.waiters [-] State transition "BUILD/block_device_mapping" ==> "BUILD/spawning" after 36 second wait
2025-06-21 05:35:38.232 63145 INFO tempest.lib.common.rest_client [req-9d28f502-25d6-494e-900f-d8196ed298fb req-9d28f502-25d6-494e-900f-d8196ed298fb ] Request (ImagesTestJSON:test_create_image_from_suspended_server): 200 GET http://10.180.1.21/compute/v2.1/servers/217e5812-95cc-4104-8d7b-82dfca2c0fcc 0.767s
2025-06-21 05:35:38.288 63127 INFO tempest.lib.common.rest_client [req-1b087e21-7f97-4ed3-a92a-0983ae6f0fe5 req-1b087e21-7f97-4ed3-a92a-0983ae6f0fe5 ] Request (FlavorsV261TestJSON:test_crud_flavor): 200 GET http://10.180.1.21/compute/v2.1/flavors/12251395 0.797s
2025-06-21 05:35:38.291 63116 INFO tempest.lib.common.rest_client [req-b4fe9141-bef9-4de4-bf58-9ca749e24699 req-b4fe9141-bef9-4de4-bf58-9ca749e24699 ] Request (ServersTestBootFromVolume:setUpClass): 200 GET http://10.180.1.21/compute/v2.1/servers/bd0933ca-aab7-4dd4-a570-1a58a720f377 0.751s
2025-06-21 05:35:38.365 63117 INFO tempest.lib.common.rest_client [req-fd581d96-3340-40e7-9fd8-2c8758a01732 req-fd581d96-3340-40e7-9fd8-2c8758a01732 ] Request (InstanceActionsTestJSON:setUpClass): 200 GET http://10.180.1.21/compute/v2.1/servers/1a16bd56-0992-4bec-bd3f-2836dfe68579 0.763s
2025-06-21 05:35:38.368 63135 INFO tempest.lib.common.rest_client [req-5d213749-d696-4869-8560-0a580f0866b7 req-5d213749-d696-4869-8560-0a580f0866b7 ] Request (InstanceActionsV221TestJSON:test_get_list_deleted_instance_actions): 200 GET http://10.180.1.21/compute/v2.1/servers/c7829a8b-a9f7-40b1-958c-732e2eaa2b3c 0.827s
2025-06-21 05:35:38.381 63135 INFO tempest.common.waiters [-] State transition "BUILD/scheduling" ==> "BUILD/None" after 19 second wait
2025-06-21 05:35:38.389 63113 INFO tempest.lib.common.rest_client [req-3832da4e-f550-4328-8f2b-fbb8786f976d req-3832da4e-f550-4328-8f2b-fbb8786f976d ] Request (SecurityGroupRulesTestJSON:tearDownClass): 404 DELETE http://10.180.1.21/compute/v2.1/os-security-groups/5e4488b8-3f02-4bff-9a57-3b7d056fabf8 0.758s
2025-06-21 05:35:38.394 63097 INFO tempest.lib.common.rest_client [req-77b53d78-0fe3-454d-b457-a838c7e88b47 req-77b53d78-0fe3-454d-b457-a838c7e88b47 ] Request (ImagesOneServerTestJSON:setUpClass): 200 PUT http://10.180.1.21:9696/networking/v2.0/routers/27d4f598-63f0-4fe4-9c2d-cebea4f08e06/add_router_interface 1.434s
2025-06-21 05:35:38.394 63097 INFO tempest.lib.common.dynamic_creds [-] Created isolated network resources for: credentials: Credentials: {'domain_id': 'default', 'domain_name': 'Default', 'username': 'tempest-ImagesOneServerTestJSON-1365087924-project-member', 'project_domain_id': 'default', 'project_domain_name': 'Default', 'project_id': 'fccf636945024a0aa2c12c048e2e6a67', 'project_name': 'tempest-ImagesOneServerTestJSON-1365087924', 'tenant_id': 'fccf636945024a0aa2c12c048e2e6a67', 'tenant_name': 'tempest-ImagesOneServerTestJSON-1365087924', 'user_domain_id': 'default', 'user_domain_name': 'Default', 'user_id': 'f3918eee433b4e48be96e92428ae500f', 'system': None}, Network: {'id': 'e3298aaa-0875-4267-8cb7-8656c9d2d087', 'name': 'tempest-ImagesOneServerTestJSON-260246757-network', 'tenant_id': 'fccf636945024a0aa2c12c048e2e6a67', 'admin_state_up': True, 'mtu': 8950, 'status': 'ACTIVE', 'subnets': [], 'shared': False, 'project_id': 'fccf636945024a0aa2c12c048e2e6a67', 'port_security_enabled': True, 'router:external': False, 'provider:network_type': 'vlan', 'provider:physical_network': 'default', 'provider:segmentation_id': 844, 'availability_zone_hints': [], 'availability_zones': [], 'ipv4_address_scope': None, 'ipv6_address_scope': None, 'description': '', 'tags': [], 'created_at': '2025-06-21T05:35:35Z', 'updated_at': '2025-06-21T05:35:35Z', 'revision_number': 1}, Subnet: {'id': '22c756a7-8722-47a6-a051-9330c55a27bc', 'name': 'tempest-ImagesOneServerTestJSON-260246757-subnet', 'tenant_id': 'fccf636945024a0aa2c12c048e2e6a67', 'network_id': 'e3298aaa-0875-4267-8cb7-8656c9d2d087', 'ip_version': 4, 'subnetpool_id': None, 'enable_dhcp': True, 'ipv6_ra_mode': None, 'ipv6_address_mode': None, 'gateway_ip': '192.168.128.1', 'cidr': '192.168.128.0/28', 'allocation_pools': [{'start': '192.168.128.2', 'end': '192.168.128.14'}], 'host_routes': [], 'dns_nameservers': [], 'description': '', 'router:external': False, 'service_types': [], 'tags': [], 'created_at': '2025-06-21T05:35:35Z', 'updated_at': '2025-06-21T05:35:35Z', 'revision_number': 0, 'project_id': 'fccf636945024a0aa2c12c048e2e6a67'}, Router: {'id': '27d4f598-63f0-4fe4-9c2d-cebea4f08e06', 'name': 'tempest-ImagesOneServerTestJSON-260246757-router', 'tenant_id': 'fccf636945024a0aa2c12c048e2e6a67', 'admin_state_up': True, 'status': 'ACTIVE', 'external_gateway_info': {'network_id': '1650b2b1-0a9c-4d76-ab3a-ec7bcc48b22f', 'external_fixed_ips': [{'subnet_id': '4b4e2858-8704-4c86-9c3d-42d02dee2f4b', 'ip_address': '10.180.180.131'}], 'enable_snat': True}, 'description': '', 'availability_zones': [], 'distributed': False, 'ha': False, 'availability_zone_hints': [], 'routes': [], 'flavor_id': None, 'tags': [], 'created_at': '2025-06-21T05:35:36Z', 'updated_at': '2025-06-21T05:35:36Z', 'revision_number': 2, 'project_id': 'fccf636945024a0aa2c12c048e2e6a67'}
2025-06-21 05:35:38.426 63130 INFO tempest.lib.common.rest_client [req-3b459165-465d-4352-a44a-34aa209b0770 req-3b459165-465d-4352-a44a-34aa209b0770 ] Request (ServerMetadataTestJSON:setUpClass): 200 GET http://10.180.1.21/compute/v2.1/servers/a589a3d8-20dc-4ff5-a192-c540e29f39d6 0.786s
2025-06-21 05:35:38.452 63149 INFO tempest.lib.common.rest_client [req-7d6d8e33-5885-4488-8c8a-869596a9e7f3 req-7d6d8e33-5885-4488-8c8a-869596a9e7f3 ] Request (ImagesOneServerNegativeTestJSON:setUpClass): 200 GET http://10.180.1.21/compute/v2.1/servers/29e69c7c-08f7-4da4-9509-02a94bf971bc 0.797s
2025-06-21 05:35:38.480 63125 INFO tempest.lib.common.rest_client [req-9721b7f2-9589-4630-bd50-f2ca74066c87 req-9721b7f2-9589-4630-bd50-f2ca74066c87 ] Request (FloatingIPsAssociationNegativeTestJSON:setUpClass): 200 GET http://10.180.1.21/compute/v2.1/servers/369cd937-4c18-4068-ae59-70a1d585094b 0.775s
2025-06-21 05:35:38.491 63097 INFO tempest.lib.common.rest_client [req-aad0fad8-e122-4790-8d74-d49a4e09dc62 req-aad0fad8-e122-4790-8d74-d49a4e09dc62 ] Request (ImagesOneServerTestJSON:setUpClass): 201 POST http://10.180.1.21/identity/v3/auth/tokens 0.093s
2025-06-21 05:35:38.505 63103 INFO tempest.lib.common.rest_client [req-df401b1b-0f43-47b7-8677-d4dd34e75dc4 req-df401b1b-0f43-47b7-8677-d4dd34e75dc4 ] Request (ServerDiagnosticsV248Test:tearDownClass): 404 GET http://10.180.1.21/compute/v2.1/servers/591e4a92-7c03-4d70-885f-49a66032c97e 0.735s
2025-06-21 05:35:38.528 63131 INFO tempest.lib.common.rest_client [req-8432f5ad-6f2d-47dc-b6b2-df80a2417a27 req-8432f5ad-6f2d-47dc-b6b2-df80a2417a27 ] Request (ServersAaction247Test:tearDownClass): 200 GET http://10.180.1.21/compute/v2.1/servers/296f6c11-7108-42e6-8ada-5d8c08b00da6 0.783s
2025-06-21 05:35:38.529 63097 INFO tempest.lib.common.rest_client [req-d339660a-7292-4ab9-8307-369a3db63f03 req-d339660a-7292-4ab9-8307-369a3db63f03 ] Request (ImagesOneServerTestJSON:setUpClass): 201 POST http://10.180.1.21/identity/v3/auth/tokens 0.034s
2025-06-21 05:35:38.530 63097 INFO tempest.lib.common.fixed_network [-] (ImagesOneServerTestJSON:setUpClass) Found network {'id': 'e3298aaa-0875-4267-8cb7-8656c9d2d087', 'name': 'tempest-ImagesOneServerTestJSON-260246757-network', 'tenant_id': 'fccf636945024a0aa2c12c048e2e6a67', 'admin_state_up': True, 'mtu': 8950, 'status': 'ACTIVE', 'subnets': [], 'shared': False, 'project_id': 'fccf636945024a0aa2c12c048e2e6a67', 'port_security_enabled': True, 'router:external': False, 'provider:network_type': 'vlan', 'provider:physical_network': 'default', 'provider:segmentation_id': 844, 'availability_zone_hints': [], 'availability_zones': [], 'ipv4_address_scope': None, 'ipv6_address_scope': None, 'description': '', 'tags': [], 'created_at': '2025-06-21T05:35:35Z', 'updated_at': '2025-06-21T05:35:35Z', 'revision_number': 1} available for tenant
