2025-06-20 08:50:10.878 62578 INFO tempest.lib.common.dynamic_creds [-] Created isolated network resources for: credentials: Credentials: {'domain_id': 'default', 'domain_name': 'Default', 'username': 'tempest-ServersAdminTestJSON-792054294-project-member', 'project_domain_id': 'default', 'project_domain_name': 'Default', 'project_id': '853a0f7361384dd691784c7bc114c6cb', 'project_name': 'tempest-ServersAdminTestJSON-792054294', 'tenant_id': '853a0f7361384dd691784c7bc114c6cb', 'tenant_name': 'tempest-ServersAdminTestJSON-792054294', 'user_domain_id': 'default', 'user_domain_name': 'Default', 'user_id': '2d6b75b26bae44ed9b1bd1576f6b89e6', 'system': None}, Network: {'id': '5c076d5d-e57b-4547-9c82-ffc67bcd4a22', 'name': 'tempest-ServersAdminTestJSON-113249041-network', 'tenant_id': '853a0f7361384dd691784c7bc114c6cb', 'admin_state_up': True, 'mtu': 8950, 'status': 'ACTIVE', 'subnets': [], 'shared': False, 'project_id': '853a0f7361384dd691784c7bc114c6cb', 'port_security_enabled': True, 'router:external': False, 'provider:network_type': 'vlan', 'provider:physical_network': 'default', 'provider:segmentation_id': 528, 'is_default': False, 'availability_zone_hints': [], 'availability_zones': [], 'ipv4_address_scope': None, 'ipv6_address_scope': None, 'description': '', 'tags': [], 'created_at': '2025-06-20T08:50:03Z', 'updated_at': '2025-06-20T08:50:03Z', 'revision_number': 1}, Subnet: {'id': '99786ca8-3850-4be4-b06a-72408921f703', 'name': 'tempest-ServersAdminTestJSON-113249041-subnet', 'tenant_id': '853a0f7361384dd691784c7bc114c6cb', 'network_id': '5c076d5d-e57b-4547-9c82-ffc67bcd4a22', 'ip_version': 4, 'subnetpool_id': None, 'enable_dhcp': True, 'ipv6_ra_mode': None, 'ipv6_address_mode': None, 'gateway_ip': '192.168.128.1', 'cidr': '192.168.128.0/28', 'allocation_pools': [{'start': '192.168.128.2', 'end': '192.168.128.14'}], 'host_routes': [], 'dns_nameservers': [], 'description': '', 'router:external': False, 'service_types': [], 'tags': [], 'created_at': '2025-06-20T08:50:04Z', 'updated_at': '2025-06-20T08:50:04Z', 'revision_number': 0, 'project_id': '853a0f7361384dd691784c7bc114c6cb'}, Router: {'id': '74b9bcb1-f516-4409-980a-7bcb5e6e20df', 'name': 'tempest-ServersAdminTestJSON-113249041-router', 'tenant_id': '853a0f7361384dd691784c7bc114c6cb', 'admin_state_up': True, 'status': 'ACTIVE', 'external_gateway_info': {'network_id': '5c40dcb3-13bc-47c5-be43-d46bc1379be3', 'external_fixed_ips': [{'subnet_id': '539682a1-349f-439e-9d56-660d04ffd59d', 'ip_address': '10.180.180.197'}], 'enable_snat': True}, 'description': '', 'availability_zones': [], 'distributed': False, 'ha': False, 'availability_zone_hints': [], 'routes': [], 'flavor_id': None, 'tags': [], 'created_at': '2025-06-20T08:50:04Z', 'updated_at': '2025-06-20T08:50:06Z', 'revision_number': 2, 'project_id': '853a0f7361384dd691784c7bc114c6cb'}
2025-06-20 08:50:10.931 62584 INFO tempest.lib.common.rest_client [req-7b222387-926e-4e83-a2a0-9ed15257d90e req-7b222387-926e-4e83-a2a0-9ed15257d90e ] Request (ServersTestBootFromVolume:setUpClass): 200 GET http://10.180.1.21/volume/v3/0f8692f0ffa24ab9a624e7796e46cba5/volumes/c75a78d6-d24d-4b93-8d2e-c1b9f001e362 0.039s
2025-06-20 08:50:11.049 62578 INFO tempest.lib.common.rest_client [req-a7db3116-4e98-463a-b07c-7be8763330fe req-a7db3116-4e98-463a-b07c-7be8763330fe ] Request (ServersAdminTestJSON:setUpClass): 201 POST http://10.180.1.21/identity/v3/auth/tokens 0.165s
2025-06-20 08:50:11.073 62576 INFO tempest.lib.common.rest_client [req-71efacde-be2c-448b-b1a5-ff524125a5c2 req-71efacde-be2c-448b-b1a5-ff524125a5c2 ] Request (ServerExternalEventsTest:tearDownClass): 201 POST http://10.180.1.21/identity/v3/auth/tokens 0.252s
2025-06-20 08:50:11.127 62604 INFO tempest.lib.common.rest_client [req-05a9e066-d3dc-43d1-9b21-9478e8890fe8 req-05a9e066-d3dc-43d1-9b21-9478e8890fe8 ] Request (SecurityGroupsTestJSON:test_list_security_groups_by_server): 200 POST http://10.180.1.21/compute/v2.1/os-security-groups 2.863s
2025-06-20 08:50:11.177 62578 INFO tempest.lib.common.rest_client [req-2fb13277-5c1a-4d7f-94cf-a7c5dee2e0cb req-2fb13277-5c1a-4d7f-94cf-a7c5dee2e0cb ] Request (ServersAdminTestJSON:setUpClass): 201 POST http://10.180.1.21/identity/v3/projects 0.128s
2025-06-20 08:50:11.208 62595 INFO tempest.lib.common.rest_client [req-0f3f2a07-a520-4d5c-9a65-f93bd70cb0b5 req-0f3f2a07-a520-4d5c-9a65-f93bd70cb0b5 ] Request (QuotasAdminNegativeTest:test_create_server_when_memory_quota_is_full): 403 POST http://10.180.1.21/compute/v2.1/servers 2.849s
2025-06-20 08:50:11.245 62604 INFO tempest.lib.common.rest_client [req-7fd271e8-6d32-43a4-8e59-fff7d48fcc9b req-7fd271e8-6d32-43a4-8e59-fff7d48fcc9b ] Request (SecurityGroupsTestJSON:test_list_security_groups_by_server): 201 POST http://10.180.1.21/identity/v3/auth/tokens 0.106s
2025-06-20 08:50:11.245 62604 INFO tempest.lib.common.fixed_network [-] (SecurityGroupsTestJSON:test_list_security_groups_by_server) Found network {'id': 'a1d0f182-cfd5-4d77-854c-c9800acb19f5', 'name': 'tempest-SecurityGroupsTestJSON-2125222451-network', 'tenant_id': '95c9e5b3f7db4635a31c93132e678e77', 'admin_state_up': True, 'mtu': 8950, 'status': 'ACTIVE', 'subnets': [], 'shared': False, 'project_id': '95c9e5b3f7db4635a31c93132e678e77', 'port_security_enabled': True, 'router:external': False, 'provider:network_type': 'vlan', 'provider:physical_network': 'default', 'provider:segmentation_id': 444, 'is_default': False, 'availability_zone_hints': [], 'availability_zones': [], 'ipv4_address_scope': None, 'ipv6_address_scope': None, 'description': '', 'tags': [], 'created_at': '2025-06-20T08:49:58Z', 'updated_at': '2025-06-20T08:49:59Z', 'revision_number': 1} available for tenant
2025-06-20 08:50:11.268 62564 INFO tempest.lib.common.rest_client [req-22f7a4df-c97a-412b-a40f-b2204118b35d req-22f7a4df-c97a-412b-a40f-b2204118b35d ] Request (ServersAdmin275Test:tearDownClass): 200 GET http://10.180.1.21/compute/v2.1/servers/0a5b0116-aeed-45f7-bf6a-9322cd5e5257 2.687s
2025-06-20 08:50:11.335 62578 INFO tempest.lib.common.rest_client [req-a532948f-0080-41ed-922d-9d0d9c0462cf req-a532948f-0080-41ed-922d-9d0d9c0462cf ] Request (ServersAdminTestJSON:setUpClass): 201 POST http://10.180.1.21/identity/v3/users 0.157s
2025-06-20 08:50:11.358 62578 INFO tempest.lib.common.rest_client [req-401f499e-7a55-46e9-b7f9-f13d9372cbe4 req-401f499e-7a55-46e9-b7f9-f13d9372cbe4 ] Request (ServersAdminTestJSON:setUpClass): 200 GET http://10.180.1.21/identity/v3/roles 0.022s
2025-06-20 08:50:11.388 62578 INFO tempest.lib.common.rest_client [req-c16deb52-f89c-4876-9a47-2119e2e69bd4 req-c16deb52-f89c-4876-9a47-2119e2e69bd4 ] Request (ServersAdminTestJSON:setUpClass): 204 PUT http://10.180.1.21/identity/v3/projects/b9b2e6dc83b3468aa958f59935a9d336/users/0f548e3b82f34618bc276c747848cb12/roles/d6c15935dc734358b6330dd79ccba6b0 0.029s
2025-06-20 08:50:11.405 62618 INFO tempest.lib.common.rest_client [req-190ffc31-1f65-45db-a182-0fea3dadf41b req-190ffc31-1f65-45db-a182-0fea3dadf41b ] Request (ServerActionsTestOtherA:setUpClass): 200 PUT http://10.180.1.21:9696/networking/v2.0/routers/ea5ac453-bd93-47d2-86b1-460eba4a512a/add_router_interface 2.038s
2025-06-20 08:50:11.405 62618 INFO tempest.lib.common.dynamic_creds [-] Created isolated network resources for: credentials: Credentials: {'domain_id': 'default', 'domain_name': 'Default', 'username': 'tempest-ServerActionsTestOtherA-1158692047-project-member', 'project_domain_id': 'default', 'project_domain_name': 'Default', 'project_id': 'b70c8bf7b73a403a890b9efbfb963c35', 'project_name': 'tempest-ServerActionsTestOtherA-1158692047', 'tenant_id': 'b70c8bf7b73a403a890b9efbfb963c35', 'tenant_name': 'tempest-ServerActionsTestOtherA-1158692047', 'user_domain_id': 'default', 'user_domain_name': 'Default', 'user_id': '87cf796bddfc4c22a2fa1d9a5acc30fa', 'system': None}, Network: {'id': '61105203-891b-41de-8d53-7809580a20a4', 'name': 'tempest-ServerActionsTestOtherA-523342618-network', 'tenant_id': 'b70c8bf7b73a403a890b9efbfb963c35', 'admin_state_up': True, 'mtu': 8950, 'status': 'ACTIVE', 'subnets': [], 'shared': False, 'project_id': 'b70c8bf7b73a403a890b9efbfb963c35', 'port_security_enabled': True, 'router:external': False, 'provider:network_type': 'vlan', 'provider:physical_network': 'default', 'provider:segmentation_id': 553, 'is_default': False, 'availability_zone_hints': [], 'availability_zones': [], 'ipv4_address_scope': None, 'ipv6_address_scope': None, 'description': '', 'tags': [], 'created_at': '2025-06-20T08:50:06Z', 'updated_at': '2025-06-20T08:50:07Z', 'revision_number': 1}, Subnet: {'id': 'afff7ccb-1bbe-4de3-9843-93b50c435bcc', 'name': 'tempest-ServerActionsTestOtherA-523342618-subnet', 'tenant_id': 'b70c8bf7b73a403a890b9efbfb963c35', 'network_id': '61105203-891b-41de-8d53-7809580a20a4', 'ip_version': 4, 'subnetpool_id': None, 'enable_dhcp': True, 'ipv6_ra_mode': None, 'ipv6_address_mode': None, 'gateway_ip': '192.168.128.1', 'cidr': '192.168.128.0/28', 'allocation_pools': [{'start': '192.168.128.2', 'end': '192.168.128.14'}], 'host_routes': [], 'dns_nameservers': [], 'description': '', 'router:external': False, 'service_types': [], 'tags': [], 'created_at': '2025-06-20T08:50:07Z', 'updated_at': '2025-06-20T08:50:07Z', 'revision_number': 0, 'project_id': 'b70c8bf7b73a403a890b9efbfb963c35'}, Router: {'id': 'ea5ac453-bd93-47d2-86b1-460eba4a512a', 'name': 'tempest-ServerActionsTestOtherA-523342618-router', 'tenant_id': 'b70c8bf7b73a403a890b9efbfb963c35', 'admin_state_up': True, 'status': 'ACTIVE', 'external_gateway_info': {'network_id': '5c40dcb3-13bc-47c5-be43-d46bc1379be3', 'external_fixed_ips': [{'subnet_id': '539682a1-349f-439e-9d56-660d04ffd59d', 'ip_address': '10.180.180.191'}], 'enable_snat': True}, 'description': '', 'availability_zones': [], 'distributed': False, 'ha': False, 'availability_zone_hints': [], 'routes': [], 'flavor_id': None, 'tags': [], 'created_at': '2025-06-20T08:50:07Z', 'updated_at': '2025-06-20T08:50:08Z', 'revision_number': 2, 'project_id': 'b70c8bf7b73a403a890b9efbfb963c35'}
2025-06-20 08:50:11.444 62572 INFO tempest.lib.common.rest_client [req-122db044-564c-48ad-9f31-7da3296ebea6 req-122db044-564c-48ad-9f31-7da3296ebea6 ] Request (MigrationsAdminTest:test_list_migrations_in_flavor_resize_situation): 200 GET http://10.180.1.21/compute/v2.1/servers/f2bb4caa-a46e-4b99-9505-bd69fbcd42d0 2.751s
2025-06-20 08:50:11.461 62578 INFO tempest.lib.common.rest_client [req-33eb0b9e-3bcb-476c-87b0-50e35d6b64ed req-33eb0b9e-3bcb-476c-87b0-50e35d6b64ed ] Request (ServersAdminTestJSON:setUpClass): 200 GET http://10.180.1.21/identity/v3/roles 0.072s
2025-06-20 08:50:11.489 62618 INFO tempest.lib.common.rest_client [req-a9a04228-8bc7-45ba-ac30-44a602087a99 req-a9a04228-8bc7-45ba-ac30-44a602087a99 ] Request (ServerActionsTestOtherA:setUpClass): 201 POST http://10.180.1.21/identity/v3/auth/tokens 0.080s
2025-06-20 08:50:11.511 62578 INFO tempest.lib.common.rest_client [req-571f5844-989a-4529-afe1-2d0a7c38fe14 req-571f5844-989a-4529-afe1-2d0a7c38fe14 ] Request (ServersAdminTestJSON:setUpClass): 204 PUT http://10.180.1.21/identity/v3/projects/b9b2e6dc83b3468aa958f59935a9d336/users/0f548e3b82f34618bc276c747848cb12/roles/d6c15935dc734358b6330dd79ccba6b0 0.049s
2025-06-20 08:50:11.512 62578 INFO tempest.lib.common.dynamic_creds [-] Dynamic test user 0f548e3b82f34618bc276c747848cb12 is created with scope project and roles: ['admin']
2025-06-20 08:50:11.512 62578 INFO tempest.lib.common.dynamic_creds [-] Acquired dynamic creds: credentials: Credentials: {'domain_id': 'default', 'domain_name': 'Default', 'username': 'tempest-ServersAdminTestJSON-1141586282-project-admin', 'project_domain_id': 'default', 'project_domain_name': 'Default', 'project_id': 'b9b2e6dc83b3468aa958f59935a9d336', 'project_name': 'tempest-ServersAdminTestJSON-1141586282', 'tenant_id': 'b9b2e6dc83b3468aa958f59935a9d336', 'tenant_name': 'tempest-ServersAdminTestJSON-1141586282', 'user_domain_id': 'default', 'user_domain_name': 'Default', 'user_id': '0f548e3b82f34618bc276c747848cb12', 'system': None}, Network: None, Subnet: None, Router: None
2025-06-20 08:50:11.669 62576 INFO tempest.lib.common.rest_client [req-59e37175-e026-46f3-9e09-0f3cdeaa580f req-59e37175-e026-46f3-9e09-0f3cdeaa580f ] Request (ServerExternalEventsTest:tearDownClass): 200 GET http://10.180.1.21:9696/networking/v2.0/security-groups?tenant_id=bd571fda6bc34f5cb255ef8294b4df11&name=default 0.595s
2025-06-20 08:50:11.842 62576 INFO tempest.lib.common.rest_client [req-7b09647e-3cf4-4ac7-a5e8-c9b57cd1d0e5 req-7b09647e-3cf4-4ac7-a5e8-c9b57cd1d0e5 ] Request (ServerExternalEventsTest:tearDownClass): 204 DELETE http://10.180.1.21:9696/networking/v2.0/security-groups/2033e5f5-52f9-4d4a-b85b-dde29ceaeb1a 0.173s
2025-06-20 08:50:11.893 62610 INFO tempest.lib.common.rest_client [req-c0f458d4-a8ab-4751-9aef-d8c32b616cc2 req-c0f458d4-a8ab-4751-9aef-d8c32b616cc2 ] Request (AttachInterfacesUnderV243Test:test_add_remove_fixed_ip): 202 POST http://10.180.1.21/compute/v2.1/servers 3.125s
2025-06-20 08:50:11.897 62574 INFO tempest.lib.common.rest_client [req-3b1622eb-47f1-495d-b92f-0ab7fdd233b4 req-3b1622eb-47f1-495d-b92f-0ab7fdd233b4 ] Request (ServerDiagnosticsNegativeTest:test_get_server_diagnostics_by_non_admin): 202 POST http://10.180.1.21/compute/v2.1/servers 2.730s
2025-06-20 08:50:11.983 62584 INFO tempest.lib.common.rest_client [req-6aef63a8-d9e6-4213-a5d6-f025d6ea3908 req-6aef63a8-d9e6-4213-a5d6-f025d6ea3908 ] Request (ServersTestBootFromVolume:setUpClass): 200 GET http://10.180.1.21/volume/v3/0f8692f0ffa24ab9a624e7796e46cba5/volumes/c75a78d6-d24d-4b93-8d2e-c1b9f001e362 0.040s
2025-06-20 08:50:12.003 62600 INFO tempest.lib.common.rest_client [req-c17b22d1-97bc-4718-a31b-65086a042244 req-c17b22d1-97bc-4718-a31b-65086a042244 ] Request (ListServersNegativeTestJSON:setUpClass): 200 GET http://10.180.1.21/compute/v2.1/servers/9fb6b4ec-edb3-478a-865d-47d0d863f244 2.267s
2025-06-20 08:50:12.016 62622 INFO tempest.lib.common.rest_client [req-82cd24f1-7966-49fa-bba0-d17d957563ae req-82cd24f1-7966-49fa-bba0-d17d957563ae ] Request (InstanceActionsNegativeTestJSON:tearDownClass): 200 GET http://10.180.1.21/compute/v2.1/servers/fad876e7-a64e-43ab-a51d-482b544a710a 2.614s
2025-06-20 08:50:12.040 62578 INFO tempest.lib.common.rest_client [req-bea41d2f-6e1d-4adc-8954-ce9281eeb865 req-bea41d2f-6e1d-4adc-8954-ce9281eeb865 ] Request (ServersAdminTestJSON:setUpClass): 201 POST http://10.180.1.21:9696/networking/v2.0/networks 0.528s
2025-06-20 08:50:12.045 62576 INFO tempest.lib.common.rest_client [req-17d37f27-075b-4ce0-b98f-9dd0770d030f req-17d37f27-075b-4ce0-b98f-9dd0770d030f ] Request (ServerExternalEventsTest:tearDownClass): 204 DELETE http://10.180.1.21/identity/v3/projects/bd571fda6bc34f5cb255ef8294b4df11 0.202s
2025-06-20 08:50:12.045 62576 INFO tempest.lib.common.dynamic_creds [-] Deleting project and security group for project: dee00ec9c745430db7af210f534648ec
2025-06-20 08:50:12.116 62576 INFO tempest.lib.common.rest_client [req-d9067d02-fb59-4812-b792-4d65cbfc6abc req-d9067d02-fb59-4812-b792-4d65cbfc6abc ] Request (ServerExternalEventsTest:tearDownClass): 200 GET http://10.180.1.21:9696/networking/v2.0/security-groups?tenant_id=dee00ec9c745430db7af210f534648ec&name=default 0.070s
2025-06-20 08:50:12.119 62566 INFO tempest.lib.common.rest_client [req-32dd1cd1-ce7e-4a1d-b41e-346a007a3105 req-32dd1cd1-ce7e-4a1d-b41e-346a007a3105 ] Request (VolumesAdminNegativeTest:test_update_attached_volume_with_nonexistent_volume_in_body): 200 GET http://10.180.1.21/compute/v2.1/servers/fe564bfb-7cd2-4168-a41a-77fc4747426b 2.296s
2025-06-20 08:50:12.173 62614 INFO tempest.lib.common.rest_client [req-d6aa3490-af95-4300-a519-cb0ea99c19f7 req-d6aa3490-af95-4300-a519-cb0ea99c19f7 ] Request (ImagesTestJSON:test_create_image_from_stopped_server): 200 GET http://10.180.1.21/compute/v2.1/images/bae75200-bb72-4a65-a8c3-14233aabf98f 2.114s
2025-06-20 08:50:12.216 62614 INFO tempest.lib.common.rest_client [req-30c5889d-61dd-4ffd-adae-629ae5922920 req-30c5889d-61dd-4ffd-adae-629ae5922920 ] Request (ImagesTestJSON:test_create_image_from_stopped_server): 200 GET http://10.180.1.21/image/v2/images/bae75200-bb72-4a65-a8c3-14233aabf98f/tasks 0.038s
2025-06-20 08:50:12.232 62592 INFO tempest.lib.common.rest_client [req-0db7edc9-9110-4c5c-ad4f-77b354c74173 req-0db7edc9-9110-4c5c-ad4f-77b354c74173 ] Request (ServerPasswordTestJSON:test_get_server_password): 200 GET http://10.180.1.21/compute/v2.1/servers/81bfa2ee-3017-4165-96d7-d6f21634f129/os-server-password 2.065s
2025-06-20 08:50:12.264 62576 INFO tempest.lib.common.rest_client [req-9b8bfa2f-9a11-434e-befc-260003f1edf0 req-9b8bfa2f-9a11-434e-befc-260003f1edf0 ] Request (ServerExternalEventsTest:tearDownClass): 204 DELETE http://10.180.1.21:9696/networking/v2.0/security-groups/79d33d01-a887-4510-935b-77eadb6bd76a 0.148s
2025-06-20 08:50:12.267 62612 INFO tempest.lib.common.rest_client [req-0ecf3716-ecef-45d6-ac5a-737ceeff94d7 req-0ecf3716-ecef-45d6-ac5a-737ceeff94d7 ] Request (SecurityGroupRulesNegativeTestJSON:tearDownClass): 202 DELETE http://10.180.1.21/compute/v2.1/os-security-groups/2504b10e-f0b3-4597-b810-51c474d197ba 2.428s
2025-06-20 08:50:12.329 62602 INFO tempest.lib.common.rest_client [req-24435e8c-a0ba-4a92-8d96-4c9b4f1deb76 req-24435e8c-a0ba-4a92-8d96-4c9b4f1deb76 ] Request (AttachInterfacesTestJSON:setUpClass): 201 POST http://10.180.1.21:9696/networking/v2.0/routers 1.683s
2025-06-20 08:50:12.404 62576 INFO tempest.lib.common.rest_client [req-d2eda7b5-be88-4c8c-9eb2-ea919f3f9935 req-d2eda7b5-be88-4c8c-9eb2-ea919f3f9935 ] Request (ServerExternalEventsTest:tearDownClass): 204 DELETE http://10.180.1.21/identity/v3/projects/dee00ec9c745430db7af210f534648ec 0.139s
2025-06-20 08:50:12.404 62576 INFO tempest.lib.common.dynamic_creds [-] Deleting project and security group for project: cf82bcc2d8c04729921d8961545ee7ea
2025-06-20 08:50:12.412 62588 INFO tempest.lib.common.rest_client [req-5a217779-685c-41f2-b7bb-3ff9108231bc req-5a217779-685c-41f2-b7bb-3ff9108231bc ] Request (ServersAdminNegativeTestJSON:setUpClass): 200 GET http://10.180.1.21/compute/v2.1/servers/5660f1e3-a664-40aa-8bd8-b0585a419d1a 2.146s
2025-06-20 08:50:12.426 62616 INFO tempest.lib.common.rest_client [req-aedbf738-1b9f-47ab-b9fe-53b61a907fa7 req-aedbf738-1b9f-47ab-b9fe-53b61a907fa7 ] Request (ServersWithSpecificFlavorTestJSON:test_verify_created_server_ephemeral_disk): 200 GET http://10.180.1.21/compute/v2.1/servers/abed8c28-e155-4775-a90b-45942d5b75ff/os-interface 2.110s
2025-06-20 08:50:12.469 62590 INFO tempest.lib.common.rest_client [req-70f79806-5dd1-473b-89dd-ce0d4bfe0a46 req-70f79806-5dd1-473b-89dd-ce0d4bfe0a46 ] Request (FlavorsAdminTestJSON:_run_cleanups): 202 DELETE http://10.180.1.21/compute/v2.1/flavors/944575205 1.875s
2025-06-20 08:50:12.478 62578 INFO tempest.lib.common.rest_client [req-bcd2ed6f-8317-424f-abab-fce019aa8320 req-bcd2ed6f-8317-424f-abab-fce019aa8320 ] Request (ServersAdminTestJSON:setUpClass): 201 POST http://10.180.1.21:9696/networking/v2.0/subnets 0.436s
2025-06-20 08:50:12.489 62568 INFO tempest.lib.common.rest_client [req-f0ed5a35-e31c-47ae-87fd-fe6d1ad7390a req-f0ed5a35-e31c-47ae-87fd-fe6d1ad7390a ] Request (AggregatesAdminNegativeTestJSON:test_aggregate_delete_with_invalid_id): 404 DELETE http://10.180.1.21/compute/v2.1/os-aggregates/-1 1.866s
2025-06-20 08:50:12.527 62580 INFO tempest.lib.common.rest_client [req-1dcb44e2-5113-402b-b4e3-cf8481d86f34 req-1dcb44e2-5113-402b-b4e3-cf8481d86f34 ] Request (QuotaClassesAdminTestJSON:test_update_default_quotas): 200 GET http://10.180.1.21/compute/v2.1/os-quota-class-sets/default 1.742s
2025-06-20 08:50:12.552 62620 INFO tempest.lib.common.rest_client [req-e76feb78-75f0-4064-a326-39041bd9ed10 req-e76feb78-75f0-4064-a326-39041bd9ed10 ] Request (FlavorsAccessNegativeTestJSON:_run_cleanups): 202 DELETE http://10.180.1.21/compute/v2.1/flavors/1401971102 1.700s
2025-06-20 08:50:12.624 62560 INFO tempest.lib.common.rest_client [req-59d5fee0-d43a-456a-927a-62a00ed3cf19 req-59d5fee0-d43a-456a-927a-62a00ed3cf19 ] Request (ServersTestMultiNic:test_verify_duplicate_network_nics): 200 GET http://10.180.1.21/compute/v2.1/servers/049a3522-25cb-42b7-ad12-abb18658a7cb 1.682s
2025-06-20 08:50:12.668 62596 INFO tempest.lib.common.rest_client [req-739202a0-d94e-4469-98ef-feb8abf31b9e req-739202a0-d94e-4469-98ef-feb8abf31b9e ] Request (ServerDiagnosticsTest:test_get_server_diagnostics): 200 GET http://10.180.1.21/compute/v2.1/servers/da1f49c7-1922-4690-aefe-fc6b71de727a 2.115s
2025-06-20 08:50:12.678 62596 INFO tempest.common.waiters [-] State transition "BUILD/spawning" ==> "ACTIVE/None" after 21 second wait
2025-06-20 08:50:12.703 62598 INFO tempest.lib.common.rest_client [req-35374667-0851-4e77-b90b-a0bb00b2f9dc req-35374667-0851-4e77-b90b-a0bb00b2f9dc ] Request (ServerShowV254Test:test_rebuild_server): 200 GET http://10.180.1.21/compute/v2.1/servers/62b3f344-bff0-47a3-a761-ec5517c6a24c 1.724s
2025-06-20 08:50:12.713 62598 INFO tempest.common.waiters [-] State transition "BUILD/None" ==> "BUILD/spawning" after 7 second wait
2025-06-20 08:50:12.881 62595 INFO tempest.lib.common.rest_client [req-e963ddac-bd17-40de-9628-a7d8b6125d6e req-e963ddac-bd17-40de-9628-a7d8b6125d6e ] Request (QuotasAdminNegativeTest:_run_cleanups): 200 PUT http://10.180.1.21/compute/v2.1/os-quota-sets/e7b20b92e1644389b7e7571270732a13 1.672s
2025-06-20 08:50:12.970 62562 INFO tempest.lib.common.rest_client [req-8e553c4f-84a2-43c2-9259-d5dcc6a4384f req-8e553c4f-84a2-43c2-9259-d5dcc6a4384f ] Request (FloatingIPsAssociationTestJSON:test_associate_already_associated_floating_ip): 200 GET http://10.180.1.21/compute/v2.1/servers/c9510d18-0fb7-42c9-986b-865cfbea8868 1.645s
2025-06-20 08:50:13.051 62584 INFO tempest.lib.common.rest_client [req-fc2c1bb0-96bd-4ca7-8a47-aef05e6c804a req-fc2c1bb0-96bd-4ca7-8a47-aef05e6c804a ] Request (ServersTestBootFromVolume:setUpClass): 200 GET http://10.180.1.21/volume/v3/0f8692f0ffa24ab9a624e7796e46cba5/volumes/c75a78d6-d24d-4b93-8d2e-c1b9f001e362 0.054s
2025-06-20 08:50:13.058 62608 INFO tempest.lib.common.rest_client [req-ce431b57-e01b-430a-ace8-102f77f58096 req-ce431b57-e01b-430a-ace8-102f77f58096 ] Request (DeleteServersAdminTestJSON:test_delete_server_while_in_error_state): 200 GET http://10.180.1.21/compute/v2.1/servers/51f024cf-19eb-429c-ab1e-004093fff9b7 1.607s
2025-06-20 08:50:13.067 62608 INFO tempest.common.waiters [-] State transition "BUILD/scheduling" ==> "BUILD/None" after 3 second wait
2025-06-20 08:50:13.151 62576 INFO tempest.lib.common.rest_client [req-86c106c7-84e7-4869-af62-f1aaa4a96580 req-86c106c7-84e7-4869-af62-f1aaa4a96580 ] Request (ServerExternalEventsTest:tearDownClass): 200 GET http://10.180.1.21:9696/networking/v2.0/security-groups?tenant_id=cf82bcc2d8c04729921d8961545ee7ea&name=default 0.746s
2025-06-20 08:50:13.158 62606 INFO tempest.lib.common.rest_client [req-ba2b6cc1-fd42-48a8-8d1e-79acb01c14a2 req-ba2b6cc1-fd42-48a8-8d1e-79acb01c14a2 ] Request (ServerTagsTestJSON:setUpClass): 200 GET http://10.180.1.21/compute/v2.1/servers/b38c3923-3ba5-4170-a4b2-8a7e496a389a 1.691s
2025-06-20 08:50:13.190 62582 WARNING tempest.lib.common.ssh [-] Failed to establish authenticated ssh connection to cirros@10.180.180.162 ([Errno None] Unable to connect to port 22 on 10.180.180.162). Number attempts: 1. Retry after 2 seconds.: paramiko.ssh_exception.NoValidConnectionsError: [Errno None] Unable to connect to port 22 on 10.180.180.162
2025-06-20 08:50:13.326 62618 INFO tempest.lib.common.rest_client [req-a84304f0-5482-4db8-8f0d-26431cad7d9e req-a84304f0-5482-4db8-8f0d-26431cad7d9e ] Request (ServerActionsTestOtherA:setUpClass): 200 POST http://10.180.1.21/compute/v2.1/os-keypairs 1.835s
2025-06-20 08:50:13.342 62604 INFO tempest.lib.common.rest_client [req-b7860d64-eacb-437b-be1e-06c8e16f5e9d req-b7860d64-eacb-437b-be1e-06c8e16f5e9d ] Request (SecurityGroupsTestJSON:test_list_security_groups_by_server): 202 POST http://10.180.1.21/compute/v2.1/servers 2.096s
2025-06-20 08:50:13.437 62574 INFO tempest.lib.common.rest_client [req-eb44dd04-802e-4b24-9415-d12c9c89961c req-eb44dd04-802e-4b24-9415-d12c9c89961c ] Request (ServerDiagnosticsNegativeTest:test_get_server_diagnostics_by_non_admin): 200 GET http://10.180.1.21/compute/v2.1/servers/ec0a3585-2101-43e0-8ba6-95f04f4d3194 1.538s
2025-06-20 08:50:13.442 62610 INFO tempest.lib.common.rest_client [req-d211eb7b-d30d-4e9b-b4cf-21f17f2a88e9 req-d211eb7b-d30d-4e9b-b4cf-21f17f2a88e9 ] Request (AttachInterfacesUnderV243Test:test_add_remove_fixed_ip): 200 GET http://10.180.1.21/compute/v2.1/servers/226a807b-81a1-425c-81ac-d9be821f7679 1.545s
2025-06-20 08:50:13.444 62576 INFO tempest.lib.common.rest_client [req-983d33a9-2704-40cd-8f13-5cd0518ba850 req-983d33a9-2704-40cd-8f13-5cd0518ba850 ] Request (ServerExternalEventsTest:tearDownClass): 204 DELETE http://10.180.1.21:9696/networking/v2.0/security-groups/98037e43-693b-4bc2-acf0-029503aafd0a 0.292s
2025-06-20 08:50:13.620 62592 INFO tempest.lib.common.rest_client [req-6fd19541-4014-441b-acfd-b62f1f79d216 req-6fd19541-4014-441b-acfd-b62f1f79d216 ] Request (ServerPasswordTestJSON:tearDownClass): 204 DELETE http://10.180.1.21/compute/v2.1/servers/81bfa2ee-3017-4165-96d7-d6f21634f129 1.385s
2025-06-20 08:50:13.647 62576 INFO tempest.lib.common.rest_client [req-29a9b278-f6bd-4e36-91e2-fea86fcabb54 req-29a9b278-f6bd-4e36-91e2-fea86fcabb54 ] Request (ServerExternalEventsTest:tearDownClass): 204 DELETE http://10.180.1.21/identity/v3/projects/cf82bcc2d8c04729921d8961545ee7ea 0.203s
2025-06-20 08:50:13.663 62614 INFO tempest.lib.common.rest_client [req-b8dbd15f-a8f8-4acc-88fe-cea285a096b3 req-b8dbd15f-a8f8-4acc-88fe-cea285a096b3 ] Request (ImagesTestJSON:_run_cleanups): 204 DELETE http://10.180.1.21/compute/v2.1/images/bae75200-bb72-4a65-a8c3-14233aabf98f 1.446s
2025-06-20 08:50:13.666 62618 INFO tempest.lib.common.rest_client [req-be019100-62b8-4cb8-a0cf-689780ccf71a req-be019100-62b8-4cb8-a0cf-689780ccf71a ] Request (ServerActionsTestOtherA:setUpClass): 201 POST http://10.180.1.21:9696/networking/v2.0/security-groups 0.337s
2025-06-20 08:50:13.745 62576 INFO tempest.lib.common.rest_client [req-0f8a8bd4-5aeb-47f3-9f86-98f7d4105692 req-0f8a8bd4-5aeb-47f3-9f86-98f7d4105692 ] Request (KeyPairsV22TestJSON:setUpClass): 201 POST http://10.180.1.21/identity/v3/auth/tokens 0.096s
2025-06-20 08:50:13.757 62564 INFO tempest.lib.common.rest_client [req-1b4a8282-db9b-47e2-a734-ffdc54705d91 req-1b4a8282-db9b-47e2-a734-ffdc54705d91 ] Request (ServersAdmin275Test:tearDownClass): 200 GET http://10.180.1.21/compute/v2.1/servers/0a5b0116-aeed-45f7-bf6a-9322cd5e5257 1.474s
2025-06-20 08:50:13.773 62564 INFO tempest.common.waiters [-] State transition "ACTIVE/deleting" ==> "DELETED/None" after 2 second wait
2025-06-20 08:50:13.775 62590 INFO tempest.lib.common.rest_client [req-35e8f899-8a3c-481e-93cf-4e7c22ff60d3 req-35e8f899-8a3c-481e-93cf-4e7c22ff60d3 ] Request (FlavorsAdminTestJSON:_run_cleanups): 200 GET http://10.180.1.21/compute/v2.1/flavors/detail 1.305s
2025-06-20 08:50:13.796 62576 INFO tempest.lib.common.rest_client [req-f95ce706-1be0-4b59-85c6-d6e127455a78 req-f95ce706-1be0-4b59-85c6-d6e127455a78 ] Request (KeyPairsV22TestJSON:setUpClass): 201 POST http://10.180.1.21/identity/v3/auth/tokens 0.047s
2025-06-20 08:50:13.818 62568 INFO tempest.lib.common.rest_client [req-35f14a0a-f586-4bfc-b9d9-85a0184efa72 req-35f14a0a-f586-4bfc-b9d9-85a0184efa72 ] Request (AggregatesAdminNegativeTestJSON:test_aggregate_get_details_as_user): 200 POST http://10.180.1.21/compute/v2.1/os-aggregates 1.326s
2025-06-20 08:50:13.837 62576 INFO tempest.lib.common.rest_client [req-90cb7b50-5602-463c-aa5f-d585248d5270 req-90cb7b50-5602-463c-aa5f-d585248d5270 ] Request (KeyPairsV22TestJSON:setUpClass): 200 GET http://10.180.1.21/identity/v3/domains?name=Default 0.040s
2025-06-20 08:50:13.887 62572 INFO tempest.lib.common.rest_client [req-6e8bce09-61c5-4c30-9d91-23cebba6490e req-6e8bce09-61c5-4c30-9d91-23cebba6490e ] Request (MigrationsAdminTest:test_list_migrations_in_flavor_resize_situation): 200 GET http://10.180.1.21/compute/v2.1/servers/f2bb4caa-a46e-4b99-9505-bd69fbcd42d0 1.433s
2025-06-20 08:50:13.894 62576 INFO tempest.lib.common.rest_client [req-854d9c06-cf4a-4eb6-a6d4-c7d2ab900a34 req-854d9c06-cf4a-4eb6-a6d4-c7d2ab900a34 ] Request (KeyPairsV22TestJSON:setUpClass): 201 POST http://10.180.1.21/identity/v3/projects 0.057s
2025-06-20 08:50:13.918 62620 INFO tempest.lib.common.rest_client [req-c42cfbbb-1382-43c8-9e2c-8a1b689470e2 req-c42cfbbb-1382-43c8-9e2c-8a1b689470e2 ] Request (FlavorsAccessNegativeTestJSON:_run_cleanups): 200 GET http://10.180.1.21/compute/v2.1/flavors/detail 1.366s
2025-06-20 08:50:13.921 62580 INFO tempest.lib.common.rest_client [req-7f5acae6-2e6d-41ee-8dc3-2f8363c10558 req-7f5acae6-2e6d-41ee-8dc3-2f8363c10558 ] Request (QuotaClassesAdminTestJSON:_run_cleanups): 200 PUT http://10.180.1.21/compute/v2.1/os-quota-class-sets/default 1.389s
2025-06-20 08:50:13.984 62595 INFO tempest.lib.common.rest_client [req-8fbc7db1-1269-4022-82ea-1218d68cb8f9 req-8fbc7db1-1269-4022-82ea-1218d68cb8f9 ] Request (QuotasAdminNegativeTest:test_update_quota_normal_user): 403 PUT http://10.180.1.21/compute/v2.1/os-quota-sets/e7b20b92e1644389b7e7571270732a13 1.099s
2025-06-20 08:50:14.040 62618 INFO tempest.lib.common.rest_client [req-d46bf0a3-35fe-4be7-b3c3-22c23d7c71e4 req-d46bf0a3-35fe-4be7-b3c3-22c23d7c71e4 ] Request (ServerActionsTestOtherA:setUpClass): 201 POST http://10.180.1.21:9696/networking/v2.0/security-group-rules 0.373s
2025-06-20 08:50:14.086 62576 INFO tempest.lib.common.rest_client [req-507112c4-00f9-4753-8962-e23525745263 req-507112c4-00f9-4753-8962-e23525745263 ] Request (KeyPairsV22TestJSON:setUpClass): 201 POST http://10.180.1.21/identity/v3/users 0.191s
2025-06-20 08:50:14.122 62584 INFO tempest.lib.common.rest_client [req-e3c3a743-9070-4925-ae23-d914d13e0537 req-e3c3a743-9070-4925-ae23-d914d13e0537 ] Request (ServersTestBootFromVolume:setUpClass): 200 GET http://10.180.1.21/volume/v3/0f8692f0ffa24ab9a624e7796e46cba5/volumes/c75a78d6-d24d-4b93-8d2e-c1b9f001e362 0.060s
2025-06-20 08:50:14.145 62600 INFO tempest.lib.common.rest_client [req-02ea001e-9d63-4c22-9067-7f256815b8f8 req-02ea001e-9d63-4c22-9067-7f256815b8f8 ] Request (ListServersNegativeTestJSON:setUpClass): 200 GET http://10.180.1.21/compute/v2.1/servers/9fb6b4ec-edb3-478a-865d-47d0d863f244 1.134s
2025-06-20 08:50:14.229 62580 INFO tempest.lib.common.rest_client [req-856694ee-a7c8-4ab0-8d56-10ad46bfea16 req-856694ee-a7c8-4ab0-8d56-10ad46bfea16 ] Request (QuotaClassesAdminTestJSON:tearDownClass): 204 DELETE http://10.180.1.21/identity/v3/users/0983cc8472ed46e6b6c57ef6efc1094e 0.302s
2025-06-20 08:50:14.303 62622 INFO tempest.lib.common.rest_client [req-906c0392-1200-40ef-8a29-5944f16f24d5 req-906c0392-1200-40ef-8a29-5944f16f24d5 ] Request (InstanceActionsNegativeTestJSON:tearDownClass): 200 GET http://10.180.1.21/compute/v2.1/servers/fad876e7-a64e-43ab-a51d-482b544a710a 1.276s
2025-06-20 08:50:14.316 62578 INFO tempest.lib.common.rest_client [req-410e000c-583d-4a34-a56a-69d8e65453f2 req-410e000c-583d-4a34-a56a-69d8e65453f2 ] Request (ServersAdminTestJSON:setUpClass): 201 POST http://10.180.1.21:9696/networking/v2.0/routers 1.838s
2025-06-20 08:50:14.418 62620 INFO tempest.lib.common.rest_client [req-e4a7bdf3-be87-40dd-a265-d95fc72f16a4 req-e4a7bdf3-be87-40dd-a265-d95fc72f16a4 ] Request (FlavorsAccessNegativeTestJSON:tearDownClass): 204 DELETE http://10.180.1.21/identity/v3/users/6b5d01384b414b1ea202061ac023fbd1 0.492s
2025-06-20 08:50:14.437 62566 INFO tempest.lib.common.rest_client [req-77220396-b8d6-4ae5-9978-c9e6fd09fe4a req-77220396-b8d6-4ae5-9978-c9e6fd09fe4a ] Request (VolumesAdminNegativeTest:test_update_attached_volume_with_nonexistent_volume_in_body): 200 GET http://10.180.1.21/compute/v2.1/servers/fe564bfb-7cd2-4168-a41a-77fc4747426b 1.302s
2025-06-20 08:50:14.492 62570 INFO tempest.lib.common.rest_client [req-438a77e6-a2e0-4f38-980f-d7d34b2cf375 req-438a77e6-a2e0-4f38-980f-d7d34b2cf375 ] Request (QuotasAdminTestV257:test_get_updated_quotas): 200 GET http://10.180.1.21/identity/v3/domains?name=Default 0.512s
2025-06-20 08:50:14.520 62604 INFO tempest.lib.common.rest_client [req-3af19030-baee-4ff3-b2de-8c04509ecda7 req-3af19030-baee-4ff3-b2de-8c04509ecda7 ] Request (SecurityGroupsTestJSON:test_list_security_groups_by_server): 200 GET http://10.180.1.21/compute/v2.1/servers/3c9edc83-e462-4109-9d09-5c4e96755f17 1.176s
2025-06-20 08:50:14.522 62576 INFO tempest.lib.common.rest_client [req-6e9a9af9-5fb0-4b29-9ec2-5bc292baa202 req-6e9a9af9-5fb0-4b29-9ec2-5bc292baa202 ] Request (KeyPairsV22TestJSON:setUpClass): 200 GET http://10.180.1.21/identity/v3/roles 0.435s
2025-06-20 08:50:14.562 62618 INFO tempest.lib.common.rest_client [req-23e8bbff-1c64-4bb9-9b6b-0be31a1321ce req-23e8bbff-1c64-4bb9-9b6b-0be31a1321ce ] Request (ServerActionsTestOtherA:setUpClass): 201 POST http://10.180.1.21:9696/networking/v2.0/security-group-rules 0.522s
2025-06-20 08:50:14.583 62595 INFO tempest.lib.common.rest_client [req-49502c90-b747-4e36-ac0e-f1d4f7fddebb req-49502c90-b747-4e36-ac0e-f1d4f7fddebb ] Request (QuotasAdminNegativeTest:tearDownClass): 204 DELETE http://10.180.1.21/identity/v3/users/070d46c5428f41139d097f4ed2c007ab 0.598s
2025-06-20 08:50:14.600 62580 INFO tempest.lib.common.rest_client [req-d8cc2d9d-fa70-4ccb-a1c9-a96e815aa468 req-d8cc2d9d-fa70-4ccb-a1c9-a96e815aa468 ] Request (QuotaClassesAdminTestJSON:tearDownClass): 204 DELETE http://10.180.1.21/identity/v3/users/fb94bf3f5a584eb190fd586886735227 0.370s
2025-06-20 08:50:14.600 62580 INFO tempest.lib.common.dynamic_creds [-] Deleting project and security group for project: 0eea46d534ba4333a28f0e6f3d6625c5
2025-06-20 08:50:14.673 62570 INFO tempest.lib.common.rest_client [req-a00011a9-aa03-4321-8643-47d755b293d0 req-a00011a9-aa03-4321-8643-47d755b293d0 ] Request (QuotasAdminTestV257:test_get_updated_quotas): 201 POST http://10.180.1.21/identity/v3/projects 0.180s
2025-06-20 08:50:14.733 62588 INFO tempest.lib.common.rest_client [req-2a20ad31-b7c6-40b4-bcb1-9c9fa3f705e4 req-2a20ad31-b7c6-40b4-bcb1-9c9fa3f705e4 ] Request (ServersAdminNegativeTestJSON:setUpClass): 200 GET http://10.180.1.21/compute/v2.1/servers/5660f1e3-a664-40aa-8bd8-b0585a419d1a 1.311s
2025-06-20 08:50:14.742 62576 INFO tempest.lib.common.rest_client [req-d612257d-dfaf-4070-85db-6bc48c8dd900 req-d612257d-dfaf-4070-85db-6bc48c8dd900 ] Request (KeyPairsV22TestJSON:setUpClass): 204 PUT http://10.180.1.21/identity/v3/projects/ba00f81f57084eef9250914845f076dd/users/ee7e2b8ddc1c479e91765e6f25a3c9fc/roles/a7e58c0f44e64223ab33d9a80477d18a 0.220s
2025-06-20 08:50:14.742 62576 INFO tempest.lib.common.dynamic_creds [-] Dynamic test user ee7e2b8ddc1c479e91765e6f25a3c9fc is created with scope project and roles: ['member']
2025-06-20 08:50:14.743 62576 INFO tempest.lib.common.dynamic_creds [-] Acquired dynamic creds: credentials: Credentials: {'domain_id': 'default', 'domain_name': 'Default', 'username': 'tempest-KeyPairsV22TestJSON-401220621-project-member', 'project_domain_id': 'default', 'project_domain_name': 'Default', 'project_id': 'ba00f81f57084eef9250914845f076dd', 'project_name': 'tempest-KeyPairsV22TestJSON-401220621', 'tenant_id': 'ba00f81f57084eef9250914845f076dd', 'tenant_name': 'tempest-KeyPairsV22TestJSON-401220621', 'user_domain_id': 'default', 'user_domain_name': 'Default', 'user_id': 'ee7e2b8ddc1c479e91765e6f25a3c9fc', 'system': None}, Network: None, Subnet: None, Router: None
2025-06-20 08:50:14.743 62576 INFO tempest.lib.common.dynamic_creds [-] Created isolated network resources for: credentials: Credentials: {'domain_id': 'default', 'domain_name': 'Default', 'username': 'tempest-KeyPairsV22TestJSON-401220621-project-member', 'project_domain_id': 'default', 'project_domain_name': 'Default', 'project_id': 'ba00f81f57084eef9250914845f076dd', 'project_name': 'tempest-KeyPairsV22TestJSON-401220621', 'tenant_id': 'ba00f81f57084eef9250914845f076dd', 'tenant_name': 'tempest-KeyPairsV22TestJSON-401220621', 'user_domain_id': 'default', 'user_domain_name': 'Default', 'user_id': 'ee7e2b8ddc1c479e91765e6f25a3c9fc', 'system': None}, Network: None, Subnet: None, Router: None
2025-06-20 08:50:14.746 62588 INFO tempest.common.waiters [-] State transition "BUILD/spawning" ==> "ACTIVE/None" after 21 second wait
2025-06-20 08:50:14.842 62620 INFO tempest.lib.common.rest_client [req-2e3e4e12-0803-4eff-ad2b-313447215ff0 req-2e3e4e12-0803-4eff-ad2b-313447215ff0 ] Request (FlavorsAccessNegativeTestJSON:tearDownClass): 204 DELETE http://10.180.1.21/identity/v3/users/6312f5513eee4be781528d37cb34b3ce 0.423s
2025-06-20 08:50:14.905 62580 INFO tempest.lib.common.rest_client [req-678d7b54-32ec-4f77-bf1e-12da4678733f req-678d7b54-32ec-4f77-bf1e-12da4678733f ] Request (QuotaClassesAdminTestJSON:tearDownClass): 201 POST http://10.180.1.21/identity/v3/auth/tokens 0.304s
2025-06-20 08:50:14.931 62596 INFO tempest.lib.common.rest_client [req-b2f2bd7a-3469-4b17-aadf-862cf33b681b req-b2f2bd7a-3469-4b17-aadf-862cf33b681b ] Request (ServerDiagnosticsTest:test_get_server_diagnostics): 200 GET http://10.180.1.21/compute/v2.1/servers/da1f49c7-1922-4690-aefe-fc6b71de727a/diagnostics 2.252s
2025-06-20 08:50:14.967 62595 INFO tempest.lib.common.rest_client [req-0caf1c03-1b54-4c8d-aef5-c44d0c10386a req-0caf1c03-1b54-4c8d-aef5-c44d0c10386a ] Request (QuotasAdminNegativeTest:tearDownClass): 204 DELETE http://10.180.1.21/identity/v3/users/cbb2aac198504091a172fc108c87b204 0.383s
2025-06-20 08:50:14.967 62595 INFO tempest.lib.common.dynamic_creds [-] Deleting project and security group for project: 14ec2e37ad5e41eabce59505df588cb8
2025-06-20 08:50:15.011 62570 INFO tempest.lib.common.rest_client [req-53f78e37-5669-4b7d-b460-1b8f0bb96f84 req-53f78e37-5669-4b7d-b460-1b8f0bb96f84 ] Request (QuotasAdminTestV257:test_get_updated_quotas): 200 GET http://10.180.1.21/identity/v3/domains?name=Default 0.337s
2025-06-20 08:50:15.110 62576 INFO tempest.lib.common.rest_client [req-4f738d2c-6362-4833-88f7-d15ed4827d1b req-4f738d2c-6362-4833-88f7-d15ed4827d1b ] Request (KeyPairsV22TestJSON:setUpClass): 201 POST http://10.180.1.21/identity/v3/auth/tokens 0.361s
2025-06-20 08:50:15.148 62560 INFO tempest.lib.common.rest_client [req-00393953-d8be-43ab-ad87-2feeb2e16c90 req-00393953-d8be-43ab-ad87-2feeb2e16c90 ] Request (ServersTestMultiNic:test_verify_duplicate_network_nics): 200 GET http://10.180.1.21/compute/v2.1/servers/049a3522-25cb-42b7-ad12-abb18658a7cb 1.510s
2025-06-20 08:50:15.157 62560 INFO tempest.common.waiters [-] State transition "BUILD/None" ==> "BUILD/block_device_mapping" after 10 second wait
2025-06-20 08:50:15.183 62584 INFO tempest.lib.common.rest_client [req-da9ab4e8-29fd-4a31-8c3d-4f31150e6db1 req-da9ab4e8-29fd-4a31-8c3d-4f31150e6db1 ] Request (ServersTestBootFromVolume:setUpClass): 200 GET http://10.180.1.21/volume/v3/0f8692f0ffa24ab9a624e7796e46cba5/volumes/c75a78d6-d24d-4b93-8d2e-c1b9f001e362 0.050s
2025-06-20 08:50:15.222 62620 INFO tempest.lib.common.rest_client [req-b75957a4-3b8e-4f5f-b6b2-c9977936620e req-b75957a4-3b8e-4f5f-b6b2-c9977936620e ] Request (FlavorsAccessNegativeTestJSON:tearDownClass): 204 DELETE http://10.180.1.21/identity/v3/users/10f71c2385454e46821308e5f1b9bfcf 0.379s
2025-06-20 08:50:15.222 62620 INFO tempest.lib.common.dynamic_creds [-] Deleting project and security group for project: 686a985f0bce42f1a2806c832fbf9cee
2025-06-20 08:50:15.320 62595 INFO tempest.lib.common.rest_client [req-d84db500-db98-4190-a922-de72a6284781 req-d84db500-db98-4190-a922-de72a6284781 ] Request (QuotasAdminNegativeTest:tearDownClass): 201 POST http://10.180.1.21/identity/v3/auth/tokens 0.352s
2025-06-20 08:50:15.343 62614 INFO tempest.lib.common.rest_client [req-a06d3ccd-dfa6-438f-bcaf-142b296e27aa req-a06d3ccd-dfa6-438f-bcaf-142b296e27aa ] Request (ImagesTestJSON:_run_cleanups): 204 DELETE http://10.180.1.21/compute/v2.1/servers/0c922d57-f833-45c5-90d7-88b694bd274e 1.680s
2025-06-20 08:50:15.356 62620 INFO tempest.lib.common.rest_client [req-eb777e77-d423-47e1-b0b4-fd99782a17c6 req-eb777e77-d423-47e1-b0b4-fd99782a17c6 ] Request (FlavorsAccessNegativeTestJSON:tearDownClass): 201 POST http://10.180.1.21/identity/v3/auth/tokens 0.133s
2025-06-20 08:50:15.389 62616 INFO tempest.lib.common.rest_client [req-b6ad5f7f-acd5-4cb9-be32-095712973265 req-b6ad5f7f-acd5-4cb9-be32-095712973265 ] Request (ServersWithSpecificFlavorTestJSON:test_verify_created_server_ephemeral_disk): 200 PUT http://10.180.1.21:9696/networking/v2.0/floatingips/71583554-dbf2-4532-b9d2-6732878a4669 2.960s
2025-06-20 08:50:15.432 62614 INFO tempest.lib.common.rest_client [req-01886d8f-4093-400b-b2eb-b773f84b5041 req-01886d8f-4093-400b-b2eb-b773f84b5041 ] Request (ImagesTestJSON:test_create_image_from_suspended_server): 201 POST http://10.180.1.21/identity/v3/auth/tokens 0.077s
2025-06-20 08:50:15.432 62614 INFO tempest.lib.common.fixed_network [-] (ImagesTestJSON:test_create_image_from_suspended_server) Found network {'id': 'ca3827ca-52a8-4067-b735-347bc59ed72b', 'name': 'tempest-ImagesTestJSON-409860826-network', 'tenant_id': '3bd04228f699451984de990f1a8795a2', 'admin_state_up': True, 'mtu': 8950, 'status': 'ACTIVE', 'subnets': [], 'shared': False, 'project_id': '3bd04228f699451984de990f1a8795a2', 'port_security_enabled': True, 'router:external': False, 'provider:network_type': 'vlan', 'provider:physical_network': 'default', 'provider:segmentation_id': 953, 'is_default': False, 'availability_zone_hints': [], 'availability_zones': [], 'ipv4_address_scope': None, 'ipv6_address_scope': None, 'description': '', 'tags': [], 'created_at': '2025-06-20T08:49:14Z', 'updated_at': '2025-06-20T08:49:14Z', 'revision_number': 1} available for tenant
2025-06-20 08:50:15.546 62598 INFO tempest.lib.common.rest_client [req-b4d246c3-e3ac-496c-8db1-5143f9bd6889 req-b4d246c3-e3ac-496c-8db1-5143f9bd6889 ] Request (ServerShowV254Test:test_rebuild_server): 200 GET http://10.180.1.21/compute/v2.1/servers/62b3f344-bff0-47a3-a761-ec5517c6a24c 1.832s
2025-06-20 08:50:15.573 62590 INFO tempest.lib.common.rest_client [req-5f95abcd-54e3-446b-9403-7f9357c73b4a req-5f95abcd-54e3-446b-9403-7f9357c73b4a ] Request (FlavorsAdminTestJSON:test_is_public_string_variations): 200 POST http://10.180.1.21/compute/v2.1/flavors 1.787s
2025-06-20 08:50:15.583 62568 INFO tempest.lib.common.rest_client [req-8da52bca-d444-4589-b6df-139f27da8c8d req-8da52bca-d444-4589-b6df-139f27da8c8d ] Request (AggregatesAdminNegativeTestJSON:test_aggregate_get_details_as_user): 403 GET http://10.180.1.21/compute/v2.1/os-aggregates/6 1.762s
2025-06-20 08:50:15.679 62592 INFO tempest.lib.common.rest_client [req-efd92f34-252d-4b93-8c86-faa68918fba5 req-efd92f34-252d-4b93-8c86-faa68918fba5 ] Request (ServerPasswordTestJSON:tearDownClass): 200 GET http://10.180.1.21/compute/v2.1/servers/81bfa2ee-3017-4165-96d7-d6f21634f129 2.058s
2025-06-20 08:50:15.719 62562 INFO tempest.lib.common.rest_client [req-5ef21b0c-9fae-45a6-b2ed-f03e701fd5d5 req-5ef21b0c-9fae-45a6-b2ed-f03e701fd5d5 ] Request (FloatingIPsAssociationTestJSON:test_associate_already_associated_floating_ip): 200 GET http://10.180.1.21/compute/v2.1/servers/c9510d18-0fb7-42c9-986b-865cfbea8868 1.728s
2025-06-20 08:50:15.759 62608 INFO tempest.lib.common.rest_client [req-a5799da7-b77c-4f04-9c3a-af8523ae594d req-a5799da7-b77c-4f04-9c3a-af8523ae594d ] Request (DeleteServersAdminTestJSON:test_delete_server_while_in_error_state): 200 GET http://10.180.1.21/compute/v2.1/servers/51f024cf-19eb-429c-ab1e-004093fff9b7 1.691s
2025-06-20 08:50:15.787 62580 INFO tempest.lib.common.rest_client [req-553ef897-894a-4d79-be13-372bee7a2d69 req-553ef897-894a-4d79-be13-372bee7a2d69 ] Request (QuotaClassesAdminTestJSON:tearDownClass): 200 GET http://10.180.1.21:9696/networking/v2.0/security-groups?tenant_id=0eea46d534ba4333a28f0e6f3d6625c5&name=default 0.881s
2025-06-20 08:50:15.869 62574 INFO tempest.lib.common.rest_client [req-f79dd6a6-3b06-4959-baa7-7c3d152d8850 req-f79dd6a6-3b06-4959-baa7-7c3d152d8850 ] Request (ServerDiagnosticsNegativeTest:test_get_server_diagnostics_by_non_admin): 200 GET http://10.180.1.21/compute/v2.1/servers/ec0a3585-2101-43e0-8ba6-95f04f4d3194 1.419s
2025-06-20 08:50:15.882 62606 INFO tempest.lib.common.rest_client [req-74b5d6c6-41cf-4a65-bfdd-b78c69579317 req-74b5d6c6-41cf-4a65-bfdd-b78c69579317 ] Request (ServerTagsTestJSON:setUpClass): 200 GET http://10.180.1.21/compute/v2.1/servers/b38c3923-3ba5-4170-a4b2-8a7e496a389a 1.709s
2025-06-20 08:50:15.940 62595 INFO tempest.lib.common.rest_client [req-af64f799-ca36-4027-8fcb-2e6cf8d22ccb req-af64f799-ca36-4027-8fcb-2e6cf8d22ccb ] Request (QuotasAdminNegativeTest:tearDownClass): 200 GET http://10.180.1.21:9696/networking/v2.0/security-groups?tenant_id=14ec2e37ad5e41eabce59505df588cb8&name=default 0.620s
2025-06-20 08:50:15.968 62620 INFO tempest.lib.common.rest_client [req-7b62852f-c606-4bb9-b5cf-d459a4b5e2dd req-7b62852f-c606-4bb9-b5cf-d459a4b5e2dd ] Request (FlavorsAccessNegativeTestJSON:tearDownClass): 200 GET http://10.180.1.21:9696/networking/v2.0/security-groups?tenant_id=686a985f0bce42f1a2806c832fbf9cee&name=default 0.612s
2025-06-20 08:50:15.990 62610 INFO tempest.lib.common.rest_client [req-a57199de-72c8-49f5-a6c9-7a536db467ac req-a57199de-72c8-49f5-a6c9-7a536db467ac ] Request (AttachInterfacesUnderV243Test:test_add_remove_fixed_ip): 200 GET http://10.180.1.21/compute/v2.1/servers/226a807b-81a1-425c-81ac-d9be821f7679 1.528s
2025-06-20 08:50:16.074 62588 INFO tempest.lib.common.rest_client [req-645d79b8-8f34-4a15-bf44-cc29e05deb92 req-645d79b8-8f34-4a15-bf44-cc29e05deb92 ] Request (ServersAdminNegativeTestJSON:test_migrate_non_existent_server): 404 POST http://10.180.1.21/compute/v2.1/servers/a570a6f6-ed25-4f07-bc5e-eca93fda8e79/action 1.322s
2025-06-20 08:50:16.145 62564 INFO tempest.lib.common.rest_client [req-7c546038-2468-4c6c-bc29-2c4024035dec req-7c546038-2468-4c6c-bc29-2c4024035dec ] Request (ServersAdmin275Test:tearDownClass): 200 GET http://10.180.1.21/compute/v2.1/servers/0a5b0116-aeed-45f7-bf6a-9322cd5e5257 1.371s
2025-06-20 08:50:16.189 62588 INFO tempest.lib.common.rest_client [req-a24290d9-7d32-4b79-ad10-227602b2612d req-a24290d9-7d32-4b79-ad10-227602b2612d ] Request (ServersAdminNegativeTestJSON:test_migrate_server_invalid_state): 201 POST http://10.180.1.21/identity/v3/auth/tokens 0.107s
2025-06-20 08:50:16.189 62588 INFO tempest.lib.common.fixed_network [-] (ServersAdminNegativeTestJSON:test_migrate_server_invalid_state) Found network None available for tenant
2025-06-20 08:50:16.239 62584 INFO tempest.lib.common.rest_client [req-aa904962-c1cd-4102-b146-f15896268b5c req-aa904962-c1cd-4102-b146-f15896268b5c ] Request (ServersTestBootFromVolume:setUpClass): 200 GET http://10.180.1.21/volume/v3/0f8692f0ffa24ab9a624e7796e46cba5/volumes/c75a78d6-d24d-4b93-8d2e-c1b9f001e362 0.042s
2025-06-20 08:50:16.261 62580 INFO tempest.lib.common.rest_client [req-5d49d506-7a91-4618-9396-5564a4505a12 req-5d49d506-7a91-4618-9396-5564a4505a12 ] Request (QuotaClassesAdminTestJSON:tearDownClass): 204 DELETE http://10.180.1.21:9696/networking/v2.0/security-groups/009d53d1-6c85-40ee-bcf8-138be9050dae 0.474s
2025-06-20 08:50:16.262 62582 WARNING tempest.lib.common.ssh [-] Failed to establish authenticated ssh connection to cirros@10.180.180.162 ([Errno None] Unable to connect to port 22 on 10.180.180.162). Number attempts: 2. Retry after 3 seconds.: paramiko.ssh_exception.NoValidConnectionsError: [Errno None] Unable to connect to port 22 on 10.180.180.162
2025-06-20 08:50:16.276 62612 INFO tempest.lib.common.rest_client [req-01dd7c31-ada7-457d-85d1-20df2fa431f0 req-01dd7c31-ada7-457d-85d1-20df2fa431f0 ] Request (SecurityGroupRulesNegativeTestJSON:tearDownClass): 200 PUT http://10.180.1.21:9696/networking/v2.0/routers/772313fd-cbf2-448b-b72f-94cb1f9b5f27/remove_router_interface 4.008s
2025-06-20 08:50:16.295 62596 INFO tempest.lib.common.rest_client [req-22e65da2-2b77-4668-81e5-0a8ecfc2e834 req-22e65da2-2b77-4668-81e5-0a8ecfc2e834 ] Request (ServerDiagnosticsTest:tearDownClass): 204 DELETE http://10.180.1.21/compute/v2.1/servers/da1f49c7-1922-4690-aefe-fc6b71de727a 1.362s
2025-06-20 08:50:16.385 62595 INFO tempest.lib.common.rest_client [req-38c609ea-61c2-4b02-95d8-ea2f7d285cc4 req-38c609ea-61c2-4b02-95d8-ea2f7d285cc4 ] Request (QuotasAdminNegativeTest:tearDownClass): 204 DELETE http://10.180.1.21:9696/networking/v2.0/security-groups/7feeba38-2ee8-45dc-92d1-379ba075bddf 0.445s
2025-06-20 08:50:16.397 62580 INFO tempest.lib.common.rest_client [req-3610602a-0318-4530-9793-f085fac35426 req-3610602a-0318-4530-9793-f085fac35426 ] Request (QuotaClassesAdminTestJSON:tearDownClass): 204 DELETE http://10.180.1.21/identity/v3/projects/0eea46d534ba4333a28f0e6f3d6625c5 0.135s
2025-06-20 08:50:16.397 62580 INFO tempest.lib.common.dynamic_creds [-] Deleting project and security group for project: 403ba730bde444f9a576d8b4cf1bdc50
2025-06-20 08:50:16.480 62572 INFO tempest.lib.common.rest_client [req-025b9f27-334e-4827-8cf0-b3032f7dd6de req-025b9f27-334e-4827-8cf0-b3032f7dd6de ] Request (MigrationsAdminTest:test_list_migrations_in_flavor_resize_situation): 200 GET http://10.180.1.21/compute/v2.1/servers/f2bb4caa-a46e-4b99-9505-bd69fbcd42d0 1.576s
2025-06-20 08:50:16.509 62595 INFO tempest.lib.common.rest_client [req-0adb389a-93a6-4daa-8341-ae18cf9b2c6e req-0adb389a-93a6-4daa-8341-ae18cf9b2c6e ] Request (QuotasAdminNegativeTest:tearDownClass): 204 DELETE http://10.180.1.21/identity/v3/projects/14ec2e37ad5e41eabce59505df588cb8 0.123s
2025-06-20 08:50:16.509 62595 INFO tempest.lib.common.dynamic_creds [-] Deleting project and security group for project: e7b20b92e1644389b7e7571270732a13
2025-06-20 08:50:16.536 62570 INFO tempest.lib.common.rest_client [req-6006b0a8-31d7-466c-b45c-814cc3a36e5e req-6006b0a8-31d7-466c-b45c-814cc3a36e5e ] Request (QuotasAdminTestV257:test_get_updated_quotas): 200 PUT http://10.180.1.21/compute/v2.1/os-quota-sets/93e83af5b5304097a7221d3bd6047830 1.524s
