2025-06-20 08:49:39.773 62602 INFO tempest.lib.common.rest_client [req-8c2f9598-6c72-4aee-927f-def957c0a023 req-8c2f9598-6c72-4aee-927f-def957c0a023 ] Request (ServerDiagnosticsV248Test:test_get_server_diagnostics): 200 GET http://10.180.1.21/compute/v2.1/servers/0404c9fe-cf6b-4636-a490-4f66bb35cd47/diagnostics 1.669s
2025-06-20 08:49:39.785 62595 INFO tempest.lib.common.rest_client [req-512cb03d-481d-4447-93ca-a71b81a643de req-512cb03d-481d-4447-93ca-a71b81a643de ] Request (QuotasAdminNegativeTest:setUpClass): 204 PUT http://10.180.1.21/identity/v3/projects/14ec2e37ad5e41eabce59505df588cb8/users/cbb2aac198504091a172fc108c87b204/roles/d6c15935dc734358b6330dd79ccba6b0 0.185s
2025-06-20 08:49:39.810 62578 INFO tempest.lib.common.rest_client [req-f6199095-db2d-4db0-95ed-65df24c1519c req-f6199095-db2d-4db0-95ed-65df24c1519c ] Request (FlavorsExtraSpecsTestJSON:test_flavor_set_get_update_show_unset_keys): 200 DELETE http://10.180.1.21/compute/v2.1/flavors/415377023/os-extra_specs/hw:numa_nodes 1.592s
2025-06-20 08:49:39.824 62620 INFO tempest.lib.common.rest_client [req-3ab1fecc-7e64-4e9a-90ff-5c6b85d53487 req-3ab1fecc-7e64-4e9a-90ff-5c6b85d53487 ] Request (FlavorsAccessNegativeTestJSON:_run_cleanups): 202 DELETE http://10.180.1.21/compute/v2.1/flavors/1398010463 1.592s
2025-06-20 08:49:39.826 62566 INFO tempest.lib.common.rest_client [req-c46925c2-3c67-4c63-8b04-d447b9fcd4bd req-c46925c2-3c67-4c63-8b04-d447b9fcd4bd ] Request (TenantUsagesNegativeTestJSON:tearDownClass): 204 DELETE http://10.180.1.21/identity/v3/users/425754e8d2fa489c924fdd8e48e7e340 0.282s
2025-06-20 08:49:39.826 62566 INFO tempest.lib.common.dynamic_creds [-] Deleting project and security group for project: 2937ed9915574868bbe85352b7353466
2025-06-20 08:49:39.841 62586 INFO tempest.lib.common.rest_client [req-120a2e9d-a03f-413f-aed8-6c51ec3d9243 req-120a2e9d-a03f-413f-aed8-6c51ec3d9243 ] Request (KeyPairsV2TestJSON:_run_cleanups): 202 DELETE http://10.180.1.21/compute/v2.1/os-keypairs/tempest-keypair-832695928 1.580s
2025-06-20 08:49:39.851 62588 INFO tempest.lib.common.rest_client [req-266178e8-60f3-4bb2-a7d5-f9c6aef082b7 req-266178e8-60f3-4bb2-a7d5-f9c6aef082b7 ] Request (HypervisorAdminNegativeUnderV252Test:test_show_servers_with_non_admin_user): 403 GET http://10.180.1.21/compute/v2.1/os-hypervisors/1/servers 1.569s
2025-06-20 08:49:39.869 62616 INFO tempest.lib.common.rest_client [req-eb50dcf5-c59b-4920-8d59-7cbbedee7145 req-eb50dcf5-c59b-4920-8d59-7cbbedee7145 ] Request (ServersWithSpecificFlavorTestJSON:test_verify_created_server_ephemeral_disk): 200 POST http://10.180.1.21/compute/v2.1/flavors/819429697/os-extra_specs 1.582s
2025-06-20 08:49:39.882 62572 INFO tempest.lib.common.rest_client [req-84bd66de-ba51-4d15-a018-fcec4ac6c54a req-84bd66de-ba51-4d15-a018-fcec4ac6c54a ] Request (FlavorsExtraSpecsNegativeTestJSON:tearDownClass): 200 GET http://10.180.1.21/compute/v2.1/flavors/detail 1.582s
2025-06-20 08:49:39.906 62598 INFO tempest.lib.common.rest_client [req-f56cfffe-1c9c-456b-9de0-2b80d6262147 req-f56cfffe-1c9c-456b-9de0-2b80d6262147 ] Request (ServerGroup264TestJSON:setUpClass): 200 PUT http://10.180.1.21:9696/networking/v2.0/routers/f4388bc9-e2d3-4f9f-bc53-f5c631d2eb61/add_router_interface 2.471s
2025-06-20 08:49:39.906 62598 INFO tempest.lib.common.dynamic_creds [-] Created isolated network resources for: credentials: Credentials: {'domain_id': 'default', 'domain_name': 'Default', 'username': 'tempest-ServerGroup264TestJSON-1088461168-project-member', 'project_domain_id': 'default', 'project_domain_name': 'Default', 'project_id': '57778ba859cf44e296d7667342f6b36c', 'project_name': 'tempest-ServerGroup264TestJSON-1088461168', 'tenant_id': '57778ba859cf44e296d7667342f6b36c', 'tenant_name': 'tempest-ServerGroup264TestJSON-1088461168', 'user_domain_id': 'default', 'user_domain_name': 'Default', 'user_id': '1a69ada306bb48639b34e22fc613b5d2', 'system': None}, Network: {'id': '1f6e21e7-a304-48c2-b8e6-9f78be554247', 'name': 'tempest-ServerGroup264TestJSON-1122736074-network', 'tenant_id': '57778ba859cf44e296d7667342f6b36c', 'admin_state_up': True, 'mtu': 8950, 'status': 'ACTIVE', 'subnets': [], 'shared': False, 'project_id': '57778ba859cf44e296d7667342f6b36c', 'port_security_enabled': True, 'router:external': False, 'provider:network_type': 'vlan', 'provider:physical_network': 'default', 'provider:segmentation_id': 148, 'is_default': False, 'availability_zone_hints': [], 'availability_zones': [], 'ipv4_address_scope': None, 'ipv6_address_scope': None, 'description': '', 'tags': [], 'created_at': '2025-06-20T08:49:35Z', 'updated_at': '2025-06-20T08:49:35Z', 'revision_number': 1}, Subnet: {'id': 'd85c792c-cc70-4d6a-aff7-af7256c889f3', 'name': 'tempest-ServerGroup264TestJSON-1122736074-subnet', 'tenant_id': '57778ba859cf44e296d7667342f6b36c', 'network_id': '1f6e21e7-a304-48c2-b8e6-9f78be554247', 'ip_version': 4, 'subnetpool_id': None, 'enable_dhcp': True, 'ipv6_ra_mode': None, 'ipv6_address_mode': None, 'gateway_ip': '192.168.128.1', 'cidr': '192.168.128.0/28', 'allocation_pools': [{'start': '192.168.128.2', 'end': '192.168.128.14'}], 'host_routes': [], 'dns_nameservers': [], 'description': '', 'router:external': False, 'service_types': [], 'tags': [], 'created_at': '2025-06-20T08:49:36Z', 'updated_at': '2025-06-20T08:49:36Z', 'revision_number': 0, 'project_id': '57778ba859cf44e296d7667342f6b36c'}, Router: {'id': 'f4388bc9-e2d3-4f9f-bc53-f5c631d2eb61', 'name': 'tempest-ServerGroup264TestJSON-1122736074-router', 'tenant_id': '57778ba859cf44e296d7667342f6b36c', 'admin_state_up': True, 'status': 'ACTIVE', 'external_gateway_info': {'network_id': '5c40dcb3-13bc-47c5-be43-d46bc1379be3', 'external_fixed_ips': [{'subnet_id': '539682a1-349f-439e-9d56-660d04ffd59d', 'ip_address': '10.180.180.200'}], 'enable_snat': True}, 'description': '', 'availability_zones': [], 'distributed': False, 'ha': False, 'availability_zone_hints': [], 'routes': [], 'flavor_id': None, 'tags': [], 'created_at': '2025-06-20T08:49:36Z', 'updated_at': '2025-06-20T08:49:36Z', 'revision_number': 2, 'project_id': '57778ba859cf44e296d7667342f6b36c'}
2025-06-20 08:49:39.908 62592 INFO tempest.lib.common.rest_client [req-3b456343-8edb-4dc4-8866-64d601c482a5 req-3b456343-8edb-4dc4-8866-64d601c482a5 ] Request (ServerPasswordTestJSON:setUpClass): 200 PUT http://10.180.1.21:9696/networking/v2.0/routers/6f7dea9e-a24a-4f9b-842d-1435d2178889/add_router_interface 2.471s
2025-06-20 08:49:39.909 62592 INFO tempest.lib.common.dynamic_creds [-] Created isolated network resources for: credentials: Credentials: {'domain_id': 'default', 'domain_name': 'Default', 'username': 'tempest-ServerPasswordTestJSON-1698722621-project-member', 'project_domain_id': 'default', 'project_domain_name': 'Default', 'project_id': '3f0ddf0d333a4705bb9016302a5370f4', 'project_name': 'tempest-ServerPasswordTestJSON-1698722621', 'tenant_id': '3f0ddf0d333a4705bb9016302a5370f4', 'tenant_name': 'tempest-ServerPasswordTestJSON-1698722621', 'user_domain_id': 'default', 'user_domain_name': 'Default', 'user_id': '87f0f832f9a54d57a2d21eed01cd2131', 'system': None}, Network: {'id': '1a1b7b9c-cfe4-4cd3-9a78-226f6664b7de', 'name': 'tempest-ServerPasswordTestJSON-1526919167-network', 'tenant_id': '3f0ddf0d333a4705bb9016302a5370f4', 'admin_state_up': True, 'mtu': 8950, 'status': 'ACTIVE', 'subnets': [], 'shared': False, 'project_id': '3f0ddf0d333a4705bb9016302a5370f4', 'port_security_enabled': True, 'router:external': False, 'provider:network_type': 'vlan', 'provider:physical_network': 'default', 'provider:segmentation_id': 185, 'is_default': False, 'availability_zone_hints': [], 'availability_zones': [], 'ipv4_address_scope': None, 'ipv6_address_scope': None, 'description': '', 'tags': [], 'created_at': '2025-06-20T08:49:34Z', 'updated_at': '2025-06-20T08:49:34Z', 'revision_number': 1}, Subnet: {'id': '655ef7ac-6111-455a-bf08-b48ed59daed0', 'name': 'tempest-ServerPasswordTestJSON-1526919167-subnet', 'tenant_id': '3f0ddf0d333a4705bb9016302a5370f4', 'network_id': '1a1b7b9c-cfe4-4cd3-9a78-226f6664b7de', 'ip_version': 4, 'subnetpool_id': None, 'enable_dhcp': True, 'ipv6_ra_mode': None, 'ipv6_address_mode': None, 'gateway_ip': '192.168.128.1', 'cidr': '192.168.128.0/28', 'allocation_pools': [{'start': '192.168.128.2', 'end': '192.168.128.14'}], 'host_routes': [], 'dns_nameservers': [], 'description': '', 'router:external': False, 'service_types': [], 'tags': [], 'created_at': '2025-06-20T08:49:34Z', 'updated_at': '2025-06-20T08:49:34Z', 'revision_number': 0, 'project_id': '3f0ddf0d333a4705bb9016302a5370f4'}, Router: {'id': '6f7dea9e-a24a-4f9b-842d-1435d2178889', 'name': 'tempest-ServerPasswordTestJSON-1526919167-router', 'tenant_id': '3f0ddf0d333a4705bb9016302a5370f4', 'admin_state_up': True, 'status': 'ACTIVE', 'external_gateway_info': {'network_id': '5c40dcb3-13bc-47c5-be43-d46bc1379be3', 'external_fixed_ips': [{'subnet_id': '539682a1-349f-439e-9d56-660d04ffd59d', 'ip_address': '10.180.180.250'}], 'enable_snat': True}, 'description': '', 'availability_zones': [], 'distributed': False, 'ha': False, 'availability_zone_hints': [], 'routes': [], 'flavor_id': None, 'tags': [], 'created_at': '2025-06-20T08:49:35Z', 'updated_at': '2025-06-20T08:49:36Z', 'revision_number': 2, 'project_id': '3f0ddf0d333a4705bb9016302a5370f4'}
2025-06-20 08:49:39.930 62584 INFO tempest.lib.common.rest_client [req-ec9fb8fb-fd46-4049-a16a-04fb9f93c76b req-ec9fb8fb-fd46-4049-a16a-04fb9f93c76b ] Request (ServicesAdminNegativeV253TestJSON:test_list_services_with_non_admin_user): 403 GET http://10.180.1.21/compute/v2.1/os-services 1.732s
2025-06-20 08:49:39.938 62610 INFO tempest.lib.common.rest_client [req-c246a3a8-4ab9-4fb8-82e6-a75c259d5371 req-c246a3a8-4ab9-4fb8-82e6-a75c259d5371 ] Request (HypervisorAdminNegativeTestJSON:test_get_nonexistent_hypervisor_uptime): 404 GET http://10.180.1.21/compute/v2.1/os-hypervisors/7ca400a1-f5a1-40d9-ac0a-e1b2c10512c8/uptime 1.601s
2025-06-20 08:49:39.951 62590 INFO tempest.lib.common.rest_client [req-1efdfd6c-3ec4-49e1-a022-783cbf814584 req-1efdfd6c-3ec4-49e1-a022-783cbf814584 ] Request (FlavorsAdminTestJSON:_run_cleanups): 200 GET http://10.180.1.21/compute/v2.1/flavors/detail 1.406s
2025-06-20 08:49:39.956 62596 INFO tempest.lib.common.rest_client [req-38976d45-65bd-4efc-94f7-754731d99382 req-38976d45-65bd-4efc-94f7-754731d99382 ] Request (FlavorsV255TestJSON:tearDownClass): 204 DELETE http://10.180.1.21/identity/v3/users/20f1be0c98c4442390c3390f58abb12d 0.295s
2025-06-20 08:49:39.956 62596 INFO tempest.lib.common.dynamic_creds [-] Deleting project and security group for project: 0a913a6a28c9451a8094bb29cc4f46b5
2025-06-20 08:49:40.008 62570 INFO tempest.lib.common.rest_client [req-4443868f-28ee-4a41-9136-265084e0f53f req-4443868f-28ee-4a41-9136-265084e0f53f ] Request (FlavorsAccessTestJSON:tearDownClass): 201 POST http://10.180.1.21/identity/v3/auth/tokens 0.312s
2025-06-20 08:49:40.015 62582 INFO tempest.lib.common.rest_client [req-fd8a4006-ad1d-436b-81d9-35b46e9beb94 req-fd8a4006-ad1d-436b-81d9-35b46e9beb94 ] Request (VolumesAssistedSnapshotsTest:test_volume_assisted_snapshot_create_delete): 201 POST http://10.180.1.21/identity/v3/auth/tokens 0.236s
2025-06-20 08:49:40.015 62582 INFO tempest.lib.common.fixed_network [-] (VolumesAssistedSnapshotsTest:test_volume_assisted_snapshot_create_delete) Found network {'id': 'f7852ae2-117f-47dc-9ed9-d04c048906a1', 'name': 'tempest-VolumesAssistedSnapshotsTest-656814760-network', 'tenant_id': 'fa3b6736774f4e38a8def673c0228d88', 'admin_state_up': True, 'mtu': 8950, 'status': 'ACTIVE', 'subnets': [], 'shared': False, 'project_id': 'fa3b6736774f4e38a8def673c0228d88', 'port_security_enabled': True, 'router:external': False, 'provider:network_type': 'vlan', 'provider:physical_network': 'default', 'provider:segmentation_id': 721, 'is_default': False, 'availability_zone_hints': [], 'availability_zones': [], 'ipv4_address_scope': None, 'ipv6_address_scope': None, 'description': '', 'tags': [], 'created_at': '2025-06-20T08:49:15Z', 'updated_at': '2025-06-20T08:49:15Z', 'revision_number': 1} available for tenant
2025-06-20 08:49:40.058 62595 INFO tempest.lib.common.rest_client [req-c5693d29-11d3-43c6-b7b8-289bf4b0678b req-c5693d29-11d3-43c6-b7b8-289bf4b0678b ] Request (QuotasAdminNegativeTest:setUpClass): 200 GET http://10.180.1.21/identity/v3/roles 0.272s
2025-06-20 08:49:40.069 62566 INFO tempest.lib.common.rest_client [req-2733b614-29dc-42e3-ada0-53c61d41c090 req-2733b614-29dc-42e3-ada0-53c61d41c090 ] Request (TenantUsagesNegativeTestJSON:tearDownClass): 201 POST http://10.180.1.21/identity/v3/auth/tokens 0.243s
2025-06-20 08:49:40.121 62622 INFO tempest.lib.common.rest_client [req-c8406774-f227-48cd-8c8d-6d4506b6bb09 req-c8406774-f227-48cd-8c8d-6d4506b6bb09 ] Request (InstanceActionsNegativeTestJSON:setUpClass): 200 GET http://10.180.1.21/compute/v2.1/servers/fad876e7-a64e-43ab-a51d-482b544a710a 1.483s
2025-06-20 08:49:40.130 62622 INFO tempest.common.waiters [-] State transition "BUILD/networking" ==> "BUILD/spawning" after 12 second wait
2025-06-20 08:49:40.132 62572 INFO tempest.lib.common.rest_client [req-ecf5a536-463c-4535-9d2b-2c61dbeef081 req-ecf5a536-463c-4535-9d2b-2c61dbeef081 ] Request (FlavorsExtraSpecsNegativeTestJSON:tearDownClass): 204 DELETE http://10.180.1.21/identity/v3/users/33dc51b66e0e4335935449f55c9c9e53 0.242s
2025-06-20 08:49:40.134 62598 INFO tempest.lib.common.rest_client [req-71f510ec-9cb0-439d-a9a1-2baa1898b738 req-71f510ec-9cb0-439d-a9a1-2baa1898b738 ] Request (ServerGroup264TestJSON:setUpClass): 201 POST http://10.180.1.21/identity/v3/auth/tokens 0.223s
2025-06-20 08:49:40.192 62592 INFO tempest.lib.common.rest_client [req-cf6b401a-1485-48ef-8c85-bc8d634fc3cc req-cf6b401a-1485-48ef-8c85-bc8d634fc3cc ] Request (ServerPasswordTestJSON:setUpClass): 201 POST http://10.180.1.21/identity/v3/auth/tokens 0.278s
2025-06-20 08:49:40.237 62584 INFO tempest.lib.common.rest_client [req-da3c2f03-a92c-421a-afe2-774c85c0d90a req-da3c2f03-a92c-421a-afe2-774c85c0d90a ] Request (ServicesAdminNegativeV253TestJSON:tearDownClass): 204 DELETE http://10.180.1.21/identity/v3/users/5c528b3da03d47ef8cd55d580fcf1d64 0.306s
2025-06-20 08:49:40.250 62596 INFO tempest.lib.common.rest_client [req-4881d818-6bea-4b5c-80a6-26fb79abace4 req-4881d818-6bea-4b5c-80a6-26fb79abace4 ] Request (FlavorsV255TestJSON:tearDownClass): 201 POST http://10.180.1.21/identity/v3/auth/tokens 0.294s
2025-06-20 08:49:40.313 62595 INFO tempest.lib.common.rest_client [req-df174e83-bff8-4881-96ba-6b82d41d20e8 req-df174e83-bff8-4881-96ba-6b82d41d20e8 ] Request (QuotasAdminNegativeTest:setUpClass): 204 PUT http://10.180.1.21/identity/v3/projects/14ec2e37ad5e41eabce59505df588cb8/users/cbb2aac198504091a172fc108c87b204/roles/d6c15935dc734358b6330dd79ccba6b0 0.254s
2025-06-20 08:49:40.313 62595 INFO tempest.lib.common.dynamic_creds [-] Dynamic test user cbb2aac198504091a172fc108c87b204 is created with scope project and roles: ['admin']
2025-06-20 08:49:40.313 62595 INFO tempest.lib.common.dynamic_creds [-] Acquired dynamic creds: credentials: Credentials: {'domain_id': 'default', 'domain_name': 'Default', 'username': 'tempest-QuotasAdminNegativeTest-1029664105-project-admin', 'project_domain_id': 'default', 'project_domain_name': 'Default', 'project_id': '14ec2e37ad5e41eabce59505df588cb8', 'project_name': 'tempest-QuotasAdminNegativeTest-1029664105', 'tenant_id': '14ec2e37ad5e41eabce59505df588cb8', 'tenant_name': 'tempest-QuotasAdminNegativeTest-1029664105', 'user_domain_id': 'default', 'user_domain_name': 'Default', 'user_id': 'cbb2aac198504091a172fc108c87b204', 'system': None}, Network: None, Subnet: None, Router: None
2025-06-20 08:49:40.313 62595 INFO tempest.lib.common.dynamic_creds [-] Created isolated network resources for: credentials: Credentials: {'domain_id': 'default', 'domain_name': 'Default', 'username': 'tempest-QuotasAdminNegativeTest-1029664105-project-admin', 'project_domain_id': 'default', 'project_domain_name': 'Default', 'project_id': '14ec2e37ad5e41eabce59505df588cb8', 'project_name': 'tempest-QuotasAdminNegativeTest-1029664105', 'tenant_id': '14ec2e37ad5e41eabce59505df588cb8', 'tenant_name': 'tempest-QuotasAdminNegativeTest-1029664105', 'user_domain_id': 'default', 'user_domain_name': 'Default', 'user_id': 'cbb2aac198504091a172fc108c87b204', 'system': None}, Network: None, Subnet: None, Router: None
2025-06-20 08:49:40.447 62574 INFO tempest.lib.common.rest_client [req-0fe05d43-89d6-41e8-ab86-a1134dbe7860 req-0fe05d43-89d6-41e8-ab86-a1134dbe7860 ] Request (QuotasAdminTestJSON:test_delete_quota): 200 GET http://10.180.1.21/compute/v2.1/os-quota-sets/b673cda21d354a0babd361a295b956be 2.121s
2025-06-20 08:49:40.477 62606 INFO tempest.lib.common.rest_client [req-5c2a9718-b5af-4314-b153-c0f24f3ae5ad req-5c2a9718-b5af-4314-b153-c0f24f3ae5ad ] Request (FloatingIPsTestJSON:_run_cleanups): 404 DELETE http://10.180.1.21/compute/v2.1/os-floating-ips/8320d979-740e-4708-9be8-b0cdf241ff25 1.796s
2025-06-20 08:49:40.500 62572 INFO tempest.lib.common.rest_client [req-95dd2a64-95b1-416d-b242-c58b7911efc2 req-95dd2a64-95b1-416d-b242-c58b7911efc2 ] Request (FlavorsExtraSpecsNegativeTestJSON:tearDownClass): 204 DELETE http://10.180.1.21/identity/v3/users/e1d1b8d9d3b2485f9134fb418b33d0af 0.367s
2025-06-20 08:49:40.500 62572 INFO tempest.lib.common.dynamic_creds [-] Deleting project and security group for project: f0accf51cf6544629c23ac9d4eb0f0be
2025-06-20 08:49:40.506 62568 INFO tempest.lib.common.rest_client [req-90eee596-0e9d-43b1-afd3-c3f7fb66b7d3 req-90eee596-0e9d-43b1-afd3-c3f7fb66b7d3 ] Request (AggregatesAdminNegativeTestJSON:test_aggregate_add_host_as_user): 403 POST http://10.180.1.21/compute/v2.1/os-aggregates/2/action 1.860s
2025-06-20 08:49:40.514 62560 INFO tempest.lib.common.rest_client [req-2cb7061d-56f6-49c7-9dae-b6e30eddf3db req-2cb7061d-56f6-49c7-9dae-b6e30eddf3db ] Request (KeyPairsNegativeTestJSON:test_keypair_create_with_invalid_pub_key): 400 POST http://10.180.1.21/compute/v2.1/os-keypairs 1.602s
2025-06-20 08:49:40.520 62612 INFO tempest.lib.common.rest_client [req-b2fca4ad-e50f-432c-80a5-44cbb8a1173f req-b2fca4ad-e50f-432c-80a5-44cbb8a1173f ] Request (SecurityGroupRulesNegativeTestJSON:test_create_security_group_rule_with_invalid_id): 400 POST http://10.180.1.21/compute/v2.1/os-security-group-rules 1.514s
2025-06-20 08:49:40.554 62570 INFO tempest.lib.common.rest_client [req-72ceb8a0-8591-48ec-8473-89f339b00ba6 req-72ceb8a0-8591-48ec-8473-89f339b00ba6 ] Request (FlavorsAccessTestJSON:tearDownClass): 200 GET http://10.180.1.21:9696/networking/v2.0/security-groups?tenant_id=2f35c9d0bf38417f9260b8ebcada252f&name=default 0.544s
2025-06-20 08:49:40.557 62592 INFO tempest.lib.common.rest_client [req-7049dec4-73ab-4d24-a226-2c428d01a036 req-7049dec4-73ab-4d24-a226-2c428d01a036 ] Request (ServerPasswordTestJSON:setUpClass): 201 POST http://10.180.1.21/identity/v3/auth/tokens 0.359s
2025-06-20 08:49:40.557 62592 INFO tempest.lib.common.fixed_network [-] (ServerPasswordTestJSON:setUpClass) Found network {'id': '1a1b7b9c-cfe4-4cd3-9a78-226f6664b7de', 'name': 'tempest-ServerPasswordTestJSON-1526919167-network', 'tenant_id': '3f0ddf0d333a4705bb9016302a5370f4', 'admin_state_up': True, 'mtu': 8950, 'status': 'ACTIVE', 'subnets': [], 'shared': False, 'project_id': '3f0ddf0d333a4705bb9016302a5370f4', 'port_security_enabled': True, 'router:external': False, 'provider:network_type': 'vlan', 'provider:physical_network': 'default', 'provider:segmentation_id': 185, 'is_default': False, 'availability_zone_hints': [], 'availability_zones': [], 'ipv4_address_scope': None, 'ipv6_address_scope': None, 'description': '', 'tags': [], 'created_at': '2025-06-20T08:49:34Z', 'updated_at': '2025-06-20T08:49:34Z', 'revision_number': 1} available for tenant
2025-06-20 08:49:40.615 62584 INFO tempest.lib.common.rest_client [req-c6b7760f-9773-4d70-a38f-b8ddd800a965 req-c6b7760f-9773-4d70-a38f-b8ddd800a965 ] Request (ServicesAdminNegativeV253TestJSON:tearDownClass): 204 DELETE http://10.180.1.21/identity/v3/users/6d3d81953ca94c70baf58535753e388e 0.377s
2025-06-20 08:49:40.615 62584 INFO tempest.lib.common.dynamic_creds [-] Deleting project and security group for project: a2c850c314b642c189cf812423de05e1
2025-06-20 08:49:40.644 62600 INFO tempest.lib.common.rest_client [req-45fd4181-e21c-467d-911f-c3eeed59f5a8 req-45fd4181-e21c-467d-911f-c3eeed59f5a8 ] Request (NetworksTest:test_get_network): 200 GET http://10.180.1.21/compute/v2.1/os-networks/5c40dcb3-13bc-47c5-be43-d46bc1379be3 1.661s
2025-06-20 08:49:40.682 62566 INFO tempest.lib.common.rest_client [req-c50bc3ab-45cf-4815-a759-156c6e38b34d req-c50bc3ab-45cf-4815-a759-156c6e38b34d ] Request (TenantUsagesNegativeTestJSON:tearDownClass): 200 GET http://10.180.1.21:9696/networking/v2.0/security-groups?tenant_id=2937ed9915574868bbe85352b7353466&name=default 0.612s
2025-06-20 08:49:40.714 62595 INFO tempest.lib.common.rest_client [req-3737d72c-4765-4013-a805-2d559e3ac627 req-3737d72c-4765-4013-a805-2d559e3ac627 ] Request (QuotasAdminNegativeTest:setUpClass): 201 POST http://10.180.1.21/identity/v3/auth/tokens 0.397s
2025-06-20 08:49:40.715 62595 WARNING tempest.lib.common.rest_client [-] Deprecated: "tenant_id" property is deprecated for removal, use "project_id" instead
2025-06-20 08:49:40.770 62572 INFO tempest.lib.common.rest_client [req-160be761-04d2-44b0-9ebd-82956d440303 req-160be761-04d2-44b0-9ebd-82956d440303 ] Request (FlavorsExtraSpecsNegativeTestJSON:tearDownClass): 201 POST http://10.180.1.21/identity/v3/auth/tokens 0.269s
2025-06-20 08:49:40.798 62584 INFO tempest.lib.common.rest_client [req-089d79cf-dac6-4acc-8a85-308c08c85083 req-089d79cf-dac6-4acc-8a85-308c08c85083 ] Request (ServicesAdminNegativeV253TestJSON:tearDownClass): 201 POST http://10.180.1.21/identity/v3/auth/tokens 0.183s
2025-06-20 08:49:40.913 62574 INFO tempest.lib.common.rest_client [req-2215ce21-ff67-4747-bfe9-cb2770680177 req-2215ce21-ff67-4747-bfe9-cb2770680177 ] Request (QuotasAdminTestJSON:_run_cleanups): 204 DELETE http://10.180.1.21/identity/v3/projects/b673cda21d354a0babd361a295b956be 0.460s
2025-06-20 08:49:40.939 62566 INFO tempest.lib.common.rest_client [req-e5f58f8d-63e7-4e0a-b39e-91204125113d req-e5f58f8d-63e7-4e0a-b39e-91204125113d ] Request (TenantUsagesNegativeTestJSON:tearDownClass): 204 DELETE http://10.180.1.21:9696/networking/v2.0/security-groups/f4e235d8-03fb-43f0-b9c5-df5b564361bb 0.256s
2025-06-20 08:49:41.020 62618 INFO tempest.lib.common.rest_client [req-f7d4eee4-3ec2-4f00-9092-589cd496752f req-f7d4eee4-3ec2-4f00-9092-589cd496752f ] Request (FlavorsV2TestJSON:test_list_flavors_detailed_using_marker): 200 GET http://10.180.1.21/compute/v2.1/flavors/42 1.543s
2025-06-20 08:49:41.073 62570 INFO tempest.lib.common.rest_client [req-7bb83b95-b540-4168-8404-cc62aabe5fe6 req-7bb83b95-b540-4168-8404-cc62aabe5fe6 ] Request (FlavorsAccessTestJSON:tearDownClass): 204 DELETE http://10.180.1.21:9696/networking/v2.0/security-groups/ca6cc6f9-39ec-4164-87d2-12bd4055721d 0.519s
2025-06-20 08:49:41.082 62604 INFO tempest.lib.common.rest_client [req-73d497a4-a40a-483b-a954-82b1c99ee654 req-73d497a4-a40a-483b-a954-82b1c99ee654 ] Request (SecurityGroupsTestAdminJSON:_run_cleanups): 202 DELETE http://10.180.1.21/compute/v2.1/os-security-groups/807a23df-4d00-4ec5-9fa7-85e53012afc6 1.774s
2025-06-20 08:49:41.137 62566 INFO tempest.lib.common.rest_client [req-34e180d8-968f-42b5-88ad-c2a9593c979f req-34e180d8-968f-42b5-88ad-c2a9593c979f ] Request (TenantUsagesNegativeTestJSON:tearDownClass): 204 DELETE http://10.180.1.21/identity/v3/projects/2937ed9915574868bbe85352b7353466 0.197s
2025-06-20 08:49:41.137 62566 INFO tempest.lib.common.dynamic_creds [-] Deleting project and security group for project: 26db5d8fd2714d25819656e32c8d24f9
2025-06-20 08:49:41.148 62570 INFO tempest.lib.common.rest_client [req-12f367aa-b2cc-4e9f-be8d-68bacad5bd5b req-12f367aa-b2cc-4e9f-be8d-68bacad5bd5b ] Request (FlavorsAccessTestJSON:tearDownClass): 204 DELETE http://10.180.1.21/identity/v3/projects/2f35c9d0bf38417f9260b8ebcada252f 0.074s
2025-06-20 08:49:41.148 62570 INFO tempest.lib.common.dynamic_creds [-] Deleting project and security group for project: 20e943ed85b148389cf59e4886eacd1c
2025-06-20 08:49:41.227 62596 INFO tempest.lib.common.rest_client [req-5a741d2c-f6d2-45aa-9bbc-cd3c9267d347 req-5a741d2c-f6d2-45aa-9bbc-cd3c9267d347 ] Request (FlavorsV255TestJSON:tearDownClass): 200 GET http://10.180.1.21:9696/networking/v2.0/security-groups?tenant_id=0a913a6a28c9451a8094bb29cc4f46b5&name=default 0.976s
2025-06-20 08:49:41.563 62608 INFO tempest.lib.common.rest_client [req-133b40e0-1427-45db-9022-2476588a9a05 req-133b40e0-1427-45db-9022-2476588a9a05 ] Request (DeleteServersAdminTestJSON:test_admin_delete_servers_of_others): 200 GET http://10.180.1.21/compute/v2.1/servers/f7649ec5-2e21-41e6-bb9f-e8243ea9f9ca 2.027s
2025-06-20 08:49:41.579 62562 INFO tempest.lib.common.rest_client [req-bba9acf2-04d6-485e-9d30-2a756f82599e req-bba9acf2-04d6-485e-9d30-2a756f82599e ] Request (FloatingIPsAssociationTestJSON:setUpClass): 200 GET http://10.180.1.21/compute/v2.1/servers/3c2449ca-daca-4078-ac78-dad7714f5f07 1.964s
2025-06-20 08:49:41.591 62562 INFO tempest.common.waiters [-] State transition "BUILD/None" ==> "BUILD/block_device_mapping" after 5 second wait
2025-06-20 08:49:41.601 62578 INFO tempest.lib.common.rest_client [req-07506f6f-4673-4969-8f44-e32c0c2efcd9 req-07506f6f-4673-4969-8f44-e32c0c2efcd9 ] Request (FlavorsExtraSpecsTestJSON:test_flavor_set_get_update_show_unset_keys): 200 DELETE http://10.180.1.21/compute/v2.1/flavors/415377023/os-extra_specs/hw:cpu_policy 1.791s
2025-06-20 08:49:41.620 62620 INFO tempest.lib.common.rest_client [req-1dba1714-4669-4de6-9478-8b48ba0066b8 req-1dba1714-4669-4de6-9478-8b48ba0066b8 ] Request (FlavorsAccessNegativeTestJSON:_run_cleanups): 200 GET http://10.180.1.21/compute/v2.1/flavors/detail 1.795s
2025-06-20 08:49:41.663 62586 INFO tempest.lib.common.rest_client [req-19d0f369-970c-4eeb-b456-a18d04b1f949 req-19d0f369-970c-4eeb-b456-a18d04b1f949 ] Request (KeyPairsV2TestJSON:test_keypair_create_with_pub_key): 200 POST http://10.180.1.21/compute/v2.1/os-keypairs 1.820s
2025-06-20 08:49:41.673 62588 INFO tempest.lib.common.rest_client [req-b07ff99f-43f1-453a-804b-5249ce9e68ae req-b07ff99f-43f1-453a-804b-5249ce9e68ae ] Request (HypervisorAdminNegativeUnderV252Test:test_show_servers_with_nonexistent_hypervisor): 404 GET http://10.180.1.21/compute/v2.1/os-hypervisors/cf6ebb74-83aa-4bb8-9bac-cc1b74ee4ef2/servers 1.820s
2025-06-20 08:49:41.678 62570 INFO tempest.lib.common.rest_client [req-3791e950-d3aa-4747-b867-971451433929 req-3791e950-d3aa-4747-b867-971451433929 ] Request (FlavorsAccessTestJSON:tearDownClass): 200 GET http://10.180.1.21:9696/networking/v2.0/security-groups?tenant_id=20e943ed85b148389cf59e4886eacd1c&name=default 0.530s
2025-06-20 08:49:41.709 62616 INFO tempest.lib.common.rest_client [req-594d7710-b1ec-43a0-bc2a-a8752b889f2b req-594d7710-b1ec-43a0-bc2a-a8752b889f2b ] Request (ValidationResourcesFixture:setUp): 200 POST http://10.180.1.21/compute/v2.1/os-keypairs 1.838s
2025-06-20 08:49:41.725 62584 INFO tempest.lib.common.rest_client [req-06ee79d5-dd73-44b4-a48c-3b3eb96dea9d req-06ee79d5-dd73-44b4-a48c-3b3eb96dea9d ] Request (ServicesAdminNegativeV253TestJSON:tearDownClass): 200 GET http://10.180.1.21:9696/networking/v2.0/security-groups?tenant_id=a2c850c314b642c189cf812423de05e1&name=default 0.927s
2025-06-20 08:49:41.773 62572 INFO tempest.lib.common.rest_client [req-b1ce2851-5317-44fe-8206-4a990776f54e req-b1ce2851-5317-44fe-8206-4a990776f54e ] Request (FlavorsExtraSpecsNegativeTestJSON:tearDownClass): 200 GET http://10.180.1.21:9696/networking/v2.0/security-groups?tenant_id=f0accf51cf6544629c23ac9d4eb0f0be&name=default 1.003s
2025-06-20 08:49:41.804 62566 INFO tempest.lib.common.rest_client [req-9717b974-d8b5-4bdb-875c-aa54789dd142 req-9717b974-d8b5-4bdb-875c-aa54789dd142 ] Request (TenantUsagesNegativeTestJSON:tearDownClass): 200 GET http://10.180.1.21:9696/networking/v2.0/security-groups?tenant_id=26db5d8fd2714d25819656e32c8d24f9&name=default 0.667s
2025-06-20 08:49:41.881 62588 INFO tempest.lib.common.rest_client [req-816e0230-7562-4c5d-a198-4e3c1f3d80db req-816e0230-7562-4c5d-a198-4e3c1f3d80db ] Request (HypervisorAdminNegativeUnderV252Test:tearDownClass): 204 DELETE http://10.180.1.21/identity/v3/users/b97c4e583a2446b78e727ee950cb1080 0.206s
2025-06-20 08:49:41.897 62596 INFO tempest.lib.common.rest_client [req-50826a19-66c5-4f4d-8748-ada94aa0cf64 req-50826a19-66c5-4f4d-8748-ada94aa0cf64 ] Request (FlavorsV255TestJSON:tearDownClass): 204 DELETE http://10.180.1.21:9696/networking/v2.0/security-groups/c2d3b11b-e269-41d0-a53f-97fd607375ad 0.670s
2025-06-20 08:49:42.031 62596 INFO tempest.lib.common.rest_client [req-f3edea57-f152-414f-b920-c81708d1d760 req-f3edea57-f152-414f-b920-c81708d1d760 ] Request (FlavorsV255TestJSON:tearDownClass): 204 DELETE http://10.180.1.21/identity/v3/projects/0a913a6a28c9451a8094bb29cc4f46b5 0.133s
2025-06-20 08:49:42.031 62596 INFO tempest.lib.common.dynamic_creds [-] Deleting project and security group for project: d6ce8138f6714021b8ae14b30ecb2216
2025-06-20 08:49:42.034 62588 INFO tempest.lib.common.rest_client [req-ea825955-d1dc-48d8-9d1d-d37e7ff1520f req-ea825955-d1dc-48d8-9d1d-d37e7ff1520f ] Request (HypervisorAdminNegativeUnderV252Test:tearDownClass): 204 DELETE http://10.180.1.21/identity/v3/users/4d85a6383e2a4dda850694e7089aa770 0.152s
2025-06-20 08:49:42.034 62588 INFO tempest.lib.common.dynamic_creds [-] Deleting project and security group for project: 0be7319ee282481d995a49b233aa11ea
2025-06-20 08:49:42.074 62572 INFO tempest.lib.common.rest_client [req-b8cb49da-66b7-4bc3-ab0e-2f529cc810b2 req-b8cb49da-66b7-4bc3-ab0e-2f529cc810b2 ] Request (FlavorsExtraSpecsNegativeTestJSON:tearDownClass): 204 DELETE http://10.180.1.21:9696/networking/v2.0/security-groups/3b0ebfde-6126-4b33-9f2f-cda5be20d34d 0.300s
2025-06-20 08:49:42.088 62566 INFO tempest.lib.common.rest_client [req-9c8f2958-427c-47e5-84b6-a8e842397bb6 req-9c8f2958-427c-47e5-84b6-a8e842397bb6 ] Request (TenantUsagesNegativeTestJSON:tearDownClass): 204 DELETE http://10.180.1.21:9696/networking/v2.0/security-groups/75efbec3-fb9a-48c4-a0fc-b7a82a9a1ede 0.283s
2025-06-20 08:49:42.091 62614 INFO tempest.lib.common.rest_client [req-fdbba8a9-3b7c-473c-9742-0dc1dff347fb req-fdbba8a9-3b7c-473c-9742-0dc1dff347fb ] Request (ImagesTestJSON:test_create_image_from_stopped_server): 200 GET http://10.180.1.21/compute/v2.1/servers/0c922d57-f833-45c5-90d7-88b694bd274e 2.439s
2025-06-20 08:49:42.103 62588 INFO tempest.lib.common.rest_client [req-9e27292d-601c-4cea-93e6-70f50c58462f req-9e27292d-601c-4cea-93e6-70f50c58462f ] Request (HypervisorAdminNegativeUnderV252Test:tearDownClass): 201 POST http://10.180.1.21/identity/v3/auth/tokens 0.069s
2025-06-20 08:49:42.121 62610 INFO tempest.lib.common.rest_client [req-cc8a2e4a-b6a9-468e-8c06-fe91f0690681 req-cc8a2e4a-b6a9-468e-8c06-fe91f0690681 ] Request (HypervisorAdminNegativeTestJSON:test_show_hypervisor_with_non_admin_user): 200 GET http://10.180.1.21/compute/v2.1/os-hypervisors 2.182s
2025-06-20 08:49:42.140 62590 INFO tempest.lib.common.rest_client [req-c72d021e-b47d-4e29-83e2-3e4f961197f2 req-c72d021e-b47d-4e29-83e2-3e4f961197f2 ] Request (FlavorsAdminTestJSON:test_create_flavor_with_none_id): 200 POST http://10.180.1.21/compute/v2.1/flavors 2.180s
2025-06-20 08:49:42.159 62566 INFO tempest.lib.common.rest_client [req-8b386406-df95-4532-9af7-c1e8494ba310 req-8b386406-df95-4532-9af7-c1e8494ba310 ] Request (TenantUsagesNegativeTestJSON:tearDownClass): 204 DELETE http://10.180.1.21/identity/v3/projects/26db5d8fd2714d25819656e32c8d24f9 0.071s
2025-06-20 08:49:42.186 62596 INFO tempest.lib.common.rest_client [req-b80dbd4a-4bfc-4c43-9185-dc0f23eab81a req-b80dbd4a-4bfc-4c43-9185-dc0f23eab81a ] Request (FlavorsV255TestJSON:tearDownClass): 200 GET http://10.180.1.21:9696/networking/v2.0/security-groups?tenant_id=d6ce8138f6714021b8ae14b30ecb2216&name=default 0.154s
2025-06-20 08:49:42.190 62572 INFO tempest.lib.common.rest_client [req-3af0ddcc-74e1-4515-a66e-bf21e91f081d req-3af0ddcc-74e1-4515-a66e-bf21e91f081d ] Request (FlavorsExtraSpecsNegativeTestJSON:tearDownClass): 204 DELETE http://10.180.1.21/identity/v3/projects/f0accf51cf6544629c23ac9d4eb0f0be 0.116s
2025-06-20 08:49:42.190 62572 INFO tempest.lib.common.dynamic_creds [-] Deleting project and security group for project: 43807b289c14476bb18aa4bdbd810bc0
2025-06-20 08:49:42.197 62576 INFO tempest.lib.common.rest_client [req-80728404-4a42-41f5-90e7-32422459d970 req-80728404-4a42-41f5-90e7-32422459d970 ] Request (ServerExternalEventsTest:test_create_server_external_events): 200 GET http://10.180.1.21/compute/v2.1/servers/10e5af88-8314-46f2-976f-bf52ecb999e3 2.288s
2025-06-20 08:49:42.244 62566 INFO tempest.lib.common.rest_client [req-4dcc6eef-6e14-47cc-a4b3-baa68699894b req-4dcc6eef-6e14-47cc-a4b3-baa68699894b ] Request (VolumesAdminNegativeTest:setUpClass): 201 POST http://10.180.1.21/identity/v3/auth/tokens 0.082s
2025-06-20 08:49:42.274 62570 INFO tempest.lib.common.rest_client [req-d29590c1-efaf-46e3-9747-5534356607c4 req-d29590c1-efaf-46e3-9747-5534356607c4 ] Request (FlavorsAccessTestJSON:tearDownClass): 204 DELETE http://10.180.1.21:9696/networking/v2.0/security-groups/47de7d32-65c2-4d35-bab3-f6d75aea63c0 0.595s
2025-06-20 08:49:42.291 62566 INFO tempest.lib.common.rest_client [req-de3eeff9-0dac-4ae2-8164-8fd387ae5b97 req-de3eeff9-0dac-4ae2-8164-8fd387ae5b97 ] Request (VolumesAdminNegativeTest:setUpClass): 201 POST http://10.180.1.21/identity/v3/auth/tokens 0.044s
2025-06-20 08:49:42.304 62584 INFO tempest.lib.common.rest_client [req-3ed8f8b5-ab87-4058-9286-d2f0f03000df req-3ed8f8b5-ab87-4058-9286-d2f0f03000df ] Request (ServicesAdminNegativeV253TestJSON:tearDownClass): 204 DELETE http://10.180.1.21:9696/networking/v2.0/security-groups/848876ce-6ee4-4a8c-aac0-2b8f00951d51 0.578s
2025-06-20 08:49:42.326 62596 INFO tempest.lib.common.rest_client [req-4de7c0f4-8e01-4cb7-8744-4d5dbee82b14 req-4de7c0f4-8e01-4cb7-8744-4d5dbee82b14 ] Request (FlavorsV255TestJSON:tearDownClass): 204 DELETE http://10.180.1.21:9696/networking/v2.0/security-groups/69b42d1a-683e-4354-8003-e7313d1aaf66 0.140s
2025-06-20 08:49:42.327 62616 INFO tempest.lib.common.rest_client [req-34f597b7-45b1-48c4-8e9c-ac52084b695b req-34f597b7-45b1-48c4-8e9c-ac52084b695b ] Request (ValidationResourcesFixture:setUp): 201 POST http://10.180.1.21:9696/networking/v2.0/security-groups 0.615s
2025-06-20 08:49:42.357 62570 INFO tempest.lib.common.rest_client [req-f3d7ede5-40bd-49f7-b6f2-37ef60d08de0 req-f3d7ede5-40bd-49f7-b6f2-37ef60d08de0 ] Request (FlavorsAccessTestJSON:tearDownClass): 204 DELETE http://10.180.1.21/identity/v3/projects/20e943ed85b148389cf59e4886eacd1c 0.082s
2025-06-20 08:49:42.414 62566 INFO tempest.lib.common.rest_client [req-df7ccbfb-b8e4-4882-8a8b-5c9169993cb2 req-df7ccbfb-b8e4-4882-8a8b-5c9169993cb2 ] Request (VolumesAdminNegativeTest:setUpClass): 200 GET http://10.180.1.21/identity/v3/domains?name=Default 0.122s
2025-06-20 08:49:42.430 62572 INFO tempest.lib.common.rest_client [req-21499e0f-9bdd-49be-90e8-44e033e7bdd8 req-21499e0f-9bdd-49be-90e8-44e033e7bdd8 ] Request (FlavorsExtraSpecsNegativeTestJSON:tearDownClass): 200 GET http://10.180.1.21:9696/networking/v2.0/security-groups?tenant_id=43807b289c14476bb18aa4bdbd810bc0&name=default 0.239s
2025-06-20 08:49:42.444 62598 INFO tempest.lib.common.rest_client [req-b0da8d11-15ac-42fc-8a60-6a63dcd92dec req-b0da8d11-15ac-42fc-8a60-6a63dcd92dec ] Request (ServerGroup264TestJSON:test_create_get_server_group): 200 POST http://10.180.1.21/compute/v2.1/os-server-groups 2.308s
2025-06-20 08:49:42.464 62584 INFO tempest.lib.common.rest_client [req-3c16cc01-cba9-49fc-a45c-02c31dd513fb req-3c16cc01-cba9-49fc-a45c-02c31dd513fb ] Request (ServicesAdminNegativeV253TestJSON:tearDownClass): 204 DELETE http://10.180.1.21/identity/v3/projects/a2c850c314b642c189cf812423de05e1 0.160s
2025-06-20 08:49:42.465 62584 INFO tempest.lib.common.dynamic_creds [-] Deleting project and security group for project: 4870cdfc0f884c41b654c87853e8e3e1
2025-06-20 08:49:42.474 62568 INFO tempest.lib.common.rest_client [req-7c3a5c10-3fe7-4581-9f9d-d28e1fde7e45 req-7c3a5c10-3fe7-4581-9f9d-d28e1fde7e45 ] Request (AggregatesAdminNegativeTestJSON:_run_cleanups): 200 DELETE http://10.180.1.21/compute/v2.1/os-aggregates/2 1.968s
2025-06-20 08:49:42.491 62560 INFO tempest.lib.common.rest_client [req-5df14a63-359f-4b61-9141-1640f4a0ee56 req-5df14a63-359f-4b61-9141-1640f4a0ee56 ] Request (KeyPairsNegativeTestJSON:test_keypair_delete_nonexistent_key): 404 DELETE http://10.180.1.21/compute/v2.1/os-keypairs/tempest-keypair-non-existent-1405118737 1.975s
2025-06-20 08:49:42.510 62596 INFO tempest.lib.common.rest_client [req-59cda7d9-fcbd-49c4-88d7-fa3ca6dd4a42 req-59cda7d9-fcbd-49c4-88d7-fa3ca6dd4a42 ] Request (FlavorsV255TestJSON:tearDownClass): 204 DELETE http://10.180.1.21/identity/v3/projects/d6ce8138f6714021b8ae14b30ecb2216 0.183s
2025-06-20 08:49:42.511 62596 INFO tempest.test [-] raised in LiveAutoBlockMigrationV225Test.setUpClass. Invoking tearDownClass.
2025-06-20 08:49:42.530 62588 INFO tempest.lib.common.rest_client [req-8b6d82b7-d73d-4585-aa45-1eaddb590331 req-8b6d82b7-d73d-4585-aa45-1eaddb590331 ] Request (HypervisorAdminNegativeUnderV252Test:tearDownClass): 200 GET http://10.180.1.21:9696/networking/v2.0/security-groups?tenant_id=0be7319ee282481d995a49b233aa11ea&name=default 0.426s
2025-06-20 08:49:42.541 62570 INFO tempest.lib.common.rest_client [req-182168f6-a79e-4083-9e74-3c11a961066a req-182168f6-a79e-4083-9e74-3c11a961066a ] Request (QuotasAdminTestV257:setUpClass): 201 POST http://10.180.1.21/identity/v3/auth/tokens 0.180s
2025-06-20 08:49:42.551 62616 INFO tempest.lib.common.rest_client [req-55f568fa-8df0-44fa-a6af-ca9a0f86aca1 req-55f568fa-8df0-44fa-a6af-ca9a0f86aca1 ] Request (ValidationResourcesFixture:setUp): 201 POST http://10.180.1.21:9696/networking/v2.0/security-group-rules 0.223s
2025-06-20 08:49:42.606 62566 INFO tempest.lib.common.rest_client [req-1cfe1453-cea2-4887-a83e-d195eb3abc18 req-1cfe1453-cea2-4887-a83e-d195eb3abc18 ] Request (VolumesAdminNegativeTest:setUpClass): 201 POST http://10.180.1.21/identity/v3/projects 0.191s
2025-06-20 08:49:42.648 62560 INFO tempest.lib.common.rest_client [req-dcfa969e-d267-426d-ad8e-30771a13fcc3 req-dcfa969e-d267-426d-ad8e-30771a13fcc3 ] Request (KeyPairsNegativeTestJSON:tearDownClass): 204 DELETE http://10.180.1.21/identity/v3/users/2a5299c9a16d44b8a55ae1e035de1269 0.152s
2025-06-20 08:49:42.648 62560 INFO tempest.lib.common.dynamic_creds [-] Deleting project and security group for project: 2ed51575bf2446de9b2fe80c886986b7
2025-06-20 08:49:42.677 62596 INFO tempest.lib.common.rest_client [req-ce4842d8-7df8-4126-a4ee-cc8fb9fd8393 req-ce4842d8-7df8-4126-a4ee-cc8fb9fd8393 ] Request (ServerDiagnosticsTest:setUpClass): 201 POST http://10.180.1.21/identity/v3/auth/tokens 0.162s
2025-06-20 08:49:42.689 62584 INFO tempest.lib.common.rest_client [req-f1339a7e-3653-4cc7-bcf4-2d07818041f4 req-f1339a7e-3653-4cc7-bcf4-2d07818041f4 ] Request (ServicesAdminNegativeV253TestJSON:tearDownClass): 200 GET http://10.180.1.21:9696/networking/v2.0/security-groups?tenant_id=4870cdfc0f884c41b654c87853e8e3e1&name=default 0.224s
2025-06-20 08:49:42.712 62570 INFO tempest.lib.common.rest_client [req-24222afb-50c3-46eb-adb6-5aab992bd230 req-24222afb-50c3-46eb-adb6-5aab992bd230 ] Request (QuotasAdminTestV257:setUpClass): 201 POST http://10.180.1.21/identity/v3/auth/tokens 0.168s
2025-06-20 08:49:42.730 62616 INFO tempest.lib.common.rest_client [req-3382ff82-d889-4e0e-b21e-257cc7d9b729 req-3382ff82-d889-4e0e-b21e-257cc7d9b729 ] Request (ValidationResourcesFixture:setUp): 201 POST http://10.180.1.21:9696/networking/v2.0/security-group-rules 0.178s
2025-06-20 08:49:42.735 62560 INFO tempest.lib.common.rest_client [req-c768fbe9-cc1a-49a0-b7d8-8a3b4cbf18b0 req-c768fbe9-cc1a-49a0-b7d8-8a3b4cbf18b0 ] Request (KeyPairsNegativeTestJSON:tearDownClass): 201 POST http://10.180.1.21/identity/v3/auth/tokens 0.087s
2025-06-20 08:49:42.746 62566 INFO tempest.lib.common.rest_client [req-ef08d4c4-1687-42c0-9282-7f2b1305284c req-ef08d4c4-1687-42c0-9282-7f2b1305284c ] Request (VolumesAdminNegativeTest:setUpClass): 201 POST http://10.180.1.21/identity/v3/users 0.139s
2025-06-20 08:49:42.761 62572 INFO tempest.lib.common.rest_client [req-09c19db3-6476-4eda-9a20-7a7d0614be55 req-09c19db3-6476-4eda-9a20-7a7d0614be55 ] Request (FlavorsExtraSpecsNegativeTestJSON:tearDownClass): 204 DELETE http://10.180.1.21:9696/networking/v2.0/security-groups/efebd281-332b-42ef-9ef4-46e7415b93ed 0.331s
2025-06-20 08:49:42.764 62596 INFO tempest.lib.common.rest_client [req-579e80bc-8c18-40b9-8a5b-d2fa86002a7d req-579e80bc-8c18-40b9-8a5b-d2fa86002a7d ] Request (ServerDiagnosticsTest:setUpClass): 201 POST http://10.180.1.21/identity/v3/auth/tokens 0.085s
2025-06-20 08:49:42.768 62570 INFO tempest.lib.common.rest_client [req-9df1d66c-b76d-4164-9a0d-3bc5751e8df5 req-9df1d66c-b76d-4164-9a0d-3bc5751e8df5 ] Request (QuotasAdminTestV257:setUpClass): 200 GET http://10.180.1.21/identity/v3/domains?name=Default 0.056s
2025-06-20 08:49:42.781 62566 INFO tempest.lib.common.rest_client [req-b6f0bf30-7b56-4dc4-b98a-fb6cdb145df1 req-b6f0bf30-7b56-4dc4-b98a-fb6cdb145df1 ] Request (VolumesAdminNegativeTest:setUpClass): 200 GET http://10.180.1.21/identity/v3/roles 0.035s
2025-06-20 08:49:42.835 62572 INFO tempest.lib.common.rest_client [req-70656185-c98d-43b4-801c-67a88b9f3283 req-70656185-c98d-43b4-801c-67a88b9f3283 ] Request (FlavorsExtraSpecsNegativeTestJSON:tearDownClass): 204 DELETE http://10.180.1.21/identity/v3/projects/43807b289c14476bb18aa4bdbd810bc0 0.073s
2025-06-20 08:49:42.839 62584 INFO tempest.lib.common.rest_client [req-46745194-c812-4ae1-aa03-a21ae16256e9 req-46745194-c812-4ae1-aa03-a21ae16256e9 ] Request (ServicesAdminNegativeV253TestJSON:tearDownClass): 204 DELETE http://10.180.1.21:9696/networking/v2.0/security-groups/02061e39-5feb-49f5-a52f-745a4d5f3f00 0.149s
2025-06-20 08:49:42.862 62588 INFO tempest.lib.common.rest_client [req-eb9f2fbb-2c0f-4192-a7a4-7d579fe309a6 req-eb9f2fbb-2c0f-4192-a7a4-7d579fe309a6 ] Request (HypervisorAdminNegativeUnderV252Test:tearDownClass): 204 DELETE http://10.180.1.21:9696/networking/v2.0/security-groups/eeedaa2d-df82-4089-956c-9b9a09ae1f1e 0.331s
2025-06-20 08:49:42.876 62596 INFO tempest.lib.common.rest_client [req-f3adb054-abd6-4796-9a6d-22f49ed4e12a req-f3adb054-abd6-4796-9a6d-22f49ed4e12a ] Request (ServerDiagnosticsTest:setUpClass): 200 GET http://10.180.1.21/identity/v3/domains?name=Default 0.112s
2025-06-20 08:49:42.882 62612 INFO tempest.lib.common.rest_client [req-0968dd74-3c06-4395-822b-0bdc2c29687c req-0968dd74-3c06-4395-822b-0bdc2c29687c ] Request (SecurityGroupRulesNegativeTestJSON:test_create_security_group_rule_with_invalid_ip_protocol): 200 POST http://10.180.1.21/compute/v2.1/os-security-groups 2.361s
2025-06-20 08:49:42.893 62570 INFO tempest.lib.common.rest_client [req-9f652c2f-6161-444f-bd78-2bfdd874ddd1 req-9f652c2f-6161-444f-bd78-2bfdd874ddd1 ] Request (QuotasAdminTestV257:setUpClass): 201 POST http://10.180.1.21/identity/v3/projects 0.125s
2025-06-20 08:49:42.922 62566 INFO tempest.lib.common.rest_client [req-fe057b4b-722a-46c0-88cc-704509f4d773 req-fe057b4b-722a-46c0-88cc-704509f4d773 ] Request (VolumesAdminNegativeTest:setUpClass): 204 PUT http://10.180.1.21/identity/v3/projects/e265b4c9de2540559e8c8b0a269f15ad/users/61012a504abe4a2e85ea526cc66787a1/roles/a7e58c0f44e64223ab33d9a80477d18a 0.140s
2025-06-20 08:49:42.923 62566 INFO tempest.lib.common.dynamic_creds [-] Dynamic test user 61012a504abe4a2e85ea526cc66787a1 is created with scope project and roles: ['member']
2025-06-20 08:49:42.923 62566 INFO tempest.lib.common.dynamic_creds [-] Acquired dynamic creds: credentials: Credentials: {'domain_id': 'default', 'domain_name': 'Default', 'username': 'tempest-VolumesAdminNegativeTest-1556279164-project-member', 'project_domain_id': 'default', 'project_domain_name': 'Default', 'project_id': 'e265b4c9de2540559e8c8b0a269f15ad', 'project_name': 'tempest-VolumesAdminNegativeTest-1556279164', 'tenant_id': 'e265b4c9de2540559e8c8b0a269f15ad', 'tenant_name': 'tempest-VolumesAdminNegativeTest-1556279164', 'user_domain_id': 'default', 'user_domain_name': 'Default', 'user_id': '61012a504abe4a2e85ea526cc66787a1', 'system': None}, Network: None, Subnet: None, Router: None
2025-06-20 08:49:42.958 62572 INFO tempest.lib.common.rest_client [req-a330c188-bf62-4b03-a64e-a315f2cc2be8 req-a330c188-bf62-4b03-a64e-a315f2cc2be8 ] Request (MigrationsAdminTest:setUpClass): 201 POST http://10.180.1.21/identity/v3/auth/tokens 0.121s
2025-06-20 08:49:43.018 62582 INFO tempest.lib.common.rest_client [req-78915fce-04a2-43d8-bd70-e55503c1443e req-78915fce-04a2-43d8-bd70-e55503c1443e ] Request (VolumesAssistedSnapshotsTest:test_volume_assisted_snapshot_create_delete): 202 POST http://10.180.1.21/compute/v2.1/servers 3.002s
2025-06-20 08:49:43.045 62560 INFO tempest.lib.common.rest_client [req-27670341-b149-4b66-83a2-cce0a8810d70 req-27670341-b149-4b66-83a2-cce0a8810d70 ] Request (KeyPairsNegativeTestJSON:tearDownClass): 200 GET http://10.180.1.21:9696/networking/v2.0/security-groups?tenant_id=2ed51575bf2446de9b2fe80c886986b7&name=default 0.310s
2025-06-20 08:49:43.051 62588 INFO tempest.lib.common.rest_client [req-ef5adecf-4fde-4805-be16-09049fafedef req-ef5adecf-4fde-4805-be16-09049fafedef ] Request (HypervisorAdminNegativeUnderV252Test:tearDownClass): 204 DELETE http://10.180.1.21/identity/v3/projects/0be7319ee282481d995a49b233aa11ea 0.186s
2025-06-20 08:49:43.051 62588 INFO tempest.lib.common.dynamic_creds [-] Deleting project and security group for project: 7ed2086273814011b19d8f575f925785
2025-06-20 08:49:43.051 62584 INFO tempest.lib.common.rest_client [req-f0b4ea6e-5f61-4736-aa9c-4d38b9e2a365 req-f0b4ea6e-5f61-4736-aa9c-4d38b9e2a365 ] Request (ServicesAdminNegativeV253TestJSON:tearDownClass): 204 DELETE http://10.180.1.21/identity/v3/projects/4870cdfc0f884c41b654c87853e8e3e1 0.212s
2025-06-20 08:49:43.053 62584 INFO tempest.test [-] raised in TestVolumeSwap.setUpClass. Invoking tearDownClass.
2025-06-20 08:49:43.158 62596 INFO tempest.lib.common.rest_client [req-30b0778b-04bd-4ce6-97cb-86e872ae64fb req-30b0778b-04bd-4ce6-97cb-86e872ae64fb ] Request (ServerDiagnosticsTest:setUpClass): 201 POST http://10.180.1.21/identity/v3/projects 0.280s
2025-06-20 08:49:43.170 62570 INFO tempest.lib.common.rest_client [req-88d85951-ed31-4995-9c2e-55269de278df req-88d85951-ed31-4995-9c2e-55269de278df ] Request (QuotasAdminTestV257:setUpClass): 201 POST http://10.180.1.21/identity/v3/users 0.276s
2025-06-20 08:49:43.176 62600 INFO tempest.lib.common.rest_client [req-a51b31a5-be08-4b5b-8962-d302fddae8a5 req-a51b31a5-be08-4b5b-8962-d302fddae8a5 ] Request (NetworksTest:test_list_all_networks): 200 GET http://10.180.1.21/compute/v2.1/os-networks 2.529s
2025-06-20 08:49:43.185 62606 INFO tempest.lib.common.rest_client [req-3ac324a2-3ca7-476d-9c2c-d926bc19a0bd req-3ac324a2-3ca7-476d-9c2c-d926bc19a0bd ] Request (FloatingIPsTestJSON:tearDownClass): 200 PUT http://10.180.1.21:9696/networking/v2.0/routers/a59cd4ce-08b9-4999-b6a9-c91e8d78bd45/remove_router_interface 2.705s
2025-06-20 08:49:43.233 62572 INFO tempest.lib.common.rest_client [req-cb40196a-4cde-4faa-9104-f82fba3c6ef9 req-cb40196a-4cde-4faa-9104-f82fba3c6ef9 ] Request (MigrationsAdminTest:setUpClass): 201 POST http://10.180.1.21/identity/v3/auth/tokens 0.271s
2025-06-20 08:49:43.253 62566 INFO tempest.lib.common.rest_client [req-b74f9daf-1984-44d7-b32e-f4815ac227f2 req-b74f9daf-1984-44d7-b32e-f4815ac227f2 ] Request (VolumesAdminNegativeTest:setUpClass): 201 POST http://10.180.1.21/identity/v3/auth/tokens 0.329s
2025-06-20 08:49:43.259 62584 INFO tempest.lib.common.rest_client [req-5ccd1071-ddfa-4b1e-8f8a-1ee2e64c9220 req-5ccd1071-ddfa-4b1e-8f8a-1ee2e64c9220 ] Request (AbsoluteLimitsTestJSON:setUpClass): 201 POST http://10.180.1.21/identity/v3/auth/tokens 0.203s
2025-06-20 08:49:43.275 62570 INFO tempest.lib.common.rest_client [req-e80adf6a-ca84-4351-a11e-ab4421f35af8 req-e80adf6a-ca84-4351-a11e-ab4421f35af8 ] Request (QuotasAdminTestV257:setUpClass): 200 GET http://10.180.1.21/identity/v3/roles 0.104s
2025-06-20 08:49:43.277 62596 INFO tempest.lib.common.rest_client [req-a006f59f-ef65-4023-bc17-9454bd99ea12 req-a006f59f-ef65-4023-bc17-9454bd99ea12 ] Request (ServerDiagnosticsTest:setUpClass): 201 POST http://10.180.1.21/identity/v3/users 0.118s
2025-06-20 08:49:43.278 62564 INFO tempest.lib.common.rest_client [req-05978164-ec11-413c-a254-9e452400ac18 req-05978164-ec11-413c-a254-9e452400ac18 ] Request (ServersAdmin275Test:test_rebuild_update_server_275): 200 GET http://10.180.1.21/compute/v2.1/servers/0a5b0116-aeed-45f7-bf6a-9322cd5e5257 2.619s
2025-06-20 08:49:43.289 62564 INFO tempest.common.waiters [-] State transition "REBUILD/rebuilding" ==> "REBUILD/rebuild_spawning" after 4 second wait
2025-06-20 08:49:43.308 62572 INFO tempest.lib.common.rest_client [req-18840ad6-0dad-41ed-a5ad-d4708104eabd req-18840ad6-0dad-41ed-a5ad-d4708104eabd ] Request (MigrationsAdminTest:setUpClass): 200 GET http://10.180.1.21/identity/v3/domains?name=Default 0.074s
2025-06-20 08:49:43.390 62584 INFO tempest.lib.common.rest_client [req-3d25524f-fc49-4262-8948-4dac36c40eeb req-3d25524f-fc49-4262-8948-4dac36c40eeb ] Request (AbsoluteLimitsTestJSON:setUpClass): 201 POST http://10.180.1.21/identity/v3/auth/tokens 0.128s
2025-06-20 08:49:43.393 62600 INFO tempest.lib.common.rest_client [req-67099ad7-655e-47bb-8383-c23bbcad45f9 req-67099ad7-655e-47bb-8383-c23bbcad45f9 ] Request (NetworksTest:tearDownClass): 204 DELETE http://10.180.1.21/identity/v3/users/c08904aeb75940e49aaa5e18f9a5312e 0.215s
2025-06-20 08:49:43.446 62560 INFO tempest.lib.common.rest_client [req-471be1a1-d89a-411a-a9f2-7fafe4bed290 req-471be1a1-d89a-411a-a9f2-7fafe4bed290 ] Request (KeyPairsNegativeTestJSON:tearDownClass): 204 DELETE http://10.180.1.21:9696/networking/v2.0/security-groups/7612ab01-16b7-41e6-94ec-07e6637cc2d8 0.400s
