2025-06-20 08:50:50.603 62574 INFO tempest.lib.common.rest_client [req-c05a362e-f069-43ac-9561-dbeef782f13b req-c05a362e-f069-43ac-9561-dbeef782f13b ] Request (ServerDiagnosticsNegativeTest:test_get_server_diagnostics_by_non_admin): 200 GET http://10.180.1.21/compute/v2.1/servers/ec0a3585-2101-43e0-8ba6-95f04f4d3194 3.670s
2025-06-20 08:50:50.615 62574 INFO tempest.common.waiters [-] State transition "BUILD/None" ==> "BUILD/networking" after 37 second wait
2025-06-20 08:50:50.636 62592 INFO tempest.lib.common.rest_client [req-d6d82df6-1733-4aa7-b7ad-17691f123118 req-d6d82df6-1733-4aa7-b7ad-17691f123118 ] Request (ServerPasswordTestJSON:tearDownClass): 204 DELETE http://10.180.1.21:9696/networking/v2.0/subnets/655ef7ac-6111-455a-bf08-b48ed59daed0 0.781s
2025-06-20 08:50:50.721 62564 INFO tempest.lib.common.rest_client [req-eb554d56-8df5-479b-9da1-3399a39e9fbd req-eb554d56-8df5-479b-9da1-3399a39e9fbd ] Request (ServersTestJSON:setUpClass): 200 POST http://10.180.1.21/compute/v2.1/os-keypairs 3.753s
2025-06-20 08:50:50.833 62606 INFO tempest.lib.common.rest_client [req-2b6094f6-72af-4bb3-b59f-5de0eb61fc0d req-2b6094f6-72af-4bb3-b59f-5de0eb61fc0d ] Request (ServerTagsTestJSON:test_check_tag_existence): 201 PUT http://10.180.1.21/compute/v2.1/servers/b38c3923-3ba5-4170-a4b2-8a7e496a389a/tags/tempest-tag-1922542735 3.669s
2025-06-20 08:50:50.922 62595 INFO tempest.lib.common.rest_client [req-6189bfc3-4be4-4abd-8c9e-e04d3d127ea9 req-6189bfc3-4be4-4abd-8c9e-e04d3d127ea9 ] Request (ServerActionsTestJSON:setUpClass): 200 POST http://10.180.1.21/compute/v2.1/os-keypairs 3.710s
2025-06-20 08:50:51.003 62564 INFO tempest.lib.common.rest_client [req-5d7ba3c1-b29b-47ae-a7b9-bc4e857a8583 req-5d7ba3c1-b29b-47ae-a7b9-bc4e857a8583 ] Request (ServersTestJSON:setUpClass): 201 POST http://10.180.1.21:9696/networking/v2.0/security-groups 0.280s
2025-06-20 08:50:51.037 62602 INFO tempest.lib.common.rest_client [req-579a80dc-c458-4030-b55e-8640e4a18a39 req-579a80dc-c458-4030-b55e-8640e4a18a39 ] Request (AttachInterfacesTestJSON:test_create_list_show_delete_interfaces_by_fixed_ip): 200 GET http://10.180.1.21/compute/v2.1/servers/6401b84d-af23-4c99-843a-5798e49c2edf 3.801s
2025-06-20 08:50:51.048 62568 INFO tempest.lib.common.rest_client [req-ef6b6207-532b-4224-9f1e-99656104a348 req-ef6b6207-532b-4224-9f1e-99656104a348 ] Request (HostsAdminNegativeTestJSON:test_update_host_with_invalid_maintenance_mode): 400 PUT http://10.180.1.21/compute/v2.1/os-hosts/devstack 3.781s
2025-06-20 08:50:51.050 62602 INFO tempest.common.waiters [-] State transition "BUILD/scheduling" ==> "BUILD/None" after 27 second wait
2025-06-20 08:50:51.178 62578 INFO tempest.lib.common.rest_client [req-e1457e6f-216f-46ca-bd19-21b55c5946b5 req-e1457e6f-216f-46ca-bd19-21b55c5946b5 ] Request (ServersAdminTestJSON:setUpClass): 200 GET http://10.180.1.21/compute/v2.1/servers/b802a76e-c112-4eaf-97b5-ed82ec528bf9 3.406s
2025-06-20 08:50:51.193 62578 INFO tempest.common.waiters [-] State transition "BUILD/scheduling" ==> "BUILD/None" after 27 second wait
2025-06-20 08:50:51.323 62614 INFO tempest.lib.common.rest_client [req-3161f54a-a0a5-4c67-9103-787cb2a05f13 req-3161f54a-a0a5-4c67-9103-787cb2a05f13 ] Request (ImagesTestJSON:test_create_image_from_suspended_server): 200 GET http://10.180.1.21/compute/v2.1/servers/4b9bc92c-b905-40fa-b46f-8c5f28b0911c 3.459s
2025-06-20 08:50:51.404 62604 INFO tempest.lib.common.rest_client [req-e9fc16e1-e422-4bb4-9075-fa8e3b1cb1d5 req-e9fc16e1-e422-4bb4-9075-fa8e3b1cb1d5 ] Request (SecurityGroupsTestJSON:test_list_security_groups_by_server): 200 GET http://10.180.1.21/compute/v2.1/servers/3c9edc83-e462-4109-9d09-5c4e96755f17 3.461s
2025-06-20 08:50:51.436 62595 INFO tempest.lib.common.rest_client [req-a1be08f5-34ac-4f9d-be45-47d09f6d1145 req-a1be08f5-34ac-4f9d-be45-47d09f6d1145 ] Request (ServerActionsTestJSON:setUpClass): 201 POST http://10.180.1.21:9696/networking/v2.0/security-groups 0.511s
2025-06-20 08:50:51.633 62595 INFO tempest.lib.common.rest_client [req-8a3036b2-5a8f-4f09-b7f9-0834577b7092 req-8a3036b2-5a8f-4f09-b7f9-0834577b7092 ] Request (ServerActionsTestJSON:setUpClass): 201 POST http://10.180.1.21:9696/networking/v2.0/security-group-rules 0.197s
2025-06-20 08:50:51.731 62564 INFO tempest.lib.common.rest_client [req-1120feb3-54b1-451b-ac0c-e3c09cd24616 req-1120feb3-54b1-451b-ac0c-e3c09cd24616 ] Request (ServersTestJSON:setUpClass): 201 POST http://10.180.1.21:9696/networking/v2.0/security-group-rules 0.727s
2025-06-20 08:50:51.871 62595 INFO tempest.lib.common.rest_client [req-e20c3d2a-abf6-4aa3-b4e1-38e8438d2765 req-e20c3d2a-abf6-4aa3-b4e1-38e8438d2765 ] Request (ServerActionsTestJSON:setUpClass): 201 POST http://10.180.1.21:9696/networking/v2.0/security-group-rules 0.237s
2025-06-20 08:50:51.941 62592 INFO tempest.lib.common.rest_client [req-b5d6fef1-89fb-4a37-84f3-ffbdfc417a3a req-b5d6fef1-89fb-4a37-84f3-ffbdfc417a3a ] Request (ServerPasswordTestJSON:tearDownClass): 204 DELETE http://10.180.1.21:9696/networking/v2.0/networks/1a1b7b9c-cfe4-4cd3-9a78-226f6664b7de 1.304s
2025-06-20 08:50:51.960 62566 INFO tempest.lib.common.rest_client [req-6a2d6134-769d-4bd8-8bcc-a8bb516e321f req-6a2d6134-769d-4bd8-8bcc-a8bb516e321f ] Request (VolumesAdminNegativeTest:test_update_attached_volume_with_nonexistent_volume_in_body): 200 GET http://10.180.1.21/compute/v2.1/servers/fe564bfb-7cd2-4168-a41a-77fc4747426b 3.768s
2025-06-20 08:50:52.086 62564 INFO tempest.lib.common.rest_client [req-af5c695d-111a-4919-a30e-d8b7f30b2b45 req-af5c695d-111a-4919-a30e-d8b7f30b2b45 ] Request (ServersTestJSON:setUpClass): 201 POST http://10.180.1.21:9696/networking/v2.0/security-group-rules 0.354s
2025-06-20 08:50:52.094 62588 INFO tempest.lib.common.rest_client [req-6ab93646-f1d4-491c-a5b9-81c20dee65e7 req-6ab93646-f1d4-491c-a5b9-81c20dee65e7 ] Request (ServersAdminNegativeTestJSON:test_migrate_server_invalid_state): 200 GET http://10.180.1.21/compute/v2.1/servers/9d9d81cb-76aa-4eb3-af77-0af2121d4d6f 3.829s
2025-06-20 08:50:52.164 62592 INFO tempest.lib.common.rest_client [req-71c48334-8808-4a37-8679-a8edef6ab958 req-71c48334-8808-4a37-8679-a8edef6ab958 ] Request (ServerPasswordTestJSON:tearDownClass): 204 DELETE http://10.180.1.21/identity/v3/users/87f0f832f9a54d57a2d21eed01cd2131 0.223s
2025-06-20 08:50:52.165 62592 INFO tempest.lib.common.dynamic_creds [-] Deleting project and security group for project: 3f0ddf0d333a4705bb9016302a5370f4
2025-06-20 08:50:52.271 62618 INFO tempest.lib.common.rest_client [req-a313ba7b-df99-49f7-962d-39f96bdf5d08 req-a313ba7b-df99-49f7-962d-39f96bdf5d08 ] Request (ServerActionsTestOtherA:setUpClass): 200 GET http://10.180.1.21/compute/v2.1/servers/c710d441-ea2f-445a-a4e0-f1d1532edcb6 3.984s
2025-06-20 08:50:52.303 62592 INFO tempest.lib.common.rest_client [req-c2b7735e-755e-40d9-ac3d-334a69218be6 req-c2b7735e-755e-40d9-ac3d-334a69218be6 ] Request (ServerPasswordTestJSON:tearDownClass): 200 GET http://10.180.1.21:9696/networking/v2.0/security-groups?tenant_id=3f0ddf0d333a4705bb9016302a5370f4&name=default 0.138s
2025-06-20 08:50:52.523 62592 INFO tempest.lib.common.rest_client [req-0bd00459-3dcc-482a-b05f-5859ba16a498 req-0bd00459-3dcc-482a-b05f-5859ba16a498 ] Request (ServerPasswordTestJSON:tearDownClass): 204 DELETE http://10.180.1.21:9696/networking/v2.0/security-groups/026afd4b-d3d0-4e4c-b150-7cb6271ae595 0.220s
2025-06-20 08:50:52.666 62608 INFO tempest.lib.common.rest_client [req-6e377871-e761-4af2-ba95-52073a1cb75f req-6e377871-e761-4af2-ba95-52073a1cb75f ] Request (DeleteServersAdminTestJSON:test_delete_server_while_in_error_state): 200 GET http://10.180.1.21/compute/v2.1/servers/51f024cf-19eb-429c-ab1e-004093fff9b7 4.346s
2025-06-20 08:50:52.668 62592 INFO tempest.lib.common.rest_client [req-8dad1736-0cfb-495d-be49-8f228a01d9d2 req-8dad1736-0cfb-495d-be49-8f228a01d9d2 ] Request (ServerPasswordTestJSON:tearDownClass): 204 DELETE http://10.180.1.21/identity/v3/projects/3f0ddf0d333a4705bb9016302a5370f4 0.145s
2025-06-20 08:50:52.669 62592 INFO tempest.test [-] raised in ServerBootFromVolumeStableRescueTest.setUpClass. Invoking tearDownClass.
2025-06-20 08:50:52.671 62592 INFO tempest.test [-] raised in ServerStableDeviceRescueTestIDE.setUpClass. Invoking tearDownClass.
2025-06-20 08:50:52.673 62592 INFO tempest.test [-] raised in ComputeNetworksTest.setUpClass. Invoking tearDownClass.
2025-06-20 08:50:52.757 62586 INFO tempest.lib.common.rest_client [req-5441cbd2-853d-4b1f-b5fb-a0efdce1ff89 req-5441cbd2-853d-4b1f-b5fb-a0efdce1ff89 ] Request (ListServerFiltersTestJSON:setUpClass): 200 GET http://10.180.1.21/compute/v2.1/servers/bc02092f-b0fb-4de1-af9f-b803460516f0 4.371s
2025-06-20 08:50:52.769 62595 INFO tempest.lib.common.rest_client [req-363833f2-bff4-4bcc-9212-4d695768a44f req-363833f2-bff4-4bcc-9212-4d695768a44f ] Request (ServerActionsTestJSON:setUpClass): 201 POST http://10.180.1.21:9696/networking/v2.0/floatingips 0.897s
2025-06-20 08:50:52.840 62595 INFO tempest.lib.common.rest_client [req-f68ff7ff-e6ca-4c96-93f5-2795b7e51cf7 req-f68ff7ff-e6ca-4c96-93f5-2795b7e51cf7 ] Request (ServerActionsTestJSON:setUpClass): 201 POST http://10.180.1.21/identity/v3/auth/tokens 0.068s
2025-06-20 08:50:52.841 62595 INFO tempest.lib.common.fixed_network [-] (ServerActionsTestJSON:setUpClass) Found network {'id': 'cb09f37a-f04c-4edf-873d-7041ec672e00', 'name': 'tempest-ServerActionsTestJSON-1631484917-network', 'tenant_id': 'a910c66d9c8349a3aeec5267866aaaba', 'admin_state_up': True, 'mtu': 8950, 'status': 'ACTIVE', 'subnets': [], 'shared': False, 'project_id': 'a910c66d9c8349a3aeec5267866aaaba', 'port_security_enabled': True, 'router:external': False, 'provider:network_type': 'vlan', 'provider:physical_network': 'default', 'provider:segmentation_id': 421, 'is_default': False, 'availability_zone_hints': [], 'availability_zones': [], 'ipv4_address_scope': None, 'ipv6_address_scope': None, 'description': '', 'tags': [], 'created_at': '2025-06-20T08:50:43Z', 'updated_at': '2025-06-20T08:50:44Z', 'revision_number': 1} available for tenant
2025-06-20 08:50:52.848 62560 INFO tempest.lib.common.rest_client [req-0142cd5b-fd07-496e-96a2-c2124f8a5c39 req-0142cd5b-fd07-496e-96a2-c2124f8a5c39 ] Request (ServersTestMultiNic:_run_cleanups): 200 GET http://10.180.1.21/compute/v2.1/servers/049a3522-25cb-42b7-ad12-abb18658a7cb 4.457s
2025-06-20 08:50:52.914 62570 INFO tempest.lib.common.rest_client [req-babbca42-5e72-4572-951b-2d4b6293b0ff req-babbca42-5e72-4572-951b-2d4b6293b0ff ] Request (InstanceActionsV221TestJSON:test_get_list_deleted_instance_actions): 200 GET http://10.180.1.21/compute/v2.1/servers/32a9811d-6354-4c48-bf60-3d68b93704af 4.415s
2025-06-20 08:50:52.979 62580 INFO tempest.lib.common.rest_client [req-07c30818-3561-4b3b-bbba-d175ba99fd35 req-07c30818-3561-4b3b-bbba-d175ba99fd35 ] Request (ImagesOneServerNegativeTestJSON:setUpClass): 200 GET http://10.180.1.21/compute/v2.1/servers/71d5e979-ed99-4959-8f7b-59251e20b1b5 4.476s
2025-06-20 08:50:53.280 62582 INFO tempest.lib.common.rest_client [req-123e160d-5bb8-485b-94d4-8e5a5fda76ce req-123e160d-5bb8-485b-94d4-8e5a5fda76ce ] Request (VolumesAssistedSnapshotsTest:test_volume_assisted_snapshot_create_delete): 204 DELETE http://10.180.1.21/compute/v2.1/os-assisted-volume-snapshots/None?delete_info=%7B%22volume_id%22%3A+%22c6c8fe2b-03b2-494e-96f3-3796230175dc%22%7D 4.757s
2025-06-20 08:50:53.329 62582 INFO tempest.lib.common.rest_client [req-8dc1094c-adad-408f-8e88-e44247c7003c req-8dc1094c-adad-408f-8e88-e44247c7003c ] Request (VolumesAssistedSnapshotsTest:_run_cleanups): 200 GET http://10.180.1.21/volume/v3/cd538a5d729c47928118ac82440ad22d/volumes/c6c8fe2b-03b2-494e-96f3-3796230175dc 0.048s
2025-06-20 08:50:53.384 62564 INFO tempest.lib.common.rest_client [req-47030747-22db-4f9f-b4e4-0a1470fe9ec8 req-47030747-22db-4f9f-b4e4-0a1470fe9ec8 ] Request (ServersTestJSON:setUpClass): 201 POST http://10.180.1.21:9696/networking/v2.0/floatingips 1.297s
2025-06-20 08:50:53.390 62590 INFO tempest.lib.common.rest_client [req-12118b9b-3fc1-4fc2-be5b-a4999c5c7c10 req-12118b9b-3fc1-4fc2-be5b-a4999c5c7c10 ] Request (FloatingIPDetailsNegativeTestJSON:setUpClass): 200 PUT http://10.180.1.21:9696/networking/v2.0/routers/884e8014-6266-47f9-b219-f01095745e9b/add_router_interface 3.414s
2025-06-20 08:50:53.390 62590 INFO tempest.lib.common.dynamic_creds [-] Created isolated network resources for: credentials: Credentials: {'domain_id': 'default', 'domain_name': 'Default', 'username': 'tempest-FloatingIPDetailsNegativeTestJSON-931222585-project-member', 'project_domain_id': 'default', 'project_domain_name': 'Default', 'project_id': '31f359c94ba64102a7d652ac38326a22', 'project_name': 'tempest-FloatingIPDetailsNegativeTestJSON-931222585', 'tenant_id': '31f359c94ba64102a7d652ac38326a22', 'tenant_name': 'tempest-FloatingIPDetailsNegativeTestJSON-931222585', 'user_domain_id': 'default', 'user_domain_name': 'Default', 'user_id': '870a1df26035451cb493f56172456273', 'system': None}, Network: {'id': '2fb94e98-d7cc-4da4-a6fe-2960c1151999', 'name': 'tempest-FloatingIPDetailsNegativeTestJSON-1454424859-network', 'tenant_id': '31f359c94ba64102a7d652ac38326a22', 'admin_state_up': True, 'mtu': 8950, 'status': 'ACTIVE', 'subnets': [], 'shared': False, 'project_id': '31f359c94ba64102a7d652ac38326a22', 'port_security_enabled': True, 'router:external': False, 'provider:network_type': 'vlan', 'provider:physical_network': 'default', 'provider:segmentation_id': 571, 'is_default': False, 'availability_zone_hints': [], 'availability_zones': [], 'ipv4_address_scope': None, 'ipv6_address_scope': None, 'description': '', 'tags': [], 'created_at': '2025-06-20T08:50:46Z', 'updated_at': '2025-06-20T08:50:46Z', 'revision_number': 1}, Subnet: {'id': '52fed559-ddda-4aaf-a5a6-f770fdc9e924', 'name': 'tempest-FloatingIPDetailsNegativeTestJSON-1454424859-subnet', 'tenant_id': '31f359c94ba64102a7d652ac38326a22', 'network_id': '2fb94e98-d7cc-4da4-a6fe-2960c1151999', 'ip_version': 4, 'subnetpool_id': None, 'enable_dhcp': True, 'ipv6_ra_mode': None, 'ipv6_address_mode': None, 'gateway_ip': '192.168.128.1', 'cidr': '192.168.128.0/28', 'allocation_pools': [{'start': '192.168.128.2', 'end': '192.168.128.14'}], 'host_routes': [], 'dns_nameservers': [], 'description': '', 'router:external': False, 'service_types': [], 'tags': [], 'created_at': '2025-06-20T08:50:46Z', 'updated_at': '2025-06-20T08:50:46Z', 'revision_number': 0, 'project_id': '31f359c94ba64102a7d652ac38326a22'}, Router: {'id': '884e8014-6266-47f9-b219-f01095745e9b', 'name': 'tempest-FloatingIPDetailsNegativeTestJSON-1454424859-router', 'tenant_id': '31f359c94ba64102a7d652ac38326a22', 'admin_state_up': True, 'status': 'ACTIVE', 'external_gateway_info': {'network_id': '5c40dcb3-13bc-47c5-be43-d46bc1379be3', 'external_fixed_ips': [{'subnet_id': '539682a1-349f-439e-9d56-660d04ffd59d', 'ip_address': '10.180.180.217'}], 'enable_snat': True}, 'description': '', 'availability_zones': [], 'distributed': False, 'ha': False, 'availability_zone_hints': [], 'routes': [], 'flavor_id': None, 'tags': [], 'created_at': '2025-06-20T08:50:47Z', 'updated_at': '2025-06-20T08:50:48Z', 'revision_number': 2, 'project_id': '31f359c94ba64102a7d652ac38326a22'}
2025-06-20 08:50:53.393 62612 INFO tempest.lib.common.rest_client [req-bc01e06b-1832-496a-a91d-54c58e1c0c22 req-bc01e06b-1832-496a-a91d-54c58e1c0c22 ] Request (ServerActionsV293TestJSON:setUpClass): 200 GET http://10.180.1.21/compute/v2.1/servers/6fcec292-8a7f-43ba-9ab7-ac27715e9977 4.868s
2025-06-20 08:50:53.489 62564 INFO tempest.lib.common.rest_client [req-e671e064-65aa-446c-a62b-8199fc2baba2 req-e671e064-65aa-446c-a62b-8199fc2baba2 ] Request (ServersTestJSON:setUpClass): 201 POST http://10.180.1.21/identity/v3/auth/tokens 0.100s
2025-06-20 08:50:53.490 62564 INFO tempest.lib.common.fixed_network [-] (ServersTestJSON:setUpClass) Found network {'id': 'b5ee8904-296b-498a-ae06-f26237785e1a', 'name': 'tempest-ServersTestJSON-955947180-network', 'tenant_id': '52e9490d3e33479699a09e08401408a0', 'admin_state_up': True, 'mtu': 8950, 'status': 'ACTIVE', 'subnets': [], 'shared': False, 'project_id': '52e9490d3e33479699a09e08401408a0', 'port_security_enabled': True, 'router:external': False, 'provider:network_type': 'vlan', 'provider:physical_network': 'default', 'provider:segmentation_id': 728, 'is_default': False, 'availability_zone_hints': [], 'availability_zones': [], 'ipv4_address_scope': None, 'ipv6_address_scope': None, 'description': '', 'tags': [], 'created_at': '2025-06-20T08:50:40Z', 'updated_at': '2025-06-20T08:50:40Z', 'revision_number': 1} available for tenant
2025-06-20 08:50:53.500 62590 INFO tempest.lib.common.rest_client [req-61f59e55-d324-48d1-b682-5d5b0d6f6bd3 req-61f59e55-d324-48d1-b682-5d5b0d6f6bd3 ] Request (FloatingIPDetailsNegativeTestJSON:setUpClass): 201 POST http://10.180.1.21/identity/v3/auth/tokens 0.105s
2025-06-20 08:50:53.577 62572 INFO tempest.lib.common.rest_client [req-d9b9dbfe-c117-4120-894b-6c1ad2bb4a46 req-d9b9dbfe-c117-4120-894b-6c1ad2bb4a46 ] Request (MigrationsAdminTest:test_list_migrations_in_flavor_resize_situation): 200 GET http://10.180.1.21/compute/v2.1/servers/f2bb4caa-a46e-4b99-9505-bd69fbcd42d0 4.837s
2025-06-20 08:50:53.597 62596 INFO tempest.lib.common.rest_client [req-182a36df-7f12-4491-aff9-231f26b32b86 req-182a36df-7f12-4491-aff9-231f26b32b86 ] Request (ServerDiagnosticsTest:tearDownClass): 404 GET http://10.180.1.21/compute/v2.1/servers/da1f49c7-1922-4690-aefe-fc6b71de727a 4.753s
2025-06-20 08:50:53.644 62562 INFO tempest.lib.common.rest_client [req-a5e8fc98-0b4f-4133-b12f-1040fd301ca6 req-a5e8fc98-0b4f-4133-b12f-1040fd301ca6 ] Request (FloatingIPsAssociationTestJSON:test_associate_already_associated_floating_ip): 202 POST http://10.180.1.21/compute/v2.1/servers/c9510d18-0fb7-42c9-986b-865cfbea8868/action 6.987s
2025-06-20 08:50:53.656 62600 INFO tempest.lib.common.rest_client [req-0ab5919c-931f-45be-bc06-6525b8444cac req-0ab5919c-931f-45be-bc06-6525b8444cac ] Request (ListServersNegativeTestJSON:setUpClass): 200 GET http://10.180.1.21/compute/v2.1/servers/d65d666b-e9f3-4724-b76b-cb3199cfba1f 4.707s
2025-06-20 08:50:53.704 62584 INFO tempest.lib.common.rest_client [req-49e6f4b4-d957-4f7d-a53b-0b30352c5bbb req-49e6f4b4-d957-4f7d-a53b-0b30352c5bbb ] Request (ServersTestBootFromVolume:setUpClass): 200 GET http://10.180.1.21/compute/v2.1/servers/8e99a697-45d9-4a68-9b79-e8214ccd4141 4.654s
2025-06-20 08:50:53.712 62596 INFO tempest.lib.common.rest_client [req-85991f36-97dc-494c-a06b-64fa2f1e85db req-85991f36-97dc-494c-a06b-64fa2f1e85db ] Request (ServerDiagnosticsTest:tearDownClass): 204 DELETE http://10.180.1.21/identity/v3/users/1b88d2a0e9f04c3588e5d7d1e05f32a9 0.114s
2025-06-20 08:50:53.718 62598 INFO tempest.lib.common.rest_client [req-9377f134-5f11-43ce-bd8e-830bcc850efa req-9377f134-5f11-43ce-bd8e-830bcc850efa ] Request (ServerShowV254Test:tearDownClass): 200 GET http://10.180.1.21/compute/v2.1/servers/62b3f344-bff0-47a3-a761-ec5517c6a24c 4.481s
2025-06-20 08:50:53.769 62620 INFO tempest.lib.common.rest_client [req-5a6d9997-2177-469f-b830-084aac68aa46 req-5a6d9997-2177-469f-b830-084aac68aa46 ] Request (MultipleCreateTestJSON:test_multiple_create): 200 GET http://10.180.1.21/compute/v2.1/servers/1fba106f-f5ee-461d-99a2-9f79c0080aac 4.131s
2025-06-20 08:50:53.822 62596 INFO tempest.lib.common.rest_client [req-09888e12-73ec-4c1c-ac7e-651ddfe567ed req-09888e12-73ec-4c1c-ac7e-651ddfe567ed ] Request (ServerDiagnosticsTest:tearDownClass): 204 DELETE http://10.180.1.21/identity/v3/users/20ca8941c6b0463baa5d01b376cdf3fa 0.109s
2025-06-20 08:50:53.822 62596 INFO tempest.lib.common.dynamic_creds [-] Deleting project and security group for project: c088a924ba8d4220a4d2d2a31850d7af
2025-06-20 08:50:53.829 62610 INFO tempest.lib.common.rest_client [req-1ece4e85-33c2-4c70-933c-f036cb9416a9 req-1ece4e85-33c2-4c70-933c-f036cb9416a9 ] Request (AttachInterfacesUnderV243Test:test_add_remove_fixed_ip): 200 GET http://10.180.1.21/compute/v2.1/servers/226a807b-81a1-425c-81ac-d9be821f7679 3.801s
2025-06-20 08:50:53.890 62596 INFO tempest.lib.common.rest_client [req-6fb089c1-0513-45a1-a667-79e677d0715d req-6fb089c1-0513-45a1-a667-79e677d0715d ] Request (ServerDiagnosticsTest:tearDownClass): 201 POST http://10.180.1.21/identity/v3/auth/tokens 0.067s
2025-06-20 08:50:53.904 62616 INFO tempest.lib.common.rest_client [req-6a91ba1c-dd25-47a9-8beb-b5e68d2b3b5b req-6a91ba1c-dd25-47a9-8beb-b5e68d2b3b5b ] Request (ServersWithSpecificFlavorTestJSON:test_verify_created_server_ephemeral_disk): 200 GET http://10.180.1.21/compute/v2.1/servers/4b28119c-550e-4b9d-a714-e23ded49beb1 3.421s
2025-06-20 08:50:53.928 62606 INFO tempest.lib.common.rest_client [req-5e522c22-0140-420c-82fd-008353553189 req-5e522c22-0140-420c-82fd-008353553189 ] Request (ServerTagsTestJSON:test_check_tag_existence): 204 GET http://10.180.1.21/compute/v2.1/servers/b38c3923-3ba5-4170-a4b2-8a7e496a389a/tags/tempest-tag-1922542735 3.094s
2025-06-20 08:50:53.933 62568 INFO tempest.lib.common.rest_client [req-04c48e0b-98a1-4992-9257-230ffe6ef511 req-04c48e0b-98a1-4992-9257-230ffe6ef511 ] Request (HostsAdminNegativeTestJSON:test_update_host_with_invalid_status): 400 PUT http://10.180.1.21/compute/v2.1/os-hosts/devstack 2.884s
2025-06-20 08:50:54.081 62574 INFO tempest.lib.common.rest_client [req-b26aca56-1c32-471f-bcda-f2c7fdf54687 req-b26aca56-1c32-471f-bcda-f2c7fdf54687 ] Request (ServerDiagnosticsNegativeTest:test_get_server_diagnostics_by_non_admin): 200 GET http://10.180.1.21/compute/v2.1/servers/ec0a3585-2101-43e0-8ba6-95f04f4d3194 2.464s
2025-06-20 08:50:54.088 62574 INFO tempest.common.waiters [-] State transition "BUILD/networking" ==> "BUILD/spawning" after 41 second wait
2025-06-20 08:50:54.090 62596 INFO tempest.lib.common.rest_client [req-b3bab97e-698b-41e7-bc69-1dc1a52f70e6 req-b3bab97e-698b-41e7-bc69-1dc1a52f70e6 ] Request (ServerDiagnosticsTest:tearDownClass): 200 GET http://10.180.1.21:9696/networking/v2.0/security-groups?tenant_id=c088a924ba8d4220a4d2d2a31850d7af&name=default 0.199s
2025-06-20 08:50:54.163 62602 INFO tempest.lib.common.rest_client [req-9dec4eed-92dd-48ba-8dfa-f3531aeacbe5 req-9dec4eed-92dd-48ba-8dfa-f3531aeacbe5 ] Request (AttachInterfacesTestJSON:test_create_list_show_delete_interfaces_by_fixed_ip): 200 GET http://10.180.1.21/compute/v2.1/servers/6401b84d-af23-4c99-843a-5798e49c2edf 2.112s
2025-06-20 08:50:54.223 62596 INFO tempest.lib.common.rest_client [req-4b6463bb-0dba-46c8-8e99-c212ee061038 req-4b6463bb-0dba-46c8-8e99-c212ee061038 ] Request (ServerDiagnosticsTest:tearDownClass): 204 DELETE http://10.180.1.21:9696/networking/v2.0/security-groups/2f719f15-4f33-4c8c-ba5d-32106c291a23 0.133s
2025-06-20 08:50:54.235 62576 INFO tempest.lib.common.rest_client [req-2a833d6b-9f5e-4c65-aceb-90283527ffb9 req-2a833d6b-9f5e-4c65-aceb-90283527ffb9 ] Request (AttachInterfacesV270Test:test_create_get_list_interfaces): 202 POST http://10.180.1.21/compute/v2.1/servers 4.424s
2025-06-20 08:50:54.236 62578 INFO tempest.lib.common.rest_client [req-a2f88a50-1ded-4ccc-a3a6-8dd129d333c9 req-a2f88a50-1ded-4ccc-a3a6-8dd129d333c9 ] Request (ServersAdminTestJSON:setUpClass): 200 GET http://10.180.1.21/compute/v2.1/servers/b802a76e-c112-4eaf-97b5-ed82ec528bf9 2.038s
2025-06-20 08:50:54.307 62614 INFO tempest.lib.common.rest_client [req-584b9e54-417c-417a-8897-2514e038686f req-584b9e54-417c-417a-8897-2514e038686f ] Request (ImagesTestJSON:test_create_image_from_suspended_server): 200 GET http://10.180.1.21/compute/v2.1/servers/4b9bc92c-b905-40fa-b46f-8c5f28b0911c 1.975s
2025-06-20 08:50:54.328 62604 INFO tempest.lib.common.rest_client [req-5deed73d-7ad9-4544-8b52-8345acfd5680 req-5deed73d-7ad9-4544-8b52-8345acfd5680 ] Request (SecurityGroupsTestJSON:test_list_security_groups_by_server): 200 GET http://10.180.1.21/compute/v2.1/servers/3c9edc83-e462-4109-9d09-5c4e96755f17 1.910s
2025-06-20 08:50:54.356 62596 INFO tempest.lib.common.rest_client [req-591b454f-1e51-4974-a527-3dbc9614ce1b req-591b454f-1e51-4974-a527-3dbc9614ce1b ] Request (ServerDiagnosticsTest:tearDownClass): 204 DELETE http://10.180.1.21/identity/v3/projects/c088a924ba8d4220a4d2d2a31850d7af 0.132s
2025-06-20 08:50:54.356 62596 INFO tempest.lib.common.dynamic_creds [-] Deleting project and security group for project: 0ebc6a3c9a66439b8e6cbc9741c69630
2025-06-20 08:50:54.401 62596 INFO tempest.lib.common.rest_client [req-61748102-176e-4238-875d-4af3697911a5 req-61748102-176e-4238-875d-4af3697911a5 ] Request (ServerDiagnosticsTest:tearDownClass): 200 GET http://10.180.1.21:9696/networking/v2.0/security-groups?tenant_id=0ebc6a3c9a66439b8e6cbc9741c69630&name=default 0.045s
2025-06-20 08:50:54.412 62608 INFO tempest.lib.common.rest_client [req-8a5309af-fdd9-44e6-907a-5c25eea0854f req-8a5309af-fdd9-44e6-907a-5c25eea0854f ] Request (DeleteServersAdminTestJSON:test_delete_server_while_in_error_state): 204 DELETE http://10.180.1.21/compute/v2.1/servers/51f024cf-19eb-429c-ab1e-004093fff9b7 1.737s
2025-06-20 08:50:54.509 62596 INFO tempest.lib.common.rest_client [req-0a638d52-d133-4e04-b2a8-b4444a50f251 req-0a638d52-d133-4e04-b2a8-b4444a50f251 ] Request (ServerDiagnosticsTest:tearDownClass): 204 DELETE http://10.180.1.21:9696/networking/v2.0/security-groups/6375f917-9a84-4259-897a-4a85dfd5f750 0.107s
2025-06-20 08:50:54.543 62566 INFO tempest.lib.common.rest_client [req-daf2ce1a-ca01-4579-bcd1-b28e969547ea req-daf2ce1a-ca01-4579-bcd1-b28e969547ea ] Request (VolumesAdminNegativeTest:test_update_attached_volume_with_nonexistent_volume_in_body): 200 GET http://10.180.1.21/compute/v2.1/servers/fe564bfb-7cd2-4168-a41a-77fc4747426b 1.575s
2025-06-20 08:50:54.550 62566 INFO tempest.common.waiters [-] State transition "BUILD/spawning" ==> "ACTIVE/None" after 42 second wait
2025-06-20 08:50:54.591 62588 INFO tempest.lib.common.rest_client [req-25bbdb4d-6391-4b3c-8cbe-69118d18a858 req-25bbdb4d-6391-4b3c-8cbe-69118d18a858 ] Request (ServersAdminNegativeTestJSON:test_migrate_server_invalid_state): 200 GET http://10.180.1.21/compute/v2.1/servers/9d9d81cb-76aa-4eb3-af77-0af2121d4d6f 1.488s
2025-06-20 08:50:54.605 62596 INFO tempest.lib.common.rest_client [req-8e06ba46-b78a-46c3-a940-7c5595eee00b req-8e06ba46-b78a-46c3-a940-7c5595eee00b ] Request (ServerDiagnosticsTest:tearDownClass): 204 DELETE http://10.180.1.21/identity/v3/projects/0ebc6a3c9a66439b8e6cbc9741c69630 0.095s
2025-06-20 08:50:54.664 62618 INFO tempest.lib.common.rest_client [req-ca916fcd-1fab-4a1a-9f76-b14111481e89 req-ca916fcd-1fab-4a1a-9f76-b14111481e89 ] Request (ServerActionsTestOtherA:setUpClass): 200 GET http://10.180.1.21/compute/v2.1/servers/c710d441-ea2f-445a-a4e0-f1d1532edcb6 1.382s
2025-06-20 08:50:54.666 62596 INFO tempest.lib.common.rest_client [req-0b23c425-e54b-444e-8571-27d83f004d42 req-0b23c425-e54b-444e-8571-27d83f004d42 ] Request (ListImageFiltersTestJSON:setUpClass): 201 POST http://10.180.1.21/identity/v3/auth/tokens 0.059s
2025-06-20 08:50:54.709 62596 INFO tempest.lib.common.rest_client [req-aeaad5ca-d8dc-4066-84a0-f0e0ad84ef8e req-aeaad5ca-d8dc-4066-84a0-f0e0ad84ef8e ] Request (ListImageFiltersTestJSON:setUpClass): 201 POST http://10.180.1.21/identity/v3/auth/tokens 0.040s
2025-06-20 08:50:54.732 62596 INFO tempest.lib.common.rest_client [req-c9a0533b-231c-4a53-a27f-7b4303342f06 req-c9a0533b-231c-4a53-a27f-7b4303342f06 ] Request (ListImageFiltersTestJSON:setUpClass): 200 GET http://10.180.1.21/identity/v3/domains?name=Default 0.022s
2025-06-20 08:50:54.758 62595 INFO tempest.lib.common.rest_client [req-0db2dece-c17d-42fb-892a-fdffca169748 req-0db2dece-c17d-42fb-892a-fdffca169748 ] Request (ServerActionsTestJSON:setUpClass): 202 POST http://10.180.1.21/compute/v2.1/servers 1.917s
2025-06-20 08:50:54.762 62596 INFO tempest.lib.common.rest_client [req-bafd0554-7e53-4775-bb6f-43476cedf5f9 req-bafd0554-7e53-4775-bb6f-43476cedf5f9 ] Request (ListImageFiltersTestJSON:setUpClass): 201 POST http://10.180.1.21/identity/v3/projects 0.029s
2025-06-20 08:50:54.839 62582 INFO tempest.lib.common.rest_client [req-ccec5b56-d500-4a5b-b8ab-712d77af5e76 req-ccec5b56-d500-4a5b-b8ab-712d77af5e76 ] Request (VolumesAssistedSnapshotsTest:_run_cleanups): 202 DELETE http://10.180.1.21/compute/v2.1/servers/e0f20d7f-2947-4448-a5ae-361687f3dc17/os-volume_attachments/c6c8fe2b-03b2-494e-96f3-3796230175dc 1.500s
2025-06-20 08:50:54.858 62596 INFO tempest.lib.common.rest_client [req-1b70506b-73ed-4b27-b694-0eec2640c795 req-1b70506b-73ed-4b27-b694-0eec2640c795 ] Request (ListImageFiltersTestJSON:setUpClass): 201 POST http://10.180.1.21/identity/v3/users 0.096s
2025-06-20 08:50:54.881 62596 INFO tempest.lib.common.rest_client [req-9e93a894-2e3c-43c8-a219-cb4e5041e3e6 req-9e93a894-2e3c-43c8-a219-cb4e5041e3e6 ] Request (ListImageFiltersTestJSON:setUpClass): 200 GET http://10.180.1.21/identity/v3/roles 0.022s
2025-06-20 08:50:54.917 62596 INFO tempest.lib.common.rest_client [req-7e084826-5f39-41f7-9ef4-374e73612e6e req-7e084826-5f39-41f7-9ef4-374e73612e6e ] Request (ListImageFiltersTestJSON:setUpClass): 204 PUT http://10.180.1.21/identity/v3/projects/1a2876596a5445028631c6b742942303/users/ec98a29fb57245c1b481d168f01a9326/roles/a7e58c0f44e64223ab33d9a80477d18a 0.035s
2025-06-20 08:50:54.917 62596 INFO tempest.lib.common.dynamic_creds [-] Dynamic test user ec98a29fb57245c1b481d168f01a9326 is created with scope project and roles: ['member']
2025-06-20 08:50:54.918 62596 INFO tempest.lib.common.dynamic_creds [-] Acquired dynamic creds: credentials: Credentials: {'domain_id': 'default', 'domain_name': 'Default', 'username': 'tempest-ListImageFiltersTestJSON-290688751-project-member', 'project_domain_id': 'default', 'project_domain_name': 'Default', 'project_id': '1a2876596a5445028631c6b742942303', 'project_name': 'tempest-ListImageFiltersTestJSON-290688751', 'tenant_id': '1a2876596a5445028631c6b742942303', 'tenant_name': 'tempest-ListImageFiltersTestJSON-290688751', 'user_domain_id': 'default', 'user_domain_name': 'Default', 'user_id': 'ec98a29fb57245c1b481d168f01a9326', 'system': None}, Network: None, Subnet: None, Router: None
2025-06-20 08:50:54.918 62596 INFO tempest.lib.common.dynamic_creds [-] Created isolated network resources for: credentials: Credentials: {'domain_id': 'default', 'domain_name': 'Default', 'username': 'tempest-ListImageFiltersTestJSON-290688751-project-member', 'project_domain_id': 'default', 'project_domain_name': 'Default', 'project_id': '1a2876596a5445028631c6b742942303', 'project_name': 'tempest-ListImageFiltersTestJSON-290688751', 'tenant_id': '1a2876596a5445028631c6b742942303', 'tenant_name': 'tempest-ListImageFiltersTestJSON-290688751', 'user_domain_id': 'default', 'user_domain_name': 'Default', 'user_id': 'ec98a29fb57245c1b481d168f01a9326', 'system': None}, Network: None, Subnet: None, Router: None
2025-06-20 08:50:55.025 62596 INFO tempest.lib.common.rest_client [req-7f77e4d1-bfa9-4930-bf99-bc1a937700fc req-7f77e4d1-bfa9-4930-bf99-bc1a937700fc ] Request (ListImageFiltersTestJSON:setUpClass): 201 POST http://10.180.1.21/identity/v3/auth/tokens 0.104s
2025-06-20 08:50:55.048 62590 INFO tempest.lib.common.rest_client [req-81075208-f646-497e-8380-f88b85ad59ef req-81075208-f646-497e-8380-f88b85ad59ef ] Request (FloatingIPDetailsNegativeTestJSON:test_get_nonexistent_floating_ip_details): 404 GET http://10.180.1.21/compute/v2.1/os-floating-ips/3a30fcd7-41cd-491c-be7c-b8fee2b96912 1.546s
2025-06-20 08:50:55.343 62564 INFO tempest.lib.common.rest_client [req-307bc695-0070-4cf4-b77a-1a0baca87f92 req-307bc695-0070-4cf4-b77a-1a0baca87f92 ] Request (ServersTestJSON:setUpClass): 202 POST http://10.180.1.21/compute/v2.1/servers 1.852s
2025-06-20 08:50:55.419 62586 INFO tempest.lib.common.rest_client [req-482274af-2c6d-494b-8ff2-0204b01506c1 req-482274af-2c6d-494b-8ff2-0204b01506c1 ] Request (ListServerFiltersTestJSON:setUpClass): 200 GET http://10.180.1.21/compute/v2.1/servers/bc02092f-b0fb-4de1-af9f-b803460516f0 1.654s
2025-06-20 08:50:55.478 62596 INFO tempest.lib.common.rest_client [req-320e95ad-df70-4fc0-8651-9ab04eee3c8f req-320e95ad-df70-4fc0-8651-9ab04eee3c8f ] Request (ListImageFiltersTestJSON:setUpClass): 201 POST http://10.180.1.21/image/v2/images 0.452s
2025-06-20 08:50:55.499 62560 INFO tempest.lib.common.rest_client [req-469e9269-c7dc-42f5-acef-f321b6472d65 req-469e9269-c7dc-42f5-acef-f321b6472d65 ] Request (ServersTestMultiNic:_run_cleanups): 200 GET http://10.180.1.21/compute/v2.1/servers/049a3522-25cb-42b7-ad12-abb18658a7cb 1.641s
2025-06-20 08:50:55.532 62562 INFO tempest.lib.common.rest_client [req-6c8b397e-9760-4a20-a5fa-b88d381e03ed req-6c8b397e-9760-4a20-a5fa-b88d381e03ed ] Request (FloatingIPsAssociationTestJSON:test_associate_already_associated_floating_ip): 409 POST http://10.180.1.21/compute/v2.1/servers/3c2449ca-daca-4078-ac78-dad7714f5f07/action 1.888s
2025-06-20 08:50:55.566 62570 INFO tempest.lib.common.rest_client [req-f8201eec-a521-4bfc-b7b8-391aeaeb216c req-f8201eec-a521-4bfc-b7b8-391aeaeb216c ] Request (InstanceActionsV221TestJSON:test_get_list_deleted_instance_actions): 200 GET http://10.180.1.21/compute/v2.1/servers/32a9811d-6354-4c48-bf60-3d68b93704af 1.642s
2025-06-20 08:50:55.572 62568 INFO tempest.lib.common.rest_client [req-d9a83af7-b857-405b-aa95-fca1c457c3d9 req-d9a83af7-b857-405b-aa95-fca1c457c3d9 ] Request (HostsAdminNegativeTestJSON:test_update_host_with_non_admin_user): 403 PUT http://10.180.1.21/compute/v2.1/os-hosts/devstack 1.636s
2025-06-20 08:50:55.611 62606 INFO tempest.lib.common.rest_client [req-228cc41c-495e-4fc6-8f9f-9bf54cf8340c req-228cc41c-495e-4fc6-8f9f-9bf54cf8340c ] Request (ServerTagsTestJSON:_run_cleanups): 204 DELETE http://10.180.1.21/compute/v2.1/servers/b38c3923-3ba5-4170-a4b2-8a7e496a389a/tags 1.682s
2025-06-20 08:50:55.629 62580 INFO tempest.lib.common.rest_client [req-6a4e1347-bea7-4e1d-b476-7974dfd42fd2 req-6a4e1347-bea7-4e1d-b476-7974dfd42fd2 ] Request (ImagesOneServerNegativeTestJSON:setUpClass): 200 GET http://10.180.1.21/compute/v2.1/servers/71d5e979-ed99-4959-8f7b-59251e20b1b5 1.637s
2025-06-20 08:50:55.664 62576 INFO tempest.lib.common.rest_client [req-073b6e52-9a3d-4048-b9c6-da092af6ae4e req-073b6e52-9a3d-4048-b9c6-da092af6ae4e ] Request (AttachInterfacesV270Test:test_create_get_list_interfaces): 200 GET http://10.180.1.21/compute/v2.1/servers/05698146-6db7-4514-b38e-e49ebd27d279 1.427s
2025-06-20 08:50:55.680 62612 INFO tempest.lib.common.rest_client [req-e6c0100a-5899-4a89-bc2d-97af5cfef3d6 req-e6c0100a-5899-4a89-bc2d-97af5cfef3d6 ] Request (ServerActionsV293TestJSON:setUpClass): 200 GET http://10.180.1.21/compute/v2.1/servers/6fcec292-8a7f-43ba-9ab7-ac27715e9977 1.271s
2025-06-20 08:50:55.784 62566 INFO tempest.lib.common.rest_client [req-e6f345f0-53f6-4ac4-a64e-ebb0831fa23d req-e6f345f0-53f6-4ac4-a64e-ebb0831fa23d ] Request (VolumesAdminNegativeTest:test_update_attached_volume_with_nonexistent_volume_in_body): 200 GET http://10.180.1.21/compute/v2.1/servers/fe564bfb-7cd2-4168-a41a-77fc4747426b/os-interface 1.234s
2025-06-20 08:50:56.066 62608 INFO tempest.lib.common.rest_client [req-ae7fa964-c13a-4733-b433-edb634f3517a req-ae7fa964-c13a-4733-b433-edb634f3517a ] Request (DeleteServersAdminTestJSON:test_delete_server_while_in_error_state): 200 GET http://10.180.1.21/compute/v2.1/servers/51f024cf-19eb-429c-ab1e-004093fff9b7 1.654s
2025-06-20 08:50:56.111 62572 INFO tempest.lib.common.rest_client [req-054019f1-83a7-4981-9da1-1c3f28bf6a43 req-054019f1-83a7-4981-9da1-1c3f28bf6a43 ] Request (MigrationsAdminTest:test_list_migrations_in_flavor_resize_situation): 200 GET http://10.180.1.21/compute/v2.1/servers/f2bb4caa-a46e-4b99-9505-bd69fbcd42d0 1.520s
2025-06-20 08:50:56.165 62600 INFO tempest.lib.common.rest_client [req-b8df138a-1120-4574-b187-144e7851af0d req-b8df138a-1120-4574-b187-144e7851af0d ] Request (ListServersNegativeTestJSON:setUpClass): 200 GET http://10.180.1.21/compute/v2.1/servers/d65d666b-e9f3-4724-b76b-cb3199cfba1f 1.498s
2025-06-20 08:50:56.194 62584 INFO tempest.lib.common.rest_client [req-561b6b3f-77fe-4a80-b6a5-531ccc435aee req-561b6b3f-77fe-4a80-b6a5-531ccc435aee ] Request (ServersTestBootFromVolume:setUpClass): 200 GET http://10.180.1.21/compute/v2.1/servers/8e99a697-45d9-4a68-9b79-e8214ccd4141 1.481s
2025-06-20 08:50:56.202 62584 INFO tempest.common.waiters [-] State transition "BUILD/scheduling" ==> "BUILD/None" after 27 second wait
2025-06-20 08:50:56.269 62595 INFO tempest.lib.common.rest_client [req-0ee7a307-ba16-4ec3-b9f2-f029a4d13a97 req-0ee7a307-ba16-4ec3-b9f2-f029a4d13a97 ] Request (ServerActionsTestJSON:setUpClass): 200 GET http://10.180.1.21/compute/v2.1/servers/a30a2adc-a839-41b1-b753-fb5cf358a5f3 1.508s
2025-06-20 08:50:56.271 62598 INFO tempest.lib.common.rest_client [req-916209b1-1399-4146-bda3-9e0e21956748 req-916209b1-1399-4146-bda3-9e0e21956748 ] Request (ServerShowV254Test:tearDownClass): 200 GET http://10.180.1.21/compute/v2.1/servers/62b3f344-bff0-47a3-a761-ec5517c6a24c 1.542s
2025-06-20 08:50:56.384 62620 INFO tempest.lib.common.rest_client [req-01f9f141-fe98-42d4-908f-70ab33c88225 req-01f9f141-fe98-42d4-908f-70ab33c88225 ] Request (MultipleCreateTestJSON:test_multiple_create): 200 GET http://10.180.1.21/compute/v2.1/servers/1fba106f-f5ee-461d-99a2-9f79c0080aac 1.603s
2025-06-20 08:50:56.436 62582 INFO tempest.lib.common.rest_client [req-599bfec9-8aba-4e3a-8cc2-e269babbbccc req-599bfec9-8aba-4e3a-8cc2-e269babbbccc ] Request (VolumesAssistedSnapshotsTest:_run_cleanups): 200 GET http://10.180.1.21/compute/v2.1/servers/e0f20d7f-2947-4448-a5ae-361687f3dc17/os-volume_attachments 1.596s
2025-06-20 08:50:56.498 62616 INFO tempest.lib.common.rest_client [req-96b3ded6-c4e9-4f57-8680-9a6be1f31c25 req-96b3ded6-c4e9-4f57-8680-9a6be1f31c25 ] Request (ServersWithSpecificFlavorTestJSON:test_verify_created_server_ephemeral_disk): 200 GET http://10.180.1.21/compute/v2.1/servers/4b28119c-550e-4b9d-a714-e23ded49beb1 1.583s
2025-06-20 08:50:56.526 62610 INFO tempest.lib.common.rest_client [req-9b28734e-3707-455f-a2f8-47534964cc7b req-9b28734e-3707-455f-a2f8-47534964cc7b ] Request (AttachInterfacesUnderV243Test:test_add_remove_fixed_ip): 200 GET http://10.180.1.21/compute/v2.1/servers/226a807b-81a1-425c-81ac-d9be821f7679 1.687s
2025-06-20 08:50:56.535 62610 INFO tempest.common.waiters [-] State transition "BUILD/None" ==> "BUILD/block_device_mapping" after 43 second wait
2025-06-20 08:50:56.590 62590 INFO tempest.lib.common.rest_client [req-cb0d2496-e196-498e-95ba-e14ac2f51a67 req-cb0d2496-e196-498e-95ba-e14ac2f51a67 ] Request (FloatingIPDetailsNegativeTestJSON:tearDownClass): 200 PUT http://10.180.1.21:9696/networking/v2.0/routers/884e8014-6266-47f9-b219-f01095745e9b/remove_router_interface 1.539s
2025-06-20 08:50:56.591 62602 INFO tempest.lib.common.rest_client [req-77e8779f-a0ba-4a52-8e3e-10fcb40d06fe req-77e8779f-a0ba-4a52-8e3e-10fcb40d06fe ] Request (AttachInterfacesTestJSON:test_create_list_show_delete_interfaces_by_fixed_ip): 200 GET http://10.180.1.21/compute/v2.1/servers/6401b84d-af23-4c99-843a-5798e49c2edf 1.416s
2025-06-20 08:50:56.652 62578 INFO tempest.lib.common.rest_client [req-09b7c39d-2fa8-47f9-b9d6-602d730dd929 req-09b7c39d-2fa8-47f9-b9d6-602d730dd929 ] Request (ServersAdminTestJSON:setUpClass): 200 GET http://10.180.1.21/compute/v2.1/servers/b802a76e-c112-4eaf-97b5-ed82ec528bf9 1.407s
2025-06-20 08:50:56.653 62574 INFO tempest.lib.common.rest_client [req-d46cf6a9-9d3e-4e63-a086-e23c83589a12 req-d46cf6a9-9d3e-4e63-a086-e23c83589a12 ] Request (ServerDiagnosticsNegativeTest:test_get_server_diagnostics_by_non_admin): 200 GET http://10.180.1.21/compute/v2.1/servers/ec0a3585-2101-43e0-8ba6-95f04f4d3194 1.563s
2025-06-20 08:50:56.729 62614 INFO tempest.lib.common.rest_client [req-9b8a096a-531a-486d-aa12-c858901b2464 req-9b8a096a-531a-486d-aa12-c858901b2464 ] Request (ImagesTestJSON:test_create_image_from_suspended_server): 200 GET http://10.180.1.21/compute/v2.1/servers/4b9bc92c-b905-40fa-b46f-8c5f28b0911c 1.413s
2025-06-20 08:50:56.731 62604 INFO tempest.lib.common.rest_client [req-37665904-e09a-4a56-be56-27bfab034b3b req-37665904-e09a-4a56-be56-27bfab034b3b ] Request (SecurityGroupsTestJSON:test_list_security_groups_by_server): 200 GET http://10.180.1.21/compute/v2.1/servers/3c9edc83-e462-4109-9d09-5c4e96755f17 1.388s
2025-06-20 08:50:56.776 62566 INFO tempest.lib.common.rest_client [req-5fd67f58-1c12-4aa2-ac70-9219d327dec0 req-5fd67f58-1c12-4aa2-ac70-9219d327dec0 ] Request (VolumesAdminNegativeTest:test_update_attached_volume_with_nonexistent_volume_in_body): 200 PUT http://10.180.1.21:9696/networking/v2.0/floatingips/53727ee5-c4c8-4a5c-ad42-20dccb58f95d 0.989s
2025-06-20 08:50:56.777 62566 INFO tempest.lib.common.ssh [-] Creating ssh connection to '10.180.180.142:22' as 'cirros' with public key authentication
2025-06-20 08:50:56.800 62564 INFO tempest.lib.common.rest_client [req-0e1bbaaa-6ef7-4062-972f-51245487d02d req-0e1bbaaa-6ef7-4062-972f-51245487d02d ] Request (ServersTestJSON:setUpClass): 200 GET http://10.180.1.21/compute/v2.1/servers/42c0ff26-fdca-4268-8a11-23baad914176 1.454s
2025-06-20 08:50:56.806 62568 INFO tempest.lib.common.rest_client [req-b588794f-2e40-4c09-9eb4-6e9276a70718 req-b588794f-2e40-4c09-9eb4-6e9276a70718 ] Request (HostsAdminNegativeTestJSON:test_update_host_without_param): 400 PUT http://10.180.1.21/compute/v2.1/os-hosts/devstack 1.230s
2025-06-20 08:50:56.855 62588 INFO tempest.lib.common.rest_client [req-a8a9677f-6d74-4139-b0a0-729e7d29dfb9 req-a8a9677f-6d74-4139-b0a0-729e7d29dfb9 ] Request (ServersAdminNegativeTestJSON:test_migrate_server_invalid_state): 200 GET http://10.180.1.21/compute/v2.1/servers/9d9d81cb-76aa-4eb3-af77-0af2121d4d6f 1.255s
2025-06-20 08:50:56.872 62606 INFO tempest.lib.common.rest_client [req-28008044-fa78-41b6-8dbe-a2fc1b516487 req-28008044-fa78-41b6-8dbe-a2fc1b516487 ] Request (ServerTagsTestJSON:test_create_delete_tag): 200 GET http://10.180.1.21/compute/v2.1/servers/b38c3923-3ba5-4170-a4b2-8a7e496a389a/tags 1.259s
2025-06-20 08:50:56.941 62618 INFO tempest.lib.common.rest_client [req-9d47b1fc-d5a4-4688-a906-237ee3fc1971 req-9d47b1fc-d5a4-4688-a906-237ee3fc1971 ] Request (ServerActionsTestOtherA:setUpClass): 200 GET http://10.180.1.21/compute/v2.1/servers/c710d441-ea2f-445a-a4e0-f1d1532edcb6 1.267s
2025-06-20 08:50:57.037 62586 INFO tempest.lib.common.rest_client [req-fdf5f1f3-f4d9-402b-94b4-9bf71b774123 req-fdf5f1f3-f4d9-402b-94b4-9bf71b774123 ] Request (ListServerFiltersTestJSON:setUpClass): 200 GET http://10.180.1.21/compute/v2.1/servers/bc02092f-b0fb-4de1-af9f-b803460516f0 0.611s
2025-06-20 08:50:57.153 62560 INFO tempest.lib.common.rest_client [req-018f726c-b140-4c6d-9d3f-90e220493829 req-018f726c-b140-4c6d-9d3f-90e220493829 ] Request (ServersTestMultiNic:_run_cleanups): 200 GET http://10.180.1.21/compute/v2.1/servers/049a3522-25cb-42b7-ad12-abb18658a7cb 0.640s
2025-06-20 08:50:57.172 62596 INFO tempest.lib.common.rest_client [req-26a7ceeb-39e7-4384-aec2-7c84139afa02 req-26a7ceeb-39e7-4384-aec2-7c84139afa02 ] Request (ListImageFiltersTestJSON:setUpClass): 204 PUT http://10.180.1.21/image/v2/images/53676e7a-a999-4528-bec0-9c2f1b7a0b7b/file 0.693s
2025-06-20 08:50:57.238 62570 INFO tempest.lib.common.rest_client [req-f1414587-8b28-4b75-9140-c93d5b595c22 req-f1414587-8b28-4b75-9140-c93d5b595c22 ] Request (InstanceActionsV221TestJSON:test_get_list_deleted_instance_actions): 200 GET http://10.180.1.21/compute/v2.1/servers/32a9811d-6354-4c48-bf60-3d68b93704af 0.662s
2025-06-20 08:50:57.305 62590 INFO tempest.lib.common.rest_client [req-d66132c7-c6da-4069-b94c-6f378b477313 req-d66132c7-c6da-4069-b94c-6f378b477313 ] Request (FloatingIPDetailsNegativeTestJSON:tearDownClass): 204 DELETE http://10.180.1.21:9696/networking/v2.0/routers/884e8014-6266-47f9-b219-f01095745e9b 0.712s
2025-06-20 08:50:57.335 62580 INFO tempest.lib.common.rest_client [req-2fbc578a-19b7-4c0c-b797-a84e665ff290 req-2fbc578a-19b7-4c0c-b797-a84e665ff290 ] Request (ImagesOneServerNegativeTestJSON:setUpClass): 200 GET http://10.180.1.21/compute/v2.1/servers/71d5e979-ed99-4959-8f7b-59251e20b1b5 0.696s
2025-06-20 08:50:57.401 62576 INFO tempest.lib.common.rest_client [req-fa5c0321-bfcc-4882-8f35-277c66334f46 req-fa5c0321-bfcc-4882-8f35-277c66334f46 ] Request (AttachInterfacesV270Test:test_create_get_list_interfaces): 200 GET http://10.180.1.21/compute/v2.1/servers/05698146-6db7-4514-b38e-e49ebd27d279 0.727s
2025-06-20 08:50:57.449 62590 INFO tempest.lib.common.rest_client [req-f1ad6618-6e69-4436-bebf-68a791fee69b req-f1ad6618-6e69-4436-bebf-68a791fee69b ] Request (FloatingIPDetailsNegativeTestJSON:tearDownClass): 204 DELETE http://10.180.1.21:9696/networking/v2.0/subnets/52fed559-ddda-4aaf-a5a6-f770fdc9e924 0.143s
2025-06-20 08:50:57.465 62612 INFO tempest.lib.common.rest_client [req-414af5b6-eff0-4d34-b82d-c56a1da2c420 req-414af5b6-eff0-4d34-b82d-c56a1da2c420 ] Request (ServerActionsV293TestJSON:setUpClass): 200 GET http://10.180.1.21/compute/v2.1/servers/6fcec292-8a7f-43ba-9ab7-ac27715e9977 0.771s
2025-06-20 08:50:57.483 62568 INFO tempest.lib.common.rest_client [req-98457d3c-feb0-453f-b767-d634fcde47f7 req-98457d3c-feb0-453f-b767-d634fcde47f7 ] Request (HostsAdminNegativeTestJSON:test_update_nonexistent_host): 404 PUT http://10.180.1.21/compute/v2.1/os-hosts/nonexistent_hostname 0.676s
2025-06-20 08:50:57.574 62606 INFO tempest.lib.common.rest_client [req-2ed9def2-49e2-4253-a35c-8ae228412f45 req-2ed9def2-49e2-4253-a35c-8ae228412f45 ] Request (ServerTagsTestJSON:test_create_delete_tag): 201 PUT http://10.180.1.21/compute/v2.1/servers/b38c3923-3ba5-4170-a4b2-8a7e496a389a/tags/tempest-tag-1099071559 0.700s
2025-06-20 08:50:57.657 62608 INFO tempest.lib.common.rest_client [req-a03761ef-30f8-49e2-a4a1-a654ed9a5795 req-a03761ef-30f8-49e2-a4a1-a654ed9a5795 ] Request (DeleteServersAdminTestJSON:test_delete_server_while_in_error_state): 200 GET http://10.180.1.21/compute/v2.1/servers/51f024cf-19eb-429c-ab1e-004093fff9b7 0.579s
2025-06-20 08:50:57.668 62568 INFO tempest.lib.common.rest_client [req-2631273a-c41c-416a-bc5c-0bbaea73a3f8 req-2631273a-c41c-416a-bc5c-0bbaea73a3f8 ] Request (HostsAdminNegativeTestJSON:tearDownClass): 204 DELETE http://10.180.1.21/identity/v3/users/3c93bebea91f4952990adbd5b1c375ac 0.183s
2025-06-20 08:50:57.774 62562 INFO tempest.lib.common.rest_client [req-a052aba9-6b38-4b6f-992d-3bb3a401b6c8 req-a052aba9-6b38-4b6f-992d-3bb3a401b6c8 ] Request (FloatingIPsAssociationTestJSON:_run_cleanups): 202 POST http://10.180.1.21/compute/v2.1/servers/c9510d18-0fb7-42c9-986b-865cfbea8868/action 2.241s
2025-06-20 08:50:57.824 62596 INFO tempest.lib.common.rest_client [req-1ba6a972-d47a-44c0-a187-bfc9e3216f15 req-1ba6a972-d47a-44c0-a187-bfc9e3216f15 ] Request (ListImageFiltersTestJSON:setUpClass): 200 GET http://10.180.1.21/compute/v2.1/images/53676e7a-a999-4528-bec0-9c2f1b7a0b7b 0.651s
2025-06-20 08:50:57.863 62568 INFO tempest.lib.common.rest_client [req-128daa56-8b58-48a9-8a7a-4fe527028870 req-128daa56-8b58-48a9-8a7a-4fe527028870 ] Request (HostsAdminNegativeTestJSON:tearDownClass): 204 DELETE http://10.180.1.21/identity/v3/users/2ffa021c0f99488ebf66f711e08822ff 0.194s
2025-06-20 08:50:57.863 62568 INFO tempest.lib.common.dynamic_creds [-] Deleting project and security group for project: 251eb59703c847988829deb1f36b0601
2025-06-20 08:50:57.918 62600 INFO tempest.lib.common.rest_client [req-96ae1d6e-4b9d-4821-8a5d-414919acf0b1 req-96ae1d6e-4b9d-4821-8a5d-414919acf0b1 ] Request (ListServersNegativeTestJSON:setUpClass): 200 GET http://10.180.1.21/compute/v2.1/servers/d65d666b-e9f3-4724-b76b-cb3199cfba1f 0.743s
2025-06-20 08:50:57.932 62568 INFO tempest.lib.common.rest_client [req-8b983400-d4a4-4f59-a7dc-9cba80c53276 req-8b983400-d4a4-4f59-a7dc-9cba80c53276 ] Request (HostsAdminNegativeTestJSON:tearDownClass): 201 POST http://10.180.1.21/identity/v3/auth/tokens 0.069s
2025-06-20 08:50:57.963 62572 INFO tempest.lib.common.rest_client [req-0d4a4bf2-9b8b-406a-9fb9-727c750ca01f req-0d4a4bf2-9b8b-406a-9fb9-727c750ca01f ] Request (MigrationsAdminTest:test_list_migrations_in_flavor_resize_situation): 200 GET http://10.180.1.21/compute/v2.1/servers/f2bb4caa-a46e-4b99-9505-bd69fbcd42d0 0.842s
2025-06-20 08:50:57.991 62584 INFO tempest.lib.common.rest_client [req-0e41c5bd-254d-433f-ae92-680b4350aad8 req-0e41c5bd-254d-433f-ae92-680b4350aad8 ] Request (ServersTestBootFromVolume:setUpClass): 200 GET http://10.180.1.21/compute/v2.1/servers/8e99a697-45d9-4a68-9b79-e8214ccd4141 0.787s
2025-06-20 08:50:58.046 62595 INFO tempest.lib.common.rest_client [req-fab3633c-ac56-4ad9-b650-32d7f4118e73 req-fab3633c-ac56-4ad9-b650-32d7f4118e73 ] Request (ServerActionsTestJSON:setUpClass): 200 GET http://10.180.1.21/compute/v2.1/servers/a30a2adc-a839-41b1-b753-fb5cf358a5f3 0.761s
2025-06-20 08:50:58.082 62590 INFO tempest.lib.common.rest_client [req-bd48d827-3403-4438-a917-f06c6e1b12af req-bd48d827-3403-4438-a917-f06c6e1b12af ] Request (FloatingIPDetailsNegativeTestJSON:tearDownClass): 204 DELETE http://10.180.1.21:9696/networking/v2.0/networks/2fb94e98-d7cc-4da4-a6fe-2960c1151999 0.633s
2025-06-20 08:50:58.099 62598 INFO tempest.lib.common.rest_client [req-601b97b3-6c19-4cfb-8c2a-e73d5eb7c8da req-601b97b3-6c19-4cfb-8c2a-e73d5eb7c8da ] Request (ServerShowV254Test:tearDownClass): 200 GET http://10.180.1.21/compute/v2.1/servers/62b3f344-bff0-47a3-a761-ec5517c6a24c 0.814s
2025-06-20 08:50:58.128 62620 INFO tempest.lib.common.rest_client [req-b3461430-5660-41a2-aa7e-d92888ba9754 req-b3461430-5660-41a2-aa7e-d92888ba9754 ] Request (MultipleCreateTestJSON:test_multiple_create): 200 GET http://10.180.1.21/compute/v2.1/servers/1fba106f-f5ee-461d-99a2-9f79c0080aac 0.730s
2025-06-20 08:50:58.198 62582 INFO tempest.lib.common.rest_client [req-579346e2-c913-4af7-8d52-7795db5c3ed1 req-579346e2-c913-4af7-8d52-7795db5c3ed1 ] Request (VolumesAssistedSnapshotsTest:_run_cleanups): 200 GET http://10.180.1.21/compute/v2.1/servers/e0f20d7f-2947-4448-a5ae-361687f3dc17/os-volume_attachments 0.760s
2025-06-20 08:50:58.228 62590 INFO tempest.lib.common.rest_client [req-aa0520b8-0ee9-4f3d-8a6b-018c8d285cd4 req-aa0520b8-0ee9-4f3d-8a6b-018c8d285cd4 ] Request (FloatingIPDetailsNegativeTestJSON:tearDownClass): 204 DELETE http://10.180.1.21/identity/v3/users/870a1df26035451cb493f56172456273 0.145s
