2025-06-20 08:51:35.834 62604 INFO tempest.lib.common.rest_client [req-14496ccb-a3ee-47b6-a5a7-2d7526607690 req-14496ccb-a3ee-47b6-a5a7-2d7526607690 ] Request (SecurityGroupsTestJSON:test_server_security_groups): 200 GET http://10.180.1.21/compute/v2.1/servers/a5805aa7-3091-4d27-843b-4a62eb7b80e9 0.134s
2025-06-20 08:51:35.864 62560 INFO tempest.lib.common.rest_client [req-9dd0fa4a-a7c5-431b-9c75-d1446abe4f47 req-9dd0fa4a-a7c5-431b-9c75-d1446abe4f47 ] Request (ServersTestMultiNic:test_verify_multiple_nics_order): 200 GET http://10.180.1.21/compute/v2.1/servers/3b5cc84c-f3ef-46d3-a014-827cbcf9ff9f 0.096s
2025-06-20 08:51:35.931 62618 WARNING tempest.lib.common.ssh [-] Failed to establish authenticated ssh connection to cirros@10.180.180.238 ([Errno None] Unable to connect to port 22 on 10.180.180.238). Number attempts: 3. Retry after 4 seconds.: paramiko.ssh_exception.NoValidConnectionsError: [Errno None] Unable to connect to port 22 on 10.180.180.238
2025-06-20 08:51:35.979 62576 INFO tempest.lib.common.rest_client [req-d1910347-453f-48df-a4d2-1c91ad488d51 req-d1910347-453f-48df-a4d2-1c91ad488d51 ] Request (AttachInterfacesV270Test:test_create_get_list_interfaces): 200 GET http://10.180.1.21/compute/v2.1/servers/05698146-6db7-4514-b38e-e49ebd27d279 0.077s
2025-06-20 08:51:36.008 62584 INFO tempest.lib.common.rest_client [req-e897aaac-22a8-4467-888c-64a10d8a953b req-e897aaac-22a8-4467-888c-64a10d8a953b ] Request (ServersTestBootFromVolume:setUpClass): 200 GET http://10.180.1.21/compute/v2.1/servers/8e99a697-45d9-4a68-9b79-e8214ccd4141 0.171s
2025-06-20 08:51:36.082 62620 INFO tempest.lib.common.rest_client [req-70c7da7e-64b4-4fb8-b718-e5e6ff182cee req-70c7da7e-64b4-4fb8-b718-e5e6ff182cee ] Request (MultipleCreateTestJSON:test_multiple_create): 200 GET http://10.180.1.21/compute/v2.1/servers/1fba106f-f5ee-461d-99a2-9f79c0080aac 0.094s
2025-06-20 08:51:36.085 62595 INFO tempest.lib.common.rest_client [req-c1dc3d93-beee-4490-8a59-e07a6c73fbbb req-c1dc3d93-beee-4490-8a59-e07a6c73fbbb ] Request (ServerActionsTestJSON:setUpClass): 200 GET http://10.180.1.21/compute/v2.1/servers/a30a2adc-a839-41b1-b753-fb5cf358a5f3 0.099s
2025-06-20 08:51:36.167 62568 INFO tempest.lib.common.rest_client [req-7fdaf86f-9aa2-4337-ae75-58bbee42098b req-7fdaf86f-9aa2-4337-ae75-58bbee42098b ] Request (TenantUsagesTestJSON:setUpClass): 200 GET http://10.180.1.21/compute/v2.1/servers/8959da57-2df4-45f2-864d-11b6b40340af 0.112s
2025-06-20 08:51:36.176 62616 INFO tempest.lib.common.rest_client [req-f7c28f3a-43d9-4ddb-acba-d00be2ace1ca req-f7c28f3a-43d9-4ddb-acba-d00be2ace1ca ] Request (ServersWithSpecificFlavorTestJSON:test_verify_created_server_ephemeral_disk): 200 GET http://10.180.1.21/compute/v2.1/servers/4b28119c-550e-4b9d-a714-e23ded49beb1 0.122s
2025-06-20 08:51:36.215 62566 INFO tempest.lib.common.rest_client [req-7b8860ed-8150-42dc-893c-f8be4a5f5a4d req-7b8860ed-8150-42dc-893c-f8be4a5f5a4d ] Request (VolumesAdminNegativeTest:_run_cleanups): 200 GET http://10.180.1.21/compute/v2.1/servers/fe564bfb-7cd2-4168-a41a-77fc4747426b/os-volume_attachments 0.135s
2025-06-20 08:51:36.267 62600 INFO tempest.lib.common.rest_client [req-e7ba5804-1133-405c-8a13-0bd4c24b2472 req-e7ba5804-1133-405c-8a13-0bd4c24b2472 ] Request (ListServersNegativeTestJSON:tearDownClass): 200 GET http://10.180.1.21/compute/v2.1/servers/bf195db5-7601-46e3-ba0e-1ea3ded052c5 0.140s
2025-06-20 08:51:36.315 62588 INFO tempest.lib.common.rest_client [req-4ff87ff7-696a-4acb-8571-cd5a5ab216d0 req-4ff87ff7-696a-4acb-8571-cd5a5ab216d0 ] Request (ServersAdminNegativeTestJSON:tearDownClass): 200 GET http://10.180.1.21/compute/v2.1/servers/9d9d81cb-76aa-4eb3-af77-0af2121d4d6f 0.157s
2025-06-20 08:51:36.337 62598 INFO tempest.lib.common.rest_client [req-a4d6d33c-4de7-4bb9-bbcd-e2803562cdb9 req-a4d6d33c-4de7-4bb9-bbcd-e2803562cdb9 ] Request (ServersNegativeTestJSON:setUpClass): 200 GET http://10.180.1.21/compute/v2.1/servers/6f751e91-361b-4c18-928e-c5a45295932d 0.118s
2025-06-20 08:51:36.383 62564 INFO tempest.lib.common.rest_client [req-942543f0-27d9-43d3-9cc2-9f40be5fa944 req-942543f0-27d9-43d3-9cc2-9f40be5fa944 ] Request (ServersTestJSON:setUpClass): 200 GET http://10.180.1.21/compute/v2.1/servers/42c0ff26-fdca-4268-8a11-23baad914176 0.108s
2025-06-20 08:51:36.394 62602 INFO tempest.lib.common.rest_client [req-22e9d3c2-89c9-4ac7-958c-ea5323398c22 req-22e9d3c2-89c9-4ac7-958c-ea5323398c22 ] Request (AttachInterfacesTestJSON:test_create_list_show_delete_interfaces_by_fixed_ip): 200 PUT http://10.180.1.21:9696/networking/v2.0/floatingips/cfdf6250-350c-4003-b831-a94cfbc659eb 0.651s
2025-06-20 08:51:36.412 62596 INFO tempest.lib.common.rest_client [req-197b5fa7-10ba-4c7f-bdb6-1f6cd46cb1af req-197b5fa7-10ba-4c7f-bdb6-1f6cd46cb1af ] Request (ListImageFiltersTestJSON:setUpClass): 200 GET http://10.180.1.21/compute/v2.1/servers/3d7388dd-b0b5-4b7f-b74d-9bdedbb67ebc 0.091s
2025-06-20 08:51:36.489 62586 INFO tempest.lib.common.rest_client [req-156f1fc1-1b11-4a36-843f-3bc19fb29ee4 req-156f1fc1-1b11-4a36-843f-3bc19fb29ee4 ] Request (ListServerFiltersTestJSON:setUpClass): 200 GET http://10.180.1.21/compute/v2.1/servers/bc02092f-b0fb-4de1-af9f-b803460516f0 0.121s
2025-06-20 08:51:36.572 62606 INFO tempest.lib.common.rest_client [req-da60ed08-965f-46cc-bf4f-649d6cc659f7 req-da60ed08-965f-46cc-bf4f-649d6cc659f7 ] Request (ServerTagsTestJSON:tearDownClass): 200 GET http://10.180.1.21/compute/v2.1/servers/b38c3923-3ba5-4170-a4b2-8a7e496a389a 0.183s
2025-06-20 08:51:36.589 62572 INFO tempest.lib.common.rest_client [req-e3f1ccd7-6bf8-4fcd-b666-60883d972994 req-e3f1ccd7-6bf8-4fcd-b666-60883d972994 ] Request (MigrationsAdminTest:test_list_migrations_in_flavor_resize_situation): 200 GET http://10.180.1.21/compute/v2.1/servers/f2bb4caa-a46e-4b99-9505-bd69fbcd42d0 0.259s
2025-06-20 08:51:36.690 62574 INFO tempest.lib.common.rest_client [req-20960d22-3bc7-464d-ac92-f70d66be53e9 req-20960d22-3bc7-464d-ac92-f70d66be53e9 ] Request (ServerDiagnosticsNegativeTest:tearDownClass): 200 GET http://10.180.1.21/compute/v2.1/servers/ec0a3585-2101-43e0-8ba6-95f04f4d3194 0.242s
2025-06-20 08:51:37.048 62582 INFO tempest.lib.common.rest_client [req-94ffb35b-53a0-4b3e-9a1d-d8cebf4423dd req-94ffb35b-53a0-4b3e-9a1d-d8cebf4423dd ] Request (VolumesAssistedSnapshotsTest:tearDownClass): 200 GET http://10.180.1.21/compute/v2.1/servers/e0f20d7f-2947-4448-a5ae-361687f3dc17 0.535s
2025-06-20 08:51:37.073 62602 INFO tempest.lib.common.rest_client [req-044f3a41-36a4-4690-9702-4f05da46b591 req-044f3a41-36a4-4690-9702-4f05da46b591 ] Request (AttachInterfacesTestJSON:test_create_list_show_delete_interfaces_by_fixed_ip): 200 GET http://10.180.1.21/compute/v2.1/servers/6401b84d-af23-4c99-843a-5798e49c2edf 0.678s
2025-06-20 08:51:37.085 62602 INFO tempest.lib.common.ssh [-] Creating ssh connection to '10.180.180.173:22' as 'cirros' with public key authentication
2025-06-20 08:51:37.164 62590 INFO tempest.lib.common.rest_client [req-dc33975d-53e6-4cfd-b000-c8ff68200d09 req-dc33975d-53e6-4cfd-b000-c8ff68200d09 ] Request (ServersTestFqdnHostnames:test_create_server_with_fqdn_name): 200 GET http://10.180.1.21/compute/v2.1/servers/96ad1254-5650-4d0b-a26e-32082a5e160d 0.586s
2025-06-20 08:51:37.225 62610 WARNING tempest.lib.common.ssh [-] Failed to establish authenticated ssh connection to cirros@10.180.180.226 ([Errno None] Unable to connect to port 22 on 10.180.180.226). Number attempts: 6. Retry after 7 seconds.: paramiko.ssh_exception.NoValidConnectionsError: [Errno None] Unable to connect to port 22 on 10.180.180.226
2025-06-20 08:51:37.285 62580 INFO tempest.lib.common.rest_client [req-6f1546bc-022b-4d12-bd7a-2de760a7a9a8 req-6f1546bc-022b-4d12-bd7a-2de760a7a9a8 ] Request (ImagesOneServerNegativeTestJSON:setUpClass): 200 GET http://10.180.1.21/compute/v2.1/servers/71d5e979-ed99-4959-8f7b-59251e20b1b5 0.655s
2025-06-20 08:51:37.371 62570 INFO tempest.lib.common.rest_client [req-a8650e5a-ebf2-4120-8338-ea28e1fa85db req-a8650e5a-ebf2-4120-8338-ea28e1fa85db ] Request (InstanceActionsV221TestJSON:test_get_list_deleted_instance_actions): 200 GET http://10.180.1.21/compute/v2.1/servers/32a9811d-6354-4c48-bf60-3d68b93704af 0.694s
2025-06-20 08:51:37.415 62578 INFO tempest.lib.common.rest_client [req-8bc9b6a3-efc9-4157-81e4-129c69dabf52 req-8bc9b6a3-efc9-4157-81e4-129c69dabf52 ] Request (ServersAdminTestJSON:setUpClass): 200 GET http://10.180.1.21/compute/v2.1/servers/b802a76e-c112-4eaf-97b5-ed82ec528bf9 0.804s
2025-06-20 08:51:37.426 62578 INFO tempest.common.waiters [-] State transition "BUILD/spawning" ==> "ACTIVE/None" after 73 second wait
2025-06-20 08:51:37.679 62562 INFO tempest.lib.common.rest_client [req-622558d2-19d4-4399-b78c-a549b1629e0d req-622558d2-19d4-4399-b78c-a549b1629e0d ] Request (FloatingIPsAssociationTestJSON:tearDownClass): 200 GET http://10.180.1.21/compute/v2.1/servers/c9510d18-0fb7-42c9-986b-865cfbea8868 0.972s
2025-06-20 08:51:37.694 62614 INFO tempest.lib.common.rest_client [req-c0d98e9e-9330-407d-a9b9-b83b0ec27c85 req-c0d98e9e-9330-407d-a9b9-b83b0ec27c85 ] Request (ImagesTestJSON:test_create_server_from_snapshot): 200 GET http://10.180.1.21/compute/v2.1/servers/9a97dc62-e3e7-4fee-84bb-2daa0daf1b86 0.752s
2025-06-20 08:51:37.756 62560 INFO tempest.lib.common.rest_client [req-093c063f-543c-41b2-be63-86739881b109 req-093c063f-543c-41b2-be63-86739881b109 ] Request (ServersTestMultiNic:test_verify_multiple_nics_order): 200 GET http://10.180.1.21/compute/v2.1/servers/3b5cc84c-f3ef-46d3-a014-827cbcf9ff9f 0.812s
2025-06-20 08:51:37.774 62604 INFO tempest.lib.common.rest_client [req-4dcd3bf8-30d9-4694-aa21-47bf982850c3 req-4dcd3bf8-30d9-4694-aa21-47bf982850c3 ] Request (SecurityGroupsTestJSON:test_server_security_groups): 200 GET http://10.180.1.21/compute/v2.1/servers/a5805aa7-3091-4d27-843b-4a62eb7b80e9 0.830s
2025-06-20 08:51:37.831 62612 INFO tempest.lib.common.rest_client [req-0c99113d-7f99-48a3-aaca-1237d564c432 req-0c99113d-7f99-48a3-aaca-1237d564c432 ] Request (ServerActionsV293TestJSON:setUpClass): 200 GET http://10.180.1.21/compute/v2.1/servers/6fcec292-8a7f-43ba-9ab7-ac27715e9977 0.887s
2025-06-20 08:51:37.845 62612 INFO tempest.common.waiters [-] State transition "BUILD/scheduling" ==> "BUILD/None" after 44 second wait
2025-06-20 08:51:37.852 62576 INFO tempest.lib.common.rest_client [req-d4aa3942-f287-4f0a-8653-3e269c4566ba req-d4aa3942-f287-4f0a-8653-3e269c4566ba ] Request (AttachInterfacesV270Test:test_create_get_list_interfaces): 200 GET http://10.180.1.21/compute/v2.1/servers/05698146-6db7-4514-b38e-e49ebd27d279 0.862s
2025-06-20 08:51:37.933 62620 INFO tempest.lib.common.rest_client [req-32048954-dcf9-43ae-85b1-bc47f8304aaf req-32048954-dcf9-43ae-85b1-bc47f8304aaf ] Request (MultipleCreateTestJSON:test_multiple_create): 200 GET http://10.180.1.21/compute/v2.1/servers/1fba106f-f5ee-461d-99a2-9f79c0080aac 0.841s
2025-06-20 08:51:38.003 62595 INFO tempest.lib.common.rest_client [req-1ca31e44-d70e-44e9-9d16-2a07eb114b87 req-1ca31e44-d70e-44e9-9d16-2a07eb114b87 ] Request (ServerActionsTestJSON:setUpClass): 200 GET http://10.180.1.21/compute/v2.1/servers/a30a2adc-a839-41b1-b753-fb5cf358a5f3 0.904s
2025-06-20 08:51:38.047 62608 INFO tempest.lib.common.rest_client [req-b3c552f8-f0ad-43f5-81c6-3adc66e98fdc req-b3c552f8-f0ad-43f5-81c6-3adc66e98fdc ] Request (ServerRescueNegativeTestJSON:setUpClass): 201 POST http://10.180.1.21:9696/networking/v2.0/routers 2.276s
2025-06-20 08:51:38.086 62568 INFO tempest.lib.common.rest_client [req-79ea4586-f236-4c04-91dc-7ad54ffca734 req-79ea4586-f236-4c04-91dc-7ad54ffca734 ] Request (TenantUsagesTestJSON:setUpClass): 200 GET http://10.180.1.21/compute/v2.1/servers/8959da57-2df4-45f2-864d-11b6b40340af 0.910s
2025-06-20 08:51:38.173 62584 INFO tempest.lib.common.rest_client [req-4a3ca00e-0b40-4a6f-850a-e7e0ac5d1212 req-4a3ca00e-0b40-4a6f-850a-e7e0ac5d1212 ] Request (ServersTestBootFromVolume:setUpClass): 200 GET http://10.180.1.21/compute/v2.1/servers/8e99a697-45d9-4a68-9b79-e8214ccd4141 1.152s
2025-06-20 08:51:38.191 62616 INFO tempest.lib.common.rest_client [req-2ff2c0f7-a7c1-4738-b1d3-8ddc16f45edf req-2ff2c0f7-a7c1-4738-b1d3-8ddc16f45edf ] Request (ServersWithSpecificFlavorTestJSON:test_verify_created_server_ephemeral_disk): 200 GET http://10.180.1.21/compute/v2.1/servers/4b28119c-550e-4b9d-a714-e23ded49beb1 1.006s
2025-06-20 08:51:38.200 62616 INFO tempest.common.waiters [-] State transition "BUILD/scheduling" ==> "BUILD/None" after 45 second wait
2025-06-20 08:51:38.224 62566 INFO tempest.lib.common.rest_client [req-891089f9-fad9-4409-9e76-a69ef45d12da req-891089f9-fad9-4409-9e76-a69ef45d12da ] Request (VolumesAdminNegativeTest:_run_cleanups): 200 GET http://10.180.1.21/compute/v2.1/servers/fe564bfb-7cd2-4168-a41a-77fc4747426b/os-volume_attachments 1.006s
2025-06-20 08:51:38.296 62588 INFO tempest.lib.common.rest_client [req-2e64e4a9-33e1-45b6-b708-19f7ff6b62e8 req-2e64e4a9-33e1-45b6-b708-19f7ff6b62e8 ] Request (ServersAdminNegativeTestJSON:tearDownClass): 200 GET http://10.180.1.21/compute/v2.1/servers/9d9d81cb-76aa-4eb3-af77-0af2121d4d6f 0.972s
2025-06-20 08:51:38.297 62600 INFO tempest.lib.common.rest_client [req-d6655346-a3f1-4817-9599-53b65048cd63 req-d6655346-a3f1-4817-9599-53b65048cd63 ] Request (ListServersNegativeTestJSON:tearDownClass): 200 GET http://10.180.1.21/compute/v2.1/servers/bf195db5-7601-46e3-ba0e-1ea3ded052c5 1.021s
2025-06-20 08:51:38.355 62598 INFO tempest.lib.common.rest_client [req-acae8cb8-20d6-41e9-9c7e-e253f855165c req-acae8cb8-20d6-41e9-9c7e-e253f855165c ] Request (ServersNegativeTestJSON:setUpClass): 200 GET http://10.180.1.21/compute/v2.1/servers/6f751e91-361b-4c18-928e-c5a45295932d 1.008s
2025-06-20 08:51:38.365 62564 INFO tempest.lib.common.rest_client [req-735013f4-a828-4a7b-a3cb-0df3b953c4bb req-735013f4-a828-4a7b-a3cb-0df3b953c4bb ] Request (ServersTestJSON:setUpClass): 200 GET http://10.180.1.21/compute/v2.1/servers/42c0ff26-fdca-4268-8a11-23baad914176 0.974s
2025-06-20 08:51:38.407 62596 INFO tempest.lib.common.rest_client [req-c945716e-f50b-471e-b957-fc7347a406ba req-c945716e-f50b-471e-b957-fc7347a406ba ] Request (ListImageFiltersTestJSON:setUpClass): 200 GET http://10.180.1.21/compute/v2.1/servers/3d7388dd-b0b5-4b7f-b74d-9bdedbb67ebc 0.981s
2025-06-20 08:51:38.469 62586 INFO tempest.lib.common.rest_client [req-0a0fc67e-88e6-47a5-84b3-0502d73944e8 req-0a0fc67e-88e6-47a5-84b3-0502d73944e8 ] Request (ListServerFiltersTestJSON:setUpClass): 200 GET http://10.180.1.21/compute/v2.1/servers/bc02092f-b0fb-4de1-af9f-b803460516f0 0.970s
2025-06-20 08:51:38.498 62578 INFO tempest.lib.common.rest_client [req-e9fc36d3-0fec-4355-b9ec-b4316c54a221 req-e9fc36d3-0fec-4355-b9ec-b4316c54a221 ] Request (ServersAdminTestJSON:setUpClass): 200 GET http://10.180.1.21/compute/v2.1/servers/d6bde5b4-f544-41c7-b763-c668b7bbd914 1.070s
2025-06-20 08:51:38.535 62606 INFO tempest.lib.common.rest_client [req-754710b7-34ae-4198-8cfa-077b0fdc1888 req-754710b7-34ae-4198-8cfa-077b0fdc1888 ] Request (ServerTagsTestJSON:tearDownClass): 200 GET http://10.180.1.21/compute/v2.1/servers/b38c3923-3ba5-4170-a4b2-8a7e496a389a 0.945s
2025-06-20 08:51:38.579 62578 INFO tempest.lib.common.rest_client [req-ae3185dd-ef25-4629-b18f-dfab1002c0a7 req-ae3185dd-ef25-4629-b18f-dfab1002c0a7 ] Request (ServersAdminTestJSON:test_create_server_with_scheduling_hint): 201 POST http://10.180.1.21/identity/v3/auth/tokens 0.070s
2025-06-20 08:51:38.580 62578 INFO tempest.lib.common.fixed_network [-] (ServersAdminTestJSON:test_create_server_with_scheduling_hint) Found network {'id': '5c076d5d-e57b-4547-9c82-ffc67bcd4a22', 'name': 'tempest-ServersAdminTestJSON-113249041-network', 'tenant_id': '853a0f7361384dd691784c7bc114c6cb', 'admin_state_up': True, 'mtu': 8950, 'status': 'ACTIVE', 'subnets': [], 'shared': False, 'project_id': '853a0f7361384dd691784c7bc114c6cb', 'port_security_enabled': True, 'router:external': False, 'provider:network_type': 'vlan', 'provider:physical_network': 'default', 'provider:segmentation_id': 528, 'is_default': False, 'availability_zone_hints': [], 'availability_zones': [], 'ipv4_address_scope': None, 'ipv6_address_scope': None, 'description': '', 'tags': [], 'created_at': '2025-06-20T08:50:03Z', 'updated_at': '2025-06-20T08:50:03Z', 'revision_number': 1} available for tenant
2025-06-20 08:51:38.600 62574 INFO tempest.lib.common.rest_client [req-ae0ace7b-8215-45e6-8154-92ccf3dc80c1 req-ae0ace7b-8215-45e6-8154-92ccf3dc80c1 ] Request (ServerDiagnosticsNegativeTest:tearDownClass): 200 GET http://10.180.1.21/compute/v2.1/servers/ec0a3585-2101-43e0-8ba6-95f04f4d3194 0.895s
2025-06-20 08:51:38.624 62572 INFO tempest.lib.common.rest_client [req-ead1ff31-297e-428e-b45e-97e10f83512b req-ead1ff31-297e-428e-b45e-97e10f83512b ] Request (MigrationsAdminTest:test_list_migrations_in_flavor_resize_situation): 200 GET http://10.180.1.21/compute/v2.1/servers/f2bb4caa-a46e-4b99-9505-bd69fbcd42d0 1.027s
2025-06-20 08:51:38.661 62582 INFO tempest.lib.common.rest_client [req-344c51e7-08e5-4345-a3e3-50649c969e33 req-344c51e7-08e5-4345-a3e3-50649c969e33 ] Request (VolumesAssistedSnapshotsTest:tearDownClass): 200 GET http://10.180.1.21/compute/v2.1/servers/e0f20d7f-2947-4448-a5ae-361687f3dc17 0.600s
2025-06-20 08:51:38.676 62590 INFO tempest.lib.common.rest_client [req-7acd270d-cb2f-4b67-a0a8-3eac3fc51c7a req-7acd270d-cb2f-4b67-a0a8-3eac3fc51c7a ] Request (ServersTestFqdnHostnames:test_create_server_with_fqdn_name): 200 GET http://10.180.1.21/compute/v2.1/servers/96ad1254-5650-4d0b-a26e-32082a5e160d 0.504s
2025-06-20 08:51:38.730 62580 INFO tempest.lib.common.rest_client [req-a99a24be-7c3c-4f5f-a3da-347495141aaa req-a99a24be-7c3c-4f5f-a3da-347495141aaa ] Request (ImagesOneServerNegativeTestJSON:setUpClass): 200 GET http://10.180.1.21/compute/v2.1/servers/71d5e979-ed99-4959-8f7b-59251e20b1b5 0.435s
2025-06-20 08:51:38.745 62570 INFO tempest.lib.common.rest_client [req-4219977f-8a83-4aa5-9a65-76f07ea35c2f req-4219977f-8a83-4aa5-9a65-76f07ea35c2f ] Request (InstanceActionsV221TestJSON:test_get_list_deleted_instance_actions): 200 GET http://10.180.1.21/compute/v2.1/servers/32a9811d-6354-4c48-bf60-3d68b93704af 0.366s
2025-06-20 08:51:38.773 62562 INFO tempest.lib.common.rest_client [req-6c72f3f9-f890-463a-8aed-39847fd99da9 req-6c72f3f9-f890-463a-8aed-39847fd99da9 ] Request (FloatingIPsAssociationTestJSON:tearDownClass): 404 GET http://10.180.1.21/compute/v2.1/servers/c9510d18-0fb7-42c9-986b-865cfbea8868 0.086s
2025-06-20 08:51:38.844 62614 INFO tempest.lib.common.rest_client [req-cf699068-18d9-466b-ab53-7258d268f8d5 req-cf699068-18d9-466b-ab53-7258d268f8d5 ] Request (ImagesTestJSON:test_create_server_from_snapshot): 200 GET http://10.180.1.21/compute/v2.1/servers/9a97dc62-e3e7-4fee-84bb-2daa0daf1b86 0.141s
2025-06-20 08:51:38.905 62560 INFO tempest.lib.common.rest_client [req-2714b5bb-b998-496c-8635-3b68677f96cf req-2714b5bb-b998-496c-8635-3b68677f96cf ] Request (ServersTestMultiNic:test_verify_multiple_nics_order): 200 GET http://10.180.1.21/compute/v2.1/servers/3b5cc84c-f3ef-46d3-a014-827cbcf9ff9f 0.138s
2025-06-20 08:51:39.015 62608 INFO tempest.lib.common.rest_client [req-1c4b8210-b92a-4f6a-a5e0-20add11ee408 req-1c4b8210-b92a-4f6a-a5e0-20add11ee408 ] Request (ServerRescueNegativeTestJSON:setUpClass): 200 PUT http://10.180.1.21:9696/networking/v2.0/routers/1d977612-c691-4111-ae4c-0a801403e761/add_router_interface 0.968s
2025-06-20 08:51:39.016 62608 INFO tempest.lib.common.dynamic_creds [-] Created isolated network resources for: credentials: Credentials: {'domain_id': 'default', 'domain_name': 'Default', 'username': 'tempest-ServerRescueNegativeTestJSON-801777048-project-member', 'project_domain_id': 'default', 'project_domain_name': 'Default', 'project_id': 'b38ad11da78b4734b594132fd8e9ca09', 'project_name': 'tempest-ServerRescueNegativeTestJSON-801777048', 'tenant_id': 'b38ad11da78b4734b594132fd8e9ca09', 'tenant_name': 'tempest-ServerRescueNegativeTestJSON-801777048', 'user_domain_id': 'default', 'user_domain_name': 'Default', 'user_id': '516ea5ec1f3f41ee939aaf81fb60c6ff', 'system': None}, Network: {'id': 'a608b640-8b88-4b6c-a6e0-857258d8a351', 'name': 'tempest-ServerRescueNegativeTestJSON-1593200752-network', 'tenant_id': 'b38ad11da78b4734b594132fd8e9ca09', 'admin_state_up': True, 'mtu': 8950, 'status': 'ACTIVE', 'subnets': [], 'shared': False, 'project_id': 'b38ad11da78b4734b594132fd8e9ca09', 'port_security_enabled': True, 'router:external': False, 'provider:network_type': 'vlan', 'provider:physical_network': 'default', 'provider:segmentation_id': 467, 'is_default': False, 'availability_zone_hints': [], 'availability_zones': [], 'ipv4_address_scope': None, 'ipv6_address_scope': None, 'description': '', 'tags': [], 'created_at': '2025-06-20T08:51:35Z', 'updated_at': '2025-06-20T08:51:35Z', 'revision_number': 1}, Subnet: {'id': 'cc6e3a65-bb87-4608-b240-b83ff98a856f', 'name': 'tempest-ServerRescueNegativeTestJSON-1593200752-subnet', 'tenant_id': 'b38ad11da78b4734b594132fd8e9ca09', 'network_id': 'a608b640-8b88-4b6c-a6e0-857258d8a351', 'ip_version': 4, 'subnetpool_id': None, 'enable_dhcp': True, 'ipv6_ra_mode': None, 'ipv6_address_mode': None, 'gateway_ip': '192.168.128.1', 'cidr': '192.168.128.0/28', 'allocation_pools': [{'start': '192.168.128.2', 'end': '192.168.128.14'}], 'host_routes': [], 'dns_nameservers': [], 'description': '', 'router:external': False, 'service_types': [], 'tags': [], 'created_at': '2025-06-20T08:51:35Z', 'updated_at': '2025-06-20T08:51:35Z', 'revision_number': 0, 'project_id': 'b38ad11da78b4734b594132fd8e9ca09'}, Router: {'id': '1d977612-c691-4111-ae4c-0a801403e761', 'name': 'tempest-ServerRescueNegativeTestJSON-1593200752-router', 'tenant_id': 'b38ad11da78b4734b594132fd8e9ca09', 'admin_state_up': True, 'status': 'ACTIVE', 'external_gateway_info': {'network_id': '5c40dcb3-13bc-47c5-be43-d46bc1379be3', 'external_fixed_ips': [{'subnet_id': '539682a1-349f-439e-9d56-660d04ffd59d', 'ip_address': '10.180.180.217'}], 'enable_snat': True}, 'description': '', 'availability_zones': [], 'distributed': False, 'ha': False, 'availability_zone_hints': [], 'routes': [], 'flavor_id': None, 'tags': [], 'created_at': '2025-06-20T08:51:35Z', 'updated_at': '2025-06-20T08:51:36Z', 'revision_number': 2, 'project_id': 'b38ad11da78b4734b594132fd8e9ca09'}
2025-06-20 08:51:39.127 62608 INFO tempest.lib.common.rest_client [req-b0f4f335-f715-4e7a-997b-2481ebf9ef9a req-b0f4f335-f715-4e7a-997b-2481ebf9ef9a ] Request (ServerRescueNegativeTestJSON:setUpClass): 201 POST http://10.180.1.21/identity/v3/auth/tokens 0.107s
2025-06-20 08:51:39.171 62608 INFO tempest.lib.common.rest_client [req-19362bf4-e31d-477b-9871-09e56ab19974 req-19362bf4-e31d-477b-9871-09e56ab19974 ] Request (ServerRescueNegativeTestJSON:setUpClass): 201 POST http://10.180.1.21/identity/v3/auth/tokens 0.039s
2025-06-20 08:51:39.171 62608 INFO tempest.lib.common.fixed_network [-] (ServerRescueNegativeTestJSON:setUpClass) Found network {'id': 'a608b640-8b88-4b6c-a6e0-857258d8a351', 'name': 'tempest-ServerRescueNegativeTestJSON-1593200752-network', 'tenant_id': 'b38ad11da78b4734b594132fd8e9ca09', 'admin_state_up': True, 'mtu': 8950, 'status': 'ACTIVE', 'subnets': [], 'shared': False, 'project_id': 'b38ad11da78b4734b594132fd8e9ca09', 'port_security_enabled': True, 'router:external': False, 'provider:network_type': 'vlan', 'provider:physical_network': 'default', 'provider:segmentation_id': 467, 'is_default': False, 'availability_zone_hints': [], 'availability_zones': [], 'ipv4_address_scope': None, 'ipv6_address_scope': None, 'description': '', 'tags': [], 'created_at': '2025-06-20T08:51:35Z', 'updated_at': '2025-06-20T08:51:35Z', 'revision_number': 1} available for tenant
2025-06-20 08:51:39.181 62578 INFO tempest.lib.common.rest_client [req-fe67fe91-c40a-4f9f-a9c4-af9e5e99da0d req-fe67fe91-c40a-4f9f-a9c4-af9e5e99da0d ] Request (ServersAdminTestJSON:test_create_server_with_scheduling_hint): 202 POST http://10.180.1.21/compute/v2.1/servers 0.600s
2025-06-20 08:51:39.256 62604 INFO tempest.lib.common.rest_client [req-212760b4-70c6-430c-8a55-2893e49bc59b req-212760b4-70c6-430c-8a55-2893e49bc59b ] Request (SecurityGroupsTestJSON:test_server_security_groups): 200 GET http://10.180.1.21/compute/v2.1/servers/a5805aa7-3091-4d27-843b-4a62eb7b80e9 0.471s
2025-06-20 08:51:39.332 62612 INFO tempest.lib.common.rest_client [req-5f0fb99d-b5d3-4a03-89e1-32096a1bb4c6 req-5f0fb99d-b5d3-4a03-89e1-32096a1bb4c6 ] Request (ServerActionsV293TestJSON:setUpClass): 200 GET http://10.180.1.21/compute/v2.1/servers/6fcec292-8a7f-43ba-9ab7-ac27715e9977 0.486s
2025-06-20 08:51:39.399 62576 INFO tempest.lib.common.rest_client [req-b7ec172d-486f-44e4-a778-343054ac2bfb req-b7ec172d-486f-44e4-a778-343054ac2bfb ] Request (AttachInterfacesV270Test:test_create_get_list_interfaces): 200 GET http://10.180.1.21/compute/v2.1/servers/05698146-6db7-4514-b38e-e49ebd27d279 0.537s
2025-06-20 08:51:39.455 62620 INFO tempest.lib.common.rest_client [req-718e679d-a687-45c9-a582-9aa3c52f962d req-718e679d-a687-45c9-a582-9aa3c52f962d ] Request (MultipleCreateTestJSON:test_multiple_create): 200 GET http://10.180.1.21/compute/v2.1/servers/1fba106f-f5ee-461d-99a2-9f79c0080aac 0.514s
2025-06-20 08:51:39.465 62562 INFO tempest.lib.common.rest_client [req-47092ba2-0e29-49ca-8c1e-3cec6609f25a req-47092ba2-0e29-49ca-8c1e-3cec6609f25a ] Request (FloatingIPsAssociationTestJSON:tearDownClass): 202 DELETE http://10.180.1.21/compute/v2.1/os-floating-ips/3d26e0e5-7c58-40ec-9722-300f7ce544f0 0.692s
2025-06-20 08:51:39.512 62595 INFO tempest.lib.common.rest_client [req-edd61d77-e671-4933-99fe-cc117c2f3b95 req-edd61d77-e671-4933-99fe-cc117c2f3b95 ] Request (ServerActionsTestJSON:setUpClass): 200 GET http://10.180.1.21/compute/v2.1/servers/a30a2adc-a839-41b1-b753-fb5cf358a5f3 0.496s
2025-06-20 08:51:39.522 62568 INFO tempest.lib.common.rest_client [req-cbb7ef28-07d4-4631-bf60-73c5818ebdbb req-cbb7ef28-07d4-4631-bf60-73c5818ebdbb ] Request (TenantUsagesTestJSON:setUpClass): 200 GET http://10.180.1.21/compute/v2.1/servers/8959da57-2df4-45f2-864d-11b6b40340af 0.418s
2025-06-20 08:51:39.565 62578 INFO tempest.lib.common.rest_client [req-f16bcf43-3b04-406b-b08a-743009528cef req-f16bcf43-3b04-406b-b08a-743009528cef ] Request (ServersAdminTestJSON:test_create_server_with_scheduling_hint): 200 GET http://10.180.1.21/compute/v2.1/servers/e3664a5c-6457-45c1-a60f-f2393a568cae 0.383s
2025-06-20 08:51:39.733 62584 INFO tempest.lib.common.rest_client [req-5dc35f99-34b1-4889-9e91-7239f483bbee req-5dc35f99-34b1-4889-9e91-7239f483bbee ] Request (ServersTestBootFromVolume:setUpClass): 200 GET http://10.180.1.21/compute/v2.1/servers/8e99a697-45d9-4a68-9b79-e8214ccd4141 0.546s
2025-06-20 08:51:39.808 62616 INFO tempest.lib.common.rest_client [req-44b5bfec-ab54-4dca-b82d-aef1dbd49f78 req-44b5bfec-ab54-4dca-b82d-aef1dbd49f78 ] Request (ServersWithSpecificFlavorTestJSON:test_verify_created_server_ephemeral_disk): 200 GET http://10.180.1.21/compute/v2.1/servers/4b28119c-550e-4b9d-a714-e23ded49beb1 0.606s
2025-06-20 08:51:39.843 62566 INFO tempest.lib.common.rest_client [req-10eea7eb-b20e-4b86-ad45-9553ce5a4f00 req-10eea7eb-b20e-4b86-ad45-9553ce5a4f00 ] Request (VolumesAdminNegativeTest:_run_cleanups): 200 GET http://10.180.1.21/compute/v2.1/servers/fe564bfb-7cd2-4168-a41a-77fc4747426b/os-volume_attachments 0.617s
2025-06-20 08:51:39.886 62566 INFO tempest.lib.common.rest_client [req-520266fa-a1bd-4bb0-9ebc-4be1248af100 req-520266fa-a1bd-4bb0-9ebc-4be1248af100 ] Request (VolumesAdminNegativeTest:_run_cleanups): 200 GET http://10.180.1.21/volume/v3/e265b4c9de2540559e8c8b0a269f15ad/volumes/ec06e4a9-8970-4074-86ae-a7aa50383026 0.040s
2025-06-20 08:51:39.893 62566 INFO tempest.common.waiters [-] volume ec06e4a9-8970-4074-86ae-a7aa50383026 reached available after waiting for 0.893627 seconds
2025-06-20 08:51:39.917 62600 INFO tempest.lib.common.rest_client [req-9de7e82d-c952-44e7-a047-2dc2e5e41d18 req-9de7e82d-c952-44e7-a047-2dc2e5e41d18 ] Request (ListServersNegativeTestJSON:tearDownClass): 200 GET http://10.180.1.21/compute/v2.1/servers/bf195db5-7601-46e3-ba0e-1ea3ded052c5 0.612s
2025-06-20 08:51:39.981 62566 INFO tempest.lib.common.rest_client [req-3785f7b6-dea2-4192-a77c-e968b5647b5e req-3785f7b6-dea2-4192-a77c-e968b5647b5e ] Request (VolumesAdminNegativeTest:test_update_attached_volume_with_nonexistent_volume_in_uri): 201 POST http://10.180.1.21/identity/v3/auth/tokens 0.083s
2025-06-20 08:51:39.982 62566 INFO tempest.lib.common.fixed_network [-] (VolumesAdminNegativeTest:test_update_attached_volume_with_nonexistent_volume_in_uri) Found network {'id': 'a22d0770-4088-4961-a91a-8bcc3ed8c687', 'name': 'tempest-VolumesAdminNegativeTest-356274479-network', 'tenant_id': 'e265b4c9de2540559e8c8b0a269f15ad', 'admin_state_up': True, 'mtu': 8950, 'status': 'ACTIVE', 'subnets': [], 'shared': False, 'project_id': 'e265b4c9de2540559e8c8b0a269f15ad', 'port_security_enabled': True, 'router:external': False, 'provider:network_type': 'vlan', 'provider:physical_network': 'default', 'provider:segmentation_id': 367, 'is_default': False, 'availability_zone_hints': [], 'availability_zones': [], 'ipv4_address_scope': None, 'ipv6_address_scope': None, 'description': '', 'tags': [], 'created_at': '2025-06-20T08:49:43Z', 'updated_at': '2025-06-20T08:49:43Z', 'revision_number': 1} available for tenant
2025-06-20 08:51:39.987 62588 INFO tempest.lib.common.rest_client [req-be64204d-26cd-46e9-b55a-c7d5428528c1 req-be64204d-26cd-46e9-b55a-c7d5428528c1 ] Request (ServersAdminNegativeTestJSON:tearDownClass): 200 GET http://10.180.1.21/compute/v2.1/servers/9d9d81cb-76aa-4eb3-af77-0af2121d4d6f 0.680s
2025-06-20 08:51:40.021 62608 INFO tempest.lib.common.rest_client [req-b058f2f7-b40d-4422-94af-77e2f4fa2186 req-b058f2f7-b40d-4422-94af-77e2f4fa2186 ] Request (ServerRescueNegativeTestJSON:setUpClass): 202 POST http://10.180.1.21/compute/v2.1/servers 0.849s
2025-06-20 08:51:40.045 62598 INFO tempest.lib.common.rest_client [req-6ba06fc9-d0f3-4d17-9ff2-86eddc792f6a req-6ba06fc9-d0f3-4d17-9ff2-86eddc792f6a ] Request (ServersNegativeTestJSON:setUpClass): 200 GET http://10.180.1.21/compute/v2.1/servers/6f751e91-361b-4c18-928e-c5a45295932d 0.683s
2025-06-20 08:51:40.075 62564 INFO tempest.lib.common.rest_client [req-f77fb049-60cf-4693-a79a-57a53b4d7689 req-f77fb049-60cf-4693-a79a-57a53b4d7689 ] Request (ServersTestJSON:setUpClass): 200 GET http://10.180.1.21/compute/v2.1/servers/42c0ff26-fdca-4268-8a11-23baad914176 0.702s
2025-06-20 08:51:40.086 62596 INFO tempest.lib.common.rest_client [req-8c30e434-90ec-4ac8-bf30-fa17add14526 req-8c30e434-90ec-4ac8-bf30-fa17add14526 ] Request (ListImageFiltersTestJSON:setUpClass): 200 GET http://10.180.1.21/compute/v2.1/servers/3d7388dd-b0b5-4b7f-b74d-9bdedbb67ebc 0.670s
2025-06-20 08:51:40.148 62586 INFO tempest.lib.common.rest_client [req-c1d15b83-95c5-486c-85ca-64a3fe51f7a1 req-c1d15b83-95c5-486c-85ca-64a3fe51f7a1 ] Request (ListServerFiltersTestJSON:setUpClass): 200 GET http://10.180.1.21/compute/v2.1/servers/bc02092f-b0fb-4de1-af9f-b803460516f0 0.672s
2025-06-20 08:51:40.179 62562 INFO tempest.lib.common.rest_client [req-030901df-1a37-4888-a68f-451e26b7227d req-030901df-1a37-4888-a68f-451e26b7227d ] Request (FloatingIPsAssociationTestJSON:tearDownClass): 204 DELETE http://10.180.1.21/compute/v2.1/servers/3c2449ca-daca-4078-ac78-dad7714f5f07 0.713s
2025-06-20 08:51:40.253 62574 INFO tempest.lib.common.rest_client [req-73a218fe-cedf-444a-964d-8f61184964d7 req-73a218fe-cedf-444a-964d-8f61184964d7 ] Request (ServerDiagnosticsNegativeTest:tearDownClass): 200 GET http://10.180.1.21/compute/v2.1/servers/ec0a3585-2101-43e0-8ba6-95f04f4d3194 0.644s
2025-06-20 08:51:40.254 62606 INFO tempest.lib.common.rest_client [req-750bdd4c-1751-4641-8d88-47136a0e3ed0 req-750bdd4c-1751-4641-8d88-47136a0e3ed0 ] Request (ServerTagsTestJSON:tearDownClass): 200 GET http://10.180.1.21/compute/v2.1/servers/b38c3923-3ba5-4170-a4b2-8a7e496a389a 0.709s
2025-06-20 08:51:40.319 62582 INFO tempest.lib.common.rest_client [req-7b589358-1733-46e6-8d81-e5e5d0794e5c req-7b589358-1733-46e6-8d81-e5e5d0794e5c ] Request (VolumesAssistedSnapshotsTest:tearDownClass): 200 GET http://10.180.1.21/compute/v2.1/servers/e0f20d7f-2947-4448-a5ae-361687f3dc17 0.645s
2025-06-20 08:51:40.385 62590 INFO tempest.lib.common.rest_client [req-acc65efc-82fd-43f3-ae73-0a1da17bbe13 req-acc65efc-82fd-43f3-ae73-0a1da17bbe13 ] Request (ServersTestFqdnHostnames:test_create_server_with_fqdn_name): 200 GET http://10.180.1.21/compute/v2.1/servers/96ad1254-5650-4d0b-a26e-32082a5e160d 0.700s
2025-06-20 08:51:40.416 62572 INFO tempest.lib.common.rest_client [req-53995bfc-5221-49f7-ac24-58003e733806 req-53995bfc-5221-49f7-ac24-58003e733806 ] Request (MigrationsAdminTest:test_list_migrations_in_flavor_resize_situation): 200 GET http://10.180.1.21/compute/v2.1/servers/f2bb4caa-a46e-4b99-9505-bd69fbcd42d0 0.783s
2025-06-20 08:51:40.436 62618 WARNING tempest.lib.common.ssh [-] Failed to establish authenticated ssh connection to cirros@10.180.180.238 ([Errno None] Unable to connect to port 22 on 10.180.180.238). Number attempts: 4. Retry after 5 seconds.: paramiko.ssh_exception.NoValidConnectionsError: [Errno None] Unable to connect to port 22 on 10.180.180.238
2025-06-20 08:51:40.441 62580 INFO tempest.lib.common.rest_client [req-db501037-d4c5-469e-a087-26c4c21a3f8a req-db501037-d4c5-469e-a087-26c4c21a3f8a ] Request (ImagesOneServerNegativeTestJSON:setUpClass): 200 GET http://10.180.1.21/compute/v2.1/servers/71d5e979-ed99-4959-8f7b-59251e20b1b5 0.699s
2025-06-20 08:51:40.471 62570 INFO tempest.lib.common.rest_client [req-144fa748-4506-41de-b0ec-37503e4787ec req-144fa748-4506-41de-b0ec-37503e4787ec ] Request (InstanceActionsV221TestJSON:test_get_list_deleted_instance_actions): 200 GET http://10.180.1.21/compute/v2.1/servers/32a9811d-6354-4c48-bf60-3d68b93704af 0.712s
2025-06-20 08:51:40.501 62614 INFO tempest.lib.common.rest_client [req-2e0a2956-5e9c-4450-819f-300239392b43 req-2e0a2956-5e9c-4450-819f-300239392b43 ] Request (ImagesTestJSON:test_create_server_from_snapshot): 200 GET http://10.180.1.21/compute/v2.1/servers/9a97dc62-e3e7-4fee-84bb-2daa0daf1b86 0.645s
2025-06-20 08:51:40.529 62560 INFO tempest.lib.common.rest_client [req-a32fab1c-054d-41e8-80b9-c3abbd1636cc req-a32fab1c-054d-41e8-80b9-c3abbd1636cc ] Request (ServersTestMultiNic:test_verify_multiple_nics_order): 200 GET http://10.180.1.21/compute/v2.1/servers/3b5cc84c-f3ef-46d3-a014-827cbcf9ff9f 0.612s
2025-06-20 08:51:40.575 62608 INFO tempest.lib.common.rest_client [req-d660bc53-c69b-4f92-a9be-881a55a12da9 req-d660bc53-c69b-4f92-a9be-881a55a12da9 ] Request (ServerRescueNegativeTestJSON:setUpClass): 200 GET http://10.180.1.21/compute/v2.1/servers/fb133469-45df-4024-9155-eeed639eca8e 0.552s
2025-06-20 08:51:40.622 62608 INFO tempest.lib.common.rest_client [req-5a34db6e-e5b8-4691-b342-84c2f2e4f308 req-5a34db6e-e5b8-4691-b342-84c2f2e4f308 ] Request (ServerRescueNegativeTestJSON:setUpClass): 201 POST http://10.180.1.21/identity/v3/auth/tokens 0.037s
2025-06-20 08:51:40.623 62608 INFO tempest.lib.common.fixed_network [-] (ServerRescueNegativeTestJSON:setUpClass) Found network {'id': 'a608b640-8b88-4b6c-a6e0-857258d8a351', 'name': 'tempest-ServerRescueNegativeTestJSON-1593200752-network', 'tenant_id': 'b38ad11da78b4734b594132fd8e9ca09', 'admin_state_up': True, 'mtu': 8950, 'status': 'ACTIVE', 'subnets': [], 'shared': False, 'project_id': 'b38ad11da78b4734b594132fd8e9ca09', 'port_security_enabled': True, 'router:external': False, 'provider:network_type': 'vlan', 'provider:physical_network': 'default', 'provider:segmentation_id': 467, 'is_default': False, 'availability_zone_hints': [], 'availability_zones': [], 'ipv4_address_scope': None, 'ipv6_address_scope': None, 'description': '', 'tags': [], 'created_at': '2025-06-20T08:51:35Z', 'updated_at': '2025-06-20T08:51:35Z', 'revision_number': 1} available for tenant
2025-06-20 08:51:40.759 62562 INFO tempest.lib.common.rest_client [req-458765a2-7267-43e9-a52c-09d164b89367 req-458765a2-7267-43e9-a52c-09d164b89367 ] Request (FloatingIPsAssociationTestJSON:tearDownClass): 200 GET http://10.180.1.21/compute/v2.1/servers/3c2449ca-daca-4078-ac78-dad7714f5f07 0.579s
2025-06-20 08:51:40.827 62604 INFO tempest.lib.common.rest_client [req-3a9d7562-30cd-4e02-ba5b-66a9eb1e68fa req-3a9d7562-30cd-4e02-ba5b-66a9eb1e68fa ] Request (SecurityGroupsTestJSON:test_server_security_groups): 200 GET http://10.180.1.21/compute/v2.1/servers/a5805aa7-3091-4d27-843b-4a62eb7b80e9 0.559s
2025-06-20 08:51:40.883 62612 INFO tempest.lib.common.rest_client [req-c4c0d921-a49d-473b-9dc1-f0efd059dcfb req-c4c0d921-a49d-473b-9dc1-f0efd059dcfb ] Request (ServerActionsV293TestJSON:setUpClass): 200 GET http://10.180.1.21/compute/v2.1/servers/6fcec292-8a7f-43ba-9ab7-ac27715e9977 0.539s
2025-06-20 08:51:40.921 62566 INFO tempest.lib.common.rest_client [req-b1b6e9a2-fe31-42bd-b061-c13d1bdc3d8e req-b1b6e9a2-fe31-42bd-b061-c13d1bdc3d8e ] Request (VolumesAdminNegativeTest:test_update_attached_volume_with_nonexistent_volume_in_uri): 202 POST http://10.180.1.21/compute/v2.1/servers 0.939s
2025-06-20 08:51:40.948 62576 INFO tempest.lib.common.rest_client [req-c7c29697-23e0-4f04-9c69-efe422614922 req-c7c29697-23e0-4f04-9c69-efe422614922 ] Request (AttachInterfacesV270Test:test_create_get_list_interfaces): 200 GET http://10.180.1.21/compute/v2.1/servers/05698146-6db7-4514-b38e-e49ebd27d279 0.539s
2025-06-20 08:51:40.991 62620 INFO tempest.lib.common.rest_client [req-3a229ad3-64a9-4ed3-9917-2c77a36a97fc req-3a229ad3-64a9-4ed3-9917-2c77a36a97fc ] Request (MultipleCreateTestJSON:test_multiple_create): 200 GET http://10.180.1.21/compute/v2.1/servers/1fba106f-f5ee-461d-99a2-9f79c0080aac 0.525s
2025-06-20 08:51:41.012 62595 INFO tempest.lib.common.rest_client [req-2a360ba5-ac73-4a63-a24b-0e0704dc0fd7 req-2a360ba5-ac73-4a63-a24b-0e0704dc0fd7 ] Request (ServerActionsTestJSON:setUpClass): 200 GET http://10.180.1.21/compute/v2.1/servers/a30a2adc-a839-41b1-b753-fb5cf358a5f3 0.491s
2025-06-20 08:51:41.052 62568 INFO tempest.lib.common.rest_client [req-44d1ed9d-502c-4fde-9df8-42774e0bf12e req-44d1ed9d-502c-4fde-9df8-42774e0bf12e ] Request (TenantUsagesTestJSON:setUpClass): 200 GET http://10.180.1.21/compute/v2.1/servers/8959da57-2df4-45f2-864d-11b6b40340af 0.521s
2025-06-20 08:51:41.072 62578 INFO tempest.lib.common.rest_client [req-37ec0594-5030-40a4-bb09-7d52de2d2032 req-37ec0594-5030-40a4-bb09-7d52de2d2032 ] Request (ServersAdminTestJSON:test_create_server_with_scheduling_hint): 200 GET http://10.180.1.21/compute/v2.1/servers/e3664a5c-6457-45c1-a60f-f2393a568cae 0.494s
2025-06-20 08:51:41.191 62602 WARNING tempest.lib.common.ssh [-] Failed to establish authenticated ssh connection to cirros@10.180.180.173 ([Errno None] Unable to connect to port 22 on 10.180.180.173). Number attempts: 1. Retry after 2 seconds.: paramiko.ssh_exception.NoValidConnectionsError: [Errno None] Unable to connect to port 22 on 10.180.180.173
2025-06-20 08:51:41.235 62584 INFO tempest.lib.common.rest_client [req-8cf8315a-1acd-486b-b7c2-d0d744555f36 req-8cf8315a-1acd-486b-b7c2-d0d744555f36 ] Request (ServersTestBootFromVolume:setUpClass): 200 GET http://10.180.1.21/compute/v2.1/servers/8e99a697-45d9-4a68-9b79-e8214ccd4141 0.487s
2025-06-20 08:51:41.304 62616 INFO tempest.lib.common.rest_client [req-70f5fd0a-6c25-4ee9-9877-bf840243ff31 req-70f5fd0a-6c25-4ee9-9877-bf840243ff31 ] Request (ServersWithSpecificFlavorTestJSON:test_verify_created_server_ephemeral_disk): 200 GET http://10.180.1.21/compute/v2.1/servers/4b28119c-550e-4b9d-a714-e23ded49beb1 0.487s
2025-06-20 08:51:41.348 62566 INFO tempest.lib.common.rest_client [req-9a3d57bb-ecb3-459a-934b-34f50e824e2b req-9a3d57bb-ecb3-459a-934b-34f50e824e2b ] Request (VolumesAdminNegativeTest:test_update_attached_volume_with_nonexistent_volume_in_uri): 200 GET http://10.180.1.21/compute/v2.1/servers/a14afafb-5d3c-4f75-a893-3f8563a8945a 0.425s
2025-06-20 08:51:41.413 62600 INFO tempest.lib.common.rest_client [req-8b7d0074-18b0-475b-a7bd-5d55d98fea17 req-8b7d0074-18b0-475b-a7bd-5d55d98fea17 ] Request (ListServersNegativeTestJSON:tearDownClass): 200 GET http://10.180.1.21/compute/v2.1/servers/bf195db5-7601-46e3-ba0e-1ea3ded052c5 0.488s
2025-06-20 08:51:41.443 62608 INFO tempest.lib.common.rest_client [req-c8bb247b-e708-4d85-8abc-8066347c8cf8 req-c8bb247b-e708-4d85-8abc-8066347c8cf8 ] Request (ServerRescueNegativeTestJSON:setUpClass): 202 POST http://10.180.1.21/compute/v2.1/servers 0.820s
2025-06-20 08:51:41.479 62588 INFO tempest.lib.common.rest_client [req-774fc544-51c5-43f8-b5dd-56ca4d11e605 req-774fc544-51c5-43f8-b5dd-56ca4d11e605 ] Request (ServersAdminNegativeTestJSON:tearDownClass): 200 GET http://10.180.1.21/compute/v2.1/servers/9d9d81cb-76aa-4eb3-af77-0af2121d4d6f 0.483s
2025-06-20 08:51:41.494 62598 INFO tempest.lib.common.rest_client [req-a9d07b32-4c2b-4fec-aa9a-ea2a428b932c req-a9d07b32-4c2b-4fec-aa9a-ea2a428b932c ] Request (ServersNegativeTestJSON:setUpClass): 200 GET http://10.180.1.21/compute/v2.1/servers/6f751e91-361b-4c18-928e-c5a45295932d 0.438s
2025-06-20 08:51:41.531 62564 INFO tempest.lib.common.rest_client [req-082880f8-6319-403b-bc3f-62b57f2c6970 req-082880f8-6319-403b-bc3f-62b57f2c6970 ] Request (ServersTestJSON:setUpClass): 200 GET http://10.180.1.21/compute/v2.1/servers/42c0ff26-fdca-4268-8a11-23baad914176 0.448s
2025-06-20 08:51:41.544 62596 INFO tempest.lib.common.rest_client [req-5775940e-20cf-42b7-8bd3-968cfaf5714b req-5775940e-20cf-42b7-8bd3-968cfaf5714b ] Request (ListImageFiltersTestJSON:setUpClass): 200 GET http://10.180.1.21/compute/v2.1/servers/3d7388dd-b0b5-4b7f-b74d-9bdedbb67ebc 0.447s
2025-06-20 08:51:41.594 62586 INFO tempest.lib.common.rest_client [req-05313b75-d344-4adc-b002-f76b032328b3 req-05313b75-d344-4adc-b002-f76b032328b3 ] Request (ListServerFiltersTestJSON:setUpClass): 200 GET http://10.180.1.21/compute/v2.1/servers/bc02092f-b0fb-4de1-af9f-b803460516f0 0.430s
2025-06-20 08:51:41.616 62606 INFO tempest.lib.common.rest_client [req-2adf7a8a-a390-4ef1-a428-aaa48566622a req-2adf7a8a-a390-4ef1-a428-aaa48566622a ] Request (ServerTagsTestJSON:tearDownClass): 200 GET http://10.180.1.21/compute/v2.1/servers/b38c3923-3ba5-4170-a4b2-8a7e496a389a 0.353s
2025-06-20 08:51:41.623 62574 INFO tempest.lib.common.rest_client [req-88391019-9691-43bc-8289-58ebb5636bea req-88391019-9691-43bc-8289-58ebb5636bea ] Request (ServerDiagnosticsNegativeTest:tearDownClass): 404 GET http://10.180.1.21/compute/v2.1/servers/ec0a3585-2101-43e0-8ba6-95f04f4d3194 0.354s
2025-06-20 08:51:41.672 62590 INFO tempest.lib.common.rest_client [req-b6c73226-ce84-4880-866a-3c82d537020f req-b6c73226-ce84-4880-866a-3c82d537020f ] Request (ServersTestFqdnHostnames:test_create_server_with_fqdn_name): 200 GET http://10.180.1.21/compute/v2.1/servers/96ad1254-5650-4d0b-a26e-32082a5e160d 0.280s
2025-06-20 08:51:41.685 62582 INFO tempest.lib.common.rest_client [req-91ac68bf-d3dc-48dd-802d-7f99b2e21552 req-91ac68bf-d3dc-48dd-802d-7f99b2e21552 ] Request (VolumesAssistedSnapshotsTest:tearDownClass): 200 GET http://10.180.1.21/compute/v2.1/servers/e0f20d7f-2947-4448-a5ae-361687f3dc17 0.353s
2025-06-20 08:51:41.719 62574 INFO tempest.lib.common.rest_client [req-cbfb9758-e139-4062-aa3b-e37b0bc7bff9 req-cbfb9758-e139-4062-aa3b-e37b0bc7bff9 ] Request (ServerDiagnosticsNegativeTest:tearDownClass): 204 DELETE http://10.180.1.21/identity/v3/users/d72ee9d23a914eb18347d9bfa73bee83 0.096s
2025-06-20 08:51:41.737 62608 INFO tempest.lib.common.rest_client [req-734c398d-ab09-48a9-8c96-b8acf5727bdf req-734c398d-ab09-48a9-8c96-b8acf5727bdf ] Request (ServerRescueNegativeTestJSON:setUpClass): 200 GET http://10.180.1.21/compute/v2.1/servers/78aede01-1f93-4396-abd9-4d05de22119c 0.293s
2025-06-20 08:51:41.792 62580 INFO tempest.lib.common.rest_client [req-569a939d-b7f1-4b30-bb73-02db2a022430 req-569a939d-b7f1-4b30-bb73-02db2a022430 ] Request (ImagesOneServerNegativeTestJSON:setUpClass): 200 GET http://10.180.1.21/compute/v2.1/servers/71d5e979-ed99-4959-8f7b-59251e20b1b5 0.343s
2025-06-20 08:51:41.816 62572 INFO tempest.lib.common.rest_client [req-16e75fe1-bb88-45af-b1d6-42fd0257211b req-16e75fe1-bb88-45af-b1d6-42fd0257211b ] Request (MigrationsAdminTest:test_list_migrations_in_flavor_resize_situation): 200 GET http://10.180.1.21/compute/v2.1/servers/f2bb4caa-a46e-4b99-9505-bd69fbcd42d0 0.392s
2025-06-20 08:51:41.840 62574 INFO tempest.lib.common.rest_client [req-b59e7fbc-bccf-4a7f-9fe1-5ce8f3387a1a req-b59e7fbc-bccf-4a7f-9fe1-5ce8f3387a1a ] Request (ServerDiagnosticsNegativeTest:tearDownClass): 204 DELETE http://10.180.1.21/identity/v3/users/103e656c022e4c4386610e5898b8b5a9 0.120s
2025-06-20 08:51:41.840 62574 INFO tempest.lib.common.dynamic_creds [-] Deleting project and security group for project: 07c1a601cc044463b173cd2a2376a27d
2025-06-20 08:51:41.851 62570 INFO tempest.lib.common.rest_client [req-1c7c8b37-f0e7-472f-9947-3e6694a55f59 req-1c7c8b37-f0e7-472f-9947-3e6694a55f59 ] Request (InstanceActionsV221TestJSON:test_get_list_deleted_instance_actions): 200 GET http://10.180.1.21/compute/v2.1/servers/32a9811d-6354-4c48-bf60-3d68b93704af 0.372s
2025-06-20 08:51:41.866 62614 INFO tempest.lib.common.rest_client [req-7d897433-7858-4378-a41a-a5d444027bdd req-7d897433-7858-4378-a41a-a5d444027bdd ] Request (ImagesTestJSON:test_create_server_from_snapshot): 200 GET http://10.180.1.21/compute/v2.1/servers/9a97dc62-e3e7-4fee-84bb-2daa0daf1b86 0.357s
2025-06-20 08:51:41.899 62560 INFO tempest.lib.common.rest_client [req-cd07a291-e0ff-44ba-b6ac-d0af5fae324a req-cd07a291-e0ff-44ba-b6ac-d0af5fae324a ] Request (ServersTestMultiNic:test_verify_multiple_nics_order): 200 GET http://10.180.1.21/compute/v2.1/servers/3b5cc84c-f3ef-46d3-a014-827cbcf9ff9f 0.358s
2025-06-20 08:51:41.902 62574 INFO tempest.lib.common.rest_client [req-6494328c-e858-47a4-b6ec-ff7b14312e7d req-6494328c-e858-47a4-b6ec-ff7b14312e7d ] Request (ServerDiagnosticsNegativeTest:tearDownClass): 201 POST http://10.180.1.21/identity/v3/auth/tokens 0.061s
2025-06-20 08:51:41.950 62604 INFO tempest.lib.common.rest_client [req-0d86ebe0-e7f0-49b4-8b6e-4ecff4f4a8fc req-0d86ebe0-e7f0-49b4-8b6e-4ecff4f4a8fc ] Request (SecurityGroupsTestJSON:test_server_security_groups): 200 GET http://10.180.1.21/compute/v2.1/servers/a5805aa7-3091-4d27-843b-4a62eb7b80e9 0.115s
2025-06-20 08:51:41.976 62562 INFO tempest.lib.common.rest_client [req-eb334831-1818-42a6-9803-4ce51a503a99 req-eb334831-1818-42a6-9803-4ce51a503a99 ] Request (FloatingIPsAssociationTestJSON:tearDownClass): 200 GET http://10.180.1.21/compute/v2.1/servers/3c2449ca-daca-4078-ac78-dad7714f5f07 0.209s
2025-06-20 08:51:42.006 62612 INFO tempest.lib.common.rest_client [req-7e5da578-b1a9-4d7b-9c7e-445c041313ac req-7e5da578-b1a9-4d7b-9c7e-445c041313ac ] Request (ServerActionsV293TestJSON:setUpClass): 200 GET http://10.180.1.21/compute/v2.1/servers/6fcec292-8a7f-43ba-9ab7-ac27715e9977 0.111s
2025-06-20 08:51:42.030 62576 INFO tempest.lib.common.rest_client [req-7b069d8c-d5f6-46a7-ae70-29a37bdc6f17 req-7b069d8c-d5f6-46a7-ae70-29a37bdc6f17 ] Request (AttachInterfacesV270Test:test_create_get_list_interfaces): 200 GET http://10.180.1.21/compute/v2.1/servers/05698146-6db7-4514-b38e-e49ebd27d279 0.064s
2025-06-20 08:51:42.053 62620 INFO tempest.lib.common.rest_client [req-a7c5bd47-fe60-4433-b5af-80312b0697a4 req-a7c5bd47-fe60-4433-b5af-80312b0697a4 ] Request (MultipleCreateTestJSON:test_multiple_create): 200 GET http://10.180.1.21/compute/v2.1/servers/1fba106f-f5ee-461d-99a2-9f79c0080aac 0.049s
2025-06-20 08:51:42.064 62574 INFO tempest.lib.common.rest_client [req-935eed0b-01a7-425d-a66e-9b83f50be319 req-935eed0b-01a7-425d-a66e-9b83f50be319 ] Request (ServerDiagnosticsNegativeTest:tearDownClass): 200 GET http://10.180.1.21:9696/networking/v2.0/security-groups?tenant_id=07c1a601cc044463b173cd2a2376a27d&name=default 0.162s
2025-06-20 08:51:42.087 62595 INFO tempest.lib.common.rest_client [req-35443141-37aa-49c8-8ca8-8566f6387981 req-35443141-37aa-49c8-8ca8-8566f6387981 ] Request (ServerActionsTestJSON:setUpClass): 200 GET http://10.180.1.21/compute/v2.1/servers/a30a2adc-a839-41b1-b753-fb5cf358a5f3 0.064s
2025-06-20 08:51:42.134 62568 INFO tempest.lib.common.rest_client [req-bfb5b083-b684-4cc0-a772-4003fb4ca87d req-bfb5b083-b684-4cc0-a772-4003fb4ca87d ] Request (TenantUsagesTestJSON:setUpClass): 200 GET http://10.180.1.21/compute/v2.1/servers/8959da57-2df4-45f2-864d-11b6b40340af 0.068s
2025-06-20 08:51:42.149 62578 INFO tempest.lib.common.rest_client [req-912de1da-186b-4092-8555-94ae04b9a5d7 req-912de1da-186b-4092-8555-94ae04b9a5d7 ] Request (ServersAdminTestJSON:test_create_server_with_scheduling_hint): 200 GET http://10.180.1.21/compute/v2.1/servers/e3664a5c-6457-45c1-a60f-f2393a568cae 0.064s
2025-06-20 08:51:42.174 62574 INFO tempest.lib.common.rest_client [req-f49f33ce-797c-465e-9b96-ff03e194ab5f req-f49f33ce-797c-465e-9b96-ff03e194ab5f ] Request (ServerDiagnosticsNegativeTest:tearDownClass): 204 DELETE http://10.180.1.21:9696/networking/v2.0/security-groups/cce2fb7a-21ef-45ce-88b9-cb7067df80b4 0.109s
2025-06-20 08:51:42.247 62574 INFO tempest.lib.common.rest_client [req-c778625a-4701-48af-814d-4e90a5e7c48d req-c778625a-4701-48af-814d-4e90a5e7c48d ] Request (ServerDiagnosticsNegativeTest:tearDownClass): 204 DELETE http://10.180.1.21/identity/v3/projects/07c1a601cc044463b173cd2a2376a27d 0.072s
2025-06-20 08:51:42.247 62574 INFO tempest.lib.common.dynamic_creds [-] Deleting project and security group for project: a00ccdba750a440d9b074f9fb6efa738
2025-06-20 08:51:42.274 62574 INFO tempest.lib.common.rest_client [req-66550f44-cbc3-41be-81ff-bbef73bdcbb0 req-66550f44-cbc3-41be-81ff-bbef73bdcbb0 ] Request (ServerDiagnosticsNegativeTest:tearDownClass): 200 GET http://10.180.1.21:9696/networking/v2.0/security-groups?tenant_id=a00ccdba750a440d9b074f9fb6efa738&name=default 0.027s
2025-06-20 08:51:42.387 62616 INFO tempest.lib.common.rest_client [req-4b8f8e8b-64c5-42b3-9935-22fac72096a6 req-4b8f8e8b-64c5-42b3-9935-22fac72096a6 ] Request (ServersWithSpecificFlavorTestJSON:test_verify_created_server_ephemeral_disk): 200 GET http://10.180.1.21/compute/v2.1/servers/4b28119c-550e-4b9d-a714-e23ded49beb1 0.074s
