2025-06-20 08:51:17.692 62560 INFO tempest.lib.common.rest_client [req-f81c397f-cf35-4447-8cc9-de3d7ebdedee req-f81c397f-cf35-4447-8cc9-de3d7ebdedee ] Request (ServersTestMultiNic:_run_cleanups): 204 DELETE http://10.180.1.21:9696/networking/v2.0/subnets/69f31d9e-79e5-44a7-abf6-1df098792af3 0.130s
2025-06-20 08:51:17.797 62604 INFO tempest.lib.common.rest_client [req-564e4506-a298-4034-958c-2c3e539925d3 req-564e4506-a298-4034-958c-2c3e539925d3 ] Request (SecurityGroupsTestJSON:test_security_groups_create_list_delete): 202 DELETE http://10.180.1.21/compute/v2.1/os-security-groups/18908193-bd11-4293-8959-297f6d32812b 0.517s
2025-06-20 08:51:17.845 62618 INFO tempest.lib.common.rest_client [req-58bce14b-2ea5-4512-88ac-48ae78b488ab req-58bce14b-2ea5-4512-88ac-48ae78b488ab ] Request (ServerActionsTestOtherA:setUpClass): 200 GET http://10.180.1.21/compute/v2.1/servers/c710d441-ea2f-445a-a4e0-f1d1532edcb6 0.508s
2025-06-20 08:51:17.878 62582 INFO tempest.lib.common.rest_client [req-0b7ef957-11f5-4fe2-9892-bf636fcf7bb0 req-0b7ef957-11f5-4fe2-9892-bf636fcf7bb0 ] Request (VolumesAssistedSnapshotsTest:tearDownClass): 200 GET http://10.180.1.21/compute/v2.1/servers/e0f20d7f-2947-4448-a5ae-361687f3dc17 0.516s
2025-06-20 08:51:17.905 62590 INFO tempest.lib.common.rest_client [req-66b9759b-1b8a-40c9-8dc0-3dc9335898d3 req-66b9759b-1b8a-40c9-8dc0-3dc9335898d3 ] Request (ServersTestFqdnHostnames:test_create_server_with_fqdn_name): 200 GET http://10.180.1.21/compute/v2.1/servers/96ad1254-5650-4d0b-a26e-32082a5e160d 0.483s
2025-06-20 08:51:17.916 62614 INFO tempest.lib.common.rest_client [req-a9961246-7cc7-44db-9aa8-adcc492b07c9 req-a9961246-7cc7-44db-9aa8-adcc492b07c9 ] Request (ImagesTestJSON:test_create_image_from_suspended_server): 200 GET http://10.180.1.21/compute/v2.1/images/2c54735a-4fee-4525-8cc7-005995b25681 0.474s
2025-06-20 08:51:17.965 62560 INFO tempest.lib.common.rest_client [req-df905f7b-0942-4b22-aefb-d89acef1242c req-df905f7b-0942-4b22-aefb-d89acef1242c ] Request (ServersTestMultiNic:_run_cleanups): 204 DELETE http://10.180.1.21:9696/networking/v2.0/networks/0670ab5c-3399-4d6a-9e9e-6a318b56b5fa 0.272s
2025-06-20 08:51:17.987 62570 INFO tempest.lib.common.rest_client [req-f906d3ad-1f56-49a2-8482-ef24ebd08819 req-f906d3ad-1f56-49a2-8482-ef24ebd08819 ] Request (InstanceActionsV221TestJSON:test_get_list_deleted_instance_actions): 200 GET http://10.180.1.21/compute/v2.1/servers/32a9811d-6354-4c48-bf60-3d68b93704af 0.480s
2025-06-20 08:51:18.040 62580 INFO tempest.lib.common.rest_client [req-d14ddef0-f349-481e-9b89-c4b05e5c8074 req-d14ddef0-f349-481e-9b89-c4b05e5c8074 ] Request (ImagesOneServerNegativeTestJSON:setUpClass): 200 GET http://10.180.1.21/compute/v2.1/servers/71d5e979-ed99-4959-8f7b-59251e20b1b5 0.489s
2025-06-20 08:51:18.083 62588 INFO tempest.lib.common.rest_client [req-bbe5fa37-fe3d-410c-8c06-351ac4a2f421 req-bbe5fa37-fe3d-410c-8c06-351ac4a2f421 ] Request (ServersAdminNegativeTestJSON:test_migrate_server_invalid_state): 200 GET http://10.180.1.21/compute/v2.1/servers/9d9d81cb-76aa-4eb3-af77-0af2121d4d6f 0.631s
2025-06-20 08:51:18.090 62588 INFO tempest.common.waiters [-] State transition "BUILD/spawning" ==> "ACTIVE/None" after 58 second wait
2025-06-20 08:51:18.146 62562 INFO tempest.lib.common.rest_client [req-3c4ba7e2-0cd7-40b5-9498-a702bf72c293 req-3c4ba7e2-0cd7-40b5-9498-a702bf72c293 ] Request (FloatingIPsAssociationTestJSON:tearDownClass): 200 GET http://10.180.1.21/compute/v2.1/servers/c9510d18-0fb7-42c9-986b-865cfbea8868 0.540s
2025-06-20 08:51:18.193 62560 INFO tempest.lib.common.rest_client [req-3759fc22-0402-4989-9b1d-95eace587101 req-3759fc22-0402-4989-9b1d-95eace587101 ] Request (ServersTestMultiNic:_run_cleanups): 204 DELETE http://10.180.1.21:9696/networking/v2.0/subnets/e9f2bd5c-424e-49cb-86b5-4e052b4dfb15 0.227s
2025-06-20 08:51:18.243 62612 INFO tempest.lib.common.rest_client [req-1357f67f-0c52-4e29-8939-148fb8971894 req-1357f67f-0c52-4e29-8939-148fb8971894 ] Request (ServerActionsV293TestJSON:setUpClass): 200 GET http://10.180.1.21/compute/v2.1/servers/6fcec292-8a7f-43ba-9ab7-ac27715e9977 0.581s
2025-06-20 08:51:18.267 62572 INFO tempest.lib.common.rest_client [req-ecb2dff1-e4ad-407e-84ba-e8300add384d req-ecb2dff1-e4ad-407e-84ba-e8300add384d ] Request (MigrationsAdminTest:test_list_migrations_in_flavor_resize_situation): 200 GET http://10.180.1.21/compute/v2.1/servers/f2bb4caa-a46e-4b99-9505-bd69fbcd42d0 0.648s
2025-06-20 08:51:18.330 62584 INFO tempest.lib.common.rest_client [req-3e982dab-b93e-4583-9765-b0a0906cdbb7 req-3e982dab-b93e-4583-9765-b0a0906cdbb7 ] Request (ServersTestBootFromVolume:setUpClass): 200 GET http://10.180.1.21/compute/v2.1/servers/8e99a697-45d9-4a68-9b79-e8214ccd4141 0.602s
2025-06-20 08:51:18.335 62576 INFO tempest.lib.common.rest_client [req-1aa3f6dc-babb-4f6d-bcba-9d0537d79c60 req-1aa3f6dc-babb-4f6d-bcba-9d0537d79c60 ] Request (AttachInterfacesV270Test:test_create_get_list_interfaces): 200 GET http://10.180.1.21/compute/v2.1/servers/05698146-6db7-4514-b38e-e49ebd27d279 0.657s
2025-06-20 08:51:18.362 62604 INFO tempest.lib.common.rest_client [req-c0c10d8a-bf79-4494-b063-a0fb6d747862 req-c0c10d8a-bf79-4494-b063-a0fb6d747862 ] Request (SecurityGroupsTestJSON:test_security_groups_create_list_delete): 404 GET http://10.180.1.21/compute/v2.1/os-security-groups/18908193-bd11-4293-8959-297f6d32812b 0.564s
2025-06-20 08:51:18.422 62608 INFO tempest.lib.common.rest_client [req-3885fc3e-7167-4bad-962f-7356dec698ae req-3885fc3e-7167-4bad-962f-7356dec698ae ] Request (DeleteServersAdminTestJSON:test_delete_server_while_in_error_state): 200 GET http://10.180.1.21/compute/v2.1/servers/51f024cf-19eb-429c-ab1e-004093fff9b7 0.624s
2025-06-20 08:51:18.437 62600 INFO tempest.lib.common.rest_client [req-48eb3ea1-ed66-4376-8119-a3722a8dc0de req-48eb3ea1-ed66-4376-8119-a3722a8dc0de ] Request (ListServersNegativeTestJSON:setUpClass): 200 GET http://10.180.1.21/compute/v2.1/servers/d65d666b-e9f3-4724-b76b-cb3199cfba1f 0.567s
2025-06-20 08:51:18.487 62595 INFO tempest.lib.common.rest_client [req-3cc242eb-f0d0-4da1-819c-c6fc04005baf req-3cc242eb-f0d0-4da1-819c-c6fc04005baf ] Request (ServerActionsTestJSON:setUpClass): 200 GET http://10.180.1.21/compute/v2.1/servers/a30a2adc-a839-41b1-b753-fb5cf358a5f3 0.618s
2025-06-20 08:51:18.497 62620 INFO tempest.lib.common.rest_client [req-3f8f36e3-4e0a-4a37-8f39-e79931324613 req-3f8f36e3-4e0a-4a37-8f39-e79931324613 ] Request (MultipleCreateTestJSON:test_multiple_create): 200 GET http://10.180.1.21/compute/v2.1/servers/1fba106f-f5ee-461d-99a2-9f79c0080aac 0.574s
2025-06-20 08:51:18.503 62560 INFO tempest.lib.common.rest_client [req-be8e81d7-e624-4135-a758-477c3f0c75b6 req-be8e81d7-e624-4135-a758-477c3f0c75b6 ] Request (ServersTestMultiNic:_run_cleanups): 204 DELETE http://10.180.1.21:9696/networking/v2.0/networks/b209f930-bac9-4312-8901-5b5a89b4bc42 0.310s
2025-06-20 08:51:18.562 62616 INFO tempest.lib.common.rest_client [req-694f781c-de6b-4435-a068-1dade93510cd req-694f781c-de6b-4435-a068-1dade93510cd ] Request (ServersWithSpecificFlavorTestJSON:test_verify_created_server_ephemeral_disk): 200 GET http://10.180.1.21/compute/v2.1/servers/4b28119c-550e-4b9d-a714-e23ded49beb1 0.625s
2025-06-20 08:51:18.568 62568 INFO tempest.lib.common.rest_client [req-43f9842f-5f48-4b28-84a2-fafea2d8bd2c req-43f9842f-5f48-4b28-84a2-fafea2d8bd2c ] Request (TenantUsagesTestJSON:setUpClass): 200 GET http://10.180.1.21/compute/v2.1/servers/8959da57-2df4-45f2-864d-11b6b40340af 0.570s
2025-06-20 08:51:18.596 62598 INFO tempest.lib.common.rest_client [req-d2fcd32a-bf60-4316-b025-bf3c34f098a2 req-d2fcd32a-bf60-4316-b025-bf3c34f098a2 ] Request (ServersNegativeTestJSON:setUpClass): 201 POST http://10.180.1.21:9696/networking/v2.0/routers 1.223s
2025-06-20 08:51:18.630 62602 INFO tempest.lib.common.rest_client [req-2b1e6ffc-1f5e-424c-910d-5636d0d1833f req-2b1e6ffc-1f5e-424c-910d-5636d0d1833f ] Request (AttachInterfacesTestJSON:test_create_list_show_delete_interfaces_by_fixed_ip): 200 GET http://10.180.1.21/compute/v2.1/servers/6401b84d-af23-4c99-843a-5798e49c2edf 0.576s
2025-06-20 08:51:18.632 62560 INFO tempest.lib.common.rest_client [req-af368114-5183-4e9f-b81c-72eb4c405b07 req-af368114-5183-4e9f-b81c-72eb4c405b07 ] Request (ServersTestMultiNic:test_verify_multiple_nics_order): 201 POST http://10.180.1.21:9696/networking/v2.0/networks 0.126s
2025-06-20 08:51:18.677 62588 INFO tempest.lib.common.rest_client [req-1577d034-c5e6-4d4f-a82d-af8fa72f4d82 req-1577d034-c5e6-4d4f-a82d-af8fa72f4d82 ] Request (ServersAdminNegativeTestJSON:test_migrate_server_invalid_state): 202 POST http://10.180.1.21/compute/v2.1/servers/9d9d81cb-76aa-4eb3-af77-0af2121d4d6f/action 0.587s
2025-06-20 08:51:18.728 62578 INFO tempest.lib.common.rest_client [req-bf5f319c-80c7-42a4-8ca4-8de448b3c3ef req-bf5f319c-80c7-42a4-8ca4-8de448b3c3ef ] Request (ServersAdminTestJSON:setUpClass): 200 GET http://10.180.1.21/compute/v2.1/servers/b802a76e-c112-4eaf-97b5-ed82ec528bf9 0.605s
2025-06-20 08:51:18.810 62596 INFO tempest.lib.common.rest_client [req-2f4337bf-2ef6-4fab-8414-5a108ec87bd2 req-2f4337bf-2ef6-4fab-8414-5a108ec87bd2 ] Request (ListImageFiltersTestJSON:setUpClass): 200 GET http://10.180.1.21/compute/v2.1/servers/3d7388dd-b0b5-4b7f-b74d-9bdedbb67ebc 0.440s
2025-06-20 08:51:18.832 62560 INFO tempest.lib.common.rest_client [req-42530a9b-9ecf-450b-960e-44a148deefaa req-42530a9b-9ecf-450b-960e-44a148deefaa ] Request (ServersTestMultiNic:test_verify_multiple_nics_order): 201 POST http://10.180.1.21:9696/networking/v2.0/subnets 0.199s
2025-06-20 08:51:18.870 62564 INFO tempest.lib.common.rest_client [req-41466f9f-bf4b-45a2-b6be-d2f63fef03ad req-41466f9f-bf4b-45a2-b6be-d2f63fef03ad ] Request (ServersTestJSON:setUpClass): 200 GET http://10.180.1.21/compute/v2.1/servers/42c0ff26-fdca-4268-8a11-23baad914176 0.428s
2025-06-20 08:51:18.905 62604 INFO tempest.lib.common.rest_client [req-0cbf28ca-20a9-4bbe-a974-0913d485db2f req-0cbf28ca-20a9-4bbe-a974-0913d485db2f ] Request (SecurityGroupsTestJSON:test_security_groups_create_list_delete): 202 DELETE http://10.180.1.21/compute/v2.1/os-security-groups/09dd37c1-70b1-4f5c-8b41-7c2a44886903 0.543s
2025-06-20 08:51:18.960 62606 INFO tempest.lib.common.rest_client [req-a54a689e-2083-49b5-923b-5d5fcd410b15 req-a54a689e-2083-49b5-923b-5d5fcd410b15 ] Request (ServerTagsTestJSON:tearDownClass): 200 GET http://10.180.1.21/compute/v2.1/servers/b38c3923-3ba5-4170-a4b2-8a7e496a389a 0.415s
2025-06-20 08:51:18.965 62560 INFO tempest.lib.common.rest_client [req-394403e2-9233-43d0-a21e-a35cb0029f7c req-394403e2-9233-43d0-a21e-a35cb0029f7c ] Request (ServersTestMultiNic:test_verify_multiple_nics_order): 201 POST http://10.180.1.21:9696/networking/v2.0/networks 0.131s
2025-06-20 08:51:19.037 62574 INFO tempest.lib.common.rest_client [req-6a1778f6-b1e6-486f-9f63-08654623df5b req-6a1778f6-b1e6-486f-9f63-08654623df5b ] Request (ServerDiagnosticsNegativeTest:tearDownClass): 200 GET http://10.180.1.21/compute/v2.1/servers/ec0a3585-2101-43e0-8ba6-95f04f4d3194 0.492s
2025-06-20 08:51:19.048 62586 INFO tempest.lib.common.rest_client [req-569ba417-8111-4209-9f00-7603adb9dc1f req-569ba417-8111-4209-9f00-7603adb9dc1f ] Request (ListServerFiltersTestJSON:setUpClass): 200 GET http://10.180.1.21/compute/v2.1/servers/bc02092f-b0fb-4de1-af9f-b803460516f0 0.436s
2025-06-20 08:51:19.228 62618 INFO tempest.lib.common.rest_client [req-b13effd2-885f-445f-811f-740a3b8069c5 req-b13effd2-885f-445f-811f-740a3b8069c5 ] Request (ServerActionsTestOtherA:setUpClass): 200 GET http://10.180.1.21/compute/v2.1/servers/c710d441-ea2f-445a-a4e0-f1d1532edcb6 0.375s
2025-06-20 08:51:19.333 62582 INFO tempest.lib.common.rest_client [req-9be392dd-a67a-4623-8dc0-7dbbc3ebb207 req-9be392dd-a67a-4623-8dc0-7dbbc3ebb207 ] Request (VolumesAssistedSnapshotsTest:tearDownClass): 200 GET http://10.180.1.21/compute/v2.1/servers/e0f20d7f-2947-4448-a5ae-361687f3dc17 0.439s
2025-06-20 08:51:19.371 62604 INFO tempest.lib.common.rest_client [req-18e5d028-1869-4d62-a4a3-a4400684b96c req-18e5d028-1869-4d62-a4a3-a4400684b96c ] Request (SecurityGroupsTestJSON:test_security_groups_create_list_delete): 404 GET http://10.180.1.21/compute/v2.1/os-security-groups/09dd37c1-70b1-4f5c-8b41-7c2a44886903 0.465s
2025-06-20 08:51:19.419 62588 INFO tempest.lib.common.rest_client [req-b585bf83-ecf1-48bc-aa74-e956c21db2ff req-b585bf83-ecf1-48bc-aa74-e956c21db2ff ] Request (ServersAdminNegativeTestJSON:test_migrate_server_invalid_state): 200 GET http://10.180.1.21/compute/v2.1/servers/9d9d81cb-76aa-4eb3-af77-0af2121d4d6f 0.741s
2025-06-20 08:51:19.455 62560 INFO tempest.lib.common.rest_client [req-87d99860-aaee-41ce-b4ba-e0ae06b2533d req-87d99860-aaee-41ce-b4ba-e0ae06b2533d ] Request (ServersTestMultiNic:test_verify_multiple_nics_order): 201 POST http://10.180.1.21:9696/networking/v2.0/subnets 0.489s
2025-06-20 08:51:19.463 62590 INFO tempest.lib.common.rest_client [req-2d48d590-7639-45d0-90c7-3b45298899cc req-2d48d590-7639-45d0-90c7-3b45298899cc ] Request (ServersTestFqdnHostnames:test_create_server_with_fqdn_name): 200 GET http://10.180.1.21/compute/v2.1/servers/96ad1254-5650-4d0b-a26e-32082a5e160d 0.550s
2025-06-20 08:51:19.474 62614 INFO tempest.lib.common.rest_client [req-6a90a0e2-6603-42b5-b377-c4aabd18bd94 req-6a90a0e2-6603-42b5-b377-c4aabd18bd94 ] Request (ImagesTestJSON:test_create_image_from_suspended_server): 200 GET http://10.180.1.21/compute/v2.1/images/2c54735a-4fee-4525-8cc7-005995b25681 0.554s
2025-06-20 08:51:19.535 62570 INFO tempest.lib.common.rest_client [req-33e4f297-be96-478a-8aa0-45783336dd9b req-33e4f297-be96-478a-8aa0-45783336dd9b ] Request (InstanceActionsV221TestJSON:test_get_list_deleted_instance_actions): 200 GET http://10.180.1.21/compute/v2.1/servers/32a9811d-6354-4c48-bf60-3d68b93704af 0.536s
2025-06-20 08:51:19.542 62580 INFO tempest.lib.common.rest_client [req-2e9d577b-af13-476c-8ac5-f307f54c31df req-2e9d577b-af13-476c-8ac5-f307f54c31df ] Request (ImagesOneServerNegativeTestJSON:setUpClass): 200 GET http://10.180.1.21/compute/v2.1/servers/71d5e979-ed99-4959-8f7b-59251e20b1b5 0.492s
2025-06-20 08:51:19.552 62560 INFO tempest.lib.common.rest_client [req-7d575760-d732-45ac-ad21-192c84c111fa req-7d575760-d732-45ac-ad21-192c84c111fa ] Request (ServersTestMultiNic:test_verify_multiple_nics_order): 201 POST http://10.180.1.21/identity/v3/auth/tokens 0.094s
2025-06-20 08:51:19.552 62560 INFO tempest.lib.common.fixed_network [-] (ServersTestMultiNic:test_verify_multiple_nics_order) Found network {'id': '63093d33-08af-42cb-979d-4f7b153ddce0', 'name': 'tempest-ServersTestMultiNic-1779571307-network', 'tenant_id': '6f1de8d37d3345c2a838e4ba7e783cc0', 'admin_state_up': True, 'mtu': 8950, 'status': 'ACTIVE', 'subnets': [], 'shared': False, 'project_id': '6f1de8d37d3345c2a838e4ba7e783cc0', 'port_security_enabled': True, 'router:external': False, 'provider:network_type': 'vlan', 'provider:physical_network': 'default', 'provider:segmentation_id': 811, 'is_default': False, 'availability_zone_hints': [], 'availability_zones': [], 'ipv4_address_scope': None, 'ipv6_address_scope': None, 'description': '', 'tags': [], 'created_at': '2025-06-20T08:49:46Z', 'updated_at': '2025-06-20T08:49:46Z', 'revision_number': 1} available for tenant
2025-06-20 08:51:19.613 62562 INFO tempest.lib.common.rest_client [req-12b972e5-96ce-449a-b508-2aa55f6d8759 req-12b972e5-96ce-449a-b508-2aa55f6d8759 ] Request (FloatingIPsAssociationTestJSON:tearDownClass): 200 GET http://10.180.1.21/compute/v2.1/servers/c9510d18-0fb7-42c9-986b-865cfbea8868 0.457s
2025-06-20 08:51:19.623 62612 INFO tempest.lib.common.rest_client [req-17e7f4cc-4f12-4e45-a54f-d9d9dbb6d721 req-17e7f4cc-4f12-4e45-a54f-d9d9dbb6d721 ] Request (ServerActionsV293TestJSON:setUpClass): 200 GET http://10.180.1.21/compute/v2.1/servers/6fcec292-8a7f-43ba-9ab7-ac27715e9977 0.366s
2025-06-20 08:51:19.688 62584 INFO tempest.lib.common.rest_client [req-3acc629e-f228-4ecc-8f1e-cef2abeb0e7d req-3acc629e-f228-4ecc-8f1e-cef2abeb0e7d ] Request (ServersTestBootFromVolume:setUpClass): 200 GET http://10.180.1.21/compute/v2.1/servers/8e99a697-45d9-4a68-9b79-e8214ccd4141 0.343s
2025-06-20 08:51:19.756 62576 INFO tempest.lib.common.rest_client [req-1266bcf4-e9b9-4d30-a822-31a5fac85391 req-1266bcf4-e9b9-4d30-a822-31a5fac85391 ] Request (AttachInterfacesV270Test:test_create_get_list_interfaces): 200 GET http://10.180.1.21/compute/v2.1/servers/05698146-6db7-4514-b38e-e49ebd27d279 0.407s
2025-06-20 08:51:19.869 62572 INFO tempest.lib.common.rest_client [req-668cb88b-93fa-422d-b21f-93e10d9ada80 req-668cb88b-93fa-422d-b21f-93e10d9ada80 ] Request (MigrationsAdminTest:test_list_migrations_in_flavor_resize_situation): 200 GET http://10.180.1.21/compute/v2.1/servers/f2bb4caa-a46e-4b99-9505-bd69fbcd42d0 0.590s
2025-06-20 08:51:19.946 62608 INFO tempest.lib.common.rest_client [req-b10a00f4-8560-459a-a72c-adb7c5f2a77e req-b10a00f4-8560-459a-a72c-adb7c5f2a77e ] Request (DeleteServersAdminTestJSON:test_delete_server_while_in_error_state): 200 GET http://10.180.1.21/compute/v2.1/servers/51f024cf-19eb-429c-ab1e-004093fff9b7 0.512s
2025-06-20 08:51:19.969 62600 INFO tempest.lib.common.rest_client [req-e67816bc-7625-4eff-bbb0-9a53b62482ee req-e67816bc-7625-4eff-bbb0-9a53b62482ee ] Request (ListServersNegativeTestJSON:setUpClass): 404 GET http://10.180.1.21/compute/v2.1/servers/d65d666b-e9f3-4724-b76b-cb3199cfba1f 0.523s
2025-06-20 08:51:19.993 62604 INFO tempest.lib.common.rest_client [req-08633385-3a05-415c-903e-e9b25e76064a req-08633385-3a05-415c-903e-e9b25e76064a ] Request (SecurityGroupsTestJSON:test_security_groups_create_list_delete): 202 DELETE http://10.180.1.21/compute/v2.1/os-security-groups/3f623b15-53ae-441d-b784-7f2434c5b7d6 0.621s
2025-06-20 08:51:20.036 62595 INFO tempest.lib.common.rest_client [req-a3d3d50a-c6b1-485f-bb52-8d3aa2035983 req-a3d3d50a-c6b1-485f-bb52-8d3aa2035983 ] Request (ServerActionsTestJSON:setUpClass): 200 GET http://10.180.1.21/compute/v2.1/servers/a30a2adc-a839-41b1-b753-fb5cf358a5f3 0.535s
2025-06-20 08:51:20.061 62620 INFO tempest.lib.common.rest_client [req-493ffc73-2414-4f53-b191-08a9f5c1dcdc req-493ffc73-2414-4f53-b191-08a9f5c1dcdc ] Request (MultipleCreateTestJSON:test_multiple_create): 200 GET http://10.180.1.21/compute/v2.1/servers/1fba106f-f5ee-461d-99a2-9f79c0080aac 0.553s
2025-06-20 08:51:20.072 62620 INFO tempest.common.waiters [-] State transition "BUILD/scheduling" ==> "BUILD/None" after 43 second wait
2025-06-20 08:51:20.174 62616 INFO tempest.lib.common.rest_client [req-4a9fa9a3-3da1-48fb-ac5c-7735ef15eb39 req-4a9fa9a3-3da1-48fb-ac5c-7735ef15eb39 ] Request (ServersWithSpecificFlavorTestJSON:test_verify_created_server_ephemeral_disk): 200 GET http://10.180.1.21/compute/v2.1/servers/4b28119c-550e-4b9d-a714-e23ded49beb1 0.603s
2025-06-20 08:51:20.215 62598 INFO tempest.lib.common.rest_client [req-e6ab62d6-8efb-4b9e-89ba-a3529c57b0a0 req-e6ab62d6-8efb-4b9e-89ba-a3529c57b0a0 ] Request (ServersNegativeTestJSON:setUpClass): 200 PUT http://10.180.1.21:9696/networking/v2.0/routers/dcafa434-d524-4217-8005-0b3f82c7a807/add_router_interface 1.619s
2025-06-20 08:51:20.215 62598 INFO tempest.lib.common.dynamic_creds [-] Created isolated network resources for: credentials: Credentials: {'domain_id': 'default', 'domain_name': 'Default', 'username': 'tempest-ServersNegativeTestJSON-822055539-project-member', 'project_domain_id': 'default', 'project_domain_name': 'Default', 'project_id': '41bfa7b5be8140609b9e92b8465eeed3', 'project_name': 'tempest-ServersNegativeTestJSON-822055539', 'tenant_id': '41bfa7b5be8140609b9e92b8465eeed3', 'tenant_name': 'tempest-ServersNegativeTestJSON-822055539', 'user_domain_id': 'default', 'user_domain_name': 'Default', 'user_id': '45a6f10adac142c5a85f0796a4085cb6', 'system': None}, Network: {'id': '2b3c146f-af9c-40bc-85a0-c65676723e65', 'name': 'tempest-ServersNegativeTestJSON-481257203-network', 'tenant_id': '41bfa7b5be8140609b9e92b8465eeed3', 'admin_state_up': True, 'mtu': 8950, 'status': 'ACTIVE', 'subnets': [], 'shared': False, 'project_id': '41bfa7b5be8140609b9e92b8465eeed3', 'port_security_enabled': True, 'router:external': False, 'provider:network_type': 'vlan', 'provider:physical_network': 'default', 'provider:segmentation_id': 981, 'is_default': False, 'availability_zone_hints': [], 'availability_zones': [], 'ipv4_address_scope': None, 'ipv6_address_scope': None, 'description': '', 'tags': [], 'created_at': '2025-06-20T08:51:16Z', 'updated_at': '2025-06-20T08:51:16Z', 'revision_number': 1}, Subnet: {'id': 'dc5242a1-0ecb-4419-bc73-0e87f6326433', 'name': 'tempest-ServersNegativeTestJSON-481257203-subnet', 'tenant_id': '41bfa7b5be8140609b9e92b8465eeed3', 'network_id': '2b3c146f-af9c-40bc-85a0-c65676723e65', 'ip_version': 4, 'subnetpool_id': None, 'enable_dhcp': True, 'ipv6_ra_mode': None, 'ipv6_address_mode': None, 'gateway_ip': '192.168.128.1', 'cidr': '192.168.128.0/28', 'allocation_pools': [{'start': '192.168.128.2', 'end': '192.168.128.14'}], 'host_routes': [], 'dns_nameservers': [], 'description': '', 'router:external': False, 'service_types': [], 'tags': [], 'created_at': '2025-06-20T08:51:17Z', 'updated_at': '2025-06-20T08:51:17Z', 'revision_number': 0, 'project_id': '41bfa7b5be8140609b9e92b8465eeed3'}, Router: {'id': 'dcafa434-d524-4217-8005-0b3f82c7a807', 'name': 'tempest-ServersNegativeTestJSON-481257203-router', 'tenant_id': '41bfa7b5be8140609b9e92b8465eeed3', 'admin_state_up': True, 'status': 'ACTIVE', 'external_gateway_info': {'network_id': '5c40dcb3-13bc-47c5-be43-d46bc1379be3', 'external_fixed_ips': [{'subnet_id': '539682a1-349f-439e-9d56-660d04ffd59d', 'ip_address': '10.180.180.128'}], 'enable_snat': True}, 'description': '', 'availability_zones': [], 'distributed': False, 'ha': False, 'availability_zone_hints': [], 'routes': [], 'flavor_id': None, 'tags': [], 'created_at': '2025-06-20T08:51:17Z', 'updated_at': '2025-06-20T08:51:18Z', 'revision_number': 2, 'project_id': '41bfa7b5be8140609b9e92b8465eeed3'}
2025-06-20 08:51:20.254 62568 INFO tempest.lib.common.rest_client [req-fa078e7e-d211-4422-8315-48ac0bee24a9 req-fa078e7e-d211-4422-8315-48ac0bee24a9 ] Request (TenantUsagesTestJSON:setUpClass): 200 GET http://10.180.1.21/compute/v2.1/servers/8959da57-2df4-45f2-864d-11b6b40340af 0.679s
2025-06-20 08:51:20.326 62602 INFO tempest.lib.common.rest_client [req-e0b8bc07-f653-475b-b652-cd096cd10034 req-e0b8bc07-f653-475b-b652-cd096cd10034 ] Request (AttachInterfacesTestJSON:test_create_list_show_delete_interfaces_by_fixed_ip): 200 GET http://10.180.1.21/compute/v2.1/servers/6401b84d-af23-4c99-843a-5798e49c2edf 0.685s
2025-06-20 08:51:20.350 62598 INFO tempest.lib.common.rest_client [req-2f2fbbc8-0c60-4ee3-9940-25689551b698 req-2f2fbbc8-0c60-4ee3-9940-25689551b698 ] Request (ServersNegativeTestJSON:setUpClass): 201 POST http://10.180.1.21/identity/v3/auth/tokens 0.131s
2025-06-20 08:51:20.388 62598 INFO tempest.lib.common.rest_client [req-a98b01d1-17c9-4944-983e-31252e391a3d req-a98b01d1-17c9-4944-983e-31252e391a3d ] Request (ServersNegativeTestJSON:setUpClass): 201 POST http://10.180.1.21/identity/v3/auth/tokens 0.035s
2025-06-20 08:51:20.389 62598 INFO tempest.lib.common.fixed_network [-] (ServersNegativeTestJSON:setUpClass) Found network {'id': '2b3c146f-af9c-40bc-85a0-c65676723e65', 'name': 'tempest-ServersNegativeTestJSON-481257203-network', 'tenant_id': '41bfa7b5be8140609b9e92b8465eeed3', 'admin_state_up': True, 'mtu': 8950, 'status': 'ACTIVE', 'subnets': [], 'shared': False, 'project_id': '41bfa7b5be8140609b9e92b8465eeed3', 'port_security_enabled': True, 'router:external': False, 'provider:network_type': 'vlan', 'provider:physical_network': 'default', 'provider:segmentation_id': 981, 'is_default': False, 'availability_zone_hints': [], 'availability_zones': [], 'ipv4_address_scope': None, 'ipv6_address_scope': None, 'description': '', 'tags': [], 'created_at': '2025-06-20T08:51:16Z', 'updated_at': '2025-06-20T08:51:16Z', 'revision_number': 1} available for tenant
2025-06-20 08:51:20.394 62578 INFO tempest.lib.common.rest_client [req-eedfaef7-ea05-44db-b490-9d42b2895333 req-eedfaef7-ea05-44db-b490-9d42b2895333 ] Request (ServersAdminTestJSON:setUpClass): 200 GET http://10.180.1.21/compute/v2.1/servers/b802a76e-c112-4eaf-97b5-ed82ec528bf9 0.656s
2025-06-20 08:51:20.448 62596 INFO tempest.lib.common.rest_client [req-c4d72aaa-72f9-4805-8446-a5f51a83daf2 req-c4d72aaa-72f9-4805-8446-a5f51a83daf2 ] Request (ListImageFiltersTestJSON:setUpClass): 200 GET http://10.180.1.21/compute/v2.1/servers/3d7388dd-b0b5-4b7f-b74d-9bdedbb67ebc 0.629s
2025-06-20 08:51:20.514 62564 INFO tempest.lib.common.rest_client [req-b409f2a7-7454-4e32-be98-64e51c968e2a req-b409f2a7-7454-4e32-be98-64e51c968e2a ] Request (ServersTestJSON:setUpClass): 200 GET http://10.180.1.21/compute/v2.1/servers/42c0ff26-fdca-4268-8a11-23baad914176 0.636s
2025-06-20 08:51:20.579 62600 INFO tempest.lib.common.rest_client [req-b95e4bfb-9312-4b49-b0b5-9c2c15dff2ad req-b95e4bfb-9312-4b49-b0b5-9c2c15dff2ad ] Request (ListServersNegativeTestJSON:test_list_servers_by_changes_since_future_date): 200 GET http://10.180.1.21/compute/v2.1/servers?changes-since=2051-01-01T12%3A34%3A00Z&status=ACTIVE 0.608s
2025-06-20 08:51:20.663 62606 INFO tempest.lib.common.rest_client [req-749b0cb2-3341-428a-908a-3f7f5541e95f req-749b0cb2-3341-428a-908a-3f7f5541e95f ] Request (ServerTagsTestJSON:tearDownClass): 200 GET http://10.180.1.21/compute/v2.1/servers/b38c3923-3ba5-4170-a4b2-8a7e496a389a 0.687s
2025-06-20 08:51:20.681 62604 INFO tempest.lib.common.rest_client [req-5a30dabc-e1ce-4bf9-bf97-3b8320f3b0c7 req-5a30dabc-e1ce-4bf9-bf97-3b8320f3b0c7 ] Request (SecurityGroupsTestJSON:test_security_groups_create_list_delete): 404 GET http://10.180.1.21/compute/v2.1/os-security-groups/3f623b15-53ae-441d-b784-7f2434c5b7d6 0.688s
2025-06-20 08:51:20.699 62560 INFO tempest.lib.common.rest_client [req-05c2d1be-ce98-4df9-862a-59ec9f9d5c60 req-05c2d1be-ce98-4df9-862a-59ec9f9d5c60 ] Request (ServersTestMultiNic:test_verify_multiple_nics_order): 202 POST http://10.180.1.21/compute/v2.1/servers 1.146s
2025-06-20 08:51:20.702 62610 WARNING tempest.lib.common.ssh [-] Failed to establish authenticated ssh connection to cirros@10.180.180.226 ([Errno None] Unable to connect to port 22 on 10.180.180.226). Number attempts: 3. Retry after 4 seconds.: paramiko.ssh_exception.NoValidConnectionsError: [Errno None] Unable to connect to port 22 on 10.180.180.226
2025-06-20 08:51:20.746 62574 INFO tempest.lib.common.rest_client [req-d95b9661-7944-4c71-bcb8-94b1d83dd12b req-d95b9661-7944-4c71-bcb8-94b1d83dd12b ] Request (ServerDiagnosticsNegativeTest:tearDownClass): 200 GET http://10.180.1.21/compute/v2.1/servers/ec0a3585-2101-43e0-8ba6-95f04f4d3194 0.701s
2025-06-20 08:51:20.760 62586 INFO tempest.lib.common.rest_client [req-d20b4a3d-a5be-446d-a2c5-75f350e3585b req-d20b4a3d-a5be-446d-a2c5-75f350e3585b ] Request (ListServerFiltersTestJSON:setUpClass): 200 GET http://10.180.1.21/compute/v2.1/servers/bc02092f-b0fb-4de1-af9f-b803460516f0 0.702s
2025-06-20 08:51:20.837 62582 INFO tempest.lib.common.rest_client [req-25b17021-0f18-4f0c-a200-663de6da43c3 req-25b17021-0f18-4f0c-a200-663de6da43c3 ] Request (VolumesAssistedSnapshotsTest:tearDownClass): 200 GET http://10.180.1.21/compute/v2.1/servers/e0f20d7f-2947-4448-a5ae-361687f3dc17 0.489s
2025-06-20 08:51:20.867 62618 INFO tempest.lib.common.rest_client [req-35382e53-bd9f-40f1-a17b-1ea2e2adf25f req-35382e53-bd9f-40f1-a17b-1ea2e2adf25f ] Request (ServerActionsTestOtherA:setUpClass): 200 GET http://10.180.1.21/compute/v2.1/servers/c710d441-ea2f-445a-a4e0-f1d1532edcb6 0.625s
2025-06-20 08:51:20.979 62588 INFO tempest.lib.common.rest_client [req-5f33183b-a141-44f5-bf53-33593c62d9fe req-5f33183b-a141-44f5-bf53-33593c62d9fe ] Request (ServersAdminNegativeTestJSON:test_migrate_server_invalid_state): 200 GET http://10.180.1.21/compute/v2.1/servers/9d9d81cb-76aa-4eb3-af77-0af2121d4d6f 0.552s
2025-06-20 08:51:20.986 62588 INFO tempest.common.waiters [-] State transition "ACTIVE/suspending" ==> "SUSPENDED/None" after 1 second wait
2025-06-20 08:51:21.056 62590 INFO tempest.lib.common.rest_client [req-f1b6e1a7-128d-4d74-90be-7e4126ae5114 req-f1b6e1a7-128d-4d74-90be-7e4126ae5114 ] Request (ServersTestFqdnHostnames:test_create_server_with_fqdn_name): 200 GET http://10.180.1.21/compute/v2.1/servers/96ad1254-5650-4d0b-a26e-32082a5e160d 0.586s
2025-06-20 08:51:21.109 62614 INFO tempest.lib.common.rest_client [req-4f1fbef2-3155-4962-a2de-6f87c2862524 req-4f1fbef2-3155-4962-a2de-6f87c2862524 ] Request (ImagesTestJSON:test_create_image_from_suspended_server): 200 GET http://10.180.1.21/compute/v2.1/images/2c54735a-4fee-4525-8cc7-005995b25681 0.629s
2025-06-20 08:51:21.180 62570 INFO tempest.lib.common.rest_client [req-4909ee6b-2fa4-48aa-bfb1-bc6645cd65c6 req-4909ee6b-2fa4-48aa-bfb1-bc6645cd65c6 ] Request (InstanceActionsV221TestJSON:test_get_list_deleted_instance_actions): 200 GET http://10.180.1.21/compute/v2.1/servers/32a9811d-6354-4c48-bf60-3d68b93704af 0.634s
2025-06-20 08:51:21.247 62580 INFO tempest.lib.common.rest_client [req-378236be-7c48-4a39-90d1-2bc093d2d267 req-378236be-7c48-4a39-90d1-2bc093d2d267 ] Request (ImagesOneServerNegativeTestJSON:setUpClass): 200 GET http://10.180.1.21/compute/v2.1/servers/71d5e979-ed99-4959-8f7b-59251e20b1b5 0.694s
2025-06-20 08:51:21.253 62600 INFO tempest.lib.common.rest_client [req-4521172f-45a2-4d11-b359-3f03fc284692 req-4521172f-45a2-4d11-b359-3f03fc284692 ] Request (ListServersNegativeTestJSON:test_list_servers_by_changes_since_invalid_date): 400 GET http://10.180.1.21/compute/v2.1/servers?changes-since=2011%2F01%2F01 0.667s
2025-06-20 08:51:21.341 62562 INFO tempest.lib.common.rest_client [req-ec475ce8-f21d-4b09-acfe-15008c3a116a req-ec475ce8-f21d-4b09-acfe-15008c3a116a ] Request (FloatingIPsAssociationTestJSON:tearDownClass): 200 GET http://10.180.1.21/compute/v2.1/servers/c9510d18-0fb7-42c9-986b-865cfbea8868 0.715s
2025-06-20 08:51:21.414 62612 INFO tempest.lib.common.rest_client [req-e755a00f-8dc8-42f6-bc9f-65dac635db11 req-e755a00f-8dc8-42f6-bc9f-65dac635db11 ] Request (ServerActionsV293TestJSON:setUpClass): 200 GET http://10.180.1.21/compute/v2.1/servers/6fcec292-8a7f-43ba-9ab7-ac27715e9977 0.781s
2025-06-20 08:51:21.446 62598 INFO tempest.lib.common.rest_client [req-60137364-05e2-4ea9-a24b-d17e12477b49 req-60137364-05e2-4ea9-a24b-d17e12477b49 ] Request (ServersNegativeTestJSON:setUpClass): 202 POST http://10.180.1.21/compute/v2.1/servers 1.056s
2025-06-20 08:51:21.513 62584 INFO tempest.lib.common.rest_client [req-c709f05a-56a0-4187-9c6b-3e30b8ea4343 req-c709f05a-56a0-4187-9c6b-3e30b8ea4343 ] Request (ServersTestBootFromVolume:setUpClass): 200 GET http://10.180.1.21/compute/v2.1/servers/8e99a697-45d9-4a68-9b79-e8214ccd4141 0.817s
2025-06-20 08:51:21.548 62604 INFO tempest.lib.common.rest_client [req-144e8f9e-9aa3-4b43-aff8-34d90d8fb94d req-144e8f9e-9aa3-4b43-aff8-34d90d8fb94d ] Request (SecurityGroupsTestJSON:test_security_groups_create_list_delete): 200 GET http://10.180.1.21/compute/v2.1/os-security-groups 0.866s
2025-06-20 08:51:21.574 62560 INFO tempest.lib.common.rest_client [req-9a59cce5-edeb-428f-92ba-3b61d0c977be req-9a59cce5-edeb-428f-92ba-3b61d0c977be ] Request (ServersTestMultiNic:test_verify_multiple_nics_order): 200 GET http://10.180.1.21/compute/v2.1/servers/3b5cc84c-f3ef-46d3-a014-827cbcf9ff9f 0.873s
2025-06-20 08:51:21.628 62576 INFO tempest.lib.common.rest_client [req-8a81f6aa-8ab9-4b5b-a756-ba90efbcc5d9 req-8a81f6aa-8ab9-4b5b-a756-ba90efbcc5d9 ] Request (AttachInterfacesV270Test:test_create_get_list_interfaces): 200 GET http://10.180.1.21/compute/v2.1/servers/05698146-6db7-4514-b38e-e49ebd27d279 0.859s
2025-06-20 08:51:21.720 62608 INFO tempest.lib.common.rest_client [req-ccf77e22-1d7b-468f-9eb8-841401bbe983 req-ccf77e22-1d7b-468f-9eb8-841401bbe983 ] Request (DeleteServersAdminTestJSON:test_delete_server_while_in_error_state): 200 GET http://10.180.1.21/compute/v2.1/servers/51f024cf-19eb-429c-ab1e-004093fff9b7 0.759s
2025-06-20 08:51:21.782 62588 INFO tempest.lib.common.rest_client [req-7ec9db23-60f8-400a-ae90-aabdf2c1bd33 req-7ec9db23-60f8-400a-ae90-aabdf2c1bd33 ] Request (ServersAdminNegativeTestJSON:test_migrate_server_invalid_state): 409 POST http://10.180.1.21/compute/v2.1/servers/9d9d81cb-76aa-4eb3-af77-0af2121d4d6f/action 0.795s
2025-06-20 08:51:21.831 62595 INFO tempest.lib.common.rest_client [req-8f55662b-c831-4acf-9fb7-ee169cfe0e51 req-8f55662b-c831-4acf-9fb7-ee169cfe0e51 ] Request (ServerActionsTestJSON:setUpClass): 200 GET http://10.180.1.21/compute/v2.1/servers/a30a2adc-a839-41b1-b753-fb5cf358a5f3 0.785s
2025-06-20 08:51:21.882 62620 INFO tempest.lib.common.rest_client [req-6449df06-68f4-4b5a-a010-aca8c10146c0 req-6449df06-68f4-4b5a-a010-aca8c10146c0 ] Request (MultipleCreateTestJSON:test_multiple_create): 200 GET http://10.180.1.21/compute/v2.1/servers/1fba106f-f5ee-461d-99a2-9f79c0080aac 0.808s
2025-06-20 08:51:21.933 62616 INFO tempest.lib.common.rest_client [req-318f7338-5678-4759-a981-4d0222e78b83 req-318f7338-5678-4759-a981-4d0222e78b83 ] Request (ServersWithSpecificFlavorTestJSON:test_verify_created_server_ephemeral_disk): 200 GET http://10.180.1.21/compute/v2.1/servers/4b28119c-550e-4b9d-a714-e23ded49beb1 0.750s
2025-06-20 08:51:21.940 62572 INFO tempest.lib.common.rest_client [req-a8cb3798-707a-4f9a-a121-d9a0fcd1ab1d req-a8cb3798-707a-4f9a-a121-d9a0fcd1ab1d ] Request (MigrationsAdminTest:test_list_migrations_in_flavor_resize_situation): 200 GET http://10.180.1.21/compute/v2.1/servers/f2bb4caa-a46e-4b99-9505-bd69fbcd42d0 1.063s
2025-06-20 08:51:21.985 62568 INFO tempest.lib.common.rest_client [req-71d68e42-dd1b-4552-8d13-b24998736498 req-71d68e42-dd1b-4552-8d13-b24998736498 ] Request (TenantUsagesTestJSON:setUpClass): 200 GET http://10.180.1.21/compute/v2.1/servers/8959da57-2df4-45f2-864d-11b6b40340af 0.714s
2025-06-20 08:51:22.032 62602 INFO tempest.lib.common.rest_client [req-677ada07-a32d-4352-b378-30da40443bba req-677ada07-a32d-4352-b378-30da40443bba ] Request (AttachInterfacesTestJSON:test_create_list_show_delete_interfaces_by_fixed_ip): 200 GET http://10.180.1.21/compute/v2.1/servers/6401b84d-af23-4c99-843a-5798e49c2edf 0.695s
2025-06-20 08:51:22.034 62600 INFO tempest.lib.common.rest_client [req-231cb6e6-c72c-4c9f-9081-21f13d8b967b req-231cb6e6-c72c-4c9f-9081-21f13d8b967b ] Request (ListServersNegativeTestJSON:test_list_servers_by_limits_greater_than_actual_count): 200 GET http://10.180.1.21/compute/v2.1/servers 0.779s
2025-06-20 08:51:22.090 62598 INFO tempest.lib.common.rest_client [req-3c752adc-5614-487d-b9e2-7eb5ff81dffc req-3c752adc-5614-487d-b9e2-7eb5ff81dffc ] Request (ServersNegativeTestJSON:setUpClass): 200 GET http://10.180.1.21/compute/v2.1/servers/6f751e91-361b-4c18-928e-c5a45295932d 0.643s
2025-06-20 08:51:22.122 62578 INFO tempest.lib.common.rest_client [req-8a375dc1-7587-405f-a341-c51a7401db31 req-8a375dc1-7587-405f-a341-c51a7401db31 ] Request (ServersAdminTestJSON:setUpClass): 200 GET http://10.180.1.21/compute/v2.1/servers/b802a76e-c112-4eaf-97b5-ed82ec528bf9 0.717s
2025-06-20 08:51:22.194 62564 INFO tempest.lib.common.rest_client [req-e9a619d4-5627-4c94-a6ea-c16f4715783b req-e9a619d4-5627-4c94-a6ea-c16f4715783b ] Request (ServersTestJSON:setUpClass): 200 GET http://10.180.1.21/compute/v2.1/servers/42c0ff26-fdca-4268-8a11-23baad914176 0.671s
2025-06-20 08:51:22.537 62596 INFO tempest.lib.common.rest_client [req-a658edef-f092-441b-a783-6a8220fc38cc req-a658edef-f092-441b-a783-6a8220fc38cc ] Request (ListImageFiltersTestJSON:setUpClass): 200 GET http://10.180.1.21/compute/v2.1/servers/3d7388dd-b0b5-4b7f-b74d-9bdedbb67ebc 1.080s
2025-06-20 08:51:22.598 62604 INFO tempest.lib.common.rest_client [req-aa15c2b7-7b99-44e7-a77c-dc7801dec6a0 req-aa15c2b7-7b99-44e7-a77c-dc7801dec6a0 ] Request (SecurityGroupsTestJSON:test_server_security_groups): 200 POST http://10.180.1.21/compute/v2.1/os-security-groups 1.043s
2025-06-20 08:51:22.610 62606 INFO tempest.lib.common.rest_client [req-7ee5c34e-c5d3-4806-9b0d-246c1b034333 req-7ee5c34e-c5d3-4806-9b0d-246c1b034333 ] Request (ServerTagsTestJSON:tearDownClass): 200 GET http://10.180.1.21/compute/v2.1/servers/b38c3923-3ba5-4170-a4b2-8a7e496a389a 0.935s
2025-06-20 08:51:22.668 62574 INFO tempest.lib.common.rest_client [req-fd0c7c04-5fc4-41fb-91e8-4bf35f309d96 req-fd0c7c04-5fc4-41fb-91e8-4bf35f309d96 ] Request (ServerDiagnosticsNegativeTest:tearDownClass): 200 GET http://10.180.1.21/compute/v2.1/servers/ec0a3585-2101-43e0-8ba6-95f04f4d3194 0.914s
2025-06-20 08:51:22.668 62586 INFO tempest.lib.common.rest_client [req-b77b10ae-d2ea-4e81-a09a-5da14525cbe7 req-b77b10ae-d2ea-4e81-a09a-5da14525cbe7 ] Request (ListServerFiltersTestJSON:setUpClass): 200 GET http://10.180.1.21/compute/v2.1/servers/bc02092f-b0fb-4de1-af9f-b803460516f0 0.894s
2025-06-20 08:51:22.674 62588 INFO tempest.lib.common.rest_client [req-2933a670-60d2-41cc-af5b-aba3b0e64e2e req-2933a670-60d2-41cc-af5b-aba3b0e64e2e ] Request (ServersAdminNegativeTestJSON:test_reset_state_server_invalid_state): 400 POST http://10.180.1.21/compute/v2.1/servers/5660f1e3-a664-40aa-8bd8-b0585a419d1a/action 0.891s
2025-06-20 08:51:22.731 62582 INFO tempest.lib.common.rest_client [req-42dbd226-e6d9-4c54-95e5-74ffb22240d9 req-42dbd226-e6d9-4c54-95e5-74ffb22240d9 ] Request (VolumesAssistedSnapshotsTest:tearDownClass): 200 GET http://10.180.1.21/compute/v2.1/servers/e0f20d7f-2947-4448-a5ae-361687f3dc17 0.883s
2025-06-20 08:51:22.780 62600 INFO tempest.lib.common.rest_client [req-20d1ae6b-20f5-404c-b6f5-51021f5ec90c req-20d1ae6b-20f5-404c-b6f5-51021f5ec90c ] Request (ListServersNegativeTestJSON:test_list_servers_by_limits_greater_than_actual_count): 200 GET http://10.180.1.21/compute/v2.1/servers?limit=102 0.744s
2025-06-20 08:51:22.791 62618 INFO tempest.lib.common.rest_client [req-05cbfcc5-038f-474d-9ae0-6cc30fa5dd55 req-05cbfcc5-038f-474d-9ae0-6cc30fa5dd55 ] Request (ServerActionsTestOtherA:setUpClass): 200 GET http://10.180.1.21/compute/v2.1/servers/c710d441-ea2f-445a-a4e0-f1d1532edcb6 0.915s
2025-06-20 08:51:22.798 62618 INFO tempest.common.waiters [-] State transition "BUILD/spawning" ==> "ACTIVE/None" after 61 second wait
2025-06-20 08:51:22.828 62614 INFO tempest.lib.common.rest_client [req-455a5a77-71f3-48d5-abe8-6440a2e3c9c1 req-455a5a77-71f3-48d5-abe8-6440a2e3c9c1 ] Request (ImagesTestJSON:test_create_image_from_suspended_server): 200 GET http://10.180.1.21/compute/v2.1/images/2c54735a-4fee-4525-8cc7-005995b25681 0.715s
2025-06-20 08:51:22.835 62590 INFO tempest.lib.common.rest_client [req-78a70055-b2af-4a58-90fc-881e2a8aaac9 req-78a70055-b2af-4a58-90fc-881e2a8aaac9 ] Request (ServersTestFqdnHostnames:test_create_server_with_fqdn_name): 200 GET http://10.180.1.21/compute/v2.1/servers/96ad1254-5650-4d0b-a26e-32082a5e160d 0.766s
2025-06-20 08:51:22.892 62580 INFO tempest.lib.common.rest_client [req-ad5e28e9-df77-4222-9918-b36dcb5ea3fb req-ad5e28e9-df77-4222-9918-b36dcb5ea3fb ] Request (ImagesOneServerNegativeTestJSON:setUpClass): 200 GET http://10.180.1.21/compute/v2.1/servers/71d5e979-ed99-4959-8f7b-59251e20b1b5 0.632s
2025-06-20 08:51:22.903 62570 INFO tempest.lib.common.rest_client [req-e49d75d1-fcd2-4125-bb19-6bff83fd7a1c req-e49d75d1-fcd2-4125-bb19-6bff83fd7a1c ] Request (InstanceActionsV221TestJSON:test_get_list_deleted_instance_actions): 200 GET http://10.180.1.21/compute/v2.1/servers/32a9811d-6354-4c48-bf60-3d68b93704af 0.714s
2025-06-20 08:51:22.964 62562 INFO tempest.lib.common.rest_client [req-46fb8031-746b-4a0e-9f1a-ba7c30eea47f req-46fb8031-746b-4a0e-9f1a-ba7c30eea47f ] Request (FloatingIPsAssociationTestJSON:tearDownClass): 200 GET http://10.180.1.21/compute/v2.1/servers/c9510d18-0fb7-42c9-986b-865cfbea8868 0.612s
2025-06-20 08:51:22.972 62612 INFO tempest.lib.common.rest_client [req-8c70217d-efb5-48e9-83f6-911edf50735d req-8c70217d-efb5-48e9-83f6-911edf50735d ] Request (ServerActionsV293TestJSON:setUpClass): 200 GET http://10.180.1.21/compute/v2.1/servers/6fcec292-8a7f-43ba-9ab7-ac27715e9977 0.548s
2025-06-20 08:51:23.012 62584 INFO tempest.lib.common.rest_client [req-015f1c09-3f8d-4abf-a35a-982bf1fefcee req-015f1c09-3f8d-4abf-a35a-982bf1fefcee ] Request (ServersTestBootFromVolume:setUpClass): 200 GET http://10.180.1.21/compute/v2.1/servers/8e99a697-45d9-4a68-9b79-e8214ccd4141 0.489s
2025-06-20 08:51:23.022 62560 INFO tempest.lib.common.rest_client [req-b488a256-9db9-4a2d-8652-4aeed7545f62 req-b488a256-9db9-4a2d-8652-4aeed7545f62 ] Request (ServersTestMultiNic:test_verify_multiple_nics_order): 200 GET http://10.180.1.21/compute/v2.1/servers/3b5cc84c-f3ef-46d3-a014-827cbcf9ff9f 0.435s
2025-06-20 08:51:23.072 62576 INFO tempest.lib.common.rest_client [req-fb9627fd-6061-47a8-9f86-366e719ba5a0 req-fb9627fd-6061-47a8-9f86-366e719ba5a0 ] Request (AttachInterfacesV270Test:test_create_get_list_interfaces): 200 GET http://10.180.1.21/compute/v2.1/servers/05698146-6db7-4514-b38e-e49ebd27d279 0.430s
2025-06-20 08:51:23.077 62588 INFO tempest.lib.common.rest_client [req-c65b44e0-bd4c-4faf-85bb-f5c93c63ed6d req-c65b44e0-bd4c-4faf-85bb-f5c93c63ed6d ] Request (ServersAdminNegativeTestJSON:test_reset_state_server_invalid_type): 400 POST http://10.180.1.21/compute/v2.1/servers/5660f1e3-a664-40aa-8bd8-b0585a419d1a/action 0.402s
2025-06-20 08:51:23.131 62604 INFO tempest.lib.common.rest_client [req-2b7ee66a-38de-4b13-b37a-04569d3714df req-2b7ee66a-38de-4b13-b37a-04569d3714df ] Request (SecurityGroupsTestJSON:test_server_security_groups): 200 POST http://10.180.1.21/compute/v2.1/os-security-groups 0.523s
2025-06-20 08:51:23.141 62600 INFO tempest.lib.common.rest_client [req-cad4a076-f767-4fa2-989a-dc2db66ecd4d req-cad4a076-f767-4fa2-989a-dc2db66ecd4d ] Request (ListServersNegativeTestJSON:test_list_servers_by_limits_pass_negative_value): 400 GET http://10.180.1.21/compute/v2.1/servers?limit=-1 0.357s
2025-06-20 08:51:23.150 62608 INFO tempest.lib.common.rest_client [req-291b53f9-cff5-4f1e-9111-74edbf9239de req-291b53f9-cff5-4f1e-9111-74edbf9239de ] Request (DeleteServersAdminTestJSON:test_delete_server_while_in_error_state): 200 GET http://10.180.1.21/compute/v2.1/servers/51f024cf-19eb-429c-ab1e-004093fff9b7 0.422s
2025-06-20 08:51:23.208 62604 INFO tempest.lib.common.rest_client [req-34578183-35cb-4a20-9ccc-661b091fcade req-34578183-35cb-4a20-9ccc-661b091fcade ] Request (SecurityGroupsTestJSON:test_server_security_groups): 201 POST http://10.180.1.21/identity/v3/auth/tokens 0.071s
2025-06-20 08:51:23.208 62604 INFO tempest.lib.common.fixed_network [-] (SecurityGroupsTestJSON:test_server_security_groups) Found network {'id': 'a1d0f182-cfd5-4d77-854c-c9800acb19f5', 'name': 'tempest-SecurityGroupsTestJSON-2125222451-network', 'tenant_id': '95c9e5b3f7db4635a31c93132e678e77', 'admin_state_up': True, 'mtu': 8950, 'status': 'ACTIVE', 'subnets': [], 'shared': False, 'project_id': '95c9e5b3f7db4635a31c93132e678e77', 'port_security_enabled': True, 'router:external': False, 'provider:network_type': 'vlan', 'provider:physical_network': 'default', 'provider:segmentation_id': 444, 'is_default': False, 'availability_zone_hints': [], 'availability_zones': [], 'ipv4_address_scope': None, 'ipv6_address_scope': None, 'description': '', 'tags': [], 'created_at': '2025-06-20T08:49:58Z', 'updated_at': '2025-06-20T08:49:59Z', 'revision_number': 1} available for tenant
2025-06-20 08:51:23.226 62595 INFO tempest.lib.common.rest_client [req-fa510612-9f90-4cb0-95d7-c968b6f37755 req-fa510612-9f90-4cb0-95d7-c968b6f37755 ] Request (ServerActionsTestJSON:setUpClass): 200 GET http://10.180.1.21/compute/v2.1/servers/a30a2adc-a839-41b1-b753-fb5cf358a5f3 0.386s
2025-06-20 08:51:23.277 62620 INFO tempest.lib.common.rest_client [req-30958552-7e4f-4496-bb83-07f8c900f3be req-30958552-7e4f-4496-bb83-07f8c900f3be ] Request (MultipleCreateTestJSON:test_multiple_create): 200 GET http://10.180.1.21/compute/v2.1/servers/1fba106f-f5ee-461d-99a2-9f79c0080aac 0.387s
2025-06-20 08:51:23.283 62618 INFO tempest.lib.common.rest_client [req-e198664a-9ce7-44b9-8e6e-e03f5a3e8dfa req-e198664a-9ce7-44b9-8e6e-e03f5a3e8dfa ] Request (ServerActionsTestOtherA:setUpClass): 200 GET http://10.180.1.21/compute/v2.1/servers/c710d441-ea2f-445a-a4e0-f1d1532edcb6/os-interface 0.484s
2025-06-20 08:51:23.329 62616 INFO tempest.lib.common.rest_client [req-456a1d94-dad8-463d-9d4c-29847f5deb05 req-456a1d94-dad8-463d-9d4c-29847f5deb05 ] Request (ServersWithSpecificFlavorTestJSON:test_verify_created_server_ephemeral_disk): 200 GET http://10.180.1.21/compute/v2.1/servers/4b28119c-550e-4b9d-a714-e23ded49beb1 0.383s
2025-06-20 08:51:23.391 62568 INFO tempest.lib.common.rest_client [req-1cdba86c-12e7-4597-83ca-856098926ab2 req-1cdba86c-12e7-4597-83ca-856098926ab2 ] Request (TenantUsagesTestJSON:setUpClass): 200 GET http://10.180.1.21/compute/v2.1/servers/8959da57-2df4-45f2-864d-11b6b40340af 0.398s
2025-06-20 08:51:23.438 62572 INFO tempest.lib.common.rest_client [req-0204d7b9-4123-4917-a74a-336549d65654 req-0204d7b9-4123-4917-a74a-336549d65654 ] Request (MigrationsAdminTest:test_list_migrations_in_flavor_resize_situation): 200 GET http://10.180.1.21/compute/v2.1/servers/f2bb4caa-a46e-4b99-9505-bd69fbcd42d0 0.488s
2025-06-20 08:51:23.445 62588 INFO tempest.lib.common.rest_client [req-a44de8e0-18de-4787-9ee9-a636790e0d03 req-a44de8e0-18de-4787-9ee9-a636790e0d03 ] Request (ServersAdminNegativeTestJSON:test_reset_state_server_nonexistent_server): 404 POST http://10.180.1.21/compute/v2.1/servers/999/action 0.366s
2025-06-20 08:51:23.459 62602 INFO tempest.lib.common.rest_client [req-d2d36551-af1b-46dd-8c36-b52eae9679d7 req-d2d36551-af1b-46dd-8c36-b52eae9679d7 ] Request (AttachInterfacesTestJSON:test_create_list_show_delete_interfaces_by_fixed_ip): 200 GET http://10.180.1.21/compute/v2.1/servers/6401b84d-af23-4c99-843a-5798e49c2edf 0.415s
2025-06-20 08:51:23.470 62602 INFO tempest.common.waiters [-] State transition "BUILD/None" ==> "BUILD/networking" after 59 second wait
2025-06-20 08:51:23.506 62598 INFO tempest.lib.common.rest_client [req-7ae6f491-86f3-47dd-9244-c04a618d5694 req-7ae6f491-86f3-47dd-9244-c04a618d5694 ] Request (ServersNegativeTestJSON:setUpClass): 200 GET http://10.180.1.21/compute/v2.1/servers/6f751e91-361b-4c18-928e-c5a45295932d 0.401s
2025-06-20 08:51:23.512 62600 INFO tempest.lib.common.rest_client [req-29318588-9625-463d-adc2-484b66157314 req-29318588-9625-463d-adc2-484b66157314 ] Request (ListServersNegativeTestJSON:test_list_servers_by_limits_pass_string): 400 GET http://10.180.1.21/compute/v2.1/servers?limit=testing 0.369s
2025-06-20 08:51:23.532 62578 INFO tempest.lib.common.rest_client [req-e0c772ef-5e05-4bc4-8bab-6256e9e03bb1 req-e0c772ef-5e05-4bc4-8bab-6256e9e03bb1 ] Request (ServersAdminTestJSON:setUpClass): 200 GET http://10.180.1.21/compute/v2.1/servers/b802a76e-c112-4eaf-97b5-ed82ec528bf9 0.397s
2025-06-20 08:51:23.591 62564 INFO tempest.lib.common.rest_client [req-1a161fe9-7e78-4e17-8072-677dad82ac38 req-1a161fe9-7e78-4e17-8072-677dad82ac38 ] Request (ServersTestJSON:setUpClass): 200 GET http://10.180.1.21/compute/v2.1/servers/42c0ff26-fdca-4268-8a11-23baad914176 0.388s
2025-06-20 08:51:23.705 62588 INFO tempest.lib.common.rest_client [req-905bb94b-b567-4de9-a3f7-c0c2b119d20d req-905bb94b-b567-4de9-a3f7-c0c2b119d20d ] Request (ServersAdminNegativeTestJSON:test_resize_server_using_overlimit_ram): 200 GET http://10.180.1.21/compute/v2.1/os-quota-sets/b7f745ffa525499f8fc89319b938bea8 0.258s
2025-06-20 08:51:23.719 62600 INFO tempest.lib.common.rest_client [req-83b794a8-6097-4072-becf-d426b78feefe req-83b794a8-6097-4072-becf-d426b78feefe ] Request (ListServersNegativeTestJSON:test_list_servers_by_non_existing_flavor): 200 GET http://10.180.1.21/compute/v2.1/servers?flavor=non_existing_flavor 0.205s
2025-06-20 08:51:23.781 62596 INFO tempest.lib.common.rest_client [req-7182449c-61bc-4aba-85dd-eba56bbe3881 req-7182449c-61bc-4aba-85dd-eba56bbe3881 ] Request (ListImageFiltersTestJSON:setUpClass): 200 GET http://10.180.1.21/compute/v2.1/servers/3d7388dd-b0b5-4b7f-b74d-9bdedbb67ebc 0.233s
2025-06-20 08:51:23.858 62606 INFO tempest.lib.common.rest_client [req-49dc7932-95ca-402b-a32a-8b3ccb4a3022 req-49dc7932-95ca-402b-a32a-8b3ccb4a3022 ] Request (ServerTagsTestJSON:tearDownClass): 200 GET http://10.180.1.21/compute/v2.1/servers/b38c3923-3ba5-4170-a4b2-8a7e496a389a 0.238s
2025-06-20 08:51:23.929 62586 INFO tempest.lib.common.rest_client [req-ac9c0a67-33a3-4b53-af57-f81fa9192e92 req-ac9c0a67-33a3-4b53-af57-f81fa9192e92 ] Request (ListServerFiltersTestJSON:setUpClass): 200 GET http://10.180.1.21/compute/v2.1/servers/bc02092f-b0fb-4de1-af9f-b803460516f0 0.253s
2025-06-20 08:51:23.969 62566 INFO paramiko.transport [-] Connected (version 2.0, client dropbear_2020.81)
2025-06-20 08:51:23.986 62574 INFO tempest.lib.common.rest_client [req-b1f04f79-f12c-44b1-932d-230448040d0d req-b1f04f79-f12c-44b1-932d-230448040d0d ] Request (ServerDiagnosticsNegativeTest:tearDownClass): 200 GET http://10.180.1.21/compute/v2.1/servers/ec0a3585-2101-43e0-8ba6-95f04f4d3194 0.305s
2025-06-20 08:51:24.005 62588 INFO tempest.lib.common.rest_client [req-66ff99ca-82b0-483f-8729-a2611e39c009 req-66ff99ca-82b0-483f-8729-a2611e39c009 ] Request (ServersAdminNegativeTestJSON:test_resize_server_using_overlimit_ram): 200 POST http://10.180.1.21/compute/v2.1/flavors 0.297s
2025-06-20 08:51:24.029 62566 INFO paramiko.transport [-] Authentication (publickey) successful!
2025-06-20 08:51:24.029 62566 INFO tempest.lib.common.ssh [-] ssh connection to cirros@10.180.180.142 successfully created
2025-06-20 08:51:24.051 62604 INFO tempest.lib.common.rest_client [req-5cd94e48-df4c-4142-a641-b7c0362076ee req-5cd94e48-df4c-4142-a641-b7c0362076ee ] Request (SecurityGroupsTestJSON:test_server_security_groups): 202 POST http://10.180.1.21/compute/v2.1/servers 0.842s
2025-06-20 08:51:24.068 62600 INFO tempest.lib.common.rest_client [req-ce0f4fea-6b33-4e3d-b973-410513cea22c req-ce0f4fea-6b33-4e3d-b973-410513cea22c ] Request (ListServersNegativeTestJSON:test_list_servers_by_non_existing_image): 200 GET http://10.180.1.21/compute/v2.1/servers?image=non_existing_image 0.344s
