2025-06-20 08:49:43.457 62570 INFO tempest.lib.common.rest_client [req-970ea68c-ce2f-4bd8-b3fe-83df5acab3a4 req-970ea68c-ce2f-4bd8-b3fe-83df5acab3a4 ] Request (QuotasAdminTestV257:setUpClass): 204 PUT http://10.180.1.21/identity/v3/projects/bc32a8d03a634960b81fe7e277084dbf/users/08d17b44607d4e7299283355d0d93d2c/roles/a7e58c0f44e64223ab33d9a80477d18a 0.181s
2025-06-20 08:49:43.457 62570 INFO tempest.lib.common.dynamic_creds [-] Dynamic test user 08d17b44607d4e7299283355d0d93d2c is created with scope project and roles: ['member']
2025-06-20 08:49:43.457 62570 INFO tempest.lib.common.dynamic_creds [-] Acquired dynamic creds: credentials: Credentials: {'domain_id': 'default', 'domain_name': 'Default', 'username': 'tempest-QuotasAdminTestV257-1790126605-project-member', 'project_domain_id': 'default', 'project_domain_name': 'Default', 'project_id': 'bc32a8d03a634960b81fe7e277084dbf', 'project_name': 'tempest-QuotasAdminTestV257-1790126605', 'tenant_id': 'bc32a8d03a634960b81fe7e277084dbf', 'tenant_name': 'tempest-QuotasAdminTestV257-1790126605', 'user_domain_id': 'default', 'user_domain_name': 'Default', 'user_id': '08d17b44607d4e7299283355d0d93d2c', 'system': None}, Network: None, Subnet: None, Router: None
2025-06-20 08:49:43.457 62570 INFO tempest.lib.common.dynamic_creds [-] Created isolated network resources for: credentials: Credentials: {'domain_id': 'default', 'domain_name': 'Default', 'username': 'tempest-QuotasAdminTestV257-1790126605-project-member', 'project_domain_id': 'default', 'project_domain_name': 'Default', 'project_id': 'bc32a8d03a634960b81fe7e277084dbf', 'project_name': 'tempest-QuotasAdminTestV257-1790126605', 'tenant_id': 'bc32a8d03a634960b81fe7e277084dbf', 'tenant_name': 'tempest-QuotasAdminTestV257-1790126605', 'user_domain_id': 'default', 'user_domain_name': 'Default', 'user_id': '08d17b44607d4e7299283355d0d93d2c', 'system': None}, Network: None, Subnet: None, Router: None
2025-06-20 08:49:43.514 62588 INFO tempest.lib.common.rest_client [req-7672a998-2555-4f02-88f9-e5646855b514 req-7672a998-2555-4f02-88f9-e5646855b514 ] Request (HypervisorAdminNegativeUnderV252Test:tearDownClass): 200 GET http://10.180.1.21:9696/networking/v2.0/security-groups?tenant_id=7ed2086273814011b19d8f575f925785&name=default 0.463s
2025-06-20 08:49:43.517 62596 INFO tempest.lib.common.rest_client [req-38f3c398-37c3-4c0f-8627-3ee06e55262a req-38f3c398-37c3-4c0f-8627-3ee06e55262a ] Request (ServerDiagnosticsTest:setUpClass): 200 GET http://10.180.1.21/identity/v3/roles 0.240s
2025-06-20 08:49:43.552 62572 INFO tempest.lib.common.rest_client [req-03692b99-4dc1-4466-b8bb-fe3251fac0df req-03692b99-4dc1-4466-b8bb-fe3251fac0df ] Request (MigrationsAdminTest:setUpClass): 201 POST http://10.180.1.21/identity/v3/projects 0.243s
2025-06-20 08:49:43.618 62584 INFO tempest.lib.common.rest_client [req-52077b6d-1d97-4da7-9142-560ff2eac373 req-52077b6d-1d97-4da7-9142-560ff2eac373 ] Request (AbsoluteLimitsTestJSON:setUpClass): 200 GET http://10.180.1.21/identity/v3/domains?name=Default 0.227s
2025-06-20 08:49:43.696 62592 INFO tempest.lib.common.rest_client [req-b19fab00-acfd-4edb-8b06-2facfcbe1cb1 req-b19fab00-acfd-4edb-8b06-2facfcbe1cb1 ] Request (ServerPasswordTestJSON:setUpClass): 202 POST http://10.180.1.21/compute/v2.1/servers 3.138s
2025-06-20 08:49:43.722 62600 INFO tempest.lib.common.rest_client [req-0cfa85da-bd55-4b46-8de4-c7972b55b70a req-0cfa85da-bd55-4b46-8de4-c7972b55b70a ] Request (NetworksTest:tearDownClass): 204 DELETE http://10.180.1.21/identity/v3/users/2081cb35e2f04dbd9b1dbb6bed21c4ef 0.329s
2025-06-20 08:49:43.722 62600 INFO tempest.lib.common.dynamic_creds [-] Deleting project and security group for project: aa016d167045410ca5f85a5098538016
2025-06-20 08:49:43.753 62560 INFO tempest.lib.common.rest_client [req-de0552e8-b30d-4ea8-b288-98083223a9b4 req-de0552e8-b30d-4ea8-b288-98083223a9b4 ] Request (KeyPairsNegativeTestJSON:tearDownClass): 204 DELETE http://10.180.1.21/identity/v3/projects/2ed51575bf2446de9b2fe80c886986b7 0.306s
2025-06-20 08:49:43.823 62588 INFO tempest.lib.common.rest_client [req-e1f7a2b5-89c6-43b1-8272-058d084f3c01 req-e1f7a2b5-89c6-43b1-8272-058d084f3c01 ] Request (HypervisorAdminNegativeUnderV252Test:tearDownClass): 204 DELETE http://10.180.1.21:9696/networking/v2.0/security-groups/6353ec61-3ad5-4afe-aea2-5e3363629e21 0.307s
2025-06-20 08:49:43.830 62570 INFO tempest.lib.common.rest_client [req-e8dc51ce-a686-4b20-93e3-4e21638f8ffd req-e8dc51ce-a686-4b20-93e3-4e21638f8ffd ] Request (QuotasAdminTestV257:setUpClass): 201 POST http://10.180.1.21/identity/v3/auth/tokens 0.368s
2025-06-20 08:49:43.904 62572 INFO tempest.lib.common.rest_client [req-12519c01-a0d2-4910-9625-472e14d9cf42 req-12519c01-a0d2-4910-9625-472e14d9cf42 ] Request (MigrationsAdminTest:setUpClass): 201 POST http://10.180.1.21/identity/v3/users 0.349s
2025-06-20 08:49:43.906 62596 INFO tempest.lib.common.rest_client [req-bc81aa57-8e93-4057-9c6f-162dbf80ec43 req-bc81aa57-8e93-4057-9c6f-162dbf80ec43 ] Request (ServerDiagnosticsTest:setUpClass): 204 PUT http://10.180.1.21/identity/v3/projects/0ebc6a3c9a66439b8e6cbc9741c69630/users/1b88d2a0e9f04c3588e5d7d1e05f32a9/roles/a7e58c0f44e64223ab33d9a80477d18a 0.389s
2025-06-20 08:49:43.906 62596 INFO tempest.lib.common.dynamic_creds [-] Dynamic test user 1b88d2a0e9f04c3588e5d7d1e05f32a9 is created with scope project and roles: ['member']
2025-06-20 08:49:43.908 62596 INFO tempest.lib.common.dynamic_creds [-] Acquired dynamic creds: credentials: Credentials: {'domain_id': 'default', 'domain_name': 'Default', 'username': 'tempest-ServerDiagnosticsTest-2815992-project-member', 'project_domain_id': 'default', 'project_domain_name': 'Default', 'project_id': '0ebc6a3c9a66439b8e6cbc9741c69630', 'project_name': 'tempest-ServerDiagnosticsTest-2815992', 'tenant_id': '0ebc6a3c9a66439b8e6cbc9741c69630', 'tenant_name': 'tempest-ServerDiagnosticsTest-2815992', 'user_domain_id': 'default', 'user_domain_name': 'Default', 'user_id': '1b88d2a0e9f04c3588e5d7d1e05f32a9', 'system': None}, Network: None, Subnet: None, Router: None
2025-06-20 08:49:43.908 62596 INFO tempest.lib.common.dynamic_creds [-] Created isolated network resources for: credentials: Credentials: {'domain_id': 'default', 'domain_name': 'Default', 'username': 'tempest-ServerDiagnosticsTest-2815992-project-member', 'project_domain_id': 'default', 'project_domain_name': 'Default', 'project_id': '0ebc6a3c9a66439b8e6cbc9741c69630', 'project_name': 'tempest-ServerDiagnosticsTest-2815992', 'tenant_id': '0ebc6a3c9a66439b8e6cbc9741c69630', 'tenant_name': 'tempest-ServerDiagnosticsTest-2815992', 'user_domain_id': 'default', 'user_domain_name': 'Default', 'user_id': '1b88d2a0e9f04c3588e5d7d1e05f32a9', 'system': None}, Network: None, Subnet: None, Router: None
2025-06-20 08:49:43.916 62616 INFO tempest.lib.common.rest_client [req-401b6b75-c2ad-41a3-981d-c19055eb71d8 req-401b6b75-c2ad-41a3-981d-c19055eb71d8 ] Request (ValidationResourcesFixture:setUp): 201 POST http://10.180.1.21:9696/networking/v2.0/floatingips 1.186s
2025-06-20 08:49:43.954 62606 INFO tempest.lib.common.rest_client [req-7f58a344-26a6-4efe-9146-da8b1418c9c5 req-7f58a344-26a6-4efe-9146-da8b1418c9c5 ] Request (FloatingIPsTestJSON:tearDownClass): 204 DELETE http://10.180.1.21:9696/networking/v2.0/routers/a59cd4ce-08b9-4999-b6a9-c91e8d78bd45 0.769s
2025-06-20 08:49:43.981 62600 INFO tempest.lib.common.rest_client [req-2e797cf2-87a1-432f-9567-86402653e111 req-2e797cf2-87a1-432f-9567-86402653e111 ] Request (NetworksTest:tearDownClass): 201 POST http://10.180.1.21/identity/v3/auth/tokens 0.258s
2025-06-20 08:49:44.007 62560 INFO tempest.lib.common.rest_client [req-d5cf12c4-99cc-4606-8f74-7bf89f52b0ac req-d5cf12c4-99cc-4606-8f74-7bf89f52b0ac ] Request (ServersTestMultiNic:setUpClass): 201 POST http://10.180.1.21/identity/v3/auth/tokens 0.253s
2025-06-20 08:49:44.010 62584 INFO tempest.lib.common.rest_client [req-6b76d644-3a28-4197-8a15-191fd83bfd42 req-6b76d644-3a28-4197-8a15-191fd83bfd42 ] Request (AbsoluteLimitsTestJSON:setUpClass): 201 POST http://10.180.1.21/identity/v3/projects 0.391s
2025-06-20 08:49:44.055 62566 INFO tempest.lib.common.rest_client [req-1e0b32e9-76e8-4e1d-bcb9-a68e341bc098 req-1e0b32e9-76e8-4e1d-bcb9-a68e341bc098 ] Request (VolumesAdminNegativeTest:setUpClass): 201 POST http://10.180.1.21:9696/networking/v2.0/networks 0.802s
2025-06-20 08:49:44.080 62570 INFO tempest.lib.common.rest_client [req-2aa60773-fcca-4605-ac5f-8549738d577a req-2aa60773-fcca-4605-ac5f-8549738d577a ] Request (QuotasAdminTestV257:setUpClass): 201 POST http://10.180.1.21/identity/v3/projects 0.249s
2025-06-20 08:49:44.104 62588 INFO tempest.lib.common.rest_client [req-c095f613-892c-4876-8a2c-7da91a0d7c9a req-c095f613-892c-4876-8a2c-7da91a0d7c9a ] Request (HypervisorAdminNegativeUnderV252Test:tearDownClass): 204 DELETE http://10.180.1.21/identity/v3/projects/7ed2086273814011b19d8f575f925785 0.281s
2025-06-20 08:49:44.126 62572 INFO tempest.lib.common.rest_client [req-ee5f58f7-2f2b-4a8d-9a9e-8d4cbec02992 req-ee5f58f7-2f2b-4a8d-9a9e-8d4cbec02992 ] Request (MigrationsAdminTest:setUpClass): 200 GET http://10.180.1.21/identity/v3/roles 0.222s
2025-06-20 08:49:44.178 62606 INFO tempest.lib.common.rest_client [req-55714d88-ac7a-4413-b2e2-83f485eb3047 req-55714d88-ac7a-4413-b2e2-83f485eb3047 ] Request (FloatingIPsTestJSON:tearDownClass): 204 DELETE http://10.180.1.21:9696/networking/v2.0/subnets/1852d4e0-4370-4ba4-900e-0d87fb116ca9 0.223s
2025-06-20 08:49:44.194 62596 INFO tempest.lib.common.rest_client [req-f8385734-6720-4cf3-bd33-aae457f24bc7 req-f8385734-6720-4cf3-bd33-aae457f24bc7 ] Request (ServerDiagnosticsTest:setUpClass): 201 POST http://10.180.1.21/identity/v3/auth/tokens 0.281s
2025-06-20 08:49:44.243 62595 INFO tempest.lib.common.rest_client [req-af86de4d-0778-4ed7-9c57-8e2e05de4af7 req-af86de4d-0778-4ed7-9c57-8e2e05de4af7 ] Request (QuotasAdminNegativeTest:test_create_server_when_cpu_quota_is_full): 200 GET http://10.180.1.21/compute/v2.1/os-quota-sets/e7b20b92e1644389b7e7571270732a13 3.527s
2025-06-20 08:49:44.266 62566 INFO tempest.lib.common.rest_client [req-eec453e8-42ca-4db4-a2ae-f2e097c9d8ad req-eec453e8-42ca-4db4-a2ae-f2e097c9d8ad ] Request (VolumesAdminNegativeTest:setUpClass): 201 POST http://10.180.1.21:9696/networking/v2.0/subnets 0.210s
2025-06-20 08:49:44.281 62618 INFO tempest.lib.common.rest_client [req-6f9e4b0e-55f0-4151-b9d1-15a3b700da1c req-6f9e4b0e-55f0-4151-b9d1-15a3b700da1c ] Request (FlavorsV2TestJSON:test_list_flavors_detailed_using_marker): 200 GET http://10.180.1.21/compute/v2.1/flavors/detail?marker=42 3.259s
2025-06-20 08:49:44.285 62616 INFO tempest.lib.common.rest_client [req-56ccd7a0-4c51-4595-a1a0-dd09ecabd69d req-56ccd7a0-4c51-4595-a1a0-dd09ecabd69d ] Request (ServersWithSpecificFlavorTestJSON:test_verify_created_server_ephemeral_disk): 201 POST http://10.180.1.21/identity/v3/auth/tokens 0.365s
2025-06-20 08:49:44.286 62616 INFO tempest.lib.common.fixed_network [-] (ServersWithSpecificFlavorTestJSON:test_verify_created_server_ephemeral_disk) Found network {'id': 'ed593044-f382-4cdd-9f13-54c597f35922', 'name': 'tempest-ServersWithSpecificFlavorTestJSON-456831285-network', 'tenant_id': 'a7a5a67748c54193bec54e3b49c5f129', 'admin_state_up': True, 'mtu': 8950, 'status': 'ACTIVE', 'subnets': [], 'shared': False, 'project_id': 'a7a5a67748c54193bec54e3b49c5f129', 'port_security_enabled': True, 'router:external': False, 'provider:network_type': 'vlan', 'provider:physical_network': 'default', 'provider:segmentation_id': 785, 'is_default': False, 'availability_zone_hints': [], 'availability_zones': [], 'ipv4_address_scope': None, 'ipv6_address_scope': None, 'description': '', 'tags': [], 'created_at': '2025-06-20T08:49:16Z', 'updated_at': '2025-06-20T08:49:16Z', 'revision_number': 1} available for tenant
2025-06-20 08:49:44.311 62574 INFO tempest.lib.common.rest_client [req-08955c8d-29fd-4a3f-b296-ba9e8a09289f req-08955c8d-29fd-4a3f-b296-ba9e8a09289f ] Request (QuotasAdminTestJSON:test_get_default_quotas): 200 GET http://10.180.1.21/compute/v2.1/os-quota-sets/7e998f9f85114239ae0283d437dfb257/defaults 3.396s
2025-06-20 08:49:44.349 62560 INFO tempest.lib.common.rest_client [req-de8845c7-5b53-49ff-8747-556b91641f42 req-de8845c7-5b53-49ff-8747-556b91641f42 ] Request (ServersTestMultiNic:setUpClass): 201 POST http://10.180.1.21/identity/v3/auth/tokens 0.339s
2025-06-20 08:49:44.387 62584 INFO tempest.lib.common.rest_client [req-2789ad1e-1dc6-4ba9-8392-c3e7db68c7ab req-2789ad1e-1dc6-4ba9-8392-c3e7db68c7ab ] Request (AbsoluteLimitsTestJSON:setUpClass): 201 POST http://10.180.1.21/identity/v3/users 0.376s
2025-06-20 08:49:44.390 62570 INFO tempest.lib.common.rest_client [req-e9413596-0846-4feb-b73b-1a629b55284b req-e9413596-0846-4feb-b73b-1a629b55284b ] Request (QuotasAdminTestV257:setUpClass): 201 POST http://10.180.1.21/identity/v3/users 0.309s
2025-06-20 08:49:44.417 62588 INFO tempest.lib.common.rest_client [req-6e6b3dda-15a1-4745-a99e-aefdeb75e5ab req-6e6b3dda-15a1-4745-a99e-aefdeb75e5ab ] Request (ServersAdminNegativeTestJSON:setUpClass): 201 POST http://10.180.1.21/identity/v3/auth/tokens 0.312s
2025-06-20 08:49:44.428 62572 INFO tempest.lib.common.rest_client [req-c45c856b-c704-4b98-943e-1ea328292698 req-c45c856b-c704-4b98-943e-1ea328292698 ] Request (MigrationsAdminTest:setUpClass): 204 PUT http://10.180.1.21/identity/v3/projects/8a8e9a606be04659b91c25388f3c3247/users/195b5ed0f5a0487abc4c3d0ad4d2f733/roles/a7e58c0f44e64223ab33d9a80477d18a 0.301s
2025-06-20 08:49:44.428 62572 INFO tempest.lib.common.dynamic_creds [-] Dynamic test user 195b5ed0f5a0487abc4c3d0ad4d2f733 is created with scope project and roles: ['member']
2025-06-20 08:49:44.428 62572 INFO tempest.lib.common.dynamic_creds [-] Acquired dynamic creds: credentials: Credentials: {'domain_id': 'default', 'domain_name': 'Default', 'username': 'tempest-MigrationsAdminTest-1174356079-project-member', 'project_domain_id': 'default', 'project_domain_name': 'Default', 'project_id': '8a8e9a606be04659b91c25388f3c3247', 'project_name': 'tempest-MigrationsAdminTest-1174356079', 'tenant_id': '8a8e9a606be04659b91c25388f3c3247', 'tenant_name': 'tempest-MigrationsAdminTest-1174356079', 'user_domain_id': 'default', 'user_domain_name': 'Default', 'user_id': '195b5ed0f5a0487abc4c3d0ad4d2f733', 'system': None}, Network: None, Subnet: None, Router: None
2025-06-20 08:49:44.428 62572 INFO tempest.lib.common.dynamic_creds [-] Created isolated network resources for: credentials: Credentials: {'domain_id': 'default', 'domain_name': 'Default', 'username': 'tempest-MigrationsAdminTest-1174356079-project-member', 'project_domain_id': 'default', 'project_domain_name': 'Default', 'project_id': '8a8e9a606be04659b91c25388f3c3247', 'project_name': 'tempest-MigrationsAdminTest-1174356079', 'tenant_id': '8a8e9a606be04659b91c25388f3c3247', 'tenant_name': 'tempest-MigrationsAdminTest-1174356079', 'user_domain_id': 'default', 'user_domain_name': 'Default', 'user_id': '195b5ed0f5a0487abc4c3d0ad4d2f733', 'system': None}, Network: None, Subnet: None, Router: None
2025-06-20 08:49:44.476 62574 INFO tempest.lib.common.rest_client [req-cc38edfd-bed9-4b9f-89b2-f3fd1d0c4e0b req-cc38edfd-bed9-4b9f-89b2-f3fd1d0c4e0b ] Request (QuotasAdminTestJSON:test_get_updated_quotas): 200 GET http://10.180.1.21/identity/v3/domains?name=Default 0.158s
2025-06-20 08:49:44.485 62596 INFO tempest.lib.common.rest_client [req-10323c82-427d-4967-af43-b5754a1ea03c req-10323c82-427d-4967-af43-b5754a1ea03c ] Request (ServerDiagnosticsTest:setUpClass): 201 POST http://10.180.1.21/identity/v3/projects 0.291s
2025-06-20 08:49:44.495 62560 INFO tempest.lib.common.rest_client [req-691b0b37-10e5-4fbb-b6fa-a690a4005f25 req-691b0b37-10e5-4fbb-b6fa-a690a4005f25 ] Request (ServersTestMultiNic:setUpClass): 200 GET http://10.180.1.21/identity/v3/domains?name=Default 0.145s
2025-06-20 08:49:44.516 62622 INFO tempest.lib.common.rest_client [req-703e27bf-9369-4b1c-9c47-06b134f3481e req-703e27bf-9369-4b1c-9c47-06b134f3481e ] Request (InstanceActionsNegativeTestJSON:setUpClass): 200 GET http://10.180.1.21/compute/v2.1/servers/fad876e7-a64e-43ab-a51d-482b544a710a 3.385s
2025-06-20 08:49:44.530 62578 INFO tempest.lib.common.rest_client [req-cb7b7563-f494-458b-ba28-73d813233e0b req-cb7b7563-f494-458b-ba28-73d813233e0b ] Request (FlavorsExtraSpecsTestJSON:test_flavor_set_get_update_show_unset_keys): 200 GET http://10.180.1.21/compute/v2.1/flavors/415377023/os-extra_specs 2.929s
2025-06-20 08:49:44.531 62604 INFO tempest.lib.common.rest_client [req-4f405393-4414-4266-9aa6-47c950babd70 req-4f405393-4414-4266-9aa6-47c950babd70 ] Request (SecurityGroupsTestAdminJSON:_run_cleanups): 202 DELETE http://10.180.1.21/compute/v2.1/os-security-groups/fa486cd8-ed0e-4c75-804e-525e295ffad4 3.448s
2025-06-20 08:49:44.534 62600 INFO tempest.lib.common.rest_client [req-7c99cb86-4d49-427a-b6d8-3afaacb207b1 req-7c99cb86-4d49-427a-b6d8-3afaacb207b1 ] Request (NetworksTest:tearDownClass): 200 GET http://10.180.1.21:9696/networking/v2.0/security-groups?tenant_id=aa016d167045410ca5f85a5098538016&name=default 0.552s
2025-06-20 08:49:44.539 62584 INFO tempest.lib.common.rest_client [req-6bfa034f-7b2e-4c46-80e9-3f0ea25e138e req-6bfa034f-7b2e-4c46-80e9-3f0ea25e138e ] Request (AbsoluteLimitsTestJSON:setUpClass): 200 GET http://10.180.1.21/identity/v3/roles 0.151s
2025-06-20 08:49:44.546 62570 INFO tempest.lib.common.rest_client [req-f2c88818-e554-456c-97d0-98ff13067eb3 req-f2c88818-e554-456c-97d0-98ff13067eb3 ] Request (QuotasAdminTestV257:setUpClass): 200 GET http://10.180.1.21/identity/v3/roles 0.155s
2025-06-20 08:49:44.553 62620 INFO tempest.lib.common.rest_client [req-30790096-5716-41d1-a72b-6563eff3c12b req-30790096-5716-41d1-a72b-6563eff3c12b ] Request (FlavorsAccessNegativeTestJSON:test_flavor_non_admin_add): 200 POST http://10.180.1.21/compute/v2.1/flavors 2.925s
2025-06-20 08:49:44.556 62586 INFO tempest.lib.common.rest_client [req-c73a3129-1cdb-4599-9552-75e177babeb8 req-c73a3129-1cdb-4599-9552-75e177babeb8 ] Request (KeyPairsV2TestJSON:_run_cleanups): 202 DELETE http://10.180.1.21/compute/v2.1/os-keypairs/tempest-keypair-890810547 2.891s
2025-06-20 08:49:44.562 62610 INFO tempest.lib.common.rest_client [req-530c71ba-dcfe-4898-9e26-0f33120a64d8 req-530c71ba-dcfe-4898-9e26-0f33120a64d8 ] Request (HypervisorAdminNegativeTestJSON:test_show_hypervisor_with_non_admin_user): 403 GET http://10.180.1.21/compute/v2.1/os-hypervisors/1 2.438s
2025-06-20 08:49:44.571 62588 INFO tempest.lib.common.rest_client [req-3f6eb334-d2b3-4458-89e4-3d48d634bd56 req-3f6eb334-d2b3-4458-89e4-3d48d634bd56 ] Request (ServersAdminNegativeTestJSON:setUpClass): 201 POST http://10.180.1.21/identity/v3/auth/tokens 0.148s
2025-06-20 08:49:44.577 62590 INFO tempest.lib.common.rest_client [req-90dac15d-4ac5-4ea0-8462-158cd5fe71c6 req-90dac15d-4ac5-4ea0-8462-158cd5fe71c6 ] Request (FlavorsAdminTestJSON:_run_cleanups): 202 DELETE http://10.180.1.21/compute/v2.1/flavors/23086d51-313d-4d83-89a6-77ae93a318b4 2.435s
2025-06-20 08:49:44.579 62598 INFO tempest.lib.common.rest_client [req-ab08201a-0e20-41a5-92a9-5c7dd42437bf req-ab08201a-0e20-41a5-92a9-5c7dd42437bf ] Request (ServerGroup264TestJSON:test_create_get_server_group): 200 GET http://10.180.1.21/compute/v2.1/os-server-groups 2.133s
2025-06-20 08:49:44.614 62568 INFO tempest.lib.common.rest_client [req-86b68b5a-e779-46b1-b3c4-cae1f71ca103 req-86b68b5a-e779-46b1-b3c4-cae1f71ca103 ] Request (AggregatesAdminNegativeTestJSON:test_aggregate_add_non_exist_host): 200 POST http://10.180.1.21/compute/v2.1/os-aggregates 2.138s
2025-06-20 08:49:44.631 62572 INFO tempest.lib.common.rest_client [req-5ffb5bb3-1716-4eb8-b7c1-fd1048d42f1e req-5ffb5bb3-1716-4eb8-b7c1-fd1048d42f1e ] Request (MigrationsAdminTest:setUpClass): 201 POST http://10.180.1.21/identity/v3/auth/tokens 0.198s
2025-06-20 08:49:44.646 62600 INFO tempest.lib.common.rest_client [req-0c09d04b-e6bb-449e-922f-52ce3348e7d5 req-0c09d04b-e6bb-449e-922f-52ce3348e7d5 ] Request (NetworksTest:tearDownClass): 204 DELETE http://10.180.1.21:9696/networking/v2.0/security-groups/2037bfb8-dfbc-42ba-81d5-01916fd07d86 0.112s
2025-06-20 08:49:44.650 62574 INFO tempest.lib.common.rest_client [req-2a784dd9-342b-4d54-8e3d-f3773cdbfc05 req-2a784dd9-342b-4d54-8e3d-f3773cdbfc05 ] Request (QuotasAdminTestJSON:test_get_updated_quotas): 201 POST http://10.180.1.21/identity/v3/projects 0.173s
2025-06-20 08:49:44.652 62596 INFO tempest.lib.common.rest_client [req-311875ea-163d-4d31-834c-7a1d541f0ec9 req-311875ea-163d-4d31-834c-7a1d541f0ec9 ] Request (ServerDiagnosticsTest:setUpClass): 201 POST http://10.180.1.21/identity/v3/users 0.167s
2025-06-20 08:49:44.701 62560 INFO tempest.lib.common.rest_client [req-aac99d18-35ed-47d5-8e45-d1eb58c47cde req-aac99d18-35ed-47d5-8e45-d1eb58c47cde ] Request (ServersTestMultiNic:setUpClass): 201 POST http://10.180.1.21/identity/v3/projects 0.205s
2025-06-20 08:49:44.753 62608 INFO tempest.lib.common.rest_client [req-7e2b4ece-3e5a-4487-b612-7a04820a7482 req-7e2b4ece-3e5a-4487-b612-7a04820a7482 ] Request (DeleteServersAdminTestJSON:test_admin_delete_servers_of_others): 200 GET http://10.180.1.21/compute/v2.1/servers/f7649ec5-2e21-41e6-bb9f-e8243ea9f9ca 2.175s
2025-06-20 08:49:44.754 62604 INFO tempest.lib.common.rest_client [req-35e59de0-1fe7-412c-9430-08c0bf38b258 req-35e59de0-1fe7-412c-9430-08c0bf38b258 ] Request (SecurityGroupsTestAdminJSON:tearDownClass): 204 DELETE http://10.180.1.21/identity/v3/users/e958294df770451da60a4d033c6b9a07 0.218s
2025-06-20 08:49:44.765 62562 INFO tempest.lib.common.rest_client [req-67fe5610-6cf4-4c4f-bb60-edaa476d30bf req-67fe5610-6cf4-4c4f-bb60-edaa476d30bf ] Request (FloatingIPsAssociationTestJSON:setUpClass): 200 GET http://10.180.1.21/compute/v2.1/servers/3c2449ca-daca-4078-ac78-dad7714f5f07 2.173s
2025-06-20 08:49:44.773 62562 INFO tempest.common.waiters [-] State transition "BUILD/block_device_mapping" ==> "BUILD/spawning" after 8 second wait
2025-06-20 08:49:44.785 62612 INFO tempest.lib.common.rest_client [req-30562e46-e144-414a-9ca0-eeb3b15f2c3f req-30562e46-e144-414a-9ca0-eeb3b15f2c3f ] Request (SecurityGroupRulesNegativeTestJSON:test_create_security_group_rule_with_invalid_ip_protocol): 400 POST http://10.180.1.21/compute/v2.1/os-security-group-rules 1.899s
2025-06-20 08:49:44.799 62584 INFO tempest.lib.common.rest_client [req-c209d28b-b30c-4e19-9a38-16a54289f859 req-c209d28b-b30c-4e19-9a38-16a54289f859 ] Request (AbsoluteLimitsTestJSON:setUpClass): 204 PUT http://10.180.1.21/identity/v3/projects/474e390f58834c6c945e306442428e0e/users/1ba5be6c7d3f41e8aa0cf1133c77c7a9/roles/a7e58c0f44e64223ab33d9a80477d18a 0.259s
2025-06-20 08:49:44.800 62584 INFO tempest.lib.common.dynamic_creds [-] Dynamic test user 1ba5be6c7d3f41e8aa0cf1133c77c7a9 is created with scope project and roles: ['member']
2025-06-20 08:49:44.800 62584 INFO tempest.lib.common.dynamic_creds [-] Acquired dynamic creds: credentials: Credentials: {'domain_id': 'default', 'domain_name': 'Default', 'username': 'tempest-AbsoluteLimitsTestJSON-354173863-project-member', 'project_domain_id': 'default', 'project_domain_name': 'Default', 'project_id': '474e390f58834c6c945e306442428e0e', 'project_name': 'tempest-AbsoluteLimitsTestJSON-354173863', 'tenant_id': '474e390f58834c6c945e306442428e0e', 'tenant_name': 'tempest-AbsoluteLimitsTestJSON-354173863', 'user_domain_id': 'default', 'user_domain_name': 'Default', 'user_id': '1ba5be6c7d3f41e8aa0cf1133c77c7a9', 'system': None}, Network: None, Subnet: None, Router: None
2025-06-20 08:49:44.801 62584 INFO tempest.lib.common.dynamic_creds [-] Created isolated network resources for: credentials: Credentials: {'domain_id': 'default', 'domain_name': 'Default', 'username': 'tempest-AbsoluteLimitsTestJSON-354173863-project-member', 'project_domain_id': 'default', 'project_domain_name': 'Default', 'project_id': '474e390f58834c6c945e306442428e0e', 'project_name': 'tempest-AbsoluteLimitsTestJSON-354173863', 'tenant_id': '474e390f58834c6c945e306442428e0e', 'tenant_name': 'tempest-AbsoluteLimitsTestJSON-354173863', 'user_domain_id': 'default', 'user_domain_name': 'Default', 'user_id': '1ba5be6c7d3f41e8aa0cf1133c77c7a9', 'system': None}, Network: None, Subnet: None, Router: None
2025-06-20 08:49:44.819 62606 INFO tempest.lib.common.rest_client [req-9db8f47c-03c3-43ee-bc5f-242fb8fe7029 req-9db8f47c-03c3-43ee-bc5f-242fb8fe7029 ] Request (FloatingIPsTestJSON:tearDownClass): 204 DELETE http://10.180.1.21:9696/networking/v2.0/networks/6d09e196-1101-45c0-af5d-9fd1892cde2d 0.641s
2025-06-20 08:49:44.840 62582 INFO tempest.lib.common.rest_client [req-8878ed9c-6d98-4ce5-92b3-5b31963e0a33 req-8878ed9c-6d98-4ce5-92b3-5b31963e0a33 ] Request (VolumesAssistedSnapshotsTest:test_volume_assisted_snapshot_create_delete): 200 GET http://10.180.1.21/compute/v2.1/servers/e0f20d7f-2947-4448-a5ae-361687f3dc17 1.817s
2025-06-20 08:49:44.853 62588 INFO tempest.lib.common.rest_client [req-f41a703b-66a7-4100-ab04-308646b1bf4c req-f41a703b-66a7-4100-ab04-308646b1bf4c ] Request (ServersAdminNegativeTestJSON:setUpClass): 200 GET http://10.180.1.21/identity/v3/domains?name=Default 0.282s
2025-06-20 08:49:44.864 62570 INFO tempest.lib.common.rest_client [req-3bc516b1-a6ee-4553-ac61-211fa5c3821c req-3bc516b1-a6ee-4553-ac61-211fa5c3821c ] Request (QuotasAdminTestV257:setUpClass): 204 PUT http://10.180.1.21/identity/v3/projects/6e8905b65cd64a97b2da6a06772f22d9/users/de853d0bbb504bcaa39cde4c68204a5a/roles/d6c15935dc734358b6330dd79ccba6b0 0.317s
2025-06-20 08:49:44.912 62572 INFO tempest.lib.common.rest_client [req-334e67ae-8f38-4578-93e9-d9ba2f8f8630 req-334e67ae-8f38-4578-93e9-d9ba2f8f8630 ] Request (MigrationsAdminTest:setUpClass): 201 POST http://10.180.1.21/identity/v3/projects 0.280s
2025-06-20 08:49:44.988 62576 INFO tempest.lib.common.rest_client [req-a6a439d2-179e-4433-8506-037c50c7896a req-a6a439d2-179e-4433-8506-037c50c7896a ] Request (ServerExternalEventsTest:test_create_server_external_events): 200 GET http://10.180.1.21/compute/v2.1/servers/10e5af88-8314-46f2-976f-bf52ecb999e3 1.781s
2025-06-20 08:49:45.006 62600 INFO tempest.lib.common.rest_client [req-0d09e495-3ecc-40dc-b9fd-0466d5677224 req-0d09e495-3ecc-40dc-b9fd-0466d5677224 ] Request (NetworksTest:tearDownClass): 204 DELETE http://10.180.1.21/identity/v3/projects/aa016d167045410ca5f85a5098538016 0.359s
2025-06-20 08:49:45.007 62600 INFO tempest.lib.common.dynamic_creds [-] Deleting project and security group for project: cd4aa806af1a4e7084862132391781b1
2025-06-20 08:49:45.017 62614 INFO tempest.lib.common.rest_client [req-d318194c-ddc9-4935-a80a-e4a5c6bcb6d4 req-d318194c-ddc9-4935-a80a-e4a5c6bcb6d4 ] Request (ImagesTestJSON:test_create_image_from_stopped_server): 200 GET http://10.180.1.21/compute/v2.1/servers/0c922d57-f833-45c5-90d7-88b694bd274e 1.913s
2025-06-20 08:49:45.023 62574 INFO tempest.lib.common.rest_client [req-baacd102-c293-4d41-bf26-0fbba990065e req-baacd102-c293-4d41-bf26-0fbba990065e ] Request (QuotasAdminTestJSON:test_get_updated_quotas): 200 GET http://10.180.1.21/identity/v3/domains?name=Default 0.372s
2025-06-20 08:49:45.028 62614 INFO tempest.common.waiters [-] State transition "BUILD/spawning" ==> "ACTIVE/None" after 19 second wait
2025-06-20 08:49:45.058 62592 INFO tempest.lib.common.rest_client [req-084bf54d-0943-42f3-9884-5d9c45355acd req-084bf54d-0943-42f3-9884-5d9c45355acd ] Request (ServerPasswordTestJSON:setUpClass): 200 GET http://10.180.1.21/compute/v2.1/servers/81bfa2ee-3017-4165-96d7-d6f21634f129 1.358s
2025-06-20 08:49:45.076 62618 INFO tempest.lib.common.rest_client [req-6ec9925d-a172-416a-b327-64d7af529b99 req-6ec9925d-a172-416a-b327-64d7af529b99 ] Request (FlavorsV2TestJSON:test_list_flavors_filter_by_min_disk): 200 GET http://10.180.1.21/compute/v2.1/flavors/42 0.789s
2025-06-20 08:49:45.086 62596 INFO tempest.lib.common.rest_client [req-85253733-913c-4c46-8b7c-87e05e516cc6 req-85253733-913c-4c46-8b7c-87e05e516cc6 ] Request (ServerDiagnosticsTest:setUpClass): 200 GET http://10.180.1.21/identity/v3/roles 0.433s
2025-06-20 08:49:45.114 62560 INFO tempest.lib.common.rest_client [req-89837608-8e31-41fd-b62c-8814ffa3e748 req-89837608-8e31-41fd-b62c-8814ffa3e748 ] Request (ServersTestMultiNic:setUpClass): 201 POST http://10.180.1.21/identity/v3/users 0.412s
2025-06-20 08:49:45.167 62604 INFO tempest.lib.common.rest_client [req-ce41932e-5376-4218-bee7-928a3ad026e9 req-ce41932e-5376-4218-bee7-928a3ad026e9 ] Request (SecurityGroupsTestAdminJSON:tearDownClass): 204 DELETE http://10.180.1.21/identity/v3/users/7399bed35ad7405fa3fbc1d5eb85bf21 0.412s
2025-06-20 08:49:45.167 62604 INFO tempest.lib.common.dynamic_creds [-] Deleting project and security group for project: 26d0fa7bd21541d3b36b311e3ceaad9a
2025-06-20 08:49:45.178 62600 INFO tempest.lib.common.rest_client [req-c03b81f4-5497-4265-b5c2-3bc0717fb154 req-c03b81f4-5497-4265-b5c2-3bc0717fb154 ] Request (NetworksTest:tearDownClass): 200 GET http://10.180.1.21:9696/networking/v2.0/security-groups?tenant_id=cd4aa806af1a4e7084862132391781b1&name=default 0.170s
2025-06-20 08:49:45.191 62584 INFO tempest.lib.common.rest_client [req-b248a88b-318b-4b29-aa48-a99d4a79f12f req-b248a88b-318b-4b29-aa48-a99d4a79f12f ] Request (AbsoluteLimitsTestJSON:setUpClass): 201 POST http://10.180.1.21/identity/v3/auth/tokens 0.387s
2025-06-20 08:49:45.267 62606 INFO tempest.lib.common.rest_client [req-2d58f8b9-ba8d-48a8-b265-610684268cc9 req-2d58f8b9-ba8d-48a8-b265-610684268cc9 ] Request (FloatingIPsTestJSON:tearDownClass): 204 DELETE http://10.180.1.21/identity/v3/users/fa7ff7dd050a413289fb4df360cfae48 0.447s
2025-06-20 08:49:45.268 62606 INFO tempest.lib.common.dynamic_creds [-] Deleting project and security group for project: 9cc5333ea5af42e8ad09b7e1708fa5a4
2025-06-20 08:49:45.307 62588 INFO tempest.lib.common.rest_client [req-300dc739-06a5-494c-904e-6f6e128e88e4 req-300dc739-06a5-494c-904e-6f6e128e88e4 ] Request (ServersAdminNegativeTestJSON:setUpClass): 201 POST http://10.180.1.21/identity/v3/projects 0.453s
2025-06-20 08:49:45.335 62606 INFO tempest.lib.common.rest_client [req-e0f43c96-b4d2-498e-9f9d-22b2633dbdd3 req-e0f43c96-b4d2-498e-9f9d-22b2633dbdd3 ] Request (FloatingIPsTestJSON:tearDownClass): 200 GET http://10.180.1.21:9696/networking/v2.0/security-groups?tenant_id=9cc5333ea5af42e8ad09b7e1708fa5a4&name=default 0.067s
2025-06-20 08:49:45.339 62600 INFO tempest.lib.common.rest_client [req-62b9b880-2b88-4b7f-ae56-9ac5c0dcc6b9 req-62b9b880-2b88-4b7f-ae56-9ac5c0dcc6b9 ] Request (NetworksTest:tearDownClass): 204 DELETE http://10.180.1.21:9696/networking/v2.0/security-groups/38633c79-1226-485d-a622-c3dfca581d9e 0.160s
2025-06-20 08:49:45.372 62570 INFO tempest.lib.common.rest_client [req-6d1a31d3-ad29-4fa1-812e-9a6f7060d498 req-6d1a31d3-ad29-4fa1-812e-9a6f7060d498 ] Request (QuotasAdminTestV257:setUpClass): 200 GET http://10.180.1.21/identity/v3/roles 0.507s
2025-06-20 08:49:45.385 62572 INFO tempest.lib.common.rest_client [req-873275e2-d90d-4af8-a64b-cadab9b23cf5 req-873275e2-d90d-4af8-a64b-cadab9b23cf5 ] Request (MigrationsAdminTest:setUpClass): 201 POST http://10.180.1.21/identity/v3/users 0.472s
2025-06-20 08:49:45.410 62596 INFO tempest.lib.common.rest_client [req-4c3c30c0-104f-4d87-87db-1e0150aa82eb req-4c3c30c0-104f-4d87-87db-1e0150aa82eb ] Request (ServerDiagnosticsTest:setUpClass): 204 PUT http://10.180.1.21/identity/v3/projects/c088a924ba8d4220a4d2d2a31850d7af/users/20ca8941c6b0463baa5d01b376cdf3fa/roles/d6c15935dc734358b6330dd79ccba6b0 0.323s
2025-06-20 08:49:45.467 62560 INFO tempest.lib.common.rest_client [req-2630ab3e-8555-4677-9a19-9720de51587e req-2630ab3e-8555-4677-9a19-9720de51587e ] Request (ServersTestMultiNic:setUpClass): 200 GET http://10.180.1.21/identity/v3/roles 0.353s
2025-06-20 08:49:45.494 62604 INFO tempest.lib.common.rest_client [req-dcfdce04-44b6-46e7-89c8-e94c432cfb66 req-dcfdce04-44b6-46e7-89c8-e94c432cfb66 ] Request (SecurityGroupsTestAdminJSON:tearDownClass): 201 POST http://10.180.1.21/identity/v3/auth/tokens 0.327s
2025-06-20 08:49:45.507 62588 INFO tempest.lib.common.rest_client [req-440f028c-54b9-4b14-98a3-725fc5338545 req-440f028c-54b9-4b14-98a3-725fc5338545 ] Request (ServersAdminNegativeTestJSON:setUpClass): 201 POST http://10.180.1.21/identity/v3/users 0.199s
2025-06-20 08:49:45.522 62570 INFO tempest.lib.common.rest_client [req-0ef50833-bb94-4bde-8ad3-74445b706dc4 req-0ef50833-bb94-4bde-8ad3-74445b706dc4 ] Request (QuotasAdminTestV257:setUpClass): 204 PUT http://10.180.1.21/identity/v3/projects/6e8905b65cd64a97b2da6a06772f22d9/users/de853d0bbb504bcaa39cde4c68204a5a/roles/d6c15935dc734358b6330dd79ccba6b0 0.150s
2025-06-20 08:49:45.522 62570 INFO tempest.lib.common.dynamic_creds [-] Dynamic test user de853d0bbb504bcaa39cde4c68204a5a is created with scope project and roles: ['admin']
2025-06-20 08:49:45.523 62570 INFO tempest.lib.common.dynamic_creds [-] Acquired dynamic creds: credentials: Credentials: {'domain_id': 'default', 'domain_name': 'Default', 'username': 'tempest-QuotasAdminTestV257-1160803171-project-admin', 'project_domain_id': 'default', 'project_domain_name': 'Default', 'project_id': '6e8905b65cd64a97b2da6a06772f22d9', 'project_name': 'tempest-QuotasAdminTestV257-1160803171', 'tenant_id': '6e8905b65cd64a97b2da6a06772f22d9', 'tenant_name': 'tempest-QuotasAdminTestV257-1160803171', 'user_domain_id': 'default', 'user_domain_name': 'Default', 'user_id': 'de853d0bbb504bcaa39cde4c68204a5a', 'system': None}, Network: None, Subnet: None, Router: None
2025-06-20 08:49:45.523 62570 INFO tempest.lib.common.dynamic_creds [-] Created isolated network resources for: credentials: Credentials: {'domain_id': 'default', 'domain_name': 'Default', 'username': 'tempest-QuotasAdminTestV257-1160803171-project-admin', 'project_domain_id': 'default', 'project_domain_name': 'Default', 'project_id': '6e8905b65cd64a97b2da6a06772f22d9', 'project_name': 'tempest-QuotasAdminTestV257-1160803171', 'tenant_id': '6e8905b65cd64a97b2da6a06772f22d9', 'tenant_name': 'tempest-QuotasAdminTestV257-1160803171', 'user_domain_id': 'default', 'user_domain_name': 'Default', 'user_id': 'de853d0bbb504bcaa39cde4c68204a5a', 'system': None}, Network: None, Subnet: None, Router: None
2025-06-20 08:49:45.542 62616 INFO tempest.lib.common.rest_client [req-c662096a-3d02-4b3f-a8cd-275a7f352110 req-c662096a-3d02-4b3f-a8cd-275a7f352110 ] Request (ServersWithSpecificFlavorTestJSON:test_verify_created_server_ephemeral_disk): 202 POST http://10.180.1.21/compute/v2.1/servers 1.255s
2025-06-20 08:49:45.565 62600 INFO tempest.lib.common.rest_client [req-e9ac46f3-bf9c-4ce7-aabe-bdfd399c9d36 req-e9ac46f3-bf9c-4ce7-aabe-bdfd399c9d36 ] Request (NetworksTest:tearDownClass): 204 DELETE http://10.180.1.21/identity/v3/projects/cd4aa806af1a4e7084862132391781b1 0.226s
2025-06-20 08:49:45.620 62606 INFO tempest.lib.common.rest_client [req-eb94af30-5021-4f60-9def-1eb5c0081190 req-eb94af30-5021-4f60-9def-1eb5c0081190 ] Request (FloatingIPsTestJSON:tearDownClass): 204 DELETE http://10.180.1.21:9696/networking/v2.0/security-groups/69835b82-7d54-46ae-8d7b-b1cb40e0fc54 0.284s
2025-06-20 08:49:45.623 62564 INFO tempest.lib.common.rest_client [req-683e85ee-c741-407a-8bb5-7002c5f486ba req-683e85ee-c741-407a-8bb5-7002c5f486ba ] Request (ServersAdmin275Test:test_rebuild_update_server_275): 200 GET http://10.180.1.21/compute/v2.1/servers/0a5b0116-aeed-45f7-bf6a-9322cd5e5257 1.331s
2025-06-20 08:49:45.624 62572 INFO tempest.lib.common.rest_client [req-b29d4581-5ed3-4eae-9c43-0832444cdcc8 req-b29d4581-5ed3-4eae-9c43-0832444cdcc8 ] Request (MigrationsAdminTest:setUpClass): 200 GET http://10.180.1.21/identity/v3/roles 0.238s
2025-06-20 08:49:45.627 62566 INFO tempest.lib.common.rest_client [req-629e54fd-95e9-4a20-8774-79bef94dc99b req-629e54fd-95e9-4a20-8774-79bef94dc99b ] Request (VolumesAdminNegativeTest:setUpClass): 201 POST http://10.180.1.21:9696/networking/v2.0/routers 1.360s
2025-06-20 08:49:45.648 62596 INFO tempest.lib.common.rest_client [req-4ac4d39d-7fc2-487b-aa05-5809e85f34b1 req-4ac4d39d-7fc2-487b-aa05-5809e85f34b1 ] Request (ServerDiagnosticsTest:setUpClass): 200 GET http://10.180.1.21/identity/v3/roles 0.237s
2025-06-20 08:49:45.716 62560 INFO tempest.lib.common.rest_client [req-10228e66-0076-4a92-8290-68c0d5c97dee req-10228e66-0076-4a92-8290-68c0d5c97dee ] Request (ServersTestMultiNic:setUpClass): 204 PUT http://10.180.1.21/identity/v3/projects/6f1de8d37d3345c2a838e4ba7e783cc0/users/b1a39e7280434fd1b0d339d6070b90ed/roles/a7e58c0f44e64223ab33d9a80477d18a 0.248s
2025-06-20 08:49:45.716 62560 INFO tempest.lib.common.dynamic_creds [-] Dynamic test user b1a39e7280434fd1b0d339d6070b90ed is created with scope project and roles: ['member']
2025-06-20 08:49:45.717 62560 INFO tempest.lib.common.dynamic_creds [-] Acquired dynamic creds: credentials: Credentials: {'domain_id': 'default', 'domain_name': 'Default', 'username': 'tempest-ServersTestMultiNic-567928863-project-member', 'project_domain_id': 'default', 'project_domain_name': 'Default', 'project_id': '6f1de8d37d3345c2a838e4ba7e783cc0', 'project_name': 'tempest-ServersTestMultiNic-567928863', 'tenant_id': '6f1de8d37d3345c2a838e4ba7e783cc0', 'tenant_name': 'tempest-ServersTestMultiNic-567928863', 'user_domain_id': 'default', 'user_domain_name': 'Default', 'user_id': 'b1a39e7280434fd1b0d339d6070b90ed', 'system': None}, Network: None, Subnet: None, Router: None
2025-06-20 08:49:45.732 62595 INFO tempest.lib.common.rest_client [req-c06aa3e7-a952-4bf1-8303-acc242b8cf3f req-c06aa3e7-a952-4bf1-8303-acc242b8cf3f ] Request (QuotasAdminNegativeTest:test_create_server_when_cpu_quota_is_full): 200 PUT http://10.180.1.21/compute/v2.1/os-quota-sets/e7b20b92e1644389b7e7571270732a13 1.486s
2025-06-20 08:49:45.751 62578 INFO tempest.lib.common.rest_client [req-34e9c8d2-5b82-48ef-bb09-bb25dfd9a670 req-34e9c8d2-5b82-48ef-bb09-bb25dfd9a670 ] Request (FlavorsExtraSpecsTestJSON:tearDownClass): 202 DELETE http://10.180.1.21/compute/v2.1/flavors/415377023 1.218s
2025-06-20 08:49:45.850 62588 INFO tempest.lib.common.rest_client [req-0829d963-3d5c-4f21-ad36-eeae0034f5e4 req-0829d963-3d5c-4f21-ad36-eeae0034f5e4 ] Request (ServersAdminNegativeTestJSON:setUpClass): 200 GET http://10.180.1.21/identity/v3/roles 0.343s
2025-06-20 08:49:45.858 62604 INFO tempest.lib.common.rest_client [req-603307d2-a9f1-4cd3-abd4-e69c87ad9994 req-603307d2-a9f1-4cd3-abd4-e69c87ad9994 ] Request (SecurityGroupsTestAdminJSON:tearDownClass): 200 GET http://10.180.1.21:9696/networking/v2.0/security-groups?tenant_id=26d0fa7bd21541d3b36b311e3ceaad9a&name=default 0.363s
2025-06-20 08:49:45.889 62600 INFO tempest.lib.common.rest_client [req-d68d81df-dd30-4467-8c78-926f0fb2ce3a req-d68d81df-dd30-4467-8c78-926f0fb2ce3a ] Request (ListServersNegativeTestJSON:setUpClass): 201 POST http://10.180.1.21/identity/v3/auth/tokens 0.322s
2025-06-20 08:49:45.900 62570 INFO tempest.lib.common.rest_client [req-a19641bf-16ec-4158-b253-140211ff1945 req-a19641bf-16ec-4158-b253-140211ff1945 ] Request (QuotasAdminTestV257:setUpClass): 201 POST http://10.180.1.21/identity/v3/auth/tokens 0.374s
2025-06-20 08:49:45.958 62572 INFO tempest.lib.common.rest_client [req-64d71b4a-27bb-4125-b47b-2de8a759854c req-64d71b4a-27bb-4125-b47b-2de8a759854c ] Request (MigrationsAdminTest:setUpClass): 204 PUT http://10.180.1.21/identity/v3/projects/83302c47a9d740478f85eab3154e213a/users/93cfa6a539e1474184c948b914438b68/roles/d6c15935dc734358b6330dd79ccba6b0 0.332s
2025-06-20 08:49:45.985 62604 INFO tempest.lib.common.rest_client [req-17d16f63-7be7-4801-8983-1d6b7eb0002f req-17d16f63-7be7-4801-8983-1d6b7eb0002f ] Request (SecurityGroupsTestAdminJSON:tearDownClass): 204 DELETE http://10.180.1.21:9696/networking/v2.0/security-groups/b1ba3c88-aa4e-4a18-b883-28de3a4198c8 0.127s
2025-06-20 08:49:46.017 62606 INFO tempest.lib.common.rest_client [req-6f37226c-4cce-475c-97a5-8ea94a4276d3 req-6f37226c-4cce-475c-97a5-8ea94a4276d3 ] Request (FloatingIPsTestJSON:tearDownClass): 204 DELETE http://10.180.1.21/identity/v3/projects/9cc5333ea5af42e8ad09b7e1708fa5a4 0.397s
2025-06-20 08:49:46.072 62596 INFO tempest.lib.common.rest_client [req-3285d5d6-ffc1-4b72-bfe4-5647cf0d65ea req-3285d5d6-ffc1-4b72-bfe4-5647cf0d65ea ] Request (ServerDiagnosticsTest:setUpClass): 204 PUT http://10.180.1.21/identity/v3/projects/c088a924ba8d4220a4d2d2a31850d7af/users/20ca8941c6b0463baa5d01b376cdf3fa/roles/d6c15935dc734358b6330dd79ccba6b0 0.424s
2025-06-20 08:49:46.072 62596 INFO tempest.lib.common.dynamic_creds [-] Dynamic test user 20ca8941c6b0463baa5d01b376cdf3fa is created with scope project and roles: ['admin']
2025-06-20 08:49:46.073 62596 INFO tempest.lib.common.dynamic_creds [-] Acquired dynamic creds: credentials: Credentials: {'domain_id': 'default', 'domain_name': 'Default', 'username': 'tempest-ServerDiagnosticsTest-265903321-project-admin', 'project_domain_id': 'default', 'project_domain_name': 'Default', 'project_id': 'c088a924ba8d4220a4d2d2a31850d7af', 'project_name': 'tempest-ServerDiagnosticsTest-265903321', 'tenant_id': 'c088a924ba8d4220a4d2d2a31850d7af', 'tenant_name': 'tempest-ServerDiagnosticsTest-265903321', 'user_domain_id': 'default', 'user_domain_name': 'Default', 'user_id': '20ca8941c6b0463baa5d01b376cdf3fa', 'system': None}, Network: None, Subnet: None, Router: None
2025-06-20 08:49:46.073 62596 INFO tempest.lib.common.dynamic_creds [-] Created isolated network resources for: credentials: Credentials: {'domain_id': 'default', 'domain_name': 'Default', 'username': 'tempest-ServerDiagnosticsTest-265903321-project-admin', 'project_domain_id': 'default', 'project_domain_name': 'Default', 'project_id': 'c088a924ba8d4220a4d2d2a31850d7af', 'project_name': 'tempest-ServerDiagnosticsTest-265903321', 'tenant_id': 'c088a924ba8d4220a4d2d2a31850d7af', 'tenant_name': 'tempest-ServerDiagnosticsTest-265903321', 'user_domain_id': 'default', 'user_domain_name': 'Default', 'user_id': '20ca8941c6b0463baa5d01b376cdf3fa', 'system': None}, Network: None, Subnet: None, Router: None
2025-06-20 08:49:46.143 62595 INFO tempest.lib.common.rest_client [req-8e346d84-dbb0-4bff-a08f-b184816b22b0 req-8e346d84-dbb0-4bff-a08f-b184816b22b0 ] Request (QuotasAdminNegativeTest:test_create_server_when_cpu_quota_is_full): 201 POST http://10.180.1.21/identity/v3/auth/tokens 0.402s
2025-06-20 08:49:46.143 62595 INFO tempest.lib.common.fixed_network [-] (QuotasAdminNegativeTest:test_create_server_when_cpu_quota_is_full) Found network None available for tenant
2025-06-20 08:49:46.149 62560 INFO tempest.lib.common.rest_client [req-c1264ae0-d593-4cca-9678-82295c3dbacf req-c1264ae0-d593-4cca-9678-82295c3dbacf ] Request (ServersTestMultiNic:setUpClass): 201 POST http://10.180.1.21/identity/v3/auth/tokens 0.432s
2025-06-20 08:49:46.155 62586 INFO tempest.lib.common.rest_client [req-642835f8-387e-48d3-8ac2-1e1c362b31c8 req-642835f8-387e-48d3-8ac2-1e1c362b31c8 ] Request (KeyPairsV2TestJSON:test_keypairs_create_list_delete): 200 POST http://10.180.1.21/compute/v2.1/os-keypairs 1.597s
2025-06-20 08:49:46.162 62610 INFO tempest.lib.common.rest_client [req-eb46c2a0-52ee-4a73-bbf6-4aed2e37caa9 req-eb46c2a0-52ee-4a73-bbf6-4aed2e37caa9 ] Request (HypervisorAdminNegativeTestJSON:test_show_nonexistent_hypervisor): 404 GET http://10.180.1.21/compute/v2.1/os-hypervisors/3118c0bb-c64f-4f18-ad84-3eec00a111b9 1.597s
2025-06-20 08:49:46.178 62590 INFO tempest.lib.common.rest_client [req-1d36a254-711b-44b4-8afb-5fe30df945dd req-1d36a254-711b-44b4-8afb-5fe30df945dd ] Request (FlavorsAdminTestJSON:_run_cleanups): 200 GET http://10.180.1.21/compute/v2.1/flavors/detail 1.600s
2025-06-20 08:49:46.189 62588 INFO tempest.lib.common.rest_client [req-0ed8b141-f8c8-4475-8679-90d5129dbadb req-0ed8b141-f8c8-4475-8679-90d5129dbadb ] Request (ServersAdminNegativeTestJSON:setUpClass): 204 PUT http://10.180.1.21/identity/v3/projects/65a1c633361c403186593944ad2c5d45/users/dcdd2ed7729641be924db34e594c2931/roles/a7e58c0f44e64223ab33d9a80477d18a 0.338s
2025-06-20 08:49:46.189 62588 INFO tempest.lib.common.dynamic_creds [-] Dynamic test user dcdd2ed7729641be924db34e594c2931 is created with scope project and roles: ['member']
2025-06-20 08:49:46.190 62588 INFO tempest.lib.common.dynamic_creds [-] Acquired dynamic creds: credentials: Credentials: {'domain_id': 'default', 'domain_name': 'Default', 'username': 'tempest-ServersAdminNegativeTestJSON-628729406-project-member', 'project_domain_id': 'default', 'project_domain_name': 'Default', 'project_id': '65a1c633361c403186593944ad2c5d45', 'project_name': 'tempest-ServersAdminNegativeTestJSON-628729406', 'tenant_id': '65a1c633361c403186593944ad2c5d45', 'tenant_name': 'tempest-ServersAdminNegativeTestJSON-628729406', 'user_domain_id': 'default', 'user_domain_name': 'Default', 'user_id': 'dcdd2ed7729641be924db34e594c2931', 'system': None}, Network: None, Subnet: None, Router: None
2025-06-20 08:49:46.190 62588 INFO tempest.lib.common.dynamic_creds [-] Created isolated network resources for: credentials: Credentials: {'domain_id': 'default', 'domain_name': 'Default', 'username': 'tempest-ServersAdminNegativeTestJSON-628729406-project-member', 'project_domain_id': 'default', 'project_domain_name': 'Default', 'project_id': '65a1c633361c403186593944ad2c5d45', 'project_name': 'tempest-ServersAdminNegativeTestJSON-628729406', 'tenant_id': '65a1c633361c403186593944ad2c5d45', 'tenant_name': 'tempest-ServersAdminNegativeTestJSON-628729406', 'user_domain_id': 'default', 'user_domain_name': 'Default', 'user_id': 'dcdd2ed7729641be924db34e594c2931', 'system': None}, Network: None, Subnet: None, Router: None
2025-06-20 08:49:46.202 62598 INFO tempest.lib.common.rest_client [req-3766c0eb-bbd8-49e6-ab2c-3b6892a6e793 req-3766c0eb-bbd8-49e6-ab2c-3b6892a6e793 ] Request (ServerGroup264TestJSON:test_create_get_server_group): 200 GET http://10.180.1.21/compute/v2.1/os-server-groups/49ec7099-f385-46f3-93a2-f253b639fbb0 1.619s
2025-06-20 08:49:46.226 62568 INFO tempest.lib.common.rest_client [req-cfc4e415-dab4-44ee-8f01-fb2fd45dccfd req-cfc4e415-dab4-44ee-8f01-fb2fd45dccfd ] Request (AggregatesAdminNegativeTestJSON:test_aggregate_add_non_exist_host): 404 POST http://10.180.1.21/compute/v2.1/os-aggregates/3/action 1.609s
2025-06-20 08:49:46.254 62600 INFO tempest.lib.common.rest_client [req-41c8e676-9d40-466a-b042-9d36e03dfa79 req-41c8e676-9d40-466a-b042-9d36e03dfa79 ] Request (ListServersNegativeTestJSON:setUpClass): 201 POST http://10.180.1.21/identity/v3/auth/tokens 0.362s
2025-06-20 08:49:46.274 62572 INFO tempest.lib.common.rest_client [req-26ea94ec-ba5f-468b-a448-2da8a984e67f req-26ea94ec-ba5f-468b-a448-2da8a984e67f ] Request (MigrationsAdminTest:setUpClass): 200 GET http://10.180.1.21/identity/v3/roles 0.315s
2025-06-20 08:49:46.276 62620 INFO tempest.lib.common.rest_client [req-0a74712e-e2ea-428e-800b-1e044248e547 req-0a74712e-e2ea-428e-800b-1e044248e547 ] Request (FlavorsAccessNegativeTestJSON:test_flavor_non_admin_add): 403 POST http://10.180.1.21/compute/v2.1/flavors/165856891/action 1.721s
2025-06-20 08:49:46.300 62606 INFO tempest.lib.common.rest_client [req-51b9db78-3e70-4df1-a7c6-ac958dee8cb5 req-51b9db78-3e70-4df1-a7c6-ac958dee8cb5 ] Request (ServerTagsTestJSON:setUpClass): 201 POST http://10.180.1.21/identity/v3/auth/tokens 0.280s
2025-06-20 08:49:46.330 62604 INFO tempest.lib.common.rest_client [req-748b62af-e1f4-4dd2-9fb8-738c9282f421 req-748b62af-e1f4-4dd2-9fb8-738c9282f421 ] Request (SecurityGroupsTestAdminJSON:tearDownClass): 204 DELETE http://10.180.1.21/identity/v3/projects/26d0fa7bd21541d3b36b311e3ceaad9a 0.344s
2025-06-20 08:49:46.330 62604 INFO tempest.lib.common.dynamic_creds [-] Deleting project and security group for project: 9ba70a1a5d0c46f4920b93f6b95c3160
2025-06-20 08:49:46.368 62604 INFO tempest.lib.common.rest_client [req-be866687-994a-41b5-be94-c7d4bd4b9ec1 req-be866687-994a-41b5-be94-c7d4bd4b9ec1 ] Request (SecurityGroupsTestAdminJSON:tearDownClass): 200 GET http://10.180.1.21:9696/networking/v2.0/security-groups?tenant_id=9ba70a1a5d0c46f4920b93f6b95c3160&name=default 0.037s
2025-06-20 08:49:46.378 62596 INFO tempest.lib.common.rest_client [req-a11775ed-05dc-4b60-992d-cc252963fdac req-a11775ed-05dc-4b60-992d-cc252963fdac ] Request (ServerDiagnosticsTest:setUpClass): 201 POST http://10.180.1.21/identity/v3/auth/tokens 0.303s
2025-06-20 08:49:46.493 62610 INFO tempest.lib.common.rest_client [req-da06a988-77a6-4ec2-88f8-893444a4ea61 req-da06a988-77a6-4ec2-88f8-893444a4ea61 ] Request (HypervisorAdminNegativeTestJSON:tearDownClass): 204 DELETE http://10.180.1.21/identity/v3/users/d0fb939b522c440c94ed89b2396277d7 0.328s
2025-06-20 08:49:46.502 62588 INFO tempest.lib.common.rest_client [req-cab3e67f-ce92-4ce2-97d5-dbe3e686e921 req-cab3e67f-ce92-4ce2-97d5-dbe3e686e921 ] Request (ServersAdminNegativeTestJSON:setUpClass): 201 POST http://10.180.1.21/identity/v3/auth/tokens 0.305s
2025-06-20 08:49:46.512 62604 INFO tempest.lib.common.rest_client [req-1cb23d75-2408-403e-8357-9c9fbe837728 req-1cb23d75-2408-403e-8357-9c9fbe837728 ] Request (SecurityGroupsTestAdminJSON:tearDownClass): 204 DELETE http://10.180.1.21:9696/networking/v2.0/security-groups/3d0a34d7-54e2-4c9a-b0dc-77a33c00c7cf 0.143s
2025-06-20 08:49:46.552 62600 INFO tempest.lib.common.rest_client [req-1e587e2a-1f63-412c-95ab-58ce062d7d72 req-1e587e2a-1f63-412c-95ab-58ce062d7d72 ] Request (ListServersNegativeTestJSON:setUpClass): 200 GET http://10.180.1.21/identity/v3/domains?name=Default 0.297s
2025-06-20 08:49:46.577 62612 INFO tempest.lib.common.rest_client [req-117d4303-ed96-4530-8c19-2e5c241622b6 req-117d4303-ed96-4530-8c19-2e5c241622b6 ] Request (SecurityGroupRulesNegativeTestJSON:test_create_security_group_rule_with_invalid_port_range): 200 POST http://10.180.1.21/compute/v2.1/os-security-groups 1.791s
2025-06-20 08:49:46.582 62606 INFO tempest.lib.common.rest_client [req-130a93b2-edf3-4b4b-a07f-d5766d3cc0c6 req-130a93b2-edf3-4b4b-a07f-d5766d3cc0c6 ] Request (ServerTagsTestJSON:setUpClass): 201 POST http://10.180.1.21/identity/v3/auth/tokens 0.280s
