2025-11-20 18:31:20.447 66165 INFO tempest.lib.common.rest_client [req-f2e777cb-1884-4945-94d3-7e49ae6cd32a req-f2e777cb-1884-4945-94d3-7e49ae6cd32a ] Request (HostsAdminNegativeTestJSON:tearDownClass): 204 DELETE http://10.180.1.21/identity/v3/users/b964ef47c3644909ac8c76c58624132c 0.108s
2025-11-20 18:31:20.518 66183 INFO tempest.lib.common.rest_client [req-0a833954-dcba-4d16-a0cb-a2aed7b938b8 req-0a833954-dcba-4d16-a0cb-a2aed7b938b8 ] Request (FlavorsV2NegativeTest:setUpClass): 201 POST http://10.180.1.21/identity/v3/users 0.136s
2025-11-20 18:31:20.528 66201 INFO tempest.lib.common.rest_client [req-48a81566-e0f9-4a7c-9e7b-42e259ccb5f2 req-48a81566-e0f9-4a7c-9e7b-42e259ccb5f2 ] Request (ServerShowV257Test:tearDownClass): 200 GET http://10.180.1.21/compute/v2.1/servers/2682dfd1-04f6-4919-bb42-094497418191 2.057s
2025-11-20 18:31:20.551 66183 INFO tempest.lib.common.rest_client [req-efb65315-3a27-432c-a249-c4f284c81b5f req-efb65315-3a27-432c-a249-c4f284c81b5f ] Request (FlavorsV2NegativeTest:setUpClass): 200 GET http://10.180.1.21/identity/v3/roles 0.033s
2025-11-20 18:31:20.583 66169 INFO tempest.lib.common.rest_client [req-67d2bc89-bfaa-4a68-8822-4bba593dd508 req-67d2bc89-bfaa-4a68-8822-4bba593dd508 ] Request (SecurityGroupsTestJSON:test_server_security_groups): 200 GET http://10.180.1.21/compute/v2.1/servers/3f83ed18-d10c-4a35-9e55-933a3c21ee26 2.106s
2025-11-20 18:31:20.595 66165 INFO tempest.lib.common.rest_client [req-680ebaf7-aac9-4c18-a901-d7531cfa9652 req-680ebaf7-aac9-4c18-a901-d7531cfa9652 ] Request (HostsAdminNegativeTestJSON:tearDownClass): 204 DELETE http://10.180.1.21/identity/v3/users/3c4f2fa530b243d3bb7c0965371e617f 0.147s
2025-11-20 18:31:20.595 66165 INFO tempest.lib.common.dynamic_creds [-] Deleting project and security group for project: 060c2a93d05b411da86ee2f0c435953c
2025-11-20 18:31:20.670 66183 INFO tempest.lib.common.rest_client [req-b598b964-7bba-4280-9aef-a66f418f4beb req-b598b964-7bba-4280-9aef-a66f418f4beb ] Request (FlavorsV2NegativeTest:setUpClass): 204 PUT http://10.180.1.21/identity/v3/projects/2975965838f540aab3ca11e2692bc5ff/users/918d1f71caf7443aa88cb87fa595dd38/roles/04972a7f85ff4109b5de299d7eeda480 0.119s
2025-11-20 18:31:20.671 66183 INFO tempest.lib.common.dynamic_creds [-] Dynamic test user 918d1f71caf7443aa88cb87fa595dd38 is created with scope project and roles: ['member']
2025-11-20 18:31:20.671 66183 INFO tempest.lib.common.dynamic_creds [-] Acquired dynamic creds: credentials: Credentials: {'domain_id': 'default', 'domain_name': 'Default', 'username': 'tempest-FlavorsV2NegativeTest-1959720511-project-member', 'project_domain_id': 'default', 'project_domain_name': 'Default', 'project_id': '2975965838f540aab3ca11e2692bc5ff', 'project_name': 'tempest-FlavorsV2NegativeTest-1959720511', 'tenant_id': '2975965838f540aab3ca11e2692bc5ff', 'tenant_name': 'tempest-FlavorsV2NegativeTest-1959720511', 'user_domain_id': 'default', 'user_domain_name': 'Default', 'user_id': '918d1f71caf7443aa88cb87fa595dd38', 'system': None}, Network: None, Subnet: None, Router: None
2025-11-20 18:31:20.671 66183 INFO tempest.lib.common.dynamic_creds [-] Created isolated network resources for: credentials: Credentials: {'domain_id': 'default', 'domain_name': 'Default', 'username': 'tempest-FlavorsV2NegativeTest-1959720511-project-member', 'project_domain_id': 'default', 'project_domain_name': 'Default', 'project_id': '2975965838f540aab3ca11e2692bc5ff', 'project_name': 'tempest-FlavorsV2NegativeTest-1959720511', 'tenant_id': '2975965838f540aab3ca11e2692bc5ff', 'tenant_name': 'tempest-FlavorsV2NegativeTest-1959720511', 'user_domain_id': 'default', 'user_domain_name': 'Default', 'user_id': '918d1f71caf7443aa88cb87fa595dd38', 'system': None}, Network: None, Subnet: None, Router: None
2025-11-20 18:31:20.704 66153 INFO tempest.lib.common.rest_client [req-8da9231c-2d26-4e6a-8ce6-5c9b67464ff7 req-8da9231c-2d26-4e6a-8ce6-5c9b67464ff7 ] Request (FloatingIPsAssociationTestJSON:tearDownClass): 200 GET http://10.180.1.21/compute/v2.1/servers/eeb54ce7-fba0-4632-9028-d6483428089d 2.119s
2025-11-20 18:31:20.731 66165 INFO tempest.lib.common.rest_client [req-ca23609d-7928-423a-9116-d8167896bf8e req-ca23609d-7928-423a-9116-d8167896bf8e ] Request (HostsAdminNegativeTestJSON:tearDownClass): 201 POST http://10.180.1.21/identity/v3/auth/tokens 0.135s
2025-11-20 18:31:20.784 66183 INFO tempest.lib.common.rest_client [req-60d6faee-87f7-497e-a01a-b364aa55cf18 req-60d6faee-87f7-497e-a01a-b364aa55cf18 ] Request (FlavorsV2NegativeTest:setUpClass): 201 POST http://10.180.1.21/identity/v3/auth/tokens 0.109s
2025-11-20 18:31:20.821 66173 INFO tempest.lib.common.rest_client [req-12d5dbae-bcf7-4559-8adf-72dec4ea88ce req-12d5dbae-bcf7-4559-8adf-72dec4ea88ce ] Request (ServersTestMultiNic:_run_cleanups): 200 GET http://10.180.1.21/compute/v2.1/servers/068acf6b-a62e-4fb2-b1f6-fb3f6737c4da 2.222s
2025-11-20 18:31:20.844 66189 INFO tempest.lib.common.rest_client [req-4191d9a3-3e17-4561-8129-19178b3e4978 req-4191d9a3-3e17-4561-8129-19178b3e4978 ] Request (ListServersNegativeTestJSON:tearDownClass): 404 GET http://10.180.1.21/compute/v2.1/servers/b8c14a85-3ba6-43cb-9f99-35e0fe74bb0c 2.189s
2025-11-20 18:31:21.008 66165 INFO tempest.lib.common.rest_client [req-66cb67fc-69f7-47d3-a9b0-514df9c64e1f req-66cb67fc-69f7-47d3-a9b0-514df9c64e1f ] Request (HostsAdminNegativeTestJSON:tearDownClass): 200 GET http://10.180.1.21/networking/v2.0/security-groups?tenant_id=060c2a93d05b411da86ee2f0c435953c&name=default 0.276s
2025-11-20 18:31:21.033 66147 INFO tempest.lib.common.rest_client [req-ecf768b0-489b-465e-b0e3-9227ec8c7a58 req-ecf768b0-489b-465e-b0e3-9227ec8c7a58 ] Request (DeleteServersTestJSON:test_delete_server_while_in_attached_volume): 200 GET http://10.180.1.21/compute/v2.1/servers/e337e07e-35e2-44dc-8ef7-7fc8ecf3945c 2.369s
2025-11-20 18:31:21.129 66165 INFO tempest.lib.common.rest_client [req-2ba50d54-0909-4e3a-aeb1-eb2d85839e79 req-2ba50d54-0909-4e3a-aeb1-eb2d85839e79 ] Request (HostsAdminNegativeTestJSON:tearDownClass): 204 DELETE http://10.180.1.21/networking/v2.0/security-groups/90b30b86-58c4-4486-965b-bc1f149a51c6 0.120s
2025-11-20 18:31:21.166 66163 INFO tempest.lib.common.rest_client [req-d891fa52-e038-4239-afd4-ddf72408ad38 req-d891fa52-e038-4239-afd4-ddf72408ad38 ] Request (VolumesAssistedSnapshotsTest:tearDownClass): 200 GET http://10.180.1.21/compute/v2.1/servers/cbc5d592-422e-4917-8d9d-6ed142c529fe 2.435s
2025-11-20 18:31:21.256 66165 INFO tempest.lib.common.rest_client [req-6fc7b67f-2abd-4ce0-a565-e55f52617e97 req-6fc7b67f-2abd-4ce0-a565-e55f52617e97 ] Request (HostsAdminNegativeTestJSON:tearDownClass): 204 DELETE http://10.180.1.21/identity/v3/projects/060c2a93d05b411da86ee2f0c435953c 0.127s
2025-11-20 18:31:21.256 66165 INFO tempest.lib.common.dynamic_creds [-] Deleting project and security group for project: 1728131142bb47a0ad95a068fd8d1d01
2025-11-20 18:31:21.300 66197 INFO tempest.lib.common.rest_client [req-0a47f754-c1f4-4263-bcd3-12d8f7ef8ef7 req-0a47f754-c1f4-4263-bcd3-12d8f7ef8ef7 ] Request (ServersAdmin275Test:test_rebuild_update_server_275): 200 GET http://10.180.1.21/compute/v2.1/servers/fad5ae9f-0627-488e-a796-f69bbda7f393 2.474s
2025-11-20 18:31:21.781 66165 INFO tempest.lib.common.rest_client [req-4157b734-8270-44af-8b60-964a108f4ea0 req-4157b734-8270-44af-8b60-964a108f4ea0 ] Request (HostsAdminNegativeTestJSON:tearDownClass): 200 GET http://10.180.1.21/networking/v2.0/security-groups?tenant_id=1728131142bb47a0ad95a068fd8d1d01&name=default 0.524s
2025-11-20 18:31:21.809 66167 INFO tempest.lib.common.rest_client [req-19c1a162-63ef-4f21-9006-95225fbe5327 req-19c1a162-63ef-4f21-9006-95225fbe5327 ] Request (FloatingIPsAssociationNegativeTestJSON:tearDownClass): 200 GET http://10.180.1.21/compute/v2.1/servers/5339f973-2440-42cb-a859-147145b9976a 2.944s
2025-11-20 18:31:21.856 66149 INFO tempest.lib.common.rest_client [req-89f9f525-4e3c-4bed-a8c1-4fd0fdb36844 req-89f9f525-4e3c-4bed-a8c1-4fd0fdb36844 ] Request (ListImageFiltersTestJSON:setUpClass): 200 GET http://10.180.1.21/compute/v2.1/images/e0b1b290-cdbb-4a55-9c86-6c7556d04915 2.978s
2025-11-20 18:31:22.357 66189 INFO tempest.lib.common.rest_client [req-1ba397ae-7db6-4ec6-b48f-18fd5a47195b req-1ba397ae-7db6-4ec6-b48f-18fd5a47195b ] Request (ListServersNegativeTestJSON:tearDownClass): 200 PUT http://10.180.1.21/networking/v2.0/routers/d924efd4-6421-4ce8-b420-15e646063776/remove_router_interface 1.512s
2025-11-20 18:31:22.477 66165 INFO tempest.lib.common.rest_client [req-19866fcb-fa74-4581-bc94-63b47320a2ca req-19866fcb-fa74-4581-bc94-63b47320a2ca ] Request (HostsAdminNegativeTestJSON:tearDownClass): 204 DELETE http://10.180.1.21/networking/v2.0/security-groups/185bcabb-ebdd-4a71-b1b5-7590435d5a4d 0.696s
2025-11-20 18:31:22.505 66187 INFO tempest.lib.common.rest_client [req-b9528b73-b8cf-4e63-b956-fde25f79067b req-b9528b73-b8cf-4e63-b956-fde25f79067b ] Request (ServersTestFqdnHostnames:tearDownClass): 200 GET http://10.180.1.21/compute/v2.1/servers/8a33ccfe-396e-4278-8ed1-f70610a279ba 3.546s
2025-11-20 18:31:22.611 66165 INFO tempest.lib.common.rest_client [req-e20219a0-9091-4d18-8b8c-2db972bab0e5 req-e20219a0-9091-4d18-8b8c-2db972bab0e5 ] Request (HostsAdminNegativeTestJSON:tearDownClass): 204 DELETE http://10.180.1.21/identity/v3/projects/1728131142bb47a0ad95a068fd8d1d01 0.133s
2025-11-20 18:31:22.673 66165 INFO tempest.lib.common.rest_client [req-8ccc6142-3ba9-4c07-9849-10d513b8966c req-8ccc6142-3ba9-4c07-9849-10d513b8966c ] Request (HypervisorAdminV228Test:setUpClass): 201 POST http://10.180.1.21/identity/v3/auth/tokens 0.060s
2025-11-20 18:31:22.707 66165 INFO tempest.lib.common.rest_client [req-4e919f8c-919c-4642-8db1-0950108c4cac req-4e919f8c-919c-4642-8db1-0950108c4cac ] Request (HypervisorAdminV228Test:setUpClass): 201 POST http://10.180.1.21/identity/v3/auth/tokens 0.030s
2025-11-20 18:31:22.732 66165 INFO tempest.lib.common.rest_client [req-245fbe60-f0f8-41d8-981c-d91b12ff898b req-245fbe60-f0f8-41d8-981c-d91b12ff898b ] Request (HypervisorAdminV228Test:setUpClass): 200 GET http://10.180.1.21/identity/v3/domains?name=Default 0.025s
2025-11-20 18:31:22.763 66165 INFO tempest.lib.common.rest_client [req-277f99eb-1801-435a-bcc6-f3acbbd44727 req-277f99eb-1801-435a-bcc6-f3acbbd44727 ] Request (HypervisorAdminV228Test:setUpClass): 201 POST http://10.180.1.21/identity/v3/projects 0.030s
2025-11-20 18:31:22.820 66165 INFO tempest.lib.common.rest_client [req-6518f72a-6f64-4c12-b85d-cbdc30942e35 req-6518f72a-6f64-4c12-b85d-cbdc30942e35 ] Request (HypervisorAdminV228Test:setUpClass): 201 POST http://10.180.1.21/identity/v3/users 0.057s
2025-11-20 18:31:22.843 66165 INFO tempest.lib.common.rest_client [req-1f4f9d89-13bb-4323-9f89-3342759d07c4 req-1f4f9d89-13bb-4323-9f89-3342759d07c4 ] Request (HypervisorAdminV228Test:setUpClass): 200 GET http://10.180.1.21/identity/v3/roles 0.022s
2025-11-20 18:31:22.873 66165 INFO tempest.lib.common.rest_client [req-19b2e565-43d1-41b2-bfc5-9a6fe11ba531 req-19b2e565-43d1-41b2-bfc5-9a6fe11ba531 ] Request (HypervisorAdminV228Test:setUpClass): 204 PUT http://10.180.1.21/identity/v3/projects/76df59c6b1db419baafc4cb3f1688cfb/users/caa9cc69de4b4c11b17522f8491a1c5d/roles/04972a7f85ff4109b5de299d7eeda480 0.029s
2025-11-20 18:31:22.873 66165 INFO tempest.lib.common.dynamic_creds [-] Dynamic test user caa9cc69de4b4c11b17522f8491a1c5d is created with scope project and roles: ['member']
2025-11-20 18:31:22.873 66165 INFO tempest.lib.common.dynamic_creds [-] Acquired dynamic creds: credentials: Credentials: {'domain_id': 'default', 'domain_name': 'Default', 'username': 'tempest-HypervisorAdminV228Test-1247474579-project-member', 'project_domain_id': 'default', 'project_domain_name': 'Default', 'project_id': '76df59c6b1db419baafc4cb3f1688cfb', 'project_name': 'tempest-HypervisorAdminV228Test-1247474579', 'tenant_id': '76df59c6b1db419baafc4cb3f1688cfb', 'tenant_name': 'tempest-HypervisorAdminV228Test-1247474579', 'user_domain_id': 'default', 'user_domain_name': 'Default', 'user_id': 'caa9cc69de4b4c11b17522f8491a1c5d', 'system': None}, Network: None, Subnet: None, Router: None
2025-11-20 18:31:22.874 66165 INFO tempest.lib.common.dynamic_creds [-] Created isolated network resources for: credentials: Credentials: {'domain_id': 'default', 'domain_name': 'Default', 'username': 'tempest-HypervisorAdminV228Test-1247474579-project-member', 'project_domain_id': 'default', 'project_domain_name': 'Default', 'project_id': '76df59c6b1db419baafc4cb3f1688cfb', 'project_name': 'tempest-HypervisorAdminV228Test-1247474579', 'tenant_id': '76df59c6b1db419baafc4cb3f1688cfb', 'tenant_name': 'tempest-HypervisorAdminV228Test-1247474579', 'user_domain_id': 'default', 'user_domain_name': 'Default', 'user_id': 'caa9cc69de4b4c11b17522f8491a1c5d', 'system': None}, Network: None, Subnet: None, Router: None
2025-11-20 18:31:22.952 66165 INFO tempest.lib.common.rest_client [req-46aa518f-fc00-4442-b2d3-8efa392b5296 req-46aa518f-fc00-4442-b2d3-8efa392b5296 ] Request (HypervisorAdminV228Test:setUpClass): 201 POST http://10.180.1.21/identity/v3/auth/tokens 0.075s
2025-11-20 18:31:22.954 66189 INFO tempest.lib.common.rest_client [req-16c8d981-083f-4ff4-ad1d-9969eab2bdda req-16c8d981-083f-4ff4-ad1d-9969eab2bdda ] Request (ListServersNegativeTestJSON:tearDownClass): 204 DELETE http://10.180.1.21/networking/v2.0/routers/d924efd4-6421-4ce8-b420-15e646063776 0.596s
2025-11-20 18:31:22.977 66203 INFO tempest.lib.common.rest_client [req-cf7eb604-a1f5-4d8e-a714-4ce505e3ab98 req-cf7eb604-a1f5-4d8e-a714-4ce505e3ab98 ] Request (ServersTestManualDisk:setUpClass): 200 GET http://10.180.1.21/compute/v2.1/servers/8726608c-2a5b-4be1-b5de-b4ce163884a4 4.016s
2025-11-20 18:31:23.038 66165 INFO tempest.lib.common.rest_client [req-dff178df-7203-48db-81f0-ddb4613c0da1 req-dff178df-7203-48db-81f0-ddb4613c0da1 ] Request (HypervisorAdminV228Test:setUpClass): 201 POST http://10.180.1.21/identity/v3/projects 0.085s
2025-11-20 18:31:23.129 66165 INFO tempest.lib.common.rest_client [req-b14b151d-0292-4b11-8b96-0ccab61fcc31 req-b14b151d-0292-4b11-8b96-0ccab61fcc31 ] Request (HypervisorAdminV228Test:setUpClass): 201 POST http://10.180.1.21/identity/v3/users 0.090s
2025-11-20 18:31:23.160 66165 INFO tempest.lib.common.rest_client [req-93432804-2c35-424a-afc6-74b308c79b68 req-93432804-2c35-424a-afc6-74b308c79b68 ] Request (HypervisorAdminV228Test:setUpClass): 200 GET http://10.180.1.21/identity/v3/roles 0.030s
2025-11-20 18:31:23.196 66165 INFO tempest.lib.common.rest_client [req-e5c0d52f-9ad6-41e9-975d-811d32eddb43 req-e5c0d52f-9ad6-41e9-975d-811d32eddb43 ] Request (HypervisorAdminV228Test:setUpClass): 204 PUT http://10.180.1.21/identity/v3/projects/11c2dc106af94457b55ed180d331c7e8/users/48bce0c0a935433cb4891c564d8582ea/roles/da2501c1355842409e9f29d4d7d134bf 0.035s
2025-11-20 18:31:23.268 66165 INFO tempest.lib.common.rest_client [req-0aecffe1-c0ec-4abc-aa95-27174c867fa7 req-0aecffe1-c0ec-4abc-aa95-27174c867fa7 ] Request (HypervisorAdminV228Test:setUpClass): 200 GET http://10.180.1.21/identity/v3/roles 0.072s
2025-11-20 18:31:23.288 66165 INFO tempest.lib.common.rest_client [req-577fe9df-6c3b-4fee-9b6c-67064c85c8e2 req-577fe9df-6c3b-4fee-9b6c-67064c85c8e2 ] Request (HypervisorAdminV228Test:setUpClass): 204 PUT http://10.180.1.21/identity/v3/projects/11c2dc106af94457b55ed180d331c7e8/users/48bce0c0a935433cb4891c564d8582ea/roles/da2501c1355842409e9f29d4d7d134bf 0.018s
2025-11-20 18:31:23.288 66165 INFO tempest.lib.common.dynamic_creds [-] Dynamic test user 48bce0c0a935433cb4891c564d8582ea is created with scope project and roles: ['admin']
2025-11-20 18:31:23.288 66165 INFO tempest.lib.common.dynamic_creds [-] Acquired dynamic creds: credentials: Credentials: {'domain_id': 'default', 'domain_name': 'Default', 'username': 'tempest-HypervisorAdminV228Test-1407373517-project-admin', 'project_domain_id': 'default', 'project_domain_name': 'Default', 'project_id': '11c2dc106af94457b55ed180d331c7e8', 'project_name': 'tempest-HypervisorAdminV228Test-1407373517', 'tenant_id': '11c2dc106af94457b55ed180d331c7e8', 'tenant_name': 'tempest-HypervisorAdminV228Test-1407373517', 'user_domain_id': 'default', 'user_domain_name': 'Default', 'user_id': '48bce0c0a935433cb4891c564d8582ea', 'system': None}, Network: None, Subnet: None, Router: None
2025-11-20 18:31:23.288 66165 INFO tempest.lib.common.dynamic_creds [-] Created isolated network resources for: credentials: Credentials: {'domain_id': 'default', 'domain_name': 'Default', 'username': 'tempest-HypervisorAdminV228Test-1407373517-project-admin', 'project_domain_id': 'default', 'project_domain_name': 'Default', 'project_id': '11c2dc106af94457b55ed180d331c7e8', 'project_name': 'tempest-HypervisorAdminV228Test-1407373517', 'tenant_id': '11c2dc106af94457b55ed180d331c7e8', 'tenant_name': 'tempest-HypervisorAdminV228Test-1407373517', 'user_domain_id': 'default', 'user_domain_name': 'Default', 'user_id': '48bce0c0a935433cb4891c564d8582ea', 'system': None}, Network: None, Subnet: None, Router: None
2025-11-20 18:31:23.289 66179 WARNING tempest.lib.common.ssh [-] Failed to establish authenticated ssh connection to cirros@10.180.180.233 ([Errno None] Unable to connect to port 22 on 10.180.180.233). Number attempts: 1. Retry after 2 seconds.: paramiko.ssh_exception.NoValidConnectionsError: [Errno None] Unable to connect to port 22 on 10.180.180.233
2025-11-20 18:31:23.376 66165 INFO tempest.lib.common.rest_client [req-eccda5a5-8c3f-4e54-b414-e3b6bd639a80 req-eccda5a5-8c3f-4e54-b414-e3b6bd639a80 ] Request (HypervisorAdminV228Test:setUpClass): 201 POST http://10.180.1.21/identity/v3/auth/tokens 0.084s
2025-11-20 18:31:23.521 66161 INFO tempest.lib.common.rest_client [req-4a5a47d5-e07c-41e3-a543-fad228131765 req-4a5a47d5-e07c-41e3-a543-fad228131765 ] Request (ServerActionsV293TestJSON:tearDownClass): 200 GET http://10.180.1.21/compute/v2.1/servers/51182df7-8928-48ba-b920-53f8c0f155fa 4.462s
2025-11-20 18:31:23.606 66191 INFO tempest.lib.common.rest_client [req-246d7190-9e28-4cd0-88b4-812cb543d81f req-246d7190-9e28-4cd0-88b4-812cb543d81f ] Request (ServerTagsTestJSON:tearDownClass): 200 GET http://10.180.1.21/compute/v2.1/servers/dae3ff14-1c9d-461c-a4d9-cb02a323db5e 4.303s
2025-11-20 18:31:23.607 66189 INFO tempest.lib.common.rest_client [req-76c7749a-7921-45ed-b017-af17b5c4ad1d req-76c7749a-7921-45ed-b017-af17b5c4ad1d ] Request (ListServersNegativeTestJSON:tearDownClass): 204 DELETE http://10.180.1.21/networking/v2.0/subnets/5591beff-7a3a-4cef-bfe2-9a145d1b7430 0.652s
2025-11-20 18:31:23.616 66191 INFO tempest.common.waiters [-] State transition "ACTIVE/deleting" ==> "DELETED/None" after 5 second wait
2025-11-20 18:31:23.686 66171 INFO tempest.lib.common.rest_client [req-86c85e6d-0d10-48a9-92cc-8bd71847fd57 req-86c85e6d-0d10-48a9-92cc-8bd71847fd57 ] Request (ServerDiskConfigTestJSON:_run_cleanups): 204 DELETE http://10.180.1.21/compute/v2.1/servers/4d0c1a1e-226b-4846-bbd8-e403004a8ef1 4.264s
2025-11-20 18:31:23.749 66151 INFO tempest.lib.common.rest_client [req-144c1cfa-9e86-4d66-a58a-b3036a58b2ef req-144c1cfa-9e86-4d66-a58a-b3036a58b2ef ] Request (ServerMetadataTestJSON:tearDownClass): 200 GET http://10.180.1.21/compute/v2.1/servers/aa230bd5-32d2-4f85-b6fd-fc21097977c1 4.271s
2025-11-20 18:31:23.760 66171 INFO tempest.lib.common.rest_client [req-a5c1cba0-0b82-44c4-9064-87610d2876b2 req-a5c1cba0-0b82-44c4-9064-87610d2876b2 ] Request (ServerDiskConfigTestJSON:test_resize_server_from_auto_to_manual): 201 POST http://10.180.1.21/identity/v3/auth/tokens 0.070s
2025-11-20 18:31:23.761 66171 INFO tempest.lib.common.fixed_network [-] (ServerDiskConfigTestJSON:test_resize_server_from_auto_to_manual) Found network {'id': '29c954d9-8db8-40c9-9292-f0a0914bc07f', 'name': 'tempest-ServerDiskConfigTestJSON-318879010-network', 'tenant_id': '502c2e4377b946138a8489376fdf9eca', 'project_id': '502c2e4377b946138a8489376fdf9eca', 'admin_state_up': True, 'mtu': 8950, 'status': 'ACTIVE', 'subnets': [], 'shared': False, 'port_security_enabled': True, 'router:external': False, 'provider:network_type': 'vlan', 'provider:physical_network': 'default', 'provider:segmentation_id': 731, 'availability_zone_hints': [], 'availability_zones': [], 'ipv4_address_scope': None, 'ipv6_address_scope': None, 'description': '', 'tags': [], 'created_at': '2025-11-20T18:29:21Z', 'updated_at': '2025-11-20T18:29:21Z', 'revision_number': 1} available for tenant
2025-11-20 18:31:23.806 66177 INFO tempest.lib.common.rest_client [req-30b95fe7-f98f-4462-82d4-cc22678cc56b req-30b95fe7-f98f-4462-82d4-cc22678cc56b ] Request (ServersAdminTestJSON:test_create_server_with_scheduling_hint): 200 GET http://10.180.1.21/compute/v2.1/servers/df79a212-4334-4bf5-9b72-dc4af493d701 4.167s
2025-11-20 18:31:23.870 66143 INFO tempest.lib.common.rest_client [req-0f4a8bd0-c1f9-4bc9-9b21-8216ea6e5417 req-0f4a8bd0-c1f9-4bc9-9b21-8216ea6e5417 ] Request (ServerShowV254Test:test_rebuild_server): 200 GET http://10.180.1.21/compute/v2.1/servers/34959524-776e-489f-bb4e-c319ce0196ef 4.122s
2025-11-20 18:31:23.878 66189 INFO tempest.lib.common.rest_client [req-97d5eb78-e12b-4cb5-8111-e1ad156f9205 req-97d5eb78-e12b-4cb5-8111-e1ad156f9205 ] Request (ListServersNegativeTestJSON:tearDownClass): 204 DELETE http://10.180.1.21/networking/v2.0/networks/b6e8ca21-1b36-4691-ba80-53f6383d64f6 0.270s
2025-11-20 18:31:23.934 66145 INFO tempest.lib.common.rest_client [req-4e2a9b44-33ef-49fb-84a7-f13b75b31c87 req-4e2a9b44-33ef-49fb-84a7-f13b75b31c87 ] Request (ServerRescueTestJSON:setUpClass): 200 GET http://10.180.1.21/compute/v2.1/servers/7a0bebd7-08c2-45b0-8948-161488ab4448 3.985s
2025-11-20 18:31:23.994 66205 INFO tempest.lib.common.rest_client [req-700b90e5-2bcc-433b-a77a-e1c69940423f req-700b90e5-2bcc-433b-a77a-e1c69940423f ] Request (AttachInterfacesUnderV243Test:_run_cleanups): 200 GET http://10.180.1.21/compute/v2.1/servers/8a13997b-3f40-4e6f-bc51-31138ba8ecda 3.905s
2025-11-20 18:31:24.002 66189 INFO tempest.lib.common.rest_client [req-9b553fa3-5cd5-446a-a1f7-9d84f953071c req-9b553fa3-5cd5-446a-a1f7-9d84f953071c ] Request (ListServersNegativeTestJSON:tearDownClass): 204 DELETE http://10.180.1.21/identity/v3/users/16963d230c264d078ec64ad75c8b09ba 0.124s
2025-11-20 18:31:24.002 66189 INFO tempest.lib.common.dynamic_creds [-] Deleting project and security group for project: f8c46d0387f54d73928ff0943571b573
2025-11-20 18:31:24.037 66189 INFO tempest.lib.common.rest_client [req-f526afcf-b9b4-46e6-8846-46b43a14a6ca req-f526afcf-b9b4-46e6-8846-46b43a14a6ca ] Request (ListServersNegativeTestJSON:tearDownClass): 200 GET http://10.180.1.21/networking/v2.0/security-groups?tenant_id=f8c46d0387f54d73928ff0943571b573&name=default 0.034s
2025-11-20 18:31:24.142 66189 INFO tempest.lib.common.rest_client [req-a1c79349-7fa5-4bcb-bd7a-cb3ed5fac768 req-a1c79349-7fa5-4bcb-bd7a-cb3ed5fac768 ] Request (ListServersNegativeTestJSON:tearDownClass): 204 DELETE http://10.180.1.21/networking/v2.0/security-groups/fb1566dd-691f-40d9-8a10-cad3614b8964 0.104s
2025-11-20 18:31:24.275 66189 INFO tempest.lib.common.rest_client [req-add76fd3-f1e4-4342-93a8-1f9371dafee3 req-add76fd3-f1e4-4342-93a8-1f9371dafee3 ] Request (ListServersNegativeTestJSON:tearDownClass): 204 DELETE http://10.180.1.21/identity/v3/projects/f8c46d0387f54d73928ff0943571b573 0.132s
2025-11-20 18:31:24.347 66189 INFO tempest.lib.common.rest_client [req-953e2c91-9cae-412f-9fce-2c01b4af14f4 req-953e2c91-9cae-412f-9fce-2c01b4af14f4 ] Request (ServersAaction247Test:setUpClass): 201 POST http://10.180.1.21/identity/v3/auth/tokens 0.070s
2025-11-20 18:31:24.379 66189 INFO tempest.lib.common.rest_client [req-fd851990-3ccc-4788-913e-92c8600de2a3 req-fd851990-3ccc-4788-913e-92c8600de2a3 ] Request (ServersAaction247Test:setUpClass): 201 POST http://10.180.1.21/identity/v3/auth/tokens 0.029s
2025-11-20 18:31:24.404 66189 INFO tempest.lib.common.rest_client [req-a1e485f8-6e9d-43bb-b980-4fe63215ecf0 req-a1e485f8-6e9d-43bb-b980-4fe63215ecf0 ] Request (ServersAaction247Test:setUpClass): 200 GET http://10.180.1.21/identity/v3/domains?name=Default 0.024s
2025-11-20 18:31:24.432 66189 INFO tempest.lib.common.rest_client [req-dc01092d-160a-4b63-a244-54119bfbfce6 req-dc01092d-160a-4b63-a244-54119bfbfce6 ] Request (ServersAaction247Test:setUpClass): 201 POST http://10.180.1.21/identity/v3/projects 0.028s
2025-11-20 18:31:24.459 66159 INFO tempest.lib.common.rest_client [req-aa9634f4-6572-446e-b7c3-f02b57683796 req-aa9634f4-6572-446e-b7c3-f02b57683796 ] Request (ServerActionsTestJSON:setUpClass): 202 POST http://10.180.1.21/compute/v2.1/servers 4.244s
2025-11-20 18:31:24.520 66189 INFO tempest.lib.common.rest_client [req-c155f2c8-c17d-440a-87c6-2eacbacb0203 req-c155f2c8-c17d-440a-87c6-2eacbacb0203 ] Request (ServersAaction247Test:setUpClass): 201 POST http://10.180.1.21/identity/v3/users 0.087s
2025-11-20 18:31:24.543 66189 INFO tempest.lib.common.rest_client [req-77cd573a-7387-4e4f-862b-a556bc24d9ca req-77cd573a-7387-4e4f-862b-a556bc24d9ca ] Request (ServersAaction247Test:setUpClass): 200 GET http://10.180.1.21/identity/v3/roles 0.023s
2025-11-20 18:31:24.575 66189 INFO tempest.lib.common.rest_client [req-e1dc8ede-66fa-4093-a986-bde40176a181 req-e1dc8ede-66fa-4093-a986-bde40176a181 ] Request (ServersAaction247Test:setUpClass): 204 PUT http://10.180.1.21/identity/v3/projects/67f914c4364746688c9227107eed8f4e/users/22d6413ef0d7495ca5bf9713d505fca0/roles/04972a7f85ff4109b5de299d7eeda480 0.031s
2025-11-20 18:31:24.575 66189 INFO tempest.lib.common.dynamic_creds [-] Dynamic test user 22d6413ef0d7495ca5bf9713d505fca0 is created with scope project and roles: ['member']
2025-11-20 18:31:24.575 66189 INFO tempest.lib.common.dynamic_creds [-] Acquired dynamic creds: credentials: Credentials: {'domain_id': 'default', 'domain_name': 'Default', 'username': 'tempest-ServersAaction247Test-1577550597-project-member', 'project_domain_id': 'default', 'project_domain_name': 'Default', 'project_id': '67f914c4364746688c9227107eed8f4e', 'project_name': 'tempest-ServersAaction247Test-1577550597', 'tenant_id': '67f914c4364746688c9227107eed8f4e', 'tenant_name': 'tempest-ServersAaction247Test-1577550597', 'user_domain_id': 'default', 'user_domain_name': 'Default', 'user_id': '22d6413ef0d7495ca5bf9713d505fca0', 'system': None}, Network: None, Subnet: None, Router: None
2025-11-20 18:31:24.576 66189 INFO tempest.lib.common.dynamic_creds [-] Created isolated network resources for: credentials: Credentials: {'domain_id': 'default', 'domain_name': 'Default', 'username': 'tempest-ServersAaction247Test-1577550597-project-member', 'project_domain_id': 'default', 'project_domain_name': 'Default', 'project_id': '67f914c4364746688c9227107eed8f4e', 'project_name': 'tempest-ServersAaction247Test-1577550597', 'tenant_id': '67f914c4364746688c9227107eed8f4e', 'tenant_name': 'tempest-ServersAaction247Test-1577550597', 'user_domain_id': 'default', 'user_domain_name': 'Default', 'user_id': '22d6413ef0d7495ca5bf9713d505fca0', 'system': None}, Network: None, Subnet: None, Router: None
2025-11-20 18:31:24.655 66189 INFO tempest.lib.common.rest_client [req-21cee31f-9f93-4f9f-af00-a8771906cfec req-21cee31f-9f93-4f9f-af00-a8771906cfec ] Request (ServersAaction247Test:setUpClass): 201 POST http://10.180.1.21/identity/v3/auth/tokens 0.075s
2025-11-20 18:31:24.686 66189 INFO tempest.lib.common.rest_client [req-3df8cb3f-5a7e-4370-8a2c-7d59c4cce9cb req-3df8cb3f-5a7e-4370-8a2c-7d59c4cce9cb ] Request (ServersAaction247Test:test_create_backup): 201 POST http://10.180.1.21/identity/v3/auth/tokens 0.027s
2025-11-20 18:31:24.686 66189 INFO tempest.lib.common.fixed_network [-] (ServersAaction247Test:test_create_backup) Found network None available for tenant
2025-11-20 18:31:24.686 66183 INFO tempest.lib.common.rest_client [req-a9fd7621-39cf-4cbe-ac8b-c2e18c9477d3 req-a9fd7621-39cf-4cbe-ac8b-c2e18c9477d3 ] Request (FlavorsV2NegativeTest:test_boot_with_low_ram): 200 GET http://10.180.1.21/compute/v2.1/flavors/42 3.901s
2025-11-20 18:31:24.814 66195 INFO tempest.lib.common.rest_client [req-fc64fbb9-67cf-492f-aa53-f9a8b88e227b req-fc64fbb9-67cf-492f-aa53-f9a8b88e227b ] Request (ServerRescueTestJSONUnderV235:setUpClass): 200 GET http://10.180.1.21/compute/v2.1/servers/c2b98da0-8288-4379-b2cb-79814a5ced36 3.528s
2025-11-20 18:31:24.867 66199 INFO tempest.lib.common.rest_client [req-edb78e2b-d5aa-45f0-bc39-4db90a296d3b req-edb78e2b-d5aa-45f0-bc39-4db90a296d3b ] Request (ServersTestJSON:test_create_server_specify_multibyte_character_name): 200 GET http://10.180.1.21/compute/v2.1/servers/4f3ea81f-e630-4d2b-9f0e-a7844b4f58a8 3.431s
2025-11-20 18:31:24.930 66201 INFO tempest.lib.common.rest_client [req-bbb5a841-89c5-4332-9db7-538c8cd6c196 req-bbb5a841-89c5-4332-9db7-538c8cd6c196 ] Request (ServerShowV257Test:tearDownClass): 200 GET http://10.180.1.21/compute/v2.1/servers/2682dfd1-04f6-4919-bb42-094497418191 3.391s
2025-11-20 18:31:24.983 66169 INFO tempest.lib.common.rest_client [req-085b6089-355d-4715-b7d5-165807b98a71 req-085b6089-355d-4715-b7d5-165807b98a71 ] Request (SecurityGroupsTestJSON:test_server_security_groups): 200 GET http://10.180.1.21/compute/v2.1/servers/3f83ed18-d10c-4a35-9e55-933a3c21ee26 3.391s
2025-11-20 18:31:25.045 66183 INFO tempest.lib.common.rest_client [req-8d1953cf-123d-4861-8c83-9f0cec8f20ee req-8d1953cf-123d-4861-8c83-9f0cec8f20ee ] Request (FlavorsV2NegativeTest:test_boot_with_low_ram): 201 POST http://10.180.1.21/image/v2/images 0.354s
2025-11-20 18:31:25.094 66153 INFO tempest.lib.common.rest_client [req-77896dd2-a279-427e-a6d2-ce1eeccc98a8 req-77896dd2-a279-427e-a6d2-ce1eeccc98a8 ] Request (FloatingIPsAssociationTestJSON:tearDownClass): 200 GET http://10.180.1.21/compute/v2.1/servers/eeb54ce7-fba0-4632-9028-d6483428089d 3.375s
2025-11-20 18:31:25.154 66173 INFO tempest.lib.common.rest_client [req-d984bf93-2fd1-47ba-9776-7dcfe862c52b req-d984bf93-2fd1-47ba-9776-7dcfe862c52b ] Request (ServersTestMultiNic:_run_cleanups): 200 GET http://10.180.1.21/compute/v2.1/servers/068acf6b-a62e-4fb2-b1f6-fb3f6737c4da 3.316s
2025-11-20 18:31:25.204 66147 INFO tempest.lib.common.rest_client [req-c69b1528-56cb-4ab1-8f1a-37bba4785197 req-c69b1528-56cb-4ab1-8f1a-37bba4785197 ] Request (DeleteServersTestJSON:test_delete_server_while_in_attached_volume): 200 GET http://10.180.1.21/compute/v2.1/servers/e337e07e-35e2-44dc-8ef7-7fc8ecf3945c 3.163s
2025-11-20 18:31:25.231 66163 INFO tempest.lib.common.rest_client [req-a3ba9c9c-7cf0-4708-bdcc-1dd11f0078c6 req-a3ba9c9c-7cf0-4708-bdcc-1dd11f0078c6 ] Request (VolumesAssistedSnapshotsTest:tearDownClass): 404 GET http://10.180.1.21/compute/v2.1/servers/cbc5d592-422e-4917-8d9d-6ed142c529fe 3.053s
2025-11-20 18:31:25.312 66197 INFO tempest.lib.common.rest_client [req-650f4523-26d5-4adf-8197-12c9f4586991 req-650f4523-26d5-4adf-8197-12c9f4586991 ] Request (ServersAdmin275Test:test_rebuild_update_server_275): 200 GET http://10.180.1.21/compute/v2.1/servers/fad5ae9f-0627-488e-a796-f69bbda7f393 2.998s
2025-11-20 18:31:25.326 66197 INFO tempest.common.waiters [-] State transition "BUILD/spawning" ==> "ACTIVE/None" after 31 second wait
2025-11-20 18:31:25.405 66167 INFO tempest.lib.common.rest_client [req-df9d1be9-f4b5-4317-b5a7-7576197f866f req-df9d1be9-f4b5-4317-b5a7-7576197f866f ] Request (FloatingIPsAssociationNegativeTestJSON:tearDownClass): 200 GET http://10.180.1.21/compute/v2.1/servers/5339f973-2440-42cb-a859-147145b9976a 2.587s
2025-11-20 18:31:25.456 66149 INFO tempest.lib.common.rest_client [req-e228bc5b-20bb-463f-9c7a-423b1c747e18 req-e228bc5b-20bb-463f-9c7a-423b1c747e18 ] Request (ListImageFiltersTestJSON:setUpClass): 200 GET http://10.180.1.21/compute/v2.1/images/e0b1b290-cdbb-4a55-9c86-6c7556d04915 2.595s
2025-11-20 18:31:25.547 66165 INFO tempest.lib.common.rest_client [req-c8160825-52b3-4a31-9818-26c2c95f7a37 req-c8160825-52b3-4a31-9818-26c2c95f7a37 ] Request (HypervisorAdminV228Test:test_get_list_hypervisor_details): 200 GET http://10.180.1.21/compute/v2.1/os-hypervisors 2.169s
2025-11-20 18:31:25.631 66187 INFO tempest.lib.common.rest_client [req-f051bbd6-9a92-4685-bf30-b91c6d631c5f req-f051bbd6-9a92-4685-bf30-b91c6d631c5f ] Request (ServersTestFqdnHostnames:tearDownClass): 200 GET http://10.180.1.21/compute/v2.1/servers/8a33ccfe-396e-4278-8ed1-f70610a279ba 2.118s
2025-11-20 18:31:25.666 66183 INFO tempest.lib.common.rest_client [req-b43b36a3-2b21-4703-ab5d-aa3a07a704c5 req-b43b36a3-2b21-4703-ab5d-aa3a07a704c5 ] Request (FlavorsV2NegativeTest:test_boot_with_low_ram): 204 PUT http://10.180.1.21/image/v2/images/c0924331-7824-4ca0-8434-075015097814/file 0.620s
2025-11-20 18:31:25.697 66183 INFO tempest.lib.common.rest_client [req-0b4b9b00-1dda-47b9-a519-bdec4502f981 req-0b4b9b00-1dda-47b9-a519-bdec4502f981 ] Request (FlavorsV2NegativeTest:test_boot_with_low_ram): 201 POST http://10.180.1.21/identity/v3/auth/tokens 0.028s
2025-11-20 18:31:25.698 66183 INFO tempest.lib.common.fixed_network [-] (FlavorsV2NegativeTest:test_boot_with_low_ram) Found network None available for tenant
2025-11-20 18:31:25.997 66171 INFO tempest.lib.common.rest_client [req-62f05849-1da2-4823-93f1-dfdd77860657 req-62f05849-1da2-4823-93f1-dfdd77860657 ] Request (ServerDiskConfigTestJSON:test_resize_server_from_auto_to_manual): 202 POST http://10.180.1.21/compute/v2.1/servers 2.235s
2025-11-20 18:31:26.115 66203 INFO tempest.lib.common.rest_client [req-f4d30d3e-227c-4bb6-bda8-718368416723 req-f4d30d3e-227c-4bb6-bda8-718368416723 ] Request (ServersTestManualDisk:setUpClass): 200 GET http://10.180.1.21/compute/v2.1/servers/8726608c-2a5b-4be1-b5de-b4ce163884a4 2.126s
2025-11-20 18:31:26.191 66159 INFO tempest.lib.common.rest_client [req-5d1e43bb-59e3-4bfd-bb8c-7ded7cb8f1dc req-5d1e43bb-59e3-4bfd-bb8c-7ded7cb8f1dc ] Request (ServerActionsTestJSON:setUpClass): 200 GET http://10.180.1.21/compute/v2.1/servers/4eded83a-1ccc-483d-b91c-53a2c91b78ba 1.730s
2025-11-20 18:31:26.218 66161 INFO tempest.lib.common.rest_client [req-656a3ebb-481a-4793-9aa6-05b46e86d355 req-656a3ebb-481a-4793-9aa6-05b46e86d355 ] Request (ServerActionsV293TestJSON:tearDownClass): 404 GET http://10.180.1.21/compute/v2.1/servers/51182df7-8928-48ba-b920-53f8c0f155fa 1.684s
2025-11-20 18:31:26.314 66191 INFO tempest.lib.common.rest_client [req-7b0beae8-8b1a-44d6-a8ce-e2e26bec3c83 req-7b0beae8-8b1a-44d6-a8ce-e2e26bec3c83 ] Request (ServerTagsTestJSON:tearDownClass): 200 GET http://10.180.1.21/compute/v2.1/servers/dae3ff14-1c9d-461c-a4d9-cb02a323db5e 1.696s
2025-11-20 18:31:26.349 66179 WARNING tempest.lib.common.ssh [-] Failed to establish authenticated ssh connection to cirros@10.180.180.233 ([Errno None] Unable to connect to port 22 on 10.180.180.233). Number attempts: 2. Retry after 3 seconds.: paramiko.ssh_exception.NoValidConnectionsError: [Errno None] Unable to connect to port 22 on 10.180.180.233
2025-11-20 18:31:26.461 66189 INFO tempest.lib.common.rest_client [req-e31f11d3-6432-4c2b-9e81-542bcde918a6 req-e31f11d3-6432-4c2b-9e81-542bcde918a6 ] Request (ServersAaction247Test:test_create_backup): 202 POST http://10.180.1.21/compute/v2.1/servers 1.774s
2025-11-20 18:31:26.532 66151 INFO tempest.lib.common.rest_client [req-303fda6b-2a1d-4a89-a0df-ecc1cd99d725 req-303fda6b-2a1d-4a89-a0df-ecc1cd99d725 ] Request (ServerMetadataTestJSON:tearDownClass): 200 GET http://10.180.1.21/compute/v2.1/servers/aa230bd5-32d2-4f85-b6fd-fc21097977c1 1.769s
2025-11-20 18:31:26.652 66177 INFO tempest.lib.common.rest_client [req-9e5d07a5-aff2-4a8e-9e53-e91c7e00d284 req-9e5d07a5-aff2-4a8e-9e53-e91c7e00d284 ] Request (ServersAdminTestJSON:test_create_server_with_scheduling_hint): 200 GET http://10.180.1.21/compute/v2.1/servers/df79a212-4334-4bf5-9b72-dc4af493d701 1.837s
2025-11-20 18:31:26.659 66177 INFO tempest.common.waiters [-] State transition "BUILD/None" ==> "BUILD/networking" after 28 second wait
2025-11-20 18:31:26.709 66143 INFO tempest.lib.common.rest_client [req-1647d615-e46b-472d-b5fe-0602dedf8d10 req-1647d615-e46b-472d-b5fe-0602dedf8d10 ] Request (ServerShowV254Test:test_rebuild_server): 200 GET http://10.180.1.21/compute/v2.1/servers/34959524-776e-489f-bb4e-c319ce0196ef 1.830s
2025-11-20 18:31:26.756 66145 INFO tempest.lib.common.rest_client [req-297dfb15-3b5c-4cf1-86d4-396697f17b30 req-297dfb15-3b5c-4cf1-86d4-396697f17b30 ] Request (ServerRescueTestJSON:setUpClass): 200 GET http://10.180.1.21/compute/v2.1/servers/7a0bebd7-08c2-45b0-8948-161488ab4448 1.812s
2025-11-20 18:31:26.814 66205 INFO tempest.lib.common.rest_client [req-8bf0d13e-dac9-4f5d-b5fb-50fb4fbd084d req-8bf0d13e-dac9-4f5d-b5fb-50fb4fbd084d ] Request (AttachInterfacesUnderV243Test:_run_cleanups): 200 GET http://10.180.1.21/compute/v2.1/servers/8a13997b-3f40-4e6f-bc51-31138ba8ecda 1.812s
2025-11-20 18:31:26.821 66205 INFO tempest.common.waiters [-] State transition "ACTIVE/deleting" ==> "DELETED/None" after 2 second wait
2025-11-20 18:31:26.830 66163 INFO tempest.lib.common.rest_client [req-4cc021f7-7fb3-4bf3-922b-8bd4798bb7a9 req-4cc021f7-7fb3-4bf3-922b-8bd4798bb7a9 ] Request (VolumesAssistedSnapshotsTest:tearDownClass): 202 DELETE http://10.180.1.21/compute/v2.1/os-keypairs/tempest-keypair-1416892869 1.598s
2025-11-20 18:31:26.932 66163 INFO tempest.lib.common.rest_client [req-5bd666d4-8141-42fb-b03b-2e6c3f44174b req-5bd666d4-8141-42fb-b03b-2e6c3f44174b ] Request (VolumesAssistedSnapshotsTest:tearDownClass): 204 DELETE http://10.180.1.21/networking/v2.0/security-groups/352710ab-e4c9-4eaf-9e79-6e0a6bf5b882 0.101s
2025-11-20 18:31:26.942 66163 INFO tempest.lib.common.rest_client [req-f09264a9-99a9-4354-adab-cc53a7c58f03 req-f09264a9-99a9-4354-adab-cc53a7c58f03 ] Request (VolumesAssistedSnapshotsTest:tearDownClass): 404 GET http://10.180.1.21/networking/v2.0/security-groups/352710ab-e4c9-4eaf-9e79-6e0a6bf5b882 0.010s
2025-11-20 18:31:27.231 66163 INFO tempest.lib.common.rest_client [req-0eeec08f-b1b5-475a-bfb1-cfa8ca02386a req-0eeec08f-b1b5-475a-bfb1-cfa8ca02386a ] Request (VolumesAssistedSnapshotsTest:tearDownClass): 204 DELETE http://10.180.1.21/networking/v2.0/floatingips/a313d95e-4701-44d4-ad35-111da8a29810 0.289s
2025-11-20 18:31:27.251 66163 INFO tempest.lib.common.rest_client [req-cd965ca0-b361-46a0-8736-db0efc1de531 req-cd965ca0-b361-46a0-8736-db0efc1de531 ] Request (VolumesAssistedSnapshotsTest:tearDownClass): 404 DELETE http://10.180.1.21/volume/v3/volumes/3c11d776-2b09-44a1-be5b-44064a0b402c 0.019s
2025-11-20 18:31:27.264 66197 INFO tempest.lib.common.rest_client [req-1d257a43-f848-4da8-a805-eac4bbc67dfe req-1d257a43-f848-4da8-a805-eac4bbc67dfe ] Request (ServersAdmin275Test:test_rebuild_update_server_275): 202 POST http://10.180.1.21/compute/v2.1/servers/fad5ae9f-0627-488e-a796-f69bbda7f393/action 1.937s
2025-11-20 18:31:27.269 66163 INFO tempest.lib.common.rest_client [req-17c766d3-42a2-482d-932c-a0b7d72fa074 req-17c766d3-42a2-482d-932c-a0b7d72fa074 ] Request (VolumesAssistedSnapshotsTest:tearDownClass): 404 GET http://10.180.1.21/volume/v3/volumes/3c11d776-2b09-44a1-be5b-44064a0b402c 0.018s
2025-11-20 18:31:27.311 66149 INFO tempest.lib.common.rest_client [req-93e647f2-2fa4-40ee-959e-3b4feab103d7 req-93e647f2-2fa4-40ee-959e-3b4feab103d7 ] Request (ListImageFiltersTestJSON:setUpClass): 200 GET http://10.180.1.21/compute/v2.1/images/e0b1b290-cdbb-4a55-9c86-6c7556d04915 1.851s
2025-11-20 18:31:27.338 66165 INFO tempest.lib.common.rest_client [req-8b5d18d2-f3b4-42ef-a29a-98aee9230929 req-8b5d18d2-f3b4-42ef-a29a-98aee9230929 ] Request (HypervisorAdminV228Test:test_get_list_hypervisor_details): 200 GET http://10.180.1.21/compute/v2.1/os-hypervisors/1 1.789s
2025-11-20 18:31:27.470 66165 INFO tempest.lib.common.rest_client [req-7fa7d07f-9f54-40da-b9a5-3eda2535c1a5 req-7fa7d07f-9f54-40da-b9a5-3eda2535c1a5 ] Request (HypervisorAdminV228Test:tearDownClass): 204 DELETE http://10.180.1.21/identity/v3/users/caa9cc69de4b4c11b17522f8491a1c5d 0.126s
2025-11-20 18:31:27.563 66165 INFO tempest.lib.common.rest_client [req-d906e3a8-83bf-4bf6-8929-22729b2136fc req-d906e3a8-83bf-4bf6-8929-22729b2136fc ] Request (HypervisorAdminV228Test:tearDownClass): 204 DELETE http://10.180.1.21/identity/v3/users/48bce0c0a935433cb4891c564d8582ea 0.093s
2025-11-20 18:31:27.564 66165 INFO tempest.lib.common.dynamic_creds [-] Deleting project and security group for project: 76df59c6b1db419baafc4cb3f1688cfb
2025-11-20 18:31:27.640 66165 INFO tempest.lib.common.rest_client [req-0d290014-3ffa-4a49-a0c3-eee5885041ae req-0d290014-3ffa-4a49-a0c3-eee5885041ae ] Request (HypervisorAdminV228Test:tearDownClass): 201 POST http://10.180.1.21/identity/v3/auth/tokens 0.076s
2025-11-20 18:31:27.884 66181 WARNING tempest.lib.common.ssh [-] Failed to establish authenticated ssh connection to cirros@10.180.180.156 ([Errno None] Unable to connect to port 22 on 10.180.180.156). Number attempts: 4. Retry after 5 seconds.: paramiko.ssh_exception.NoValidConnectionsError: [Errno None] Unable to connect to port 22 on 10.180.180.156
2025-11-20 18:31:28.023 66163 INFO tempest.lib.common.rest_client [req-51a1f72f-f50b-4ebf-a771-22991e966574 req-51a1f72f-f50b-4ebf-a771-22991e966574 ] Request (VolumesAssistedSnapshotsTest:tearDownClass): 200 PUT http://10.180.1.21/networking/v2.0/routers/2cc66bcb-c8a0-44dd-83eb-46bb9ebabd30/remove_router_interface 0.753s
2025-11-20 18:31:28.195 66165 INFO tempest.lib.common.rest_client [req-157fd8ef-9758-443d-80ee-03d970f28ef9 req-157fd8ef-9758-443d-80ee-03d970f28ef9 ] Request (HypervisorAdminV228Test:tearDownClass): 200 GET http://10.180.1.21/networking/v2.0/security-groups?tenant_id=76df59c6b1db419baafc4cb3f1688cfb&name=default 0.555s
2025-11-20 18:31:28.322 66185 INFO tempest.lib.common.rest_client [req-9ed2d5ff-ce69-4e14-ab62-4840e4db0c41 req-9ed2d5ff-ce69-4e14-ab62-4840e4db0c41 ] Request (AttachInterfacesTestJSON:test_create_list_show_delete_interfaces_by_fixed_ip): 200 POST http://10.180.1.21/compute/v2.1/servers/d627ecde-c86e-4855-b516-310639d35a59/os-interface 10.417s
2025-11-20 18:31:28.393 66165 INFO tempest.lib.common.rest_client [req-dd597c8d-4ea6-4093-afaf-479a679dd6a4 req-dd597c8d-4ea6-4093-afaf-479a679dd6a4 ] Request (HypervisorAdminV228Test:tearDownClass): 204 DELETE http://10.180.1.21/networking/v2.0/security-groups/018089fb-de12-4b0d-91ca-0a15dd97861b 0.197s
2025-11-20 18:31:28.442 66163 INFO tempest.lib.common.rest_client [req-46c71ee6-8d9c-457c-99a6-3b5700822ea4 req-46c71ee6-8d9c-457c-99a6-3b5700822ea4 ] Request (VolumesAssistedSnapshotsTest:tearDownClass): 204 DELETE http://10.180.1.21/networking/v2.0/routers/2cc66bcb-c8a0-44dd-83eb-46bb9ebabd30 0.418s
2025-11-20 18:31:28.458 66165 INFO tempest.lib.common.rest_client [req-44a5a73c-505c-4225-8461-75d64d8da440 req-44a5a73c-505c-4225-8461-75d64d8da440 ] Request (HypervisorAdminV228Test:tearDownClass): 204 DELETE http://10.180.1.21/identity/v3/projects/76df59c6b1db419baafc4cb3f1688cfb 0.064s
2025-11-20 18:31:28.458 66165 INFO tempest.lib.common.dynamic_creds [-] Deleting project and security group for project: 11c2dc106af94457b55ed180d331c7e8
2025-11-20 18:31:28.460 66183 INFO tempest.lib.common.rest_client [req-7ae7f8af-b1a7-4120-8419-8663cd751170 req-7ae7f8af-b1a7-4120-8419-8663cd751170 ] Request (FlavorsV2NegativeTest:test_boot_with_low_ram): 400 POST http://10.180.1.21/compute/v2.1/servers 2.761s
2025-11-20 18:31:28.491 66195 INFO tempest.lib.common.rest_client [req-30d72adf-6af7-4e9c-a646-0357b840c5d9 req-30d72adf-6af7-4e9c-a646-0357b840c5d9 ] Request (ServerRescueTestJSONUnderV235:setUpClass): 200 GET http://10.180.1.21/compute/v2.1/servers/c2b98da0-8288-4379-b2cb-79814a5ced36 2.669s
2025-11-20 18:31:28.498 66195 INFO tempest.common.waiters [-] State transition "BUILD/spawning" ==> "ACTIVE/None" after 36 second wait
2025-11-20 18:31:28.506 66183 INFO tempest.lib.common.rest_client [req-8df3f791-4d08-4d8f-aadc-8c0576f8a570 req-8df3f791-4d08-4d8f-aadc-8c0576f8a570 ] Request (FlavorsV2NegativeTest:_run_cleanups): 204 DELETE http://10.180.1.21/image/v2/images/c0924331-7824-4ca0-8434-075015097814 0.046s
2025-11-20 18:31:28.596 66165 INFO tempest.lib.common.rest_client [req-29c1d620-842d-4d0e-bc26-ea42cebb34ee req-29c1d620-842d-4d0e-bc26-ea42cebb34ee ] Request (HypervisorAdminV228Test:tearDownClass): 200 GET http://10.180.1.21/networking/v2.0/security-groups?tenant_id=11c2dc106af94457b55ed180d331c7e8&name=default 0.138s
2025-11-20 18:31:28.617 66163 INFO tempest.lib.common.rest_client [req-92650a27-f6bf-4d69-8219-56e8b56ba82e req-92650a27-f6bf-4d69-8219-56e8b56ba82e ] Request (VolumesAssistedSnapshotsTest:tearDownClass): 204 DELETE http://10.180.1.21/networking/v2.0/subnets/b0890b96-29b8-4173-ab29-8352034b6e79 0.174s
2025-11-20 18:31:28.625 66199 INFO tempest.lib.common.rest_client [req-ae3a0dae-46b7-4e2a-a85b-f4be924025cf req-ae3a0dae-46b7-4e2a-a85b-f4be924025cf ] Request (ServersTestJSON:test_create_server_specify_multibyte_character_name): 200 GET http://10.180.1.21/compute/v2.1/servers/4f3ea81f-e630-4d2b-9f0e-a7844b4f58a8 2.746s
2025-11-20 18:31:28.636 66199 INFO tempest.common.waiters [-] State transition "BUILD/None" ==> "BUILD/networking" after 29 second wait
2025-11-20 18:31:28.640 66201 INFO tempest.lib.common.rest_client [req-dabd4675-29fb-499b-aa62-eb160bf52023 req-dabd4675-29fb-499b-aa62-eb160bf52023 ] Request (ServerShowV257Test:tearDownClass): 200 GET http://10.180.1.21/compute/v2.1/servers/2682dfd1-04f6-4919-bb42-094497418191 2.699s
2025-11-20 18:31:28.646 66183 INFO tempest.lib.common.rest_client [req-fbaf5584-700b-4c02-940b-db5976f312d5 req-fbaf5584-700b-4c02-940b-db5976f312d5 ] Request (FlavorsV2NegativeTest:tearDownClass): 204 DELETE http://10.180.1.21/identity/v3/users/918d1f71caf7443aa88cb87fa595dd38 0.137s
2025-11-20 18:31:28.646 66183 INFO tempest.lib.common.dynamic_creds [-] Deleting project and security group for project: 2975965838f540aab3ca11e2692bc5ff
2025-11-20 18:31:28.715 66165 INFO tempest.lib.common.rest_client [req-7525e756-4848-434e-929b-4dfb0e3fcef0 req-7525e756-4848-434e-929b-4dfb0e3fcef0 ] Request (HypervisorAdminV228Test:tearDownClass): 204 DELETE http://10.180.1.21/networking/v2.0/security-groups/30c4820b-b554-455c-9b1c-57adf6599ec9 0.118s
2025-11-20 18:31:28.715 66183 INFO tempest.lib.common.rest_client [req-e95da8ec-cfb7-4e91-997a-18ebf4d1ef05 req-e95da8ec-cfb7-4e91-997a-18ebf4d1ef05 ] Request (FlavorsV2NegativeTest:tearDownClass): 201 POST http://10.180.1.21/identity/v3/auth/tokens 0.069s
2025-11-20 18:31:28.737 66169 INFO tempest.lib.common.rest_client [req-97c8a302-e424-42f0-8c78-835a2352e6a0 req-97c8a302-e424-42f0-8c78-835a2352e6a0 ] Request (SecurityGroupsTestJSON:test_server_security_groups): 200 GET http://10.180.1.21/compute/v2.1/servers/3f83ed18-d10c-4a35-9e55-933a3c21ee26 2.746s
2025-11-20 18:31:28.784 66165 INFO tempest.lib.common.rest_client [req-2029b871-79b7-4a06-b2f9-07fd466286ef req-2029b871-79b7-4a06-b2f9-07fd466286ef ] Request (HypervisorAdminV228Test:tearDownClass): 204 DELETE http://10.180.1.21/identity/v3/projects/11c2dc106af94457b55ed180d331c7e8 0.069s
2025-11-20 18:31:28.844 66175 WARNING tempest.lib.common.ssh [-] Failed to establish authenticated ssh connection to cirros@10.180.180.199 ([Errno None] Unable to connect to port 22 on 10.180.180.199). Number attempts: 11. Retry after 12 seconds.: paramiko.ssh_exception.NoValidConnectionsError: [Errno None] Unable to connect to port 22 on 10.180.180.199
2025-11-20 18:31:28.868 66165 INFO tempest.lib.common.rest_client [req-65f16fcd-cf4a-4d99-adfa-89e7f4151833 req-65f16fcd-cf4a-4d99-adfa-89e7f4151833 ] Request (MigrationsAdminTest:setUpClass): 201 POST http://10.180.1.21/identity/v3/auth/tokens 0.083s
2025-11-20 18:31:28.902 66165 INFO tempest.lib.common.rest_client [req-c820d577-e428-4e0f-866f-c481a6050a69 req-c820d577-e428-4e0f-866f-c481a6050a69 ] Request (MigrationsAdminTest:setUpClass): 201 POST http://10.180.1.21/identity/v3/auth/tokens 0.031s
2025-11-20 18:31:28.927 66165 INFO tempest.lib.common.rest_client [req-e6f9bae5-4111-4822-9557-2b7601f3ad0c req-e6f9bae5-4111-4822-9557-2b7601f3ad0c ] Request (MigrationsAdminTest:setUpClass): 200 GET http://10.180.1.21/identity/v3/domains?name=Default 0.024s
2025-11-20 18:31:28.953 66165 INFO tempest.lib.common.rest_client [req-77100e9a-e35d-4b22-98bb-3466db426f6b req-77100e9a-e35d-4b22-98bb-3466db426f6b ] Request (MigrationsAdminTest:setUpClass): 201 POST http://10.180.1.21/identity/v3/projects 0.025s
2025-11-20 18:31:28.959 66163 INFO tempest.lib.common.rest_client [req-bb53c94a-922b-47f7-9a0e-a8dd1bf59dd5 req-bb53c94a-922b-47f7-9a0e-a8dd1bf59dd5 ] Request (VolumesAssistedSnapshotsTest:tearDownClass): 204 DELETE http://10.180.1.21/networking/v2.0/networks/98c1f0e9-bda5-4d21-83f9-e7a9b1f7e467 0.341s
2025-11-20 18:31:28.982 66171 INFO tempest.lib.common.rest_client [req-76e8cda4-1b6f-4727-8d7a-3fd53f6d3d6d req-76e8cda4-1b6f-4727-8d7a-3fd53f6d3d6d ] Request (ServerDiskConfigTestJSON:test_resize_server_from_auto_to_manual): 200 GET http://10.180.1.21/compute/v2.1/servers/373c88f2-1812-4ea5-9a71-38419156ea3f 2.983s
2025-11-20 18:31:29.011 66165 INFO tempest.lib.common.rest_client [req-c85c4890-581a-45ce-87c5-4e726d977ef8 req-c85c4890-581a-45ce-87c5-4e726d977ef8 ] Request (MigrationsAdminTest:setUpClass): 201 POST http://10.180.1.21/identity/v3/users 0.058s
2025-11-20 18:31:29.032 66165 INFO tempest.lib.common.rest_client [req-6a707d4c-8eb5-4ec4-954e-359e6ae55976 req-6a707d4c-8eb5-4ec4-954e-359e6ae55976 ] Request (MigrationsAdminTest:setUpClass): 200 GET http://10.180.1.21/identity/v3/roles 0.020s
2025-11-20 18:31:29.062 66165 INFO tempest.lib.common.rest_client [req-4a7a3f0d-b301-4a9d-99e7-0c0491dd22f5 req-4a7a3f0d-b301-4a9d-99e7-0c0491dd22f5 ] Request (MigrationsAdminTest:setUpClass): 204 PUT http://10.180.1.21/identity/v3/projects/8f453a8f83384baba0d83a601e2e5fdb/users/23efb6b24fd9415faa7ddf666a9d3447/roles/04972a7f85ff4109b5de299d7eeda480 0.029s
2025-11-20 18:31:29.062 66165 INFO tempest.lib.common.dynamic_creds [-] Dynamic test user 23efb6b24fd9415faa7ddf666a9d3447 is created with scope project and roles: ['member']
