2025-11-20 18:32:36.333 66161 INFO tempest.lib.common.rest_client [req-7a0c76eb-3216-496c-b647-d63494ed91c4 req-7a0c76eb-3216-496c-b647-d63494ed91c4 ] Request (ServerAddressesTestJSON:setUpClass): 200 GET http://10.180.1.21/compute/v2.1/servers/2a02c648-e660-4fd8-81f6-e1bf915e40ca 0.101s
2025-11-20 18:32:36.406 66195 INFO tempest.lib.common.rest_client [req-732dc295-796f-453c-9599-2ae2c6750201 req-732dc295-796f-453c-9599-2ae2c6750201 ] Request (ServerRescueTestJSONUnderV235:tearDownClass): 200 GET http://10.180.1.21/compute/v2.1/servers/c2b98da0-8288-4379-b2cb-79814a5ced36 0.103s
2025-11-20 18:32:36.453 66169 INFO tempest.lib.common.rest_client [req-83946637-a539-4658-8ee7-85b8514df49c req-83946637-a539-4658-8ee7-85b8514df49c ] Request (SecurityGroupsTestJSON:test_server_security_groups): 200 GET http://10.180.1.21/compute/v2.1/servers/3f83ed18-d10c-4a35-9e55-933a3c21ee26 0.077s
2025-11-20 18:32:36.521 66147 INFO tempest.lib.common.rest_client [req-a166b066-e2a3-4ae3-a673-3df1f448cc16 req-a166b066-e2a3-4ae3-a673-3df1f448cc16 ] Request (DeleteServersTestJSON:test_delete_server_while_in_attached_volume): 200 GET http://10.180.1.21/compute/v2.1/servers/e337e07e-35e2-44dc-8ef7-7fc8ecf3945c 0.076s
2025-11-20 18:32:36.657 66173 INFO tempest.lib.common.rest_client [req-10b71168-e24e-439f-9f2e-05f364e3b8ae req-10b71168-e24e-439f-9f2e-05f364e3b8ae ] Request (ServersTestMultiNic:test_verify_multiple_nics_order): 200 GET http://10.180.1.21/compute/v2.1/servers/ab5dd132-9fc3-4348-90de-2f0421a0c2b8 0.063s
2025-11-20 18:32:36.735 66179 INFO tempest.lib.common.rest_client [req-e13b0f41-b024-4db3-8a00-3cbf6923ca5d req-e13b0f41-b024-4db3-8a00-3cbf6923ca5d ] Request (ServerActionsTestOtherB:test_create_backup): 200 GET http://10.180.1.21/image/v2/images/34be8788-c827-4d2e-befb-4c31587b585e 0.022s
2025-11-20 18:32:36.823 66149 INFO tempest.lib.common.rest_client [req-da194da9-7912-45b2-91af-5dd54b9ab5fe req-da194da9-7912-45b2-91af-5dd54b9ab5fe ] Request (ListImageFiltersTestJSON:tearDownClass): 200 GET http://10.180.1.21/compute/v2.1/servers/893a6fc0-f04c-41ce-9a14-ec97d1129546 0.067s
2025-11-20 18:32:36.841 66163 INFO tempest.lib.common.rest_client [req-4cc90121-fbf2-4e11-9264-6cb079ee4354 req-4cc90121-fbf2-4e11-9264-6cb079ee4354 ] Request (ServersAdminNegativeTestJSON:setUpClass): 200 GET http://10.180.1.21/compute/v2.1/servers/4f83662e-6995-4db9-b43d-4ec675645990 0.121s
2025-11-20 18:32:36.923 66189 INFO tempest.lib.common.rest_client [req-a4e687d9-4da1-4a0a-8220-f59844f76f6a req-a4e687d9-4da1-4a0a-8220-f59844f76f6a ] Request (ServersAaction247Test:tearDownClass): 200 GET http://10.180.1.21/compute/v2.1/servers/8249b887-9384-40d5-b7e1-f781e47c67b0 0.083s
2025-11-20 18:32:36.976 66153 INFO tempest.lib.common.rest_client [req-7cce5715-ce26-4948-870b-35de04ec8b49 req-7cce5715-ce26-4948-870b-35de04ec8b49 ] Request (ImagesTestJSON:test_create_image_from_stopped_server): 200 GET http://10.180.1.21/compute/v2.1/servers/a3a775c5-fa1e-4a88-9c50-acbfa91e2e44 0.079s
2025-11-20 18:32:36.986 66165 INFO tempest.lib.common.rest_client [req-03657d28-d096-4834-889e-12572c5ff84f req-03657d28-d096-4834-889e-12572c5ff84f ] Request (MigrationsAdminTest:test_list_migrations_in_flavor_resize_situation): 200 GET http://10.180.1.21/compute/v2.1/servers/ce575d47-a683-4ffb-9a9b-8ae9f56ec3c9 0.143s
2025-11-20 18:32:37.045 66143 INFO tempest.lib.common.rest_client [req-e4574c73-ad64-4c9a-b501-a74f62e3a9a4 req-e4574c73-ad64-4c9a-b501-a74f62e3a9a4 ] Request (ServerShowV254Test:tearDownClass): 200 GET http://10.180.1.21/compute/v2.1/servers/34959524-776e-489f-bb4e-c319ce0196ef 0.120s
2025-11-20 18:32:37.045 66151 INFO tempest.lib.common.rest_client [req-1f8c877f-c761-4cc0-877c-20599c84058e req-1f8c877f-c761-4cc0-877c-20599c84058e ] Request (ServerRescueNegativeTestJSON:setUpClass): 200 GET http://10.180.1.21/compute/v2.1/servers/f699772b-025f-4852-adbc-78a1bbba5e0a 0.093s
2025-11-20 18:32:37.111 66197 INFO tempest.lib.common.rest_client [req-a582cfd1-421c-4248-a2c0-bc7468e6f4e9 req-a582cfd1-421c-4248-a2c0-bc7468e6f4e9 ] Request (ServersAdmin275Test:tearDownClass): 200 GET http://10.180.1.21/compute/v2.1/servers/fad5ae9f-0627-488e-a796-f69bbda7f393 0.111s
2025-11-20 18:32:37.116 66187 INFO tempest.lib.common.rest_client [req-17186f99-d294-4a48-82a8-4c5d1a753455 req-17186f99-d294-4a48-82a8-4c5d1a753455 ] Request (ServersV294TestFqdnHostnames:setUpClass): 200 GET http://10.180.1.21/compute/v2.1/servers/6e69ceb6-3334-4f6e-addb-7b14780a0454 0.084s
2025-11-20 18:32:37.163 66177 INFO tempest.lib.common.rest_client [req-b86036c2-0843-413b-ad76-14329cbd4b07 req-b86036c2-0843-413b-ad76-14329cbd4b07 ] Request (ServersAdminTestJSON:test_inject_network_info): 200 GET http://10.180.1.21/compute/v2.1/servers/f45e50d1-18b9-4238-a1a3-ef5213ea9f9a 0.105s
2025-11-20 18:32:37.169 66145 INFO tempest.lib.common.rest_client [req-ad9c2b38-061a-40ba-94b1-f0e5e69b7835 req-ad9c2b38-061a-40ba-94b1-f0e5e69b7835 ] Request (ServerRescueTestJSON:test_rescue_unrescue_instance): 200 GET http://10.180.1.21/compute/v2.1/servers/a04b00dd-99b2-4ff0-847e-1f2c11a74e6c 0.081s
2025-11-20 18:32:37.215 66175 INFO tempest.lib.common.rest_client [req-40baef56-6005-46a2-aea9-490174052a12 req-40baef56-6005-46a2-aea9-490174052a12 ] Request (ServersWithSpecificFlavorTestJSON:test_verify_created_server_ephemeral_disk): 200 GET http://10.180.1.21/compute/v2.1/servers/a9118348-4fb0-4589-995d-922465e5ddec 0.097s
2025-11-20 18:32:37.224 66205 INFO tempest.lib.common.rest_client [req-7380a482-46b5-4f2d-8f2a-9cdaeb72f4c7 req-7380a482-46b5-4f2d-8f2a-9cdaeb72f4c7 ] Request (AttachInterfacesV270Test:test_create_get_list_interfaces): 200 GET http://10.180.1.21/compute/v2.1/servers/32eee402-6108-4215-9ff9-ab262c639cf7 0.059s
2025-11-20 18:32:37.265 66167 INFO tempest.lib.common.rest_client [req-44e7e331-15cb-4388-8081-443be094fe76 req-44e7e331-15cb-4388-8081-443be094fe76 ] Request (MultipleCreateTestJSON:test_multiple_create): 200 GET http://10.180.1.21/compute/v2.1/servers/2762bcf8-7d61-4a61-a7d2-1b1198c48271 0.082s
2025-11-20 18:32:37.307 66199 INFO tempest.lib.common.rest_client [req-f09ac540-08a7-4ae4-a705-52381c2e3c94 req-f09ac540-08a7-4ae4-a705-52381c2e3c94 ] Request (ServersTestJSON:test_create_server_with_ipv6_addr_only): 200 GET http://10.180.1.21/compute/v2.1/servers/d2fc2535-0147-4d04-b0ce-9b481502ac97 0.055s
2025-11-20 18:32:37.391 66185 INFO tempest.lib.common.rest_client [req-30e9ea3d-7270-427f-bba2-d13596e68b4c req-30e9ea3d-7270-427f-bba2-d13596e68b4c ] Request (AttachInterfacesTestJSON:_run_cleanups): 200 GET http://10.180.1.21/compute/v2.1/servers/d627ecde-c86e-4855-b516-310639d35a59 0.074s
2025-11-20 18:32:37.425 66171 INFO tempest.lib.common.rest_client [req-e4ae7a92-b15a-4a74-9a0d-96667c413e3c req-e4ae7a92-b15a-4a74-9a0d-96667c413e3c ] Request (ServerDiskConfigTestJSON:test_resize_server_from_auto_to_manual): 200 GET http://10.180.1.21/compute/v2.1/servers/373c88f2-1812-4ea5-9a71-38419156ea3f 0.150s
2025-11-20 18:32:37.446 66161 INFO tempest.lib.common.rest_client [req-da0379ce-33b8-4f1f-9921-b9f2d5de5e68 req-da0379ce-33b8-4f1f-9921-b9f2d5de5e68 ] Request (ServerAddressesTestJSON:setUpClass): 200 GET http://10.180.1.21/compute/v2.1/servers/2a02c648-e660-4fd8-81f6-e1bf915e40ca 0.104s
2025-11-20 18:32:37.486 66195 INFO tempest.lib.common.rest_client [req-ac0c1936-d0b9-4c7c-a210-c0a9c096a792 req-ac0c1936-d0b9-4c7c-a210-c0a9c096a792 ] Request (ServerRescueTestJSONUnderV235:tearDownClass): 200 GET http://10.180.1.21/compute/v2.1/servers/c2b98da0-8288-4379-b2cb-79814a5ced36 0.068s
2025-11-20 18:32:37.524 66169 INFO tempest.lib.common.rest_client [req-237b0836-fddf-43f5-8713-ec95df69fdb8 req-237b0836-fddf-43f5-8713-ec95df69fdb8 ] Request (SecurityGroupsTestJSON:test_server_security_groups): 200 GET http://10.180.1.21/compute/v2.1/servers/3f83ed18-d10c-4a35-9e55-933a3c21ee26 0.061s
2025-11-20 18:32:37.588 66147 INFO tempest.lib.common.rest_client [req-d3a84f53-a0bd-4f06-9044-1f7b462fc709 req-d3a84f53-a0bd-4f06-9044-1f7b462fc709 ] Request (DeleteServersTestJSON:test_delete_server_while_in_attached_volume): 200 GET http://10.180.1.21/compute/v2.1/servers/e337e07e-35e2-44dc-8ef7-7fc8ecf3945c 0.060s
2025-11-20 18:32:37.717 66173 INFO tempest.lib.common.rest_client [req-85c91ffc-c909-43ec-84e4-b0a9bbf34cb9 req-85c91ffc-c909-43ec-84e4-b0a9bbf34cb9 ] Request (ServersTestMultiNic:test_verify_multiple_nics_order): 200 GET http://10.180.1.21/compute/v2.1/servers/ab5dd132-9fc3-4348-90de-2f0421a0c2b8 0.052s
2025-11-20 18:32:37.753 66179 INFO tempest.lib.common.rest_client [req-46141970-b766-4dff-b74f-408ced967c53 req-46141970-b766-4dff-b74f-408ced967c53 ] Request (ServerActionsTestOtherB:test_create_backup): 200 GET http://10.180.1.21/image/v2/images/34be8788-c827-4d2e-befb-4c31587b585e 0.017s
2025-11-20 18:32:37.787 66179 INFO tempest.lib.common.rest_client [req-f15efb7e-0988-45e3-afd2-76b292d5b96c req-f15efb7e-0988-45e3-afd2-76b292d5b96c ] Request (ServerActionsTestOtherB:test_create_backup): 200 GET http://10.180.1.21/image/v2/images/34be8788-c827-4d2e-befb-4c31587b585e/tasks 0.033s
2025-11-20 18:32:37.904 66149 INFO tempest.lib.common.rest_client [req-6147d2f0-776a-4dca-beee-7da6f3ec50e5 req-6147d2f0-776a-4dca-beee-7da6f3ec50e5 ] Request (ListImageFiltersTestJSON:tearDownClass): 200 GET http://10.180.1.21/compute/v2.1/servers/893a6fc0-f04c-41ce-9a14-ec97d1129546 0.068s
2025-11-20 18:32:37.922 66179 INFO tempest.lib.common.rest_client [req-d2fc57d5-dd69-488d-b274-8eea66ba25f9 req-d2fc57d5-dd69-488d-b274-8eea66ba25f9 ] Request (ServerActionsTestOtherB:test_create_backup): 200 GET http://10.180.1.21/compute/v2.1/servers/a222589e-6005-4c91-a8a6-89835c61edc4 0.134s
2025-11-20 18:32:38.005 66189 INFO tempest.lib.common.rest_client [req-2d1690cd-64e2-46dd-a367-0ffb06ce8457 req-2d1690cd-64e2-46dd-a367-0ffb06ce8457 ] Request (ServersAaction247Test:tearDownClass): 200 GET http://10.180.1.21/compute/v2.1/servers/8249b887-9384-40d5-b7e1-f781e47c67b0 0.071s
2025-11-20 18:32:38.014 66189 INFO tempest.common.waiters [-] State transition "ACTIVE/deleting" ==> "DELETED/None" after 5 second wait
2025-11-20 18:32:38.031 66163 INFO tempest.lib.common.rest_client [req-abdb68a3-48f8-4b97-88c9-862d9a6fafdd req-abdb68a3-48f8-4b97-88c9-862d9a6fafdd ] Request (ServersAdminNegativeTestJSON:setUpClass): 200 GET http://10.180.1.21/compute/v2.1/servers/4f83662e-6995-4db9-b43d-4ec675645990 0.180s
2025-11-20 18:32:38.055 66153 INFO tempest.lib.common.rest_client [req-52e03fc8-e195-4f8f-b515-ae3466f5465f req-52e03fc8-e195-4f8f-b515-ae3466f5465f ] Request (ImagesTestJSON:test_create_image_from_stopped_server): 200 GET http://10.180.1.21/compute/v2.1/servers/a3a775c5-fa1e-4a88-9c50-acbfa91e2e44 0.069s
2025-11-20 18:32:38.120 66143 INFO tempest.lib.common.rest_client [req-d8ba11cf-068c-4498-b457-110c74fb45e6 req-d8ba11cf-068c-4498-b457-110c74fb45e6 ] Request (ServerShowV254Test:tearDownClass): 200 GET http://10.180.1.21/compute/v2.1/servers/34959524-776e-489f-bb4e-c319ce0196ef 0.064s
2025-11-20 18:32:38.134 66165 INFO tempest.lib.common.rest_client [req-de6765bc-e24b-4ff1-94b2-54cfc6c3d81e req-de6765bc-e24b-4ff1-94b2-54cfc6c3d81e ] Request (MigrationsAdminTest:test_list_migrations_in_flavor_resize_situation): 200 GET http://10.180.1.21/compute/v2.1/servers/ce575d47-a683-4ffb-9a9b-8ae9f56ec3c9 0.140s
2025-11-20 18:32:38.143 66165 INFO tempest.common.waiters [-] State transition "BUILD/spawning" ==> "ACTIVE/None" after 61 second wait
2025-11-20 18:32:38.173 66151 INFO tempest.lib.common.rest_client [req-ad0b022b-39b0-45fe-aaff-9aa21ebac0bd req-ad0b022b-39b0-45fe-aaff-9aa21ebac0bd ] Request (ServerRescueNegativeTestJSON:setUpClass): 200 GET http://10.180.1.21/compute/v2.1/servers/f699772b-025f-4852-adbc-78a1bbba5e0a 0.116s
2025-11-20 18:32:38.210 66197 INFO tempest.lib.common.rest_client [req-8be340ae-e752-4027-9133-b298fb80eefd req-8be340ae-e752-4027-9133-b298fb80eefd ] Request (ServersAdmin275Test:tearDownClass): 200 GET http://10.180.1.21/compute/v2.1/servers/fad5ae9f-0627-488e-a796-f69bbda7f393 0.087s
2025-11-20 18:32:38.238 66187 INFO tempest.lib.common.rest_client [req-647809e9-9051-4230-b815-758d6c9507bd req-647809e9-9051-4230-b815-758d6c9507bd ] Request (ServersV294TestFqdnHostnames:setUpClass): 200 GET http://10.180.1.21/compute/v2.1/servers/6e69ceb6-3334-4f6e-addb-7b14780a0454 0.111s
2025-11-20 18:32:38.288 66177 INFO tempest.lib.common.rest_client [req-b291777a-9133-4ed2-8e5d-3eeb5b8f2027 req-b291777a-9133-4ed2-8e5d-3eeb5b8f2027 ] Request (ServersAdminTestJSON:test_inject_network_info): 200 GET http://10.180.1.21/compute/v2.1/servers/f45e50d1-18b9-4238-a1a3-ef5213ea9f9a 0.117s
2025-11-20 18:32:38.362 66145 INFO tempest.lib.common.rest_client [req-a4071636-75e8-4c7b-86ae-b203952f999b req-a4071636-75e8-4c7b-86ae-b203952f999b ] Request (ServerRescueTestJSON:test_rescue_unrescue_instance): 200 GET http://10.180.1.21/compute/v2.1/servers/a04b00dd-99b2-4ff0-847e-1f2c11a74e6c 0.184s
2025-11-20 18:32:38.417 66175 INFO tempest.lib.common.rest_client [req-f9329150-0d41-46bf-a238-f538f2a55401 req-f9329150-0d41-46bf-a238-f538f2a55401 ] Request (ServersWithSpecificFlavorTestJSON:test_verify_created_server_ephemeral_disk): 200 GET http://10.180.1.21/compute/v2.1/servers/a9118348-4fb0-4589-995d-922465e5ddec 0.194s
2025-11-20 18:32:38.475 66205 INFO tempest.lib.common.rest_client [req-cadb0dbc-2ac6-4779-b512-9d903e6127ab req-cadb0dbc-2ac6-4779-b512-9d903e6127ab ] Request (AttachInterfacesV270Test:test_create_get_list_interfaces): 200 GET http://10.180.1.21/compute/v2.1/servers/32eee402-6108-4215-9ff9-ab262c639cf7 0.240s
2025-11-20 18:32:38.537 66167 INFO tempest.lib.common.rest_client [req-8f3c4398-f6cd-4f5c-8810-5ac4a564e487 req-8f3c4398-f6cd-4f5c-8810-5ac4a564e487 ] Request (MultipleCreateTestJSON:test_multiple_create): 200 GET http://10.180.1.21/compute/v2.1/servers/2762bcf8-7d61-4a61-a7d2-1b1198c48271 0.264s
2025-11-20 18:32:38.587 66199 INFO tempest.lib.common.rest_client [req-2aaeaf0e-d13d-4971-98b6-0cbe07736aac req-2aaeaf0e-d13d-4971-98b6-0cbe07736aac ] Request (ServersTestJSON:test_create_server_with_ipv6_addr_only): 200 GET http://10.180.1.21/compute/v2.1/servers/d2fc2535-0147-4d04-b0ce-9b481502ac97 0.267s
2025-11-20 18:32:38.654 66185 INFO tempest.lib.common.rest_client [req-1c97555f-7958-4133-ad7d-f95ce46729d4 req-1c97555f-7958-4133-ad7d-f95ce46729d4 ] Request (AttachInterfacesTestJSON:_run_cleanups): 200 GET http://10.180.1.21/compute/v2.1/servers/d627ecde-c86e-4855-b516-310639d35a59 0.252s
2025-11-20 18:32:38.695 66165 INFO tempest.lib.common.rest_client [req-b283ae43-f652-4f68-b7b7-f1333137a2e8 req-b283ae43-f652-4f68-b7b7-f1333137a2e8 ] Request (MigrationsAdminTest:test_list_migrations_in_flavor_resize_situation): 202 POST http://10.180.1.21/compute/v2.1/servers/ce575d47-a683-4ffb-9a9b-8ae9f56ec3c9/action 0.551s
2025-11-20 18:32:38.745 66161 INFO tempest.lib.common.rest_client [req-82830ab3-75af-4747-81ae-061dfffd60d5 req-82830ab3-75af-4747-81ae-061dfffd60d5 ] Request (ServerAddressesTestJSON:setUpClass): 200 GET http://10.180.1.21/compute/v2.1/servers/2a02c648-e660-4fd8-81f6-e1bf915e40ca 0.290s
2025-11-20 18:32:38.755 66171 INFO tempest.lib.common.rest_client [req-f4ec7848-6776-48dd-8f3b-cfdbffb3c47c req-f4ec7848-6776-48dd-8f3b-cfdbffb3c47c ] Request (ServerDiskConfigTestJSON:test_resize_server_from_auto_to_manual): 200 GET http://10.180.1.21/compute/v2.1/servers/373c88f2-1812-4ea5-9a71-38419156ea3f 0.322s
2025-11-20 18:32:38.797 66195 INFO tempest.lib.common.rest_client [req-5ae27a19-be15-41f2-8b45-46846090034d req-5ae27a19-be15-41f2-8b45-46846090034d ] Request (ServerRescueTestJSONUnderV235:tearDownClass): 200 GET http://10.180.1.21/compute/v2.1/servers/c2b98da0-8288-4379-b2cb-79814a5ced36 0.304s
2025-11-20 18:32:38.809 66169 INFO tempest.lib.common.rest_client [req-6645829c-67dd-4597-a391-ae7ca5cd18dc req-6645829c-67dd-4597-a391-ae7ca5cd18dc ] Request (SecurityGroupsTestJSON:test_server_security_groups): 200 GET http://10.180.1.21/compute/v2.1/servers/3f83ed18-d10c-4a35-9e55-933a3c21ee26 0.277s
2025-11-20 18:32:38.853 66147 INFO tempest.lib.common.rest_client [req-98b3968c-dfaf-4f64-981e-07f6619fe84a req-98b3968c-dfaf-4f64-981e-07f6619fe84a ] Request (DeleteServersTestJSON:test_delete_server_while_in_attached_volume): 200 GET http://10.180.1.21/compute/v2.1/servers/e337e07e-35e2-44dc-8ef7-7fc8ecf3945c 0.256s
2025-11-20 18:32:38.897 66173 INFO tempest.lib.common.rest_client [req-ab3bdea1-6e13-477b-9d18-7520f68ebb2b req-ab3bdea1-6e13-477b-9d18-7520f68ebb2b ] Request (ServersTestMultiNic:test_verify_multiple_nics_order): 200 GET http://10.180.1.21/compute/v2.1/servers/ab5dd132-9fc3-4348-90de-2f0421a0c2b8 0.172s
2025-11-20 18:32:38.956 66165 INFO tempest.lib.common.rest_client [req-babed653-1f27-42d5-b207-d4b08e57397f req-babed653-1f27-42d5-b207-d4b08e57397f ] Request (MigrationsAdminTest:test_list_migrations_in_flavor_resize_situation): 200 GET http://10.180.1.21/compute/v2.1/servers/ce575d47-a683-4ffb-9a9b-8ae9f56ec3c9 0.260s
2025-11-20 18:32:38.988 66203 WARNING tempest.lib.common.ssh [-] Failed to establish authenticated ssh connection to cirros@10.180.180.184 ([Errno None] Unable to connect to port 22 on 10.180.180.184). Number attempts: 5. Retry after 6 seconds.: paramiko.ssh_exception.NoValidConnectionsError: [Errno None] Unable to connect to port 22 on 10.180.180.184
2025-11-20 18:32:38.993 66149 INFO tempest.lib.common.rest_client [req-50b22e7f-2751-4af5-83bc-de12c2cfad51 req-50b22e7f-2751-4af5-83bc-de12c2cfad51 ] Request (ListImageFiltersTestJSON:tearDownClass): 200 GET http://10.180.1.21/compute/v2.1/servers/893a6fc0-f04c-41ce-9a14-ec97d1129546 0.077s
2025-11-20 18:32:39.052 66159 WARNING tempest.lib.common.ssh [-] Failed to establish authenticated ssh connection to cirros@10.180.180.254 ([Errno None] Unable to connect to port 22 on 10.180.180.254). Number attempts: 3. Retry after 4 seconds.: paramiko.ssh_exception.NoValidConnectionsError: [Errno None] Unable to connect to port 22 on 10.180.180.254
2025-11-20 18:32:39.081 66189 INFO tempest.lib.common.rest_client [req-67a88421-5b17-4865-8333-e901e8542bca req-67a88421-5b17-4865-8333-e901e8542bca ] Request (ServersAaction247Test:tearDownClass): 200 GET http://10.180.1.21/compute/v2.1/servers/8249b887-9384-40d5-b7e1-f781e47c67b0 0.065s
2025-11-20 18:32:39.115 66179 INFO tempest.lib.common.rest_client [req-ae77eee4-9110-455b-abc6-0c5627e2ab1c req-ae77eee4-9110-455b-abc6-0c5627e2ab1c ] Request (ServerActionsTestOtherB:test_create_backup): 200 GET http://10.180.1.21/compute/v2.1/servers/a222589e-6005-4c91-a8a6-89835c61edc4 0.185s
2025-11-20 18:32:39.125 66179 INFO tempest.common.waiters [-] State transition "ACTIVE/image_uploading" ==> "ACTIVE/None" after 2 second wait
2025-11-20 18:32:39.172 66153 INFO tempest.lib.common.rest_client [req-81bb7ed2-918e-4940-b920-74ce5e6c6b5a req-81bb7ed2-918e-4940-b920-74ce5e6c6b5a ] Request (ImagesTestJSON:test_create_image_from_stopped_server): 200 GET http://10.180.1.21/compute/v2.1/servers/a3a775c5-fa1e-4a88-9c50-acbfa91e2e44 0.110s
2025-11-20 18:32:39.192 66163 INFO tempest.lib.common.rest_client [req-6fe21906-2f37-4b41-875d-94f8db364cd7 req-6fe21906-2f37-4b41-875d-94f8db364cd7 ] Request (ServersAdminNegativeTestJSON:setUpClass): 200 GET http://10.180.1.21/compute/v2.1/servers/4f83662e-6995-4db9-b43d-4ec675645990 0.152s
2025-11-20 18:32:39.269 66143 INFO tempest.lib.common.rest_client [req-b55b9309-53a8-4ede-af2d-75d3ddfb7e22 req-b55b9309-53a8-4ede-af2d-75d3ddfb7e22 ] Request (ServerShowV254Test:tearDownClass): 200 GET http://10.180.1.21/compute/v2.1/servers/34959524-776e-489f-bb4e-c319ce0196ef 0.140s
2025-11-20 18:32:39.328 66151 INFO tempest.lib.common.rest_client [req-44096dd9-26ad-4b17-8215-6416f92d2f3b req-44096dd9-26ad-4b17-8215-6416f92d2f3b ] Request (ServerRescueNegativeTestJSON:setUpClass): 200 GET http://10.180.1.21/compute/v2.1/servers/f699772b-025f-4852-adbc-78a1bbba5e0a 0.147s
2025-11-20 18:32:39.422 66197 INFO tempest.lib.common.rest_client [req-82f807cf-eea4-4007-8524-4c8cad0ad442 req-82f807cf-eea4-4007-8524-4c8cad0ad442 ] Request (ServersAdmin275Test:tearDownClass): 200 GET http://10.180.1.21/compute/v2.1/servers/fad5ae9f-0627-488e-a796-f69bbda7f393 0.201s
2025-11-20 18:32:39.492 66187 INFO tempest.lib.common.rest_client [req-0b5b496a-aac2-4a08-8e64-cee020434242 req-0b5b496a-aac2-4a08-8e64-cee020434242 ] Request (ServersV294TestFqdnHostnames:setUpClass): 200 GET http://10.180.1.21/compute/v2.1/servers/6e69ceb6-3334-4f6e-addb-7b14780a0454 0.244s
2025-11-20 18:32:39.558 66177 INFO tempest.lib.common.rest_client [req-1ae24eb1-3f2f-4f75-b2da-1dde5b91d605 req-1ae24eb1-3f2f-4f75-b2da-1dde5b91d605 ] Request (ServersAdminTestJSON:test_inject_network_info): 200 GET http://10.180.1.21/compute/v2.1/servers/f45e50d1-18b9-4238-a1a3-ef5213ea9f9a 0.261s
2025-11-20 18:32:39.619 66145 INFO tempest.lib.common.rest_client [req-faa6f708-2ef6-41ea-957e-38f69785213f req-faa6f708-2ef6-41ea-957e-38f69785213f ] Request (ServerRescueTestJSON:test_rescue_unrescue_instance): 200 GET http://10.180.1.21/compute/v2.1/servers/a04b00dd-99b2-4ff0-847e-1f2c11a74e6c 0.248s
2025-11-20 18:32:39.676 66179 INFO tempest.lib.common.rest_client [req-dc824f49-f91e-47bc-9393-090f1e191fde req-dc824f49-f91e-47bc-9393-090f1e191fde ] Request (ServerActionsTestOtherB:test_create_backup): 202 POST http://10.180.1.21/compute/v2.1/servers/a222589e-6005-4c91-a8a6-89835c61edc4/action 0.550s
2025-11-20 18:32:39.679 66175 INFO tempest.lib.common.rest_client [req-b81db739-cc9f-473e-bd75-4929a95913f6 req-b81db739-cc9f-473e-bd75-4929a95913f6 ] Request (ServersWithSpecificFlavorTestJSON:test_verify_created_server_ephemeral_disk): 200 GET http://10.180.1.21/compute/v2.1/servers/a9118348-4fb0-4589-995d-922465e5ddec 0.253s
2025-11-20 18:32:39.695 66179 INFO tempest.lib.common.rest_client [req-0edb8551-49e9-4a97-9b2b-5c00ebb5f7b5 req-0edb8551-49e9-4a97-9b2b-5c00ebb5f7b5 ] Request (ServerActionsTestOtherB:test_create_backup): 200 GET http://10.180.1.21/image/v2/images/8e4fbadf-23d1-49ef-8ec6-228e3ebd50a6 0.019s
2025-11-20 18:32:39.731 66167 INFO tempest.lib.common.rest_client [req-f751c6ee-bf8d-4ccb-a18c-d0f558009b18 req-f751c6ee-bf8d-4ccb-a18c-d0f558009b18 ] Request (MultipleCreateTestJSON:test_multiple_create): 200 GET http://10.180.1.21/compute/v2.1/servers/2762bcf8-7d61-4a61-a7d2-1b1198c48271 0.184s
2025-11-20 18:32:39.749 66205 INFO tempest.lib.common.rest_client [req-aa32266b-ab66-4a38-b6ce-01f6732623cd req-aa32266b-ab66-4a38-b6ce-01f6732623cd ] Request (AttachInterfacesV270Test:test_create_get_list_interfaces): 200 GET http://10.180.1.21/compute/v2.1/servers/32eee402-6108-4215-9ff9-ab262c639cf7 0.258s
2025-11-20 18:32:39.780 66199 INFO tempest.lib.common.rest_client [req-a46cfcfc-abf2-48a2-aca1-71ca5b256d3a req-a46cfcfc-abf2-48a2-aca1-71ca5b256d3a ] Request (ServersTestJSON:test_create_server_with_ipv6_addr_only): 200 GET http://10.180.1.21/compute/v2.1/servers/d2fc2535-0147-4d04-b0ce-9b481502ac97 0.185s
2025-11-20 18:32:39.832 66161 INFO tempest.lib.common.rest_client [req-5d69f8ed-5da9-4b44-a342-56a5684af2d4 req-5d69f8ed-5da9-4b44-a342-56a5684af2d4 ] Request (ServerAddressesTestJSON:setUpClass): 200 GET http://10.180.1.21/compute/v2.1/servers/2a02c648-e660-4fd8-81f6-e1bf915e40ca 0.079s
2025-11-20 18:32:39.835 66185 INFO tempest.lib.common.rest_client [req-ac92f466-d6c8-400b-93f3-b1402d4f4e69 req-ac92f466-d6c8-400b-93f3-b1402d4f4e69 ] Request (AttachInterfacesTestJSON:_run_cleanups): 200 GET http://10.180.1.21/compute/v2.1/servers/d627ecde-c86e-4855-b516-310639d35a59 0.173s
2025-11-20 18:32:39.896 66195 INFO tempest.lib.common.rest_client [req-f4ef3d2b-f083-48ba-9d4b-be993f93bf27 req-f4ef3d2b-f083-48ba-9d4b-be993f93bf27 ] Request (ServerRescueTestJSONUnderV235:tearDownClass): 200 GET http://10.180.1.21/compute/v2.1/servers/c2b98da0-8288-4379-b2cb-79814a5ced36 0.090s
2025-11-20 18:32:39.949 66169 INFO tempest.lib.common.rest_client [req-2eb3e4df-3194-43a8-9cd6-7a7b7337fde1 req-2eb3e4df-3194-43a8-9cd6-7a7b7337fde1 ] Request (SecurityGroupsTestJSON:test_server_security_groups): 200 GET http://10.180.1.21/compute/v2.1/servers/3f83ed18-d10c-4a35-9e55-933a3c21ee26 0.133s
2025-11-20 18:32:39.984 66171 INFO tempest.lib.common.rest_client [req-c7fddf5c-5457-43e9-b2cb-2daf2a561877 req-c7fddf5c-5457-43e9-b2cb-2daf2a561877 ] Request (ServerDiskConfigTestJSON:test_resize_server_from_auto_to_manual): 200 GET http://10.180.1.21/compute/v2.1/servers/373c88f2-1812-4ea5-9a71-38419156ea3f 0.220s
2025-11-20 18:32:40.011 66147 INFO tempest.lib.common.rest_client [req-50f053d4-0d88-4621-8494-a13ac5d1f6aa req-50f053d4-0d88-4621-8494-a13ac5d1f6aa ] Request (DeleteServersTestJSON:test_delete_server_while_in_attached_volume): 200 GET http://10.180.1.21/compute/v2.1/servers/e337e07e-35e2-44dc-8ef7-7fc8ecf3945c 0.150s
2025-11-20 18:32:40.036 66173 INFO tempest.lib.common.rest_client [req-3b8a3ca6-716e-4eb3-9e37-8f672565a53e req-3b8a3ca6-716e-4eb3-9e37-8f672565a53e ] Request (ServersTestMultiNic:test_verify_multiple_nics_order): 200 GET http://10.180.1.21/compute/v2.1/servers/ab5dd132-9fc3-4348-90de-2f0421a0c2b8 0.129s
2025-11-20 18:32:40.106 66149 INFO tempest.lib.common.rest_client [req-97fd2b0d-8735-4933-977c-9ad3b218e78e req-97fd2b0d-8735-4933-977c-9ad3b218e78e ] Request (ListImageFiltersTestJSON:tearDownClass): 200 GET http://10.180.1.21/compute/v2.1/servers/893a6fc0-f04c-41ce-9a14-ec97d1129546 0.105s
2025-11-20 18:32:40.140 66165 INFO tempest.lib.common.rest_client [req-d29c46df-f554-44ff-bd6f-505f0a6691f2 req-d29c46df-f554-44ff-bd6f-505f0a6691f2 ] Request (MigrationsAdminTest:test_list_migrations_in_flavor_resize_situation): 200 GET http://10.180.1.21/compute/v2.1/servers/ce575d47-a683-4ffb-9a9b-8ae9f56ec3c9 0.173s
2025-11-20 18:32:40.168 66189 INFO tempest.lib.common.rest_client [req-f648efe3-dc70-42de-9252-bf7d7d69cbbf req-f648efe3-dc70-42de-9252-bf7d7d69cbbf ] Request (ServersAaction247Test:tearDownClass): 200 GET http://10.180.1.21/compute/v2.1/servers/8249b887-9384-40d5-b7e1-f781e47c67b0 0.077s
2025-11-20 18:32:40.235 66153 INFO tempest.lib.common.rest_client [req-6e48aaf3-c98e-4687-8c7a-67c0f626bfb6 req-6e48aaf3-c98e-4687-8c7a-67c0f626bfb6 ] Request (ImagesTestJSON:test_create_image_from_stopped_server): 200 GET http://10.180.1.21/compute/v2.1/servers/a3a775c5-fa1e-4a88-9c50-acbfa91e2e44 0.054s
2025-11-20 18:32:40.298 66163 INFO tempest.lib.common.rest_client [req-395bea42-7df5-42d8-9d33-3dd7a069f3e4 req-395bea42-7df5-42d8-9d33-3dd7a069f3e4 ] Request (ServersAdminNegativeTestJSON:setUpClass): 200 GET http://10.180.1.21/compute/v2.1/servers/4f83662e-6995-4db9-b43d-4ec675645990 0.096s
2025-11-20 18:32:40.305 66163 INFO tempest.common.waiters [-] State transition "BUILD/spawning" ==> "ACTIVE/None" after 62 second wait
2025-11-20 18:32:40.352 66143 INFO tempest.lib.common.rest_client [req-a05d2c9a-bc75-49b4-b430-eea9c0f0b9cb req-a05d2c9a-bc75-49b4-b430-eea9c0f0b9cb ] Request (ServerShowV254Test:tearDownClass): 200 GET http://10.180.1.21/compute/v2.1/servers/34959524-776e-489f-bb4e-c319ce0196ef 0.070s
2025-11-20 18:32:40.398 66163 INFO tempest.lib.common.rest_client [req-fd32b928-302a-4da8-9cf7-b3af29b0d2cc req-fd32b928-302a-4da8-9cf7-b3af29b0d2cc ] Request (ServersAdminNegativeTestJSON:test_migrate_non_existent_server): 404 POST http://10.180.1.21/compute/v2.1/servers/0fe6cf41-fc65-4181-97c7-ee5414d614e6/action 0.092s
2025-11-20 18:32:40.415 66151 INFO tempest.lib.common.rest_client [req-136852ae-e010-4468-a4e7-5af68de624af req-136852ae-e010-4468-a4e7-5af68de624af ] Request (ServerRescueNegativeTestJSON:setUpClass): 200 GET http://10.180.1.21/compute/v2.1/servers/f699772b-025f-4852-adbc-78a1bbba5e0a 0.079s
2025-11-20 18:32:40.456 66163 INFO tempest.lib.common.rest_client [req-4a433f28-f3ce-45a1-ba5a-ba0877e2a30b req-4a433f28-f3ce-45a1-ba5a-ba0877e2a30b ] Request (ServersAdminNegativeTestJSON:test_migrate_server_invalid_state): 201 POST http://10.180.1.21/identity/v3/auth/tokens 0.053s
2025-11-20 18:32:40.456 66163 INFO tempest.lib.common.fixed_network [-] (ServersAdminNegativeTestJSON:test_migrate_server_invalid_state) Found network None available for tenant
2025-11-20 18:32:40.506 66197 INFO tempest.lib.common.rest_client [req-4477f038-7b53-417d-be22-1621d0f02880 req-4477f038-7b53-417d-be22-1621d0f02880 ] Request (ServersAdmin275Test:tearDownClass): 200 GET http://10.180.1.21/compute/v2.1/servers/fad5ae9f-0627-488e-a796-f69bbda7f393 0.072s
2025-11-20 18:32:40.564 66187 INFO tempest.lib.common.rest_client [req-3dc8dbf2-4238-423a-a0e7-ee13f603ab39 req-3dc8dbf2-4238-423a-a0e7-ee13f603ab39 ] Request (ServersV294TestFqdnHostnames:setUpClass): 200 GET http://10.180.1.21/compute/v2.1/servers/6e69ceb6-3334-4f6e-addb-7b14780a0454 0.059s
2025-11-20 18:32:40.630 66177 INFO tempest.lib.common.rest_client [req-7c5b3686-5f3f-4251-97d9-359a0d8385c9 req-7c5b3686-5f3f-4251-97d9-359a0d8385c9 ] Request (ServersAdminTestJSON:test_inject_network_info): 200 GET http://10.180.1.21/compute/v2.1/servers/f45e50d1-18b9-4238-a1a3-ef5213ea9f9a 0.060s
2025-11-20 18:32:40.681 66145 INFO tempest.lib.common.rest_client [req-055a28c4-4e84-44d5-8e64-6389c2ac32b9 req-055a28c4-4e84-44d5-8e64-6389c2ac32b9 ] Request (ServerRescueTestJSON:test_rescue_unrescue_instance): 200 GET http://10.180.1.21/compute/v2.1/servers/a04b00dd-99b2-4ff0-847e-1f2c11a74e6c 0.053s
2025-11-20 18:32:40.705 66163 INFO tempest.lib.common.rest_client [req-fac9c243-8098-4439-b7ce-41726610ab85 req-fac9c243-8098-4439-b7ce-41726610ab85 ] Request (ServersAdminNegativeTestJSON:test_migrate_server_invalid_state): 202 POST http://10.180.1.21/compute/v2.1/servers 0.249s
2025-11-20 18:32:40.712 66179 INFO tempest.lib.common.rest_client [req-a5711e28-ed25-49a4-a609-128bfb0a1234 req-a5711e28-ed25-49a4-a609-128bfb0a1234 ] Request (ServerActionsTestOtherB:test_create_backup): 200 GET http://10.180.1.21/image/v2/images/8e4fbadf-23d1-49ef-8ec6-228e3ebd50a6 0.015s
2025-11-20 18:32:40.742 66175 INFO tempest.lib.common.rest_client [req-b6d6f201-d656-4c87-bb12-c2b0a0cb1b57 req-b6d6f201-d656-4c87-bb12-c2b0a0cb1b57 ] Request (ServersWithSpecificFlavorTestJSON:test_verify_created_server_ephemeral_disk): 200 GET http://10.180.1.21/compute/v2.1/servers/a9118348-4fb0-4589-995d-922465e5ddec 0.051s
2025-11-20 18:32:40.748 66163 INFO tempest.lib.common.rest_client [req-4cbe2c05-7bc8-4376-93b2-e53476d48cac req-4cbe2c05-7bc8-4376-93b2-e53476d48cac ] Request (ServersAdminNegativeTestJSON:test_migrate_server_invalid_state): 200 GET http://10.180.1.21/compute/v2.1/servers/935676aa-f5af-4a05-9ade-fac8d654d8c1 0.041s
2025-11-20 18:32:40.794 66167 INFO tempest.lib.common.rest_client [req-fde6e50d-9608-48e2-9342-99877c767c3d req-fde6e50d-9608-48e2-9342-99877c767c3d ] Request (MultipleCreateTestJSON:test_multiple_create): 200 GET http://10.180.1.21/compute/v2.1/servers/2762bcf8-7d61-4a61-a7d2-1b1198c48271 0.056s
2025-11-20 18:32:40.821 66205 INFO tempest.lib.common.rest_client [req-b01fc1d5-a23f-4394-958f-3d0a8644dbf5 req-b01fc1d5-a23f-4394-958f-3d0a8644dbf5 ] Request (AttachInterfacesV270Test:test_create_get_list_interfaces): 200 GET http://10.180.1.21/compute/v2.1/servers/32eee402-6108-4215-9ff9-ab262c639cf7 0.060s
2025-11-20 18:32:40.840 66199 INFO tempest.lib.common.rest_client [req-c3d07fa9-fcb4-43c5-a5a5-ed20b9d945eb req-c3d07fa9-fcb4-43c5-a5a5-ed20b9d945eb ] Request (ServersTestJSON:test_create_server_with_ipv6_addr_only): 200 GET http://10.180.1.21/compute/v2.1/servers/d2fc2535-0147-4d04-b0ce-9b481502ac97 0.052s
2025-11-20 18:32:40.897 66161 INFO tempest.lib.common.rest_client [req-92619205-94cc-4f5c-8fda-7d301fc8f824 req-92619205-94cc-4f5c-8fda-7d301fc8f824 ] Request (ServerAddressesTestJSON:setUpClass): 200 GET http://10.180.1.21/compute/v2.1/servers/2a02c648-e660-4fd8-81f6-e1bf915e40ca 0.056s
2025-11-20 18:32:40.911 66185 INFO tempest.lib.common.rest_client [req-36c6f7c6-b2c0-4ede-850c-bc6ea4ce7d98 req-36c6f7c6-b2c0-4ede-850c-bc6ea4ce7d98 ] Request (AttachInterfacesTestJSON:_run_cleanups): 200 GET http://10.180.1.21/compute/v2.1/servers/d627ecde-c86e-4855-b516-310639d35a59 0.068s
2025-11-20 18:32:40.959 66195 INFO tempest.lib.common.rest_client [req-02107dc3-b953-4e90-9299-f25a3f64d97a req-02107dc3-b953-4e90-9299-f25a3f64d97a ] Request (ServerRescueTestJSONUnderV235:tearDownClass): 200 GET http://10.180.1.21/compute/v2.1/servers/c2b98da0-8288-4379-b2cb-79814a5ced36 0.055s
2025-11-20 18:32:41.011 66181 INFO paramiko.transport [-] Connected (version 2.0, client dropbear_2020.81)
2025-11-20 18:32:41.015 66169 INFO tempest.lib.common.rest_client [req-ceb7cc44-0777-4903-9f04-e67c0f4a4a63 req-ceb7cc44-0777-4903-9f04-e67c0f4a4a63 ] Request (SecurityGroupsTestJSON:test_server_security_groups): 200 GET http://10.180.1.21/compute/v2.1/servers/3f83ed18-d10c-4a35-9e55-933a3c21ee26 0.057s
2025-11-20 18:32:41.065 66181 INFO paramiko.transport [-] Authentication (publickey) failed.
2025-11-20 18:32:41.066 66181 WARNING tempest.lib.common.ssh [-] Failed to establish authenticated ssh connection to cirros@10.180.180.156 (Authentication failed.). Number attempts: 11. Retry after 12 seconds.: paramiko.ssh_exception.AuthenticationException: Authentication failed.
2025-11-20 18:32:41.076 66147 INFO tempest.lib.common.rest_client [req-4cc17980-e89c-4dd6-a7ae-4f4a97a51839 req-4cc17980-e89c-4dd6-a7ae-4f4a97a51839 ] Request (DeleteServersTestJSON:test_delete_server_while_in_attached_volume): 200 GET http://10.180.1.21/compute/v2.1/servers/e337e07e-35e2-44dc-8ef7-7fc8ecf3945c 0.056s
2025-11-20 18:32:41.092 66171 INFO tempest.lib.common.rest_client [req-0ee92fdc-053f-473c-a72e-9b352e36338a req-0ee92fdc-053f-473c-a72e-9b352e36338a ] Request (ServerDiskConfigTestJSON:test_resize_server_from_auto_to_manual): 200 GET http://10.180.1.21/compute/v2.1/servers/373c88f2-1812-4ea5-9a71-38419156ea3f 0.100s
2025-11-20 18:32:41.125 66173 INFO tempest.lib.common.rest_client [req-cd2723bd-97ce-4b5c-a8d0-5d808a481235 req-cd2723bd-97ce-4b5c-a8d0-5d808a481235 ] Request (ServersTestMultiNic:test_verify_multiple_nics_order): 200 GET http://10.180.1.21/compute/v2.1/servers/ab5dd132-9fc3-4348-90de-2f0421a0c2b8 0.080s
2025-11-20 18:32:41.169 66149 INFO tempest.lib.common.rest_client [req-3a0dceac-e44c-4cee-bacd-e902df75396d req-3a0dceac-e44c-4cee-bacd-e902df75396d ] Request (ListImageFiltersTestJSON:tearDownClass): 200 GET http://10.180.1.21/compute/v2.1/servers/893a6fc0-f04c-41ce-9a14-ec97d1129546 0.055s
2025-11-20 18:32:41.236 66189 INFO tempest.lib.common.rest_client [req-9040aa6b-52ed-4b13-9a44-b7fbc12ac16d req-9040aa6b-52ed-4b13-9a44-b7fbc12ac16d ] Request (ServersAaction247Test:tearDownClass): 200 GET http://10.180.1.21/compute/v2.1/servers/8249b887-9384-40d5-b7e1-f781e47c67b0 0.058s
2025-11-20 18:32:41.244 66165 INFO tempest.lib.common.rest_client [req-11f8e52c-04fc-48d5-8301-61daeb934d7b req-11f8e52c-04fc-48d5-8301-61daeb934d7b ] Request (MigrationsAdminTest:test_list_migrations_in_flavor_resize_situation): 200 GET http://10.180.1.21/compute/v2.1/servers/ce575d47-a683-4ffb-9a9b-8ae9f56ec3c9 0.095s
2025-11-20 18:32:41.309 66153 INFO tempest.lib.common.rest_client [req-610f938b-9f5c-4f0f-b050-af3a36ece2d3 req-610f938b-9f5c-4f0f-b050-af3a36ece2d3 ] Request (ImagesTestJSON:test_create_image_from_stopped_server): 200 GET http://10.180.1.21/compute/v2.1/servers/a3a775c5-fa1e-4a88-9c50-acbfa91e2e44 0.066s
2025-11-20 18:32:41.449 66143 INFO tempest.lib.common.rest_client [req-47dc0ac6-a2bf-4b44-9ccf-5bee26c48562 req-47dc0ac6-a2bf-4b44-9ccf-5bee26c48562 ] Request (ServerShowV254Test:tearDownClass): 200 GET http://10.180.1.21/compute/v2.1/servers/34959524-776e-489f-bb4e-c319ce0196ef 0.086s
2025-11-20 18:32:41.475 66151 INFO tempest.lib.common.rest_client [req-fb6b6030-7e8c-46e6-92f7-b4ebf2491455 req-fb6b6030-7e8c-46e6-92f7-b4ebf2491455 ] Request (ServerRescueNegativeTestJSON:setUpClass): 200 GET http://10.180.1.21/compute/v2.1/servers/f699772b-025f-4852-adbc-78a1bbba5e0a 0.051s
2025-11-20 18:32:41.581 66197 INFO tempest.lib.common.rest_client [req-f933372b-b2da-4fcf-a757-ddaefcce8a35 req-f933372b-b2da-4fcf-a757-ddaefcce8a35 ] Request (ServersAdmin275Test:tearDownClass): 200 GET http://10.180.1.21/compute/v2.1/servers/fad5ae9f-0627-488e-a796-f69bbda7f393 0.064s
2025-11-20 18:32:41.632 66187 INFO tempest.lib.common.rest_client [req-fad2a976-9870-4d43-94de-8849d394d3b2 req-fad2a976-9870-4d43-94de-8849d394d3b2 ] Request (ServersV294TestFqdnHostnames:setUpClass): 200 GET http://10.180.1.21/compute/v2.1/servers/6e69ceb6-3334-4f6e-addb-7b14780a0454 0.058s
2025-11-20 18:32:41.697 66177 INFO tempest.lib.common.rest_client [req-25624e42-1f66-4d98-887c-0325111debb2 req-25624e42-1f66-4d98-887c-0325111debb2 ] Request (ServersAdminTestJSON:test_inject_network_info): 200 GET http://10.180.1.21/compute/v2.1/servers/f45e50d1-18b9-4238-a1a3-ef5213ea9f9a 0.060s
2025-11-20 18:32:41.730 66179 INFO tempest.lib.common.rest_client [req-cdc8105a-7cc3-4f2d-a6c5-2538c88bb01c req-cdc8105a-7cc3-4f2d-a6c5-2538c88bb01c ] Request (ServerActionsTestOtherB:test_create_backup): 200 GET http://10.180.1.21/image/v2/images/8e4fbadf-23d1-49ef-8ec6-228e3ebd50a6 0.017s
2025-11-20 18:32:41.740 66145 INFO tempest.lib.common.rest_client [req-11fd88c3-0963-4367-9c9c-3c46e049594d req-11fd88c3-0963-4367-9c9c-3c46e049594d ] Request (ServerRescueTestJSON:test_rescue_unrescue_instance): 200 GET http://10.180.1.21/compute/v2.1/servers/a04b00dd-99b2-4ff0-847e-1f2c11a74e6c 0.051s
2025-11-20 18:32:41.805 66175 INFO tempest.lib.common.rest_client [req-97d204a1-26de-4dd6-a97f-6a5422b67268 req-97d204a1-26de-4dd6-a97f-6a5422b67268 ] Request (ServersWithSpecificFlavorTestJSON:test_verify_created_server_ephemeral_disk): 200 GET http://10.180.1.21/compute/v2.1/servers/a9118348-4fb0-4589-995d-922465e5ddec 0.055s
2025-11-20 18:32:41.821 66163 INFO tempest.lib.common.rest_client [req-9b61991c-dee1-4a28-912a-39158d0f01ee req-9b61991c-dee1-4a28-912a-39158d0f01ee ] Request (ServersAdminNegativeTestJSON:test_migrate_server_invalid_state): 200 GET http://10.180.1.21/compute/v2.1/servers/935676aa-f5af-4a05-9ade-fac8d654d8c1 0.062s
2025-11-20 18:32:41.859 66167 INFO tempest.lib.common.rest_client [req-a0b04168-7799-47d5-bdbe-c69a19368278 req-a0b04168-7799-47d5-bdbe-c69a19368278 ] Request (MultipleCreateTestJSON:test_multiple_create): 200 GET http://10.180.1.21/compute/v2.1/servers/2762bcf8-7d61-4a61-a7d2-1b1198c48271 0.058s
2025-11-20 18:32:41.897 66205 INFO tempest.lib.common.rest_client [req-c1b8c00a-753d-4a9b-bf6b-c79d83b5fcfd req-c1b8c00a-753d-4a9b-bf6b-c79d83b5fcfd ] Request (AttachInterfacesV270Test:test_create_get_list_interfaces): 200 GET http://10.180.1.21/compute/v2.1/servers/32eee402-6108-4215-9ff9-ab262c639cf7 0.066s
2025-11-20 18:32:41.919 66199 INFO tempest.lib.common.rest_client [req-65ee0f88-534d-4527-b8ea-f471f8887e49 req-65ee0f88-534d-4527-b8ea-f471f8887e49 ] Request (ServersTestJSON:test_create_server_with_ipv6_addr_only): 200 GET http://10.180.1.21/compute/v2.1/servers/d2fc2535-0147-4d04-b0ce-9b481502ac97 0.072s
2025-11-20 18:32:42.035 66185 INFO tempest.lib.common.rest_client [req-652d669e-798e-4ce4-94e2-1fc2b389db32 req-652d669e-798e-4ce4-94e2-1fc2b389db32 ] Request (AttachInterfacesTestJSON:_run_cleanups): 200 GET http://10.180.1.21/compute/v2.1/servers/d627ecde-c86e-4855-b516-310639d35a59 0.116s
2025-11-20 18:32:42.054 66195 INFO tempest.lib.common.rest_client [req-aa88cd3c-c566-4797-b43d-c15282bcd028 req-aa88cd3c-c566-4797-b43d-c15282bcd028 ] Request (ServerRescueTestJSONUnderV235:tearDownClass): 404 GET http://10.180.1.21/compute/v2.1/servers/c2b98da0-8288-4379-b2cb-79814a5ced36 0.087s
2025-11-20 18:32:42.064 66161 INFO tempest.lib.common.rest_client [req-88b2acf9-a9b5-4cb5-989f-6f32f342aa1d req-88b2acf9-a9b5-4cb5-989f-6f32f342aa1d ] Request (ServerAddressesTestJSON:setUpClass): 200 GET http://10.180.1.21/compute/v2.1/servers/2a02c648-e660-4fd8-81f6-e1bf915e40ca 0.159s
2025-11-20 18:32:42.072 66161 INFO tempest.common.waiters [-] State transition "BUILD/None" ==> "BUILD/block_device_mapping" after 63 second wait
2025-11-20 18:32:42.747 66195 INFO tempest.lib.common.rest_client [req-56088042-3127-477a-8d2c-9c00c5302809 req-56088042-3127-477a-8d2c-9c00c5302809 ] Request (ServerRescueTestJSONUnderV235:tearDownClass): 200 PUT http://10.180.1.21/networking/v2.0/routers/bd087309-e031-449b-a5b6-9c4b1d4a1e2f/remove_router_interface 0.692s
2025-11-20 18:32:42.750 66179 INFO tempest.lib.common.rest_client [req-bc831e0c-385a-43ee-9b14-f174a25d2dd3 req-bc831e0c-385a-43ee-9b14-f174a25d2dd3 ] Request (ServerActionsTestOtherB:test_create_backup): 200 GET http://10.180.1.21/image/v2/images/8e4fbadf-23d1-49ef-8ec6-228e3ebd50a6 0.018s
2025-11-20 18:32:42.770 66169 INFO tempest.lib.common.rest_client [req-fc03c360-f2ad-4d64-802f-7ebbd4049277 req-fc03c360-f2ad-4d64-802f-7ebbd4049277 ] Request (SecurityGroupsTestJSON:test_server_security_groups): 200 GET http://10.180.1.21/compute/v2.1/servers/3f83ed18-d10c-4a35-9e55-933a3c21ee26 0.746s
2025-11-20 18:32:42.781 66147 INFO tempest.lib.common.rest_client [req-c666a5cd-c23e-4c5c-a89b-d5356ef37373 req-c666a5cd-c23e-4c5c-a89b-d5356ef37373 ] Request (DeleteServersTestJSON:test_delete_server_while_in_attached_volume): 200 GET http://10.180.1.21/compute/v2.1/servers/e337e07e-35e2-44dc-8ef7-7fc8ecf3945c 0.696s
2025-11-20 18:32:43.165 66195 INFO tempest.lib.common.rest_client [req-a08d8b1a-d454-467c-9b84-415e607f9c36 req-a08d8b1a-d454-467c-9b84-415e607f9c36 ] Request (ServerRescueTestJSONUnderV235:tearDownClass): 204 DELETE http://10.180.1.21/networking/v2.0/routers/bd087309-e031-449b-a5b6-9c4b1d4a1e2f 0.417s
2025-11-20 18:32:43.191 66173 INFO tempest.lib.common.rest_client [req-a775572b-5368-42d6-ae9f-b817f4200bd4 req-a775572b-5368-42d6-ae9f-b817f4200bd4 ] Request (ServersTestMultiNic:test_verify_multiple_nics_order): 200 GET http://10.180.1.21/compute/v2.1/servers/ab5dd132-9fc3-4348-90de-2f0421a0c2b8 1.059s
2025-11-20 18:32:43.385 66149 INFO tempest.lib.common.rest_client [req-f41a0d1c-0b4d-4fc2-84c9-e2c0bb91efb2 req-f41a0d1c-0b4d-4fc2-84c9-e2c0bb91efb2 ] Request (ListImageFiltersTestJSON:tearDownClass): 200 GET http://10.180.1.21/compute/v2.1/servers/893a6fc0-f04c-41ce-9a14-ec97d1129546 1.208s
2025-11-20 18:32:43.412 66195 INFO tempest.lib.common.rest_client [req-94f2b180-af45-4611-9a93-5e9d90be52e5 req-94f2b180-af45-4611-9a93-5e9d90be52e5 ] Request (ServerRescueTestJSONUnderV235:tearDownClass): 204 DELETE http://10.180.1.21/networking/v2.0/subnets/0604330b-f4e5-4d42-b312-87f78775b615 0.246s
2025-11-20 18:32:43.417 66171 INFO tempest.lib.common.rest_client [req-24c0b618-38c2-4ae9-997b-a6a6d6add821 req-24c0b618-38c2-4ae9-997b-a6a6d6add821 ] Request (ServerDiskConfigTestJSON:test_resize_server_from_auto_to_manual): 200 GET http://10.180.1.21/compute/v2.1/servers/373c88f2-1812-4ea5-9a71-38419156ea3f 1.318s
2025-11-20 18:32:43.471 66189 INFO tempest.lib.common.rest_client [req-d65373fe-9304-4303-a3b8-e0ec49c159c9 req-d65373fe-9304-4303-a3b8-e0ec49c159c9 ] Request (ServersAaction247Test:tearDownClass): 200 GET http://10.180.1.21/compute/v2.1/servers/8249b887-9384-40d5-b7e1-f781e47c67b0 1.225s
2025-11-20 18:32:43.558 66195 INFO tempest.lib.common.rest_client [req-ace4cb3e-d6f5-48da-ac24-9c80533ba885 req-ace4cb3e-d6f5-48da-ac24-9c80533ba885 ] Request (ServerRescueTestJSONUnderV235:tearDownClass): 204 DELETE http://10.180.1.21/networking/v2.0/networks/e6065fbd-0ec6-4646-83c8-8fb9a903a55a 0.146s
2025-11-20 18:32:43.559 66153 INFO tempest.lib.common.rest_client [req-bad6d272-9c1e-47e2-aa65-fbe8b501f9ed req-bad6d272-9c1e-47e2-aa65-fbe8b501f9ed ] Request (ImagesTestJSON:test_create_image_from_stopped_server): 200 GET http://10.180.1.21/compute/v2.1/servers/a3a775c5-fa1e-4a88-9c50-acbfa91e2e44 1.242s
2025-11-20 18:32:43.595 66165 INFO tempest.lib.common.rest_client [req-cebed1a2-57e7-4d74-874a-bae5a51870df req-cebed1a2-57e7-4d74-874a-bae5a51870df ] Request (MigrationsAdminTest:test_list_migrations_in_flavor_resize_situation): 200 GET http://10.180.1.21/compute/v2.1/servers/ce575d47-a683-4ffb-9a9b-8ae9f56ec3c9 1.344s
2025-11-20 18:32:43.661 66151 INFO tempest.lib.common.rest_client [req-47e5c756-62cb-4722-b347-d2a6d600637b req-47e5c756-62cb-4722-b347-d2a6d600637b ] Request (ServerRescueNegativeTestJSON:setUpClass): 200 GET http://10.180.1.21/compute/v2.1/servers/f699772b-025f-4852-adbc-78a1bbba5e0a 1.179s
2025-11-20 18:32:43.670 66151 INFO tempest.common.waiters [-] State transition "BUILD/scheduling" ==> "BUILD/None" after 36 second wait
2025-11-20 18:32:43.688 66197 INFO tempest.lib.common.rest_client [req-790dc985-29a6-45d2-ae5c-4a0abf787077 req-790dc985-29a6-45d2-ae5c-4a0abf787077 ] Request (ServersAdmin275Test:tearDownClass): 404 GET http://10.180.1.21/compute/v2.1/servers/fad5ae9f-0627-488e-a796-f69bbda7f393 1.093s
2025-11-20 18:32:43.700 66195 INFO tempest.lib.common.rest_client [req-4cca30e3-f7a4-466d-bb78-8653915fc089 req-4cca30e3-f7a4-466d-bb78-8653915fc089 ] Request (ServerRescueTestJSONUnderV235:tearDownClass): 204 DELETE http://10.180.1.21/identity/v3/users/b9f6023dbf214a91bf7d214e39ad00d2 0.141s
2025-11-20 18:32:43.700 66195 INFO tempest.lib.common.dynamic_creds [-] Deleting project and security group for project: bec8831040914daeb95bc77e9391734d
2025-11-20 18:32:43.734 66195 INFO tempest.lib.common.rest_client [req-3b7c3bae-caf2-427e-9aa8-93969daf448e req-3b7c3bae-caf2-427e-9aa8-93969daf448e ] Request (ServerRescueTestJSONUnderV235:tearDownClass): 200 GET http://10.180.1.21/networking/v2.0/security-groups?tenant_id=bec8831040914daeb95bc77e9391734d&name=default 0.034s
2025-11-20 18:32:43.757 66187 INFO tempest.lib.common.rest_client [req-650cbba4-1f5d-4352-bcc3-2d89ecc23cd2 req-650cbba4-1f5d-4352-bcc3-2d89ecc23cd2 ] Request (ServersV294TestFqdnHostnames:setUpClass): 200 GET http://10.180.1.21/compute/v2.1/servers/6e69ceb6-3334-4f6e-addb-7b14780a0454 1.115s
2025-11-20 18:32:43.792 66179 INFO tempest.lib.common.rest_client [req-179b8476-de03-4847-aed3-de8ae8a0a490 req-179b8476-de03-4847-aed3-de8ae8a0a490 ] Request (ServerActionsTestOtherB:test_create_backup): 200 GET http://10.180.1.21/image/v2/images/8e4fbadf-23d1-49ef-8ec6-228e3ebd50a6 0.042s
2025-11-20 18:32:43.860 66177 INFO tempest.lib.common.rest_client [req-727110b6-2b84-4e20-83ef-098f7f5ab21e req-727110b6-2b84-4e20-83ef-098f7f5ab21e ] Request (ServersAdminTestJSON:test_inject_network_info): 200 GET http://10.180.1.21/compute/v2.1/servers/f45e50d1-18b9-4238-a1a3-ef5213ea9f9a 1.153s
2025-11-20 18:32:43.884 66197 INFO tempest.lib.common.rest_client [req-2db91f4d-e5f3-4a9b-bc72-1d0d9ddc97f4 req-2db91f4d-e5f3-4a9b-bc72-1d0d9ddc97f4 ] Request (ServersAdmin275Test:tearDownClass): 204 DELETE http://10.180.1.21/identity/v3/users/864ad50f5fa444acb73083ec630e019c 0.196s
2025-11-20 18:32:43.892 66195 INFO tempest.lib.common.rest_client [req-53077fb0-8406-41e4-9cc2-df7e65ed03bd req-53077fb0-8406-41e4-9cc2-df7e65ed03bd ] Request (ServerRescueTestJSONUnderV235:tearDownClass): 204 DELETE http://10.180.1.21/networking/v2.0/security-groups/2063bbd1-43bf-49a5-b65a-b31e005d9194 0.157s
2025-11-20 18:32:43.921 66145 INFO tempest.lib.common.rest_client [req-ee283673-b5ab-4494-8ec0-9fce292ed0cd req-ee283673-b5ab-4494-8ec0-9fce292ed0cd ] Request (ServerRescueTestJSON:test_rescue_unrescue_instance): 200 GET http://10.180.1.21/compute/v2.1/servers/a04b00dd-99b2-4ff0-847e-1f2c11a74e6c 1.170s
2025-11-20 18:32:43.971 66175 INFO tempest.lib.common.rest_client [req-e4797a32-f771-431a-a12a-e2f771d1bc01 req-e4797a32-f771-431a-a12a-e2f771d1bc01 ] Request (ServersWithSpecificFlavorTestJSON:test_verify_created_server_ephemeral_disk): 200 GET http://10.180.1.21/compute/v2.1/servers/a9118348-4fb0-4589-995d-922465e5ddec 1.158s
2025-11-20 18:32:43.979 66143 INFO tempest.lib.common.rest_client [req-fb427d1c-a97e-4291-8eff-0d5d52666c92 req-fb427d1c-a97e-4291-8eff-0d5d52666c92 ] Request (ServerShowV254Test:tearDownClass): 200 GET http://10.180.1.21/compute/v2.1/servers/34959524-776e-489f-bb4e-c319ce0196ef 1.520s
2025-11-20 18:32:43.983 66197 INFO tempest.lib.common.rest_client [req-a006412e-aa1d-46b9-847b-fd32d5df568e req-a006412e-aa1d-46b9-847b-fd32d5df568e ] Request (ServersAdmin275Test:tearDownClass): 204 DELETE http://10.180.1.21/identity/v3/users/03a7c234626244b291dd9d1c17789ecf 0.098s
2025-11-20 18:32:43.984 66197 INFO tempest.lib.common.dynamic_creds [-] Deleting project and security group for project: db3796757db94de98f78b1e8214e29a3
2025-11-20 18:32:43.985 66195 INFO tempest.lib.common.rest_client [req-1aea4fbf-712c-43c6-8930-dd0f4a370d98 req-1aea4fbf-712c-43c6-8930-dd0f4a370d98 ] Request (ServerRescueTestJSONUnderV235:tearDownClass): 204 DELETE http://10.180.1.21/identity/v3/projects/bec8831040914daeb95bc77e9391734d 0.093s
2025-11-20 18:32:44.024 66163 INFO tempest.lib.common.rest_client [req-3482ee8d-36c8-4936-ad40-f35e69d85811 req-3482ee8d-36c8-4936-ad40-f35e69d85811 ] Request (ServersAdminNegativeTestJSON:test_migrate_server_invalid_state): 200 GET http://10.180.1.21/compute/v2.1/servers/935676aa-f5af-4a05-9ade-fac8d654d8c1 1.194s
2025-11-20 18:32:44.027 66167 INFO tempest.lib.common.rest_client [req-62642e02-d403-404f-b5e3-624c89dd0c09 req-62642e02-d403-404f-b5e3-624c89dd0c09 ] Request (MultipleCreateTestJSON:test_multiple_create): 200 GET http://10.180.1.21/compute/v2.1/servers/2762bcf8-7d61-4a61-a7d2-1b1198c48271 1.160s
2025-11-20 18:32:44.040 66197 INFO tempest.lib.common.rest_client [req-7fe72d81-b399-4a74-a78a-01401f865e56 req-7fe72d81-b399-4a74-a78a-01401f865e56 ] Request (ServersAdmin275Test:tearDownClass): 201 POST http://10.180.1.21/identity/v3/auth/tokens 0.056s
2025-11-20 18:32:44.081 66199 INFO tempest.lib.common.rest_client [req-baf54d06-1dc3-4a5b-8ef3-8daa1b36b7c2 req-baf54d06-1dc3-4a5b-8ef3-8daa1b36b7c2 ] Request (ServersTestJSON:test_create_server_with_ipv6_addr_only): 200 GET http://10.180.1.21/compute/v2.1/servers/d2fc2535-0147-4d04-b0ce-9b481502ac97 1.151s
2025-11-20 18:32:44.102 66205 INFO tempest.lib.common.rest_client [req-048ce22e-a347-41d2-a8e9-e10519196083 req-048ce22e-a347-41d2-a8e9-e10519196083 ] Request (AttachInterfacesV270Test:test_create_get_list_interfaces): 200 GET http://10.180.1.21/compute/v2.1/servers/32eee402-6108-4215-9ff9-ab262c639cf7 1.191s
