2025-11-20 18:30:43.788 66197 INFO tempest.lib.common.dynamic_creds [-] Deleting project and security group for project: 4af239621dda47a8913b2e752453fc2a
2025-11-20 18:30:43.876 66203 INFO tempest.lib.common.rest_client [req-5b5a01ad-d0ad-4578-b456-0c15ba89b986 req-5b5a01ad-d0ad-4578-b456-0c15ba89b986 ] Request (ImagesDeleteNegativeTestJSON:test_delete_image_blank_id): 404 DELETE http://10.180.1.21/compute/v2.1/images/ 5.741s
2025-11-20 18:30:43.989 66163 INFO tempest.lib.common.rest_client [req-f36ac7f1-4caa-42e1-9f99-8ea80550b946 req-f36ac7f1-4caa-42e1-9f99-8ea80550b946 ] Request (VolumesAssistedSnapshotsTest:_run_cleanups): 200 GET http://10.180.1.21/volume/v3/volumes/3c11d776-2b09-44a1-be5b-44064a0b402c 0.046s
2025-11-20 18:30:44.376 66197 INFO tempest.lib.common.rest_client [req-eef3ff1e-c91f-4e52-af0b-7bdc086908a0 req-eef3ff1e-c91f-4e52-af0b-7bdc086908a0 ] Request (QuotaClassesAdmin257Test:tearDownClass): 200 GET http://10.180.1.21/networking/v2.0/security-groups?tenant_id=4af239621dda47a8913b2e752453fc2a&name=default 0.587s
2025-11-20 18:30:44.456 66201 INFO tempest.lib.common.rest_client [req-19cbb9e1-fa39-4f45-9722-28ade40077ff req-19cbb9e1-fa39-4f45-9722-28ade40077ff ] Request (ServerShowV257Test:test_rebuild_server): 200 GET http://10.180.1.21/compute/v2.1/servers/2682dfd1-04f6-4919-bb42-094497418191 6.046s
2025-11-20 18:30:44.466 66201 INFO tempest.common.waiters [-] State transition "BUILD/None" ==> "BUILD/spawning" after 7 second wait
2025-11-20 18:30:44.568 66197 INFO tempest.lib.common.rest_client [req-38c712f0-7c62-4339-a0fe-32be6b79f73b req-38c712f0-7c62-4339-a0fe-32be6b79f73b ] Request (QuotaClassesAdmin257Test:tearDownClass): 204 DELETE http://10.180.1.21/networking/v2.0/security-groups/46ae6db2-0b85-41f1-b835-59e6d60a8d9b 0.192s
2025-11-20 18:30:44.615 66161 INFO tempest.lib.common.rest_client [req-1fa2eed4-3729-44c3-b510-810fa786c5b8 req-1fa2eed4-3729-44c3-b510-810fa786c5b8 ] Request (ServerActionsV293TestJSON:test_rebuild_volume_backed_server): 200 GET http://10.180.1.21/compute/v2.1/servers/51182df7-8928-48ba-b920-53f8c0f155fa 6.332s
2025-11-20 18:30:44.707 66197 INFO tempest.lib.common.rest_client [req-3afcc262-33cb-473d-b7ea-0341d6705021 req-3afcc262-33cb-473d-b7ea-0341d6705021 ] Request (QuotaClassesAdmin257Test:tearDownClass): 204 DELETE http://10.180.1.21/identity/v3/projects/4af239621dda47a8913b2e752453fc2a 0.138s
2025-11-20 18:30:44.793 66197 INFO tempest.lib.common.rest_client [req-6779c285-00c3-4a24-9973-bd76353931fa req-6779c285-00c3-4a24-9973-bd76353931fa ] Request (ServersAdmin275Test:setUpClass): 201 POST http://10.180.1.21/identity/v3/auth/tokens 0.084s
2025-11-20 18:30:44.815 66177 INFO tempest.lib.common.rest_client [req-84433108-7484-4d38-b475-40c99e12f831 req-84433108-7484-4d38-b475-40c99e12f831 ] Request (ServersAdminTestJSON:setUpClass): 200 GET http://10.180.1.21/compute/v2.1/servers/d7a1c97a-34c9-4b20-b88b-05acf14da701 6.177s
2025-11-20 18:30:44.842 66197 INFO tempest.lib.common.rest_client [req-2dfdb126-839c-4a80-97a8-51c052e93d9e req-2dfdb126-839c-4a80-97a8-51c052e93d9e ] Request (ServersAdmin275Test:setUpClass): 201 POST http://10.180.1.21/identity/v3/auth/tokens 0.046s
2025-11-20 18:30:44.884 66197 INFO tempest.lib.common.rest_client [req-cd2e2ff8-5d6c-4424-8395-77c189d1105c req-cd2e2ff8-5d6c-4424-8395-77c189d1105c ] Request (ServersAdmin275Test:setUpClass): 200 GET http://10.180.1.21/identity/v3/domains?name=Default 0.041s
2025-11-20 18:30:44.915 66197 INFO tempest.lib.common.rest_client [req-6bc9e391-2455-4551-b31a-11dc38632ad9 req-6bc9e391-2455-4551-b31a-11dc38632ad9 ] Request (ServersAdmin275Test:setUpClass): 201 POST http://10.180.1.21/identity/v3/projects 0.030s
2025-11-20 18:30:45.010 66197 INFO tempest.lib.common.rest_client [req-1aaec5d8-3533-4a02-9176-05c1d831aca9 req-1aaec5d8-3533-4a02-9176-05c1d831aca9 ] Request (ServersAdmin275Test:setUpClass): 201 POST http://10.180.1.21/identity/v3/users 0.094s
2025-11-20 18:30:45.033 66163 INFO tempest.lib.common.rest_client [req-d0f1c518-f3ea-4dab-b7d6-ab6a6b19cb43 req-d0f1c518-f3ea-4dab-b7d6-ab6a6b19cb43 ] Request (VolumesAssistedSnapshotsTest:_run_cleanups): 200 GET http://10.180.1.21/volume/v3/volumes/3c11d776-2b09-44a1-be5b-44064a0b402c 0.033s
2025-11-20 18:30:45.034 66197 INFO tempest.lib.common.rest_client [req-627ee9c8-b2d6-4361-9129-339dace4d0e4 req-627ee9c8-b2d6-4361-9129-339dace4d0e4 ] Request (ServersAdmin275Test:setUpClass): 200 GET http://10.180.1.21/identity/v3/roles 0.024s
2025-11-20 18:30:45.096 66197 INFO tempest.lib.common.rest_client [req-55e75f65-c21e-4ef6-baa5-0fe078252a11 req-55e75f65-c21e-4ef6-baa5-0fe078252a11 ] Request (ServersAdmin275Test:setUpClass): 204 PUT http://10.180.1.21/identity/v3/projects/cd418aadd86f427ba318b05039f1ea55/users/864ad50f5fa444acb73083ec630e019c/roles/04972a7f85ff4109b5de299d7eeda480 0.061s
2025-11-20 18:30:45.097 66197 INFO tempest.lib.common.dynamic_creds [-] Dynamic test user 864ad50f5fa444acb73083ec630e019c is created with scope project and roles: ['member']
2025-11-20 18:30:45.097 66197 INFO tempest.lib.common.dynamic_creds [-] Acquired dynamic creds: credentials: Credentials: {'domain_id': 'default', 'domain_name': 'Default', 'username': 'tempest-ServersAdmin275Test-319814890-project-member', 'project_domain_id': 'default', 'project_domain_name': 'Default', 'project_id': 'cd418aadd86f427ba318b05039f1ea55', 'project_name': 'tempest-ServersAdmin275Test-319814890', 'tenant_id': 'cd418aadd86f427ba318b05039f1ea55', 'tenant_name': 'tempest-ServersAdmin275Test-319814890', 'user_domain_id': 'default', 'user_domain_name': 'Default', 'user_id': '864ad50f5fa444acb73083ec630e019c', 'system': None}, Network: None, Subnet: None, Router: None
2025-11-20 18:30:45.098 66197 INFO tempest.lib.common.dynamic_creds [-] Created isolated network resources for: credentials: Credentials: {'domain_id': 'default', 'domain_name': 'Default', 'username': 'tempest-ServersAdmin275Test-319814890-project-member', 'project_domain_id': 'default', 'project_domain_name': 'Default', 'project_id': 'cd418aadd86f427ba318b05039f1ea55', 'project_name': 'tempest-ServersAdmin275Test-319814890', 'tenant_id': 'cd418aadd86f427ba318b05039f1ea55', 'tenant_name': 'tempest-ServersAdmin275Test-319814890', 'user_domain_id': 'default', 'user_domain_name': 'Default', 'user_id': '864ad50f5fa444acb73083ec630e019c', 'system': None}, Network: None, Subnet: None, Router: None
2025-11-20 18:30:45.148 66171 INFO tempest.lib.common.rest_client [req-09cb5715-a557-491e-a52e-de5670c6b14e req-09cb5715-a557-491e-a52e-de5670c6b14e ] Request (ServerDiskConfigTestJSON:test_rebuild_server_with_manual_disk_config): 200 GET http://10.180.1.21/compute/v2.1/servers/4d0c1a1e-226b-4846-bbd8-e403004a8ef1 6.152s
2025-11-20 18:30:45.160 66171 INFO tempest.common.waiters [-] State transition "BUILD/None" ==> "BUILD/block_device_mapping" after 8 second wait
2025-11-20 18:30:45.212 66197 INFO tempest.lib.common.rest_client [req-d20940a7-3fde-48a4-977e-234a6a90084d req-d20940a7-3fde-48a4-977e-234a6a90084d ] Request (ServersAdmin275Test:setUpClass): 201 POST http://10.180.1.21/identity/v3/auth/tokens 0.110s
2025-11-20 18:30:45.287 66197 INFO tempest.lib.common.rest_client [req-e8f88b8b-dfdf-4353-9f64-0051903dbcee req-e8f88b8b-dfdf-4353-9f64-0051903dbcee ] Request (ServersAdmin275Test:setUpClass): 201 POST http://10.180.1.21/identity/v3/projects 0.075s
2025-11-20 18:30:45.369 66197 INFO tempest.lib.common.rest_client [req-f45a738d-5514-462c-a055-1bcf2ffb19cd req-f45a738d-5514-462c-a055-1bcf2ffb19cd ] Request (ServersAdmin275Test:setUpClass): 201 POST http://10.180.1.21/identity/v3/users 0.081s
2025-11-20 18:30:45.388 66197 INFO tempest.lib.common.rest_client [req-17eba05a-394b-41dd-a9a9-dc036a864e0e req-17eba05a-394b-41dd-a9a9-dc036a864e0e ] Request (ServersAdmin275Test:setUpClass): 200 GET http://10.180.1.21/identity/v3/roles 0.019s
2025-11-20 18:30:45.425 66197 INFO tempest.lib.common.rest_client [req-dc89f3fd-36e3-41ad-9f69-b67a5f4995bf req-dc89f3fd-36e3-41ad-9f69-b67a5f4995bf ] Request (ServersAdmin275Test:setUpClass): 204 PUT http://10.180.1.21/identity/v3/projects/db3796757db94de98f78b1e8214e29a3/users/03a7c234626244b291dd9d1c17789ecf/roles/da2501c1355842409e9f29d4d7d134bf 0.036s
2025-11-20 18:30:45.479 66197 INFO tempest.lib.common.rest_client [req-b1cdb18e-c9b5-4c95-81a1-5d5b9ab60b55 req-b1cdb18e-c9b5-4c95-81a1-5d5b9ab60b55 ] Request (ServersAdmin275Test:setUpClass): 200 GET http://10.180.1.21/identity/v3/roles 0.054s
2025-11-20 18:30:45.496 66197 INFO tempest.lib.common.rest_client [req-2612af0c-e603-4546-8904-550e5b81c8c1 req-2612af0c-e603-4546-8904-550e5b81c8c1 ] Request (ServersAdmin275Test:setUpClass): 204 PUT http://10.180.1.21/identity/v3/projects/db3796757db94de98f78b1e8214e29a3/users/03a7c234626244b291dd9d1c17789ecf/roles/da2501c1355842409e9f29d4d7d134bf 0.016s
2025-11-20 18:30:45.496 66197 INFO tempest.lib.common.dynamic_creds [-] Dynamic test user 03a7c234626244b291dd9d1c17789ecf is created with scope project and roles: ['admin']
2025-11-20 18:30:45.496 66197 INFO tempest.lib.common.dynamic_creds [-] Acquired dynamic creds: credentials: Credentials: {'domain_id': 'default', 'domain_name': 'Default', 'username': 'tempest-ServersAdmin275Test-1297682613-project-admin', 'project_domain_id': 'default', 'project_domain_name': 'Default', 'project_id': 'db3796757db94de98f78b1e8214e29a3', 'project_name': 'tempest-ServersAdmin275Test-1297682613', 'tenant_id': 'db3796757db94de98f78b1e8214e29a3', 'tenant_name': 'tempest-ServersAdmin275Test-1297682613', 'user_domain_id': 'default', 'user_domain_name': 'Default', 'user_id': '03a7c234626244b291dd9d1c17789ecf', 'system': None}, Network: None, Subnet: None, Router: None
2025-11-20 18:30:45.496 66197 INFO tempest.lib.common.dynamic_creds [-] Created isolated network resources for: credentials: Credentials: {'domain_id': 'default', 'domain_name': 'Default', 'username': 'tempest-ServersAdmin275Test-1297682613-project-admin', 'project_domain_id': 'default', 'project_domain_name': 'Default', 'project_id': 'db3796757db94de98f78b1e8214e29a3', 'project_name': 'tempest-ServersAdmin275Test-1297682613', 'tenant_id': 'db3796757db94de98f78b1e8214e29a3', 'tenant_name': 'tempest-ServersAdmin275Test-1297682613', 'user_domain_id': 'default', 'user_domain_name': 'Default', 'user_id': '03a7c234626244b291dd9d1c17789ecf', 'system': None}, Network: None, Subnet: None, Router: None
2025-11-20 18:30:45.563 66197 INFO tempest.lib.common.rest_client [req-3bf9ca77-c83a-4e4f-9e40-674f7894b7df req-3bf9ca77-c83a-4e4f-9e40-674f7894b7df ] Request (ServersAdmin275Test:setUpClass): 201 POST http://10.180.1.21/identity/v3/auth/tokens 0.063s
2025-11-20 18:30:45.624 66197 INFO tempest.lib.common.rest_client [req-a1ca1f44-9bbe-438f-8757-62235adb2c7f req-a1ca1f44-9bbe-438f-8757-62235adb2c7f ] Request (ServersAdmin275Test:test_rebuild_update_server_275): 201 POST http://10.180.1.21/identity/v3/auth/tokens 0.058s
2025-11-20 18:30:45.625 66197 INFO tempest.lib.common.fixed_network [-] (ServersAdmin275Test:test_rebuild_update_server_275) Found network None available for tenant
2025-11-20 18:30:46.058 66163 INFO tempest.lib.common.rest_client [req-0aa9b443-5c9f-41f7-b7de-50f22fab2830 req-0aa9b443-5c9f-41f7-b7de-50f22fab2830 ] Request (VolumesAssistedSnapshotsTest:_run_cleanups): 404 GET http://10.180.1.21/volume/v3/volumes/3c11d776-2b09-44a1-be5b-44064a0b402c 0.015s
2025-11-20 18:30:46.489 66181 INFO tempest.lib.common.rest_client [req-bd9e8716-94bb-4e09-9d33-a27727c88aff req-bd9e8716-94bb-4e09-9d33-a27727c88aff ] Request (ServerActionsTestOtherA:setUpClass): 200 GET http://10.180.1.21/compute/v2.1/servers/de3564d4-0f55-4efc-973e-483a846de253 7.346s
2025-11-20 18:30:46.822 66149 INFO tempest.lib.common.rest_client [req-ee4485c4-3bd2-4c2f-abeb-b7989800e85a req-ee4485c4-3bd2-4c2f-abeb-b7989800e85a ] Request (ListImageFiltersTestJSON:setUpClass): 200 GET http://10.180.1.21/compute/v2.1/servers/893a6fc0-f04c-41ce-9a14-ec97d1129546 5.938s
2025-11-20 18:30:47.080 66169 INFO tempest.lib.common.rest_client [req-5e553ef3-46fb-4b30-91b9-1871872ae10d req-5e553ef3-46fb-4b30-91b9-1871872ae10d ] Request (SecurityGroupsTestJSON:test_security_group_create_get_delete): 202 DELETE http://10.180.1.21/compute/v2.1/os-security-groups/6ea986fa-7d97-4b5e-a5c7-a604827c519c 4.932s
2025-11-20 18:30:47.435 66167 INFO tempest.lib.common.rest_client [req-1653ca23-28a6-4570-a0da-55420284e48c req-1653ca23-28a6-4570-a0da-55420284e48c ] Request (FloatingIPsAssociationNegativeTestJSON:_run_cleanups): 202 DELETE http://10.180.1.21/compute/v2.1/os-floating-ips/37013beb-5a9b-4f4e-9322-a4a9ae77f1c1 7.663s
2025-11-20 18:30:47.445 66145 INFO tempest.lib.common.rest_client [req-74ed3dbc-7912-46d2-915d-ad7c41d5e8e2 req-74ed3dbc-7912-46d2-915d-ad7c41d5e8e2 ] Request (SecurityGroupRulesNegativeTestJSON:test_create_security_group_rule_with_invalid_id): 400 POST http://10.180.1.21/compute/v2.1/os-security-group-rules 5.195s
2025-11-20 18:30:48.076 66175 WARNING tempest.lib.common.ssh [-] Failed to establish authenticated ssh connection to cirros@10.180.180.199 ([Errno None] Unable to connect to port 22 on 10.180.180.199). Number attempts: 8. Retry after 9 seconds.: paramiko.ssh_exception.NoValidConnectionsError: [Errno None] Unable to connect to port 22 on 10.180.180.199
2025-11-20 18:30:48.177 66205 WARNING tempest.lib.common.ssh [-] Failed to establish authenticated ssh connection to cirros@10.180.180.163 ([Errno None] Unable to connect to port 22 on 10.180.180.163). Number attempts: 4. Retry after 5 seconds.: paramiko.ssh_exception.NoValidConnectionsError: [Errno None] Unable to connect to port 22 on 10.180.180.163
2025-11-20 18:30:48.573 66195 INFO tempest.lib.common.rest_client [req-5331716b-6cc6-4894-9755-36a75a4240f8 req-5331716b-6cc6-4894-9755-36a75a4240f8 ] Request (ServerRescueTestJSONUnderV235:setUpClass): 202 POST http://10.180.1.21/compute/v2.1/servers 6.386s
2025-11-20 18:30:48.696 66143 INFO tempest.lib.common.rest_client [req-62f77ab2-4a52-45ce-b451-114eec243413 req-62f77ab2-4a52-45ce-b451-114eec243413 ] Request (ServerPasswordTestJSON:tearDownClass): 200 GET http://10.180.1.21/compute/v2.1/servers/16552e1b-4370-4e60-8ccf-0b45c885cea5 6.213s
2025-11-20 18:30:48.820 66179 INFO tempest.lib.common.rest_client [req-fc426565-4281-43d8-8fed-97395915dc85 req-fc426565-4281-43d8-8fed-97395915dc85 ] Request (ServerActionsTestOtherB:setUpClass): 200 GET http://10.180.1.21/compute/v2.1/servers/a222589e-6005-4c91-a8a6-89835c61edc4 6.336s
2025-11-20 18:30:48.828 66199 INFO tempest.lib.common.rest_client [req-02eb8f1e-c770-423d-8949-fc7a0c67ff28 req-02eb8f1e-c770-423d-8949-fc7a0c67ff28 ] Request (ServerGroup264TestJSON:tearDownClass): 404 DELETE http://10.180.1.21/compute/v2.1/os-server-groups/204c3032-d5c7-4e28-9e59-4c9f07766eca 6.293s
2025-11-20 18:30:48.840 66183 INFO tempest.lib.common.rest_client [req-b5c6f810-ada0-44f0-acdf-5d65af679fca req-b5c6f810-ada0-44f0-acdf-5d65af679fca ] Request (FlavorsAdminTestJSON:test_is_public_string_variations): 200 GET http://10.180.1.21/compute/v2.1/flavors/detail?is_public=0 6.282s
2025-11-20 18:30:48.863 66165 INFO tempest.lib.common.rest_client [req-c8b64503-3132-40eb-8955-aca7a1c8a2e5 req-c8b64503-3132-40eb-8955-aca7a1c8a2e5 ] Request (AggregatesAdminNegativeTestJSON:test_aggregate_remove_nonexistent_host): 200 POST http://10.180.1.21/compute/v2.1/os-aggregates 6.267s
2025-11-20 18:30:48.966 66189 INFO tempest.lib.common.rest_client [req-47bad40b-f18e-4f22-ae57-aab29d1be960 req-47bad40b-f18e-4f22-ae57-aab29d1be960 ] Request (ListServersNegativeTestJSON:tearDownClass): 204 DELETE http://10.180.1.21/compute/v2.1/servers/b8c14a85-3ba6-43cb-9f99-35e0fe74bb0c 6.314s
2025-11-20 18:30:48.993 66151 INFO tempest.lib.common.rest_client [req-4ed74908-12dd-4e4e-8776-bde3c6f55c7b req-4ed74908-12dd-4e4e-8776-bde3c6f55c7b ] Request (ServerMetadataTestJSON:test_list_server_metadata): 200 GET http://10.180.1.21/compute/v2.1/servers/aa230bd5-32d2-4f85-b6fd-fc21097977c1/metadata 6.240s
2025-11-20 18:30:49.170 66159 INFO tempest.lib.common.rest_client [req-20870394-ba74-48c3-9bcb-b89b1460709a req-20870394-ba74-48c3-9bcb-b89b1460709a ] Request (ImagesOneServerTestJSON:tearDownClass): 200 GET http://10.180.1.21/compute/v2.1/servers/9b42e3b7-97d6-477e-a015-69ca899f0dca 6.285s
2025-11-20 18:30:49.324 66153 INFO tempest.lib.common.rest_client [req-551d60fc-dc31-482a-b0e1-d64f9171394d req-551d60fc-dc31-482a-b0e1-d64f9171394d ] Request (FloatingIPsAssociationTestJSON:test_associate_disassociate_floating_ip): 202 POST http://10.180.1.21/compute/v2.1/servers/eeb54ce7-fba0-4632-9028-d6483428089d/action 6.941s
2025-11-20 18:30:49.402 66191 INFO tempest.lib.common.rest_client [req-0b7795c8-3c6f-464e-a1f8-7f9eee834e99 req-0b7795c8-3c6f-464e-a1f8-7f9eee834e99 ] Request (ServerTagsTestJSON:test_create_delete_tag): 201 PUT http://10.180.1.21/compute/v2.1/servers/dae3ff14-1c9d-461c-a4d9-cb02a323db5e/tags/tempest-tag-586421778 5.643s
2025-11-20 18:30:49.422 66203 INFO tempest.lib.common.rest_client [req-1c40abf8-4046-44fe-9a52-7cb9864297f3 req-1c40abf8-4046-44fe-9a52-7cb9864297f3 ] Request (ImagesDeleteNegativeTestJSON:test_delete_image_negative_image_id): 404 DELETE http://10.180.1.21/compute/v2.1/images/-1 5.543s
2025-11-20 18:30:49.491 66185 INFO tempest.lib.common.rest_client [req-ea90b7b0-1052-4581-a999-d889bf883445 req-ea90b7b0-1052-4581-a999-d889bf883445 ] Request (AttachInterfacesTestJSON:test_create_list_show_delete_interfaces_by_fixed_ip): 200 GET http://10.180.1.21/compute/v2.1/servers/d627ecde-c86e-4855-b516-310639d35a59 6.028s
2025-11-20 18:30:49.500 66185 INFO tempest.lib.common.ssh [-] Creating ssh connection to '10.180.180.206:22' as 'cirros' with public key authentication
2025-11-20 18:30:49.504 66185 WARNING tempest.lib.common.ssh [-] Failed to establish authenticated ssh connection to cirros@10.180.180.206 ([Errno None] Unable to connect to port 22 on 10.180.180.206). Number attempts: 1. Retry after 2 seconds.: paramiko.ssh_exception.NoValidConnectionsError: [Errno None] Unable to connect to port 22 on 10.180.180.206
2025-11-20 18:30:49.836 66199 INFO tempest.lib.common.rest_client [req-7c3d8234-fe36-40be-bec8-948b7ffe4842 req-7c3d8234-fe36-40be-bec8-948b7ffe4842 ] Request (ServerGroup264TestJSON:tearDownClass): 200 PUT http://10.180.1.21/networking/v2.0/routers/ac48a80c-4822-4d53-8c6d-c5b26215bdaf/remove_router_interface 1.007s
2025-11-20 18:30:49.849 66147 INFO tempest.lib.common.rest_client [req-0a42115b-6a55-4e13-bc3b-43be1ca485a2 req-0a42115b-6a55-4e13-bc3b-43be1ca485a2 ] Request (DeleteServersTestJSON:test_delete_active_server): 200 GET http://10.180.1.21/compute/v2.1/servers/1e67ba00-2664-414b-b58a-8595f720af80 5.131s
2025-11-20 18:30:49.857 66147 INFO tempest.common.waiters [-] State transition "ACTIVE/deleting" ==> "DELETED/None" after 6 second wait
2025-11-20 18:30:50.457 66199 INFO tempest.lib.common.rest_client [req-78365106-ead9-4cc8-aa16-8401daa3c034 req-78365106-ead9-4cc8-aa16-8401daa3c034 ] Request (ServerGroup264TestJSON:tearDownClass): 204 DELETE http://10.180.1.21/networking/v2.0/routers/ac48a80c-4822-4d53-8c6d-c5b26215bdaf 0.621s
2025-11-20 18:30:50.483 66201 INFO tempest.lib.common.rest_client [req-9f6017d3-4599-46bb-83dc-cef3e14d248c req-9f6017d3-4599-46bb-83dc-cef3e14d248c ] Request (ServerShowV257Test:test_rebuild_server): 200 GET http://10.180.1.21/compute/v2.1/servers/2682dfd1-04f6-4919-bb42-094497418191 5.016s
2025-11-20 18:30:50.494 66201 INFO tempest.common.waiters [-] State transition "BUILD/spawning" ==> "ACTIVE/None" after 13 second wait
2025-11-20 18:30:50.509 66173 INFO tempest.lib.common.rest_client [req-79201e71-863f-49c4-a297-3ecbb1fdcad4 req-79201e71-863f-49c4-a297-3ecbb1fdcad4 ] Request (ServersTestMultiNic:test_verify_duplicate_network_nics): 200 GET http://10.180.1.21/compute/v2.1/servers/068acf6b-a62e-4fb2-b1f6-fb3f6737c4da 5.765s
2025-11-20 18:30:50.678 66197 INFO tempest.lib.common.rest_client [req-e5d4efee-eed2-4d74-b726-9eb16dbf1912 req-e5d4efee-eed2-4d74-b726-9eb16dbf1912 ] Request (ServersAdmin275Test:test_rebuild_update_server_275): 202 POST http://10.180.1.21/compute/v2.1/servers 5.052s
2025-11-20 18:30:50.731 66199 INFO tempest.lib.common.rest_client [req-f717e082-7b53-4519-9711-0a2395c11b6b req-f717e082-7b53-4519-9711-0a2395c11b6b ] Request (ServerGroup264TestJSON:tearDownClass): 204 DELETE http://10.180.1.21/networking/v2.0/subnets/cf67749b-ac9f-4403-9631-545709a0437c 0.273s
2025-11-20 18:30:51.050 66199 INFO tempest.lib.common.rest_client [req-c2d17278-e934-497d-b497-c01cdec98ab4 req-c2d17278-e934-497d-b497-c01cdec98ab4 ] Request (ServerGroup264TestJSON:tearDownClass): 204 DELETE http://10.180.1.21/networking/v2.0/networks/a64eef64-7145-4553-a773-69d2de443331 0.318s
2025-11-20 18:30:51.124 66161 INFO tempest.lib.common.rest_client [req-80ccc1b0-2eb5-4058-9bb2-9928b7ef7f15 req-80ccc1b0-2eb5-4058-9bb2-9928b7ef7f15 ] Request (ServerActionsV293TestJSON:test_rebuild_volume_backed_server): 200 GET http://10.180.1.21/compute/v2.1/servers/51182df7-8928-48ba-b920-53f8c0f155fa 5.497s
2025-11-20 18:30:51.186 66199 INFO tempest.lib.common.rest_client [req-9df950b2-fc84-4064-995f-2a047c8b4aca req-9df950b2-fc84-4064-995f-2a047c8b4aca ] Request (ServerGroup264TestJSON:tearDownClass): 204 DELETE http://10.180.1.21/identity/v3/users/da0c0342fbfc45d285780f9ef26c99e1 0.135s
2025-11-20 18:30:51.186 66199 INFO tempest.lib.common.dynamic_creds [-] Deleting project and security group for project: c86d326db3ea44f1a8ee5250359c484f
2025-11-20 18:30:51.219 66177 INFO tempest.lib.common.rest_client [req-b27ffdff-0349-4d7f-937e-ae16827172c6 req-b27ffdff-0349-4d7f-937e-ae16827172c6 ] Request (ServersAdminTestJSON:setUpClass): 200 GET http://10.180.1.21/compute/v2.1/servers/d7a1c97a-34c9-4b20-b88b-05acf14da701 5.396s
2025-11-20 18:30:51.227 66177 INFO tempest.common.waiters [-] State transition "BUILD/spawning" ==> "ACTIVE/None" after 19 second wait
2025-11-20 18:30:51.294 66163 INFO tempest.lib.common.rest_client [req-6ed24029-30ce-4c14-b693-d5aafb5f6353 req-6ed24029-30ce-4c14-b693-d5aafb5f6353 ] Request (VolumesAssistedSnapshotsTest:tearDownClass): 204 DELETE http://10.180.1.21/compute/v2.1/servers/cbc5d592-422e-4917-8d9d-6ed142c529fe 5.229s
2025-11-20 18:30:51.449 66199 INFO tempest.lib.common.rest_client [req-4bab2323-f1a3-4eed-ae1f-170c4baade01 req-4bab2323-f1a3-4eed-ae1f-170c4baade01 ] Request (ServerGroup264TestJSON:tearDownClass): 200 GET http://10.180.1.21/networking/v2.0/security-groups?tenant_id=c86d326db3ea44f1a8ee5250359c484f&name=default 0.262s
2025-11-20 18:30:51.609 66169 INFO tempest.lib.common.rest_client [req-4a85ed7c-08b5-4528-ad80-8dfcd3cce069 req-4a85ed7c-08b5-4528-ad80-8dfcd3cce069 ] Request (SecurityGroupsTestJSON:test_security_group_create_get_delete): 404 GET http://10.180.1.21/compute/v2.1/os-security-groups/6ea986fa-7d97-4b5e-a5c7-a604827c519c 4.528s
2025-11-20 18:30:51.622 66167 INFO tempest.lib.common.rest_client [req-f0e8dd0a-d122-4dc4-9f15-b015c0fa6ad2 req-f0e8dd0a-d122-4dc4-9f15-b015c0fa6ad2 ] Request (FloatingIPsAssociationNegativeTestJSON:test_associate_ip_to_server_without_passing_floating_ip): 400 POST http://10.180.1.21/compute/v2.1/servers/5339f973-2440-42cb-a859-147145b9976a/action 4.185s
2025-11-20 18:30:51.702 66199 INFO tempest.lib.common.rest_client [req-ad82f4e5-36ed-4552-ba46-bbb9859f6284 req-ad82f4e5-36ed-4552-ba46-bbb9859f6284 ] Request (ServerGroup264TestJSON:tearDownClass): 204 DELETE http://10.180.1.21/networking/v2.0/security-groups/4341740d-7a13-4650-95e7-0080c5b662bd 0.253s
2025-11-20 18:30:51.818 66171 INFO tempest.lib.common.rest_client [req-a046c684-8269-46b5-9e20-620bcd5ac84a req-a046c684-8269-46b5-9e20-620bcd5ac84a ] Request (ServerDiskConfigTestJSON:test_rebuild_server_with_manual_disk_config): 200 GET http://10.180.1.21/compute/v2.1/servers/4d0c1a1e-226b-4846-bbd8-e403004a8ef1 5.656s
2025-11-20 18:30:51.826 66171 INFO tempest.common.waiters [-] State transition "BUILD/block_device_mapping" ==> "BUILD/spawning" after 14 second wait
2025-11-20 18:30:51.830 66199 INFO tempest.lib.common.rest_client [req-07115dcc-7b53-44e9-97b9-3b20ebcf133a req-07115dcc-7b53-44e9-97b9-3b20ebcf133a ] Request (ServerGroup264TestJSON:tearDownClass): 204 DELETE http://10.180.1.21/identity/v3/projects/c86d326db3ea44f1a8ee5250359c484f 0.127s
2025-11-20 18:30:51.907 66199 INFO tempest.lib.common.rest_client [req-f88e889c-8d44-44aa-9bbd-b2723964bd44 req-f88e889c-8d44-44aa-9bbd-b2723964bd44 ] Request (ServersTestJSON:setUpClass): 201 POST http://10.180.1.21/identity/v3/auth/tokens 0.076s
2025-11-20 18:30:51.915 66145 INFO tempest.lib.common.rest_client [req-2f171309-e717-4c59-b521-29a9aeba75ef req-2f171309-e717-4c59-b521-29a9aeba75ef ] Request (SecurityGroupRulesNegativeTestJSON:test_create_security_group_rule_with_invalid_ip_protocol): 200 POST http://10.180.1.21/compute/v2.1/os-security-groups 4.468s
2025-11-20 18:30:51.953 66199 INFO tempest.lib.common.rest_client [req-66c3f691-cc47-4535-abc2-d438a90fe0ae req-66c3f691-cc47-4535-abc2-d438a90fe0ae ] Request (ServersTestJSON:setUpClass): 201 POST http://10.180.1.21/identity/v3/auth/tokens 0.042s
2025-11-20 18:30:51.956 66181 INFO tempest.lib.common.rest_client [req-12850633-a232-4c48-ba3c-aef132cb22e6 req-12850633-a232-4c48-ba3c-aef132cb22e6 ] Request (ServerActionsTestOtherA:setUpClass): 200 GET http://10.180.1.21/compute/v2.1/servers/de3564d4-0f55-4efc-973e-483a846de253 4.455s
2025-11-20 18:30:51.968 66181 INFO tempest.common.waiters [-] State transition "BUILD/None" ==> "BUILD/spawning" after 5 second wait
2025-11-20 18:30:51.985 66149 INFO tempest.lib.common.rest_client [req-fcff74f3-2538-4709-9a25-9a1bfc6fb309 req-fcff74f3-2538-4709-9a25-9a1bfc6fb309 ] Request (ListImageFiltersTestJSON:setUpClass): 200 GET http://10.180.1.21/compute/v2.1/servers/893a6fc0-f04c-41ce-9a14-ec97d1129546 4.154s
2025-11-20 18:30:51.990 66199 INFO tempest.lib.common.rest_client [req-e709d6f8-e480-4828-a17f-9ca10ed9d79d req-e709d6f8-e480-4828-a17f-9ca10ed9d79d ] Request (ServersTestJSON:setUpClass): 200 GET http://10.180.1.21/identity/v3/domains?name=Default 0.037s
2025-11-20 18:30:52.008 66185 WARNING tempest.lib.common.ssh [-] Failed to establish authenticated ssh connection to cirros@10.180.180.206 ([Errno None] Unable to connect to port 22 on 10.180.180.206). Number attempts: 2. Retry after 3 seconds.: paramiko.ssh_exception.NoValidConnectionsError: [Errno None] Unable to connect to port 22 on 10.180.180.206
2025-11-20 18:30:52.023 66199 INFO tempest.lib.common.rest_client [req-4c066fc8-16a5-4bfb-9a3f-a17158908ae0 req-4c066fc8-16a5-4bfb-9a3f-a17158908ae0 ] Request (ServersTestJSON:setUpClass): 201 POST http://10.180.1.21/identity/v3/projects 0.032s
2025-11-20 18:30:52.045 66183 INFO tempest.lib.common.rest_client [req-8f08e1aa-0c52-4939-8dc6-e2ebfed6f7f5 req-8f08e1aa-0c52-4939-8dc6-e2ebfed6f7f5 ] Request (FlavorsAdminTestJSON:test_is_public_string_variations): 200 GET http://10.180.1.21/compute/v2.1/flavors/detail?is_public=t 3.202s
2025-11-20 18:30:52.054 66195 INFO tempest.lib.common.rest_client [req-7b581145-27df-4868-8696-eb40417ee6cb req-7b581145-27df-4868-8696-eb40417ee6cb ] Request (ServerRescueTestJSONUnderV235:setUpClass): 200 GET http://10.180.1.21/compute/v2.1/servers/c2b98da0-8288-4379-b2cb-79814a5ced36 3.480s
2025-11-20 18:30:52.069 66165 INFO tempest.lib.common.rest_client [req-3d8d9377-3e80-4712-82dd-bf0ab695ac6c req-3d8d9377-3e80-4712-82dd-bf0ab695ac6c ] Request (AggregatesAdminNegativeTestJSON:test_aggregate_remove_nonexistent_host): 404 POST http://10.180.1.21/compute/v2.1/os-aggregates/8/action 3.201s
2025-11-20 18:30:52.089 66199 INFO tempest.lib.common.rest_client [req-affc2a54-b083-495c-86a1-7b582f116e76 req-affc2a54-b083-495c-86a1-7b582f116e76 ] Request (ServersTestJSON:setUpClass): 201 POST http://10.180.1.21/identity/v3/users 0.065s
2025-11-20 18:30:52.125 66199 INFO tempest.lib.common.rest_client [req-02acf750-b05e-48ba-9730-63ba6a3995ed req-02acf750-b05e-48ba-9730-63ba6a3995ed ] Request (ServersTestJSON:setUpClass): 200 GET http://10.180.1.21/identity/v3/roles 0.035s
2025-11-20 18:30:52.127 66189 INFO tempest.lib.common.rest_client [req-01949d6e-ba05-417d-ab16-5b7792ec932d req-01949d6e-ba05-417d-ab16-5b7792ec932d ] Request (ListServersNegativeTestJSON:tearDownClass): 200 GET http://10.180.1.21/compute/v2.1/servers/ede0e6fe-68a1-47b1-8b0c-9d2740245882 3.161s
2025-11-20 18:30:52.159 66199 INFO tempest.lib.common.rest_client [req-6a16f74a-b8e3-40a2-9e26-3e1fc5817ece req-6a16f74a-b8e3-40a2-9e26-3e1fc5817ece ] Request (ServersTestJSON:setUpClass): 204 PUT http://10.180.1.21/identity/v3/projects/d8adcbe1274a45cf9c317dfb573bc856/users/6a500e01058b4ba88c9fedb013a99f42/roles/04972a7f85ff4109b5de299d7eeda480 0.033s
2025-11-20 18:30:52.159 66199 INFO tempest.lib.common.dynamic_creds [-] Dynamic test user 6a500e01058b4ba88c9fedb013a99f42 is created with scope project and roles: ['member']
2025-11-20 18:30:52.159 66199 INFO tempest.lib.common.dynamic_creds [-] Acquired dynamic creds: credentials: Credentials: {'domain_id': 'default', 'domain_name': 'Default', 'username': 'tempest-ServersTestJSON-949624035-project-member', 'project_domain_id': 'default', 'project_domain_name': 'Default', 'project_id': 'd8adcbe1274a45cf9c317dfb573bc856', 'project_name': 'tempest-ServersTestJSON-949624035', 'tenant_id': 'd8adcbe1274a45cf9c317dfb573bc856', 'tenant_name': 'tempest-ServersTestJSON-949624035', 'user_domain_id': 'default', 'user_domain_name': 'Default', 'user_id': '6a500e01058b4ba88c9fedb013a99f42', 'system': None}, Network: None, Subnet: None, Router: None
2025-11-20 18:30:52.160 66151 INFO tempest.lib.common.rest_client [req-020e4d09-c916-42bc-b3bd-076e6b2a4a39 req-020e4d09-c916-42bc-b3bd-076e6b2a4a39 ] Request (ServerMetadataTestJSON:setUp): 200 PUT http://10.180.1.21/compute/v2.1/servers/aa230bd5-32d2-4f85-b6fd-fc21097977c1/metadata 3.165s
2025-11-20 18:30:52.179 66191 INFO tempest.lib.common.rest_client [req-adb7068e-70c6-4884-a572-7cf44d153f6c req-adb7068e-70c6-4884-a572-7cf44d153f6c ] Request (ServerTagsTestJSON:test_create_delete_tag): 200 GET http://10.180.1.21/compute/v2.1/servers/dae3ff14-1c9d-461c-a4d9-cb02a323db5e/tags 2.776s
2025-11-20 18:30:52.197 66203 INFO tempest.lib.common.rest_client [req-d8bcadd8-21a3-45c0-8166-a00b01089d4d req-d8bcadd8-21a3-45c0-8166-a00b01089d4d ] Request (ImagesDeleteNegativeTestJSON:test_delete_image_non_hex_string_id): 404 DELETE http://10.180.1.21/compute/v2.1/images/59c95651-b529-4c9b-8fa6-c6969f094e1j 2.774s
2025-11-20 18:30:52.233 66199 INFO tempest.lib.common.rest_client [req-227834f6-5978-4109-841f-74b8f009b4c9 req-227834f6-5978-4109-841f-74b8f009b4c9 ] Request (ServersTestJSON:setUpClass): 201 POST http://10.180.1.21/identity/v3/auth/tokens 0.074s
2025-11-20 18:30:52.299 66143 INFO tempest.lib.common.rest_client [req-5bebfbdc-a5e4-4560-b11a-ec6eacaed908 req-5bebfbdc-a5e4-4560-b11a-ec6eacaed908 ] Request (ServerPasswordTestJSON:tearDownClass): 200 GET http://10.180.1.21/compute/v2.1/servers/16552e1b-4370-4e60-8ccf-0b45c885cea5 2.592s
2025-11-20 18:30:52.300 66153 INFO tempest.lib.common.rest_client [req-fae0f8e2-75fe-467f-bcde-29ef82c8825c req-fae0f8e2-75fe-467f-bcde-29ef82c8825c ] Request (FloatingIPsAssociationTestJSON:test_associate_disassociate_floating_ip): 200 GET http://10.180.1.21/compute/v2.1/os-floating-ips/be190fb1-c3fe-4340-bcdb-66fd0e38fd9c 2.976s
2025-11-20 18:30:52.371 66179 INFO tempest.lib.common.rest_client [req-c5b7c92c-25f3-4703-a932-4e1924eec412 req-c5b7c92c-25f3-4703-a932-4e1924eec412 ] Request (ServerActionsTestOtherB:setUpClass): 200 GET http://10.180.1.21/compute/v2.1/servers/a222589e-6005-4c91-a8a6-89835c61edc4 2.542s
2025-11-20 18:30:52.383 66159 INFO tempest.lib.common.rest_client [req-c8f0002c-1ab7-4ed6-b3b1-828a4d02a85c req-c8f0002c-1ab7-4ed6-b3b1-828a4d02a85c ] Request (ImagesOneServerTestJSON:tearDownClass): 200 GET http://10.180.1.21/compute/v2.1/servers/9b42e3b7-97d6-477e-a015-69ca899f0dca 2.203s
2025-11-20 18:30:52.486 66197 INFO tempest.lib.common.rest_client [req-65b34c67-6ed5-48ea-8fc5-80165f9a2714 req-65b34c67-6ed5-48ea-8fc5-80165f9a2714 ] Request (ServersAdmin275Test:test_rebuild_update_server_275): 200 PUT http://10.180.1.21/compute/v2.1/servers/fad5ae9f-0627-488e-a796-f69bbda7f393 1.806s
2025-11-20 18:30:52.592 66147 INFO tempest.lib.common.rest_client [req-a17b3eeb-32ad-4174-ae2a-32c519197cd6 req-a17b3eeb-32ad-4174-ae2a-32c519197cd6 ] Request (DeleteServersTestJSON:test_delete_active_server): 200 GET http://10.180.1.21/compute/v2.1/servers/1e67ba00-2664-414b-b58a-8595f720af80 1.734s
2025-11-20 18:30:52.609 66199 INFO tempest.lib.common.rest_client [req-9a04c468-ccd2-4742-bb9e-28de5d5efc3b req-9a04c468-ccd2-4742-bb9e-28de5d5efc3b ] Request (ServersTestJSON:setUpClass): 201 POST http://10.180.1.21/networking/v2.0/networks 0.374s
2025-11-20 18:30:52.627 66201 INFO tempest.lib.common.rest_client [req-9e4fcd6e-e494-46a5-a2e3-2c41ff8f5685 req-9e4fcd6e-e494-46a5-a2e3-2c41ff8f5685 ] Request (ServerShowV257Test:test_rebuild_server): 202 POST http://10.180.1.21/compute/v2.1/servers/2682dfd1-04f6-4919-bb42-094497418191/action 2.132s
2025-11-20 18:30:52.695 66161 INFO tempest.lib.common.rest_client [req-327a37e6-cebe-48e7-9cfe-f3cbe065cdc4 req-327a37e6-cebe-48e7-9cfe-f3cbe065cdc4 ] Request (ServerActionsV293TestJSON:tearDownClass): 204 DELETE http://10.180.1.21/compute/v2.1/servers/51182df7-8928-48ba-b920-53f8c0f155fa 1.559s
2025-11-20 18:30:52.803 66187 INFO paramiko.transport [-] Connected (version 2.0, client dropbear_2020.81)
2025-11-20 18:30:52.842 66199 INFO tempest.lib.common.rest_client [req-bef3df8e-a59c-4941-a5e1-fc6253d5c9fe req-bef3df8e-a59c-4941-a5e1-fc6253d5c9fe ] Request (ServersTestJSON:setUpClass): 201 POST http://10.180.1.21/networking/v2.0/subnets 0.233s
2025-11-20 18:30:52.866 66187 INFO paramiko.transport [-] Authentication (publickey) successful!
2025-11-20 18:30:52.866 66187 INFO tempest.lib.common.ssh [-] ssh connection to cirros@10.180.180.234 successfully created
2025-11-20 18:30:52.878 66177 INFO tempest.lib.common.rest_client [req-0501ef3f-2e5d-4d35-8ff1-3a58a71b3b4a req-0501ef3f-2e5d-4d35-8ff1-3a58a71b3b4a ] Request (ServersAdminTestJSON:setUpClass): 200 GET http://10.180.1.21/compute/v2.1/servers/03f81ebc-819b-4f8b-a322-24408a4db31e 1.650s
2025-11-20 18:30:52.939 66163 INFO tempest.lib.common.rest_client [req-6b87cde5-9271-46dc-9fb7-3243a5a92aec req-6b87cde5-9271-46dc-9fb7-3243a5a92aec ] Request (VolumesAssistedSnapshotsTest:tearDownClass): 200 GET http://10.180.1.21/compute/v2.1/servers/cbc5d592-422e-4917-8d9d-6ed142c529fe 1.644s
2025-11-20 18:30:52.982 66177 INFO tempest.lib.common.rest_client [req-c39482d2-ed2b-48f6-a69c-eedd540f7d7f req-c39482d2-ed2b-48f6-a69c-eedd540f7d7f ] Request (ServersAdminTestJSON:test_create_server_with_scheduling_hint): 201 POST http://10.180.1.21/identity/v3/auth/tokens 0.092s
2025-11-20 18:30:52.982 66177 INFO tempest.lib.common.fixed_network [-] (ServersAdminTestJSON:test_create_server_with_scheduling_hint) Found network {'id': '89cdbb18-b13e-48de-88c1-d8f7714832f4', 'name': 'tempest-ServersAdminTestJSON-1046478659-network', 'tenant_id': 'e2b4bcc486f245ac98b788b6dbb0a297', 'project_id': 'e2b4bcc486f245ac98b788b6dbb0a297', 'admin_state_up': True, 'mtu': 8950, 'status': 'ACTIVE', 'subnets': [], 'shared': False, 'port_security_enabled': True, 'router:external': False, 'provider:network_type': 'vlan', 'provider:physical_network': 'default', 'provider:segmentation_id': 452, 'availability_zone_hints': [], 'availability_zones': [], 'ipv4_address_scope': None, 'ipv6_address_scope': None, 'description': '', 'tags': [], 'created_at': '2025-11-20T18:30:02Z', 'updated_at': '2025-11-20T18:30:02Z', 'revision_number': 1} available for tenant
2025-11-20 18:30:53.133 66169 INFO tempest.lib.common.rest_client [req-2708e893-5532-405b-b475-0025fc8f8bd8 req-2708e893-5532-405b-b475-0025fc8f8bd8 ] Request (SecurityGroupsTestJSON:test_security_groups_create_list_delete): 200 POST http://10.180.1.21/compute/v2.1/os-security-groups 1.521s
2025-11-20 18:30:53.284 66173 INFO tempest.lib.common.rest_client [req-682f21e2-1c37-41dc-ad5a-5b2cc9bcb43b req-682f21e2-1c37-41dc-ad5a-5b2cc9bcb43b ] Request (ServersTestMultiNic:test_verify_duplicate_network_nics): 200 GET http://10.180.1.21/compute/v2.1/servers/068acf6b-a62e-4fb2-b1f6-fb3f6737c4da 1.768s
2025-11-20 18:30:53.471 66145 INFO tempest.lib.common.rest_client [req-98de6ac4-1ea8-46ef-bec1-4f4e855cab46 req-98de6ac4-1ea8-46ef-bec1-4f4e855cab46 ] Request (SecurityGroupRulesNegativeTestJSON:test_create_security_group_rule_with_invalid_ip_protocol): 400 POST http://10.180.1.21/compute/v2.1/os-security-group-rules 1.552s
2025-11-20 18:30:53.500 66183 INFO tempest.lib.common.rest_client [req-7dd747e5-642b-4d22-9083-95342e9f5487 req-7dd747e5-642b-4d22-9083-95342e9f5487 ] Request (FlavorsAdminTestJSON:test_is_public_string_variations): 200 GET http://10.180.1.21/compute/v2.1/flavors/detail?is_public=true 1.449s
2025-11-20 18:30:53.523 66165 INFO tempest.lib.common.rest_client [req-17b10494-198d-4efe-b620-1682dad4c4e8 req-17b10494-198d-4efe-b620-1682dad4c4e8 ] Request (AggregatesAdminNegativeTestJSON:_run_cleanups): 200 DELETE http://10.180.1.21/compute/v2.1/os-aggregates/8 1.453s
2025-11-20 18:30:53.541 66167 INFO tempest.lib.common.rest_client [req-841336ed-c877-4526-8f3e-05d48fe9f120 req-841336ed-c877-4526-8f3e-05d48fe9f120 ] Request (FloatingIPsAssociationNegativeTestJSON:test_associate_nonexistent_floating_ip): 404 POST http://10.180.1.21/compute/v2.1/servers/5339f973-2440-42cb-a859-147145b9976a/action 1.917s
2025-11-20 18:30:53.607 66191 INFO tempest.lib.common.rest_client [req-5f55b45c-8307-4d38-8c94-3f7f2da6f7a3 req-5f55b45c-8307-4d38-8c94-3f7f2da6f7a3 ] Request (ServerTagsTestJSON:test_create_delete_tag): 204 DELETE http://10.180.1.21/compute/v2.1/servers/dae3ff14-1c9d-461c-a4d9-cb02a323db5e/tags/tempest-tag-586421778 1.427s
2025-11-20 18:30:53.626 66203 INFO tempest.lib.common.rest_client [req-7004064f-5c01-4dab-a0df-9f17d4a43d46 req-7004064f-5c01-4dab-a0df-9f17d4a43d46 ] Request (ImagesDeleteNegativeTestJSON:test_delete_image_with_id_over_character_limit): 404 DELETE http://10.180.1.21/compute/v2.1/images/60d8b979-b2e6-49d4-a135-ca44ba08dc7c1 1.427s
2025-11-20 18:30:53.635 66151 INFO tempest.lib.common.rest_client [req-4eea7438-94e1-46e8-9203-c01c82aab4d8 req-4eea7438-94e1-46e8-9203-c01c82aab4d8 ] Request (ServerMetadataTestJSON:test_set_server_metadata): 200 PUT http://10.180.1.21/compute/v2.1/servers/aa230bd5-32d2-4f85-b6fd-fc21097977c1/metadata 1.474s
2025-11-20 18:30:53.651 66165 INFO tempest.lib.common.rest_client [req-c4267af6-51eb-4172-b739-2ce10000c27b req-c4267af6-51eb-4172-b739-2ce10000c27b ] Request (AggregatesAdminNegativeTestJSON:tearDownClass): 204 DELETE http://10.180.1.21/identity/v3/users/9b1eb209a0ae4cc4abff6f3db288f3d4 0.127s
2025-11-20 18:30:53.684 66205 WARNING tempest.lib.common.ssh [-] Failed to establish authenticated ssh connection to cirros@10.180.180.163 ([Errno None] Unable to connect to port 22 on 10.180.180.163). Number attempts: 5. Retry after 6 seconds.: paramiko.ssh_exception.NoValidConnectionsError: [Errno None] Unable to connect to port 22 on 10.180.180.163
2025-11-20 18:30:53.735 66199 INFO tempest.lib.common.rest_client [req-959e32d6-9baf-4c73-8cb9-e441437e4566 req-959e32d6-9baf-4c73-8cb9-e441437e4566 ] Request (ServersTestJSON:setUpClass): 201 POST http://10.180.1.21/networking/v2.0/routers 0.892s
2025-11-20 18:30:53.756 66165 INFO tempest.lib.common.rest_client [req-ff52936d-22c4-47ba-b50d-cd95cd6c9543 req-ff52936d-22c4-47ba-b50d-cd95cd6c9543 ] Request (AggregatesAdminNegativeTestJSON:tearDownClass): 204 DELETE http://10.180.1.21/identity/v3/users/c60936e87f2d44c5b382028b3cd0c9b2 0.105s
2025-11-20 18:30:53.758 66165 INFO tempest.lib.common.dynamic_creds [-] Deleting project and security group for project: e946f49617bd4a939d6a283453f3ea38
2025-11-20 18:30:53.824 66165 INFO tempest.lib.common.rest_client [req-94f60261-8632-4a0a-b2d5-6bc8f3e2ee9d req-94f60261-8632-4a0a-b2d5-6bc8f3e2ee9d ] Request (AggregatesAdminNegativeTestJSON:tearDownClass): 201 POST http://10.180.1.21/identity/v3/auth/tokens 0.065s
2025-11-20 18:30:54.206 66197 INFO tempest.lib.common.rest_client [req-a67596a3-f46f-4710-9a4a-fc4c5da4a93f req-a67596a3-f46f-4710-9a4a-fc4c5da4a93f ] Request (ServersAdmin275Test:test_rebuild_update_server_275): 200 GET http://10.180.1.21/compute/v2.1/servers/fad5ae9f-0627-488e-a796-f69bbda7f393 1.698s
2025-11-20 18:30:54.633 66165 INFO tempest.lib.common.rest_client [req-4a2c263e-1bdc-4810-b064-d51b11f292ea req-4a2c263e-1bdc-4810-b064-d51b11f292ea ] Request (AggregatesAdminNegativeTestJSON:tearDownClass): 200 GET http://10.180.1.21/networking/v2.0/security-groups?tenant_id=e946f49617bd4a939d6a283453f3ea38&name=default 0.809s
2025-11-20 18:30:55.316 66199 INFO tempest.lib.common.rest_client [req-b2b7d9ce-8b80-45fa-86f0-9216634175fc req-b2b7d9ce-8b80-45fa-86f0-9216634175fc ] Request (ServersTestJSON:setUpClass): 200 PUT http://10.180.1.21/networking/v2.0/routers/e638c6f3-df2e-4ccd-8328-dff7f0d7b372/add_router_interface 1.581s
2025-11-20 18:30:55.316 66199 INFO tempest.lib.common.dynamic_creds [-] Created isolated network resources for: credentials: Credentials: {'domain_id': 'default', 'domain_name': 'Default', 'username': 'tempest-ServersTestJSON-949624035-project-member', 'project_domain_id': 'default', 'project_domain_name': 'Default', 'project_id': 'd8adcbe1274a45cf9c317dfb573bc856', 'project_name': 'tempest-ServersTestJSON-949624035', 'tenant_id': 'd8adcbe1274a45cf9c317dfb573bc856', 'tenant_name': 'tempest-ServersTestJSON-949624035', 'user_domain_id': 'default', 'user_domain_name': 'Default', 'user_id': '6a500e01058b4ba88c9fedb013a99f42', 'system': None}, Network: {'id': 'fb195ae1-c433-4a21-b38a-9d64378543d1', 'name': 'tempest-ServersTestJSON-865979550-network', 'tenant_id': 'd8adcbe1274a45cf9c317dfb573bc856', 'project_id': 'd8adcbe1274a45cf9c317dfb573bc856', 'admin_state_up': True, 'mtu': 8950, 'status': 'ACTIVE', 'subnets': [], 'shared': False, 'port_security_enabled': True, 'router:external': False, 'provider:network_type': 'vlan', 'provider:physical_network': 'default', 'provider:segmentation_id': 526, 'availability_zone_hints': [], 'availability_zones': [], 'ipv4_address_scope': None, 'ipv6_address_scope': None, 'description': '', 'tags': [], 'created_at': '2025-11-20T18:30:52Z', 'updated_at': '2025-11-20T18:30:52Z', 'revision_number': 1}, Subnet: {'id': '318a2a51-7bd6-46de-9d0c-1f441d867880', 'name': 'tempest-ServersTestJSON-865979550-subnet', 'tenant_id': 'd8adcbe1274a45cf9c317dfb573bc856', 'network_id': 'fb195ae1-c433-4a21-b38a-9d64378543d1', 'ip_version': 4, 'subnetpool_id': None, 'enable_dhcp': True, 'ipv6_ra_mode': None, 'ipv6_address_mode': None, 'gateway_ip': '192.168.128.1', 'cidr': '192.168.128.0/28', 'allocation_pools': [{'start': '192.168.128.2', 'end': '192.168.128.14'}], 'host_routes': [], 'dns_nameservers': [], 'description': '', 'router:external': False, 'service_types': [], 'tags': [], 'created_at': '2025-11-20T18:30:52Z', 'updated_at': '2025-11-20T18:30:52Z', 'revision_number': 0, 'project_id': 'd8adcbe1274a45cf9c317dfb573bc856'}, Router: {'id': 'e638c6f3-df2e-4ccd-8328-dff7f0d7b372', 'name': 'tempest-ServersTestJSON-865979550-router', 'tenant_id': 'd8adcbe1274a45cf9c317dfb573bc856', 'admin_state_up': True, 'status': 'ACTIVE', 'external_gateway_info': {'network_id': '5aed003b-1871-4e1c-a51e-8a20f20648d3', 'external_fixed_ips': [{'subnet_id': 'af3bf08b-eebd-4f4e-afd8-9bacac836b2f', 'ip_address': '10.180.180.139'}], 'enable_snat': True}, 'description': '', 'availability_zones': [], 'distributed': False, 'ha': False, 'availability_zone_hints': [], 'routes': [], 'flavor_id': None, 'tags': [], 'created_at': '2025-11-20T18:30:52Z', 'updated_at': '2025-11-20T18:30:53Z', 'revision_number': 2, 'project_id': 'd8adcbe1274a45cf9c317dfb573bc856'}
2025-11-20 18:30:55.349 66201 INFO tempest.lib.common.rest_client [req-f89cdf35-bee1-4bf4-9c44-ee69e41c0c63 req-f89cdf35-bee1-4bf4-9c44-ee69e41c0c63 ] Request (ServerShowV257Test:test_rebuild_server): 200 GET http://10.180.1.21/compute/v2.1/servers/2682dfd1-04f6-4919-bb42-094497418191 2.708s
2025-11-20 18:30:55.412 66199 INFO tempest.lib.common.rest_client [req-9bfbb2c8-8af0-472e-9364-bb633f23546e req-9bfbb2c8-8af0-472e-9364-bb633f23546e ] Request (ServersTestJSON:setUpClass): 201 POST http://10.180.1.21/identity/v3/auth/tokens 0.088s
2025-11-20 18:30:55.432 66199 INFO tempest.lib.common.rest_client [req-a8827546-51c0-4006-bbfb-049f1d814816 req-a8827546-51c0-4006-bbfb-049f1d814816 ] Request (ServersTestJSON:setUpClass): 200 GET http://10.180.1.21/identity/v3/projects/d8adcbe1274a45cf9c317dfb573bc856 0.020s
2025-11-20 18:30:55.433 66199 INFO tempest.lib.common.dynamic_creds [-] Using the existing project d8adcbe1274a45cf9c317dfb573bc856 for scope project and roles: ['reader']
2025-11-20 18:30:55.460 66199 INFO tempest.lib.common.rest_client [req-aa5947c3-8168-4ef1-8707-3bc3fc84ae65 req-aa5947c3-8168-4ef1-8707-3bc3fc84ae65 ] Request (ServersTestJSON:setUpClass): 201 POST http://10.180.1.21/identity/v3/users 0.026s
2025-11-20 18:30:55.479 66199 INFO tempest.lib.common.rest_client [req-f1d1d36c-1ec5-46bd-9f51-4a274f55fae4 req-f1d1d36c-1ec5-46bd-9f51-4a274f55fae4 ] Request (ServersTestJSON:setUpClass): 200 GET http://10.180.1.21/identity/v3/roles 0.019s
2025-11-20 18:30:55.504 66199 INFO tempest.lib.common.rest_client [req-8148845d-8534-400e-b91e-4328ea4facc9 req-8148845d-8534-400e-b91e-4328ea4facc9 ] Request (ServersTestJSON:setUpClass): 204 PUT http://10.180.1.21/identity/v3/projects/d8adcbe1274a45cf9c317dfb573bc856/users/ae4d6f5990954dfca2c68f5e7e8e5b5f/roles/a735b0a10f504e478dc32dcf94b08aea 0.024s
2025-11-20 18:30:55.504 66199 INFO tempest.lib.common.dynamic_creds [-] Dynamic test user ae4d6f5990954dfca2c68f5e7e8e5b5f is created with scope project and roles: ['reader']
2025-11-20 18:30:55.504 66199 INFO tempest.lib.common.dynamic_creds [-] Acquired dynamic creds: credentials: Credentials: {'domain_id': 'default', 'domain_name': 'Default', 'username': 'tempest-ServersTestJSON-949624035-project-reader', 'project_domain_id': 'default', 'project_domain_name': 'Default', 'project_id': 'd8adcbe1274a45cf9c317dfb573bc856', 'project_name': 'tempest-ServersTestJSON-949624035', 'tenant_id': 'd8adcbe1274a45cf9c317dfb573bc856', 'tenant_name': 'tempest-ServersTestJSON-949624035', 'user_domain_id': 'default', 'user_domain_name': 'Default', 'user_id': 'ae4d6f5990954dfca2c68f5e7e8e5b5f', 'system': None}, Network: None, Subnet: None, Router: None
2025-11-20 18:30:55.504 66199 INFO tempest.lib.common.dynamic_creds [-] Network resources are not created for requested scope: project and credentials: Credentials: {'domain_id': 'default', 'domain_name': 'Default', 'username': 'tempest-ServersTestJSON-949624035-project-reader', 'project_domain_id': 'default', 'project_domain_name': 'Default', 'project_id': 'd8adcbe1274a45cf9c317dfb573bc856', 'project_name': 'tempest-ServersTestJSON-949624035', 'tenant_id': 'd8adcbe1274a45cf9c317dfb573bc856', 'tenant_name': 'tempest-ServersTestJSON-949624035', 'user_domain_id': 'default', 'user_domain_name': 'Default', 'user_id': 'ae4d6f5990954dfca2c68f5e7e8e5b5f', 'system': None}, Network: None, Subnet: None, Router: None
2025-11-20 18:30:55.514 66185 WARNING tempest.lib.common.ssh [-] Failed to establish authenticated ssh connection to cirros@10.180.180.206 ([Errno None] Unable to connect to port 22 on 10.180.180.206). Number attempts: 3. Retry after 4 seconds.: paramiko.ssh_exception.NoValidConnectionsError: [Errno None] Unable to connect to port 22 on 10.180.180.206
2025-11-20 18:30:55.556 66165 INFO tempest.lib.common.rest_client [req-14a7d1a9-464a-482c-addc-78eeceb34a45 req-14a7d1a9-464a-482c-addc-78eeceb34a45 ] Request (AggregatesAdminNegativeTestJSON:tearDownClass): 204 DELETE http://10.180.1.21/networking/v2.0/security-groups/c3dc539b-0508-4434-a3dc-3b4abfeef6e2 0.922s
2025-11-20 18:30:55.578 66199 INFO tempest.lib.common.rest_client [req-14fa93a3-19f3-4cae-a1c2-a94d39635f35 req-14fa93a3-19f3-4cae-a1c2-a94d39635f35 ] Request (ServersTestJSON:setUpClass): 201 POST http://10.180.1.21/identity/v3/auth/tokens 0.071s
2025-11-20 18:30:55.647 66199 INFO tempest.lib.common.rest_client [req-89e318d6-a78f-4d99-ba51-479af306eabc req-89e318d6-a78f-4d99-ba51-479af306eabc ] Request (ServersTestJSON:test_create_server_specify_multibyte_character_name): 201 POST http://10.180.1.21/identity/v3/auth/tokens 0.065s
2025-11-20 18:30:55.648 66199 INFO tempest.lib.common.fixed_network [-] (ServersTestJSON:test_create_server_specify_multibyte_character_name) Found network {'id': 'fb195ae1-c433-4a21-b38a-9d64378543d1', 'name': 'tempest-ServersTestJSON-865979550-network', 'tenant_id': 'd8adcbe1274a45cf9c317dfb573bc856', 'project_id': 'd8adcbe1274a45cf9c317dfb573bc856', 'admin_state_up': True, 'mtu': 8950, 'status': 'ACTIVE', 'subnets': [], 'shared': False, 'port_security_enabled': True, 'router:external': False, 'provider:network_type': 'vlan', 'provider:physical_network': 'default', 'provider:segmentation_id': 526, 'availability_zone_hints': [], 'availability_zones': [], 'ipv4_address_scope': None, 'ipv6_address_scope': None, 'description': '', 'tags': [], 'created_at': '2025-11-20T18:30:52Z', 'updated_at': '2025-11-20T18:30:52Z', 'revision_number': 1} available for tenant
2025-11-20 18:30:55.666 66165 INFO tempest.lib.common.rest_client [req-0dd2b585-7b67-44d4-9eda-23a9b12a9ff0 req-0dd2b585-7b67-44d4-9eda-23a9b12a9ff0 ] Request (AggregatesAdminNegativeTestJSON:tearDownClass): 204 DELETE http://10.180.1.21/identity/v3/projects/e946f49617bd4a939d6a283453f3ea38 0.109s
2025-11-20 18:30:55.667 66165 INFO tempest.lib.common.dynamic_creds [-] Deleting project and security group for project: a2a1c0acd2e84da08c3b2b4b7d89d1c5
2025-11-20 18:30:56.160 66161 INFO tempest.lib.common.rest_client [req-c14b81d5-ed08-40cb-b33c-8a93435f62bd req-c14b81d5-ed08-40cb-b33c-8a93435f62bd ] Request (ServerActionsV293TestJSON:tearDownClass): 200 GET http://10.180.1.21/compute/v2.1/servers/51182df7-8928-48ba-b920-53f8c0f155fa 3.464s
