2025-11-20 18:31:11.830 66159 INFO tempest.lib.common.rest_client [req-b3c0f38e-6244-43bb-9c4a-33c276220223 req-b3c0f38e-6244-43bb-9c4a-33c276220223 ] Request (ImagesOneServerTestJSON:tearDownClass): 204 DELETE http://10.180.1.21/networking/v2.0/routers/1ca88a23-cd82-47d2-9bc8-db2a391cae1b 0.576s
2025-11-20 18:31:11.864 66195 INFO tempest.lib.common.rest_client [req-0102c25b-041c-4836-8582-0590af1bb556 req-0102c25b-041c-4836-8582-0590af1bb556 ] Request (ServerRescueTestJSONUnderV235:setUpClass): 200 GET http://10.180.1.21/compute/v2.1/servers/c2b98da0-8288-4379-b2cb-79814a5ced36 2.132s
2025-11-20 18:31:12.003 66203 INFO tempest.lib.common.rest_client [req-00d7a856-7cd0-4321-8d53-9d028ad580cf req-00d7a856-7cd0-4321-8d53-9d028ad580cf ] Request (ServersTestManualDisk:setUpClass): 202 POST http://10.180.1.21/compute/v2.1/servers 2.444s
2025-11-20 18:31:12.040 66185 INFO paramiko.transport [-] Connected (version 2.0, client dropbear_2020.81)
2025-11-20 18:31:12.044 66145 INFO tempest.lib.common.rest_client [req-0e23bccd-cbdf-4f07-8de4-82f94866ef72 req-0e23bccd-cbdf-4f07-8de4-82f94866ef72 ] Request (SecurityGroupRulesNegativeTestJSON:tearDownClass): 204 DELETE http://10.180.1.21/networking/v2.0/subnets/b4629c68-85fd-47af-9c86-adb85d58db58 0.218s
2025-11-20 18:31:12.140 66151 INFO tempest.lib.common.rest_client [req-5d9f114d-cb25-466f-b61f-6f571980575b req-5d9f114d-cb25-466f-b61f-6f571980575b ] Request (ServerMetadataTestJSON:tearDownClass): 204 DELETE http://10.180.1.21/compute/v2.1/servers/aa230bd5-32d2-4f85-b6fd-fc21097977c1 2.332s
2025-11-20 18:31:12.148 66185 INFO paramiko.transport [-] Authentication (publickey) successful!
2025-11-20 18:31:12.149 66185 INFO tempest.lib.common.ssh [-] ssh connection to cirros@10.180.180.206 successfully created
2025-11-20 18:31:12.173 66205 INFO tempest.lib.common.rest_client [req-7c522805-0af4-4b11-bbe4-caf0eb4fc6c5 req-7c522805-0af4-4b11-bbe4-caf0eb4fc6c5 ] Request (AttachInterfacesUnderV243Test:test_add_remove_fixed_ip): 202 POST http://10.180.1.21/compute/v2.1/servers/8a13997b-3f40-4e6f-bc51-31138ba8ecda/action 2.190s
2025-11-20 18:31:12.230 66169 INFO tempest.lib.common.rest_client [req-afc216ec-d1d9-4398-9fff-361cf1754449 req-afc216ec-d1d9-4398-9fff-361cf1754449 ] Request (SecurityGroupsTestJSON:test_server_security_groups): 200 POST http://10.180.1.21/compute/v2.1/os-security-groups 2.458s
2025-11-20 18:31:12.231 66159 INFO tempest.lib.common.rest_client [req-54106694-f6bd-48e2-8c8d-19c7c67bf05e req-54106694-f6bd-48e2-8c8d-19c7c67bf05e ] Request (ImagesOneServerTestJSON:tearDownClass): 204 DELETE http://10.180.1.21/networking/v2.0/subnets/0e52d1a7-9ae3-46d8-b4db-f4e44d37f1b9 0.400s
2025-11-20 18:31:12.270 66191 INFO tempest.lib.common.rest_client [req-96594639-1cc9-4b18-8c1b-bd0891d5f367 req-96594639-1cc9-4b18-8c1b-bd0891d5f367 ] Request (ServerTagsTestJSON:_run_cleanups): 204 DELETE http://10.180.1.21/compute/v2.1/servers/dae3ff14-1c9d-461c-a4d9-cb02a323db5e/tags 1.997s
2025-11-20 18:31:12.480 66143 INFO tempest.lib.common.rest_client [req-963d2c5c-a061-4b81-8fd8-e7432010f270 req-963d2c5c-a061-4b81-8fd8-e7432010f270 ] Request (ServerShowV254Test:test_rebuild_server): 202 POST http://10.180.1.21/compute/v2.1/servers 2.199s
2025-11-20 18:31:12.486 66165 INFO tempest.lib.common.rest_client [req-94d7a7b1-6203-4cdb-a579-232b5b6e1b9e req-94d7a7b1-6203-4cdb-a579-232b5b6e1b9e ] Request (HostsAdminNegativeTestJSON:test_update_host_with_invalid_status): 400 PUT http://10.180.1.21/compute/v2.1/os-hosts/devstack 1.903s
2025-11-20 18:31:12.564 66145 INFO tempest.lib.common.rest_client [req-3ccfb19e-a3a5-4e0c-8c37-f27b696c5a8f req-3ccfb19e-a3a5-4e0c-8c37-f27b696c5a8f ] Request (SecurityGroupRulesNegativeTestJSON:tearDownClass): 204 DELETE http://10.180.1.21/networking/v2.0/networks/2acacac6-5322-46a0-a8bd-fa5e07fd5be5 0.518s
2025-11-20 18:31:12.567 66159 INFO tempest.lib.common.rest_client [req-eff0f287-02c4-428d-bf14-876e8e72a3fa req-eff0f287-02c4-428d-bf14-876e8e72a3fa ] Request (ImagesOneServerTestJSON:tearDownClass): 204 DELETE http://10.180.1.21/networking/v2.0/networks/c122b4e7-398e-4cf8-8710-daf799beb06e 0.336s
2025-11-20 18:31:12.674 66179 INFO tempest.lib.common.rest_client [req-7a66e79a-750d-48a8-8a18-0358f48da34e req-7a66e79a-750d-48a8-8a18-0358f48da34e ] Request (ServerActionsTestOtherB:setUpClass): 200 GET http://10.180.1.21/compute/v2.1/servers/a222589e-6005-4c91-a8a6-89835c61edc4 2.328s
2025-11-20 18:31:12.747 66159 INFO tempest.lib.common.rest_client [req-9d5b6185-610d-419a-a416-337a87c21755 req-9d5b6185-610d-419a-a416-337a87c21755 ] Request (ImagesOneServerTestJSON:tearDownClass): 204 DELETE http://10.180.1.21/identity/v3/users/e7fff95f85194b5e97b858e1d0e80de7 0.179s
2025-11-20 18:31:12.747 66159 INFO tempest.lib.common.dynamic_creds [-] Deleting project and security group for project: bd79b62be71d4138acdca21a2f31e1f5
2025-11-20 18:31:12.755 66145 INFO tempest.lib.common.rest_client [req-3ef13607-2563-4976-9c41-5f04c6617b65 req-3ef13607-2563-4976-9c41-5f04c6617b65 ] Request (SecurityGroupRulesNegativeTestJSON:tearDownClass): 204 DELETE http://10.180.1.21/identity/v3/users/9502e9c54658489d977970276b9a07fe 0.191s
2025-11-20 18:31:12.755 66145 INFO tempest.lib.common.dynamic_creds [-] Deleting project and security group for project: fe526f19d2164b169f886214b2a56af3
2025-11-20 18:31:12.766 66199 INFO tempest.lib.common.rest_client [req-d04c4802-5150-4311-be60-74379f64507a req-d04c4802-5150-4311-be60-74379f64507a ] Request (ServersTestJSON:test_create_server_specify_multibyte_character_name): 200 GET http://10.180.1.21/compute/v2.1/servers/4f3ea81f-e630-4d2b-9f0e-a7844b4f58a8 1.983s
2025-11-20 18:31:12.803 66171 INFO tempest.lib.common.rest_client [req-381d77c8-c136-41ae-8ff7-9ac2d424daa0 req-381d77c8-c136-41ae-8ff7-9ac2d424daa0 ] Request (ServerDiskConfigTestJSON:test_rebuild_server_with_manual_disk_config): 200 GET http://10.180.1.21/compute/v2.1/servers/4d0c1a1e-226b-4846-bbd8-e403004a8ef1 2.134s
2025-11-20 18:31:12.818 66159 INFO tempest.lib.common.rest_client [req-5114aea5-a040-4a9c-b1b3-4df2c6e71fb2 req-5114aea5-a040-4a9c-b1b3-4df2c6e71fb2 ] Request (ImagesOneServerTestJSON:tearDownClass): 200 GET http://10.180.1.21/networking/v2.0/security-groups?tenant_id=bd79b62be71d4138acdca21a2f31e1f5&name=default 0.071s
2025-11-20 18:31:12.839 66145 INFO tempest.lib.common.rest_client [req-fcf5cff7-e604-4170-bbfd-75bc01527d64 req-fcf5cff7-e604-4170-bbfd-75bc01527d64 ] Request (SecurityGroupRulesNegativeTestJSON:tearDownClass): 200 GET http://10.180.1.21/networking/v2.0/security-groups?tenant_id=fe526f19d2164b169f886214b2a56af3&name=default 0.084s
2025-11-20 18:31:12.841 66201 INFO tempest.lib.common.rest_client [req-0f1bf8d0-a244-400f-9c0b-ac7c68bd2efd req-0f1bf8d0-a244-400f-9c0b-ac7c68bd2efd ] Request (ServerShowV257Test:tearDownClass): 200 GET http://10.180.1.21/compute/v2.1/servers/2682dfd1-04f6-4919-bb42-094497418191 1.964s
2025-11-20 18:31:12.915 66159 INFO tempest.lib.common.rest_client [req-85c9f50a-d1f0-40ab-ba70-efa3949ace79 req-85c9f50a-d1f0-40ab-ba70-efa3949ace79 ] Request (ImagesOneServerTestJSON:tearDownClass): 204 DELETE http://10.180.1.21/networking/v2.0/security-groups/d4dbba22-1776-40b8-870a-27023feff10d 0.096s
2025-11-20 18:31:12.935 66153 INFO tempest.lib.common.rest_client [req-853d7c18-c68d-4667-9397-9d8956ff03e5 req-853d7c18-c68d-4667-9397-9d8956ff03e5 ] Request (FloatingIPsAssociationTestJSON:tearDownClass): 200 GET http://10.180.1.21/compute/v2.1/servers/eeb54ce7-fba0-4632-9028-d6483428089d 1.959s
2025-11-20 18:31:13.018 66145 INFO tempest.lib.common.rest_client [req-48fc54b5-7b9c-401f-b411-237e025feaab req-48fc54b5-7b9c-401f-b411-237e025feaab ] Request (SecurityGroupRulesNegativeTestJSON:tearDownClass): 204 DELETE http://10.180.1.21/networking/v2.0/security-groups/32105cc3-33dd-4956-a925-4700fd56a7ea 0.178s
2025-11-20 18:31:13.041 66173 INFO tempest.lib.common.rest_client [req-de17a6c5-2e94-49d9-8fa1-55e05f357d72 req-de17a6c5-2e94-49d9-8fa1-55e05f357d72 ] Request (ServersTestMultiNic:_run_cleanups): 200 GET http://10.180.1.21/compute/v2.1/servers/068acf6b-a62e-4fb2-b1f6-fb3f6737c4da 1.981s
2025-11-20 18:31:13.061 66189 INFO tempest.lib.common.rest_client [req-d2f5a3e5-8aab-4695-bd29-c4398481bbd5 req-d2f5a3e5-8aab-4695-bd29-c4398481bbd5 ] Request (ListServersNegativeTestJSON:tearDownClass): 200 GET http://10.180.1.21/compute/v2.1/servers/b8c14a85-3ba6-43cb-9f99-35e0fe74bb0c 1.946s
2025-11-20 18:31:13.092 66159 INFO tempest.lib.common.rest_client [req-646ae7cf-3a6c-4fcd-9b00-b1e72b8e8ae8 req-646ae7cf-3a6c-4fcd-9b00-b1e72b8e8ae8 ] Request (ImagesOneServerTestJSON:tearDownClass): 204 DELETE http://10.180.1.21/identity/v3/projects/bd79b62be71d4138acdca21a2f31e1f5 0.176s
2025-11-20 18:31:13.132 66145 INFO tempest.lib.common.rest_client [req-eedfb6d0-eb55-4c13-a8ec-8d339a87ecc7 req-eedfb6d0-eb55-4c13-a8ec-8d339a87ecc7 ] Request (SecurityGroupRulesNegativeTestJSON:tearDownClass): 204 DELETE http://10.180.1.21/identity/v3/projects/fe526f19d2164b169f886214b2a56af3 0.113s
2025-11-20 18:31:13.163 66147 INFO tempest.lib.common.rest_client [req-cdcbd8da-70ad-4bdd-af23-28afdf1ade6f req-cdcbd8da-70ad-4bdd-af23-28afdf1ade6f ] Request (DeleteServersTestJSON:test_delete_server_while_in_attached_volume): 200 GET http://10.180.1.21/compute/v2.1/servers/e337e07e-35e2-44dc-8ef7-7fc8ecf3945c 1.992s
2025-11-20 18:31:13.187 66163 INFO tempest.lib.common.rest_client [req-234a0877-5b26-4f44-ac63-04280e100027 req-234a0877-5b26-4f44-ac63-04280e100027 ] Request (VolumesAssistedSnapshotsTest:tearDownClass): 200 GET http://10.180.1.21/compute/v2.1/servers/cbc5d592-422e-4917-8d9d-6ed142c529fe 2.060s
2025-11-20 18:31:13.208 66159 INFO tempest.lib.common.rest_client [req-d1dbc9ed-c12e-4b8b-9f38-d80c9b52e7f1 req-d1dbc9ed-c12e-4b8b-9f38-d80c9b52e7f1 ] Request (ServerActionsTestJSON:setUpClass): 201 POST http://10.180.1.21/identity/v3/auth/tokens 0.114s
2025-11-20 18:31:13.221 66145 INFO tempest.lib.common.rest_client [req-6f610fc5-dacf-4d3f-8154-893201bed278 req-6f610fc5-dacf-4d3f-8154-893201bed278 ] Request (ServerRescueTestJSON:setUpClass): 201 POST http://10.180.1.21/identity/v3/auth/tokens 0.087s
2025-11-20 18:31:13.261 66159 INFO tempest.lib.common.rest_client [req-3effa831-db51-4ae2-87e8-57f4c92bdf1f req-3effa831-db51-4ae2-87e8-57f4c92bdf1f ] Request (ServerActionsTestJSON:setUpClass): 201 POST http://10.180.1.21/identity/v3/auth/tokens 0.046s
2025-11-20 18:31:13.266 66145 INFO tempest.lib.common.rest_client [req-6676c36c-d97a-4966-9144-2c43c5494d16 req-6676c36c-d97a-4966-9144-2c43c5494d16 ] Request (ServerRescueTestJSON:setUpClass): 201 POST http://10.180.1.21/identity/v3/auth/tokens 0.042s
2025-11-20 18:31:13.298 66159 INFO tempest.lib.common.rest_client [req-90e0f52f-055d-4a46-af3c-9a4fce8d108b req-90e0f52f-055d-4a46-af3c-9a4fce8d108b ] Request (ServerActionsTestJSON:setUpClass): 200 GET http://10.180.1.21/identity/v3/domains?name=Default 0.036s
2025-11-20 18:31:13.302 66145 INFO tempest.lib.common.rest_client [req-36db1871-1dd5-402a-99be-2f9724c6ce7a req-36db1871-1dd5-402a-99be-2f9724c6ce7a ] Request (ServerRescueTestJSON:setUpClass): 200 GET http://10.180.1.21/identity/v3/domains?name=Default 0.034s
2025-11-20 18:31:13.333 66159 INFO tempest.lib.common.rest_client [req-8b07c8fb-a4d0-4b0d-b444-67e877a6f7e7 req-8b07c8fb-a4d0-4b0d-b444-67e877a6f7e7 ] Request (ServerActionsTestJSON:setUpClass): 201 POST http://10.180.1.21/identity/v3/projects 0.034s
2025-11-20 18:31:13.339 66145 INFO tempest.lib.common.rest_client [req-66b2223f-62a1-47ff-bf46-9e8f3e04f997 req-66b2223f-62a1-47ff-bf46-9e8f3e04f997 ] Request (ServerRescueTestJSON:setUpClass): 201 POST http://10.180.1.21/identity/v3/projects 0.036s
2025-11-20 18:31:13.425 66159 INFO tempest.lib.common.rest_client [req-2aec6977-4dc6-4382-944d-9eecff7be858 req-2aec6977-4dc6-4382-944d-9eecff7be858 ] Request (ServerActionsTestJSON:setUpClass): 201 POST http://10.180.1.21/identity/v3/users 0.092s
2025-11-20 18:31:13.425 66145 INFO tempest.lib.common.rest_client [req-54a18675-e425-4850-a412-293eabd9ad7f req-54a18675-e425-4850-a412-293eabd9ad7f ] Request (ServerRescueTestJSON:setUpClass): 201 POST http://10.180.1.21/identity/v3/users 0.086s
2025-11-20 18:31:13.458 66159 INFO tempest.lib.common.rest_client [req-5928d4ff-78ee-49e2-abae-e002721ecbf3 req-5928d4ff-78ee-49e2-abae-e002721ecbf3 ] Request (ServerActionsTestJSON:setUpClass): 200 GET http://10.180.1.21/identity/v3/roles 0.032s
2025-11-20 18:31:13.460 66145 INFO tempest.lib.common.rest_client [req-264148b5-6a95-4cd3-b937-8967554c4eb7 req-264148b5-6a95-4cd3-b937-8967554c4eb7 ] Request (ServerRescueTestJSON:setUpClass): 200 GET http://10.180.1.21/identity/v3/roles 0.034s
2025-11-20 18:31:13.472 66197 INFO tempest.lib.common.rest_client [req-24284972-d514-44c5-8df0-91a0a4f7e6d8 req-24284972-d514-44c5-8df0-91a0a4f7e6d8 ] Request (ServersAdmin275Test:test_rebuild_update_server_275): 200 GET http://10.180.1.21/compute/v2.1/servers/fad5ae9f-0627-488e-a796-f69bbda7f393 2.274s
2025-11-20 18:31:13.485 66167 INFO tempest.lib.common.rest_client [req-2621c13b-eaec-48ce-b794-7025b16dbe2a req-2621c13b-eaec-48ce-b794-7025b16dbe2a ] Request (FloatingIPsAssociationNegativeTestJSON:tearDownClass): 200 GET http://10.180.1.21/compute/v2.1/servers/5339f973-2440-42cb-a859-147145b9976a 2.224s
2025-11-20 18:31:13.499 66159 INFO tempest.lib.common.rest_client [req-ef104b15-684f-4108-ac20-e852203498c0 req-ef104b15-684f-4108-ac20-e852203498c0 ] Request (ServerActionsTestJSON:setUpClass): 204 PUT http://10.180.1.21/identity/v3/projects/1e18cee6d7b048c8b867a37e028a1ed1/users/2fc452e110704dd8bb427386dd47d5c5/roles/04972a7f85ff4109b5de299d7eeda480 0.040s
2025-11-20 18:31:13.499 66159 INFO tempest.lib.common.dynamic_creds [-] Dynamic test user 2fc452e110704dd8bb427386dd47d5c5 is created with scope project and roles: ['member']
2025-11-20 18:31:13.500 66159 INFO tempest.lib.common.dynamic_creds [-] Acquired dynamic creds: credentials: Credentials: {'domain_id': 'default', 'domain_name': 'Default', 'username': 'tempest-ServerActionsTestJSON-1762461206-project-member', 'project_domain_id': 'default', 'project_domain_name': 'Default', 'project_id': '1e18cee6d7b048c8b867a37e028a1ed1', 'project_name': 'tempest-ServerActionsTestJSON-1762461206', 'tenant_id': '1e18cee6d7b048c8b867a37e028a1ed1', 'tenant_name': 'tempest-ServerActionsTestJSON-1762461206', 'user_domain_id': 'default', 'user_domain_name': 'Default', 'user_id': '2fc452e110704dd8bb427386dd47d5c5', 'system': None}, Network: None, Subnet: None, Router: None
2025-11-20 18:31:13.507 66145 INFO tempest.lib.common.rest_client [req-30e943b9-8f7b-4755-a6fb-8d6a9825de03 req-30e943b9-8f7b-4755-a6fb-8d6a9825de03 ] Request (ServerRescueTestJSON:setUpClass): 204 PUT http://10.180.1.21/identity/v3/projects/7a339f81413a4f529863573055f89b02/users/1cdd212444f8416499e579e4ec819588/roles/04972a7f85ff4109b5de299d7eeda480 0.046s
2025-11-20 18:31:13.507 66145 INFO tempest.lib.common.dynamic_creds [-] Dynamic test user 1cdd212444f8416499e579e4ec819588 is created with scope project and roles: ['member']
2025-11-20 18:31:13.507 66145 INFO tempest.lib.common.dynamic_creds [-] Acquired dynamic creds: credentials: Credentials: {'domain_id': 'default', 'domain_name': 'Default', 'username': 'tempest-ServerRescueTestJSON-1507270341-project-member', 'project_domain_id': 'default', 'project_domain_name': 'Default', 'project_id': '7a339f81413a4f529863573055f89b02', 'project_name': 'tempest-ServerRescueTestJSON-1507270341', 'tenant_id': '7a339f81413a4f529863573055f89b02', 'tenant_name': 'tempest-ServerRescueTestJSON-1507270341', 'user_domain_id': 'default', 'user_domain_name': 'Default', 'user_id': '1cdd212444f8416499e579e4ec819588', 'system': None}, Network: None, Subnet: None, Router: None
2025-11-20 18:31:13.539 66149 INFO tempest.lib.common.rest_client [req-ef89571a-6205-4990-bbdc-c688cf0b047d req-ef89571a-6205-4990-bbdc-c688cf0b047d ] Request (ListImageFiltersTestJSON:setUpClass): 200 GET http://10.180.1.21/compute/v2.1/images/e0b1b290-cdbb-4a55-9c86-6c7556d04915 2.224s
2025-11-20 18:31:13.575 66183 INFO tempest.lib.common.rest_client [req-9b96235e-253d-4e21-a12e-0d7be9a99fc2 req-9b96235e-253d-4e21-a12e-0d7be9a99fc2 ] Request (FlavorsAdminTestJSON:test_list_public_flavor_with_other_user): 200 GET http://10.180.1.21/compute/v2.1/flavors/detail 2.193s
2025-11-20 18:31:13.580 66187 INFO tempest.lib.common.rest_client [req-4ec8ea10-47de-4d0e-89b2-e810cf4aa16c req-4ec8ea10-47de-4d0e-89b2-e810cf4aa16c ] Request (ServersTestFqdnHostnames:tearDownClass): 200 GET http://10.180.1.21/compute/v2.1/servers/8a33ccfe-396e-4278-8ed1-f70610a279ba 2.303s
2025-11-20 18:31:13.588 66159 INFO tempest.lib.common.rest_client [req-f7e073e1-fd46-4f6e-acba-7792c6d5296f req-f7e073e1-fd46-4f6e-acba-7792c6d5296f ] Request (ServerActionsTestJSON:setUpClass): 201 POST http://10.180.1.21/identity/v3/auth/tokens 0.088s
2025-11-20 18:31:13.592 66145 INFO tempest.lib.common.rest_client [req-446d5413-d7d1-488d-a1c4-9004060ec036 req-446d5413-d7d1-488d-a1c4-9004060ec036 ] Request (ServerRescueTestJSON:setUpClass): 201 POST http://10.180.1.21/identity/v3/auth/tokens 0.084s
2025-11-20 18:31:13.676 66181 WARNING tempest.lib.common.ssh [-] Failed to establish authenticated ssh connection to cirros@10.180.180.156 ([Errno None] Unable to connect to port 22 on 10.180.180.156). Number attempts: 2. Retry after 3 seconds.: paramiko.ssh_exception.NoValidConnectionsError: [Errno None] Unable to connect to port 22 on 10.180.180.156
2025-11-20 18:31:13.892 66159 INFO tempest.lib.common.rest_client [req-ea54c572-9353-4602-9193-ba2bcbe1a7b4 req-ea54c572-9353-4602-9193-ba2bcbe1a7b4 ] Request (ServerActionsTestJSON:setUpClass): 201 POST http://10.180.1.21/networking/v2.0/networks 0.303s
2025-11-20 18:31:13.919 66203 INFO tempest.lib.common.rest_client [req-2ac748e2-7fb1-438b-9248-d3cb6bf00943 req-2ac748e2-7fb1-438b-9248-d3cb6bf00943 ] Request (ServersTestManualDisk:setUpClass): 200 GET http://10.180.1.21/compute/v2.1/servers/8726608c-2a5b-4be1-b5de-b4ce163884a4 1.914s
2025-11-20 18:31:13.921 66145 INFO tempest.lib.common.rest_client [req-bcc0fa9d-484a-4770-9456-d8295d5abdc0 req-bcc0fa9d-484a-4770-9456-d8295d5abdc0 ] Request (ServerRescueTestJSON:setUpClass): 201 POST http://10.180.1.21/networking/v2.0/networks 0.328s
2025-11-20 18:31:13.949 66161 INFO tempest.lib.common.rest_client [req-115de38c-1d29-4eaa-b405-84bd7fbd7484 req-115de38c-1d29-4eaa-b405-84bd7fbd7484 ] Request (ServerActionsV293TestJSON:tearDownClass): 200 GET http://10.180.1.21/compute/v2.1/servers/51182df7-8928-48ba-b920-53f8c0f155fa 2.554s
2025-11-20 18:31:14.112 66159 INFO tempest.lib.common.rest_client [req-7ddfa0ef-68a6-4735-9368-09d700db3e59 req-7ddfa0ef-68a6-4735-9368-09d700db3e59 ] Request (ServerActionsTestJSON:setUpClass): 201 POST http://10.180.1.21/networking/v2.0/subnets 0.220s
2025-11-20 18:31:14.252 66175 WARNING tempest.lib.common.ssh [-] Failed to establish authenticated ssh connection to cirros@10.180.180.199 ([Errno None] Unable to connect to port 22 on 10.180.180.199). Number attempts: 10. Retry after 11 seconds.: paramiko.ssh_exception.NoValidConnectionsError: [Errno None] Unable to connect to port 22 on 10.180.180.199
2025-11-20 18:31:14.303 66145 INFO tempest.lib.common.rest_client [req-cff5fc55-a172-40e3-8c3d-4389f213f7ef req-cff5fc55-a172-40e3-8c3d-4389f213f7ef ] Request (ServerRescueTestJSON:setUpClass): 201 POST http://10.180.1.21/networking/v2.0/subnets 0.381s
2025-11-20 18:31:14.408 66185 INFO tempest.lib.common.rest_client [req-6196d720-ec64-4e75-b49b-dd8062d11bfe req-6196d720-ec64-4e75-b49b-dd8062d11bfe ] Request (AttachInterfacesTestJSON:test_create_list_show_delete_interfaces_by_fixed_ip): 200 GET http://10.180.1.21/compute/v2.1/servers/d627ecde-c86e-4855-b516-310639d35a59/os-interface 2.258s
2025-11-20 18:31:14.442 66205 INFO tempest.lib.common.rest_client [req-57d532b4-b6be-41ad-afdd-c7cebb4d88be req-57d532b4-b6be-41ad-afdd-c7cebb4d88be ] Request (AttachInterfacesUnderV243Test:test_add_remove_fixed_ip): 200 GET http://10.180.1.21/compute/v2.1/servers/8a13997b-3f40-4e6f-bc51-31138ba8ecda/ips 2.268s
2025-11-20 18:31:15.145 66159 INFO tempest.lib.common.rest_client [req-c4b48ef8-e3ed-4c62-b93f-ed5e6e965f96 req-c4b48ef8-e3ed-4c62-b93f-ed5e6e965f96 ] Request (ServerActionsTestJSON:setUpClass): 201 POST http://10.180.1.21/networking/v2.0/routers 1.032s
2025-11-20 18:31:15.711 66169 INFO tempest.lib.common.rest_client [req-aea5f034-61a0-45d2-a39f-831d37ae4a69 req-aea5f034-61a0-45d2-a39f-831d37ae4a69 ] Request (SecurityGroupsTestJSON:test_server_security_groups): 200 POST http://10.180.1.21/compute/v2.1/os-security-groups 3.477s
2025-11-20 18:31:15.759 66151 INFO tempest.lib.common.rest_client [req-8ebaab27-7df3-4edf-9dd6-69cacabe4fb7 req-8ebaab27-7df3-4edf-9dd6-69cacabe4fb7 ] Request (ServerMetadataTestJSON:tearDownClass): 200 GET http://10.180.1.21/compute/v2.1/servers/aa230bd5-32d2-4f85-b6fd-fc21097977c1 3.619s
2025-11-20 18:31:15.803 66169 INFO tempest.lib.common.rest_client [req-52920dd8-758e-48f3-9338-88fba34edebe req-52920dd8-758e-48f3-9338-88fba34edebe ] Request (SecurityGroupsTestJSON:test_server_security_groups): 201 POST http://10.180.1.21/identity/v3/auth/tokens 0.086s
2025-11-20 18:31:15.804 66169 INFO tempest.lib.common.fixed_network [-] (SecurityGroupsTestJSON:test_server_security_groups) Found network {'id': 'bbe927b9-6fe2-4a6d-8bd9-62d0cc0d80ac', 'name': 'tempest-SecurityGroupsTestJSON-447544540-network', 'tenant_id': '51883ec605cb45e2b708cbc98e4b70c0', 'project_id': '51883ec605cb45e2b708cbc98e4b70c0', 'admin_state_up': True, 'mtu': 8950, 'status': 'ACTIVE', 'subnets': [], 'shared': False, 'port_security_enabled': True, 'router:external': False, 'provider:network_type': 'vlan', 'provider:physical_network': 'default', 'provider:segmentation_id': 628, 'availability_zone_hints': [], 'availability_zones': [], 'ipv4_address_scope': None, 'ipv6_address_scope': None, 'description': '', 'tags': [], 'created_at': '2025-11-20T18:29:23Z', 'updated_at': '2025-11-20T18:29:23Z', 'revision_number': 1} available for tenant
2025-11-20 18:31:15.825 66191 INFO tempest.lib.common.rest_client [req-1d053aee-1002-4374-a545-5e1f93499abf req-1d053aee-1002-4374-a545-5e1f93499abf ] Request (ServerTagsTestJSON:tearDownClass): 204 DELETE http://10.180.1.21/compute/v2.1/servers/dae3ff14-1c9d-461c-a4d9-cb02a323db5e 3.549s
2025-11-20 18:31:15.896 66145 INFO tempest.lib.common.rest_client [req-a210f0e0-324c-44a9-9aa0-b19168a7f8ea req-a210f0e0-324c-44a9-9aa0-b19168a7f8ea ] Request (ServerRescueTestJSON:setUpClass): 201 POST http://10.180.1.21/networking/v2.0/routers 1.593s
2025-11-20 18:31:16.203 66177 INFO tempest.lib.common.rest_client [req-10f8b21d-c78f-46dd-9153-fc140ae16c4b req-10f8b21d-c78f-46dd-9153-fc140ae16c4b ] Request (ServersAdminTestJSON:test_create_server_with_scheduling_hint): 200 GET http://10.180.1.21/compute/v2.1/servers/df79a212-4334-4bf5-9b72-dc4af493d701 3.837s
2025-11-20 18:31:16.215 66165 INFO tempest.lib.common.rest_client [req-c38fb89e-03b2-4ec4-bf4d-58d40d63e0b2 req-c38fb89e-03b2-4ec4-bf4d-58d40d63e0b2 ] Request (HostsAdminNegativeTestJSON:test_update_host_with_non_admin_user): 403 PUT http://10.180.1.21/compute/v2.1/os-hosts/devstack 3.728s
2025-11-20 18:31:16.220 66143 INFO tempest.lib.common.rest_client [req-285a3fb5-0bd2-4f6c-a3f6-b680d44c35f7 req-285a3fb5-0bd2-4f6c-a3f6-b680d44c35f7 ] Request (ServerShowV254Test:test_rebuild_server): 200 GET http://10.180.1.21/compute/v2.1/servers/34959524-776e-489f-bb4e-c319ce0196ef 3.738s
2025-11-20 18:31:16.309 66183 INFO tempest.lib.common.rest_client [req-d097545f-0762-4603-9c98-c41a9e97e4d3 req-d097545f-0762-4603-9c98-c41a9e97e4d3 ] Request (FlavorsAdminTestJSON:_run_cleanups): 202 DELETE http://10.180.1.21/compute/v2.1/flavors/21288497 2.723s
2025-11-20 18:31:16.891 66159 INFO tempest.lib.common.rest_client [req-e54466a8-dc67-42dc-8994-f0275d48000d req-e54466a8-dc67-42dc-8994-f0275d48000d ] Request (ServerActionsTestJSON:setUpClass): 200 PUT http://10.180.1.21/networking/v2.0/routers/20c09d8a-fb5c-4fc6-81ae-9348c383872c/add_router_interface 1.745s
2025-11-20 18:31:16.891 66159 INFO tempest.lib.common.dynamic_creds [-] Created isolated network resources for: credentials: Credentials: {'domain_id': 'default', 'domain_name': 'Default', 'username': 'tempest-ServerActionsTestJSON-1762461206-project-member', 'project_domain_id': 'default', 'project_domain_name': 'Default', 'project_id': '1e18cee6d7b048c8b867a37e028a1ed1', 'project_name': 'tempest-ServerActionsTestJSON-1762461206', 'tenant_id': '1e18cee6d7b048c8b867a37e028a1ed1', 'tenant_name': 'tempest-ServerActionsTestJSON-1762461206', 'user_domain_id': 'default', 'user_domain_name': 'Default', 'user_id': '2fc452e110704dd8bb427386dd47d5c5', 'system': None}, Network: {'id': '2fcbb583-721c-4ad4-95df-b653a07a7389', 'name': 'tempest-ServerActionsTestJSON-619924841-network', 'tenant_id': '1e18cee6d7b048c8b867a37e028a1ed1', 'project_id': '1e18cee6d7b048c8b867a37e028a1ed1', 'admin_state_up': True, 'mtu': 8950, 'status': 'ACTIVE', 'subnets': [], 'shared': False, 'port_security_enabled': True, 'router:external': False, 'provider:network_type': 'vlan', 'provider:physical_network': 'default', 'provider:segmentation_id': 755, 'availability_zone_hints': [], 'availability_zones': [], 'ipv4_address_scope': None, 'ipv6_address_scope': None, 'description': '', 'tags': [], 'created_at': '2025-11-20T18:31:13Z', 'updated_at': '2025-11-20T18:31:13Z', 'revision_number': 1}, Subnet: {'id': 'fbc9f4df-280e-4fc5-9513-1730d60f437f', 'name': 'tempest-ServerActionsTestJSON-619924841-subnet', 'tenant_id': '1e18cee6d7b048c8b867a37e028a1ed1', 'network_id': '2fcbb583-721c-4ad4-95df-b653a07a7389', 'ip_version': 4, 'subnetpool_id': None, 'enable_dhcp': True, 'ipv6_ra_mode': None, 'ipv6_address_mode': None, 'gateway_ip': '192.168.128.1', 'cidr': '192.168.128.0/28', 'allocation_pools': [{'start': '192.168.128.2', 'end': '192.168.128.14'}], 'host_routes': [], 'dns_nameservers': [], 'description': '', 'router:external': False, 'service_types': [], 'tags': [], 'created_at': '2025-11-20T18:31:13Z', 'updated_at': '2025-11-20T18:31:13Z', 'revision_number': 0, 'project_id': '1e18cee6d7b048c8b867a37e028a1ed1'}, Router: {'id': '20c09d8a-fb5c-4fc6-81ae-9348c383872c', 'name': 'tempest-ServerActionsTestJSON-619924841-router', 'tenant_id': '1e18cee6d7b048c8b867a37e028a1ed1', 'admin_state_up': True, 'status': 'ACTIVE', 'external_gateway_info': {'network_id': '5aed003b-1871-4e1c-a51e-8a20f20648d3', 'external_fixed_ips': [{'subnet_id': 'af3bf08b-eebd-4f4e-afd8-9bacac836b2f', 'ip_address': '10.180.180.174'}], 'enable_snat': True}, 'description': '', 'availability_zones': [], 'distributed': False, 'ha': False, 'availability_zone_hints': [], 'routes': [], 'flavor_id': None, 'tags': [], 'created_at': '2025-11-20T18:31:14Z', 'updated_at': '2025-11-20T18:31:14Z', 'revision_number': 2, 'project_id': '1e18cee6d7b048c8b867a37e028a1ed1'}
2025-11-20 18:31:17.009 66159 INFO tempest.lib.common.rest_client [req-82e05230-6842-41ed-ab93-f681edd46c48 req-82e05230-6842-41ed-ab93-f681edd46c48 ] Request (ServerActionsTestJSON:setUpClass): 201 POST http://10.180.1.21/identity/v3/auth/tokens 0.113s
2025-11-20 18:31:17.154 66195 INFO tempest.lib.common.rest_client [req-f0b78489-d9df-4fba-b52e-574dcd0f90fc req-f0b78489-d9df-4fba-b52e-574dcd0f90fc ] Request (ServerRescueTestJSONUnderV235:setUpClass): 200 GET http://10.180.1.21/compute/v2.1/servers/c2b98da0-8288-4379-b2cb-79814a5ced36 4.281s
2025-11-20 18:31:17.168 66195 INFO tempest.common.waiters [-] State transition "BUILD/None" ==> "BUILD/spawning" after 25 second wait
2025-11-20 18:31:17.175 66179 INFO tempest.lib.common.rest_client [req-7a7054ad-cab7-4eca-aac4-a7396f72472e req-7a7054ad-cab7-4eca-aac4-a7396f72472e ] Request (ServerActionsTestOtherB:setUpClass): 200 GET http://10.180.1.21/compute/v2.1/servers/a222589e-6005-4c91-a8a6-89835c61edc4 3.489s
2025-11-20 18:31:17.186 66179 INFO tempest.common.waiters [-] State transition "BUILD/spawning" ==> "ACTIVE/None" after 29 second wait
2025-11-20 18:31:17.333 66199 INFO tempest.lib.common.rest_client [req-aac9010d-5368-43cc-81ee-34ebdc8a3c06 req-aac9010d-5368-43cc-81ee-34ebdc8a3c06 ] Request (ServersTestJSON:test_create_server_specify_multibyte_character_name): 200 GET http://10.180.1.21/compute/v2.1/servers/4f3ea81f-e630-4d2b-9f0e-a7844b4f58a8 3.558s
2025-11-20 18:31:17.366 66145 INFO tempest.lib.common.rest_client [req-3e5f64a0-55ec-45fe-bba5-e7dccfcbcb2c req-3e5f64a0-55ec-45fe-bba5-e7dccfcbcb2c ] Request (ServerRescueTestJSON:setUpClass): 200 PUT http://10.180.1.21/networking/v2.0/routers/3b29387b-016f-4e01-97b1-103c9b4f150f/add_router_interface 1.468s
2025-11-20 18:31:17.366 66145 INFO tempest.lib.common.dynamic_creds [-] Created isolated network resources for: credentials: Credentials: {'domain_id': 'default', 'domain_name': 'Default', 'username': 'tempest-ServerRescueTestJSON-1507270341-project-member', 'project_domain_id': 'default', 'project_domain_name': 'Default', 'project_id': '7a339f81413a4f529863573055f89b02', 'project_name': 'tempest-ServerRescueTestJSON-1507270341', 'tenant_id': '7a339f81413a4f529863573055f89b02', 'tenant_name': 'tempest-ServerRescueTestJSON-1507270341', 'user_domain_id': 'default', 'user_domain_name': 'Default', 'user_id': '1cdd212444f8416499e579e4ec819588', 'system': None}, Network: {'id': '0c32acea-13c0-42fd-839b-72b89765f1fc', 'name': 'tempest-ServerRescueTestJSON-416061894-network', 'tenant_id': '7a339f81413a4f529863573055f89b02', 'project_id': '7a339f81413a4f529863573055f89b02', 'admin_state_up': True, 'mtu': 8950, 'status': 'ACTIVE', 'subnets': [], 'shared': False, 'port_security_enabled': True, 'router:external': False, 'provider:network_type': 'vlan', 'provider:physical_network': 'default', 'provider:segmentation_id': 70, 'availability_zone_hints': [], 'availability_zones': [], 'ipv4_address_scope': None, 'ipv6_address_scope': None, 'description': '', 'tags': [], 'created_at': '2025-11-20T18:31:13Z', 'updated_at': '2025-11-20T18:31:13Z', 'revision_number': 1}, Subnet: {'id': '94d8ce72-d485-49c3-b7a0-f59497ba33d5', 'name': 'tempest-ServerRescueTestJSON-416061894-subnet', 'tenant_id': '7a339f81413a4f529863573055f89b02', 'network_id': '0c32acea-13c0-42fd-839b-72b89765f1fc', 'ip_version': 4, 'subnetpool_id': None, 'enable_dhcp': False, 'ipv6_ra_mode': None, 'ipv6_address_mode': None, 'gateway_ip': '192.168.128.1', 'cidr': '192.168.128.0/28', 'allocation_pools': [{'start': '192.168.128.2', 'end': '192.168.128.14'}], 'host_routes': [], 'dns_nameservers': [], 'description': '', 'router:external': False, 'service_types': [], 'tags': [], 'created_at': '2025-11-20T18:31:14Z', 'updated_at': '2025-11-20T18:31:14Z', 'revision_number': 0, 'project_id': '7a339f81413a4f529863573055f89b02'}, Router: {'id': '3b29387b-016f-4e01-97b1-103c9b4f150f', 'name': 'tempest-ServerRescueTestJSON-416061894-router', 'tenant_id': '7a339f81413a4f529863573055f89b02', 'admin_state_up': True, 'status': 'ACTIVE', 'external_gateway_info': {'network_id': '5aed003b-1871-4e1c-a51e-8a20f20648d3', 'external_fixed_ips': [{'subnet_id': 'af3bf08b-eebd-4f4e-afd8-9bacac836b2f', 'ip_address': '10.180.180.129'}], 'enable_snat': True}, 'description': '', 'availability_zones': [], 'distributed': False, 'ha': False, 'availability_zone_hints': [], 'routes': [], 'flavor_id': None, 'tags': [], 'created_at': '2025-11-20T18:31:15Z', 'updated_at': '2025-11-20T18:31:15Z', 'revision_number': 2, 'project_id': '7a339f81413a4f529863573055f89b02'}
2025-11-20 18:31:17.455 66201 INFO tempest.lib.common.rest_client [req-b908ed0e-d292-438d-9afb-ce999ad14aed req-b908ed0e-d292-438d-9afb-ce999ad14aed ] Request (ServerShowV257Test:tearDownClass): 200 GET http://10.180.1.21/compute/v2.1/servers/2682dfd1-04f6-4919-bb42-094497418191 3.600s
2025-11-20 18:31:17.472 66171 INFO tempest.lib.common.rest_client [req-24ae02b9-8b13-4ad1-be9e-397331935673 req-24ae02b9-8b13-4ad1-be9e-397331935673 ] Request (ServerDiskConfigTestJSON:test_rebuild_server_with_manual_disk_config): 200 GET http://10.180.1.21/compute/v2.1/servers/4d0c1a1e-226b-4846-bbd8-e403004a8ef1 3.659s
2025-11-20 18:31:17.483 66171 INFO tempest.common.waiters [-] State transition "REBUILD/rebuild_spawning" ==> "ACTIVE/None" after 13 second wait
2025-11-20 18:31:17.527 66145 INFO tempest.lib.common.rest_client [req-0c0cd192-7cb9-4c54-a33b-4dccadeadaec req-0c0cd192-7cb9-4c54-a33b-4dccadeadaec ] Request (ServerRescueTestJSON:setUpClass): 201 POST http://10.180.1.21/identity/v3/auth/tokens 0.151s
2025-11-20 18:31:17.572 66153 INFO tempest.lib.common.rest_client [req-93917bc6-3567-4829-a64b-d8d1afcf89ea req-93917bc6-3567-4829-a64b-d8d1afcf89ea ] Request (FloatingIPsAssociationTestJSON:tearDownClass): 200 GET http://10.180.1.21/compute/v2.1/servers/eeb54ce7-fba0-4632-9028-d6483428089d 3.628s
2025-11-20 18:31:17.583 66145 INFO tempest.lib.common.rest_client [req-c6657564-67f6-44c9-a947-29a9c573f538 req-c6657564-67f6-44c9-a947-29a9c573f538 ] Request (ServerRescueTestJSON:setUpClass): 201 POST http://10.180.1.21/identity/v3/auth/tokens 0.043s
2025-11-20 18:31:17.583 66145 INFO tempest.lib.common.fixed_network [-] (ServerRescueTestJSON:setUpClass) Found network {'id': '0c32acea-13c0-42fd-839b-72b89765f1fc', 'name': 'tempest-ServerRescueTestJSON-416061894-network', 'tenant_id': '7a339f81413a4f529863573055f89b02', 'project_id': '7a339f81413a4f529863573055f89b02', 'admin_state_up': True, 'mtu': 8950, 'status': 'ACTIVE', 'subnets': [], 'shared': False, 'port_security_enabled': True, 'router:external': False, 'provider:network_type': 'vlan', 'provider:physical_network': 'default', 'provider:segmentation_id': 70, 'availability_zone_hints': [], 'availability_zones': [], 'ipv4_address_scope': None, 'ipv6_address_scope': None, 'description': '', 'tags': [], 'created_at': '2025-11-20T18:31:13Z', 'updated_at': '2025-11-20T18:31:13Z', 'revision_number': 1} available for tenant
2025-11-20 18:31:17.585 66153 INFO tempest.common.waiters [-] State transition "ACTIVE/deleting" ==> "DELETED/None" after 8 second wait
2025-11-20 18:31:17.588 66173 INFO tempest.lib.common.rest_client [req-9b37ac74-e31b-4e6b-b1db-46fa5e5ae257 req-9b37ac74-e31b-4e6b-b1db-46fa5e5ae257 ] Request (ServersTestMultiNic:_run_cleanups): 200 GET http://10.180.1.21/compute/v2.1/servers/068acf6b-a62e-4fb2-b1f6-fb3f6737c4da 3.537s
2025-11-20 18:31:17.645 66189 INFO tempest.lib.common.rest_client [req-2bb94eea-8ef6-4ebb-97f9-9632951a32e6 req-2bb94eea-8ef6-4ebb-97f9-9632951a32e6 ] Request (ListServersNegativeTestJSON:tearDownClass): 200 GET http://10.180.1.21/compute/v2.1/servers/b8c14a85-3ba6-43cb-9f99-35e0fe74bb0c 3.569s
2025-11-20 18:31:17.654 66147 INFO tempest.lib.common.rest_client [req-64ce1628-78f4-4ffa-a0e9-b4765621fae4 req-64ce1628-78f4-4ffa-a0e9-b4765621fae4 ] Request (DeleteServersTestJSON:test_delete_server_while_in_attached_volume): 200 GET http://10.180.1.21/compute/v2.1/servers/e337e07e-35e2-44dc-8ef7-7fc8ecf3945c 3.478s
2025-11-20 18:31:17.720 66163 INFO tempest.lib.common.rest_client [req-fb38cb95-145d-457a-8c50-8efcb837a375 req-fb38cb95-145d-457a-8c50-8efcb837a375 ] Request (VolumesAssistedSnapshotsTest:tearDownClass): 200 GET http://10.180.1.21/compute/v2.1/servers/cbc5d592-422e-4917-8d9d-6ed142c529fe 3.521s
2025-11-20 18:31:17.769 66185 INFO tempest.lib.common.rest_client [req-25a2e320-cac1-432d-b2fa-35623cc5f5dc req-25a2e320-cac1-432d-b2fa-35623cc5f5dc ] Request (AttachInterfacesTestJSON:test_create_list_show_delete_interfaces_by_fixed_ip): 200 GET http://10.180.1.21/compute/v2.1/servers/d627ecde-c86e-4855-b516-310639d35a59/os-interface/e507b497-c474-4afb-9572-1921b3ee3cce 3.358s
2025-11-20 18:31:17.806 66197 INFO tempest.lib.common.rest_client [req-ff48e8f4-347b-4560-8da8-464fe81efcf3 req-ff48e8f4-347b-4560-8da8-464fe81efcf3 ] Request (ServersAdmin275Test:test_rebuild_update_server_275): 200 GET http://10.180.1.21/compute/v2.1/servers/fad5ae9f-0627-488e-a796-f69bbda7f393 3.315s
2025-11-20 18:31:17.826 66197 INFO tempest.common.waiters [-] State transition "BUILD/None" ==> "BUILD/spawning" after 23 second wait
2025-11-20 18:31:17.856 66167 INFO tempest.lib.common.rest_client [req-44f4ec4d-9119-4fb7-ae98-e89263d9ca36 req-44f4ec4d-9119-4fb7-ae98-e89263d9ca36 ] Request (FloatingIPsAssociationNegativeTestJSON:tearDownClass): 200 GET http://10.180.1.21/compute/v2.1/servers/5339f973-2440-42cb-a859-147145b9976a 3.357s
2025-11-20 18:31:17.866 66185 INFO tempest.lib.common.rest_client [req-08a740bd-1b96-42e7-872a-0935a3859d6d req-08a740bd-1b96-42e7-872a-0935a3859d6d ] Request (AttachInterfacesTestJSON:test_create_list_show_delete_interfaces_by_fixed_ip): 200 GET http://10.180.1.21/networking/v2.0/ports?network_id=d81f934a-de03-4ba0-bd8c-6fb1863e809e 0.093s
2025-11-20 18:31:17.872 66149 INFO tempest.lib.common.rest_client [req-dfbb1672-f96c-441f-8252-ddb10f39d23d req-dfbb1672-f96c-441f-8252-ddb10f39d23d ] Request (ListImageFiltersTestJSON:setUpClass): 200 GET http://10.180.1.21/compute/v2.1/images/e0b1b290-cdbb-4a55-9c86-6c7556d04915 3.328s
2025-11-20 18:31:17.902 66185 INFO tempest.lib.common.rest_client [req-5b8b2933-9d86-4175-bdc6-6f2f0e3a0847 req-5b8b2933-9d86-4175-bdc6-6f2f0e3a0847 ] Request (AttachInterfacesTestJSON:test_create_list_show_delete_interfaces_by_fixed_ip): 200 GET http://10.180.1.21/networking/v2.0/subnets/3a62af78-bca4-46dc-8555-e09eb65ea2af 0.035s
2025-11-20 18:31:17.948 66187 INFO tempest.lib.common.rest_client [req-a5322004-1769-45f0-addb-7746fd06f89c req-a5322004-1769-45f0-addb-7746fd06f89c ] Request (ServersTestFqdnHostnames:tearDownClass): 200 GET http://10.180.1.21/compute/v2.1/servers/8a33ccfe-396e-4278-8ed1-f70610a279ba 3.356s
2025-11-20 18:31:17.949 66203 INFO tempest.lib.common.rest_client [req-8eaacac1-05a3-4d32-807d-91aec9fa6898 req-8eaacac1-05a3-4d32-807d-91aec9fa6898 ] Request (ServersTestManualDisk:setUpClass): 200 GET http://10.180.1.21/compute/v2.1/servers/8726608c-2a5b-4be1-b5de-b4ce163884a4 3.019s
2025-11-20 18:31:17.986 66205 INFO tempest.lib.common.rest_client [req-79f76be3-962f-4da8-8269-45825a5945f8 req-79f76be3-962f-4da8-8269-45825a5945f8 ] Request (AttachInterfacesUnderV243Test:test_add_remove_fixed_ip): 200 GET http://10.180.1.21/compute/v2.1/servers/8a13997b-3f40-4e6f-bc51-31138ba8ecda/ips 2.541s
2025-11-20 18:31:18.043 66161 INFO tempest.lib.common.rest_client [req-3f91784a-2a08-4667-8506-ce65df8ae4b4 req-3f91784a-2a08-4667-8506-ce65df8ae4b4 ] Request (ServerActionsV293TestJSON:tearDownClass): 200 GET http://10.180.1.21/compute/v2.1/servers/51182df7-8928-48ba-b920-53f8c0f155fa 3.083s
2025-11-20 18:31:18.292 66191 INFO tempest.lib.common.rest_client [req-fabc6c12-42cc-4e37-9bac-c3891cc93ca1 req-fabc6c12-42cc-4e37-9bac-c3891cc93ca1 ] Request (ServerTagsTestJSON:tearDownClass): 200 GET http://10.180.1.21/compute/v2.1/servers/dae3ff14-1c9d-461c-a4d9-cb02a323db5e 2.466s
2025-11-20 18:31:18.336 66165 INFO tempest.lib.common.rest_client [req-30bc1dfb-578f-4d30-b00c-305aecdc6425 req-30bc1dfb-578f-4d30-b00c-305aecdc6425 ] Request (HostsAdminNegativeTestJSON:test_update_host_without_param): 400 PUT http://10.180.1.21/compute/v2.1/os-hosts/devstack 2.120s
2025-11-20 18:31:18.362 66183 INFO tempest.lib.common.rest_client [req-3cb61c55-2f3b-4425-8de6-63f8af35c2d7 req-3cb61c55-2f3b-4425-8de6-63f8af35c2d7 ] Request (FlavorsAdminTestJSON:_run_cleanups): 200 GET http://10.180.1.21/compute/v2.1/flavors/detail 2.052s
2025-11-20 18:31:18.467 66151 INFO tempest.lib.common.rest_client [req-fda805e0-a2a2-4989-92ca-4f798ab83d27 req-fda805e0-a2a2-4989-92ca-4f798ab83d27 ] Request (ServerMetadataTestJSON:tearDownClass): 200 GET http://10.180.1.21/compute/v2.1/servers/aa230bd5-32d2-4f85-b6fd-fc21097977c1 1.699s
2025-11-20 18:31:18.475 66169 INFO tempest.lib.common.rest_client [req-b1bcc9a9-74de-419a-9334-5ebec5a27953 req-b1bcc9a9-74de-419a-9334-5ebec5a27953 ] Request (SecurityGroupsTestJSON:test_server_security_groups): 202 POST http://10.180.1.21/compute/v2.1/servers 2.670s
2025-11-20 18:31:18.477 66151 INFO tempest.common.waiters [-] State transition "ACTIVE/deleting" ==> "DELETED/None" after 3 second wait
2025-11-20 18:31:18.490 66183 INFO tempest.lib.common.rest_client [req-2e1ab1de-7973-4859-98a9-08611e8523df req-2e1ab1de-7973-4859-98a9-08611e8523df ] Request (FlavorsAdminTestJSON:tearDownClass): 204 DELETE http://10.180.1.21/identity/v3/users/80b7e4f0cce34995bf2775f663ad3484 0.116s
2025-11-20 18:31:18.547 66179 INFO tempest.lib.common.rest_client [req-66f8868a-6a6e-423b-b5d4-1282f744026f req-66f8868a-6a6e-423b-b5d4-1282f744026f ] Request (ServerActionsTestOtherB:setUpClass): 200 GET http://10.180.1.21/compute/v2.1/servers/a222589e-6005-4c91-a8a6-89835c61edc4/os-interface 1.358s
2025-11-20 18:31:18.622 66177 INFO tempest.lib.common.rest_client [req-99c580b6-f938-4a45-b6bc-ab822c63a918 req-99c580b6-f938-4a45-b6bc-ab822c63a918 ] Request (ServersAdminTestJSON:test_create_server_with_scheduling_hint): 200 GET http://10.180.1.21/compute/v2.1/servers/df79a212-4334-4bf5-9b72-dc4af493d701 1.399s
2025-11-20 18:31:18.622 66183 INFO tempest.lib.common.rest_client [req-65bcfcf8-8361-40c2-947d-9978916f3f4e req-65bcfcf8-8361-40c2-947d-9978916f3f4e ] Request (FlavorsAdminTestJSON:tearDownClass): 204 DELETE http://10.180.1.21/identity/v3/users/f4aa314b0fbf40d98c0873f171a8607b 0.131s
2025-11-20 18:31:18.623 66183 INFO tempest.lib.common.dynamic_creds [-] Deleting project and security group for project: d5d037d410364e469bcbef039fe4a4a2
2025-11-20 18:31:18.705 66159 INFO tempest.lib.common.rest_client [req-21937354-0d31-441a-95de-0a99419731a1 req-21937354-0d31-441a-95de-0a99419731a1 ] Request (ServerActionsTestJSON:setUpClass): 200 POST http://10.180.1.21/compute/v2.1/os-keypairs 1.692s
2025-11-20 18:31:18.718 66183 INFO tempest.lib.common.rest_client [req-9c0ee3da-9b1a-41f8-a13c-bfb5895ce388 req-9c0ee3da-9b1a-41f8-a13c-bfb5895ce388 ] Request (FlavorsAdminTestJSON:tearDownClass): 201 POST http://10.180.1.21/identity/v3/auth/tokens 0.095s
2025-11-20 18:31:18.737 66143 INFO tempest.lib.common.rest_client [req-4f07559e-d61e-4e70-83f6-05047e1cde82 req-4f07559e-d61e-4e70-83f6-05047e1cde82 ] Request (ServerShowV254Test:test_rebuild_server): 200 GET http://10.180.1.21/compute/v2.1/servers/34959524-776e-489f-bb4e-c319ce0196ef 1.497s
2025-11-20 18:31:18.853 66159 INFO tempest.lib.common.rest_client [req-dc04d3cb-48ab-418b-bf7f-778915dacf30 req-dc04d3cb-48ab-418b-bf7f-778915dacf30 ] Request (ServerActionsTestJSON:setUpClass): 201 POST http://10.180.1.21/networking/v2.0/security-groups 0.146s
2025-11-20 18:31:19.138 66183 INFO tempest.lib.common.rest_client [req-47b865b3-59e8-4d51-aa74-cfd8ef3ccaf3 req-47b865b3-59e8-4d51-aa74-cfd8ef3ccaf3 ] Request (FlavorsAdminTestJSON:tearDownClass): 200 GET http://10.180.1.21/networking/v2.0/security-groups?tenant_id=d5d037d410364e469bcbef039fe4a4a2&name=default 0.419s
2025-11-20 18:31:19.194 66179 INFO tempest.lib.common.rest_client [req-2b1b574b-e93c-4985-8cad-bd53f073a2fa req-2b1b574b-e93c-4985-8cad-bd53f073a2fa ] Request (ServerActionsTestOtherB:setUpClass): 200 PUT http://10.180.1.21/networking/v2.0/floatingips/0284390d-38f7-4d10-a541-3f60ded6abb8 0.644s
2025-11-20 18:31:19.195 66179 INFO tempest.lib.common.ssh [-] Creating ssh connection to '10.180.180.233:22' as 'cirros' with public key authentication
2025-11-20 18:31:19.375 66159 INFO tempest.lib.common.rest_client [req-a81ad5b7-a8d6-4403-8a9c-b2b63b016efa req-a81ad5b7-a8d6-4403-8a9c-b2b63b016efa ] Request (ServerActionsTestJSON:setUpClass): 201 POST http://10.180.1.21/networking/v2.0/security-group-rules 0.521s
2025-11-20 18:31:19.413 66171 INFO tempest.lib.common.rest_client [req-8a4f420b-e508-456f-9b73-29f71851712f req-8a4f420b-e508-456f-9b73-29f71851712f ] Request (ServerDiskConfigTestJSON:test_rebuild_server_with_manual_disk_config): 200 GET http://10.180.1.21/compute/v2.1/servers/4d0c1a1e-226b-4846-bbd8-e403004a8ef1 1.927s
2025-11-20 18:31:19.483 66183 INFO tempest.lib.common.rest_client [req-e66dde4f-aaf1-4e41-8c1a-3061f1cdfe75 req-e66dde4f-aaf1-4e41-8c1a-3061f1cdfe75 ] Request (FlavorsAdminTestJSON:tearDownClass): 204 DELETE http://10.180.1.21/networking/v2.0/security-groups/f3a17e30-2862-40b6-9d53-8425b6f4b142 0.344s
2025-11-20 18:31:19.558 66159 INFO tempest.lib.common.rest_client [req-2caebf73-6a06-486c-8d4c-47cb7868e5ef req-2caebf73-6a06-486c-8d4c-47cb7868e5ef ] Request (ServerActionsTestJSON:setUpClass): 201 POST http://10.180.1.21/networking/v2.0/security-group-rules 0.183s
2025-11-20 18:31:19.602 66183 INFO tempest.lib.common.rest_client [req-9a45b5d5-e6fa-4d65-b330-ca380cdf06d3 req-9a45b5d5-e6fa-4d65-b330-ca380cdf06d3 ] Request (FlavorsAdminTestJSON:tearDownClass): 204 DELETE http://10.180.1.21/identity/v3/projects/d5d037d410364e469bcbef039fe4a4a2 0.118s
2025-11-20 18:31:19.602 66183 INFO tempest.lib.common.dynamic_creds [-] Deleting project and security group for project: 59b0914cdf834c7c9f7e7d0c063fdca8
2025-11-20 18:31:19.743 66183 INFO tempest.lib.common.rest_client [req-68bd7107-8e50-4c66-b18b-7b84ad8f7d8e req-68bd7107-8e50-4c66-b18b-7b84ad8f7d8e ] Request (FlavorsAdminTestJSON:tearDownClass): 200 GET http://10.180.1.21/networking/v2.0/security-groups?tenant_id=59b0914cdf834c7c9f7e7d0c063fdca8&name=default 0.141s
2025-11-20 18:31:19.947 66145 INFO tempest.lib.common.rest_client [req-4ed25d89-536d-4217-81e9-20e01df0e051 req-4ed25d89-536d-4217-81e9-20e01df0e051 ] Request (ServerRescueTestJSON:setUpClass): 202 POST http://10.180.1.21/compute/v2.1/servers 2.362s
2025-11-20 18:31:19.984 66183 INFO tempest.lib.common.rest_client [req-482fefab-d3c8-4139-be25-11c5f64ee796 req-482fefab-d3c8-4139-be25-11c5f64ee796 ] Request (FlavorsAdminTestJSON:tearDownClass): 204 DELETE http://10.180.1.21/networking/v2.0/security-groups/fb48ed76-a024-44db-a1de-65c8a4c0f73e 0.240s
2025-11-20 18:31:20.088 66205 INFO tempest.lib.common.rest_client [req-17e91423-68de-4772-96f1-e0d0053d6031 req-17e91423-68de-4772-96f1-e0d0053d6031 ] Request (AttachInterfacesUnderV243Test:_run_cleanups): 204 DELETE http://10.180.1.21/compute/v2.1/servers/8a13997b-3f40-4e6f-bc51-31138ba8ecda 2.098s
2025-11-20 18:31:20.138 66159 INFO tempest.lib.common.rest_client [req-1343f237-bda6-4b39-9393-c9ebf4f78084 req-1343f237-bda6-4b39-9393-c9ebf4f78084 ] Request (ServerActionsTestJSON:setUpClass): 201 POST http://10.180.1.21/networking/v2.0/floatingips 0.579s
2025-11-20 18:31:20.155 66183 INFO tempest.lib.common.rest_client [req-ea8e1a0c-7a66-47f6-b96e-32c7091f8c0b req-ea8e1a0c-7a66-47f6-b96e-32c7091f8c0b ] Request (FlavorsAdminTestJSON:tearDownClass): 204 DELETE http://10.180.1.21/identity/v3/projects/59b0914cdf834c7c9f7e7d0c063fdca8 0.170s
2025-11-20 18:31:20.213 66159 INFO tempest.lib.common.rest_client [req-9ee7702a-d6dd-4eb3-b0bb-398db797cb7e req-9ee7702a-d6dd-4eb3-b0bb-398db797cb7e ] Request (ServerActionsTestJSON:setUpClass): 201 POST http://10.180.1.21/identity/v3/auth/tokens 0.072s
2025-11-20 18:31:20.214 66159 INFO tempest.lib.common.fixed_network [-] (ServerActionsTestJSON:setUpClass) Found network {'id': '2fcbb583-721c-4ad4-95df-b653a07a7389', 'name': 'tempest-ServerActionsTestJSON-619924841-network', 'tenant_id': '1e18cee6d7b048c8b867a37e028a1ed1', 'project_id': '1e18cee6d7b048c8b867a37e028a1ed1', 'admin_state_up': True, 'mtu': 8950, 'status': 'ACTIVE', 'subnets': [], 'shared': False, 'port_security_enabled': True, 'router:external': False, 'provider:network_type': 'vlan', 'provider:physical_network': 'default', 'provider:segmentation_id': 755, 'availability_zone_hints': [], 'availability_zones': [], 'ipv4_address_scope': None, 'ipv6_address_scope': None, 'description': '', 'tags': [], 'created_at': '2025-11-20T18:31:13Z', 'updated_at': '2025-11-20T18:31:13Z', 'revision_number': 1} available for tenant
2025-11-20 18:31:20.243 66183 INFO tempest.lib.common.rest_client [req-0e9d5880-163f-48a8-9226-9903928482e2 req-0e9d5880-163f-48a8-9226-9903928482e2 ] Request (FlavorsV2NegativeTest:setUpClass): 201 POST http://10.180.1.21/identity/v3/auth/tokens 0.086s
2025-11-20 18:31:20.268 66181 WARNING tempest.lib.common.ssh [-] Failed to establish authenticated ssh connection to cirros@10.180.180.156 ([Errno None] Unable to connect to port 22 on 10.180.180.156). Number attempts: 3. Retry after 4 seconds.: paramiko.ssh_exception.NoValidConnectionsError: [Errno None] Unable to connect to port 22 on 10.180.180.156
2025-11-20 18:31:20.270 66195 INFO tempest.lib.common.rest_client [req-685be714-7222-42c0-934c-911c42ba82fc req-685be714-7222-42c0-934c-911c42ba82fc ] Request (ServerRescueTestJSONUnderV235:setUpClass): 200 GET http://10.180.1.21/compute/v2.1/servers/c2b98da0-8288-4379-b2cb-79814a5ced36 2.101s
2025-11-20 18:31:20.288 66183 INFO tempest.lib.common.rest_client [req-df27f5dc-319a-40d2-a8a2-024cc140448e req-df27f5dc-319a-40d2-a8a2-024cc140448e ] Request (FlavorsV2NegativeTest:setUpClass): 201 POST http://10.180.1.21/identity/v3/auth/tokens 0.042s
2025-11-20 18:31:20.326 66183 INFO tempest.lib.common.rest_client [req-1df9782d-57f6-4f83-b540-515f186d1389 req-1df9782d-57f6-4f83-b540-515f186d1389 ] Request (FlavorsV2NegativeTest:setUpClass): 200 GET http://10.180.1.21/identity/v3/domains?name=Default 0.038s
2025-11-20 18:31:20.338 66165 INFO tempest.lib.common.rest_client [req-c01ed8a6-97b1-4f26-888c-c312cf15b3b0 req-c01ed8a6-97b1-4f26-888c-c312cf15b3b0 ] Request (HostsAdminNegativeTestJSON:test_update_nonexistent_host): 404 PUT http://10.180.1.21/compute/v2.1/os-hosts/nonexistent_hostname 1.999s
2025-11-20 18:31:20.381 66183 INFO tempest.lib.common.rest_client [req-a597aa9a-1204-441e-a040-54ef7c01b35b req-a597aa9a-1204-441e-a040-54ef7c01b35b ] Request (FlavorsV2NegativeTest:setUpClass): 201 POST http://10.180.1.21/identity/v3/projects 0.054s
2025-11-20 18:31:20.422 66199 INFO tempest.lib.common.rest_client [req-a5e51fb1-2de7-459e-a9fb-7505dd8aecee req-a5e51fb1-2de7-459e-a9fb-7505dd8aecee ] Request (ServersTestJSON:test_create_server_specify_multibyte_character_name): 200 GET http://10.180.1.21/compute/v2.1/servers/4f3ea81f-e630-4d2b-9f0e-a7844b4f58a8 2.079s
