2025-11-20 18:28:44.485 66185 INFO tempest.lib.common.rest_client [req-c75ccf00-5379-43f3-babe-7d337c3dbcc2 req-c75ccf00-5379-43f3-babe-7d337c3dbcc2 ] Request (ServerDiagnosticsTest:setUpClass): 204 PUT http://10.180.1.21/identity/v3/projects/880f91c4c806485facae5283c39b6a33/users/1e63831e474a4928be673f7140fb1882/roles/04972a7f85ff4109b5de299d7eeda480 0.028s
2025-11-20 18:28:44.486 66185 INFO tempest.lib.common.dynamic_creds [-] Dynamic test user 1e63831e474a4928be673f7140fb1882 is created with scope project and roles: ['member']
2025-11-20 18:28:44.487 66185 INFO tempest.lib.common.dynamic_creds [-] Acquired dynamic creds: credentials: Credentials: {'domain_id': 'default', 'domain_name': 'Default', 'username': 'tempest-ServerDiagnosticsTest-46838514-project-member', 'project_domain_id': 'default', 'project_domain_name': 'Default', 'project_id': '880f91c4c806485facae5283c39b6a33', 'project_name': 'tempest-ServerDiagnosticsTest-46838514', 'tenant_id': '880f91c4c806485facae5283c39b6a33', 'tenant_name': 'tempest-ServerDiagnosticsTest-46838514', 'user_domain_id': 'default', 'user_domain_name': 'Default', 'user_id': '1e63831e474a4928be673f7140fb1882', 'system': None}, Network: None, Subnet: None, Router: None
2025-11-20 18:28:44.487 66185 INFO tempest.lib.common.dynamic_creds [-] Created isolated network resources for: credentials: Credentials: {'domain_id': 'default', 'domain_name': 'Default', 'username': 'tempest-ServerDiagnosticsTest-46838514-project-member', 'project_domain_id': 'default', 'project_domain_name': 'Default', 'project_id': '880f91c4c806485facae5283c39b6a33', 'project_name': 'tempest-ServerDiagnosticsTest-46838514', 'tenant_id': '880f91c4c806485facae5283c39b6a33', 'tenant_name': 'tempest-ServerDiagnosticsTest-46838514', 'user_domain_id': 'default', 'user_domain_name': 'Default', 'user_id': '1e63831e474a4928be673f7140fb1882', 'system': None}, Network: None, Subnet: None, Router: None
2025-11-20 18:28:44.556 66185 INFO tempest.lib.common.rest_client [req-e27a0683-d7d4-4c24-99b9-0792c631b5a0 req-e27a0683-d7d4-4c24-99b9-0792c631b5a0 ] Request (ServerDiagnosticsTest:setUpClass): 201 POST http://10.180.1.21/identity/v3/auth/tokens 0.066s
2025-11-20 18:28:44.583 66185 INFO tempest.lib.common.rest_client [req-688d941e-549f-48c6-ba3c-feb58900fe35 req-688d941e-549f-48c6-ba3c-feb58900fe35 ] Request (ServerDiagnosticsTest:setUpClass): 201 POST http://10.180.1.21/identity/v3/projects 0.026s
2025-11-20 18:28:44.619 66191 INFO tempest.lib.common.rest_client [req-7d049684-9753-4450-b732-a9a0ca91fdc3 req-7d049684-9753-4450-b732-a9a0ca91fdc3 ] Request (HypervisorAdminNegativeUnderV252Test:tearDownClass): 204 DELETE http://10.180.1.21/networking/v2.0/security-groups/428c682c-d1b8-49e2-89bd-648b96094a78 0.167s
2025-11-20 18:28:44.660 66193 INFO tempest.lib.common.rest_client [req-b2c1eb37-dfe5-4ba8-90ba-6fa5fd79a218 req-b2c1eb37-dfe5-4ba8-90ba-6fa5fd79a218 ] Request (ServicesAdminTestJSON:tearDownClass): 200 GET http://10.180.1.21/networking/v2.0/security-groups?tenant_id=a4a5c0084c404b5fae1dec633296d10e&name=default 0.368s
2025-11-20 18:28:44.667 66185 INFO tempest.lib.common.rest_client [req-4e2dea9b-b3ba-47a6-8f7c-310960c2611f req-4e2dea9b-b3ba-47a6-8f7c-310960c2611f ] Request (ServerDiagnosticsTest:setUpClass): 201 POST http://10.180.1.21/identity/v3/users 0.082s
2025-11-20 18:28:44.696 66185 INFO tempest.lib.common.rest_client [req-4996342b-4928-4f16-8946-6be72205d303 req-4996342b-4928-4f16-8946-6be72205d303 ] Request (ServerDiagnosticsTest:setUpClass): 200 GET http://10.180.1.21/identity/v3/roles 0.028s
2025-11-20 18:28:44.702 66153 INFO tempest.lib.common.rest_client [req-49ee6c5a-4ce1-49b1-a563-6a88c61d86b3 req-49ee6c5a-4ce1-49b1-a563-6a88c61d86b3 ] Request (ServicesAdminNegativeTestJSON:tearDownClass): 204 DELETE http://10.180.1.21/networking/v2.0/security-groups/9812f5c3-3f39-4e28-89cd-85fefa2a0a65 0.248s
2025-11-20 18:28:44.726 66191 INFO tempest.lib.common.rest_client [req-de308527-cc8f-479a-8a66-2d094bd86f36 req-de308527-cc8f-479a-8a66-2d094bd86f36 ] Request (HypervisorAdminNegativeUnderV252Test:tearDownClass): 204 DELETE http://10.180.1.21/identity/v3/projects/8e2499ee34f0491e9d0a6042f25bfb09 0.107s
2025-11-20 18:28:44.727 66191 INFO tempest.lib.common.dynamic_creds [-] Deleting project and security group for project: 4ea97dafee014ef29a4006dfde973223
2025-11-20 18:28:44.729 66167 INFO tempest.lib.common.rest_client [req-f2bb614e-7bf5-48a0-9c15-0069ec998e19 req-f2bb614e-7bf5-48a0-9c15-0069ec998e19 ] Request (ServerExternalEventsTest:test_create_server_external_events): 200 GET http://10.180.1.21/compute/v2.1/servers/24113797-0808-4d98-9577-0a2d9ea3573d 2.415s
2025-11-20 18:28:44.758 66165 INFO tempest.lib.common.rest_client [req-28d2da7b-23ab-424c-ab2a-69dd05f8304b req-28d2da7b-23ab-424c-ab2a-69dd05f8304b ] Request (AggregatesAdminNegativeTestJSON:_run_cleanups): 200 DELETE http://10.180.1.21/compute/v2.1/os-aggregates/1 2.212s
2025-11-20 18:28:44.772 66185 INFO tempest.lib.common.rest_client [req-2d84d965-01dc-4f0f-a889-db4aa86507dc req-2d84d965-01dc-4f0f-a889-db4aa86507dc ] Request (ServerDiagnosticsTest:setUpClass): 204 PUT http://10.180.1.21/identity/v3/projects/d1c98c4e3c644b2c9b49eee4ba660e45/users/b55cd187f35d4ac9908ff4c55258be57/roles/da2501c1355842409e9f29d4d7d134bf 0.075s
2025-11-20 18:28:44.807 66193 INFO tempest.lib.common.rest_client [req-f607438c-5ce6-4742-bd37-2483ed99892d req-f607438c-5ce6-4742-bd37-2483ed99892d ] Request (ServicesAdminTestJSON:tearDownClass): 204 DELETE http://10.180.1.21/networking/v2.0/security-groups/ac2bad53-35d9-40d0-b393-c347c8be0ee0 0.146s
2025-11-20 18:28:44.842 66185 INFO tempest.lib.common.rest_client [req-c7a7553f-42d3-47c2-b29c-22769a9472f0 req-c7a7553f-42d3-47c2-b29c-22769a9472f0 ] Request (ServerDiagnosticsTest:setUpClass): 200 GET http://10.180.1.21/identity/v3/roles 0.070s
2025-11-20 18:28:44.860 66159 INFO tempest.lib.common.rest_client [req-ad594162-b65d-4506-94f1-9e2652dad27e req-ad594162-b65d-4506-94f1-9e2652dad27e ] Request (ImagesOneServerTestJSON:setUpClass): 200 GET http://10.180.1.21/compute/v2.1/servers/9b42e3b7-97d6-477e-a015-69ca899f0dca 2.209s
2025-11-20 18:28:44.877 66153 INFO tempest.lib.common.rest_client [req-01529446-98ba-42fe-ba04-525981ed971f req-01529446-98ba-42fe-ba04-525981ed971f ] Request (ServicesAdminNegativeTestJSON:tearDownClass): 204 DELETE http://10.180.1.21/identity/v3/projects/1fa055d0b6964c5a9b1b9f10af931e83 0.175s
2025-11-20 18:28:44.878 66153 INFO tempest.lib.common.dynamic_creds [-] Deleting project and security group for project: 849aa5a2569c411caf277c1645e9e710
2025-11-20 18:28:44.880 66191 INFO tempest.lib.common.rest_client [req-5df2c4b6-1842-4bbb-bbdb-6a9ab1eb11b0 req-5df2c4b6-1842-4bbb-bbdb-6a9ab1eb11b0 ] Request (HypervisorAdminNegativeUnderV252Test:tearDownClass): 200 GET http://10.180.1.21/networking/v2.0/security-groups?tenant_id=4ea97dafee014ef29a4006dfde973223&name=default 0.153s
2025-11-20 18:28:44.932 66185 INFO tempest.lib.common.rest_client [req-a70d0b59-eced-4d0e-b5fa-388bf2683e98 req-a70d0b59-eced-4d0e-b5fa-388bf2683e98 ] Request (ServerDiagnosticsTest:setUpClass): 204 PUT http://10.180.1.21/identity/v3/projects/d1c98c4e3c644b2c9b49eee4ba660e45/users/b55cd187f35d4ac9908ff4c55258be57/roles/da2501c1355842409e9f29d4d7d134bf 0.089s
2025-11-20 18:28:44.932 66185 INFO tempest.lib.common.dynamic_creds [-] Dynamic test user b55cd187f35d4ac9908ff4c55258be57 is created with scope project and roles: ['admin']
2025-11-20 18:28:44.932 66185 INFO tempest.lib.common.dynamic_creds [-] Acquired dynamic creds: credentials: Credentials: {'domain_id': 'default', 'domain_name': 'Default', 'username': 'tempest-ServerDiagnosticsTest-310579310-project-admin', 'project_domain_id': 'default', 'project_domain_name': 'Default', 'project_id': 'd1c98c4e3c644b2c9b49eee4ba660e45', 'project_name': 'tempest-ServerDiagnosticsTest-310579310', 'tenant_id': 'd1c98c4e3c644b2c9b49eee4ba660e45', 'tenant_name': 'tempest-ServerDiagnosticsTest-310579310', 'user_domain_id': 'default', 'user_domain_name': 'Default', 'user_id': 'b55cd187f35d4ac9908ff4c55258be57', 'system': None}, Network: None, Subnet: None, Router: None
2025-11-20 18:28:44.932 66185 INFO tempest.lib.common.dynamic_creds [-] Created isolated network resources for: credentials: Credentials: {'domain_id': 'default', 'domain_name': 'Default', 'username': 'tempest-ServerDiagnosticsTest-310579310-project-admin', 'project_domain_id': 'default', 'project_domain_name': 'Default', 'project_id': 'd1c98c4e3c644b2c9b49eee4ba660e45', 'project_name': 'tempest-ServerDiagnosticsTest-310579310', 'tenant_id': 'd1c98c4e3c644b2c9b49eee4ba660e45', 'tenant_name': 'tempest-ServerDiagnosticsTest-310579310', 'user_domain_id': 'default', 'user_domain_name': 'Default', 'user_id': 'b55cd187f35d4ac9908ff4c55258be57', 'system': None}, Network: None, Subnet: None, Router: None
2025-11-20 18:28:44.955 66193 INFO tempest.lib.common.rest_client [req-c52d5e3b-be9f-41a1-a286-418f5883f5f5 req-c52d5e3b-be9f-41a1-a286-418f5883f5f5 ] Request (ServicesAdminTestJSON:tearDownClass): 204 DELETE http://10.180.1.21/identity/v3/projects/a4a5c0084c404b5fae1dec633296d10e 0.148s
2025-11-20 18:28:44.955 66193 INFO tempest.lib.common.dynamic_creds [-] Deleting project and security group for project: b18bde06dba94bde85b0fb5ae69e86df
2025-11-20 18:28:44.968 66191 INFO tempest.lib.common.rest_client [req-5a21813a-d47d-45d3-9815-fd1cce604e6e req-5a21813a-d47d-45d3-9815-fd1cce604e6e ] Request (HypervisorAdminNegativeUnderV252Test:tearDownClass): 204 DELETE http://10.180.1.21/networking/v2.0/security-groups/17852613-1619-44da-95a8-9d1ab67278aa 0.087s
2025-11-20 18:28:44.983 66153 INFO tempest.lib.common.rest_client [req-f3c82203-d0a5-4585-99aa-b6cde12e3254 req-f3c82203-d0a5-4585-99aa-b6cde12e3254 ] Request (ServicesAdminNegativeTestJSON:tearDownClass): 200 GET http://10.180.1.21/networking/v2.0/security-groups?tenant_id=849aa5a2569c411caf277c1645e9e710&name=default 0.105s
2025-11-20 18:28:45.033 66185 INFO tempest.lib.common.rest_client [req-3b451efc-5498-4edc-9db9-9b525a086562 req-3b451efc-5498-4edc-9db9-9b525a086562 ] Request (ServerDiagnosticsTest:setUpClass): 201 POST http://10.180.1.21/identity/v3/auth/tokens 0.096s
2025-11-20 18:28:45.077 66191 INFO tempest.lib.common.rest_client [req-78a1d3e2-827b-4c42-b184-6e98c4b95f67 req-78a1d3e2-827b-4c42-b184-6e98c4b95f67 ] Request (HypervisorAdminNegativeUnderV252Test:tearDownClass): 204 DELETE http://10.180.1.21/identity/v3/projects/4ea97dafee014ef29a4006dfde973223 0.108s
2025-11-20 18:28:45.101 66185 INFO tempest.lib.common.rest_client [req-75cd1d3b-3e79-44ad-9ee3-b3567bb36664 req-75cd1d3b-3e79-44ad-9ee3-b3567bb36664 ] Request (ServerDiagnosticsTest:test_get_server_diagnostics): 201 POST http://10.180.1.21/identity/v3/auth/tokens 0.062s
2025-11-20 18:28:45.102 66185 INFO tempest.lib.common.fixed_network [-] (ServerDiagnosticsTest:test_get_server_diagnostics) Found network None available for tenant
2025-11-20 18:28:45.106 66193 INFO tempest.lib.common.rest_client [req-1bec7773-39c1-42f0-ba89-8cd85043f9a8 req-1bec7773-39c1-42f0-ba89-8cd85043f9a8 ] Request (ServicesAdminTestJSON:tearDownClass): 200 GET http://10.180.1.21/networking/v2.0/security-groups?tenant_id=b18bde06dba94bde85b0fb5ae69e86df&name=default 0.151s
2025-11-20 18:28:45.125 66153 INFO tempest.lib.common.rest_client [req-d262ba8a-22fa-41c3-a4bb-c21888499513 req-d262ba8a-22fa-41c3-a4bb-c21888499513 ] Request (ServicesAdminNegativeTestJSON:tearDownClass): 204 DELETE http://10.180.1.21/networking/v2.0/security-groups/97135b8b-16b8-49f7-b2f6-05c9b9907285 0.141s
2025-11-20 18:28:45.140 66191 INFO tempest.lib.common.rest_client [req-657cbdd0-ca5f-474d-af05-0c29f1cfd8ab req-657cbdd0-ca5f-474d-af05-0c29f1cfd8ab ] Request (FloatingIPsTestJSON:setUpClass): 201 POST http://10.180.1.21/identity/v3/auth/tokens 0.061s
2025-11-20 18:28:45.159 66151 INFO tempest.lib.common.rest_client [req-2733728e-7622-45f3-acd1-f14ac90f6004 req-2733728e-7622-45f3-acd1-f14ac90f6004 ] Request (InstanceActionsNegativeTestJSON:setUpClass): 200 GET http://10.180.1.21/compute/v2.1/servers/5f91d1bb-b8b3-4a4d-865d-e055bbe70f79 2.482s
2025-11-20 18:28:45.176 66191 INFO tempest.lib.common.rest_client [req-8d3247ce-11c6-4877-a75b-0ff57fc6f4f5 req-8d3247ce-11c6-4877-a75b-0ff57fc6f4f5 ] Request (FloatingIPsTestJSON:setUpClass): 201 POST http://10.180.1.21/identity/v3/auth/tokens 0.032s
2025-11-20 18:28:45.202 66191 INFO tempest.lib.common.rest_client [req-62ae42df-2dd4-4b4c-8156-cf21892646fd req-62ae42df-2dd4-4b4c-8156-cf21892646fd ] Request (FloatingIPsTestJSON:setUpClass): 200 GET http://10.180.1.21/identity/v3/domains?name=Default 0.025s
2025-11-20 18:28:45.216 66193 INFO tempest.lib.common.rest_client [req-7f6bf700-1652-4f95-9193-abe5b8ac2be0 req-7f6bf700-1652-4f95-9193-abe5b8ac2be0 ] Request (ServicesAdminTestJSON:tearDownClass): 204 DELETE http://10.180.1.21/networking/v2.0/security-groups/07dda792-a410-4398-9ace-2a7ea28ae00c 0.109s
2025-11-20 18:28:45.230 66153 INFO tempest.lib.common.rest_client [req-1a83ed4e-3dbf-4890-8097-08e33f8aa6fa req-1a83ed4e-3dbf-4890-8097-08e33f8aa6fa ] Request (ServicesAdminNegativeTestJSON:tearDownClass): 204 DELETE http://10.180.1.21/identity/v3/projects/849aa5a2569c411caf277c1645e9e710 0.104s
2025-11-20 18:28:45.254 66147 INFO tempest.lib.common.rest_client [req-422e12e5-be9a-4696-aa85-27a01cf2b917 req-422e12e5-be9a-4696-aa85-27a01cf2b917 ] Request (ServerDiagnosticsV248Test:test_get_server_diagnostics): 200 GET http://10.180.1.21/compute/v2.1/servers/36ffb0a0-7a1e-43c6-a7c8-90c0730350b2 2.371s
2025-11-20 18:28:45.267 66191 INFO tempest.lib.common.rest_client [req-0b17249c-6288-4deb-8c43-15199a6b5fd8 req-0b17249c-6288-4deb-8c43-15199a6b5fd8 ] Request (FloatingIPsTestJSON:setUpClass): 201 POST http://10.180.1.21/identity/v3/projects 0.064s
2025-11-20 18:28:45.275 66199 INFO tempest.lib.common.rest_client [req-92727762-7f42-42bc-8f1a-de9d0fa4c34b req-92727762-7f42-42bc-8f1a-de9d0fa4c34b ] Request (SecurityGroupsTestAdminJSON:test_list_security_groups_list_all_tenants_filter): 200 GET http://10.180.1.21/compute/v2.1/os-security-groups?all_tenants=true 3.868s
2025-11-20 18:28:45.319 66189 INFO tempest.lib.common.rest_client [req-b98c7b6d-318a-4acf-9f54-e42829873b66 req-b98c7b6d-318a-4acf-9f54-e42829873b66 ] Request (ListServersNegativeTestJSON:setUpClass): 200 GET http://10.180.1.21/compute/v2.1/servers/b8c14a85-3ba6-43cb-9f99-35e0fe74bb0c 2.404s
2025-11-20 18:28:45.324 66153 INFO tempest.lib.common.rest_client [req-c2f9318c-60a0-4edd-889b-f90963115f18 req-c2f9318c-60a0-4edd-889b-f90963115f18 ] Request (FloatingIPsAssociationTestJSON:setUpClass): 201 POST http://10.180.1.21/identity/v3/auth/tokens 0.093s
2025-11-20 18:28:45.363 66191 INFO tempest.lib.common.rest_client [req-e1f64ca2-a35a-4c6e-9208-1468dc982c65 req-e1f64ca2-a35a-4c6e-9208-1468dc982c65 ] Request (FloatingIPsTestJSON:setUpClass): 201 POST http://10.180.1.21/identity/v3/users 0.095s
2025-11-20 18:28:45.372 66193 INFO tempest.lib.common.rest_client [req-74ba7ff2-9201-486a-b427-96d74b7b8b21 req-74ba7ff2-9201-486a-b427-96d74b7b8b21 ] Request (ServicesAdminTestJSON:tearDownClass): 204 DELETE http://10.180.1.21/identity/v3/projects/b18bde06dba94bde85b0fb5ae69e86df 0.155s
2025-11-20 18:28:45.466 66157 INFO tempest.lib.common.rest_client [req-2ed23793-8090-4eb8-84ef-189b3923fee5 req-2ed23793-8090-4eb8-84ef-189b3923fee5 ] Request (FlavorsV255TestJSON:test_crud_flavor): 200 GET http://10.180.1.21/compute/v2.1/flavors/826036720 2.380s
2025-11-20 18:28:45.483 66173 INFO tempest.lib.common.rest_client [req-863e50ec-0f47-4558-9eaf-dfae944710ce req-863e50ec-0f47-4558-9eaf-dfae944710ce ] Request (KeyPairsV22TestJSON:test_get_keypair_detail): 201 POST http://10.180.1.21/compute/v2.1/os-keypairs 2.550s
2025-11-20 18:28:45.498 66153 INFO tempest.lib.common.rest_client [req-df206ad3-31af-418c-aa23-93f7b070a4ac req-df206ad3-31af-418c-aa23-93f7b070a4ac ] Request (FloatingIPsAssociationTestJSON:setUpClass): 201 POST http://10.180.1.21/identity/v3/auth/tokens 0.170s
2025-11-20 18:28:45.504 66191 INFO tempest.lib.common.rest_client [req-6977f239-1aed-4ea0-9de7-9acb39bb9658 req-6977f239-1aed-4ea0-9de7-9acb39bb9658 ] Request (FloatingIPsTestJSON:setUpClass): 200 GET http://10.180.1.21/identity/v3/roles 0.141s
2025-11-20 18:28:45.512 66181 INFO tempest.lib.common.rest_client [req-d92bee59-876b-4400-bddb-69b641b6f225 req-d92bee59-876b-4400-bddb-69b641b6f225 ] Request (FlavorsV261TestJSON:_run_cleanups): 200 GET http://10.180.1.21/compute/v2.1/flavors/detail 2.318s
2025-11-20 18:28:45.517 66149 INFO tempest.lib.common.rest_client [req-fbb5869e-914a-425c-bd6e-2bededdc7de7 req-fbb5869e-914a-425c-bd6e-2bededdc7de7 ] Request (FlavorsExtraSpecsNegativeTestJSON:test_flavor_non_admin_update_specific_key): 403 PUT http://10.180.1.21/compute/v2.1/flavors/2020614909/os-extra_specs/hw:numa_nodes 2.313s
2025-11-20 18:28:45.523 66163 INFO tempest.lib.common.rest_client [req-271fb08b-644c-48b8-a407-f226bde966db req-271fb08b-644c-48b8-a407-f226bde966db ] Request (VolumesAssistedSnapshotsTest:test_volume_assisted_snapshot_create_delete): 200 GET http://10.180.1.21/compute/v2.1/servers/cbc5d592-422e-4917-8d9d-6ed142c529fe 2.355s
2025-11-20 18:28:45.529 66153 INFO tempest.lib.common.rest_client [req-46ab6894-c752-4d0a-a5f5-364f9d6c1355 req-46ab6894-c752-4d0a-a5f5-364f9d6c1355 ] Request (FloatingIPsAssociationTestJSON:setUpClass): 200 GET http://10.180.1.21/identity/v3/domains?name=Default 0.027s
2025-11-20 18:28:45.534 66193 INFO tempest.lib.common.rest_client [req-79559cab-01f7-42d2-9e11-39d712470bf8 req-79559cab-01f7-42d2-9e11-39d712470bf8 ] Request (TenantUsagesNegativeTestJSON:setUpClass): 201 POST http://10.180.1.21/identity/v3/auth/tokens 0.160s
2025-11-20 18:28:45.538 66169 INFO tempest.lib.common.rest_client [req-f6cd1543-98a4-4c2d-81e9-e53c5f16ca8e req-f6cd1543-98a4-4c2d-81e9-e53c5f16ca8e ] Request (ServicesAdminNegativeV253TestJSON:test_enable_service_with_invalid_service_id): 404 PUT http://10.180.1.21/compute/v2.1/os-services/b9279378-e6fd-4131-93a3-aeef4a0a5680 2.305s
2025-11-20 18:28:45.551 66191 INFO tempest.lib.common.rest_client [req-41964ce7-5f9c-424c-8d63-3b2957ee5e61 req-41964ce7-5f9c-424c-8d63-3b2957ee5e61 ] Request (FloatingIPsTestJSON:setUpClass): 204 PUT http://10.180.1.21/identity/v3/projects/178e12e151364557abbb65c61dad48ef/users/12093d6ce67a424b9af01e75b2a1d674/roles/04972a7f85ff4109b5de299d7eeda480 0.046s
2025-11-20 18:28:45.551 66191 INFO tempest.lib.common.dynamic_creds [-] Dynamic test user 12093d6ce67a424b9af01e75b2a1d674 is created with scope project and roles: ['member']
2025-11-20 18:28:45.552 66191 INFO tempest.lib.common.dynamic_creds [-] Acquired dynamic creds: credentials: Credentials: {'domain_id': 'default', 'domain_name': 'Default', 'username': 'tempest-FloatingIPsTestJSON-1271412045-project-member', 'project_domain_id': 'default', 'project_domain_name': 'Default', 'project_id': '178e12e151364557abbb65c61dad48ef', 'project_name': 'tempest-FloatingIPsTestJSON-1271412045', 'tenant_id': '178e12e151364557abbb65c61dad48ef', 'tenant_name': 'tempest-FloatingIPsTestJSON-1271412045', 'user_domain_id': 'default', 'user_domain_name': 'Default', 'user_id': '12093d6ce67a424b9af01e75b2a1d674', 'system': None}, Network: None, Subnet: None, Router: None
2025-11-20 18:28:45.600 66155 INFO tempest.lib.common.rest_client [req-eeaf2114-6a8a-4e1b-8309-349e8c035166 req-eeaf2114-6a8a-4e1b-8309-349e8c035166 ] Request (FlavorsV2TestJSON:test_get_flavor): 200 GET http://10.180.1.21/compute/v2.1/flavors/42 2.131s
2025-11-20 18:28:45.619 66153 INFO tempest.lib.common.rest_client [req-41a59f5e-a64f-49eb-81bf-7ac45faab6ba req-41a59f5e-a64f-49eb-81bf-7ac45faab6ba ] Request (FloatingIPsAssociationTestJSON:setUpClass): 201 POST http://10.180.1.21/identity/v3/projects 0.090s
2025-11-20 18:28:45.625 66161 INFO tempest.lib.common.rest_client [req-ca5738ac-abca-4ba0-9436-81b0134ea130 req-ca5738ac-abca-4ba0-9436-81b0134ea130 ] Request (HypervisorAdminNegativeTestJSON:test_show_hypervisor_with_non_admin_user): 200 GET http://10.180.1.21/compute/v2.1/os-hypervisors 2.069s
2025-11-20 18:28:45.646 66181 INFO tempest.lib.common.rest_client [req-f81da2b4-6caa-4376-8697-5c94016d76c0 req-f81da2b4-6caa-4376-8697-5c94016d76c0 ] Request (FlavorsV261TestJSON:tearDownClass): 204 DELETE http://10.180.1.21/identity/v3/users/aa08c0e7c9a045d5a4549050b389afff 0.123s
2025-11-20 18:28:45.674 66193 INFO tempest.lib.common.rest_client [req-e561f5af-da91-4468-91b5-ad28a025c5ac req-e561f5af-da91-4468-91b5-ad28a025c5ac ] Request (TenantUsagesNegativeTestJSON:setUpClass): 201 POST http://10.180.1.21/identity/v3/auth/tokens 0.134s
2025-11-20 18:28:45.702 66191 INFO tempest.lib.common.rest_client [req-c1b1c52a-5add-4a34-8651-29a3692b718d req-c1b1c52a-5add-4a34-8651-29a3692b718d ] Request (FloatingIPsTestJSON:setUpClass): 201 POST http://10.180.1.21/identity/v3/auth/tokens 0.149s
2025-11-20 18:28:45.722 66195 INFO tempest.lib.common.rest_client [req-d0b74868-6cef-4abd-887a-1cf7e5bee9e2 req-d0b74868-6cef-4abd-887a-1cf7e5bee9e2 ] Request (QuotasAdminNegativeTest:test_create_server_when_instances_quota_is_full): 403 POST http://10.180.1.21/compute/v2.1/servers 2.176s
2025-11-20 18:28:45.736 66171 INFO tempest.lib.common.rest_client [req-2b11ccc4-db4b-4573-95f1-5c42a9f8e29f req-2b11ccc4-db4b-4573-95f1-5c42a9f8e29f ] Request (KeyPairsV210TestJSON:test_admin_manage_keypairs_for_other_users): 200 GET http://10.180.1.21/compute/v2.1/os-keypairs?user_id=71c884c2c6464f70ab66745d94b9937b 2.115s
2025-11-20 18:28:45.736 66153 INFO tempest.lib.common.rest_client [req-fdb2ff2c-21b8-48b5-b980-ddea7972d707 req-fdb2ff2c-21b8-48b5-b980-ddea7972d707 ] Request (FloatingIPsAssociationTestJSON:setUpClass): 201 POST http://10.180.1.21/identity/v3/users 0.116s
2025-11-20 18:28:45.767 66203 INFO tempest.lib.common.rest_client [req-b5268f12-aa60-4d43-94a8-54e59e2ac66f req-b5268f12-aa60-4d43-94a8-54e59e2ac66f ] Request (DeleteServersAdminTestJSON:test_admin_delete_servers_of_others): 200 GET http://10.180.1.21/compute/v2.1/servers/0376ce7c-96dd-4dce-a92e-b706b7bc46c4 2.190s
2025-11-20 18:28:45.768 66181 INFO tempest.lib.common.rest_client [req-4edf0e27-074b-465f-9dde-817680515322 req-4edf0e27-074b-465f-9dde-817680515322 ] Request (FlavorsV261TestJSON:tearDownClass): 204 DELETE http://10.180.1.21/identity/v3/users/23bf01a6ea0a4f67a3ed85114adb3c5b 0.120s
2025-11-20 18:28:45.768 66181 INFO tempest.lib.common.dynamic_creds [-] Deleting project and security group for project: 21b18e432cd54b3fa9700851ec48402f
2025-11-20 18:28:45.796 66183 INFO tempest.lib.common.rest_client [req-329dc9d1-f8a1-4a01-82d0-a37dfb883e17 req-329dc9d1-f8a1-4a01-82d0-a37dfb883e17 ] Request (FlavorsAdminTestJSON:test_create_flavor_verify_entry_in_list_details): 200 GET http://10.180.1.21/compute/v2.1/flavors/detail 2.113s
2025-11-20 18:28:45.802 66193 INFO tempest.lib.common.rest_client [req-e98831d8-994f-4349-bc3d-8329e7b949bc req-e98831d8-994f-4349-bc3d-8329e7b949bc ] Request (TenantUsagesNegativeTestJSON:setUpClass): 200 GET http://10.180.1.21/identity/v3/domains?name=Default 0.127s
2025-11-20 18:28:45.809 66179 INFO tempest.lib.common.rest_client [req-2ac4fc33-2c2c-4917-bb5e-0cd10fdf49c8 req-2ac4fc33-2c2c-4917-bb5e-0cd10fdf49c8 ] Request (QuotaClassesAdminTestJSON:_run_cleanups): 200 PUT http://10.180.1.21/compute/v2.1/os-quota-class-sets/default 2.170s
2025-11-20 18:28:45.826 66205 INFO tempest.lib.common.rest_client [req-b3461e26-68c5-4a7e-8c27-ab92db44b17f req-b3461e26-68c5-4a7e-8c27-ab92db44b17f ] Request (FlavorsAccessTestJSON:_run_cleanups): 200 GET http://10.180.1.21/compute/v2.1/flavors/detail 2.125s
2025-11-20 18:28:45.857 66153 INFO tempest.lib.common.rest_client [req-26043d4e-a821-428d-96e0-d88bfa5536d3 req-26043d4e-a821-428d-96e0-d88bfa5536d3 ] Request (FloatingIPsAssociationTestJSON:setUpClass): 200 GET http://10.180.1.21/identity/v3/roles 0.120s
2025-11-20 18:28:45.871 66187 INFO tempest.lib.common.rest_client [req-cd327891-19a4-467b-90a3-337fa6fe77f7 req-cd327891-19a4-467b-90a3-337fa6fe77f7 ] Request (ServersTestFqdnHostnames:test_create_server_with_fqdn_name): 200 GET http://10.180.1.21/compute/v2.1/servers/8a33ccfe-396e-4278-8ed1-f70610a279ba 1.911s
2025-11-20 18:28:45.885 66181 INFO tempest.lib.common.rest_client [req-dc8ca26d-4842-47ee-aa86-f07954f27515 req-dc8ca26d-4842-47ee-aa86-f07954f27515 ] Request (FlavorsV261TestJSON:tearDownClass): 201 POST http://10.180.1.21/identity/v3/auth/tokens 0.112s
2025-11-20 18:28:45.892 66201 INFO tempest.lib.common.rest_client [req-de8ca8ec-f6ba-41a6-a6f3-15ad608643ee req-de8ca8ec-f6ba-41a6-a6f3-15ad608643ee ] Request (ServersTestJSON:setUpClass): 200 GET http://10.180.1.21/compute/v2.1/servers/4ad775b0-b7f7-429b-931d-8c180e3aad47 1.709s
2025-11-20 18:28:45.892 66193 INFO tempest.lib.common.rest_client [req-a7f8003b-fba6-4c9f-8eac-9ad08e7284b2 req-a7f8003b-fba6-4c9f-8eac-9ad08e7284b2 ] Request (TenantUsagesNegativeTestJSON:setUpClass): 201 POST http://10.180.1.21/identity/v3/projects 0.090s
2025-11-20 18:28:45.909 66175 INFO tempest.lib.common.rest_client [req-39679dcc-718e-4af8-b65f-302575b535ad req-39679dcc-718e-4af8-b65f-302575b535ad ] Request (ServersWithSpecificFlavorTestJSON:test_verify_created_server_ephemeral_disk): 200 POST http://10.180.1.21/compute/v2.1/flavors 1.688s
2025-11-20 18:28:45.961 66143 INFO tempest.lib.common.rest_client [req-8ef2247e-bdd5-4891-bf71-3c9095058844 req-8ef2247e-bdd5-4891-bf71-3c9095058844 ] Request (QuotasAdminTestJSON:test_delete_quota): 200 GET http://10.180.1.21/identity/v3/domains?name=Default 0.126s
2025-11-20 18:28:45.977 66165 INFO tempest.lib.common.rest_client [req-9ab0207e-429f-44ef-94ca-82d7ddabb879 req-9ab0207e-429f-44ef-94ca-82d7ddabb879 ] Request (AggregatesAdminNegativeTestJSON:test_aggregate_add_host_as_user): 200 POST http://10.180.1.21/compute/v2.1/os-aggregates 1.214s
2025-11-20 18:28:45.984 66179 INFO tempest.lib.common.rest_client [req-0bb3099f-03ea-4c6e-bf09-735114d16e82 req-0bb3099f-03ea-4c6e-bf09-735114d16e82 ] Request (QuotaClassesAdminTestJSON:tearDownClass): 204 DELETE http://10.180.1.21/identity/v3/users/7465b0b597934475aefda59b435ee61e 0.168s
2025-11-20 18:28:46.010 66177 INFO tempest.lib.common.rest_client [req-78274e1a-157b-42f9-927d-2d1a97e0b86c req-78274e1a-157b-42f9-927d-2d1a97e0b86c ] Request (HostsAdminTestJSON:test_list_hosts_with_zone): 200 GET http://10.180.1.21/compute/v2.1/os-hosts 1.235s
2025-11-20 18:28:46.037 66153 INFO tempest.lib.common.rest_client [req-c071a60c-a2b6-4f5b-90a4-169eb8accd9b req-c071a60c-a2b6-4f5b-90a4-169eb8accd9b ] Request (FloatingIPsAssociationTestJSON:setUpClass): 204 PUT http://10.180.1.21/identity/v3/projects/a4a4ef9fbda94f5993e4d5b1043d0002/users/a73b12c73efc4de7a741e729b6dc5283/roles/04972a7f85ff4109b5de299d7eeda480 0.180s
2025-11-20 18:28:46.037 66153 INFO tempest.lib.common.dynamic_creds [-] Dynamic test user a73b12c73efc4de7a741e729b6dc5283 is created with scope project and roles: ['member']
2025-11-20 18:28:46.038 66153 INFO tempest.lib.common.dynamic_creds [-] Acquired dynamic creds: credentials: Credentials: {'domain_id': 'default', 'domain_name': 'Default', 'username': 'tempest-FloatingIPsAssociationTestJSON-1249499762-project-member', 'project_domain_id': 'default', 'project_domain_name': 'Default', 'project_id': 'a4a4ef9fbda94f5993e4d5b1043d0002', 'project_name': 'tempest-FloatingIPsAssociationTestJSON-1249499762', 'tenant_id': 'a4a4ef9fbda94f5993e4d5b1043d0002', 'tenant_name': 'tempest-FloatingIPsAssociationTestJSON-1249499762', 'user_domain_id': 'default', 'user_domain_name': 'Default', 'user_id': 'a73b12c73efc4de7a741e729b6dc5283', 'system': None}, Network: None, Subnet: None, Router: None
2025-11-20 18:28:46.094 66191 INFO tempest.lib.common.rest_client [req-117d666f-cbbd-4091-aa91-9c4b47b6e8dd req-117d666f-cbbd-4091-aa91-9c4b47b6e8dd ] Request (FloatingIPsTestJSON:setUpClass): 201 POST http://10.180.1.21/networking/v2.0/networks 0.392s
2025-11-20 18:28:46.099 66193 INFO tempest.lib.common.rest_client [req-be3946f1-b42f-4c74-8f3c-15124c6771d2 req-be3946f1-b42f-4c74-8f3c-15124c6771d2 ] Request (TenantUsagesNegativeTestJSON:setUpClass): 201 POST http://10.180.1.21/identity/v3/users 0.206s
2025-11-20 18:28:46.158 66179 INFO tempest.lib.common.rest_client [req-e0f88d88-78ff-42e0-9cbe-9bee6a677bae req-e0f88d88-78ff-42e0-9cbe-9bee6a677bae ] Request (QuotaClassesAdminTestJSON:tearDownClass): 204 DELETE http://10.180.1.21/identity/v3/users/3e00f9e7286144cb9c9a22409e243486 0.174s
2025-11-20 18:28:46.158 66179 INFO tempest.lib.common.dynamic_creds [-] Deleting project and security group for project: 3da83eae94f8458bbe16fa81e91de18e
2025-11-20 18:28:46.188 66143 INFO tempest.lib.common.rest_client [req-014db374-bc8f-44cc-9641-5f0dee3f8324 req-014db374-bc8f-44cc-9641-5f0dee3f8324 ] Request (QuotasAdminTestJSON:test_delete_quota): 201 POST http://10.180.1.21/identity/v3/projects 0.226s
2025-11-20 18:28:46.192 66181 INFO tempest.lib.common.rest_client [req-df5aef5b-75d8-4cb8-8302-c6fb865e7f22 req-df5aef5b-75d8-4cb8-8302-c6fb865e7f22 ] Request (FlavorsV261TestJSON:tearDownClass): 200 GET http://10.180.1.21/networking/v2.0/security-groups?tenant_id=21b18e432cd54b3fa9700851ec48402f&name=default 0.306s
2025-11-20 18:28:46.263 66191 INFO tempest.lib.common.rest_client [req-24fdd784-d919-464b-9dc0-52bb18e5cda1 req-24fdd784-d919-464b-9dc0-52bb18e5cda1 ] Request (FloatingIPsTestJSON:setUpClass): 201 POST http://10.180.1.21/networking/v2.0/subnets 0.168s
2025-11-20 18:28:46.278 66181 INFO tempest.lib.common.rest_client [req-a52c566f-85ce-4107-8ab3-4613792ade41 req-a52c566f-85ce-4107-8ab3-4613792ade41 ] Request (FlavorsV261TestJSON:tearDownClass): 204 DELETE http://10.180.1.21/networking/v2.0/security-groups/9b5daa75-8668-4657-90e1-fc6e19cfdd75 0.086s
2025-11-20 18:28:46.298 66197 INFO tempest.lib.common.rest_client [req-661c65f4-e02f-4edd-ad4e-490a9c813d7e req-661c65f4-e02f-4edd-ad4e-490a9c813d7e ] Request (FlavorsAccessNegativeTestJSON:_run_cleanups): 200 POST http://10.180.1.21/compute/v2.1/flavors/813528427/action 2.108s
2025-11-20 18:28:46.328 66153 INFO tempest.lib.common.rest_client [req-61a93c23-a06b-4547-8a9c-39a5a115d2f3 req-61a93c23-a06b-4547-8a9c-39a5a115d2f3 ] Request (FloatingIPsAssociationTestJSON:setUpClass): 201 POST http://10.180.1.21/identity/v3/auth/tokens 0.290s
2025-11-20 18:28:46.333 66193 INFO tempest.lib.common.rest_client [req-e177168c-11e7-4ddb-abc9-49262fa601f4 req-e177168c-11e7-4ddb-abc9-49262fa601f4 ] Request (TenantUsagesNegativeTestJSON:setUpClass): 200 GET http://10.180.1.21/identity/v3/roles 0.233s
2025-11-20 18:28:46.347 66179 INFO tempest.lib.common.rest_client [req-23fc1fc3-c31b-41e1-a448-a00983703692 req-23fc1fc3-c31b-41e1-a448-a00983703692 ] Request (QuotaClassesAdminTestJSON:tearDownClass): 201 POST http://10.180.1.21/identity/v3/auth/tokens 0.188s
2025-11-20 18:28:46.382 66143 INFO tempest.lib.common.rest_client [req-8b1b0ef0-eb82-4278-9d45-93c0ed48c085 req-8b1b0ef0-eb82-4278-9d45-93c0ed48c085 ] Request (QuotasAdminTestJSON:test_delete_quota): 200 GET http://10.180.1.21/identity/v3/domains?name=Default 0.194s
2025-11-20 18:28:46.399 66181 INFO tempest.lib.common.rest_client [req-baa790e3-875f-46c2-86eb-c97aec24f0ca req-baa790e3-875f-46c2-86eb-c97aec24f0ca ] Request (FlavorsV261TestJSON:tearDownClass): 204 DELETE http://10.180.1.21/identity/v3/projects/21b18e432cd54b3fa9700851ec48402f 0.120s
2025-11-20 18:28:46.399 66181 INFO tempest.lib.common.dynamic_creds [-] Deleting project and security group for project: 741f845e5d5f45bab83cd2907b41d540
2025-11-20 18:28:46.431 66193 INFO tempest.lib.common.rest_client [req-c3f54e9c-78f8-4ea7-bdc3-560d6cc27769 req-c3f54e9c-78f8-4ea7-bdc3-560d6cc27769 ] Request (TenantUsagesNegativeTestJSON:setUpClass): 204 PUT http://10.180.1.21/identity/v3/projects/ff71be38faef460bb7fc794a40200477/users/4f1a7bd472c1497c834829665fcedf60/roles/04972a7f85ff4109b5de299d7eeda480 0.097s
2025-11-20 18:28:46.432 66193 INFO tempest.lib.common.dynamic_creds [-] Dynamic test user 4f1a7bd472c1497c834829665fcedf60 is created with scope project and roles: ['member']
2025-11-20 18:28:46.432 66193 INFO tempest.lib.common.dynamic_creds [-] Acquired dynamic creds: credentials: Credentials: {'domain_id': 'default', 'domain_name': 'Default', 'username': 'tempest-TenantUsagesNegativeTestJSON-314283084-project-member', 'project_domain_id': 'default', 'project_domain_name': 'Default', 'project_id': 'ff71be38faef460bb7fc794a40200477', 'project_name': 'tempest-TenantUsagesNegativeTestJSON-314283084', 'tenant_id': 'ff71be38faef460bb7fc794a40200477', 'tenant_name': 'tempest-TenantUsagesNegativeTestJSON-314283084', 'user_domain_id': 'default', 'user_domain_name': 'Default', 'user_id': '4f1a7bd472c1497c834829665fcedf60', 'system': None}, Network: None, Subnet: None, Router: None
2025-11-20 18:28:46.432 66193 INFO tempest.lib.common.dynamic_creds [-] Created isolated network resources for: credentials: Credentials: {'domain_id': 'default', 'domain_name': 'Default', 'username': 'tempest-TenantUsagesNegativeTestJSON-314283084-project-member', 'project_domain_id': 'default', 'project_domain_name': 'Default', 'project_id': 'ff71be38faef460bb7fc794a40200477', 'project_name': 'tempest-TenantUsagesNegativeTestJSON-314283084', 'tenant_id': 'ff71be38faef460bb7fc794a40200477', 'tenant_name': 'tempest-TenantUsagesNegativeTestJSON-314283084', 'user_domain_id': 'default', 'user_domain_name': 'Default', 'user_id': '4f1a7bd472c1497c834829665fcedf60', 'system': None}, Network: None, Subnet: None, Router: None
2025-11-20 18:28:46.502 66193 INFO tempest.lib.common.rest_client [req-97640f5a-c3bf-4e49-9300-34f9a6ac8ce4 req-97640f5a-c3bf-4e49-9300-34f9a6ac8ce4 ] Request (TenantUsagesNegativeTestJSON:setUpClass): 201 POST http://10.180.1.21/identity/v3/auth/tokens 0.067s
2025-11-20 18:28:46.536 66193 INFO tempest.lib.common.rest_client [req-ca5baac6-1c01-4d3b-9142-e8f5562e75ec req-ca5baac6-1c01-4d3b-9142-e8f5562e75ec ] Request (TenantUsagesNegativeTestJSON:setUpClass): 201 POST http://10.180.1.21/identity/v3/projects 0.034s
2025-11-20 18:28:46.624 66193 INFO tempest.lib.common.rest_client [req-2d20186a-fd8e-44f1-975b-1ee538e89983 req-2d20186a-fd8e-44f1-975b-1ee538e89983 ] Request (TenantUsagesNegativeTestJSON:setUpClass): 201 POST http://10.180.1.21/identity/v3/users 0.087s
2025-11-20 18:28:46.647 66193 INFO tempest.lib.common.rest_client [req-22e23935-a1a8-4982-9899-a674bbbf7932 req-22e23935-a1a8-4982-9899-a674bbbf7932 ] Request (TenantUsagesNegativeTestJSON:setUpClass): 200 GET http://10.180.1.21/identity/v3/roles 0.023s
2025-11-20 18:28:46.675 66193 INFO tempest.lib.common.rest_client [req-b6036a4f-ac35-4ed9-bac6-eea63c870796 req-b6036a4f-ac35-4ed9-bac6-eea63c870796 ] Request (TenantUsagesNegativeTestJSON:setUpClass): 204 PUT http://10.180.1.21/identity/v3/projects/5bbce5d6c7374d1182ff812fd07c77f4/users/e5a43372d8e840dea0df351fa78a60d5/roles/da2501c1355842409e9f29d4d7d134bf 0.027s
2025-11-20 18:28:46.731 66153 INFO tempest.lib.common.rest_client [req-4f297e3a-a208-47c6-b399-1b103414fb74 req-4f297e3a-a208-47c6-b399-1b103414fb74 ] Request (FloatingIPsAssociationTestJSON:setUpClass): 201 POST http://10.180.1.21/networking/v2.0/networks 0.403s
2025-11-20 18:28:46.750 66193 INFO tempest.lib.common.rest_client [req-7eeea52d-7e8a-49b3-ac0e-9c2514f7bd2e req-7eeea52d-7e8a-49b3-ac0e-9c2514f7bd2e ] Request (TenantUsagesNegativeTestJSON:setUpClass): 200 GET http://10.180.1.21/identity/v3/roles 0.075s
2025-11-20 18:28:46.768 66193 INFO tempest.lib.common.rest_client [req-140b77e9-01ba-4515-8842-44eb0773c471 req-140b77e9-01ba-4515-8842-44eb0773c471 ] Request (TenantUsagesNegativeTestJSON:setUpClass): 204 PUT http://10.180.1.21/identity/v3/projects/5bbce5d6c7374d1182ff812fd07c77f4/users/e5a43372d8e840dea0df351fa78a60d5/roles/da2501c1355842409e9f29d4d7d134bf 0.017s
2025-11-20 18:28:46.768 66193 INFO tempest.lib.common.dynamic_creds [-] Dynamic test user e5a43372d8e840dea0df351fa78a60d5 is created with scope project and roles: ['admin']
2025-11-20 18:28:46.768 66193 INFO tempest.lib.common.dynamic_creds [-] Acquired dynamic creds: credentials: Credentials: {'domain_id': 'default', 'domain_name': 'Default', 'username': 'tempest-TenantUsagesNegativeTestJSON-566251636-project-admin', 'project_domain_id': 'default', 'project_domain_name': 'Default', 'project_id': '5bbce5d6c7374d1182ff812fd07c77f4', 'project_name': 'tempest-TenantUsagesNegativeTestJSON-566251636', 'tenant_id': '5bbce5d6c7374d1182ff812fd07c77f4', 'tenant_name': 'tempest-TenantUsagesNegativeTestJSON-566251636', 'user_domain_id': 'default', 'user_domain_name': 'Default', 'user_id': 'e5a43372d8e840dea0df351fa78a60d5', 'system': None}, Network: None, Subnet: None, Router: None
2025-11-20 18:28:46.769 66193 INFO tempest.lib.common.dynamic_creds [-] Created isolated network resources for: credentials: Credentials: {'domain_id': 'default', 'domain_name': 'Default', 'username': 'tempest-TenantUsagesNegativeTestJSON-566251636-project-admin', 'project_domain_id': 'default', 'project_domain_name': 'Default', 'project_id': '5bbce5d6c7374d1182ff812fd07c77f4', 'project_name': 'tempest-TenantUsagesNegativeTestJSON-566251636', 'tenant_id': '5bbce5d6c7374d1182ff812fd07c77f4', 'tenant_name': 'tempest-TenantUsagesNegativeTestJSON-566251636', 'user_domain_id': 'default', 'user_domain_name': 'Default', 'user_id': 'e5a43372d8e840dea0df351fa78a60d5', 'system': None}, Network: None, Subnet: None, Router: None
2025-11-20 18:28:46.841 66193 INFO tempest.lib.common.rest_client [req-6398787d-1cc8-4516-ab00-d0a773652df4 req-6398787d-1cc8-4516-ab00-d0a773652df4 ] Request (TenantUsagesNegativeTestJSON:setUpClass): 201 POST http://10.180.1.21/identity/v3/auth/tokens 0.070s
2025-11-20 18:28:46.937 66179 INFO tempest.lib.common.rest_client [req-ce6105a9-cf6d-4098-ac09-9ab3b4656307 req-ce6105a9-cf6d-4098-ac09-9ab3b4656307 ] Request (QuotaClassesAdminTestJSON:tearDownClass): 200 GET http://10.180.1.21/networking/v2.0/security-groups?tenant_id=3da83eae94f8458bbe16fa81e91de18e&name=default 0.590s
2025-11-20 18:28:46.960 66191 INFO tempest.lib.common.rest_client [req-6bc02071-f38b-45bc-b0b5-e257d03486b5 req-6bc02071-f38b-45bc-b0b5-e257d03486b5 ] Request (FloatingIPsTestJSON:setUpClass): 201 POST http://10.180.1.21/networking/v2.0/routers 0.697s
2025-11-20 18:28:47.111 66181 INFO tempest.lib.common.rest_client [req-13006477-68cb-4e50-a3eb-7b2475930884 req-13006477-68cb-4e50-a3eb-7b2475930884 ] Request (FlavorsV261TestJSON:tearDownClass): 200 GET http://10.180.1.21/networking/v2.0/security-groups?tenant_id=741f845e5d5f45bab83cd2907b41d540&name=default 0.711s
2025-11-20 18:28:47.248 66179 INFO tempest.lib.common.rest_client [req-4eb7d131-92cb-4c16-afb8-f1c60743b9c2 req-4eb7d131-92cb-4c16-afb8-f1c60743b9c2 ] Request (QuotaClassesAdminTestJSON:tearDownClass): 204 DELETE http://10.180.1.21/networking/v2.0/security-groups/fd744808-3d99-4647-9314-44b51b907be5 0.310s
2025-11-20 18:28:47.314 66153 INFO tempest.lib.common.rest_client [req-188eb652-7aa5-40f3-9713-041931b5ef9c req-188eb652-7aa5-40f3-9713-041931b5ef9c ] Request (FloatingIPsAssociationTestJSON:setUpClass): 201 POST http://10.180.1.21/networking/v2.0/subnets 0.582s
2025-11-20 18:28:47.333 66179 INFO tempest.lib.common.rest_client [req-f482dfea-8bd0-4083-a348-60104333c042 req-f482dfea-8bd0-4083-a348-60104333c042 ] Request (QuotaClassesAdminTestJSON:tearDownClass): 204 DELETE http://10.180.1.21/identity/v3/projects/3da83eae94f8458bbe16fa81e91de18e 0.084s
2025-11-20 18:28:47.333 66179 INFO tempest.lib.common.dynamic_creds [-] Deleting project and security group for project: cb9a8da72d8a47fa8c819cdfe6dd9ded
2025-11-20 18:28:47.352 66199 INFO tempest.lib.common.rest_client [req-c687110c-e14e-4691-bc37-f8885eb5ac2c req-c687110c-e14e-4691-bc37-f8885eb5ac2c ] Request (SecurityGroupsTestAdminJSON:test_list_security_groups_list_all_tenants_filter): 200 GET http://10.180.1.21/compute/v2.1/os-security-groups?all_tenants=true 2.069s
2025-11-20 18:28:47.803 66181 INFO tempest.lib.common.rest_client [req-df21846b-389c-4728-84be-c7161109ed5b req-df21846b-389c-4728-84be-c7161109ed5b ] Request (FlavorsV261TestJSON:tearDownClass): 204 DELETE http://10.180.1.21/networking/v2.0/security-groups/bb481373-de6c-41b4-a554-32af987b6dc3 0.691s
2025-11-20 18:28:47.903 66181 INFO tempest.lib.common.rest_client [req-46048627-00d8-4c7a-ae93-2a0b4ca7cc7f req-46048627-00d8-4c7a-ae93-2a0b4ca7cc7f ] Request (FlavorsV261TestJSON:tearDownClass): 204 DELETE http://10.180.1.21/identity/v3/projects/741f845e5d5f45bab83cd2907b41d540 0.100s
2025-11-20 18:28:47.957 66181 INFO tempest.lib.common.rest_client [req-2fa473cb-b0bf-42f2-a915-ccb08c861bf0 req-2fa473cb-b0bf-42f2-a915-ccb08c861bf0 ] Request (VolumesAdminNegativeTest:setUpClass): 201 POST http://10.180.1.21/identity/v3/auth/tokens 0.052s
2025-11-20 18:28:47.998 66181 INFO tempest.lib.common.rest_client [req-6ff88e80-eb80-4726-bfe1-ce0000446c25 req-6ff88e80-eb80-4726-bfe1-ce0000446c25 ] Request (VolumesAdminNegativeTest:setUpClass): 201 POST http://10.180.1.21/identity/v3/auth/tokens 0.038s
2025-11-20 18:28:48.031 66181 INFO tempest.lib.common.rest_client [req-f99ade37-63f4-4526-bf5b-7babf6027da6 req-f99ade37-63f4-4526-bf5b-7babf6027da6 ] Request (VolumesAdminNegativeTest:setUpClass): 200 GET http://10.180.1.21/identity/v3/domains?name=Default 0.032s
2025-11-20 18:28:48.060 66181 INFO tempest.lib.common.rest_client [req-0075af4b-3252-4221-8aae-ac61bcf1489b req-0075af4b-3252-4221-8aae-ac61bcf1489b ] Request (VolumesAdminNegativeTest:setUpClass): 201 POST http://10.180.1.21/identity/v3/projects 0.028s
2025-11-20 18:28:48.074 66191 INFO tempest.lib.common.rest_client [req-90a460ea-5ac8-42cb-91ff-f9766616c904 req-90a460ea-5ac8-42cb-91ff-f9766616c904 ] Request (FloatingIPsTestJSON:setUpClass): 200 PUT http://10.180.1.21/networking/v2.0/routers/3f1679a4-d69e-4b80-826d-6c580044a483/add_router_interface 1.113s
2025-11-20 18:28:48.074 66191 INFO tempest.lib.common.dynamic_creds [-] Created isolated network resources for: credentials: Credentials: {'domain_id': 'default', 'domain_name': 'Default', 'username': 'tempest-FloatingIPsTestJSON-1271412045-project-member', 'project_domain_id': 'default', 'project_domain_name': 'Default', 'project_id': '178e12e151364557abbb65c61dad48ef', 'project_name': 'tempest-FloatingIPsTestJSON-1271412045', 'tenant_id': '178e12e151364557abbb65c61dad48ef', 'tenant_name': 'tempest-FloatingIPsTestJSON-1271412045', 'user_domain_id': 'default', 'user_domain_name': 'Default', 'user_id': '12093d6ce67a424b9af01e75b2a1d674', 'system': None}, Network: {'id': 'd80b3d62-4a0e-45a8-a7f2-4fae45a62224', 'name': 'tempest-FloatingIPsTestJSON-139970997-network', 'tenant_id': '178e12e151364557abbb65c61dad48ef', 'project_id': '178e12e151364557abbb65c61dad48ef', 'admin_state_up': True, 'mtu': 8950, 'status': 'ACTIVE', 'subnets': [], 'shared': False, 'port_security_enabled': True, 'router:external': False, 'provider:network_type': 'vlan', 'provider:physical_network': 'default', 'provider:segmentation_id': 608, 'availability_zone_hints': [], 'availability_zones': [], 'ipv4_address_scope': None, 'ipv6_address_scope': None, 'description': '', 'tags': [], 'created_at': '2025-11-20T18:28:45Z', 'updated_at': '2025-11-20T18:28:46Z', 'revision_number': 1}, Subnet: {'id': 'c31ce2d4-afdd-4477-aa70-14fc61328c21', 'name': 'tempest-FloatingIPsTestJSON-139970997-subnet', 'tenant_id': '178e12e151364557abbb65c61dad48ef', 'network_id': 'd80b3d62-4a0e-45a8-a7f2-4fae45a62224', 'ip_version': 4, 'subnetpool_id': None, 'enable_dhcp': True, 'ipv6_ra_mode': None, 'ipv6_address_mode': None, 'gateway_ip': '192.168.128.1', 'cidr': '192.168.128.0/28', 'allocation_pools': [{'start': '192.168.128.2', 'end': '192.168.128.14'}], 'host_routes': [], 'dns_nameservers': [], 'description': '', 'router:external': False, 'service_types': [], 'tags': [], 'created_at': '2025-11-20T18:28:46Z', 'updated_at': '2025-11-20T18:28:46Z', 'revision_number': 0, 'project_id': '178e12e151364557abbb65c61dad48ef'}, Router: {'id': '3f1679a4-d69e-4b80-826d-6c580044a483', 'name': 'tempest-FloatingIPsTestJSON-139970997-router', 'tenant_id': '178e12e151364557abbb65c61dad48ef', 'admin_state_up': True, 'status': 'ACTIVE', 'external_gateway_info': {'network_id': '5aed003b-1871-4e1c-a51e-8a20f20648d3', 'external_fixed_ips': [{'subnet_id': 'af3bf08b-eebd-4f4e-afd8-9bacac836b2f', 'ip_address': '10.180.180.230'}], 'enable_snat': True}, 'description': '', 'availability_zones': [], 'distributed': False, 'ha': False, 'availability_zone_hints': [], 'routes': [], 'flavor_id': None, 'tags': [], 'created_at': '2025-11-20T18:28:46Z', 'updated_at': '2025-11-20T18:28:46Z', 'revision_number': 2, 'project_id': '178e12e151364557abbb65c61dad48ef'}
2025-11-20 18:28:48.135 66181 INFO tempest.lib.common.rest_client [req-0be51bd6-e0ae-4645-b46c-725912cc4e5e req-0be51bd6-e0ae-4645-b46c-725912cc4e5e ] Request (VolumesAdminNegativeTest:setUpClass): 201 POST http://10.180.1.21/identity/v3/users 0.073s
2025-11-20 18:28:48.151 66191 INFO tempest.lib.common.rest_client [req-847c17fd-e3c3-468d-8691-9433619ddb7c req-847c17fd-e3c3-468d-8691-9433619ddb7c ] Request (FloatingIPsTestJSON:setUpClass): 201 POST http://10.180.1.21/identity/v3/auth/tokens 0.072s
2025-11-20 18:28:48.158 66181 INFO tempest.lib.common.rest_client [req-7ad89847-7cb0-4ec8-8b51-8285c5d00b69 req-7ad89847-7cb0-4ec8-8b51-8285c5d00b69 ] Request (VolumesAdminNegativeTest:setUpClass): 200 GET http://10.180.1.21/identity/v3/roles 0.022s
2025-11-20 18:28:48.184 66181 INFO tempest.lib.common.rest_client [req-16c1f0a9-a31f-4069-977e-de0ee341ac34 req-16c1f0a9-a31f-4069-977e-de0ee341ac34 ] Request (VolumesAdminNegativeTest:setUpClass): 204 PUT http://10.180.1.21/identity/v3/projects/cb090e560e0b41a584ac014009ac7a2b/users/f23a136bebf14e4d8b33c0f87da68427/roles/04972a7f85ff4109b5de299d7eeda480 0.026s
2025-11-20 18:28:48.184 66181 INFO tempest.lib.common.dynamic_creds [-] Dynamic test user f23a136bebf14e4d8b33c0f87da68427 is created with scope project and roles: ['member']
2025-11-20 18:28:48.185 66181 INFO tempest.lib.common.dynamic_creds [-] Acquired dynamic creds: credentials: Credentials: {'domain_id': 'default', 'domain_name': 'Default', 'username': 'tempest-VolumesAdminNegativeTest-1762117427-project-member', 'project_domain_id': 'default', 'project_domain_name': 'Default', 'project_id': 'cb090e560e0b41a584ac014009ac7a2b', 'project_name': 'tempest-VolumesAdminNegativeTest-1762117427', 'tenant_id': 'cb090e560e0b41a584ac014009ac7a2b', 'tenant_name': 'tempest-VolumesAdminNegativeTest-1762117427', 'user_domain_id': 'default', 'user_domain_name': 'Default', 'user_id': 'f23a136bebf14e4d8b33c0f87da68427', 'system': None}, Network: None, Subnet: None, Router: None
2025-11-20 18:28:48.202 66179 INFO tempest.lib.common.rest_client [req-95f893cb-637d-4abe-9233-05afd4ec3d51 req-95f893cb-637d-4abe-9233-05afd4ec3d51 ] Request (QuotaClassesAdminTestJSON:tearDownClass): 200 GET http://10.180.1.21/networking/v2.0/security-groups?tenant_id=cb9a8da72d8a47fa8c819cdfe6dd9ded&name=default 0.868s
2025-11-20 18:28:48.249 66181 INFO tempest.lib.common.rest_client [req-5c894d72-f227-4f50-b576-863d65b1ef69 req-5c894d72-f227-4f50-b576-863d65b1ef69 ] Request (VolumesAdminNegativeTest:setUpClass): 201 POST http://10.180.1.21/identity/v3/auth/tokens 0.064s
2025-11-20 18:28:48.254 66145 INFO tempest.lib.common.rest_client [req-8c3ff793-d120-497e-9e4b-06ba907bddec req-8c3ff793-d120-497e-9e4b-06ba907bddec ] Request (ImagesNegativeTestJSON:test_create_image_from_deleted_server): 200 GET http://10.180.1.21/compute/v2.1/servers/fe7ae487-c5de-4fed-940f-cfa2219ac2f4 2.944s
2025-11-20 18:28:48.294 66157 INFO tempest.lib.common.rest_client [req-d57f5722-7b03-4953-9200-a9e853e9de46 req-d57f5722-7b03-4953-9200-a9e853e9de46 ] Request (FlavorsV255TestJSON:test_crud_flavor): 200 PUT http://10.180.1.21/compute/v2.1/flavors/826036720 2.824s
2025-11-20 18:28:48.306 66173 INFO tempest.lib.common.rest_client [req-6e1c8fc2-9102-4b7d-831e-dac5d067fc34 req-6e1c8fc2-9102-4b7d-831e-dac5d067fc34 ] Request (KeyPairsV22TestJSON:test_get_keypair_detail): 200 GET http://10.180.1.21/compute/v2.1/os-keypairs/tempest-keypair-883451513 2.819s
2025-11-20 18:28:48.316 66185 INFO tempest.lib.common.rest_client [req-59d39cb8-336a-4792-a033-ed8868154131 req-59d39cb8-336a-4792-a033-ed8868154131 ] Request (ServerDiagnosticsTest:test_get_server_diagnostics): 202 POST http://10.180.1.21/compute/v2.1/servers 3.213s
2025-11-20 18:28:48.316 66149 INFO tempest.lib.common.rest_client [req-1b474455-ce71-45e3-90ad-1c47567f1a05 req-1b474455-ce71-45e3-90ad-1c47567f1a05 ] Request (FlavorsExtraSpecsNegativeTestJSON:test_flavor_unset_nonexistent_key): 404 DELETE http://10.180.1.21/compute/v2.1/flavors/2020614909/os-extra_specs/hw:cpu_thread_policy 2.797s
2025-11-20 18:28:48.348 66155 INFO tempest.lib.common.rest_client [req-42848fa0-ba9e-465e-887c-a842aa97b086 req-42848fa0-ba9e-465e-887c-a842aa97b086 ] Request (FlavorsV2TestJSON:test_list_flavors): 200 GET http://10.180.1.21/compute/v2.1/flavors 2.744s
2025-11-20 18:28:48.353 66161 INFO tempest.lib.common.rest_client [req-ad434f32-d849-4bd5-b247-81d962b5fbd6 req-ad434f32-d849-4bd5-b247-81d962b5fbd6 ] Request (HypervisorAdminNegativeTestJSON:test_show_hypervisor_with_non_admin_user): 403 GET http://10.180.1.21/compute/v2.1/os-hypervisors/1 2.727s
2025-11-20 18:28:48.358 66169 INFO tempest.lib.common.rest_client [req-1eb47c4a-bab4-4bf3-8e5f-027adc6d1356 req-1eb47c4a-bab4-4bf3-8e5f-027adc6d1356 ] Request (ServicesAdminNegativeV253TestJSON:test_get_service_by_invalid_params): 200 GET http://10.180.1.21/compute/v2.1/os-services 2.818s
2025-11-20 18:28:48.557 66195 INFO tempest.lib.common.rest_client [req-7655437a-cc0f-42ef-af05-e4699952681e req-7655437a-cc0f-42ef-af05-e4699952681e ] Request (QuotasAdminNegativeTest:_run_cleanups): 200 PUT http://10.180.1.21/compute/v2.1/os-quota-sets/925c706f240649cbba9e9c1c5f647eef 2.834s
