2025-11-20 18:28:40.160 66147 INFO tempest.lib.common.dynamic_creds [-] Acquired dynamic creds: credentials: Credentials: {'domain_id': 'default', 'domain_name': 'Default', 'username': 'tempest-ServerDiagnosticsV248Test-952782597-project-member', 'project_domain_id': 'default', 'project_domain_name': 'Default', 'project_id': 'd9c31f128c4a4a85a06e1d3d27decb7f', 'project_name': 'tempest-ServerDiagnosticsV248Test-952782597', 'tenant_id': 'd9c31f128c4a4a85a06e1d3d27decb7f', 'tenant_name': 'tempest-ServerDiagnosticsV248Test-952782597', 'user_domain_id': 'default', 'user_domain_name': 'Default', 'user_id': '7b6ef63e7cfe45a89e36168cc70a9637', 'system': None}, Network: None, Subnet: None, Router: None
2025-11-20 18:28:40.160 66147 INFO tempest.lib.common.dynamic_creds [-] Created isolated network resources for: credentials: Credentials: {'domain_id': 'default', 'domain_name': 'Default', 'username': 'tempest-ServerDiagnosticsV248Test-952782597-project-member', 'project_domain_id': 'default', 'project_domain_name': 'Default', 'project_id': 'd9c31f128c4a4a85a06e1d3d27decb7f', 'project_name': 'tempest-ServerDiagnosticsV248Test-952782597', 'tenant_id': 'd9c31f128c4a4a85a06e1d3d27decb7f', 'tenant_name': 'tempest-ServerDiagnosticsV248Test-952782597', 'user_domain_id': 'default', 'user_domain_name': 'Default', 'user_id': '7b6ef63e7cfe45a89e36168cc70a9637', 'system': None}, Network: None, Subnet: None, Router: None
2025-11-20 18:28:40.165 66157 INFO tempest.lib.common.rest_client [req-79f6b6f1-4c2f-4e22-952a-af0dce33da4e req-79f6b6f1-4c2f-4e22-952a-af0dce33da4e ] Request (FlavorMetadataValidation:tearDownClass): 204 DELETE http://10.180.1.21/identity/v3/projects/f90f02270c944d5799fda1fb57fa2c45 0.079s
2025-11-20 18:28:40.225 66157 INFO tempest.lib.common.rest_client [req-ae742ad7-36dc-46cb-9b2c-0b3533aeddd0 req-ae742ad7-36dc-46cb-9b2c-0b3533aeddd0 ] Request (FlavorsV255TestJSON:setUpClass): 201 POST http://10.180.1.21/identity/v3/auth/tokens 0.058s
2025-11-20 18:28:40.236 66147 INFO tempest.lib.common.rest_client [req-9e360742-fc63-4a7b-b6a3-e1596f48fc95 req-9e360742-fc63-4a7b-b6a3-e1596f48fc95 ] Request (ServerDiagnosticsV248Test:setUpClass): 201 POST http://10.180.1.21/identity/v3/auth/tokens 0.072s
2025-11-20 18:28:40.257 66157 INFO tempest.lib.common.rest_client [req-24c6aa88-16ea-4fb0-9ae6-c1c024c6f905 req-24c6aa88-16ea-4fb0-9ae6-c1c024c6f905 ] Request (FlavorsV255TestJSON:setUpClass): 201 POST http://10.180.1.21/identity/v3/auth/tokens 0.029s
2025-11-20 18:28:40.274 66147 INFO tempest.lib.common.rest_client [req-a2b55bc8-0dc1-4c5f-bfe8-179b4b453e1d req-a2b55bc8-0dc1-4c5f-bfe8-179b4b453e1d ] Request (ServerDiagnosticsV248Test:setUpClass): 201 POST http://10.180.1.21/identity/v3/projects 0.038s
2025-11-20 18:28:40.285 66157 INFO tempest.lib.common.rest_client [req-d1c32832-8e5f-4b52-96aa-2d42699023c0 req-d1c32832-8e5f-4b52-96aa-2d42699023c0 ] Request (FlavorsV255TestJSON:setUpClass): 200 GET http://10.180.1.21/identity/v3/domains?name=Default 0.027s
2025-11-20 18:28:40.346 66147 INFO tempest.lib.common.rest_client [req-1bc8bde2-e2ef-4df4-aec8-8ecc0f9f8f01 req-1bc8bde2-e2ef-4df4-aec8-8ecc0f9f8f01 ] Request (ServerDiagnosticsV248Test:setUpClass): 201 POST http://10.180.1.21/identity/v3/users 0.072s
2025-11-20 18:28:40.353 66157 INFO tempest.lib.common.rest_client [req-588569f0-b404-47e0-bc46-672b764823a8 req-588569f0-b404-47e0-bc46-672b764823a8 ] Request (FlavorsV255TestJSON:setUpClass): 201 POST http://10.180.1.21/identity/v3/projects 0.068s
2025-11-20 18:28:40.400 66147 INFO tempest.lib.common.rest_client [req-64c07786-0496-4ce7-922f-4e5417359465 req-64c07786-0496-4ce7-922f-4e5417359465 ] Request (ServerDiagnosticsV248Test:setUpClass): 200 GET http://10.180.1.21/identity/v3/roles 0.053s
2025-11-20 18:28:40.418 66157 INFO tempest.lib.common.rest_client [req-24222396-cb1d-4fd9-8f4e-d676eccc77fc req-24222396-cb1d-4fd9-8f4e-d676eccc77fc ] Request (FlavorsV255TestJSON:setUpClass): 201 POST http://10.180.1.21/identity/v3/users 0.065s
2025-11-20 18:28:40.428 66147 INFO tempest.lib.common.rest_client [req-af256210-5135-48f6-b3d1-51e3e5ad8390 req-af256210-5135-48f6-b3d1-51e3e5ad8390 ] Request (ServerDiagnosticsV248Test:setUpClass): 204 PUT http://10.180.1.21/identity/v3/projects/34be2f4b450349b7ade2cc407b4409ef/users/2ac63a224f4941e994f84e0c46abf9a5/roles/da2501c1355842409e9f29d4d7d134bf 0.027s
2025-11-20 18:28:40.471 66157 INFO tempest.lib.common.rest_client [req-d8dc55b7-f20c-46ca-9230-00bba54fcd4e req-d8dc55b7-f20c-46ca-9230-00bba54fcd4e ] Request (FlavorsV255TestJSON:setUpClass): 200 GET http://10.180.1.21/identity/v3/roles 0.052s
2025-11-20 18:28:40.502 66157 INFO tempest.lib.common.rest_client [req-85c0c424-3bb7-4c77-b8f3-9c7e3913819f req-85c0c424-3bb7-4c77-b8f3-9c7e3913819f ] Request (FlavorsV255TestJSON:setUpClass): 204 PUT http://10.180.1.21/identity/v3/projects/e9b58aa1084e4c05ac2ff40fafd39bb2/users/e21f14e594044bb68308813c172260de/roles/04972a7f85ff4109b5de299d7eeda480 0.031s
2025-11-20 18:28:40.503 66157 INFO tempest.lib.common.dynamic_creds [-] Dynamic test user e21f14e594044bb68308813c172260de is created with scope project and roles: ['member']
2025-11-20 18:28:40.503 66157 INFO tempest.lib.common.dynamic_creds [-] Acquired dynamic creds: credentials: Credentials: {'domain_id': 'default', 'domain_name': 'Default', 'username': 'tempest-FlavorsV255TestJSON-19366111-project-member', 'project_domain_id': 'default', 'project_domain_name': 'Default', 'project_id': 'e9b58aa1084e4c05ac2ff40fafd39bb2', 'project_name': 'tempest-FlavorsV255TestJSON-19366111', 'tenant_id': 'e9b58aa1084e4c05ac2ff40fafd39bb2', 'tenant_name': 'tempest-FlavorsV255TestJSON-19366111', 'user_domain_id': 'default', 'user_domain_name': 'Default', 'user_id': 'e21f14e594044bb68308813c172260de', 'system': None}, Network: None, Subnet: None, Router: None
2025-11-20 18:28:40.503 66157 INFO tempest.lib.common.dynamic_creds [-] Created isolated network resources for: credentials: Credentials: {'domain_id': 'default', 'domain_name': 'Default', 'username': 'tempest-FlavorsV255TestJSON-19366111-project-member', 'project_domain_id': 'default', 'project_domain_name': 'Default', 'project_id': 'e9b58aa1084e4c05ac2ff40fafd39bb2', 'project_name': 'tempest-FlavorsV255TestJSON-19366111', 'tenant_id': 'e9b58aa1084e4c05ac2ff40fafd39bb2', 'tenant_name': 'tempest-FlavorsV255TestJSON-19366111', 'user_domain_id': 'default', 'user_domain_name': 'Default', 'user_id': 'e21f14e594044bb68308813c172260de', 'system': None}, Network: None, Subnet: None, Router: None
2025-11-20 18:28:40.505 66147 INFO tempest.lib.common.rest_client [req-32586169-5305-4c08-b340-7c63702cf42b req-32586169-5305-4c08-b340-7c63702cf42b ] Request (ServerDiagnosticsV248Test:setUpClass): 200 GET http://10.180.1.21/identity/v3/roles 0.077s
2025-11-20 18:28:40.566 66147 INFO tempest.lib.common.rest_client [req-2fc24863-643c-4fa0-a2c3-cf346134f7f0 req-2fc24863-643c-4fa0-a2c3-cf346134f7f0 ] Request (ServerDiagnosticsV248Test:setUpClass): 204 PUT http://10.180.1.21/identity/v3/projects/34be2f4b450349b7ade2cc407b4409ef/users/2ac63a224f4941e994f84e0c46abf9a5/roles/da2501c1355842409e9f29d4d7d134bf 0.061s
2025-11-20 18:28:40.566 66147 INFO tempest.lib.common.dynamic_creds [-] Dynamic test user 2ac63a224f4941e994f84e0c46abf9a5 is created with scope project and roles: ['admin']
2025-11-20 18:28:40.567 66147 INFO tempest.lib.common.dynamic_creds [-] Acquired dynamic creds: credentials: Credentials: {'domain_id': 'default', 'domain_name': 'Default', 'username': 'tempest-ServerDiagnosticsV248Test-753124572-project-admin', 'project_domain_id': 'default', 'project_domain_name': 'Default', 'project_id': '34be2f4b450349b7ade2cc407b4409ef', 'project_name': 'tempest-ServerDiagnosticsV248Test-753124572', 'tenant_id': '34be2f4b450349b7ade2cc407b4409ef', 'tenant_name': 'tempest-ServerDiagnosticsV248Test-753124572', 'user_domain_id': 'default', 'user_domain_name': 'Default', 'user_id': '2ac63a224f4941e994f84e0c46abf9a5', 'system': None}, Network: None, Subnet: None, Router: None
2025-11-20 18:28:40.567 66147 INFO tempest.lib.common.dynamic_creds [-] Created isolated network resources for: credentials: Credentials: {'domain_id': 'default', 'domain_name': 'Default', 'username': 'tempest-ServerDiagnosticsV248Test-753124572-project-admin', 'project_domain_id': 'default', 'project_domain_name': 'Default', 'project_id': '34be2f4b450349b7ade2cc407b4409ef', 'project_name': 'tempest-ServerDiagnosticsV248Test-753124572', 'tenant_id': '34be2f4b450349b7ade2cc407b4409ef', 'tenant_name': 'tempest-ServerDiagnosticsV248Test-753124572', 'user_domain_id': 'default', 'user_domain_name': 'Default', 'user_id': '2ac63a224f4941e994f84e0c46abf9a5', 'system': None}, Network: None, Subnet: None, Router: None
2025-11-20 18:28:40.589 66157 INFO tempest.lib.common.rest_client [req-332443bd-a2f1-4613-8658-5f453a173c5c req-332443bd-a2f1-4613-8658-5f453a173c5c ] Request (FlavorsV255TestJSON:setUpClass): 201 POST http://10.180.1.21/identity/v3/auth/tokens 0.082s
2025-11-20 18:28:40.642 66147 INFO tempest.lib.common.rest_client [req-f0f5c952-00b5-4801-815b-11ac165aa1e3 req-f0f5c952-00b5-4801-815b-11ac165aa1e3 ] Request (ServerDiagnosticsV248Test:setUpClass): 201 POST http://10.180.1.21/identity/v3/auth/tokens 0.071s
2025-11-20 18:28:40.650 66157 INFO tempest.lib.common.rest_client [req-23d70ad0-5179-40c5-b2ec-b12004488798 req-23d70ad0-5179-40c5-b2ec-b12004488798 ] Request (FlavorsV255TestJSON:setUpClass): 201 POST http://10.180.1.21/identity/v3/projects 0.060s
2025-11-20 18:28:40.699 66147 INFO tempest.lib.common.rest_client [req-5021edca-e982-41f9-a08c-58605a363ad3 req-5021edca-e982-41f9-a08c-58605a363ad3 ] Request (ServerDiagnosticsV248Test:test_get_server_diagnostics): 201 POST http://10.180.1.21/identity/v3/auth/tokens 0.052s
2025-11-20 18:28:40.699 66147 INFO tempest.lib.common.fixed_network [-] (ServerDiagnosticsV248Test:test_get_server_diagnostics) Found network None available for tenant
2025-11-20 18:28:40.706 66157 INFO tempest.lib.common.rest_client [req-0b51a754-92fd-4687-b3aa-32b607dd781a req-0b51a754-92fd-4687-b3aa-32b607dd781a ] Request (FlavorsV255TestJSON:setUpClass): 201 POST http://10.180.1.21/identity/v3/users 0.056s
2025-11-20 18:28:40.730 66157 INFO tempest.lib.common.rest_client [req-40ddca1e-17f9-4d49-8bb1-572dfa216769 req-40ddca1e-17f9-4d49-8bb1-572dfa216769 ] Request (FlavorsV255TestJSON:setUpClass): 200 GET http://10.180.1.21/identity/v3/roles 0.023s
2025-11-20 18:28:40.754 66157 INFO tempest.lib.common.rest_client [req-c0bfc30d-d25a-4752-9a41-b35136f1e73c req-c0bfc30d-d25a-4752-9a41-b35136f1e73c ] Request (FlavorsV255TestJSON:setUpClass): 204 PUT http://10.180.1.21/identity/v3/projects/ee4d3199549a4179a3b56870fb2b1cff/users/94c18b940a1c490daf664be1a73b9515/roles/da2501c1355842409e9f29d4d7d134bf 0.024s
2025-11-20 18:28:40.768 66163 INFO tempest.lib.common.rest_client [req-650f46e6-9f9c-40eb-abae-411031604e0d req-650f46e6-9f9c-40eb-abae-411031604e0d ] Request (VolumesAssistedSnapshotsTest:test_volume_assisted_snapshot_create_delete): 201 POST http://10.180.1.21/networking/v2.0/floatingips 0.865s
2025-11-20 18:28:40.814 66157 INFO tempest.lib.common.rest_client [req-6ad4e004-c25f-4b6c-a169-54779d06ab57 req-6ad4e004-c25f-4b6c-a169-54779d06ab57 ] Request (FlavorsV255TestJSON:setUpClass): 200 GET http://10.180.1.21/identity/v3/roles 0.060s
2025-11-20 18:28:40.827 66163 INFO tempest.lib.common.rest_client [req-dd9314a3-3c0c-4214-a55d-9f391dcf1a8a req-dd9314a3-3c0c-4214-a55d-9f391dcf1a8a ] Request (VolumesAssistedSnapshotsTest:test_volume_assisted_snapshot_create_delete): 201 POST http://10.180.1.21/identity/v3/auth/tokens 0.057s
2025-11-20 18:28:40.828 66163 INFO tempest.lib.common.fixed_network [-] (VolumesAssistedSnapshotsTest:test_volume_assisted_snapshot_create_delete) Found network {'id': '98c1f0e9-bda5-4d21-83f9-e7a9b1f7e467', 'name': 'tempest-VolumesAssistedSnapshotsTest-633763379-network', 'tenant_id': '37d536f87f3945ada96f72ceb7bdb03c', 'project_id': '37d536f87f3945ada96f72ceb7bdb03c', 'admin_state_up': True, 'mtu': 8950, 'status': 'ACTIVE', 'subnets': [], 'shared': False, 'port_security_enabled': True, 'router:external': False, 'provider:network_type': 'vlan', 'provider:physical_network': 'default', 'provider:segmentation_id': 196, 'availability_zone_hints': [], 'availability_zones': [], 'ipv4_address_scope': None, 'ipv6_address_scope': None, 'description': '', 'tags': [], 'created_at': '2025-11-20T18:28:17Z', 'updated_at': '2025-11-20T18:28:17Z', 'revision_number': 1} available for tenant
2025-11-20 18:28:40.835 66157 INFO tempest.lib.common.rest_client [req-3cbbc7e7-8efe-4bed-b44a-ca711b79935b req-3cbbc7e7-8efe-4bed-b44a-ca711b79935b ] Request (FlavorsV255TestJSON:setUpClass): 204 PUT http://10.180.1.21/identity/v3/projects/ee4d3199549a4179a3b56870fb2b1cff/users/94c18b940a1c490daf664be1a73b9515/roles/da2501c1355842409e9f29d4d7d134bf 0.020s
2025-11-20 18:28:40.835 66157 INFO tempest.lib.common.dynamic_creds [-] Dynamic test user 94c18b940a1c490daf664be1a73b9515 is created with scope project and roles: ['admin']
2025-11-20 18:28:40.835 66157 INFO tempest.lib.common.dynamic_creds [-] Acquired dynamic creds: credentials: Credentials: {'domain_id': 'default', 'domain_name': 'Default', 'username': 'tempest-FlavorsV255TestJSON-623338492-project-admin', 'project_domain_id': 'default', 'project_domain_name': 'Default', 'project_id': 'ee4d3199549a4179a3b56870fb2b1cff', 'project_name': 'tempest-FlavorsV255TestJSON-623338492', 'tenant_id': 'ee4d3199549a4179a3b56870fb2b1cff', 'tenant_name': 'tempest-FlavorsV255TestJSON-623338492', 'user_domain_id': 'default', 'user_domain_name': 'Default', 'user_id': '94c18b940a1c490daf664be1a73b9515', 'system': None}, Network: None, Subnet: None, Router: None
2025-11-20 18:28:40.835 66157 INFO tempest.lib.common.dynamic_creds [-] Created isolated network resources for: credentials: Credentials: {'domain_id': 'default', 'domain_name': 'Default', 'username': 'tempest-FlavorsV255TestJSON-623338492-project-admin', 'project_domain_id': 'default', 'project_domain_name': 'Default', 'project_id': 'ee4d3199549a4179a3b56870fb2b1cff', 'project_name': 'tempest-FlavorsV255TestJSON-623338492', 'tenant_id': 'ee4d3199549a4179a3b56870fb2b1cff', 'tenant_name': 'tempest-FlavorsV255TestJSON-623338492', 'user_domain_id': 'default', 'user_domain_name': 'Default', 'user_id': '94c18b940a1c490daf664be1a73b9515', 'system': None}, Network: None, Subnet: None, Router: None
2025-11-20 18:28:40.882 66187 INFO tempest.lib.common.rest_client [req-7bbd05cd-6163-427b-bebc-ff2609a59499 req-7bbd05cd-6163-427b-bebc-ff2609a59499 ] Request (ServersTestFqdnHostnames:test_create_server_with_fqdn_name): 202 POST http://10.180.1.21/compute/v2.1/servers 5.751s
2025-11-20 18:28:40.914 66157 INFO tempest.lib.common.rest_client [req-398b3034-25b1-4fa7-b059-63f62895c795 req-398b3034-25b1-4fa7-b059-63f62895c795 ] Request (FlavorsV255TestJSON:setUpClass): 201 POST http://10.180.1.21/identity/v3/auth/tokens 0.074s
2025-11-20 18:28:41.045 66145 INFO tempest.lib.common.rest_client [req-098ea6f2-842c-4305-9971-860f079a362f req-098ea6f2-842c-4305-9971-860f079a362f ] Request (ImagesNegativeTestJSON:test_create_image_from_deleted_server): 200 GET http://10.180.1.21/compute/v2.1/servers/fe7ae487-c5de-4fed-940f-cfa2219ac2f4 3.949s
2025-11-20 18:28:41.248 66201 INFO tempest.lib.common.rest_client [req-5fa2b438-75d9-4853-91b6-b7b1ec30a84b req-5fa2b438-75d9-4853-91b6-b7b1ec30a84b ] Request (ServersTestJSON:setUpClass): 202 POST http://10.180.1.21/compute/v2.1/servers 4.383s
2025-11-20 18:28:41.303 66167 INFO tempest.lib.common.rest_client [req-d0e307c2-a2bd-4d0c-a3ae-29529c28abe3 req-d0e307c2-a2bd-4d0c-a3ae-29529c28abe3 ] Request (ServerExternalEventsTest:test_create_server_external_events): 200 GET http://10.180.1.21/compute/v2.1/servers/24113797-0808-4d98-9577-0a2d9ea3573d 4.106s
2025-11-20 18:28:41.308 66149 INFO tempest.lib.common.rest_client [req-3bbacb69-13a7-4e47-8f62-357d502a3cae req-3bbacb69-13a7-4e47-8f62-357d502a3cae ] Request (FlavorsExtraSpecsNegativeTestJSON:test_flavor_non_admin_unset_keys): 403 DELETE http://10.180.1.21/compute/v2.1/flavors/2020614909/os-extra_specs/hw:numa_nodes 3.916s
2025-11-20 18:28:41.312 66167 INFO tempest.common.waiters [-] State transition "BUILD/None" ==> "BUILD/spawning" after 5 second wait
2025-11-20 18:28:41.341 66181 INFO tempest.lib.common.rest_client [req-3346b783-58d5-45d6-9dfc-1d37b51ca3e0 req-3346b783-58d5-45d6-9dfc-1d37b51ca3e0 ] Request (FlavorsV261TestJSON:test_crud_flavor): 200 GET http://10.180.1.21/compute/v2.1/flavors 3.870s
2025-11-20 18:28:41.403 66199 INFO tempest.lib.common.rest_client [req-7358c653-68ab-4500-9843-bedb43f72870 req-7358c653-68ab-4500-9843-bedb43f72870 ] Request (SecurityGroupsTestAdminJSON:test_list_security_groups_list_all_tenants_filter): 200 POST http://10.180.1.21/compute/v2.1/os-security-groups 4.049s
2025-11-20 18:28:41.496 66169 INFO tempest.lib.common.rest_client [req-57e3e5c5-79f0-472f-93e1-0ef1867edfa3 req-57e3e5c5-79f0-472f-93e1-0ef1867edfa3 ] Request (ServicesAdminNegativeV253TestJSON:test_disable_log_reason_with_invalid_service_id): 404 PUT http://10.180.1.21/compute/v2.1/os-services/b9279378-e6fd-4131-93a3-aeef4a0a5680 4.003s
2025-11-20 18:28:41.504 66195 INFO tempest.lib.common.rest_client [req-a8d001d2-e869-410f-b709-37de849168cf req-a8d001d2-e869-410f-b709-37de849168cf ] Request (QuotasAdminNegativeTest:test_create_server_when_instances_quota_is_full): 200 GET http://10.180.1.21/compute/v2.1/os-quota-sets/925c706f240649cbba9e9c1c5f647eef 3.967s
2025-11-20 18:28:41.531 66153 INFO tempest.lib.common.rest_client [req-d709fcd1-9a1b-4c7a-b1e5-1da9c7132a2b req-d709fcd1-9a1b-4c7a-b1e5-1da9c7132a2b ] Request (ServicesAdminNegativeTestJSON:test_get_service_with_valid_service_and_invalid_host): 200 GET http://10.180.1.21/compute/v2.1/os-services?host=xxx&binary=nova-scheduler 3.970s
2025-11-20 18:28:41.639 66159 INFO tempest.lib.common.rest_client [req-82e885f1-8516-44cd-bbe6-8d285384e868 req-82e885f1-8516-44cd-bbe6-8d285384e868 ] Request (ImagesOneServerTestJSON:setUpClass): 200 GET http://10.180.1.21/compute/v2.1/servers/9b42e3b7-97d6-477e-a015-69ca899f0dca 3.897s
2025-11-20 18:28:41.644 66161 INFO tempest.lib.common.rest_client [req-ad21656a-0daf-4ccb-9c44-434c78e93b3d req-ad21656a-0daf-4ccb-9c44-434c78e93b3d ] Request (HypervisorAdminNegativeTestJSON:test_get_hypervisor_uptime_with_non_admin_user): 403 GET http://10.180.1.21/compute/v2.1/os-hypervisors/1/uptime 3.886s
2025-11-20 18:28:41.650 66155 INFO tempest.lib.common.rest_client [req-20d8ef23-95f0-4855-a73a-fe8d0947ee52 req-20d8ef23-95f0-4855-a73a-fe8d0947ee52 ] Request (InstanceUsageAuditLogNegativeTestJSON:test_instance_usage_audit_logs_with_nonadmin_user): 403 GET http://10.180.1.21/compute/v2.1/os-instance_usage_audit_log/2025-11-20%2018%3A28%3A37 3.829s
2025-11-20 18:28:41.662 66171 INFO tempest.lib.common.rest_client [req-431a4877-ee0a-4d61-a838-da3c50324f64 req-431a4877-ee0a-4d61-a838-da3c50324f64 ] Request (KeyPairsV210TestJSON:test_admin_manage_keypairs_for_other_users): 200 GET http://10.180.1.21/compute/v2.1/os-keypairs/tempest-keypair-1785616588?user_id=71c884c2c6464f70ab66745d94b9937b 3.795s
2025-11-20 18:28:41.667 66151 INFO tempest.lib.common.rest_client [req-cb139738-3bd2-4f98-bc9a-55fc64d287db req-cb139738-3bd2-4f98-bc9a-55fc64d287db ] Request (InstanceActionsNegativeTestJSON:setUpClass): 200 GET http://10.180.1.21/compute/v2.1/servers/5f91d1bb-b8b3-4a4d-865d-e055bbe70f79 4.123s
2025-11-20 18:28:41.676 66151 INFO tempest.common.waiters [-] State transition "BUILD/None" ==> "BUILD/spawning" after 5 second wait
2025-11-20 18:28:41.740 66173 INFO tempest.lib.common.rest_client [req-6f02a6cd-8298-4693-8ea8-b9105c7f55c1 req-6f02a6cd-8298-4693-8ea8-b9105c7f55c1 ] Request (ListImageFiltersNegativeTestJSON:test_get_nonexistent_image): 404 GET http://10.180.1.21/compute/v2.1/images/b6a5c6b1-8c05-41e8-ad54-0cbdd14ce3aa 3.684s
2025-11-20 18:28:41.797 66155 INFO tempest.lib.common.rest_client [req-b8cabb15-0ee7-4efb-91f2-97930005596f req-b8cabb15-0ee7-4efb-91f2-97930005596f ] Request (InstanceUsageAuditLogNegativeTestJSON:tearDownClass): 204 DELETE http://10.180.1.21/identity/v3/users/1e61293f9f574cffa93c313e282a7565 0.145s
2025-11-20 18:28:41.845 66179 INFO tempest.lib.common.rest_client [req-80752e69-349c-4ded-ad4d-4bbdbfe43b2e req-80752e69-349c-4ded-ad4d-4bbdbfe43b2e ] Request (QuotaClassesAdminTestJSON:test_update_default_quotas): 200 PUT http://10.180.1.21/compute/v2.1/os-quota-class-sets/default 3.827s
2025-11-20 18:28:41.863 66173 INFO tempest.lib.common.rest_client [req-71d6776f-ae19-48dd-a7cc-72ac0d0c9f4e req-71d6776f-ae19-48dd-a7cc-72ac0d0c9f4e ] Request (ListImageFiltersNegativeTestJSON:tearDownClass): 204 DELETE http://10.180.1.21/identity/v3/users/cf2ab7ad2599401384e2a8ae6f20f622 0.121s
2025-11-20 18:28:41.863 66173 INFO tempest.lib.common.dynamic_creds [-] Deleting project and security group for project: e5c9983fd2df43a0af831d630292d2a1
2025-11-20 18:28:41.906 66189 INFO tempest.lib.common.rest_client [req-6c7049e8-fe69-43aa-acec-2f4f45e0d9d5 req-6c7049e8-fe69-43aa-acec-2f4f45e0d9d5 ] Request (ListServersNegativeTestJSON:setUpClass): 200 GET http://10.180.1.21/compute/v2.1/servers/b8c14a85-3ba6-43cb-9f99-35e0fe74bb0c 3.652s
2025-11-20 18:28:41.930 66193 INFO tempest.lib.common.rest_client [req-e57b6358-b714-4f3b-a94b-bc4bc2f84070 req-e57b6358-b714-4f3b-a94b-bc4bc2f84070 ] Request (ServicesAdminTestJSON:test_get_service_by_service_binary_name): 200 GET http://10.180.1.21/compute/v2.1/os-services?binary=nova-compute 3.653s
2025-11-20 18:28:41.944 66155 INFO tempest.lib.common.rest_client [req-47c23c7d-d9bd-4b5e-bfcd-09d232cf3fe7 req-47c23c7d-d9bd-4b5e-bfcd-09d232cf3fe7 ] Request (InstanceUsageAuditLogNegativeTestJSON:tearDownClass): 204 DELETE http://10.180.1.21/identity/v3/users/1dfa7d899a554290a2e89f49c04345f3 0.146s
2025-11-20 18:28:41.944 66155 INFO tempest.lib.common.dynamic_creds [-] Deleting project and security group for project: 26a84d002b0b4864a158ee9e5378d8df
2025-11-20 18:28:41.954 66183 INFO tempest.lib.common.rest_client [req-c654feec-b738-4113-8f4f-3acff4531fdf req-c654feec-b738-4113-8f4f-3acff4531fdf ] Request (FlavorsAdminTestJSON:_run_cleanups): 200 GET http://10.180.1.21/compute/v2.1/flavors/detail 3.663s
2025-11-20 18:28:41.982 66205 INFO tempest.lib.common.rest_client [req-e78de3db-c601-46ba-82be-8d52420805ca req-e78de3db-c601-46ba-82be-8d52420805ca ] Request (FlavorsAccessTestJSON:test_flavor_access_add_remove): 200 GET http://10.180.1.21/compute/v2.1/flavors/detail 3.593s
2025-11-20 18:28:41.999 66185 INFO tempest.lib.common.rest_client [req-476bf139-e62e-4cfe-bda3-3f3bb1c6f0a9 req-476bf139-e62e-4cfe-bda3-3f3bb1c6f0a9 ] Request (HypervisorAdminTestJSON:test_get_hypervisor_stats): 200 GET http://10.180.1.21/compute/v2.1/os-hypervisors/statistics 3.580s
2025-11-20 18:28:42.011 66191 INFO tempest.lib.common.rest_client [req-2634ebc8-2c7e-4a6b-8015-c9d1659366e2 req-2634ebc8-2c7e-4a6b-8015-c9d1659366e2 ] Request (HypervisorAdminNegativeUnderV252Test:test_show_servers_with_non_admin_user): 403 GET http://10.180.1.21/compute/v2.1/os-hypervisors/1/servers 3.577s
2025-11-20 18:28:42.033 66197 INFO tempest.lib.common.rest_client [req-436a44a0-85eb-46e6-81fa-7221911bafb5 req-436a44a0-85eb-46e6-81fa-7221911bafb5 ] Request (FlavorsAccessNegativeTestJSON:test_add_flavor_access_duplicate): 200 POST http://10.180.1.21/compute/v2.1/flavors/813528427/action 3.899s
2025-11-20 18:28:42.048 66175 INFO tempest.lib.common.rest_client [req-3738ae9f-f77d-454c-a62f-c21307c012be req-3738ae9f-f77d-454c-a62f-c21307c012be ] Request (ServersWithSpecificFlavorTestJSON:test_verify_created_server_ephemeral_disk): 200 GET http://10.180.1.21/compute/v2.1/flavors/42/os-extra_specs 3.383s
2025-11-20 18:28:42.058 66173 INFO tempest.lib.common.rest_client [req-3c5f1ffb-6310-4e97-a08f-16c5e8ea0aae req-3c5f1ffb-6310-4e97-a08f-16c5e8ea0aae ] Request (ListImageFiltersNegativeTestJSON:tearDownClass): 201 POST http://10.180.1.21/identity/v3/auth/tokens 0.194s
2025-11-20 18:28:42.067 66155 INFO tempest.lib.common.rest_client [req-df863b89-a9aa-4b07-b943-462b26a0df9b req-df863b89-a9aa-4b07-b943-462b26a0df9b ] Request (InstanceUsageAuditLogNegativeTestJSON:tearDownClass): 201 POST http://10.180.1.21/identity/v3/auth/tokens 0.123s
2025-11-20 18:28:42.129 66185 INFO tempest.lib.common.rest_client [req-89b506e0-5671-4f13-b27a-39cb62e785a3 req-89b506e0-5671-4f13-b27a-39cb62e785a3 ] Request (HypervisorAdminTestJSON:tearDownClass): 204 DELETE http://10.180.1.21/identity/v3/users/8291650176fd40f7af21f2397c63608b 0.123s
2025-11-20 18:28:42.301 66185 INFO tempest.lib.common.rest_client [req-9020e1af-1eaa-4d41-bd24-fab193d2c0dc req-9020e1af-1eaa-4d41-bd24-fab193d2c0dc ] Request (HypervisorAdminTestJSON:tearDownClass): 204 DELETE http://10.180.1.21/identity/v3/users/fcd1a6fe2dc74623a41269a7ff63f060 0.172s
2025-11-20 18:28:42.302 66185 INFO tempest.lib.common.dynamic_creds [-] Deleting project and security group for project: 1187d6a9ce634271b729e497df7774a9
2025-11-20 18:28:42.345 66155 INFO tempest.lib.common.rest_client [req-a05f2013-b1f9-4924-8fe8-b22e8e8fd197 req-a05f2013-b1f9-4924-8fe8-b22e8e8fd197 ] Request (InstanceUsageAuditLogNegativeTestJSON:tearDownClass): 200 GET http://10.180.1.21/networking/v2.0/security-groups?tenant_id=26a84d002b0b4864a158ee9e5378d8df&name=default 0.277s
2025-11-20 18:28:42.348 66173 INFO tempest.lib.common.rest_client [req-b59aa36d-7285-4b73-8ef0-e2fe5a97aff5 req-b59aa36d-7285-4b73-8ef0-e2fe5a97aff5 ] Request (ListImageFiltersNegativeTestJSON:tearDownClass): 200 GET http://10.180.1.21/networking/v2.0/security-groups?tenant_id=e5c9983fd2df43a0af831d630292d2a1&name=default 0.290s
2025-11-20 18:28:42.389 66185 INFO tempest.lib.common.rest_client [req-5ecda2d2-ab30-472e-ae5d-41ff6b062c51 req-5ecda2d2-ab30-472e-ae5d-41ff6b062c51 ] Request (HypervisorAdminTestJSON:tearDownClass): 201 POST http://10.180.1.21/identity/v3/auth/tokens 0.087s
2025-11-20 18:28:42.448 66155 INFO tempest.lib.common.rest_client [req-a9a1687a-d9c7-4d52-b6b9-e7490a3cb1ed req-a9a1687a-d9c7-4d52-b6b9-e7490a3cb1ed ] Request (InstanceUsageAuditLogNegativeTestJSON:tearDownClass): 204 DELETE http://10.180.1.21/networking/v2.0/security-groups/08c82b70-2ff7-4695-8abb-9001ceee4e2c 0.103s
2025-11-20 18:28:42.452 66173 INFO tempest.lib.common.rest_client [req-e606c26c-8a35-45f5-af4a-a57ae544b0df req-e606c26c-8a35-45f5-af4a-a57ae544b0df ] Request (ListImageFiltersNegativeTestJSON:tearDownClass): 204 DELETE http://10.180.1.21/networking/v2.0/security-groups/17c66467-0fb8-4ef2-b419-b224223a0803 0.103s
2025-11-20 18:28:42.526 66173 INFO tempest.lib.common.rest_client [req-65dad3da-dbcb-4370-a497-68f01f413907 req-65dad3da-dbcb-4370-a497-68f01f413907 ] Request (ListImageFiltersNegativeTestJSON:tearDownClass): 204 DELETE http://10.180.1.21/identity/v3/projects/e5c9983fd2df43a0af831d630292d2a1 0.074s
2025-11-20 18:28:42.544 66165 INFO tempest.lib.common.rest_client [req-4610fe83-6205-4997-9946-4f29ce3cc353 req-4610fe83-6205-4997-9946-4f29ce3cc353 ] Request (AggregatesAdminNegativeTestJSON:_run_cleanups): 200 POST http://10.180.1.21/compute/v2.1/os-aggregates/1/action 3.959s
2025-11-20 18:28:42.546 66155 INFO tempest.lib.common.rest_client [req-564b03e3-4e2a-4e7f-9a00-28886098c4f1 req-564b03e3-4e2a-4e7f-9a00-28886098c4f1 ] Request (InstanceUsageAuditLogNegativeTestJSON:tearDownClass): 204 DELETE http://10.180.1.21/identity/v3/projects/26a84d002b0b4864a158ee9e5378d8df 0.097s
2025-11-20 18:28:42.546 66155 INFO tempest.lib.common.dynamic_creds [-] Deleting project and security group for project: eba49ccf29c3435d8e7c31a1ee8fb867
2025-11-20 18:28:42.566 66203 INFO tempest.lib.common.rest_client [req-7d08516f-295b-4d26-ba8d-1093df59a9a4 req-7d08516f-295b-4d26-ba8d-1093df59a9a4 ] Request (DeleteServersAdminTestJSON:test_admin_delete_servers_of_others): 200 GET http://10.180.1.21/compute/v2.1/servers/0376ce7c-96dd-4dce-a92e-b706b7bc46c4 1.997s
2025-11-20 18:28:42.630 66173 INFO tempest.lib.common.rest_client [req-56208715-d069-46a1-8882-66aa0a8138d4 req-56208715-d069-46a1-8882-66aa0a8138d4 ] Request (KeyPairsV22TestJSON:setUpClass): 201 POST http://10.180.1.21/identity/v3/auth/tokens 0.102s
2025-11-20 18:28:42.656 66155 INFO tempest.lib.common.rest_client [req-11efa2ad-4095-478a-aa52-a92d8971c7e5 req-11efa2ad-4095-478a-aa52-a92d8971c7e5 ] Request (InstanceUsageAuditLogNegativeTestJSON:tearDownClass): 200 GET http://10.180.1.21/networking/v2.0/security-groups?tenant_id=eba49ccf29c3435d8e7c31a1ee8fb867&name=default 0.110s
2025-11-20 18:28:42.667 66173 INFO tempest.lib.common.rest_client [req-31e7c304-8540-4f0c-a85b-d14b2c02385e req-31e7c304-8540-4f0c-a85b-d14b2c02385e ] Request (KeyPairsV22TestJSON:setUpClass): 201 POST http://10.180.1.21/identity/v3/auth/tokens 0.035s
2025-11-20 18:28:42.690 66173 INFO tempest.lib.common.rest_client [req-ba51ac6c-fe14-42f6-9b66-c76fcceb6462 req-ba51ac6c-fe14-42f6-9b66-c76fcceb6462 ] Request (KeyPairsV22TestJSON:setUpClass): 200 GET http://10.180.1.21/identity/v3/domains?name=Default 0.023s
2025-11-20 18:28:42.723 66173 INFO tempest.lib.common.rest_client [req-46732d91-ca19-4440-ac68-e1e86760da60 req-46732d91-ca19-4440-ac68-e1e86760da60 ] Request (KeyPairsV22TestJSON:setUpClass): 201 POST http://10.180.1.21/identity/v3/projects 0.031s
2025-11-20 18:28:42.761 66185 INFO tempest.lib.common.rest_client [req-5f19c718-f352-4e8d-bb79-718ea0ffcc0a req-5f19c718-f352-4e8d-bb79-718ea0ffcc0a ] Request (HypervisorAdminTestJSON:tearDownClass): 200 GET http://10.180.1.21/networking/v2.0/security-groups?tenant_id=1187d6a9ce634271b729e497df7774a9&name=default 0.371s
2025-11-20 18:28:42.779 66173 INFO tempest.lib.common.rest_client [req-80b04e82-c0ba-415b-a372-7692595c8fe4 req-80b04e82-c0ba-415b-a372-7692595c8fe4 ] Request (KeyPairsV22TestJSON:setUpClass): 201 POST http://10.180.1.21/identity/v3/users 0.056s
2025-11-20 18:28:42.788 66155 INFO tempest.lib.common.rest_client [req-65020f3a-174c-4290-aef6-39fac8e994f7 req-65020f3a-174c-4290-aef6-39fac8e994f7 ] Request (InstanceUsageAuditLogNegativeTestJSON:tearDownClass): 204 DELETE http://10.180.1.21/networking/v2.0/security-groups/28ba5ec9-3c41-4306-8acb-835f809247a7 0.131s
2025-11-20 18:28:42.809 66173 INFO tempest.lib.common.rest_client [req-1274dc6d-8f67-4faa-ab3c-c965d0fdefae req-1274dc6d-8f67-4faa-ab3c-c965d0fdefae ] Request (KeyPairsV22TestJSON:setUpClass): 200 GET http://10.180.1.21/identity/v3/roles 0.029s
2025-11-20 18:28:42.836 66173 INFO tempest.lib.common.rest_client [req-6424219c-10ce-410a-ba2a-95d5aafe8a54 req-6424219c-10ce-410a-ba2a-95d5aafe8a54 ] Request (KeyPairsV22TestJSON:setUpClass): 204 PUT http://10.180.1.21/identity/v3/projects/11af249f69194389b80e76e5194aa009/users/374827881628451e910d0ac2150f1b0e/roles/04972a7f85ff4109b5de299d7eeda480 0.026s
2025-11-20 18:28:42.836 66173 INFO tempest.lib.common.dynamic_creds [-] Dynamic test user 374827881628451e910d0ac2150f1b0e is created with scope project and roles: ['member']
2025-11-20 18:28:42.836 66173 INFO tempest.lib.common.dynamic_creds [-] Acquired dynamic creds: credentials: Credentials: {'domain_id': 'default', 'domain_name': 'Default', 'username': 'tempest-KeyPairsV22TestJSON-432174762-project-member', 'project_domain_id': 'default', 'project_domain_name': 'Default', 'project_id': '11af249f69194389b80e76e5194aa009', 'project_name': 'tempest-KeyPairsV22TestJSON-432174762', 'tenant_id': '11af249f69194389b80e76e5194aa009', 'tenant_name': 'tempest-KeyPairsV22TestJSON-432174762', 'user_domain_id': 'default', 'user_domain_name': 'Default', 'user_id': '374827881628451e910d0ac2150f1b0e', 'system': None}, Network: None, Subnet: None, Router: None
2025-11-20 18:28:42.836 66173 INFO tempest.lib.common.dynamic_creds [-] Created isolated network resources for: credentials: Credentials: {'domain_id': 'default', 'domain_name': 'Default', 'username': 'tempest-KeyPairsV22TestJSON-432174762-project-member', 'project_domain_id': 'default', 'project_domain_name': 'Default', 'project_id': '11af249f69194389b80e76e5194aa009', 'project_name': 'tempest-KeyPairsV22TestJSON-432174762', 'tenant_id': '11af249f69194389b80e76e5194aa009', 'tenant_name': 'tempest-KeyPairsV22TestJSON-432174762', 'user_domain_id': 'default', 'user_domain_name': 'Default', 'user_id': '374827881628451e910d0ac2150f1b0e', 'system': None}, Network: None, Subnet: None, Router: None
2025-11-20 18:28:42.862 66155 INFO tempest.lib.common.rest_client [req-04d2d553-f247-47b0-9519-984dd675f999 req-04d2d553-f247-47b0-9519-984dd675f999 ] Request (InstanceUsageAuditLogNegativeTestJSON:tearDownClass): 204 DELETE http://10.180.1.21/identity/v3/projects/eba49ccf29c3435d8e7c31a1ee8fb867 0.072s
2025-11-20 18:28:42.875 66185 INFO tempest.lib.common.rest_client [req-fd47b023-1e09-4904-8ecd-e9422afe8013 req-fd47b023-1e09-4904-8ecd-e9422afe8013 ] Request (HypervisorAdminTestJSON:tearDownClass): 204 DELETE http://10.180.1.21/networking/v2.0/security-groups/af847d1e-4812-4b58-b83f-db36923490e0 0.113s
2025-11-20 18:28:42.881 66147 INFO tempest.lib.common.rest_client [req-b1bb2c7d-e6c5-4107-a0a4-b960d890a2be req-b1bb2c7d-e6c5-4107-a0a4-b960d890a2be ] Request (ServerDiagnosticsV248Test:test_get_server_diagnostics): 202 POST http://10.180.1.21/compute/v2.1/servers 2.181s
2025-11-20 18:28:42.930 66173 INFO tempest.lib.common.rest_client [req-cbada57e-0ad3-4ef6-bb3c-8f13e3c36e55 req-cbada57e-0ad3-4ef6-bb3c-8f13e3c36e55 ] Request (KeyPairsV22TestJSON:setUpClass): 201 POST http://10.180.1.21/identity/v3/auth/tokens 0.089s
2025-11-20 18:28:42.948 66187 INFO tempest.lib.common.rest_client [req-dc72eb9d-ead2-46a0-9f96-113df9910cdf req-dc72eb9d-ead2-46a0-9f96-113df9910cdf ] Request (ServersTestFqdnHostnames:test_create_server_with_fqdn_name): 200 GET http://10.180.1.21/compute/v2.1/servers/8a33ccfe-396e-4278-8ed1-f70610a279ba 2.064s
2025-11-20 18:28:42.954 66155 INFO tempest.lib.common.rest_client [req-af134a47-008b-43ae-968c-bc1df946d3a2 req-af134a47-008b-43ae-968c-bc1df946d3a2 ] Request (FlavorsV2TestJSON:setUpClass): 201 POST http://10.180.1.21/identity/v3/auth/tokens 0.091s
2025-11-20 18:28:43.037 66185 INFO tempest.lib.common.rest_client [req-31ea6396-6e90-4bd2-be25-ac3cede2a827 req-31ea6396-6e90-4bd2-be25-ac3cede2a827 ] Request (HypervisorAdminTestJSON:tearDownClass): 204 DELETE http://10.180.1.21/identity/v3/projects/1187d6a9ce634271b729e497df7774a9 0.162s
2025-11-20 18:28:43.037 66185 INFO tempest.lib.common.dynamic_creds [-] Deleting project and security group for project: 60c13b30ce0c4009a647955b8fe5a8f6
2025-11-20 18:28:43.082 66157 INFO tempest.lib.common.rest_client [req-da156364-a059-44bd-a018-061ee5bf6e5f req-da156364-a059-44bd-a018-061ee5bf6e5f ] Request (FlavorsV255TestJSON:test_crud_flavor): 200 POST http://10.180.1.21/compute/v2.1/flavors 2.167s
2025-11-20 18:28:43.136 66155 INFO tempest.lib.common.rest_client [req-b5427917-769e-4d3e-beab-b8d6c10a4139 req-b5427917-769e-4d3e-beab-b8d6c10a4139 ] Request (FlavorsV2TestJSON:setUpClass): 201 POST http://10.180.1.21/identity/v3/auth/tokens 0.178s
2025-11-20 18:28:43.167 66163 INFO tempest.lib.common.rest_client [req-8347ff6b-ebfe-4d56-a1a1-7171f94f0270 req-8347ff6b-ebfe-4d56-a1a1-7171f94f0270 ] Request (VolumesAssistedSnapshotsTest:test_volume_assisted_snapshot_create_delete): 202 POST http://10.180.1.21/compute/v2.1/servers 2.338s
2025-11-20 18:28:43.168 66201 INFO tempest.lib.common.rest_client [req-b52911b7-fd56-4700-9e7b-328e2a5ba566 req-b52911b7-fd56-4700-9e7b-328e2a5ba566 ] Request (ServersTestJSON:setUpClass): 200 GET http://10.180.1.21/compute/v2.1/servers/4ad775b0-b7f7-429b-931d-8c180e3aad47 1.917s
2025-11-20 18:28:43.175 66155 INFO tempest.lib.common.rest_client [req-37f4e412-8b25-4461-935a-023118fb7d37 req-37f4e412-8b25-4461-935a-023118fb7d37 ] Request (FlavorsV2TestJSON:setUpClass): 200 GET http://10.180.1.21/identity/v3/domains?name=Default 0.038s
2025-11-20 18:28:43.193 66181 INFO tempest.lib.common.rest_client [req-8294370c-c1f0-4cdc-a0e1-8bb33fb3dff4 req-8294370c-c1f0-4cdc-a0e1-8bb33fb3dff4 ] Request (FlavorsV261TestJSON:_run_cleanups): 202 DELETE http://10.180.1.21/compute/v2.1/flavors/903139651 1.842s
2025-11-20 18:28:43.203 66149 INFO tempest.lib.common.rest_client [req-185ebde6-7205-4fc0-9f8a-3ea12bb55b06 req-185ebde6-7205-4fc0-9f8a-3ea12bb55b06 ] Request (FlavorsExtraSpecsNegativeTestJSON:test_flavor_non_admin_update_specific_key): 200 POST http://10.180.1.21/compute/v2.1/flavors/2020614909/os-extra_specs 1.893s
2025-11-20 18:28:43.210 66185 INFO tempest.lib.common.rest_client [req-db5c6774-63f5-4aee-a68f-b3a3e16538b3 req-db5c6774-63f5-4aee-a68f-b3a3e16538b3 ] Request (HypervisorAdminTestJSON:tearDownClass): 200 GET http://10.180.1.21/networking/v2.0/security-groups?tenant_id=60c13b30ce0c4009a647955b8fe5a8f6&name=default 0.173s
2025-11-20 18:28:43.228 66155 INFO tempest.lib.common.rest_client [req-b20f2784-9e73-471a-893f-c341489da772 req-b20f2784-9e73-471a-893f-c341489da772 ] Request (FlavorsV2TestJSON:setUpClass): 201 POST http://10.180.1.21/identity/v3/projects 0.053s
2025-11-20 18:28:43.231 66169 INFO tempest.lib.common.rest_client [req-daf4ee21-5adb-4878-9367-810ad9b94897 req-daf4ee21-5adb-4878-9367-810ad9b94897 ] Request (ServicesAdminNegativeV253TestJSON:test_disable_service_with_invalid_service_id): 404 PUT http://10.180.1.21/compute/v2.1/os-services/b9279378-e6fd-4131-93a3-aeef4a0a5680 1.734s
2025-11-20 18:28:43.306 66155 INFO tempest.lib.common.rest_client [req-5af36c75-9c79-4bc8-a2b8-10033f24ecd9 req-5af36c75-9c79-4bc8-a2b8-10033f24ecd9 ] Request (FlavorsV2TestJSON:setUpClass): 201 POST http://10.180.1.21/identity/v3/users 0.077s
2025-11-20 18:28:43.330 66155 INFO tempest.lib.common.rest_client [req-84079132-9ba6-4a90-be48-89cf8f04b824 req-84079132-9ba6-4a90-be48-89cf8f04b824 ] Request (FlavorsV2TestJSON:setUpClass): 200 GET http://10.180.1.21/identity/v3/roles 0.024s
2025-11-20 18:28:43.361 66155 INFO tempest.lib.common.rest_client [req-d269465d-41f6-4941-9597-4baaa9e03094 req-d269465d-41f6-4941-9597-4baaa9e03094 ] Request (FlavorsV2TestJSON:setUpClass): 204 PUT http://10.180.1.21/identity/v3/projects/037d32f548b44b49bb361ce6fdccdc81/users/1c9a2be3f5254726b604057092f5ddff/roles/04972a7f85ff4109b5de299d7eeda480 0.030s
2025-11-20 18:28:43.361 66155 INFO tempest.lib.common.dynamic_creds [-] Dynamic test user 1c9a2be3f5254726b604057092f5ddff is created with scope project and roles: ['member']
2025-11-20 18:28:43.362 66155 INFO tempest.lib.common.dynamic_creds [-] Acquired dynamic creds: credentials: Credentials: {'domain_id': 'default', 'domain_name': 'Default', 'username': 'tempest-FlavorsV2TestJSON-1842558455-project-member', 'project_domain_id': 'default', 'project_domain_name': 'Default', 'project_id': '037d32f548b44b49bb361ce6fdccdc81', 'project_name': 'tempest-FlavorsV2TestJSON-1842558455', 'tenant_id': '037d32f548b44b49bb361ce6fdccdc81', 'tenant_name': 'tempest-FlavorsV2TestJSON-1842558455', 'user_domain_id': 'default', 'user_domain_name': 'Default', 'user_id': '1c9a2be3f5254726b604057092f5ddff', 'system': None}, Network: None, Subnet: None, Router: None
2025-11-20 18:28:43.362 66155 INFO tempest.lib.common.dynamic_creds [-] Created isolated network resources for: credentials: Credentials: {'domain_id': 'default', 'domain_name': 'Default', 'username': 'tempest-FlavorsV2TestJSON-1842558455-project-member', 'project_domain_id': 'default', 'project_domain_name': 'Default', 'project_id': '037d32f548b44b49bb361ce6fdccdc81', 'project_name': 'tempest-FlavorsV2TestJSON-1842558455', 'tenant_id': '037d32f548b44b49bb361ce6fdccdc81', 'tenant_name': 'tempest-FlavorsV2TestJSON-1842558455', 'user_domain_id': 'default', 'user_domain_name': 'Default', 'user_id': '1c9a2be3f5254726b604057092f5ddff', 'system': None}, Network: None, Subnet: None, Router: None
2025-11-20 18:28:43.399 66195 INFO tempest.lib.common.rest_client [req-88e1d482-a295-4566-acc5-4d8257148275 req-88e1d482-a295-4566-acc5-4d8257148275 ] Request (QuotasAdminNegativeTest:test_create_server_when_instances_quota_is_full): 200 PUT http://10.180.1.21/compute/v2.1/os-quota-sets/925c706f240649cbba9e9c1c5f647eef 1.892s
2025-11-20 18:28:43.468 66155 INFO tempest.lib.common.rest_client [req-c1b5a65f-2dff-4cd7-8b17-d66da99e5419 req-c1b5a65f-2dff-4cd7-8b17-d66da99e5419 ] Request (FlavorsV2TestJSON:setUpClass): 201 POST http://10.180.1.21/identity/v3/auth/tokens 0.100s
2025-11-20 18:28:43.544 66195 INFO tempest.lib.common.rest_client [req-0899f306-8e31-4743-913c-52ca31326738 req-0899f306-8e31-4743-913c-52ca31326738 ] Request (QuotasAdminNegativeTest:test_create_server_when_instances_quota_is_full): 201 POST http://10.180.1.21/identity/v3/auth/tokens 0.138s
2025-11-20 18:28:43.545 66195 INFO tempest.lib.common.fixed_network [-] (QuotasAdminNegativeTest:test_create_server_when_instances_quota_is_full) Found network None available for tenant
2025-11-20 18:28:43.546 66153 INFO tempest.lib.common.rest_client [req-b4248d9a-8d6f-4421-a08f-d91f8abd21a1 req-b4248d9a-8d6f-4421-a08f-d91f8abd21a1 ] Request (ServicesAdminNegativeTestJSON:test_list_services_with_non_admin_user): 403 GET http://10.180.1.21/compute/v2.1/os-services 2.012s
2025-11-20 18:28:43.554 66161 INFO tempest.lib.common.rest_client [req-6cb31b95-f7e4-4038-bc09-acc33c2756b9 req-6cb31b95-f7e4-4038-bc09-acc33c2756b9 ] Request (HypervisorAdminNegativeTestJSON:test_get_nonexistent_hypervisor_uptime): 404 GET http://10.180.1.21/compute/v2.1/os-hypervisors/5d9b750f-ff26-4380-8ac2-a2419368c7d8/uptime 1.908s
2025-11-20 18:28:43.619 66171 INFO tempest.lib.common.rest_client [req-c490c6d8-7b08-4243-8d1c-0b5b1886dbec req-c490c6d8-7b08-4243-8d1c-0b5b1886dbec ] Request (KeyPairsV210TestJSON:test_admin_manage_keypairs_for_other_users): 201 POST http://10.180.1.21/compute/v2.1/os-keypairs 1.954s
2025-11-20 18:28:43.636 66179 INFO tempest.lib.common.rest_client [req-e2ecdc17-48a2-4eba-b10f-a90e8ba085d6 req-e2ecdc17-48a2-4eba-b10f-a90e8ba085d6 ] Request (QuotaClassesAdminTestJSON:test_update_default_quotas): 200 GET http://10.180.1.21/compute/v2.1/os-quota-class-sets/default 1.789s
2025-11-20 18:28:43.640 66185 INFO tempest.lib.common.rest_client [req-e0adec61-d55b-4a11-b30e-e2cb9a9e3439 req-e0adec61-d55b-4a11-b30e-e2cb9a9e3439 ] Request (HypervisorAdminTestJSON:tearDownClass): 204 DELETE http://10.180.1.21/networking/v2.0/security-groups/056c2f14-79f8-4bc3-81d9-85c32c5caefe 0.429s
2025-11-20 18:28:43.657 66193 INFO tempest.lib.common.rest_client [req-30765f06-6116-4293-b43a-82e45805e9a4 req-30765f06-6116-4293-b43a-82e45805e9a4 ] Request (ServicesAdminTestJSON:test_list_services): 200 GET http://10.180.1.21/compute/v2.1/os-services 1.723s
2025-11-20 18:28:43.680 66183 INFO tempest.lib.common.rest_client [req-6010762e-a141-47ad-97fb-554ab88602ca req-6010762e-a141-47ad-97fb-554ab88602ca ] Request (FlavorsAdminTestJSON:test_create_flavor_verify_entry_in_list_details): 200 POST http://10.180.1.21/compute/v2.1/flavors 1.720s
2025-11-20 18:28:43.701 66205 INFO tempest.lib.common.rest_client [req-41e32325-d2c6-4647-bfaa-c9643dc149e9 req-41e32325-d2c6-4647-bfaa-c9643dc149e9 ] Request (FlavorsAccessTestJSON:_run_cleanups): 202 DELETE http://10.180.1.21/compute/v2.1/flavors/251872011 1.713s
2025-11-20 18:28:43.718 66191 INFO tempest.lib.common.rest_client [req-b8751add-0251-46a3-a581-8ed63fb04fd7 req-b8751add-0251-46a3-a581-8ed63fb04fd7 ] Request (HypervisorAdminNegativeUnderV252Test:test_show_servers_with_nonexistent_hypervisor): 404 GET http://10.180.1.21/compute/v2.1/os-hypervisors/b9f25ab4-6f90-4423-b0d2-13c1a473b22a/servers 1.705s
2025-11-20 18:28:43.728 66153 INFO tempest.lib.common.rest_client [req-5dc6054b-4db1-4d72-993f-59ed82f63d28 req-5dc6054b-4db1-4d72-993f-59ed82f63d28 ] Request (ServicesAdminNegativeTestJSON:tearDownClass): 204 DELETE http://10.180.1.21/identity/v3/users/8c93108d26ff4477b3d120685aa374b9 0.181s
2025-11-20 18:28:43.729 66185 INFO tempest.lib.common.rest_client [req-60a926ba-f089-4ce3-818f-494eec77f075 req-60a926ba-f089-4ce3-818f-494eec77f075 ] Request (HypervisorAdminTestJSON:tearDownClass): 204 DELETE http://10.180.1.21/identity/v3/projects/60c13b30ce0c4009a647955b8fe5a8f6 0.089s
2025-11-20 18:28:43.823 66191 INFO tempest.lib.common.rest_client [req-94ae5882-d8a1-4d71-aeea-a98c18f4501b req-94ae5882-d8a1-4d71-aeea-a98c18f4501b ] Request (HypervisorAdminNegativeUnderV252Test:tearDownClass): 204 DELETE http://10.180.1.21/identity/v3/users/5e36a19b646e4acca84df7bfc806be14 0.103s
2025-11-20 18:28:43.824 66193 INFO tempest.lib.common.rest_client [req-0150ae1b-e9a4-4842-ac96-9d127be9a3b9 req-0150ae1b-e9a4-4842-ac96-9d127be9a3b9 ] Request (ServicesAdminTestJSON:tearDownClass): 204 DELETE http://10.180.1.21/identity/v3/users/c580d5f40b984c24bf5fca2f13b52915 0.164s
2025-11-20 18:28:43.890 66185 INFO tempest.lib.common.rest_client [req-8f4b08bd-fa13-40d2-8b65-ca54097c90f4 req-8f4b08bd-fa13-40d2-8b65-ca54097c90f4 ] Request (ServerDiagnosticsTest:setUpClass): 201 POST http://10.180.1.21/identity/v3/auth/tokens 0.158s
2025-11-20 18:28:43.931 66153 INFO tempest.lib.common.rest_client [req-9c539af4-deb9-4463-9e38-e737f2b36a7d req-9c539af4-deb9-4463-9e38-e737f2b36a7d ] Request (ServicesAdminNegativeTestJSON:tearDownClass): 204 DELETE http://10.180.1.21/identity/v3/users/2e8c6c3bb6914a5f97daf64aafc68a04 0.202s
2025-11-20 18:28:43.931 66153 INFO tempest.lib.common.dynamic_creds [-] Deleting project and security group for project: 1fa055d0b6964c5a9b1b9f10af931e83
2025-11-20 18:28:43.965 66191 INFO tempest.lib.common.rest_client [req-cee3ba62-5886-43b2-a26a-87ede3075eeb req-cee3ba62-5886-43b2-a26a-87ede3075eeb ] Request (HypervisorAdminNegativeUnderV252Test:tearDownClass): 204 DELETE http://10.180.1.21/identity/v3/users/86aa5e7115454241a87786ffef1af282 0.142s
2025-11-20 18:28:43.966 66191 INFO tempest.lib.common.dynamic_creds [-] Deleting project and security group for project: 8e2499ee34f0491e9d0a6042f25bfb09
2025-11-20 18:28:44.188 66197 INFO tempest.lib.common.rest_client [req-087f51d4-090a-479e-af84-140c48d457fa req-087f51d4-090a-479e-af84-140c48d457fa ] Request (FlavorsAccessNegativeTestJSON:test_add_flavor_access_duplicate): 409 POST http://10.180.1.21/compute/v2.1/flavors/813528427/action 2.153s
2025-11-20 18:28:44.194 66193 INFO tempest.lib.common.rest_client [req-c7c0448c-5c7a-4ec4-bde5-094988e7b555 req-c7c0448c-5c7a-4ec4-bde5-094988e7b555 ] Request (ServicesAdminTestJSON:tearDownClass): 204 DELETE http://10.180.1.21/identity/v3/users/04384ad4edb64611a0632d022b058312 0.370s
2025-11-20 18:28:44.195 66193 INFO tempest.lib.common.dynamic_creds [-] Deleting project and security group for project: a4a5c0084c404b5fae1dec633296d10e
2025-11-20 18:28:44.219 66175 INFO tempest.lib.common.rest_client [req-4c91357f-0170-484f-a9a6-5b7d1b8e34ed req-4c91357f-0170-484f-a9a6-5b7d1b8e34ed ] Request (ServersWithSpecificFlavorTestJSON:test_verify_created_server_ephemeral_disk): 200 POST http://10.180.1.21/compute/v2.1/flavors/1460858306/os-extra_specs 2.169s
2025-11-20 18:28:44.245 66185 INFO tempest.lib.common.rest_client [req-f313ca2d-d1ec-4816-9b1c-0bcacd78f87e req-f313ca2d-d1ec-4816-9b1c-0bcacd78f87e ] Request (ServerDiagnosticsTest:setUpClass): 201 POST http://10.180.1.21/identity/v3/auth/tokens 0.349s
2025-11-20 18:28:44.264 66153 INFO tempest.lib.common.rest_client [req-e64fc51e-f47f-497e-aa8d-3a209a1a3c67 req-e64fc51e-f47f-497e-aa8d-3a209a1a3c67 ] Request (ServicesAdminNegativeTestJSON:tearDownClass): 201 POST http://10.180.1.21/identity/v3/auth/tokens 0.333s
2025-11-20 18:28:44.271 66191 INFO tempest.lib.common.rest_client [req-583aff85-c162-4fb6-b83c-582261ac19d4 req-583aff85-c162-4fb6-b83c-582261ac19d4 ] Request (HypervisorAdminNegativeUnderV252Test:tearDownClass): 201 POST http://10.180.1.21/identity/v3/auth/tokens 0.305s
2025-11-20 18:28:44.291 66193 INFO tempest.lib.common.rest_client [req-74277d3d-fae2-4c0f-8dd2-524d8a0cdee9 req-74277d3d-fae2-4c0f-8dd2-524d8a0cdee9 ] Request (ServicesAdminTestJSON:tearDownClass): 201 POST http://10.180.1.21/identity/v3/auth/tokens 0.096s
2025-11-20 18:28:44.296 66145 INFO tempest.lib.common.rest_client [req-4dd5ae33-2179-43b0-b069-156492491459 req-4dd5ae33-2179-43b0-b069-156492491459 ] Request (ImagesNegativeTestJSON:test_create_image_from_deleted_server): 200 GET http://10.180.1.21/compute/v2.1/servers/fe7ae487-c5de-4fed-940f-cfa2219ac2f4 2.242s
2025-11-20 18:28:44.298 66185 INFO tempest.lib.common.rest_client [req-a219138c-1e0b-47ae-a4ae-f1874737c1bc req-a219138c-1e0b-47ae-a4ae-f1874737c1bc ] Request (ServerDiagnosticsTest:setUpClass): 200 GET http://10.180.1.21/identity/v3/domains?name=Default 0.052s
2025-11-20 18:28:44.367 66185 INFO tempest.lib.common.rest_client [req-0b9782d6-86c9-4123-8dac-702153350cb3 req-0b9782d6-86c9-4123-8dac-702153350cb3 ] Request (ServerDiagnosticsTest:setUpClass): 201 POST http://10.180.1.21/identity/v3/projects 0.068s
2025-11-20 18:28:44.427 66185 INFO tempest.lib.common.rest_client [req-774cf3a4-e07b-4487-92fc-8fcadef13c5a req-774cf3a4-e07b-4487-92fc-8fcadef13c5a ] Request (ServerDiagnosticsTest:setUpClass): 201 POST http://10.180.1.21/identity/v3/users 0.060s
2025-11-20 18:28:44.451 66191 INFO tempest.lib.common.rest_client [req-f30afb65-0cf9-4848-a12a-7fdaf2811523 req-f30afb65-0cf9-4848-a12a-7fdaf2811523 ] Request (HypervisorAdminNegativeUnderV252Test:tearDownClass): 200 GET http://10.180.1.21/networking/v2.0/security-groups?tenant_id=8e2499ee34f0491e9d0a6042f25bfb09&name=default 0.179s
2025-11-20 18:28:44.453 66153 INFO tempest.lib.common.rest_client [req-3b094fc6-e706-4972-ab95-b4f4cc0ec007 req-3b094fc6-e706-4972-ab95-b4f4cc0ec007 ] Request (ServicesAdminNegativeTestJSON:tearDownClass): 200 GET http://10.180.1.21/networking/v2.0/security-groups?tenant_id=1fa055d0b6964c5a9b1b9f10af931e83&name=default 0.189s
2025-11-20 18:28:44.457 66185 INFO tempest.lib.common.rest_client [req-6c85f2e0-39d7-4070-ad88-600163b8380b req-6c85f2e0-39d7-4070-ad88-600163b8380b ] Request (ServerDiagnosticsTest:setUpClass): 200 GET http://10.180.1.21/identity/v3/roles 0.029s
