2025-11-20 18:29:36.387 66169 INFO tempest.lib.common.rest_client [req-147bdc48-ef49-459f-aa5e-b5335649bd96 req-147bdc48-ef49-459f-aa5e-b5335649bd96 ] Request (SecurityGroupsTestJSON:test_list_security_groups_by_server): 201 POST http://10.180.1.21/identity/v3/auth/tokens 0.057s
2025-11-20 18:29:36.387 66169 INFO tempest.lib.common.fixed_network [-] (SecurityGroupsTestJSON:test_list_security_groups_by_server) Found network {'id': 'bbe927b9-6fe2-4a6d-8bd9-62d0cc0d80ac', 'name': 'tempest-SecurityGroupsTestJSON-447544540-network', 'tenant_id': '51883ec605cb45e2b708cbc98e4b70c0', 'project_id': '51883ec605cb45e2b708cbc98e4b70c0', 'admin_state_up': True, 'mtu': 8950, 'status': 'ACTIVE', 'subnets': [], 'shared': False, 'port_security_enabled': True, 'router:external': False, 'provider:network_type': 'vlan', 'provider:physical_network': 'default', 'provider:segmentation_id': 628, 'availability_zone_hints': [], 'availability_zones': [], 'ipv4_address_scope': None, 'ipv6_address_scope': None, 'description': '', 'tags': [], 'created_at': '2025-11-20T18:29:23Z', 'updated_at': '2025-11-20T18:29:23Z', 'revision_number': 1} available for tenant
2025-11-20 18:29:36.520 66191 INFO tempest.lib.common.rest_client [req-2caf292b-c4d6-4266-9104-64b1cb2a7712 req-2caf292b-c4d6-4266-9104-64b1cb2a7712 ] Request (FloatingIPsTestJSON:tearDownClass): 204 DELETE http://10.180.1.21/networking/v2.0/routers/3f1679a4-d69e-4b80-826d-6c580044a483 0.533s
2025-11-20 18:29:36.762 66205 INFO tempest.lib.common.rest_client [req-918bee6d-94e6-4140-b128-b3f28040b22d req-918bee6d-94e6-4140-b128-b3f28040b22d ] Request (SecurityGroupsNegativeTestJSON:test_security_group_get_nonexistent_group): 404 GET http://10.180.1.21/compute/v2.1/os-security-groups/193c667b-4752-43a8-89da-b29c2de3b404 3.884s
2025-11-20 18:29:36.832 66191 INFO tempest.lib.common.rest_client [req-f373fb3e-1bdb-43c3-85eb-d2199d7aca9f req-f373fb3e-1bdb-43c3-85eb-d2199d7aca9f ] Request (FloatingIPsTestJSON:tearDownClass): 204 DELETE http://10.180.1.21/networking/v2.0/subnets/c31ce2d4-afdd-4477-aa70-14fc61328c21 0.312s
2025-11-20 18:29:36.868 66179 INFO tempest.lib.common.rest_client [req-54248238-dc7f-48e2-8a39-c1a6178c63e8 req-54248238-dc7f-48e2-8a39-c1a6178c63e8 ] Request (ServerDiagnosticsNegativeTest:tearDownClass): 204 DELETE http://10.180.1.21/compute/v2.1/servers/3632e762-ab9e-4d11-b84c-a6cfd7a16552 3.686s
2025-11-20 18:29:36.955 66149 INFO tempest.lib.common.rest_client [req-a0ad73c2-72d9-4897-bf79-13bbd910d6d3 req-a0ad73c2-72d9-4897-bf79-13bbd910d6d3 ] Request (ImagesMetadataNegativeTestJSON:test_delete_nonexistent_image_metadata_item): 404 DELETE http://10.180.1.21/compute/v2.1/images/523517f9-f4e8-46c2-9371-b33d01bc35cd/metadata/os_distro 3.697s
2025-11-20 18:29:37.063 66143 INFO tempest.lib.common.rest_client [req-b4d16df8-67c9-41f8-868b-026e5296c71f req-b4d16df8-67c9-41f8-868b-026e5296c71f ] Request (QuotasAdminTestJSON:test_update_all_quota_resources_for_tenant): 200 GET http://10.180.1.21/compute/v2.1/os-quota-sets/5a57eee280034f0fbc56d65c77a54e89/defaults 3.748s
2025-11-20 18:29:37.222 66185 INFO tempest.lib.common.rest_client [req-dc2d0f28-6d02-462d-9bfb-f779623c102b req-dc2d0f28-6d02-462d-9bfb-f779623c102b ] Request (ServerDiagnosticsTest:tearDownClass): 204 DELETE http://10.180.1.21/compute/v2.1/servers/fd56d418-ea23-4148-8c6f-5c2c0799f30c 3.774s
2025-11-20 18:29:37.266 66173 INFO tempest.lib.common.rest_client [req-7260939b-0e1f-486b-bbf9-ddca98450d26 req-7260939b-0e1f-486b-bbf9-ddca98450d26 ] Request (KeyPairsV22TestJSON:_run_cleanups): 204 DELETE http://10.180.1.21/compute/v2.1/os-keypairs/tempest-KeyPairsV22TestJSON-keypair-250312533 3.804s
2025-11-20 18:29:37.508 66151 INFO tempest.lib.common.rest_client [req-642c4e40-2ea8-4532-adb2-d9ac79e93b60 req-642c4e40-2ea8-4532-adb2-d9ac79e93b60 ] Request (ServerMetadataTestJSON:setUpClass): 200 PUT http://10.180.1.21/networking/v2.0/routers/86938ce3-85b3-43f6-8594-ccdf6e2e1d38/add_router_interface 1.343s
2025-11-20 18:29:37.508 66151 INFO tempest.lib.common.dynamic_creds [-] Created isolated network resources for: credentials: Credentials: {'domain_id': 'default', 'domain_name': 'Default', 'username': 'tempest-ServerMetadataTestJSON-2063728405-project-member', 'project_domain_id': 'default', 'project_domain_name': 'Default', 'project_id': '5d4c05556cc545ac9d550c9868b48d4f', 'project_name': 'tempest-ServerMetadataTestJSON-2063728405', 'tenant_id': '5d4c05556cc545ac9d550c9868b48d4f', 'tenant_name': 'tempest-ServerMetadataTestJSON-2063728405', 'user_domain_id': 'default', 'user_domain_name': 'Default', 'user_id': '7670e787d84d431ea1c14918384d71b9', 'system': None}, Network: {'id': '66943c99-8f57-41a2-88c9-c1c8a763ad7f', 'name': 'tempest-ServerMetadataTestJSON-2061232764-network', 'tenant_id': '5d4c05556cc545ac9d550c9868b48d4f', 'project_id': '5d4c05556cc545ac9d550c9868b48d4f', 'admin_state_up': True, 'mtu': 8950, 'status': 'ACTIVE', 'subnets': [], 'shared': False, 'port_security_enabled': True, 'router:external': False, 'provider:network_type': 'vlan', 'provider:physical_network': 'default', 'provider:segmentation_id': 892, 'availability_zone_hints': [], 'availability_zones': [], 'ipv4_address_scope': None, 'ipv6_address_scope': None, 'description': '', 'tags': [], 'created_at': '2025-11-20T18:29:34Z', 'updated_at': '2025-11-20T18:29:34Z', 'revision_number': 1}, Subnet: {'id': '4577e9ba-4d65-4c51-b449-4052bdd8a032', 'name': 'tempest-ServerMetadataTestJSON-2061232764-subnet', 'tenant_id': '5d4c05556cc545ac9d550c9868b48d4f', 'network_id': '66943c99-8f57-41a2-88c9-c1c8a763ad7f', 'ip_version': 4, 'subnetpool_id': None, 'enable_dhcp': True, 'ipv6_ra_mode': None, 'ipv6_address_mode': None, 'gateway_ip': '192.168.128.1', 'cidr': '192.168.128.0/28', 'allocation_pools': [{'start': '192.168.128.2', 'end': '192.168.128.14'}], 'host_routes': [], 'dns_nameservers': [], 'description': '', 'router:external': False, 'service_types': [], 'tags': [], 'created_at': '2025-11-20T18:29:35Z', 'updated_at': '2025-11-20T18:29:35Z', 'revision_number': 0, 'project_id': '5d4c05556cc545ac9d550c9868b48d4f'}, Router: {'id': '86938ce3-85b3-43f6-8594-ccdf6e2e1d38', 'name': 'tempest-ServerMetadataTestJSON-2061232764-router', 'tenant_id': '5d4c05556cc545ac9d550c9868b48d4f', 'admin_state_up': True, 'status': 'ACTIVE', 'external_gateway_info': {'network_id': '5aed003b-1871-4e1c-a51e-8a20f20648d3', 'external_fixed_ips': [{'subnet_id': 'af3bf08b-eebd-4f4e-afd8-9bacac836b2f', 'ip_address': '10.180.180.136'}], 'enable_snat': True}, 'description': '', 'availability_zones': [], 'distributed': False, 'ha': False, 'availability_zone_hints': [], 'routes': [], 'flavor_id': None, 'tags': [], 'created_at': '2025-11-20T18:29:35Z', 'updated_at': '2025-11-20T18:29:35Z', 'revision_number': 2, 'project_id': '5d4c05556cc545ac9d550c9868b48d4f'}
2025-11-20 18:29:37.593 66151 INFO tempest.lib.common.rest_client [req-fcdcacc5-51b8-4036-a1ca-2ff911ebad5d req-fcdcacc5-51b8-4036-a1ca-2ff911ebad5d ] Request (ServerMetadataTestJSON:setUpClass): 201 POST http://10.180.1.21/identity/v3/auth/tokens 0.082s
2025-11-20 18:29:37.621 66151 INFO tempest.lib.common.rest_client [req-c5c6ee79-0875-4ebe-bc37-d5859a43a53c req-c5c6ee79-0875-4ebe-bc37-d5859a43a53c ] Request (ServerMetadataTestJSON:setUpClass): 201 POST http://10.180.1.21/identity/v3/auth/tokens 0.024s
2025-11-20 18:29:37.621 66151 INFO tempest.lib.common.fixed_network [-] (ServerMetadataTestJSON:setUpClass) Found network {'id': '66943c99-8f57-41a2-88c9-c1c8a763ad7f', 'name': 'tempest-ServerMetadataTestJSON-2061232764-network', 'tenant_id': '5d4c05556cc545ac9d550c9868b48d4f', 'project_id': '5d4c05556cc545ac9d550c9868b48d4f', 'admin_state_up': True, 'mtu': 8950, 'status': 'ACTIVE', 'subnets': [], 'shared': False, 'port_security_enabled': True, 'router:external': False, 'provider:network_type': 'vlan', 'provider:physical_network': 'default', 'provider:segmentation_id': 892, 'availability_zone_hints': [], 'availability_zones': [], 'ipv4_address_scope': None, 'ipv6_address_scope': None, 'description': '', 'tags': [], 'created_at': '2025-11-20T18:29:34Z', 'updated_at': '2025-11-20T18:29:34Z', 'revision_number': 1} available for tenant
2025-11-20 18:29:37.763 66191 INFO tempest.lib.common.rest_client [req-c2cedc06-b03b-4ee5-a1e9-d4c719dd777b req-c2cedc06-b03b-4ee5-a1e9-d4c719dd777b ] Request (FloatingIPsTestJSON:tearDownClass): 204 DELETE http://10.180.1.21/networking/v2.0/networks/d80b3d62-4a0e-45a8-a7f2-4fae45a62224 0.930s
2025-11-20 18:29:37.845 66191 INFO tempest.lib.common.rest_client [req-57f20be0-6111-495d-95a1-d32312bb2984 req-57f20be0-6111-495d-95a1-d32312bb2984 ] Request (FloatingIPsTestJSON:tearDownClass): 204 DELETE http://10.180.1.21/identity/v3/users/12093d6ce67a424b9af01e75b2a1d674 0.082s
2025-11-20 18:29:37.846 66191 INFO tempest.lib.common.dynamic_creds [-] Deleting project and security group for project: 178e12e151364557abbb65c61dad48ef
2025-11-20 18:29:38.072 66191 INFO tempest.lib.common.rest_client [req-b17fff60-66a1-486f-8ff4-237f1dd76710 req-b17fff60-66a1-486f-8ff4-237f1dd76710 ] Request (FloatingIPsTestJSON:tearDownClass): 200 GET http://10.180.1.21/networking/v2.0/security-groups?tenant_id=178e12e151364557abbb65c61dad48ef&name=default 0.226s
2025-11-20 18:29:38.116 66175 INFO tempest.lib.common.rest_client [req-0ecce549-a627-4998-b25a-1e7c6d28b73f req-0ecce549-a627-4998-b25a-1e7c6d28b73f ] Request (ServersWithSpecificFlavorTestJSON:test_verify_created_server_ephemeral_disk): 200 GET http://10.180.1.21/compute/v2.1/servers/335c367b-2ccf-431a-aac6-49439e76ca38 4.452s
2025-11-20 18:29:38.120 66167 INFO tempest.lib.common.rest_client [req-da37aa8b-07f2-468b-8063-00ed5340d4e8 req-da37aa8b-07f2-468b-8063-00ed5340d4e8 ] Request (FloatingIPsAssociationNegativeTestJSON:setUpClass): 202 POST http://10.180.1.21/compute/v2.1/servers 6.977s
2025-11-20 18:29:38.132 66175 INFO tempest.common.waiters [-] State transition "BUILD/spawning" ==> "ACTIVE/None" after 25 second wait
2025-11-20 18:29:38.150 66189 INFO tempest.lib.common.rest_client [req-a5468ba2-6aa9-450d-a3a8-b99ecd00ba07 req-a5468ba2-6aa9-450d-a3a8-b99ecd00ba07 ] Request (ListServersNegativeTestJSON:setUpClass): 404 GET http://10.180.1.21/compute/v2.1/servers/bf4bdeeb-4b6e-4b13-a473-043e64acaea9 4.362s
2025-11-20 18:29:38.194 66195 INFO tempest.lib.common.rest_client [req-c9d10066-2938-49ec-8577-f53d9ca47d16 req-c9d10066-2938-49ec-8577-f53d9ca47d16 ] Request (ImagesMetadataTestJSON:test_delete_image_metadata_item): 200 GET http://10.180.1.21/compute/v2.1/images/6db7af31-f661-43e7-b140-b51c8ecd21b0/metadata 3.807s
2025-11-20 18:29:38.217 66165 INFO tempest.lib.common.rest_client [req-a32b1c7c-6c2d-41d7-bdf6-86b472fbd94a req-a32b1c7c-6c2d-41d7-bdf6-86b472fbd94a ] Request (AggregatesAdminNegativeTestJSON:_run_cleanups): 200 DELETE http://10.180.1.21/compute/v2.1/os-aggregates/4 3.809s
2025-11-20 18:29:38.234 66155 INFO tempest.lib.common.rest_client [req-88165154-6593-419a-acd9-c54270fa805e req-88165154-6593-419a-acd9-c54270fa805e ] Request (FlavorsV2TestJSON:test_list_flavors_filter_by_min_disk): 200 GET http://10.180.1.21/compute/v2.1/flavors?minDisk=2 3.801s
2025-11-20 18:29:38.261 66183 INFO tempest.lib.common.rest_client [req-ed048fd1-8103-4e9b-a0c4-d2f0eb1fa902 req-ed048fd1-8103-4e9b-a0c4-d2f0eb1fa902 ] Request (FlavorsAdminTestJSON:_run_cleanups): 200 GET http://10.180.1.21/compute/v2.1/flavors/detail 3.808s
2025-11-20 18:29:38.351 66191 INFO tempest.lib.common.rest_client [req-5f7f4087-b58e-4416-be78-64ab8559e5d6 req-5f7f4087-b58e-4416-be78-64ab8559e5d6 ] Request (FloatingIPsTestJSON:tearDownClass): 204 DELETE http://10.180.1.21/networking/v2.0/security-groups/263bbf8f-2067-4363-a399-dbd8801109ea 0.277s
2025-11-20 18:29:38.490 66191 INFO tempest.lib.common.rest_client [req-2f20d0f2-e534-41ee-866f-e9cd51cfd8a7 req-2f20d0f2-e534-41ee-866f-e9cd51cfd8a7 ] Request (FloatingIPsTestJSON:tearDownClass): 204 DELETE http://10.180.1.21/identity/v3/projects/178e12e151364557abbb65c61dad48ef 0.138s
2025-11-20 18:29:38.491 66191 INFO tempest.test [-] raised in ServerStableDeviceRescueTestIDE.setUpClass. Invoking tearDownClass.
2025-11-20 18:29:38.541 66161 INFO tempest.lib.common.rest_client [req-c1e0efbf-1b5b-47bb-8684-d78f9a296721 req-c1e0efbf-1b5b-47bb-8684-d78f9a296721 ] Request (ServerActionsV293TestJSON:setUpClass): 200 GET http://10.180.1.21/compute/v2.1/servers/51182df7-8928-48ba-b920-53f8c0f155fa 3.922s
2025-11-20 18:29:38.575 66191 INFO tempest.lib.common.rest_client [req-4caa0c91-8a72-411c-a123-29955275c6cf req-4caa0c91-8a72-411c-a123-29955275c6cf ] Request (ServerTagsTestJSON:setUpClass): 201 POST http://10.180.1.21/identity/v3/auth/tokens 0.080s
2025-11-20 18:29:38.618 66191 INFO tempest.lib.common.rest_client [req-f7135a8b-15cc-44da-9ca2-6961ebd27db1 req-f7135a8b-15cc-44da-9ca2-6961ebd27db1 ] Request (ServerTagsTestJSON:setUpClass): 201 POST http://10.180.1.21/identity/v3/auth/tokens 0.038s
2025-11-20 18:29:38.648 66191 INFO tempest.lib.common.rest_client [req-d4171f13-bfda-4c54-b1df-17c5e1369ed6 req-d4171f13-bfda-4c54-b1df-17c5e1369ed6 ] Request (ServerTagsTestJSON:setUpClass): 200 GET http://10.180.1.21/identity/v3/domains?name=Default 0.030s
2025-11-20 18:29:38.683 66191 INFO tempest.lib.common.rest_client [req-ed67de97-3bd7-4299-bc5f-973cb7f55884 req-ed67de97-3bd7-4299-bc5f-973cb7f55884 ] Request (ServerTagsTestJSON:setUpClass): 201 POST http://10.180.1.21/identity/v3/projects 0.034s
2025-11-20 18:29:38.714 66203 INFO tempest.lib.common.rest_client [req-1f24d77e-e984-4c48-aad3-aa417033d23c req-1f24d77e-e984-4c48-aad3-aa417033d23c ] Request (DeleteServersAdminTestJSON:test_delete_server_while_in_error_state): 200 GET http://10.180.1.21/compute/v2.1/servers/0e025daa-b3ed-4de4-80bc-9b4239d72477 3.977s
2025-11-20 18:29:38.738 66197 INFO tempest.lib.common.rest_client [req-2e7e651f-a5a4-4d99-96f4-7b6adbc991e4 req-2e7e651f-a5a4-4d99-96f4-7b6adbc991e4 ] Request (FlavorsAccessNegativeTestJSON:test_flavor_non_admin_remove): 200 POST http://10.180.1.21/compute/v2.1/flavors 3.621s
2025-11-20 18:29:38.777 66191 INFO tempest.lib.common.rest_client [req-233539c9-7acc-4ef4-ad32-dbfba002e621 req-233539c9-7acc-4ef4-ad32-dbfba002e621 ] Request (ServerTagsTestJSON:setUpClass): 201 POST http://10.180.1.21/identity/v3/users 0.093s
2025-11-20 18:29:38.819 66191 INFO tempest.lib.common.rest_client [req-72c2cb58-17f9-47ae-b4d4-a59a6199ae5a req-72c2cb58-17f9-47ae-b4d4-a59a6199ae5a ] Request (ServerTagsTestJSON:setUpClass): 200 GET http://10.180.1.21/identity/v3/roles 0.042s
2025-11-20 18:29:38.849 66147 INFO tempest.lib.common.rest_client [req-da636049-d267-48e2-8e21-8785c01a39cd req-da636049-d267-48e2-8e21-8785c01a39cd ] Request (ServerDiagnosticsV248Test:tearDownClass): 204 DELETE http://10.180.1.21/compute/v2.1/servers/36ffb0a0-7a1e-43c6-a7c8-90c0730350b2 3.678s
2025-11-20 18:29:38.854 66191 INFO tempest.lib.common.rest_client [req-1f90751e-cfb6-442a-af00-a3998e662825 req-1f90751e-cfb6-442a-af00-a3998e662825 ] Request (ServerTagsTestJSON:setUpClass): 204 PUT http://10.180.1.21/identity/v3/projects/6e29e96d7e604eec89eb3ab005a0a537/users/efadcd89c593466f8a8e42732b1f916e/roles/04972a7f85ff4109b5de299d7eeda480 0.034s
2025-11-20 18:29:38.855 66191 INFO tempest.lib.common.dynamic_creds [-] Dynamic test user efadcd89c593466f8a8e42732b1f916e is created with scope project and roles: ['member']
2025-11-20 18:29:38.855 66191 INFO tempest.lib.common.dynamic_creds [-] Acquired dynamic creds: credentials: Credentials: {'domain_id': 'default', 'domain_name': 'Default', 'username': 'tempest-ServerTagsTestJSON-2083995659-project-member', 'project_domain_id': 'default', 'project_domain_name': 'Default', 'project_id': '6e29e96d7e604eec89eb3ab005a0a537', 'project_name': 'tempest-ServerTagsTestJSON-2083995659', 'tenant_id': '6e29e96d7e604eec89eb3ab005a0a537', 'tenant_name': 'tempest-ServerTagsTestJSON-2083995659', 'user_domain_id': 'default', 'user_domain_name': 'Default', 'user_id': 'efadcd89c593466f8a8e42732b1f916e', 'system': None}, Network: None, Subnet: None, Router: None
2025-11-20 18:29:38.876 66145 INFO tempest.lib.common.rest_client [req-6d09d18e-daad-4172-ad48-d21893b9afb8 req-6d09d18e-daad-4172-ad48-d21893b9afb8 ] Request (ImagesNegativeTestJSON:test_create_image_from_deleted_server): 404 POST http://10.180.1.21/compute/v2.1/servers/fe7ae487-c5de-4fed-940f-cfa2219ac2f4/action 3.687s
2025-11-20 18:29:38.894 66153 INFO tempest.lib.common.rest_client [req-1d7583a4-7090-4927-b6a7-d74c1e88df18 req-1d7583a4-7090-4927-b6a7-d74c1e88df18 ] Request (FloatingIPsAssociationTestJSON:test_associate_already_associated_floating_ip): 202 POST http://10.180.1.21/compute/v2.1/servers 4.977s
2025-11-20 18:29:38.931 66191 INFO tempest.lib.common.rest_client [req-11b946de-05f9-4f98-a8dd-1ca05193b881 req-11b946de-05f9-4f98-a8dd-1ca05193b881 ] Request (ServerTagsTestJSON:setUpClass): 201 POST http://10.180.1.21/identity/v3/auth/tokens 0.076s
2025-11-20 18:29:38.932 66201 WARNING tempest.lib.common.ssh [-] Failed to establish authenticated ssh connection to cirros@10.180.180.158 ([Errno None] Unable to connect to port 22 on 10.180.180.158). Number attempts: 4. Retry after 5 seconds.: paramiko.ssh_exception.NoValidConnectionsError: [Errno None] Unable to connect to port 22 on 10.180.180.158
2025-11-20 18:29:39.082 66181 INFO tempest.lib.common.rest_client [req-4fd9a293-45c4-44c3-8661-c322f10f22d9 req-4fd9a293-45c4-44c3-8661-c322f10f22d9 ] Request (VolumesAdminNegativeTest:test_update_attached_volume_with_nonexistent_volume_in_uri): 404 PUT http://10.180.1.21/compute/v2.1/servers/f8c813b6-a764-4b36-ab4c-601eb1ceb149/os-volume_attachments/3a88d49e-96bb-4b82-b9b8-ab672a80310b 3.535s
2025-11-20 18:29:39.131 66159 INFO tempest.lib.common.rest_client [req-ba618be7-cb2b-4c97-9035-95fc9269f69a req-ba618be7-cb2b-4c97-9035-95fc9269f69a ] Request (ImagesOneServerTestJSON:test_create_delete_image): 200 GET http://10.180.1.21/compute/v2.1/images/16ecc35a-dbdd-47cc-956d-a3d82c0a8d1e 3.066s
2025-11-20 18:29:39.148 66199 INFO tempest.lib.common.rest_client [req-495c982f-b775-4b2e-9adf-0c2d817e2d32 req-495c982f-b775-4b2e-9adf-0c2d817e2d32 ] Request (TenantUsagesTestJSON:setUpClass): 200 GET http://10.180.1.21/compute/v2.1/servers/85ebddec-22b7-4fb4-9151-c5c7985ae869 3.532s
2025-11-20 18:29:39.189 66181 INFO tempest.lib.common.rest_client [req-bd28f54a-a179-4d64-82c2-4786c7802b76 req-bd28f54a-a179-4d64-82c2-4786c7802b76 ] Request (VolumesAdminNegativeTest:tearDownClass): 202 DELETE http://10.180.1.21/volume/v3/volumes/7e2901cc-2781-4db2-991d-d3b3ec7e3aae 0.105s
2025-11-20 18:29:39.238 66181 INFO tempest.lib.common.rest_client [req-66c2c1cf-e76f-4ca5-9842-66f82317f6bd req-66c2c1cf-e76f-4ca5-9842-66f82317f6bd ] Request (VolumesAdminNegativeTest:tearDownClass): 200 GET http://10.180.1.21/volume/v3/volumes/7e2901cc-2781-4db2-991d-d3b3ec7e3aae 0.048s
2025-11-20 18:29:39.276 66163 WARNING tempest.lib.common.ssh [-] Failed to establish authenticated ssh connection to cirros@10.180.180.211 ([Errno None] Unable to connect to port 22 on 10.180.180.211). Number attempts: 2. Retry after 3 seconds.: paramiko.ssh_exception.NoValidConnectionsError: [Errno None] Unable to connect to port 22 on 10.180.180.211
2025-11-20 18:29:39.331 66191 INFO tempest.lib.common.rest_client [req-e8d4c0db-6e40-4480-b10b-aacf20f41ed1 req-e8d4c0db-6e40-4480-b10b-aacf20f41ed1 ] Request (ServerTagsTestJSON:setUpClass): 201 POST http://10.180.1.21/networking/v2.0/networks 0.399s
2025-11-20 18:29:39.473 66171 INFO tempest.lib.common.rest_client [req-16c5b73e-556c-4f74-a2b5-e622034e07cb req-16c5b73e-556c-4f74-a2b5-e622034e07cb ] Request (ServerDiskConfigTestJSON:test_rebuild_server_with_auto_disk_config): 200 GET http://10.180.1.21/compute/v2.1/servers/e745d41d-c2ee-466f-bd5b-291ac8134824 3.378s
2025-11-20 18:29:39.480 66171 INFO tempest.common.waiters [-] State transition "BUILD/None" ==> "BUILD/spawning" after 4 second wait
2025-11-20 18:29:39.572 66205 INFO tempest.lib.common.rest_client [req-a2f7de51-b52f-4935-b40f-30a2aa285064 req-a2f7de51-b52f-4935-b40f-30a2aa285064 ] Request (SecurityGroupsNegativeTestJSON:test_update_non_existent_security_group): 404 PUT http://10.180.1.21/compute/v2.1/os-security-groups/94529dae-8391-4471-a795-38cec2b2a3fe 2.808s
2025-11-20 18:29:39.625 66191 INFO tempest.lib.common.rest_client [req-8f854f58-90a0-4693-84e6-2fbb4ed0c810 req-8f854f58-90a0-4693-84e6-2fbb4ed0c810 ] Request (ServerTagsTestJSON:setUpClass): 201 POST http://10.180.1.21/networking/v2.0/subnets 0.293s
2025-11-20 18:29:39.848 66179 INFO tempest.lib.common.rest_client [req-e7e71f59-2b1d-4793-a24c-9b462e669bef req-e7e71f59-2b1d-4793-a24c-9b462e669bef ] Request (ServerDiagnosticsNegativeTest:tearDownClass): 200 GET http://10.180.1.21/compute/v2.1/servers/3632e762-ab9e-4d11-b84c-a6cfd7a16552 2.978s
2025-11-20 18:29:39.869 66149 INFO tempest.lib.common.rest_client [req-878b68b1-6623-4404-baa5-4d26684ca6ca req-878b68b1-6623-4404-baa5-4d26684ca6ca ] Request (ImagesMetadataNegativeTestJSON:test_get_nonexistent_image_metadata_item): 404 GET http://10.180.1.21/compute/v2.1/images/9b5cf4df-6a5b-47a6-9cdf-b2f7ecedcbb7/metadata/os_version 2.912s
2025-11-20 18:29:40.163 66143 INFO tempest.lib.common.rest_client [req-720a3aa1-6833-412a-9172-0532f69a062e req-720a3aa1-6833-412a-9172-0532f69a062e ] Request (QuotasAdminTestJSON:test_update_all_quota_resources_for_tenant): 200 PUT http://10.180.1.21/compute/v2.1/os-quota-sets/5a57eee280034f0fbc56d65c77a54e89 3.098s
2025-11-20 18:29:40.266 66181 INFO tempest.lib.common.rest_client [req-f21380c1-e3a9-49af-ab6c-523ffe8e56dd req-f21380c1-e3a9-49af-ab6c-523ffe8e56dd ] Request (VolumesAdminNegativeTest:tearDownClass): 404 GET http://10.180.1.21/volume/v3/volumes/7e2901cc-2781-4db2-991d-d3b3ec7e3aae 0.019s
2025-11-20 18:29:40.552 66205 INFO tempest.lib.common.rest_client [req-fcd4c234-c21b-4995-9782-77be75ff8dcd req-fcd4c234-c21b-4995-9782-77be75ff8dcd ] Request (SecurityGroupsNegativeTestJSON:tearDownClass): 200 PUT http://10.180.1.21/networking/v2.0/routers/522056b0-dc2c-460b-8b10-1956381d2880/remove_router_interface 0.977s
2025-11-20 18:29:40.654 66191 INFO tempest.lib.common.rest_client [req-3870fc8c-26af-45b9-b7b9-5844ec386ac6 req-3870fc8c-26af-45b9-b7b9-5844ec386ac6 ] Request (ServerTagsTestJSON:setUpClass): 201 POST http://10.180.1.21/networking/v2.0/routers 1.028s
2025-11-20 18:29:40.684 66185 INFO tempest.lib.common.rest_client [req-0dbf5475-7f31-4c36-9649-ce900b58f237 req-0dbf5475-7f31-4c36-9649-ce900b58f237 ] Request (ServerDiagnosticsTest:tearDownClass): 200 GET http://10.180.1.21/compute/v2.1/servers/fd56d418-ea23-4148-8c6f-5c2c0799f30c 3.461s
2025-11-20 18:29:40.709 66173 INFO tempest.lib.common.rest_client [req-2f3325f1-d49f-4bbd-a81e-48bf029063ec req-2f3325f1-d49f-4bbd-a81e-48bf029063ec ] Request (KeyPairsV22TestJSON:_run_cleanups): 204 DELETE http://10.180.1.21/compute/v2.1/os-keypairs/tempest-KeyPairsV22TestJSON-keypair-895232210 3.443s
2025-11-20 18:29:40.840 66169 INFO tempest.lib.common.rest_client [req-05237cfd-c452-4f1d-bd88-30b172f8fbc6 req-05237cfd-c452-4f1d-bd88-30b172f8fbc6 ] Request (SecurityGroupsTestJSON:test_list_security_groups_by_server): 202 POST http://10.180.1.21/compute/v2.1/servers 4.451s
2025-11-20 18:29:40.940 66187 WARNING tempest.lib.common.ssh [-] Failed to establish authenticated ssh connection to cirros@10.180.180.234 ([Errno None] Unable to connect to port 22 on 10.180.180.234). Number attempts: 4. Retry after 5 seconds.: paramiko.ssh_exception.NoValidConnectionsError: [Errno None] Unable to connect to port 22 on 10.180.180.234
2025-11-20 18:29:41.148 66205 INFO tempest.lib.common.rest_client [req-880f6312-a8a5-4425-86f8-e3608d5330bc req-880f6312-a8a5-4425-86f8-e3608d5330bc ] Request (SecurityGroupsNegativeTestJSON:tearDownClass): 204 DELETE http://10.180.1.21/networking/v2.0/routers/522056b0-dc2c-460b-8b10-1956381d2880 0.595s
2025-11-20 18:29:41.340 66167 INFO tempest.lib.common.rest_client [req-861bde59-30e9-4e69-b130-224ad8a2f431 req-861bde59-30e9-4e69-b130-224ad8a2f431 ] Request (FloatingIPsAssociationNegativeTestJSON:setUpClass): 200 GET http://10.180.1.21/compute/v2.1/servers/5339f973-2440-42cb-a859-147145b9976a 3.219s
2025-11-20 18:29:41.445 66205 INFO tempest.lib.common.rest_client [req-f5369191-ea2c-4a64-aa71-066adca788be req-f5369191-ea2c-4a64-aa71-066adca788be ] Request (SecurityGroupsNegativeTestJSON:tearDownClass): 204 DELETE http://10.180.1.21/networking/v2.0/subnets/51190ba5-48f6-46d9-be91-1e9f79ac524e 0.295s
2025-11-20 18:29:41.883 66175 INFO tempest.lib.common.rest_client [req-be92a81b-511c-4495-90d1-d068e121cef0 req-be92a81b-511c-4495-90d1-d068e121cef0 ] Request (ServersWithSpecificFlavorTestJSON:test_verify_created_server_ephemeral_disk): 200 GET http://10.180.1.21/compute/v2.1/servers/335c367b-2ccf-431a-aac6-49439e76ca38/os-interface 3.751s
2025-11-20 18:29:41.948 66189 INFO tempest.lib.common.rest_client [req-fc814e18-1a1f-4723-9097-a96bb44188c3 req-fc814e18-1a1f-4723-9097-a96bb44188c3 ] Request (ListServersNegativeTestJSON:test_list_servers_by_changes_since_future_date): 200 GET http://10.180.1.21/compute/v2.1/servers?changes-since=2051-01-01T12%3A34%3A00Z&status=ACTIVE 3.797s
2025-11-20 18:29:42.101 66191 INFO tempest.lib.common.rest_client [req-9385f39d-b7fa-4e40-847f-65f3a35d82de req-9385f39d-b7fa-4e40-847f-65f3a35d82de ] Request (ServerTagsTestJSON:setUpClass): 200 PUT http://10.180.1.21/networking/v2.0/routers/88ec8516-48de-4f40-aba0-c6c27682332b/add_router_interface 1.446s
2025-11-20 18:29:42.101 66191 INFO tempest.lib.common.dynamic_creds [-] Created isolated network resources for: credentials: Credentials: {'domain_id': 'default', 'domain_name': 'Default', 'username': 'tempest-ServerTagsTestJSON-2083995659-project-member', 'project_domain_id': 'default', 'project_domain_name': 'Default', 'project_id': '6e29e96d7e604eec89eb3ab005a0a537', 'project_name': 'tempest-ServerTagsTestJSON-2083995659', 'tenant_id': '6e29e96d7e604eec89eb3ab005a0a537', 'tenant_name': 'tempest-ServerTagsTestJSON-2083995659', 'user_domain_id': 'default', 'user_domain_name': 'Default', 'user_id': 'efadcd89c593466f8a8e42732b1f916e', 'system': None}, Network: {'id': '569c7436-19e3-48aa-8f21-3dd296c04ed6', 'name': 'tempest-ServerTagsTestJSON-1196853026-network', 'tenant_id': '6e29e96d7e604eec89eb3ab005a0a537', 'project_id': '6e29e96d7e604eec89eb3ab005a0a537', 'admin_state_up': True, 'mtu': 8950, 'status': 'ACTIVE', 'subnets': [], 'shared': False, 'port_security_enabled': True, 'router:external': False, 'provider:network_type': 'vlan', 'provider:physical_network': 'default', 'provider:segmentation_id': 106, 'availability_zone_hints': [], 'availability_zones': [], 'ipv4_address_scope': None, 'ipv6_address_scope': None, 'description': '', 'tags': [], 'created_at': '2025-11-20T18:29:39Z', 'updated_at': '2025-11-20T18:29:39Z', 'revision_number': 1}, Subnet: {'id': '185b2656-3184-43af-a1a0-525d03ccf96d', 'name': 'tempest-ServerTagsTestJSON-1196853026-subnet', 'tenant_id': '6e29e96d7e604eec89eb3ab005a0a537', 'network_id': '569c7436-19e3-48aa-8f21-3dd296c04ed6', 'ip_version': 4, 'subnetpool_id': None, 'enable_dhcp': True, 'ipv6_ra_mode': None, 'ipv6_address_mode': None, 'gateway_ip': '192.168.128.1', 'cidr': '192.168.128.0/28', 'allocation_pools': [{'start': '192.168.128.2', 'end': '192.168.128.14'}], 'host_routes': [], 'dns_nameservers': [], 'description': '', 'router:external': False, 'service_types': [], 'tags': [], 'created_at': '2025-11-20T18:29:39Z', 'updated_at': '2025-11-20T18:29:39Z', 'revision_number': 0, 'project_id': '6e29e96d7e604eec89eb3ab005a0a537'}, Router: {'id': '88ec8516-48de-4f40-aba0-c6c27682332b', 'name': 'tempest-ServerTagsTestJSON-1196853026-router', 'tenant_id': '6e29e96d7e604eec89eb3ab005a0a537', 'admin_state_up': True, 'status': 'ACTIVE', 'external_gateway_info': {'network_id': '5aed003b-1871-4e1c-a51e-8a20f20648d3', 'external_fixed_ips': [{'subnet_id': 'af3bf08b-eebd-4f4e-afd8-9bacac836b2f', 'ip_address': '10.180.180.167'}], 'enable_snat': True}, 'description': '', 'availability_zones': [], 'distributed': False, 'ha': False, 'availability_zone_hints': [], 'routes': [], 'flavor_id': None, 'tags': [], 'created_at': '2025-11-20T18:29:39Z', 'updated_at': '2025-11-20T18:29:40Z', 'revision_number': 2, 'project_id': '6e29e96d7e604eec89eb3ab005a0a537'}
2025-11-20 18:29:42.106 66205 INFO tempest.lib.common.rest_client [req-68d66db9-9649-4402-b85d-b89c7508a312 req-68d66db9-9649-4402-b85d-b89c7508a312 ] Request (SecurityGroupsNegativeTestJSON:tearDownClass): 204 DELETE http://10.180.1.21/networking/v2.0/networks/f17ef606-dd35-4e92-88b8-c16ba2cb3f09 0.660s
2025-11-20 18:29:42.271 66191 INFO tempest.lib.common.rest_client [req-1bd151be-9b7b-4964-af7e-d845d2d5176f req-1bd151be-9b7b-4964-af7e-d845d2d5176f ] Request (ServerTagsTestJSON:setUpClass): 201 POST http://10.180.1.21/identity/v3/auth/tokens 0.164s
2025-11-20 18:29:42.276 66205 INFO tempest.lib.common.rest_client [req-57c08817-d406-48fb-af16-2ef00452b9aa req-57c08817-d406-48fb-af16-2ef00452b9aa ] Request (SecurityGroupsNegativeTestJSON:tearDownClass): 204 DELETE http://10.180.1.21/identity/v3/users/e88f092a4e574fcd8b1cd40ee3fedc2a 0.169s
2025-11-20 18:29:42.276 66205 INFO tempest.lib.common.dynamic_creds [-] Deleting project and security group for project: 6e46066b9baf43e48f0054bb04fb731e
2025-11-20 18:29:42.277 66195 INFO tempest.lib.common.rest_client [req-cdb00ead-7c71-4dd1-a888-596ec2e4cf7f req-cdb00ead-7c71-4dd1-a888-596ec2e4cf7f ] Request (ImagesMetadataTestJSON:setUp): 200 PUT http://10.180.1.21/compute/v2.1/images/6db7af31-f661-43e7-b140-b51c8ecd21b0/metadata 4.081s
2025-11-20 18:29:42.323 66165 INFO tempest.lib.common.rest_client [req-6c875706-7799-4304-8627-dd820bde8b84 req-6c875706-7799-4304-8627-dd820bde8b84 ] Request (AggregatesAdminNegativeTestJSON:test_aggregate_delete_as_user): 200 POST http://10.180.1.21/compute/v2.1/os-aggregates 4.104s
2025-11-20 18:29:42.341 66155 INFO tempest.lib.common.rest_client [req-2dc020c5-6850-43f2-a875-634b11321d4b req-2dc020c5-6850-43f2-a875-634b11321d4b ] Request (FlavorsV2TestJSON:test_list_flavors_filter_by_min_ram): 200 GET http://10.180.1.21/compute/v2.1/flavors/42 4.099s
2025-11-20 18:29:42.345 66191 INFO tempest.lib.common.rest_client [req-f7ab5377-6ca2-45fe-a2dc-c237abe19c0f req-f7ab5377-6ca2-45fe-a2dc-c237abe19c0f ] Request (ServerTagsTestJSON:setUpClass): 201 POST http://10.180.1.21/identity/v3/auth/tokens 0.071s
2025-11-20 18:29:42.346 66191 INFO tempest.lib.common.fixed_network [-] (ServerTagsTestJSON:setUpClass) Found network {'id': '569c7436-19e3-48aa-8f21-3dd296c04ed6', 'name': 'tempest-ServerTagsTestJSON-1196853026-network', 'tenant_id': '6e29e96d7e604eec89eb3ab005a0a537', 'project_id': '6e29e96d7e604eec89eb3ab005a0a537', 'admin_state_up': True, 'mtu': 8950, 'status': 'ACTIVE', 'subnets': [], 'shared': False, 'port_security_enabled': True, 'router:external': False, 'provider:network_type': 'vlan', 'provider:physical_network': 'default', 'provider:segmentation_id': 106, 'availability_zone_hints': [], 'availability_zones': [], 'ipv4_address_scope': None, 'ipv6_address_scope': None, 'description': '', 'tags': [], 'created_at': '2025-11-20T18:29:39Z', 'updated_at': '2025-11-20T18:29:39Z', 'revision_number': 1} available for tenant
2025-11-20 18:29:42.362 66183 INFO tempest.lib.common.rest_client [req-f6fd699e-4d26-4e31-8bf6-a873150964a6 req-f6fd699e-4d26-4e31-8bf6-a873150964a6 ] Request (FlavorsAdminTestJSON:test_create_list_flavor_without_extra_data): 200 POST http://10.180.1.21/compute/v2.1/flavors 4.093s
2025-11-20 18:29:42.507 66197 INFO tempest.lib.common.rest_client [req-018fb618-0ea4-46aa-8bc0-d6daac50c98b req-018fb618-0ea4-46aa-8bc0-d6daac50c98b ] Request (FlavorsAccessNegativeTestJSON:test_flavor_non_admin_remove): 200 POST http://10.180.1.21/compute/v2.1/flavors/271399344/action 3.767s
2025-11-20 18:29:42.785 66175 INFO tempest.lib.common.rest_client [req-beaf4073-295c-4eb1-beab-2fb400eb8837 req-beaf4073-295c-4eb1-beab-2fb400eb8837 ] Request (ServersWithSpecificFlavorTestJSON:test_verify_created_server_ephemeral_disk): 200 PUT http://10.180.1.21/networking/v2.0/floatingips/82c0802c-f096-4430-a941-8871e7cf0023 0.899s
2025-11-20 18:29:42.843 66205 INFO tempest.lib.common.rest_client [req-c38a9993-8052-46cd-965f-dc78d9ab1e44 req-c38a9993-8052-46cd-965f-dc78d9ab1e44 ] Request (SecurityGroupsNegativeTestJSON:tearDownClass): 200 GET http://10.180.1.21/networking/v2.0/security-groups?tenant_id=6e46066b9baf43e48f0054bb04fb731e&name=default 0.567s
2025-11-20 18:29:42.869 66147 INFO tempest.lib.common.rest_client [req-e2c25d84-1193-4c49-833e-df686efcfd67 req-e2c25d84-1193-4c49-833e-df686efcfd67 ] Request (ServerDiagnosticsV248Test:tearDownClass): 200 GET http://10.180.1.21/compute/v2.1/servers/36ffb0a0-7a1e-43c6-a7c8-90c0730350b2 4.019s
2025-11-20 18:29:42.874 66145 INFO tempest.lib.common.rest_client [req-bceacafe-1cf6-41eb-bf47-a67a7cf814f5 req-bceacafe-1cf6-41eb-bf47-a67a7cf814f5 ] Request (ImagesNegativeTestJSON:test_create_image_from_invalid_server): 404 POST http://10.180.1.21/compute/v2.1/servers/tempest-invalid-536447452/action 3.997s
2025-11-20 18:29:42.993 66205 INFO tempest.lib.common.rest_client [req-eb8477bd-0df7-45d0-94e3-1405638ab2e4 req-eb8477bd-0df7-45d0-94e3-1405638ab2e4 ] Request (SecurityGroupsNegativeTestJSON:tearDownClass): 204 DELETE http://10.180.1.21/networking/v2.0/security-groups/d880ebb3-0434-4098-b109-44c8775d850f 0.149s
2025-11-20 18:29:42.997 66151 INFO tempest.lib.common.rest_client [req-2061506c-db32-4742-bb30-6f096b5b6b23 req-2061506c-db32-4742-bb30-6f096b5b6b23 ] Request (ServerMetadataTestJSON:setUpClass): 202 POST http://10.180.1.21/compute/v2.1/servers 5.375s
2025-11-20 18:29:43.014 66159 INFO tempest.lib.common.rest_client [req-f481c597-0083-40a2-bc20-b38128efb791 req-f481c597-0083-40a2-bc20-b38128efb791 ] Request (ImagesOneServerTestJSON:test_create_delete_image): 200 GET http://10.180.1.21/compute/v2.1/flavors/42 3.880s
2025-11-20 18:29:43.025 66153 INFO tempest.lib.common.rest_client [req-fe6b9b86-0192-4e1b-a7b6-ea3a0f098731 req-fe6b9b86-0192-4e1b-a7b6-ea3a0f098731 ] Request (FloatingIPsAssociationTestJSON:test_associate_already_associated_floating_ip): 200 GET http://10.180.1.21/compute/v2.1/servers/0ec72433-b9e3-4dd2-865a-31702330c27e 4.129s
2025-11-20 18:29:43.149 66205 INFO tempest.lib.common.rest_client [req-c5318cbf-4d9f-4d57-acdd-7bdc9f680f81 req-c5318cbf-4d9f-4d57-acdd-7bdc9f680f81 ] Request (SecurityGroupsNegativeTestJSON:tearDownClass): 204 DELETE http://10.180.1.21/identity/v3/projects/6e46066b9baf43e48f0054bb04fb731e 0.155s
2025-11-20 18:29:43.446 66205 INFO tempest.lib.common.rest_client [req-5bf5a75d-bff1-47c6-a3af-7d4feb9c7f5b req-5bf5a75d-bff1-47c6-a3af-7d4feb9c7f5b ] Request (AttachInterfacesUnderV243Test:setUpClass): 201 POST http://10.180.1.21/identity/v3/auth/tokens 0.295s
2025-11-20 18:29:43.492 66205 INFO tempest.lib.common.rest_client [req-579f176c-e991-4bef-ad85-d2613345d8a3 req-579f176c-e991-4bef-ad85-d2613345d8a3 ] Request (AttachInterfacesUnderV243Test:setUpClass): 201 POST http://10.180.1.21/identity/v3/auth/tokens 0.043s
2025-11-20 18:29:43.526 66205 INFO tempest.lib.common.rest_client [req-a2c618b2-d755-49d1-8015-50795c2a0ab7 req-a2c618b2-d755-49d1-8015-50795c2a0ab7 ] Request (AttachInterfacesUnderV243Test:setUpClass): 200 GET http://10.180.1.21/identity/v3/domains?name=Default 0.034s
2025-11-20 18:29:43.563 66205 INFO tempest.lib.common.rest_client [req-d408ef39-b2a9-4c21-af53-1b50868f3806 req-d408ef39-b2a9-4c21-af53-1b50868f3806 ] Request (AttachInterfacesUnderV243Test:setUpClass): 201 POST http://10.180.1.21/identity/v3/projects 0.033s
2025-11-20 18:29:43.630 66205 INFO tempest.lib.common.rest_client [req-22d6ee95-d8d1-411f-bbae-484fee736266 req-22d6ee95-d8d1-411f-bbae-484fee736266 ] Request (AttachInterfacesUnderV243Test:setUpClass): 201 POST http://10.180.1.21/identity/v3/users 0.066s
2025-11-20 18:29:43.663 66205 INFO tempest.lib.common.rest_client [req-55dfe797-a6a6-475b-8590-880eb0cfc0f2 req-55dfe797-a6a6-475b-8590-880eb0cfc0f2 ] Request (AttachInterfacesUnderV243Test:setUpClass): 200 GET http://10.180.1.21/identity/v3/roles 0.032s
2025-11-20 18:29:43.705 66205 INFO tempest.lib.common.rest_client [req-9b17f395-eacf-4d44-914f-cf516772713e req-9b17f395-eacf-4d44-914f-cf516772713e ] Request (AttachInterfacesUnderV243Test:setUpClass): 204 PUT http://10.180.1.21/identity/v3/projects/85865b3c10194e4abbb6cacfed36f4ad/users/bd797f8464e34dbfa9e08810cd8fb33e/roles/04972a7f85ff4109b5de299d7eeda480 0.041s
2025-11-20 18:29:43.705 66205 INFO tempest.lib.common.dynamic_creds [-] Dynamic test user bd797f8464e34dbfa9e08810cd8fb33e is created with scope project and roles: ['member']
2025-11-20 18:29:43.707 66205 INFO tempest.lib.common.dynamic_creds [-] Acquired dynamic creds: credentials: Credentials: {'domain_id': 'default', 'domain_name': 'Default', 'username': 'tempest-AttachInterfacesUnderV243Test-1163650093-project-member', 'project_domain_id': 'default', 'project_domain_name': 'Default', 'project_id': '85865b3c10194e4abbb6cacfed36f4ad', 'project_name': 'tempest-AttachInterfacesUnderV243Test-1163650093', 'tenant_id': '85865b3c10194e4abbb6cacfed36f4ad', 'tenant_name': 'tempest-AttachInterfacesUnderV243Test-1163650093', 'user_domain_id': 'default', 'user_domain_name': 'Default', 'user_id': 'bd797f8464e34dbfa9e08810cd8fb33e', 'system': None}, Network: None, Subnet: None, Router: None
2025-11-20 18:29:43.774 66205 INFO tempest.lib.common.rest_client [req-4835839c-987c-4d21-8be1-b1359db7b9e5 req-4835839c-987c-4d21-8be1-b1359db7b9e5 ] Request (AttachInterfacesUnderV243Test:setUpClass): 201 POST http://10.180.1.21/identity/v3/auth/tokens 0.067s
2025-11-20 18:29:43.841 66203 INFO tempest.lib.common.rest_client [req-d1e09136-7f67-4faa-92d2-c4aa791d45a5 req-d1e09136-7f67-4faa-92d2-c4aa791d45a5 ] Request (DeleteServersAdminTestJSON:test_delete_server_while_in_error_state): 200 GET http://10.180.1.21/compute/v2.1/servers/0e025daa-b3ed-4de4-80bc-9b4239d72477 4.116s
2025-11-20 18:29:43.852 66203 INFO tempest.common.waiters [-] State transition "BUILD/spawning" ==> "ACTIVE/None" after 16 second wait
2025-11-20 18:29:43.866 66149 INFO tempest.lib.common.rest_client [req-044ae181-fae2-4d86-b387-09814db5cac1 req-044ae181-fae2-4d86-b387-09814db5cac1 ] Request (ImagesMetadataNegativeTestJSON:test_list_nonexistent_image_metadata): 404 GET http://10.180.1.21/compute/v2.1/images/ce80099c-d43c-4cc6-8957-382fefb106a7/metadata 3.995s
2025-11-20 18:29:43.894 66161 INFO tempest.lib.common.rest_client [req-b42639e4-e7f9-45e3-b18f-888235c82d0f req-b42639e4-e7f9-45e3-b18f-888235c82d0f ] Request (ServerActionsV293TestJSON:setUpClass): 200 GET http://10.180.1.21/compute/v2.1/servers/51182df7-8928-48ba-b920-53f8c0f155fa 4.340s
2025-11-20 18:29:43.909 66161 INFO tempest.common.waiters [-] State transition "BUILD/None" ==> "BUILD/spawning" after 5 second wait
2025-11-20 18:29:44.196 66205 INFO tempest.lib.common.rest_client [req-edb8dbad-4621-468c-9e35-f00334dd0024 req-edb8dbad-4621-468c-9e35-f00334dd0024 ] Request (AttachInterfacesUnderV243Test:setUpClass): 201 POST http://10.180.1.21/networking/v2.0/networks 0.422s
2025-11-20 18:29:44.246 66143 INFO tempest.lib.common.rest_client [req-7db1ce2a-bcc5-49c2-aa54-82645426ce73 req-7db1ce2a-bcc5-49c2-aa54-82645426ce73 ] Request (QuotasAdminTestJSON:_run_cleanups): 200 PUT http://10.180.1.21/compute/v2.1/os-quota-sets/5a57eee280034f0fbc56d65c77a54e89 4.079s
2025-11-20 18:29:44.347 66143 INFO tempest.lib.common.rest_client [req-6926b5b1-d06e-477a-877c-4b593f2c9f75 req-6926b5b1-d06e-477a-877c-4b593f2c9f75 ] Request (QuotasAdminTestJSON:tearDownClass): 204 DELETE http://10.180.1.21/identity/v3/users/c20181ce8f124cb0ab7f30eb96577515 0.096s
2025-11-20 18:29:44.357 66181 INFO tempest.lib.common.rest_client [req-6cbe1ff6-9982-4d5d-845c-7f9314c58663 req-6cbe1ff6-9982-4d5d-845c-7f9314c58663 ] Request (VolumesAdminNegativeTest:tearDownClass): 204 DELETE http://10.180.1.21/compute/v2.1/servers/f8c813b6-a764-4b36-ab4c-601eb1ceb149 4.091s
2025-11-20 18:29:44.428 66177 INFO tempest.lib.common.rest_client [req-b10b2cb0-c68d-4654-ba03-c6bb07873d2a req-b10b2cb0-c68d-4654-ba03-c6bb07873d2a ] Request (QuotasAdminTestV257:test_get_updated_quotas): 200 GET http://10.180.1.21/identity/v3/domains?name=Default 0.113s
2025-11-20 18:29:44.440 66201 INFO paramiko.transport [-] Connected (version 2.0, client dropbear_2020.81)
2025-11-20 18:29:44.506 66143 INFO tempest.lib.common.rest_client [req-a03d62a2-d2ae-4f05-a357-74c5f967a427 req-a03d62a2-d2ae-4f05-a357-74c5f967a427 ] Request (QuotasAdminTestJSON:tearDownClass): 204 DELETE http://10.180.1.21/identity/v3/users/9782a60a1fbe4577a97af13ddddc520b 0.159s
2025-11-20 18:29:44.507 66143 INFO tempest.lib.common.dynamic_creds [-] Deleting project and security group for project: ad0537342c3d4fb7933b610cc0cb578b
2025-11-20 18:29:44.522 66177 INFO tempest.lib.common.rest_client [req-66d9b386-d285-4fb7-acf5-2300cc6f5e66 req-66d9b386-d285-4fb7-acf5-2300cc6f5e66 ] Request (QuotasAdminTestV257:test_get_updated_quotas): 201 POST http://10.180.1.21/identity/v3/projects 0.093s
2025-11-20 18:29:44.540 66205 INFO tempest.lib.common.rest_client [req-c1379590-e75f-47d3-9474-3aaa7ddaac48 req-c1379590-e75f-47d3-9474-3aaa7ddaac48 ] Request (AttachInterfacesUnderV243Test:setUpClass): 201 POST http://10.180.1.21/networking/v2.0/subnets 0.343s
2025-11-20 18:29:44.552 66201 INFO paramiko.transport [-] Authentication (publickey) successful!
2025-11-20 18:29:44.552 66201 INFO tempest.lib.common.ssh [-] ssh connection to cirros@10.180.180.158 successfully created
2025-11-20 18:29:44.575 66143 INFO tempest.lib.common.rest_client [req-88aff473-9612-492c-b3d0-aae40790c48f req-88aff473-9612-492c-b3d0-aae40790c48f ] Request (QuotasAdminTestJSON:tearDownClass): 201 POST http://10.180.1.21/identity/v3/auth/tokens 0.068s
2025-11-20 18:29:44.588 66199 INFO tempest.lib.common.rest_client [req-4284d403-5324-410d-a12f-7a1e5db83ba0 req-4284d403-5324-410d-a12f-7a1e5db83ba0 ] Request (TenantUsagesTestJSON:setUpClass): 200 GET http://10.180.1.21/compute/v2.1/servers/85ebddec-22b7-4fb4-9151-c5c7985ae869 4.431s
2025-11-20 18:29:44.592 66177 INFO tempest.lib.common.rest_client [req-db6a6093-87da-4970-9b39-61f1c8fda7eb req-db6a6093-87da-4970-9b39-61f1c8fda7eb ] Request (QuotasAdminTestV257:test_get_updated_quotas): 200 GET http://10.180.1.21/identity/v3/domains?name=Default 0.069s
2025-11-20 18:29:44.597 66199 INFO tempest.common.waiters [-] State transition "BUILD/spawning" ==> "ACTIVE/None" after 20 second wait
2025-11-20 18:29:44.609 66173 INFO tempest.lib.common.rest_client [req-29247bb9-eda2-4ed9-8911-5892eb9f2ce7 req-29247bb9-eda2-4ed9-8911-5892eb9f2ce7 ] Request (KeyPairsV22TestJSON:_run_cleanups): 204 DELETE http://10.180.1.21/compute/v2.1/os-keypairs/tempest-KeyPairsV22TestJSON-keypair-1789000441 3.899s
2025-11-20 18:29:45.382 66143 INFO tempest.lib.common.rest_client [req-1e37f1fe-299c-4e37-b37b-7300f0ff518a req-1e37f1fe-299c-4e37-b37b-7300f0ff518a ] Request (QuotasAdminTestJSON:tearDownClass): 200 GET http://10.180.1.21/networking/v2.0/security-groups?tenant_id=ad0537342c3d4fb7933b610cc0cb578b&name=default 0.807s
2025-11-20 18:29:45.426 66169 INFO tempest.lib.common.rest_client [req-c1ee0b22-2079-46e4-ad11-1f09a10e2961 req-c1ee0b22-2079-46e4-ad11-1f09a10e2961 ] Request (SecurityGroupsTestJSON:test_list_security_groups_by_server): 200 GET http://10.180.1.21/compute/v2.1/servers/e480c78b-44dd-4c46-a92d-9c348812d7cc 4.584s
2025-11-20 18:29:45.453 66171 INFO tempest.lib.common.rest_client [req-72203276-5c38-4983-b814-65f0b9ed21d6 req-72203276-5c38-4983-b814-65f0b9ed21d6 ] Request (ServerDiskConfigTestJSON:test_rebuild_server_with_auto_disk_config): 200 GET http://10.180.1.21/compute/v2.1/servers/e745d41d-c2ee-466f-bd5b-291ac8134824 4.973s
2025-11-20 18:29:45.487 66205 INFO tempest.lib.common.rest_client [req-62bbfd80-d0ac-4de4-88ee-e8bfdf1ddb4a req-62bbfd80-d0ac-4de4-88ee-e8bfdf1ddb4a ] Request (AttachInterfacesUnderV243Test:setUpClass): 201 POST http://10.180.1.21/networking/v2.0/routers 0.946s
2025-11-20 18:29:45.583 66179 INFO tempest.lib.common.rest_client [req-d188dc05-d615-4ac3-8b5a-faaff471debc req-d188dc05-d615-4ac3-8b5a-faaff471debc ] Request (ServerDiagnosticsNegativeTest:tearDownClass): 200 GET http://10.180.1.21/compute/v2.1/servers/3632e762-ab9e-4d11-b84c-a6cfd7a16552 4.725s
2025-11-20 18:29:45.583 66143 INFO tempest.lib.common.rest_client [req-ad99cb19-ba4d-4433-a8a5-906a53348972 req-ad99cb19-ba4d-4433-a8a5-906a53348972 ] Request (QuotasAdminTestJSON:tearDownClass): 204 DELETE http://10.180.1.21/networking/v2.0/security-groups/fef94f0d-f155-4aac-acf9-04008c1d59a8 0.200s
2025-11-20 18:29:45.591 66189 INFO tempest.lib.common.rest_client [req-031571be-2898-417e-85ea-f57d234a7ad7 req-031571be-2898-417e-85ea-f57d234a7ad7 ] Request (ListServersNegativeTestJSON:test_list_servers_by_changes_since_invalid_date): 400 GET http://10.180.1.21/compute/v2.1/servers?changes-since=2011%2F01%2F01 3.635s
2025-11-20 18:29:45.600 66179 INFO tempest.common.waiters [-] State transition "ACTIVE/deleting" ==> "DELETED/None" after 6 second wait
2025-11-20 18:29:45.628 66195 INFO tempest.lib.common.rest_client [req-10e941da-3819-49c3-a7c8-104c72ba9d81 req-10e941da-3819-49c3-a7c8-104c72ba9d81 ] Request (ImagesMetadataTestJSON:test_get_image_metadata_item): 200 GET http://10.180.1.21/compute/v2.1/images/6db7af31-f661-43e7-b140-b51c8ecd21b0/metadata/os_distro 3.349s
2025-11-20 18:29:45.634 66165 INFO tempest.lib.common.rest_client [req-2008e672-2ae1-43ca-bdc6-2f3e424c5958 req-2008e672-2ae1-43ca-bdc6-2f3e424c5958 ] Request (AggregatesAdminNegativeTestJSON:test_aggregate_delete_as_user): 403 DELETE http://10.180.1.21/compute/v2.1/os-aggregates/5 3.309s
2025-11-20 18:29:45.653 66185 INFO tempest.lib.common.rest_client [req-f769ce28-9dd5-4c73-9876-a8cecc50bdc5 req-f769ce28-9dd5-4c73-9876-a8cecc50bdc5 ] Request (ServerDiagnosticsTest:tearDownClass): 200 GET http://10.180.1.21/compute/v2.1/servers/fd56d418-ea23-4148-8c6f-5c2c0799f30c 3.957s
2025-11-20 18:29:45.664 66185 INFO tempest.common.waiters [-] State transition "ACTIVE/deleting" ==> "DELETED/None" after 5 second wait
2025-11-20 18:29:45.665 66155 INFO tempest.lib.common.rest_client [req-d63ebf61-d4c8-4fcb-b50c-a0828773cbeb req-d63ebf61-d4c8-4fcb-b50c-a0828773cbeb ] Request (FlavorsV2TestJSON:test_list_flavors_filter_by_min_ram): 200 GET http://10.180.1.21/compute/v2.1/flavors?minRam=193 3.320s
2025-11-20 18:29:45.679 66143 INFO tempest.lib.common.rest_client [req-417478ee-7012-4d21-849f-a12531228156 req-417478ee-7012-4d21-849f-a12531228156 ] Request (QuotasAdminTestJSON:tearDownClass): 204 DELETE http://10.180.1.21/identity/v3/projects/ad0537342c3d4fb7933b610cc0cb578b 0.095s
2025-11-20 18:29:45.680 66143 INFO tempest.lib.common.dynamic_creds [-] Deleting project and security group for project: 5a57eee280034f0fbc56d65c77a54e89
2025-11-20 18:29:45.870 66163 WARNING tempest.lib.common.ssh [-] Failed to establish authenticated ssh connection to cirros@10.180.180.211 ([Errno None] Unable to connect to port 22 on 10.180.180.211). Number attempts: 3. Retry after 4 seconds.: paramiko.ssh_exception.NoValidConnectionsError: [Errno None] Unable to connect to port 22 on 10.180.180.211
2025-11-20 18:29:46.152 66143 INFO tempest.lib.common.rest_client [req-a97f6617-c5fe-42a9-948f-3d4bc2f35ec4 req-a97f6617-c5fe-42a9-948f-3d4bc2f35ec4 ] Request (QuotasAdminTestJSON:tearDownClass): 200 GET http://10.180.1.21/networking/v2.0/security-groups?tenant_id=5a57eee280034f0fbc56d65c77a54e89&name=default 0.472s
2025-11-20 18:29:46.420 66205 INFO tempest.lib.common.rest_client [req-a24429b2-98f1-4c33-957d-ff19c1f8f1b8 req-a24429b2-98f1-4c33-957d-ff19c1f8f1b8 ] Request (AttachInterfacesUnderV243Test:setUpClass): 200 PUT http://10.180.1.21/networking/v2.0/routers/99c0e1b0-a637-4c27-8ebc-e951d1c662f1/add_router_interface 0.933s
