2025-11-20 18:31:58.974 66165 INFO tempest.lib.common.rest_client [req-e74feedd-9caa-4aec-845d-1dc00c2580ab req-e74feedd-9caa-4aec-845d-1dc00c2580ab ] Request (MigrationsAdminTest:test_list_migrations_in_flavor_resize_situation): 200 GET http://10.180.1.21/compute/v2.1/servers/ce575d47-a683-4ffb-9a9b-8ae9f56ec3c9 0.125s
2025-11-20 18:31:58.996 66205 INFO tempest.lib.common.rest_client [req-c80ddccb-dc1c-43b9-a536-7e4fcb54a3f7 req-c80ddccb-dc1c-43b9-a536-7e4fcb54a3f7 ] Request (AttachInterfacesUnderV243Test:_run_cleanups): 200 GET http://10.180.1.21/compute/v2.1/servers/8a13997b-3f40-4e6f-bc51-31138ba8ecda 0.105s
2025-11-20 18:31:59.038 66197 INFO tempest.lib.common.rest_client [req-4b4b935b-bcf4-4fb3-91ca-de5a24224bdb req-4b4b935b-bcf4-4fb3-91ca-de5a24224bdb ] Request (ServersAdmin275Test:tearDownClass): 200 GET http://10.180.1.21/compute/v2.1/servers/fad5ae9f-0627-488e-a796-f69bbda7f393 0.068s
2025-11-20 18:31:59.078 66163 INFO tempest.lib.common.rest_client [req-96160a49-9fea-451c-a8cd-b95c831e7fd2 req-96160a49-9fea-451c-a8cd-b95c831e7fd2 ] Request (ServersAdminNegativeTestJSON:setUpClass): 200 GET http://10.180.1.21/compute/v2.1/servers/4f83662e-6995-4db9-b43d-4ec675645990 0.056s
2025-11-20 18:31:59.149 66171 INFO tempest.lib.common.rest_client [req-542421c6-c472-4318-bd4a-45960b2f5f60 req-542421c6-c472-4318-bd4a-45960b2f5f60 ] Request (ServerDiskConfigTestJSON:test_resize_server_from_auto_to_manual): 200 GET http://10.180.1.21/compute/v2.1/servers/373c88f2-1812-4ea5-9a71-38419156ea3f 0.078s
2025-11-20 18:31:59.207 66173 INFO tempest.lib.common.rest_client [req-53c863ae-6ded-4bd5-8753-e217d2959331 req-53c863ae-6ded-4bd5-8753-e217d2959331 ] Request (ServersTestMultiNic:test_verify_multiple_nics_order): 200 GET http://10.180.1.21/compute/v2.1/servers/ab5dd132-9fc3-4348-90de-2f0421a0c2b8 0.082s
2025-11-20 18:31:59.241 66169 INFO tempest.lib.common.rest_client [req-5c83ddbc-10a6-4521-ae46-2c08b7789ae4 req-5c83ddbc-10a6-4521-ae46-2c08b7789ae4 ] Request (SecurityGroupsTestJSON:test_server_security_groups): 200 GET http://10.180.1.21/compute/v2.1/servers/3f83ed18-d10c-4a35-9e55-933a3c21ee26 0.082s
2025-11-20 18:31:59.259 66149 INFO tempest.lib.common.rest_client [req-51a834f9-02dc-4cc0-95a4-ec6c2efb5b91 req-51a834f9-02dc-4cc0-95a4-ec6c2efb5b91 ] Request (ListImageFiltersTestJSON:setUpClass): 200 GET http://10.180.1.21/compute/v2.1/images/1d7c7fb8-e65b-4a83-abe1-600a780d96c5 0.095s
2025-11-20 18:31:59.317 66153 INFO tempest.lib.common.rest_client [req-9d87bb3c-3b2e-42a1-94e0-586b32aeca06 req-9d87bb3c-3b2e-42a1-94e0-586b32aeca06 ] Request (ImagesTestJSON:test_create_image_from_stopped_server): 200 GET http://10.180.1.21/compute/v2.1/servers/a3a775c5-fa1e-4a88-9c50-acbfa91e2e44 0.098s
2025-11-20 18:31:59.429 66189 INFO tempest.lib.common.rest_client [req-95cd0101-f2d9-4f77-a2ff-da52d85ced69 req-95cd0101-f2d9-4f77-a2ff-da52d85ced69 ] Request (ServersAaction247Test:test_create_backup): 200 GET http://10.180.1.21/compute/v2.1/servers/8249b887-9384-40d5-b7e1-f781e47c67b0 0.193s
2025-11-20 18:31:59.453 66187 INFO tempest.lib.common.rest_client [req-85fa1866-1969-4648-bd63-dc83ba0ec599 req-85fa1866-1969-4648-bd63-dc83ba0ec599 ] Request (ServersV294TestFqdnHostnames:setUpClass): 200 GET http://10.180.1.21/compute/v2.1/servers/6e69ceb6-3334-4f6e-addb-7b14780a0454 0.172s
2025-11-20 18:31:59.526 66159 INFO tempest.lib.common.rest_client [req-fbbbbdb3-9cec-4e94-af4c-c52ccbe2be93 req-fbbbbdb3-9cec-4e94-af4c-c52ccbe2be93 ] Request (ServerActionsTestJSON:setUpClass): 200 GET http://10.180.1.21/compute/v2.1/servers/4eded83a-1ccc-483d-b91c-53a2c91b78ba 0.234s
2025-11-20 18:31:59.537 66177 INFO tempest.lib.common.rest_client [req-4e504d58-de10-49cb-aed4-f2774d226a9e req-4e504d58-de10-49cb-aed4-f2774d226a9e ] Request (ServersAdminTestJSON:test_inject_network_info): 200 GET http://10.180.1.21/compute/v2.1/servers/f45e50d1-18b9-4238-a1a3-ef5213ea9f9a 0.182s
2025-11-20 18:31:59.581 66167 INFO tempest.lib.common.rest_client [req-4119a827-30a1-43f7-963a-c42a3dcce2b5 req-4119a827-30a1-43f7-963a-c42a3dcce2b5 ] Request (MultipleCreateTestJSON:test_multiple_create): 200 GET http://10.180.1.21/compute/v2.1/servers/2762bcf8-7d61-4a61-a7d2-1b1198c48271 0.172s
2025-11-20 18:31:59.664 66203 INFO tempest.lib.common.rest_client [req-05668b0f-2761-42a5-bc58-12316a4207de req-05668b0f-2761-42a5-bc58-12316a4207de ] Request (ServersTestManualDisk:setUpClass): 200 GET http://10.180.1.21/compute/v2.1/servers/8726608c-2a5b-4be1-b5de-b4ce163884a4 0.229s
2025-11-20 18:31:59.681 66185 INFO tempest.lib.common.rest_client [req-b9701d6d-37be-4b65-a5a4-519e5a776cd1 req-b9701d6d-37be-4b65-a5a4-519e5a776cd1 ] Request (AttachInterfacesTestJSON:_run_cleanups): 200 GET http://10.180.1.21/compute/v2.1/servers/d627ecde-c86e-4855-b516-310639d35a59 0.203s
2025-11-20 18:31:59.720 66199 INFO tempest.lib.common.rest_client [req-abd8903b-1217-40db-9795-c7a641b5bb96 req-abd8903b-1217-40db-9795-c7a641b5bb96 ] Request (ServersTestJSON:test_create_server_with_ipv6_addr_only): 200 GET http://10.180.1.21/compute/v2.1/servers/d2fc2535-0147-4d04-b0ce-9b481502ac97 0.080s
2025-11-20 18:31:59.731 66151 INFO tempest.lib.common.rest_client [req-2ec44688-3ff6-416f-80c6-26abb7b1bc50 req-2ec44688-3ff6-416f-80c6-26abb7b1bc50 ] Request (ServerMetadataTestJSON:tearDownClass): 200 PUT http://10.180.1.21/networking/v2.0/routers/86938ce3-85b3-43f6-8594-ccdf6e2e1d38/remove_router_interface 0.868s
2025-11-20 18:31:59.765 66191 INFO tempest.lib.common.rest_client [req-fe4ff09b-bfe9-4174-84cf-857c4aa708f5 req-fe4ff09b-bfe9-4174-84cf-857c4aa708f5 ] Request (ServerTagsTestJSON:tearDownClass): 200 GET http://10.180.1.21/compute/v2.1/servers/dae3ff14-1c9d-461c-a4d9-cb02a323db5e 0.105s
2025-11-20 18:32:00.042 66195 INFO tempest.lib.common.rest_client [req-ea882aab-7cab-4a4c-a7ef-dfebd3dccb1a req-ea882aab-7cab-4a4c-a7ef-dfebd3dccb1a ] Request (ServerRescueTestJSONUnderV235:tearDownClass): 200 GET http://10.180.1.21/compute/v2.1/servers/c2b98da0-8288-4379-b2cb-79814a5ced36 0.211s
2025-11-20 18:32:00.100 66147 INFO tempest.lib.common.rest_client [req-8e865240-fd2c-4b47-be6b-99954da61d27 req-8e865240-fd2c-4b47-be6b-99954da61d27 ] Request (DeleteServersTestJSON:test_delete_server_while_in_attached_volume): 200 GET http://10.180.1.21/compute/v2.1/servers/e337e07e-35e2-44dc-8ef7-7fc8ecf3945c 0.243s
2025-11-20 18:32:00.125 66161 INFO tempest.lib.common.rest_client [req-b72c192e-4baa-42dd-8e14-ec11d9537900 req-b72c192e-4baa-42dd-8e14-ec11d9537900 ] Request (ServerAddressesTestJSON:setUpClass): 200 GET http://10.180.1.21/compute/v2.1/servers/2a02c648-e660-4fd8-81f6-e1bf915e40ca 0.238s
2025-11-20 18:32:00.160 66143 INFO tempest.lib.common.rest_client [req-3156b44c-722e-4888-9bc0-2078ece2e61a req-3156b44c-722e-4888-9bc0-2078ece2e61a ] Request (ServerShowV254Test:test_rebuild_server): 200 GET http://10.180.1.21/compute/v2.1/servers/34959524-776e-489f-bb4e-c319ce0196ef 0.229s
2025-11-20 18:32:00.181 66145 INFO tempest.lib.common.rest_client [req-7cdf5f7e-5c49-4b0d-8b1e-a230e1a32f26 req-7cdf5f7e-5c49-4b0d-8b1e-a230e1a32f26 ] Request (ServerRescueTestJSON:setUpClass): 200 GET http://10.180.1.21/compute/v2.1/servers/7a0bebd7-08c2-45b0-8948-161488ab4448 0.240s
2025-11-20 18:32:00.188 66151 INFO tempest.lib.common.rest_client [req-b3eb73c7-76a2-4737-aed6-c737d8442994 req-b3eb73c7-76a2-4737-aed6-c737d8442994 ] Request (ServerMetadataTestJSON:tearDownClass): 204 DELETE http://10.180.1.21/networking/v2.0/routers/86938ce3-85b3-43f6-8594-ccdf6e2e1d38 0.456s
2025-11-20 18:32:00.227 66165 INFO tempest.lib.common.rest_client [req-2b1e2c6e-2558-4263-8c64-044465f1ae52 req-2b1e2c6e-2558-4263-8c64-044465f1ae52 ] Request (MigrationsAdminTest:test_list_migrations_in_flavor_resize_situation): 200 GET http://10.180.1.21/compute/v2.1/servers/ce575d47-a683-4ffb-9a9b-8ae9f56ec3c9 0.245s
2025-11-20 18:32:00.248 66205 INFO tempest.lib.common.rest_client [req-fb8c25e4-3f73-4869-ab29-b0c350a41b13 req-fb8c25e4-3f73-4869-ab29-b0c350a41b13 ] Request (AttachInterfacesUnderV243Test:_run_cleanups): 200 GET http://10.180.1.21/compute/v2.1/servers/8a13997b-3f40-4e6f-bc51-31138ba8ecda 0.242s
2025-11-20 18:32:00.329 66163 INFO tempest.lib.common.rest_client [req-4774bf0c-f287-4d1e-b791-94a75366307a req-4774bf0c-f287-4d1e-b791-94a75366307a ] Request (ServersAdminNegativeTestJSON:setUpClass): 200 GET http://10.180.1.21/compute/v2.1/servers/4f83662e-6995-4db9-b43d-4ec675645990 0.243s
2025-11-20 18:32:00.361 66197 INFO tempest.lib.common.rest_client [req-9b7b8ac9-402a-483b-96d2-744734e75d45 req-9b7b8ac9-402a-483b-96d2-744734e75d45 ] Request (ServersAdmin275Test:tearDownClass): 200 GET http://10.180.1.21/compute/v2.1/servers/fad5ae9f-0627-488e-a796-f69bbda7f393 0.313s
2025-11-20 18:32:00.400 66151 INFO tempest.lib.common.rest_client [req-55239719-ba4a-4652-8835-e9e11a6ac824 req-55239719-ba4a-4652-8835-e9e11a6ac824 ] Request (ServerMetadataTestJSON:tearDownClass): 204 DELETE http://10.180.1.21/networking/v2.0/subnets/4577e9ba-4d65-4c51-b449-4052bdd8a032 0.211s
2025-11-20 18:32:00.435 66171 INFO tempest.lib.common.rest_client [req-cfa72e62-e3b0-4e8a-ade4-d6bce21159e8 req-cfa72e62-e3b0-4e8a-ade4-d6bce21159e8 ] Request (ServerDiskConfigTestJSON:test_resize_server_from_auto_to_manual): 200 GET http://10.180.1.21/compute/v2.1/servers/373c88f2-1812-4ea5-9a71-38419156ea3f 0.278s
2025-11-20 18:32:00.448 66173 INFO tempest.lib.common.rest_client [req-b57dc848-e4ef-4806-bd15-7f004ba7a179 req-b57dc848-e4ef-4806-bd15-7f004ba7a179 ] Request (ServersTestMultiNic:test_verify_multiple_nics_order): 200 GET http://10.180.1.21/compute/v2.1/servers/ab5dd132-9fc3-4348-90de-2f0421a0c2b8 0.228s
2025-11-20 18:32:00.491 66149 INFO tempest.lib.common.rest_client [req-c642787a-923d-42f7-934c-d3bc5e6a67e3 req-c642787a-923d-42f7-934c-d3bc5e6a67e3 ] Request (ListImageFiltersTestJSON:setUpClass): 200 GET http://10.180.1.21/compute/v2.1/images/1d7c7fb8-e65b-4a83-abe1-600a780d96c5 0.225s
2025-11-20 18:32:00.497 66169 INFO tempest.lib.common.rest_client [req-559b8d41-f997-4439-b3eb-1625b4c78169 req-559b8d41-f997-4439-b3eb-1625b4c78169 ] Request (SecurityGroupsTestJSON:test_server_security_groups): 200 GET http://10.180.1.21/compute/v2.1/servers/3f83ed18-d10c-4a35-9e55-933a3c21ee26 0.247s
2025-11-20 18:32:00.547 66153 INFO tempest.lib.common.rest_client [req-a3f93c52-aee2-4c99-bd02-aef419d975ab req-a3f93c52-aee2-4c99-bd02-aef419d975ab ] Request (ImagesTestJSON:test_create_image_from_stopped_server): 200 GET http://10.180.1.21/compute/v2.1/servers/a3a775c5-fa1e-4a88-9c50-acbfa91e2e44 0.222s
2025-11-20 18:32:00.562 66189 INFO tempest.lib.common.rest_client [req-94f3273a-4677-4f09-aee9-24f0cd182c57 req-94f3273a-4677-4f09-aee9-24f0cd182c57 ] Request (ServersAaction247Test:test_create_backup): 200 GET http://10.180.1.21/compute/v2.1/servers/8249b887-9384-40d5-b7e1-f781e47c67b0 0.119s
2025-11-20 18:32:00.616 66187 INFO tempest.lib.common.rest_client [req-e92ff99d-918c-452d-9a09-2c8ed74c0310 req-e92ff99d-918c-452d-9a09-2c8ed74c0310 ] Request (ServersV294TestFqdnHostnames:setUpClass): 200 GET http://10.180.1.21/compute/v2.1/servers/6e69ceb6-3334-4f6e-addb-7b14780a0454 0.146s
2025-11-20 18:32:00.622 66159 INFO tempest.lib.common.rest_client [req-0e667f64-68b7-4a01-9972-0dd8a01c8a8b req-0e667f64-68b7-4a01-9972-0dd8a01c8a8b ] Request (ServerActionsTestJSON:setUpClass): 200 GET http://10.180.1.21/compute/v2.1/servers/4eded83a-1ccc-483d-b91c-53a2c91b78ba 0.088s
2025-11-20 18:32:00.666 66177 INFO tempest.lib.common.rest_client [req-785258ee-00f0-4116-bf1d-f769ae0f63ae req-785258ee-00f0-4116-bf1d-f769ae0f63ae ] Request (ServersAdminTestJSON:test_inject_network_info): 200 GET http://10.180.1.21/compute/v2.1/servers/f45e50d1-18b9-4238-a1a3-ef5213ea9f9a 0.121s
2025-11-20 18:32:00.684 66167 INFO tempest.lib.common.rest_client [req-fe76675e-7283-4500-ba77-cce0d7e8ef86 req-fe76675e-7283-4500-ba77-cce0d7e8ef86 ] Request (MultipleCreateTestJSON:test_multiple_create): 200 GET http://10.180.1.21/compute/v2.1/servers/2762bcf8-7d61-4a61-a7d2-1b1198c48271 0.094s
2025-11-20 18:32:00.694 66151 INFO tempest.lib.common.rest_client [req-59fe3e63-48ad-45b6-8ffc-ada6a15344bc req-59fe3e63-48ad-45b6-8ffc-ada6a15344bc ] Request (ServerMetadataTestJSON:tearDownClass): 204 DELETE http://10.180.1.21/networking/v2.0/networks/66943c99-8f57-41a2-88c9-c1c8a763ad7f 0.294s
2025-11-20 18:32:00.754 66185 INFO tempest.lib.common.rest_client [req-8589cc3e-95d3-408d-ae37-fd6190994752 req-8589cc3e-95d3-408d-ae37-fd6190994752 ] Request (AttachInterfacesTestJSON:_run_cleanups): 200 GET http://10.180.1.21/compute/v2.1/servers/d627ecde-c86e-4855-b516-310639d35a59 0.063s
2025-11-20 18:32:00.801 66151 INFO tempest.lib.common.rest_client [req-864e41dd-54cd-43d7-9542-0077dab9c18b req-864e41dd-54cd-43d7-9542-0077dab9c18b ] Request (ServerMetadataTestJSON:tearDownClass): 204 DELETE http://10.180.1.21/identity/v3/users/7670e787d84d431ea1c14918384d71b9 0.106s
2025-11-20 18:32:00.801 66151 INFO tempest.lib.common.dynamic_creds [-] Deleting project and security group for project: 5d4c05556cc545ac9d550c9868b48d4f
2025-11-20 18:32:00.819 66199 INFO tempest.lib.common.rest_client [req-fe51597f-160d-4f94-aaf9-6210b67b30bb req-fe51597f-160d-4f94-aaf9-6210b67b30bb ] Request (ServersTestJSON:test_create_server_with_ipv6_addr_only): 200 GET http://10.180.1.21/compute/v2.1/servers/d2fc2535-0147-4d04-b0ce-9b481502ac97 0.090s
2025-11-20 18:32:00.833 66203 INFO tempest.lib.common.rest_client [req-27d6ef80-d8f1-47ec-af47-f1c095dc8085 req-27d6ef80-d8f1-47ec-af47-f1c095dc8085 ] Request (ServersTestManualDisk:setUpClass): 200 GET http://10.180.1.21/compute/v2.1/servers/8726608c-2a5b-4be1-b5de-b4ce163884a4 0.162s
2025-11-20 18:32:00.841 66151 INFO tempest.lib.common.rest_client [req-48dc6c34-4dc9-43e6-8d21-3d7d2a9a76ac req-48dc6c34-4dc9-43e6-8d21-3d7d2a9a76ac ] Request (ServerMetadataTestJSON:tearDownClass): 200 GET http://10.180.1.21/networking/v2.0/security-groups?tenant_id=5d4c05556cc545ac9d550c9868b48d4f&name=default 0.039s
2025-11-20 18:32:00.888 66191 INFO tempest.lib.common.rest_client [req-d71842af-b3f4-4d37-9db9-5d38a7bdadbd req-d71842af-b3f4-4d37-9db9-5d38a7bdadbd ] Request (ServerTagsTestJSON:tearDownClass): 200 GET http://10.180.1.21/compute/v2.1/servers/dae3ff14-1c9d-461c-a4d9-cb02a323db5e 0.112s
2025-11-20 18:32:00.940 66151 INFO tempest.lib.common.rest_client [req-bdc93bc6-ced5-49a2-b1f7-cf03ec1c1c5a req-bdc93bc6-ced5-49a2-b1f7-cf03ec1c1c5a ] Request (ServerMetadataTestJSON:tearDownClass): 204 DELETE http://10.180.1.21/networking/v2.0/security-groups/fd5c84b8-3044-4b49-ab10-14cc86d942ca 0.099s
2025-11-20 18:32:01.041 66151 INFO tempest.lib.common.rest_client [req-536f9c44-a6c4-4508-89d6-ff53913dcdf1 req-536f9c44-a6c4-4508-89d6-ff53913dcdf1 ] Request (ServerMetadataTestJSON:tearDownClass): 204 DELETE http://10.180.1.21/identity/v3/projects/5d4c05556cc545ac9d550c9868b48d4f 0.100s
2025-11-20 18:32:01.116 66151 INFO tempest.lib.common.rest_client [req-559c53c4-d8ce-476c-900a-8cde2338081b req-559c53c4-d8ce-476c-900a-8cde2338081b ] Request (ServerRescueNegativeTestJSON:setUpClass): 201 POST http://10.180.1.21/identity/v3/auth/tokens 0.072s
2025-11-20 18:32:01.137 66195 INFO tempest.lib.common.rest_client [req-08b83b84-324a-4599-84a6-9ccf8c7f4883 req-08b83b84-324a-4599-84a6-9ccf8c7f4883 ] Request (ServerRescueTestJSONUnderV235:tearDownClass): 200 GET http://10.180.1.21/compute/v2.1/servers/c2b98da0-8288-4379-b2cb-79814a5ced36 0.086s
2025-11-20 18:32:01.144 66195 INFO tempest.common.waiters [-] State transition "RESCUE/deleting" ==> "DELETED/None" after 4 second wait
2025-11-20 18:32:01.151 66151 INFO tempest.lib.common.rest_client [req-38493bd3-1348-4f9a-b6e6-87ca3f4ab3a8 req-38493bd3-1348-4f9a-b6e6-87ca3f4ab3a8 ] Request (ServerRescueNegativeTestJSON:setUpClass): 201 POST http://10.180.1.21/identity/v3/auth/tokens 0.031s
2025-11-20 18:32:01.178 66151 INFO tempest.lib.common.rest_client [req-4cc3e25a-2e78-48c1-b8c0-f6012eb0cbb6 req-4cc3e25a-2e78-48c1-b8c0-f6012eb0cbb6 ] Request (ServerRescueNegativeTestJSON:setUpClass): 200 GET http://10.180.1.21/identity/v3/domains?name=Default 0.027s
2025-11-20 18:32:01.198 66161 INFO tempest.lib.common.rest_client [req-84b14b81-5eab-413a-b477-e6823953c696 req-84b14b81-5eab-413a-b477-e6823953c696 ] Request (ServerAddressesTestJSON:setUpClass): 200 GET http://10.180.1.21/compute/v2.1/servers/2a02c648-e660-4fd8-81f6-e1bf915e40ca 0.065s
2025-11-20 18:32:01.212 66151 INFO tempest.lib.common.rest_client [req-5910849c-c53b-46d2-bbc7-59b8def73c13 req-5910849c-c53b-46d2-bbc7-59b8def73c13 ] Request (ServerRescueNegativeTestJSON:setUpClass): 201 POST http://10.180.1.21/identity/v3/projects 0.033s
2025-11-20 18:32:01.236 66147 INFO tempest.lib.common.rest_client [req-38c014f9-44ba-4d5d-9647-81a71893f6a4 req-38c014f9-44ba-4d5d-9647-81a71893f6a4 ] Request (DeleteServersTestJSON:test_delete_server_while_in_attached_volume): 200 GET http://10.180.1.21/compute/v2.1/servers/e337e07e-35e2-44dc-8ef7-7fc8ecf3945c 0.126s
2025-11-20 18:32:01.253 66143 INFO tempest.lib.common.rest_client [req-badeab11-d195-44d9-afb1-6c190d829365 req-badeab11-d195-44d9-afb1-6c190d829365 ] Request (ServerShowV254Test:test_rebuild_server): 200 GET http://10.180.1.21/compute/v2.1/servers/34959524-776e-489f-bb4e-c319ce0196ef 0.080s
2025-11-20 18:32:01.276 66151 INFO tempest.lib.common.rest_client [req-04caf29c-f787-49f1-8faa-4b2147f7b27d req-04caf29c-f787-49f1-8faa-4b2147f7b27d ] Request (ServerRescueNegativeTestJSON:setUpClass): 201 POST http://10.180.1.21/identity/v3/users 0.063s
2025-11-20 18:32:01.299 66145 INFO tempest.lib.common.rest_client [req-7d576594-cd70-493d-9836-20fb6056d3a7 req-7d576594-cd70-493d-9836-20fb6056d3a7 ] Request (ServerRescueTestJSON:setUpClass): 200 GET http://10.180.1.21/compute/v2.1/servers/7a0bebd7-08c2-45b0-8948-161488ab4448 0.109s
2025-11-20 18:32:01.304 66151 INFO tempest.lib.common.rest_client [req-98c89137-d7ea-4dbc-be04-96487a3bf989 req-98c89137-d7ea-4dbc-be04-96487a3bf989 ] Request (ServerRescueNegativeTestJSON:setUpClass): 200 GET http://10.180.1.21/identity/v3/roles 0.027s
2025-11-20 18:32:01.320 66165 INFO tempest.lib.common.rest_client [req-089c48a1-38fb-4fab-8f33-94357942c9f4 req-089c48a1-38fb-4fab-8f33-94357942c9f4 ] Request (MigrationsAdminTest:test_list_migrations_in_flavor_resize_situation): 200 GET http://10.180.1.21/compute/v2.1/servers/ce575d47-a683-4ffb-9a9b-8ae9f56ec3c9 0.082s
2025-11-20 18:32:01.343 66151 INFO tempest.lib.common.rest_client [req-e9433167-1dfd-45ec-be9e-defd79442052 req-e9433167-1dfd-45ec-be9e-defd79442052 ] Request (ServerRescueNegativeTestJSON:setUpClass): 204 PUT http://10.180.1.21/identity/v3/projects/555bfad775af4904be4be48d9aaed916/users/ec77e997a2a84f5685d3e4748cc9cfd3/roles/04972a7f85ff4109b5de299d7eeda480 0.039s
2025-11-20 18:32:01.344 66151 INFO tempest.lib.common.dynamic_creds [-] Dynamic test user ec77e997a2a84f5685d3e4748cc9cfd3 is created with scope project and roles: ['member']
2025-11-20 18:32:01.344 66151 INFO tempest.lib.common.dynamic_creds [-] Acquired dynamic creds: credentials: Credentials: {'domain_id': 'default', 'domain_name': 'Default', 'username': 'tempest-ServerRescueNegativeTestJSON-268406472-project-member', 'project_domain_id': 'default', 'project_domain_name': 'Default', 'project_id': '555bfad775af4904be4be48d9aaed916', 'project_name': 'tempest-ServerRescueNegativeTestJSON-268406472', 'tenant_id': '555bfad775af4904be4be48d9aaed916', 'tenant_name': 'tempest-ServerRescueNegativeTestJSON-268406472', 'user_domain_id': 'default', 'user_domain_name': 'Default', 'user_id': 'ec77e997a2a84f5685d3e4748cc9cfd3', 'system': None}, Network: None, Subnet: None, Router: None
2025-11-20 18:32:01.388 66205 INFO tempest.lib.common.rest_client [req-f0f2a35a-fb7b-4d33-8a9c-08e1185ffa19 req-f0f2a35a-fb7b-4d33-8a9c-08e1185ffa19 ] Request (AttachInterfacesUnderV243Test:_run_cleanups): 200 GET http://10.180.1.21/compute/v2.1/servers/8a13997b-3f40-4e6f-bc51-31138ba8ecda 0.132s
2025-11-20 18:32:01.419 66163 INFO tempest.lib.common.rest_client [req-9b34e0dd-43ed-40d1-b556-94efd225de2d req-9b34e0dd-43ed-40d1-b556-94efd225de2d ] Request (ServersAdminNegativeTestJSON:setUpClass): 200 GET http://10.180.1.21/compute/v2.1/servers/4f83662e-6995-4db9-b43d-4ec675645990 0.072s
2025-11-20 18:32:01.448 66151 INFO tempest.lib.common.rest_client [req-63aba168-4fec-4bcc-96c9-7c98706d4768 req-63aba168-4fec-4bcc-96c9-7c98706d4768 ] Request (ServerRescueNegativeTestJSON:setUpClass): 201 POST http://10.180.1.21/identity/v3/auth/tokens 0.104s
2025-11-20 18:32:01.507 66197 INFO tempest.lib.common.rest_client [req-7462411b-9de8-4886-9d6d-3452e6dba25b req-7462411b-9de8-4886-9d6d-3452e6dba25b ] Request (ServersAdmin275Test:tearDownClass): 200 GET http://10.180.1.21/compute/v2.1/servers/fad5ae9f-0627-488e-a796-f69bbda7f393 0.130s
2025-11-20 18:32:01.517 66171 INFO tempest.lib.common.rest_client [req-4d862184-dc12-44fe-ad4c-0965b8abdc4d req-4d862184-dc12-44fe-ad4c-0965b8abdc4d ] Request (ServerDiskConfigTestJSON:test_resize_server_from_auto_to_manual): 200 GET http://10.180.1.21/compute/v2.1/servers/373c88f2-1812-4ea5-9a71-38419156ea3f 0.072s
2025-11-20 18:32:01.552 66149 INFO tempest.lib.common.rest_client [req-cd78632d-081d-4e99-bdca-bc08c1a08508 req-cd78632d-081d-4e99-bdca-bc08c1a08508 ] Request (ListImageFiltersTestJSON:setUpClass): 200 GET http://10.180.1.21/compute/v2.1/images/1d7c7fb8-e65b-4a83-abe1-600a780d96c5 0.057s
2025-11-20 18:32:01.722 66151 INFO tempest.lib.common.rest_client [req-c12f0080-27e6-4354-ba21-806744130f19 req-c12f0080-27e6-4354-ba21-806744130f19 ] Request (ServerRescueNegativeTestJSON:setUpClass): 201 POST http://10.180.1.21/networking/v2.0/networks 0.273s
2025-11-20 18:32:01.748 66173 INFO tempest.lib.common.rest_client [req-8c3ea0a5-a1e5-4982-b8b9-1063c2a5b874 req-8c3ea0a5-a1e5-4982-b8b9-1063c2a5b874 ] Request (ServersTestMultiNic:test_verify_multiple_nics_order): 200 GET http://10.180.1.21/compute/v2.1/servers/ab5dd132-9fc3-4348-90de-2f0421a0c2b8 0.293s
2025-11-20 18:32:01.757 66169 INFO tempest.lib.common.rest_client [req-65609765-e44c-4904-9785-265c6f8e3c0e req-65609765-e44c-4904-9785-265c6f8e3c0e ] Request (SecurityGroupsTestJSON:test_server_security_groups): 200 GET http://10.180.1.21/compute/v2.1/servers/3f83ed18-d10c-4a35-9e55-933a3c21ee26 0.251s
2025-11-20 18:32:01.811 66153 INFO tempest.lib.common.rest_client [req-cab03b3d-f6e9-40c6-92ac-b9b869384e9c req-cab03b3d-f6e9-40c6-92ac-b9b869384e9c ] Request (ImagesTestJSON:test_create_image_from_stopped_server): 200 GET http://10.180.1.21/compute/v2.1/servers/a3a775c5-fa1e-4a88-9c50-acbfa91e2e44 0.254s
2025-11-20 18:32:01.828 66189 INFO tempest.lib.common.rest_client [req-077b05b3-6f29-48d5-99d3-a000edd78715 req-077b05b3-6f29-48d5-99d3-a000edd78715 ] Request (ServersAaction247Test:test_create_backup): 200 GET http://10.180.1.21/compute/v2.1/servers/8249b887-9384-40d5-b7e1-f781e47c67b0 0.254s
2025-11-20 18:32:01.877 66187 INFO tempest.lib.common.rest_client [req-c374cd04-6fb1-4cc8-b5dc-c3587e279665 req-c374cd04-6fb1-4cc8-b5dc-c3587e279665 ] Request (ServersV294TestFqdnHostnames:setUpClass): 200 GET http://10.180.1.21/compute/v2.1/servers/6e69ceb6-3334-4f6e-addb-7b14780a0454 0.250s
2025-11-20 18:32:01.904 66159 INFO tempest.lib.common.rest_client [req-d743acc1-2a40-4965-8d12-c89edaf8149c req-d743acc1-2a40-4965-8d12-c89edaf8149c ] Request (ServerActionsTestJSON:setUpClass): 200 GET http://10.180.1.21/compute/v2.1/servers/4eded83a-1ccc-483d-b91c-53a2c91b78ba 0.274s
2025-11-20 18:32:01.935 66151 INFO tempest.lib.common.rest_client [req-1e1bceeb-f29d-4334-9629-4df43c738901 req-1e1bceeb-f29d-4334-9629-4df43c738901 ] Request (ServerRescueNegativeTestJSON:setUpClass): 201 POST http://10.180.1.21/networking/v2.0/subnets 0.212s
2025-11-20 18:32:01.972 66177 INFO tempest.lib.common.rest_client [req-19532340-5893-43c9-9876-26861ef09ae1 req-19532340-5893-43c9-9876-26861ef09ae1 ] Request (ServersAdminTestJSON:test_inject_network_info): 200 GET http://10.180.1.21/compute/v2.1/servers/f45e50d1-18b9-4238-a1a3-ef5213ea9f9a 0.296s
2025-11-20 18:32:01.980 66167 INFO tempest.lib.common.rest_client [req-31190423-a1ac-4711-91ca-301ebd8ee88a req-31190423-a1ac-4711-91ca-301ebd8ee88a ] Request (MultipleCreateTestJSON:test_multiple_create): 200 GET http://10.180.1.21/compute/v2.1/servers/2762bcf8-7d61-4a61-a7d2-1b1198c48271 0.288s
2025-11-20 18:32:02.035 66199 INFO tempest.lib.common.rest_client [req-c2de1a91-0f75-443b-9ad4-7d66db321a02 req-c2de1a91-0f75-443b-9ad4-7d66db321a02 ] Request (ServersTestJSON:test_create_server_with_ipv6_addr_only): 200 GET http://10.180.1.21/compute/v2.1/servers/d2fc2535-0147-4d04-b0ce-9b481502ac97 0.205s
2025-11-20 18:32:02.048 66185 INFO tempest.lib.common.rest_client [req-0d11d1bc-d467-406d-8222-365c30480673 req-0d11d1bc-d467-406d-8222-365c30480673 ] Request (AttachInterfacesTestJSON:_run_cleanups): 200 GET http://10.180.1.21/compute/v2.1/servers/d627ecde-c86e-4855-b516-310639d35a59 0.286s
2025-11-20 18:32:02.071 66191 INFO tempest.lib.common.rest_client [req-b8649024-7eac-41c9-89d2-17aa5cc9efbb req-b8649024-7eac-41c9-89d2-17aa5cc9efbb ] Request (ServerTagsTestJSON:tearDownClass): 404 GET http://10.180.1.21/compute/v2.1/servers/dae3ff14-1c9d-461c-a4d9-cb02a323db5e 0.172s
2025-11-20 18:32:02.748 66151 INFO tempest.lib.common.rest_client [req-569c16b0-0c2f-4762-b3d2-6e3e20078738 req-569c16b0-0c2f-4762-b3d2-6e3e20078738 ] Request (ServerRescueNegativeTestJSON:setUpClass): 201 POST http://10.180.1.21/networking/v2.0/routers 0.812s
2025-11-20 18:32:02.794 66203 INFO tempest.lib.common.rest_client [req-1fd58d78-35e1-4908-b5c6-fcb28576ee88 req-1fd58d78-35e1-4908-b5c6-fcb28576ee88 ] Request (ServersTestManualDisk:setUpClass): 200 GET http://10.180.1.21/compute/v2.1/servers/8726608c-2a5b-4be1-b5de-b4ce163884a4 0.953s
2025-11-20 18:32:02.807 66203 INFO tempest.common.waiters [-] State transition "BUILD/spawning" ==> "ACTIVE/None" after 49 second wait
2025-11-20 18:32:02.813 66195 INFO tempest.lib.common.rest_client [req-fbddab46-13fa-4e86-82dc-431fffc00db7 req-fbddab46-13fa-4e86-82dc-431fffc00db7 ] Request (ServerRescueTestJSONUnderV235:tearDownClass): 200 GET http://10.180.1.21/compute/v2.1/servers/c2b98da0-8288-4379-b2cb-79814a5ced36 0.668s
2025-11-20 18:32:02.935 66191 INFO tempest.lib.common.rest_client [req-4c3683a5-0a1d-4ad1-b388-a6884de5cf39 req-4c3683a5-0a1d-4ad1-b388-a6884de5cf39 ] Request (ServerTagsTestJSON:tearDownClass): 200 PUT http://10.180.1.21/networking/v2.0/routers/88ec8516-48de-4f40-aba0-c6c27682332b/remove_router_interface 0.863s
2025-11-20 18:32:02.964 66161 INFO tempest.lib.common.rest_client [req-5c7c7072-c64a-43e7-bef8-471a2c3b9357 req-5c7c7072-c64a-43e7-bef8-471a2c3b9357 ] Request (ServerAddressesTestJSON:setUpClass): 200 GET http://10.180.1.21/compute/v2.1/servers/2a02c648-e660-4fd8-81f6-e1bf915e40ca 0.757s
2025-11-20 18:32:02.981 66147 INFO tempest.lib.common.rest_client [req-49fa1368-816f-4dbe-9b48-7e155d80cdc6 req-49fa1368-816f-4dbe-9b48-7e155d80cdc6 ] Request (DeleteServersTestJSON:test_delete_server_while_in_attached_volume): 200 GET http://10.180.1.21/compute/v2.1/servers/e337e07e-35e2-44dc-8ef7-7fc8ecf3945c 0.734s
2025-11-20 18:32:03.259 66179 WARNING tempest.lib.common.ssh [-] Failed to establish authenticated ssh connection to cirros@10.180.180.233 ([Errno None] Unable to connect to port 22 on 10.180.180.233). Number attempts: 7. Retry after 8 seconds.: paramiko.ssh_exception.NoValidConnectionsError: [Errno None] Unable to connect to port 22 on 10.180.180.233
2025-11-20 18:32:03.477 66191 INFO tempest.lib.common.rest_client [req-e38a8b07-fb5c-404b-9918-264dbd197c65 req-e38a8b07-fb5c-404b-9918-264dbd197c65 ] Request (ServerTagsTestJSON:tearDownClass): 204 DELETE http://10.180.1.21/networking/v2.0/routers/88ec8516-48de-4f40-aba0-c6c27682332b 0.541s
2025-11-20 18:32:03.514 66145 INFO tempest.lib.common.rest_client [req-757f3afb-4da4-424c-ad89-ad7884e639a9 req-757f3afb-4da4-424c-ad89-ad7884e639a9 ] Request (ServerRescueTestJSON:setUpClass): 200 GET http://10.180.1.21/compute/v2.1/servers/7a0bebd7-08c2-45b0-8948-161488ab4448 1.204s
2025-11-20 18:32:03.523 66143 INFO tempest.lib.common.rest_client [req-85278819-0c3b-46cb-ab11-9d401192dc2e req-85278819-0c3b-46cb-ab11-9d401192dc2e ] Request (ServerShowV254Test:test_rebuild_server): 200 GET http://10.180.1.21/compute/v2.1/servers/34959524-776e-489f-bb4e-c319ce0196ef 1.258s
2025-11-20 18:32:03.535 66143 INFO tempest.common.waiters [-] State transition "BUILD/spawning" ==> "ACTIVE/None" after 47 second wait
2025-11-20 18:32:03.671 66191 INFO tempest.lib.common.rest_client [req-96b459bf-cead-43ba-95fb-cff4cacd5483 req-96b459bf-cead-43ba-95fb-cff4cacd5483 ] Request (ServerTagsTestJSON:tearDownClass): 204 DELETE http://10.180.1.21/networking/v2.0/subnets/185b2656-3184-43af-a1a0-525d03ccf96d 0.194s
2025-11-20 18:32:03.699 66165 INFO tempest.lib.common.rest_client [req-df21700b-a3ec-408c-9758-91c5ada4bda1 req-df21700b-a3ec-408c-9758-91c5ada4bda1 ] Request (MigrationsAdminTest:test_list_migrations_in_flavor_resize_situation): 200 GET http://10.180.1.21/compute/v2.1/servers/ce575d47-a683-4ffb-9a9b-8ae9f56ec3c9 1.370s
2025-11-20 18:32:03.717 66205 INFO tempest.lib.common.rest_client [req-73d4c788-3289-4ef8-b4f7-61c99dc367a9 req-73d4c788-3289-4ef8-b4f7-61c99dc367a9 ] Request (AttachInterfacesUnderV243Test:_run_cleanups): 200 GET http://10.180.1.21/compute/v2.1/servers/8a13997b-3f40-4e6f-bc51-31138ba8ecda 1.318s
2025-11-20 18:32:03.847 66151 INFO tempest.lib.common.rest_client [req-78e607ae-8981-4314-986b-5845bbfeba1f req-78e607ae-8981-4314-986b-5845bbfeba1f ] Request (ServerRescueNegativeTestJSON:setUpClass): 200 PUT http://10.180.1.21/networking/v2.0/routers/fe035e5d-8e83-4495-937c-2395b5d61e86/add_router_interface 1.098s
2025-11-20 18:32:03.847 66151 INFO tempest.lib.common.dynamic_creds [-] Created isolated network resources for: credentials: Credentials: {'domain_id': 'default', 'domain_name': 'Default', 'username': 'tempest-ServerRescueNegativeTestJSON-268406472-project-member', 'project_domain_id': 'default', 'project_domain_name': 'Default', 'project_id': '555bfad775af4904be4be48d9aaed916', 'project_name': 'tempest-ServerRescueNegativeTestJSON-268406472', 'tenant_id': '555bfad775af4904be4be48d9aaed916', 'tenant_name': 'tempest-ServerRescueNegativeTestJSON-268406472', 'user_domain_id': 'default', 'user_domain_name': 'Default', 'user_id': 'ec77e997a2a84f5685d3e4748cc9cfd3', 'system': None}, Network: {'id': 'aea71797-f214-40e2-8db6-7779fad8735f', 'name': 'tempest-ServerRescueNegativeTestJSON-2049610679-network', 'tenant_id': '555bfad775af4904be4be48d9aaed916', 'project_id': '555bfad775af4904be4be48d9aaed916', 'admin_state_up': True, 'mtu': 8950, 'status': 'ACTIVE', 'subnets': [], 'shared': False, 'port_security_enabled': True, 'router:external': False, 'provider:network_type': 'vlan', 'provider:physical_network': 'default', 'provider:segmentation_id': 963, 'availability_zone_hints': [], 'availability_zones': [], 'ipv4_address_scope': None, 'ipv6_address_scope': None, 'description': '', 'tags': [], 'created_at': '2025-11-20T18:32:01Z', 'updated_at': '2025-11-20T18:32:01Z', 'revision_number': 1}, Subnet: {'id': '8305e4d8-fb80-47a3-ace8-361319b328b8', 'name': 'tempest-ServerRescueNegativeTestJSON-2049610679-subnet', 'tenant_id': '555bfad775af4904be4be48d9aaed916', 'network_id': 'aea71797-f214-40e2-8db6-7779fad8735f', 'ip_version': 4, 'subnetpool_id': None, 'enable_dhcp': True, 'ipv6_ra_mode': None, 'ipv6_address_mode': None, 'gateway_ip': '192.168.128.1', 'cidr': '192.168.128.0/28', 'allocation_pools': [{'start': '192.168.128.2', 'end': '192.168.128.14'}], 'host_routes': [], 'dns_nameservers': [], 'description': '', 'router:external': False, 'service_types': [], 'tags': [], 'created_at': '2025-11-20T18:32:01Z', 'updated_at': '2025-11-20T18:32:01Z', 'revision_number': 0, 'project_id': '555bfad775af4904be4be48d9aaed916'}, Router: {'id': 'fe035e5d-8e83-4495-937c-2395b5d61e86', 'name': 'tempest-ServerRescueNegativeTestJSON-2049610679-router', 'tenant_id': '555bfad775af4904be4be48d9aaed916', 'admin_state_up': True, 'status': 'ACTIVE', 'external_gateway_info': {'network_id': '5aed003b-1871-4e1c-a51e-8a20f20648d3', 'external_fixed_ips': [{'subnet_id': 'af3bf08b-eebd-4f4e-afd8-9bacac836b2f', 'ip_address': '10.180.180.160'}], 'enable_snat': True}, 'description': '', 'availability_zones': [], 'distributed': False, 'ha': False, 'availability_zone_hints': [], 'routes': [], 'flavor_id': None, 'tags': [], 'created_at': '2025-11-20T18:32:01Z', 'updated_at': '2025-11-20T18:32:02Z', 'revision_number': 2, 'project_id': '555bfad775af4904be4be48d9aaed916'}
2025-11-20 18:32:03.878 66163 INFO tempest.lib.common.rest_client [req-e723180b-752c-4161-8efe-ae7bf048693c req-e723180b-752c-4161-8efe-ae7bf048693c ] Request (ServersAdminNegativeTestJSON:setUpClass): 200 GET http://10.180.1.21/compute/v2.1/servers/4f83662e-6995-4db9-b43d-4ec675645990 1.447s
2025-11-20 18:32:03.897 66197 INFO tempest.lib.common.rest_client [req-808e4f13-7c70-4764-a117-cad3485874e0 req-808e4f13-7c70-4764-a117-cad3485874e0 ] Request (ServersAdmin275Test:tearDownClass): 200 GET http://10.180.1.21/compute/v2.1/servers/fad5ae9f-0627-488e-a796-f69bbda7f393 1.376s
2025-11-20 18:32:03.946 66149 INFO tempest.lib.common.rest_client [req-2156f568-feb8-44ca-bddf-6f3b1f418578 req-2156f568-feb8-44ca-bddf-6f3b1f418578 ] Request (ListImageFiltersTestJSON:setUpClass): 200 GET http://10.180.1.21/compute/v2.1/images/1d7c7fb8-e65b-4a83-abe1-600a780d96c5 1.387s
2025-11-20 18:32:03.953 66171 INFO tempest.lib.common.rest_client [req-b58a4112-5576-41ee-9828-853a6722e031 req-b58a4112-5576-41ee-9828-853a6722e031 ] Request (ServerDiskConfigTestJSON:test_resize_server_from_auto_to_manual): 200 GET http://10.180.1.21/compute/v2.1/servers/373c88f2-1812-4ea5-9a71-38419156ea3f 1.428s
2025-11-20 18:32:03.981 66191 INFO tempest.lib.common.rest_client [req-122d03c5-bb22-4a2d-b3e5-c50d9a918c02 req-122d03c5-bb22-4a2d-b3e5-c50d9a918c02 ] Request (ServerTagsTestJSON:tearDownClass): 204 DELETE http://10.180.1.21/networking/v2.0/networks/569c7436-19e3-48aa-8f21-3dd296c04ed6 0.309s
2025-11-20 18:32:03.981 66151 INFO tempest.lib.common.rest_client [req-d520c7dd-e569-479c-8e02-33dea8c129f2 req-d520c7dd-e569-479c-8e02-33dea8c129f2 ] Request (ServerRescueNegativeTestJSON:setUpClass): 201 POST http://10.180.1.21/identity/v3/auth/tokens 0.126s
2025-11-20 18:32:04.012 66173 INFO tempest.lib.common.rest_client [req-6f87f6a4-f150-4f47-8388-f75e1c9bfedd req-6f87f6a4-f150-4f47-8388-f75e1c9bfedd ] Request (ServersTestMultiNic:test_verify_multiple_nics_order): 200 GET http://10.180.1.21/compute/v2.1/servers/ab5dd132-9fc3-4348-90de-2f0421a0c2b8 1.254s
2025-11-20 18:32:04.023 66169 INFO tempest.lib.common.rest_client [req-32e79386-7b9b-4edd-aca5-b91514884213 req-32e79386-7b9b-4edd-aca5-b91514884213 ] Request (SecurityGroupsTestJSON:test_server_security_groups): 200 GET http://10.180.1.21/compute/v2.1/servers/3f83ed18-d10c-4a35-9e55-933a3c21ee26 1.254s
2025-11-20 18:32:04.027 66151 INFO tempest.lib.common.rest_client [req-2c296924-4de8-48ae-a604-70b666eb6217 req-2c296924-4de8-48ae-a604-70b666eb6217 ] Request (ServerRescueNegativeTestJSON:setUpClass): 201 POST http://10.180.1.21/identity/v3/auth/tokens 0.040s
2025-11-20 18:32:04.028 66151 INFO tempest.lib.common.fixed_network [-] (ServerRescueNegativeTestJSON:setUpClass) Found network {'id': 'aea71797-f214-40e2-8db6-7779fad8735f', 'name': 'tempest-ServerRescueNegativeTestJSON-2049610679-network', 'tenant_id': '555bfad775af4904be4be48d9aaed916', 'project_id': '555bfad775af4904be4be48d9aaed916', 'admin_state_up': True, 'mtu': 8950, 'status': 'ACTIVE', 'subnets': [], 'shared': False, 'port_security_enabled': True, 'router:external': False, 'provider:network_type': 'vlan', 'provider:physical_network': 'default', 'provider:segmentation_id': 963, 'availability_zone_hints': [], 'availability_zones': [], 'ipv4_address_scope': None, 'ipv6_address_scope': None, 'description': '', 'tags': [], 'created_at': '2025-11-20T18:32:01Z', 'updated_at': '2025-11-20T18:32:01Z', 'revision_number': 1} available for tenant
2025-11-20 18:32:04.030 66169 INFO tempest.common.waiters [-] State transition "BUILD/None" ==> "BUILD/networking" after 44 second wait
2025-11-20 18:32:04.071 66191 INFO tempest.lib.common.rest_client [req-48687cbe-dd4a-4812-bebb-8d7f608a87b0 req-48687cbe-dd4a-4812-bebb-8d7f608a87b0 ] Request (ServerTagsTestJSON:tearDownClass): 204 DELETE http://10.180.1.21/identity/v3/users/efadcd89c593466f8a8e42732b1f916e 0.089s
2025-11-20 18:32:04.071 66191 INFO tempest.lib.common.dynamic_creds [-] Deleting project and security group for project: 6e29e96d7e604eec89eb3ab005a0a537
2025-11-20 18:32:04.087 66153 INFO tempest.lib.common.rest_client [req-e93ca98d-9812-4875-a751-a154647f8c0e req-e93ca98d-9812-4875-a751-a154647f8c0e ] Request (ImagesTestJSON:test_create_image_from_stopped_server): 200 GET http://10.180.1.21/compute/v2.1/servers/a3a775c5-fa1e-4a88-9c50-acbfa91e2e44 1.263s
2025-11-20 18:32:04.116 66191 INFO tempest.lib.common.rest_client [req-5abe38e4-b8cd-4576-ac5e-50f9564b5136 req-5abe38e4-b8cd-4576-ac5e-50f9564b5136 ] Request (ServerTagsTestJSON:tearDownClass): 200 GET http://10.180.1.21/networking/v2.0/security-groups?tenant_id=6e29e96d7e604eec89eb3ab005a0a537&name=default 0.044s
2025-11-20 18:32:04.125 66203 INFO tempest.lib.common.rest_client [req-19c15098-2747-4658-b30c-4e0e38fc5d2d req-19c15098-2747-4658-b30c-4e0e38fc5d2d ] Request (ServersTestManualDisk:setUpClass): 200 GET http://10.180.1.21/compute/v2.1/servers/8726608c-2a5b-4be1-b5de-b4ce163884a4/os-interface 1.316s
2025-11-20 18:32:04.221 66191 INFO tempest.lib.common.rest_client [req-bd19c257-704c-4ff5-b9d4-7fdf4a015fbf req-bd19c257-704c-4ff5-b9d4-7fdf4a015fbf ] Request (ServerTagsTestJSON:tearDownClass): 204 DELETE http://10.180.1.21/networking/v2.0/security-groups/4b7c835b-5a58-453a-bee5-b1ce1796b613 0.105s
2025-11-20 18:32:04.246 66189 INFO tempest.lib.common.rest_client [req-7b60ab04-a03d-4d30-8949-ab9a95b1ef66 req-7b60ab04-a03d-4d30-8949-ab9a95b1ef66 ] Request (ServersAaction247Test:test_create_backup): 200 GET http://10.180.1.21/compute/v2.1/servers/8249b887-9384-40d5-b7e1-f781e47c67b0 1.409s
2025-11-20 18:32:04.270 66187 INFO tempest.lib.common.rest_client [req-6c35813c-02e9-44ec-953b-b423265df878 req-6c35813c-02e9-44ec-953b-b423265df878 ] Request (ServersV294TestFqdnHostnames:setUpClass): 200 GET http://10.180.1.21/compute/v2.1/servers/6e69ceb6-3334-4f6e-addb-7b14780a0454 1.379s
2025-11-20 18:32:04.356 66191 INFO tempest.lib.common.rest_client [req-3446d191-1400-4805-a620-d498ae9256b0 req-3446d191-1400-4805-a620-d498ae9256b0 ] Request (ServerTagsTestJSON:tearDownClass): 204 DELETE http://10.180.1.21/identity/v3/projects/6e29e96d7e604eec89eb3ab005a0a537 0.135s
2025-11-20 18:32:04.755 66159 INFO tempest.lib.common.rest_client [req-38a22fa0-341d-4607-956e-8b8c1ce81a79 req-38a22fa0-341d-4607-956e-8b8c1ce81a79 ] Request (ServerActionsTestJSON:setUpClass): 200 GET http://10.180.1.21/compute/v2.1/servers/4eded83a-1ccc-483d-b91c-53a2c91b78ba 1.842s
2025-11-20 18:32:04.763 66203 INFO tempest.lib.common.rest_client [req-37301bfb-08dc-4477-bf6d-3059a0844154 req-37301bfb-08dc-4477-bf6d-3059a0844154 ] Request (ServersTestManualDisk:setUpClass): 200 PUT http://10.180.1.21/networking/v2.0/floatingips/49a6bb5d-7b90-4772-966f-b879582630d0 0.636s
2025-11-20 18:32:04.776 66177 INFO tempest.lib.common.rest_client [req-69ca120a-d2bb-49d1-afca-0a1b4a2d6956 req-69ca120a-d2bb-49d1-afca-0a1b4a2d6956 ] Request (ServersAdminTestJSON:test_inject_network_info): 200 GET http://10.180.1.21/compute/v2.1/servers/f45e50d1-18b9-4238-a1a3-ef5213ea9f9a 1.790s
2025-11-20 18:32:04.786 66177 INFO tempest.common.waiters [-] State transition "BUILD/scheduling" ==> "BUILD/None" after 23 second wait
2025-11-20 18:32:04.823 66167 INFO tempest.lib.common.rest_client [req-809dff90-0bd7-4f98-8560-c2d85814e6a4 req-809dff90-0bd7-4f98-8560-c2d85814e6a4 ] Request (MultipleCreateTestJSON:test_multiple_create): 200 GET http://10.180.1.21/compute/v2.1/servers/2762bcf8-7d61-4a61-a7d2-1b1198c48271 1.831s
2025-11-20 18:32:04.843 66199 INFO tempest.lib.common.rest_client [req-e8539c65-1a9d-412f-9cbd-b4397470610c req-e8539c65-1a9d-412f-9cbd-b4397470610c ] Request (ServersTestJSON:test_create_server_with_ipv6_addr_only): 200 GET http://10.180.1.21/compute/v2.1/servers/d2fc2535-0147-4d04-b0ce-9b481502ac97 1.799s
2025-11-20 18:32:04.893 66143 INFO tempest.lib.common.rest_client [req-c1383d2a-da26-4371-82c2-b894154640fa req-c1383d2a-da26-4371-82c2-b894154640fa ] Request (ServerShowV254Test:test_rebuild_server): 201 POST http://10.180.1.21/compute/v2.1/os-keypairs 1.357s
2025-11-20 18:32:04.903 66185 INFO tempest.lib.common.rest_client [req-8d4056e8-fb02-440e-b966-06f89b753622 req-8d4056e8-fb02-440e-b966-06f89b753622 ] Request (AttachInterfacesTestJSON:_run_cleanups): 200 GET http://10.180.1.21/compute/v2.1/servers/d627ecde-c86e-4855-b516-310639d35a59 1.847s
2025-11-20 18:32:04.965 66161 INFO tempest.lib.common.rest_client [req-2498f255-e7fd-4d3c-a3ba-269e598fe1df req-2498f255-e7fd-4d3c-a3ba-269e598fe1df ] Request (ServerAddressesTestJSON:setUpClass): 200 GET http://10.180.1.21/compute/v2.1/servers/2a02c648-e660-4fd8-81f6-e1bf915e40ca 0.992s
2025-11-20 18:32:04.983 66195 INFO tempest.lib.common.rest_client [req-124c5108-bb4f-41d6-93ca-0bca2b572597 req-124c5108-bb4f-41d6-93ca-0bca2b572597 ] Request (ServerRescueTestJSONUnderV235:tearDownClass): 200 GET http://10.180.1.21/compute/v2.1/servers/c2b98da0-8288-4379-b2cb-79814a5ced36 1.159s
2025-11-20 18:32:05.038 66147 INFO tempest.lib.common.rest_client [req-8cadb100-2796-41f4-8fde-a24991262cae req-8cadb100-2796-41f4-8fde-a24991262cae ] Request (DeleteServersTestJSON:test_delete_server_while_in_attached_volume): 200 GET http://10.180.1.21/compute/v2.1/servers/e337e07e-35e2-44dc-8ef7-7fc8ecf3945c 1.045s
2025-11-20 18:32:05.048 66147 INFO tempest.common.waiters [-] State transition "ACTIVE/deleting" ==> "DELETED/None" after 8 second wait
2025-11-20 18:32:05.092 66145 INFO tempest.lib.common.rest_client [req-31ee11d0-5675-4387-b4f4-c2994b896c15 req-31ee11d0-5675-4387-b4f4-c2994b896c15 ] Request (ServerRescueTestJSON:setUpClass): 200 GET http://10.180.1.21/compute/v2.1/servers/7a0bebd7-08c2-45b0-8948-161488ab4448 0.564s
2025-11-20 18:32:05.147 66165 INFO tempest.lib.common.rest_client [req-84a5de36-97e1-47cb-af87-e777c52e8efe req-84a5de36-97e1-47cb-af87-e777c52e8efe ] Request (MigrationsAdminTest:test_list_migrations_in_flavor_resize_situation): 200 GET http://10.180.1.21/compute/v2.1/servers/ce575d47-a683-4ffb-9a9b-8ae9f56ec3c9 0.438s
2025-11-20 18:32:05.219 66205 INFO tempest.lib.common.rest_client [req-5001af15-ac20-4595-b530-361807fe31d2 req-5001af15-ac20-4595-b530-361807fe31d2 ] Request (AttachInterfacesUnderV243Test:_run_cleanups): 200 GET http://10.180.1.21/compute/v2.1/servers/8a13997b-3f40-4e6f-bc51-31138ba8ecda 0.487s
2025-11-20 18:32:05.477 66203 INFO tempest.lib.common.rest_client [req-caf73ee1-dcd2-4a48-aac4-95151d53a0a7 req-caf73ee1-dcd2-4a48-aac4-95151d53a0a7 ] Request (ServersTestManualDisk:setUpClass): 200 GET http://10.180.1.21/compute/v2.1/servers/8726608c-2a5b-4be1-b5de-b4ce163884a4 0.713s
2025-11-20 18:32:05.485 66203 INFO tempest.lib.common.ssh [-] Creating ssh connection to '10.180.180.184:22' as 'cirros' with public key authentication
2025-11-20 18:32:05.545 66163 INFO tempest.lib.common.rest_client [req-330bb426-500b-4aa6-bc7c-f83afe966d55 req-330bb426-500b-4aa6-bc7c-f83afe966d55 ] Request (ServersAdminNegativeTestJSON:setUpClass): 200 GET http://10.180.1.21/compute/v2.1/servers/4f83662e-6995-4db9-b43d-4ec675645990 0.655s
2025-11-20 18:32:05.588 66151 INFO tempest.lib.common.rest_client [req-6e0a8e1a-f501-4350-9519-b6bbe139a4a5 req-6e0a8e1a-f501-4350-9519-b6bbe139a4a5 ] Request (ServerRescueNegativeTestJSON:setUpClass): 202 POST http://10.180.1.21/compute/v2.1/servers 1.559s
2025-11-20 18:32:05.666 66197 INFO tempest.lib.common.rest_client [req-b8340c2f-90c2-4467-9736-58e944b32902 req-b8340c2f-90c2-4467-9736-58e944b32902 ] Request (ServersAdmin275Test:tearDownClass): 200 GET http://10.180.1.21/compute/v2.1/servers/fad5ae9f-0627-488e-a796-f69bbda7f393 0.758s
2025-11-20 18:32:05.707 66149 INFO tempest.lib.common.rest_client [req-c666fee6-c6f1-44ff-8c87-ef0009a80264 req-c666fee6-c6f1-44ff-8c87-ef0009a80264 ] Request (ListImageFiltersTestJSON:setUpClass): 200 GET http://10.180.1.21/compute/v2.1/images/1d7c7fb8-e65b-4a83-abe1-600a780d96c5 0.755s
2025-11-20 18:32:05.778 66171 INFO tempest.lib.common.rest_client [req-55d239c3-af3e-49cc-a48d-b5d63a866508 req-55d239c3-af3e-49cc-a48d-b5d63a866508 ] Request (ServerDiskConfigTestJSON:test_resize_server_from_auto_to_manual): 200 GET http://10.180.1.21/compute/v2.1/servers/373c88f2-1812-4ea5-9a71-38419156ea3f 0.812s
2025-11-20 18:32:05.792 66143 INFO tempest.lib.common.rest_client [req-b146ef56-377d-45ea-b0c2-ce10b4ce0366 req-b146ef56-377d-45ea-b0c2-ce10b4ce0366 ] Request (ServerShowV254Test:test_rebuild_server): 202 POST http://10.180.1.21/compute/v2.1/servers/34959524-776e-489f-bb4e-c319ce0196ef/action 0.896s
2025-11-20 18:32:05.859 66173 INFO tempest.lib.common.rest_client [req-0e51b68b-7428-4eb4-b407-1c66102b82dc req-0e51b68b-7428-4eb4-b407-1c66102b82dc ] Request (ServersTestMultiNic:test_verify_multiple_nics_order): 200 GET http://10.180.1.21/compute/v2.1/servers/ab5dd132-9fc3-4348-90de-2f0421a0c2b8 0.838s
2025-11-20 18:32:05.986 66153 INFO tempest.lib.common.rest_client [req-247f0e3a-e518-4269-90fd-a5ed98437c86 req-247f0e3a-e518-4269-90fd-a5ed98437c86 ] Request (ImagesTestJSON:test_create_image_from_stopped_server): 200 GET http://10.180.1.21/compute/v2.1/servers/a3a775c5-fa1e-4a88-9c50-acbfa91e2e44 0.887s
2025-11-20 18:32:06.024 66169 INFO tempest.lib.common.rest_client [req-dba40c1d-5c4e-48f0-b4f7-bad785657741 req-dba40c1d-5c4e-48f0-b4f7-bad785657741 ] Request (SecurityGroupsTestJSON:test_server_security_groups): 200 GET http://10.180.1.21/compute/v2.1/servers/3f83ed18-d10c-4a35-9e55-933a3c21ee26 0.991s
2025-11-20 18:32:06.031 66169 INFO tempest.common.waiters [-] State transition "BUILD/networking" ==> "BUILD/spawning" after 46 second wait
2025-11-20 18:32:06.082 66189 INFO tempest.lib.common.rest_client [req-a27e084c-ec19-49e8-9ae4-98cb62834749 req-a27e084c-ec19-49e8-9ae4-98cb62834749 ] Request (ServersAaction247Test:test_create_backup): 200 GET http://10.180.1.21/compute/v2.1/servers/8249b887-9384-40d5-b7e1-f781e47c67b0 0.821s
2025-11-20 18:32:06.130 66187 INFO tempest.lib.common.rest_client [req-d02cc05f-25a3-41af-a941-439df503ee15 req-d02cc05f-25a3-41af-a941-439df503ee15 ] Request (ServersV294TestFqdnHostnames:setUpClass): 200 GET http://10.180.1.21/compute/v2.1/servers/6e69ceb6-3334-4f6e-addb-7b14780a0454 0.837s
2025-11-20 18:32:06.143 66187 INFO tempest.common.waiters [-] State transition "BUILD/scheduling" ==> "BUILD/None" after 18 second wait
2025-11-20 18:32:06.169 66151 INFO tempest.lib.common.rest_client [req-e7a8292f-07f4-41f5-959a-f643bbba51e3 req-e7a8292f-07f4-41f5-959a-f643bbba51e3 ] Request (ServerRescueNegativeTestJSON:setUpClass): 200 GET http://10.180.1.21/compute/v2.1/servers/7e21271f-680a-428a-a8d4-ab5aee3b220f 0.579s
2025-11-20 18:32:06.228 66151 INFO tempest.lib.common.rest_client [req-52c03b73-7e71-4eb5-9da3-3d625191d69c req-52c03b73-7e71-4eb5-9da3-3d625191d69c ] Request (ServerRescueNegativeTestJSON:setUpClass): 201 POST http://10.180.1.21/identity/v3/auth/tokens 0.045s
2025-11-20 18:32:06.228 66151 INFO tempest.lib.common.fixed_network [-] (ServerRescueNegativeTestJSON:setUpClass) Found network {'id': 'aea71797-f214-40e2-8db6-7779fad8735f', 'name': 'tempest-ServerRescueNegativeTestJSON-2049610679-network', 'tenant_id': '555bfad775af4904be4be48d9aaed916', 'project_id': '555bfad775af4904be4be48d9aaed916', 'admin_state_up': True, 'mtu': 8950, 'status': 'ACTIVE', 'subnets': [], 'shared': False, 'port_security_enabled': True, 'router:external': False, 'provider:network_type': 'vlan', 'provider:physical_network': 'default', 'provider:segmentation_id': 963, 'availability_zone_hints': [], 'availability_zones': [], 'ipv4_address_scope': None, 'ipv6_address_scope': None, 'description': '', 'tags': [], 'created_at': '2025-11-20T18:32:01Z', 'updated_at': '2025-11-20T18:32:01Z', 'revision_number': 1} available for tenant
2025-11-20 18:32:06.255 66159 INFO tempest.lib.common.rest_client [req-d2f2fd88-cd14-4cfe-873f-f4f010675b88 req-d2f2fd88-cd14-4cfe-873f-f4f010675b88 ] Request (ServerActionsTestJSON:setUpClass): 200 GET http://10.180.1.21/compute/v2.1/servers/4eded83a-1ccc-483d-b91c-53a2c91b78ba 0.485s
2025-11-20 18:32:06.281 66177 INFO tempest.lib.common.rest_client [req-be111981-29ec-4bbf-b715-7beb1d70da26 req-be111981-29ec-4bbf-b715-7beb1d70da26 ] Request (ServersAdminTestJSON:test_inject_network_info): 200 GET http://10.180.1.21/compute/v2.1/servers/f45e50d1-18b9-4238-a1a3-ef5213ea9f9a 0.493s
2025-11-20 18:32:06.405 66143 INFO tempest.lib.common.rest_client [req-db682fd9-460a-4e05-8a1d-1213fca83fe2 req-db682fd9-460a-4e05-8a1d-1213fca83fe2 ] Request (ServerShowV254Test:test_rebuild_server): 200 GET http://10.180.1.21/compute/v2.1/servers/34959524-776e-489f-bb4e-c319ce0196ef 0.603s
2025-11-20 18:32:06.413 66167 INFO tempest.lib.common.rest_client [req-9a02e644-4b58-436e-afab-2988079a10c7 req-9a02e644-4b58-436e-afab-2988079a10c7 ] Request (MultipleCreateTestJSON:test_multiple_create): 200 GET http://10.180.1.21/compute/v2.1/servers/2762bcf8-7d61-4a61-a7d2-1b1198c48271 0.581s
2025-11-20 18:32:06.500 66199 INFO tempest.lib.common.rest_client [req-df453286-0724-476f-80cb-12fc121a160c req-df453286-0724-476f-80cb-12fc121a160c ] Request (ServersTestJSON:test_create_server_with_ipv6_addr_only): 200 GET http://10.180.1.21/compute/v2.1/servers/d2fc2535-0147-4d04-b0ce-9b481502ac97 0.647s
2025-11-20 18:32:06.521 66185 INFO tempest.lib.common.rest_client [req-b13a8b20-3ac1-4ad2-865c-3130c34fa98e req-b13a8b20-3ac1-4ad2-865c-3130c34fa98e ] Request (AttachInterfacesTestJSON:_run_cleanups): 200 GET http://10.180.1.21/compute/v2.1/servers/d627ecde-c86e-4855-b516-310639d35a59 0.606s
