2025-11-21 00:25:22.421 65739 INFO tempest.lib.common.dynamic_creds [-] Dynamic test user 05362f417a794479aa85df0f29be730f is created with scope project and roles: ['member']
2025-11-21 00:25:22.421 65739 INFO tempest.lib.common.dynamic_creds [-] Acquired dynamic creds: credentials: Credentials: {'domain_id': 'default', 'domain_name': 'Default', 'username': 'tempest-ServerShowV254Test-115002897-project-member', 'project_domain_id': 'default', 'project_domain_name': 'Default', 'project_id': '26d7fa5b576944b2a7415810788a8984', 'project_name': 'tempest-ServerShowV254Test-115002897', 'tenant_id': '26d7fa5b576944b2a7415810788a8984', 'tenant_name': 'tempest-ServerShowV254Test-115002897', 'user_domain_id': 'default', 'user_domain_name': 'Default', 'user_id': '05362f417a794479aa85df0f29be730f', 'system': None}, Network: None, Subnet: None, Router: None
2025-11-21 00:25:22.422 65739 INFO tempest.lib.common.dynamic_creds [-] Created isolated network resources for: credentials: Credentials: {'domain_id': 'default', 'domain_name': 'Default', 'username': 'tempest-ServerShowV254Test-115002897-project-member', 'project_domain_id': 'default', 'project_domain_name': 'Default', 'project_id': '26d7fa5b576944b2a7415810788a8984', 'project_name': 'tempest-ServerShowV254Test-115002897', 'tenant_id': '26d7fa5b576944b2a7415810788a8984', 'tenant_name': 'tempest-ServerShowV254Test-115002897', 'user_domain_id': 'default', 'user_domain_name': 'Default', 'user_id': '05362f417a794479aa85df0f29be730f', 'system': None}, Network: None, Subnet: None, Router: None
2025-11-21 00:25:22.449 65703 INFO tempest.lib.common.rest_client [req-0fe0843b-d512-42d7-8bf4-9d0978990c91 req-0fe0843b-d512-42d7-8bf4-9d0978990c91 ] Request (QuotaClassesAdminTestJSON:_run_cleanups): 200 PUT http://10.180.1.21/compute/v2.1/os-quota-class-sets/default 2.110s
2025-11-21 00:25:22.483 65727 INFO tempest.lib.common.rest_client [req-d8528afc-ec14-439d-81cf-e73acb2baf13 req-d8528afc-ec14-439d-81cf-e73acb2baf13 ] Request (FloatingIPsAssociationNegativeTestJSON:tearDownClass): 200 GET http://10.180.1.21/compute/v2.1/servers/dc2a76da-59eb-4e96-bc51-76834e20457b 2.007s
2025-11-21 00:25:22.490 65727 INFO tempest.common.waiters [-] State transition "ACTIVE/deleting" ==> "DELETED/None" after 3 second wait
2025-11-21 00:25:22.505 65739 INFO tempest.lib.common.rest_client [req-161c8db7-0d87-4348-add6-ad4f082eb849 req-161c8db7-0d87-4348-add6-ad4f082eb849 ] Request (ServerShowV254Test:setUpClass): 201 POST http://10.180.1.21/identity/v3/auth/tokens 0.080s
2025-11-21 00:25:22.506 65723 INFO tempest.lib.common.rest_client [req-38fb7072-bbfd-4ebb-9539-bbe28431601e req-38fb7072-bbfd-4ebb-9539-bbe28431601e ] Request (MultipleCreateTestJSON:test_multiple_create): 200 GET http://10.180.1.21/compute/v2.1/servers/5f896872-8216-45d5-bca5-a8489c4e1784 1.876s
2025-11-21 00:25:22.581 65703 INFO tempest.lib.common.rest_client [req-c0cc1277-5a25-4c33-aa5c-a974a063c5e8 req-c0cc1277-5a25-4c33-aa5c-a974a063c5e8 ] Request (QuotaClassesAdminTestJSON:tearDownClass): 204 DELETE http://10.180.1.21/identity/v3/users/70e0a03f2066427484ac9e8e80c453da 0.125s
2025-11-21 00:25:22.627 65739 INFO tempest.lib.common.rest_client [req-c438e3de-2f40-4d03-85b3-fa643d06b470 req-c438e3de-2f40-4d03-85b3-fa643d06b470 ] Request (ServerShowV254Test:test_rebuild_server): 201 POST http://10.180.1.21/identity/v3/auth/tokens 0.118s
2025-11-21 00:25:22.627 65739 INFO tempest.lib.common.fixed_network [-] (ServerShowV254Test:test_rebuild_server) Found network None available for tenant
2025-11-21 00:25:22.676 65699 INFO tempest.lib.common.rest_client [req-c7dd7c80-3e91-477b-b7d2-74fcdddbbb45 req-c7dd7c80-3e91-477b-b7d2-74fcdddbbb45 ] Request (ServersTestJSON:setUpClass): 200 POST http://10.180.1.21/compute/v2.1/os-keypairs 2.018s
2025-11-21 00:25:22.692 65715 INFO tempest.lib.common.rest_client [req-4d8eaf34-6241-4198-8dec-a0d5c177ee2d req-4d8eaf34-6241-4198-8dec-a0d5c177ee2d ] Request (AttachInterfacesUnderV243Test:_run_cleanups): 202 DELETE http://10.180.1.21/compute/v2.1/os-keypairs/tempest-keypair-1547097787 1.426s
2025-11-21 00:25:22.737 65703 INFO tempest.lib.common.rest_client [req-7640e8d0-a886-4aa2-b4d8-4d672bfb823d req-7640e8d0-a886-4aa2-b4d8-4d672bfb823d ] Request (QuotaClassesAdminTestJSON:tearDownClass): 204 DELETE http://10.180.1.21/identity/v3/users/fc9b1acd4ef24d3f93636dd5b0406551 0.155s
2025-11-21 00:25:22.737 65703 INFO tempest.lib.common.dynamic_creds [-] Deleting project and security group for project: 344088187c0f47049cd193bb24a6adad
2025-11-21 00:25:22.789 65699 INFO tempest.lib.common.rest_client [req-c9612413-aaca-450b-8430-0703e9197dfc req-c9612413-aaca-450b-8430-0703e9197dfc ] Request (ServersTestJSON:setUpClass): 201 POST http://10.180.1.21/networking/v2.0/security-groups 0.112s
2025-11-21 00:25:22.794 65703 INFO tempest.lib.common.rest_client [req-ac4cc1c1-580f-4b8a-90ab-d4fdeb9b5274 req-ac4cc1c1-580f-4b8a-90ab-d4fdeb9b5274 ] Request (QuotaClassesAdminTestJSON:tearDownClass): 201 POST http://10.180.1.21/identity/v3/auth/tokens 0.057s
2025-11-21 00:25:22.877 65715 INFO tempest.lib.common.rest_client [req-ef87c699-d3df-43fc-8d5b-b1b646e0e70c req-ef87c699-d3df-43fc-8d5b-b1b646e0e70c ] Request (AttachInterfacesUnderV243Test:_run_cleanups): 204 DELETE http://10.180.1.21/networking/v2.0/security-groups/5a1b670e-330f-426b-b326-939ba558b2a0 0.185s
2025-11-21 00:25:22.901 65717 INFO tempest.lib.common.rest_client [req-32923242-6b8b-4cc1-9e70-4946b137e01b req-32923242-6b8b-4cc1-9e70-4946b137e01b ] Request (ServerExternalEventsTest:tearDownClass): 200 GET http://10.180.1.21/compute/v2.1/servers/e1f8b784-6a43-44e4-ad0b-3fad62f2e88e 1.575s
2025-11-21 00:25:22.910 65717 INFO tempest.common.waiters [-] State transition "ACTIVE/deleting" ==> "DELETED/None" after 2 second wait
2025-11-21 00:25:23.015 65699 INFO tempest.lib.common.rest_client [req-c5c732aa-089e-4f6a-82a5-e9b55750fe93 req-c5c732aa-089e-4f6a-82a5-e9b55750fe93 ] Request (ServersTestJSON:setUpClass): 201 POST http://10.180.1.21/networking/v2.0/security-group-rules 0.225s
2025-11-21 00:25:23.056 65693 INFO tempest.lib.common.rest_client [req-650a8b0c-87b7-41fe-8057-11a0ba2c9942 req-650a8b0c-87b7-41fe-8057-11a0ba2c9942 ] Request (ServerActionsTestOtherB:test_create_backup): 202 POST http://10.180.1.21/compute/v2.1/servers/3f251dfc-0c79-4924-a7f3-54c9885bdd3a/action 2.134s
2025-11-21 00:25:23.082 65693 INFO tempest.lib.common.rest_client [req-542c81c3-0507-46ad-a273-cd2c7500152f req-542c81c3-0507-46ad-a273-cd2c7500152f ] Request (ServerActionsTestOtherB:test_create_backup): 200 GET http://10.180.1.21/image/v2/images/4b92d530-fffb-4e5d-bdd1-90b73051b9e8/tasks 0.025s
2025-11-21 00:25:23.230 65703 INFO tempest.lib.common.rest_client [req-7e68b409-d7fe-44ea-af68-201c039850c5 req-7e68b409-d7fe-44ea-af68-201c039850c5 ] Request (QuotaClassesAdminTestJSON:tearDownClass): 200 GET http://10.180.1.21/networking/v2.0/security-groups?tenant_id=344088187c0f47049cd193bb24a6adad&name=default 0.435s
2025-11-21 00:25:23.240 65715 INFO tempest.lib.common.rest_client [req-3d13a932-2602-4b36-b84c-45cee1a5d647 req-3d13a932-2602-4b36-b84c-45cee1a5d647 ] Request (AttachInterfacesUnderV243Test:_run_cleanups): 404 GET http://10.180.1.21/networking/v2.0/security-groups/5a1b670e-330f-426b-b326-939ba558b2a0 0.362s
2025-11-21 00:25:23.268 65691 INFO tempest.lib.common.rest_client [req-c9b7801c-0aa3-419d-9362-c923381fc8a6 req-c9b7801c-0aa3-419d-9362-c923381fc8a6 ] Request (FloatingIPsAssociationTestJSON:tearDownClass): 200 GET http://10.180.1.21/compute/v2.1/servers/e02dbd61-3ea6-4962-9c6b-b2aff7294a0e 1.927s
2025-11-21 00:25:23.347 65699 INFO tempest.lib.common.rest_client [req-ebd1b860-6dde-4e59-8ec9-a2776866edb3 req-ebd1b860-6dde-4e59-8ec9-a2776866edb3 ] Request (ServersTestJSON:setUpClass): 201 POST http://10.180.1.21/networking/v2.0/security-group-rules 0.331s
2025-11-21 00:25:23.451 65703 INFO tempest.lib.common.rest_client [req-fab59b1a-ed50-4bf8-95f9-761a8ecfa428 req-fab59b1a-ed50-4bf8-95f9-761a8ecfa428 ] Request (QuotaClassesAdminTestJSON:tearDownClass): 204 DELETE http://10.180.1.21/networking/v2.0/security-groups/07291651-10ec-4e3f-bf35-d36487ea0c92 0.221s
2025-11-21 00:25:23.532 65703 INFO tempest.lib.common.rest_client [req-7c13de4c-88d9-4516-ad79-be046d1cea08 req-7c13de4c-88d9-4516-ad79-be046d1cea08 ] Request (QuotaClassesAdminTestJSON:tearDownClass): 204 DELETE http://10.180.1.21/identity/v3/projects/344088187c0f47049cd193bb24a6adad 0.080s
2025-11-21 00:25:23.532 65703 INFO tempest.lib.common.dynamic_creds [-] Deleting project and security group for project: 4b21f08e6454453c886e132c6866ce57
2025-11-21 00:25:23.704 65715 INFO tempest.lib.common.rest_client [req-f3eb636e-ea54-4d24-9395-c5cdd0103018 req-f3eb636e-ea54-4d24-9395-c5cdd0103018 ] Request (AttachInterfacesUnderV243Test:_run_cleanups): 204 DELETE http://10.180.1.21/networking/v2.0/floatingips/1e1fa51b-bdae-453e-a785-ac3d3b31e5e0 0.463s
2025-11-21 00:25:23.733 65745 INFO tempest.lib.common.rest_client [req-73df5b08-75a1-454d-9f4d-000972620c67 req-73df5b08-75a1-454d-9f4d-000972620c67 ] Request (ServerActionsV293TestJSON:tearDownClass): 200 GET http://10.180.1.21/compute/v2.1/servers/143b2e2a-19ca-4054-9457-c5a0221aa11b 1.889s
2025-11-21 00:25:23.952 65703 INFO tempest.lib.common.rest_client [req-1735c47f-d227-47a0-9f89-2579d04503ae req-1735c47f-d227-47a0-9f89-2579d04503ae ] Request (QuotaClassesAdminTestJSON:tearDownClass): 200 GET http://10.180.1.21/networking/v2.0/security-groups?tenant_id=4b21f08e6454453c886e132c6866ce57&name=default 0.419s
2025-11-21 00:25:24.109 65703 INFO tempest.lib.common.rest_client [req-3283842b-5c54-420c-b06c-42c3e9a89bda req-3283842b-5c54-420c-b06c-42c3e9a89bda ] Request (QuotaClassesAdminTestJSON:tearDownClass): 204 DELETE http://10.180.1.21/networking/v2.0/security-groups/fec00c17-e38d-4993-8d13-e32132335a00 0.157s
2025-11-21 00:25:24.215 65703 INFO tempest.lib.common.rest_client [req-d3dabb9f-fe92-4acc-b182-2b6f414af573 req-d3dabb9f-fe92-4acc-b182-2b6f414af573 ] Request (QuotaClassesAdminTestJSON:tearDownClass): 204 DELETE http://10.180.1.21/identity/v3/projects/4b21f08e6454453c886e132c6866ce57 0.105s
2025-11-21 00:25:24.216 65703 INFO tempest.test [-] raised in ServerBootFromVolumeStableRescueTest.setUpClass. Invoking tearDownClass.
2025-11-21 00:25:24.241 65699 INFO tempest.lib.common.rest_client [req-3bdffb3f-64d0-4926-ac38-2814ca13e7fa req-3bdffb3f-64d0-4926-ac38-2814ca13e7fa ] Request (ServersTestJSON:setUpClass): 201 POST http://10.180.1.21/networking/v2.0/floatingips 0.894s
2025-11-21 00:25:24.309 65703 INFO tempest.lib.common.rest_client [req-91cf1dd1-e6b3-4c8b-9708-2482d623ce11 req-91cf1dd1-e6b3-4c8b-9708-2482d623ce11 ] Request (ServersNegativeTestMultiTenantJSON:setUpClass): 201 POST http://10.180.1.21/identity/v3/auth/tokens 0.089s
2025-11-21 00:25:24.338 65699 INFO tempest.lib.common.rest_client [req-89cfd90f-2584-4150-8aeb-8bf747913e5d req-89cfd90f-2584-4150-8aeb-8bf747913e5d ] Request (ServersTestJSON:setUpClass): 201 POST http://10.180.1.21/identity/v3/auth/tokens 0.094s
2025-11-21 00:25:24.338 65699 INFO tempest.lib.common.fixed_network [-] (ServersTestJSON:setUpClass) Found network {'id': 'eaf18cf2-98c1-4a51-ad21-7773b0ba6eb5', 'name': 'tempest-ServersTestJSON-1010319641-network', 'tenant_id': '93f95d4bf73b483ab2ae773bc5707ce9', 'project_id': '93f95d4bf73b483ab2ae773bc5707ce9', 'admin_state_up': True, 'mtu': 8950, 'status': 'ACTIVE', 'subnets': [], 'shared': False, 'port_security_enabled': True, 'router:external': False, 'provider:network_type': 'vlan', 'provider:physical_network': 'default', 'provider:segmentation_id': 963, 'availability_zone_hints': [], 'availability_zones': [], 'ipv4_address_scope': None, 'ipv6_address_scope': None, 'description': '', 'tags': [], 'created_at': '2025-11-21T00:25:18Z', 'updated_at': '2025-11-21T00:25:18Z', 'revision_number': 1} available for tenant
2025-11-21 00:25:24.344 65703 INFO tempest.lib.common.rest_client [req-cad98e76-7804-480d-9b39-b7b7f811c3e0 req-cad98e76-7804-480d-9b39-b7b7f811c3e0 ] Request (ServersNegativeTestMultiTenantJSON:setUpClass): 201 POST http://10.180.1.21/identity/v3/auth/tokens 0.033s
2025-11-21 00:25:24.359 65713 INFO tempest.lib.common.rest_client [req-808ba746-07c3-4d39-926e-56c5e9cb4687 req-808ba746-07c3-4d39-926e-56c5e9cb4687 ] Request (ImagesTestJSON:test_create_image_from_suspended_server): 202 POST http://10.180.1.21/compute/v2.1/servers/557e90bb-68bc-4a73-bd74-0a3612c57b7b/action 2.235s
2025-11-21 00:25:24.382 65703 INFO tempest.lib.common.rest_client [req-e42c6913-8237-4ea6-b641-6a1ac18d5fe2 req-e42c6913-8237-4ea6-b641-6a1ac18d5fe2 ] Request (ServersNegativeTestMultiTenantJSON:setUpClass): 200 GET http://10.180.1.21/identity/v3/domains?name=Default 0.037s
2025-11-21 00:25:24.415 65703 INFO tempest.lib.common.rest_client [req-4c01b584-113d-42b5-9d8c-4949063b646b req-4c01b584-113d-42b5-9d8c-4949063b646b ] Request (ServersNegativeTestMultiTenantJSON:setUpClass): 201 POST http://10.180.1.21/identity/v3/projects 0.032s
2025-11-21 00:25:24.427 65737 INFO tempest.lib.common.rest_client [req-760e145f-8545-4f23-aa4e-9bac00e25413 req-760e145f-8545-4f23-aa4e-9bac00e25413 ] Request (FloatingIPDetailsTestJSON:tearDownClass): 202 DELETE http://10.180.1.21/compute/v2.1/os-floating-ips/acd78a5d-6d74-4fb6-91cb-82b7fdab42b4 2.612s
2025-11-21 00:25:24.469 65705 INFO tempest.lib.common.rest_client [req-0b455bac-9719-4b62-a28a-f1dae2a852ba req-0b455bac-9719-4b62-a28a-f1dae2a852ba ] Request (ServerShowV247Test:tearDownClass): 200 GET http://10.180.1.21/compute/v2.1/servers/4f9a038c-e945-4740-8d71-e82b3f0e1494 2.259s
2025-11-21 00:25:24.495 65725 INFO tempest.lib.common.rest_client [req-5e704f3c-83d6-4fed-a43f-62cb99cbe45e req-5e704f3c-83d6-4fed-a43f-62cb99cbe45e ] Request (ListImageFiltersTestJSON:setUpClass): 200 GET http://10.180.1.21/compute/v2.1/servers/f66ca646-8a0a-446c-8271-2ade57b69a0b 2.245s
2025-11-21 00:25:24.507 65703 INFO tempest.lib.common.rest_client [req-ba007ffc-d0c0-41ea-8893-6918e9db41cc req-ba007ffc-d0c0-41ea-8893-6918e9db41cc ] Request (ServersNegativeTestMultiTenantJSON:setUpClass): 201 POST http://10.180.1.21/identity/v3/users 0.091s
2025-11-21 00:25:24.531 65703 INFO tempest.lib.common.rest_client [req-099050d1-2563-43cc-aabf-371d2db6099a req-099050d1-2563-43cc-aabf-371d2db6099a ] Request (ServersNegativeTestMultiTenantJSON:setUpClass): 200 GET http://10.180.1.21/identity/v3/roles 0.024s
2025-11-21 00:25:24.537 65707 INFO tempest.lib.common.rest_client [req-fc25fbb3-084d-4e51-bbc0-63ecff9e1625 req-fc25fbb3-084d-4e51-bbc0-63ecff9e1625 ] Request (ListServerFiltersTestJSON:setUpClass): 200 GET http://10.180.1.21/compute/v2.1/servers/8e1ef3ac-6d92-44ce-b960-6b9a19a55ad3 2.200s
2025-11-21 00:25:24.570 65703 INFO tempest.lib.common.rest_client [req-76c3fc48-5b92-47f9-95ac-99da8c3cbcbc req-76c3fc48-5b92-47f9-95ac-99da8c3cbcbc ] Request (ServersNegativeTestMultiTenantJSON:setUpClass): 204 PUT http://10.180.1.21/identity/v3/projects/8e9197f49eb149078c7c53e0e7e67250/users/facf0c6b32a24e72ababadd20f6cc7b2/roles/803eee7212bd470d9ac0199b6a65dfa5 0.039s
2025-11-21 00:25:24.570 65703 INFO tempest.lib.common.dynamic_creds [-] Dynamic test user facf0c6b32a24e72ababadd20f6cc7b2 is created with scope project and roles: ['member']
2025-11-21 00:25:24.571 65703 INFO tempest.lib.common.dynamic_creds [-] Acquired dynamic creds: credentials: Credentials: {'domain_id': 'default', 'domain_name': 'Default', 'username': 'tempest-ServersNegativeTestMultiTenantJSON-2059634521-project-member', 'project_domain_id': 'default', 'project_domain_name': 'Default', 'project_id': '8e9197f49eb149078c7c53e0e7e67250', 'project_name': 'tempest-ServersNegativeTestMultiTenantJSON-2059634521', 'tenant_id': '8e9197f49eb149078c7c53e0e7e67250', 'tenant_name': 'tempest-ServersNegativeTestMultiTenantJSON-2059634521', 'user_domain_id': 'default', 'user_domain_name': 'Default', 'user_id': 'facf0c6b32a24e72ababadd20f6cc7b2', 'system': None}, Network: None, Subnet: None, Router: None
2025-11-21 00:25:24.575 65719 INFO tempest.lib.common.rest_client [req-6fda5414-0a19-4cd4-b68f-44631f32495a req-6fda5414-0a19-4cd4-b68f-44631f32495a ] Request (ServersNegativeTestJSON:setUpClass): 200 GET http://10.180.1.21/compute/v2.1/servers/fc6f9051-3736-49a0-b9d4-4478f35809d7 2.110s
2025-11-21 00:25:24.644 65703 INFO tempest.lib.common.rest_client [req-9b9a4824-9662-4434-a0f0-a718e574eb5e req-9b9a4824-9662-4434-a0f0-a718e574eb5e ] Request (ServersNegativeTestMultiTenantJSON:setUpClass): 201 POST http://10.180.1.21/identity/v3/auth/tokens 0.073s
2025-11-21 00:25:24.652 65701 INFO tempest.lib.common.rest_client [req-29e492cf-7eef-4c56-9002-b7a95df26ef2 req-29e492cf-7eef-4c56-9002-b7a95df26ef2 ] Request (MigrationsAdminTest:test_resize_server_revert_deleted_flavor): 200 GET http://10.180.1.21/compute/v2.1/servers/6594af69-9d87-4dff-812a-ca5ad682fd07 2.072s
2025-11-21 00:25:24.662 65701 INFO tempest.common.waiters [-] State transition "BUILD/networking" ==> "BUILD/spawning" after 60 second wait
2025-11-21 00:25:24.825 65739 INFO tempest.lib.common.rest_client [req-3f308253-517a-4193-a3d7-4304feee0db6 req-3f308253-517a-4193-a3d7-4304feee0db6 ] Request (ServerShowV254Test:test_rebuild_server): 202 POST http://10.180.1.21/compute/v2.1/servers 2.197s
2025-11-21 00:25:24.958 65703 INFO tempest.lib.common.rest_client [req-06d56bd9-2b72-449c-9d3b-95517fa15e0c req-06d56bd9-2b72-449c-9d3b-95517fa15e0c ] Request (ServersNegativeTestMultiTenantJSON:setUpClass): 201 POST http://10.180.1.21/networking/v2.0/networks 0.314s
2025-11-21 00:25:24.994 65709 INFO tempest.lib.common.rest_client [req-3c2d2a87-c0fa-4a6d-88fa-f6db9d02a744 req-3c2d2a87-c0fa-4a6d-88fa-f6db9d02a744 ] Request (ServerDiskConfigTestJSON:test_rebuild_server_with_auto_disk_config): 200 GET http://10.180.1.21/compute/v2.1/servers/77213857-c19c-4162-8af8-18b646fa19fd 2.307s
2025-11-21 00:25:25.050 65721 INFO tempest.lib.common.rest_client [req-25c8c442-0cd4-4c1a-af39-c384e220ae11 req-25c8c442-0cd4-4c1a-af39-c384e220ae11 ] Request (ServersTestManualDisk:setUpClass): 200 GET http://10.180.1.21/compute/v2.1/servers/94eadd85-ade5-46bf-8d39-0f990cc412ed 2.255s
2025-11-21 00:25:25.211 65703 INFO tempest.lib.common.rest_client [req-b278f37f-b4ce-4ecb-885b-429de456c130 req-b278f37f-b4ce-4ecb-885b-429de456c130 ] Request (ServersNegativeTestMultiTenantJSON:setUpClass): 201 POST http://10.180.1.21/networking/v2.0/subnets 0.253s
2025-11-21 00:25:25.266 65737 INFO tempest.lib.common.rest_client [req-af82b469-b4a5-4012-a477-5d700fa8c18c req-af82b469-b4a5-4012-a477-5d700fa8c18c ] Request (FloatingIPDetailsTestJSON:tearDownClass): 200 PUT http://10.180.1.21/networking/v2.0/routers/ea82bb3b-ad78-4e84-9725-197d8c7f3bd0/remove_router_interface 0.838s
2025-11-21 00:25:25.777 65737 INFO tempest.lib.common.rest_client [req-c6fd8f72-d2ef-4efc-9ea8-e0a9b10be847 req-c6fd8f72-d2ef-4efc-9ea8-e0a9b10be847 ] Request (FloatingIPDetailsTestJSON:tearDownClass): 204 DELETE http://10.180.1.21/networking/v2.0/routers/ea82bb3b-ad78-4e84-9725-197d8c7f3bd0 0.510s
2025-11-21 00:25:25.819 65693 INFO tempest.lib.common.rest_client [req-6522d9cc-f66b-4181-b155-f4887b0c7075 req-6522d9cc-f66b-4181-b155-f4887b0c7075 ] Request (ServerActionsTestOtherB:test_create_backup): 200 GET http://10.180.1.21/compute/v2.1/servers/3f251dfc-0c79-4924-a7f3-54c9885bdd3a 2.736s
2025-11-21 00:25:25.845 65743 INFO tempest.lib.common.rest_client [req-d837b473-f04a-475d-9c14-922d271df980 req-d837b473-f04a-475d-9c14-922d271df980 ] Request (SecurityGroupsTestJSON:test_server_security_groups): 200 GET http://10.180.1.21/compute/v2.1/servers/340af74d-530e-4ac0-a4b3-7a8cb512ecf0 2.687s
2025-11-21 00:25:25.853 65743 INFO tempest.common.waiters [-] State transition "BUILD/spawning" ==> "ACTIVE/None" after 69 second wait
2025-11-21 00:25:25.994 65737 INFO tempest.lib.common.rest_client [req-3a3b3c85-2b3b-4961-9b48-41e181dfec2c req-3a3b3c85-2b3b-4961-9b48-41e181dfec2c ] Request (FloatingIPDetailsTestJSON:tearDownClass): 204 DELETE http://10.180.1.21/networking/v2.0/subnets/9d3256fd-339b-44aa-9984-40cca28ef3f7 0.216s
2025-11-21 00:25:26.021 65687 INFO tempest.lib.common.rest_client [req-5892ba7c-876d-4d93-b7a2-f478df25c299 req-5892ba7c-876d-4d93-b7a2-f478df25c299 ] Request (ListServersNegativeTestJSON:setUpClass): 200 GET http://10.180.1.21/compute/v2.1/servers/b52b9b43-c555-41fc-a752-ffb6eef19337 2.742s
2025-11-21 00:25:26.137 65703 INFO tempest.lib.common.rest_client [req-76308c2d-bd98-4ea9-aaa3-0fc2f7c3221c req-76308c2d-bd98-4ea9-aaa3-0fc2f7c3221c ] Request (ServersNegativeTestMultiTenantJSON:setUpClass): 201 POST http://10.180.1.21/networking/v2.0/routers 0.925s
2025-11-21 00:25:26.199 65683 INFO tempest.lib.common.rest_client [req-681dfeec-fede-4801-bbca-f77cba7a187d req-681dfeec-fede-4801-bbca-f77cba7a187d ] Request (ServersAdminTestJSON:test_inject_network_info): 200 GET http://10.180.1.21/compute/v2.1/servers/61af870c-f77b-429f-bfce-e05edb733dc4 2.867s
2025-11-21 00:25:26.232 65737 INFO tempest.lib.common.rest_client [req-4d6a5c08-9e08-4021-a1a5-6d85971fa868 req-4d6a5c08-9e08-4021-a1a5-6d85971fa868 ] Request (FloatingIPDetailsTestJSON:tearDownClass): 204 DELETE http://10.180.1.21/networking/v2.0/networks/b55efeec-ef08-4148-84af-936bc06419fa 0.238s
2025-11-21 00:25:26.233 65741 INFO tempest.lib.common.rest_client [req-7fbd4923-55bb-4e09-8a68-5f67108608ce req-7fbd4923-55bb-4e09-8a68-5f67108608ce ] Request (AttachVolumeShelveTestJSON:test_attach_volume_shelved_or_offload_server): 200 GET http://10.180.1.21/compute/v2.1/servers/09682f73-0189-4025-aa18-097a79d1e13e 2.915s
2025-11-21 00:25:26.268 65733 INFO tempest.lib.common.rest_client [req-de2c8b89-62a2-4a52-b4c2-bd61006ca03d req-de2c8b89-62a2-4a52-b4c2-bd61006ca03d ] Request (ImagesOneServerNegativeTestJSON:_run_cleanups): 200 GET http://10.180.1.21/compute/v2.1/servers/fb8edf52-1780-46f8-bd78-493694e95d8a 2.898s
2025-11-21 00:25:26.324 65689 INFO tempest.lib.common.rest_client [req-358efc15-a9ce-4cc1-9a5d-91e571e92b79 req-358efc15-a9ce-4cc1-9a5d-91e571e92b79 ] Request (VolumesAdminNegativeTest:test_update_attached_volume_with_nonexistent_volume_in_uri): 200 GET http://10.180.1.21/compute/v2.1/servers/026ce5bb-70ae-4550-a577-1a0a85f05e82 2.933s
2025-11-21 00:25:26.342 65729 INFO tempest.lib.common.rest_client [req-597064ee-5ac0-4bf7-8cc2-9f1a579ada78 req-597064ee-5ac0-4bf7-8cc2-9f1a579ada78 ] Request (ServersAaction247Test:test_create_backup): 200 GET http://10.180.1.21/compute/v2.1/servers/143c9859-0f51-4cfa-ae80-88c769e6cce6 2.912s
2025-11-21 00:25:26.352 65729 INFO tempest.common.waiters [-] State transition "BUILD/None" ==> "BUILD/networking" after 60 second wait
2025-11-21 00:25:26.366 65737 INFO tempest.lib.common.rest_client [req-9d773f18-1ea6-426e-91a4-3d8584b4eb0f req-9d773f18-1ea6-426e-91a4-3d8584b4eb0f ] Request (FloatingIPDetailsTestJSON:tearDownClass): 204 DELETE http://10.180.1.21/identity/v3/users/773e5b6ec9404f0687d85f38874ea2ba 0.133s
2025-11-21 00:25:26.366 65737 INFO tempest.lib.common.dynamic_creds [-] Deleting project and security group for project: 711f93abae9640828882e31c2006a13c
2025-11-21 00:25:26.397 65737 INFO tempest.lib.common.rest_client [req-be15895f-4afe-4a2d-9532-c4844e4a3af1 req-be15895f-4afe-4a2d-9532-c4844e4a3af1 ] Request (FloatingIPDetailsTestJSON:tearDownClass): 200 GET http://10.180.1.21/networking/v2.0/security-groups?tenant_id=711f93abae9640828882e31c2006a13c&name=default 0.030s
2025-11-21 00:25:26.420 65727 INFO tempest.lib.common.rest_client [req-be1166ff-0998-4a47-9aa1-f37f111df01d req-be1166ff-0998-4a47-9aa1-f37f111df01d ] Request (FloatingIPsAssociationNegativeTestJSON:tearDownClass): 200 GET http://10.180.1.21/compute/v2.1/servers/dc2a76da-59eb-4e96-bc51-76834e20457b 2.929s
2025-11-21 00:25:26.444 65723 INFO tempest.lib.common.rest_client [req-56eff594-f380-4798-a157-dd54b60df646 req-56eff594-f380-4798-a157-dd54b60df646 ] Request (MultipleCreateTestJSON:test_multiple_create): 200 GET http://10.180.1.21/compute/v2.1/servers/5f896872-8216-45d5-bca5-a8489c4e1784 2.928s
2025-11-21 00:25:26.447 65715 INFO tempest.lib.common.rest_client [req-214d029d-c66a-420e-aa3a-1e33d263edad req-214d029d-c66a-420e-aa3a-1e33d263edad ] Request (AttachInterfacesUnderV243Test:tearDownClass): 404 DELETE http://10.180.1.21/compute/v2.1/servers/547a3619-d440-4dcd-ad97-56899b49d3ec 2.741s
2025-11-21 00:25:26.548 65737 INFO tempest.lib.common.rest_client [req-61575f1e-bcd0-44bc-bfa8-fb82293cadad req-61575f1e-bcd0-44bc-bfa8-fb82293cadad ] Request (FloatingIPDetailsTestJSON:tearDownClass): 204 DELETE http://10.180.1.21/networking/v2.0/security-groups/c3f3c2cb-5aaa-483f-aeab-7d6fe093f425 0.150s
2025-11-21 00:25:26.570 65717 INFO tempest.lib.common.rest_client [req-b8222d9f-b5ed-4247-9e89-0f9ef16599e4 req-b8222d9f-b5ed-4247-9e89-0f9ef16599e4 ] Request (ServerExternalEventsTest:tearDownClass): 200 GET http://10.180.1.21/compute/v2.1/servers/e1f8b784-6a43-44e4-ad0b-3fad62f2e88e 2.659s
2025-11-21 00:25:26.589 65691 INFO tempest.lib.common.rest_client [req-db47ed51-005b-41be-ab29-4566fc157ccf req-db47ed51-005b-41be-ab29-4566fc157ccf ] Request (FloatingIPsAssociationTestJSON:tearDownClass): 200 GET http://10.180.1.21/compute/v2.1/servers/e02dbd61-3ea6-4962-9c6b-b2aff7294a0e 2.314s
2025-11-21 00:25:26.641 65713 INFO tempest.lib.common.rest_client [req-1a44a359-de06-47e9-872c-ec06718b5c70 req-1a44a359-de06-47e9-872c-ec06718b5c70 ] Request (ImagesTestJSON:test_create_image_from_suspended_server): 200 GET http://10.180.1.21/compute/v2.1/images/d32a03e1-20b8-40a8-96cb-450effa38e57 2.280s
2025-11-21 00:25:26.699 65737 INFO tempest.lib.common.rest_client [req-b456febb-31fc-4dc6-b408-88379fa07001 req-b456febb-31fc-4dc6-b408-88379fa07001 ] Request (FloatingIPDetailsTestJSON:tearDownClass): 204 DELETE http://10.180.1.21/identity/v3/projects/711f93abae9640828882e31c2006a13c 0.150s
2025-11-21 00:25:26.793 65737 INFO tempest.lib.common.rest_client [req-2cd86ff4-04fc-4db7-9c5e-f7774db4837c req-2cd86ff4-04fc-4db7-9c5e-f7774db4837c ] Request (ServerMetadataTestJSON:setUpClass): 201 POST http://10.180.1.21/identity/v3/auth/tokens 0.092s
2025-11-21 00:25:26.828 65745 INFO tempest.lib.common.rest_client [req-7119b975-db7b-456f-b8be-cde3aff3fd25 req-7119b975-db7b-456f-b8be-cde3aff3fd25 ] Request (ServerActionsV293TestJSON:tearDownClass): 200 GET http://10.180.1.21/compute/v2.1/servers/143b2e2a-19ca-4054-9457-c5a0221aa11b 2.083s
2025-11-21 00:25:26.835 65737 INFO tempest.lib.common.rest_client [req-68f4c2c8-6e6c-4a1d-a4ac-6afdd8a66121 req-68f4c2c8-6e6c-4a1d-a4ac-6afdd8a66121 ] Request (ServerMetadataTestJSON:setUpClass): 201 POST http://10.180.1.21/identity/v3/auth/tokens 0.040s
2025-11-21 00:25:26.873 65737 INFO tempest.lib.common.rest_client [req-be4aa612-489c-4639-b3cd-c93d3e6f8c98 req-be4aa612-489c-4639-b3cd-c93d3e6f8c98 ] Request (ServerMetadataTestJSON:setUpClass): 200 GET http://10.180.1.21/identity/v3/domains?name=Default 0.036s
2025-11-21 00:25:26.909 65737 INFO tempest.lib.common.rest_client [req-8789e3a0-f116-4e32-b7ea-f19bfcf2cdf9 req-8789e3a0-f116-4e32-b7ea-f19bfcf2cdf9 ] Request (ServerMetadataTestJSON:setUpClass): 201 POST http://10.180.1.21/identity/v3/projects 0.035s
2025-11-21 00:25:26.966 65739 INFO tempest.lib.common.rest_client [req-8586196b-d451-4b93-ab1d-ec316bc4b989 req-8586196b-d451-4b93-ab1d-ec316bc4b989 ] Request (ServerShowV254Test:test_rebuild_server): 200 GET http://10.180.1.21/compute/v2.1/servers/cd1557da-2b61-4da1-9ea3-6bd9914fd800 2.139s
2025-11-21 00:25:26.997 65737 INFO tempest.lib.common.rest_client [req-1d6c8ee9-7103-4610-b268-cb3fff2a0544 req-1d6c8ee9-7103-4610-b268-cb3fff2a0544 ] Request (ServerMetadataTestJSON:setUpClass): 201 POST http://10.180.1.21/identity/v3/users 0.087s
2025-11-21 00:25:27.027 65737 INFO tempest.lib.common.rest_client [req-0e4c1528-5c4a-4cdd-9299-5f06ed773252 req-0e4c1528-5c4a-4cdd-9299-5f06ed773252 ] Request (ServerMetadataTestJSON:setUpClass): 200 GET http://10.180.1.21/identity/v3/roles 0.027s
2025-11-21 00:25:27.084 65737 INFO tempest.lib.common.rest_client [req-1e6bc442-2e29-4cc5-9948-2ac757e9263b req-1e6bc442-2e29-4cc5-9948-2ac757e9263b ] Request (ServerMetadataTestJSON:setUpClass): 204 PUT http://10.180.1.21/identity/v3/projects/0b5469a980714d86ade7136dc4b5f5d4/users/36703a6221714235b9ee356c9b431f40/roles/803eee7212bd470d9ac0199b6a65dfa5 0.056s
2025-11-21 00:25:27.084 65737 INFO tempest.lib.common.dynamic_creds [-] Dynamic test user 36703a6221714235b9ee356c9b431f40 is created with scope project and roles: ['member']
2025-11-21 00:25:27.085 65737 INFO tempest.lib.common.dynamic_creds [-] Acquired dynamic creds: credentials: Credentials: {'domain_id': 'default', 'domain_name': 'Default', 'username': 'tempest-ServerMetadataTestJSON-270968376-project-member', 'project_domain_id': 'default', 'project_domain_name': 'Default', 'project_id': '0b5469a980714d86ade7136dc4b5f5d4', 'project_name': 'tempest-ServerMetadataTestJSON-270968376', 'tenant_id': '0b5469a980714d86ade7136dc4b5f5d4', 'tenant_name': 'tempest-ServerMetadataTestJSON-270968376', 'user_domain_id': 'default', 'user_domain_name': 'Default', 'user_id': '36703a6221714235b9ee356c9b431f40', 'system': None}, Network: None, Subnet: None, Router: None
2025-11-21 00:25:27.097 65705 INFO tempest.lib.common.rest_client [req-cc48b5e4-10ec-4218-9a33-b60be82c8219 req-cc48b5e4-10ec-4218-9a33-b60be82c8219 ] Request (ServerShowV247Test:tearDownClass): 200 GET http://10.180.1.21/compute/v2.1/servers/4f9a038c-e945-4740-8d71-e82b3f0e1494 1.618s
2025-11-21 00:25:27.164 65737 INFO tempest.lib.common.rest_client [req-a4f87605-9562-4675-8905-71f3f883e4f8 req-a4f87605-9562-4675-8905-71f3f883e4f8 ] Request (ServerMetadataTestJSON:setUpClass): 201 POST http://10.180.1.21/identity/v3/auth/tokens 0.079s
2025-11-21 00:25:27.168 65725 INFO tempest.lib.common.rest_client [req-1825c7a1-d1a1-4d16-8930-d82d53236050 req-1825c7a1-d1a1-4d16-8930-d82d53236050 ] Request (ListImageFiltersTestJSON:setUpClass): 200 GET http://10.180.1.21/compute/v2.1/servers/f66ca646-8a0a-446c-8271-2ade57b69a0b 1.662s
2025-11-21 00:25:27.194 65699 INFO tempest.lib.common.rest_client [req-b6f0fdc0-95f9-48b1-a6c2-45873000f10a req-b6f0fdc0-95f9-48b1-a6c2-45873000f10a ] Request (ServersTestJSON:setUpClass): 202 POST http://10.180.1.21/compute/v2.1/servers 2.855s
2025-11-21 00:25:27.347 65703 INFO tempest.lib.common.rest_client [req-f026f8b8-79ab-45b6-93ce-d8b1fe03764c req-f026f8b8-79ab-45b6-93ce-d8b1fe03764c ] Request (ServersNegativeTestMultiTenantJSON:setUpClass): 200 PUT http://10.180.1.21/networking/v2.0/routers/1da948c2-d650-4c26-b5b7-013620033922/add_router_interface 1.210s
2025-11-21 00:25:27.347 65703 INFO tempest.lib.common.dynamic_creds [-] Created isolated network resources for: credentials: Credentials: {'domain_id': 'default', 'domain_name': 'Default', 'username': 'tempest-ServersNegativeTestMultiTenantJSON-2059634521-project-member', 'project_domain_id': 'default', 'project_domain_name': 'Default', 'project_id': '8e9197f49eb149078c7c53e0e7e67250', 'project_name': 'tempest-ServersNegativeTestMultiTenantJSON-2059634521', 'tenant_id': '8e9197f49eb149078c7c53e0e7e67250', 'tenant_name': 'tempest-ServersNegativeTestMultiTenantJSON-2059634521', 'user_domain_id': 'default', 'user_domain_name': 'Default', 'user_id': 'facf0c6b32a24e72ababadd20f6cc7b2', 'system': None}, Network: {'id': '7693e3a6-4043-4fb8-bc90-4eb31718cd51', 'name': 'tempest-ServersNegativeTestMultiTenantJSON-1192252490-network', 'tenant_id': '8e9197f49eb149078c7c53e0e7e67250', 'project_id': '8e9197f49eb149078c7c53e0e7e67250', 'admin_state_up': True, 'mtu': 8950, 'status': 'ACTIVE', 'subnets': [], 'shared': False, 'port_security_enabled': True, 'router:external': False, 'provider:network_type': 'vlan', 'provider:physical_network': 'default', 'provider:segmentation_id': 705, 'availability_zone_hints': [], 'availability_zones': [], 'ipv4_address_scope': None, 'ipv6_address_scope': None, 'description': '', 'tags': [], 'created_at': '2025-11-21T00:25:24Z', 'updated_at': '2025-11-21T00:25:24Z', 'revision_number': 1}, Subnet: {'id': 'baad3744-44d7-46f6-b4a5-7f447e4c0c04', 'name': 'tempest-ServersNegativeTestMultiTenantJSON-1192252490-subnet', 'tenant_id': '8e9197f49eb149078c7c53e0e7e67250', 'network_id': '7693e3a6-4043-4fb8-bc90-4eb31718cd51', 'ip_version': 4, 'subnetpool_id': None, 'enable_dhcp': True, 'ipv6_ra_mode': None, 'ipv6_address_mode': None, 'gateway_ip': '192.168.128.1', 'cidr': '192.168.128.0/28', 'allocation_pools': [{'start': '192.168.128.2', 'end': '192.168.128.14'}], 'host_routes': [], 'dns_nameservers': [], 'description': '', 'router:external': False, 'service_types': [], 'tags': [], 'created_at': '2025-11-21T00:25:25Z', 'updated_at': '2025-11-21T00:25:25Z', 'revision_number': 0, 'project_id': '8e9197f49eb149078c7c53e0e7e67250'}, Router: {'id': '1da948c2-d650-4c26-b5b7-013620033922', 'name': 'tempest-ServersNegativeTestMultiTenantJSON-1192252490-router', 'tenant_id': '8e9197f49eb149078c7c53e0e7e67250', 'admin_state_up': True, 'status': 'ACTIVE', 'external_gateway_info': {'network_id': '2c023bc8-c91a-448d-b974-6b23926ba6e6', 'external_fixed_ips': [{'subnet_id': '8abbb223-5f13-42e7-af42-53eaf281a914', 'ip_address': '10.180.180.231'}], 'enable_snat': True}, 'description': '', 'availability_zones': [], 'distributed': False, 'ha': False, 'availability_zone_hints': [], 'routes': [], 'flavor_id': None, 'tags': [], 'created_at': '2025-11-21T00:25:25Z', 'updated_at': '2025-11-21T00:25:25Z', 'revision_number': 2, 'project_id': '8e9197f49eb149078c7c53e0e7e67250'}
2025-11-21 00:25:27.373 65707 INFO tempest.lib.common.rest_client [req-97259b03-620e-4f2c-b296-2d7b86809881 req-97259b03-620e-4f2c-b296-2d7b86809881 ] Request (ListServerFiltersTestJSON:setUpClass): 200 GET http://10.180.1.21/compute/v2.1/servers/8e1ef3ac-6d92-44ce-b960-6b9a19a55ad3 1.819s
2025-11-21 00:25:27.405 65719 INFO tempest.lib.common.rest_client [req-2b3e1e76-4837-4626-a9fb-09acfc61b421 req-2b3e1e76-4837-4626-a9fb-09acfc61b421 ] Request (ServersNegativeTestJSON:setUpClass): 200 GET http://10.180.1.21/compute/v2.1/servers/fc6f9051-3736-49a0-b9d4-4478f35809d7 1.819s
2025-11-21 00:25:27.459 65703 INFO tempest.lib.common.rest_client [req-f2e553a0-843d-4276-8a72-b33f0f97edba req-f2e553a0-843d-4276-8a72-b33f0f97edba ] Request (ServersNegativeTestMultiTenantJSON:setUpClass): 201 POST http://10.180.1.21/identity/v3/auth/tokens 0.108s
2025-11-21 00:25:27.504 65737 INFO tempest.lib.common.rest_client [req-d24be58d-89bf-463b-9589-023fb059f59e req-d24be58d-89bf-463b-9589-023fb059f59e ] Request (ServerMetadataTestJSON:setUpClass): 201 POST http://10.180.1.21/networking/v2.0/networks 0.340s
2025-11-21 00:25:27.506 65703 INFO tempest.lib.common.rest_client [req-39f851f5-cffc-4e49-af8b-d1e4da48fb14 req-39f851f5-cffc-4e49-af8b-d1e4da48fb14 ] Request (ServersNegativeTestMultiTenantJSON:setUpClass): 201 POST http://10.180.1.21/identity/v3/projects 0.046s
2025-11-21 00:25:27.582 65701 INFO tempest.lib.common.rest_client [req-3fcae531-a563-409a-9129-85904d8e7000 req-3fcae531-a563-409a-9129-85904d8e7000 ] Request (MigrationsAdminTest:test_resize_server_revert_deleted_flavor): 200 GET http://10.180.1.21/compute/v2.1/servers/6594af69-9d87-4dff-812a-ca5ad682fd07 1.919s
2025-11-21 00:25:27.592 65703 INFO tempest.lib.common.rest_client [req-6ad6efcc-c9e9-4596-ae65-bd0ca255d8f5 req-6ad6efcc-c9e9-4596-ae65-bd0ca255d8f5 ] Request (ServersNegativeTestMultiTenantJSON:setUpClass): 201 POST http://10.180.1.21/identity/v3/users 0.085s
2025-11-21 00:25:27.618 65703 INFO tempest.lib.common.rest_client [req-31ca95ad-526c-47c8-a5c3-48bcb9b4f313 req-31ca95ad-526c-47c8-a5c3-48bcb9b4f313 ] Request (ServersNegativeTestMultiTenantJSON:setUpClass): 200 GET http://10.180.1.21/identity/v3/roles 0.025s
2025-11-21 00:25:27.653 65703 INFO tempest.lib.common.rest_client [req-7072d477-353c-48ed-90ef-952f6a4cef60 req-7072d477-353c-48ed-90ef-952f6a4cef60 ] Request (ServersNegativeTestMultiTenantJSON:setUpClass): 204 PUT http://10.180.1.21/identity/v3/projects/bede036b26974301896f5977177e3854/users/1f8316f8c65e4b2685609db18cf0df17/roles/803eee7212bd470d9ac0199b6a65dfa5 0.035s
2025-11-21 00:25:27.653 65703 INFO tempest.lib.common.dynamic_creds [-] Dynamic test user 1f8316f8c65e4b2685609db18cf0df17 is created with scope project and roles: ['member']
2025-11-21 00:25:27.654 65703 INFO tempest.lib.common.dynamic_creds [-] Acquired dynamic creds: credentials: Credentials: {'domain_id': 'default', 'domain_name': 'Default', 'username': 'tempest-ServersNegativeTestMultiTenantJSON-1632535311-project-member', 'project_domain_id': 'default', 'project_domain_name': 'Default', 'project_id': 'bede036b26974301896f5977177e3854', 'project_name': 'tempest-ServersNegativeTestMultiTenantJSON-1632535311', 'tenant_id': 'bede036b26974301896f5977177e3854', 'tenant_name': 'tempest-ServersNegativeTestMultiTenantJSON-1632535311', 'user_domain_id': 'default', 'user_domain_name': 'Default', 'user_id': '1f8316f8c65e4b2685609db18cf0df17', 'system': None}, Network: None, Subnet: None, Router: None
2025-11-21 00:25:27.675 65709 INFO tempest.lib.common.rest_client [req-a272f56a-280f-4b53-939d-85cad56260fe req-a272f56a-280f-4b53-939d-85cad56260fe ] Request (ServerDiskConfigTestJSON:test_rebuild_server_with_auto_disk_config): 200 GET http://10.180.1.21/compute/v2.1/servers/77213857-c19c-4162-8af8-18b646fa19fd 1.661s
2025-11-21 00:25:27.725 65737 INFO tempest.lib.common.rest_client [req-ab44e726-bd62-4b26-9e83-16ade6367b3d req-ab44e726-bd62-4b26-9e83-16ade6367b3d ] Request (ServerMetadataTestJSON:setUpClass): 201 POST http://10.180.1.21/networking/v2.0/subnets 0.220s
2025-11-21 00:25:27.959 65703 INFO tempest.lib.common.rest_client [req-97d91b92-0da4-4042-b85b-3d1364bd4e49 req-97d91b92-0da4-4042-b85b-3d1364bd4e49 ] Request (ServersNegativeTestMultiTenantJSON:setUpClass): 201 POST http://10.180.1.21/networking/v2.0/networks 0.305s
2025-11-21 00:25:27.986 65721 INFO tempest.lib.common.rest_client [req-9269fead-92f4-42a1-b74d-ec7d250dc322 req-9269fead-92f4-42a1-b74d-ec7d250dc322 ] Request (ServersTestManualDisk:setUpClass): 200 GET http://10.180.1.21/compute/v2.1/servers/94eadd85-ade5-46bf-8d39-0f990cc412ed 1.926s
2025-11-21 00:25:28.015 65715 INFO tempest.lib.common.rest_client [req-b01e9a08-5720-4225-bf2e-1ebadc729acf req-b01e9a08-5720-4225-bf2e-1ebadc729acf ] Request (AttachInterfacesUnderV243Test:tearDownClass): 404 GET http://10.180.1.21/compute/v2.1/servers/547a3619-d440-4dcd-ad97-56899b49d3ec 1.567s
2025-11-21 00:25:28.064 65743 INFO tempest.lib.common.rest_client [req-1380baeb-83ca-42b9-9f53-c5509b224a12 req-1380baeb-83ca-42b9-9f53-c5509b224a12 ] Request (SecurityGroupsTestJSON:test_server_security_groups): 202 POST http://10.180.1.21/compute/v2.1/servers/340af74d-530e-4ac0-a4b3-7a8cb512ecf0/action 2.210s
2025-11-21 00:25:28.106 65731 WARNING tempest.lib.common.ssh [-] Failed to establish authenticated ssh connection to cirros@10.180.180.134 ([Errno None] Unable to connect to port 22 on 10.180.180.134). Number attempts: 5. Retry after 6 seconds.: paramiko.ssh_exception.NoValidConnectionsError: [Errno None] Unable to connect to port 22 on 10.180.180.134
2025-11-21 00:25:28.261 65703 INFO tempest.lib.common.rest_client [req-de49f0d7-1135-4931-9f60-cc707b1f58a3 req-de49f0d7-1135-4931-9f60-cc707b1f58a3 ] Request (ServersNegativeTestMultiTenantJSON:setUpClass): 201 POST http://10.180.1.21/networking/v2.0/subnets 0.301s
2025-11-21 00:25:28.797 65737 INFO tempest.lib.common.rest_client [req-761a3440-41dd-46cc-874e-6b9e8b9c2ba8 req-761a3440-41dd-46cc-874e-6b9e8b9c2ba8 ] Request (ServerMetadataTestJSON:setUpClass): 201 POST http://10.180.1.21/networking/v2.0/routers 1.071s
2025-11-21 00:25:28.897 65687 INFO tempest.lib.common.rest_client [req-ba514da5-33c4-41a3-8c33-de094ccfcdd9 req-ba514da5-33c4-41a3-8c33-de094ccfcdd9 ] Request (ListServersNegativeTestJSON:setUpClass): 200 GET http://10.180.1.21/compute/v2.1/servers/b52b9b43-c555-41fc-a752-ffb6eef19337 1.866s
2025-11-21 00:25:29.601 65715 INFO tempest.lib.common.rest_client [req-5d1a35a5-8818-465e-8321-ca33a4f9e859 req-5d1a35a5-8818-465e-8321-ca33a4f9e859 ] Request (AttachInterfacesUnderV243Test:tearDownClass): 200 PUT http://10.180.1.21/networking/v2.0/routers/33661ef3-4490-45b9-9b05-33dae7bde482/remove_router_interface 1.585s
2025-11-21 00:25:29.760 65703 INFO tempest.lib.common.rest_client [req-5aa8b713-bf1a-4005-8966-ab54aa40a237 req-5aa8b713-bf1a-4005-8966-ab54aa40a237 ] Request (ServersNegativeTestMultiTenantJSON:setUpClass): 201 POST http://10.180.1.21/networking/v2.0/routers 1.499s
2025-11-21 00:25:29.803 65693 INFO tempest.lib.common.rest_client [req-1a59a804-2457-4a03-8176-1689e8c973ad req-1a59a804-2457-4a03-8176-1689e8c973ad ] Request (ServerActionsTestOtherB:test_create_backup): 200 GET http://10.180.1.21/compute/v2.1/servers/3f251dfc-0c79-4924-a7f3-54c9885bdd3a 2.975s
2025-11-21 00:25:29.814 65693 INFO tempest.common.waiters [-] State transition "ACTIVE/image_pending_upload" ==> "ACTIVE/image_uploading" after 4 second wait
2025-11-21 00:25:29.819 65699 INFO tempest.lib.common.rest_client [req-77e437c1-07ee-4fad-a2c3-73df3ca895e4 req-77e437c1-07ee-4fad-a2c3-73df3ca895e4 ] Request (ServersTestJSON:setUpClass): 200 GET http://10.180.1.21/compute/v2.1/servers/56d35f8e-9c26-4d0c-a5ec-9376483f3118 2.623s
2025-11-21 00:25:30.344 65715 INFO tempest.lib.common.rest_client [req-979483b9-0a32-4b66-a458-d4e8d04410c8 req-979483b9-0a32-4b66-a458-d4e8d04410c8 ] Request (AttachInterfacesUnderV243Test:tearDownClass): 204 DELETE http://10.180.1.21/networking/v2.0/routers/33661ef3-4490-45b9-9b05-33dae7bde482 0.742s
2025-11-21 00:25:30.681 65737 INFO tempest.lib.common.rest_client [req-54c2e8c6-18b4-4ef0-97c4-c86e474864e8 req-54c2e8c6-18b4-4ef0-97c4-c86e474864e8 ] Request (ServerMetadataTestJSON:setUpClass): 200 PUT http://10.180.1.21/networking/v2.0/routers/f950ad93-fb46-40ca-877e-2d5b1f34853c/add_router_interface 1.883s
2025-11-21 00:25:30.682 65737 INFO tempest.lib.common.dynamic_creds [-] Created isolated network resources for: credentials: Credentials: {'domain_id': 'default', 'domain_name': 'Default', 'username': 'tempest-ServerMetadataTestJSON-270968376-project-member', 'project_domain_id': 'default', 'project_domain_name': 'Default', 'project_id': '0b5469a980714d86ade7136dc4b5f5d4', 'project_name': 'tempest-ServerMetadataTestJSON-270968376', 'tenant_id': '0b5469a980714d86ade7136dc4b5f5d4', 'tenant_name': 'tempest-ServerMetadataTestJSON-270968376', 'user_domain_id': 'default', 'user_domain_name': 'Default', 'user_id': '36703a6221714235b9ee356c9b431f40', 'system': None}, Network: {'id': '238a3fc0-39ee-4dd6-a49c-fea8cb682a8c', 'name': 'tempest-ServerMetadataTestJSON-1694095556-network', 'tenant_id': '0b5469a980714d86ade7136dc4b5f5d4', 'project_id': '0b5469a980714d86ade7136dc4b5f5d4', 'admin_state_up': True, 'mtu': 8950, 'status': 'ACTIVE', 'subnets': [], 'shared': False, 'port_security_enabled': True, 'router:external': False, 'provider:network_type': 'vlan', 'provider:physical_network': 'default', 'provider:segmentation_id': 834, 'availability_zone_hints': [], 'availability_zones': [], 'ipv4_address_scope': None, 'ipv6_address_scope': None, 'description': '', 'tags': [], 'created_at': '2025-11-21T00:25:27Z', 'updated_at': '2025-11-21T00:25:27Z', 'revision_number': 1}, Subnet: {'id': '458b6a74-d704-410b-ba92-64254b177bf2', 'name': 'tempest-ServerMetadataTestJSON-1694095556-subnet', 'tenant_id': '0b5469a980714d86ade7136dc4b5f5d4', 'network_id': '238a3fc0-39ee-4dd6-a49c-fea8cb682a8c', 'ip_version': 4, 'subnetpool_id': None, 'enable_dhcp': True, 'ipv6_ra_mode': None, 'ipv6_address_mode': None, 'gateway_ip': '192.168.128.1', 'cidr': '192.168.128.0/28', 'allocation_pools': [{'start': '192.168.128.2', 'end': '192.168.128.14'}], 'host_routes': [], 'dns_nameservers': [], 'description': '', 'router:external': False, 'service_types': [], 'tags': [], 'created_at': '2025-11-21T00:25:27Z', 'updated_at': '2025-11-21T00:25:27Z', 'revision_number': 0, 'project_id': '0b5469a980714d86ade7136dc4b5f5d4'}, Router: {'id': 'f950ad93-fb46-40ca-877e-2d5b1f34853c', 'name': 'tempest-ServerMetadataTestJSON-1694095556-router', 'tenant_id': '0b5469a980714d86ade7136dc4b5f5d4', 'admin_state_up': True, 'status': 'ACTIVE', 'external_gateway_info': {'network_id': '2c023bc8-c91a-448d-b974-6b23926ba6e6', 'external_fixed_ips': [{'subnet_id': '8abbb223-5f13-42e7-af42-53eaf281a914', 'ip_address': '10.180.180.203'}], 'enable_snat': True}, 'description': '', 'availability_zones': [], 'distributed': False, 'ha': False, 'availability_zone_hints': [], 'routes': [], 'flavor_id': None, 'tags': [], 'created_at': '2025-11-21T00:25:28Z', 'updated_at': '2025-11-21T00:25:28Z', 'revision_number': 2, 'project_id': '0b5469a980714d86ade7136dc4b5f5d4'}
2025-11-21 00:25:30.753 65683 INFO tempest.lib.common.rest_client [req-ef464efd-cb80-4ac4-afff-a2ebd8b02818 req-ef464efd-cb80-4ac4-afff-a2ebd8b02818 ] Request (ServersAdminTestJSON:test_inject_network_info): 200 GET http://10.180.1.21/compute/v2.1/servers/61af870c-f77b-429f-bfce-e05edb733dc4 3.545s
2025-11-21 00:25:30.808 65737 INFO tempest.lib.common.rest_client [req-b773b440-e62b-4947-a593-d09bcc5af788 req-b773b440-e62b-4947-a593-d09bcc5af788 ] Request (ServerMetadataTestJSON:setUpClass): 201 POST http://10.180.1.21/identity/v3/auth/tokens 0.120s
2025-11-21 00:25:30.858 65737 INFO tempest.lib.common.rest_client [req-afca92bc-e4e8-4008-b0a3-722f2542f200 req-afca92bc-e4e8-4008-b0a3-722f2542f200 ] Request (ServerMetadataTestJSON:setUpClass): 201 POST http://10.180.1.21/identity/v3/auth/tokens 0.042s
2025-11-21 00:25:30.858 65737 INFO tempest.lib.common.fixed_network [-] (ServerMetadataTestJSON:setUpClass) Found network {'id': '238a3fc0-39ee-4dd6-a49c-fea8cb682a8c', 'name': 'tempest-ServerMetadataTestJSON-1694095556-network', 'tenant_id': '0b5469a980714d86ade7136dc4b5f5d4', 'project_id': '0b5469a980714d86ade7136dc4b5f5d4', 'admin_state_up': True, 'mtu': 8950, 'status': 'ACTIVE', 'subnets': [], 'shared': False, 'port_security_enabled': True, 'router:external': False, 'provider:network_type': 'vlan', 'provider:physical_network': 'default', 'provider:segmentation_id': 834, 'availability_zone_hints': [], 'availability_zones': [], 'ipv4_address_scope': None, 'ipv6_address_scope': None, 'description': '', 'tags': [], 'created_at': '2025-11-21T00:25:27Z', 'updated_at': '2025-11-21T00:25:27Z', 'revision_number': 1} available for tenant
2025-11-21 00:25:31.015 65715 INFO tempest.lib.common.rest_client [req-d880b0b4-8307-4092-b5fc-96f2390540c9 req-d880b0b4-8307-4092-b5fc-96f2390540c9 ] Request (AttachInterfacesUnderV243Test:tearDownClass): 204 DELETE http://10.180.1.21/networking/v2.0/subnets/c2997d40-6d35-46ae-a80c-08054776a5c7 0.671s
2025-11-21 00:25:31.071 65733 INFO tempest.lib.common.rest_client [req-74d08adf-b636-43ed-b9a7-2655426e5ac2 req-74d08adf-b636-43ed-b9a7-2655426e5ac2 ] Request (ImagesOneServerNegativeTestJSON:_run_cleanups): 200 GET http://10.180.1.21/compute/v2.1/servers/fb8edf52-1780-46f8-bd78-493694e95d8a 3.789s
2025-11-21 00:25:31.098 65741 INFO tempest.lib.common.rest_client [req-a6109979-fc5f-43e3-b7a9-9021758ab6a1 req-a6109979-fc5f-43e3-b7a9-9021758ab6a1 ] Request (AttachVolumeShelveTestJSON:test_attach_volume_shelved_or_offload_server): 200 GET http://10.180.1.21/compute/v2.1/servers/09682f73-0189-4025-aa18-097a79d1e13e 3.853s
2025-11-21 00:25:31.398 65703 INFO tempest.lib.common.rest_client [req-1e5b7f41-abe9-4495-8f10-4ccf1a1eb409 req-1e5b7f41-abe9-4495-8f10-4ccf1a1eb409 ] Request (ServersNegativeTestMultiTenantJSON:setUpClass): 200 PUT http://10.180.1.21/networking/v2.0/routers/195c71db-b61b-484b-839e-4f26ef6d62ae/add_router_interface 1.637s
