2025-11-21 00:23:32.271 65699 INFO tempest.lib.common.rest_client [req-678d9b92-93b1-4551-ba4a-45518e755acf req-678d9b92-93b1-4551-ba4a-45518e755acf ] Request (ImagesDeleteNegativeTestJSON:tearDownClass): 201 POST http://10.180.1.21/identity/v3/auth/tokens 0.061s
2025-11-21 00:23:32.415 65739 INFO tempest.lib.common.rest_client [req-f79ed6bd-74a0-4f50-96d2-9e3ecbb7a237 req-f79ed6bd-74a0-4f50-96d2-9e3ecbb7a237 ] Request (ServersTestMultiNic:_run_cleanups): 204 DELETE http://10.180.1.21/networking/v2.0/subnets/8701e3fa-d60b-4f5c-b469-a26ea757697c 0.164s
2025-11-21 00:23:32.457 65701 INFO tempest.lib.common.rest_client [req-70aecd31-6f4e-4fe7-86da-1db4431ef46c req-70aecd31-6f4e-4fe7-86da-1db4431ef46c ] Request (MigrationsAdminTest:test_list_migrations_in_flavor_resize_situation): 200 GET http://10.180.1.21/compute/v2.1/servers/9a2569f3-a810-4b33-ac39-2ce564063b4f 5.174s
2025-11-21 00:23:32.465 65701 INFO tempest.common.waiters [-] State transition "RESIZE/resize_finish" ==> "VERIFY_RESIZE/None" after 26 second wait
2025-11-21 00:23:32.509 65721 INFO tempest.lib.common.rest_client [req-fb117cc7-a863-4cb5-bf77-c99b4d6e2d18 req-fb117cc7-a863-4cb5-bf77-c99b4d6e2d18 ] Request (ImagesOneServerTestJSON:test_create_delete_image): 200 GET http://10.180.1.21/compute/v2.1/images/d77ab3d7-f6b5-4ec9-98be-0c11eb87646f 4.978s
2025-11-21 00:23:32.584 65743 INFO tempest.lib.common.rest_client [req-bff86a9f-899c-491d-a6fb-2a1fc9ccb909 req-bff86a9f-899c-491d-a6fb-2a1fc9ccb909 ] Request (SecurityGroupsTestJSON:test_security_groups_create_list_delete): 200 POST http://10.180.1.21/compute/v2.1/os-security-groups 5.114s
2025-11-21 00:23:32.714 65707 INFO tempest.lib.common.rest_client [req-92ff6e5c-b31d-4581-b175-2721472cee13 req-92ff6e5c-b31d-4581-b175-2721472cee13 ] Request (InstanceActionsNegativeTestJSON:setUpClass): 200 PUT http://10.180.1.21/networking/v2.0/routers/5ae43a11-358c-456d-b86c-bfbaed2a93fc/add_router_interface 1.221s
2025-11-21 00:23:32.715 65707 INFO tempest.lib.common.dynamic_creds [-] Created isolated network resources for: credentials: Credentials: {'domain_id': 'default', 'domain_name': 'Default', 'username': 'tempest-InstanceActionsNegativeTestJSON-608454440-project-member', 'project_domain_id': 'default', 'project_domain_name': 'Default', 'project_id': '8a525f9d0f4c48549c0cafe9340bb293', 'project_name': 'tempest-InstanceActionsNegativeTestJSON-608454440', 'tenant_id': '8a525f9d0f4c48549c0cafe9340bb293', 'tenant_name': 'tempest-InstanceActionsNegativeTestJSON-608454440', 'user_domain_id': 'default', 'user_domain_name': 'Default', 'user_id': 'a75de5cfb37d40be9bd10b186b1e4460', 'system': None}, Network: {'id': '3421d29a-ae30-43cb-8296-9f7e4440b4d8', 'name': 'tempest-InstanceActionsNegativeTestJSON-50581847-network', 'tenant_id': '8a525f9d0f4c48549c0cafe9340bb293', 'project_id': '8a525f9d0f4c48549c0cafe9340bb293', 'admin_state_up': True, 'mtu': 8950, 'status': 'ACTIVE', 'subnets': [], 'shared': False, 'port_security_enabled': True, 'router:external': False, 'provider:network_type': 'vlan', 'provider:physical_network': 'default', 'provider:segmentation_id': 991, 'availability_zone_hints': [], 'availability_zones': [], 'ipv4_address_scope': None, 'ipv6_address_scope': None, 'description': '', 'tags': [], 'created_at': '2025-11-21T00:23:29Z', 'updated_at': '2025-11-21T00:23:29Z', 'revision_number': 1}, Subnet: {'id': '32af5f80-2e83-49a8-829a-a29d0207b1ef', 'name': 'tempest-InstanceActionsNegativeTestJSON-50581847-subnet', 'tenant_id': '8a525f9d0f4c48549c0cafe9340bb293', 'network_id': '3421d29a-ae30-43cb-8296-9f7e4440b4d8', 'ip_version': 4, 'subnetpool_id': None, 'enable_dhcp': True, 'ipv6_ra_mode': None, 'ipv6_address_mode': None, 'gateway_ip': '192.168.128.1', 'cidr': '192.168.128.0/28', 'allocation_pools': [{'start': '192.168.128.2', 'end': '192.168.128.14'}], 'host_routes': [], 'dns_nameservers': [], 'description': '', 'router:external': False, 'service_types': [], 'tags': [], 'created_at': '2025-11-21T00:23:29Z', 'updated_at': '2025-11-21T00:23:29Z', 'revision_number': 0, 'project_id': '8a525f9d0f4c48549c0cafe9340bb293'}, Router: {'id': '5ae43a11-358c-456d-b86c-bfbaed2a93fc', 'name': 'tempest-InstanceActionsNegativeTestJSON-50581847-router', 'tenant_id': '8a525f9d0f4c48549c0cafe9340bb293', 'admin_state_up': True, 'status': 'ACTIVE', 'external_gateway_info': {'network_id': '2c023bc8-c91a-448d-b974-6b23926ba6e6', 'external_fixed_ips': [{'subnet_id': '8abbb223-5f13-42e7-af42-53eaf281a914', 'ip_address': '10.180.180.189'}], 'enable_snat': True}, 'description': '', 'availability_zones': [], 'distributed': False, 'ha': False, 'availability_zone_hints': [], 'routes': [], 'flavor_id': None, 'tags': [], 'created_at': '2025-11-21T00:23:30Z', 'updated_at': '2025-11-21T00:23:31Z', 'revision_number': 2, 'project_id': '8a525f9d0f4c48549c0cafe9340bb293'}
2025-11-21 00:23:32.757 65699 INFO tempest.lib.common.rest_client [req-03f2a4cb-5658-4195-82b3-3ce1dc49e838 req-03f2a4cb-5658-4195-82b3-3ce1dc49e838 ] Request (ImagesDeleteNegativeTestJSON:tearDownClass): 200 GET http://10.180.1.21/networking/v2.0/security-groups?tenant_id=3de7e44c651147a2869647ee0a40721f&name=default 0.485s
2025-11-21 00:23:32.785 65707 INFO tempest.lib.common.rest_client [req-700ff740-ac4b-4513-9079-063bd13b21f9 req-700ff740-ac4b-4513-9079-063bd13b21f9 ] Request (InstanceActionsNegativeTestJSON:setUpClass): 201 POST http://10.180.1.21/identity/v3/auth/tokens 0.066s
2025-11-21 00:23:32.822 65707 INFO tempest.lib.common.rest_client [req-b19ef994-c4e7-4847-95fe-a1c2860c4c1b req-b19ef994-c4e7-4847-95fe-a1c2860c4c1b ] Request (InstanceActionsNegativeTestJSON:setUpClass): 201 POST http://10.180.1.21/identity/v3/auth/tokens 0.033s
2025-11-21 00:23:32.822 65707 INFO tempest.lib.common.fixed_network [-] (InstanceActionsNegativeTestJSON:setUpClass) Found network {'id': '3421d29a-ae30-43cb-8296-9f7e4440b4d8', 'name': 'tempest-InstanceActionsNegativeTestJSON-50581847-network', 'tenant_id': '8a525f9d0f4c48549c0cafe9340bb293', 'project_id': '8a525f9d0f4c48549c0cafe9340bb293', 'admin_state_up': True, 'mtu': 8950, 'status': 'ACTIVE', 'subnets': [], 'shared': False, 'port_security_enabled': True, 'router:external': False, 'provider:network_type': 'vlan', 'provider:physical_network': 'default', 'provider:segmentation_id': 991, 'availability_zone_hints': [], 'availability_zones': [], 'ipv4_address_scope': None, 'ipv6_address_scope': None, 'description': '', 'tags': [], 'created_at': '2025-11-21T00:23:29Z', 'updated_at': '2025-11-21T00:23:29Z', 'revision_number': 1} available for tenant
2025-11-21 00:23:32.904 65739 INFO tempest.lib.common.rest_client [req-96ff0026-a7be-48a9-8919-df4a14eb76f5 req-96ff0026-a7be-48a9-8919-df4a14eb76f5 ] Request (ServersTestMultiNic:_run_cleanups): 204 DELETE http://10.180.1.21/networking/v2.0/networks/73091cb8-8349-4ffb-969b-e574a2f3a908 0.489s
2025-11-21 00:23:32.942 65685 INFO tempest.lib.common.rest_client [req-781bf7a0-a877-400a-86e9-fb9504293df8 req-781bf7a0-a877-400a-86e9-fb9504293df8 ] Request (ServersWithSpecificFlavorTestJSON:test_verify_created_server_ephemeral_disk): 200 GET http://10.180.1.21/compute/v2.1/servers/ee015cb1-7ba9-480f-a0f2-ca83561afa3c/os-interface 4.889s
2025-11-21 00:23:32.971 65727 INFO tempest.lib.common.rest_client [req-cf2d7597-b95f-4b90-a6b8-a240e93eb171 req-cf2d7597-b95f-4b90-a6b8-a240e93eb171 ] Request (FlavorsV2TestJSON:test_list_flavors_using_marker): 200 GET http://10.180.1.21/compute/v2.1/flavors?marker=42 4.628s
2025-11-21 00:23:32.985 65715 INFO tempest.lib.common.rest_client [req-51c63f55-c58b-4b7c-88d6-a9440278af6c req-51c63f55-c58b-4b7c-88d6-a9440278af6c ] Request (AttachInterfacesUnderV243Test:test_add_remove_fixed_ip): 200 GET http://10.180.1.21/compute/v2.1/servers/547a3619-d440-4dcd-ad97-56899b49d3ec 5.123s
2025-11-21 00:23:33.010 65719 INFO tempest.lib.common.rest_client [req-805dfc8d-dd9c-4779-841e-d67d06f15067 req-805dfc8d-dd9c-4779-841e-d67d06f15067 ] Request (ServerAddressesTestJSON:tearDownClass): 404 GET http://10.180.1.21/compute/v2.1/servers/a09204a4-15bb-4931-9969-f43d93c2cc73 4.610s
2025-11-21 00:23:33.022 65695 INFO tempest.lib.common.rest_client [req-6a769ec5-3e3a-437c-801a-5ffa2b7f359a req-6a769ec5-3e3a-437c-801a-5ffa2b7f359a ] Request (VolumesTestJSON:test_volume_list_with_detail_param_offset_and_limit): 200 GET http://10.180.1.21/compute/v2.1/os-volumes/detail?offset=1&limit=1 4.638s
2025-11-21 00:23:33.022 65699 INFO tempest.lib.common.rest_client [req-aa968c9f-2ac5-4b2a-bfca-63b1a844c8fd req-aa968c9f-2ac5-4b2a-bfca-63b1a844c8fd ] Request (ImagesDeleteNegativeTestJSON:tearDownClass): 204 DELETE http://10.180.1.21/networking/v2.0/security-groups/c247ae84-880f-4290-9bd7-e87fcdc0a6b8 0.265s
2025-11-21 00:23:33.135 65699 INFO tempest.lib.common.rest_client [req-35777e5c-2f65-49dc-a3e3-19bc337ef2a3 req-35777e5c-2f65-49dc-a3e3-19bc337ef2a3 ] Request (ImagesDeleteNegativeTestJSON:tearDownClass): 204 DELETE http://10.180.1.21/identity/v3/projects/3de7e44c651147a2869647ee0a40721f 0.112s
2025-11-21 00:23:33.172 65739 INFO tempest.lib.common.rest_client [req-6290ed28-e842-470a-9e17-0ff7ab370dc9 req-6290ed28-e842-470a-9e17-0ff7ab370dc9 ] Request (ServersTestMultiNic:_run_cleanups): 204 DELETE http://10.180.1.21/networking/v2.0/subnets/8956c3f2-e986-4ce8-a936-39948976b316 0.266s
2025-11-21 00:23:33.219 65699 INFO tempest.lib.common.rest_client [req-9f9fafb3-c264-44be-b63e-ef5146bb8b99 req-9f9fafb3-c264-44be-b63e-ef5146bb8b99 ] Request (AttachInterfacesV270Test:setUpClass): 201 POST http://10.180.1.21/identity/v3/auth/tokens 0.083s
2025-11-21 00:23:33.266 65699 INFO tempest.lib.common.rest_client [req-3911371c-bc43-4608-a4f2-7744a89a515a req-3911371c-bc43-4608-a4f2-7744a89a515a ] Request (AttachInterfacesV270Test:setUpClass): 201 POST http://10.180.1.21/identity/v3/auth/tokens 0.043s
2025-11-21 00:23:33.302 65699 INFO tempest.lib.common.rest_client [req-7d2bbea7-9e6b-48f2-b16a-2b7b5ef2f942 req-7d2bbea7-9e6b-48f2-b16a-2b7b5ef2f942 ] Request (AttachInterfacesV270Test:setUpClass): 200 GET http://10.180.1.21/identity/v3/domains?name=Default 0.035s
2025-11-21 00:23:33.340 65699 INFO tempest.lib.common.rest_client [req-ab843551-6ce8-4abe-ac55-e4d720138ac2 req-ab843551-6ce8-4abe-ac55-e4d720138ac2 ] Request (AttachInterfacesV270Test:setUpClass): 201 POST http://10.180.1.21/identity/v3/projects 0.037s
2025-11-21 00:23:33.418 65699 INFO tempest.lib.common.rest_client [req-81571cf7-9c1e-4c14-b0ce-33b47447bc2d req-81571cf7-9c1e-4c14-b0ce-33b47447bc2d ] Request (AttachInterfacesV270Test:setUpClass): 201 POST http://10.180.1.21/identity/v3/users 0.077s
2025-11-21 00:23:33.447 65699 INFO tempest.lib.common.rest_client [req-43736ba0-67cd-4fdd-8fa2-bb0a3ce5e426 req-43736ba0-67cd-4fdd-8fa2-bb0a3ce5e426 ] Request (AttachInterfacesV270Test:setUpClass): 200 GET http://10.180.1.21/identity/v3/roles 0.029s
2025-11-21 00:23:33.488 65699 INFO tempest.lib.common.rest_client [req-2854f82b-b8bc-4545-810a-816a03965d59 req-2854f82b-b8bc-4545-810a-816a03965d59 ] Request (AttachInterfacesV270Test:setUpClass): 204 PUT http://10.180.1.21/identity/v3/projects/d4d77cb637b64aa38d5212abdadd2227/users/51f6f0047d6e435382c513198d0a26c9/roles/803eee7212bd470d9ac0199b6a65dfa5 0.040s
2025-11-21 00:23:33.489 65699 INFO tempest.lib.common.dynamic_creds [-] Dynamic test user 51f6f0047d6e435382c513198d0a26c9 is created with scope project and roles: ['member']
2025-11-21 00:23:33.489 65699 INFO tempest.lib.common.dynamic_creds [-] Acquired dynamic creds: credentials: Credentials: {'domain_id': 'default', 'domain_name': 'Default', 'username': 'tempest-AttachInterfacesV270Test-760727253-project-member', 'project_domain_id': 'default', 'project_domain_name': 'Default', 'project_id': 'd4d77cb637b64aa38d5212abdadd2227', 'project_name': 'tempest-AttachInterfacesV270Test-760727253', 'tenant_id': 'd4d77cb637b64aa38d5212abdadd2227', 'tenant_name': 'tempest-AttachInterfacesV270Test-760727253', 'user_domain_id': 'default', 'user_domain_name': 'Default', 'user_id': '51f6f0047d6e435382c513198d0a26c9', 'system': None}, Network: None, Subnet: None, Router: None
2025-11-21 00:23:33.574 65699 INFO tempest.lib.common.rest_client [req-c74dfb0d-698a-4fd1-bae0-1972f57e0d9e req-c74dfb0d-698a-4fd1-bae0-1972f57e0d9e ] Request (AttachInterfacesV270Test:setUpClass): 201 POST http://10.180.1.21/identity/v3/auth/tokens 0.084s
2025-11-21 00:23:33.716 65685 INFO tempest.lib.common.rest_client [req-19fa8fad-34eb-41de-81e4-bd25f298370e req-19fa8fad-34eb-41de-81e4-bd25f298370e ] Request (ServersWithSpecificFlavorTestJSON:test_verify_created_server_ephemeral_disk): 200 PUT http://10.180.1.21/networking/v2.0/floatingips/85402eab-8afe-48c4-bd54-14b78ff850b1 0.771s
2025-11-21 00:23:34.006 65719 INFO tempest.lib.common.rest_client [req-58b7ed33-2b14-4f3c-b2c0-b32f44f6030d req-58b7ed33-2b14-4f3c-b2c0-b32f44f6030d ] Request (ServerAddressesTestJSON:tearDownClass): 200 PUT http://10.180.1.21/networking/v2.0/routers/8a646195-05dd-4f84-a709-60091a4c0bd8/remove_router_interface 0.995s
2025-11-21 00:23:34.149 65739 INFO tempest.lib.common.rest_client [req-73b7e34d-4a3d-441e-ba4b-2a3b35b89c9e req-73b7e34d-4a3d-441e-ba4b-2a3b35b89c9e ] Request (ServersTestMultiNic:_run_cleanups): 204 DELETE http://10.180.1.21/networking/v2.0/networks/8d08415f-eea3-4a68-abbf-e0ef2bc2c83e 0.977s
2025-11-21 00:23:34.193 65729 INFO tempest.lib.common.rest_client [req-5d30961e-ff94-4be8-a1eb-cef917e743d3 req-5d30961e-ff94-4be8-a1eb-cef917e743d3 ] Request (ImagesNegativeTestJSON:test_create_image_from_deleted_server): 200 GET http://10.180.1.21/compute/v2.1/servers/1ced673b-e8c7-4688-a943-e88927616448 5.716s
2025-11-21 00:23:34.203 65729 INFO tempest.common.waiters [-] State transition "BUILD/spawning" ==> "ACTIVE/None" after 23 second wait
2025-11-21 00:23:34.228 65713 INFO tempest.lib.common.rest_client [req-cf890ba5-ad91-402a-a210-c4d249e083d9 req-cf890ba5-ad91-402a-a210-c4d249e083d9 ] Request (ImagesTestJSON:test_create_image_from_stopped_server): 200 GET http://10.180.1.21/compute/v2.1/servers/84029e84-e276-4696-8b99-febd3276c616 5.136s
2025-11-21 00:23:34.353 65699 INFO tempest.lib.common.rest_client [req-5290b8b7-7ead-48e7-abce-99bdf265c526 req-5290b8b7-7ead-48e7-abce-99bdf265c526 ] Request (AttachInterfacesV270Test:setUpClass): 201 POST http://10.180.1.21/networking/v2.0/networks 0.779s
2025-11-21 00:23:34.503 65739 INFO tempest.lib.common.rest_client [req-236d993f-32c8-4208-aaf6-5b7a7ac0a5c8 req-236d993f-32c8-4208-aaf6-5b7a7ac0a5c8 ] Request (ServersTestMultiNic:test_verify_multiple_nics_order): 201 POST http://10.180.1.21/networking/v2.0/networks 0.351s
2025-11-21 00:23:34.806 65699 INFO tempest.lib.common.rest_client [req-419cf931-01a5-4ab2-a5f2-62b920405b3f req-419cf931-01a5-4ab2-a5f2-62b920405b3f ] Request (AttachInterfacesV270Test:setUpClass): 201 POST http://10.180.1.21/networking/v2.0/subnets 0.452s
2025-11-21 00:23:34.812 65719 INFO tempest.lib.common.rest_client [req-563b09a0-5e9b-4fa6-a924-9bfdc614499b req-563b09a0-5e9b-4fa6-a924-9bfdc614499b ] Request (ServerAddressesTestJSON:tearDownClass): 204 DELETE http://10.180.1.21/networking/v2.0/routers/8a646195-05dd-4f84-a709-60091a4c0bd8 0.805s
2025-11-21 00:23:35.140 65739 INFO tempest.lib.common.rest_client [req-0b4826cd-e7c0-4cfd-9467-ce1adf34f8a0 req-0b4826cd-e7c0-4cfd-9467-ce1adf34f8a0 ] Request (ServersTestMultiNic:test_verify_multiple_nics_order): 201 POST http://10.180.1.21/networking/v2.0/subnets 0.636s
2025-11-21 00:23:35.313 65719 INFO tempest.lib.common.rest_client [req-2ca8666d-3a8f-46b0-91d4-76acf62c58a1 req-2ca8666d-3a8f-46b0-91d4-76acf62c58a1 ] Request (ServerAddressesTestJSON:tearDownClass): 204 DELETE http://10.180.1.21/networking/v2.0/subnets/da2668c5-dd19-4bae-bf3d-c85a4a4aac84 0.500s
2025-11-21 00:23:35.458 65737 INFO paramiko.transport [-] Connected (version 2.0, client dropbear_2020.81)
2025-11-21 00:23:35.521 65737 INFO paramiko.transport [-] Authentication (publickey) successful!
2025-11-21 00:23:35.521 65737 INFO tempest.lib.common.ssh [-] ssh connection to cirros@10.180.180.194 successfully created
2025-11-21 00:23:35.798 65699 INFO tempest.lib.common.rest_client [req-1febc63f-12e4-44d3-bd40-bb3bbaec9723 req-1febc63f-12e4-44d3-bd40-bb3bbaec9723 ] Request (AttachInterfacesV270Test:setUpClass): 201 POST http://10.180.1.21/networking/v2.0/routers 0.991s
2025-11-21 00:23:35.998 65739 INFO tempest.lib.common.rest_client [req-0f812bf9-2934-424f-a1d4-79161599dc15 req-0f812bf9-2934-424f-a1d4-79161599dc15 ] Request (ServersTestMultiNic:test_verify_multiple_nics_order): 201 POST http://10.180.1.21/networking/v2.0/networks 0.857s
2025-11-21 00:23:36.279 65719 INFO tempest.lib.common.rest_client [req-4dff3a88-89c8-4781-ae74-bc0814caa472 req-4dff3a88-89c8-4781-ae74-bc0814caa472 ] Request (ServerAddressesTestJSON:tearDownClass): 204 DELETE http://10.180.1.21/networking/v2.0/networks/a5a45c31-77a4-435a-8454-42e38f120a3f 0.965s
2025-11-21 00:23:36.407 65719 INFO tempest.lib.common.rest_client [req-faf3e45c-5e30-412b-893a-91fb5afd0ab9 req-faf3e45c-5e30-412b-893a-91fb5afd0ab9 ] Request (ServerAddressesTestJSON:tearDownClass): 204 DELETE http://10.180.1.21/identity/v3/users/13e2eedab0614ecd99c06ea5816764f3 0.127s
2025-11-21 00:23:36.407 65719 INFO tempest.lib.common.dynamic_creds [-] Deleting project and security group for project: d3d61193afb64016bf30800dfffd2fa5
2025-11-21 00:23:36.593 65739 INFO tempest.lib.common.rest_client [req-a6bc5a05-0d79-41c2-be9f-93edf00647ce req-a6bc5a05-0d79-41c2-be9f-93edf00647ce ] Request (ServersTestMultiNic:test_verify_multiple_nics_order): 201 POST http://10.180.1.21/networking/v2.0/subnets 0.594s
2025-11-21 00:23:36.679 65739 INFO tempest.lib.common.rest_client [req-4af38bdb-8f92-4457-8b64-6c29d146561c req-4af38bdb-8f92-4457-8b64-6c29d146561c ] Request (ServersTestMultiNic:test_verify_multiple_nics_order): 201 POST http://10.180.1.21/identity/v3/auth/tokens 0.082s
2025-11-21 00:23:36.680 65739 INFO tempest.lib.common.fixed_network [-] (ServersTestMultiNic:test_verify_multiple_nics_order) Found network {'id': '3d584e0e-a2cf-4eec-87c3-6ccff94ad2ad', 'name': 'tempest-ServersTestMultiNic-851372635-network', 'tenant_id': '9c901695462646f497719f549a52d7f3', 'project_id': '9c901695462646f497719f549a52d7f3', 'admin_state_up': True, 'mtu': 8950, 'status': 'ACTIVE', 'subnets': [], 'shared': False, 'port_security_enabled': True, 'router:external': False, 'provider:network_type': 'vlan', 'provider:physical_network': 'default', 'provider:segmentation_id': 293, 'availability_zone_hints': [], 'availability_zones': [], 'ipv4_address_scope': None, 'ipv6_address_scope': None, 'description': '', 'tags': [], 'created_at': '2025-11-21T00:22:32Z', 'updated_at': '2025-11-21T00:22:32Z', 'revision_number': 1} available for tenant
2025-11-21 00:23:37.052 65699 INFO tempest.lib.common.rest_client [req-01c9e128-875b-4b46-b5e8-56388304be9f req-01c9e128-875b-4b46-b5e8-56388304be9f ] Request (AttachInterfacesV270Test:setUpClass): 200 PUT http://10.180.1.21/networking/v2.0/routers/c8af56e4-8bbe-45a9-97b4-54d12cb4726a/add_router_interface 1.253s
2025-11-21 00:23:37.052 65699 INFO tempest.lib.common.dynamic_creds [-] Created isolated network resources for: credentials: Credentials: {'domain_id': 'default', 'domain_name': 'Default', 'username': 'tempest-AttachInterfacesV270Test-760727253-project-member', 'project_domain_id': 'default', 'project_domain_name': 'Default', 'project_id': 'd4d77cb637b64aa38d5212abdadd2227', 'project_name': 'tempest-AttachInterfacesV270Test-760727253', 'tenant_id': 'd4d77cb637b64aa38d5212abdadd2227', 'tenant_name': 'tempest-AttachInterfacesV270Test-760727253', 'user_domain_id': 'default', 'user_domain_name': 'Default', 'user_id': '51f6f0047d6e435382c513198d0a26c9', 'system': None}, Network: {'id': '689271d9-eec1-477a-aeca-a95140a55989', 'name': 'tempest-AttachInterfacesV270Test-1500083141-network', 'tenant_id': 'd4d77cb637b64aa38d5212abdadd2227', 'project_id': 'd4d77cb637b64aa38d5212abdadd2227', 'admin_state_up': True, 'mtu': 8950, 'status': 'ACTIVE', 'subnets': [], 'shared': False, 'port_security_enabled': True, 'router:external': False, 'provider:network_type': 'vlan', 'provider:physical_network': 'default', 'provider:segmentation_id': 730, 'availability_zone_hints': [], 'availability_zones': [], 'ipv4_address_scope': None, 'ipv6_address_scope': None, 'description': '', 'tags': [], 'created_at': '2025-11-21T00:23:34Z', 'updated_at': '2025-11-21T00:23:34Z', 'revision_number': 1}, Subnet: {'id': '08ef1448-a7fd-42da-b5fc-a05986d086cc', 'name': 'tempest-AttachInterfacesV270Test-1500083141-subnet', 'tenant_id': 'd4d77cb637b64aa38d5212abdadd2227', 'network_id': '689271d9-eec1-477a-aeca-a95140a55989', 'ip_version': 4, 'subnetpool_id': None, 'enable_dhcp': True, 'ipv6_ra_mode': None, 'ipv6_address_mode': None, 'gateway_ip': '192.168.128.1', 'cidr': '192.168.128.0/28', 'allocation_pools': [{'start': '192.168.128.2', 'end': '192.168.128.14'}], 'host_routes': [], 'dns_nameservers': [], 'description': '', 'router:external': False, 'service_types': [], 'tags': [], 'created_at': '2025-11-21T00:23:34Z', 'updated_at': '2025-11-21T00:23:34Z', 'revision_number': 0, 'project_id': 'd4d77cb637b64aa38d5212abdadd2227'}, Router: {'id': 'c8af56e4-8bbe-45a9-97b4-54d12cb4726a', 'name': 'tempest-AttachInterfacesV270Test-1500083141-router', 'tenant_id': 'd4d77cb637b64aa38d5212abdadd2227', 'admin_state_up': True, 'status': 'ACTIVE', 'external_gateway_info': {'network_id': '2c023bc8-c91a-448d-b974-6b23926ba6e6', 'external_fixed_ips': [{'subnet_id': '8abbb223-5f13-42e7-af42-53eaf281a914', 'ip_address': '10.180.180.214'}], 'enable_snat': True}, 'description': '', 'availability_zones': [], 'distributed': False, 'ha': False, 'availability_zone_hints': [], 'routes': [], 'flavor_id': None, 'tags': [], 'created_at': '2025-11-21T00:23:35Z', 'updated_at': '2025-11-21T00:23:35Z', 'revision_number': 2, 'project_id': 'd4d77cb637b64aa38d5212abdadd2227'}
2025-11-21 00:23:37.142 65699 INFO tempest.lib.common.rest_client [req-147a2a76-fea4-4492-835a-379b40bcfbb2 req-147a2a76-fea4-4492-835a-379b40bcfbb2 ] Request (AttachInterfacesV270Test:setUpClass): 201 POST http://10.180.1.21/identity/v3/auth/tokens 0.086s
2025-11-21 00:23:37.174 65699 INFO tempest.lib.common.rest_client [req-bc1f6392-0ab1-4de2-b7dc-cd731a55bc0c req-bc1f6392-0ab1-4de2-b7dc-cd731a55bc0c ] Request (AttachInterfacesV270Test:test_create_get_list_interfaces): 201 POST http://10.180.1.21/identity/v3/auth/tokens 0.027s
2025-11-21 00:23:37.174 65699 INFO tempest.lib.common.fixed_network [-] (AttachInterfacesV270Test:test_create_get_list_interfaces) Found network {'id': '689271d9-eec1-477a-aeca-a95140a55989', 'name': 'tempest-AttachInterfacesV270Test-1500083141-network', 'tenant_id': 'd4d77cb637b64aa38d5212abdadd2227', 'project_id': 'd4d77cb637b64aa38d5212abdadd2227', 'admin_state_up': True, 'mtu': 8950, 'status': 'ACTIVE', 'subnets': [], 'shared': False, 'port_security_enabled': True, 'router:external': False, 'provider:network_type': 'vlan', 'provider:physical_network': 'default', 'provider:segmentation_id': 730, 'availability_zone_hints': [], 'availability_zones': [], 'ipv4_address_scope': None, 'ipv6_address_scope': None, 'description': '', 'tags': [], 'created_at': '2025-11-21T00:23:34Z', 'updated_at': '2025-11-21T00:23:34Z', 'revision_number': 1} available for tenant
2025-11-21 00:23:37.179 65719 INFO tempest.lib.common.rest_client [req-a41305dc-9fac-45aa-9183-6a3066d714ba req-a41305dc-9fac-45aa-9183-6a3066d714ba ] Request (ServerAddressesTestJSON:tearDownClass): 200 GET http://10.180.1.21/networking/v2.0/security-groups?tenant_id=d3d61193afb64016bf30800dfffd2fa5&name=default 0.772s
2025-11-21 00:23:37.287 65711 INFO tempest.lib.common.rest_client [req-fe714cdc-6499-4c3d-9188-48d8422d8199 req-fe714cdc-6499-4c3d-9188-48d8422d8199 ] Request (ServerAddressesNegativeTestJSON:setUpClass): 202 POST http://10.180.1.21/compute/v2.1/servers 7.855s
2025-11-21 00:23:37.332 65693 INFO tempest.lib.common.rest_client [req-c0312e32-6ad8-4544-8f41-3d15ebbea203 req-c0312e32-6ad8-4544-8f41-3d15ebbea203 ] Request (ServerActionsTestOtherB:setUpClass): 202 POST http://10.180.1.21/compute/v2.1/servers 6.685s
2025-11-21 00:23:37.422 65719 INFO tempest.lib.common.rest_client [req-14c2714f-a28f-4906-b419-4c46da93f582 req-14c2714f-a28f-4906-b419-4c46da93f582 ] Request (ServerAddressesTestJSON:tearDownClass): 204 DELETE http://10.180.1.21/networking/v2.0/security-groups/0f49fc3b-7738-4072-9af4-a4a97289eece 0.242s
2025-11-21 00:23:37.527 65745 INFO tempest.lib.common.rest_client [req-9a2c0bb6-5b15-41eb-97a0-c09c9fbe2e91 req-9a2c0bb6-5b15-41eb-97a0-c09c9fbe2e91 ] Request (ServerActionsV293TestJSON:setUpClass): 200 GET http://10.180.1.21/compute/v2.1/servers/143b2e2a-19ca-4054-9457-c5a0221aa11b 6.305s
2025-11-21 00:23:37.568 65719 INFO tempest.lib.common.rest_client [req-ed6a37e2-491e-4e17-84c1-5c30d1e175d4 req-ed6a37e2-491e-4e17-84c1-5c30d1e175d4 ] Request (ServerAddressesTestJSON:tearDownClass): 204 DELETE http://10.180.1.21/identity/v3/projects/d3d61193afb64016bf30800dfffd2fa5 0.145s
2025-11-21 00:23:37.654 65719 INFO tempest.lib.common.rest_client [req-6745e80a-5401-4a58-bb66-3112edb92925 req-6745e80a-5401-4a58-bb66-3112edb92925 ] Request (ServerGroup264TestJSON:setUpClass): 201 POST http://10.180.1.21/identity/v3/auth/tokens 0.084s
2025-11-21 00:23:37.687 65719 INFO tempest.lib.common.rest_client [req-4045b4c7-e4f8-43a2-9269-6baaa022f6b0 req-4045b4c7-e4f8-43a2-9269-6baaa022f6b0 ] Request (ServerGroup264TestJSON:setUpClass): 201 POST http://10.180.1.21/identity/v3/auth/tokens 0.029s
2025-11-21 00:23:37.713 65719 INFO tempest.lib.common.rest_client [req-3e99bca2-99fd-44d7-81dd-3b5919f06e42 req-3e99bca2-99fd-44d7-81dd-3b5919f06e42 ] Request (ServerGroup264TestJSON:setUpClass): 200 GET http://10.180.1.21/identity/v3/domains?name=Default 0.025s
2025-11-21 00:23:37.744 65719 INFO tempest.lib.common.rest_client [req-8ce0d1e2-1a77-49ce-9758-4334396df3cd req-8ce0d1e2-1a77-49ce-9758-4334396df3cd ] Request (ServerGroup264TestJSON:setUpClass): 201 POST http://10.180.1.21/identity/v3/projects 0.030s
2025-11-21 00:23:37.816 65719 INFO tempest.lib.common.rest_client [req-bd417d7b-c649-4577-bfdd-aded6fdfcdf3 req-bd417d7b-c649-4577-bfdd-aded6fdfcdf3 ] Request (ServerGroup264TestJSON:setUpClass): 201 POST http://10.180.1.21/identity/v3/users 0.072s
2025-11-21 00:23:37.848 65719 INFO tempest.lib.common.rest_client [req-fb1d8738-5aa7-4824-8a55-f611f35c16d9 req-fb1d8738-5aa7-4824-8a55-f611f35c16d9 ] Request (ServerGroup264TestJSON:setUpClass): 200 GET http://10.180.1.21/identity/v3/roles 0.031s
2025-11-21 00:23:37.869 65683 INFO tempest.lib.common.rest_client [req-a8e54901-e615-4f97-a5d3-1f0c31229bd7 req-a8e54901-e615-4f97-a5d3-1f0c31229bd7 ] Request (ServersAdminTestJSON:setUpClass): 202 POST http://10.180.1.21/compute/v2.1/servers 6.624s
2025-11-21 00:23:37.919 65719 INFO tempest.lib.common.rest_client [req-ef9f6b77-df51-413f-97bd-627335ab0772 req-ef9f6b77-df51-413f-97bd-627335ab0772 ] Request (ServerGroup264TestJSON:setUpClass): 204 PUT http://10.180.1.21/identity/v3/projects/a3ea1119950f442bae3272c6d0368999/users/43fb13b2269b4e2aadf8418a218b859f/roles/803eee7212bd470d9ac0199b6a65dfa5 0.069s
2025-11-21 00:23:37.920 65719 INFO tempest.lib.common.dynamic_creds [-] Dynamic test user 43fb13b2269b4e2aadf8418a218b859f is created with scope project and roles: ['member']
2025-11-21 00:23:37.920 65719 INFO tempest.lib.common.dynamic_creds [-] Acquired dynamic creds: credentials: Credentials: {'domain_id': 'default', 'domain_name': 'Default', 'username': 'tempest-ServerGroup264TestJSON-854790779-project-member', 'project_domain_id': 'default', 'project_domain_name': 'Default', 'project_id': 'a3ea1119950f442bae3272c6d0368999', 'project_name': 'tempest-ServerGroup264TestJSON-854790779', 'tenant_id': 'a3ea1119950f442bae3272c6d0368999', 'tenant_name': 'tempest-ServerGroup264TestJSON-854790779', 'user_domain_id': 'default', 'user_domain_name': 'Default', 'user_id': '43fb13b2269b4e2aadf8418a218b859f', 'system': None}, Network: None, Subnet: None, Router: None
2025-11-21 00:23:38.038 65719 INFO tempest.lib.common.rest_client [req-6dd42291-d4ce-41e6-9697-d1cd3260256e req-6dd42291-d4ce-41e6-9697-d1cd3260256e ] Request (ServerGroup264TestJSON:setUpClass): 201 POST http://10.180.1.21/identity/v3/auth/tokens 0.117s
2025-11-21 00:23:38.180 65735 INFO tempest.lib.common.rest_client [req-3433574a-03df-444f-967d-12204935134f req-3433574a-03df-444f-967d-12204935134f ] Request (ServerGroupTestJSON:test_create_server_with_scheduler_hint_group): 202 POST http://10.180.1.21/compute/v2.1/servers 6.801s
2025-11-21 00:23:38.204 65687 INFO tempest.lib.common.rest_client [req-0c478ff4-42b6-4c2c-b579-cd615ee83044 req-0c478ff4-42b6-4c2c-b579-cd615ee83044 ] Request (QuotasAdminTestJSON:test_update_all_quota_resources_for_tenant): 200 PUT http://10.180.1.21/compute/v2.1/os-quota-sets/6e006825541144649522aa9010f29401 6.442s
2025-11-21 00:23:38.232 65733 INFO tempest.lib.common.rest_client [req-8f129ce1-44de-4376-9ae0-785d90dc0c35 req-8f129ce1-44de-4376-9ae0-785d90dc0c35 ] Request (ImagesOneServerNegativeTestJSON:test_create_second_image_when_first_image_is_being_saved): 409 POST http://10.180.1.21/compute/v2.1/servers/a1a55fcd-64c2-43d1-9c10-458acd63b013/action 6.402s
2025-11-21 00:23:38.236 65731 INFO tempest.lib.common.rest_client [req-e47b1117-7ce7-422e-b355-d64ef9808970 req-e47b1117-7ce7-422e-b355-d64ef9808970 ] Request (MultipleCreateNegativeTestJSON:test_max_count_less_than_one): 400 POST http://10.180.1.21/compute/v2.1/servers 6.179s
2025-11-21 00:23:38.246 65705 INFO tempest.lib.common.rest_client [req-9f88c83c-c86c-4011-a78e-693cfe8e7c2e req-9f88c83c-c86c-4011-a78e-693cfe8e7c2e ] Request (KeyPairsNegativeTestJSON:test_keypair_create_with_invalid_pub_key): 400 POST http://10.180.1.21/compute/v2.1/os-keypairs 6.192s
2025-11-21 00:23:38.268 65689 INFO tempest.lib.common.rest_client [req-3e52617a-7d08-4b73-900e-d61dfbd3bd8d req-3e52617a-7d08-4b73-900e-d61dfbd3bd8d ] Request (AggregatesAdminNegativeTestJSON:_run_cleanups): 200 DELETE http://10.180.1.21/compute/v2.1/os-aggregates/5 6.207s
2025-11-21 00:23:38.274 65717 INFO tempest.lib.common.rest_client [req-d6f65c4a-331b-4b3d-b2d5-67c34b6de7b1 req-d6f65c4a-331b-4b3d-b2d5-67c34b6de7b1 ] Request (FlavorsAccessNegativeTestJSON:_run_cleanups): 200 GET http://10.180.1.21/compute/v2.1/flavors/detail 6.178s
2025-11-21 00:23:38.281 65703 INFO tempest.lib.common.rest_client [req-359f0e75-6c48-4649-b9af-db25dec7bb7a req-359f0e75-6c48-4649-b9af-db25dec7bb7a ] Request (FlavorsAdminTestJSON:_run_cleanups): 202 DELETE http://10.180.1.21/compute/v2.1/flavors/1383866852 6.135s
2025-11-21 00:23:38.325 65731 INFO tempest.lib.common.rest_client [req-a378fc91-b122-44ac-86f8-f8f77cfc15fe req-a378fc91-b122-44ac-86f8-f8f77cfc15fe ] Request (MultipleCreateNegativeTestJSON:test_max_count_non_integer): 201 POST http://10.180.1.21/identity/v3/auth/tokens 0.084s
2025-11-21 00:23:38.326 65731 INFO tempest.lib.common.fixed_network [-] (MultipleCreateNegativeTestJSON:test_max_count_non_integer) Found network None available for tenant
2025-11-21 00:23:38.375 65701 INFO tempest.lib.common.rest_client [req-af1b4196-a55a-4bad-88b0-67448dcee995 req-af1b4196-a55a-4bad-88b0-67448dcee995 ] Request (MigrationsAdminTest:test_list_migrations_in_flavor_resize_situation): 204 POST http://10.180.1.21/compute/v2.1/servers/9a2569f3-a810-4b33-ac39-2ce564063b4f/action 5.908s
2025-11-21 00:23:38.400 65725 INFO tempest.lib.common.rest_client [req-d14a1955-92ef-41ac-b247-82c3a8d48c1a req-d14a1955-92ef-41ac-b247-82c3a8d48c1a ] Request (DeleteServersAdminTestJSON:test_delete_server_while_in_error_state): 200 GET http://10.180.1.21/compute/v2.1/servers/4c5b857a-f957-4ac5-9f77-4616f8ad112c 6.167s
2025-11-21 00:23:38.460 65719 INFO tempest.lib.common.rest_client [req-29458ccb-ed4e-406b-88ce-2744e6ef7f44 req-29458ccb-ed4e-406b-88ce-2744e6ef7f44 ] Request (ServerGroup264TestJSON:setUpClass): 201 POST http://10.180.1.21/networking/v2.0/networks 0.421s
2025-11-21 00:23:38.587 65691 INFO tempest.lib.common.rest_client [req-1181d841-4ca4-443f-8f11-3581ee466e93 req-1181d841-4ca4-443f-8f11-3581ee466e93 ] Request (FloatingIPsAssociationTestJSON:setUpClass): 200 GET http://10.180.1.21/compute/v2.1/servers/541b6c6a-61ce-48c6-aeff-74e30ed75ff8 6.049s
2025-11-21 00:23:38.597 65691 INFO tempest.common.waiters [-] State transition "BUILD/spawning" ==> "ACTIVE/None" after 28 second wait
2025-11-21 00:23:38.632 65721 INFO tempest.lib.common.rest_client [req-c9c20930-8cb3-45a6-9110-fe27d85695d3 req-c9c20930-8cb3-45a6-9110-fe27d85695d3 ] Request (ImagesOneServerTestJSON:test_create_delete_image): 200 GET http://10.180.1.21/compute/v2.1/servers/a01a7973-931c-4d70-97ca-6c3903d375cb 6.120s
2025-11-21 00:23:38.737 65743 INFO tempest.lib.common.rest_client [req-e17dd837-593f-4a8b-b832-b5347b24eaf8 req-e17dd837-593f-4a8b-b832-b5347b24eaf8 ] Request (SecurityGroupsTestJSON:test_security_groups_create_list_delete): 200 POST http://10.180.1.21/compute/v2.1/os-security-groups 6.149s
2025-11-21 00:23:38.742 65719 INFO tempest.lib.common.rest_client [req-37e100f9-13c7-4a04-af88-66a72334b040 req-37e100f9-13c7-4a04-af88-66a72334b040 ] Request (ServerGroup264TestJSON:setUpClass): 201 POST http://10.180.1.21/networking/v2.0/subnets 0.281s
2025-11-21 00:23:38.941 65697 INFO tempest.lib.common.rest_client [req-beb366d9-1848-4f64-9b0e-fd8eb8a6c440 req-beb366d9-1848-4f64-9b0e-fd8eb8a6c440 ] Request (ServerDiagnosticsTest:test_get_server_diagnostics): 200 GET http://10.180.1.21/compute/v2.1/servers/e756f469-e988-4d4e-90a2-ea159a66f42f 6.322s
2025-11-21 00:23:38.954 65697 INFO tempest.common.waiters [-] State transition "BUILD/None" ==> "BUILD/spawning" after 7 second wait
2025-11-21 00:23:39.070 65709 INFO tempest.lib.common.rest_client [req-5b58990d-ffb3-41d3-b7b3-739d4d560874 req-5b58990d-ffb3-41d3-b7b3-739d4d560874 ] Request (ServerDiagnosticsV248Test:test_get_server_diagnostics): 200 GET http://10.180.1.21/compute/v2.1/servers/12a84d5a-06bf-48b1-ace5-4e574c478fae 6.185s
2025-11-21 00:23:39.084 65709 INFO tempest.common.waiters [-] State transition "BUILD/spawning" ==> "ACTIVE/None" after 27 second wait
2025-11-21 00:23:39.098 65727 INFO tempest.lib.common.rest_client [req-f6003c97-e2f0-48d0-a449-3bf2553af094 req-f6003c97-e2f0-48d0-a449-3bf2553af094 ] Request (FlavorsV2TestJSON:test_list_flavors_with_detail): 200 GET http://10.180.1.21/compute/v2.1/flavors/detail 6.122s
2025-11-21 00:23:39.146 65695 INFO tempest.lib.common.rest_client [req-ce430cac-8bbb-4fae-a135-61fcc638d703 req-ce430cac-8bbb-4fae-a135-61fcc638d703 ] Request (VolumesTestJSON:test_volume_list_with_details): 200 GET http://10.180.1.21/compute/v2.1/os-volumes/detail 6.118s
2025-11-21 00:23:39.221 65695 INFO tempest.lib.common.rest_client [req-393aa9d0-b462-4670-8898-5fcff8cbf034 req-393aa9d0-b462-4670-8898-5fcff8cbf034 ] Request (VolumesTestJSON:tearDownClass): 202 DELETE http://10.180.1.21/volume/v3/volumes/78ef488e-8ce0-4dea-99be-47faa526757c 0.063s
2025-11-21 00:23:39.266 65695 INFO tempest.lib.common.rest_client [req-45694282-8001-4b84-8c22-4bcf5394f783 req-45694282-8001-4b84-8c22-4bcf5394f783 ] Request (VolumesTestJSON:tearDownClass): 200 GET http://10.180.1.21/volume/v3/volumes/78ef488e-8ce0-4dea-99be-47faa526757c 0.045s
2025-11-21 00:23:39.470 65741 INFO tempest.lib.common.rest_client [req-f7b5f2c3-7cdd-4a9e-80ad-074149898efb req-f7b5f2c3-7cdd-4a9e-80ad-074149898efb ] Request (AttachVolumeShelveTestJSON:test_attach_volume_shelved_or_offload_server): 200 GET http://10.180.1.21/compute/v2.1/servers/09682f73-0189-4025-aa18-097a79d1e13e 6.409s
2025-11-21 00:23:39.487 65741 INFO tempest.common.waiters [-] State transition "BUILD/spawning" ==> "ACTIVE/None" after 26 second wait
2025-11-21 00:23:39.525 65707 INFO tempest.lib.common.rest_client [req-7acf128b-be34-4c3d-91b2-e81e0c596840 req-7acf128b-be34-4c3d-91b2-e81e0c596840 ] Request (InstanceActionsNegativeTestJSON:setUpClass): 202 POST http://10.180.1.21/compute/v2.1/servers 6.702s
2025-11-21 00:23:39.704 65719 INFO tempest.lib.common.rest_client [req-3d6ac6c3-6d07-4305-9b45-ed60b1930dcd req-3d6ac6c3-6d07-4305-9b45-ed60b1930dcd ] Request (ServerGroup264TestJSON:setUpClass): 201 POST http://10.180.1.21/networking/v2.0/routers 0.962s
2025-11-21 00:23:39.760 65685 INFO tempest.lib.common.rest_client [req-2d98c507-a4b1-4616-b99b-c637bed828fa req-2d98c507-a4b1-4616-b99b-c637bed828fa ] Request (ServersWithSpecificFlavorTestJSON:test_verify_created_server_ephemeral_disk): 200 GET http://10.180.1.21/compute/v2.1/servers/ee015cb1-7ba9-480f-a0f2-ca83561afa3c 6.044s
2025-11-21 00:23:39.769 65685 INFO tempest.lib.common.ssh [-] Creating ssh connection to '10.180.180.207:22' as 'cirros' with public key authentication
2025-11-21 00:23:39.829 65715 INFO tempest.lib.common.rest_client [req-5c74d75c-8f69-400f-8f1b-5f9b26d9e905 req-5c74d75c-8f69-400f-8f1b-5f9b26d9e905 ] Request (AttachInterfacesUnderV243Test:test_add_remove_fixed_ip): 200 GET http://10.180.1.21/compute/v2.1/servers/547a3619-d440-4dcd-ad97-56899b49d3ec 5.835s
2025-11-21 00:23:39.842 65715 INFO tempest.common.waiters [-] State transition "BUILD/spawning" ==> "ACTIVE/None" after 28 second wait
2025-11-21 00:23:39.862 65729 INFO tempest.lib.common.rest_client [req-afdba04b-d782-4a0c-a75e-aac0de55d81d req-afdba04b-d782-4a0c-a75e-aac0de55d81d ] Request (ImagesNegativeTestJSON:test_create_image_from_deleted_server): 204 DELETE http://10.180.1.21/compute/v2.1/servers/1ced673b-e8c7-4688-a943-e88927616448 5.658s
2025-11-21 00:23:40.031 65713 INFO tempest.lib.common.rest_client [req-397f79e6-d6d3-4e84-8452-dc55b2f93518 req-397f79e6-d6d3-4e84-8452-dc55b2f93518 ] Request (ImagesTestJSON:test_create_image_from_stopped_server): 200 GET http://10.180.1.21/compute/v2.1/servers/84029e84-e276-4696-8b99-febd3276c616 4.789s
2025-11-21 00:23:40.042 65713 INFO tempest.common.waiters [-] State transition "BUILD/spawning" ==> "ACTIVE/None" after 28 second wait
2025-11-21 00:23:40.304 65695 INFO tempest.lib.common.rest_client [req-09cabe97-5c04-490e-a745-1e2a00edef91 req-09cabe97-5c04-490e-a745-1e2a00edef91 ] Request (VolumesTestJSON:tearDownClass): 404 GET http://10.180.1.21/volume/v3/volumes/78ef488e-8ce0-4dea-99be-47faa526757c 0.025s
2025-11-21 00:23:40.364 65695 INFO tempest.lib.common.rest_client [req-90e474df-f6f4-4329-8400-bd3325802f54 req-90e474df-f6f4-4329-8400-bd3325802f54 ] Request (VolumesTestJSON:tearDownClass): 202 DELETE http://10.180.1.21/volume/v3/volumes/4522ab02-8a17-412d-94f9-ce35281b2a58 0.059s
2025-11-21 00:23:40.416 65695 INFO tempest.lib.common.rest_client [req-c74c105c-7e53-41f3-996a-5e53d2dfb416 req-c74c105c-7e53-41f3-996a-5e53d2dfb416 ] Request (VolumesTestJSON:tearDownClass): 200 GET http://10.180.1.21/volume/v3/volumes/4522ab02-8a17-412d-94f9-ce35281b2a58 0.052s
2025-11-21 00:23:40.731 65719 INFO tempest.lib.common.rest_client [req-e7637b07-bcd1-4b3e-a79d-1ae70f9316f6 req-e7637b07-bcd1-4b3e-a79d-1ae70f9316f6 ] Request (ServerGroup264TestJSON:setUpClass): 200 PUT http://10.180.1.21/networking/v2.0/routers/bd0df94c-00ec-4254-87e1-ca5a516ff3d0/add_router_interface 1.026s
2025-11-21 00:23:40.732 65719 INFO tempest.lib.common.dynamic_creds [-] Created isolated network resources for: credentials: Credentials: {'domain_id': 'default', 'domain_name': 'Default', 'username': 'tempest-ServerGroup264TestJSON-854790779-project-member', 'project_domain_id': 'default', 'project_domain_name': 'Default', 'project_id': 'a3ea1119950f442bae3272c6d0368999', 'project_name': 'tempest-ServerGroup264TestJSON-854790779', 'tenant_id': 'a3ea1119950f442bae3272c6d0368999', 'tenant_name': 'tempest-ServerGroup264TestJSON-854790779', 'user_domain_id': 'default', 'user_domain_name': 'Default', 'user_id': '43fb13b2269b4e2aadf8418a218b859f', 'system': None}, Network: {'id': '4c599134-138c-4d50-af85-88cee7902ba4', 'name': 'tempest-ServerGroup264TestJSON-1601173701-network', 'tenant_id': 'a3ea1119950f442bae3272c6d0368999', 'project_id': 'a3ea1119950f442bae3272c6d0368999', 'admin_state_up': True, 'mtu': 8950, 'status': 'ACTIVE', 'subnets': [], 'shared': False, 'port_security_enabled': True, 'router:external': False, 'provider:network_type': 'vlan', 'provider:physical_network': 'default', 'provider:segmentation_id': 524, 'availability_zone_hints': [], 'availability_zones': [], 'ipv4_address_scope': None, 'ipv6_address_scope': None, 'description': '', 'tags': [], 'created_at': '2025-11-21T00:23:38Z', 'updated_at': '2025-11-21T00:23:38Z', 'revision_number': 1}, Subnet: {'id': '5b42f8eb-f13f-4a05-b1b1-e1ff1f3fe06b', 'name': 'tempest-ServerGroup264TestJSON-1601173701-subnet', 'tenant_id': 'a3ea1119950f442bae3272c6d0368999', 'network_id': '4c599134-138c-4d50-af85-88cee7902ba4', 'ip_version': 4, 'subnetpool_id': None, 'enable_dhcp': True, 'ipv6_ra_mode': None, 'ipv6_address_mode': None, 'gateway_ip': '192.168.128.1', 'cidr': '192.168.128.0/28', 'allocation_pools': [{'start': '192.168.128.2', 'end': '192.168.128.14'}], 'host_routes': [], 'dns_nameservers': [], 'description': '', 'router:external': False, 'service_types': [], 'tags': [], 'created_at': '2025-11-21T00:23:38Z', 'updated_at': '2025-11-21T00:23:38Z', 'revision_number': 0, 'project_id': 'a3ea1119950f442bae3272c6d0368999'}, Router: {'id': 'bd0df94c-00ec-4254-87e1-ca5a516ff3d0', 'name': 'tempest-ServerGroup264TestJSON-1601173701-router', 'tenant_id': 'a3ea1119950f442bae3272c6d0368999', 'admin_state_up': True, 'status': 'ACTIVE', 'external_gateway_info': {'network_id': '2c023bc8-c91a-448d-b974-6b23926ba6e6', 'external_fixed_ips': [{'subnet_id': '8abbb223-5f13-42e7-af42-53eaf281a914', 'ip_address': '10.180.180.155'}], 'enable_snat': True}, 'description': '', 'availability_zones': [], 'distributed': False, 'ha': False, 'availability_zone_hints': [], 'routes': [], 'flavor_id': None, 'tags': [], 'created_at': '2025-11-21T00:23:38Z', 'updated_at': '2025-11-21T00:23:39Z', 'revision_number': 2, 'project_id': 'a3ea1119950f442bae3272c6d0368999'}
2025-11-21 00:23:40.891 65719 INFO tempest.lib.common.rest_client [req-445ce0ec-5058-47b9-ac15-3fed8594ae91 req-445ce0ec-5058-47b9-ac15-3fed8594ae91 ] Request (ServerGroup264TestJSON:setUpClass): 201 POST http://10.180.1.21/identity/v3/auth/tokens 0.155s
2025-11-21 00:23:40.907 65739 INFO tempest.lib.common.rest_client [req-012e256c-98db-46f3-b268-89440111a9dd req-012e256c-98db-46f3-b268-89440111a9dd ] Request (ServersTestMultiNic:test_verify_multiple_nics_order): 202 POST http://10.180.1.21/compute/v2.1/servers 4.227s
2025-11-21 00:23:41.447 65695 INFO tempest.lib.common.rest_client [req-85cd8e80-ce19-44dc-aefe-0541b9487b59 req-85cd8e80-ce19-44dc-aefe-0541b9487b59 ] Request (VolumesTestJSON:tearDownClass): 404 GET http://10.180.1.21/volume/v3/volumes/4522ab02-8a17-412d-94f9-ce35281b2a58 0.020s
2025-11-21 00:23:41.504 65695 INFO tempest.lib.common.rest_client [req-f0fd4254-855c-4124-982f-79ba72a758d2 req-f0fd4254-855c-4124-982f-79ba72a758d2 ] Request (VolumesTestJSON:tearDownClass): 202 DELETE http://10.180.1.21/volume/v3/volumes/72de39b9-f8d8-40d2-8d6d-e3868830bea2 0.056s
2025-11-21 00:23:41.513 65699 INFO tempest.lib.common.rest_client [req-fa964512-4209-4586-824b-c16b6d6d9cc6 req-fa964512-4209-4586-824b-c16b6d6d9cc6 ] Request (AttachInterfacesV270Test:test_create_get_list_interfaces): 202 POST http://10.180.1.21/compute/v2.1/servers 4.338s
2025-11-21 00:23:41.546 65695 INFO tempest.lib.common.rest_client [req-c20afcdc-376d-4335-9d0f-973728b192bd req-c20afcdc-376d-4335-9d0f-973728b192bd ] Request (VolumesTestJSON:tearDownClass): 200 GET http://10.180.1.21/volume/v3/volumes/72de39b9-f8d8-40d2-8d6d-e3868830bea2 0.042s
2025-11-21 00:23:41.589 65711 INFO tempest.lib.common.rest_client [req-ea764949-9beb-4a0c-8eed-e423e777ffee req-ea764949-9beb-4a0c-8eed-e423e777ffee ] Request (ServerAddressesNegativeTestJSON:setUpClass): 200 GET http://10.180.1.21/compute/v2.1/servers/6c4a3ce9-7e72-4ea6-9dd7-d857056d9df2 4.300s
2025-11-21 00:23:41.630 65737 INFO tempest.lib.common.rest_client [req-76e1b2d5-a6b4-4f33-a42b-9beea02f539b req-76e1b2d5-a6b4-4f33-a42b-9beea02f539b ] Request (VolumesAssistedSnapshotsTest:test_volume_assisted_snapshot_create_delete): 200 POST http://10.180.1.21/compute/v2.1/servers/bf53245d-4ea3-4ac8-8103-ebadf64b341f/os-volume_attachments 6.108s
2025-11-21 00:23:41.670 65737 INFO tempest.lib.common.rest_client [req-5cb5b49b-0ae6-4cec-aeb4-b547422231a8 req-5cb5b49b-0ae6-4cec-aeb4-b547422231a8 ] Request (VolumesAssistedSnapshotsTest:test_volume_assisted_snapshot_create_delete): 200 GET http://10.180.1.21/volume/v3/volumes/39000078-2f7a-41a8-b27d-948bc21230ac 0.038s
2025-11-21 00:23:41.674 65693 INFO tempest.lib.common.rest_client [req-4eadaaa7-78f6-466a-99f1-776bf20b7ae2 req-4eadaaa7-78f6-466a-99f1-776bf20b7ae2 ] Request (ServerActionsTestOtherB:setUpClass): 200 GET http://10.180.1.21/compute/v2.1/servers/3f251dfc-0c79-4924-a7f3-54c9885bdd3a 4.340s
2025-11-21 00:23:41.707 65683 INFO tempest.lib.common.rest_client [req-9c75438e-7220-45da-bd45-6080d8cac3b2 req-9c75438e-7220-45da-bd45-6080d8cac3b2 ] Request (ServersAdminTestJSON:setUpClass): 200 GET http://10.180.1.21/compute/v2.1/servers/886a4200-382a-4bc0-9c77-da0cf1bd1f06 3.834s
2025-11-21 00:23:41.737 65735 INFO tempest.lib.common.rest_client [req-d51611b3-2612-4d1d-9bec-b3ef2f83d865 req-d51611b3-2612-4d1d-9bec-b3ef2f83d865 ] Request (ServerGroupTestJSON:test_create_server_with_scheduler_hint_group): 200 GET http://10.180.1.21/compute/v2.1/servers/af0841c3-7224-417a-94ae-9d8b9c064003 3.555s
2025-11-21 00:23:41.862 65733 INFO tempest.lib.common.rest_client [req-ebc35bf7-f742-45e1-b4bb-501f38474495 req-ebc35bf7-f742-45e1-b4bb-501f38474495 ] Request (ImagesOneServerNegativeTestJSON:test_create_second_image_when_first_image_is_being_saved): 204 DELETE http://10.180.1.21/compute/v2.1/images/3fc4af9e-21eb-4d36-bc5a-64e3a8a788f8 3.630s
2025-11-21 00:23:41.880 65705 INFO tempest.lib.common.rest_client [req-0480773e-a9e6-4345-af7f-de3f6e5d4c4c req-0480773e-a9e6-4345-af7f-de3f6e5d4c4c ] Request (KeyPairsNegativeTestJSON:test_keypair_delete_nonexistent_key): 404 DELETE http://10.180.1.21/compute/v2.1/os-keypairs/tempest-keypair-non-existent-1118690085 3.633s
2025-11-21 00:23:41.894 65689 INFO tempest.lib.common.rest_client [req-65e6febf-93fa-4c6e-b628-41c3e7f302a8 req-65e6febf-93fa-4c6e-b628-41c3e7f302a8 ] Request (AggregatesAdminNegativeTestJSON:test_aggregate_delete_with_invalid_id): 404 DELETE http://10.180.1.21/compute/v2.1/os-aggregates/-1 3.624s
2025-11-21 00:23:41.920 65703 INFO tempest.lib.common.rest_client [req-4e42b52f-0549-451f-a047-ace06300558b req-4e42b52f-0549-451f-a047-ace06300558b ] Request (FlavorsAdminTestJSON:_run_cleanups): 200 GET http://10.180.1.21/compute/v2.1/flavors/detail 3.639s
2025-11-21 00:23:41.940 65717 INFO tempest.lib.common.rest_client [req-c71312d2-9c28-4363-b2ed-bb1f4c361128 req-c71312d2-9c28-4363-b2ed-bb1f4c361128 ] Request (FlavorsAccessNegativeTestJSON:test_remove_flavor_access_not_found): 200 POST http://10.180.1.21/compute/v2.1/flavors 3.653s
2025-11-21 00:23:41.945 65731 INFO tempest.lib.common.rest_client [req-6b663536-47b6-4073-92ad-3673bff75858 req-6b663536-47b6-4073-92ad-3673bff75858 ] Request (MultipleCreateNegativeTestJSON:test_max_count_non_integer): 400 POST http://10.180.1.21/compute/v2.1/servers 3.619s
2025-11-21 00:23:41.985 65687 INFO tempest.lib.common.rest_client [req-1917fe74-e5f2-44e5-a99d-b859b68503cf req-1917fe74-e5f2-44e5-a99d-b859b68503cf ] Request (QuotasAdminTestJSON:_run_cleanups): 200 PUT http://10.180.1.21/compute/v2.1/os-quota-sets/6e006825541144649522aa9010f29401 3.777s
2025-11-21 00:23:42.013 65705 INFO tempest.lib.common.rest_client [req-56f9e617-ee7b-46e9-bcb8-655f18d3cf3a req-56f9e617-ee7b-46e9-bcb8-655f18d3cf3a ] Request (KeyPairsNegativeTestJSON:tearDownClass): 204 DELETE http://10.180.1.21/identity/v3/users/e915cd7ab8b9404692a10171e4aad754 0.131s
2025-11-21 00:23:42.013 65705 INFO tempest.lib.common.dynamic_creds [-] Deleting project and security group for project: 3f3a4fdb750c4bb9a8fb0b12e6e80f90
2025-11-21 00:23:42.026 65731 INFO tempest.lib.common.rest_client [req-be429c3a-b861-4522-8891-e34486431a23 req-be429c3a-b861-4522-8891-e34486431a23 ] Request (MultipleCreateNegativeTestJSON:test_min_count_less_than_one): 201 POST http://10.180.1.21/identity/v3/auth/tokens 0.077s
2025-11-21 00:23:42.027 65731 INFO tempest.lib.common.fixed_network [-] (MultipleCreateNegativeTestJSON:test_min_count_less_than_one) Found network None available for tenant
2025-11-21 00:23:42.085 65745 INFO tempest.lib.common.rest_client [req-05206704-bd5d-4186-bebf-2512d4955d94 req-05206704-bd5d-4186-bebf-2512d4955d94 ] Request (ServerActionsV293TestJSON:setUpClass): 200 GET http://10.180.1.21/compute/v2.1/servers/143b2e2a-19ca-4054-9457-c5a0221aa11b 3.538s
2025-11-21 00:23:42.097 65705 INFO tempest.lib.common.rest_client [req-3c7bf773-f318-4975-8dee-d35ea76280d1 req-3c7bf773-f318-4975-8dee-d35ea76280d1 ] Request (KeyPairsNegativeTestJSON:tearDownClass): 201 POST http://10.180.1.21/identity/v3/auth/tokens 0.083s
2025-11-21 00:23:42.119 65701 INFO tempest.lib.common.rest_client [req-0925245a-ea46-46a9-bb2f-37d0251c818d req-0925245a-ea46-46a9-bb2f-37d0251c818d ] Request (MigrationsAdminTest:test_list_migrations_in_flavor_resize_situation): 200 GET http://10.180.1.21/compute/v2.1/servers/9a2569f3-a810-4b33-ac39-2ce564063b4f 3.744s
2025-11-21 00:23:42.143 65687 INFO tempest.lib.common.rest_client [req-ab9898bb-fd3b-4511-9c7b-3e2e62930710 req-ab9898bb-fd3b-4511-9c7b-3e2e62930710 ] Request (QuotasAdminTestJSON:tearDownClass): 204 DELETE http://10.180.1.21/identity/v3/users/4ab684d990a046b8a7e395669efbd0c3 0.153s
2025-11-21 00:23:42.164 65721 INFO tempest.lib.common.rest_client [req-5569675c-9b6e-4a51-a072-882cebc6e661 req-5569675c-9b6e-4a51-a072-882cebc6e661 ] Request (ImagesOneServerTestJSON:test_create_delete_image): 200 GET http://10.180.1.21/compute/v2.1/images/dbab483f-8b86-48a2-ab59-83653182c9c5 3.521s
