2025-11-21 00:23:23.858 65745 INFO tempest.lib.common.rest_client [req-8a95869e-c930-49f4-bfe8-6b2b2a0a8a40 req-8a95869e-c930-49f4-bfe8-6b2b2a0a8a40 ] Request (ServerActionsV293TestJSON:setUpClass): 200 GET http://10.180.1.21/volume/v3/volumes/2ab64f8d-a8c1-46a9-9e1e-13f1eff61d6d 0.038s
2025-11-21 00:23:23.865 65745 INFO tempest.common.waiters [-] volume 2ab64f8d-a8c1-46a9-9e1e-13f1eff61d6d reached available after waiting for 20.865829 seconds
2025-11-21 00:23:24.712 65683 INFO tempest.lib.common.rest_client [req-28dd8615-8fc0-40ee-b749-4c1c701aa806 req-28dd8615-8fc0-40ee-b749-4c1c701aa806 ] Request (ServersAdminTestJSON:setUpClass): 200 PUT http://10.180.1.21/networking/v2.0/routers/bddb0a77-68c8-41f6-8320-ce9d240c827e/add_router_interface 1.459s
2025-11-21 00:23:24.712 65683 INFO tempest.lib.common.dynamic_creds [-] Created isolated network resources for: credentials: Credentials: {'domain_id': 'default', 'domain_name': 'Default', 'username': 'tempest-ServersAdminTestJSON-1209709608-project-admin', 'project_domain_id': 'default', 'project_domain_name': 'Default', 'project_id': 'b0bfc5378a65416cbed1cfcce61e796e', 'project_name': 'tempest-ServersAdminTestJSON-1209709608', 'tenant_id': 'b0bfc5378a65416cbed1cfcce61e796e', 'tenant_name': 'tempest-ServersAdminTestJSON-1209709608', 'user_domain_id': 'default', 'user_domain_name': 'Default', 'user_id': '04f9e787d167472b9f42d63bc0538e06', 'system': None}, Network: {'id': 'fcf13248-62c5-4580-82bc-5e9b2800be4c', 'name': 'tempest-ServersAdminTestJSON-2045968993-network', 'tenant_id': 'b0bfc5378a65416cbed1cfcce61e796e', 'project_id': 'b0bfc5378a65416cbed1cfcce61e796e', 'admin_state_up': True, 'mtu': 8950, 'status': 'ACTIVE', 'subnets': [], 'shared': False, 'port_security_enabled': True, 'router:external': False, 'provider:network_type': 'vlan', 'provider:physical_network': 'default', 'provider:segmentation_id': 722, 'availability_zone_hints': [], 'availability_zones': [], 'ipv4_address_scope': None, 'ipv6_address_scope': None, 'description': '', 'tags': [], 'created_at': '2025-11-21T00:23:21Z', 'updated_at': '2025-11-21T00:23:21Z', 'revision_number': 1}, Subnet: {'id': '7f4aa640-6fd9-4259-bc5e-5e036c550011', 'name': 'tempest-ServersAdminTestJSON-2045968993-subnet', 'tenant_id': 'b0bfc5378a65416cbed1cfcce61e796e', 'network_id': 'fcf13248-62c5-4580-82bc-5e9b2800be4c', 'ip_version': 4, 'subnetpool_id': None, 'enable_dhcp': True, 'ipv6_ra_mode': None, 'ipv6_address_mode': None, 'gateway_ip': '192.168.128.1', 'cidr': '192.168.128.0/28', 'allocation_pools': [{'start': '192.168.128.2', 'end': '192.168.128.14'}], 'host_routes': [], 'dns_nameservers': [], 'description': '', 'router:external': False, 'service_types': [], 'tags': [], 'created_at': '2025-11-21T00:23:22Z', 'updated_at': '2025-11-21T00:23:22Z', 'revision_number': 0, 'project_id': 'b0bfc5378a65416cbed1cfcce61e796e'}, Router: {'id': 'bddb0a77-68c8-41f6-8320-ce9d240c827e', 'name': 'tempest-ServersAdminTestJSON-2045968993-router', 'tenant_id': 'b0bfc5378a65416cbed1cfcce61e796e', 'admin_state_up': True, 'status': 'ACTIVE', 'external_gateway_info': {'network_id': '2c023bc8-c91a-448d-b974-6b23926ba6e6', 'external_fixed_ips': [{'subnet_id': '8abbb223-5f13-42e7-af42-53eaf281a914', 'ip_address': '10.180.180.223'}], 'enable_snat': True}, 'description': '', 'availability_zones': [], 'distributed': False, 'ha': False, 'availability_zone_hints': [], 'routes': [], 'flavor_id': None, 'tags': [], 'created_at': '2025-11-21T00:23:22Z', 'updated_at': '2025-11-21T00:23:22Z', 'revision_number': 2, 'project_id': 'b0bfc5378a65416cbed1cfcce61e796e'}
2025-11-21 00:23:24.801 65691 INFO tempest.lib.common.rest_client [req-dbfca336-e198-4dff-ad52-cc2fe06268e0 req-dbfca336-e198-4dff-ad52-cc2fe06268e0 ] Request (FloatingIPsAssociationTestJSON:setUpClass): 200 GET http://10.180.1.21/compute/v2.1/servers/541b6c6a-61ce-48c6-aeff-74e30ed75ff8 7.382s
2025-11-21 00:23:24.810 65691 INFO tempest.common.waiters [-] State transition "BUILD/block_device_mapping" ==> "BUILD/spawning" after 14 second wait
2025-11-21 00:23:24.819 65683 INFO tempest.lib.common.rest_client [req-e5be6109-9388-4eda-b818-9273fd954f17 req-e5be6109-9388-4eda-b818-9273fd954f17 ] Request (ServersAdminTestJSON:setUpClass): 201 POST http://10.180.1.21/identity/v3/auth/tokens 0.101s
2025-11-21 00:23:24.824 65727 INFO tempest.lib.common.rest_client [req-907a0234-1663-4e76-8557-2b6162b8f576 req-907a0234-1663-4e76-8557-2b6162b8f576 ] Request (FlavorsV2TestJSON:test_list_flavors_limit_results): 200 GET http://10.180.1.21/compute/v2.1/flavors?limit=1 7.303s
2025-11-21 00:23:24.878 65695 INFO tempest.lib.common.rest_client [req-3d2e9384-e140-47da-ab6e-81ef8ce1e29e req-3d2e9384-e140-47da-ab6e-81ef8ce1e29e ] Request (VolumesTestJSON:test_volume_list_with_detail_param_limit): 200 GET http://10.180.1.21/compute/v2.1/os-volumes/detail?limit=2 7.284s
2025-11-21 00:23:24.911 65711 INFO tempest.lib.common.rest_client [req-d35611d6-99a4-440f-9ce8-9d15c2b41905 req-d35611d6-99a4-440f-9ce8-9d15c2b41905 ] Request (ImagesMetadataNegativeTestJSON:test_update_nonexistent_image_metadata): 404 POST http://10.180.1.21/compute/v2.1/images/d164e5f8-19fd-4d2b-a780-937ff424bd93/metadata 7.303s
2025-11-21 00:23:24.925 65683 INFO tempest.lib.common.rest_client [req-7d2bff6c-8867-4535-b5a7-50b0e41d08e1 req-7d2bff6c-8867-4535-b5a7-50b0e41d08e1 ] Request (ServersAdminTestJSON:setUpClass): 201 POST http://10.180.1.21/identity/v3/auth/tokens 0.100s
2025-11-21 00:23:24.925 65683 INFO tempest.lib.common.fixed_network [-] (ServersAdminTestJSON:setUpClass) Found network {'id': 'e4a1af23-218a-4393-af47-5e9f7ff51a8c', 'name': 'tempest-ServersAdminTestJSON-1651951355-network', 'tenant_id': '9df8c74597a74b6590cd87fce8a9fb53', 'project_id': '9df8c74597a74b6590cd87fce8a9fb53', 'admin_state_up': True, 'mtu': 8950, 'status': 'ACTIVE', 'subnets': [], 'shared': False, 'port_security_enabled': True, 'router:external': False, 'provider:network_type': 'vlan', 'provider:physical_network': 'default', 'provider:segmentation_id': 230, 'availability_zone_hints': [], 'availability_zones': [], 'ipv4_address_scope': None, 'ipv6_address_scope': None, 'description': '', 'tags': [], 'created_at': '2025-11-21T00:23:17Z', 'updated_at': '2025-11-21T00:23:17Z', 'revision_number': 1} available for tenant
2025-11-21 00:23:24.935 65733 INFO tempest.lib.common.rest_client [req-1d701e16-86a8-483d-a202-15f5fc7f6e72 req-1d701e16-86a8-483d-a202-15f5fc7f6e72 ] Request (ImagesOneServerNegativeTestJSON:setUp): 200 GET http://10.180.1.21/compute/v2.1/servers/a1a55fcd-64c2-43d1-9c10-458acd63b013 7.418s
2025-11-21 00:23:24.963 65735 INFO tempest.lib.common.rest_client [req-8334f3a1-416a-48c6-87ba-6fc7389641e3 req-8334f3a1-416a-48c6-87ba-6fc7389641e3 ] Request (ServerGroupTestJSON:test_create_delete_server_group_with_anti_affinity_policy): 204 DELETE http://10.180.1.21/compute/v2.1/os-server-groups/0ec53d18-a3bd-4532-b519-5909eda7588d 7.346s
2025-11-21 00:23:25.095 65711 INFO tempest.lib.common.rest_client [req-9bdb85cc-0063-4841-922b-e1dfada92e3c req-9bdb85cc-0063-4841-922b-e1dfada92e3c ] Request (ImagesMetadataNegativeTestJSON:tearDownClass): 204 DELETE http://10.180.1.21/identity/v3/users/54857aa848724f989a3bf5a5adf830b4 0.182s
2025-11-21 00:23:25.095 65711 INFO tempest.lib.common.dynamic_creds [-] Deleting project and security group for project: 21f9040e633242f580ffb392ab1792f9
2025-11-21 00:23:25.139 65709 INFO tempest.lib.common.rest_client [req-a6233d8d-8f4a-4c7a-b5de-aea8e7da3ada req-a6233d8d-8f4a-4c7a-b5de-aea8e7da3ada ] Request (ServerDiagnosticsV248Test:test_get_server_diagnostics): 200 GET http://10.180.1.21/compute/v2.1/servers/12a84d5a-06bf-48b1-ace5-4e574c478fae 6.648s
2025-11-21 00:23:25.152 65709 INFO tempest.common.waiters [-] State transition "BUILD/None" ==> "BUILD/networking" after 13 second wait
2025-11-21 00:23:25.172 65731 INFO tempest.lib.common.rest_client [req-a3b2059e-fc5f-4065-9df8-d4c57ba819da req-a3b2059e-fc5f-4065-9df8-d4c57ba819da ] Request (ImagesMetadataTestJSON:test_update_image_metadata): 200 GET http://10.180.1.21/compute/v2.1/images/b4d766f6-3f12-40d9-90b7-85817462d5dc/metadata 6.538s
2025-11-21 00:23:25.184 65711 INFO tempest.lib.common.rest_client [req-d19ad78d-de1e-4b44-b738-438357950a15 req-d19ad78d-de1e-4b44-b738-438357950a15 ] Request (ImagesMetadataNegativeTestJSON:tearDownClass): 201 POST http://10.180.1.21/identity/v3/auth/tokens 0.089s
2025-11-21 00:23:25.286 65731 INFO tempest.lib.common.rest_client [req-8eebf884-fdb7-4731-96a8-b6fb9b198413 req-8eebf884-fdb7-4731-96a8-b6fb9b198413 ] Request (ImagesMetadataTestJSON:tearDownClass): 204 DELETE http://10.180.1.21/image/v2/images/b4d766f6-3f12-40d9-90b7-85817462d5dc 0.110s
2025-11-21 00:23:25.395 65731 INFO tempest.lib.common.rest_client [req-6708f381-8577-45a3-9b0b-4990e954cb8c req-6708f381-8577-45a3-9b0b-4990e954cb8c ] Request (ImagesMetadataTestJSON:tearDownClass): 204 DELETE http://10.180.1.21/identity/v3/users/1f8046b2e9b04d70addeaa59110e64b6 0.108s
2025-11-21 00:23:25.396 65731 INFO tempest.lib.common.dynamic_creds [-] Deleting project and security group for project: e140b764d30c415ebb619efc52c96299
2025-11-21 00:23:25.443 65741 INFO tempest.lib.common.rest_client [req-23ef2f00-0c17-4cd2-9d1a-4033bdbaf2ed req-23ef2f00-0c17-4cd2-9d1a-4033bdbaf2ed ] Request (AttachVolumeShelveTestJSON:test_attach_volume_shelved_or_offload_server): 200 GET http://10.180.1.21/compute/v2.1/servers/09682f73-0189-4025-aa18-097a79d1e13e 6.106s
2025-11-21 00:23:25.478 65711 INFO tempest.lib.common.rest_client [req-671ea53b-8362-40a1-b3f0-eced29eac20c req-671ea53b-8362-40a1-b3f0-eced29eac20c ] Request (ImagesMetadataNegativeTestJSON:tearDownClass): 200 GET http://10.180.1.21/networking/v2.0/security-groups?tenant_id=21f9040e633242f580ffb392ab1792f9&name=default 0.293s
2025-11-21 00:23:25.489 65731 INFO tempest.lib.common.rest_client [req-53c38225-c5eb-447e-b9ac-8af31d58b03e req-53c38225-c5eb-447e-b9ac-8af31d58b03e ] Request (ImagesMetadataTestJSON:tearDownClass): 201 POST http://10.180.1.21/identity/v3/auth/tokens 0.093s
2025-11-21 00:23:25.600 65711 INFO tempest.lib.common.rest_client [req-37f4af2b-5da8-48b5-97e3-84a07ecf451b req-37f4af2b-5da8-48b5-97e3-84a07ecf451b ] Request (ImagesMetadataNegativeTestJSON:tearDownClass): 204 DELETE http://10.180.1.21/networking/v2.0/security-groups/f9106cf3-e859-48d1-8a10-bf50f09c7e7d 0.122s
2025-11-21 00:23:25.620 65687 INFO tempest.lib.common.rest_client [req-3bf591fc-f755-45da-825d-4ad68449298d req-3bf591fc-f755-45da-825d-4ad68449298d ] Request (QuotasAdminTestJSON:test_get_updated_quotas): 200 GET http://10.180.1.21/compute/v2.1/os-quota-sets/9815569bab864f1cb4b5e4f72fd70b97?user_id=c62622dc070e48f09a752d8fda5333d7 6.208s
2025-11-21 00:23:25.679 65711 INFO tempest.lib.common.rest_client [req-697cd101-a490-404c-ab3a-f7cabe7ebec2 req-697cd101-a490-404c-ab3a-f7cabe7ebec2 ] Request (ImagesMetadataNegativeTestJSON:tearDownClass): 204 DELETE http://10.180.1.21/identity/v3/projects/21f9040e633242f580ffb392ab1792f9 0.078s
2025-11-21 00:23:25.791 65711 INFO tempest.lib.common.rest_client [req-3b174eb5-46b3-469e-9634-17c677a4e303 req-3b174eb5-46b3-469e-9634-17c677a4e303 ] Request (ServerAddressesNegativeTestJSON:setUpClass): 201 POST http://10.180.1.21/identity/v3/auth/tokens 0.111s
2025-11-21 00:23:25.859 65687 INFO tempest.lib.common.rest_client [req-d5310136-3b83-43ff-b792-8a634c7202aa req-d5310136-3b83-43ff-b792-8a634c7202aa ] Request (QuotasAdminTestJSON:_run_cleanups): 204 DELETE http://10.180.1.21/identity/v3/users/c62622dc070e48f09a752d8fda5333d7 0.236s
2025-11-21 00:23:25.885 65711 INFO tempest.lib.common.rest_client [req-3173d895-ef9f-486b-ac11-c6a5a26a4d18 req-3173d895-ef9f-486b-ac11-c6a5a26a4d18 ] Request (ServerAddressesNegativeTestJSON:setUpClass): 201 POST http://10.180.1.21/identity/v3/auth/tokens 0.089s
2025-11-21 00:23:25.910 65731 INFO tempest.lib.common.rest_client [req-b6da6d5a-d97b-4a39-b428-8ebb6ff6ed25 req-b6da6d5a-d97b-4a39-b428-8ebb6ff6ed25 ] Request (ImagesMetadataTestJSON:tearDownClass): 200 GET http://10.180.1.21/networking/v2.0/security-groups?tenant_id=e140b764d30c415ebb619efc52c96299&name=default 0.420s
2025-11-21 00:23:25.994 65711 INFO tempest.lib.common.rest_client [req-162c421a-ce4e-4670-9d61-1a08ced70f1e req-162c421a-ce4e-4670-9d61-1a08ced70f1e ] Request (ServerAddressesNegativeTestJSON:setUpClass): 200 GET http://10.180.1.21/identity/v3/domains?name=Default 0.108s
2025-11-21 00:23:26.039 65711 INFO tempest.lib.common.rest_client [req-95c1be35-7de9-4bb1-a721-d204a53fd423 req-95c1be35-7de9-4bb1-a721-d204a53fd423 ] Request (ServerAddressesNegativeTestJSON:setUpClass): 201 POST http://10.180.1.21/identity/v3/projects 0.044s
2025-11-21 00:23:26.045 65697 INFO tempest.lib.common.rest_client [req-b6b2c742-83b7-49c1-aa6c-3d2587a751e3 req-b6b2c742-83b7-49c1-aa6c-3d2587a751e3 ] Request (ServerDiagnosticsTest:test_get_server_diagnostics): 202 POST http://10.180.1.21/compute/v2.1/servers 8.032s
2025-11-21 00:23:26.074 65687 INFO tempest.lib.common.rest_client [req-6dfebb47-b53a-4c06-9def-bb066fd35f81 req-6dfebb47-b53a-4c06-9def-bb066fd35f81 ] Request (QuotasAdminTestJSON:_run_cleanups): 204 DELETE http://10.180.1.21/identity/v3/projects/9815569bab864f1cb4b5e4f72fd70b97 0.214s
2025-11-21 00:23:26.142 65711 INFO tempest.lib.common.rest_client [req-d6967716-6854-4aa9-a619-71b29e6b8e60 req-d6967716-6854-4aa9-a619-71b29e6b8e60 ] Request (ServerAddressesNegativeTestJSON:setUpClass): 201 POST http://10.180.1.21/identity/v3/users 0.102s
2025-11-21 00:23:26.188 65731 INFO tempest.lib.common.rest_client [req-3f334b0d-2966-4b1a-a852-94fe85fdb270 req-3f334b0d-2966-4b1a-a852-94fe85fdb270 ] Request (ImagesMetadataTestJSON:tearDownClass): 204 DELETE http://10.180.1.21/networking/v2.0/security-groups/bf78d900-062d-488a-8523-796306c7c4c5 0.277s
2025-11-21 00:23:26.204 65711 INFO tempest.lib.common.rest_client [req-030c701d-16cb-4b1b-bc79-636b6d176819 req-030c701d-16cb-4b1b-bc79-636b6d176819 ] Request (ServerAddressesNegativeTestJSON:setUpClass): 200 GET http://10.180.1.21/identity/v3/roles 0.061s
2025-11-21 00:23:26.237 65711 INFO tempest.lib.common.rest_client [req-a39ac1d6-d6ba-45d1-abb1-b971a8c7a84d req-a39ac1d6-d6ba-45d1-abb1-b971a8c7a84d ] Request (ServerAddressesNegativeTestJSON:setUpClass): 204 PUT http://10.180.1.21/identity/v3/projects/ca0cbf29f7174ac3b07ecc44ab5e2106/users/52236652b9b64fb99ee7328f46302f1e/roles/803eee7212bd470d9ac0199b6a65dfa5 0.033s
2025-11-21 00:23:26.237 65711 INFO tempest.lib.common.dynamic_creds [-] Dynamic test user 52236652b9b64fb99ee7328f46302f1e is created with scope project and roles: ['member']
2025-11-21 00:23:26.237 65711 INFO tempest.lib.common.dynamic_creds [-] Acquired dynamic creds: credentials: Credentials: {'domain_id': 'default', 'domain_name': 'Default', 'username': 'tempest-ServerAddressesNegativeTestJSON-223396476-project-member', 'project_domain_id': 'default', 'project_domain_name': 'Default', 'project_id': 'ca0cbf29f7174ac3b07ecc44ab5e2106', 'project_name': 'tempest-ServerAddressesNegativeTestJSON-223396476', 'tenant_id': 'ca0cbf29f7174ac3b07ecc44ab5e2106', 'tenant_name': 'tempest-ServerAddressesNegativeTestJSON-223396476', 'user_domain_id': 'default', 'user_domain_name': 'Default', 'user_id': '52236652b9b64fb99ee7328f46302f1e', 'system': None}, Network: None, Subnet: None, Router: None
2025-11-21 00:23:26.267 65701 INFO tempest.lib.common.rest_client [req-fb781da5-2357-4444-875b-c0e2f1590cf9 req-fb781da5-2357-4444-875b-c0e2f1590cf9 ] Request (MigrationsAdminTest:test_list_migrations_in_flavor_resize_situation): 200 GET http://10.180.1.21/compute/v2.1/servers/9a2569f3-a810-4b33-ac39-2ce564063b4f 6.471s
2025-11-21 00:23:26.281 65701 INFO tempest.common.waiters [-] State transition "RESIZE/resize_migrated" ==> "RESIZE/resize_finish" after 20 second wait
2025-11-21 00:23:26.283 65739 INFO tempest.lib.common.rest_client [req-a3e57501-fc3e-4ccf-a569-f73b0d139ede req-a3e57501-fc3e-4ccf-a569-f73b0d139ede ] Request (ServersTestMultiNic:_run_cleanups): 200 GET http://10.180.1.21/compute/v2.1/servers/5e853d44-9579-4210-a876-09bb8511f43e 6.128s
2025-11-21 00:23:26.293 65731 INFO tempest.lib.common.rest_client [req-16e67b4e-3fb6-46d2-bbbb-989e73bf09eb req-16e67b4e-3fb6-46d2-bbbb-989e73bf09eb ] Request (ImagesMetadataTestJSON:tearDownClass): 204 DELETE http://10.180.1.21/identity/v3/projects/e140b764d30c415ebb619efc52c96299 0.105s
2025-11-21 00:23:26.294 65739 INFO tempest.common.waiters [-] State transition "ACTIVE/deleting" ==> "DELETED/None" after 7 second wait
2025-11-21 00:23:26.315 65711 INFO tempest.lib.common.rest_client [req-241ad6e0-348a-4c7a-a725-794130b7f456 req-241ad6e0-348a-4c7a-a725-794130b7f456 ] Request (ServerAddressesNegativeTestJSON:setUpClass): 201 POST http://10.180.1.21/identity/v3/auth/tokens 0.077s
2025-11-21 00:23:26.327 65731 INFO tempest.lib.common.rest_client [req-664d850d-2633-4a16-9f31-05c14c24c30a req-664d850d-2633-4a16-9f31-05c14c24c30a ] Request (MultipleCreateNegativeTestJSON:setUpClass): 201 POST http://10.180.1.21/identity/v3/auth/tokens 0.029s
2025-11-21 00:23:26.360 65731 INFO tempest.lib.common.rest_client [req-e340dd36-1329-4a3e-a2e0-d63ed22da051 req-e340dd36-1329-4a3e-a2e0-d63ed22da051 ] Request (MultipleCreateNegativeTestJSON:setUpClass): 201 POST http://10.180.1.21/identity/v3/auth/tokens 0.030s
2025-11-21 00:23:26.390 65731 INFO tempest.lib.common.rest_client [req-d67217db-f343-4191-b91d-f6c01bbd7d34 req-d67217db-f343-4191-b91d-f6c01bbd7d34 ] Request (MultipleCreateNegativeTestJSON:setUpClass): 200 GET http://10.180.1.21/identity/v3/domains?name=Default 0.030s
2025-11-21 00:23:26.430 65731 INFO tempest.lib.common.rest_client [req-7d353c6e-1e08-4b16-a97a-dd33d4090101 req-7d353c6e-1e08-4b16-a97a-dd33d4090101 ] Request (MultipleCreateNegativeTestJSON:setUpClass): 201 POST http://10.180.1.21/identity/v3/projects 0.039s
2025-11-21 00:23:26.496 65731 INFO tempest.lib.common.rest_client [req-6adb1762-0a79-4a2f-ae91-72609d4ba57e req-6adb1762-0a79-4a2f-ae91-72609d4ba57e ] Request (MultipleCreateNegativeTestJSON:setUpClass): 201 POST http://10.180.1.21/identity/v3/users 0.065s
2025-11-21 00:23:26.523 65731 INFO tempest.lib.common.rest_client [req-9361135e-e1f1-426e-aa97-e25f78c353a7 req-9361135e-e1f1-426e-aa97-e25f78c353a7 ] Request (MultipleCreateNegativeTestJSON:setUpClass): 200 GET http://10.180.1.21/identity/v3/roles 0.026s
2025-11-21 00:23:26.565 65731 INFO tempest.lib.common.rest_client [req-58300e6f-754c-409f-a743-38281c21b589 req-58300e6f-754c-409f-a743-38281c21b589 ] Request (MultipleCreateNegativeTestJSON:setUpClass): 204 PUT http://10.180.1.21/identity/v3/projects/e5e058429c644cc99a142d2abc9736d5/users/81f4437400dd4375a856a43021b90206/roles/803eee7212bd470d9ac0199b6a65dfa5 0.041s
2025-11-21 00:23:26.567 65731 INFO tempest.lib.common.dynamic_creds [-] Dynamic test user 81f4437400dd4375a856a43021b90206 is created with scope project and roles: ['member']
2025-11-21 00:23:26.567 65731 INFO tempest.lib.common.dynamic_creds [-] Acquired dynamic creds: credentials: Credentials: {'domain_id': 'default', 'domain_name': 'Default', 'username': 'tempest-MultipleCreateNegativeTestJSON-1538371580-project-member', 'project_domain_id': 'default', 'project_domain_name': 'Default', 'project_id': 'e5e058429c644cc99a142d2abc9736d5', 'project_name': 'tempest-MultipleCreateNegativeTestJSON-1538371580', 'tenant_id': 'e5e058429c644cc99a142d2abc9736d5', 'tenant_name': 'tempest-MultipleCreateNegativeTestJSON-1538371580', 'user_domain_id': 'default', 'user_domain_name': 'Default', 'user_id': '81f4437400dd4375a856a43021b90206', 'system': None}, Network: None, Subnet: None, Router: None
2025-11-21 00:23:26.567 65731 INFO tempest.lib.common.dynamic_creds [-] Created isolated network resources for: credentials: Credentials: {'domain_id': 'default', 'domain_name': 'Default', 'username': 'tempest-MultipleCreateNegativeTestJSON-1538371580-project-member', 'project_domain_id': 'default', 'project_domain_name': 'Default', 'project_id': 'e5e058429c644cc99a142d2abc9736d5', 'project_name': 'tempest-MultipleCreateNegativeTestJSON-1538371580', 'tenant_id': 'e5e058429c644cc99a142d2abc9736d5', 'tenant_name': 'tempest-MultipleCreateNegativeTestJSON-1538371580', 'user_domain_id': 'default', 'user_domain_name': 'Default', 'user_id': '81f4437400dd4375a856a43021b90206', 'system': None}, Network: None, Subnet: None, Router: None
2025-11-21 00:23:26.667 65731 INFO tempest.lib.common.rest_client [req-e3e2ea8d-4afe-444e-8cfb-e3eefba8dba2 req-e3e2ea8d-4afe-444e-8cfb-e3eefba8dba2 ] Request (MultipleCreateNegativeTestJSON:setUpClass): 201 POST http://10.180.1.21/identity/v3/auth/tokens 0.095s
2025-11-21 00:23:26.699 65731 INFO tempest.lib.common.rest_client [req-735c4be8-6a3b-4ead-adf4-6fe3a6821a3b req-735c4be8-6a3b-4ead-adf4-6fe3a6821a3b ] Request (MultipleCreateNegativeTestJSON:test_max_count_less_than_min_count): 201 POST http://10.180.1.21/identity/v3/auth/tokens 0.028s
2025-11-21 00:23:26.699 65731 INFO tempest.lib.common.fixed_network [-] (MultipleCreateNegativeTestJSON:test_max_count_less_than_min_count) Found network None available for tenant
2025-11-21 00:23:26.736 65711 INFO tempest.lib.common.rest_client [req-4ffaa5ec-b314-4d6b-9e9f-8499883b386d req-4ffaa5ec-b314-4d6b-9e9f-8499883b386d ] Request (ServerAddressesNegativeTestJSON:setUpClass): 201 POST http://10.180.1.21/networking/v2.0/networks 0.420s
2025-11-21 00:23:26.849 65715 INFO tempest.lib.common.rest_client [req-b4deb1d9-a6c8-4e0a-ab17-3c33ba5f8a98 req-b4deb1d9-a6c8-4e0a-ab17-3c33ba5f8a98 ] Request (AttachInterfacesUnderV243Test:test_add_remove_fixed_ip): 200 GET http://10.180.1.21/compute/v2.1/servers/547a3619-d440-4dcd-ad97-56899b49d3ec 6.171s
2025-11-21 00:23:26.861 65715 INFO tempest.common.waiters [-] State transition "BUILD/None" ==> "BUILD/spawning" after 15 second wait
2025-11-21 00:23:26.866 65703 INFO tempest.lib.common.rest_client [req-2fc429d3-42b0-4ede-abce-8f8cd6a2b84d req-2fc429d3-42b0-4ede-abce-8f8cd6a2b84d ] Request (FlavorsAdminTestJSON:test_create_list_flavor_without_extra_data): 200 GET http://10.180.1.21/compute/v2.1/flavors/1383866852 5.905s
2025-11-21 00:23:26.908 65705 INFO tempest.lib.common.rest_client [req-d48a992d-2ec6-4b02-b61f-761881e0565d req-d48a992d-2ec6-4b02-b61f-761881e0565d ] Request (KeyPairsNegativeTestJSON:test_create_keypair_with_empty_public_key): 400 POST http://10.180.1.21/compute/v2.1/os-keypairs 5.945s
2025-11-21 00:23:26.941 65689 INFO tempest.lib.common.rest_client [req-c88d08d5-c2a7-46e0-b494-fe81ec6138a8 req-c88d08d5-c2a7-46e0-b494-fe81ec6138a8 ] Request (AggregatesAdminNegativeTestJSON:test_aggregate_delete_as_user): 200 POST http://10.180.1.21/compute/v2.1/os-aggregates 5.951s
2025-11-21 00:23:27.096 65711 INFO tempest.lib.common.rest_client [req-9d2a82a7-28c3-4bd5-819f-451278142672 req-9d2a82a7-28c3-4bd5-819f-451278142672 ] Request (ServerAddressesNegativeTestJSON:setUpClass): 201 POST http://10.180.1.21/networking/v2.0/subnets 0.359s
2025-11-21 00:23:27.126 65717 INFO tempest.lib.common.rest_client [req-80fa0ea6-01a6-4e1a-9967-e4070da02f2e req-80fa0ea6-01a6-4e1a-9967-e4070da02f2e ] Request (FlavorsAccessNegativeTestJSON:_run_cleanups): 200 POST http://10.180.1.21/compute/v2.1/flavors/1730655730/action 6.132s
2025-11-21 00:23:27.135 65707 INFO tempest.lib.common.rest_client [req-3cc62dd6-b651-4733-8e7b-f6000ac43153 req-3cc62dd6-b651-4733-8e7b-f6000ac43153 ] Request (QuotasAdminNegativeTest:test_update_quota_normal_user): 403 PUT http://10.180.1.21/compute/v2.1/os-quota-sets/2cf11a72e3b1448f903b77e40d3a52c7 5.896s
2025-11-21 00:23:27.152 65699 INFO tempest.lib.common.rest_client [req-5872a05c-66dd-4e58-a1a4-1c33819e3dcb req-5872a05c-66dd-4e58-a1a4-1c33819e3dcb ] Request (ImagesDeleteNegativeTestJSON:test_delete_image_with_invalid_image_id): 404 DELETE http://10.180.1.21/compute/v2.1/images/tempest-invalid-1226540550 5.898s
2025-11-21 00:23:27.177 65725 INFO tempest.lib.common.rest_client [req-50e1e0a0-83b8-4f78-9b4f-940079b6743e req-50e1e0a0-83b8-4f78-9b4f-940079b6743e ] Request (DeleteServersAdminTestJSON:test_delete_server_while_in_error_state): 200 GET http://10.180.1.21/compute/v2.1/servers/4c5b857a-f957-4ac5-9f77-4616f8ad112c 6.244s
2025-11-21 00:23:27.259 65707 INFO tempest.lib.common.rest_client [req-a63a8515-4351-46fd-b07e-88dd3a43a4bc req-a63a8515-4351-46fd-b07e-88dd3a43a4bc ] Request (QuotasAdminNegativeTest:tearDownClass): 204 DELETE http://10.180.1.21/identity/v3/users/797c680b97634fd48b9d758034776d36 0.122s
2025-11-21 00:23:27.384 65719 INFO tempest.lib.common.rest_client [req-1aac814e-c3db-49bd-85e6-123551fb85c8 req-1aac814e-c3db-49bd-85e6-123551fb85c8 ] Request (ServerAddressesTestJSON:tearDownClass): 200 GET http://10.180.1.21/compute/v2.1/servers/a09204a4-15bb-4931-9969-f43d93c2cc73 5.517s
2025-11-21 00:23:27.391 65707 INFO tempest.lib.common.rest_client [req-ec6beb08-56bd-4931-b48b-8e8c47e8717a req-ec6beb08-56bd-4931-b48b-8e8c47e8717a ] Request (QuotasAdminNegativeTest:tearDownClass): 204 DELETE http://10.180.1.21/identity/v3/users/923c728e65b043f788ba80d9c7eb8155 0.131s
2025-11-21 00:23:27.392 65707 INFO tempest.lib.common.dynamic_creds [-] Deleting project and security group for project: ca10b1b169b447eda9b381a184ba454d
2025-11-21 00:23:27.466 65743 INFO tempest.lib.common.rest_client [req-3a422843-9c9a-47b9-8ef1-975df42bec44 req-3a422843-9c9a-47b9-8ef1-975df42bec44 ] Request (SecurityGroupsTestJSON:test_security_group_create_get_delete): 404 GET http://10.180.1.21/compute/v2.1/os-security-groups/1e1a1bef-d4b7-4e3f-9a57-1e79d39cc03b 5.176s
2025-11-21 00:23:27.466 65729 INFO tempest.lib.common.rest_client [req-710a9944-8c14-463e-9763-9ccd80c5a96c req-710a9944-8c14-463e-9763-9ccd80c5a96c ] Request (ImagesNegativeTestJSON:test_create_image_from_deleted_server): 200 GET http://10.180.1.21/compute/v2.1/servers/1ced673b-e8c7-4688-a943-e88927616448 5.678s
2025-11-21 00:23:27.476 65707 INFO tempest.lib.common.rest_client [req-705461ec-614f-4648-9c1b-63460f490259 req-705461ec-614f-4648-9c1b-63460f490259 ] Request (QuotasAdminNegativeTest:tearDownClass): 201 POST http://10.180.1.21/identity/v3/auth/tokens 0.084s
2025-11-21 00:23:27.476 65729 INFO tempest.common.waiters [-] State transition "BUILD/block_device_mapping" ==> "BUILD/spawning" after 16 second wait
2025-11-21 00:23:27.524 65721 INFO tempest.lib.common.rest_client [req-473b0a3c-0ae6-41f1-ab25-ad009db3c818 req-473b0a3c-0ae6-41f1-ab25-ad009db3c818 ] Request (ImagesOneServerTestJSON:test_create_delete_image): 200 GET http://10.180.1.21/compute/v2.1/images/d77ab3d7-f6b5-4ec9-98be-0c11eb87646f 4.186s
2025-11-21 00:23:27.679 65707 INFO tempest.lib.common.rest_client [req-0f0874bc-3c86-4b1a-af82-f87a2f377072 req-0f0874bc-3c86-4b1a-af82-f87a2f377072 ] Request (QuotasAdminNegativeTest:tearDownClass): 200 GET http://10.180.1.21/networking/v2.0/security-groups?tenant_id=ca10b1b169b447eda9b381a184ba454d&name=default 0.202s
2025-11-21 00:23:27.936 65707 INFO tempest.lib.common.rest_client [req-1e8c4aaf-0570-4622-8cc6-b6ca4a420a79 req-1e8c4aaf-0570-4622-8cc6-b6ca4a420a79 ] Request (QuotasAdminNegativeTest:tearDownClass): 204 DELETE http://10.180.1.21/networking/v2.0/security-groups/e6e19abc-480a-43c0-a536-4864f5bd23a2 0.257s
2025-11-21 00:23:28.024 65707 INFO tempest.lib.common.rest_client [req-a0f61e82-5828-4f30-aff5-464ee6ba2c36 req-a0f61e82-5828-4f30-aff5-464ee6ba2c36 ] Request (QuotasAdminNegativeTest:tearDownClass): 204 DELETE http://10.180.1.21/identity/v3/projects/ca10b1b169b447eda9b381a184ba454d 0.088s
2025-11-21 00:23:28.024 65707 INFO tempest.lib.common.dynamic_creds [-] Deleting project and security group for project: 2cf11a72e3b1448f903b77e40d3a52c7
2025-11-21 00:23:28.045 65685 INFO tempest.lib.common.rest_client [req-ca9c0a82-430c-4874-a4f2-d463551c20a9 req-ca9c0a82-430c-4874-a4f2-d463551c20a9 ] Request (ServersWithSpecificFlavorTestJSON:test_verify_created_server_ephemeral_disk): 200 GET http://10.180.1.21/compute/v2.1/servers/ee015cb1-7ba9-480f-a0f2-ca83561afa3c 5.049s
2025-11-21 00:23:28.053 65685 INFO tempest.common.waiters [-] State transition "BUILD/spawning" ==> "ACTIVE/None" after 19 second wait
2025-11-21 00:23:28.076 65713 INFO tempest.lib.common.rest_client [req-646ca798-616e-400e-9317-be27673685eb req-646ca798-616e-400e-9317-be27673685eb ] Request (ImagesTestJSON:test_create_image_from_stopped_server): 200 GET http://10.180.1.21/compute/v2.1/servers/84029e84-e276-4696-8b99-febd3276c616 4.645s
2025-11-21 00:23:28.077 65711 INFO tempest.lib.common.rest_client [req-41d8b8fa-f78d-408d-a94e-684ed371f18a req-41d8b8fa-f78d-408d-a94e-684ed371f18a ] Request (ServerAddressesNegativeTestJSON:setUpClass): 201 POST http://10.180.1.21/networking/v2.0/routers 0.981s
2025-11-21 00:23:28.091 65713 INFO tempest.common.waiters [-] State transition "BUILD/None" ==> "BUILD/spawning" after 16 second wait
2025-11-21 00:23:28.302 65707 INFO tempest.lib.common.rest_client [req-0dc571b6-f97e-4ea6-ac01-5b056d775ec5 req-0dc571b6-f97e-4ea6-ac01-5b056d775ec5 ] Request (QuotasAdminNegativeTest:tearDownClass): 200 GET http://10.180.1.21/networking/v2.0/security-groups?tenant_id=2cf11a72e3b1448f903b77e40d3a52c7&name=default 0.277s
2025-11-21 00:23:28.323 65693 INFO tempest.lib.common.rest_client [req-30066299-9ef4-4a6a-b933-30a6143c5d14 req-30066299-9ef4-4a6a-b933-30a6143c5d14 ] Request (ServerActionsTestOtherB:setUpClass): 200 POST http://10.180.1.21/compute/v2.1/os-keypairs 4.563s
2025-11-21 00:23:28.340 65727 INFO tempest.lib.common.rest_client [req-70300a77-7ea2-47fe-83b0-e60d7fe566c1 req-70300a77-7ea2-47fe-83b0-e60d7fe566c1 ] Request (FlavorsV2TestJSON:test_list_flavors_using_marker): 200 GET http://10.180.1.21/compute/v2.1/flavors/42 3.513s
2025-11-21 00:23:28.381 65695 INFO tempest.lib.common.rest_client [req-0cfa32c4-1d42-42c5-b1da-6591e573acc4 req-0cfa32c4-1d42-42c5-b1da-6591e573acc4 ] Request (VolumesTestJSON:test_volume_list_with_detail_param_offset_and_limit): 200 GET http://10.180.1.21/compute/v2.1/os-volumes/detail 3.494s
2025-11-21 00:23:28.504 65707 INFO tempest.lib.common.rest_client [req-dd0ec8d5-3405-4620-bb95-ace1d53fb72f req-dd0ec8d5-3405-4620-bb95-ace1d53fb72f ] Request (QuotasAdminNegativeTest:tearDownClass): 204 DELETE http://10.180.1.21/networking/v2.0/security-groups/8bec7125-3117-436e-99f1-9a6b22172900 0.199s
2025-11-21 00:23:28.646 65693 INFO tempest.lib.common.rest_client [req-21aebb1f-5cc4-4534-b3cd-5b243cb7f590 req-21aebb1f-5cc4-4534-b3cd-5b243cb7f590 ] Request (ServerActionsTestOtherB:setUpClass): 201 POST http://10.180.1.21/networking/v2.0/security-groups 0.321s
2025-11-21 00:23:28.649 65707 INFO tempest.lib.common.rest_client [req-9bda943b-6913-4771-ae92-58fd11268fea req-9bda943b-6913-4771-ae92-58fd11268fea ] Request (QuotasAdminNegativeTest:tearDownClass): 204 DELETE http://10.180.1.21/identity/v3/projects/2cf11a72e3b1448f903b77e40d3a52c7 0.145s
2025-11-21 00:23:28.776 65707 INFO tempest.lib.common.rest_client [req-416a19fd-7ec6-48c9-8038-c7a3edf59c1d req-416a19fd-7ec6-48c9-8038-c7a3edf59c1d ] Request (InstanceActionsNegativeTestJSON:setUpClass): 201 POST http://10.180.1.21/identity/v3/auth/tokens 0.123s
2025-11-21 00:23:28.815 65707 INFO tempest.lib.common.rest_client [req-743720f5-f921-45ee-bf1c-2fbd4171cc09 req-743720f5-f921-45ee-bf1c-2fbd4171cc09 ] Request (InstanceActionsNegativeTestJSON:setUpClass): 201 POST http://10.180.1.21/identity/v3/auth/tokens 0.036s
2025-11-21 00:23:28.850 65707 INFO tempest.lib.common.rest_client [req-3845002d-3970-4bca-a75f-5a5acb080d2d req-3845002d-3970-4bca-a75f-5a5acb080d2d ] Request (InstanceActionsNegativeTestJSON:setUpClass): 200 GET http://10.180.1.21/identity/v3/domains?name=Default 0.035s
2025-11-21 00:23:28.914 65707 INFO tempest.lib.common.rest_client [req-740417db-46fc-4982-84f6-a81ad165bc59 req-740417db-46fc-4982-84f6-a81ad165bc59 ] Request (InstanceActionsNegativeTestJSON:setUpClass): 201 POST http://10.180.1.21/identity/v3/projects 0.064s
2025-11-21 00:23:28.945 65737 WARNING tempest.lib.common.ssh [-] Failed to establish authenticated ssh connection to cirros@10.180.180.194 ([Errno None] Unable to connect to port 22 on 10.180.180.194). Number attempts: 5. Retry after 6 seconds.: paramiko.ssh_exception.NoValidConnectionsError: [Errno None] Unable to connect to port 22 on 10.180.180.194
2025-11-21 00:23:29.003 65707 INFO tempest.lib.common.rest_client [req-cf2aabcf-cbb3-4bc3-9d1c-e7425641b2c2 req-cf2aabcf-cbb3-4bc3-9d1c-e7425641b2c2 ] Request (InstanceActionsNegativeTestJSON:setUpClass): 201 POST http://10.180.1.21/identity/v3/users 0.087s
2025-11-21 00:23:29.031 65707 INFO tempest.lib.common.rest_client [req-8aaf75a3-ca3b-479d-82e0-22052d5c0451 req-8aaf75a3-ca3b-479d-82e0-22052d5c0451 ] Request (InstanceActionsNegativeTestJSON:setUpClass): 200 GET http://10.180.1.21/identity/v3/roles 0.027s
2025-11-21 00:23:29.064 65707 INFO tempest.lib.common.rest_client [req-533af75e-41ef-403d-a690-d4351f2ea9ba req-533af75e-41ef-403d-a690-d4351f2ea9ba ] Request (InstanceActionsNegativeTestJSON:setUpClass): 204 PUT http://10.180.1.21/identity/v3/projects/8a525f9d0f4c48549c0cafe9340bb293/users/a75de5cfb37d40be9bd10b186b1e4460/roles/803eee7212bd470d9ac0199b6a65dfa5 0.032s
2025-11-21 00:23:29.064 65707 INFO tempest.lib.common.dynamic_creds [-] Dynamic test user a75de5cfb37d40be9bd10b186b1e4460 is created with scope project and roles: ['member']
2025-11-21 00:23:29.064 65707 INFO tempest.lib.common.dynamic_creds [-] Acquired dynamic creds: credentials: Credentials: {'domain_id': 'default', 'domain_name': 'Default', 'username': 'tempest-InstanceActionsNegativeTestJSON-608454440-project-member', 'project_domain_id': 'default', 'project_domain_name': 'Default', 'project_id': '8a525f9d0f4c48549c0cafe9340bb293', 'project_name': 'tempest-InstanceActionsNegativeTestJSON-608454440', 'tenant_id': '8a525f9d0f4c48549c0cafe9340bb293', 'tenant_name': 'tempest-InstanceActionsNegativeTestJSON-608454440', 'user_domain_id': 'default', 'user_domain_name': 'Default', 'user_id': 'a75de5cfb37d40be9bd10b186b1e4460', 'system': None}, Network: None, Subnet: None, Router: None
2025-11-21 00:23:29.151 65707 INFO tempest.lib.common.rest_client [req-488673a7-853e-4564-ad21-3f64d1365f5a req-488673a7-853e-4564-ad21-3f64d1365f5a ] Request (InstanceActionsNegativeTestJSON:setUpClass): 201 POST http://10.180.1.21/identity/v3/auth/tokens 0.087s
2025-11-21 00:23:29.270 65711 INFO tempest.lib.common.rest_client [req-9948b4ba-5270-4048-9662-93860f00506f req-9948b4ba-5270-4048-9662-93860f00506f ] Request (ServerAddressesNegativeTestJSON:setUpClass): 200 PUT http://10.180.1.21/networking/v2.0/routers/22f3da91-58b4-4062-a96e-a3d19b09aed5/add_router_interface 1.192s
2025-11-21 00:23:29.270 65711 INFO tempest.lib.common.dynamic_creds [-] Created isolated network resources for: credentials: Credentials: {'domain_id': 'default', 'domain_name': 'Default', 'username': 'tempest-ServerAddressesNegativeTestJSON-223396476-project-member', 'project_domain_id': 'default', 'project_domain_name': 'Default', 'project_id': 'ca0cbf29f7174ac3b07ecc44ab5e2106', 'project_name': 'tempest-ServerAddressesNegativeTestJSON-223396476', 'tenant_id': 'ca0cbf29f7174ac3b07ecc44ab5e2106', 'tenant_name': 'tempest-ServerAddressesNegativeTestJSON-223396476', 'user_domain_id': 'default', 'user_domain_name': 'Default', 'user_id': '52236652b9b64fb99ee7328f46302f1e', 'system': None}, Network: {'id': 'b29b904d-11f0-4424-9920-12438b84841c', 'name': 'tempest-ServerAddressesNegativeTestJSON-1325724399-network', 'tenant_id': 'ca0cbf29f7174ac3b07ecc44ab5e2106', 'project_id': 'ca0cbf29f7174ac3b07ecc44ab5e2106', 'admin_state_up': True, 'mtu': 8950, 'status': 'ACTIVE', 'subnets': [], 'shared': False, 'port_security_enabled': True, 'router:external': False, 'provider:network_type': 'vlan', 'provider:physical_network': 'default', 'provider:segmentation_id': 297, 'availability_zone_hints': [], 'availability_zones': [], 'ipv4_address_scope': None, 'ipv6_address_scope': None, 'description': '', 'tags': [], 'created_at': '2025-11-21T00:23:26Z', 'updated_at': '2025-11-21T00:23:26Z', 'revision_number': 1}, Subnet: {'id': '10c0d1de-d842-4c33-bd13-81c90d4e2bf6', 'name': 'tempest-ServerAddressesNegativeTestJSON-1325724399-subnet', 'tenant_id': 'ca0cbf29f7174ac3b07ecc44ab5e2106', 'network_id': 'b29b904d-11f0-4424-9920-12438b84841c', 'ip_version': 4, 'subnetpool_id': None, 'enable_dhcp': True, 'ipv6_ra_mode': None, 'ipv6_address_mode': None, 'gateway_ip': '192.168.128.1', 'cidr': '192.168.128.0/28', 'allocation_pools': [{'start': '192.168.128.2', 'end': '192.168.128.14'}], 'host_routes': [], 'dns_nameservers': [], 'description': '', 'router:external': False, 'service_types': [], 'tags': [], 'created_at': '2025-11-21T00:23:26Z', 'updated_at': '2025-11-21T00:23:26Z', 'revision_number': 0, 'project_id': 'ca0cbf29f7174ac3b07ecc44ab5e2106'}, Router: {'id': '22f3da91-58b4-4062-a96e-a3d19b09aed5', 'name': 'tempest-ServerAddressesNegativeTestJSON-1325724399-router', 'tenant_id': 'ca0cbf29f7174ac3b07ecc44ab5e2106', 'admin_state_up': True, 'status': 'ACTIVE', 'external_gateway_info': {'network_id': '2c023bc8-c91a-448d-b974-6b23926ba6e6', 'external_fixed_ips': [{'subnet_id': '8abbb223-5f13-42e7-af42-53eaf281a914', 'ip_address': '10.180.180.169'}], 'enable_snat': True}, 'description': '', 'availability_zones': [], 'distributed': False, 'ha': False, 'availability_zone_hints': [], 'routes': [], 'flavor_id': None, 'tags': [], 'created_at': '2025-11-21T00:23:27Z', 'updated_at': '2025-11-21T00:23:27Z', 'revision_number': 2, 'project_id': 'ca0cbf29f7174ac3b07ecc44ab5e2106'}
2025-11-21 00:23:29.299 65693 INFO tempest.lib.common.rest_client [req-9689a77f-a39c-4687-9c7f-bb26a28e92ec req-9689a77f-a39c-4687-9c7f-bb26a28e92ec ] Request (ServerActionsTestOtherB:setUpClass): 201 POST http://10.180.1.21/networking/v2.0/security-group-rules 0.652s
2025-11-21 00:23:29.388 65711 INFO tempest.lib.common.rest_client [req-eda78801-b220-4f95-8eb4-bb2c181b2bed req-eda78801-b220-4f95-8eb4-bb2c181b2bed ] Request (ServerAddressesNegativeTestJSON:setUpClass): 201 POST http://10.180.1.21/identity/v3/auth/tokens 0.113s
2025-11-21 00:23:29.431 65711 INFO tempest.lib.common.rest_client [req-c7e58785-133e-4a8f-801a-e93b060b56c6 req-c7e58785-133e-4a8f-801a-e93b060b56c6 ] Request (ServerAddressesNegativeTestJSON:setUpClass): 201 POST http://10.180.1.21/identity/v3/auth/tokens 0.038s
2025-11-21 00:23:29.432 65711 INFO tempest.lib.common.fixed_network [-] (ServerAddressesNegativeTestJSON:setUpClass) Found network {'id': 'b29b904d-11f0-4424-9920-12438b84841c', 'name': 'tempest-ServerAddressesNegativeTestJSON-1325724399-network', 'tenant_id': 'ca0cbf29f7174ac3b07ecc44ab5e2106', 'project_id': 'ca0cbf29f7174ac3b07ecc44ab5e2106', 'admin_state_up': True, 'mtu': 8950, 'status': 'ACTIVE', 'subnets': [], 'shared': False, 'port_security_enabled': True, 'router:external': False, 'provider:network_type': 'vlan', 'provider:physical_network': 'default', 'provider:segmentation_id': 297, 'availability_zone_hints': [], 'availability_zones': [], 'ipv4_address_scope': None, 'ipv6_address_scope': None, 'description': '', 'tags': [], 'created_at': '2025-11-21T00:23:26Z', 'updated_at': '2025-11-21T00:23:26Z', 'revision_number': 1} available for tenant
2025-11-21 00:23:29.653 65707 INFO tempest.lib.common.rest_client [req-2b1341f3-4b63-47c2-9ed1-4e2e25820c10 req-2b1341f3-4b63-47c2-9ed1-4e2e25820c10 ] Request (InstanceActionsNegativeTestJSON:setUpClass): 201 POST http://10.180.1.21/networking/v2.0/networks 0.501s
2025-11-21 00:23:29.770 65693 INFO tempest.lib.common.rest_client [req-92592534-b088-41c8-bf41-81b180fc9ad1 req-92592534-b088-41c8-bf41-81b180fc9ad1 ] Request (ServerActionsTestOtherB:setUpClass): 201 POST http://10.180.1.21/networking/v2.0/security-group-rules 0.471s
2025-11-21 00:23:30.085 65707 INFO tempest.lib.common.rest_client [req-1fee29d8-07d4-4a01-8bd1-e2cdb3119eb2 req-1fee29d8-07d4-4a01-8bd1-e2cdb3119eb2 ] Request (InstanceActionsNegativeTestJSON:setUpClass): 201 POST http://10.180.1.21/networking/v2.0/subnets 0.431s
2025-11-21 00:23:30.574 65693 INFO tempest.lib.common.rest_client [req-a1d4b621-fcb2-45ea-83e9-1534b16c7423 req-a1d4b621-fcb2-45ea-83e9-1534b16c7423 ] Request (ServerActionsTestOtherB:setUpClass): 201 POST http://10.180.1.21/networking/v2.0/floatingips 0.802s
2025-11-21 00:23:30.646 65693 INFO tempest.lib.common.rest_client [req-6b7c5a09-6734-46bb-a46e-6a38ac8cf9ca req-6b7c5a09-6734-46bb-a46e-6a38ac8cf9ca ] Request (ServerActionsTestOtherB:setUpClass): 201 POST http://10.180.1.21/identity/v3/auth/tokens 0.069s
2025-11-21 00:23:30.646 65693 INFO tempest.lib.common.fixed_network [-] (ServerActionsTestOtherB:setUpClass) Found network {'id': 'e8c1bac1-3578-4abf-a959-f95f601f7078', 'name': 'tempest-ServerActionsTestOtherB-415907441-network', 'tenant_id': '35a359a04fdd41918fa7a7f1bf7bf780', 'project_id': '35a359a04fdd41918fa7a7f1bf7bf780', 'admin_state_up': True, 'mtu': 8950, 'status': 'ACTIVE', 'subnets': [], 'shared': False, 'port_security_enabled': True, 'router:external': False, 'provider:network_type': 'vlan', 'provider:physical_network': 'default', 'provider:segmentation_id': 738, 'availability_zone_hints': [], 'availability_zones': [], 'ipv4_address_scope': None, 'ipv6_address_scope': None, 'description': '', 'tags': [], 'created_at': '2025-11-21T00:23:19Z', 'updated_at': '2025-11-21T00:23:19Z', 'revision_number': 1} available for tenant
2025-11-21 00:23:31.144 65683 INFO tempest.lib.common.rest_client [req-127882a6-0ef9-4bbc-a5f1-aef0f40cfcf3 req-127882a6-0ef9-4bbc-a5f1-aef0f40cfcf3 ] Request (ServersAdminTestJSON:setUpClass): 202 POST http://10.180.1.21/compute/v2.1/servers 6.218s
2025-11-21 00:23:31.219 65745 INFO tempest.lib.common.rest_client [req-3e5ae52b-a705-4061-8351-f72aefabc077 req-3e5ae52b-a705-4061-8351-f72aefabc077 ] Request (ServerActionsV293TestJSON:setUpClass): 202 POST http://10.180.1.21/compute/v2.1/servers 7.353s
2025-11-21 00:23:31.239 65735 INFO tempest.lib.common.rest_client [req-890d9de1-e5c4-4873-8f09-cdfc1c33d751 req-890d9de1-e5c4-4873-8f09-cdfc1c33d751 ] Request (ServerGroupTestJSON:test_create_delete_server_group_with_anti_affinity_policy): 200 GET http://10.180.1.21/compute/v2.1/os-server-groups 6.275s
2025-11-21 00:23:31.243 65683 INFO tempest.lib.common.rest_client [req-e9600153-909a-4872-b62a-2b173bab8482 req-e9600153-909a-4872-b62a-2b173bab8482 ] Request (ServersAdminTestJSON:setUpClass): 201 POST http://10.180.1.21/identity/v3/auth/tokens 0.089s
2025-11-21 00:23:31.244 65683 INFO tempest.lib.common.fixed_network [-] (ServersAdminTestJSON:setUpClass) Found network {'id': 'e4a1af23-218a-4393-af47-5e9f7ff51a8c', 'name': 'tempest-ServersAdminTestJSON-1651951355-network', 'tenant_id': '9df8c74597a74b6590cd87fce8a9fb53', 'project_id': '9df8c74597a74b6590cd87fce8a9fb53', 'admin_state_up': True, 'mtu': 8950, 'status': 'ACTIVE', 'subnets': [], 'shared': False, 'port_security_enabled': True, 'router:external': False, 'provider:network_type': 'vlan', 'provider:physical_network': 'default', 'provider:segmentation_id': 230, 'availability_zone_hints': [], 'availability_zones': [], 'ipv4_address_scope': None, 'ipv6_address_scope': None, 'description': '', 'tags': [], 'created_at': '2025-11-21T00:23:17Z', 'updated_at': '2025-11-21T00:23:17Z', 'revision_number': 1} available for tenant
2025-11-21 00:23:31.378 65735 INFO tempest.lib.common.rest_client [req-eab17e5b-45e5-4007-af0d-8ccbe6a29545 req-eab17e5b-45e5-4007-af0d-8ccbe6a29545 ] Request (ServerGroupTestJSON:test_create_server_with_scheduler_hint_group): 201 POST http://10.180.1.21/identity/v3/auth/tokens 0.123s
2025-11-21 00:23:31.378 65735 INFO tempest.lib.common.fixed_network [-] (ServerGroupTestJSON:test_create_server_with_scheduler_hint_group) Found network {'id': 'acb2b419-62a5-4f70-b34f-7d146ba46785', 'name': 'tempest-ServerGroupTestJSON-1594743559-network', 'tenant_id': '10cdc09d5d5e4f9ebdbcc348565b705c', 'project_id': '10cdc09d5d5e4f9ebdbcc348565b705c', 'admin_state_up': True, 'mtu': 8950, 'status': 'ACTIVE', 'subnets': [], 'shared': False, 'port_security_enabled': True, 'router:external': False, 'provider:network_type': 'vlan', 'provider:physical_network': 'default', 'provider:segmentation_id': 460, 'availability_zone_hints': [], 'availability_zones': [], 'ipv4_address_scope': None, 'ipv6_address_scope': None, 'description': '', 'tags': [], 'created_at': '2025-11-21T00:22:38Z', 'updated_at': '2025-11-21T00:22:38Z', 'revision_number': 1} available for tenant
2025-11-21 00:23:31.492 65707 INFO tempest.lib.common.rest_client [req-961a8a36-d24c-43c8-9cfc-fac494c4c5c0 req-961a8a36-d24c-43c8-9cfc-fac494c4c5c0 ] Request (InstanceActionsNegativeTestJSON:setUpClass): 201 POST http://10.180.1.21/networking/v2.0/routers 1.405s
2025-11-21 00:23:31.529 65691 INFO tempest.lib.common.rest_client [req-c756e8ad-d321-4ffd-8358-437b1b051008 req-c756e8ad-d321-4ffd-8358-437b1b051008 ] Request (FloatingIPsAssociationTestJSON:setUpClass): 200 GET http://10.180.1.21/compute/v2.1/servers/541b6c6a-61ce-48c6-aeff-74e30ed75ff8 5.718s
2025-11-21 00:23:31.608 65697 INFO tempest.lib.common.rest_client [req-777e75e1-a570-450a-859b-12a339a50d88 req-777e75e1-a570-450a-859b-12a339a50d88 ] Request (ServerDiagnosticsTest:test_get_server_diagnostics): 200 GET http://10.180.1.21/compute/v2.1/servers/e756f469-e988-4d4e-90a2-ea159a66f42f 5.560s
2025-11-21 00:23:31.760 65687 INFO tempest.lib.common.rest_client [req-8eb77087-7032-493a-b74c-d48b590c6141 req-8eb77087-7032-493a-b74c-d48b590c6141 ] Request (QuotasAdminTestJSON:test_update_all_quota_resources_for_tenant): 200 GET http://10.180.1.21/compute/v2.1/os-quota-sets/6e006825541144649522aa9010f29401/defaults 5.683s
2025-11-21 00:23:31.827 65733 INFO tempest.lib.common.rest_client [req-137a355d-9497-42aa-90f3-fd364e437a5d req-137a355d-9497-42aa-90f3-fd364e437a5d ] Request (ImagesOneServerNegativeTestJSON:test_create_second_image_when_first_image_is_being_saved): 202 POST http://10.180.1.21/compute/v2.1/servers/a1a55fcd-64c2-43d1-9c10-458acd63b013/action 6.882s
2025-11-21 00:23:31.861 65709 INFO tempest.lib.common.rest_client [req-f311b611-a806-457a-8f80-0daa7a6497e9 req-f311b611-a806-457a-8f80-0daa7a6497e9 ] Request (ServerDiagnosticsV248Test:test_get_server_diagnostics): 200 GET http://10.180.1.21/compute/v2.1/servers/12a84d5a-06bf-48b1-ace5-4e574c478fae 5.707s
2025-11-21 00:23:31.882 65709 INFO tempest.common.waiters [-] State transition "BUILD/networking" ==> "BUILD/spawning" after 19 second wait
2025-11-21 00:23:31.998 65731 INFO tempest.lib.common.rest_client [req-a3c35438-c8fa-40af-b75b-ba01e6b841b4 req-a3c35438-c8fa-40af-b75b-ba01e6b841b4 ] Request (MultipleCreateNegativeTestJSON:test_max_count_less_than_min_count): 400 POST http://10.180.1.21/compute/v2.1/servers 5.298s
2025-11-21 00:23:32.046 65741 INFO tempest.lib.common.rest_client [req-220f20fe-5ff8-4db0-abb4-7949b5533ea9 req-220f20fe-5ff8-4db0-abb4-7949b5533ea9 ] Request (AttachVolumeShelveTestJSON:test_attach_volume_shelved_or_offload_server): 200 GET http://10.180.1.21/compute/v2.1/servers/09682f73-0189-4025-aa18-097a79d1e13e 5.590s
2025-11-21 00:23:32.050 65705 INFO tempest.lib.common.rest_client [req-fee83392-871a-42e2-a389-74a6f14f9c27 req-fee83392-871a-42e2-a389-74a6f14f9c27 ] Request (KeyPairsNegativeTestJSON:test_create_keypair_with_long_keynames): 400 POST http://10.180.1.21/compute/v2.1/os-keypairs 5.138s
2025-11-21 00:23:32.056 65731 INFO tempest.lib.common.rest_client [req-cf65e3dc-5fe0-4e27-9eb7-46038849c9de req-cf65e3dc-5fe0-4e27-9eb7-46038849c9de ] Request (MultipleCreateNegativeTestJSON:test_max_count_less_than_one): 201 POST http://10.180.1.21/identity/v3/auth/tokens 0.050s
2025-11-21 00:23:32.056 65731 INFO tempest.lib.common.fixed_network [-] (MultipleCreateNegativeTestJSON:test_max_count_less_than_one) Found network None available for tenant
2025-11-21 00:23:32.058 65741 INFO tempest.common.waiters [-] State transition "BUILD/None" ==> "BUILD/spawning" after 19 second wait
2025-11-21 00:23:32.060 65689 INFO tempest.lib.common.rest_client [req-a290a8dd-60d5-4e01-b3c4-a0a4dd2c70cc req-a290a8dd-60d5-4e01-b3c4-a0a4dd2c70cc ] Request (AggregatesAdminNegativeTestJSON:test_aggregate_delete_as_user): 403 DELETE http://10.180.1.21/compute/v2.1/os-aggregates/5 5.116s
2025-11-21 00:23:32.095 65717 INFO tempest.lib.common.rest_client [req-da2a6182-c2ab-4ed3-b87d-8506062c631b req-da2a6182-c2ab-4ed3-b87d-8506062c631b ] Request (FlavorsAccessNegativeTestJSON:_run_cleanups): 202 DELETE http://10.180.1.21/compute/v2.1/flavors/1730655730 4.967s
2025-11-21 00:23:32.123 65699 INFO tempest.lib.common.rest_client [req-e137d957-2701-4ade-94c5-44a483fd333f req-e137d957-2701-4ade-94c5-44a483fd333f ] Request (ImagesDeleteNegativeTestJSON:test_delete_non_existent_image): 404 DELETE http://10.180.1.21/compute/v2.1/images/4a78793e-1e6b-4c32-9574-a4657dbab8d3 4.969s
2025-11-21 00:23:32.139 65703 INFO tempest.lib.common.rest_client [req-b057d566-c26f-4deb-8fb5-fb635588fa9a req-b057d566-c26f-4deb-8fb5-fb635588fa9a ] Request (FlavorsAdminTestJSON:test_create_list_flavor_without_extra_data): 200 GET http://10.180.1.21/compute/v2.1/flavors/detail 5.270s
2025-11-21 00:23:32.209 65699 INFO tempest.lib.common.rest_client [req-36cbbec7-fad5-4ccb-9920-88ce31aede01 req-36cbbec7-fad5-4ccb-9920-88ce31aede01 ] Request (ImagesDeleteNegativeTestJSON:tearDownClass): 204 DELETE http://10.180.1.21/identity/v3/users/b396393c15b6401ab725a76e0a00f430 0.084s
2025-11-21 00:23:32.209 65699 INFO tempest.lib.common.dynamic_creds [-] Deleting project and security group for project: 3de7e44c651147a2869647ee0a40721f
2025-11-21 00:23:32.233 65725 INFO tempest.lib.common.rest_client [req-164344e8-d3ba-49c5-835f-62eb7b822adb req-164344e8-d3ba-49c5-835f-62eb7b822adb ] Request (DeleteServersAdminTestJSON:test_delete_server_while_in_error_state): 204 DELETE http://10.180.1.21/compute/v2.1/servers/4c5b857a-f957-4ac5-9f77-4616f8ad112c 5.047s
2025-11-21 00:23:32.251 65739 INFO tempest.lib.common.rest_client [req-96ebef48-bfa1-4df9-8fa8-4d4dfa8dcdda req-96ebef48-bfa1-4df9-8fa8-4d4dfa8dcdda ] Request (ServersTestMultiNic:_run_cleanups): 404 GET http://10.180.1.21/compute/v2.1/servers/5e853d44-9579-4210-a876-09bb8511f43e 4.954s
