2025-11-21 00:25:14.956 65703 INFO tempest.lib.common.dynamic_creds [-] Acquired dynamic creds: credentials: Credentials: {'domain_id': 'default', 'domain_name': 'Default', 'username': 'tempest-QuotaClassesAdminTestJSON-695080247-project-member', 'project_domain_id': 'default', 'project_domain_name': 'Default', 'project_id': '4b21f08e6454453c886e132c6866ce57', 'project_name': 'tempest-QuotaClassesAdminTestJSON-695080247', 'tenant_id': '4b21f08e6454453c886e132c6866ce57', 'tenant_name': 'tempest-QuotaClassesAdminTestJSON-695080247', 'user_domain_id': 'default', 'user_domain_name': 'Default', 'user_id': '70e0a03f2066427484ac9e8e80c453da', 'system': None}, Network: None, Subnet: None, Router: None
2025-11-21 00:25:14.956 65703 INFO tempest.lib.common.dynamic_creds [-] Created isolated network resources for: credentials: Credentials: {'domain_id': 'default', 'domain_name': 'Default', 'username': 'tempest-QuotaClassesAdminTestJSON-695080247-project-member', 'project_domain_id': 'default', 'project_domain_name': 'Default', 'project_id': '4b21f08e6454453c886e132c6866ce57', 'project_name': 'tempest-QuotaClassesAdminTestJSON-695080247', 'tenant_id': '4b21f08e6454453c886e132c6866ce57', 'tenant_name': 'tempest-QuotaClassesAdminTestJSON-695080247', 'user_domain_id': 'default', 'user_domain_name': 'Default', 'user_id': '70e0a03f2066427484ac9e8e80c453da', 'system': None}, Network: None, Subnet: None, Router: None
2025-11-21 00:25:15.044 65693 INFO tempest.lib.common.rest_client [req-5a568ce4-aeb3-4646-b88b-dbeb5ec331ab req-5a568ce4-aeb3-4646-b88b-dbeb5ec331ab ] Request (ServerActionsTestOtherB:test_create_backup): 200 GET http://10.180.1.21/image/v2/images/5d43854d-657c-460a-8666-ce52265a2eaf 0.020s
2025-11-21 00:25:15.049 65703 INFO tempest.lib.common.rest_client [req-65fc7691-d35d-49be-ba26-79a9dc69e608 req-65fc7691-d35d-49be-ba26-79a9dc69e608 ] Request (QuotaClassesAdminTestJSON:setUpClass): 201 POST http://10.180.1.21/identity/v3/auth/tokens 0.089s
2025-11-21 00:25:15.104 65735 INFO tempest.lib.common.rest_client [req-4ce582a4-fe70-479e-ae88-8551e3d5d3aa req-4ce582a4-fe70-479e-ae88-8551e3d5d3aa ] Request (ServerGroupTestJSON:tearDownClass): 204 DELETE http://10.180.1.21/networking/v2.0/security-groups/3af0e53d-5ae5-44bf-a70d-6254c5562d7e 0.219s
2025-11-21 00:25:15.145 65745 INFO tempest.lib.common.rest_client [req-7bd2d835-9a20-49ca-9c1a-5a71c2e6b0ed req-7bd2d835-9a20-49ca-9c1a-5a71c2e6b0ed ] Request (ServerActionsV293TestJSON:tearDownClass): 200 GET http://10.180.1.21/compute/v2.1/servers/143b2e2a-19ca-4054-9457-c5a0221aa11b 3.796s
2025-11-21 00:25:15.149 65703 INFO tempest.lib.common.rest_client [req-91c863ab-1376-4922-b5b5-994d93dd41a8 req-91c863ab-1376-4922-b5b5-994d93dd41a8 ] Request (QuotaClassesAdminTestJSON:setUpClass): 201 POST http://10.180.1.21/identity/v3/projects 0.099s
2025-11-21 00:25:15.203 65735 INFO tempest.lib.common.rest_client [req-db1a9227-976a-40ce-84a4-a4681dc01d9a req-db1a9227-976a-40ce-84a4-a4681dc01d9a ] Request (ServerGroupTestJSON:tearDownClass): 204 DELETE http://10.180.1.21/identity/v3/projects/10cdc09d5d5e4f9ebdbcc348565b705c 0.099s
2025-11-21 00:25:15.211 65717 INFO tempest.lib.common.rest_client [req-f736fdf2-211d-4fba-8eae-f69be6b8d8c0 req-f736fdf2-211d-4fba-8eae-f69be6b8d8c0 ] Request (ServerExternalEventsTest:test_create_server_external_events): 200 GET http://10.180.1.21/compute/v2.1/servers/e1f8b784-6a43-44e4-ad0b-3fad62f2e88e 3.903s
2025-11-21 00:25:15.219 65717 INFO tempest.common.waiters [-] State transition "BUILD/spawning" ==> "ACTIVE/None" after 62 second wait
2025-11-21 00:25:15.252 65705 INFO tempest.lib.common.rest_client [req-3f45ba0c-fe5f-4d7f-9896-cb014f7a52c7 req-3f45ba0c-fe5f-4d7f-9896-cb014f7a52c7 ] Request (ServerShowV247Test:tearDownClass): 200 GET http://10.180.1.21/compute/v2.1/servers/4f9a038c-e945-4740-8d71-e82b3f0e1494 3.872s
2025-11-21 00:25:15.269 65705 INFO tempest.common.waiters [-] State transition "ACTIVE/deleting" ==> "DELETED/None" after 5 second wait
2025-11-21 00:25:15.285 65725 INFO tempest.lib.common.rest_client [req-9d461ad6-52f1-4e63-89f5-a683df93404b req-9d461ad6-52f1-4e63-89f5-a683df93404b ] Request (ListImageFiltersTestJSON:setUpClass): 200 GET http://10.180.1.21/compute/v2.1/servers/f66ca646-8a0a-446c-8271-2ade57b69a0b 3.875s
2025-11-21 00:25:15.305 65703 INFO tempest.lib.common.rest_client [req-9028618c-907c-4a6d-bf57-3628e26fb187 req-9028618c-907c-4a6d-bf57-3628e26fb187 ] Request (QuotaClassesAdminTestJSON:setUpClass): 201 POST http://10.180.1.21/identity/v3/users 0.155s
2025-11-21 00:25:15.311 65699 INFO tempest.lib.common.rest_client [req-5931dd35-fd76-4507-8984-8146488d5a86 req-5931dd35-fd76-4507-8984-8146488d5a86 ] Request (AttachInterfacesV270Test:tearDownClass): 404 GET http://10.180.1.21/compute/v2.1/servers/26e14365-1f4c-40b3-b852-aadfc40abaf4 3.835s
2025-11-21 00:25:15.333 65707 INFO tempest.lib.common.rest_client [req-2cdb4e5e-ecc2-4b94-afdb-30a339c81087 req-2cdb4e5e-ecc2-4b94-afdb-30a339c81087 ] Request (ListServerFiltersTestJSON:setUpClass): 200 GET http://10.180.1.21/compute/v2.1/servers/8e1ef3ac-6d92-44ce-b960-6b9a19a55ad3 3.898s
2025-11-21 00:25:15.343 65703 INFO tempest.lib.common.rest_client [req-4305086a-d68f-4ab1-ae47-66a26d65724e req-4305086a-d68f-4ab1-ae47-66a26d65724e ] Request (QuotaClassesAdminTestJSON:setUpClass): 200 GET http://10.180.1.21/identity/v3/roles 0.038s
2025-11-21 00:25:15.386 65703 INFO tempest.lib.common.rest_client [req-662c2a52-3e03-4516-b390-60cc4f997a50 req-662c2a52-3e03-4516-b390-60cc4f997a50 ] Request (QuotaClassesAdminTestJSON:setUpClass): 204 PUT http://10.180.1.21/identity/v3/projects/344088187c0f47049cd193bb24a6adad/users/fc9b1acd4ef24d3f93636dd5b0406551/roles/80171679ee4b4ac2a2402768c6eef482 0.042s
2025-11-21 00:25:15.394 65715 INFO tempest.lib.common.rest_client [req-d0bb3d6b-f74d-4a77-8a55-c85ffa881d32 req-d0bb3d6b-f74d-4a77-8a55-c85ffa881d32 ] Request (AttachInterfacesUnderV243Test:_run_cleanups): 200 GET http://10.180.1.21/compute/v2.1/servers/547a3619-d440-4dcd-ad97-56899b49d3ec 3.728s
2025-11-21 00:25:15.416 65739 INFO tempest.lib.common.rest_client [req-34d777e8-4c0d-4a24-8370-e2b1b6e96655 req-34d777e8-4c0d-4a24-8370-e2b1b6e96655 ] Request (ServersTestMultiNic:tearDownClass): 404 DELETE http://10.180.1.21/compute/v2.1/servers/b57b92e6-9c40-4675-8ca4-5cd095250a50 3.701s
2025-11-21 00:25:15.457 65703 INFO tempest.lib.common.rest_client [req-216b98e8-107e-48e6-8b49-9081ce6581f6 req-216b98e8-107e-48e6-8b49-9081ce6581f6 ] Request (QuotaClassesAdminTestJSON:setUpClass): 200 GET http://10.180.1.21/identity/v3/roles 0.071s
2025-11-21 00:25:15.485 65703 INFO tempest.lib.common.rest_client [req-3b0d36d4-7f4e-4ce2-9895-2f659dab0b88 req-3b0d36d4-7f4e-4ce2-9895-2f659dab0b88 ] Request (QuotaClassesAdminTestJSON:setUpClass): 204 PUT http://10.180.1.21/identity/v3/projects/344088187c0f47049cd193bb24a6adad/users/fc9b1acd4ef24d3f93636dd5b0406551/roles/80171679ee4b4ac2a2402768c6eef482 0.024s
2025-11-21 00:25:15.486 65703 INFO tempest.lib.common.dynamic_creds [-] Dynamic test user fc9b1acd4ef24d3f93636dd5b0406551 is created with scope project and roles: ['admin']
2025-11-21 00:25:15.486 65703 INFO tempest.lib.common.dynamic_creds [-] Acquired dynamic creds: credentials: Credentials: {'domain_id': 'default', 'domain_name': 'Default', 'username': 'tempest-QuotaClassesAdminTestJSON-1156024784-project-admin', 'project_domain_id': 'default', 'project_domain_name': 'Default', 'project_id': '344088187c0f47049cd193bb24a6adad', 'project_name': 'tempest-QuotaClassesAdminTestJSON-1156024784', 'tenant_id': '344088187c0f47049cd193bb24a6adad', 'tenant_name': 'tempest-QuotaClassesAdminTestJSON-1156024784', 'user_domain_id': 'default', 'user_domain_name': 'Default', 'user_id': 'fc9b1acd4ef24d3f93636dd5b0406551', 'system': None}, Network: None, Subnet: None, Router: None
2025-11-21 00:25:15.486 65703 INFO tempest.lib.common.dynamic_creds [-] Created isolated network resources for: credentials: Credentials: {'domain_id': 'default', 'domain_name': 'Default', 'username': 'tempest-QuotaClassesAdminTestJSON-1156024784-project-admin', 'project_domain_id': 'default', 'project_domain_name': 'Default', 'project_id': '344088187c0f47049cd193bb24a6adad', 'project_name': 'tempest-QuotaClassesAdminTestJSON-1156024784', 'tenant_id': '344088187c0f47049cd193bb24a6adad', 'tenant_name': 'tempest-QuotaClassesAdminTestJSON-1156024784', 'user_domain_id': 'default', 'user_domain_name': 'Default', 'user_id': 'fc9b1acd4ef24d3f93636dd5b0406551', 'system': None}, Network: None, Subnet: None, Router: None
2025-11-21 00:25:15.527 65713 INFO tempest.lib.common.rest_client [req-322fe651-7b07-4ea0-aedb-520286218177 req-322fe651-7b07-4ea0-aedb-520286218177 ] Request (ImagesTestJSON:test_create_image_from_suspended_server): 200 GET http://10.180.1.21/compute/v2.1/servers/557e90bb-68bc-4a73-bd74-0a3612c57b7b 3.836s
2025-11-21 00:25:15.569 65703 INFO tempest.lib.common.rest_client [req-2ddff7dd-29d9-48c8-955f-ddaf8094b5e0 req-2ddff7dd-29d9-48c8-955f-ddaf8094b5e0 ] Request (QuotaClassesAdminTestJSON:setUpClass): 201 POST http://10.180.1.21/identity/v3/auth/tokens 0.081s
2025-11-21 00:25:15.587 65719 INFO tempest.lib.common.rest_client [req-f19918d0-ae0f-41c8-a417-ddb0d4b82c4a req-f19918d0-ae0f-41c8-a417-ddb0d4b82c4a ] Request (ServersNegativeTestJSON:setUpClass): 200 GET http://10.180.1.21/compute/v2.1/servers/fc6f9051-3736-49a0-b9d4-4478f35809d7 3.663s
2025-11-21 00:25:15.923 65737 INFO tempest.lib.common.rest_client [req-c9b1aaea-403a-4d23-ada1-14abd70e40e5 req-c9b1aaea-403a-4d23-ada1-14abd70e40e5 ] Request (FloatingIPDetailsTestJSON:_run_cleanups): 202 DELETE http://10.180.1.21/compute/v2.1/os-floating-ips/16f6b376-d4cf-4bc4-aa91-13a338935e92 4.161s
2025-11-21 00:25:16.014 65683 INFO tempest.lib.common.rest_client [req-a6720f4c-bc3f-45e3-9711-60422e480005 req-a6720f4c-bc3f-45e3-9711-60422e480005 ] Request (ServersAdminTestJSON:test_create_server_with_scheduling_hint): 200 GET http://10.180.1.21/compute/v2.1/servers/f6331923-c070-4f69-86d1-77bb0357043b 3.877s
2025-11-21 00:25:16.022 65683 INFO tempest.common.waiters [-] State transition "BUILD/spawning" ==> "ACTIVE/None" after 63 second wait
2025-11-21 00:25:16.062 65701 INFO tempest.lib.common.rest_client [req-da7d2cc3-27ad-4445-bd6d-5d911e560947 req-da7d2cc3-27ad-4445-bd6d-5d911e560947 ] Request (MigrationsAdminTest:test_resize_server_revert_deleted_flavor): 200 GET http://10.180.1.21/compute/v2.1/servers/6594af69-9d87-4dff-812a-ca5ad682fd07 3.900s
2025-11-21 00:25:16.087 65693 INFO tempest.lib.common.rest_client [req-5c2ff965-1bca-407a-afbd-1cb6eb0fd579 req-5c2ff965-1bca-407a-afbd-1cb6eb0fd579 ] Request (ServerActionsTestOtherB:test_create_backup): 200 GET http://10.180.1.21/image/v2/images/5d43854d-657c-460a-8666-ce52265a2eaf 0.042s
2025-11-21 00:25:16.113 65683 INFO tempest.lib.common.rest_client [req-22a7656b-a1c3-4f8e-9418-0373d7fb5194 req-22a7656b-a1c3-4f8e-9418-0373d7fb5194 ] Request (ServersAdminTestJSON:test_inject_network_info): 201 POST http://10.180.1.21/identity/v3/auth/tokens 0.086s
2025-11-21 00:25:16.114 65683 INFO tempest.lib.common.fixed_network [-] (ServersAdminTestJSON:test_inject_network_info) Found network {'id': 'e4a1af23-218a-4393-af47-5e9f7ff51a8c', 'name': 'tempest-ServersAdminTestJSON-1651951355-network', 'tenant_id': '9df8c74597a74b6590cd87fce8a9fb53', 'project_id': '9df8c74597a74b6590cd87fce8a9fb53', 'admin_state_up': True, 'mtu': 8950, 'status': 'ACTIVE', 'subnets': [], 'shared': False, 'port_security_enabled': True, 'router:external': False, 'provider:network_type': 'vlan', 'provider:physical_network': 'default', 'provider:segmentation_id': 230, 'availability_zone_hints': [], 'availability_zones': [], 'ipv4_address_scope': None, 'ipv6_address_scope': None, 'description': '', 'tags': [], 'created_at': '2025-11-21T00:23:17Z', 'updated_at': '2025-11-21T00:23:17Z', 'revision_number': 1} available for tenant
2025-11-21 00:25:16.129 65709 INFO tempest.lib.common.rest_client [req-aff42a2d-cf20-4038-8bcb-a3de2d25c6e4 req-aff42a2d-cf20-4038-8bcb-a3de2d25c6e4 ] Request (ServerDiskConfigTestJSON:test_rebuild_server_with_auto_disk_config): 200 GET http://10.180.1.21/compute/v2.1/servers/77213857-c19c-4162-8af8-18b646fa19fd 2.817s
2025-11-21 00:25:16.159 65743 INFO tempest.lib.common.rest_client [req-98b04220-5063-41f3-b02e-5d6c53f12401 req-98b04220-5063-41f3-b02e-5d6c53f12401 ] Request (SecurityGroupsTestJSON:test_server_security_groups): 200 GET http://10.180.1.21/compute/v2.1/servers/340af74d-530e-4ac0-a4b3-7a8cb512ecf0 3.780s
2025-11-21 00:25:16.160 65699 INFO tempest.lib.common.rest_client [req-a00d2849-5e2b-4262-b6fb-5ca4337eca15 req-a00d2849-5e2b-4262-b6fb-5ca4337eca15 ] Request (AttachInterfacesV270Test:tearDownClass): 200 PUT http://10.180.1.21/networking/v2.0/routers/c8af56e4-8bbe-45a9-97b4-54d12cb4726a/remove_router_interface 0.848s
2025-11-21 00:25:16.166 65743 INFO tempest.common.waiters [-] State transition "BUILD/networking" ==> "BUILD/spawning" after 60 second wait
2025-11-21 00:25:16.292 65721 INFO tempest.lib.common.rest_client [req-d5f23629-d802-453e-bf27-442dc2f6faa5 req-d5f23629-d802-453e-bf27-442dc2f6faa5 ] Request (ServersTestManualDisk:setUpClass): 200 POST http://10.180.1.21/compute/v2.1/os-keypairs 2.887s
2025-11-21 00:25:16.300 65741 INFO tempest.lib.common.rest_client [req-d8cad2da-1efb-4e2d-b0f1-27c3c469b935 req-d8cad2da-1efb-4e2d-b0f1-27c3c469b935 ] Request (AttachVolumeShelveTestJSON:test_attach_volume_shelved_or_offload_server): 200 GET http://10.180.1.21/compute/v2.1/servers/09682f73-0189-4025-aa18-097a79d1e13e 2.516s
2025-11-21 00:25:16.436 65721 INFO tempest.lib.common.rest_client [req-c88387c9-01ea-4b56-933c-60136f91fe6c req-c88387c9-01ea-4b56-933c-60136f91fe6c ] Request (ServersTestManualDisk:setUpClass): 201 POST http://10.180.1.21/networking/v2.0/security-groups 0.137s
2025-11-21 00:25:16.457 65727 INFO tempest.lib.common.rest_client [req-d6540585-dbab-4e8a-8782-81fff3b23c35 req-d6540585-dbab-4e8a-8782-81fff3b23c35 ] Request (FloatingIPsAssociationNegativeTestJSON:test_dissociate_nonexistent_floating_ip): 404 POST http://10.180.1.21/compute/v2.1/servers/dc2a76da-59eb-4e96-bc51-76834e20457b/action 2.563s
2025-11-21 00:25:16.498 65687 INFO tempest.lib.common.rest_client [req-5517dcc7-1d2e-46be-99b4-6eaf6f9ccd70 req-5517dcc7-1d2e-46be-99b4-6eaf6f9ccd70 ] Request (ListServersNegativeTestJSON:setUpClass): 200 GET http://10.180.1.21/compute/v2.1/servers/b52b9b43-c555-41fc-a752-ffb6eef19337 2.041s
2025-11-21 00:25:16.612 65721 INFO tempest.lib.common.rest_client [req-c7bc54c7-357b-438d-b186-c8ce0e03efa5 req-c7bc54c7-357b-438d-b186-c8ce0e03efa5 ] Request (ServersTestManualDisk:setUpClass): 201 POST http://10.180.1.21/networking/v2.0/security-group-rules 0.175s
2025-11-21 00:25:16.639 65717 INFO tempest.lib.common.rest_client [req-b6af9ba8-dc96-4acd-8108-6103b3cf1e14 req-b6af9ba8-dc96-4acd-8108-6103b3cf1e14 ] Request (ServerExternalEventsTest:test_create_server_external_events): 200 POST http://10.180.1.21/compute/v2.1/os-server-external-events 1.419s
2025-11-21 00:25:16.647 65699 INFO tempest.lib.common.rest_client [req-686d1f7c-7f88-4f18-9e7e-ae6c99465faa req-686d1f7c-7f88-4f18-9e7e-ae6c99465faa ] Request (AttachInterfacesV270Test:tearDownClass): 204 DELETE http://10.180.1.21/networking/v2.0/routers/c8af56e4-8bbe-45a9-97b4-54d12cb4726a 0.487s
2025-11-21 00:25:16.678 65733 INFO tempest.lib.common.rest_client [req-2e917bc5-2bc9-4f8e-b4ca-3dd9c0abccc1 req-2e917bc5-2bc9-4f8e-b4ca-3dd9c0abccc1 ] Request (ImagesOneServerNegativeTestJSON:_run_cleanups): 200 GET http://10.180.1.21/compute/v2.1/servers/fb8edf52-1780-46f8-bd78-493694e95d8a 1.585s
2025-11-21 00:25:16.701 65739 INFO tempest.lib.common.rest_client [req-1d97bbe1-259d-4c26-ac58-5e274a032657 req-1d97bbe1-259d-4c26-ac58-5e274a032657 ] Request (ServersTestMultiNic:tearDownClass): 404 GET http://10.180.1.21/compute/v2.1/servers/b57b92e6-9c40-4675-8ca4-5cd095250a50 1.285s
2025-11-21 00:25:16.759 65721 INFO tempest.lib.common.rest_client [req-6f39a0a6-082e-4247-81f3-68cc69597a8c req-6f39a0a6-082e-4247-81f3-68cc69597a8c ] Request (ServersTestManualDisk:setUpClass): 201 POST http://10.180.1.21/networking/v2.0/security-group-rules 0.146s
2025-11-21 00:25:16.776 65699 INFO tempest.lib.common.rest_client [req-9e1fadd2-f49c-4926-ac0f-092d65b023b1 req-9e1fadd2-f49c-4926-ac0f-092d65b023b1 ] Request (AttachInterfacesV270Test:tearDownClass): 204 DELETE http://10.180.1.21/networking/v2.0/subnets/08ef1448-a7fd-42da-b5fc-a05986d086cc 0.128s
2025-11-21 00:25:16.804 65689 INFO tempest.lib.common.rest_client [req-4a2177fd-a822-41c2-ab0b-0e410e9e5d72 req-4a2177fd-a822-41c2-ab0b-0e410e9e5d72 ] Request (VolumesAdminNegativeTest:test_update_attached_volume_with_nonexistent_volume_in_uri): 200 GET http://10.180.1.21/compute/v2.1/servers/026ce5bb-70ae-4550-a577-1a0a85f05e82 1.489s
2025-11-21 00:25:16.824 65729 INFO tempest.lib.common.rest_client [req-9c469ebc-6f3f-4a4a-8486-721c605d0d2e req-9c469ebc-6f3f-4a4a-8486-721c605d0d2e ] Request (ServersAaction247Test:test_create_backup): 200 GET http://10.180.1.21/compute/v2.1/servers/143c9859-0f51-4cfa-ae80-88c769e6cce6 1.391s
2025-11-21 00:25:16.853 65703 INFO tempest.lib.common.rest_client [req-325a625d-9da6-4dfc-bdd3-66b3ce183443 req-325a625d-9da6-4dfc-bdd3-66b3ce183443 ] Request (QuotaClassesAdminTestJSON:test_update_default_quotas): 200 GET http://10.180.1.21/compute/v2.1/os-quota-class-sets/default 1.282s
2025-11-21 00:25:17.010 65699 INFO tempest.lib.common.rest_client [req-d1f3d0b4-44d7-430d-9435-cffc7bc0d42e req-d1f3d0b4-44d7-430d-9435-cffc7bc0d42e ] Request (AttachInterfacesV270Test:tearDownClass): 204 DELETE http://10.180.1.21/networking/v2.0/networks/689271d9-eec1-477a-aeca-a95140a55989 0.234s
2025-11-21 00:25:17.088 65723 INFO tempest.lib.common.rest_client [req-8835b1c4-82ac-4bc4-a62f-1ea095ebd4aa req-8835b1c4-82ac-4bc4-a62f-1ea095ebd4aa ] Request (MultipleCreateTestJSON:test_multiple_create): 200 GET http://10.180.1.21/compute/v2.1/servers/5f896872-8216-45d5-bca5-a8489c4e1784 1.273s
2025-11-21 00:25:17.106 65691 INFO tempest.lib.common.rest_client [req-5e0d6685-7ae5-46f9-b716-86b4f85c09ba req-5e0d6685-7ae5-46f9-b716-86b4f85c09ba ] Request (FloatingIPsAssociationTestJSON:tearDownClass): 200 GET http://10.180.1.21/compute/v2.1/servers/e02dbd61-3ea6-4962-9c6b-b2aff7294a0e 1.272s
2025-11-21 00:25:17.118 65693 INFO tempest.lib.common.rest_client [req-750bba7b-2af3-4a0e-be62-b6146de3c2e8 req-750bba7b-2af3-4a0e-be62-b6146de3c2e8 ] Request (ServerActionsTestOtherB:test_create_backup): 200 GET http://10.180.1.21/image/v2/images/5d43854d-657c-460a-8666-ce52265a2eaf 0.027s
2025-11-21 00:25:17.156 65699 INFO tempest.lib.common.rest_client [req-933a84f9-53cc-43e0-bf57-ef4f08fa91c5 req-933a84f9-53cc-43e0-bf57-ef4f08fa91c5 ] Request (AttachInterfacesV270Test:tearDownClass): 204 DELETE http://10.180.1.21/identity/v3/users/51f6f0047d6e435382c513198d0a26c9 0.145s
2025-11-21 00:25:17.157 65699 INFO tempest.lib.common.dynamic_creds [-] Deleting project and security group for project: d4d77cb637b64aa38d5212abdadd2227
2025-11-21 00:25:17.247 65699 INFO tempest.lib.common.rest_client [req-d8b7eb13-bde3-43a7-aeef-4c3c9bad0a1b req-d8b7eb13-bde3-43a7-aeef-4c3c9bad0a1b ] Request (AttachInterfacesV270Test:tearDownClass): 200 GET http://10.180.1.21/networking/v2.0/security-groups?tenant_id=d4d77cb637b64aa38d5212abdadd2227&name=default 0.090s
2025-11-21 00:25:17.338 65721 INFO tempest.lib.common.rest_client [req-df16ece1-6421-439e-ba94-e2c3560116b9 req-df16ece1-6421-439e-ba94-e2c3560116b9 ] Request (ServersTestManualDisk:setUpClass): 201 POST http://10.180.1.21/networking/v2.0/floatingips 0.579s
2025-11-21 00:25:17.376 65737 INFO tempest.lib.common.rest_client [req-ecc98ea8-1ea6-4197-866b-92e48bf4ad6c req-ecc98ea8-1ea6-4197-866b-92e48bf4ad6c ] Request (FloatingIPDetailsTestJSON:test_list_floating_ips): 200 GET http://10.180.1.21/compute/v2.1/os-floating-ips 1.452s
2025-11-21 00:25:17.419 65721 INFO tempest.lib.common.rest_client [req-bee51958-652a-4f59-a2e0-7c72f3a06550 req-bee51958-652a-4f59-a2e0-7c72f3a06550 ] Request (ServersTestManualDisk:setUpClass): 201 POST http://10.180.1.21/identity/v3/auth/tokens 0.076s
2025-11-21 00:25:17.419 65721 INFO tempest.lib.common.fixed_network [-] (ServersTestManualDisk:setUpClass) Found network {'id': '7643222e-87c6-4129-9314-07efa015dbc4', 'name': 'tempest-ServersTestManualDisk-1397893989-network', 'tenant_id': 'da66ccd61f844d47b469ef632cfd090d', 'project_id': 'da66ccd61f844d47b469ef632cfd090d', 'admin_state_up': True, 'mtu': 8950, 'status': 'ACTIVE', 'subnets': [], 'shared': False, 'port_security_enabled': True, 'router:external': False, 'provider:network_type': 'vlan', 'provider:physical_network': 'default', 'provider:segmentation_id': 935, 'availability_zone_hints': [], 'availability_zones': [], 'ipv4_address_scope': None, 'ipv6_address_scope': None, 'description': '', 'tags': [], 'created_at': '2025-11-21T00:25:10Z', 'updated_at': '2025-11-21T00:25:10Z', 'revision_number': 1} available for tenant
2025-11-21 00:25:17.454 65699 INFO tempest.lib.common.rest_client [req-d8188db8-1c36-4ee2-80ff-7409de9738d9 req-d8188db8-1c36-4ee2-80ff-7409de9738d9 ] Request (AttachInterfacesV270Test:tearDownClass): 204 DELETE http://10.180.1.21/networking/v2.0/security-groups/3b10f2fc-f064-4b2c-9419-7107f6b07ae4 0.206s
2025-11-21 00:25:17.498 65745 INFO tempest.lib.common.rest_client [req-c07e7805-b739-4a46-a362-196e00e9f540 req-c07e7805-b739-4a46-a362-196e00e9f540 ] Request (ServerActionsV293TestJSON:tearDownClass): 200 GET http://10.180.1.21/compute/v2.1/servers/143b2e2a-19ca-4054-9457-c5a0221aa11b 1.330s
2025-11-21 00:25:17.585 65699 INFO tempest.lib.common.rest_client [req-37b53dde-6a52-42d8-af26-08b7f355d539 req-37b53dde-6a52-42d8-af26-08b7f355d539 ] Request (AttachInterfacesV270Test:tearDownClass): 204 DELETE http://10.180.1.21/identity/v3/projects/d4d77cb637b64aa38d5212abdadd2227 0.130s
2025-11-21 00:25:17.586 65705 INFO tempest.lib.common.rest_client [req-216b787f-a0e1-4f59-bf9f-888d3702a1ae req-216b787f-a0e1-4f59-bf9f-888d3702a1ae ] Request (ServerShowV247Test:tearDownClass): 200 GET http://10.180.1.21/compute/v2.1/servers/4f9a038c-e945-4740-8d71-e82b3f0e1494 1.314s
2025-11-21 00:25:17.668 65683 INFO tempest.lib.common.rest_client [req-c60432b7-77cc-4889-b7b8-f8b1f956d0a7 req-c60432b7-77cc-4889-b7b8-f8b1f956d0a7 ] Request (ServersAdminTestJSON:test_inject_network_info): 202 POST http://10.180.1.21/compute/v2.1/servers 1.553s
2025-11-21 00:25:17.675 65725 INFO tempest.lib.common.rest_client [req-d5ff854d-ed9d-41c9-bf36-d1fb79d1e56b req-d5ff854d-ed9d-41c9-bf36-d1fb79d1e56b ] Request (ListImageFiltersTestJSON:setUpClass): 200 GET http://10.180.1.21/compute/v2.1/servers/f66ca646-8a0a-446c-8271-2ade57b69a0b 1.379s
2025-11-21 00:25:17.705 65699 INFO tempest.lib.common.rest_client [req-8c2730d4-ab48-4847-a5c0-e2bc21594dfc req-8c2730d4-ab48-4847-a5c0-e2bc21594dfc ] Request (ServersTestJSON:setUpClass): 201 POST http://10.180.1.21/identity/v3/auth/tokens 0.115s
2025-11-21 00:25:17.736 65707 INFO tempest.lib.common.rest_client [req-f233c3e1-8cee-4d51-adf3-052f4fdb1a9a req-f233c3e1-8cee-4d51-adf3-052f4fdb1a9a ] Request (ListServerFiltersTestJSON:setUpClass): 200 GET http://10.180.1.21/compute/v2.1/servers/8e1ef3ac-6d92-44ce-b960-6b9a19a55ad3 1.393s
2025-11-21 00:25:17.745 65699 INFO tempest.lib.common.rest_client [req-297cf381-9967-4a22-b17e-e4e6c6b7d377 req-297cf381-9967-4a22-b17e-e4e6c6b7d377 ] Request (ServersTestJSON:setUpClass): 201 POST http://10.180.1.21/identity/v3/auth/tokens 0.037s
2025-11-21 00:25:17.758 65715 INFO tempest.lib.common.rest_client [req-d896c8dc-e1a0-4dbc-b22f-bfdabb0e6f7e req-d896c8dc-e1a0-4dbc-b22f-bfdabb0e6f7e ] Request (AttachInterfacesUnderV243Test:_run_cleanups): 200 GET http://10.180.1.21/compute/v2.1/servers/547a3619-d440-4dcd-ad97-56899b49d3ec 1.352s
2025-11-21 00:25:17.777 65699 INFO tempest.lib.common.rest_client [req-5a8b8bb4-889b-4a82-8aaf-95c210864642 req-5a8b8bb4-889b-4a82-8aaf-95c210864642 ] Request (ServersTestJSON:setUpClass): 200 GET http://10.180.1.21/identity/v3/domains?name=Default 0.032s
2025-11-21 00:25:17.820 65699 INFO tempest.lib.common.rest_client [req-d8a4e320-f649-49c0-82bc-5973dc44935e req-d8a4e320-f649-49c0-82bc-5973dc44935e ] Request (ServersTestJSON:setUpClass): 201 POST http://10.180.1.21/identity/v3/projects 0.042s
2025-11-21 00:25:17.851 65727 INFO tempest.lib.common.rest_client [req-b539fa0b-dab5-4197-8c31-655614e2268a req-b539fa0b-dab5-4197-8c31-655614e2268a ] Request (FloatingIPsAssociationNegativeTestJSON:tearDownClass): 204 DELETE http://10.180.1.21/compute/v2.1/servers/dc2a76da-59eb-4e96-bc51-76834e20457b 1.391s
2025-11-21 00:25:17.901 65713 INFO tempest.lib.common.rest_client [req-a6eaf021-979a-4235-a2fe-d2b312f4248e req-a6eaf021-979a-4235-a2fe-d2b312f4248e ] Request (ImagesTestJSON:test_create_image_from_suspended_server): 200 GET http://10.180.1.21/compute/v2.1/servers/557e90bb-68bc-4a73-bd74-0a3612c57b7b 1.364s
2025-11-21 00:25:17.911 65713 INFO tempest.common.waiters [-] State transition "BUILD/spawning" ==> "ACTIVE/None" after 61 second wait
2025-11-21 00:25:17.915 65699 INFO tempest.lib.common.rest_client [req-7003ab68-ee70-4ace-8a99-7128075b5d36 req-7003ab68-ee70-4ace-8a99-7128075b5d36 ] Request (ServersTestJSON:setUpClass): 201 POST http://10.180.1.21/identity/v3/users 0.093s
2025-11-21 00:25:17.930 65719 INFO tempest.lib.common.rest_client [req-f3ea1d76-c05b-4713-bbd6-1bc2cdd6826f req-f3ea1d76-c05b-4713-bbd6-1bc2cdd6826f ] Request (ServersNegativeTestJSON:setUpClass): 200 GET http://10.180.1.21/compute/v2.1/servers/fc6f9051-3736-49a0-b9d4-4478f35809d7 1.334s
2025-11-21 00:25:17.949 65699 INFO tempest.lib.common.rest_client [req-86b88fd3-8ebe-4da9-9cdc-2e948131b949 req-86b88fd3-8ebe-4da9-9cdc-2e948131b949 ] Request (ServersTestJSON:setUpClass): 200 GET http://10.180.1.21/identity/v3/roles 0.034s
2025-11-21 00:25:17.953 65739 INFO tempest.lib.common.rest_client [req-dc627df6-4266-4a65-80eb-0bf55df8c771 req-dc627df6-4266-4a65-80eb-0bf55df8c771 ] Request (ServersTestMultiNic:tearDownClass): 404 DELETE http://10.180.1.21/compute/v2.1/servers/5e853d44-9579-4210-a876-09bb8511f43e 1.251s
2025-11-21 00:25:18.007 65699 INFO tempest.lib.common.rest_client [req-36a52579-bb5a-4d41-a98c-d256b12f81bf req-36a52579-bb5a-4d41-a98c-d256b12f81bf ] Request (ServersTestJSON:setUpClass): 204 PUT http://10.180.1.21/identity/v3/projects/93f95d4bf73b483ab2ae773bc5707ce9/users/e5007b1de049423f925456de4c7c5071/roles/803eee7212bd470d9ac0199b6a65dfa5 0.057s
2025-11-21 00:25:18.007 65699 INFO tempest.lib.common.dynamic_creds [-] Dynamic test user e5007b1de049423f925456de4c7c5071 is created with scope project and roles: ['member']
2025-11-21 00:25:18.008 65699 INFO tempest.lib.common.dynamic_creds [-] Acquired dynamic creds: credentials: Credentials: {'domain_id': 'default', 'domain_name': 'Default', 'username': 'tempest-ServersTestJSON-2076103390-project-member', 'project_domain_id': 'default', 'project_domain_name': 'Default', 'project_id': '93f95d4bf73b483ab2ae773bc5707ce9', 'project_name': 'tempest-ServersTestJSON-2076103390', 'tenant_id': '93f95d4bf73b483ab2ae773bc5707ce9', 'tenant_name': 'tempest-ServersTestJSON-2076103390', 'user_domain_id': 'default', 'user_domain_name': 'Default', 'user_id': 'e5007b1de049423f925456de4c7c5071', 'system': None}, Network: None, Subnet: None, Router: None
2025-11-21 00:25:18.026 65717 INFO tempest.lib.common.rest_client [req-0a6f9d30-51c3-437f-bd1d-1ca1351379b1 req-0a6f9d30-51c3-437f-bd1d-1ca1351379b1 ] Request (ServerExternalEventsTest:tearDownClass): 204 DELETE http://10.180.1.21/compute/v2.1/servers/e1f8b784-6a43-44e4-ad0b-3fad62f2e88e 1.381s
2025-11-21 00:25:18.091 65699 INFO tempest.lib.common.rest_client [req-f4fed46f-d421-4541-bf53-9a2545ba1ae0 req-f4fed46f-d421-4541-bf53-9a2545ba1ae0 ] Request (ServersTestJSON:setUpClass): 201 POST http://10.180.1.21/identity/v3/auth/tokens 0.083s
2025-11-21 00:25:18.099 65701 INFO tempest.lib.common.rest_client [req-76a35ceb-8de4-4af9-8335-c88023acde00 req-76a35ceb-8de4-4af9-8335-c88023acde00 ] Request (MigrationsAdminTest:test_resize_server_revert_deleted_flavor): 200 GET http://10.180.1.21/compute/v2.1/servers/6594af69-9d87-4dff-812a-ca5ad682fd07 1.026s
2025-11-21 00:25:18.130 65703 INFO tempest.lib.common.rest_client [req-e35d3a1f-79df-4f86-a485-6c61cd7155a0 req-e35d3a1f-79df-4f86-a485-6c61cd7155a0 ] Request (QuotaClassesAdminTestJSON:test_update_default_quotas): 200 PUT http://10.180.1.21/compute/v2.1/os-quota-class-sets/default 1.273s
2025-11-21 00:25:18.142 65693 INFO tempest.lib.common.rest_client [req-c6b2f8e8-323e-4611-8f09-e49227ded736 req-c6b2f8e8-323e-4611-8f09-e49227ded736 ] Request (ServerActionsTestOtherB:test_create_backup): 200 GET http://10.180.1.21/image/v2/images/5d43854d-657c-460a-8666-ce52265a2eaf 0.021s
2025-11-21 00:25:18.168 65693 INFO tempest.lib.common.rest_client [req-3a4781c7-bd93-4c60-a9ea-4ef97a32eef3 req-3a4781c7-bd93-4c60-a9ea-4ef97a32eef3 ] Request (ServerActionsTestOtherB:test_create_backup): 200 GET http://10.180.1.21/image/v2/images/5d43854d-657c-460a-8666-ce52265a2eaf/tasks 0.025s
2025-11-21 00:25:18.170 65709 INFO tempest.lib.common.rest_client [req-592d1379-760a-4e08-ab8e-8ce984848c10 req-592d1379-760a-4e08-ab8e-8ce984848c10 ] Request (ServerDiskConfigTestJSON:test_rebuild_server_with_auto_disk_config): 200 GET http://10.180.1.21/compute/v2.1/servers/77213857-c19c-4162-8af8-18b646fa19fd 1.032s
2025-11-21 00:25:18.218 65693 INFO tempest.lib.common.rest_client [req-d1a2b5f0-e724-4b57-a9fc-70de11ba94e0 req-d1a2b5f0-e724-4b57-a9fc-70de11ba94e0 ] Request (ServerActionsTestOtherB:test_create_backup): 200 GET http://10.180.1.21/image/v2/images?status=active&sort_key=created_at&sort_dir=asc&image_type=backup&backup_type=daily&instance_uuid=3f251dfc-0c79-4924-a7f3-54c9885bdd3a 0.049s
2025-11-21 00:25:18.402 65699 INFO tempest.lib.common.rest_client [req-e7252217-6f00-4d01-9a96-a04d1cfdd714 req-e7252217-6f00-4d01-9a96-a04d1cfdd714 ] Request (ServersTestJSON:setUpClass): 201 POST http://10.180.1.21/networking/v2.0/networks 0.310s
2025-11-21 00:25:18.427 65743 INFO tempest.lib.common.rest_client [req-952182ad-62f6-4201-be97-b842fdc2fad5 req-952182ad-62f6-4201-be97-b842fdc2fad5 ] Request (SecurityGroupsTestJSON:test_server_security_groups): 200 GET http://10.180.1.21/compute/v2.1/servers/340af74d-530e-4ac0-a4b3-7a8cb512ecf0 1.260s
2025-11-21 00:25:18.436 65741 INFO tempest.lib.common.rest_client [req-76f1ec34-371c-4274-aa39-d0f627e3e223 req-76f1ec34-371c-4274-aa39-d0f627e3e223 ] Request (AttachVolumeShelveTestJSON:test_attach_volume_shelved_or_offload_server): 200 GET http://10.180.1.21/compute/v2.1/servers/09682f73-0189-4025-aa18-097a79d1e13e 1.122s
2025-11-21 00:25:18.445 65741 INFO tempest.common.waiters [-] State transition "SHELVED_OFFLOADED/unshelving" ==> "SHELVED_OFFLOADED/spawning" after 32 second wait
2025-11-21 00:25:18.623 65699 INFO tempest.lib.common.rest_client [req-e3a612ae-457d-4eb2-8e6f-22a4845ed8bc req-e3a612ae-457d-4eb2-8e6f-22a4845ed8bc ] Request (ServersTestJSON:setUpClass): 201 POST http://10.180.1.21/networking/v2.0/subnets 0.220s
2025-11-21 00:25:18.917 65737 INFO tempest.lib.common.rest_client [req-c2cc02c8-27d0-426a-95c1-6015980dbb6e req-c2cc02c8-27d0-426a-95c1-6015980dbb6e ] Request (FloatingIPDetailsTestJSON:tearDownClass): 202 DELETE http://10.180.1.21/compute/v2.1/os-floating-ips/10597329-08b4-4e7b-9e45-ba234d0cd124 1.535s
2025-11-21 00:25:19.023 65687 INFO tempest.lib.common.rest_client [req-6cd484b6-c048-47cf-b1a4-850aa2094a81 req-6cd484b6-c048-47cf-b1a4-850aa2094a81 ] Request (ListServersNegativeTestJSON:setUpClass): 200 GET http://10.180.1.21/compute/v2.1/servers/b52b9b43-c555-41fc-a752-ffb6eef19337 1.515s
2025-11-21 00:25:19.102 65683 INFO tempest.lib.common.rest_client [req-0ca16ea5-b69c-4a2e-9bb1-82d24c128098 req-0ca16ea5-b69c-4a2e-9bb1-82d24c128098 ] Request (ServersAdminTestJSON:test_inject_network_info): 200 GET http://10.180.1.21/compute/v2.1/servers/61af870c-f77b-429f-bfce-e05edb733dc4 1.430s
2025-11-21 00:25:19.174 65733 INFO tempest.lib.common.rest_client [req-b8704022-0083-4ad9-a106-c86e5aa69b88 req-b8704022-0083-4ad9-a106-c86e5aa69b88 ] Request (ImagesOneServerNegativeTestJSON:_run_cleanups): 200 GET http://10.180.1.21/compute/v2.1/servers/fb8edf52-1780-46f8-bd78-493694e95d8a 1.487s
2025-11-21 00:25:19.233 65721 INFO tempest.lib.common.rest_client [req-49d21ea7-b6b0-43c1-8ad9-68c197ac1b27 req-49d21ea7-b6b0-43c1-8ad9-68c197ac1b27 ] Request (ServersTestManualDisk:setUpClass): 202 POST http://10.180.1.21/compute/v2.1/servers 1.813s
2025-11-21 00:25:19.241 65689 INFO tempest.lib.common.rest_client [req-bd17e012-45f3-466a-a9bc-ca400c598118 req-bd17e012-45f3-466a-a9bc-ca400c598118 ] Request (VolumesAdminNegativeTest:test_update_attached_volume_with_nonexistent_volume_in_uri): 200 GET http://10.180.1.21/compute/v2.1/servers/026ce5bb-70ae-4550-a577-1a0a85f05e82 1.424s
2025-11-21 00:25:19.309 65729 INFO tempest.lib.common.rest_client [req-f9b1c3ca-59de-4eee-9457-4673e140872d req-f9b1c3ca-59de-4eee-9457-4673e140872d ] Request (ServersAaction247Test:test_create_backup): 200 GET http://10.180.1.21/compute/v2.1/servers/143c9859-0f51-4cfa-ae80-88c769e6cce6 1.473s
2025-11-21 00:25:19.432 65713 INFO tempest.lib.common.rest_client [req-54cbbc9b-24ad-4bf8-a5f4-40045ce16594 req-54cbbc9b-24ad-4bf8-a5f4-40045ce16594 ] Request (ImagesTestJSON:test_create_image_from_suspended_server): 202 POST http://10.180.1.21/compute/v2.1/servers/557e90bb-68bc-4a73-bd74-0a3612c57b7b/action 1.520s
2025-11-21 00:25:19.459 65739 INFO tempest.lib.common.rest_client [req-63080af5-8067-4756-8a2e-fff292254ea0 req-63080af5-8067-4756-8a2e-fff292254ea0 ] Request (ServersTestMultiNic:tearDownClass): 404 GET http://10.180.1.21/compute/v2.1/servers/5e853d44-9579-4210-a876-09bb8511f43e 1.505s
2025-11-21 00:25:19.467 65727 INFO tempest.lib.common.rest_client [req-518487d0-18ad-4e7d-b3ba-ae6e0b210766 req-518487d0-18ad-4e7d-b3ba-ae6e0b210766 ] Request (FloatingIPsAssociationNegativeTestJSON:tearDownClass): 200 GET http://10.180.1.21/compute/v2.1/servers/dc2a76da-59eb-4e96-bc51-76834e20457b 1.615s
2025-11-21 00:25:19.529 65731 WARNING tempest.lib.common.ssh [-] Failed to establish authenticated ssh connection to cirros@10.180.180.134 ([Errno None] Unable to connect to port 22 on 10.180.180.134). Number attempts: 4. Retry after 5 seconds.: paramiko.ssh_exception.NoValidConnectionsError: [Errno None] Unable to connect to port 22 on 10.180.180.134
2025-11-21 00:25:19.559 65699 INFO tempest.lib.common.rest_client [req-c9c84e74-b7d9-4efe-b554-24683e3145e2 req-c9c84e74-b7d9-4efe-b554-24683e3145e2 ] Request (ServersTestJSON:setUpClass): 201 POST http://10.180.1.21/networking/v2.0/routers 0.934s
2025-11-21 00:25:19.619 65723 INFO tempest.lib.common.rest_client [req-cdf8249a-2546-426a-934f-30743d214481 req-cdf8249a-2546-426a-934f-30743d214481 ] Request (MultipleCreateTestJSON:test_multiple_create): 200 GET http://10.180.1.21/compute/v2.1/servers/5f896872-8216-45d5-bca5-a8489c4e1784 1.519s
2025-11-21 00:25:20.266 65739 INFO tempest.lib.common.rest_client [req-a51b2725-f289-4599-af79-9db2c0c244a8 req-a51b2725-f289-4599-af79-9db2c0c244a8 ] Request (ServersTestMultiNic:tearDownClass): 200 PUT http://10.180.1.21/networking/v2.0/routers/29702e5c-cc80-4d28-95c1-5ad0461bc4cf/remove_router_interface 0.807s
2025-11-21 00:25:20.314 65717 INFO tempest.lib.common.rest_client [req-0425c18d-2d7f-4a46-a04a-cc072d1ebba1 req-0425c18d-2d7f-4a46-a04a-cc072d1ebba1 ] Request (ServerExternalEventsTest:tearDownClass): 200 GET http://10.180.1.21/compute/v2.1/servers/e1f8b784-6a43-44e4-ad0b-3fad62f2e88e 2.287s
2025-11-21 00:25:20.330 65691 INFO tempest.lib.common.rest_client [req-84392792-b344-4770-9d48-0bfbd3477b28 req-84392792-b344-4770-9d48-0bfbd3477b28 ] Request (FloatingIPsAssociationTestJSON:tearDownClass): 200 GET http://10.180.1.21/compute/v2.1/servers/e02dbd61-3ea6-4962-9c6b-b2aff7294a0e 2.214s
2025-11-21 00:25:20.334 65703 INFO tempest.lib.common.rest_client [req-ddb8e45f-260d-4c6c-857f-08e734a74336 req-ddb8e45f-260d-4c6c-857f-08e734a74336 ] Request (QuotaClassesAdminTestJSON:test_update_default_quotas): 200 GET http://10.180.1.21/compute/v2.1/os-quota-class-sets/default 2.197s
2025-11-21 00:25:20.551 65699 INFO tempest.lib.common.rest_client [req-dd7df409-2afc-4064-b887-d42155f47b00 req-dd7df409-2afc-4064-b887-d42155f47b00 ] Request (ServersTestJSON:setUpClass): 200 PUT http://10.180.1.21/networking/v2.0/routers/d8ab1679-7346-4cd4-ab20-7fdad09fedf2/add_router_interface 0.992s
2025-11-21 00:25:20.552 65699 INFO tempest.lib.common.dynamic_creds [-] Created isolated network resources for: credentials: Credentials: {'domain_id': 'default', 'domain_name': 'Default', 'username': 'tempest-ServersTestJSON-2076103390-project-member', 'project_domain_id': 'default', 'project_domain_name': 'Default', 'project_id': '93f95d4bf73b483ab2ae773bc5707ce9', 'project_name': 'tempest-ServersTestJSON-2076103390', 'tenant_id': '93f95d4bf73b483ab2ae773bc5707ce9', 'tenant_name': 'tempest-ServersTestJSON-2076103390', 'user_domain_id': 'default', 'user_domain_name': 'Default', 'user_id': 'e5007b1de049423f925456de4c7c5071', 'system': None}, Network: {'id': 'eaf18cf2-98c1-4a51-ad21-7773b0ba6eb5', 'name': 'tempest-ServersTestJSON-1010319641-network', 'tenant_id': '93f95d4bf73b483ab2ae773bc5707ce9', 'project_id': '93f95d4bf73b483ab2ae773bc5707ce9', 'admin_state_up': True, 'mtu': 8950, 'status': 'ACTIVE', 'subnets': [], 'shared': False, 'port_security_enabled': True, 'router:external': False, 'provider:network_type': 'vlan', 'provider:physical_network': 'default', 'provider:segmentation_id': 963, 'availability_zone_hints': [], 'availability_zones': [], 'ipv4_address_scope': None, 'ipv6_address_scope': None, 'description': '', 'tags': [], 'created_at': '2025-11-21T00:25:18Z', 'updated_at': '2025-11-21T00:25:18Z', 'revision_number': 1}, Subnet: {'id': '37d2f383-a7b6-435b-b08e-b5818ef5fe52', 'name': 'tempest-ServersTestJSON-1010319641-subnet', 'tenant_id': '93f95d4bf73b483ab2ae773bc5707ce9', 'network_id': 'eaf18cf2-98c1-4a51-ad21-7773b0ba6eb5', 'ip_version': 4, 'subnetpool_id': None, 'enable_dhcp': True, 'ipv6_ra_mode': None, 'ipv6_address_mode': None, 'gateway_ip': '192.168.128.1', 'cidr': '192.168.128.0/28', 'allocation_pools': [{'start': '192.168.128.2', 'end': '192.168.128.14'}], 'host_routes': [], 'dns_nameservers': [], 'description': '', 'router:external': False, 'service_types': [], 'tags': [], 'created_at': '2025-11-21T00:25:18Z', 'updated_at': '2025-11-21T00:25:18Z', 'revision_number': 0, 'project_id': '93f95d4bf73b483ab2ae773bc5707ce9'}, Router: {'id': 'd8ab1679-7346-4cd4-ab20-7fdad09fedf2', 'name': 'tempest-ServersTestJSON-1010319641-router', 'tenant_id': '93f95d4bf73b483ab2ae773bc5707ce9', 'admin_state_up': True, 'status': 'ACTIVE', 'external_gateway_info': {'network_id': '2c023bc8-c91a-448d-b974-6b23926ba6e6', 'external_fixed_ips': [{'subnet_id': '8abbb223-5f13-42e7-af42-53eaf281a914', 'ip_address': '10.180.180.204'}], 'enable_snat': True}, 'description': '', 'availability_zones': [], 'distributed': False, 'ha': False, 'availability_zone_hints': [], 'routes': [], 'flavor_id': None, 'tags': [], 'created_at': '2025-11-21T00:25:18Z', 'updated_at': '2025-11-21T00:25:19Z', 'revision_number': 2, 'project_id': '93f95d4bf73b483ab2ae773bc5707ce9'}
2025-11-21 00:25:20.656 65699 INFO tempest.lib.common.rest_client [req-d248b25d-4031-4e0b-a2f8-3964668c316b req-d248b25d-4031-4e0b-a2f8-3964668c316b ] Request (ServersTestJSON:setUpClass): 201 POST http://10.180.1.21/identity/v3/auth/tokens 0.099s
2025-11-21 00:25:20.788 65739 INFO tempest.lib.common.rest_client [req-7f13a983-397b-47d1-b6cd-afbafeab593e req-7f13a983-397b-47d1-b6cd-afbafeab593e ] Request (ServersTestMultiNic:tearDownClass): 204 DELETE http://10.180.1.21/networking/v2.0/routers/29702e5c-cc80-4d28-95c1-5ad0461bc4cf 0.521s
2025-11-21 00:25:20.825 65745 INFO tempest.lib.common.rest_client [req-7f2d9c73-af3e-4a81-a882-8c26b0b4e3a2 req-7f2d9c73-af3e-4a81-a882-8c26b0b4e3a2 ] Request (ServerActionsV293TestJSON:tearDownClass): 200 GET http://10.180.1.21/compute/v2.1/servers/143b2e2a-19ca-4054-9457-c5a0221aa11b 2.311s
2025-11-21 00:25:20.912 65693 INFO tempest.lib.common.rest_client [req-8ba4201e-fe55-459e-860d-dbefda7f5012 req-8ba4201e-fe55-459e-860d-dbefda7f5012 ] Request (ServerActionsTestOtherB:test_create_backup): 200 GET http://10.180.1.21/compute/v2.1/servers/3f251dfc-0c79-4924-a7f3-54c9885bdd3a 2.693s
2025-11-21 00:25:21.166 65739 INFO tempest.lib.common.rest_client [req-b82a8226-0f6f-4a7c-bbdb-681ab799a93e req-b82a8226-0f6f-4a7c-bbdb-681ab799a93e ] Request (ServersTestMultiNic:tearDownClass): 204 DELETE http://10.180.1.21/networking/v2.0/subnets/56eade36-072a-47c7-a472-a214446216db 0.378s
2025-11-21 00:25:21.194 65685 WARNING tempest.lib.common.ssh [-] Failed to establish authenticated ssh connection to cirros@10.180.180.207 ([Errno None] Unable to connect to port 22 on 10.180.180.207). Number attempts: 11. Retry after 12 seconds.: paramiko.ssh_exception.NoValidConnectionsError: [Errno None] Unable to connect to port 22 on 10.180.180.207
2025-11-21 00:25:21.197 65705 INFO tempest.lib.common.rest_client [req-224324a2-4a72-4580-92be-e9ff0675c57b req-224324a2-4a72-4580-92be-e9ff0675c57b ] Request (ServerShowV247Test:tearDownClass): 200 GET http://10.180.1.21/compute/v2.1/servers/4f9a038c-e945-4740-8d71-e82b3f0e1494 2.599s
2025-11-21 00:25:21.238 65725 INFO tempest.lib.common.rest_client [req-60ecbf43-2df5-4600-bf4c-2ea94aead017 req-60ecbf43-2df5-4600-bf4c-2ea94aead017 ] Request (ListImageFiltersTestJSON:setUpClass): 200 GET http://10.180.1.21/compute/v2.1/servers/f66ca646-8a0a-446c-8271-2ade57b69a0b 2.551s
2025-11-21 00:25:21.248 65725 INFO tempest.common.waiters [-] State transition "BUILD/scheduling" ==> "BUILD/None" after 23 second wait
2025-11-21 00:25:21.265 65715 INFO tempest.lib.common.rest_client [req-2efd6a6b-263b-4344-b108-1bc8bf38c99f req-2efd6a6b-263b-4344-b108-1bc8bf38c99f ] Request (AttachInterfacesUnderV243Test:_run_cleanups): 404 GET http://10.180.1.21/compute/v2.1/servers/547a3619-d440-4dcd-ad97-56899b49d3ec 2.496s
2025-11-21 00:25:21.329 65707 INFO tempest.lib.common.rest_client [req-1c317c74-1cfe-4dbc-9e6c-0f9d983342b1 req-1c317c74-1cfe-4dbc-9e6c-0f9d983342b1 ] Request (ListServerFiltersTestJSON:setUpClass): 200 GET http://10.180.1.21/compute/v2.1/servers/8e1ef3ac-6d92-44ce-b960-6b9a19a55ad3 2.585s
2025-11-21 00:25:21.454 65719 INFO tempest.lib.common.rest_client [req-c28027f1-d0dd-4a88-880d-7b1b97627169 req-c28027f1-d0dd-4a88-880d-7b1b97627169 ] Request (ServersNegativeTestJSON:setUpClass): 200 GET http://10.180.1.21/compute/v2.1/servers/fc6f9051-3736-49a0-b9d4-4478f35809d7 2.513s
2025-11-21 00:25:21.538 65739 INFO tempest.lib.common.rest_client [req-3388ea9b-a29d-4a33-89cd-34d426858d1d req-3388ea9b-a29d-4a33-89cd-34d426858d1d ] Request (ServersTestMultiNic:tearDownClass): 204 DELETE http://10.180.1.21/networking/v2.0/networks/3d584e0e-a2cf-4eec-87c3-6ccff94ad2ad 0.371s
2025-11-21 00:25:21.566 65701 INFO tempest.lib.common.rest_client [req-1cd8b59a-6abf-44e9-985f-5fc816386ce9 req-1cd8b59a-6abf-44e9-985f-5fc816386ce9 ] Request (MigrationsAdminTest:test_resize_server_revert_deleted_flavor): 200 GET http://10.180.1.21/compute/v2.1/servers/6594af69-9d87-4dff-812a-ca5ad682fd07 2.457s
2025-11-21 00:25:21.575 65701 INFO tempest.common.waiters [-] State transition "BUILD/None" ==> "BUILD/networking" after 57 second wait
2025-11-21 00:25:21.675 65709 INFO tempest.lib.common.rest_client [req-61eddcd0-5d58-4355-95e6-e72092ed297f req-61eddcd0-5d58-4355-95e6-e72092ed297f ] Request (ServerDiskConfigTestJSON:test_rebuild_server_with_auto_disk_config): 200 GET http://10.180.1.21/compute/v2.1/servers/77213857-c19c-4162-8af8-18b646fa19fd 2.497s
2025-11-21 00:25:21.685 65739 INFO tempest.lib.common.rest_client [req-9660a02d-fe6a-4f4a-804f-a0a6f4b7854c req-9660a02d-fe6a-4f4a-804f-a0a6f4b7854c ] Request (ServersTestMultiNic:tearDownClass): 204 DELETE http://10.180.1.21/identity/v3/users/35d6a301a54347fdad09f149ac501463 0.146s
2025-11-21 00:25:21.685 65739 INFO tempest.lib.common.dynamic_creds [-] Deleting project and security group for project: 9c901695462646f497719f549a52d7f3
2025-11-21 00:25:21.754 65739 INFO tempest.lib.common.rest_client [req-ecf4ebcd-8aed-4da1-aaf3-af1770320b67 req-ecf4ebcd-8aed-4da1-aaf3-af1770320b67 ] Request (ServersTestMultiNic:tearDownClass): 200 GET http://10.180.1.21/networking/v2.0/security-groups?tenant_id=9c901695462646f497719f549a52d7f3&name=default 0.069s
2025-11-21 00:25:21.782 65721 INFO tempest.lib.common.rest_client [req-d59c9f65-0355-4cf9-818a-5d188139e593 req-d59c9f65-0355-4cf9-818a-5d188139e593 ] Request (ServersTestManualDisk:setUpClass): 200 GET http://10.180.1.21/compute/v2.1/servers/94eadd85-ade5-46bf-8d39-0f990cc412ed 2.546s
2025-11-21 00:25:21.815 65737 INFO tempest.lib.common.rest_client [req-e5d50e3d-56d2-4094-b5fb-02f5b583df05 req-e5d50e3d-56d2-4094-b5fb-02f5b583df05 ] Request (FloatingIPDetailsTestJSON:tearDownClass): 202 DELETE http://10.180.1.21/compute/v2.1/os-floating-ips/c55707ac-d50d-4454-af12-91236154e345 2.898s
2025-11-21 00:25:21.928 65739 INFO tempest.lib.common.rest_client [req-fb958c81-a0a8-4d11-abe1-c53040063287 req-fb958c81-a0a8-4d11-abe1-c53040063287 ] Request (ServersTestMultiNic:tearDownClass): 204 DELETE http://10.180.1.21/networking/v2.0/security-groups/b2ac2628-b96b-4a3c-ae23-911347152df0 0.173s
2025-11-21 00:25:22.088 65739 INFO tempest.lib.common.rest_client [req-a66a8e08-c8a6-428e-bb2e-f01600d93399 req-a66a8e08-c8a6-428e-bb2e-f01600d93399 ] Request (ServersTestMultiNic:tearDownClass): 204 DELETE http://10.180.1.21/identity/v3/projects/9c901695462646f497719f549a52d7f3 0.160s
2025-11-21 00:25:22.112 65713 INFO tempest.lib.common.rest_client [req-4a465115-b0e9-4a61-8dc3-5fedddea6d07 req-4a465115-b0e9-4a61-8dc3-5fedddea6d07 ] Request (ImagesTestJSON:test_create_image_from_suspended_server): 200 GET http://10.180.1.21/compute/v2.1/servers/557e90bb-68bc-4a73-bd74-0a3612c57b7b 2.677s
2025-11-21 00:25:22.141 65743 INFO tempest.lib.common.rest_client [req-08aaa937-8097-4ec9-ad2a-95a70d5c818a req-08aaa937-8097-4ec9-ad2a-95a70d5c818a ] Request (SecurityGroupsTestJSON:test_server_security_groups): 200 GET http://10.180.1.21/compute/v2.1/servers/340af74d-530e-4ac0-a4b3-7a8cb512ecf0 2.704s
2025-11-21 00:25:22.196 65739 INFO tempest.lib.common.rest_client [req-4b2d1bdc-a9a7-4ed7-8b96-a1e803b5c23c req-4b2d1bdc-a9a7-4ed7-8b96-a1e803b5c23c ] Request (ServerShowV254Test:setUpClass): 201 POST http://10.180.1.21/identity/v3/auth/tokens 0.106s
2025-11-21 00:25:22.227 65739 INFO tempest.lib.common.rest_client [req-36e40354-a45b-41f1-ad15-8412b64191c0 req-36e40354-a45b-41f1-ad15-8412b64191c0 ] Request (ServerShowV254Test:setUpClass): 201 POST http://10.180.1.21/identity/v3/auth/tokens 0.029s
2025-11-21 00:25:22.256 65739 INFO tempest.lib.common.rest_client [req-ac6cb6a4-5739-47e6-b8c0-0ca0b4e61f4e req-ac6cb6a4-5739-47e6-b8c0-0ca0b4e61f4e ] Request (ServerShowV254Test:setUpClass): 200 GET http://10.180.1.21/identity/v3/domains?name=Default 0.028s
2025-11-21 00:25:22.268 65687 INFO tempest.lib.common.rest_client [req-3414cbbd-6161-407c-a190-57464f921f7c req-3414cbbd-6161-407c-a190-57464f921f7c ] Request (ListServersNegativeTestJSON:setUpClass): 200 GET http://10.180.1.21/compute/v2.1/servers/b52b9b43-c555-41fc-a752-ffb6eef19337 2.237s
2025-11-21 00:25:22.290 65739 INFO tempest.lib.common.rest_client [req-425dc70c-2d04-4c8e-b45f-e0811885e4fa req-425dc70c-2d04-4c8e-b45f-e0811885e4fa ] Request (ServerShowV254Test:setUpClass): 201 POST http://10.180.1.21/identity/v3/projects 0.033s
2025-11-21 00:25:22.306 65741 INFO tempest.lib.common.rest_client [req-6907c73b-3fc2-4369-bbf8-f89452bf850b req-6907c73b-3fc2-4369-bbf8-f89452bf850b ] Request (AttachVolumeShelveTestJSON:test_attach_volume_shelved_or_offload_server): 200 GET http://10.180.1.21/compute/v2.1/servers/09682f73-0189-4025-aa18-097a79d1e13e 2.860s
2025-11-21 00:25:22.324 65683 INFO tempest.lib.common.rest_client [req-9e2e1f9d-caf5-414e-a470-7ba4a5ee1363 req-9e2e1f9d-caf5-414e-a470-7ba4a5ee1363 ] Request (ServersAdminTestJSON:test_inject_network_info): 200 GET http://10.180.1.21/compute/v2.1/servers/61af870c-f77b-429f-bfce-e05edb733dc4 2.210s
2025-11-21 00:25:22.359 65739 INFO tempest.lib.common.rest_client [req-e64f75d2-8175-41ab-9eb2-cc76b257fd94 req-e64f75d2-8175-41ab-9eb2-cc76b257fd94 ] Request (ServerShowV254Test:setUpClass): 201 POST http://10.180.1.21/identity/v3/users 0.068s
2025-11-21 00:25:22.362 65733 INFO tempest.lib.common.rest_client [req-1b6a7d6a-89f7-4282-8053-f934dfe2686c req-1b6a7d6a-89f7-4282-8053-f934dfe2686c ] Request (ImagesOneServerNegativeTestJSON:_run_cleanups): 200 GET http://10.180.1.21/compute/v2.1/servers/fb8edf52-1780-46f8-bd78-493694e95d8a 2.180s
2025-11-21 00:25:22.382 65689 INFO tempest.lib.common.rest_client [req-1b97f36b-0948-49d1-bea9-4150b8f1a83a req-1b97f36b-0948-49d1-bea9-4150b8f1a83a ] Request (VolumesAdminNegativeTest:test_update_attached_volume_with_nonexistent_volume_in_uri): 200 GET http://10.180.1.21/compute/v2.1/servers/026ce5bb-70ae-4550-a577-1a0a85f05e82 2.126s
2025-11-21 00:25:22.385 65739 INFO tempest.lib.common.rest_client [req-22a33f0e-4cf5-4aa4-afef-585c8256e555 req-22a33f0e-4cf5-4aa4-afef-585c8256e555 ] Request (ServerShowV254Test:setUpClass): 200 GET http://10.180.1.21/identity/v3/roles 0.026s
2025-11-21 00:25:22.419 65729 INFO tempest.lib.common.rest_client [req-f5373357-cbc9-4d17-9e1b-071035ba617e req-f5373357-cbc9-4d17-9e1b-071035ba617e ] Request (ServersAaction247Test:test_create_backup): 200 GET http://10.180.1.21/compute/v2.1/servers/143c9859-0f51-4cfa-ae80-88c769e6cce6 2.094s
2025-11-21 00:25:22.421 65739 INFO tempest.lib.common.rest_client [req-73190c7d-7e40-4a4a-93ee-2396d042461d req-73190c7d-7e40-4a4a-93ee-2396d042461d ] Request (ServerShowV254Test:setUpClass): 204 PUT http://10.180.1.21/identity/v3/projects/26d7fa5b576944b2a7415810788a8984/users/05362f417a794479aa85df0f29be730f/roles/803eee7212bd470d9ac0199b6a65dfa5 0.035s
