2025-11-21 00:22:19.143 65695 INFO tempest.lib.common.rest_client [req-d9b86810-9a79-4aa9-bd36-d34fd3208f78 req-d9b86810-9a79-4aa9-bd36-d34fd3208f78 ] Request (SecurityGroupsNegativeTestJSON:test_delete_nonexistent_security_group): 404 DELETE http://10.180.1.21/compute/v2.1/os-security-groups/d8d7b3d3-5f48-4073-b413-e0574f466a4b 6.590s
2025-11-21 00:22:19.147 65743 INFO tempest.lib.common.rest_client [req-032b63d8-5ee3-4ac0-b1b8-e59e279b4b38 req-032b63d8-5ee3-4ac0-b1b8-e59e279b4b38 ] Request (SecurityGroupsTestJSON:setUpClass): 201 POST http://10.180.1.21/identity/v3/users 0.073s
2025-11-21 00:22:19.169 65743 INFO tempest.lib.common.rest_client [req-e153bb9f-c6b2-437b-9888-1326c9ee883e req-e153bb9f-c6b2-437b-9888-1326c9ee883e ] Request (SecurityGroupsTestJSON:setUpClass): 200 GET http://10.180.1.21/identity/v3/roles 0.022s
2025-11-21 00:22:19.193 65693 INFO tempest.lib.common.rest_client [req-a6b9202d-846a-4a3e-8f97-e9c94a64dcf4 req-a6b9202d-846a-4a3e-8f97-e9c94a64dcf4 ] Request (InstanceActionsV221TestJSON:test_get_list_deleted_instance_actions): 201 POST http://10.180.1.21/identity/v3/auth/tokens 0.045s
2025-11-21 00:22:19.195 65693 INFO tempest.lib.common.fixed_network [-] (InstanceActionsV221TestJSON:test_get_list_deleted_instance_actions) Found network {'id': '87ba1b99-44a0-48dc-88e6-b93a4824c861', 'name': 'tempest-InstanceActionsV221TestJSON-509911181-network', 'tenant_id': 'ce2de04093a7451fa734dd184cc5edf4', 'project_id': 'ce2de04093a7451fa734dd184cc5edf4', 'admin_state_up': True, 'mtu': 8950, 'status': 'ACTIVE', 'subnets': [], 'shared': False, 'port_security_enabled': True, 'router:external': False, 'provider:network_type': 'vlan', 'provider:physical_network': 'default', 'provider:segmentation_id': 136, 'availability_zone_hints': [], 'availability_zones': [], 'ipv4_address_scope': None, 'ipv6_address_scope': None, 'description': '', 'tags': [], 'created_at': '2025-11-21T00:22:15Z', 'updated_at': '2025-11-21T00:22:15Z', 'revision_number': 1} available for tenant
2025-11-21 00:22:19.219 65743 INFO tempest.lib.common.rest_client [req-18ba1589-5732-43ae-9e67-94ada129d2f5 req-18ba1589-5732-43ae-9e67-94ada129d2f5 ] Request (SecurityGroupsTestJSON:setUpClass): 204 PUT http://10.180.1.21/identity/v3/projects/01f3e01095964d20a8743ec6f347e433/users/f61885c0f57340838e4b44dbb58c934d/roles/803eee7212bd470d9ac0199b6a65dfa5 0.049s
2025-11-21 00:22:19.219 65743 INFO tempest.lib.common.dynamic_creds [-] Dynamic test user f61885c0f57340838e4b44dbb58c934d is created with scope project and roles: ['member']
2025-11-21 00:22:19.219 65743 INFO tempest.lib.common.dynamic_creds [-] Acquired dynamic creds: credentials: Credentials: {'domain_id': 'default', 'domain_name': 'Default', 'username': 'tempest-SecurityGroupsTestJSON-315597988-project-member', 'project_domain_id': 'default', 'project_domain_name': 'Default', 'project_id': '01f3e01095964d20a8743ec6f347e433', 'project_name': 'tempest-SecurityGroupsTestJSON-315597988', 'tenant_id': '01f3e01095964d20a8743ec6f347e433', 'tenant_name': 'tempest-SecurityGroupsTestJSON-315597988', 'user_domain_id': 'default', 'user_domain_name': 'Default', 'user_id': 'f61885c0f57340838e4b44dbb58c934d', 'system': None}, Network: None, Subnet: None, Router: None
2025-11-21 00:22:19.286 65723 INFO tempest.lib.common.rest_client [req-7bae6caa-197c-4cf8-b813-8f9482af5736 req-7bae6caa-197c-4cf8-b813-8f9482af5736 ] Request (HypervisorAdminV228Test:tearDownClass): 200 GET http://10.180.1.21/networking/v2.0/security-groups?tenant_id=215407087f7b401cbbf93087e0dcfcef&name=default 0.845s
2025-11-21 00:22:19.287 65743 INFO tempest.lib.common.rest_client [req-2f3c6273-4273-4ee0-9c96-44d52db6c4b8 req-2f3c6273-4273-4ee0-9c96-44d52db6c4b8 ] Request (SecurityGroupsTestJSON:setUpClass): 201 POST http://10.180.1.21/identity/v3/auth/tokens 0.067s
2025-11-21 00:22:19.373 65701 INFO tempest.lib.common.rest_client [req-8919c4c1-7c36-4b4b-b7ef-c5bec4707a41 req-8919c4c1-7c36-4b4b-b7ef-c5bec4707a41 ] Request (InstanceUsageAuditLogTestJSON:tearDownClass): 204 DELETE http://10.180.1.21/networking/v2.0/security-groups/de0f2fb0-e51c-43cb-a86e-6b94cba4bae1 0.283s
2025-11-21 00:22:19.433 65701 INFO tempest.lib.common.rest_client [req-9221d174-ff58-460d-8636-ed2c9fc7355a req-9221d174-ff58-460d-8636-ed2c9fc7355a ] Request (InstanceUsageAuditLogTestJSON:tearDownClass): 204 DELETE http://10.180.1.21/identity/v3/projects/ea6e5bd963a444d4b37091bbd5d9b997 0.060s
2025-11-21 00:22:19.433 65701 INFO tempest.lib.common.dynamic_creds [-] Deleting project and security group for project: 038b30ceb568429d8ccc25e7fb82784d
2025-11-21 00:22:19.464 65723 INFO tempest.lib.common.rest_client [req-0164f008-2214-4ea7-ad36-90495defefa3 req-0164f008-2214-4ea7-ad36-90495defefa3 ] Request (HypervisorAdminV228Test:tearDownClass): 204 DELETE http://10.180.1.21/networking/v2.0/security-groups/8bc418b5-3dbc-4b0d-9bf7-7a14f591debd 0.178s
2025-11-21 00:22:19.588 65723 INFO tempest.lib.common.rest_client [req-638fbf88-a40b-4266-80c1-4bc5b34805c6 req-638fbf88-a40b-4266-80c1-4bc5b34805c6 ] Request (HypervisorAdminV228Test:tearDownClass): 204 DELETE http://10.180.1.21/identity/v3/projects/215407087f7b401cbbf93087e0dcfcef 0.123s
2025-11-21 00:22:19.588 65723 INFO tempest.lib.common.dynamic_creds [-] Deleting project and security group for project: cf8a99bce03e4104bb38d71cb0a939d9
2025-11-21 00:22:19.730 65743 INFO tempest.lib.common.rest_client [req-5db3a819-7e65-4a0d-a5df-1bbc53e7e9da req-5db3a819-7e65-4a0d-a5df-1bbc53e7e9da ] Request (SecurityGroupsTestJSON:setUpClass): 201 POST http://10.180.1.21/networking/v2.0/networks 0.443s
2025-11-21 00:22:19.898 65737 INFO tempest.lib.common.rest_client [req-57b14c32-7795-465d-98e9-4be6de1d62ec req-57b14c32-7795-465d-98e9-4be6de1d62ec ] Request (VolumesAssistedSnapshotsTest:setUpClass): 200 PUT http://10.180.1.21/networking/v2.0/routers/dc895660-ae31-4154-aebf-c95319018028/add_router_interface 1.771s
2025-11-21 00:22:19.898 65737 INFO tempest.lib.common.dynamic_creds [-] Created isolated network resources for: credentials: Credentials: {'domain_id': 'default', 'domain_name': 'Default', 'username': 'tempest-VolumesAssistedSnapshotsTest-1612533787-project-admin', 'project_domain_id': 'default', 'project_domain_name': 'Default', 'project_id': 'a734f4b67bdd48289998632ad04cc7a6', 'project_name': 'tempest-VolumesAssistedSnapshotsTest-1612533787', 'tenant_id': 'a734f4b67bdd48289998632ad04cc7a6', 'tenant_name': 'tempest-VolumesAssistedSnapshotsTest-1612533787', 'user_domain_id': 'default', 'user_domain_name': 'Default', 'user_id': 'c19f2c822f084caa8ac13d7657ce1d8e', 'system': None}, Network: {'id': 'a2738749-ac4f-4429-8b1e-ca2fa052294b', 'name': 'tempest-VolumesAssistedSnapshotsTest-133092879-network', 'tenant_id': 'a734f4b67bdd48289998632ad04cc7a6', 'project_id': 'a734f4b67bdd48289998632ad04cc7a6', 'admin_state_up': True, 'mtu': 8950, 'status': 'ACTIVE', 'subnets': [], 'shared': False, 'port_security_enabled': True, 'router:external': False, 'provider:network_type': 'vlan', 'provider:physical_network': 'default', 'provider:segmentation_id': 409, 'availability_zone_hints': [], 'availability_zones': [], 'ipv4_address_scope': None, 'ipv6_address_scope': None, 'description': '', 'tags': [], 'created_at': '2025-11-21T00:22:16Z', 'updated_at': '2025-11-21T00:22:16Z', 'revision_number': 1}, Subnet: {'id': '39ace96e-a4ea-4ee2-889d-f77dc0ba8390', 'name': 'tempest-VolumesAssistedSnapshotsTest-133092879-subnet', 'tenant_id': 'a734f4b67bdd48289998632ad04cc7a6', 'network_id': 'a2738749-ac4f-4429-8b1e-ca2fa052294b', 'ip_version': 4, 'subnetpool_id': None, 'enable_dhcp': True, 'ipv6_ra_mode': None, 'ipv6_address_mode': None, 'gateway_ip': '192.168.128.1', 'cidr': '192.168.128.0/28', 'allocation_pools': [{'start': '192.168.128.2', 'end': '192.168.128.14'}], 'host_routes': [], 'dns_nameservers': [], 'description': '', 'router:external': False, 'service_types': [], 'tags': [], 'created_at': '2025-11-21T00:22:16Z', 'updated_at': '2025-11-21T00:22:16Z', 'revision_number': 0, 'project_id': 'a734f4b67bdd48289998632ad04cc7a6'}, Router: {'id': 'dc895660-ae31-4154-aebf-c95319018028', 'name': 'tempest-VolumesAssistedSnapshotsTest-133092879-router', 'tenant_id': 'a734f4b67bdd48289998632ad04cc7a6', 'admin_state_up': True, 'status': 'ACTIVE', 'external_gateway_info': {'network_id': '2c023bc8-c91a-448d-b974-6b23926ba6e6', 'external_fixed_ips': [{'subnet_id': '8abbb223-5f13-42e7-af42-53eaf281a914', 'ip_address': '10.180.180.239'}], 'enable_snat': True}, 'description': '', 'availability_zones': [], 'distributed': False, 'ha': False, 'availability_zone_hints': [], 'routes': [], 'flavor_id': None, 'tags': [], 'created_at': '2025-11-21T00:22:17Z', 'updated_at': '2025-11-21T00:22:17Z', 'revision_number': 2, 'project_id': 'a734f4b67bdd48289998632ad04cc7a6'}
2025-11-21 00:22:19.916 65725 INFO tempest.lib.common.rest_client [req-332eef6a-93ce-4bb9-a055-0dc2afd56acc req-332eef6a-93ce-4bb9-a055-0dc2afd56acc ] Request (DeleteServersAdminTestJSON:test_admin_delete_servers_of_others): 202 POST http://10.180.1.21/compute/v2.1/servers 9.575s
2025-11-21 00:22:19.949 65701 INFO tempest.lib.common.rest_client [req-65068958-d2ee-4321-afb0-2ece61777b1c req-65068958-d2ee-4321-afb0-2ece61777b1c ] Request (InstanceUsageAuditLogTestJSON:tearDownClass): 200 GET http://10.180.1.21/networking/v2.0/security-groups?tenant_id=038b30ceb568429d8ccc25e7fb82784d&name=default 0.515s
2025-11-21 00:22:20.003 65737 INFO tempest.lib.common.rest_client [req-c4a681b9-a296-4122-abcc-6f9109d5004d req-c4a681b9-a296-4122-abcc-6f9109d5004d ] Request (VolumesAssistedSnapshotsTest:setUpClass): 201 POST http://10.180.1.21/identity/v3/auth/tokens 0.100s
2025-11-21 00:22:20.007 65723 INFO tempest.lib.common.rest_client [req-0f408763-ddd0-456d-96b4-ba44ac6e87c3 req-0f408763-ddd0-456d-96b4-ba44ac6e87c3 ] Request (HypervisorAdminV228Test:tearDownClass): 200 GET http://10.180.1.21/networking/v2.0/security-groups?tenant_id=cf8a99bce03e4104bb38d71cb0a939d9&name=default 0.418s
2025-11-21 00:22:20.088 65737 INFO tempest.lib.common.rest_client [req-11f234f0-0f03-4e48-b2b3-985465e23f59 req-11f234f0-0f03-4e48-b2b3-985465e23f59 ] Request (VolumesAssistedSnapshotsTest:setUpClass): 201 POST http://10.180.1.21/identity/v3/projects 0.085s
2025-11-21 00:22:20.107 65743 INFO tempest.lib.common.rest_client [req-942af5aa-75ec-4792-96ac-7b81abc37f80 req-942af5aa-75ec-4792-96ac-7b81abc37f80 ] Request (SecurityGroupsTestJSON:setUpClass): 201 POST http://10.180.1.21/networking/v2.0/subnets 0.376s
2025-11-21 00:22:20.113 65709 INFO tempest.lib.common.rest_client [req-a75ca955-c834-403b-99d9-110ec32a5270 req-a75ca955-c834-403b-99d9-110ec32a5270 ] Request (SecurityGroupsTestAdminJSON:test_list_security_groups_list_all_tenants_filter): 200 POST http://10.180.1.21/compute/v2.1/os-security-groups 6.453s
2025-11-21 00:22:20.156 65737 INFO tempest.lib.common.rest_client [req-55611c6e-648c-408b-b72a-2883718d273a req-55611c6e-648c-408b-b72a-2883718d273a ] Request (VolumesAssistedSnapshotsTest:setUpClass): 201 POST http://10.180.1.21/identity/v3/users 0.067s
2025-11-21 00:22:20.182 65737 INFO tempest.lib.common.rest_client [req-fa2f34ea-380d-44e8-adb5-d7147c41d825 req-fa2f34ea-380d-44e8-adb5-d7147c41d825 ] Request (VolumesAssistedSnapshotsTest:setUpClass): 200 GET http://10.180.1.21/identity/v3/roles 0.026s
2025-11-21 00:22:20.183 65707 INFO tempest.lib.common.rest_client [req-1103b22a-4b01-4457-ae8f-264737a2f8ba req-1103b22a-4b01-4457-ae8f-264737a2f8ba ] Request (HypervisorAdminUnderV252Test:test_get_hypervisor_show_servers): 200 GET http://10.180.1.21/compute/v2.1/os-hypervisors/domain-c8.fc996f14-c53b-4953-92e3-bdfa48f5cc28/servers 6.430s
2025-11-21 00:22:20.194 65723 INFO tempest.lib.common.rest_client [req-338c6b0e-559d-459f-bf84-97bb6b9a66ad req-338c6b0e-559d-459f-bf84-97bb6b9a66ad ] Request (HypervisorAdminV228Test:tearDownClass): 204 DELETE http://10.180.1.21/networking/v2.0/security-groups/df1ae24d-069d-48e3-b033-57560531b92c 0.186s
2025-11-21 00:22:20.199 65701 INFO tempest.lib.common.rest_client [req-a4637a61-bb6f-4c51-aa28-4462e126c184 req-a4637a61-bb6f-4c51-aa28-4462e126c184 ] Request (InstanceUsageAuditLogTestJSON:tearDownClass): 204 DELETE http://10.180.1.21/networking/v2.0/security-groups/509fe828-4fcb-436e-9292-4100b9c40765 0.249s
2025-11-21 00:22:20.231 65737 INFO tempest.lib.common.rest_client [req-4733d781-cb42-438b-87ec-9e5087beda74 req-4733d781-cb42-438b-87ec-9e5087beda74 ] Request (VolumesAssistedSnapshotsTest:setUpClass): 204 PUT http://10.180.1.21/identity/v3/projects/baf1bdbc549c4337a33050d56f0dd55a/users/487687f0f24d48b29998c53fad9e49d6/roles/508a4bc2de9a41d4a9c846cf58ecff8b 0.048s
2025-11-21 00:22:20.338 65723 INFO tempest.lib.common.rest_client [req-e7598c4c-57aa-475d-b2a5-5c99960150a5 req-e7598c4c-57aa-475d-b2a5-5c99960150a5 ] Request (HypervisorAdminV228Test:tearDownClass): 204 DELETE http://10.180.1.21/identity/v3/projects/cf8a99bce03e4104bb38d71cb0a939d9 0.144s
2025-11-21 00:22:20.405 65737 INFO tempest.lib.common.rest_client [req-149bd6e0-a6b1-4607-bf61-543e6155c39f req-149bd6e0-a6b1-4607-bf61-543e6155c39f ] Request (VolumesAssistedSnapshotsTest:setUpClass): 200 GET http://10.180.1.21/identity/v3/roles 0.173s
2025-11-21 00:22:20.417 65735 INFO tempest.lib.common.rest_client [req-35b43fc7-7141-46e9-a830-fa9bb8596965 req-35b43fc7-7141-46e9-a830-fa9bb8596965 ] Request (FloatingIPDetailsNegativeTestJSON:test_get_nonexistent_floating_ip_details): 404 GET http://10.180.1.21/compute/v2.1/os-floating-ips/abbdba9e-1ef1-4001-90d4-8238f8b87584 5.868s
2025-11-21 00:22:20.430 65701 INFO tempest.lib.common.rest_client [req-a25b9d0a-c1f6-46cd-854f-c22b38aa4f8d req-a25b9d0a-c1f6-46cd-854f-c22b38aa4f8d ] Request (InstanceUsageAuditLogTestJSON:tearDownClass): 204 DELETE http://10.180.1.21/identity/v3/projects/038b30ceb568429d8ccc25e7fb82784d 0.231s
2025-11-21 00:22:20.496 65723 INFO tempest.lib.common.rest_client [req-333ebc99-df2f-48f1-bc43-dbc1aaf324f7 req-333ebc99-df2f-48f1-bc43-dbc1aaf324f7 ] Request (QuotasAdminTestV236:setUpClass): 201 POST http://10.180.1.21/identity/v3/auth/tokens 0.155s
2025-11-21 00:22:20.543 65737 INFO tempest.lib.common.rest_client [req-223c0f75-4a42-46dc-a5ca-31c697f2ab53 req-223c0f75-4a42-46dc-a5ca-31c697f2ab53 ] Request (VolumesAssistedSnapshotsTest:setUpClass): 204 PUT http://10.180.1.21/identity/v3/projects/baf1bdbc549c4337a33050d56f0dd55a/users/487687f0f24d48b29998c53fad9e49d6/roles/80171679ee4b4ac2a2402768c6eef482 0.137s
2025-11-21 00:22:20.543 65737 INFO tempest.lib.common.dynamic_creds [-] Dynamic test user 487687f0f24d48b29998c53fad9e49d6 is created with scope project and roles: ['service', 'admin']
2025-11-21 00:22:20.543 65737 INFO tempest.lib.common.dynamic_creds [-] Acquired dynamic creds: credentials: Credentials: {'domain_id': 'default', 'domain_name': 'Default', 'username': 'tempest-VolumesAssistedSnapshotsTest-1927676838-project', 'project_domain_id': 'default', 'project_domain_name': 'Default', 'project_id': 'baf1bdbc549c4337a33050d56f0dd55a', 'project_name': 'tempest-VolumesAssistedSnapshotsTest-1927676838', 'tenant_id': 'baf1bdbc549c4337a33050d56f0dd55a', 'tenant_name': 'tempest-VolumesAssistedSnapshotsTest-1927676838', 'user_domain_id': 'default', 'user_domain_name': 'Default', 'user_id': '487687f0f24d48b29998c53fad9e49d6', 'system': None}, Network: None, Subnet: None, Router: None
2025-11-21 00:22:20.602 65723 INFO tempest.lib.common.rest_client [req-f35803cb-df41-47d7-9b86-f0c861db6381 req-f35803cb-df41-47d7-9b86-f0c861db6381 ] Request (QuotasAdminTestV236:setUpClass): 201 POST http://10.180.1.21/identity/v3/auth/tokens 0.101s
2025-11-21 00:22:20.608 65701 INFO tempest.lib.common.rest_client [req-2cb58cd8-eee0-45f6-bff7-3f4eb46679cc req-2cb58cd8-eee0-45f6-bff7-3f4eb46679cc ] Request (MigrationsAdminTest:setUpClass): 201 POST http://10.180.1.21/identity/v3/auth/tokens 0.176s
2025-11-21 00:22:20.624 65723 INFO tempest.lib.common.rest_client [req-43f2b35a-822d-4a3d-96cb-852ae760e3e7 req-43f2b35a-822d-4a3d-96cb-852ae760e3e7 ] Request (QuotasAdminTestV236:setUpClass): 200 GET http://10.180.1.21/identity/v3/domains?name=Default 0.021s
2025-11-21 00:22:20.639 65701 INFO tempest.lib.common.rest_client [req-f59fe48e-98e4-4c8f-8269-587858fe6d8b req-f59fe48e-98e4-4c8f-8269-587858fe6d8b ] Request (MigrationsAdminTest:setUpClass): 201 POST http://10.180.1.21/identity/v3/auth/tokens 0.027s
2025-11-21 00:22:20.655 65723 INFO tempest.lib.common.rest_client [req-2bea50f6-b589-4699-b599-48d99a87ff2c req-2bea50f6-b589-4699-b599-48d99a87ff2c ] Request (QuotasAdminTestV236:setUpClass): 201 POST http://10.180.1.21/identity/v3/projects 0.029s
2025-11-21 00:22:20.663 65701 INFO tempest.lib.common.rest_client [req-735b85b6-259a-43f9-870a-bf7dcccba6b3 req-735b85b6-259a-43f9-870a-bf7dcccba6b3 ] Request (MigrationsAdminTest:setUpClass): 200 GET http://10.180.1.21/identity/v3/domains?name=Default 0.024s
2025-11-21 00:22:20.709 65723 INFO tempest.lib.common.rest_client [req-c9d6fd24-91a8-41c1-a559-5c1e0888f750 req-c9d6fd24-91a8-41c1-a559-5c1e0888f750 ] Request (QuotasAdminTestV236:setUpClass): 201 POST http://10.180.1.21/identity/v3/users 0.054s
2025-11-21 00:22:20.724 65701 INFO tempest.lib.common.rest_client [req-c6f1859f-8064-479d-b16d-d84d4161c1a3 req-c6f1859f-8064-479d-b16d-d84d4161c1a3 ] Request (MigrationsAdminTest:setUpClass): 201 POST http://10.180.1.21/identity/v3/projects 0.060s
2025-11-21 00:22:20.730 65723 INFO tempest.lib.common.rest_client [req-7085d308-bc6c-478e-ac97-fafda3e3198b req-7085d308-bc6c-478e-ac97-fafda3e3198b ] Request (QuotasAdminTestV236:setUpClass): 200 GET http://10.180.1.21/identity/v3/roles 0.020s
2025-11-21 00:22:20.780 65701 INFO tempest.lib.common.rest_client [req-5b5c9c22-6dd9-4fb5-9a3c-342df30c910b req-5b5c9c22-6dd9-4fb5-9a3c-342df30c910b ] Request (MigrationsAdminTest:setUpClass): 201 POST http://10.180.1.21/identity/v3/users 0.055s
2025-11-21 00:22:20.803 65723 INFO tempest.lib.common.rest_client [req-b9c9bab1-b99f-440c-a9be-f43a1983f9d7 req-b9c9bab1-b99f-440c-a9be-f43a1983f9d7 ] Request (QuotasAdminTestV236:setUpClass): 204 PUT http://10.180.1.21/identity/v3/projects/a33aa1208cee4c869ba2efd13166fb12/users/eedd11bd1f1c4ff4b3cc0695496af617/roles/803eee7212bd470d9ac0199b6a65dfa5 0.073s
2025-11-21 00:22:20.804 65723 INFO tempest.lib.common.dynamic_creds [-] Dynamic test user eedd11bd1f1c4ff4b3cc0695496af617 is created with scope project and roles: ['member']
2025-11-21 00:22:20.804 65723 INFO tempest.lib.common.dynamic_creds [-] Acquired dynamic creds: credentials: Credentials: {'domain_id': 'default', 'domain_name': 'Default', 'username': 'tempest-QuotasAdminTestV236-1584949900-project-member', 'project_domain_id': 'default', 'project_domain_name': 'Default', 'project_id': 'a33aa1208cee4c869ba2efd13166fb12', 'project_name': 'tempest-QuotasAdminTestV236-1584949900', 'tenant_id': 'a33aa1208cee4c869ba2efd13166fb12', 'tenant_name': 'tempest-QuotasAdminTestV236-1584949900', 'user_domain_id': 'default', 'user_domain_name': 'Default', 'user_id': 'eedd11bd1f1c4ff4b3cc0695496af617', 'system': None}, Network: None, Subnet: None, Router: None
2025-11-21 00:22:20.804 65723 INFO tempest.lib.common.dynamic_creds [-] Created isolated network resources for: credentials: Credentials: {'domain_id': 'default', 'domain_name': 'Default', 'username': 'tempest-QuotasAdminTestV236-1584949900-project-member', 'project_domain_id': 'default', 'project_domain_name': 'Default', 'project_id': 'a33aa1208cee4c869ba2efd13166fb12', 'project_name': 'tempest-QuotasAdminTestV236-1584949900', 'tenant_id': 'a33aa1208cee4c869ba2efd13166fb12', 'tenant_name': 'tempest-QuotasAdminTestV236-1584949900', 'user_domain_id': 'default', 'user_domain_name': 'Default', 'user_id': 'eedd11bd1f1c4ff4b3cc0695496af617', 'system': None}, Network: None, Subnet: None, Router: None
2025-11-21 00:22:20.805 65701 INFO tempest.lib.common.rest_client [req-50bb92c4-ac39-43d1-b91e-751536dcd385 req-50bb92c4-ac39-43d1-b91e-751536dcd385 ] Request (MigrationsAdminTest:setUpClass): 200 GET http://10.180.1.21/identity/v3/roles 0.025s
2025-11-21 00:22:20.909 65701 INFO tempest.lib.common.rest_client [req-893a4d00-d08e-4288-b13a-7aeb7df9967b req-893a4d00-d08e-4288-b13a-7aeb7df9967b ] Request (MigrationsAdminTest:setUpClass): 204 PUT http://10.180.1.21/identity/v3/projects/bb8083e25f804a50a2aa14b41fefc573/users/26764b5544364fae8ef584af1f05ef8f/roles/803eee7212bd470d9ac0199b6a65dfa5 0.103s
2025-11-21 00:22:20.909 65701 INFO tempest.lib.common.dynamic_creds [-] Dynamic test user 26764b5544364fae8ef584af1f05ef8f is created with scope project and roles: ['member']
2025-11-21 00:22:20.910 65701 INFO tempest.lib.common.dynamic_creds [-] Acquired dynamic creds: credentials: Credentials: {'domain_id': 'default', 'domain_name': 'Default', 'username': 'tempest-MigrationsAdminTest-61551747-project-member', 'project_domain_id': 'default', 'project_domain_name': 'Default', 'project_id': 'bb8083e25f804a50a2aa14b41fefc573', 'project_name': 'tempest-MigrationsAdminTest-61551747', 'tenant_id': 'bb8083e25f804a50a2aa14b41fefc573', 'tenant_name': 'tempest-MigrationsAdminTest-61551747', 'user_domain_id': 'default', 'user_domain_name': 'Default', 'user_id': '26764b5544364fae8ef584af1f05ef8f', 'system': None}, Network: None, Subnet: None, Router: None
2025-11-21 00:22:20.910 65701 INFO tempest.lib.common.dynamic_creds [-] Created isolated network resources for: credentials: Credentials: {'domain_id': 'default', 'domain_name': 'Default', 'username': 'tempest-MigrationsAdminTest-61551747-project-member', 'project_domain_id': 'default', 'project_domain_name': 'Default', 'project_id': 'bb8083e25f804a50a2aa14b41fefc573', 'project_name': 'tempest-MigrationsAdminTest-61551747', 'tenant_id': 'bb8083e25f804a50a2aa14b41fefc573', 'tenant_name': 'tempest-MigrationsAdminTest-61551747', 'user_domain_id': 'default', 'user_domain_name': 'Default', 'user_id': '26764b5544364fae8ef584af1f05ef8f', 'system': None}, Network: None, Subnet: None, Router: None
2025-11-21 00:22:20.919 65723 INFO tempest.lib.common.rest_client [req-a4121b16-41be-4e92-8143-fe9438a5905d req-a4121b16-41be-4e92-8143-fe9438a5905d ] Request (QuotasAdminTestV236:setUpClass): 201 POST http://10.180.1.21/identity/v3/auth/tokens 0.111s
2025-11-21 00:22:20.983 65723 INFO tempest.lib.common.rest_client [req-dac54489-e123-4eef-a124-9b13bafd396e req-dac54489-e123-4eef-a124-9b13bafd396e ] Request (QuotasAdminTestV236:setUpClass): 201 POST http://10.180.1.21/identity/v3/projects 0.063s
2025-11-21 00:22:21.008 65701 INFO tempest.lib.common.rest_client [req-5cba0725-8495-46b6-a285-ad8a897c2cab req-5cba0725-8495-46b6-a285-ad8a897c2cab ] Request (MigrationsAdminTest:setUpClass): 201 POST http://10.180.1.21/identity/v3/auth/tokens 0.094s
2025-11-21 00:22:21.009 65743 INFO tempest.lib.common.rest_client [req-2a067971-a4a9-45f0-9a8b-b7df65b26fd3 req-2a067971-a4a9-45f0-9a8b-b7df65b26fd3 ] Request (SecurityGroupsTestJSON:setUpClass): 201 POST http://10.180.1.21/networking/v2.0/routers 0.902s
2025-11-21 00:22:21.063 65723 INFO tempest.lib.common.rest_client [req-d510491d-d4ea-43b8-9ad6-4752fcd1b126 req-d510491d-d4ea-43b8-9ad6-4752fcd1b126 ] Request (QuotasAdminTestV236:setUpClass): 201 POST http://10.180.1.21/identity/v3/users 0.079s
2025-11-21 00:22:21.076 65701 INFO tempest.lib.common.rest_client [req-733439fa-98b9-4953-822b-5c75466f07aa req-733439fa-98b9-4953-822b-5c75466f07aa ] Request (MigrationsAdminTest:setUpClass): 201 POST http://10.180.1.21/identity/v3/projects 0.067s
2025-11-21 00:22:21.130 65723 INFO tempest.lib.common.rest_client [req-f5f73f06-149c-451f-bc95-debdbd765991 req-f5f73f06-149c-451f-bc95-debdbd765991 ] Request (QuotasAdminTestV236:setUpClass): 200 GET http://10.180.1.21/identity/v3/roles 0.066s
2025-11-21 00:22:21.155 65701 INFO tempest.lib.common.rest_client [req-c905369a-27a7-4461-a139-9fb707cc0743 req-c905369a-27a7-4461-a139-9fb707cc0743 ] Request (MigrationsAdminTest:setUpClass): 201 POST http://10.180.1.21/identity/v3/users 0.078s
2025-11-21 00:22:21.179 65723 INFO tempest.lib.common.rest_client [req-ef6c6930-328c-451d-b9e1-2ff3d0dd0d7e req-ef6c6930-328c-451d-b9e1-2ff3d0dd0d7e ] Request (QuotasAdminTestV236:setUpClass): 204 PUT http://10.180.1.21/identity/v3/projects/b3f340f1e43140df9c42319e1af05d90/users/cbc095348e2b4ca8b82a6f3535692590/roles/80171679ee4b4ac2a2402768c6eef482 0.048s
2025-11-21 00:22:21.220 65701 INFO tempest.lib.common.rest_client [req-8f2fdf3c-6efd-4b4b-8521-68208d00316d req-8f2fdf3c-6efd-4b4b-8521-68208d00316d ] Request (MigrationsAdminTest:setUpClass): 200 GET http://10.180.1.21/identity/v3/roles 0.064s
2025-11-21 00:22:21.234 65723 INFO tempest.lib.common.rest_client [req-cc06b9bf-ea4f-4d5a-9168-94541b8ff124 req-cc06b9bf-ea4f-4d5a-9168-94541b8ff124 ] Request (QuotasAdminTestV236:setUpClass): 200 GET http://10.180.1.21/identity/v3/roles 0.055s
2025-11-21 00:22:21.246 65701 INFO tempest.lib.common.rest_client [req-3cdd127d-f36f-45b8-b870-3de491d64705 req-3cdd127d-f36f-45b8-b870-3de491d64705 ] Request (MigrationsAdminTest:setUpClass): 204 PUT http://10.180.1.21/identity/v3/projects/6d76dbde027b41c6a7c0719f8b88351a/users/99e965ff41a643caa5989016b9824048/roles/80171679ee4b4ac2a2402768c6eef482 0.025s
2025-11-21 00:22:21.251 65723 INFO tempest.lib.common.rest_client [req-cdff1758-1b52-42b9-b39d-da6c5abc3154 req-cdff1758-1b52-42b9-b39d-da6c5abc3154 ] Request (QuotasAdminTestV236:setUpClass): 204 PUT http://10.180.1.21/identity/v3/projects/b3f340f1e43140df9c42319e1af05d90/users/cbc095348e2b4ca8b82a6f3535692590/roles/80171679ee4b4ac2a2402768c6eef482 0.016s
2025-11-21 00:22:21.251 65723 INFO tempest.lib.common.dynamic_creds [-] Dynamic test user cbc095348e2b4ca8b82a6f3535692590 is created with scope project and roles: ['admin']
2025-11-21 00:22:21.251 65723 INFO tempest.lib.common.dynamic_creds [-] Acquired dynamic creds: credentials: Credentials: {'domain_id': 'default', 'domain_name': 'Default', 'username': 'tempest-QuotasAdminTestV236-205624799-project-admin', 'project_domain_id': 'default', 'project_domain_name': 'Default', 'project_id': 'b3f340f1e43140df9c42319e1af05d90', 'project_name': 'tempest-QuotasAdminTestV236-205624799', 'tenant_id': 'b3f340f1e43140df9c42319e1af05d90', 'tenant_name': 'tempest-QuotasAdminTestV236-205624799', 'user_domain_id': 'default', 'user_domain_name': 'Default', 'user_id': 'cbc095348e2b4ca8b82a6f3535692590', 'system': None}, Network: None, Subnet: None, Router: None
2025-11-21 00:22:21.252 65723 INFO tempest.lib.common.dynamic_creds [-] Created isolated network resources for: credentials: Credentials: {'domain_id': 'default', 'domain_name': 'Default', 'username': 'tempest-QuotasAdminTestV236-205624799-project-admin', 'project_domain_id': 'default', 'project_domain_name': 'Default', 'project_id': 'b3f340f1e43140df9c42319e1af05d90', 'project_name': 'tempest-QuotasAdminTestV236-205624799', 'tenant_id': 'b3f340f1e43140df9c42319e1af05d90', 'tenant_name': 'tempest-QuotasAdminTestV236-205624799', 'user_domain_id': 'default', 'user_domain_name': 'Default', 'user_id': 'cbc095348e2b4ca8b82a6f3535692590', 'system': None}, Network: None, Subnet: None, Router: None
2025-11-21 00:22:21.301 65735 INFO tempest.lib.common.rest_client [req-2ed019ac-c174-49d5-84b4-a879d39ea1e7 req-2ed019ac-c174-49d5-84b4-a879d39ea1e7 ] Request (FloatingIPDetailsNegativeTestJSON:tearDownClass): 200 PUT http://10.180.1.21/networking/v2.0/routers/b4012dab-430a-4d77-a217-8c930fdbe5a7/remove_router_interface 0.882s
2025-11-21 00:22:21.323 65701 INFO tempest.lib.common.rest_client [req-920cc6d4-8963-433b-8ebe-460deb07051f req-920cc6d4-8963-433b-8ebe-460deb07051f ] Request (MigrationsAdminTest:setUpClass): 200 GET http://10.180.1.21/identity/v3/roles 0.077s
2025-11-21 00:22:21.331 65723 INFO tempest.lib.common.rest_client [req-1d642528-b46d-4ac8-b3f0-f0e8e2bba7b4 req-1d642528-b46d-4ac8-b3f0-f0e8e2bba7b4 ] Request (QuotasAdminTestV236:setUpClass): 201 POST http://10.180.1.21/identity/v3/auth/tokens 0.076s
2025-11-21 00:22:21.332 65723 WARNING tempest.lib.common.rest_client [-] Deprecated: "tenant_id" property is deprecated for removal, use "project_id" instead
2025-11-21 00:22:21.342 65701 INFO tempest.lib.common.rest_client [req-09f04cf0-35d2-4075-be0b-f6b2e10dc245 req-09f04cf0-35d2-4075-be0b-f6b2e10dc245 ] Request (MigrationsAdminTest:setUpClass): 204 PUT http://10.180.1.21/identity/v3/projects/6d76dbde027b41c6a7c0719f8b88351a/users/99e965ff41a643caa5989016b9824048/roles/80171679ee4b4ac2a2402768c6eef482 0.018s
2025-11-21 00:22:21.342 65701 INFO tempest.lib.common.dynamic_creds [-] Dynamic test user 99e965ff41a643caa5989016b9824048 is created with scope project and roles: ['admin']
2025-11-21 00:22:21.342 65701 INFO tempest.lib.common.dynamic_creds [-] Acquired dynamic creds: credentials: Credentials: {'domain_id': 'default', 'domain_name': 'Default', 'username': 'tempest-MigrationsAdminTest-1058700194-project-admin', 'project_domain_id': 'default', 'project_domain_name': 'Default', 'project_id': '6d76dbde027b41c6a7c0719f8b88351a', 'project_name': 'tempest-MigrationsAdminTest-1058700194', 'tenant_id': '6d76dbde027b41c6a7c0719f8b88351a', 'tenant_name': 'tempest-MigrationsAdminTest-1058700194', 'user_domain_id': 'default', 'user_domain_name': 'Default', 'user_id': '99e965ff41a643caa5989016b9824048', 'system': None}, Network: None, Subnet: None, Router: None
2025-11-21 00:22:21.342 65701 INFO tempest.lib.common.dynamic_creds [-] Created isolated network resources for: credentials: Credentials: {'domain_id': 'default', 'domain_name': 'Default', 'username': 'tempest-MigrationsAdminTest-1058700194-project-admin', 'project_domain_id': 'default', 'project_domain_name': 'Default', 'project_id': '6d76dbde027b41c6a7c0719f8b88351a', 'project_name': 'tempest-MigrationsAdminTest-1058700194', 'tenant_id': '6d76dbde027b41c6a7c0719f8b88351a', 'tenant_name': 'tempest-MigrationsAdminTest-1058700194', 'user_domain_id': 'default', 'user_domain_name': 'Default', 'user_id': '99e965ff41a643caa5989016b9824048', 'system': None}, Network: None, Subnet: None, Router: None
2025-11-21 00:22:21.375 65737 INFO tempest.lib.common.rest_client [req-226e9f5c-0b1c-4209-9f8a-902a9127063c req-226e9f5c-0b1c-4209-9f8a-902a9127063c ] Request (VolumesAssistedSnapshotsTest:setUpClass): 201 POST http://10.180.1.21/networking/v2.0/networks 0.831s
2025-11-21 00:22:21.424 65701 INFO tempest.lib.common.rest_client [req-6d73d91e-d4eb-4e6c-8f78-4c24470e9da8 req-6d73d91e-d4eb-4e6c-8f78-4c24470e9da8 ] Request (MigrationsAdminTest:setUpClass): 201 POST http://10.180.1.21/identity/v3/auth/tokens 0.076s
2025-11-21 00:22:21.475 65701 INFO tempest.lib.common.rest_client [req-db2ad7aa-5f64-4dad-b9b9-48e29b68c1e1 req-db2ad7aa-5f64-4dad-b9b9-48e29b68c1e1 ] Request (MigrationsAdminTest:setUpClass): 200 GET http://10.180.1.21/identity/v3/projects/bb8083e25f804a50a2aa14b41fefc573 0.050s
2025-11-21 00:22:21.475 65701 INFO tempest.lib.common.dynamic_creds [-] Using the existing project bb8083e25f804a50a2aa14b41fefc573 for scope project and roles: ['manager']
2025-11-21 00:22:21.526 65701 INFO tempest.lib.common.rest_client [req-782f82c2-9f9c-413b-8565-72e7a364df41 req-782f82c2-9f9c-413b-8565-72e7a364df41 ] Request (MigrationsAdminTest:setUpClass): 201 POST http://10.180.1.21/identity/v3/users 0.050s
2025-11-21 00:22:21.545 65701 INFO tempest.lib.common.rest_client [req-ee4ba658-4919-4aa5-95ea-566495430975 req-ee4ba658-4919-4aa5-95ea-566495430975 ] Request (MigrationsAdminTest:setUpClass): 200 GET http://10.180.1.21/identity/v3/roles 0.019s
2025-11-21 00:22:21.572 65701 INFO tempest.lib.common.rest_client [req-af0961e8-e2b2-4136-a899-199be4427c60 req-af0961e8-e2b2-4136-a899-199be4427c60 ] Request (MigrationsAdminTest:setUpClass): 204 PUT http://10.180.1.21/identity/v3/projects/bb8083e25f804a50a2aa14b41fefc573/users/7d858310841b4ea781030bc75ea8f1a2/roles/bae25c34d6b44bee9dc3362d0e47b999 0.026s
2025-11-21 00:22:21.572 65701 INFO tempest.lib.common.dynamic_creds [-] Dynamic test user 7d858310841b4ea781030bc75ea8f1a2 is created with scope project and roles: ['manager']
2025-11-21 00:22:21.572 65701 INFO tempest.lib.common.dynamic_creds [-] Acquired dynamic creds: credentials: Credentials: {'domain_id': 'default', 'domain_name': 'Default', 'username': 'tempest-MigrationsAdminTest-61551747-project-manager', 'project_domain_id': 'default', 'project_domain_name': 'Default', 'project_id': 'bb8083e25f804a50a2aa14b41fefc573', 'project_name': 'tempest-MigrationsAdminTest-61551747', 'tenant_id': 'bb8083e25f804a50a2aa14b41fefc573', 'tenant_name': 'tempest-MigrationsAdminTest-61551747', 'user_domain_id': 'default', 'user_domain_name': 'Default', 'user_id': '7d858310841b4ea781030bc75ea8f1a2', 'system': None}, Network: None, Subnet: None, Router: None
2025-11-21 00:22:21.572 65701 INFO tempest.lib.common.dynamic_creds [-] Network resources are not created for requested scope: project and credentials: Credentials: {'domain_id': 'default', 'domain_name': 'Default', 'username': 'tempest-MigrationsAdminTest-61551747-project-manager', 'project_domain_id': 'default', 'project_domain_name': 'Default', 'project_id': 'bb8083e25f804a50a2aa14b41fefc573', 'project_name': 'tempest-MigrationsAdminTest-61551747', 'tenant_id': 'bb8083e25f804a50a2aa14b41fefc573', 'tenant_name': 'tempest-MigrationsAdminTest-61551747', 'user_domain_id': 'default', 'user_domain_name': 'Default', 'user_id': '7d858310841b4ea781030bc75ea8f1a2', 'system': None}, Network: None, Subnet: None, Router: None
2025-11-21 00:22:21.656 65701 INFO tempest.lib.common.rest_client [req-e1e4e7ee-d99f-484e-8728-4f3f69bacf53 req-e1e4e7ee-d99f-484e-8728-4f3f69bacf53 ] Request (MigrationsAdminTest:setUpClass): 201 POST http://10.180.1.21/identity/v3/auth/tokens 0.080s
2025-11-21 00:22:21.656 65701 INFO tempest.api.compute.admin.test_migrations [-] Using project manager for migrating servers, project manager user id: 7d858310841b4ea781030bc75ea8f1a2
2025-11-21 00:22:21.863 65735 INFO tempest.lib.common.rest_client [req-b9afbf91-bc28-42e6-b185-4905b9a3d834 req-b9afbf91-bc28-42e6-b185-4905b9a3d834 ] Request (FloatingIPDetailsNegativeTestJSON:tearDownClass): 204 DELETE http://10.180.1.21/networking/v2.0/routers/b4012dab-430a-4d77-a217-8c930fdbe5a7 0.561s
2025-11-21 00:22:22.146 65743 INFO tempest.lib.common.rest_client [req-dd21ab3a-d007-4189-b3be-9ab6a6a204f0 req-dd21ab3a-d007-4189-b3be-9ab6a6a204f0 ] Request (SecurityGroupsTestJSON:setUpClass): 200 PUT http://10.180.1.21/networking/v2.0/routers/d92e6f19-5fa2-4b68-adc7-c18a6a96591d/add_router_interface 1.135s
2025-11-21 00:22:22.146 65743 INFO tempest.lib.common.dynamic_creds [-] Created isolated network resources for: credentials: Credentials: {'domain_id': 'default', 'domain_name': 'Default', 'username': 'tempest-SecurityGroupsTestJSON-315597988-project-member', 'project_domain_id': 'default', 'project_domain_name': 'Default', 'project_id': '01f3e01095964d20a8743ec6f347e433', 'project_name': 'tempest-SecurityGroupsTestJSON-315597988', 'tenant_id': '01f3e01095964d20a8743ec6f347e433', 'tenant_name': 'tempest-SecurityGroupsTestJSON-315597988', 'user_domain_id': 'default', 'user_domain_name': 'Default', 'user_id': 'f61885c0f57340838e4b44dbb58c934d', 'system': None}, Network: {'id': 'b08298c0-1e8b-4b00-9195-35b89897b8d8', 'name': 'tempest-SecurityGroupsTestJSON-1278138859-network', 'tenant_id': '01f3e01095964d20a8743ec6f347e433', 'project_id': '01f3e01095964d20a8743ec6f347e433', 'admin_state_up': True, 'mtu': 8950, 'status': 'ACTIVE', 'subnets': [], 'shared': False, 'port_security_enabled': True, 'router:external': False, 'provider:network_type': 'vlan', 'provider:physical_network': 'default', 'provider:segmentation_id': 948, 'availability_zone_hints': [], 'availability_zones': [], 'ipv4_address_scope': None, 'ipv6_address_scope': None, 'description': '', 'tags': [], 'created_at': '2025-11-21T00:22:19Z', 'updated_at': '2025-11-21T00:22:19Z', 'revision_number': 1}, Subnet: {'id': 'a9d61608-b671-4b57-aa89-50a893bba210', 'name': 'tempest-SecurityGroupsTestJSON-1278138859-subnet', 'tenant_id': '01f3e01095964d20a8743ec6f347e433', 'network_id': 'b08298c0-1e8b-4b00-9195-35b89897b8d8', 'ip_version': 4, 'subnetpool_id': None, 'enable_dhcp': True, 'ipv6_ra_mode': None, 'ipv6_address_mode': None, 'gateway_ip': '192.168.128.1', 'cidr': '192.168.128.0/28', 'allocation_pools': [{'start': '192.168.128.2', 'end': '192.168.128.14'}], 'host_routes': [], 'dns_nameservers': [], 'description': '', 'router:external': False, 'service_types': [], 'tags': [], 'created_at': '2025-11-21T00:22:19Z', 'updated_at': '2025-11-21T00:22:19Z', 'revision_number': 0, 'project_id': '01f3e01095964d20a8743ec6f347e433'}, Router: {'id': 'd92e6f19-5fa2-4b68-adc7-c18a6a96591d', 'name': 'tempest-SecurityGroupsTestJSON-1278138859-router', 'tenant_id': '01f3e01095964d20a8743ec6f347e433', 'admin_state_up': True, 'status': 'ACTIVE', 'external_gateway_info': {'network_id': '2c023bc8-c91a-448d-b974-6b23926ba6e6', 'external_fixed_ips': [{'subnet_id': '8abbb223-5f13-42e7-af42-53eaf281a914', 'ip_address': '10.180.180.205'}], 'enable_snat': True}, 'description': '', 'availability_zones': [], 'distributed': False, 'ha': False, 'availability_zone_hints': [], 'routes': [], 'flavor_id': None, 'tags': [], 'created_at': '2025-11-21T00:22:20Z', 'updated_at': '2025-11-21T00:22:20Z', 'revision_number': 2, 'project_id': '01f3e01095964d20a8743ec6f347e433'}
2025-11-21 00:22:22.231 65743 INFO tempest.lib.common.rest_client [req-8db3c503-9698-423e-a45d-8b641bd07948 req-8db3c503-9698-423e-a45d-8b641bd07948 ] Request (SecurityGroupsTestJSON:setUpClass): 201 POST http://10.180.1.21/identity/v3/auth/tokens 0.081s
2025-11-21 00:22:22.284 65737 INFO tempest.lib.common.rest_client [req-8d7cb8f5-c2f7-4e25-a5a6-f189495e5292 req-8d7cb8f5-c2f7-4e25-a5a6-f189495e5292 ] Request (VolumesAssistedSnapshotsTest:setUpClass): 201 POST http://10.180.1.21/networking/v2.0/subnets 0.908s
2025-11-21 00:22:22.370 65733 INFO tempest.lib.common.rest_client [req-67db3358-1a1f-45dc-8e4d-369a16c3f170 req-67db3358-1a1f-45dc-8e4d-369a16c3f170 ] Request (ImagesOneServerNegativeTestJSON:setUpClass): 202 POST http://10.180.1.21/compute/v2.1/servers 8.937s
2025-11-21 00:22:22.370 65735 INFO tempest.lib.common.rest_client [req-86d85670-150b-4450-a73b-06a722d7228d req-86d85670-150b-4450-a73b-06a722d7228d ] Request (FloatingIPDetailsNegativeTestJSON:tearDownClass): 204 DELETE http://10.180.1.21/networking/v2.0/subnets/f6ce4042-63fb-4256-a310-3003a8c93ce4 0.507s
2025-11-21 00:22:22.468 65721 INFO tempest.lib.common.rest_client [req-2c433ceb-123a-4a58-85ca-659342fd76ac req-2c433ceb-123a-4a58-85ca-659342fd76ac ] Request (QuotaClassesAdmin257Test:test_update_default_quotas): 200 GET http://10.180.1.21/compute/v2.1/os-quota-class-sets/default 6.093s
2025-11-21 00:22:22.490 65729 INFO tempest.lib.common.rest_client [req-c70cdbbc-2cd4-4a16-88cc-4bf19ccb401e req-c70cdbbc-2cd4-4a16-88cc-4bf19ccb401e ] Request (ServicesAdminNegativeV253TestJSON:test_disable_service_with_invalid_service_id): 404 PUT http://10.180.1.21/compute/v2.1/os-services/7b9bd4b1-bae5-41da-a8e1-b4ba97818cd5 5.998s
2025-11-21 00:22:22.734 65735 INFO tempest.lib.common.rest_client [req-a306e018-1f71-4711-9102-e9e76409f306 req-a306e018-1f71-4711-9102-e9e76409f306 ] Request (FloatingIPDetailsNegativeTestJSON:tearDownClass): 204 DELETE http://10.180.1.21/networking/v2.0/networks/a63cf59b-a52d-4610-8e37-7b146c57383e 0.363s
2025-11-21 00:22:22.879 65735 INFO tempest.lib.common.rest_client [req-89e7e3f8-beb2-4942-8146-0ffab5b87658 req-89e7e3f8-beb2-4942-8146-0ffab5b87658 ] Request (FloatingIPDetailsNegativeTestJSON:tearDownClass): 204 DELETE http://10.180.1.21/identity/v3/users/d64e8950fdaf4eafa7a54c278d7fe6e7 0.144s
2025-11-21 00:22:22.879 65735 INFO tempest.lib.common.dynamic_creds [-] Deleting project and security group for project: 2f483c1a23c34363b135b3ec6b07a856
2025-11-21 00:22:23.281 65741 INFO tempest.lib.common.rest_client [req-934d0132-7d59-49d1-ac3b-de880341530f req-934d0132-7d59-49d1-ac3b-de880341530f ] Request (FloatingIPsTestJSON:test_allocate_floating_ip): 200 POST http://10.180.1.21/compute/v2.1/os-floating-ips 7.937s
2025-11-21 00:22:23.295 65735 INFO tempest.lib.common.rest_client [req-f96bb725-368d-488e-a21b-c646affd1718 req-f96bb725-368d-488e-a21b-c646affd1718 ] Request (FloatingIPDetailsNegativeTestJSON:tearDownClass): 200 GET http://10.180.1.21/networking/v2.0/security-groups?tenant_id=2f483c1a23c34363b135b3ec6b07a856&name=default 0.416s
2025-11-21 00:22:23.304 65727 INFO tempest.lib.common.rest_client [req-f5848c0d-54dc-4a4a-992d-267a0f8468e1 req-f5848c0d-54dc-4a4a-992d-267a0f8468e1 ] Request (AZAdminV2TestJSON:test_get_availability_zone_list_detail): 200 GET http://10.180.1.21/compute/v2.1/os-availability-zone/detail 6.539s
2025-11-21 00:22:23.404 65737 INFO tempest.lib.common.rest_client [req-62483e4b-7637-4b91-8075-3ce9c5caa238 req-62483e4b-7637-4b91-8075-3ce9c5caa238 ] Request (VolumesAssistedSnapshotsTest:setUpClass): 201 POST http://10.180.1.21/networking/v2.0/routers 1.120s
2025-11-21 00:22:23.427 65735 INFO tempest.lib.common.rest_client [req-351d2c8f-a068-4998-80b0-6e1d71729335 req-351d2c8f-a068-4998-80b0-6e1d71729335 ] Request (FloatingIPDetailsNegativeTestJSON:tearDownClass): 204 DELETE http://10.180.1.21/networking/v2.0/security-groups/71750a7b-526e-4a97-8cd2-115d653ba4c1 0.127s
2025-11-21 00:22:23.446 65727 INFO tempest.lib.common.rest_client [req-751575ca-36ff-47ea-a168-d86698f72ce9 req-751575ca-36ff-47ea-a168-d86698f72ce9 ] Request (AZAdminV2TestJSON:tearDownClass): 204 DELETE http://10.180.1.21/identity/v3/users/62ac7def485d458591f18dcbb148ecb4 0.137s
2025-11-21 00:22:23.493 65705 INFO tempest.lib.common.rest_client [req-c9efc224-0c82-4cc7-b1b1-9afe3f4c5a89 req-c9efc224-0c82-4cc7-b1b1-9afe3f4c5a89 ] Request (FlavorsAccessTestJSON:test_flavor_access_add_remove): 200 POST http://10.180.1.21/compute/v2.1/flavors/1789979232/action 6.609s
2025-11-21 00:22:23.532 65735 INFO tempest.lib.common.rest_client [req-8f398efd-d751-48c8-8546-8ebc42253467 req-8f398efd-d751-48c8-8546-8ebc42253467 ] Request (FloatingIPDetailsNegativeTestJSON:tearDownClass): 204 DELETE http://10.180.1.21/identity/v3/projects/2f483c1a23c34363b135b3ec6b07a856 0.105s
2025-11-21 00:22:23.599 65687 INFO tempest.lib.common.rest_client [req-d08c2fdf-10ad-4388-bf3e-3c6a9c99a687 req-d08c2fdf-10ad-4388-bf3e-3c6a9c99a687 ] Request (FlavorMetadataValidation:test_flavor_update_with_custom_namespace): 200 POST http://10.180.1.21/compute/v2.1/flavors/1344912205/os-extra_specs 6.577s
2025-11-21 00:22:23.607 65735 INFO tempest.lib.common.rest_client [req-e56a32c6-cfae-44d5-acfe-925613573be5 req-e56a32c6-cfae-44d5-acfe-925613573be5 ] Request (ListImagesTestJSON:setUpClass): 201 POST http://10.180.1.21/identity/v3/auth/tokens 0.073s
2025-11-21 00:22:23.618 65703 INFO tempest.lib.common.rest_client [req-efc5fc5e-25b9-442d-b2d0-28f165e8dbd3 req-efc5fc5e-25b9-442d-b2d0-28f165e8dbd3 ] Request (FlavorsAdminTestJSON:_run_cleanups): 202 DELETE http://10.180.1.21/compute/v2.1/flavors/832098357 6.476s
2025-11-21 00:22:23.630 65697 INFO tempest.lib.common.rest_client [req-38714219-9be4-47c9-bbd1-a49d7379e525 req-38714219-9be4-47c9-bbd1-a49d7379e525 ] Request (HypervisorAdminNegativeUnderV252Test:test_search_nonexistent_hypervisor): 404 GET http://10.180.1.21/compute/v2.1/os-hypervisors/nonexistent_hypervisor_name/search 6.392s
2025-11-21 00:22:23.634 65727 INFO tempest.lib.common.rest_client [req-ff58be97-dc3b-4c6f-8371-fdb69d1932ce req-ff58be97-dc3b-4c6f-8371-fdb69d1932ce ] Request (AZAdminV2TestJSON:tearDownClass): 204 DELETE http://10.180.1.21/identity/v3/users/39e791477f5f4417a97da497de5bd239 0.187s
2025-11-21 00:22:23.634 65727 INFO tempest.lib.common.dynamic_creds [-] Deleting project and security group for project: 4bd5fad1c0ce47719068461d764ee266
2025-11-21 00:22:23.668 65735 INFO tempest.lib.common.rest_client [req-0f0dc01f-0e99-41fe-95e4-528b05735323 req-0f0dc01f-0e99-41fe-95e4-528b05735323 ] Request (ListImagesTestJSON:setUpClass): 201 POST http://10.180.1.21/identity/v3/auth/tokens 0.059s
2025-11-21 00:22:23.730 65727 INFO tempest.lib.common.rest_client [req-552b19a4-20e6-430b-9572-643fc0254bad req-552b19a4-20e6-430b-9572-643fc0254bad ] Request (AZAdminV2TestJSON:tearDownClass): 201 POST http://10.180.1.21/identity/v3/auth/tokens 0.096s
2025-11-21 00:22:23.773 65735 INFO tempest.lib.common.rest_client [req-b02b2e12-bd1c-4cc3-b0ce-499638980be8 req-b02b2e12-bd1c-4cc3-b0ce-499638980be8 ] Request (ListImagesTestJSON:setUpClass): 200 GET http://10.180.1.21/identity/v3/domains?name=Default 0.104s
2025-11-21 00:22:23.819 65735 INFO tempest.lib.common.rest_client [req-3eb8e463-bcad-4867-8fba-0f87a04a79eb req-3eb8e463-bcad-4867-8fba-0f87a04a79eb ] Request (ListImagesTestJSON:setUpClass): 201 POST http://10.180.1.21/identity/v3/projects 0.046s
2025-11-21 00:22:23.924 65735 INFO tempest.lib.common.rest_client [req-bcaa2ddf-5554-4c58-889c-48eeb676554e req-bcaa2ddf-5554-4c58-889c-48eeb676554e ] Request (ListImagesTestJSON:setUpClass): 201 POST http://10.180.1.21/identity/v3/users 0.105s
2025-11-21 00:22:23.948 65735 INFO tempest.lib.common.rest_client [req-57e4f611-b09a-4e34-8b3e-88a5f29d782a req-57e4f611-b09a-4e34-8b3e-88a5f29d782a ] Request (ListImagesTestJSON:setUpClass): 200 GET http://10.180.1.21/identity/v3/roles 0.023s
2025-11-21 00:22:23.975 65735 INFO tempest.lib.common.rest_client [req-733b4ec4-6806-4811-8973-0636cc53793e req-733b4ec4-6806-4811-8973-0636cc53793e ] Request (ListImagesTestJSON:setUpClass): 204 PUT http://10.180.1.21/identity/v3/projects/880851811dd645799965bd97932a2a89/users/e9cf1e8458f84e0fa2bc07c0e0ed498c/roles/803eee7212bd470d9ac0199b6a65dfa5 0.027s
2025-11-21 00:22:23.975 65735 INFO tempest.lib.common.dynamic_creds [-] Dynamic test user e9cf1e8458f84e0fa2bc07c0e0ed498c is created with scope project and roles: ['member']
2025-11-21 00:22:23.975 65735 INFO tempest.lib.common.dynamic_creds [-] Acquired dynamic creds: credentials: Credentials: {'domain_id': 'default', 'domain_name': 'Default', 'username': 'tempest-ListImagesTestJSON-940790749-project-member', 'project_domain_id': 'default', 'project_domain_name': 'Default', 'project_id': '880851811dd645799965bd97932a2a89', 'project_name': 'tempest-ListImagesTestJSON-940790749', 'tenant_id': '880851811dd645799965bd97932a2a89', 'tenant_name': 'tempest-ListImagesTestJSON-940790749', 'user_domain_id': 'default', 'user_domain_name': 'Default', 'user_id': 'e9cf1e8458f84e0fa2bc07c0e0ed498c', 'system': None}, Network: None, Subnet: None, Router: None
2025-11-21 00:22:23.975 65735 INFO tempest.lib.common.dynamic_creds [-] Created isolated network resources for: credentials: Credentials: {'domain_id': 'default', 'domain_name': 'Default', 'username': 'tempest-ListImagesTestJSON-940790749-project-member', 'project_domain_id': 'default', 'project_domain_name': 'Default', 'project_id': '880851811dd645799965bd97932a2a89', 'project_name': 'tempest-ListImagesTestJSON-940790749', 'tenant_id': '880851811dd645799965bd97932a2a89', 'tenant_name': 'tempest-ListImagesTestJSON-940790749', 'user_domain_id': 'default', 'user_domain_name': 'Default', 'user_id': 'e9cf1e8458f84e0fa2bc07c0e0ed498c', 'system': None}, Network: None, Subnet: None, Router: None
2025-11-21 00:22:24.044 65735 INFO tempest.lib.common.rest_client [req-2ab89569-b2ba-4dd4-9b2f-6c5089d16d97 req-2ab89569-b2ba-4dd4-9b2f-6c5089d16d97 ] Request (ListImagesTestJSON:setUpClass): 201 POST http://10.180.1.21/identity/v3/auth/tokens 0.064s
2025-11-21 00:22:24.312 65737 INFO tempest.lib.common.rest_client [req-a0877dc3-bc56-44a4-8ae3-b1756ca8e07a req-a0877dc3-bc56-44a4-8ae3-b1756ca8e07a ] Request (VolumesAssistedSnapshotsTest:setUpClass): 200 PUT http://10.180.1.21/networking/v2.0/routers/0aedae7c-fdd3-4708-8988-26a13f0b10c6/add_router_interface 0.907s
