2025-12-15 13:51:36.349 65783 INFO tempest.lib.common.rest_client [req-817b7333-bc0e-4dd2-8106-4e083f636746 req-817b7333-bc0e-4dd2-8106-4e083f636746 ] Request (ServerPasswordTestJSON:setUpClass): 200 GET http://10.180.1.21/compute/v2.1/servers/c423524c-773b-4a11-87d0-47fe210b0ee3 0.390s
2025-12-15 13:51:36.401 65843 INFO tempest.lib.common.rest_client [req-003b8c97-4897-4a53-86aa-045de3bc935c req-003b8c97-4897-4a53-86aa-045de3bc935c ] Request (ServersTestManualDisk:tearDownClass): 200 GET http://10.180.1.21/compute/v2.1/servers/41908755-4af2-474f-b842-04300f9365ce 0.307s
2025-12-15 13:51:36.437 65787 INFO tempest.lib.common.rest_client [req-8936081c-31ff-4ddc-b78d-9dcbfd2fa55a req-8936081c-31ff-4ddc-b78d-9dcbfd2fa55a ] Request (ServicesAdminNegativeV253TestJSON:test_list_services_with_non_admin_user): 403 GET http://10.180.1.21/compute/v2.1/os-services 0.310s
2025-12-15 13:51:36.441 65825 INFO tempest.lib.common.rest_client [req-5b414c44-cd2b-4e9d-8311-dc1e8a19d220 req-5b414c44-cd2b-4e9d-8311-dc1e8a19d220 ] Request (ImagesTestJSON:test_create_server_from_snapshot): 200 GET http://10.180.1.21/compute/v2.1/servers/2d4e3e5a-52ca-4030-83cc-d124b01b5b2a 0.181s
2025-12-15 13:51:36.462 65815 INFO tempest.lib.common.rest_client [req-84336496-761b-4bd5-ba77-396308dac9bb req-84336496-761b-4bd5-ba77-396308dac9bb ] Request (ImagesOneServerTestJSON:tearDownClass): 404 GET http://10.180.1.21/compute/v2.1/servers/82d97132-715f-493a-baa9-ef9cbbdece9b 0.028s
2025-12-15 13:51:36.492 65807 INFO tempest.lib.common.rest_client [req-d9a42239-7706-497d-b8bd-aa3c138b8cbc req-d9a42239-7706-497d-b8bd-aa3c138b8cbc ] Request (ServerActionsTestJSON:setUpClass): 200 GET http://10.180.1.21/compute/v2.1/servers/fd36a39c-39b0-4af3-9546-4786ef34d029 0.125s
2025-12-15 13:51:36.568 65787 INFO tempest.lib.common.rest_client [req-48b94dee-5f7e-4f58-b27f-5c835785958e req-48b94dee-5f7e-4f58-b27f-5c835785958e ] Request (ServicesAdminNegativeV253TestJSON:tearDownClass): 204 DELETE http://10.180.1.21/identity/v3/users/264031be38984ffcb20ce8b6923af046 0.128s
2025-12-15 13:51:36.640 65831 INFO tempest.lib.common.rest_client [req-729b4e33-e762-4250-939a-ebb57d23ce6c req-729b4e33-e762-4250-939a-ebb57d23ce6c ] Request (ServerGroupTestJSON:test_create_server_with_scheduler_hint_group): 200 GET http://10.180.1.21/compute/v2.1/servers/c1c1a41b-9c0d-404f-9688-c6e008439919 0.080s
2025-12-15 13:51:36.647 65831 INFO tempest.common.waiters [-] State transition "BUILD/scheduling" ==> "BUILD/None" after 1 second wait
2025-12-15 13:51:36.702 65787 INFO tempest.lib.common.rest_client [req-bb69c2a6-4984-40a8-b366-aba89175d3b6 req-bb69c2a6-4984-40a8-b366-aba89175d3b6 ] Request (ServicesAdminNegativeV253TestJSON:tearDownClass): 204 DELETE http://10.180.1.21/identity/v3/users/89d30741af934b3fa79f6f43de5c17ea 0.134s
2025-12-15 13:51:36.703 65787 INFO tempest.lib.common.dynamic_creds [-] Deleting project and security group for project: dbd8a87784d44395b9f6400972de6128
2025-12-15 13:51:36.729 65829 INFO tempest.lib.common.rest_client [req-9f493c37-65f5-4fc3-be01-2143f0ab0319 req-9f493c37-65f5-4fc3-be01-2143f0ab0319 ] Request (ServersTestBootFromVolume:setUpClass): 200 GET http://10.180.1.21/volume/v3/volumes/eb539d07-25a1-4547-8a3c-cab273bb41aa 0.025s
2025-12-15 13:51:36.764 65787 INFO tempest.lib.common.rest_client [req-92e73efc-f83f-46db-b978-eae5d8ecb71c req-92e73efc-f83f-46db-b978-eae5d8ecb71c ] Request (ServicesAdminNegativeV253TestJSON:tearDownClass): 201 POST http://10.180.1.21/identity/v3/auth/tokens 0.061s
2025-12-15 13:51:36.947 65787 INFO tempest.lib.common.rest_client [req-147cf2f8-e28c-4841-bb46-a527149952a8 req-147cf2f8-e28c-4841-bb46-a527149952a8 ] Request (ServicesAdminNegativeV253TestJSON:tearDownClass): 200 GET http://10.180.1.21/networking/v2.0/security-groups?tenant_id=dbd8a87784d44395b9f6400972de6128&name=default 0.183s
2025-12-15 13:51:37.004 65797 INFO tempest.lib.common.rest_client [req-d3262057-d841-4f00-bac6-b9ec571ca80d req-d3262057-d841-4f00-bac6-b9ec571ca80d ] Request (ListImageFiltersTestJSON:tearDownClass): 200 GET http://10.180.1.21/compute/v2.1/servers/aa49b8de-62ba-49d6-ac03-d1b0c23babf5 0.245s
2025-12-15 13:51:37.022 65811 WARNING tempest.lib.common.ssh [-] Failed to establish authenticated ssh connection to cirros@10.180.180.210 ([Errno None] Unable to connect to port 22 on 10.180.180.210). Number attempts: 5. Retry after 6 seconds.: paramiko.ssh_exception.NoValidConnectionsError: [Errno None] Unable to connect to port 22 on 10.180.180.210
2025-12-15 13:51:37.107 65787 INFO tempest.lib.common.rest_client [req-250184b4-632a-495a-9a89-101ce655ad1f req-250184b4-632a-495a-9a89-101ce655ad1f ] Request (ServicesAdminNegativeV253TestJSON:tearDownClass): 204 DELETE http://10.180.1.21/networking/v2.0/security-groups/bb472fec-1be3-444e-9ab4-e2ef147bb92c 0.159s
2025-12-15 13:51:37.142 65791 INFO tempest.lib.common.rest_client [req-da2a94ce-9eed-43a9-8229-186f7bd33df6 req-da2a94ce-9eed-43a9-8229-186f7bd33df6 ] Request (MigrationsAdminTest:test_resize_server_revert_deleted_flavor): 200 GET http://10.180.1.21/compute/v2.1/servers/77a5f75c-17ae-40f1-8433-9ef622c2cd35 0.405s
2025-12-15 13:51:37.149 65791 INFO tempest.common.waiters [-] State transition "RESIZE/resize_prep" ==> "RESIZE/resize_migrating" after 34 second wait
2025-12-15 13:51:37.187 65821 INFO tempest.lib.common.rest_client [req-633fa964-4d62-48a1-8c29-ef3da47395a7 req-633fa964-4d62-48a1-8c29-ef3da47395a7 ] Request (InstanceActionsV221TestJSON:test_get_list_deleted_instance_actions): 200 GET http://10.180.1.21/compute/v2.1/servers/cc5f0dd1-0565-4094-8594-51b9455da325 0.349s
2025-12-15 13:51:37.194 65787 INFO tempest.lib.common.rest_client [req-e99cef89-193f-4826-804a-7e29fb76fcea req-e99cef89-193f-4826-804a-7e29fb76fcea ] Request (ServicesAdminNegativeV253TestJSON:tearDownClass): 204 DELETE http://10.180.1.21/identity/v3/projects/dbd8a87784d44395b9f6400972de6128 0.087s
2025-12-15 13:51:37.194 65787 INFO tempest.lib.common.dynamic_creds [-] Deleting project and security group for project: b0a8fe56cc7645f199c28f3a0c8ba365
2025-12-15 13:51:37.283 65805 INFO tempest.lib.common.rest_client [req-85338040-047e-4582-99ef-30f5b20eb5a8 req-85338040-047e-4582-99ef-30f5b20eb5a8 ] Request (ServerDiskConfigTestJSON:test_rebuild_server_with_manual_disk_config): 200 GET http://10.180.1.21/compute/v2.1/servers/bf25e1e3-b6ae-4c53-b202-1f2f65619178 0.380s
2025-12-15 13:51:37.371 65787 INFO tempest.lib.common.rest_client [req-4c09fe9b-7b99-4d52-9701-06214e0ae739 req-4c09fe9b-7b99-4d52-9701-06214e0ae739 ] Request (ServicesAdminNegativeV253TestJSON:tearDownClass): 200 GET http://10.180.1.21/networking/v2.0/security-groups?tenant_id=b0a8fe56cc7645f199c28f3a0c8ba365&name=default 0.177s
2025-12-15 13:51:37.745 65827 INFO tempest.lib.common.rest_client [req-95f7e510-ae12-48a4-9ae7-f4247ebd951f req-95f7e510-ae12-48a4-9ae7-f4247ebd951f ] Request (ServerRescueTestJSON:setUpClass): 200 GET http://10.180.1.21/compute/v2.1/servers/3f9c3972-7835-4e80-b5ca-ff29fcd9266a 0.784s
2025-12-15 13:51:37.746 65815 INFO tempest.lib.common.rest_client [req-eea0a71e-907f-4fb2-9f58-13218ac4d932 req-eea0a71e-907f-4fb2-9f58-13218ac4d932 ] Request (ImagesOneServerTestJSON:tearDownClass): 200 PUT http://10.180.1.21/networking/v2.0/routers/c33e8d49-022e-4c4b-8cb3-9f7343437c14/remove_router_interface 1.283s
2025-12-15 13:51:37.775 65829 INFO tempest.lib.common.rest_client [req-334fa443-3351-4e75-a9ed-5159dc40add4 req-334fa443-3351-4e75-a9ed-5159dc40add4 ] Request (ServersTestBootFromVolume:setUpClass): 200 GET http://10.180.1.21/volume/v3/volumes/eb539d07-25a1-4547-8a3c-cab273bb41aa 0.039s
2025-12-15 13:51:37.790 65801 INFO tempest.lib.common.rest_client [req-90503db3-5ab3-453a-90e8-00e61deb3e92 req-90503db3-5ab3-453a-90e8-00e61deb3e92 ] Request (ServerMetadataTestJSON:setUpClass): 200 GET http://10.180.1.21/compute/v2.1/servers/dd2f5347-97eb-42e3-85a3-9caaf92a4b40 0.874s
2025-12-15 13:51:37.812 65835 INFO tempest.lib.common.rest_client [req-b85f0578-84fc-4197-a899-5b4cc28e97a5 req-b85f0578-84fc-4197-a899-5b4cc28e97a5 ] Request (ServersTestFqdnHostnames:tearDownClass): 404 GET http://10.180.1.21/compute/v2.1/servers/ecbce5aa-db62-4bfa-b4bb-2fb7d3ec1d10 0.698s
2025-12-15 13:51:37.842 65787 INFO tempest.lib.common.rest_client [req-216d07f2-9a6d-4857-a20f-9afeb22a4c58 req-216d07f2-9a6d-4857-a20f-9afeb22a4c58 ] Request (ServicesAdminNegativeV253TestJSON:tearDownClass): 204 DELETE http://10.180.1.21/networking/v2.0/security-groups/afd299a6-4098-470a-a739-34170ed40b96 0.471s
2025-12-15 13:51:37.867 65785 INFO tempest.lib.common.rest_client [req-57349d12-a127-4964-b06f-b3bbd9d41d0a req-57349d12-a127-4964-b06f-b3bbd9d41d0a ] Request (ListServerFiltersTestJSON:tearDownClass): 200 GET http://10.180.1.21/compute/v2.1/servers/5c23260a-db0c-49ab-8b52-75109300fbda 0.821s
2025-12-15 13:51:37.914 65817 INFO tempest.lib.common.rest_client [req-8a2f9e33-1cbd-4d66-9c22-e9d153bf2570 req-8a2f9e33-1cbd-4d66-9c22-e9d153bf2570 ] Request (ServersAdminTestJSON:test_inject_network_info): 200 GET http://10.180.1.21/compute/v2.1/servers/4fc9fe05-6401-42e3-95c5-2e54c65b81f0 0.734s
2025-12-15 13:51:37.968 65787 INFO tempest.lib.common.rest_client [req-978aadae-f0ec-4f64-a1a1-8a88fad03f98 req-978aadae-f0ec-4f64-a1a1-8a88fad03f98 ] Request (ServicesAdminNegativeV253TestJSON:tearDownClass): 204 DELETE http://10.180.1.21/identity/v3/projects/b0a8fe56cc7645f199c28f3a0c8ba365 0.125s
2025-12-15 13:51:38.004 65793 WARNING tempest.lib.common.ssh [-] Failed to establish authenticated ssh connection to cirros@10.180.180.137 ([Errno None] Unable to connect to port 22 on 10.180.180.137). Number attempts: 8. Retry after 9 seconds.: paramiko.ssh_exception.NoValidConnectionsError: [Errno None] Unable to connect to port 22 on 10.180.180.137
2025-12-15 13:51:38.006 65789 WARNING tempest.lib.common.ssh [-] Failed to establish authenticated ssh connection to cirros@10.180.180.248 ([Errno None] Unable to connect to port 22 on 10.180.180.248). Number attempts: 1. Retry after 2 seconds.: paramiko.ssh_exception.NoValidConnectionsError: [Errno None] Unable to connect to port 22 on 10.180.180.248
2025-12-15 13:51:38.039 65787 INFO tempest.lib.common.rest_client [req-34e1ca47-4bff-4c5f-8abe-da47403b3bb7 req-34e1ca47-4bff-4c5f-8abe-da47403b3bb7 ] Request (ServerShowV254Test:setUpClass): 201 POST http://10.180.1.21/identity/v3/auth/tokens 0.069s
2025-12-15 13:51:38.060 65819 INFO tempest.lib.common.rest_client [req-c7dec717-7318-4f91-8d36-cdb34ccd17b6 req-c7dec717-7318-4f91-8d36-cdb34ccd17b6 ] Request (ServerAddressesTestJSON:tearDownClass): 200 GET http://10.180.1.21/compute/v2.1/servers/762d1978-7b4d-430a-8195-512a9dc2f9ef 0.721s
2025-12-15 13:51:38.075 65787 INFO tempest.lib.common.rest_client [req-52003ab7-11d4-4a4b-8fc8-9f4a67c6312f req-52003ab7-11d4-4a4b-8fc8-9f4a67c6312f ] Request (ServerShowV254Test:setUpClass): 201 POST http://10.180.1.21/identity/v3/auth/tokens 0.033s
2025-12-15 13:51:38.088 65833 INFO tempest.lib.common.rest_client [req-aae064c1-84ed-4a31-ae72-fc85a2055a1b req-aae064c1-84ed-4a31-ae72-fc85a2055a1b ] Request (ServerActionsTestOtherB:setUpClass): 200 GET http://10.180.1.21/compute/v2.1/servers/65fd37ce-d54d-41f4-860e-37a9db87fe48 0.787s
2025-12-15 13:51:38.106 65787 INFO tempest.lib.common.rest_client [req-ddb6f07e-8840-4ac2-a09d-a7da1d9f071c req-ddb6f07e-8840-4ac2-a09d-a7da1d9f071c ] Request (ServerShowV254Test:setUpClass): 200 GET http://10.180.1.21/identity/v3/domains?name=Default 0.030s
2025-12-15 13:51:38.119 65783 INFO tempest.lib.common.rest_client [req-bc2f3b39-b14d-4833-822c-9d545eece149 req-bc2f3b39-b14d-4833-822c-9d545eece149 ] Request (ServerPasswordTestJSON:setUpClass): 200 GET http://10.180.1.21/compute/v2.1/servers/c423524c-773b-4a11-87d0-47fe210b0ee3 0.758s
2025-12-15 13:51:38.139 65787 INFO tempest.lib.common.rest_client [req-a4afcec4-e02c-4ac7-9964-4c08242c71ab req-a4afcec4-e02c-4ac7-9964-4c08242c71ab ] Request (ServerShowV254Test:setUpClass): 201 POST http://10.180.1.21/identity/v3/projects 0.033s
2025-12-15 13:51:38.160 65843 INFO tempest.lib.common.rest_client [req-1476d30b-5373-47d2-ae8f-9f98a98d3daf req-1476d30b-5373-47d2-ae8f-9f98a98d3daf ] Request (ServersTestManualDisk:tearDownClass): 200 GET http://10.180.1.21/compute/v2.1/servers/41908755-4af2-474f-b842-04300f9365ce 0.749s
2025-12-15 13:51:38.181 65825 INFO tempest.lib.common.rest_client [req-0f8e230a-d6ca-45a0-9370-9c1ce8ddfe0d req-0f8e230a-d6ca-45a0-9370-9c1ce8ddfe0d ] Request (ImagesTestJSON:test_create_server_from_snapshot): 200 GET http://10.180.1.21/compute/v2.1/servers/2d4e3e5a-52ca-4030-83cc-d124b01b5b2a 0.733s
2025-12-15 13:51:38.190 65825 INFO tempest.common.waiters [-] State transition "BUILD/scheduling" ==> "BUILD/None" after 2 second wait
2025-12-15 13:51:38.218 65815 INFO tempest.lib.common.rest_client [req-180c98ee-d690-4861-81f0-23ca1fbf4ece req-180c98ee-d690-4861-81f0-23ca1fbf4ece ] Request (ImagesOneServerTestJSON:tearDownClass): 204 DELETE http://10.180.1.21/networking/v2.0/routers/c33e8d49-022e-4c4b-8cb3-9f7343437c14 0.471s
2025-12-15 13:51:38.220 65807 INFO tempest.lib.common.rest_client [req-e03e3c4f-2b49-44e1-b88c-fdee4470b0ba req-e03e3c4f-2b49-44e1-b88c-fdee4470b0ba ] Request (ServerActionsTestJSON:setUpClass): 200 GET http://10.180.1.21/compute/v2.1/servers/fd36a39c-39b0-4af3-9546-4786ef34d029 0.715s
2025-12-15 13:51:38.227 65787 INFO tempest.lib.common.rest_client [req-5620d29e-7616-4916-98b7-338241741dd3 req-5620d29e-7616-4916-98b7-338241741dd3 ] Request (ServerShowV254Test:setUpClass): 201 POST http://10.180.1.21/identity/v3/users 0.087s
2025-12-15 13:51:38.256 65787 INFO tempest.lib.common.rest_client [req-6f7f547a-d224-4543-8d6a-ebc5fe0e4498 req-6f7f547a-d224-4543-8d6a-ebc5fe0e4498 ] Request (ServerShowV254Test:setUpClass): 200 GET http://10.180.1.21/identity/v3/roles 0.028s
2025-12-15 13:51:38.256 65831 INFO tempest.lib.common.rest_client [req-f6b30f14-b4ae-419c-9709-4f3a6c4638b5 req-f6b30f14-b4ae-419c-9709-4f3a6c4638b5 ] Request (ServerGroupTestJSON:test_create_server_with_scheduler_hint_group): 200 GET http://10.180.1.21/compute/v2.1/servers/c1c1a41b-9c0d-404f-9688-c6e008439919 0.608s
2025-12-15 13:51:38.282 65835 INFO tempest.lib.common.rest_client [req-83473b64-2d22-4580-bcd0-48ec883548c3 req-83473b64-2d22-4580-bcd0-48ec883548c3 ] Request (ServersTestFqdnHostnames:tearDownClass): 202 DELETE http://10.180.1.21/compute/v2.1/os-keypairs/tempest-keypair-605227779 0.469s
2025-12-15 13:51:38.315 65787 INFO tempest.lib.common.rest_client [req-6013745f-ffff-482d-9aea-cabad818b8d2 req-6013745f-ffff-482d-9aea-cabad818b8d2 ] Request (ServerShowV254Test:setUpClass): 204 PUT http://10.180.1.21/identity/v3/projects/5983504c42d4422e8369f0a4c3f1dc28/users/3250446e9f734b188b103e5f95c1e128/roles/a98ecd7b49884e209ece9f19751ee7ae 0.058s
2025-12-15 13:51:38.315 65787 INFO tempest.lib.common.dynamic_creds [-] Dynamic test user 3250446e9f734b188b103e5f95c1e128 is created with scope project and roles: ['member']
2025-12-15 13:51:38.316 65787 INFO tempest.lib.common.dynamic_creds [-] Acquired dynamic creds: credentials: Credentials: {'domain_id': 'default', 'domain_name': 'Default', 'username': 'tempest-ServerShowV254Test-554273003-project-member', 'project_domain_id': 'default', 'project_domain_name': 'Default', 'project_id': '5983504c42d4422e8369f0a4c3f1dc28', 'project_name': 'tempest-ServerShowV254Test-554273003', 'tenant_id': '5983504c42d4422e8369f0a4c3f1dc28', 'tenant_name': 'tempest-ServerShowV254Test-554273003', 'user_domain_id': 'default', 'user_domain_name': 'Default', 'user_id': '3250446e9f734b188b103e5f95c1e128', 'system': None}, Network: None, Subnet: None, Router: None
2025-12-15 13:51:38.316 65787 INFO tempest.lib.common.dynamic_creds [-] Created isolated network resources for: credentials: Credentials: {'domain_id': 'default', 'domain_name': 'Default', 'username': 'tempest-ServerShowV254Test-554273003-project-member', 'project_domain_id': 'default', 'project_domain_name': 'Default', 'project_id': '5983504c42d4422e8369f0a4c3f1dc28', 'project_name': 'tempest-ServerShowV254Test-554273003', 'tenant_id': '5983504c42d4422e8369f0a4c3f1dc28', 'tenant_name': 'tempest-ServerShowV254Test-554273003', 'user_domain_id': 'default', 'user_domain_name': 'Default', 'user_id': '3250446e9f734b188b103e5f95c1e128', 'system': None}, Network: None, Subnet: None, Router: None
2025-12-15 13:51:38.390 65835 INFO tempest.lib.common.rest_client [req-287705cd-5ece-49a5-9135-0c50f5d6535f req-287705cd-5ece-49a5-9135-0c50f5d6535f ] Request (ServersTestFqdnHostnames:tearDownClass): 204 DELETE http://10.180.1.21/networking/v2.0/security-groups/b6da2e71-0738-4f39-9e52-7626cb4eb47d 0.107s
2025-12-15 13:51:38.408 65815 INFO tempest.lib.common.rest_client [req-6d7b54b7-e432-4dc5-9c1b-3cc04ea7321d req-6d7b54b7-e432-4dc5-9c1b-3cc04ea7321d ] Request (ImagesOneServerTestJSON:tearDownClass): 204 DELETE http://10.180.1.21/networking/v2.0/subnets/68591c98-7496-4de9-b9ea-45660f5aa6d8 0.187s
2025-12-15 13:51:38.416 65797 INFO tempest.lib.common.rest_client [req-3b768b2e-521f-4e04-ae9d-a4c1da973d31 req-3b768b2e-521f-4e04-ae9d-a4c1da973d31 ] Request (ListImageFiltersTestJSON:tearDownClass): 200 GET http://10.180.1.21/compute/v2.1/servers/aa49b8de-62ba-49d6-ac03-d1b0c23babf5 0.402s
2025-12-15 13:51:38.418 65835 INFO tempest.lib.common.rest_client [req-1df8ad51-06b9-424c-8721-1077e5b5e611 req-1df8ad51-06b9-424c-8721-1077e5b5e611 ] Request (ServersTestFqdnHostnames:tearDownClass): 404 GET http://10.180.1.21/networking/v2.0/security-groups/b6da2e71-0738-4f39-9e52-7626cb4eb47d 0.028s
2025-12-15 13:51:38.441 65787 INFO tempest.lib.common.rest_client [req-203f8911-4f86-41ba-aed1-a20967522417 req-203f8911-4f86-41ba-aed1-a20967522417 ] Request (ServerShowV254Test:setUpClass): 201 POST http://10.180.1.21/identity/v3/auth/tokens 0.121s
2025-12-15 13:51:38.492 65787 INFO tempest.lib.common.rest_client [req-ad2e8c82-eef9-4efc-bdef-cd605b0d098b req-ad2e8c82-eef9-4efc-bdef-cd605b0d098b ] Request (ServerShowV254Test:test_rebuild_server): 201 POST http://10.180.1.21/identity/v3/auth/tokens 0.045s
2025-12-15 13:51:38.492 65787 INFO tempest.lib.common.fixed_network [-] (ServerShowV254Test:test_rebuild_server) Found network None available for tenant
2025-12-15 13:51:38.742 65815 INFO tempest.lib.common.rest_client [req-b1ca8617-b1da-41c6-a693-63d560ea9241 req-b1ca8617-b1da-41c6-a693-63d560ea9241 ] Request (ImagesOneServerTestJSON:tearDownClass): 204 DELETE http://10.180.1.21/networking/v2.0/networks/79ae181e-be40-4fd5-b9e5-cdc710a96989 0.334s
2025-12-15 13:51:38.760 65835 INFO tempest.lib.common.rest_client [req-1c8db8e9-780e-45af-a855-9a2e923e0b9f req-1c8db8e9-780e-45af-a855-9a2e923e0b9f ] Request (ServersTestFqdnHostnames:tearDownClass): 204 DELETE http://10.180.1.21/networking/v2.0/floatingips/24129a2c-9f1a-4bd4-ae71-9f9955eac93d 0.341s
2025-12-15 13:51:38.769 65821 INFO tempest.lib.common.rest_client [req-51ffac7d-172a-4e36-a9ff-2ea65f65abee req-51ffac7d-172a-4e36-a9ff-2ea65f65abee ] Request (InstanceActionsV221TestJSON:test_get_list_deleted_instance_actions): 200 GET http://10.180.1.21/compute/v2.1/servers/cc5f0dd1-0565-4094-8594-51b9455da325 0.568s
2025-12-15 13:51:38.797 65791 INFO tempest.lib.common.rest_client [req-e7dc33a9-3933-4eb0-bc3a-ed8141a82c56 req-e7dc33a9-3933-4eb0-bc3a-ed8141a82c56 ] Request (MigrationsAdminTest:test_resize_server_revert_deleted_flavor): 200 GET http://10.180.1.21/compute/v2.1/servers/77a5f75c-17ae-40f1-8433-9ef622c2cd35 0.646s
2025-12-15 13:51:38.828 65829 INFO tempest.lib.common.rest_client [req-d1622ab6-8581-4857-bf53-bbdbb696d70c req-d1622ab6-8581-4857-bf53-bbdbb696d70c ] Request (ServersTestBootFromVolume:setUpClass): 200 GET http://10.180.1.21/volume/v3/volumes/eb539d07-25a1-4547-8a3c-cab273bb41aa 0.042s
2025-12-15 13:51:38.837 65805 INFO tempest.lib.common.rest_client [req-ea29173a-072c-4052-8cca-e29c53550ae9 req-ea29173a-072c-4052-8cca-e29c53550ae9 ] Request (ServerDiskConfigTestJSON:test_rebuild_server_with_manual_disk_config): 200 GET http://10.180.1.21/compute/v2.1/servers/bf25e1e3-b6ae-4c53-b202-1f2f65619178 0.547s
2025-12-15 13:51:38.888 65815 INFO tempest.lib.common.rest_client [req-85ec1fc9-e82c-44ee-a716-40c37c88b130 req-85ec1fc9-e82c-44ee-a716-40c37c88b130 ] Request (ImagesOneServerTestJSON:tearDownClass): 204 DELETE http://10.180.1.21/identity/v3/users/95cc683438f04b48969a4606a6a1ba9b 0.145s
2025-12-15 13:51:38.888 65815 INFO tempest.lib.common.dynamic_creds [-] Deleting project and security group for project: 900c2f7e3138404796f6a83195fb3d9b
2025-12-15 13:51:38.897 65827 INFO tempest.lib.common.rest_client [req-3bd6d073-e6f4-4be0-9056-ae783d64947e req-3bd6d073-e6f4-4be0-9056-ae783d64947e ] Request (ServerRescueTestJSON:setUpClass): 200 GET http://10.180.1.21/compute/v2.1/servers/3f9c3972-7835-4e80-b5ca-ff29fcd9266a 0.138s
2025-12-15 13:51:38.916 65815 INFO tempest.lib.common.rest_client [req-8c543505-82c7-4c42-b77e-6fcc2bdc3164 req-8c543505-82c7-4c42-b77e-6fcc2bdc3164 ] Request (ImagesOneServerTestJSON:tearDownClass): 200 GET http://10.180.1.21/networking/v2.0/security-groups?tenant_id=900c2f7e3138404796f6a83195fb3d9b&name=default 0.028s
2025-12-15 13:51:38.964 65841 WARNING tempest.lib.common.ssh [-] Failed to establish authenticated ssh connection to cirros@10.180.180.217 ([Errno None] Unable to connect to port 22 on 10.180.180.217). Number attempts: 2. Retry after 3 seconds.: paramiko.ssh_exception.NoValidConnectionsError: [Errno None] Unable to connect to port 22 on 10.180.180.217
2025-12-15 13:51:39.003 65815 INFO tempest.lib.common.rest_client [req-187a5240-aca7-432a-8d97-d212478f30b3 req-187a5240-aca7-432a-8d97-d212478f30b3 ] Request (ImagesOneServerTestJSON:tearDownClass): 204 DELETE http://10.180.1.21/networking/v2.0/security-groups/38107123-e6ea-47c0-8b9c-f150511062b7 0.086s
2025-12-15 13:51:39.088 65787 INFO tempest.lib.common.rest_client [req-2684e2c5-ca89-499b-ab1b-369f20e8863a req-2684e2c5-ca89-499b-ab1b-369f20e8863a ] Request (ServerShowV254Test:test_rebuild_server): 202 POST http://10.180.1.21/compute/v2.1/servers 0.594s
2025-12-15 13:51:39.124 65815 INFO tempest.lib.common.rest_client [req-959c5528-05f6-43cc-856b-72c27aed71e7 req-959c5528-05f6-43cc-856b-72c27aed71e7 ] Request (ImagesOneServerTestJSON:tearDownClass): 204 DELETE http://10.180.1.21/identity/v3/projects/900c2f7e3138404796f6a83195fb3d9b 0.120s
2025-12-15 13:51:39.127 65801 INFO tempest.lib.common.rest_client [req-187d7ecb-17e4-4483-9b04-7636acea28f0 req-187d7ecb-17e4-4483-9b04-7636acea28f0 ] Request (ServerMetadataTestJSON:setUpClass): 200 GET http://10.180.1.21/compute/v2.1/servers/dd2f5347-97eb-42e3-85a3-9caaf92a4b40 0.328s
2025-12-15 13:51:39.164 65785 INFO tempest.lib.common.rest_client [req-c08aa386-43ae-4908-89a3-ec217b6ca6dd req-c08aa386-43ae-4908-89a3-ec217b6ca6dd ] Request (ListServerFiltersTestJSON:tearDownClass): 200 GET http://10.180.1.21/compute/v2.1/servers/5c23260a-db0c-49ab-8b52-75109300fbda 0.280s
2025-12-15 13:51:39.196 65817 INFO tempest.lib.common.rest_client [req-8d824205-dc4b-408b-b454-42261538184b req-8d824205-dc4b-408b-b454-42261538184b ] Request (ServersAdminTestJSON:test_inject_network_info): 200 GET http://10.180.1.21/compute/v2.1/servers/4fc9fe05-6401-42e3-95c5-2e54c65b81f0 0.271s
2025-12-15 13:51:39.215 65815 INFO tempest.lib.common.rest_client [req-f17866b4-f538-44ec-9392-0376430ddc22 req-f17866b4-f538-44ec-9392-0376430ddc22 ] Request (VolumesSnapshotsTestJSON:setUpClass): 201 POST http://10.180.1.21/identity/v3/auth/tokens 0.089s
2025-12-15 13:51:39.237 65819 INFO tempest.lib.common.rest_client [req-05539fb1-9eb8-4613-868c-4f3af8a243d9 req-05539fb1-9eb8-4613-868c-4f3af8a243d9 ] Request (ServerAddressesTestJSON:tearDownClass): 200 GET http://10.180.1.21/compute/v2.1/servers/762d1978-7b4d-430a-8195-512a9dc2f9ef 0.168s
2025-12-15 13:51:39.256 65787 INFO tempest.lib.common.rest_client [req-d599a7cc-7e34-4132-96d9-45a00556f3b7 req-d599a7cc-7e34-4132-96d9-45a00556f3b7 ] Request (ServerShowV254Test:test_rebuild_server): 200 GET http://10.180.1.21/compute/v2.1/servers/38aaff36-07be-4f5d-9c48-f798582a046f 0.166s
2025-12-15 13:51:39.256 65815 INFO tempest.lib.common.rest_client [req-cbaf176c-4726-49e2-a5fd-466088b59741 req-cbaf176c-4726-49e2-a5fd-466088b59741 ] Request (VolumesSnapshotsTestJSON:setUpClass): 201 POST http://10.180.1.21/identity/v3/auth/tokens 0.037s
2025-12-15 13:51:39.289 65815 INFO tempest.lib.common.rest_client [req-b37bfb5d-4795-4f78-a435-ea77f4faf9ad req-b37bfb5d-4795-4f78-a435-ea77f4faf9ad ] Request (VolumesSnapshotsTestJSON:setUpClass): 200 GET http://10.180.1.21/identity/v3/domains?name=Default 0.032s
2025-12-15 13:51:39.322 65815 INFO tempest.lib.common.rest_client [req-866db4a5-eec6-4105-be60-3b5bc384d4f4 req-866db4a5-eec6-4105-be60-3b5bc384d4f4 ] Request (VolumesSnapshotsTestJSON:setUpClass): 201 POST http://10.180.1.21/identity/v3/projects 0.032s
2025-12-15 13:51:39.325 65783 INFO tempest.lib.common.rest_client [req-809baffe-5187-4ad9-bee4-65c7a875e80d req-809baffe-5187-4ad9-bee4-65c7a875e80d ] Request (ServerPasswordTestJSON:setUpClass): 200 GET http://10.180.1.21/compute/v2.1/servers/c423524c-773b-4a11-87d0-47fe210b0ee3 0.194s
2025-12-15 13:51:39.431 65843 INFO tempest.lib.common.rest_client [req-6cddee74-9337-4555-9d93-0a12ce751941 req-6cddee74-9337-4555-9d93-0a12ce751941 ] Request (ServersTestManualDisk:tearDownClass): 200 GET http://10.180.1.21/compute/v2.1/servers/41908755-4af2-474f-b842-04300f9365ce 0.263s
2025-12-15 13:51:39.435 65815 INFO tempest.lib.common.rest_client [req-5b357b74-0a8a-46b4-9f2b-1b507971bfcf req-5b357b74-0a8a-46b4-9f2b-1b507971bfcf ] Request (VolumesSnapshotsTestJSON:setUpClass): 201 POST http://10.180.1.21/identity/v3/users 0.112s
2025-12-15 13:51:39.452 65833 INFO tempest.lib.common.rest_client [req-b5647a8e-00c9-461a-97bc-78381440ed5d req-b5647a8e-00c9-461a-97bc-78381440ed5d ] Request (ServerActionsTestOtherB:setUpClass): 200 GET http://10.180.1.21/compute/v2.1/servers/65fd37ce-d54d-41f4-860e-37a9db87fe48 0.356s
2025-12-15 13:51:39.462 65815 INFO tempest.lib.common.rest_client [req-cea4b3a7-19e2-4ea0-8c0b-df30e467a594 req-cea4b3a7-19e2-4ea0-8c0b-df30e467a594 ] Request (VolumesSnapshotsTestJSON:setUpClass): 200 GET http://10.180.1.21/identity/v3/roles 0.026s
2025-12-15 13:51:39.497 65815 INFO tempest.lib.common.rest_client [req-8de8ade6-05e9-4d02-92fa-d2787a23eb20 req-8de8ade6-05e9-4d02-92fa-d2787a23eb20 ] Request (VolumesSnapshotsTestJSON:setUpClass): 204 PUT http://10.180.1.21/identity/v3/projects/ab6f3a5107b3415d807d92d703057ac4/users/cf43ccc56f364b1c8bf30c1a1421febf/roles/a98ecd7b49884e209ece9f19751ee7ae 0.035s
2025-12-15 13:51:39.497 65815 INFO tempest.lib.common.dynamic_creds [-] Dynamic test user cf43ccc56f364b1c8bf30c1a1421febf is created with scope project and roles: ['member']
2025-12-15 13:51:39.498 65815 INFO tempest.lib.common.dynamic_creds [-] Acquired dynamic creds: credentials: Credentials: {'domain_id': 'default', 'domain_name': 'Default', 'username': 'tempest-VolumesSnapshotsTestJSON-1054591268-project-member', 'project_domain_id': 'default', 'project_domain_name': 'Default', 'project_id': 'ab6f3a5107b3415d807d92d703057ac4', 'project_name': 'tempest-VolumesSnapshotsTestJSON-1054591268', 'tenant_id': 'ab6f3a5107b3415d807d92d703057ac4', 'tenant_name': 'tempest-VolumesSnapshotsTestJSON-1054591268', 'user_domain_id': 'default', 'user_domain_name': 'Default', 'user_id': 'cf43ccc56f364b1c8bf30c1a1421febf', 'system': None}, Network: None, Subnet: None, Router: None
2025-12-15 13:51:39.498 65815 INFO tempest.lib.common.dynamic_creds [-] Created isolated network resources for: credentials: Credentials: {'domain_id': 'default', 'domain_name': 'Default', 'username': 'tempest-VolumesSnapshotsTestJSON-1054591268-project-member', 'project_domain_id': 'default', 'project_domain_name': 'Default', 'project_id': 'ab6f3a5107b3415d807d92d703057ac4', 'project_name': 'tempest-VolumesSnapshotsTestJSON-1054591268', 'tenant_id': 'ab6f3a5107b3415d807d92d703057ac4', 'tenant_name': 'tempest-VolumesSnapshotsTestJSON-1054591268', 'user_domain_id': 'default', 'user_domain_name': 'Default', 'user_id': 'cf43ccc56f364b1c8bf30c1a1421febf', 'system': None}, Network: None, Subnet: None, Router: None
2025-12-15 13:51:39.512 65825 INFO tempest.lib.common.rest_client [req-4ae55586-5a89-41d2-a229-0681c729a99f req-4ae55586-5a89-41d2-a229-0681c729a99f ] Request (ImagesTestJSON:test_create_server_from_snapshot): 200 GET http://10.180.1.21/compute/v2.1/servers/2d4e3e5a-52ca-4030-83cc-d124b01b5b2a 0.320s
2025-12-15 13:51:39.539 65807 INFO tempest.lib.common.rest_client [req-d4e02f5f-b3fa-4954-bda0-efb490d91646 req-d4e02f5f-b3fa-4954-bda0-efb490d91646 ] Request (ServerActionsTestJSON:setUpClass): 200 GET http://10.180.1.21/compute/v2.1/servers/fd36a39c-39b0-4af3-9546-4786ef34d029 0.306s
2025-12-15 13:51:39.601 65831 INFO tempest.lib.common.rest_client [req-d62295b9-dde1-4029-bc7e-d389fc4b9efc req-d62295b9-dde1-4029-bc7e-d389fc4b9efc ] Request (ServerGroupTestJSON:test_create_server_with_scheduler_hint_group): 200 GET http://10.180.1.21/compute/v2.1/servers/c1c1a41b-9c0d-404f-9688-c6e008439919 0.334s
2025-12-15 13:51:39.627 65797 INFO tempest.lib.common.rest_client [req-5a1adbdd-5d5c-449d-b34d-7eb3f5b35323 req-5a1adbdd-5d5c-449d-b34d-7eb3f5b35323 ] Request (ListImageFiltersTestJSON:tearDownClass): 200 GET http://10.180.1.21/compute/v2.1/servers/aa49b8de-62ba-49d6-ac03-d1b0c23babf5 0.202s
2025-12-15 13:51:39.631 65815 INFO tempest.lib.common.rest_client [req-cc8b6d32-d5be-418f-917f-33b7e745e847 req-cc8b6d32-d5be-418f-917f-33b7e745e847 ] Request (VolumesSnapshotsTestJSON:setUpClass): 201 POST http://10.180.1.21/identity/v3/auth/tokens 0.130s
2025-12-15 13:51:39.636 65835 INFO tempest.lib.common.rest_client [req-1e7d87ad-0cb8-4e23-9abe-2b1dfed35843 req-1e7d87ad-0cb8-4e23-9abe-2b1dfed35843 ] Request (ServersTestFqdnHostnames:tearDownClass): 200 PUT http://10.180.1.21/networking/v2.0/routers/80b45f08-aad9-4dbf-ba9b-b66ff4434fb0/remove_router_interface 0.875s
2025-12-15 13:51:39.849 65821 INFO tempest.lib.common.rest_client [req-cadf0764-2069-45e1-a422-b6a56bea60bb req-cadf0764-2069-45e1-a422-b6a56bea60bb ] Request (InstanceActionsV221TestJSON:test_get_list_deleted_instance_actions): 200 GET http://10.180.1.21/compute/v2.1/servers/cc5f0dd1-0565-4094-8594-51b9455da325 0.068s
2025-12-15 13:51:39.873 65829 INFO tempest.lib.common.rest_client [req-a9665fb4-3f2c-496b-be2b-3bba0f4b8a28 req-a9665fb4-3f2c-496b-be2b-3bba0f4b8a28 ] Request (ServersTestBootFromVolume:setUpClass): 200 GET http://10.180.1.21/volume/v3/volumes/eb539d07-25a1-4547-8a3c-cab273bb41aa 0.031s
2025-12-15 13:51:39.949 65815 INFO tempest.lib.common.rest_client [req-ce8d32b0-7f73-4032-aa6a-65e64d369f28 req-ce8d32b0-7f73-4032-aa6a-65e64d369f28 ] Request (VolumesSnapshotsTestJSON:test_volume_snapshot_create_get_list_delete): 200 POST http://10.180.1.21/compute/v2.1/os-volumes 0.316s
2025-12-15 13:51:40.013 65791 INFO tempest.lib.common.rest_client [req-b6da769c-095c-41d5-818d-2aa240db3bd6 req-b6da769c-095c-41d5-818d-2aa240db3bd6 ] Request (MigrationsAdminTest:test_resize_server_revert_deleted_flavor): 200 GET http://10.180.1.21/compute/v2.1/servers/77a5f75c-17ae-40f1-8433-9ef622c2cd35 0.201s
2025-12-15 13:51:40.047 65805 INFO tempest.lib.common.rest_client [req-ed9eeb85-a8a7-4495-9a14-7b670a43729f req-ed9eeb85-a8a7-4495-9a14-7b670a43729f ] Request (ServerDiskConfigTestJSON:test_rebuild_server_with_manual_disk_config): 200 GET http://10.180.1.21/compute/v2.1/servers/bf25e1e3-b6ae-4c53-b202-1f2f65619178 0.198s
2025-12-15 13:51:40.085 65827 INFO tempest.lib.common.rest_client [req-32bc482c-a4ca-4906-952a-05dbadfbcb1a req-32bc482c-a4ca-4906-952a-05dbadfbcb1a ] Request (ServerRescueTestJSON:setUpClass): 200 GET http://10.180.1.21/compute/v2.1/servers/3f9c3972-7835-4e80-b5ca-ff29fcd9266a 0.176s
2025-12-15 13:51:40.091 65815 INFO tempest.lib.common.rest_client [req-bb3eaec0-a7f9-4905-ba4f-1957c357160d req-bb3eaec0-a7f9-4905-ba4f-1957c357160d ] Request (VolumesSnapshotsTestJSON:test_volume_snapshot_create_get_list_delete): 200 GET http://10.180.1.21/compute/v2.1/os-volumes/3e2ae787-af2c-4137-9011-36e385597083 0.137s
2025-12-15 13:51:40.093 65815 INFO tempest.common.waiters [-] volume 3e2ae787-af2c-4137-9011-36e385597083 reached available after waiting for 0.093730 seconds
2025-12-15 13:51:40.137 65835 INFO tempest.lib.common.rest_client [req-2e72898a-df47-4409-bfb4-affd7d917ef6 req-2e72898a-df47-4409-bfb4-affd7d917ef6 ] Request (ServersTestFqdnHostnames:tearDownClass): 204 DELETE http://10.180.1.21/networking/v2.0/routers/80b45f08-aad9-4dbf-ba9b-b66ff4434fb0 0.500s
2025-12-15 13:51:40.263 65815 INFO tempest.lib.common.rest_client [req-b352dd57-a44e-40d2-9271-bebc30382ced req-b352dd57-a44e-40d2-9271-bebc30382ced ] Request (VolumesSnapshotsTestJSON:test_volume_snapshot_create_get_list_delete): 200 POST http://10.180.1.21/compute/v2.1/os-snapshots 0.169s
2025-12-15 13:51:40.290 65801 INFO tempest.lib.common.rest_client [req-68ae58e6-39de-4da9-8ee9-ba61603783fc req-68ae58e6-39de-4da9-8ee9-ba61603783fc ] Request (ServerMetadataTestJSON:setUpClass): 200 GET http://10.180.1.21/compute/v2.1/servers/dd2f5347-97eb-42e3-85a3-9caaf92a4b40 0.152s
2025-12-15 13:51:40.311 65835 INFO tempest.lib.common.rest_client [req-30a4d3ad-ecb9-432d-b46e-1e2a6fd6045a req-30a4d3ad-ecb9-432d-b46e-1e2a6fd6045a ] Request (ServersTestFqdnHostnames:tearDownClass): 204 DELETE http://10.180.1.21/networking/v2.0/subnets/f3235fa0-a7c2-40e0-8ba6-ff280176c544 0.174s
2025-12-15 13:51:40.345 65785 INFO tempest.lib.common.rest_client [req-9ca4f5fb-d36f-4113-a686-0d44bd60fe7c req-9ca4f5fb-d36f-4113-a686-0d44bd60fe7c ] Request (ListServerFiltersTestJSON:tearDownClass): 200 GET http://10.180.1.21/compute/v2.1/servers/5c23260a-db0c-49ab-8b52-75109300fbda 0.172s
2025-12-15 13:51:40.361 65817 INFO tempest.lib.common.rest_client [req-d5b780ef-eae4-438b-b23b-6d19a39d54c9 req-d5b780ef-eae4-438b-b23b-6d19a39d54c9 ] Request (ServersAdminTestJSON:test_inject_network_info): 200 GET http://10.180.1.21/compute/v2.1/servers/4fc9fe05-6401-42e3-95c5-2e54c65b81f0 0.156s
2025-12-15 13:51:40.397 65815 INFO tempest.lib.common.rest_client [req-83792ef5-ba03-484a-8bce-92562add7dff req-83792ef5-ba03-484a-8bce-92562add7dff ] Request (VolumesSnapshotsTestJSON:test_volume_snapshot_create_get_list_delete): 200 GET http://10.180.1.21/compute/v2.1/os-snapshots/1c41d61e-dac0-42e2-a57d-e5c0bb2b7f4d 0.132s
2025-12-15 13:51:40.406 65819 INFO tempest.lib.common.rest_client [req-5efcda57-7458-4398-80ef-9938577fb251 req-5efcda57-7458-4398-80ef-9938577fb251 ] Request (ServerAddressesTestJSON:tearDownClass): 200 GET http://10.180.1.21/compute/v2.1/servers/762d1978-7b4d-430a-8195-512a9dc2f9ef 0.159s
2025-12-15 13:51:40.476 65787 INFO tempest.lib.common.rest_client [req-fff85ec4-988e-4a0d-bd8f-d7c6c5a2388f req-fff85ec4-988e-4a0d-bd8f-d7c6c5a2388f ] Request (ServerShowV254Test:test_rebuild_server): 200 GET http://10.180.1.21/compute/v2.1/servers/38aaff36-07be-4f5d-9c48-f798582a046f 0.208s
2025-12-15 13:51:40.485 65783 INFO tempest.lib.common.rest_client [req-9d70f350-6fb3-4c2e-ae46-25e7d8450e7e req-9d70f350-6fb3-4c2e-ae46-25e7d8450e7e ] Request (ServerPasswordTestJSON:setUpClass): 200 GET http://10.180.1.21/compute/v2.1/servers/c423524c-773b-4a11-87d0-47fe210b0ee3 0.149s
2025-12-15 13:51:40.512 65815 INFO tempest.lib.common.rest_client [req-e319e14b-d49b-4df0-bb4e-3b2473341d2b req-e319e14b-d49b-4df0-bb4e-3b2473341d2b ] Request (VolumesSnapshotsTestJSON:test_volume_snapshot_create_get_list_delete): 200 GET http://10.180.1.21/compute/v2.1/os-snapshots 0.113s
2025-12-15 13:51:40.586 65843 INFO tempest.lib.common.rest_client [req-34661bf0-b5a0-491f-95f9-c47d339492f6 req-34661bf0-b5a0-491f-95f9-c47d339492f6 ] Request (ServersTestManualDisk:tearDownClass): 200 GET http://10.180.1.21/compute/v2.1/servers/41908755-4af2-474f-b842-04300f9365ce 0.145s
2025-12-15 13:51:40.614 65815 INFO tempest.lib.common.rest_client [req-ce12c6dd-9281-42a1-b45a-5b446afef96c req-ce12c6dd-9281-42a1-b45a-5b446afef96c ] Request (VolumesSnapshotsTestJSON:_run_cleanups): 200 GET http://10.180.1.21/compute/v2.1/os-snapshots/1c41d61e-dac0-42e2-a57d-e5c0bb2b7f4d 0.100s
2025-12-15 13:51:40.616 65815 INFO tempest.common.waiters [-] snapshot 1c41d61e-dac0-42e2-a57d-e5c0bb2b7f4d reached available after waiting for 0.616342 seconds
2025-12-15 13:51:40.635 65835 INFO tempest.lib.common.rest_client [req-36a21589-2f33-4e3c-b093-88906dbd260f req-36a21589-2f33-4e3c-b093-88906dbd260f ] Request (ServersTestFqdnHostnames:tearDownClass): 204 DELETE http://10.180.1.21/networking/v2.0/networks/3090d05b-8165-428e-b801-a8d2c177dc29 0.323s
2025-12-15 13:51:40.685 65825 INFO tempest.lib.common.rest_client [req-7fc6b3fc-c0b6-4bab-8b0e-0581624d258d req-7fc6b3fc-c0b6-4bab-8b0e-0581624d258d ] Request (ImagesTestJSON:test_create_server_from_snapshot): 200 GET http://10.180.1.21/compute/v2.1/servers/2d4e3e5a-52ca-4030-83cc-d124b01b5b2a 0.159s
2025-12-15 13:51:40.714 65833 INFO tempest.lib.common.rest_client [req-de234e2f-c3e2-473c-8e62-de57f1f0dde2 req-de234e2f-c3e2-473c-8e62-de57f1f0dde2 ] Request (ServerActionsTestOtherB:setUpClass): 200 GET http://10.180.1.21/compute/v2.1/servers/65fd37ce-d54d-41f4-860e-37a9db87fe48 0.251s
2025-12-15 13:51:40.748 65807 INFO tempest.lib.common.rest_client [req-056d3644-0884-4171-88a0-ba82d2f4ccf3 req-056d3644-0884-4171-88a0-ba82d2f4ccf3 ] Request (ServerActionsTestJSON:setUpClass): 200 GET http://10.180.1.21/compute/v2.1/servers/fd36a39c-39b0-4af3-9546-4786ef34d029 0.198s
2025-12-15 13:51:40.775 65831 INFO tempest.lib.common.rest_client [req-527a7802-d990-4474-aa78-4af1f2ebc481 req-527a7802-d990-4474-aa78-4af1f2ebc481 ] Request (ServerGroupTestJSON:test_create_server_with_scheduler_hint_group): 200 GET http://10.180.1.21/compute/v2.1/servers/c1c1a41b-9c0d-404f-9688-c6e008439919 0.162s
2025-12-15 13:51:40.779 65835 INFO tempest.lib.common.rest_client [req-5877025b-7ba9-41eb-bdbf-fd76587dded9 req-5877025b-7ba9-41eb-bdbf-fd76587dded9 ] Request (ServersTestFqdnHostnames:tearDownClass): 204 DELETE http://10.180.1.21/identity/v3/users/e73f14d16b2f47dfb9142ddce02790e6 0.143s
2025-12-15 13:51:40.779 65835 INFO tempest.lib.common.dynamic_creds [-] Deleting project and security group for project: 5661a4b53ac4428eb4f2338f38f33964
2025-12-15 13:51:40.798 65797 INFO tempest.lib.common.rest_client [req-9fbceb94-ac95-4cce-813e-40924269a440 req-9fbceb94-ac95-4cce-813e-40924269a440 ] Request (ListImageFiltersTestJSON:tearDownClass): 404 GET http://10.180.1.21/compute/v2.1/servers/aa49b8de-62ba-49d6-ac03-d1b0c23babf5 0.160s
2025-12-15 13:51:40.803 65815 INFO tempest.lib.common.rest_client [req-8c27d4b2-d4cd-429f-ae8c-868c78395770 req-8c27d4b2-d4cd-429f-ae8c-868c78395770 ] Request (VolumesSnapshotsTestJSON:_run_cleanups): 202 DELETE http://10.180.1.21/compute/v2.1/os-snapshots/1c41d61e-dac0-42e2-a57d-e5c0bb2b7f4d 0.187s
2025-12-15 13:51:40.808 65835 INFO tempest.lib.common.rest_client [req-f95369b8-afd5-45b9-a4ae-9cb8c0d7f6e9 req-f95369b8-afd5-45b9-a4ae-9cb8c0d7f6e9 ] Request (ServersTestFqdnHostnames:tearDownClass): 200 GET http://10.180.1.21/networking/v2.0/security-groups?tenant_id=5661a4b53ac4428eb4f2338f38f33964&name=default 0.029s
2025-12-15 13:51:40.829 65815 INFO tempest.lib.common.rest_client [req-6ec7b382-fd8b-45c2-a653-b844bef637c9 req-6ec7b382-fd8b-45c2-a653-b844bef637c9 ] Request (VolumesSnapshotsTestJSON:_run_cleanups): 200 GET http://10.180.1.21/compute/v2.1/os-snapshots/1c41d61e-dac0-42e2-a57d-e5c0bb2b7f4d 0.025s
2025-12-15 13:51:40.887 65797 INFO tempest.lib.common.rest_client [req-1749ec1f-ae05-4d64-b3c6-94571d60eba5 req-1749ec1f-ae05-4d64-b3c6-94571d60eba5 ] Request (ListImageFiltersTestJSON:tearDownClass): 204 DELETE http://10.180.1.21/compute/v2.1/servers/f3c7fb1b-e676-47c0-b446-c651c1325fc7 0.088s
2025-12-15 13:51:40.922 65829 INFO tempest.lib.common.rest_client [req-28ded321-523a-4380-88a0-18a025f289e0 req-28ded321-523a-4380-88a0-18a025f289e0 ] Request (ServersTestBootFromVolume:setUpClass): 200 GET http://10.180.1.21/volume/v3/volumes/eb539d07-25a1-4547-8a3c-cab273bb41aa 0.037s
2025-12-15 13:51:40.930 65835 INFO tempest.lib.common.rest_client [req-5471c82e-e348-40a9-b43e-0bacb4354062 req-5471c82e-e348-40a9-b43e-0bacb4354062 ] Request (ServersTestFqdnHostnames:tearDownClass): 204 DELETE http://10.180.1.21/networking/v2.0/security-groups/c65138e6-3a8a-4a9f-9670-110f0ec345fd 0.122s
2025-12-15 13:51:40.939 65821 INFO tempest.lib.common.rest_client [req-5cad47c4-d7ed-450b-9c1f-4766644ea28e req-5cad47c4-d7ed-450b-9c1f-4766644ea28e ] Request (InstanceActionsV221TestJSON:test_get_list_deleted_instance_actions): 200 GET http://10.180.1.21/compute/v2.1/servers/cc5f0dd1-0565-4094-8594-51b9455da325 0.077s
2025-12-15 13:51:41.017 65797 INFO tempest.lib.common.rest_client [req-49a403c2-a4bb-446a-a206-7e1c9960c76a req-49a403c2-a4bb-446a-a206-7e1c9960c76a ] Request (ListImageFiltersTestJSON:tearDownClass): 200 GET http://10.180.1.21/compute/v2.1/servers/f3c7fb1b-e676-47c0-b446-c651c1325fc7 0.129s
2025-12-15 13:51:41.034 65835 INFO tempest.lib.common.rest_client [req-492c2f33-2bea-409e-866c-b0f4982e834b req-492c2f33-2bea-409e-866c-b0f4982e834b ] Request (ServersTestFqdnHostnames:tearDownClass): 204 DELETE http://10.180.1.21/identity/v3/projects/5661a4b53ac4428eb4f2338f38f33964 0.103s
2025-12-15 13:51:41.035 65835 INFO tempest.test [-] raised in NoVNCConsoleTestJSON.setUpClass. Invoking tearDownClass.
2025-12-15 13:51:41.076 65789 WARNING tempest.lib.common.ssh [-] Failed to establish authenticated ssh connection to cirros@10.180.180.248 ([Errno None] Unable to connect to port 22 on 10.180.180.248). Number attempts: 2. Retry after 3 seconds.: paramiko.ssh_exception.NoValidConnectionsError: [Errno None] Unable to connect to port 22 on 10.180.180.248
2025-12-15 13:51:41.116 65805 INFO tempest.lib.common.rest_client [req-d7e258b5-bab9-4413-97a8-2e9944d41c63 req-d7e258b5-bab9-4413-97a8-2e9944d41c63 ] Request (ServerDiskConfigTestJSON:test_rebuild_server_with_manual_disk_config): 200 GET http://10.180.1.21/compute/v2.1/servers/bf25e1e3-b6ae-4c53-b202-1f2f65619178 0.062s
2025-12-15 13:51:41.129 65791 INFO tempest.lib.common.rest_client [req-7aafcd25-b490-4213-b1a0-d9a68c6f248d req-7aafcd25-b490-4213-b1a0-d9a68c6f248d ] Request (MigrationsAdminTest:test_resize_server_revert_deleted_flavor): 200 GET http://10.180.1.21/compute/v2.1/servers/77a5f75c-17ae-40f1-8433-9ef622c2cd35 0.102s
2025-12-15 13:51:41.178 65827 INFO tempest.lib.common.rest_client [req-71473ed4-d1c8-4f4b-845d-9be4dad9d4c6 req-71473ed4-d1c8-4f4b-845d-9be4dad9d4c6 ] Request (ServerRescueTestJSON:setUpClass): 200 GET http://10.180.1.21/compute/v2.1/servers/3f9c3972-7835-4e80-b5ca-ff29fcd9266a 0.084s
2025-12-15 13:51:41.403 65801 INFO tempest.lib.common.rest_client [req-50e22ed6-d6bd-4974-9064-75c3e61272fc req-50e22ed6-d6bd-4974-9064-75c3e61272fc ] Request (ServerMetadataTestJSON:setUpClass): 200 GET http://10.180.1.21/compute/v2.1/servers/dd2f5347-97eb-42e3-85a3-9caaf92a4b40 0.104s
2025-12-15 13:51:41.412 65801 INFO tempest.common.waiters [-] State transition "BUILD/spawning" ==> "ACTIVE/None" after 41 second wait
2025-12-15 13:51:41.422 65785 INFO tempest.lib.common.rest_client [req-1b50f20e-15e0-4a72-b384-cc0e7b82c7cb req-1b50f20e-15e0-4a72-b384-cc0e7b82c7cb ] Request (ListServerFiltersTestJSON:tearDownClass): 200 GET http://10.180.1.21/compute/v2.1/servers/5c23260a-db0c-49ab-8b52-75109300fbda 0.068s
2025-12-15 13:51:41.464 65817 INFO tempest.lib.common.rest_client [req-5a145a70-6e8a-4e97-9e34-b2739b64e94d req-5a145a70-6e8a-4e97-9e34-b2739b64e94d ] Request (ServersAdminTestJSON:test_inject_network_info): 200 GET http://10.180.1.21/compute/v2.1/servers/4fc9fe05-6401-42e3-95c5-2e54c65b81f0 0.094s
2025-12-15 13:51:41.498 65801 INFO tempest.lib.common.rest_client [req-90b3490c-6f76-4cfb-9259-312fe74a1405 req-90b3490c-6f76-4cfb-9259-312fe74a1405 ] Request (ServerMetadataTestJSON:setUp): 200 PUT http://10.180.1.21/compute/v2.1/servers/dd2f5347-97eb-42e3-85a3-9caaf92a4b40/metadata 0.085s
2025-12-15 13:51:41.539 65819 INFO tempest.lib.common.rest_client [req-d7819a72-ae34-42e7-84a4-88e5ed721d20 req-d7819a72-ae34-42e7-84a4-88e5ed721d20 ] Request (ServerAddressesTestJSON:tearDownClass): 200 GET http://10.180.1.21/compute/v2.1/servers/762d1978-7b4d-430a-8195-512a9dc2f9ef 0.124s
2025-12-15 13:51:41.573 65787 INFO tempest.lib.common.rest_client [req-f01244f7-7093-40c5-aad2-33ec516c7e67 req-f01244f7-7093-40c5-aad2-33ec516c7e67 ] Request (ServerShowV254Test:test_rebuild_server): 200 GET http://10.180.1.21/compute/v2.1/servers/38aaff36-07be-4f5d-9c48-f798582a046f 0.086s
2025-12-15 13:51:41.604 65783 INFO tempest.lib.common.rest_client [req-20de59dd-55f4-4f13-8dc8-a2b7ab23bfe6 req-20de59dd-55f4-4f13-8dc8-a2b7ab23bfe6 ] Request (ServerPasswordTestJSON:setUpClass): 200 GET http://10.180.1.21/compute/v2.1/servers/c423524c-773b-4a11-87d0-47fe210b0ee3 0.109s
2025-12-15 13:51:41.616 65801 INFO tempest.lib.common.rest_client [req-bc775086-d61e-418f-a9c5-c0149113dfe3 req-bc775086-d61e-418f-a9c5-c0149113dfe3 ] Request (ServerMetadataTestJSON:test_delete_server_metadata_item): 204 DELETE http://10.180.1.21/compute/v2.1/servers/dd2f5347-97eb-42e3-85a3-9caaf92a4b40/metadata/key1 0.117s
2025-12-15 13:51:41.646 65801 INFO tempest.lib.common.rest_client [req-1fc02a64-b18a-4db4-9c23-e9425db65b1f req-1fc02a64-b18a-4db4-9c23-e9425db65b1f ] Request (ServerMetadataTestJSON:test_delete_server_metadata_item): 200 GET http://10.180.1.21/compute/v2.1/servers/dd2f5347-97eb-42e3-85a3-9caaf92a4b40/metadata 0.029s
2025-12-15 13:51:41.673 65843 INFO tempest.lib.common.rest_client [req-a68cf42c-5643-457c-b6c1-64e78d284ac2 req-a68cf42c-5643-457c-b6c1-64e78d284ac2 ] Request (ServersTestManualDisk:tearDownClass): 200 GET http://10.180.1.21/compute/v2.1/servers/41908755-4af2-474f-b842-04300f9365ce 0.076s
2025-12-15 13:51:41.722 65801 INFO tempest.lib.common.rest_client [req-5104b667-ca04-4011-9817-22c9f5cf0fd1 req-5104b667-ca04-4011-9817-22c9f5cf0fd1 ] Request (ServerMetadataTestJSON:setUp): 200 PUT http://10.180.1.21/compute/v2.1/servers/dd2f5347-97eb-42e3-85a3-9caaf92a4b40/metadata 0.073s
2025-12-15 13:51:41.754 65801 INFO tempest.lib.common.rest_client [req-bce29944-cb85-427b-97a8-7a7f4f6d8b68 req-bce29944-cb85-427b-97a8-7a7f4f6d8b68 ] Request (ServerMetadataTestJSON:test_get_server_metadata_item): 200 GET http://10.180.1.21/compute/v2.1/servers/dd2f5347-97eb-42e3-85a3-9caaf92a4b40/metadata/key2 0.031s
2025-12-15 13:51:41.762 65825 INFO tempest.lib.common.rest_client [req-595be430-1418-4968-a399-524e25502a57 req-595be430-1418-4968-a399-524e25502a57 ] Request (ImagesTestJSON:test_create_server_from_snapshot): 200 GET http://10.180.1.21/compute/v2.1/servers/2d4e3e5a-52ca-4030-83cc-d124b01b5b2a 0.068s
2025-12-15 13:51:41.837 65801 INFO tempest.lib.common.rest_client [req-56e842ba-b599-4f08-84f0-d129131916fc req-56e842ba-b599-4f08-84f0-d129131916fc ] Request (ServerMetadataTestJSON:setUp): 200 PUT http://10.180.1.21/compute/v2.1/servers/dd2f5347-97eb-42e3-85a3-9caaf92a4b40/metadata 0.081s
2025-12-15 13:51:41.883 65833 INFO tempest.lib.common.rest_client [req-e2b1989f-e955-4ab2-b5fa-79e0a0fe3db0 req-e2b1989f-e955-4ab2-b5fa-79e0a0fe3db0 ] Request (ServerActionsTestOtherB:setUpClass): 200 GET http://10.180.1.21/compute/v2.1/servers/65fd37ce-d54d-41f4-860e-37a9db87fe48 0.159s
2025-12-15 13:51:41.889 65807 INFO tempest.lib.common.rest_client [req-0daecb29-1bd2-4ca5-89b7-2e1514e54bb4 req-0daecb29-1bd2-4ca5-89b7-2e1514e54bb4 ] Request (ServerActionsTestJSON:setUpClass): 200 GET http://10.180.1.21/compute/v2.1/servers/fd36a39c-39b0-4af3-9546-4786ef34d029 0.128s
2025-12-15 13:51:41.912 65815 INFO tempest.lib.common.rest_client [req-2c479e17-0e2f-4610-8e31-da0090a88eea req-2c479e17-0e2f-4610-8e31-da0090a88eea ] Request (VolumesSnapshotsTestJSON:_run_cleanups): 404 GET http://10.180.1.21/compute/v2.1/os-snapshots/1c41d61e-dac0-42e2-a57d-e5c0bb2b7f4d 0.080s
2025-12-15 13:51:41.941 65831 INFO tempest.lib.common.rest_client [req-da34b8c1-37fc-402d-a590-730339b51fff req-da34b8c1-37fc-402d-a590-730339b51fff ] Request (ServerGroupTestJSON:test_create_server_with_scheduler_hint_group): 200 GET http://10.180.1.21/compute/v2.1/servers/c1c1a41b-9c0d-404f-9688-c6e008439919 0.158s
2025-12-15 13:51:41.943 65801 INFO tempest.lib.common.rest_client [req-7ac84a32-619c-454f-adcb-d783a77f0f73 req-7ac84a32-619c-454f-adcb-d783a77f0f73 ] Request (ServerMetadataTestJSON:test_list_server_metadata): 200 GET http://10.180.1.21/compute/v2.1/servers/dd2f5347-97eb-42e3-85a3-9caaf92a4b40/metadata 0.105s
2025-12-15 13:51:41.964 65829 INFO tempest.lib.common.rest_client [req-622f593c-8669-4174-862e-b28683803a65 req-622f593c-8669-4174-862e-b28683803a65 ] Request (ServersTestBootFromVolume:setUpClass): 200 GET http://10.180.1.21/volume/v3/volumes/eb539d07-25a1-4547-8a3c-cab273bb41aa 0.031s
2025-12-15 13:51:41.991 65815 INFO tempest.lib.common.rest_client [req-e71fcf40-1445-4e98-8ea8-6f9f195b5617 req-e71fcf40-1445-4e98-8ea8-6f9f195b5617 ] Request (VolumesSnapshotsTestJSON:_run_cleanups): 202 DELETE http://10.180.1.21/compute/v2.1/os-volumes/3e2ae787-af2c-4137-9011-36e385597083 0.078s
2025-12-15 13:51:42.014 65801 INFO tempest.lib.common.rest_client [req-0488aeed-8f53-4f78-9116-f4faaeb7b6d5 req-0488aeed-8f53-4f78-9116-f4faaeb7b6d5 ] Request (ServerMetadataTestJSON:setUp): 200 PUT http://10.180.1.21/compute/v2.1/servers/dd2f5347-97eb-42e3-85a3-9caaf92a4b40/metadata 0.069s
2025-12-15 13:51:42.052 65815 INFO tempest.lib.common.rest_client [req-d1167485-00aa-4932-9009-d506d45caeeb req-d1167485-00aa-4932-9009-d506d45caeeb ] Request (VolumesSnapshotsTestJSON:_run_cleanups): 200 GET http://10.180.1.21/compute/v2.1/os-volumes/3e2ae787-af2c-4137-9011-36e385597083 0.060s
2025-12-15 13:51:42.054 65821 INFO tempest.lib.common.rest_client [req-9bcc053d-f277-4b1d-bc51-366635023c14 req-9bcc053d-f277-4b1d-bc51-366635023c14 ] Request (InstanceActionsV221TestJSON:test_get_list_deleted_instance_actions): 200 GET http://10.180.1.21/compute/v2.1/servers/cc5f0dd1-0565-4094-8594-51b9455da325 0.106s
