2025-12-15 13:51:19.362 65831 INFO tempest.lib.common.rest_client [req-31d1deed-60ae-4a48-b988-233674c88bf6 req-31d1deed-60ae-4a48-b988-233674c88bf6 ] Request (ServerGroupTestJSON:test_create_delete_multiple_server_groups_with_same_name_policy): 204 DELETE http://10.180.1.21/compute/v2.1/os-server-groups/492e6d00-93cb-4df2-be18-19c15ceb4bfc 0.369s
2025-12-15 13:51:19.447 65835 INFO tempest.lib.common.rest_client [req-0b3845fe-48e6-481d-8ca2-4b097317c1f1 req-0b3845fe-48e6-481d-8ca2-4b097317c1f1 ] Request (ServersTestFqdnHostnames:tearDownClass): 200 GET http://10.180.1.21/compute/v2.1/servers/ecbce5aa-db62-4bfa-b4bb-2fb7d3ec1d10 0.448s
2025-12-15 13:51:19.448 65843 INFO tempest.lib.common.rest_client [req-677393f8-f03e-400b-b1f2-62d075839a43 req-677393f8-f03e-400b-b1f2-62d075839a43 ] Request (ServersTestManualDisk:tearDownClass): 204 DELETE http://10.180.1.21/compute/v2.1/servers/41908755-4af2-474f-b842-04300f9365ce 0.460s
2025-12-15 13:51:19.485 65827 INFO tempest.lib.common.rest_client [req-75ac8f3e-ef3a-448f-90c1-8a2db0fba11d req-75ac8f3e-ef3a-448f-90c1-8a2db0fba11d ] Request (ServersTestMultiNic:tearDownClass): 404 GET http://10.180.1.21/compute/v2.1/servers/e8cc6876-dceb-490a-81e4-f55355b23717 0.472s
2025-12-15 13:51:19.542 65819 INFO tempest.lib.common.rest_client [req-45226648-d66e-4b08-b0c9-6a482a4514f3 req-45226648-d66e-4b08-b0c9-6a482a4514f3 ] Request (ServerAddressesTestJSON:test_list_server_addresses): 200 GET http://10.180.1.21/compute/v2.1/servers/762d1978-7b4d-430a-8195-512a9dc2f9ef/ips 0.492s
2025-12-15 13:51:20.002 65829 INFO tempest.lib.common.rest_client [req-c30514e1-e420-452a-9736-a4ec6602a95e req-c30514e1-e420-452a-9736-a4ec6602a95e ] Request (AttachInterfacesUnderV243Test:tearDownClass): 200 PUT http://10.180.1.21/networking/v2.0/routers/87707e5a-72a5-42e6-adb5-845190d1f3cb/remove_router_interface 0.827s
2025-12-15 13:51:20.028 65787 INFO tempest.lib.common.rest_client [req-a6eaedea-777c-4a41-8238-586f799b6a9f req-a6eaedea-777c-4a41-8238-586f799b6a9f ] Request (ServersAdminNegativeTestJSON:tearDownClass): 200 GET http://10.180.1.21/compute/v2.1/servers/156500db-f82c-48a6-a37b-b1e195063df6 1.018s
2025-12-15 13:51:20.397 65827 INFO tempest.lib.common.rest_client [req-5cc7bf63-1cbf-48e3-b4fe-5c1d6dddd72b req-5cc7bf63-1cbf-48e3-b4fe-5c1d6dddd72b ] Request (ServersTestMultiNic:tearDownClass): 200 PUT http://10.180.1.21/networking/v2.0/routers/35525b25-3a76-4595-9dc1-eb2a20cd450e/remove_router_interface 0.912s
2025-12-15 13:51:20.429 65829 INFO tempest.lib.common.rest_client [req-0cf993b3-16fb-4f9e-bc0f-967791e5c57b req-0cf993b3-16fb-4f9e-bc0f-967791e5c57b ] Request (AttachInterfacesUnderV243Test:tearDownClass): 204 DELETE http://10.180.1.21/networking/v2.0/routers/87707e5a-72a5-42e6-adb5-845190d1f3cb 0.427s
2025-12-15 13:51:20.433 65817 INFO tempest.lib.common.rest_client [req-6d429ebf-0e34-4bf0-8859-7210b80e8a72 req-6d429ebf-0e34-4bf0-8859-7210b80e8a72 ] Request (ServersAdminTestJSON:test_create_server_with_scheduling_hint): 200 GET http://10.180.1.21/compute/v2.1/servers/1f6c213b-2235-4e0e-b19f-3b44c55fdf9f 1.324s
2025-12-15 13:51:20.658 65829 INFO tempest.lib.common.rest_client [req-f848c2ff-201e-433f-b4aa-694043962411 req-f848c2ff-201e-433f-b4aa-694043962411 ] Request (AttachInterfacesUnderV243Test:tearDownClass): 204 DELETE http://10.180.1.21/networking/v2.0/subnets/8ca17473-8e08-455f-a924-37185be08195 0.228s
2025-12-15 13:51:20.685 65833 INFO tempest.lib.common.rest_client [req-5ab54463-80e2-4d8c-b9ad-dd39f125bf56 req-5ab54463-80e2-4d8c-b9ad-dd39f125bf56 ] Request (ServerActionsTestOtherB:setUpClass): 200 GET http://10.180.1.21/compute/v2.1/servers/65fd37ce-d54d-41f4-860e-37a9db87fe48 1.511s
2025-12-15 13:51:20.706 65791 INFO tempest.lib.common.rest_client [req-973a27f4-9d99-45ab-8876-2c50ba861b2b req-973a27f4-9d99-45ab-8876-2c50ba861b2b ] Request (MigrationsAdminTest:test_resize_server_revert_deleted_flavor): 200 GET http://10.180.1.21/compute/v2.1/servers/77a5f75c-17ae-40f1-8433-9ef622c2cd35 1.564s
2025-12-15 13:51:20.866 65811 WARNING tempest.lib.common.ssh [-] Failed to establish authenticated ssh connection to cirros@10.180.180.210 ([Errno None] Unable to connect to port 22 on 10.180.180.210). Number attempts: 1. Retry after 2 seconds.: paramiko.ssh_exception.NoValidConnectionsError: [Errno None] Unable to connect to port 22 on 10.180.180.210
2025-12-15 13:51:20.900 65827 INFO tempest.lib.common.rest_client [req-0ffed2fc-cb62-45e9-8076-c02585c9fe6b req-0ffed2fc-cb62-45e9-8076-c02585c9fe6b ] Request (ServersTestMultiNic:tearDownClass): 204 DELETE http://10.180.1.21/networking/v2.0/routers/35525b25-3a76-4595-9dc1-eb2a20cd450e 0.502s
2025-12-15 13:51:20.934 65783 INFO tempest.lib.common.rest_client [req-32e28336-f56b-4dbb-a9f3-9098e7d8eaa2 req-32e28336-f56b-4dbb-a9f3-9098e7d8eaa2 ] Request (ServerPasswordTestJSON:setUpClass): 200 GET http://10.180.1.21/compute/v2.1/servers/c423524c-773b-4a11-87d0-47fe210b0ee3 1.657s
2025-12-15 13:51:20.955 65831 INFO tempest.lib.common.rest_client [req-2513e2af-6e80-44b0-8697-f199329e0e52 req-2513e2af-6e80-44b0-8697-f199329e0e52 ] Request (ServerGroupTestJSON:test_create_delete_multiple_server_groups_with_same_name_policy): 200 GET http://10.180.1.21/compute/v2.1/os-server-groups 1.592s
2025-12-15 13:51:21.014 65829 INFO tempest.lib.common.rest_client [req-d82d826d-42c0-4fe3-a8d0-86b2b7c86dd3 req-d82d826d-42c0-4fe3-a8d0-86b2b7c86dd3 ] Request (AttachInterfacesUnderV243Test:tearDownClass): 204 DELETE http://10.180.1.21/networking/v2.0/networks/8e5eae11-b6a0-4d4f-a86f-4cf5e73044ff 0.355s
2025-12-15 13:51:21.146 65829 INFO tempest.lib.common.rest_client [req-0c8e147e-1f73-4e1a-8c23-5e3dc5a99cb5 req-0c8e147e-1f73-4e1a-8c23-5e3dc5a99cb5 ] Request (AttachInterfacesUnderV243Test:tearDownClass): 204 DELETE http://10.180.1.21/identity/v3/users/6394f7d15c464634a4b66172716680b0 0.132s
2025-12-15 13:51:21.146 65829 INFO tempest.lib.common.dynamic_creds [-] Deleting project and security group for project: a5c009bc4cb445c8929966f7e6546cba
2025-12-15 13:51:21.188 65837 INFO tempest.lib.common.rest_client [req-d1e9b25b-4fa9-4203-90d1-2fdc5104a1c3 req-d1e9b25b-4fa9-4203-90d1-2fdc5104a1c3 ] Request (AttachInterfacesTestJSON:test_create_list_show_delete_interfaces_by_network_port): 200 GET http://10.180.1.21/compute/v2.1/servers/7f19a5ef-8075-4d6a-9a38-f5ca93046bc3 1.888s
2025-12-15 13:51:21.195 65827 INFO tempest.lib.common.rest_client [req-6298d983-7ae5-40ce-ad29-59fbcedbf796 req-6298d983-7ae5-40ce-ad29-59fbcedbf796 ] Request (ServersTestMultiNic:tearDownClass): 204 DELETE http://10.180.1.21/networking/v2.0/subnets/e153944b-433d-4dcb-b4fc-070ee1fb94a2 0.294s
2025-12-15 13:51:21.234 65829 INFO tempest.lib.common.rest_client [req-ff2156d1-db85-4db4-8253-e8d725cb59ca req-ff2156d1-db85-4db4-8253-e8d725cb59ca ] Request (AttachInterfacesUnderV243Test:tearDownClass): 200 GET http://10.180.1.21/networking/v2.0/security-groups?tenant_id=a5c009bc4cb445c8929966f7e6546cba&name=default 0.087s
2025-12-15 13:51:21.243 65819 INFO tempest.lib.common.rest_client [req-4de0ff67-1e23-4a23-a42b-4f53c2c8cf3a req-4de0ff67-1e23-4a23-a42b-4f53c2c8cf3a ] Request (ServerAddressesTestJSON:test_list_server_addresses_by_network): 200 GET http://10.180.1.21/compute/v2.1/servers/762d1978-7b4d-430a-8195-512a9dc2f9ef/ips 1.697s
2025-12-15 13:51:21.251 65843 INFO tempest.lib.common.rest_client [req-33f48fbb-be2c-4829-ab3d-3a2527319cc0 req-33f48fbb-be2c-4829-ab3d-3a2527319cc0 ] Request (ServersTestManualDisk:tearDownClass): 200 GET http://10.180.1.21/compute/v2.1/servers/41908755-4af2-474f-b842-04300f9365ce 1.802s
2025-12-15 13:51:21.389 65829 INFO tempest.lib.common.rest_client [req-781dace4-392f-4ac9-8f81-389a0ee5b77b req-781dace4-392f-4ac9-8f81-389a0ee5b77b ] Request (AttachInterfacesUnderV243Test:tearDownClass): 204 DELETE http://10.180.1.21/networking/v2.0/security-groups/b9279653-ad61-4da1-805d-ce4f928a4399 0.155s
2025-12-15 13:51:21.418 65807 INFO tempest.lib.common.rest_client [req-a7c59144-64d9-47f7-8a15-7eea09afbc15 req-a7c59144-64d9-47f7-8a15-7eea09afbc15 ] Request (ServerActionsTestJSON:setUpClass): 200 GET http://10.180.1.21/compute/v2.1/servers/fd36a39c-39b0-4af3-9546-4786ef34d029 1.561s
2025-12-15 13:51:21.426 65807 INFO tempest.common.waiters [-] State transition "BUILD/scheduling" ==> "BUILD/None" after 3 second wait
2025-12-15 13:51:21.480 65815 INFO tempest.lib.common.rest_client [req-96f5b975-005c-420b-a559-faa3b8e712a8 req-96f5b975-005c-420b-a559-faa3b8e712a8 ] Request (ImagesOneServerTestJSON:tearDownClass): 200 GET http://10.180.1.21/compute/v2.1/servers/82d97132-715f-493a-baa9-ef9cbbdece9b 1.557s
2025-12-15 13:51:21.568 65829 INFO tempest.lib.common.rest_client [req-c29edc9b-e439-4a17-ae8b-dae654385a18 req-c29edc9b-e439-4a17-ae8b-dae654385a18 ] Request (AttachInterfacesUnderV243Test:tearDownClass): 204 DELETE http://10.180.1.21/identity/v3/projects/a5c009bc4cb445c8929966f7e6546cba 0.178s
2025-12-15 13:51:21.581 65797 INFO tempest.lib.common.rest_client [req-cc138e6e-80eb-4307-9d13-26f3bf71b822 req-cc138e6e-80eb-4307-9d13-26f3bf71b822 ] Request (ListImageFiltersTestJSON:tearDownClass): 200 GET http://10.180.1.21/compute/v2.1/servers/aa49b8de-62ba-49d6-ac03-d1b0c23babf5 1.641s
2025-12-15 13:51:21.582 65827 INFO tempest.lib.common.rest_client [req-ed9d5a85-a883-4695-97c4-092b62ad4780 req-ed9d5a85-a883-4695-97c4-092b62ad4780 ] Request (ServersTestMultiNic:tearDownClass): 204 DELETE http://10.180.1.21/networking/v2.0/networks/64a822ff-bffd-4015-80cc-815f268f2c57 0.386s
2025-12-15 13:51:21.617 65801 INFO tempest.lib.common.rest_client [req-a101756b-2aa6-45fd-a1e3-677954546714 req-a101756b-2aa6-45fd-a1e3-677954546714 ] Request (ServerMetadataTestJSON:setUpClass): 200 GET http://10.180.1.21/compute/v2.1/servers/dd2f5347-97eb-42e3-85a3-9caaf92a4b40 1.504s
2025-12-15 13:51:21.663 65829 INFO tempest.lib.common.rest_client [req-44a0841c-c3af-4dd3-98dc-acaed2a09a35 req-44a0841c-c3af-4dd3-98dc-acaed2a09a35 ] Request (ServersTestBootFromVolume:setUpClass): 201 POST http://10.180.1.21/identity/v3/auth/tokens 0.092s
2025-12-15 13:51:21.700 65829 INFO tempest.lib.common.rest_client [req-e06a6dc8-571e-413e-be3e-0b54de2b4d58 req-e06a6dc8-571e-413e-be3e-0b54de2b4d58 ] Request (ServersTestBootFromVolume:setUpClass): 201 POST http://10.180.1.21/identity/v3/auth/tokens 0.031s
2025-12-15 13:51:21.726 65827 INFO tempest.lib.common.rest_client [req-f2446db2-5c8a-4c5f-bab7-6a3fdc6ba727 req-f2446db2-5c8a-4c5f-bab7-6a3fdc6ba727 ] Request (ServersTestMultiNic:tearDownClass): 204 DELETE http://10.180.1.21/identity/v3/users/cd5b1b35a2e447448c7a7153df21d101 0.143s
2025-12-15 13:51:21.726 65827 INFO tempest.lib.common.dynamic_creds [-] Deleting project and security group for project: 567200c2ce1a4984b7a84831f34f8bf6
2025-12-15 13:51:21.739 65805 INFO tempest.lib.common.rest_client [req-f3b3c30a-cb06-4354-b5ad-2f94d29c43b6 req-f3b3c30a-cb06-4354-b5ad-2f94d29c43b6 ] Request (ServerDiskConfigTestJSON:test_rebuild_server_with_manual_disk_config): 200 GET http://10.180.1.21/compute/v2.1/servers/bf25e1e3-b6ae-4c53-b202-1f2f65619178 1.579s
2025-12-15 13:51:21.749 65805 INFO tempest.common.waiters [-] State transition "BUILD/scheduling" ==> "BUILD/None" after 2 second wait
2025-12-15 13:51:21.759 65829 INFO tempest.lib.common.rest_client [req-4dd17471-d92f-4dfb-912e-ed1044e45ca9 req-4dd17471-d92f-4dfb-912e-ed1044e45ca9 ] Request (ServersTestBootFromVolume:setUpClass): 200 GET http://10.180.1.21/identity/v3/domains?name=Default 0.059s
2025-12-15 13:51:21.787 65825 INFO tempest.lib.common.rest_client [req-db0e1170-076f-41e7-a4a8-7b570c228124 req-db0e1170-076f-41e7-a4a8-7b570c228124 ] Request (ImagesTestJSON:test_create_image_from_suspended_server): 200 GET http://10.180.1.21/compute/v2.1/images/ec2dca6c-865d-4163-bff0-56e2638b608e 1.572s
2025-12-15 13:51:21.833 65829 INFO tempest.lib.common.rest_client [req-8cc6e667-53ca-480e-b69f-67d9f151b504 req-8cc6e667-53ca-480e-b69f-67d9f151b504 ] Request (ServersTestBootFromVolume:setUpClass): 201 POST http://10.180.1.21/identity/v3/projects 0.073s
2025-12-15 13:51:21.908 65829 INFO tempest.lib.common.rest_client [req-49d97812-b58d-4209-802a-e8b8479f3f3e req-49d97812-b58d-4209-802a-e8b8479f3f3e ] Request (ServersTestBootFromVolume:setUpClass): 201 POST http://10.180.1.21/identity/v3/users 0.075s
2025-12-15 13:51:21.937 65829 INFO tempest.lib.common.rest_client [req-b8187892-2cab-4925-aa66-39e5aeacbb78 req-b8187892-2cab-4925-aa66-39e5aeacbb78 ] Request (ServersTestBootFromVolume:setUpClass): 200 GET http://10.180.1.21/identity/v3/roles 0.027s
2025-12-15 13:51:21.972 65829 INFO tempest.lib.common.rest_client [req-8b4f894d-cae4-435f-a40d-7eea9e8998c4 req-8b4f894d-cae4-435f-a40d-7eea9e8998c4 ] Request (ServersTestBootFromVolume:setUpClass): 204 PUT http://10.180.1.21/identity/v3/projects/09342cce7ff14a97a862c492052ff3d4/users/b7e009c7135f44cbb96ce791df84fad2/roles/a98ecd7b49884e209ece9f19751ee7ae 0.035s
2025-12-15 13:51:21.972 65829 INFO tempest.lib.common.dynamic_creds [-] Dynamic test user b7e009c7135f44cbb96ce791df84fad2 is created with scope project and roles: ['member']
2025-12-15 13:51:21.973 65829 INFO tempest.lib.common.dynamic_creds [-] Acquired dynamic creds: credentials: Credentials: {'domain_id': 'default', 'domain_name': 'Default', 'username': 'tempest-ServersTestBootFromVolume-1648845150-project-member', 'project_domain_id': 'default', 'project_domain_name': 'Default', 'project_id': '09342cce7ff14a97a862c492052ff3d4', 'project_name': 'tempest-ServersTestBootFromVolume-1648845150', 'tenant_id': '09342cce7ff14a97a862c492052ff3d4', 'tenant_name': 'tempest-ServersTestBootFromVolume-1648845150', 'user_domain_id': 'default', 'user_domain_name': 'Default', 'user_id': 'b7e009c7135f44cbb96ce791df84fad2', 'system': None}, Network: None, Subnet: None, Router: None
2025-12-15 13:51:22.076 65829 INFO tempest.lib.common.rest_client [req-221132bf-6dfe-4c5f-a741-5639149510c1 req-221132bf-6dfe-4c5f-a741-5639149510c1 ] Request (ServersTestBootFromVolume:setUpClass): 201 POST http://10.180.1.21/identity/v3/auth/tokens 0.103s
2025-12-15 13:51:22.126 65827 INFO tempest.lib.common.rest_client [req-433253f9-3310-4bcb-9642-a22926e6cdf2 req-433253f9-3310-4bcb-9642-a22926e6cdf2 ] Request (ServersTestMultiNic:tearDownClass): 200 GET http://10.180.1.21/networking/v2.0/security-groups?tenant_id=567200c2ce1a4984b7a84831f34f8bf6&name=default 0.400s
2025-12-15 13:51:22.158 65841 INFO tempest.lib.common.rest_client [req-e031a891-ebc4-41e2-aac4-0b6d1abd8f5f req-e031a891-ebc4-41e2-aac4-0b6d1abd8f5f ] Request (AttachVolumeNegativeTest:test_attach_attached_volume_to_different_server): 200 GET http://10.180.1.21/compute/v2.1/servers/6e9aaa7a-13af-46ef-85f5-fc9057f86dd9 2.017s
2025-12-15 13:51:22.174 65785 INFO tempest.lib.common.rest_client [req-7180e978-63ff-42a1-b197-e657da8e8d4c req-7180e978-63ff-42a1-b197-e657da8e8d4c ] Request (ListServerFiltersTestJSON:tearDownClass): 200 GET http://10.180.1.21/compute/v2.1/servers/5c23260a-db0c-49ab-8b52-75109300fbda 1.943s
2025-12-15 13:51:22.182 65785 INFO tempest.common.waiters [-] State transition "ACTIVE/deleting" ==> "DELETED/None" after 5 second wait
2025-12-15 13:51:22.407 65829 INFO tempest.lib.common.rest_client [req-31bfb8a1-18a7-4dfa-a9d1-e29e494d2b9f req-31bfb8a1-18a7-4dfa-a9d1-e29e494d2b9f ] Request (ServersTestBootFromVolume:setUpClass): 201 POST http://10.180.1.21/networking/v2.0/networks 0.330s
2025-12-15 13:51:22.507 65827 INFO tempest.lib.common.rest_client [req-f25785ac-7517-4add-8fac-8dbfbf8070ff req-f25785ac-7517-4add-8fac-8dbfbf8070ff ] Request (ServersTestMultiNic:tearDownClass): 204 DELETE http://10.180.1.21/networking/v2.0/security-groups/424b630a-1669-4db1-a165-0c2cfa6c8053 0.380s
2025-12-15 13:51:22.550 65821 INFO tempest.lib.common.rest_client [req-e5c5d972-6531-4530-8819-6d1195c771ef req-e5c5d972-6531-4530-8819-6d1195c771ef ] Request (FloatingIPsAssociationTestJSON:tearDownClass): 200 GET http://10.180.1.21/compute/v2.1/servers/2f1160e4-94df-482c-b833-4d469eddefad 2.213s
2025-12-15 13:51:22.630 65827 INFO tempest.lib.common.rest_client [req-d75650b6-e18a-4932-8ad3-d475d9a24614 req-d75650b6-e18a-4932-8ad3-d475d9a24614 ] Request (ServersTestMultiNic:tearDownClass): 204 DELETE http://10.180.1.21/identity/v3/projects/567200c2ce1a4984b7a84831f34f8bf6 0.122s
2025-12-15 13:51:22.724 65827 INFO tempest.lib.common.rest_client [req-db154bae-d471-43bd-b68d-836de3907d7a req-db154bae-d471-43bd-b68d-836de3907d7a ] Request (ServerRescueTestJSON:setUpClass): 201 POST http://10.180.1.21/identity/v3/auth/tokens 0.093s
2025-12-15 13:51:22.762 65827 INFO tempest.lib.common.rest_client [req-ed3bc74f-a224-43fa-af97-46dba2bef188 req-ed3bc74f-a224-43fa-af97-46dba2bef188 ] Request (ServerRescueTestJSON:setUpClass): 201 POST http://10.180.1.21/identity/v3/auth/tokens 0.033s
2025-12-15 13:51:22.793 65827 INFO tempest.lib.common.rest_client [req-d785a7c6-4c94-4a07-bf24-c63498304ced req-d785a7c6-4c94-4a07-bf24-c63498304ced ] Request (ServerRescueTestJSON:setUpClass): 200 GET http://10.180.1.21/identity/v3/domains?name=Default 0.030s
2025-12-15 13:51:22.812 65829 INFO tempest.lib.common.rest_client [req-344e4914-3600-4038-b290-2b9403e60884 req-344e4914-3600-4038-b290-2b9403e60884 ] Request (ServersTestBootFromVolume:setUpClass): 201 POST http://10.180.1.21/networking/v2.0/subnets 0.404s
2025-12-15 13:51:22.824 65827 INFO tempest.lib.common.rest_client [req-f0d354e4-e3b5-441f-a8e6-2246cdc1b854 req-f0d354e4-e3b5-441f-a8e6-2246cdc1b854 ] Request (ServerRescueTestJSON:setUpClass): 201 POST http://10.180.1.21/identity/v3/projects 0.030s
2025-12-15 13:51:22.897 65835 INFO tempest.lib.common.rest_client [req-c3a23844-29d2-4809-81f3-eeae956d69af req-c3a23844-29d2-4809-81f3-eeae956d69af ] Request (ServersTestFqdnHostnames:tearDownClass): 200 GET http://10.180.1.21/compute/v2.1/servers/ecbce5aa-db62-4bfa-b4bb-2fb7d3ec1d10 2.433s
2025-12-15 13:51:22.901 65827 INFO tempest.lib.common.rest_client [req-0aafdb47-f7ea-45fa-a4e9-4322f020754b req-0aafdb47-f7ea-45fa-a4e9-4322f020754b ] Request (ServerRescueTestJSON:setUpClass): 201 POST http://10.180.1.21/identity/v3/users 0.076s
2025-12-15 13:51:22.924 65831 INFO tempest.lib.common.rest_client [req-0ff3b2dd-e076-439c-a00d-3686f32745d4 req-0ff3b2dd-e076-439c-a00d-3686f32745d4 ] Request (ServerGroupTestJSON:test_create_delete_multiple_server_groups_with_same_name_policy): 204 DELETE http://10.180.1.21/compute/v2.1/os-server-groups/fda11ded-02fe-4271-b4ef-e7e296570947 1.968s
2025-12-15 13:51:22.929 65827 INFO tempest.lib.common.rest_client [req-9387849f-bf77-4301-83f4-a32da3e7b39a req-9387849f-bf77-4301-83f4-a32da3e7b39a ] Request (ServerRescueTestJSON:setUpClass): 200 GET http://10.180.1.21/identity/v3/roles 0.027s
2025-12-15 13:51:22.933 65789 INFO tempest.lib.common.rest_client [req-924bdf72-95c3-4cc0-9f6d-74aebdfeb0b7 req-924bdf72-95c3-4cc0-9f6d-74aebdfeb0b7 ] Request (ServersV294TestFqdnHostnames:setUpClass): 200 GET http://10.180.1.21/compute/v2.1/servers/29b045ba-482c-49d2-af95-db0b6aed0480 2.595s
2025-12-15 13:51:22.947 65789 INFO tempest.common.waiters [-] State transition "BUILD/None" ==> "BUILD/block_device_mapping" after 24 second wait
2025-12-15 13:51:22.962 65827 INFO tempest.lib.common.rest_client [req-ace327f4-4b73-4791-81ac-c40a63659c77 req-ace327f4-4b73-4791-81ac-c40a63659c77 ] Request (ServerRescueTestJSON:setUpClass): 204 PUT http://10.180.1.21/identity/v3/projects/3b31b0aa4e3a4ce9bd9af423f2c9d22d/users/c0e8ee828b504049a385887e9163aca2/roles/a98ecd7b49884e209ece9f19751ee7ae 0.033s
2025-12-15 13:51:22.963 65827 INFO tempest.lib.common.dynamic_creds [-] Dynamic test user c0e8ee828b504049a385887e9163aca2 is created with scope project and roles: ['member']
2025-12-15 13:51:22.963 65827 INFO tempest.lib.common.dynamic_creds [-] Acquired dynamic creds: credentials: Credentials: {'domain_id': 'default', 'domain_name': 'Default', 'username': 'tempest-ServerRescueTestJSON-475002959-project-member', 'project_domain_id': 'default', 'project_domain_name': 'Default', 'project_id': '3b31b0aa4e3a4ce9bd9af423f2c9d22d', 'project_name': 'tempest-ServerRescueTestJSON-475002959', 'tenant_id': '3b31b0aa4e3a4ce9bd9af423f2c9d22d', 'tenant_name': 'tempest-ServerRescueTestJSON-475002959', 'user_domain_id': 'default', 'user_domain_name': 'Default', 'user_id': 'c0e8ee828b504049a385887e9163aca2', 'system': None}, Network: None, Subnet: None, Router: None
2025-12-15 13:51:22.965 65819 INFO tempest.lib.common.rest_client [req-b9b50f43-79fa-456c-be00-5369ae1e2780 req-b9b50f43-79fa-456c-be00-5369ae1e2780 ] Request (ServerAddressesTestJSON:test_list_server_addresses_by_network): 200 GET http://10.180.1.21/compute/v2.1/servers/762d1978-7b4d-430a-8195-512a9dc2f9ef/ips/tempest-ServerAddressesTestJSON-1320061548-network 1.720s
2025-12-15 13:51:23.041 65827 INFO tempest.lib.common.rest_client [req-9a3d62b2-38bf-4582-b057-066bc85e4547 req-9a3d62b2-38bf-4582-b057-066bc85e4547 ] Request (ServerRescueTestJSON:setUpClass): 201 POST http://10.180.1.21/identity/v3/auth/tokens 0.078s
2025-12-15 13:51:23.500 65811 WARNING tempest.lib.common.ssh [-] Failed to establish authenticated ssh connection to cirros@10.180.180.210 ([Errno None] Unable to connect to port 22 on 10.180.180.210). Number attempts: 2. Retry after 3 seconds.: paramiko.ssh_exception.NoValidConnectionsError: [Errno None] Unable to connect to port 22 on 10.180.180.210
2025-12-15 13:51:23.724 65829 INFO tempest.lib.common.rest_client [req-843b8afa-05d6-41df-8319-38fa6a8b54f0 req-843b8afa-05d6-41df-8319-38fa6a8b54f0 ] Request (ServersTestBootFromVolume:setUpClass): 201 POST http://10.180.1.21/networking/v2.0/routers 0.911s
2025-12-15 13:51:23.789 65787 INFO tempest.lib.common.rest_client [req-adde261f-af2c-43f0-a328-b4ee56e59bbf req-adde261f-af2c-43f0-a328-b4ee56e59bbf ] Request (ServersAdminNegativeTestJSON:tearDownClass): 200 GET http://10.180.1.21/compute/v2.1/servers/156500db-f82c-48a6-a37b-b1e195063df6 2.752s
2025-12-15 13:51:24.082 65827 INFO tempest.lib.common.rest_client [req-3ece440a-7cac-4df4-92ca-f6e9118b0c7a req-3ece440a-7cac-4df4-92ca-f6e9118b0c7a ] Request (ServerRescueTestJSON:setUpClass): 201 POST http://10.180.1.21/networking/v2.0/networks 1.040s
2025-12-15 13:51:24.127 65833 INFO tempest.lib.common.rest_client [req-a865e3a0-da6a-4a56-bfed-dab13f798d02 req-a865e3a0-da6a-4a56-bfed-dab13f798d02 ] Request (ServerActionsTestOtherB:setUpClass): 200 GET http://10.180.1.21/compute/v2.1/servers/65fd37ce-d54d-41f4-860e-37a9db87fe48 2.433s
2025-12-15 13:51:24.159 65817 INFO tempest.lib.common.rest_client [req-0c498a41-58ff-423a-b63f-aa0476cd8728 req-0c498a41-58ff-423a-b63f-aa0476cd8728 ] Request (ServersAdminTestJSON:test_create_server_with_scheduling_hint): 200 GET http://10.180.1.21/compute/v2.1/servers/1f6c213b-2235-4e0e-b19f-3b44c55fdf9f 2.714s
2025-12-15 13:51:24.320 65827 INFO tempest.lib.common.rest_client [req-4a8c6697-3fb7-440d-a72e-0520ae564988 req-4a8c6697-3fb7-440d-a72e-0520ae564988 ] Request (ServerRescueTestJSON:setUpClass): 201 POST http://10.180.1.21/networking/v2.0/subnets 0.238s
2025-12-15 13:51:24.428 65783 INFO tempest.lib.common.rest_client [req-bd293c0f-6375-49c9-9b03-51a26c25cafe req-bd293c0f-6375-49c9-9b03-51a26c25cafe ] Request (ServerPasswordTestJSON:setUpClass): 200 GET http://10.180.1.21/compute/v2.1/servers/c423524c-773b-4a11-87d0-47fe210b0ee3 2.480s
2025-12-15 13:51:24.783 65829 INFO tempest.lib.common.rest_client [req-57a6a8e2-ebe0-40fc-a94d-e07f201e5b74 req-57a6a8e2-ebe0-40fc-a94d-e07f201e5b74 ] Request (ServersTestBootFromVolume:setUpClass): 200 PUT http://10.180.1.21/networking/v2.0/routers/945008c0-ffa4-4ff4-8f13-5ea4999d53ba/add_router_interface 1.058s
2025-12-15 13:51:24.783 65829 INFO tempest.lib.common.dynamic_creds [-] Created isolated network resources for: credentials: Credentials: {'domain_id': 'default', 'domain_name': 'Default', 'username': 'tempest-ServersTestBootFromVolume-1648845150-project-member', 'project_domain_id': 'default', 'project_domain_name': 'Default', 'project_id': '09342cce7ff14a97a862c492052ff3d4', 'project_name': 'tempest-ServersTestBootFromVolume-1648845150', 'tenant_id': '09342cce7ff14a97a862c492052ff3d4', 'tenant_name': 'tempest-ServersTestBootFromVolume-1648845150', 'user_domain_id': 'default', 'user_domain_name': 'Default', 'user_id': 'b7e009c7135f44cbb96ce791df84fad2', 'system': None}, Network: {'id': '5eacf36d-80e9-49c4-94d5-bd04e60e5f15', 'name': 'tempest-ServersTestBootFromVolume-1127443713-network', 'tenant_id': '09342cce7ff14a97a862c492052ff3d4', 'project_id': '09342cce7ff14a97a862c492052ff3d4', 'admin_state_up': True, 'mtu': 8950, 'status': 'ACTIVE', 'subnets': [], 'shared': False, 'port_security_enabled': True, 'router:external': False, 'provider:network_type': 'vlan', 'provider:physical_network': 'default', 'provider:segmentation_id': 571, 'availability_zone_hints': [], 'availability_zones': [], 'ipv4_address_scope': None, 'ipv6_address_scope': None, 'description': '', 'tags': [], 'created_at': '2025-12-15T13:51:22Z', 'updated_at': '2025-12-15T13:51:22Z', 'revision_number': 1}, Subnet: {'id': 'a9e23411-5fc8-410a-8bab-a6d6f575d19f', 'name': 'tempest-ServersTestBootFromVolume-1127443713-subnet', 'tenant_id': '09342cce7ff14a97a862c492052ff3d4', 'network_id': '5eacf36d-80e9-49c4-94d5-bd04e60e5f15', 'ip_version': 4, 'subnetpool_id': None, 'enable_dhcp': True, 'ipv6_ra_mode': None, 'ipv6_address_mode': None, 'gateway_ip': '192.168.128.1', 'cidr': '192.168.128.0/28', 'allocation_pools': [{'start': '192.168.128.2', 'end': '192.168.128.14'}], 'host_routes': [], 'dns_nameservers': [], 'description': '', 'router:external': False, 'service_types': [], 'tags': [], 'created_at': '2025-12-15T13:51:22Z', 'updated_at': '2025-12-15T13:51:22Z', 'revision_number': 0, 'project_id': '09342cce7ff14a97a862c492052ff3d4'}, Router: {'id': '945008c0-ffa4-4ff4-8f13-5ea4999d53ba', 'name': 'tempest-ServersTestBootFromVolume-1127443713-router', 'tenant_id': '09342cce7ff14a97a862c492052ff3d4', 'admin_state_up': True, 'status': 'ACTIVE', 'external_gateway_info': {'network_id': 'a3897f41-cb78-4466-8205-e036c210f720', 'external_fixed_ips': [{'subnet_id': 'f4e8eb43-1fbb-4a76-808a-a6d04842500d', 'ip_address': '10.180.180.233'}], 'enable_snat': True}, 'description': '', 'availability_zones': [], 'distributed': False, 'ha': False, 'availability_zone_hints': [], 'routes': [], 'flavor_id': None, 'tags': [], 'created_at': '2025-12-15T13:51:22Z', 'updated_at': '2025-12-15T13:51:23Z', 'revision_number': 2, 'project_id': '09342cce7ff14a97a862c492052ff3d4'}
2025-12-15 13:51:24.855 65791 INFO tempest.lib.common.rest_client [req-2155d9d2-54e8-4fb6-9820-236764081fea req-2155d9d2-54e8-4fb6-9820-236764081fea ] Request (MigrationsAdminTest:test_resize_server_revert_deleted_flavor): 200 GET http://10.180.1.21/compute/v2.1/servers/77a5f75c-17ae-40f1-8433-9ef622c2cd35 3.139s
2025-12-15 13:51:24.894 65829 INFO tempest.lib.common.rest_client [req-b0ec2cfe-06f9-4b15-bbab-a0c1c3479bb7 req-b0ec2cfe-06f9-4b15-bbab-a0c1c3479bb7 ] Request (ServersTestBootFromVolume:setUpClass): 201 POST http://10.180.1.21/identity/v3/auth/tokens 0.105s
2025-12-15 13:51:25.012 65837 INFO tempest.lib.common.rest_client [req-7dc5b765-5af1-4e57-9c5c-3d54285d5148 req-7dc5b765-5af1-4e57-9c5c-3d54285d5148 ] Request (AttachInterfacesTestJSON:test_create_list_show_delete_interfaces_by_network_port): 200 GET http://10.180.1.21/compute/v2.1/servers/7f19a5ef-8075-4d6a-9a38-f5ca93046bc3 2.814s
2025-12-15 13:51:25.021 65837 INFO tempest.common.waiters [-] State transition "BUILD/spawning" ==> "ACTIVE/None" after 30 second wait
2025-12-15 13:51:25.025 65843 INFO tempest.lib.common.rest_client [req-383c0c45-f4ad-4fa9-813a-f4188a1725d1 req-383c0c45-f4ad-4fa9-813a-f4188a1725d1 ] Request (ServersTestManualDisk:tearDownClass): 200 GET http://10.180.1.21/compute/v2.1/servers/41908755-4af2-474f-b842-04300f9365ce 2.754s
2025-12-15 13:51:25.035 65843 INFO tempest.common.waiters [-] State transition "ACTIVE/deleting" ==> "DELETED/None" after 4 second wait
2025-12-15 13:51:25.117 65807 INFO tempest.lib.common.rest_client [req-89fe7fc7-2085-45a8-b80f-4368632bb131 req-89fe7fc7-2085-45a8-b80f-4368632bb131 ] Request (ServerActionsTestJSON:setUpClass): 200 GET http://10.180.1.21/compute/v2.1/servers/fd36a39c-39b0-4af3-9546-4786ef34d029 2.689s
2025-12-15 13:51:25.134 65815 INFO tempest.lib.common.rest_client [req-7d669409-be32-42a5-b32c-3db8a0cf92bf req-7d669409-be32-42a5-b32c-3db8a0cf92bf ] Request (ImagesOneServerTestJSON:tearDownClass): 200 GET http://10.180.1.21/compute/v2.1/servers/82d97132-715f-493a-baa9-ef9cbbdece9b 2.643s
2025-12-15 13:51:25.174 65827 INFO tempest.lib.common.rest_client [req-d635650b-ea44-45b8-91ed-d9ad8bbf1fae req-d635650b-ea44-45b8-91ed-d9ad8bbf1fae ] Request (ServerRescueTestJSON:setUpClass): 201 POST http://10.180.1.21/networking/v2.0/routers 0.853s
2025-12-15 13:51:25.225 65797 INFO tempest.lib.common.rest_client [req-a9dc464f-0573-41c4-bc1e-3472d1ff18f7 req-a9dc464f-0573-41c4-bc1e-3472d1ff18f7 ] Request (ListImageFiltersTestJSON:tearDownClass): 200 GET http://10.180.1.21/compute/v2.1/servers/aa49b8de-62ba-49d6-ac03-d1b0c23babf5 2.631s
2025-12-15 13:51:25.241 65801 INFO tempest.lib.common.rest_client [req-a5c6ffbb-2c4e-4faf-8913-30ce8442ab1c req-a5c6ffbb-2c4e-4faf-8913-30ce8442ab1c ] Request (ServerMetadataTestJSON:setUpClass): 200 GET http://10.180.1.21/compute/v2.1/servers/dd2f5347-97eb-42e3-85a3-9caaf92a4b40 2.612s
2025-12-15 13:51:25.294 65825 INFO tempest.lib.common.rest_client [req-bcdfeb58-a296-49a2-a5db-3eadda62bf30 req-bcdfeb58-a296-49a2-a5db-3eadda62bf30 ] Request (ImagesTestJSON:test_create_image_from_suspended_server): 200 GET http://10.180.1.21/compute/v2.1/images/ec2dca6c-865d-4163-bff0-56e2638b608e 2.504s
2025-12-15 13:51:25.320 65831 INFO tempest.lib.common.rest_client [req-f5b0e725-91da-4a35-9673-6c11ed990788 req-f5b0e725-91da-4a35-9673-6c11ed990788 ] Request (ServerGroupTestJSON:test_create_delete_multiple_server_groups_with_same_name_policy): 200 GET http://10.180.1.21/compute/v2.1/os-server-groups 2.395s
2025-12-15 13:51:25.321 65805 INFO tempest.lib.common.rest_client [req-f1bd34dd-9cd3-4853-b198-87d6a8cdc60e req-f1bd34dd-9cd3-4853-b198-87d6a8cdc60e ] Request (ServerDiskConfigTestJSON:test_rebuild_server_with_manual_disk_config): 200 GET http://10.180.1.21/compute/v2.1/servers/bf25e1e3-b6ae-4c53-b202-1f2f65619178 2.570s
2025-12-15 13:51:25.411 65819 INFO tempest.lib.common.rest_client [req-1746f6a2-af29-4e0b-bdae-8a8656406b3a req-1746f6a2-af29-4e0b-bdae-8a8656406b3a ] Request (ServerAddressesTestJSON:tearDownClass): 204 DELETE http://10.180.1.21/compute/v2.1/servers/762d1978-7b4d-430a-8195-512a9dc2f9ef 2.436s
2025-12-15 13:51:25.435 65841 INFO tempest.lib.common.rest_client [req-4bc0344a-4493-4cb6-9c80-fb81366a5ac9 req-4bc0344a-4493-4cb6-9c80-fb81366a5ac9 ] Request (AttachVolumeNegativeTest:test_attach_attached_volume_to_different_server): 200 GET http://10.180.1.21/compute/v2.1/servers/6e9aaa7a-13af-46ef-85f5-fc9057f86dd9 2.269s
2025-12-15 13:51:25.455 65821 INFO tempest.lib.common.rest_client [req-95b17740-0025-493b-9415-af1cf7a467d0 req-95b17740-0025-493b-9415-af1cf7a467d0 ] Request (FloatingIPsAssociationTestJSON:tearDownClass): 404 GET http://10.180.1.21/compute/v2.1/servers/2f1160e4-94df-482c-b833-4d469eddefad 1.891s
2025-12-15 13:51:26.145 65827 INFO tempest.lib.common.rest_client [req-94619f18-9aec-49a5-80a6-ee556ce08ff1 req-94619f18-9aec-49a5-80a6-ee556ce08ff1 ] Request (ServerRescueTestJSON:setUpClass): 200 PUT http://10.180.1.21/networking/v2.0/routers/1b6f3c27-7265-4c5e-912b-97fecd11363e/add_router_interface 0.970s
2025-12-15 13:51:26.145 65827 INFO tempest.lib.common.dynamic_creds [-] Created isolated network resources for: credentials: Credentials: {'domain_id': 'default', 'domain_name': 'Default', 'username': 'tempest-ServerRescueTestJSON-475002959-project-member', 'project_domain_id': 'default', 'project_domain_name': 'Default', 'project_id': '3b31b0aa4e3a4ce9bd9af423f2c9d22d', 'project_name': 'tempest-ServerRescueTestJSON-475002959', 'tenant_id': '3b31b0aa4e3a4ce9bd9af423f2c9d22d', 'tenant_name': 'tempest-ServerRescueTestJSON-475002959', 'user_domain_id': 'default', 'user_domain_name': 'Default', 'user_id': 'c0e8ee828b504049a385887e9163aca2', 'system': None}, Network: {'id': '45bb32c2-3f49-4e96-ab62-6b76febfc2cd', 'name': 'tempest-ServerRescueTestJSON-1009552187-network', 'tenant_id': '3b31b0aa4e3a4ce9bd9af423f2c9d22d', 'project_id': '3b31b0aa4e3a4ce9bd9af423f2c9d22d', 'admin_state_up': True, 'mtu': 8950, 'status': 'ACTIVE', 'subnets': [], 'shared': False, 'port_security_enabled': True, 'router:external': False, 'provider:network_type': 'vlan', 'provider:physical_network': 'default', 'provider:segmentation_id': 68, 'availability_zone_hints': [], 'availability_zones': [], 'ipv4_address_scope': None, 'ipv6_address_scope': None, 'description': '', 'tags': [], 'created_at': '2025-12-15T13:51:23Z', 'updated_at': '2025-12-15T13:51:24Z', 'revision_number': 1}, Subnet: {'id': '2728a003-e057-493b-aa39-f0458ec661b7', 'name': 'tempest-ServerRescueTestJSON-1009552187-subnet', 'tenant_id': '3b31b0aa4e3a4ce9bd9af423f2c9d22d', 'network_id': '45bb32c2-3f49-4e96-ab62-6b76febfc2cd', 'ip_version': 4, 'subnetpool_id': None, 'enable_dhcp': False, 'ipv6_ra_mode': None, 'ipv6_address_mode': None, 'gateway_ip': '192.168.128.1', 'cidr': '192.168.128.0/28', 'allocation_pools': [{'start': '192.168.128.2', 'end': '192.168.128.14'}], 'host_routes': [], 'dns_nameservers': [], 'description': '', 'router:external': False, 'service_types': [], 'tags': [], 'created_at': '2025-12-15T13:51:24Z', 'updated_at': '2025-12-15T13:51:24Z', 'revision_number': 0, 'project_id': '3b31b0aa4e3a4ce9bd9af423f2c9d22d'}, Router: {'id': '1b6f3c27-7265-4c5e-912b-97fecd11363e', 'name': 'tempest-ServerRescueTestJSON-1009552187-router', 'tenant_id': '3b31b0aa4e3a4ce9bd9af423f2c9d22d', 'admin_state_up': True, 'status': 'ACTIVE', 'external_gateway_info': {'network_id': 'a3897f41-cb78-4466-8205-e036c210f720', 'external_fixed_ips': [{'subnet_id': 'f4e8eb43-1fbb-4a76-808a-a6d04842500d', 'ip_address': '10.180.180.214'}], 'enable_snat': True}, 'description': '', 'availability_zones': [], 'distributed': False, 'ha': False, 'availability_zone_hints': [], 'routes': [], 'flavor_id': None, 'tags': [], 'created_at': '2025-12-15T13:51:24Z', 'updated_at': '2025-12-15T13:51:24Z', 'revision_number': 2, 'project_id': '3b31b0aa4e3a4ce9bd9af423f2c9d22d'}
2025-12-15 13:51:26.183 65785 INFO tempest.lib.common.rest_client [req-dcc2b351-4bb6-41ec-ad1e-37cbb0002570 req-dcc2b351-4bb6-41ec-ad1e-37cbb0002570 ] Request (ListServerFiltersTestJSON:tearDownClass): 200 GET http://10.180.1.21/compute/v2.1/servers/5c23260a-db0c-49ab-8b52-75109300fbda 2.999s
2025-12-15 13:51:26.208 65835 INFO tempest.lib.common.rest_client [req-26a542d7-0d4c-4548-ab48-bec193538614 req-26a542d7-0d4c-4548-ab48-bec193538614 ] Request (ServersTestFqdnHostnames:tearDownClass): 200 GET http://10.180.1.21/compute/v2.1/servers/ecbce5aa-db62-4bfa-b4bb-2fb7d3ec1d10 2.302s
2025-12-15 13:51:26.244 65787 INFO tempest.lib.common.rest_client [req-4d41a964-52bc-46d4-b1ef-871842166e4e req-4d41a964-52bc-46d4-b1ef-871842166e4e ] Request (ServersAdminNegativeTestJSON:tearDownClass): 404 GET http://10.180.1.21/compute/v2.1/servers/156500db-f82c-48a6-a37b-b1e195063df6 1.445s
2025-12-15 13:51:26.288 65827 INFO tempest.lib.common.rest_client [req-60f4a433-0b66-4422-9796-34db90576d62 req-60f4a433-0b66-4422-9796-34db90576d62 ] Request (ServerRescueTestJSON:setUpClass): 201 POST http://10.180.1.21/identity/v3/auth/tokens 0.138s
2025-12-15 13:51:26.395 65821 INFO tempest.lib.common.rest_client [req-2f257184-9e46-4bfe-8112-2153e4bf4b10 req-2f257184-9e46-4bfe-8112-2153e4bf4b10 ] Request (FloatingIPsAssociationTestJSON:tearDownClass): 200 PUT http://10.180.1.21/networking/v2.0/routers/8bf6fcc5-ba9c-4fa8-b681-ffc2c70207b8/remove_router_interface 0.939s
2025-12-15 13:51:26.399 65787 INFO tempest.lib.common.rest_client [req-55900c5a-564e-41ce-ba7f-dc0bdeed4159 req-55900c5a-564e-41ce-ba7f-dc0bdeed4159 ] Request (ServersAdminNegativeTestJSON:tearDownClass): 204 DELETE http://10.180.1.21/identity/v3/users/e3aaa1e8aca44df1825f3fe28d1a3d78 0.154s
2025-12-15 13:51:26.420 65793 WARNING tempest.lib.common.ssh [-] Failed to establish authenticated ssh connection to cirros@10.180.180.137 ([Errno None] Unable to connect to port 22 on 10.180.180.137). Number attempts: 7. Retry after 8 seconds.: paramiko.ssh_exception.NoValidConnectionsError: [Errno None] Unable to connect to port 22 on 10.180.180.137
2025-12-15 13:51:26.443 65789 INFO tempest.lib.common.rest_client [req-abdb1c10-567f-4581-9f88-0341e0a38adb req-abdb1c10-567f-4581-9f88-0341e0a38adb ] Request (ServersV294TestFqdnHostnames:setUpClass): 200 GET http://10.180.1.21/compute/v2.1/servers/29b045ba-482c-49d2-af95-db0b6aed0480 2.494s
2025-12-15 13:51:26.468 65789 INFO tempest.common.waiters [-] State transition "BUILD/block_device_mapping" ==> "BUILD/spawning" after 28 second wait
2025-12-15 13:51:26.482 65827 INFO tempest.lib.common.rest_client [req-8956cd60-23be-47b2-95cd-8026bf9d14f7 req-8956cd60-23be-47b2-95cd-8026bf9d14f7 ] Request (ServerRescueTestJSON:setUpClass): 201 POST http://10.180.1.21/identity/v3/auth/tokens 0.186s
2025-12-15 13:51:26.485 65827 INFO tempest.lib.common.fixed_network [-] (ServerRescueTestJSON:setUpClass) Found network {'id': '45bb32c2-3f49-4e96-ab62-6b76febfc2cd', 'name': 'tempest-ServerRescueTestJSON-1009552187-network', 'tenant_id': '3b31b0aa4e3a4ce9bd9af423f2c9d22d', 'project_id': '3b31b0aa4e3a4ce9bd9af423f2c9d22d', 'admin_state_up': True, 'mtu': 8950, 'status': 'ACTIVE', 'subnets': [], 'shared': False, 'port_security_enabled': True, 'router:external': False, 'provider:network_type': 'vlan', 'provider:physical_network': 'default', 'provider:segmentation_id': 68, 'availability_zone_hints': [], 'availability_zones': [], 'ipv4_address_scope': None, 'ipv6_address_scope': None, 'description': '', 'tags': [], 'created_at': '2025-12-15T13:51:23Z', 'updated_at': '2025-12-15T13:51:24Z', 'revision_number': 1} available for tenant
2025-12-15 13:51:26.560 65837 INFO tempest.lib.common.rest_client [req-3e21a508-d91a-4ba1-8b15-ac1ed01736a3 req-3e21a508-d91a-4ba1-8b15-ac1ed01736a3 ] Request (AttachInterfacesTestJSON:test_create_list_show_delete_interfaces_by_network_port): 200 GET http://10.180.1.21/compute/v2.1/servers/7f19a5ef-8075-4d6a-9a38-f5ca93046bc3/os-interface 1.539s
2025-12-15 13:51:26.685 65829 INFO tempest.lib.common.rest_client [req-e4a441b6-348f-4a74-90e1-7ab64b35e896 req-e4a441b6-348f-4a74-90e1-7ab64b35e896 ] Request (ServersTestBootFromVolume:setUpClass): 200 POST http://10.180.1.21/compute/v2.1/os-keypairs 1.789s
2025-12-15 13:51:26.761 65787 INFO tempest.lib.common.rest_client [req-7405b7a1-b2e8-44d9-8f85-8c4f8bba1f17 req-7405b7a1-b2e8-44d9-8f85-8c4f8bba1f17 ] Request (ServersAdminNegativeTestJSON:tearDownClass): 204 DELETE http://10.180.1.21/identity/v3/users/9bb487e554f34cadad56c1cbfbfdec1c 0.362s
2025-12-15 13:51:26.762 65787 INFO tempest.lib.common.dynamic_creds [-] Deleting project and security group for project: 72aec12022b84dfca73ada26908d644b
2025-12-15 13:51:26.860 65787 INFO tempest.lib.common.rest_client [req-f27585cd-646a-43bc-86e2-3a70295034ef req-f27585cd-646a-43bc-86e2-3a70295034ef ] Request (ServersAdminNegativeTestJSON:tearDownClass): 201 POST http://10.180.1.21/identity/v3/auth/tokens 0.098s
2025-12-15 13:51:27.008 65811 WARNING tempest.lib.common.ssh [-] Failed to establish authenticated ssh connection to cirros@10.180.180.210 ([Errno None] Unable to connect to port 22 on 10.180.180.210). Number attempts: 3. Retry after 4 seconds.: paramiko.ssh_exception.NoValidConnectionsError: [Errno None] Unable to connect to port 22 on 10.180.180.210
2025-12-15 13:51:27.098 65821 INFO tempest.lib.common.rest_client [req-a25deb3f-9d43-41c8-9f9c-89d1c75bd97f req-a25deb3f-9d43-41c8-9f9c-89d1c75bd97f ] Request (FloatingIPsAssociationTestJSON:tearDownClass): 204 DELETE http://10.180.1.21/networking/v2.0/routers/8bf6fcc5-ba9c-4fa8-b681-ffc2c70207b8 0.702s
2025-12-15 13:51:27.128 65833 INFO tempest.lib.common.rest_client [req-99286489-434a-433b-9138-436bbc2291e6 req-99286489-434a-433b-9138-436bbc2291e6 ] Request (ServerActionsTestOtherB:setUpClass): 200 GET http://10.180.1.21/compute/v2.1/servers/65fd37ce-d54d-41f4-860e-37a9db87fe48 1.992s
2025-12-15 13:51:27.217 65831 INFO tempest.lib.common.rest_client [req-d3d6ea7c-d3b8-4034-816d-88ca50648ee5 req-d3d6ea7c-d3b8-4034-816d-88ca50648ee5 ] Request (ServerGroupTestJSON:test_create_delete_server_group_with_affinity_policy): 200 POST http://10.180.1.21/compute/v2.1/os-server-groups 1.892s
2025-12-15 13:51:27.231 65829 INFO tempest.lib.common.rest_client [req-d17ba842-69e8-4f6f-821d-672fe9ad63f9 req-d17ba842-69e8-4f6f-821d-672fe9ad63f9 ] Request (ServersTestBootFromVolume:setUpClass): 201 POST http://10.180.1.21/networking/v2.0/security-groups 0.544s
2025-12-15 13:51:27.272 65837 INFO tempest.lib.common.rest_client [req-00e70a9b-63ee-4830-bdeb-bbaab3a4a1da req-00e70a9b-63ee-4830-bdeb-bbaab3a4a1da ] Request (AttachInterfacesTestJSON:test_create_list_show_delete_interfaces_by_network_port): 200 PUT http://10.180.1.21/networking/v2.0/floatingips/f2259d9c-53d4-4537-82c6-a1e9b1e60763 0.709s
2025-12-15 13:51:27.388 65787 INFO tempest.lib.common.rest_client [req-5e246f0a-26d7-4c8f-b715-a5cfd2cb74da req-5e246f0a-26d7-4c8f-b715-a5cfd2cb74da ] Request (ServersAdminNegativeTestJSON:tearDownClass): 200 GET http://10.180.1.21/networking/v2.0/security-groups?tenant_id=72aec12022b84dfca73ada26908d644b&name=default 0.527s
2025-12-15 13:51:27.500 65821 INFO tempest.lib.common.rest_client [req-3a7968c7-82ff-4742-82e0-49597d8359f0 req-3a7968c7-82ff-4742-82e0-49597d8359f0 ] Request (FloatingIPsAssociationTestJSON:tearDownClass): 204 DELETE http://10.180.1.21/networking/v2.0/subnets/8e3e1f5d-7919-429a-9279-43deb3dbbc66 0.402s
2025-12-15 13:51:27.574 65829 INFO tempest.lib.common.rest_client [req-2fff3e8e-38ea-4f37-a20f-776948cfd78d req-2fff3e8e-38ea-4f37-a20f-776948cfd78d ] Request (ServersTestBootFromVolume:setUpClass): 201 POST http://10.180.1.21/networking/v2.0/security-group-rules 0.343s
2025-12-15 13:51:27.628 65817 INFO tempest.lib.common.rest_client [req-b706bf7e-dec3-41b5-b39c-5e814ee1abf0 req-b706bf7e-dec3-41b5-b39c-5e814ee1abf0 ] Request (ServersAdminTestJSON:test_create_server_with_scheduling_hint): 200 GET http://10.180.1.21/compute/v2.1/servers/1f6c213b-2235-4e0e-b19f-3b44c55fdf9f 2.458s
2025-12-15 13:51:27.638 65817 INFO tempest.common.waiters [-] State transition "BUILD/spawning" ==> "ACTIVE/None" after 32 second wait
2025-12-15 13:51:27.733 65787 INFO tempest.lib.common.rest_client [req-0392a1e0-7f9d-4ab4-a880-be879f2ff0d9 req-0392a1e0-7f9d-4ab4-a880-be879f2ff0d9 ] Request (ServersAdminNegativeTestJSON:tearDownClass): 204 DELETE http://10.180.1.21/networking/v2.0/security-groups/30289e1a-24e2-49c4-860e-1d0350a75fd4 0.345s
2025-12-15 13:51:27.735 65817 INFO tempest.lib.common.rest_client [req-d4fbc634-8689-4952-87f4-f57a093b20e5 req-d4fbc634-8689-4952-87f4-f57a093b20e5 ] Request (ServersAdminTestJSON:test_inject_network_info): 201 POST http://10.180.1.21/identity/v3/auth/tokens 0.090s
2025-12-15 13:51:27.736 65817 INFO tempest.lib.common.fixed_network [-] (ServersAdminTestJSON:test_inject_network_info) Found network {'id': '6ddadde3-0a28-4c8a-bd02-24c7989dedb8', 'name': 'tempest-ServersAdminTestJSON-478322014-network', 'tenant_id': 'efc3bc7667c446fb90b943562a4fa5fb', 'project_id': 'efc3bc7667c446fb90b943562a4fa5fb', 'admin_state_up': True, 'mtu': 8950, 'status': 'ACTIVE', 'subnets': [], 'shared': False, 'port_security_enabled': True, 'router:external': False, 'provider:network_type': 'vlan', 'provider:physical_network': 'default', 'provider:segmentation_id': 885, 'availability_zone_hints': [], 'availability_zones': [], 'ipv4_address_scope': None, 'ipv6_address_scope': None, 'description': '', 'tags': [], 'created_at': '2025-12-15T13:49:52Z', 'updated_at': '2025-12-15T13:49:52Z', 'revision_number': 1} available for tenant
2025-12-15 13:51:27.839 65787 INFO tempest.lib.common.rest_client [req-097afcff-6c22-4def-b8cc-41c2259796ba req-097afcff-6c22-4def-b8cc-41c2259796ba ] Request (ServersAdminNegativeTestJSON:tearDownClass): 204 DELETE http://10.180.1.21/identity/v3/projects/72aec12022b84dfca73ada26908d644b 0.104s
2025-12-15 13:51:27.839 65787 INFO tempest.lib.common.dynamic_creds [-] Deleting project and security group for project: 31bdd4667227499e8d464dc22d45de63
2025-12-15 13:51:27.842 65829 INFO tempest.lib.common.rest_client [req-21606622-2c5e-47e6-b862-17b695791c4e req-21606622-2c5e-47e6-b862-17b695791c4e ] Request (ServersTestBootFromVolume:setUpClass): 201 POST http://10.180.1.21/networking/v2.0/security-group-rules 0.267s
2025-12-15 13:51:27.949 65821 INFO tempest.lib.common.rest_client [req-251a9d46-a60f-4351-b3d0-f64a91299ceb req-251a9d46-a60f-4351-b3d0-f64a91299ceb ] Request (FloatingIPsAssociationTestJSON:tearDownClass): 204 DELETE http://10.180.1.21/networking/v2.0/networks/a759fa5c-1298-453d-810d-03d779310d6b 0.449s
2025-12-15 13:51:27.982 65819 INFO tempest.lib.common.rest_client [req-7cd85684-dcfc-4ee5-8d36-02a7016e2f64 req-7cd85684-dcfc-4ee5-8d36-02a7016e2f64 ] Request (ServerAddressesTestJSON:tearDownClass): 200 GET http://10.180.1.21/compute/v2.1/servers/762d1978-7b4d-430a-8195-512a9dc2f9ef 2.570s
2025-12-15 13:51:27.983 65783 INFO tempest.lib.common.rest_client [req-f9271907-92d4-48fa-8913-a037509b0bf8 req-f9271907-92d4-48fa-8913-a037509b0bf8 ] Request (ServerPasswordTestJSON:setUpClass): 200 GET http://10.180.1.21/compute/v2.1/servers/c423524c-773b-4a11-87d0-47fe210b0ee3 2.543s
2025-12-15 13:51:27.987 65787 INFO tempest.lib.common.rest_client [req-9997665e-600e-45f1-b573-09786e88d688 req-9997665e-600e-45f1-b573-09786e88d688 ] Request (ServersAdminNegativeTestJSON:tearDownClass): 200 GET http://10.180.1.21/networking/v2.0/security-groups?tenant_id=31bdd4667227499e8d464dc22d45de63&name=default 0.147s
2025-12-15 13:51:28.122 65821 INFO tempest.lib.common.rest_client [req-31681aeb-5df2-4565-ae6b-3f1974dc551d req-31681aeb-5df2-4565-ae6b-3f1974dc551d ] Request (FloatingIPsAssociationTestJSON:tearDownClass): 204 DELETE http://10.180.1.21/identity/v3/users/4f01e08b3920464a8f1b48253681ad88 0.172s
2025-12-15 13:51:28.122 65821 INFO tempest.lib.common.dynamic_creds [-] Deleting project and security group for project: 41bc6f99be5e4b2eb9d4e314455ca2ae
2025-12-15 13:51:28.350 65787 INFO tempest.lib.common.rest_client [req-5abef2f2-005d-4471-aa6d-869d0d44d2ce req-5abef2f2-005d-4471-aa6d-869d0d44d2ce ] Request (ServersAdminNegativeTestJSON:tearDownClass): 204 DELETE http://10.180.1.21/networking/v2.0/security-groups/9884feb0-180b-4f89-bd09-7aa6eb2c9d6b 0.363s
2025-12-15 13:51:28.448 65843 INFO tempest.lib.common.rest_client [req-db174f7b-583c-4a1b-afd6-00341459303d req-db174f7b-583c-4a1b-afd6-00341459303d ] Request (ServersTestManualDisk:tearDownClass): 200 GET http://10.180.1.21/compute/v2.1/servers/41908755-4af2-474f-b842-04300f9365ce 2.411s
2025-12-15 13:51:28.454 65821 INFO tempest.lib.common.rest_client [req-06de6054-54a3-4e9c-a039-c3a5425351e8 req-06de6054-54a3-4e9c-a039-c3a5425351e8 ] Request (FloatingIPsAssociationTestJSON:tearDownClass): 200 GET http://10.180.1.21/networking/v2.0/security-groups?tenant_id=41bc6f99be5e4b2eb9d4e314455ca2ae&name=default 0.332s
2025-12-15 13:51:28.458 65829 INFO tempest.lib.common.rest_client [req-fe8ad727-f06e-4e0f-9603-d76a8f5567ae req-fe8ad727-f06e-4e0f-9603-d76a8f5567ae ] Request (ServersTestBootFromVolume:setUpClass): 201 POST http://10.180.1.21/networking/v2.0/floatingips 0.615s
2025-12-15 13:51:28.473 65787 INFO tempest.lib.common.rest_client [req-c13e65ea-d5c1-43f9-a1b9-502c6aa5f47d req-c13e65ea-d5c1-43f9-a1b9-502c6aa5f47d ] Request (ServersAdminNegativeTestJSON:tearDownClass): 204 DELETE http://10.180.1.21/identity/v3/projects/31bdd4667227499e8d464dc22d45de63 0.122s
2025-12-15 13:51:28.495 65791 INFO tempest.lib.common.rest_client [req-37af0e65-cae4-4f0a-aeaa-b7156838fcb9 req-37af0e65-cae4-4f0a-aeaa-b7156838fcb9 ] Request (MigrationsAdminTest:test_resize_server_revert_deleted_flavor): 200 GET http://10.180.1.21/compute/v2.1/servers/77a5f75c-17ae-40f1-8433-9ef622c2cd35 2.627s
2025-12-15 13:51:28.534 65807 INFO tempest.lib.common.rest_client [req-c51f4dba-4407-4eca-8323-02f1fb09da02 req-c51f4dba-4407-4eca-8323-02f1fb09da02 ] Request (ServerActionsTestJSON:setUpClass): 200 GET http://10.180.1.21/compute/v2.1/servers/fd36a39c-39b0-4af3-9546-4786ef34d029 2.404s
2025-12-15 13:51:28.562 65787 INFO tempest.lib.common.rest_client [req-6c510458-675b-45d3-af14-020bb4eb4950 req-6c510458-675b-45d3-af14-020bb4eb4950 ] Request (ServicesAdminNegativeV253TestJSON:setUpClass): 201 POST http://10.180.1.21/identity/v3/auth/tokens 0.088s
2025-12-15 13:51:28.573 65829 INFO tempest.lib.common.rest_client [req-f8d00bc5-2dfb-4646-a692-090b08e0543d req-f8d00bc5-2dfb-4646-a692-090b08e0543d ] Request (ServersTestBootFromVolume:setUpClass): 201 POST http://10.180.1.21/identity/v3/auth/tokens 0.112s
2025-12-15 13:51:28.573 65829 INFO tempest.lib.common.fixed_network [-] (ServersTestBootFromVolume:setUpClass) Found network {'id': '5eacf36d-80e9-49c4-94d5-bd04e60e5f15', 'name': 'tempest-ServersTestBootFromVolume-1127443713-network', 'tenant_id': '09342cce7ff14a97a862c492052ff3d4', 'project_id': '09342cce7ff14a97a862c492052ff3d4', 'admin_state_up': True, 'mtu': 8950, 'status': 'ACTIVE', 'subnets': [], 'shared': False, 'port_security_enabled': True, 'router:external': False, 'provider:network_type': 'vlan', 'provider:physical_network': 'default', 'provider:segmentation_id': 571, 'availability_zone_hints': [], 'availability_zones': [], 'ipv4_address_scope': None, 'ipv6_address_scope': None, 'description': '', 'tags': [], 'created_at': '2025-12-15T13:51:22Z', 'updated_at': '2025-12-15T13:51:22Z', 'revision_number': 1} available for tenant
