2025-12-15 13:50:01.032 65827 INFO tempest.lib.common.rest_client [req-1f82465e-0384-4311-baba-f8952f50cb00 req-1f82465e-0384-4311-baba-f8952f50cb00 ] Request (ServersTestMultiNic:test_verify_multiple_nics_order): 201 POST http://10.180.1.21/networking/v2.0/networks 0.228s
2025-12-15 13:50:01.125 65837 INFO tempest.lib.common.rest_client [req-f67eff2f-4660-4982-86f3-e2825de2687b req-f67eff2f-4660-4982-86f3-e2825de2687b ] Request (AttachInterfacesTestJSON:test_create_list_show_delete_interfaces_by_fixed_ip): 200 GET http://10.180.1.21/compute/v2.1/servers/fed24b60-c08b-4edd-8daa-b9148cf6d914/os-interface 3.027s
2025-12-15 13:50:01.370 65827 INFO tempest.lib.common.rest_client [req-aa0cb2c2-b4df-4dc9-9cb6-da74e85122bc req-aa0cb2c2-b4df-4dc9-9cb6-da74e85122bc ] Request (ServersTestMultiNic:test_verify_multiple_nics_order): 201 POST http://10.180.1.21/networking/v2.0/subnets 0.338s
2025-12-15 13:50:01.407 65805 INFO tempest.lib.common.rest_client [req-fb658c83-df58-4e5c-9f6d-867228c1aae0 req-fb658c83-df58-4e5c-9f6d-867228c1aae0 ] Request (TenantUsagesTestJSON:tearDownClass): 200 GET http://10.180.1.21/compute/v2.1/servers/1e9a0844-128f-4594-b8d7-367e5e0502d6 3.207s
2025-12-15 13:50:01.439 65803 INFO tempest.lib.common.rest_client [req-80274a57-15cf-488f-9ae1-99bdcd4944a6 req-80274a57-15cf-488f-9ae1-99bdcd4944a6 ] Request (AttachInterfacesV270Test:test_create_get_list_interfaces): 200 GET http://10.180.1.21/compute/v2.1/servers/29669bce-3413-4176-aebc-623cf5db5e34 3.128s
2025-12-15 13:50:01.487 65827 INFO tempest.lib.common.rest_client [req-11448c16-4b45-48ce-92e8-022db8c8b69b req-11448c16-4b45-48ce-92e8-022db8c8b69b ] Request (ServersTestMultiNic:test_verify_multiple_nics_order): 201 POST http://10.180.1.21/identity/v3/auth/tokens 0.113s
2025-12-15 13:50:01.487 65827 INFO tempest.lib.common.fixed_network [-] (ServersTestMultiNic:test_verify_multiple_nics_order) Found network {'id': '64a822ff-bffd-4015-80cc-815f268f2c57', 'name': 'tempest-ServersTestMultiNic-31479816-network', 'tenant_id': '567200c2ce1a4984b7a84831f34f8bf6', 'project_id': '567200c2ce1a4984b7a84831f34f8bf6', 'admin_state_up': True, 'mtu': 8950, 'status': 'ACTIVE', 'subnets': [], 'shared': False, 'port_security_enabled': True, 'router:external': False, 'provider:network_type': 'vlan', 'provider:physical_network': 'default', 'provider:segmentation_id': 36, 'availability_zone_hints': [], 'availability_zones': [], 'ipv4_address_scope': None, 'ipv6_address_scope': None, 'description': '', 'tags': [], 'created_at': '2025-12-15T13:48:39Z', 'updated_at': '2025-12-15T13:48:39Z', 'revision_number': 1} available for tenant
2025-12-15 13:50:01.508 65811 INFO tempest.lib.common.rest_client [req-9cb57e7f-a6a2-44f5-9ff0-91ce562420da req-9cb57e7f-a6a2-44f5-9ff0-91ce562420da ] Request (ServerShowV257Test:test_rebuild_server): 200 GET http://10.180.1.21/compute/v2.1/servers/75761fdd-0ae2-4f8b-98c5-cf6018d629dd 3.056s
2025-12-15 13:50:01.942 65825 INFO tempest.lib.common.rest_client [req-edf79800-2732-4c94-9c01-82d9dacb1ce0 req-edf79800-2732-4c94-9c01-82d9dacb1ce0 ] Request (ImagesTestJSON:test_create_image_from_stopped_server): 200 GET http://10.180.1.21/compute/v2.1/servers/9505a4b7-97d3-4163-9fd2-70b888d6f348 3.447s
2025-12-15 13:50:01.952 65825 INFO tempest.common.waiters [-] State transition "BUILD/spawning" ==> "ACTIVE/None" after 30 second wait
2025-12-15 13:50:02.116 65791 INFO tempest.lib.common.rest_client [req-722ffe19-3edd-4a3e-ae33-2645263a2a47 req-722ffe19-3edd-4a3e-ae33-2645263a2a47 ] Request (MigrationsAdminTest:test_list_migrations_in_flavor_resize_situation): 200 GET http://10.180.1.21/compute/v2.1/servers/2de5e3f8-de43-4a1a-9ec6-92515d53d73f 3.412s
2025-12-15 13:50:02.163 65815 INFO tempest.lib.common.rest_client [req-e097a475-6dd2-4eb3-a080-091628e1f233 req-e097a475-6dd2-4eb3-a080-091628e1f233 ] Request (ImagesOneServerTestJSON:test_create_delete_image): 200 GET http://10.180.1.21/compute/v2.1/images/6bc8ff04-936f-4df8-b1b6-226cca1b3be5 3.418s
2025-12-15 13:50:02.190 65793 INFO tempest.lib.common.rest_client [req-e86649fc-8d9a-4793-b77d-52972915816b req-e86649fc-8d9a-4793-b77d-52972915816b ] Request (ServersWithSpecificFlavorTestJSON:test_verify_created_server_ephemeral_disk): 202 POST http://10.180.1.21/compute/v2.1/servers 3.727s
2025-12-15 13:50:02.249 65801 INFO tempest.lib.common.rest_client [req-3b6dbb42-9430-4c9b-a46e-bddb532c214e req-3b6dbb42-9430-4c9b-a46e-bddb532c214e ] Request (InstanceActionsNegativeTestJSON:setUpClass): 200 GET http://10.180.1.21/compute/v2.1/servers/639060b2-6c4b-4462-b02c-80cbb106b6bb 3.456s
2025-12-15 13:50:02.447 65785 INFO tempest.lib.common.rest_client [req-1fc4285a-4811-49d4-beec-ea4921250813 req-1fc4285a-4811-49d4-beec-ea4921250813 ] Request (ListServerFiltersTestJSON:test_list_servers_filtered_by_ip_regex): 200 GET http://10.180.1.21/compute/v2.1/servers/5c23260a-db0c-49ab-8b52-75109300fbda 3.446s
2025-12-15 13:50:02.474 65819 INFO tempest.lib.common.rest_client [req-f1a48cab-6138-453d-af4f-fda6050c17fa req-f1a48cab-6138-453d-af4f-fda6050c17fa ] Request (KeyPairsV22TestJSON:test_get_keypair_detail): 200 GET http://10.180.1.21/compute/v2.1/os-keypairs/tempest-keypair-459350133 3.279s
2025-12-15 13:50:02.478 65841 INFO tempest.lib.common.rest_client [req-21a7d6d9-e265-4733-9f71-13d9ffdb876d req-21a7d6d9-e265-4733-9f71-13d9ffdb876d ] Request (ServerMetadataNegativeTestJSON:test_server_create_metadata_key_too_long): 400 POST http://10.180.1.21/compute/v2.1/servers 3.272s
2025-12-15 13:50:02.482 65797 INFO tempest.lib.common.rest_client [req-fbf212c3-c832-4ffb-8b7c-e51a640e36da req-fbf212c3-c832-4ffb-8b7c-e51a640e36da ] Request (ListImageFiltersTestJSON:setUpClass): 200 GET http://10.180.1.21/compute/v2.1/servers/aa49b8de-62ba-49d6-ac03-d1b0c23babf5 3.407s
2025-12-15 13:50:02.513 65831 INFO tempest.lib.common.rest_client [req-262e222c-62d3-4974-a8ba-9b87c093949a req-262e222c-62d3-4974-a8ba-9b87c093949a ] Request (DeleteServersAdminTestJSON:tearDownClass): 404 GET http://10.180.1.21/compute/v2.1/servers/1fe78b43-c860-4c79-9f50-01e9758d52f8 3.161s
2025-12-15 13:50:02.539 65783 INFO tempest.lib.common.rest_client [req-59e60da8-42ee-4f0d-97ab-091756cde262 req-59e60da8-42ee-4f0d-97ab-091756cde262 ] Request (FlavorsAdminTestJSON:_run_cleanups): 200 GET http://10.180.1.21/compute/v2.1/flavors/detail 3.155s
2025-12-15 13:50:02.783 65787 INFO tempest.lib.common.rest_client [req-460b95a8-7d88-4ab4-b08a-59fcc990c72d req-460b95a8-7d88-4ab4-b08a-59fcc990c72d ] Request (ServersAdminNegativeTestJSON:test_migrate_server_invalid_state): 200 GET http://10.180.1.21/compute/v2.1/servers/8570d203-1d0b-4776-a8a2-1235d09219ec 3.459s
2025-12-15 13:50:02.788 65835 INFO tempest.lib.common.rest_client [req-d62ccae8-10d5-40da-b33d-a181061316a1 req-d62ccae8-10d5-40da-b33d-a181061316a1 ] Request (ServersTestFqdnHostnames:test_create_server_with_fqdn_name): 200 GET http://10.180.1.21/compute/v2.1/servers/ecbce5aa-db62-4bfa-b4bb-2fb7d3ec1d10 2.910s
2025-12-15 13:50:02.897 65829 WARNING tempest.lib.common.ssh [-] Failed to establish authenticated ssh connection to cirros@10.180.180.172 ([Errno None] Unable to connect to port 22 on 10.180.180.172). Number attempts: 10. Retry after 11 seconds.: paramiko.ssh_exception.NoValidConnectionsError: [Errno None] Unable to connect to port 22 on 10.180.180.172
2025-12-15 13:50:03.232 65809 INFO tempest.lib.common.rest_client [req-ed799a22-fecb-4974-8a30-9a18973246d4 req-ed799a22-fecb-4974-8a30-9a18973246d4 ] Request (FloatingIPsTestJSON:test_delete_floating_ip): 202 DELETE http://10.180.1.21/compute/v2.1/os-floating-ips/06c83e34-34dd-412d-ad32-8d6f63fa5851 2.340s
2025-12-15 13:50:03.271 65833 INFO tempest.lib.common.rest_client [req-3e797a5d-8677-4656-8240-d8926db7a517 req-3e797a5d-8677-4656-8240-d8926db7a517 ] Request (ImagesNegativeTestJSON:test_create_image_from_deleted_server): 404 GET http://10.180.1.21/compute/v2.1/servers/e00e360d-732c-4a48-81c5-e53d8ad4b487 2.062s
2025-12-15 13:50:03.307 65807 INFO tempest.lib.common.rest_client [req-300d2ea0-d987-46d7-9ccf-54cb8887d731 req-300d2ea0-d987-46d7-9ccf-54cb8887d731 ] Request (VolumesAssistedSnapshotsTest:_run_cleanups): 200 GET http://10.180.1.21/compute/v2.1/servers/4e54e47f-01a8-4c5e-8881-332ca18d943c/os-volume_attachments 2.048s
2025-12-15 13:50:03.350 65807 INFO tempest.lib.common.rest_client [req-614b7cfe-e870-4800-a65b-7673c5b330fe req-614b7cfe-e870-4800-a65b-7673c5b330fe ] Request (VolumesAssistedSnapshotsTest:_run_cleanups): 200 GET http://10.180.1.21/volume/v3/volumes/54b7acc1-c4bf-46e8-9c91-0edd0066d644 0.041s
2025-12-15 13:50:03.364 65807 INFO tempest.common.waiters [-] volume 54b7acc1-c4bf-46e8-9c91-0edd0066d644 reached available after waiting for 0.364178 seconds
2025-12-15 13:50:03.380 65817 INFO tempest.lib.common.rest_client [req-3468dc04-6a09-4a3a-9545-386f4d6a405a req-3468dc04-6a09-4a3a-9545-386f4d6a405a ] Request (ServersAdminTestJSON:setUpClass): 202 POST http://10.180.1.21/compute/v2.1/servers 2.993s
2025-12-15 13:50:03.426 65807 INFO tempest.lib.common.rest_client [req-b2de7465-c600-4ed2-9920-47bcaab669b0 req-b2de7465-c600-4ed2-9920-47bcaab669b0 ] Request (VolumesAssistedSnapshotsTest:_run_cleanups): 202 DELETE http://10.180.1.21/volume/v3/volumes/54b7acc1-c4bf-46e8-9c91-0edd0066d644 0.062s
2025-12-15 13:50:03.441 65817 INFO tempest.lib.common.rest_client [req-8e99a03b-7874-44d2-a8dc-e17b29e1d4ea req-8e99a03b-7874-44d2-a8dc-e17b29e1d4ea ] Request (ServersAdminTestJSON:setUpClass): 201 POST http://10.180.1.21/identity/v3/auth/tokens 0.052s
2025-12-15 13:50:03.442 65817 INFO tempest.lib.common.fixed_network [-] (ServersAdminTestJSON:setUpClass) Found network {'id': '6ddadde3-0a28-4c8a-bd02-24c7989dedb8', 'name': 'tempest-ServersAdminTestJSON-478322014-network', 'tenant_id': 'efc3bc7667c446fb90b943562a4fa5fb', 'project_id': 'efc3bc7667c446fb90b943562a4fa5fb', 'admin_state_up': True, 'mtu': 8950, 'status': 'ACTIVE', 'subnets': [], 'shared': False, 'port_security_enabled': True, 'router:external': False, 'provider:network_type': 'vlan', 'provider:physical_network': 'default', 'provider:segmentation_id': 885, 'availability_zone_hints': [], 'availability_zones': [], 'ipv4_address_scope': None, 'ipv6_address_scope': None, 'description': '', 'tags': [], 'created_at': '2025-12-15T13:49:52Z', 'updated_at': '2025-12-15T13:49:52Z', 'revision_number': 1} available for tenant
2025-12-15 13:50:03.470 65807 INFO tempest.lib.common.rest_client [req-563d6dcd-3b95-4f30-b16a-8a068da276d7 req-563d6dcd-3b95-4f30-b16a-8a068da276d7 ] Request (VolumesAssistedSnapshotsTest:_run_cleanups): 200 GET http://10.180.1.21/volume/v3/volumes/54b7acc1-c4bf-46e8-9c91-0edd0066d644 0.043s
2025-12-15 13:50:03.623 65821 INFO tempest.lib.common.rest_client [req-3fac08f6-2452-44dd-b758-7ab265875e56 req-3fac08f6-2452-44dd-b758-7ab265875e56 ] Request (FloatingIPsAssociationTestJSON:test_associate_already_associated_floating_ip): 200 GET http://10.180.1.21/compute/v2.1/servers/76609a46-889b-4f40-b66b-cc14a5ce5c28 1.763s
2025-12-15 13:50:03.700 65825 INFO tempest.lib.common.rest_client [req-3c46ae51-f8ae-4545-93aa-cf656a0386fa req-3c46ae51-f8ae-4545-93aa-cf656a0386fa ] Request (ImagesTestJSON:test_create_image_from_stopped_server): 202 POST http://10.180.1.21/compute/v2.1/servers/9505a4b7-97d3-4163-9fd2-70b888d6f348/action 1.747s
2025-12-15 13:50:03.804 65837 INFO tempest.lib.common.rest_client [req-a080984b-aea7-48ef-be46-8e23f83afd23 req-a080984b-aea7-48ef-be46-8e23f83afd23 ] Request (AttachInterfacesTestJSON:test_create_list_show_delete_interfaces_by_fixed_ip): 200 GET http://10.180.1.21/compute/v2.1/servers/fed24b60-c08b-4edd-8daa-b9148cf6d914/os-interface 1.674s
2025-12-15 13:50:03.844 65827 INFO tempest.lib.common.rest_client [req-d595c5ae-fcdc-4d82-8c85-222d8c98180e req-d595c5ae-fcdc-4d82-8c85-222d8c98180e ] Request (ServersTestMultiNic:test_verify_multiple_nics_order): 202 POST http://10.180.1.21/compute/v2.1/servers 2.356s
2025-12-15 13:50:03.869 65793 INFO tempest.lib.common.rest_client [req-217da7c6-2f4a-466d-8929-6f8b8beface2 req-217da7c6-2f4a-466d-8929-6f8b8beface2 ] Request (ServersWithSpecificFlavorTestJSON:test_verify_created_server_ephemeral_disk): 200 GET http://10.180.1.21/compute/v2.1/servers/ab6c7749-a88c-417a-9ff1-e0cb557fe9b6 1.676s
2025-12-15 13:50:03.928 65805 INFO tempest.lib.common.rest_client [req-25351cfb-655d-4bf3-ba7e-b83a9cc19e07 req-25351cfb-655d-4bf3-ba7e-b83a9cc19e07 ] Request (TenantUsagesTestJSON:tearDownClass): 200 GET http://10.180.1.21/compute/v2.1/servers/1e9a0844-128f-4594-b8d7-367e5e0502d6 1.507s
2025-12-15 13:50:03.937 65805 INFO tempest.common.waiters [-] State transition "ACTIVE/deleting" ==> "DELETED/None" after 2 second wait
2025-12-15 13:50:03.949 65803 INFO tempest.lib.common.rest_client [req-73aef62b-83c7-42ea-a055-2d1d7aac8b6c req-73aef62b-83c7-42ea-a055-2d1d7aac8b6c ] Request (AttachInterfacesV270Test:test_create_get_list_interfaces): 200 GET http://10.180.1.21/compute/v2.1/servers/29669bce-3413-4176-aebc-623cf5db5e34 1.491s
2025-12-15 13:50:03.990 65819 INFO tempest.lib.common.rest_client [req-e50976d3-9d90-4c6d-82eb-1730b7942bc7 req-e50976d3-9d90-4c6d-82eb-1730b7942bc7 ] Request (KeyPairsV22TestJSON:_run_cleanups): 204 DELETE http://10.180.1.21/compute/v2.1/os-keypairs/tempest-keypair-459350133 1.508s
2025-12-15 13:50:04.000 65841 INFO tempest.lib.common.rest_client [req-670ba9e8-3454-45ae-83cc-286388b8ea5d req-670ba9e8-3454-45ae-83cc-286388b8ea5d ] Request (ServerMetadataNegativeTestJSON:test_server_metadata_non_existent_server): 404 GET http://10.180.1.21/compute/v2.1/servers/0025b61e-309a-49e5-bc04-e59b51754ae9/metadata/test2 1.519s
2025-12-15 13:50:04.068 65785 INFO tempest.lib.common.rest_client [req-73165dde-1499-48ab-b596-703291a36cd4 req-73165dde-1499-48ab-b596-703291a36cd4 ] Request (ListServerFiltersTestJSON:test_list_servers_filtered_by_ip_regex): 200 GET http://10.180.1.21/compute/v2.1/servers/fcb8e757-f46c-4851-b22c-0d7d85da5108 1.606s
2025-12-15 13:50:04.093 65831 INFO tempest.lib.common.rest_client [req-16f9131e-4051-4ee5-8b0d-064fcec7a9a2 req-16f9131e-4051-4ee5-8b0d-064fcec7a9a2 ] Request (DeleteServersAdminTestJSON:tearDownClass): 404 DELETE http://10.180.1.21/compute/v2.1/servers/0a8108dc-af43-498f-9fc6-636f932b5bf4 1.579s
2025-12-15 13:50:04.167 65811 INFO tempest.lib.common.rest_client [req-5254e31c-ef4c-49a9-9243-bdca47381fac req-5254e31c-ef4c-49a9-9243-bdca47381fac ] Request (ServerShowV257Test:test_rebuild_server): 200 GET http://10.180.1.21/compute/v2.1/servers/75761fdd-0ae2-4f8b-98c5-cf6018d629dd 1.647s
2025-12-15 13:50:04.175 65811 INFO tempest.common.waiters [-] State transition "REBUILD/rebuild_spawning" ==> "ACTIVE/None" after 7 second wait
2025-12-15 13:50:04.187 65783 INFO tempest.lib.common.rest_client [req-a1a97bbd-44f1-4276-94a3-0584916342bc req-a1a97bbd-44f1-4276-94a3-0584916342bc ] Request (FlavorsAdminTestJSON:test_list_public_flavor_with_other_user): 200 POST http://10.180.1.21/compute/v2.1/flavors 1.639s
2025-12-15 13:50:04.288 65787 INFO tempest.lib.common.rest_client [req-119d9651-1678-41eb-b976-cc53f8398bf9 req-119d9651-1678-41eb-b976-cc53f8398bf9 ] Request (ServersAdminNegativeTestJSON:test_migrate_server_invalid_state): 409 POST http://10.180.1.21/compute/v2.1/servers/8570d203-1d0b-4776-a8a2-1235d09219ec/action 1.494s
2025-12-15 13:50:04.442 65791 INFO tempest.lib.common.rest_client [req-0ab6c2ee-d0a6-4526-a373-8c3986c14fc9 req-0ab6c2ee-d0a6-4526-a373-8c3986c14fc9 ] Request (MigrationsAdminTest:test_list_migrations_in_flavor_resize_situation): 200 GET http://10.180.1.21/compute/v2.1/servers/2de5e3f8-de43-4a1a-9ec6-92515d53d73f 1.314s
2025-12-15 13:50:04.518 65807 INFO tempest.lib.common.rest_client [req-1b0ab5b7-ad22-44d2-bcf1-0611cf85a00f req-1b0ab5b7-ad22-44d2-bcf1-0611cf85a00f ] Request (VolumesAssistedSnapshotsTest:_run_cleanups): 200 GET http://10.180.1.21/volume/v3/volumes/54b7acc1-c4bf-46e8-9c91-0edd0066d644 0.037s
2025-12-15 13:50:04.548 65815 INFO tempest.lib.common.rest_client [req-f661d3bf-022b-49c9-8c01-dad93b826543 req-f661d3bf-022b-49c9-8c01-dad93b826543 ] Request (ImagesOneServerTestJSON:test_create_delete_image): 200 GET http://10.180.1.21/compute/v2.1/images/6bc8ff04-936f-4df8-b1b6-226cca1b3be5 1.382s
2025-12-15 13:50:04.569 65797 INFO tempest.lib.common.rest_client [req-01ab5e74-6b52-4c1f-a07e-0b6f38bfb9a6 req-01ab5e74-6b52-4c1f-a07e-0b6f38bfb9a6 ] Request (ListImageFiltersTestJSON:setUpClass): 202 POST http://10.180.1.21/compute/v2.1/servers/f3c7fb1b-e676-47c0-b446-c651c1325fc7/action 2.076s
2025-12-15 13:50:04.577 65809 INFO tempest.lib.common.rest_client [req-36806070-cfca-4b8c-b316-1a8f8a32d873 req-36806070-cfca-4b8c-b316-1a8f8a32d873 ] Request (FloatingIPsTestJSON:test_delete_floating_ip): 404 GET http://10.180.1.21/compute/v2.1/os-floating-ips/06c83e34-34dd-412d-ad32-8d6f63fa5851 1.344s
2025-12-15 13:50:04.601 65833 INFO tempest.lib.common.rest_client [req-3383b120-88c7-4033-a47d-c5fba083eb8e req-3383b120-88c7-4033-a47d-c5fba083eb8e ] Request (ImagesNegativeTestJSON:test_create_image_from_deleted_server): 404 POST http://10.180.1.21/compute/v2.1/servers/e00e360d-732c-4a48-81c5-e53d8ad4b487/action 1.329s
2025-12-15 13:50:04.686 65801 INFO tempest.lib.common.rest_client [req-4be597af-b699-44ee-b333-27cea4867bcd req-4be597af-b699-44ee-b333-27cea4867bcd ] Request (InstanceActionsNegativeTestJSON:setUpClass): 200 GET http://10.180.1.21/compute/v2.1/servers/639060b2-6c4b-4462-b02c-80cbb106b6bb 1.424s
2025-12-15 13:50:04.693 65801 INFO tempest.common.waiters [-] State transition "BUILD/None" ==> "BUILD/block_device_mapping" after 14 second wait
2025-12-15 13:50:04.814 65825 INFO tempest.lib.common.rest_client [req-64ff41b0-72af-4b90-a687-b54f08014938 req-64ff41b0-72af-4b90-a687-b54f08014938 ] Request (ImagesTestJSON:test_create_image_from_stopped_server): 200 GET http://10.180.1.21/compute/v2.1/servers/9505a4b7-97d3-4163-9fd2-70b888d6f348 1.113s
2025-12-15 13:50:04.945 65835 INFO tempest.lib.common.rest_client [req-fbae2096-6286-4d4c-8513-fd7b5e3435e8 req-fbae2096-6286-4d4c-8513-fd7b5e3435e8 ] Request (ServersTestFqdnHostnames:test_create_server_with_fqdn_name): 200 GET http://10.180.1.21/compute/v2.1/servers/ecbce5aa-db62-4bfa-b4bb-2fb7d3ec1d10 1.141s
2025-12-15 13:50:04.953 65835 INFO tempest.common.waiters [-] State transition "BUILD/spawning" ==> "ACTIVE/None" after 29 second wait
2025-12-15 13:50:04.999 65827 INFO tempest.lib.common.rest_client [req-1ac37ced-76bc-485d-84be-3f50ffad1731 req-1ac37ced-76bc-485d-84be-3f50ffad1731 ] Request (ServersTestMultiNic:test_verify_multiple_nics_order): 200 GET http://10.180.1.21/compute/v2.1/servers/e149790a-cc14-44a1-8107-eca7ff541c0f 1.153s
2025-12-15 13:50:05.032 65819 INFO tempest.lib.common.rest_client [req-45022df8-e518-4ffc-ba0c-f6bd5282e182 req-45022df8-e518-4ffc-ba0c-f6bd5282e182 ] Request (KeyPairsV22TestJSON:test_keypair_create_delete): 201 POST http://10.180.1.21/compute/v2.1/os-keypairs 1.040s
2025-12-15 13:50:05.042 65817 INFO tempest.lib.common.rest_client [req-ab633896-3e63-4ee2-ad5f-7829bf21b6bd req-ab633896-3e63-4ee2-ad5f-7829bf21b6bd ] Request (ServersAdminTestJSON:setUpClass): 202 POST http://10.180.1.21/compute/v2.1/servers 1.599s
2025-12-15 13:50:05.063 65841 INFO tempest.lib.common.rest_client [req-d471b186-104f-40d4-8674-4ece2d2fad1a req-d471b186-104f-40d4-8674-4ece2d2fad1a ] Request (ServerMetadataNegativeTestJSON:test_set_metadata_invalid_key): 400 PUT http://10.180.1.21/compute/v2.1/servers/92a24a98-adcc-43fa-a2e8-cba48d3c3cf8/metadata/key 1.059s
2025-12-15 13:50:05.085 65831 INFO tempest.lib.common.rest_client [req-bbe08159-f62b-4832-8a57-194a76e4813b req-bbe08159-f62b-4832-8a57-194a76e4813b ] Request (DeleteServersAdminTestJSON:tearDownClass): 404 GET http://10.180.1.21/compute/v2.1/servers/0a8108dc-af43-498f-9fc6-636f932b5bf4 0.991s
2025-12-15 13:50:05.196 65811 INFO tempest.lib.common.rest_client [req-7ca434c5-aa7e-4f98-ba5c-bafc95d26532 req-7ca434c5-aa7e-4f98-ba5c-bafc95d26532 ] Request (ServerShowV257Test:tearDownClass): 204 DELETE http://10.180.1.21/compute/v2.1/servers/75761fdd-0ae2-4f8b-98c5-cf6018d629dd 1.019s
2025-12-15 13:50:05.221 65785 INFO tempest.lib.common.rest_client [req-aaac3b91-064a-4947-95b7-351ed5fe31ab req-aaac3b91-064a-4947-95b7-351ed5fe31ab ] Request (ListServerFiltersTestJSON:test_list_servers_filtered_by_ip_regex): 200 GET http://10.180.1.21/compute/v2.1/servers/7b58c140-7ece-44da-867f-e442d8d33583 1.145s
2025-12-15 13:50:05.225 65783 INFO tempest.lib.common.rest_client [req-88a04e06-2e49-4b49-b108-9d7bb14c3d55 req-88a04e06-2e49-4b49-b108-9d7bb14c3d55 ] Request (FlavorsAdminTestJSON:test_list_public_flavor_with_other_user): 200 GET http://10.180.1.21/compute/v2.1/flavors/detail 1.035s
2025-12-15 13:50:05.225 65787 INFO tempest.lib.common.rest_client [req-585aa83a-5c0c-43fd-aa6c-de8ccbbf0b99 req-585aa83a-5c0c-43fd-aa6c-de8ccbbf0b99 ] Request (ServersAdminNegativeTestJSON:test_reset_state_server_invalid_state): 400 POST http://10.180.1.21/compute/v2.1/servers/156500db-f82c-48a6-a37b-b1e195063df6/action 0.935s
2025-12-15 13:50:05.254 65831 INFO tempest.lib.common.rest_client [req-bde1f641-aad4-4ac6-9cd2-9e91a595ea6b req-bde1f641-aad4-4ac6-9cd2-9e91a595ea6b ] Request (DeleteServersAdminTestJSON:tearDownClass): 204 DELETE http://10.180.1.21/identity/v3/users/22627a7c7d914117b111e24e8e812f48 0.169s
2025-12-15 13:50:05.259 65809 INFO tempest.lib.common.rest_client [req-d5aa0999-2ce4-4c0d-88c2-a919fa986f7b req-d5aa0999-2ce4-4c0d-88c2-a919fa986f7b ] Request (FloatingIPsTestJSON:_run_cleanups): 404 DELETE http://10.180.1.21/compute/v2.1/os-floating-ips/06c83e34-34dd-412d-ad32-8d6f63fa5851 0.682s
2025-12-15 13:50:05.281 65797 INFO tempest.lib.common.rest_client [req-0a814d2b-c8be-44a0-88a0-f15579926d03 req-0a814d2b-c8be-44a0-88a0-f15579926d03 ] Request (ListImageFiltersTestJSON:setUpClass): 200 GET http://10.180.1.21/compute/v2.1/images/844628e8-d621-4558-b69c-ddac15941bdd 0.710s
2025-12-15 13:50:05.292 65833 INFO tempest.lib.common.rest_client [req-a9937ea3-f549-4c2e-8024-eef8e4cdfa22 req-a9937ea3-f549-4c2e-8024-eef8e4cdfa22 ] Request (ImagesNegativeTestJSON:test_create_image_from_invalid_server): 404 POST http://10.180.1.21/compute/v2.1/servers/tempest-invalid-1513872435/action 0.689s
2025-12-15 13:50:05.394 65831 INFO tempest.lib.common.rest_client [req-f4fe60ca-dca5-40e9-90c6-976567c3a256 req-f4fe60ca-dca5-40e9-90c6-976567c3a256 ] Request (DeleteServersAdminTestJSON:tearDownClass): 204 DELETE http://10.180.1.21/identity/v3/users/e1f807dee0f44551908ec56163ef6787 0.139s
2025-12-15 13:50:05.395 65831 INFO tempest.lib.common.dynamic_creds [-] Deleting project and security group for project: 45105bdef1614a7fa9c67f9f1ec0d213
2025-12-15 13:50:05.479 65831 INFO tempest.lib.common.rest_client [req-8f0c88da-b7c6-4315-92e8-f3c46d345173 req-8f0c88da-b7c6-4315-92e8-f3c46d345173 ] Request (DeleteServersAdminTestJSON:tearDownClass): 201 POST http://10.180.1.21/identity/v3/auth/tokens 0.084s
2025-12-15 13:50:05.558 65807 INFO tempest.lib.common.rest_client [req-71018e6b-33dc-41cb-9d1e-d0ee138949e4 req-71018e6b-33dc-41cb-9d1e-d0ee138949e4 ] Request (VolumesAssistedSnapshotsTest:_run_cleanups): 200 GET http://10.180.1.21/volume/v3/volumes/54b7acc1-c4bf-46e8-9c91-0edd0066d644 0.033s
2025-12-15 13:50:05.877 65789 INFO paramiko.transport [-] Connected (version 2.0, client dropbear_2020.81)
2025-12-15 13:50:05.970 65837 INFO tempest.lib.common.rest_client [req-62418c54-7e30-433e-bbcd-ff413965ab61 req-62418c54-7e30-433e-bbcd-ff413965ab61 ] Request (AttachInterfacesTestJSON:test_create_list_show_delete_interfaces_by_fixed_ip): 200 GET http://10.180.1.21/compute/v2.1/servers/fed24b60-c08b-4edd-8daa-b9148cf6d914/os-interface 1.163s
2025-12-15 13:50:05.995 65789 INFO paramiko.transport [-] Authentication (publickey) successful!
2025-12-15 13:50:05.995 65789 INFO tempest.lib.common.ssh [-] ssh connection to cirros@10.180.180.228 successfully created
2025-12-15 13:50:06.095 65831 INFO tempest.lib.common.rest_client [req-c0359c24-c906-47ce-bb5f-968d72a329bd req-c0359c24-c906-47ce-bb5f-968d72a329bd ] Request (DeleteServersAdminTestJSON:tearDownClass): 200 GET http://10.180.1.21/networking/v2.0/security-groups?tenant_id=45105bdef1614a7fa9c67f9f1ec0d213&name=default 0.615s
2025-12-15 13:50:06.119 65809 INFO tempest.lib.common.rest_client [req-ccc8fcda-51c4-45b7-8d9d-5e96ababc274 req-ccc8fcda-51c4-45b7-8d9d-5e96ababc274 ] Request (FloatingIPsTestJSON:tearDownClass): 200 PUT http://10.180.1.21/networking/v2.0/routers/6003f1cc-4e09-43cd-b002-f717ab8e9412/remove_router_interface 0.857s
2025-12-15 13:50:06.151 65821 INFO tempest.lib.common.rest_client [req-7c16ebef-8f39-429b-a72c-e1221a1fda8e req-7c16ebef-8f39-429b-a72c-e1221a1fda8e ] Request (FloatingIPsAssociationTestJSON:test_associate_already_associated_floating_ip): 200 GET http://10.180.1.21/compute/v2.1/servers/76609a46-889b-4f40-b66b-cc14a5ce5c28 1.519s
2025-12-15 13:50:06.171 65793 INFO tempest.lib.common.rest_client [req-616c0f42-c27f-47aa-8008-e51f12a98efd req-616c0f42-c27f-47aa-8008-e51f12a98efd ] Request (ServersWithSpecificFlavorTestJSON:test_verify_created_server_ephemeral_disk): 200 GET http://10.180.1.21/compute/v2.1/servers/ab6c7749-a88c-417a-9ff1-e0cb557fe9b6 1.293s
2025-12-15 13:50:06.249 65831 INFO tempest.lib.common.rest_client [req-71c7ee2c-0b16-4309-9ab2-cf05d504dea4 req-71c7ee2c-0b16-4309-9ab2-cf05d504dea4 ] Request (DeleteServersAdminTestJSON:tearDownClass): 204 DELETE http://10.180.1.21/networking/v2.0/security-groups/0663161e-9b8d-4c58-97ef-c7c5e0db63a5 0.153s
2025-12-15 13:50:06.350 65831 INFO tempest.lib.common.rest_client [req-2d9f8f02-9c0d-4ce1-bd01-b3800d1690b9 req-2d9f8f02-9c0d-4ce1-bd01-b3800d1690b9 ] Request (DeleteServersAdminTestJSON:tearDownClass): 204 DELETE http://10.180.1.21/identity/v3/projects/45105bdef1614a7fa9c67f9f1ec0d213 0.101s
2025-12-15 13:50:06.350 65831 INFO tempest.lib.common.dynamic_creds [-] Deleting project and security group for project: e833f179a6284d79bf70902e543a3352
2025-12-15 13:50:06.469 65805 INFO tempest.lib.common.rest_client [req-ce7580ad-3177-4e29-bb19-28cc86d485fc req-ce7580ad-3177-4e29-bb19-28cc86d485fc ] Request (TenantUsagesTestJSON:tearDownClass): 200 GET http://10.180.1.21/compute/v2.1/servers/1e9a0844-128f-4594-b8d7-367e5e0502d6 1.529s
2025-12-15 13:50:06.579 65835 INFO tempest.lib.common.rest_client [req-dbbfa417-9ff9-4f1e-8274-ecf4d4380f5d req-dbbfa417-9ff9-4f1e-8274-ecf4d4380f5d ] Request (ServersTestFqdnHostnames:test_create_server_with_fqdn_name): 200 GET http://10.180.1.21/compute/v2.1/servers/ecbce5aa-db62-4bfa-b4bb-2fb7d3ec1d10/os-interface 1.625s
2025-12-15 13:50:06.587 65807 INFO tempest.lib.common.rest_client [req-ddbf729e-070c-475e-b161-ccaeaeee0a4f req-ddbf729e-070c-475e-b161-ccaeaeee0a4f ] Request (VolumesAssistedSnapshotsTest:_run_cleanups): 404 GET http://10.180.1.21/volume/v3/volumes/54b7acc1-c4bf-46e8-9c91-0edd0066d644 0.018s
2025-12-15 13:50:06.610 65819 INFO tempest.lib.common.rest_client [req-11f0a52e-597c-4e63-84d1-74eb85778e14 req-11f0a52e-597c-4e63-84d1-74eb85778e14 ] Request (KeyPairsV22TestJSON:_run_cleanups): 204 DELETE http://10.180.1.21/compute/v2.1/os-keypairs/tempest-keypair-1724080178 1.576s
2025-12-15 13:50:06.718 65831 INFO tempest.lib.common.rest_client [req-4d02a788-caf5-43ba-8d60-83d5e008edd5 req-4d02a788-caf5-43ba-8d60-83d5e008edd5 ] Request (DeleteServersAdminTestJSON:tearDownClass): 200 GET http://10.180.1.21/networking/v2.0/security-groups?tenant_id=e833f179a6284d79bf70902e543a3352&name=default 0.367s
2025-12-15 13:50:06.770 65809 INFO tempest.lib.common.rest_client [req-285b65c7-8660-47f3-99c5-8084f4b25ade req-285b65c7-8660-47f3-99c5-8084f4b25ade ] Request (FloatingIPsTestJSON:tearDownClass): 204 DELETE http://10.180.1.21/networking/v2.0/routers/6003f1cc-4e09-43cd-b002-f717ab8e9412 0.650s
2025-12-15 13:50:06.806 65803 INFO tempest.lib.common.rest_client [req-5c634f2c-d68b-4f86-9163-62f700a659d4 req-5c634f2c-d68b-4f86-9163-62f700a659d4 ] Request (AttachInterfacesV270Test:test_create_get_list_interfaces): 200 GET http://10.180.1.21/compute/v2.1/servers/29669bce-3413-4176-aebc-623cf5db5e34 1.836s
2025-12-15 13:50:06.815 65817 INFO tempest.lib.common.rest_client [req-255485bc-44c7-4383-b833-760c798c46a9 req-255485bc-44c7-4383-b833-760c798c46a9 ] Request (ServersAdminTestJSON:setUpClass): 200 GET http://10.180.1.21/compute/v2.1/servers/86bf3deb-85fe-43b5-a43e-1ab5645de338 1.770s
2025-12-15 13:50:06.818 65841 INFO tempest.lib.common.rest_client [req-51326fda-d6ef-48ee-8e89-e17f27647d5e req-51326fda-d6ef-48ee-8e89-e17f27647d5e ] Request (ServerMetadataNegativeTestJSON:test_set_metadata_non_existent_server): 404 PUT http://10.180.1.21/compute/v2.1/servers/5d6e1320-c89f-48ab-a6d7-4bd46e4cdb6d/metadata 1.753s
2025-12-15 13:50:06.829 65787 INFO tempest.lib.common.rest_client [req-e5d81ae6-8b89-4aee-95d0-34d8741380c3 req-e5d81ae6-8b89-4aee-95d0-34d8741380c3 ] Request (ServersAdminNegativeTestJSON:test_reset_state_server_invalid_type): 400 POST http://10.180.1.21/compute/v2.1/servers/156500db-f82c-48a6-a37b-b1e195063df6/action 1.602s
2025-12-15 13:50:06.906 65831 INFO tempest.lib.common.rest_client [req-f84547fb-f732-4584-aed6-d117e35c2b04 req-f84547fb-f732-4584-aed6-d117e35c2b04 ] Request (DeleteServersAdminTestJSON:tearDownClass): 204 DELETE http://10.180.1.21/networking/v2.0/security-groups/00188735-7ad8-453b-b14d-7669f74ea047 0.187s
2025-12-15 13:50:07.074 65809 INFO tempest.lib.common.rest_client [req-23d96926-2977-41e1-b3fe-b16267a52d9a req-23d96926-2977-41e1-b3fe-b16267a52d9a ] Request (FloatingIPsTestJSON:tearDownClass): 204 DELETE http://10.180.1.21/networking/v2.0/subnets/1bcd269e-32fc-4176-b43c-aff9b0b6774a 0.303s
2025-12-15 13:50:07.083 65831 INFO tempest.lib.common.rest_client [req-31631bb3-4093-493c-b511-cfa476c0626d req-31631bb3-4093-493c-b511-cfa476c0626d ] Request (DeleteServersAdminTestJSON:tearDownClass): 204 DELETE http://10.180.1.21/identity/v3/projects/e833f179a6284d79bf70902e543a3352 0.177s
2025-12-15 13:50:07.151 65811 INFO tempest.lib.common.rest_client [req-1a7d2fbb-4db4-4627-9d13-619ae3d344cf req-1a7d2fbb-4db4-4627-9d13-619ae3d344cf ] Request (ServerShowV257Test:tearDownClass): 200 GET http://10.180.1.21/compute/v2.1/servers/75761fdd-0ae2-4f8b-98c5-cf6018d629dd 1.954s
2025-12-15 13:50:07.171 65831 INFO tempest.lib.common.rest_client [req-379b7ad8-afa8-4747-9dfa-34d2b182bd30 req-379b7ad8-afa8-4747-9dfa-34d2b182bd30 ] Request (FlavorsAccessNegativeTestJSON:setUpClass): 201 POST http://10.180.1.21/identity/v3/auth/tokens 0.086s
2025-12-15 13:50:07.175 65783 INFO tempest.lib.common.rest_client [req-8e7e761f-bf94-4661-8c17-59f0d51d1509 req-8e7e761f-bf94-4661-8c17-59f0d51d1509 ] Request (FlavorsAdminTestJSON:_run_cleanups): 202 DELETE http://10.180.1.21/compute/v2.1/flavors/1020276566 1.941s
2025-12-15 13:50:07.181 65833 INFO tempest.lib.common.rest_client [req-6608c6dd-3ff9-4039-9c1e-321e58e96ed2 req-6608c6dd-3ff9-4039-9c1e-321e58e96ed2 ] Request (ImagesNegativeTestJSON:test_create_image_specify_uuid_35_characters_or_less): 404 POST http://10.180.1.21/compute/v2.1/servers/aaaaaaaaaaaaaaaaaaaaaaaaaaaaaaaaaaa/action 1.888s
2025-12-15 13:50:07.218 65831 INFO tempest.lib.common.rest_client [req-e0f0a374-9c7a-4e58-8eb6-c89a1faa7289 req-e0f0a374-9c7a-4e58-8eb6-c89a1faa7289 ] Request (FlavorsAccessNegativeTestJSON:setUpClass): 201 POST http://10.180.1.21/identity/v3/auth/tokens 0.045s
2025-12-15 13:50:07.249 65831 INFO tempest.lib.common.rest_client [req-389bf1ab-b886-45ec-a441-9b08f8699b22 req-389bf1ab-b886-45ec-a441-9b08f8699b22 ] Request (FlavorsAccessNegativeTestJSON:setUpClass): 200 GET http://10.180.1.21/identity/v3/domains?name=Default 0.030s
2025-12-15 13:50:07.281 65831 INFO tempest.lib.common.rest_client [req-a77dcdfc-ddbe-4c19-a5f2-c55a86a47aca req-a77dcdfc-ddbe-4c19-a5f2-c55a86a47aca ] Request (FlavorsAccessNegativeTestJSON:setUpClass): 201 POST http://10.180.1.21/identity/v3/projects 0.031s
2025-12-15 13:50:07.305 65835 INFO tempest.lib.common.rest_client [req-abe57cc5-86c7-4a7e-8f15-66331d296130 req-abe57cc5-86c7-4a7e-8f15-66331d296130 ] Request (ServersTestFqdnHostnames:test_create_server_with_fqdn_name): 200 PUT http://10.180.1.21/networking/v2.0/floatingips/24129a2c-9f1a-4bd4-ae71-9f9955eac93d 0.722s
2025-12-15 13:50:07.306 65835 INFO tempest.lib.common.ssh [-] Creating ssh connection to '10.180.180.128:22' as 'cirros' with public key authentication
2025-12-15 13:50:07.348 65831 INFO tempest.lib.common.rest_client [req-e2570c3b-3daf-474e-82ce-695d4ffb00be req-e2570c3b-3daf-474e-82ce-695d4ffb00be ] Request (FlavorsAccessNegativeTestJSON:setUpClass): 201 POST http://10.180.1.21/identity/v3/users 0.066s
2025-12-15 13:50:07.377 65831 INFO tempest.lib.common.rest_client [req-069e79d4-e38f-45e6-93c7-3f6a1bbc3520 req-069e79d4-e38f-45e6-93c7-3f6a1bbc3520 ] Request (FlavorsAccessNegativeTestJSON:setUpClass): 200 GET http://10.180.1.21/identity/v3/roles 0.028s
2025-12-15 13:50:07.380 65843 WARNING tempest.lib.common.ssh [-] Failed to establish authenticated ssh connection to cirros@10.180.180.209 ([Errno None] Unable to connect to port 22 on 10.180.180.209). Number attempts: 6. Retry after 7 seconds.: paramiko.ssh_exception.NoValidConnectionsError: [Errno None] Unable to connect to port 22 on 10.180.180.209
2025-12-15 13:50:07.395 65809 INFO tempest.lib.common.rest_client [req-d1dba2a5-ea22-44b4-bb67-251f57eaa3da req-d1dba2a5-ea22-44b4-bb67-251f57eaa3da ] Request (FloatingIPsTestJSON:tearDownClass): 204 DELETE http://10.180.1.21/networking/v2.0/networks/95e29008-b105-4a09-ab34-4fd0c4739ed8 0.320s
2025-12-15 13:50:07.435 65831 INFO tempest.lib.common.rest_client [req-b3d01397-a313-43c2-bb66-ca71784a8792 req-b3d01397-a313-43c2-bb66-ca71784a8792 ] Request (FlavorsAccessNegativeTestJSON:setUpClass): 204 PUT http://10.180.1.21/identity/v3/projects/a1bcb0b395c64a91aaad0fa6c968ff5c/users/31960dc7502642bbadc32a4d35ecaf34/roles/a98ecd7b49884e209ece9f19751ee7ae 0.057s
2025-12-15 13:50:07.435 65831 INFO tempest.lib.common.dynamic_creds [-] Dynamic test user 31960dc7502642bbadc32a4d35ecaf34 is created with scope project and roles: ['member']
2025-12-15 13:50:07.435 65831 INFO tempest.lib.common.dynamic_creds [-] Acquired dynamic creds: credentials: Credentials: {'domain_id': 'default', 'domain_name': 'Default', 'username': 'tempest-FlavorsAccessNegativeTestJSON-1472822197-project-member', 'project_domain_id': 'default', 'project_domain_name': 'Default', 'project_id': 'a1bcb0b395c64a91aaad0fa6c968ff5c', 'project_name': 'tempest-FlavorsAccessNegativeTestJSON-1472822197', 'tenant_id': 'a1bcb0b395c64a91aaad0fa6c968ff5c', 'tenant_name': 'tempest-FlavorsAccessNegativeTestJSON-1472822197', 'user_domain_id': 'default', 'user_domain_name': 'Default', 'user_id': '31960dc7502642bbadc32a4d35ecaf34', 'system': None}, Network: None, Subnet: None, Router: None
2025-12-15 13:50:07.436 65831 INFO tempest.lib.common.dynamic_creds [-] Created isolated network resources for: credentials: Credentials: {'domain_id': 'default', 'domain_name': 'Default', 'username': 'tempest-FlavorsAccessNegativeTestJSON-1472822197-project-member', 'project_domain_id': 'default', 'project_domain_name': 'Default', 'project_id': 'a1bcb0b395c64a91aaad0fa6c968ff5c', 'project_name': 'tempest-FlavorsAccessNegativeTestJSON-1472822197', 'tenant_id': 'a1bcb0b395c64a91aaad0fa6c968ff5c', 'tenant_name': 'tempest-FlavorsAccessNegativeTestJSON-1472822197', 'user_domain_id': 'default', 'user_domain_name': 'Default', 'user_id': '31960dc7502642bbadc32a4d35ecaf34', 'system': None}, Network: None, Subnet: None, Router: None
2025-12-15 13:50:07.483 65785 INFO tempest.lib.common.rest_client [req-bee3e3e9-c1ec-4356-ae50-03c3b17468e3 req-bee3e3e9-c1ec-4356-ae50-03c3b17468e3 ] Request (ListServerFiltersTestJSON:test_list_servers_filtered_by_ip_regex): 200 GET http://10.180.1.21/compute/v2.1/servers/detail 2.253s
2025-12-15 13:50:07.536 65815 INFO tempest.lib.common.rest_client [req-c84f7114-2e16-4768-af16-eb444168558c req-c84f7114-2e16-4768-af16-eb444168558c ] Request (ImagesOneServerTestJSON:test_create_delete_image): 200 GET http://10.180.1.21/compute/v2.1/images/6bc8ff04-936f-4df8-b1b6-226cca1b3be5 1.983s
2025-12-15 13:50:07.540 65791 INFO tempest.lib.common.rest_client [req-4b2554f5-6a99-4f1b-83c7-200cc16ba8ce req-4b2554f5-6a99-4f1b-83c7-200cc16ba8ce ] Request (MigrationsAdminTest:test_list_migrations_in_flavor_resize_situation): 200 GET http://10.180.1.21/compute/v2.1/servers/2de5e3f8-de43-4a1a-9ec6-92515d53d73f 2.088s
2025-12-15 13:50:07.547 65791 INFO tempest.common.waiters [-] State transition "VERIFY_RESIZE/None" ==> "ACTIVE/None" after 15 second wait
2025-12-15 13:50:07.548 65809 INFO tempest.lib.common.rest_client [req-0344ae5f-f42a-4bf3-a21f-cf667f6a295e req-0344ae5f-f42a-4bf3-a21f-cf667f6a295e ] Request (FloatingIPsTestJSON:tearDownClass): 204 DELETE http://10.180.1.21/identity/v3/users/13fed8590a094da6bfc13eb2759fc3d1 0.152s
2025-12-15 13:50:07.548 65809 INFO tempest.lib.common.dynamic_creds [-] Deleting project and security group for project: 69d00a95b5dc43afbe01e3345e334aa0
2025-12-15 13:50:07.554 65831 INFO tempest.lib.common.rest_client [req-d9ea9cd3-f2bd-4785-87c3-0511023a7178 req-d9ea9cd3-f2bd-4785-87c3-0511023a7178 ] Request (FlavorsAccessNegativeTestJSON:setUpClass): 201 POST http://10.180.1.21/identity/v3/auth/tokens 0.112s
2025-12-15 13:50:07.582 65809 INFO tempest.lib.common.rest_client [req-2ef6951b-a8d1-4641-b36a-b5fdb4aaa248 req-2ef6951b-a8d1-4641-b36a-b5fdb4aaa248 ] Request (FloatingIPsTestJSON:tearDownClass): 200 GET http://10.180.1.21/networking/v2.0/security-groups?tenant_id=69d00a95b5dc43afbe01e3345e334aa0&name=default 0.033s
2025-12-15 13:50:07.676 65831 INFO tempest.lib.common.rest_client [req-180929b5-1dd6-4dcb-a720-ad2f9399e55e req-180929b5-1dd6-4dcb-a720-ad2f9399e55e ] Request (FlavorsAccessNegativeTestJSON:setUpClass): 201 POST http://10.180.1.21/identity/v3/projects 0.121s
2025-12-15 13:50:07.752 65809 INFO tempest.lib.common.rest_client [req-e4f3628e-6574-4d90-9ece-2d08169df43e req-e4f3628e-6574-4d90-9ece-2d08169df43e ] Request (FloatingIPsTestJSON:tearDownClass): 204 DELETE http://10.180.1.21/networking/v2.0/security-groups/062f24ea-ca7b-4588-9208-aec5ce4ad59f 0.170s
2025-12-15 13:50:07.766 65801 INFO tempest.lib.common.rest_client [req-0f6155f1-a2b9-4b5b-b6f5-73c1c34c4ca2 req-0f6155f1-a2b9-4b5b-b6f5-73c1c34c4ca2 ] Request (InstanceActionsNegativeTestJSON:setUpClass): 200 GET http://10.180.1.21/compute/v2.1/servers/639060b2-6c4b-4462-b02c-80cbb106b6bb 2.071s
2025-12-15 13:50:07.773 65801 INFO tempest.common.waiters [-] State transition "BUILD/block_device_mapping" ==> "BUILD/spawning" after 17 second wait
2025-12-15 13:50:07.792 65825 INFO tempest.lib.common.rest_client [req-e5341222-3f96-4713-afe0-182fecde516b req-e5341222-3f96-4713-afe0-182fecde516b ] Request (ImagesTestJSON:test_create_image_from_stopped_server): 200 GET http://10.180.1.21/compute/v2.1/servers/9505a4b7-97d3-4163-9fd2-70b888d6f348 1.967s
2025-12-15 13:50:07.803 65825 INFO tempest.common.waiters [-] State transition "ACTIVE/powering-off" ==> "SHUTOFF/None" after 3 second wait
2025-12-15 13:50:07.812 65831 INFO tempest.lib.common.rest_client [req-0d11e8c3-ed3d-42af-8bcb-fd530dae3796 req-0d11e8c3-ed3d-42af-8bcb-fd530dae3796 ] Request (FlavorsAccessNegativeTestJSON:setUpClass): 201 POST http://10.180.1.21/identity/v3/users 0.135s
2025-12-15 13:50:07.827 65789 INFO tempest.lib.common.rest_client [req-d7388e3d-0a2c-42b1-afd4-1f94327cdd87 req-d7388e3d-0a2c-42b1-afd4-1f94327cdd87 ] Request (ServersTestJSON:test_list_servers): 200 GET http://10.180.1.21/compute/v2.1/servers 1.822s
2025-12-15 13:50:07.833 65831 INFO tempest.lib.common.rest_client [req-89af55d3-7a22-4d5c-960b-ac078ff842fe req-89af55d3-7a22-4d5c-960b-ac078ff842fe ] Request (FlavorsAccessNegativeTestJSON:setUpClass): 200 GET http://10.180.1.21/identity/v3/roles 0.021s
2025-12-15 13:50:07.856 65827 INFO tempest.lib.common.rest_client [req-09b4f946-f0e5-49a3-82c6-20b06c048932 req-09b4f946-f0e5-49a3-82c6-20b06c048932 ] Request (ServersTestMultiNic:test_verify_multiple_nics_order): 200 GET http://10.180.1.21/compute/v2.1/servers/e149790a-cc14-44a1-8107-eca7ff541c0f 1.845s
2025-12-15 13:50:07.866 65809 INFO tempest.lib.common.rest_client [req-685a6ceb-70fc-4410-9c02-42df03aabced req-685a6ceb-70fc-4410-9c02-42df03aabced ] Request (FloatingIPsTestJSON:tearDownClass): 204 DELETE http://10.180.1.21/identity/v3/projects/69d00a95b5dc43afbe01e3345e334aa0 0.113s
2025-12-15 13:50:07.868 65827 INFO tempest.common.waiters [-] State transition "BUILD/scheduling" ==> "BUILD/None" after 2 second wait
2025-12-15 13:50:07.872 65797 INFO tempest.lib.common.rest_client [req-c9363aca-1edb-4394-bc36-62c7ed9a9e50 req-c9363aca-1edb-4394-bc36-62c7ed9a9e50 ] Request (ListImageFiltersTestJSON:setUpClass): 200 GET http://10.180.1.21/compute/v2.1/images/844628e8-d621-4558-b69c-ddac15941bdd 1.586s
2025-12-15 13:50:07.903 65809 INFO tempest.lib.common.rest_client [req-64ad90c6-69cf-49b1-a74a-abb8d5a9ac21 req-64ad90c6-69cf-49b1-a74a-abb8d5a9ac21 ] Request (VolumesTestJSON:setUpClass): 201 POST http://10.180.1.21/identity/v3/auth/tokens 0.035s
2025-12-15 13:50:07.925 65819 INFO tempest.lib.common.rest_client [req-9197ed3a-c495-42a4-bbec-6a1dc23a8614 req-9197ed3a-c495-42a4-bbec-6a1dc23a8614 ] Request (KeyPairsV22TestJSON:test_keypair_create_with_pub_key): 201 POST http://10.180.1.21/compute/v2.1/os-keypairs 1.312s
2025-12-15 13:50:07.929 65831 INFO tempest.lib.common.rest_client [req-bcbb2fb8-1b86-4f96-9f3a-685007ee88b4 req-bcbb2fb8-1b86-4f96-9f3a-685007ee88b4 ] Request (FlavorsAccessNegativeTestJSON:setUpClass): 204 PUT http://10.180.1.21/identity/v3/projects/5e01a39c8d474de5ac7d73bc18ab414a/users/d745164869a949db97d26f46822a90db/roles/d1e763536b93417795c1db33777afef9 0.095s
2025-12-15 13:50:07.933 65841 INFO tempest.lib.common.rest_client [req-13dfa265-84ba-461f-b0c8-ba462fd9b2a3 req-13dfa265-84ba-461f-b0c8-ba462fd9b2a3 ] Request (ServerMetadataNegativeTestJSON:test_set_server_metadata_blank_key): 400 PUT http://10.180.1.21/compute/v2.1/servers/92a24a98-adcc-43fa-a2e8-cba48d3c3cf8/metadata 1.112s
2025-12-15 13:50:07.939 65787 INFO tempest.lib.common.rest_client [req-d310d1d1-8ed8-46c3-9e07-831bf9d4da02 req-d310d1d1-8ed8-46c3-9e07-831bf9d4da02 ] Request (ServersAdminNegativeTestJSON:test_reset_state_server_nonexistent_server): 404 POST http://10.180.1.21/compute/v2.1/servers/999/action 1.109s
2025-12-15 13:50:07.977 65809 INFO tempest.lib.common.rest_client [req-f6c4eee6-f20d-4ffc-ac2e-7fc8c47c5080 req-f6c4eee6-f20d-4ffc-ac2e-7fc8c47c5080 ] Request (VolumesTestJSON:setUpClass): 201 POST http://10.180.1.21/identity/v3/auth/tokens 0.071s
2025-12-15 13:50:07.977 65807 INFO tempest.lib.common.rest_client [req-010ab9d5-e405-4299-b98c-ac6288ed25e0 req-010ab9d5-e405-4299-b98c-ac6288ed25e0 ] Request (VolumesAssistedSnapshotsTest:tearDownClass): 204 DELETE http://10.180.1.21/compute/v2.1/servers/4e54e47f-01a8-4c5e-8881-332ca18d943c 1.384s
2025-12-15 13:50:08.005 65809 INFO tempest.lib.common.rest_client [req-21ef7cd0-fd19-4abe-b760-5f3ed7650fb3 req-21ef7cd0-fd19-4abe-b760-5f3ed7650fb3 ] Request (VolumesTestJSON:setUpClass): 200 GET http://10.180.1.21/identity/v3/domains?name=Default 0.028s
2025-12-15 13:50:08.016 65831 INFO tempest.lib.common.rest_client [req-174ccfc9-d72e-4632-ad33-3bd3167331e4 req-174ccfc9-d72e-4632-ad33-3bd3167331e4 ] Request (FlavorsAccessNegativeTestJSON:setUpClass): 200 GET http://10.180.1.21/identity/v3/roles 0.086s
2025-12-15 13:50:08.021 65837 INFO tempest.lib.common.rest_client [req-726ae316-7cb6-4cdf-b5d8-e3b779099022 req-726ae316-7cb6-4cdf-b5d8-e3b779099022 ] Request (AttachInterfacesTestJSON:test_create_list_show_delete_interfaces_by_fixed_ip): 200 GET http://10.180.1.21/compute/v2.1/servers/fed24b60-c08b-4edd-8daa-b9148cf6d914/os-interface 1.045s
2025-12-15 13:50:08.038 65831 INFO tempest.lib.common.rest_client [req-2fc524ce-5c91-42dd-94d0-33c7f3732901 req-2fc524ce-5c91-42dd-94d0-33c7f3732901 ] Request (FlavorsAccessNegativeTestJSON:setUpClass): 204 PUT http://10.180.1.21/identity/v3/projects/5e01a39c8d474de5ac7d73bc18ab414a/users/d745164869a949db97d26f46822a90db/roles/d1e763536b93417795c1db33777afef9 0.022s
2025-12-15 13:50:08.039 65831 INFO tempest.lib.common.dynamic_creds [-] Dynamic test user d745164869a949db97d26f46822a90db is created with scope project and roles: ['admin']
2025-12-15 13:50:08.039 65831 INFO tempest.lib.common.dynamic_creds [-] Acquired dynamic creds: credentials: Credentials: {'domain_id': 'default', 'domain_name': 'Default', 'username': 'tempest-FlavorsAccessNegativeTestJSON-3180600-project-admin', 'project_domain_id': 'default', 'project_domain_name': 'Default', 'project_id': '5e01a39c8d474de5ac7d73bc18ab414a', 'project_name': 'tempest-FlavorsAccessNegativeTestJSON-3180600', 'tenant_id': '5e01a39c8d474de5ac7d73bc18ab414a', 'tenant_name': 'tempest-FlavorsAccessNegativeTestJSON-3180600', 'user_domain_id': 'default', 'user_domain_name': 'Default', 'user_id': 'd745164869a949db97d26f46822a90db', 'system': None}, Network: None, Subnet: None, Router: None
2025-12-15 13:50:08.039 65831 INFO tempest.lib.common.dynamic_creds [-] Created isolated network resources for: credentials: Credentials: {'domain_id': 'default', 'domain_name': 'Default', 'username': 'tempest-FlavorsAccessNegativeTestJSON-3180600-project-admin', 'project_domain_id': 'default', 'project_domain_name': 'Default', 'project_id': '5e01a39c8d474de5ac7d73bc18ab414a', 'project_name': 'tempest-FlavorsAccessNegativeTestJSON-3180600', 'tenant_id': '5e01a39c8d474de5ac7d73bc18ab414a', 'tenant_name': 'tempest-FlavorsAccessNegativeTestJSON-3180600', 'user_domain_id': 'default', 'user_domain_name': 'Default', 'user_id': 'd745164869a949db97d26f46822a90db', 'system': None}, Network: None, Subnet: None, Router: None
2025-12-15 13:50:08.045 65809 INFO tempest.lib.common.rest_client [req-98369c84-6a2e-4699-bb0f-1a6cef759ef2 req-98369c84-6a2e-4699-bb0f-1a6cef759ef2 ] Request (VolumesTestJSON:setUpClass): 201 POST http://10.180.1.21/identity/v3/projects 0.039s
2025-12-15 13:50:08.051 65783 INFO tempest.lib.common.rest_client [req-6f6de204-655c-41c7-99ac-d7eda2320ff8 req-6f6de204-655c-41c7-99ac-d7eda2320ff8 ] Request (FlavorsAdminTestJSON:_run_cleanups): 200 GET http://10.180.1.21/compute/v2.1/flavors/detail 0.875s
2025-12-15 13:50:08.066 65837 INFO tempest.lib.common.rest_client [req-aeec1e48-8202-494d-82b5-9b2e2e862558 req-aeec1e48-8202-494d-82b5-9b2e2e862558 ] Request (AttachInterfacesTestJSON:_run_cleanups): 404 DELETE http://10.180.1.21/networking/v2.0/ports/4dbf5e3d-b270-4e52-8d48-5bea167cc2f0 0.041s
2025-12-15 13:50:08.104 65821 INFO tempest.lib.common.rest_client [req-85812398-6f95-4b0f-9f13-a00cc0e85cc8 req-85812398-6f95-4b0f-9f13-a00cc0e85cc8 ] Request (FloatingIPsAssociationTestJSON:test_associate_already_associated_floating_ip): 200 GET http://10.180.1.21/compute/v2.1/servers/76609a46-889b-4f40-b66b-cc14a5ce5c28 0.944s
2025-12-15 13:50:08.110 65833 INFO tempest.lib.common.rest_client [req-2140f317-a78c-429b-bbff-3df6486b808b req-2140f317-a78c-429b-bbff-3df6486b808b ] Request (ImagesNegativeTestJSON:test_create_image_specify_uuid_37_characters_or_more): 404 POST http://10.180.1.21/compute/v2.1/servers/aaaaaaaaaaaaaaaaaaaaaaaaaaaaaaaaaaaaa/action 0.928s
2025-12-15 13:50:08.115 65809 INFO tempest.lib.common.rest_client [req-7a2e7791-4805-44cf-99fd-1dee2b7d97e1 req-7a2e7791-4805-44cf-99fd-1dee2b7d97e1 ] Request (VolumesTestJSON:setUpClass): 201 POST http://10.180.1.21/identity/v3/users 0.069s
2025-12-15 13:50:08.123 65831 INFO tempest.lib.common.rest_client [req-8296b71a-9590-4138-8670-8f0473384b83 req-8296b71a-9590-4138-8670-8f0473384b83 ] Request (FlavorsAccessNegativeTestJSON:setUpClass): 201 POST http://10.180.1.21/identity/v3/auth/tokens 0.079s
2025-12-15 13:50:08.124 65793 INFO tempest.lib.common.rest_client [req-461c6cf1-296a-405d-95c9-19f3964b6b77 req-461c6cf1-296a-405d-95c9-19f3964b6b77 ] Request (ServersWithSpecificFlavorTestJSON:test_verify_created_server_ephemeral_disk): 200 GET http://10.180.1.21/compute/v2.1/servers/ab6c7749-a88c-417a-9ff1-e0cb557fe9b6 0.944s
2025-12-15 13:50:08.143 65809 INFO tempest.lib.common.rest_client [req-90ade6de-089d-40f9-a78a-33392baeb9a8 req-90ade6de-089d-40f9-a78a-33392baeb9a8 ] Request (VolumesTestJSON:setUpClass): 200 GET http://10.180.1.21/identity/v3/roles 0.028s
2025-12-15 13:50:08.179 65831 INFO tempest.lib.common.rest_client [req-b8127a0a-42f1-400d-8ed6-9ae765c304ae req-b8127a0a-42f1-400d-8ed6-9ae765c304ae ] Request (FlavorsAccessNegativeTestJSON:setUpClass): 201 POST http://10.180.1.21/identity/v3/projects 0.055s
2025-12-15 13:50:08.192 65783 INFO tempest.lib.common.rest_client [req-5702a4b5-97bd-4ee2-9d7f-b374a1640fb6 req-5702a4b5-97bd-4ee2-9d7f-b374a1640fb6 ] Request (FlavorsAdminTestJSON:tearDownClass): 204 DELETE http://10.180.1.21/identity/v3/users/a65f31f1c87640048f6c69d3012513b0 0.135s
2025-12-15 13:50:08.230 65805 INFO tempest.lib.common.rest_client [req-775c5fcd-0221-40b3-bd03-ba7f963744b5 req-775c5fcd-0221-40b3-bd03-ba7f963744b5 ] Request (TenantUsagesTestJSON:tearDownClass): 200 GET http://10.180.1.21/compute/v2.1/servers/1e9a0844-128f-4594-b8d7-367e5e0502d6 0.750s
2025-12-15 13:50:08.263 65831 INFO tempest.lib.common.rest_client [req-28c52dbd-083b-49b8-817e-4a09959bf377 req-28c52dbd-083b-49b8-817e-4a09959bf377 ] Request (FlavorsAccessNegativeTestJSON:setUpClass): 201 POST http://10.180.1.21/identity/v3/users 0.084s
2025-12-15 13:50:08.283 65809 INFO tempest.lib.common.rest_client [req-eb6624b3-0054-4cd2-a60e-07a3c40e03f1 req-eb6624b3-0054-4cd2-a60e-07a3c40e03f1 ] Request (VolumesTestJSON:setUpClass): 204 PUT http://10.180.1.21/identity/v3/projects/bcc906b49fd44aae8639c1032e3234be/users/37a6ca1e902b45b3ad0b125e0c9aa0c4/roles/a98ecd7b49884e209ece9f19751ee7ae 0.138s
2025-12-15 13:50:08.283 65809 INFO tempest.lib.common.dynamic_creds [-] Dynamic test user 37a6ca1e902b45b3ad0b125e0c9aa0c4 is created with scope project and roles: ['member']
