2025-12-15 13:50:54.811 65803 INFO tempest.lib.common.rest_client [req-e176271f-55c3-42f9-9a8b-afc1bd57be75 req-e176271f-55c3-42f9-9a8b-afc1bd57be75 ] Request (AttachInterfacesV270Test:tearDownClass): 204 DELETE http://10.180.1.21/identity/v3/projects/65d8b2b2506f460eb52674748b8f3881 0.131s
2025-12-15 13:50:54.909 65803 INFO tempest.lib.common.rest_client [req-2b917f68-6117-4058-868e-949176724875 req-2b917f68-6117-4058-868e-949176724875 ] Request (QuotasTestJSON:setUpClass): 201 POST http://10.180.1.21/identity/v3/auth/tokens 0.096s
2025-12-15 13:50:54.950 65803 INFO tempest.lib.common.rest_client [req-19c6444e-01bf-42b1-9ee1-bd7b3f0b2c1e req-19c6444e-01bf-42b1-9ee1-bd7b3f0b2c1e ] Request (QuotasTestJSON:setUpClass): 201 POST http://10.180.1.21/identity/v3/auth/tokens 0.039s
2025-12-15 13:50:54.982 65803 INFO tempest.lib.common.rest_client [req-1f1c5d62-bdd4-469f-91c3-8787573f78f8 req-1f1c5d62-bdd4-469f-91c3-8787573f78f8 ] Request (QuotasTestJSON:setUpClass): 200 GET http://10.180.1.21/identity/v3/domains?name=Default 0.031s
2025-12-15 13:50:55.008 65783 INFO tempest.lib.common.rest_client [req-e96689ff-2006-459d-a444-27cbb235da6f req-e96689ff-2006-459d-a444-27cbb235da6f ] Request (TenantUsagesNegativeTestJSON:tearDownClass): 200 GET http://10.180.1.21/networking/v2.0/security-groups?tenant_id=b0946d6cafcd4342a27881a7ed3b0fb3&name=default 0.271s
2025-12-15 13:50:55.014 65803 INFO tempest.lib.common.rest_client [req-7fc5eeef-80af-4520-9356-e064fffde780 req-7fc5eeef-80af-4520-9356-e064fffde780 ] Request (QuotasTestJSON:setUpClass): 201 POST http://10.180.1.21/identity/v3/projects 0.031s
2025-12-15 13:50:55.080 65803 INFO tempest.lib.common.rest_client [req-0c612cc8-c447-4b28-b3f4-77a18522946d req-0c612cc8-c447-4b28-b3f4-77a18522946d ] Request (QuotasTestJSON:setUpClass): 201 POST http://10.180.1.21/identity/v3/users 0.065s
2025-12-15 13:50:55.121 65803 INFO tempest.lib.common.rest_client [req-9270873a-08dc-4a4d-a0fe-658615db1bfd req-9270873a-08dc-4a4d-a0fe-658615db1bfd ] Request (QuotasTestJSON:setUpClass): 200 GET http://10.180.1.21/identity/v3/roles 0.038s
2025-12-15 13:50:55.153 65803 INFO tempest.lib.common.rest_client [req-0217a597-15ac-4fa5-aa1b-30dfc27963cc req-0217a597-15ac-4fa5-aa1b-30dfc27963cc ] Request (QuotasTestJSON:setUpClass): 204 PUT http://10.180.1.21/identity/v3/projects/f703f75a66ff4900ad9e37f65b1c23b4/users/e9f2a5404e5040d7b661152e5d276275/roles/a98ecd7b49884e209ece9f19751ee7ae 0.032s
2025-12-15 13:50:55.153 65803 INFO tempest.lib.common.dynamic_creds [-] Dynamic test user e9f2a5404e5040d7b661152e5d276275 is created with scope project and roles: ['member']
2025-12-15 13:50:55.154 65803 INFO tempest.lib.common.dynamic_creds [-] Acquired dynamic creds: credentials: Credentials: {'domain_id': 'default', 'domain_name': 'Default', 'username': 'tempest-QuotasTestJSON-872994868-project-member', 'project_domain_id': 'default', 'project_domain_name': 'Default', 'project_id': 'f703f75a66ff4900ad9e37f65b1c23b4', 'project_name': 'tempest-QuotasTestJSON-872994868', 'tenant_id': 'f703f75a66ff4900ad9e37f65b1c23b4', 'tenant_name': 'tempest-QuotasTestJSON-872994868', 'user_domain_id': 'default', 'user_domain_name': 'Default', 'user_id': 'e9f2a5404e5040d7b661152e5d276275', 'system': None}, Network: None, Subnet: None, Router: None
2025-12-15 13:50:55.154 65803 INFO tempest.lib.common.dynamic_creds [-] Created isolated network resources for: credentials: Credentials: {'domain_id': 'default', 'domain_name': 'Default', 'username': 'tempest-QuotasTestJSON-872994868-project-member', 'project_domain_id': 'default', 'project_domain_name': 'Default', 'project_id': 'f703f75a66ff4900ad9e37f65b1c23b4', 'project_name': 'tempest-QuotasTestJSON-872994868', 'tenant_id': 'f703f75a66ff4900ad9e37f65b1c23b4', 'tenant_name': 'tempest-QuotasTestJSON-872994868', 'user_domain_id': 'default', 'user_domain_name': 'Default', 'user_id': 'e9f2a5404e5040d7b661152e5d276275', 'system': None}, Network: None, Subnet: None, Router: None
2025-12-15 13:50:55.194 65841 INFO tempest.lib.common.rest_client [req-8225876d-e47d-4457-b3ba-73aaf88d1707 req-8225876d-e47d-4457-b3ba-73aaf88d1707 ] Request (AttachVolumeNegativeTest:test_attach_attached_volume_to_different_server): 202 POST http://10.180.1.21/compute/v2.1/servers 5.587s
2025-12-15 13:50:55.207 65783 INFO tempest.lib.common.rest_client [req-49dcccbf-8769-44e3-a305-6b609b1e9cee req-49dcccbf-8769-44e3-a305-6b609b1e9cee ] Request (TenantUsagesNegativeTestJSON:tearDownClass): 204 DELETE http://10.180.1.21/networking/v2.0/security-groups/60feed66-74ec-490e-9982-e7879f905587 0.198s
2025-12-15 13:50:55.267 65803 INFO tempest.lib.common.rest_client [req-782a61ee-ec87-4a41-86d4-8fca9e66b66c req-782a61ee-ec87-4a41-86d4-8fca9e66b66c ] Request (QuotasTestJSON:setUpClass): 201 POST http://10.180.1.21/identity/v3/auth/tokens 0.109s
2025-12-15 13:50:55.301 65837 INFO tempest.lib.common.rest_client [req-b697727c-bf29-4f3f-b59b-261671269ad7 req-b697727c-bf29-4f3f-b59b-261671269ad7 ] Request (AttachInterfacesTestJSON:test_create_list_show_delete_interfaces_by_network_port): 200 GET http://10.180.1.21/compute/v2.1/servers/7f19a5ef-8075-4d6a-9a38-f5ca93046bc3 5.126s
2025-12-15 13:50:55.302 65783 INFO tempest.lib.common.rest_client [req-bc90679e-b431-49ef-bc30-a02add3e78b2 req-bc90679e-b431-49ef-bc30-a02add3e78b2 ] Request (TenantUsagesNegativeTestJSON:tearDownClass): 204 DELETE http://10.180.1.21/identity/v3/projects/b0946d6cafcd4342a27881a7ed3b0fb3 0.093s
2025-12-15 13:50:55.306 65789 INFO tempest.lib.common.rest_client [req-5f607974-8c9c-42e5-a828-ae666a10278e req-5f607974-8c9c-42e5-a828-ae666a10278e ] Request (ServersV294TestFqdnHostnames:setUpClass): 202 POST http://10.180.1.21/compute/v2.1/servers 5.477s
2025-12-15 13:50:55.390 65817 INFO tempest.lib.common.rest_client [req-ba3abafb-1d72-4e57-91a9-ccf364b3c9e2 req-ba3abafb-1d72-4e57-91a9-ccf364b3c9e2 ] Request (ServersAdminTestJSON:test_create_server_with_scheduling_hint): 200 GET http://10.180.1.21/compute/v2.1/servers/1f6c213b-2235-4e0e-b19f-3b44c55fdf9f 4.705s
2025-12-15 13:50:55.393 65783 INFO tempest.lib.common.rest_client [req-a8165fa2-7818-405f-8601-6b4bae39c3ab req-a8165fa2-7818-405f-8601-6b4bae39c3ab ] Request (ServerGroup264TestJSON:setUpClass): 201 POST http://10.180.1.21/identity/v3/auth/tokens 0.089s
2025-12-15 13:50:55.401 65811 INFO tempest.lib.common.rest_client [req-a4420a3e-b409-4adb-a0e5-0227ba053e09 req-a4420a3e-b409-4adb-a0e5-0227ba053e09 ] Request (AttachVolumeShelveTestJSON:test_attach_volume_shelved_or_offload_server): 200 GET http://10.180.1.21/compute/v2.1/servers/01f99ea5-ba28-4b3e-9440-a32bd37d5958 5.187s
2025-12-15 13:50:55.406 65807 INFO tempest.lib.common.rest_client [req-06b6d83b-b5ab-437d-a108-8844f2216b15 req-06b6d83b-b5ab-437d-a108-8844f2216b15 ] Request (QuotaClassesAdminTestJSON:test_update_default_quotas): 200 GET http://10.180.1.21/compute/v2.1/os-quota-class-sets/default 4.508s
2025-12-15 13:50:55.431 65783 INFO tempest.lib.common.rest_client [req-fcbdcf51-d107-48ab-9221-aabd37f5ac50 req-fcbdcf51-d107-48ab-9221-aabd37f5ac50 ] Request (ServerGroup264TestJSON:setUpClass): 201 POST http://10.180.1.21/identity/v3/auth/tokens 0.036s
2025-12-15 13:50:55.471 65783 INFO tempest.lib.common.rest_client [req-05298f10-2817-4a6d-8388-a328820e6df7 req-05298f10-2817-4a6d-8388-a328820e6df7 ] Request (ServerGroup264TestJSON:setUpClass): 200 GET http://10.180.1.21/identity/v3/domains?name=Default 0.036s
2025-12-15 13:50:55.479 65827 INFO tempest.lib.common.rest_client [req-98739953-e3a8-47a6-a41c-01499653d943 req-98739953-e3a8-47a6-a41c-01499653d943 ] Request (ServersTestMultiNic:_run_cleanups): 200 GET http://10.180.1.21/compute/v2.1/servers/e149790a-cc14-44a1-8107-eca7ff541c0f 4.459s
2025-12-15 13:50:55.512 65783 INFO tempest.lib.common.rest_client [req-3f7ca885-9ac0-44e9-a40c-155a4ff07a62 req-3f7ca885-9ac0-44e9-a40c-155a4ff07a62 ] Request (ServerGroup264TestJSON:setUpClass): 201 POST http://10.180.1.21/identity/v3/projects 0.040s
2025-12-15 13:50:55.561 65821 INFO tempest.lib.common.rest_client [req-c1437136-c1f3-4a60-bca7-53b5fa90bbb4 req-c1437136-c1f3-4a60-bca7-53b5fa90bbb4 ] Request (FloatingIPsAssociationTestJSON:tearDownClass): 204 DELETE http://10.180.1.21/compute/v2.1/servers/2f1160e4-94df-482c-b833-4d469eddefad 4.486s
2025-12-15 13:50:55.587 65787 INFO tempest.lib.common.rest_client [req-fd4588d1-cece-41db-9d09-b82ec340ecc3 req-fd4588d1-cece-41db-9d09-b82ec340ecc3 ] Request (ServersAdminNegativeTestJSON:tearDownClass): 204 DELETE http://10.180.1.21/compute/v2.1/servers/156500db-f82c-48a6-a37b-b1e195063df6 4.485s
2025-12-15 13:50:55.605 65783 INFO tempest.lib.common.rest_client [req-014fab2d-4f98-4d0a-985c-bda71eac0554 req-014fab2d-4f98-4d0a-985c-bda71eac0554 ] Request (ServerGroup264TestJSON:setUpClass): 201 POST http://10.180.1.21/identity/v3/users 0.092s
2025-12-15 13:50:55.634 65783 INFO tempest.lib.common.rest_client [req-288feb37-97c4-4b43-ae15-cb76c3cf8056 req-288feb37-97c4-4b43-ae15-cb76c3cf8056 ] Request (ServerGroup264TestJSON:setUpClass): 200 GET http://10.180.1.21/identity/v3/roles 0.028s
2025-12-15 13:50:55.641 65825 INFO tempest.lib.common.rest_client [req-e2d7279c-4419-4621-a399-117cff33b299 req-e2d7279c-4419-4621-a399-117cff33b299 ] Request (ImagesTestJSON:test_create_image_from_suspended_server): 200 GET http://10.180.1.21/compute/v2.1/servers/1ee99732-53c6-4aeb-a19a-4fbe9ba6b441 3.216s
2025-12-15 13:50:55.649 65825 INFO tempest.common.waiters [-] State transition "BUILD/None" ==> "BUILD/networking" after 9 second wait
2025-12-15 13:50:55.671 65785 INFO tempest.lib.common.rest_client [req-07962148-f0fa-4776-a1f2-2365e760bb53 req-07962148-f0fa-4776-a1f2-2365e760bb53 ] Request (ListServerFiltersTestJSON:tearDownClass): 200 GET http://10.180.1.21/compute/v2.1/servers/fcb8e757-f46c-4851-b22c-0d7d85da5108 3.226s
2025-12-15 13:50:55.675 65783 INFO tempest.lib.common.rest_client [req-e3ce3b44-0e14-4171-826a-cf2ba3869263 req-e3ce3b44-0e14-4171-826a-cf2ba3869263 ] Request (ServerGroup264TestJSON:setUpClass): 204 PUT http://10.180.1.21/identity/v3/projects/e9be200730de4137af22725615bd4212/users/4010a33a339e4c80b21e234a1c412b34/roles/a98ecd7b49884e209ece9f19751ee7ae 0.040s
2025-12-15 13:50:55.675 65783 INFO tempest.lib.common.dynamic_creds [-] Dynamic test user 4010a33a339e4c80b21e234a1c412b34 is created with scope project and roles: ['member']
2025-12-15 13:50:55.675 65783 INFO tempest.lib.common.dynamic_creds [-] Acquired dynamic creds: credentials: Credentials: {'domain_id': 'default', 'domain_name': 'Default', 'username': 'tempest-ServerGroup264TestJSON-955726016-project-member', 'project_domain_id': 'default', 'project_domain_name': 'Default', 'project_id': 'e9be200730de4137af22725615bd4212', 'project_name': 'tempest-ServerGroup264TestJSON-955726016', 'tenant_id': 'e9be200730de4137af22725615bd4212', 'tenant_name': 'tempest-ServerGroup264TestJSON-955726016', 'user_domain_id': 'default', 'user_domain_name': 'Default', 'user_id': '4010a33a339e4c80b21e234a1c412b34', 'system': None}, Network: None, Subnet: None, Router: None
2025-12-15 13:50:55.680 65785 INFO tempest.common.waiters [-] State transition "ACTIVE/deleting" ==> "DELETED/None" after 4 second wait
2025-12-15 13:50:55.737 65783 INFO tempest.lib.common.rest_client [req-5538bf0d-e18b-4306-bfda-0b79ff63767a req-5538bf0d-e18b-4306-bfda-0b79ff63767a ] Request (ServerGroup264TestJSON:setUpClass): 201 POST http://10.180.1.21/identity/v3/auth/tokens 0.062s
2025-12-15 13:50:55.821 65833 INFO tempest.lib.common.rest_client [req-ada156a2-88e9-45d1-b1af-0cfc980caa5f req-ada156a2-88e9-45d1-b1af-0cfc980caa5f ] Request (ServerActionsTestOtherB:setUpClass): 200 POST http://10.180.1.21/compute/v2.1/os-keypairs 3.100s
2025-12-15 13:50:56.053 65783 INFO tempest.lib.common.rest_client [req-709c064f-d8a6-4c85-a37e-75b16ae7f05b req-709c064f-d8a6-4c85-a37e-75b16ae7f05b ] Request (ServerGroup264TestJSON:setUpClass): 201 POST http://10.180.1.21/networking/v2.0/networks 0.315s
2025-12-15 13:50:56.071 65791 INFO tempest.lib.common.rest_client [req-0f2808d7-9058-4426-b901-8f5544e32313 req-0f2808d7-9058-4426-b901-8f5544e32313 ] Request (MigrationsAdminTest:test_resize_server_revert_deleted_flavor): 200 GET http://10.180.1.21/compute/v2.1/servers/77a5f75c-17ae-40f1-8433-9ef622c2cd35 2.538s
2025-12-15 13:50:56.158 65833 INFO tempest.lib.common.rest_client [req-5a88257a-0ab2-4007-b657-eb553fce11eb req-5a88257a-0ab2-4007-b657-eb553fce11eb ] Request (ServerActionsTestOtherB:setUpClass): 201 POST http://10.180.1.21/networking/v2.0/security-groups 0.335s
2025-12-15 13:50:56.207 65815 INFO tempest.lib.common.rest_client [req-cff44887-588d-4c28-ae15-56c293f301c1 req-cff44887-588d-4c28-ae15-56c293f301c1 ] Request (ImagesOneServerTestJSON:tearDownClass): 204 DELETE http://10.180.1.21/compute/v2.1/images/5f04afda-a9c5-41b9-a42d-e6488d26a795 2.490s
2025-12-15 13:50:56.233 65831 INFO tempest.lib.common.rest_client [req-fc306f19-6330-4cac-812e-b73c8c5a7f8e req-fc306f19-6330-4cac-812e-b73c8c5a7f8e ] Request (FlavorsAccessNegativeTestJSON:_run_cleanups): 200 GET http://10.180.1.21/compute/v2.1/flavors/detail 2.482s
2025-12-15 13:50:56.282 65797 INFO tempest.lib.common.rest_client [req-d91a7db8-1003-4413-94a3-4157c4e1e1c4 req-d91a7db8-1003-4413-94a3-4157c4e1e1c4 ] Request (ListImageFiltersTestJSON:test_list_images_with_detail_filter_by_server_ref): 200 GET http://10.180.1.21/compute/v2.1/images/detail?server=http%3A%2F%2F10.180.1.21%2Fcompute%2Fv2.1%2Fservers%2Faa49b8de-62ba-49d6-ac03-d1b0c23babf5 2.466s
2025-12-15 13:50:56.378 65783 INFO tempest.lib.common.rest_client [req-c7c2fd13-091d-423c-8ab4-1975769ef065 req-c7c2fd13-091d-423c-8ab4-1975769ef065 ] Request (ServerGroup264TestJSON:setUpClass): 201 POST http://10.180.1.21/networking/v2.0/subnets 0.324s
2025-12-15 13:50:56.421 65805 INFO tempest.lib.common.rest_client [req-10cebd34-78f7-4c33-8590-d1e1ce716160 req-10cebd34-78f7-4c33-8590-d1e1ce716160 ] Request (ServerDiskConfigTestJSON:test_rebuild_server_with_auto_disk_config): 200 GET http://10.180.1.21/compute/v2.1/servers/52fab9dc-2f9a-400d-ab44-82cd8bb1b9b7 2.753s
2025-12-15 13:50:56.428 65805 INFO tempest.common.waiters [-] State transition "BUILD/spawning" ==> "ACTIVE/None" after 33 second wait
2025-12-15 13:50:56.563 65833 INFO tempest.lib.common.rest_client [req-eb306209-8e8a-4329-b92c-b19694ac5332 req-eb306209-8e8a-4329-b92c-b19694ac5332 ] Request (ServerActionsTestOtherB:setUpClass): 201 POST http://10.180.1.21/networking/v2.0/security-group-rules 0.405s
2025-12-15 13:50:56.618 65819 INFO tempest.lib.common.rest_client [req-97f0a92b-197c-4467-a8d0-8f45ad84a0ac req-97f0a92b-197c-4467-a8d0-8f45ad84a0ac ] Request (ServerAddressesTestJSON:setUpClass): 200 GET http://10.180.1.21/compute/v2.1/servers/762d1978-7b4d-430a-8195-512a9dc2f9ef 2.266s
2025-12-15 13:50:57.335 65783 INFO tempest.lib.common.rest_client [req-03821724-f810-48f5-80f2-1f8cf252fb17 req-03821724-f810-48f5-80f2-1f8cf252fb17 ] Request (ServerGroup264TestJSON:setUpClass): 201 POST http://10.180.1.21/networking/v2.0/routers 0.957s
2025-12-15 13:50:57.414 65833 INFO tempest.lib.common.rest_client [req-ae212538-d608-498f-9261-e4fce78b3874 req-ae212538-d608-498f-9261-e4fce78b3874 ] Request (ServerActionsTestOtherB:setUpClass): 201 POST http://10.180.1.21/networking/v2.0/security-group-rules 0.850s
2025-12-15 13:50:57.505 65829 INFO tempest.lib.common.rest_client [req-1ba7acd3-727b-4cab-9bb0-0e6ac983b054 req-1ba7acd3-727b-4cab-9bb0-0e6ac983b054 ] Request (AttachInterfacesUnderV243Test:_run_cleanups): 200 GET http://10.180.1.21/compute/v2.1/servers/bb00836f-7047-4120-a2b8-4e480fb2ce47 2.766s
2025-12-15 13:50:57.516 65829 INFO tempest.common.waiters [-] State transition "ACTIVE/deleting" ==> "DELETED/None" after 4 second wait
2025-12-15 13:50:57.539 65835 INFO paramiko.transport [-] Connected (version 2.0, client dropbear_2020.81)
2025-12-15 13:50:57.640 65835 INFO paramiko.transport [-] Authentication (publickey) successful!
2025-12-15 13:50:57.640 65835 INFO tempest.lib.common.ssh [-] ssh connection to cirros@10.180.180.128 successfully created
2025-12-15 13:50:57.685 65793 WARNING tempest.lib.common.ssh [-] Failed to establish authenticated ssh connection to cirros@10.180.180.137 ([Errno None] Unable to connect to port 22 on 10.180.180.137). Number attempts: 4. Retry after 5 seconds.: paramiko.ssh_exception.NoValidConnectionsError: [Errno None] Unable to connect to port 22 on 10.180.180.137
2025-12-15 13:50:58.171 65833 INFO tempest.lib.common.rest_client [req-ace83bb6-5eca-42af-ba3f-cd32fb127a5c req-ace83bb6-5eca-42af-ba3f-cd32fb127a5c ] Request (ServerActionsTestOtherB:setUpClass): 201 POST http://10.180.1.21/networking/v2.0/floatingips 0.756s
2025-12-15 13:50:58.211 65833 INFO tempest.lib.common.rest_client [req-4b4cc716-8864-425e-9a58-45130cb0a2c9 req-4b4cc716-8864-425e-9a58-45130cb0a2c9 ] Request (ServerActionsTestOtherB:setUpClass): 201 POST http://10.180.1.21/identity/v3/auth/tokens 0.037s
2025-12-15 13:50:58.212 65833 INFO tempest.lib.common.fixed_network [-] (ServerActionsTestOtherB:setUpClass) Found network {'id': 'efcff755-aeb3-4e32-aeb0-359fa172c1f6', 'name': 'tempest-ServerActionsTestOtherB-1557706654-network', 'tenant_id': 'be52106c420c45ee9ffbe990ada23eb1', 'project_id': 'be52106c420c45ee9ffbe990ada23eb1', 'admin_state_up': True, 'mtu': 8950, 'status': 'ACTIVE', 'subnets': [], 'shared': False, 'port_security_enabled': True, 'router:external': False, 'provider:network_type': 'vlan', 'provider:physical_network': 'default', 'provider:segmentation_id': 755, 'availability_zone_hints': [], 'availability_zones': [], 'ipv4_address_scope': None, 'ipv6_address_scope': None, 'description': '', 'tags': [], 'created_at': '2025-12-15T13:50:50Z', 'updated_at': '2025-12-15T13:50:50Z', 'revision_number': 1} available for tenant
2025-12-15 13:50:58.264 65841 INFO tempest.lib.common.rest_client [req-9b4a01e6-7c7b-4f4b-808c-d787fa6c2761 req-9b4a01e6-7c7b-4f4b-808c-d787fa6c2761 ] Request (AttachVolumeNegativeTest:test_attach_attached_volume_to_different_server): 200 GET http://10.180.1.21/compute/v2.1/servers/6e9aaa7a-13af-46ef-85f5-fc9057f86dd9 3.068s
2025-12-15 13:50:58.327 65783 INFO tempest.lib.common.rest_client [req-49c17fe0-4092-4466-a9b6-15265f2a5707 req-49c17fe0-4092-4466-a9b6-15265f2a5707 ] Request (ServerGroup264TestJSON:setUpClass): 200 PUT http://10.180.1.21/networking/v2.0/routers/80bd9068-a1ff-46cb-aca3-9b8689930253/add_router_interface 0.991s
2025-12-15 13:50:58.328 65783 INFO tempest.lib.common.dynamic_creds [-] Created isolated network resources for: credentials: Credentials: {'domain_id': 'default', 'domain_name': 'Default', 'username': 'tempest-ServerGroup264TestJSON-955726016-project-member', 'project_domain_id': 'default', 'project_domain_name': 'Default', 'project_id': 'e9be200730de4137af22725615bd4212', 'project_name': 'tempest-ServerGroup264TestJSON-955726016', 'tenant_id': 'e9be200730de4137af22725615bd4212', 'tenant_name': 'tempest-ServerGroup264TestJSON-955726016', 'user_domain_id': 'default', 'user_domain_name': 'Default', 'user_id': '4010a33a339e4c80b21e234a1c412b34', 'system': None}, Network: {'id': '873ef6b6-e084-467d-84e8-166a294fd22b', 'name': 'tempest-ServerGroup264TestJSON-41423214-network', 'tenant_id': 'e9be200730de4137af22725615bd4212', 'project_id': 'e9be200730de4137af22725615bd4212', 'admin_state_up': True, 'mtu': 8950, 'status': 'ACTIVE', 'subnets': [], 'shared': False, 'port_security_enabled': True, 'router:external': False, 'provider:network_type': 'vlan', 'provider:physical_network': 'default', 'provider:segmentation_id': 214, 'availability_zone_hints': [], 'availability_zones': [], 'ipv4_address_scope': None, 'ipv6_address_scope': None, 'description': '', 'tags': [], 'created_at': '2025-12-15T13:50:55Z', 'updated_at': '2025-12-15T13:50:55Z', 'revision_number': 1}, Subnet: {'id': '18539a6c-1b72-4b10-b183-ecd5f40b52b1', 'name': 'tempest-ServerGroup264TestJSON-41423214-subnet', 'tenant_id': 'e9be200730de4137af22725615bd4212', 'network_id': '873ef6b6-e084-467d-84e8-166a294fd22b', 'ip_version': 4, 'subnetpool_id': None, 'enable_dhcp': True, 'ipv6_ra_mode': None, 'ipv6_address_mode': None, 'gateway_ip': '192.168.128.1', 'cidr': '192.168.128.0/28', 'allocation_pools': [{'start': '192.168.128.2', 'end': '192.168.128.14'}], 'host_routes': [], 'dns_nameservers': [], 'description': '', 'router:external': False, 'service_types': [], 'tags': [], 'created_at': '2025-12-15T13:50:56Z', 'updated_at': '2025-12-15T13:50:56Z', 'revision_number': 0, 'project_id': 'e9be200730de4137af22725615bd4212'}, Router: {'id': '80bd9068-a1ff-46cb-aca3-9b8689930253', 'name': 'tempest-ServerGroup264TestJSON-41423214-router', 'tenant_id': 'e9be200730de4137af22725615bd4212', 'admin_state_up': True, 'status': 'ACTIVE', 'external_gateway_info': {'network_id': 'a3897f41-cb78-4466-8205-e036c210f720', 'external_fixed_ips': [{'subnet_id': 'f4e8eb43-1fbb-4a76-808a-a6d04842500d', 'ip_address': '10.180.180.227'}], 'enable_snat': True}, 'description': '', 'availability_zones': [], 'distributed': False, 'ha': False, 'availability_zone_hints': [], 'routes': [], 'flavor_id': None, 'tags': [], 'created_at': '2025-12-15T13:50:56Z', 'updated_at': '2025-12-15T13:50:57Z', 'revision_number': 2, 'project_id': 'e9be200730de4137af22725615bd4212'}
2025-12-15 13:50:58.414 65783 INFO tempest.lib.common.rest_client [req-116c49d0-d5c8-424b-9328-81fc0e9583eb req-116c49d0-d5c8-424b-9328-81fc0e9583eb ] Request (ServerGroup264TestJSON:setUpClass): 201 POST http://10.180.1.21/identity/v3/auth/tokens 0.082s
2025-12-15 13:50:58.434 65789 INFO tempest.lib.common.rest_client [req-469ff049-0636-4aad-9545-6cc3ce06b60c req-469ff049-0636-4aad-9545-6cc3ce06b60c ] Request (ServersV294TestFqdnHostnames:setUpClass): 200 GET http://10.180.1.21/compute/v2.1/servers/29b045ba-482c-49d2-af95-db0b6aed0480 3.127s
2025-12-15 13:50:58.496 65807 INFO tempest.lib.common.rest_client [req-c2840281-37f6-41d2-9466-71a5565c2608 req-c2840281-37f6-41d2-9466-71a5565c2608 ] Request (QuotaClassesAdminTestJSON:_run_cleanups): 200 PUT http://10.180.1.21/compute/v2.1/os-quota-class-sets/default 3.085s
2025-12-15 13:50:58.605 65807 INFO tempest.lib.common.rest_client [req-69bd1f0c-dcd3-4769-88eb-024adab151ab req-69bd1f0c-dcd3-4769-88eb-024adab151ab ] Request (QuotaClassesAdminTestJSON:tearDownClass): 204 DELETE http://10.180.1.21/identity/v3/users/f71c17b9c20e4102930a4044772ee5cd 0.106s
2025-12-15 13:50:58.725 65807 INFO tempest.lib.common.rest_client [req-b087c67e-b8e8-44f4-920b-da424a867c91 req-b087c67e-b8e8-44f4-920b-da424a867c91 ] Request (QuotaClassesAdminTestJSON:tearDownClass): 204 DELETE http://10.180.1.21/identity/v3/users/9d1f99f10a6a4dc38f27ce413748637b 0.118s
2025-12-15 13:50:58.725 65807 INFO tempest.lib.common.dynamic_creds [-] Deleting project and security group for project: c608ea8943b84389ae2ef75296136ba3
2025-12-15 13:50:58.752 65821 INFO tempest.lib.common.rest_client [req-5d25cfd6-9953-483f-915e-c476f6f9e7f9 req-5d25cfd6-9953-483f-915e-c476f6f9e7f9 ] Request (FloatingIPsAssociationTestJSON:tearDownClass): 200 GET http://10.180.1.21/compute/v2.1/servers/2f1160e4-94df-482c-b833-4d469eddefad 3.190s
2025-12-15 13:50:58.819 65807 INFO tempest.lib.common.rest_client [req-bcb5b8dc-9dc7-45d5-8e8f-e76d3f8f90c6 req-bcb5b8dc-9dc7-45d5-8e8f-e76d3f8f90c6 ] Request (QuotaClassesAdminTestJSON:tearDownClass): 201 POST http://10.180.1.21/identity/v3/auth/tokens 0.094s
2025-12-15 13:50:58.824 65787 INFO tempest.lib.common.rest_client [req-84bab661-112b-47dc-87e2-44045ead04e7 req-84bab661-112b-47dc-87e2-44045ead04e7 ] Request (ServersAdminNegativeTestJSON:tearDownClass): 200 GET http://10.180.1.21/compute/v2.1/servers/156500db-f82c-48a6-a37b-b1e195063df6 3.236s
2025-12-15 13:50:58.851 65815 INFO tempest.lib.common.rest_client [req-63893c42-9261-4f6a-ae1e-03709edf6c61 req-63893c42-9261-4f6a-ae1e-03709edf6c61 ] Request (ImagesOneServerTestJSON:tearDownClass): 404 DELETE http://10.180.1.21/compute/v2.1/images/6bc8ff04-936f-4df8-b1b6-226cca1b3be5 2.643s
2025-12-15 13:50:58.878 65831 INFO tempest.lib.common.rest_client [req-12aee851-8c69-4353-8056-e567496c10b7 req-12aee851-8c69-4353-8056-e567496c10b7 ] Request (FlavorsAccessNegativeTestJSON:test_remove_flavor_access_not_found): 200 POST http://10.180.1.21/compute/v2.1/flavors 2.638s
2025-12-15 13:50:58.884 65801 INFO tempest.lib.common.rest_client [req-56334605-8317-44b3-9287-d9fd0e854e4e req-56334605-8317-44b3-9287-d9fd0e854e4e ] Request (ServerMetadataTestJSON:setUpClass): 202 POST http://10.180.1.21/compute/v2.1/servers 4.287s
2025-12-15 13:50:58.927 65797 INFO tempest.lib.common.rest_client [req-f887c076-024d-40c9-85ca-402d1d2b86cf req-f887c076-024d-40c9-85ca-402d1d2b86cf ] Request (ListImageFiltersTestJSON:test_list_images_with_detail_filter_by_server_ref): 200 GET http://10.180.1.21/compute/v2.1/images/detail?server=http%3A%2F%2F10.180.1.21%2Fcompute%2Fservers%2Faa49b8de-62ba-49d6-ac03-d1b0c23babf5 2.636s
2025-12-15 13:50:59.067 65807 INFO tempest.lib.common.rest_client [req-e21978a9-9da8-4b0b-b193-a00d199b43c9 req-e21978a9-9da8-4b0b-b193-a00d199b43c9 ] Request (QuotaClassesAdminTestJSON:tearDownClass): 200 GET http://10.180.1.21/networking/v2.0/security-groups?tenant_id=c608ea8943b84389ae2ef75296136ba3&name=default 0.248s
2025-12-15 13:50:59.110 65837 INFO tempest.lib.common.rest_client [req-86def739-6067-4039-bce1-cda214631acc req-86def739-6067-4039-bce1-cda214631acc ] Request (AttachInterfacesTestJSON:test_create_list_show_delete_interfaces_by_network_port): 200 GET http://10.180.1.21/compute/v2.1/servers/7f19a5ef-8075-4d6a-9a38-f5ca93046bc3 2.800s
2025-12-15 13:50:59.124 65817 INFO tempest.lib.common.rest_client [req-e3ba83d6-cb69-444b-85f1-c2bb1ffc7205 req-e3ba83d6-cb69-444b-85f1-c2bb1ffc7205 ] Request (ServersAdminTestJSON:test_create_server_with_scheduling_hint): 200 GET http://10.180.1.21/compute/v2.1/servers/1f6c213b-2235-4e0e-b19f-3b44c55fdf9f 2.724s
2025-12-15 13:50:59.201 65807 INFO tempest.lib.common.rest_client [req-8a41ae4d-2a5e-4fab-bbfe-8c4ad9d7b9a9 req-8a41ae4d-2a5e-4fab-bbfe-8c4ad9d7b9a9 ] Request (QuotaClassesAdminTestJSON:tearDownClass): 204 DELETE http://10.180.1.21/networking/v2.0/security-groups/2bfe61ee-972d-4661-9d8c-4c12b7af612b 0.133s
2025-12-15 13:50:59.293 65807 INFO tempest.lib.common.rest_client [req-393f4f69-9df2-42e8-90bc-fc95e5499413 req-393f4f69-9df2-42e8-90bc-fc95e5499413 ] Request (QuotaClassesAdminTestJSON:tearDownClass): 204 DELETE http://10.180.1.21/identity/v3/projects/c608ea8943b84389ae2ef75296136ba3 0.091s
2025-12-15 13:50:59.293 65807 INFO tempest.lib.common.dynamic_creds [-] Deleting project and security group for project: b163198f0abe415485ecc670b2330374
2025-12-15 13:50:59.477 65807 INFO tempest.lib.common.rest_client [req-7ae15847-c9d0-40e4-b2a7-4d425b83d374 req-7ae15847-c9d0-40e4-b2a7-4d425b83d374 ] Request (QuotaClassesAdminTestJSON:tearDownClass): 200 GET http://10.180.1.21/networking/v2.0/security-groups?tenant_id=b163198f0abe415485ecc670b2330374&name=default 0.184s
2025-12-15 13:50:59.523 65811 INFO tempest.lib.common.rest_client [req-e36c13a3-f199-4ab4-8501-e5e29f9d44f4 req-e36c13a3-f199-4ab4-8501-e5e29f9d44f4 ] Request (AttachVolumeShelveTestJSON:test_attach_volume_shelved_or_offload_server): 200 GET http://10.180.1.21/compute/v2.1/servers/01f99ea5-ba28-4b3e-9440-a32bd37d5958 3.109s
2025-12-15 13:50:59.533 65811 INFO tempest.common.waiters [-] State transition "BUILD/None" ==> "BUILD/spawning" after 10 second wait
2025-12-15 13:50:59.545 65805 INFO tempest.lib.common.rest_client [req-c2bfc1f0-eaa0-4486-8223-de330e72b8a4 req-c2bfc1f0-eaa0-4486-8223-de330e72b8a4 ] Request (ServerDiskConfigTestJSON:test_rebuild_server_with_auto_disk_config): 200 GET http://10.180.1.21/compute/v2.1/servers/52fab9dc-2f9a-400d-ab44-82cd8bb1b9b7 3.116s
2025-12-15 13:50:59.680 65807 INFO tempest.lib.common.rest_client [req-65ff16ed-9914-4a9f-a4a4-aacdf2de8c4f req-65ff16ed-9914-4a9f-a4a4-aacdf2de8c4f ] Request (QuotaClassesAdminTestJSON:tearDownClass): 204 DELETE http://10.180.1.21/networking/v2.0/security-groups/48d8031a-e06d-4ec1-b608-73044db1b1db 0.202s
2025-12-15 13:50:59.708 65827 INFO tempest.lib.common.rest_client [req-f13abe46-f638-442a-9368-08ee133512a2 req-f13abe46-f638-442a-9368-08ee133512a2 ] Request (ServersTestMultiNic:_run_cleanups): 200 GET http://10.180.1.21/compute/v2.1/servers/e149790a-cc14-44a1-8107-eca7ff541c0f 3.218s
2025-12-15 13:50:59.719 65827 INFO tempest.common.waiters [-] State transition "ACTIVE/deleting" ==> "DELETED/None" after 4 second wait
2025-12-15 13:50:59.782 65825 INFO tempest.lib.common.rest_client [req-3b7d4a24-81d1-4e72-87f2-f807e1849b56 req-3b7d4a24-81d1-4e72-87f2-f807e1849b56 ] Request (ImagesTestJSON:test_create_image_from_suspended_server): 200 GET http://10.180.1.21/compute/v2.1/servers/1ee99732-53c6-4aeb-a19a-4fbe9ba6b441 3.131s
2025-12-15 13:50:59.788 65807 INFO tempest.lib.common.rest_client [req-6a13e5df-484b-4848-9a8a-b0ea4ccdc33b req-6a13e5df-484b-4848-9a8a-b0ea4ccdc33b ] Request (QuotaClassesAdminTestJSON:tearDownClass): 204 DELETE http://10.180.1.21/identity/v3/projects/b163198f0abe415485ecc670b2330374 0.108s
2025-12-15 13:50:59.788 65825 INFO tempest.common.waiters [-] State transition "BUILD/networking" ==> "BUILD/spawning" after 13 second wait
2025-12-15 13:50:59.796 65785 INFO tempest.lib.common.rest_client [req-72b17bc2-b58d-4031-b564-7534495c09ec req-72b17bc2-b58d-4031-b564-7534495c09ec ] Request (ListServerFiltersTestJSON:tearDownClass): 200 GET http://10.180.1.21/compute/v2.1/servers/fcb8e757-f46c-4851-b22c-0d7d85da5108 3.115s
2025-12-15 13:50:59.849 65807 INFO tempest.lib.common.rest_client [req-ac810226-c51e-4974-aff6-c0b1220be9f3 req-ac810226-c51e-4974-aff6-c0b1220be9f3 ] Request (ServicesAdminNegativeTestJSON:setUpClass): 201 POST http://10.180.1.21/identity/v3/auth/tokens 0.059s
2025-12-15 13:50:59.878 65807 INFO tempest.lib.common.rest_client [req-c8fe634f-2566-4c26-a6d6-887b80db77c7 req-c8fe634f-2566-4c26-a6d6-887b80db77c7 ] Request (ServicesAdminNegativeTestJSON:setUpClass): 201 POST http://10.180.1.21/identity/v3/auth/tokens 0.026s
2025-12-15 13:50:59.885 65791 INFO tempest.lib.common.rest_client [req-0cc44d3c-7ad4-4587-891f-ea7027e14f0d req-0cc44d3c-7ad4-4587-891f-ea7027e14f0d ] Request (MigrationsAdminTest:test_resize_server_revert_deleted_flavor): 200 GET http://10.180.1.21/compute/v2.1/servers/77a5f75c-17ae-40f1-8433-9ef622c2cd35 2.805s
2025-12-15 13:50:59.893 65791 INFO tempest.common.waiters [-] State transition "BUILD/spawning" ==> "ACTIVE/None" after 32 second wait
2025-12-15 13:50:59.897 65819 INFO tempest.lib.common.rest_client [req-a07aeec2-6d95-4a98-beb5-9f478474a3d6 req-a07aeec2-6d95-4a98-beb5-9f478474a3d6 ] Request (ServerAddressesTestJSON:setUpClass): 200 GET http://10.180.1.21/compute/v2.1/servers/762d1978-7b4d-430a-8195-512a9dc2f9ef 2.270s
2025-12-15 13:50:59.904 65807 INFO tempest.lib.common.rest_client [req-173324ac-38be-4369-9850-4192e2fa1ef7 req-173324ac-38be-4369-9850-4192e2fa1ef7 ] Request (ServicesAdminNegativeTestJSON:setUpClass): 200 GET http://10.180.1.21/identity/v3/domains?name=Default 0.025s
2025-12-15 13:50:59.933 65807 INFO tempest.lib.common.rest_client [req-cd74ac3e-3ae3-4a78-a196-4c3dce46f0b5 req-cd74ac3e-3ae3-4a78-a196-4c3dce46f0b5 ] Request (ServicesAdminNegativeTestJSON:setUpClass): 201 POST http://10.180.1.21/identity/v3/projects 0.028s
2025-12-15 13:50:59.985 65835 INFO tempest.lib.common.rest_client [req-d09a55fc-cc92-4495-af08-a5dccc2fc892 req-d09a55fc-cc92-4495-af08-a5dccc2fc892 ] Request (ServersTestFqdnHostnames:tearDownClass): 204 DELETE http://10.180.1.21/compute/v2.1/servers/ecbce5aa-db62-4bfa-b4bb-2fb7d3ec1d10 2.337s
2025-12-15 13:51:00.011 65807 INFO tempest.lib.common.rest_client [req-58822782-1ef5-47e9-bc40-edf2fcd166bb req-58822782-1ef5-47e9-bc40-edf2fcd166bb ] Request (ServicesAdminNegativeTestJSON:setUpClass): 201 POST http://10.180.1.21/identity/v3/users 0.077s
2025-12-15 13:51:00.039 65807 INFO tempest.lib.common.rest_client [req-c4d35045-5f69-4896-8f99-0cf56810c1ed req-c4d35045-5f69-4896-8f99-0cf56810c1ed ] Request (ServicesAdminNegativeTestJSON:setUpClass): 200 GET http://10.180.1.21/identity/v3/roles 0.028s
2025-12-15 13:51:00.084 65807 INFO tempest.lib.common.rest_client [req-10a6154d-8acb-4368-a50b-8ddd0ac77d1d req-10a6154d-8acb-4368-a50b-8ddd0ac77d1d ] Request (ServicesAdminNegativeTestJSON:setUpClass): 204 PUT http://10.180.1.21/identity/v3/projects/d652fded1c9041538b5f26408c1c0aba/users/ba56bac150a340d4be2bf28765d76627/roles/a98ecd7b49884e209ece9f19751ee7ae 0.044s
2025-12-15 13:51:00.084 65807 INFO tempest.lib.common.dynamic_creds [-] Dynamic test user ba56bac150a340d4be2bf28765d76627 is created with scope project and roles: ['member']
2025-12-15 13:51:00.084 65807 INFO tempest.lib.common.dynamic_creds [-] Acquired dynamic creds: credentials: Credentials: {'domain_id': 'default', 'domain_name': 'Default', 'username': 'tempest-ServicesAdminNegativeTestJSON-8296850-project-member', 'project_domain_id': 'default', 'project_domain_name': 'Default', 'project_id': 'd652fded1c9041538b5f26408c1c0aba', 'project_name': 'tempest-ServicesAdminNegativeTestJSON-8296850', 'tenant_id': 'd652fded1c9041538b5f26408c1c0aba', 'tenant_name': 'tempest-ServicesAdminNegativeTestJSON-8296850', 'user_domain_id': 'default', 'user_domain_name': 'Default', 'user_id': 'ba56bac150a340d4be2bf28765d76627', 'system': None}, Network: None, Subnet: None, Router: None
2025-12-15 13:51:00.084 65807 INFO tempest.lib.common.dynamic_creds [-] Created isolated network resources for: credentials: Credentials: {'domain_id': 'default', 'domain_name': 'Default', 'username': 'tempest-ServicesAdminNegativeTestJSON-8296850-project-member', 'project_domain_id': 'default', 'project_domain_name': 'Default', 'project_id': 'd652fded1c9041538b5f26408c1c0aba', 'project_name': 'tempest-ServicesAdminNegativeTestJSON-8296850', 'tenant_id': 'd652fded1c9041538b5f26408c1c0aba', 'tenant_name': 'tempest-ServicesAdminNegativeTestJSON-8296850', 'user_domain_id': 'default', 'user_domain_name': 'Default', 'user_id': 'ba56bac150a340d4be2bf28765d76627', 'system': None}, Network: None, Subnet: None, Router: None
2025-12-15 13:51:00.174 65807 INFO tempest.lib.common.rest_client [req-071a7874-4bce-4ee4-a79e-0cb5473d9f6b req-071a7874-4bce-4ee4-a79e-0cb5473d9f6b ] Request (ServicesAdminNegativeTestJSON:setUpClass): 201 POST http://10.180.1.21/identity/v3/auth/tokens 0.085s
2025-12-15 13:51:00.217 65783 INFO tempest.lib.common.rest_client [req-fba6525b-faa7-4c84-96c7-306989ecc5c9 req-fba6525b-faa7-4c84-96c7-306989ecc5c9 ] Request (ServerGroup264TestJSON:test_create_get_server_group): 200 POST http://10.180.1.21/compute/v2.1/os-server-groups 1.802s
2025-12-15 13:51:00.250 65807 INFO tempest.lib.common.rest_client [req-1037e1aa-59ae-4fef-81ef-fb87b3d8a0cf req-1037e1aa-59ae-4fef-81ef-fb87b3d8a0cf ] Request (ServicesAdminNegativeTestJSON:setUpClass): 201 POST http://10.180.1.21/identity/v3/projects 0.076s
2025-12-15 13:51:00.291 65829 INFO tempest.lib.common.rest_client [req-cf1abbdc-b3ae-4206-9996-3ca69db99e8b req-cf1abbdc-b3ae-4206-9996-3ca69db99e8b ] Request (AttachInterfacesUnderV243Test:_run_cleanups): 200 GET http://10.180.1.21/compute/v2.1/servers/bb00836f-7047-4120-a2b8-4e480fb2ce47 1.774s
2025-12-15 13:51:00.313 65807 INFO tempest.lib.common.rest_client [req-7d6f7e5f-111a-4287-ac0f-fe9603cc73f6 req-7d6f7e5f-111a-4287-ac0f-fe9603cc73f6 ] Request (ServicesAdminNegativeTestJSON:setUpClass): 201 POST http://10.180.1.21/identity/v3/users 0.062s
2025-12-15 13:51:00.338 65807 INFO tempest.lib.common.rest_client [req-b0412d99-9b98-45cb-8e0e-be72090bf1fa req-b0412d99-9b98-45cb-8e0e-be72090bf1fa ] Request (ServicesAdminNegativeTestJSON:setUpClass): 200 GET http://10.180.1.21/identity/v3/roles 0.024s
2025-12-15 13:51:00.344 65833 INFO tempest.lib.common.rest_client [req-5f643949-a7fa-4220-8d0c-0d885884ffec req-5f643949-a7fa-4220-8d0c-0d885884ffec ] Request (ServerActionsTestOtherB:setUpClass): 202 POST http://10.180.1.21/compute/v2.1/servers 2.131s
2025-12-15 13:51:00.376 65807 INFO tempest.lib.common.rest_client [req-ffdb9b56-32d9-4b6f-afd1-9c2236f83f01 req-ffdb9b56-32d9-4b6f-afd1-9c2236f83f01 ] Request (ServicesAdminNegativeTestJSON:setUpClass): 204 PUT http://10.180.1.21/identity/v3/projects/f79c85923d0645eeb5c994477570841e/users/f1ca1038f4bb4edea0debacc440672b0/roles/d1e763536b93417795c1db33777afef9 0.038s
2025-12-15 13:51:00.382 65843 WARNING tempest.lib.common.ssh [-] Failed to establish authenticated ssh connection to cirros@10.180.180.209 ([Errno None] Unable to connect to port 22 on 10.180.180.209). Number attempts: 11. Retry after 12 seconds.: paramiko.ssh_exception.NoValidConnectionsError: [Errno None] Unable to connect to port 22 on 10.180.180.209
2025-12-15 13:51:00.441 65807 INFO tempest.lib.common.rest_client [req-fa33b089-6799-4efb-aea7-6ba6b6e39c9a req-fa33b089-6799-4efb-aea7-6ba6b6e39c9a ] Request (ServicesAdminNegativeTestJSON:setUpClass): 200 GET http://10.180.1.21/identity/v3/roles 0.064s
2025-12-15 13:51:00.451 65815 INFO tempest.lib.common.rest_client [req-257d2422-f9fd-46be-90ab-5f414e5c63b4 req-257d2422-f9fd-46be-90ab-5f414e5c63b4 ] Request (ImagesOneServerTestJSON:tearDownClass): 204 DELETE http://10.180.1.21/compute/v2.1/servers/82d97132-715f-493a-baa9-ef9cbbdece9b 1.600s
2025-12-15 13:51:00.478 65807 INFO tempest.lib.common.rest_client [req-9b8e2cd9-6001-4dfd-b0ab-8d96cc2ea259 req-9b8e2cd9-6001-4dfd-b0ab-8d96cc2ea259 ] Request (ServicesAdminNegativeTestJSON:setUpClass): 204 PUT http://10.180.1.21/identity/v3/projects/f79c85923d0645eeb5c994477570841e/users/f1ca1038f4bb4edea0debacc440672b0/roles/d1e763536b93417795c1db33777afef9 0.037s
2025-12-15 13:51:00.478 65807 INFO tempest.lib.common.dynamic_creds [-] Dynamic test user f1ca1038f4bb4edea0debacc440672b0 is created with scope project and roles: ['admin']
2025-12-15 13:51:00.479 65807 INFO tempest.lib.common.dynamic_creds [-] Acquired dynamic creds: credentials: Credentials: {'domain_id': 'default', 'domain_name': 'Default', 'username': 'tempest-ServicesAdminNegativeTestJSON-669023158-project-admin', 'project_domain_id': 'default', 'project_domain_name': 'Default', 'project_id': 'f79c85923d0645eeb5c994477570841e', 'project_name': 'tempest-ServicesAdminNegativeTestJSON-669023158', 'tenant_id': 'f79c85923d0645eeb5c994477570841e', 'tenant_name': 'tempest-ServicesAdminNegativeTestJSON-669023158', 'user_domain_id': 'default', 'user_domain_name': 'Default', 'user_id': 'f1ca1038f4bb4edea0debacc440672b0', 'system': None}, Network: None, Subnet: None, Router: None
2025-12-15 13:51:00.479 65807 INFO tempest.lib.common.dynamic_creds [-] Created isolated network resources for: credentials: Credentials: {'domain_id': 'default', 'domain_name': 'Default', 'username': 'tempest-ServicesAdminNegativeTestJSON-669023158-project-admin', 'project_domain_id': 'default', 'project_domain_name': 'Default', 'project_id': 'f79c85923d0645eeb5c994477570841e', 'project_name': 'tempest-ServicesAdminNegativeTestJSON-669023158', 'tenant_id': 'f79c85923d0645eeb5c994477570841e', 'tenant_name': 'tempest-ServicesAdminNegativeTestJSON-669023158', 'user_domain_id': 'default', 'user_domain_name': 'Default', 'user_id': 'f1ca1038f4bb4edea0debacc440672b0', 'system': None}, Network: None, Subnet: None, Router: None
2025-12-15 13:51:00.594 65803 INFO tempest.lib.common.rest_client [req-5fc93598-5399-4a76-ad8c-739caa779ee4 req-5fc93598-5399-4a76-ad8c-739caa779ee4 ] Request (QuotasTestJSON:test_compare_tenant_quotas_with_default_quotas): 200 GET http://10.180.1.21/compute/v2.1/os-quota-sets/f703f75a66ff4900ad9e37f65b1c23b4/defaults 2.057s
2025-12-15 13:51:00.614 65831 INFO tempest.lib.common.rest_client [req-2d172082-650b-48c2-83b9-d307c03a50c0 req-2d172082-650b-48c2-83b9-d307c03a50c0 ] Request (FlavorsAccessNegativeTestJSON:test_remove_flavor_access_not_found): 404 POST http://10.180.1.21/compute/v2.1/flavors/1989153599/action 1.733s
2025-12-15 13:51:00.662 65801 INFO tempest.lib.common.rest_client [req-60a9fe0e-2cfd-4c2a-8c4b-cc945b1668bc req-60a9fe0e-2cfd-4c2a-8c4b-cc945b1668bc ] Request (ServerMetadataTestJSON:setUpClass): 200 GET http://10.180.1.21/compute/v2.1/servers/dd2f5347-97eb-42e3-85a3-9caaf92a4b40 1.776s
2025-12-15 13:51:00.676 65807 INFO tempest.lib.common.rest_client [req-2219c688-5613-4a3f-aef5-6f04a724c27b req-2219c688-5613-4a3f-aef5-6f04a724c27b ] Request (ServicesAdminNegativeTestJSON:setUpClass): 201 POST http://10.180.1.21/identity/v3/auth/tokens 0.193s
2025-12-15 13:51:00.699 65797 INFO tempest.lib.common.rest_client [req-ae9f9628-b398-46cb-9a92-dc974346a131 req-ae9f9628-b398-46cb-9a92-dc974346a131 ] Request (ListImageFiltersTestJSON:test_list_images_with_detail_filter_by_status): 200 GET http://10.180.1.21/compute/v2.1/images/detail?status=ACTIVE 1.764s
2025-12-15 13:51:00.725 65841 INFO tempest.lib.common.rest_client [req-9fc5a151-10f6-4bbc-807a-396d778b173e req-9fc5a151-10f6-4bbc-807a-396d778b173e ] Request (AttachVolumeNegativeTest:test_attach_attached_volume_to_different_server): 200 GET http://10.180.1.21/compute/v2.1/servers/6e9aaa7a-13af-46ef-85f5-fc9057f86dd9 1.452s
2025-12-15 13:51:00.758 65789 INFO tempest.lib.common.rest_client [req-a420209d-251d-4c76-8812-061fdc079a37 req-a420209d-251d-4c76-8812-061fdc079a37 ] Request (ServersV294TestFqdnHostnames:setUpClass): 200 GET http://10.180.1.21/compute/v2.1/servers/29b045ba-482c-49d2-af95-db0b6aed0480 1.311s
2025-12-15 13:51:00.826 65821 INFO tempest.lib.common.rest_client [req-05a6996a-3ea1-4b2a-b68a-b467e01f0bd6 req-05a6996a-3ea1-4b2a-b68a-b467e01f0bd6 ] Request (FloatingIPsAssociationTestJSON:tearDownClass): 200 GET http://10.180.1.21/compute/v2.1/servers/2f1160e4-94df-482c-b833-4d469eddefad 1.060s
2025-12-15 13:51:00.838 65821 INFO tempest.common.waiters [-] State transition "ACTIVE/deleting" ==> "DELETED/None" after 2 second wait
2025-12-15 13:51:00.903 65805 INFO tempest.lib.common.rest_client [req-7e5ed890-4aa2-44ad-8beb-7de71fadbf9d req-7e5ed890-4aa2-44ad-8beb-7de71fadbf9d ] Request (ServerDiskConfigTestJSON:test_rebuild_server_with_auto_disk_config): 202 POST http://10.180.1.21/compute/v2.1/servers/52fab9dc-2f9a-400d-ab44-82cd8bb1b9b7/action 1.347s
2025-12-15 13:51:00.912 65787 INFO tempest.lib.common.rest_client [req-fc1eefc4-c0e6-4f94-8ae9-b2ad36dab8e2 req-fc1eefc4-c0e6-4f94-8ae9-b2ad36dab8e2 ] Request (ServersAdminNegativeTestJSON:tearDownClass): 200 GET http://10.180.1.21/compute/v2.1/servers/156500db-f82c-48a6-a37b-b1e195063df6 1.078s
2025-12-15 13:51:00.921 65787 INFO tempest.common.waiters [-] State transition "ACTIVE/deleting" ==> "DELETED/None" after 2 second wait
2025-12-15 13:51:01.014 65791 INFO tempest.lib.common.rest_client [req-61930abe-2c4c-4993-8b6b-c56f0c128238 req-61930abe-2c4c-4993-8b6b-c56f0c128238 ] Request (MigrationsAdminTest:test_resize_server_revert_deleted_flavor): 200 GET http://10.180.1.21/compute/v2.1/servers/77a5f75c-17ae-40f1-8433-9ef622c2cd35 1.119s
2025-12-15 13:51:01.084 65835 INFO tempest.lib.common.rest_client [req-bddac627-a9bf-46e7-80ed-57e9c9752223 req-bddac627-a9bf-46e7-80ed-57e9c9752223 ] Request (ServersTestFqdnHostnames:tearDownClass): 200 GET http://10.180.1.21/compute/v2.1/servers/ecbce5aa-db62-4bfa-b4bb-2fb7d3ec1d10 1.096s
2025-12-15 13:51:01.085 65837 INFO tempest.lib.common.rest_client [req-8fca3219-4176-4407-9413-3359a86fc971 req-8fca3219-4176-4407-9413-3359a86fc971 ] Request (AttachInterfacesTestJSON:test_create_list_show_delete_interfaces_by_network_port): 200 GET http://10.180.1.21/compute/v2.1/servers/7f19a5ef-8075-4d6a-9a38-f5ca93046bc3 0.965s
2025-12-15 13:51:01.103 65783 INFO tempest.lib.common.rest_client [req-b7fa7f47-b732-4abb-b7bb-b07b519638fc req-b7fa7f47-b732-4abb-b7bb-b07b519638fc ] Request (ServerGroup264TestJSON:test_create_get_server_group): 200 GET http://10.180.1.21/compute/v2.1/os-server-groups 0.883s
2025-12-15 13:51:01.149 65817 INFO tempest.lib.common.rest_client [req-20dcd972-24cd-4bae-a78e-ae45d7338e7a req-20dcd972-24cd-4bae-a78e-ae45d7338e7a ] Request (ServersAdminTestJSON:test_create_server_with_scheduling_hint): 200 GET http://10.180.1.21/compute/v2.1/servers/1f6c213b-2235-4e0e-b19f-3b44c55fdf9f 1.013s
2025-12-15 13:51:01.157 65833 INFO tempest.lib.common.rest_client [req-5b3d8e2f-e5eb-47b3-a278-37221b02a37a req-5b3d8e2f-e5eb-47b3-a278-37221b02a37a ] Request (ServerActionsTestOtherB:setUpClass): 200 GET http://10.180.1.21/compute/v2.1/servers/65fd37ce-d54d-41f4-860e-37a9db87fe48 0.811s
2025-12-15 13:51:01.257 65811 INFO tempest.lib.common.rest_client [req-034bd920-0b39-4aaf-8702-b8dc1553108e req-034bd920-0b39-4aaf-8702-b8dc1553108e ] Request (AttachVolumeShelveTestJSON:test_attach_volume_shelved_or_offload_server): 200 GET http://10.180.1.21/compute/v2.1/servers/01f99ea5-ba28-4b3e-9440-a32bd37d5958 0.722s
2025-12-15 13:51:01.295 65815 INFO tempest.lib.common.rest_client [req-0bf616e5-6ad2-44cd-95ec-964fa316b742 req-0bf616e5-6ad2-44cd-95ec-964fa316b742 ] Request (ImagesOneServerTestJSON:tearDownClass): 200 GET http://10.180.1.21/compute/v2.1/servers/82d97132-715f-493a-baa9-ef9cbbdece9b 0.843s
2025-12-15 13:51:01.306 65803 INFO tempest.lib.common.rest_client [req-f49d1815-72c4-482f-ba56-5e3cd8cd4608 req-f49d1815-72c4-482f-ba56-5e3cd8cd4608 ] Request (QuotasTestJSON:test_compare_tenant_quotas_with_default_quotas): 200 GET http://10.180.1.21/compute/v2.1/os-quota-sets/f703f75a66ff4900ad9e37f65b1c23b4 0.710s
2025-12-15 13:51:01.316 65831 INFO tempest.lib.common.rest_client [req-808b3458-83b1-4078-a98a-69c521e0b5ed req-808b3458-83b1-4078-a98a-69c521e0b5ed ] Request (FlavorsAccessNegativeTestJSON:_run_cleanups): 202 DELETE http://10.180.1.21/compute/v2.1/flavors/1989153599 0.701s
2025-12-15 13:51:01.358 65807 INFO tempest.lib.common.rest_client [req-f40ad373-cee3-4542-84a4-44db45480771 req-f40ad373-cee3-4542-84a4-44db45480771 ] Request (ServicesAdminNegativeTestJSON:test_get_service_by_invalid_params): 200 GET http://10.180.1.21/compute/v2.1/os-services 0.680s
2025-12-15 13:51:01.371 65797 INFO tempest.lib.common.rest_client [req-1f03b73a-222c-454f-8fe0-944b7fc18a67 req-1f03b73a-222c-454f-8fe0-944b7fc18a67 ] Request (ListImageFiltersTestJSON:test_list_images_with_detail_filter_by_type): 200 GET http://10.180.1.21/compute/v2.1/images/detail?type=snapshot 0.664s
2025-12-15 13:51:01.415 65827 INFO tempest.lib.common.rest_client [req-0351c410-cc2f-4f55-a55f-b61fe05db634 req-0351c410-cc2f-4f55-a55f-b61fe05db634 ] Request (ServersTestMultiNic:_run_cleanups): 200 GET http://10.180.1.21/compute/v2.1/servers/e149790a-cc14-44a1-8107-eca7ff541c0f 0.695s
2025-12-15 13:51:01.482 65785 INFO tempest.lib.common.rest_client [req-43cb8c0f-65b8-4e0a-85a3-8c863bd35b17 req-43cb8c0f-65b8-4e0a-85a3-8c863bd35b17 ] Request (ListServerFiltersTestJSON:tearDownClass): 200 GET http://10.180.1.21/compute/v2.1/servers/fcb8e757-f46c-4851-b22c-0d7d85da5108 0.678s
2025-12-15 13:51:01.517 65825 INFO tempest.lib.common.rest_client [req-7010861a-20f1-4cc1-a0a1-e03a383aaa83 req-7010861a-20f1-4cc1-a0a1-e03a383aaa83 ] Request (ImagesTestJSON:test_create_image_from_suspended_server): 200 GET http://10.180.1.21/compute/v2.1/servers/1ee99732-53c6-4aeb-a19a-4fbe9ba6b441 0.728s
2025-12-15 13:51:01.546 65819 INFO tempest.lib.common.rest_client [req-c26485e0-4041-4ce6-95df-df4ad9a077e4 req-c26485e0-4041-4ce6-95df-df4ad9a077e4 ] Request (ServerAddressesTestJSON:setUpClass): 200 GET http://10.180.1.21/compute/v2.1/servers/762d1978-7b4d-430a-8195-512a9dc2f9ef 0.637s
2025-12-15 13:51:01.565 65791 INFO tempest.lib.common.rest_client [req-9c2aa3b6-ea2c-4c2f-aa68-53f645a00251 req-9c2aa3b6-ea2c-4c2f-aa68-53f645a00251 ] Request (MigrationsAdminTest:test_resize_server_revert_deleted_flavor): 202 DELETE http://10.180.1.21/compute/v2.1/flavors/7ed841ab-7e10-4bd4-bd7f-3731434f8a5c 0.544s
2025-12-15 13:51:01.592 65783 INFO tempest.lib.common.rest_client [req-1aba9016-084f-4e75-b32e-9a0162920438 req-1aba9016-084f-4e75-b32e-9a0162920438 ] Request (ServerGroup264TestJSON:test_create_get_server_group): 200 GET http://10.180.1.21/compute/v2.1/os-server-groups/39a559dd-1e32-4205-9b28-a5bdc76d65ba 0.487s
2025-12-15 13:51:01.669 65829 INFO tempest.lib.common.rest_client [req-3bbdbc69-688a-43a2-bace-f8f05d2e1a5f req-3bbdbc69-688a-43a2-bace-f8f05d2e1a5f ] Request (AttachInterfacesUnderV243Test:_run_cleanups): 200 GET http://10.180.1.21/compute/v2.1/servers/bb00836f-7047-4120-a2b8-4e480fb2ce47 0.366s
2025-12-15 13:51:01.698 65805 INFO tempest.lib.common.rest_client [req-d7be8a3b-b140-470b-a40a-3c7513366f7f req-d7be8a3b-b140-470b-a40a-3c7513366f7f ] Request (ServerDiskConfigTestJSON:test_rebuild_server_with_auto_disk_config): 200 GET http://10.180.1.21/compute/v2.1/servers/52fab9dc-2f9a-400d-ab44-82cd8bb1b9b7 0.781s
2025-12-15 13:51:01.700 65803 INFO tempest.lib.common.rest_client [req-8b751503-7a0b-484e-8a9b-08b1eede0601 req-8b751503-7a0b-484e-8a9b-08b1eede0601 ] Request (QuotasTestJSON:test_get_default_quotas): 200 GET http://10.180.1.21/compute/v2.1/os-quota-sets/f703f75a66ff4900ad9e37f65b1c23b4/defaults 0.391s
2025-12-15 13:51:01.722 65831 INFO tempest.lib.common.rest_client [req-fa0e91ce-e13b-49d5-ac67-304e4b6beb9c req-fa0e91ce-e13b-49d5-ac67-304e4b6beb9c ] Request (FlavorsAccessNegativeTestJSON:_run_cleanups): 200 GET http://10.180.1.21/compute/v2.1/flavors/detail 0.405s
2025-12-15 13:51:01.726 65807 INFO tempest.lib.common.rest_client [req-e46b7619-2076-49f9-9380-2f7175b43ec7 req-e46b7619-2076-49f9-9380-2f7175b43ec7 ] Request (ServicesAdminNegativeTestJSON:test_get_service_by_invalid_params): 200 GET http://10.180.1.21/compute/v2.1/os-services?xxx=nova-compute 0.366s
2025-12-15 13:51:01.749 65791 INFO tempest.lib.common.rest_client [req-300f8307-7e47-4842-b7b8-f0aba00ddbab req-300f8307-7e47-4842-b7b8-f0aba00ddbab ] Request (MigrationsAdminTest:test_resize_server_revert_deleted_flavor): 200 GET http://10.180.1.21/compute/v2.1/flavors/detail 0.183s
2025-12-15 13:51:01.759 65797 INFO tempest.lib.common.rest_client [req-f9860ecb-40ee-42a6-9033-c4bea83236ef req-f9860ecb-40ee-42a6-9033-c4bea83236ef ] Request (ListImageFiltersTestJSON:test_list_images_with_detail_filter_by_type): 200 GET http://10.180.1.21/compute/v2.1/images/bcfeb45f-4a43-4af9-a5e8-07f7f2644559 0.384s
