2025-12-15 13:51:28.609 65821 INFO tempest.lib.common.rest_client [req-6768c6d8-8363-4ad1-86d2-dccb830c5a86 req-6768c6d8-8363-4ad1-86d2-dccb830c5a86 ] Request (FloatingIPsAssociationTestJSON:tearDownClass): 204 DELETE http://10.180.1.21/networking/v2.0/security-groups/8e26d4d1-f937-4c1e-b058-9e98385baab0 0.154s
2025-12-15 13:51:28.634 65787 INFO tempest.lib.common.rest_client [req-a191b030-18ca-4c34-8fe1-9123331afe07 req-a191b030-18ca-4c34-8fe1-9123331afe07 ] Request (ServicesAdminNegativeV253TestJSON:setUpClass): 201 POST http://10.180.1.21/identity/v3/auth/tokens 0.065s
2025-12-15 13:51:28.639 65815 INFO tempest.lib.common.rest_client [req-c961ecb4-ec87-4e32-a1cb-bc19fa882ebb req-c961ecb4-ec87-4e32-a1cb-bc19fa882ebb ] Request (ImagesOneServerTestJSON:tearDownClass): 200 GET http://10.180.1.21/compute/v2.1/servers/82d97132-715f-493a-baa9-ef9cbbdece9b 2.493s
2025-12-15 13:51:28.652 65797 INFO tempest.lib.common.rest_client [req-ccf0c195-2282-4694-bd04-f4c0db02be27 req-ccf0c195-2282-4694-bd04-f4c0db02be27 ] Request (ListImageFiltersTestJSON:tearDownClass): 200 GET http://10.180.1.21/compute/v2.1/servers/aa49b8de-62ba-49d6-ac03-d1b0c23babf5 2.412s
2025-12-15 13:51:28.699 65825 INFO tempest.lib.common.rest_client [req-a7c7983d-9ad9-458d-b16b-393de0f5abb8 req-a7c7983d-9ad9-458d-b16b-393de0f5abb8 ] Request (ImagesTestJSON:test_create_image_from_suspended_server): 200 GET http://10.180.1.21/compute/v2.1/images/ec2dca6c-865d-4163-bff0-56e2638b608e 2.397s
2025-12-15 13:51:28.714 65801 INFO tempest.lib.common.rest_client [req-549abf60-9318-43ee-a7fb-a2f219d16fa6 req-549abf60-9318-43ee-a7fb-a2f219d16fa6 ] Request (ServerMetadataTestJSON:setUpClass): 200 GET http://10.180.1.21/compute/v2.1/servers/dd2f5347-97eb-42e3-85a3-9caaf92a4b40 2.457s
2025-12-15 13:51:28.714 65821 INFO tempest.lib.common.rest_client [req-4eb3cd01-b9d2-434d-b8b3-d8cc7bc26e5d req-4eb3cd01-b9d2-434d-b8b3-d8cc7bc26e5d ] Request (FloatingIPsAssociationTestJSON:tearDownClass): 204 DELETE http://10.180.1.21/identity/v3/projects/41bc6f99be5e4b2eb9d4e314455ca2ae 0.104s
2025-12-15 13:51:28.721 65801 INFO tempest.common.waiters [-] State transition "BUILD/None" ==> "BUILD/networking" after 28 second wait
2025-12-15 13:51:28.765 65805 INFO tempest.lib.common.rest_client [req-9618a704-638f-47a1-b1a7-1856951ee2b7 req-9618a704-638f-47a1-b1a7-1856951ee2b7 ] Request (ServerDiskConfigTestJSON:test_rebuild_server_with_manual_disk_config): 200 GET http://10.180.1.21/compute/v2.1/servers/bf25e1e3-b6ae-4c53-b202-1f2f65619178 2.432s
2025-12-15 13:51:28.769 65787 INFO tempest.lib.common.rest_client [req-8e56846f-e1de-4053-8273-0b0b494f804a req-8e56846f-e1de-4053-8273-0b0b494f804a ] Request (ServicesAdminNegativeV253TestJSON:setUpClass): 200 GET http://10.180.1.21/identity/v3/domains?name=Default 0.135s
2025-12-15 13:51:28.810 65821 INFO tempest.lib.common.rest_client [req-155a93ae-666e-4184-83fb-1afe559bd7e4 req-155a93ae-666e-4184-83fb-1afe559bd7e4 ] Request (InstanceActionsV221TestJSON:setUpClass): 201 POST http://10.180.1.21/identity/v3/auth/tokens 0.094s
2025-12-15 13:51:28.853 65787 INFO tempest.lib.common.rest_client [req-f1077562-1114-4b66-8efa-127484a42e5f req-f1077562-1114-4b66-8efa-127484a42e5f ] Request (ServicesAdminNegativeV253TestJSON:setUpClass): 201 POST http://10.180.1.21/identity/v3/projects 0.081s
2025-12-15 13:51:28.932 65841 INFO tempest.lib.common.rest_client [req-b3a69994-98a5-42fa-8fec-ecd3466d73cb req-b3a69994-98a5-42fa-8fec-ecd3466d73cb ] Request (AttachVolumeNegativeTest:test_attach_attached_volume_to_different_server): 200 GET http://10.180.1.21/compute/v2.1/servers/6e9aaa7a-13af-46ef-85f5-fc9057f86dd9 2.484s
2025-12-15 13:51:28.947 65821 INFO tempest.lib.common.rest_client [req-d33c3052-fb16-4e22-9a1c-38a3e7da8579 req-d33c3052-fb16-4e22-9a1c-38a3e7da8579 ] Request (InstanceActionsV221TestJSON:setUpClass): 201 POST http://10.180.1.21/identity/v3/auth/tokens 0.133s
2025-12-15 13:51:28.948 65841 INFO tempest.common.waiters [-] State transition "BUILD/spawning" ==> "ACTIVE/None" after 30 second wait
2025-12-15 13:51:28.989 65787 INFO tempest.lib.common.rest_client [req-a192acf4-4590-4963-a7fb-8002fa3526ee req-a192acf4-4590-4963-a7fb-8002fa3526ee ] Request (ServicesAdminNegativeV253TestJSON:setUpClass): 201 POST http://10.180.1.21/identity/v3/users 0.136s
2025-12-15 13:51:29.021 65821 INFO tempest.lib.common.rest_client [req-8c0211aa-7d26-435c-ad92-d1ed1cee4749 req-8c0211aa-7d26-435c-ad92-d1ed1cee4749 ] Request (InstanceActionsV221TestJSON:setUpClass): 200 GET http://10.180.1.21/identity/v3/domains?name=Default 0.073s
2025-12-15 13:51:29.027 65787 INFO tempest.lib.common.rest_client [req-7b024cda-e5e6-4d3b-af51-98bbf599a396 req-7b024cda-e5e6-4d3b-af51-98bbf599a396 ] Request (ServicesAdminNegativeV253TestJSON:setUpClass): 200 GET http://10.180.1.21/identity/v3/roles 0.037s
2025-12-15 13:51:29.062 65821 INFO tempest.lib.common.rest_client [req-a3e3e530-47ee-4ea4-adf5-30706a09cb0a req-a3e3e530-47ee-4ea4-adf5-30706a09cb0a ] Request (InstanceActionsV221TestJSON:setUpClass): 201 POST http://10.180.1.21/identity/v3/projects 0.040s
2025-12-15 13:51:29.064 65785 INFO tempest.lib.common.rest_client [req-690b2d7c-4e61-4b74-b654-5ca5e1dc0cbd req-690b2d7c-4e61-4b74-b654-5ca5e1dc0cbd ] Request (ListServerFiltersTestJSON:tearDownClass): 200 GET http://10.180.1.21/compute/v2.1/servers/5c23260a-db0c-49ab-8b52-75109300fbda 1.871s
2025-12-15 13:51:29.087 65787 INFO tempest.lib.common.rest_client [req-21aac516-339b-41b6-82a7-f30769963d46 req-21aac516-339b-41b6-82a7-f30769963d46 ] Request (ServicesAdminNegativeV253TestJSON:setUpClass): 204 PUT http://10.180.1.21/identity/v3/projects/dbd8a87784d44395b9f6400972de6128/users/264031be38984ffcb20ce8b6923af046/roles/a98ecd7b49884e209ece9f19751ee7ae 0.058s
2025-12-15 13:51:29.087 65787 INFO tempest.lib.common.dynamic_creds [-] Dynamic test user 264031be38984ffcb20ce8b6923af046 is created with scope project and roles: ['member']
2025-12-15 13:51:29.087 65787 INFO tempest.lib.common.dynamic_creds [-] Acquired dynamic creds: credentials: Credentials: {'domain_id': 'default', 'domain_name': 'Default', 'username': 'tempest-ServicesAdminNegativeV253TestJSON-24334783-project-member', 'project_domain_id': 'default', 'project_domain_name': 'Default', 'project_id': 'dbd8a87784d44395b9f6400972de6128', 'project_name': 'tempest-ServicesAdminNegativeV253TestJSON-24334783', 'tenant_id': 'dbd8a87784d44395b9f6400972de6128', 'tenant_name': 'tempest-ServicesAdminNegativeV253TestJSON-24334783', 'user_domain_id': 'default', 'user_domain_name': 'Default', 'user_id': '264031be38984ffcb20ce8b6923af046', 'system': None}, Network: None, Subnet: None, Router: None
2025-12-15 13:51:29.088 65787 INFO tempest.lib.common.dynamic_creds [-] Created isolated network resources for: credentials: Credentials: {'domain_id': 'default', 'domain_name': 'Default', 'username': 'tempest-ServicesAdminNegativeV253TestJSON-24334783-project-member', 'project_domain_id': 'default', 'project_domain_name': 'Default', 'project_id': 'dbd8a87784d44395b9f6400972de6128', 'project_name': 'tempest-ServicesAdminNegativeV253TestJSON-24334783', 'tenant_id': 'dbd8a87784d44395b9f6400972de6128', 'tenant_name': 'tempest-ServicesAdminNegativeV253TestJSON-24334783', 'user_domain_id': 'default', 'user_domain_name': 'Default', 'user_id': '264031be38984ffcb20ce8b6923af046', 'system': None}, Network: None, Subnet: None, Router: None
2025-12-15 13:51:29.193 65787 INFO tempest.lib.common.rest_client [req-0491e35f-3277-4a70-9836-cbaca40745ac req-0491e35f-3277-4a70-9836-cbaca40745ac ] Request (ServicesAdminNegativeV253TestJSON:setUpClass): 201 POST http://10.180.1.21/identity/v3/auth/tokens 0.101s
2025-12-15 13:51:29.196 65821 INFO tempest.lib.common.rest_client [req-746a33eb-7b33-496d-8dfb-22b0f0ee3801 req-746a33eb-7b33-496d-8dfb-22b0f0ee3801 ] Request (InstanceActionsV221TestJSON:setUpClass): 201 POST http://10.180.1.21/identity/v3/users 0.133s
2025-12-15 13:51:29.200 65835 INFO tempest.lib.common.rest_client [req-de499191-44ab-4528-96f4-1bfe40ea4b0c req-de499191-44ab-4528-96f4-1bfe40ea4b0c ] Request (ServersTestFqdnHostnames:tearDownClass): 200 GET http://10.180.1.21/compute/v2.1/servers/ecbce5aa-db62-4bfa-b4bb-2fb7d3ec1d10 1.983s
2025-12-15 13:51:29.224 65821 INFO tempest.lib.common.rest_client [req-c54302af-9ca1-461c-9683-aebbda6d4875 req-c54302af-9ca1-461c-9683-aebbda6d4875 ] Request (InstanceActionsV221TestJSON:setUpClass): 200 GET http://10.180.1.21/identity/v3/roles 0.027s
2025-12-15 13:51:29.237 65831 INFO tempest.lib.common.rest_client [req-0d698d51-7a0f-4aee-bf25-fb6af34346ec req-0d698d51-7a0f-4aee-bf25-fb6af34346ec ] Request (ServerGroupTestJSON:test_create_delete_server_group_with_affinity_policy): 204 DELETE http://10.180.1.21/compute/v2.1/os-server-groups/486c9ac8-df69-4978-ad78-e8dba167718d 2.018s
2025-12-15 13:51:29.259 65787 INFO tempest.lib.common.rest_client [req-e5f8ecb4-0153-4a6d-b618-9892285fa0da req-e5f8ecb4-0153-4a6d-b618-9892285fa0da ] Request (ServicesAdminNegativeV253TestJSON:setUpClass): 201 POST http://10.180.1.21/identity/v3/projects 0.065s
2025-12-15 13:51:29.261 65829 INFO tempest.lib.common.rest_client [req-f833ab45-7d17-4244-8af7-f6e8e5cde0cb req-f833ab45-7d17-4244-8af7-f6e8e5cde0cb ] Request (ServersTestBootFromVolume:setUpClass): 202 POST http://10.180.1.21/volume/v3/volumes 0.684s
2025-12-15 13:51:29.274 65821 INFO tempest.lib.common.rest_client [req-42be4b2b-3b20-4366-97d8-1bebe89b7a1a req-42be4b2b-3b20-4366-97d8-1bebe89b7a1a ] Request (InstanceActionsV221TestJSON:setUpClass): 204 PUT http://10.180.1.21/identity/v3/projects/c43310c60e6440f2bb6fcc247fe75b1d/users/d950f84444eb4fc7a004d1ca40356b4f/roles/a98ecd7b49884e209ece9f19751ee7ae 0.049s
2025-12-15 13:51:29.274 65821 INFO tempest.lib.common.dynamic_creds [-] Dynamic test user d950f84444eb4fc7a004d1ca40356b4f is created with scope project and roles: ['member']
2025-12-15 13:51:29.274 65821 INFO tempest.lib.common.dynamic_creds [-] Acquired dynamic creds: credentials: Credentials: {'domain_id': 'default', 'domain_name': 'Default', 'username': 'tempest-InstanceActionsV221TestJSON-1334419387-project-member', 'project_domain_id': 'default', 'project_domain_name': 'Default', 'project_id': 'c43310c60e6440f2bb6fcc247fe75b1d', 'project_name': 'tempest-InstanceActionsV221TestJSON-1334419387', 'tenant_id': 'c43310c60e6440f2bb6fcc247fe75b1d', 'tenant_name': 'tempest-InstanceActionsV221TestJSON-1334419387', 'user_domain_id': 'default', 'user_domain_name': 'Default', 'user_id': 'd950f84444eb4fc7a004d1ca40356b4f', 'system': None}, Network: None, Subnet: None, Router: None
2025-12-15 13:51:29.312 65829 INFO tempest.lib.common.rest_client [req-2ac5a207-7f14-43f0-9531-6129e4182980 req-2ac5a207-7f14-43f0-9531-6129e4182980 ] Request (ServersTestBootFromVolume:setUpClass): 200 GET http://10.180.1.21/volume/v3/volumes/eb539d07-25a1-4547-8a3c-cab273bb41aa 0.040s
2025-12-15 13:51:29.390 65821 INFO tempest.lib.common.rest_client [req-f1657a3d-27fc-4215-9c54-4d31375e0ccb req-f1657a3d-27fc-4215-9c54-4d31375e0ccb ] Request (InstanceActionsV221TestJSON:setUpClass): 201 POST http://10.180.1.21/identity/v3/auth/tokens 0.115s
2025-12-15 13:51:29.451 65787 INFO tempest.lib.common.rest_client [req-a9815bd9-88e4-4830-92bc-93d56f56b124 req-a9815bd9-88e4-4830-92bc-93d56f56b124 ] Request (ServicesAdminNegativeV253TestJSON:setUpClass): 201 POST http://10.180.1.21/identity/v3/users 0.191s
2025-12-15 13:51:29.471 65787 INFO tempest.lib.common.rest_client [req-dcdf6e84-8b83-4cd1-b55f-6309915e1c14 req-dcdf6e84-8b83-4cd1-b55f-6309915e1c14 ] Request (ServicesAdminNegativeV253TestJSON:setUpClass): 200 GET http://10.180.1.21/identity/v3/roles 0.020s
2025-12-15 13:51:29.515 65787 INFO tempest.lib.common.rest_client [req-764151e5-48a6-4dd3-88d0-908fac4dc24a req-764151e5-48a6-4dd3-88d0-908fac4dc24a ] Request (ServicesAdminNegativeV253TestJSON:setUpClass): 204 PUT http://10.180.1.21/identity/v3/projects/b0a8fe56cc7645f199c28f3a0c8ba365/users/89d30741af934b3fa79f6f43de5c17ea/roles/d1e763536b93417795c1db33777afef9 0.043s
2025-12-15 13:51:29.584 65787 INFO tempest.lib.common.rest_client [req-eb9697fb-aca1-461e-a8f3-a1cf6fe66f93 req-eb9697fb-aca1-461e-a8f3-a1cf6fe66f93 ] Request (ServicesAdminNegativeV253TestJSON:setUpClass): 200 GET http://10.180.1.21/identity/v3/roles 0.069s
2025-12-15 13:51:29.660 65787 INFO tempest.lib.common.rest_client [req-d72cdc4b-fcde-4a9a-8f12-28f9b236b343 req-d72cdc4b-fcde-4a9a-8f12-28f9b236b343 ] Request (ServicesAdminNegativeV253TestJSON:setUpClass): 204 PUT http://10.180.1.21/identity/v3/projects/b0a8fe56cc7645f199c28f3a0c8ba365/users/89d30741af934b3fa79f6f43de5c17ea/roles/d1e763536b93417795c1db33777afef9 0.076s
2025-12-15 13:51:29.661 65787 INFO tempest.lib.common.dynamic_creds [-] Dynamic test user 89d30741af934b3fa79f6f43de5c17ea is created with scope project and roles: ['admin']
2025-12-15 13:51:29.661 65787 INFO tempest.lib.common.dynamic_creds [-] Acquired dynamic creds: credentials: Credentials: {'domain_id': 'default', 'domain_name': 'Default', 'username': 'tempest-ServicesAdminNegativeV253TestJSON-92365771-project-admin', 'project_domain_id': 'default', 'project_domain_name': 'Default', 'project_id': 'b0a8fe56cc7645f199c28f3a0c8ba365', 'project_name': 'tempest-ServicesAdminNegativeV253TestJSON-92365771', 'tenant_id': 'b0a8fe56cc7645f199c28f3a0c8ba365', 'tenant_name': 'tempest-ServicesAdminNegativeV253TestJSON-92365771', 'user_domain_id': 'default', 'user_domain_name': 'Default', 'user_id': '89d30741af934b3fa79f6f43de5c17ea', 'system': None}, Network: None, Subnet: None, Router: None
2025-12-15 13:51:29.661 65787 INFO tempest.lib.common.dynamic_creds [-] Created isolated network resources for: credentials: Credentials: {'domain_id': 'default', 'domain_name': 'Default', 'username': 'tempest-ServicesAdminNegativeV253TestJSON-92365771-project-admin', 'project_domain_id': 'default', 'project_domain_name': 'Default', 'project_id': 'b0a8fe56cc7645f199c28f3a0c8ba365', 'project_name': 'tempest-ServicesAdminNegativeV253TestJSON-92365771', 'tenant_id': 'b0a8fe56cc7645f199c28f3a0c8ba365', 'tenant_name': 'tempest-ServicesAdminNegativeV253TestJSON-92365771', 'user_domain_id': 'default', 'user_domain_name': 'Default', 'user_id': '89d30741af934b3fa79f6f43de5c17ea', 'system': None}, Network: None, Subnet: None, Router: None
2025-12-15 13:51:29.754 65787 INFO tempest.lib.common.rest_client [req-74c1bd3d-9f33-42b9-855f-5f8e6a96071f req-74c1bd3d-9f33-42b9-855f-5f8e6a96071f ] Request (ServicesAdminNegativeV253TestJSON:setUpClass): 201 POST http://10.180.1.21/identity/v3/auth/tokens 0.089s
2025-12-15 13:51:29.854 65821 INFO tempest.lib.common.rest_client [req-bdc8c68d-c76c-4295-b56d-83b5db801b6f req-bdc8c68d-c76c-4295-b56d-83b5db801b6f ] Request (InstanceActionsV221TestJSON:setUpClass): 201 POST http://10.180.1.21/networking/v2.0/networks 0.464s
2025-12-15 13:51:29.890 65837 INFO tempest.lib.common.rest_client [req-892bcc8b-273f-437b-80f9-a24d8dbd9f31 req-892bcc8b-273f-437b-80f9-a24d8dbd9f31 ] Request (AttachInterfacesTestJSON:test_create_list_show_delete_interfaces_by_network_port): 200 GET http://10.180.1.21/compute/v2.1/servers/7f19a5ef-8075-4d6a-9a38-f5ca93046bc3 2.616s
2025-12-15 13:51:29.898 65837 INFO tempest.lib.common.ssh [-] Creating ssh connection to '10.180.180.144:22' as 'cirros' with public key authentication
2025-12-15 13:51:30.040 65827 INFO tempest.lib.common.rest_client [req-7e9b2e1f-4d26-42af-b586-16965d98f817 req-7e9b2e1f-4d26-42af-b586-16965d98f817 ] Request (ServerRescueTestJSON:setUpClass): 202 POST http://10.180.1.21/compute/v2.1/servers 3.555s
2025-12-15 13:51:30.136 65821 INFO tempest.lib.common.rest_client [req-8df3947a-8796-4044-8a04-502fa5ce514d req-8df3947a-8796-4044-8a04-502fa5ce514d ] Request (InstanceActionsV221TestJSON:setUpClass): 201 POST http://10.180.1.21/networking/v2.0/subnets 0.282s
2025-12-15 13:51:30.355 65829 INFO tempest.lib.common.rest_client [req-28cacb98-604f-48ae-9e02-9c1598dd6372 req-28cacb98-604f-48ae-9e02-9c1598dd6372 ] Request (ServersTestBootFromVolume:setUpClass): 200 GET http://10.180.1.21/volume/v3/volumes/eb539d07-25a1-4547-8a3c-cab273bb41aa 0.029s
2025-12-15 13:51:30.934 65789 INFO tempest.lib.common.rest_client [req-096cd9eb-0a94-43a1-948e-ba6dfb5269e4 req-096cd9eb-0a94-43a1-948e-ba6dfb5269e4 ] Request (ServersV294TestFqdnHostnames:setUpClass): 200 GET http://10.180.1.21/compute/v2.1/servers/29b045ba-482c-49d2-af95-db0b6aed0480 3.465s
2025-12-15 13:51:31.036 65821 INFO tempest.lib.common.rest_client [req-5f5a8f74-c595-4f44-afe5-7f4ca387f1b2 req-5f5a8f74-c595-4f44-afe5-7f4ca387f1b2 ] Request (InstanceActionsV221TestJSON:setUpClass): 201 POST http://10.180.1.21/networking/v2.0/routers 0.898s
2025-12-15 13:51:31.057 65833 INFO tempest.lib.common.rest_client [req-3c98293a-a0c2-433e-aadf-94056459ec8f req-3c98293a-a0c2-433e-aadf-94056459ec8f ] Request (ServerActionsTestOtherB:setUpClass): 200 GET http://10.180.1.21/compute/v2.1/servers/65fd37ce-d54d-41f4-860e-37a9db87fe48 2.917s
2025-12-15 13:51:31.066 65833 INFO tempest.common.waiters [-] State transition "BUILD/None" ==> "BUILD/networking" after 30 second wait
2025-12-15 13:51:31.158 65841 INFO tempest.lib.common.rest_client [req-9567660b-1ecf-4c7f-8f1a-f15e0749a18f req-9567660b-1ecf-4c7f-8f1a-f15e0749a18f ] Request (AttachVolumeNegativeTest:test_attach_attached_volume_to_different_server): 200 GET http://10.180.1.21/compute/v2.1/servers/6e9aaa7a-13af-46ef-85f5-fc9057f86dd9/os-interface 2.209s
2025-12-15 13:51:31.299 65817 INFO tempest.lib.common.rest_client [req-54f6ab12-0052-4014-a693-3d9083ea52b5 req-54f6ab12-0052-4014-a693-3d9083ea52b5 ] Request (ServersAdminTestJSON:test_inject_network_info): 202 POST http://10.180.1.21/compute/v2.1/servers 3.562s
2025-12-15 13:51:31.395 65829 INFO tempest.lib.common.rest_client [req-310a79e5-706d-414b-90f7-397e8b3adf57 req-310a79e5-706d-414b-90f7-397e8b3adf57 ] Request (ServersTestBootFromVolume:setUpClass): 200 GET http://10.180.1.21/volume/v3/volumes/eb539d07-25a1-4547-8a3c-cab273bb41aa 0.033s
2025-12-15 13:51:31.515 65811 WARNING tempest.lib.common.ssh [-] Failed to establish authenticated ssh connection to cirros@10.180.180.210 ([Errno None] Unable to connect to port 22 on 10.180.180.210). Number attempts: 4. Retry after 5 seconds.: paramiko.ssh_exception.NoValidConnectionsError: [Errno None] Unable to connect to port 22 on 10.180.180.210
2025-12-15 13:51:31.764 65841 INFO tempest.lib.common.rest_client [req-2ef267aa-46a0-4850-846a-3186bfc5265f req-2ef267aa-46a0-4850-846a-3186bfc5265f ] Request (AttachVolumeNegativeTest:test_attach_attached_volume_to_different_server): 200 PUT http://10.180.1.21/networking/v2.0/floatingips/d3757ebd-6857-47c0-bab8-b70fa22e6d30 0.603s
2025-12-15 13:51:31.766 65841 INFO tempest.lib.common.ssh [-] Creating ssh connection to '10.180.180.217:22' as 'cirros' with public key authentication
2025-12-15 13:51:31.802 65819 INFO tempest.lib.common.rest_client [req-3a2dd2b8-137a-4e61-a184-5b7f32faae80 req-3a2dd2b8-137a-4e61-a184-5b7f32faae80 ] Request (ServerAddressesTestJSON:tearDownClass): 200 GET http://10.180.1.21/compute/v2.1/servers/762d1978-7b4d-430a-8195-512a9dc2f9ef 2.811s
2025-12-15 13:51:31.816 65819 INFO tempest.common.waiters [-] State transition "ACTIVE/deleting" ==> "DELETED/None" after 4 second wait
2025-12-15 13:51:31.817 65831 INFO tempest.lib.common.rest_client [req-0c4659a1-a0f6-4157-937a-8a475ea23f09 req-0c4659a1-a0f6-4157-937a-8a475ea23f09 ] Request (ServerGroupTestJSON:test_create_delete_server_group_with_affinity_policy): 200 GET http://10.180.1.21/compute/v2.1/os-server-groups 2.580s
2025-12-15 13:51:31.867 65783 INFO tempest.lib.common.rest_client [req-edc9acee-849f-47e6-8f93-c7dc796f0298 req-edc9acee-849f-47e6-8f93-c7dc796f0298 ] Request (ServerPasswordTestJSON:setUpClass): 200 GET http://10.180.1.21/compute/v2.1/servers/c423524c-773b-4a11-87d0-47fe210b0ee3 2.872s
2025-12-15 13:51:31.965 65821 INFO tempest.lib.common.rest_client [req-b09e10c7-2de7-4620-a3df-35845896e4c1 req-b09e10c7-2de7-4620-a3df-35845896e4c1 ] Request (InstanceActionsV221TestJSON:setUpClass): 200 PUT http://10.180.1.21/networking/v2.0/routers/72f52c4a-9ff7-42e2-8210-03573f5b23d2/add_router_interface 0.929s
2025-12-15 13:51:31.965 65821 INFO tempest.lib.common.dynamic_creds [-] Created isolated network resources for: credentials: Credentials: {'domain_id': 'default', 'domain_name': 'Default', 'username': 'tempest-InstanceActionsV221TestJSON-1334419387-project-member', 'project_domain_id': 'default', 'project_domain_name': 'Default', 'project_id': 'c43310c60e6440f2bb6fcc247fe75b1d', 'project_name': 'tempest-InstanceActionsV221TestJSON-1334419387', 'tenant_id': 'c43310c60e6440f2bb6fcc247fe75b1d', 'tenant_name': 'tempest-InstanceActionsV221TestJSON-1334419387', 'user_domain_id': 'default', 'user_domain_name': 'Default', 'user_id': 'd950f84444eb4fc7a004d1ca40356b4f', 'system': None}, Network: {'id': '7c1be1eb-203d-464a-bf0f-930273365e7a', 'name': 'tempest-InstanceActionsV221TestJSON-1313684484-network', 'tenant_id': 'c43310c60e6440f2bb6fcc247fe75b1d', 'project_id': 'c43310c60e6440f2bb6fcc247fe75b1d', 'admin_state_up': True, 'mtu': 8950, 'status': 'ACTIVE', 'subnets': [], 'shared': False, 'port_security_enabled': True, 'router:external': False, 'provider:network_type': 'vlan', 'provider:physical_network': 'default', 'provider:segmentation_id': 817, 'availability_zone_hints': [], 'availability_zones': [], 'ipv4_address_scope': None, 'ipv6_address_scope': None, 'description': '', 'tags': [], 'created_at': '2025-12-15T13:51:29Z', 'updated_at': '2025-12-15T13:51:29Z', 'revision_number': 1}, Subnet: {'id': 'eab3f152-8102-4cfd-ac76-c193c95adc7e', 'name': 'tempest-InstanceActionsV221TestJSON-1313684484-subnet', 'tenant_id': 'c43310c60e6440f2bb6fcc247fe75b1d', 'network_id': '7c1be1eb-203d-464a-bf0f-930273365e7a', 'ip_version': 4, 'subnetpool_id': None, 'enable_dhcp': True, 'ipv6_ra_mode': None, 'ipv6_address_mode': None, 'gateway_ip': '192.168.128.1', 'cidr': '192.168.128.0/28', 'allocation_pools': [{'start': '192.168.128.2', 'end': '192.168.128.14'}], 'host_routes': [], 'dns_nameservers': [], 'description': '', 'router:external': False, 'service_types': [], 'tags': [], 'created_at': '2025-12-15T13:51:29Z', 'updated_at': '2025-12-15T13:51:29Z', 'revision_number': 0, 'project_id': 'c43310c60e6440f2bb6fcc247fe75b1d'}, Router: {'id': '72f52c4a-9ff7-42e2-8210-03573f5b23d2', 'name': 'tempest-InstanceActionsV221TestJSON-1313684484-router', 'tenant_id': 'c43310c60e6440f2bb6fcc247fe75b1d', 'admin_state_up': True, 'status': 'ACTIVE', 'external_gateway_info': {'network_id': 'a3897f41-cb78-4466-8205-e036c210f720', 'external_fixed_ips': [{'subnet_id': 'f4e8eb43-1fbb-4a76-808a-a6d04842500d', 'ip_address': '10.180.180.152'}], 'enable_snat': True}, 'description': '', 'availability_zones': [], 'distributed': False, 'ha': False, 'availability_zone_hints': [], 'routes': [], 'flavor_id': None, 'tags': [], 'created_at': '2025-12-15T13:51:30Z', 'updated_at': '2025-12-15T13:51:30Z', 'revision_number': 2, 'project_id': 'c43310c60e6440f2bb6fcc247fe75b1d'}
2025-12-15 13:51:31.974 65843 INFO tempest.lib.common.rest_client [req-6b42359d-ea6f-48d2-9fdc-49426558fba9 req-6b42359d-ea6f-48d2-9fdc-49426558fba9 ] Request (ServersTestManualDisk:tearDownClass): 200 GET http://10.180.1.21/compute/v2.1/servers/41908755-4af2-474f-b842-04300f9365ce 2.516s
2025-12-15 13:51:32.113 65807 INFO tempest.lib.common.rest_client [req-353bbdd9-e668-4464-9b7e-47a52984b8c3 req-353bbdd9-e668-4464-9b7e-47a52984b8c3 ] Request (ServerActionsTestJSON:setUpClass): 200 GET http://10.180.1.21/compute/v2.1/servers/fd36a39c-39b0-4af3-9546-4786ef34d029 2.567s
2025-12-15 13:51:32.115 65821 INFO tempest.lib.common.rest_client [req-bd93b4ce-7307-455c-acd6-9d704c8043ce req-bd93b4ce-7307-455c-acd6-9d704c8043ce ] Request (InstanceActionsV221TestJSON:setUpClass): 201 POST http://10.180.1.21/identity/v3/auth/tokens 0.146s
2025-12-15 13:51:32.157 65791 INFO tempest.lib.common.rest_client [req-667f7deb-4faa-4803-90e3-4e39a427f7d7 req-667f7deb-4faa-4803-90e3-4e39a427f7d7 ] Request (MigrationsAdminTest:test_resize_server_revert_deleted_flavor): 200 GET http://10.180.1.21/compute/v2.1/servers/77a5f75c-17ae-40f1-8433-9ef622c2cd35 2.653s
2025-12-15 13:51:32.177 65821 INFO tempest.lib.common.rest_client [req-1c205a0c-2649-426c-9a38-2b29fe110217 req-1c205a0c-2649-426c-9a38-2b29fe110217 ] Request (InstanceActionsV221TestJSON:test_get_list_deleted_instance_actions): 201 POST http://10.180.1.21/identity/v3/auth/tokens 0.059s
2025-12-15 13:51:32.178 65821 INFO tempest.lib.common.fixed_network [-] (InstanceActionsV221TestJSON:test_get_list_deleted_instance_actions) Found network {'id': '7c1be1eb-203d-464a-bf0f-930273365e7a', 'name': 'tempest-InstanceActionsV221TestJSON-1313684484-network', 'tenant_id': 'c43310c60e6440f2bb6fcc247fe75b1d', 'project_id': 'c43310c60e6440f2bb6fcc247fe75b1d', 'admin_state_up': True, 'mtu': 8950, 'status': 'ACTIVE', 'subnets': [], 'shared': False, 'port_security_enabled': True, 'router:external': False, 'provider:network_type': 'vlan', 'provider:physical_network': 'default', 'provider:segmentation_id': 817, 'availability_zone_hints': [], 'availability_zones': [], 'ipv4_address_scope': None, 'ipv6_address_scope': None, 'description': '', 'tags': [], 'created_at': '2025-12-15T13:51:29Z', 'updated_at': '2025-12-15T13:51:29Z', 'revision_number': 1} available for tenant
2025-12-15 13:51:32.234 65815 INFO tempest.lib.common.rest_client [req-cf866292-3ca7-4536-b237-6b2cc1e66112 req-cf866292-3ca7-4536-b237-6b2cc1e66112 ] Request (ImagesOneServerTestJSON:tearDownClass): 200 GET http://10.180.1.21/compute/v2.1/servers/82d97132-715f-493a-baa9-ef9cbbdece9b 2.584s
2025-12-15 13:51:32.299 65797 INFO tempest.lib.common.rest_client [req-46af07bd-a5f5-496d-af02-528eb1cd649c req-46af07bd-a5f5-496d-af02-528eb1cd649c ] Request (ListImageFiltersTestJSON:tearDownClass): 200 GET http://10.180.1.21/compute/v2.1/servers/aa49b8de-62ba-49d6-ac03-d1b0c23babf5 2.636s
2025-12-15 13:51:32.472 65801 INFO tempest.lib.common.rest_client [req-7a1721da-9a4d-450a-9628-5d056cabb19b req-7a1721da-9a4d-450a-9628-5d056cabb19b ] Request (ServerMetadataTestJSON:setUpClass): 200 GET http://10.180.1.21/compute/v2.1/servers/dd2f5347-97eb-42e3-85a3-9caaf92a4b40 2.749s
2025-12-15 13:51:32.474 65829 INFO tempest.lib.common.rest_client [req-32578859-c2d7-4f9c-abe1-9c9e27d7a1af req-32578859-c2d7-4f9c-abe1-9c9e27d7a1af ] Request (ServersTestBootFromVolume:setUpClass): 200 GET http://10.180.1.21/volume/v3/volumes/eb539d07-25a1-4547-8a3c-cab273bb41aa 0.069s
2025-12-15 13:51:32.483 65801 INFO tempest.common.waiters [-] State transition "BUILD/networking" ==> "BUILD/spawning" after 32 second wait
2025-12-15 13:51:32.561 65825 INFO tempest.lib.common.rest_client [req-6aee86de-36a6-4e44-a51d-5eda83a2080b req-6aee86de-36a6-4e44-a51d-5eda83a2080b ] Request (ImagesTestJSON:test_create_image_from_suspended_server): 200 GET http://10.180.1.21/compute/v2.1/images/ec2dca6c-865d-4163-bff0-56e2638b608e 2.856s
2025-12-15 13:51:32.638 65787 INFO tempest.lib.common.rest_client [req-b270abaa-93a8-4115-aab9-e395388201ef req-b270abaa-93a8-4115-aab9-e395388201ef ] Request (ServicesAdminNegativeV253TestJSON:test_disable_log_reason_with_invalid_service_id): 404 PUT http://10.180.1.21/compute/v2.1/os-services/e6a2f41e-2e7e-4828-afd4-c9569fcf08ae 2.882s
2025-12-15 13:51:32.666 65805 INFO tempest.lib.common.rest_client [req-fdc30146-5167-4444-85ce-6ee2874d5f25 req-fdc30146-5167-4444-85ce-6ee2874d5f25 ] Request (ServerDiskConfigTestJSON:test_rebuild_server_with_manual_disk_config): 200 GET http://10.180.1.21/compute/v2.1/servers/bf25e1e3-b6ae-4c53-b202-1f2f65619178 2.892s
2025-12-15 13:51:32.710 65827 INFO tempest.lib.common.rest_client [req-716fb035-cc05-4815-b61f-4910f1defa46 req-716fb035-cc05-4815-b61f-4910f1defa46 ] Request (ServerRescueTestJSON:setUpClass): 200 GET http://10.180.1.21/compute/v2.1/servers/3f9c3972-7835-4e80-b5ca-ff29fcd9266a 2.668s
2025-12-15 13:51:32.742 65785 INFO tempest.lib.common.rest_client [req-44a65f12-f4ae-4fc3-b8dc-8563e7633443 req-44a65f12-f4ae-4fc3-b8dc-8563e7633443 ] Request (ListServerFiltersTestJSON:tearDownClass): 200 GET http://10.180.1.21/compute/v2.1/servers/5c23260a-db0c-49ab-8b52-75109300fbda 2.661s
2025-12-15 13:51:32.775 65835 INFO tempest.lib.common.rest_client [req-8a008697-de83-4da7-a5d3-6ec363e533a8 req-8a008697-de83-4da7-a5d3-6ec363e533a8 ] Request (ServersTestFqdnHostnames:tearDownClass): 200 GET http://10.180.1.21/compute/v2.1/servers/ecbce5aa-db62-4bfa-b4bb-2fb7d3ec1d10 2.559s
2025-12-15 13:51:32.850 65817 INFO tempest.lib.common.rest_client [req-31353721-6502-411c-a324-e066d19b68eb req-31353721-6502-411c-a324-e066d19b68eb ] Request (ServersAdminTestJSON:test_inject_network_info): 200 GET http://10.180.1.21/compute/v2.1/servers/4fc9fe05-6401-42e3-95c5-2e54c65b81f0 1.549s
2025-12-15 13:51:32.921 65831 INFO tempest.lib.common.rest_client [req-6ff9666d-2966-444d-951b-e925a147ad67 req-6ff9666d-2966-444d-951b-e925a147ad67 ] Request (ServerGroupTestJSON:test_create_delete_server_group_with_anti_affinity_policy): 200 POST http://10.180.1.21/compute/v2.1/os-server-groups 1.101s
2025-12-15 13:51:33.012 65789 INFO tempest.lib.common.rest_client [req-bd45e284-1f94-4eac-9c2e-3616ba7a65e2 req-bd45e284-1f94-4eac-9c2e-3616ba7a65e2 ] Request (ServersV294TestFqdnHostnames:setUpClass): 200 GET http://10.180.1.21/compute/v2.1/servers/29b045ba-482c-49d2-af95-db0b6aed0480 1.065s
2025-12-15 13:51:33.023 65789 INFO tempest.common.waiters [-] State transition "BUILD/spawning" ==> "ACTIVE/None" after 35 second wait
2025-12-15 13:51:33.114 65833 INFO tempest.lib.common.rest_client [req-32254d4e-45a6-48c3-9663-5a32b2f89787 req-32254d4e-45a6-48c3-9663-5a32b2f89787 ] Request (ServerActionsTestOtherB:setUpClass): 200 GET http://10.180.1.21/compute/v2.1/servers/65fd37ce-d54d-41f4-860e-37a9db87fe48 1.047s
2025-12-15 13:51:33.126 65833 INFO tempest.common.waiters [-] State transition "BUILD/networking" ==> "BUILD/spawning" after 32 second wait
2025-12-15 13:51:33.141 65787 INFO tempest.lib.common.rest_client [req-8cde35d9-238e-4762-8616-b33495f922d3 req-8cde35d9-238e-4762-8616-b33495f922d3 ] Request (ServicesAdminNegativeV253TestJSON:test_disable_service_with_invalid_service_id): 404 PUT http://10.180.1.21/compute/v2.1/os-services/e6a2f41e-2e7e-4828-afd4-c9569fcf08ae 0.501s
2025-12-15 13:51:33.257 65819 INFO tempest.lib.common.rest_client [req-cfce7658-eaa5-4d35-8562-d60fe6c19938 req-cfce7658-eaa5-4d35-8562-d60fe6c19938 ] Request (ServerAddressesTestJSON:tearDownClass): 200 GET http://10.180.1.21/compute/v2.1/servers/762d1978-7b4d-430a-8195-512a9dc2f9ef 0.439s
2025-12-15 13:51:33.371 65783 INFO tempest.lib.common.rest_client [req-0bcd612d-6b9a-4aab-82bb-e2f45d3b9816 req-0bcd612d-6b9a-4aab-82bb-e2f45d3b9816 ] Request (ServerPasswordTestJSON:setUpClass): 200 GET http://10.180.1.21/compute/v2.1/servers/c423524c-773b-4a11-87d0-47fe210b0ee3 0.497s
2025-12-15 13:51:33.400 65831 INFO tempest.lib.common.rest_client [req-1780ccd0-129b-4254-a915-c564d2f0651c req-1780ccd0-129b-4254-a915-c564d2f0651c ] Request (ServerGroupTestJSON:test_create_delete_server_group_with_anti_affinity_policy): 204 DELETE http://10.180.1.21/compute/v2.1/os-server-groups/128f71fa-1e73-432b-916c-1d8359b66ed1 0.476s
2025-12-15 13:51:33.409 65821 INFO tempest.lib.common.rest_client [req-3a18ffe2-15e7-43bc-b3b4-e3403c6c3c04 req-3a18ffe2-15e7-43bc-b3b4-e3403c6c3c04 ] Request (InstanceActionsV221TestJSON:test_get_list_deleted_instance_actions): 202 POST http://10.180.1.21/compute/v2.1/servers 1.231s
2025-12-15 13:51:33.541 65829 INFO tempest.lib.common.rest_client [req-20d351ae-c3a1-43db-bfc9-1ad96a59a6cb req-20d351ae-c3a1-43db-bfc9-1ad96a59a6cb ] Request (ServersTestBootFromVolume:setUpClass): 200 GET http://10.180.1.21/volume/v3/volumes/eb539d07-25a1-4547-8a3c-cab273bb41aa 0.051s
2025-12-15 13:51:33.578 65789 INFO tempest.lib.common.rest_client [req-52a2edff-d09f-4ea1-ba7b-ca5eb911eb40 req-52a2edff-d09f-4ea1-ba7b-ca5eb911eb40 ] Request (ServersV294TestFqdnHostnames:setUpClass): 200 GET http://10.180.1.21/compute/v2.1/servers/29b045ba-482c-49d2-af95-db0b6aed0480/os-interface 0.554s
2025-12-15 13:51:33.597 65843 INFO tempest.lib.common.rest_client [req-235d32a2-cf8f-4f7e-8efb-2412afc6feee req-235d32a2-cf8f-4f7e-8efb-2412afc6feee ] Request (ServersTestManualDisk:tearDownClass): 200 GET http://10.180.1.21/compute/v2.1/servers/41908755-4af2-474f-b842-04300f9365ce 0.611s
2025-12-15 13:51:33.625 65787 INFO tempest.lib.common.rest_client [req-37b314c4-8913-4fe4-a45b-72fcba5c3c4a req-37b314c4-8913-4fe4-a45b-72fcba5c3c4a ] Request (ServicesAdminNegativeV253TestJSON:test_enable_service_with_invalid_service_id): 404 PUT http://10.180.1.21/compute/v2.1/os-services/e6a2f41e-2e7e-4828-afd4-c9569fcf08ae 0.482s
2025-12-15 13:51:34.105 65807 INFO tempest.lib.common.rest_client [req-bdb1235c-dcf5-4819-9b8f-b24ddac54191 req-bdb1235c-dcf5-4819-9b8f-b24ddac54191 ] Request (ServerActionsTestJSON:setUpClass): 200 GET http://10.180.1.21/compute/v2.1/servers/fd36a39c-39b0-4af3-9546-4786ef34d029 0.978s
2025-12-15 13:51:34.242 65789 INFO tempest.lib.common.rest_client [req-d35d0f95-81b8-4d93-a15d-42222a5fd45f req-d35d0f95-81b8-4d93-a15d-42222a5fd45f ] Request (ServersV294TestFqdnHostnames:setUpClass): 200 PUT http://10.180.1.21/networking/v2.0/floatingips/10ed1010-ebf1-4b2d-8f65-00ed5177115f 0.659s
2025-12-15 13:51:34.274 65815 INFO tempest.lib.common.rest_client [req-103d6e61-8c5a-482e-aeaf-56d34bdaf727 req-103d6e61-8c5a-482e-aeaf-56d34bdaf727 ] Request (ImagesOneServerTestJSON:tearDownClass): 200 GET http://10.180.1.21/compute/v2.1/servers/82d97132-715f-493a-baa9-ef9cbbdece9b 1.025s
2025-12-15 13:51:34.311 65791 INFO tempest.lib.common.rest_client [req-d57798fa-7e89-4de4-b7d9-73510fdcb4a6 req-d57798fa-7e89-4de4-b7d9-73510fdcb4a6 ] Request (MigrationsAdminTest:test_resize_server_revert_deleted_flavor): 200 GET http://10.180.1.21/compute/v2.1/servers/77a5f75c-17ae-40f1-8433-9ef622c2cd35 1.137s
2025-12-15 13:51:34.327 65831 INFO tempest.lib.common.rest_client [req-f6a1e6ea-ce4a-4097-86be-8ff51ae513cc req-f6a1e6ea-ce4a-4097-86be-8ff51ae513cc ] Request (ServerGroupTestJSON:test_create_delete_server_group_with_anti_affinity_policy): 200 GET http://10.180.1.21/compute/v2.1/os-server-groups 0.927s
2025-12-15 13:51:34.358 65797 INFO tempest.lib.common.rest_client [req-7a2d21dd-0afd-4a4b-af27-94a3127bfb76 req-7a2d21dd-0afd-4a4b-af27-94a3127bfb76 ] Request (ListImageFiltersTestJSON:tearDownClass): 200 GET http://10.180.1.21/compute/v2.1/servers/aa49b8de-62ba-49d6-ac03-d1b0c23babf5 1.045s
2025-12-15 13:51:34.421 65821 INFO tempest.lib.common.rest_client [req-5a50450e-770c-4b8c-b06a-1ef0fc539ee3 req-5a50450e-770c-4b8c-b06a-1ef0fc539ee3 ] Request (InstanceActionsV221TestJSON:test_get_list_deleted_instance_actions): 200 GET http://10.180.1.21/compute/v2.1/servers/cc5f0dd1-0565-4094-8594-51b9455da325 1.009s
2025-12-15 13:51:34.427 65831 INFO tempest.lib.common.rest_client [req-0733803d-e61e-4302-b1b1-e780bc7c6388 req-0733803d-e61e-4302-b1b1-e780bc7c6388 ] Request (ServerGroupTestJSON:test_create_server_with_scheduler_hint_group): 201 POST http://10.180.1.21/identity/v3/auth/tokens 0.091s
2025-12-15 13:51:34.427 65831 INFO tempest.lib.common.fixed_network [-] (ServerGroupTestJSON:test_create_server_with_scheduler_hint_group) Found network {'id': 'bc4d9ee2-5c69-4ba0-87e6-a8be674b4a90', 'name': 'tempest-ServerGroupTestJSON-1686899027-network', 'tenant_id': '63951e5ce88a4a31adde6071ad66ca22', 'project_id': '63951e5ce88a4a31adde6071ad66ca22', 'admin_state_up': True, 'mtu': 8950, 'status': 'ACTIVE', 'subnets': [], 'shared': False, 'port_security_enabled': True, 'router:external': False, 'provider:network_type': 'vlan', 'provider:physical_network': 'default', 'provider:segmentation_id': 747, 'availability_zone_hints': [], 'availability_zones': [], 'ipv4_address_scope': None, 'ipv6_address_scope': None, 'description': '', 'tags': [], 'created_at': '2025-12-15T13:51:11Z', 'updated_at': '2025-12-15T13:51:11Z', 'revision_number': 1} available for tenant
2025-12-15 13:51:34.470 65825 INFO tempest.lib.common.rest_client [req-61d250e4-7b72-4137-b82a-be4b6f99ea40 req-61d250e4-7b72-4137-b82a-be4b6f99ea40 ] Request (ImagesTestJSON:test_create_image_from_suspended_server): 200 GET http://10.180.1.21/compute/v2.1/images/ec2dca6c-865d-4163-bff0-56e2638b608e 0.903s
2025-12-15 13:51:34.494 65787 INFO tempest.lib.common.rest_client [req-c265d800-89be-4725-9518-f64e9cc46ffa req-c265d800-89be-4725-9518-f64e9cc46ffa ] Request (ServicesAdminNegativeV253TestJSON:test_get_service_by_invalid_params): 200 GET http://10.180.1.21/compute/v2.1/os-services 0.868s
2025-12-15 13:51:34.517 65801 INFO tempest.lib.common.rest_client [req-444b3815-9f29-4f2d-9bdf-45e28db74c35 req-444b3815-9f29-4f2d-9bdf-45e28db74c35 ] Request (ServerMetadataTestJSON:setUpClass): 200 GET http://10.180.1.21/compute/v2.1/servers/dd2f5347-97eb-42e3-85a3-9caaf92a4b40 1.032s
2025-12-15 13:51:34.598 65805 INFO tempest.lib.common.rest_client [req-9a7703d2-9bba-440e-ae4c-21df91521933 req-9a7703d2-9bba-440e-ae4c-21df91521933 ] Request (ServerDiskConfigTestJSON:test_rebuild_server_with_manual_disk_config): 200 GET http://10.180.1.21/compute/v2.1/servers/bf25e1e3-b6ae-4c53-b202-1f2f65619178 0.921s
2025-12-15 13:51:34.605 65829 INFO tempest.lib.common.rest_client [req-18e2f561-26a6-4eb1-aad0-28525463358a req-18e2f561-26a6-4eb1-aad0-28525463358a ] Request (ServersTestBootFromVolume:setUpClass): 200 GET http://10.180.1.21/volume/v3/volumes/eb539d07-25a1-4547-8a3c-cab273bb41aa 0.054s
2025-12-15 13:51:34.615 65827 INFO tempest.lib.common.rest_client [req-7061e645-d2d2-414a-8ea1-87a8da725fbc req-7061e645-d2d2-414a-8ea1-87a8da725fbc ] Request (ServerRescueTestJSON:setUpClass): 200 GET http://10.180.1.21/compute/v2.1/servers/3f9c3972-7835-4e80-b5ca-ff29fcd9266a 0.895s
2025-12-15 13:51:34.691 65785 INFO tempest.lib.common.rest_client [req-f629e790-1a32-4ba8-b7aa-ec68ce6a9368 req-f629e790-1a32-4ba8-b7aa-ec68ce6a9368 ] Request (ListServerFiltersTestJSON:tearDownClass): 200 GET http://10.180.1.21/compute/v2.1/servers/5c23260a-db0c-49ab-8b52-75109300fbda 0.934s
2025-12-15 13:51:34.700 65835 INFO tempest.lib.common.rest_client [req-fabc1a75-bfed-4e55-bd2d-c56d1a33c1b7 req-fabc1a75-bfed-4e55-bd2d-c56d1a33c1b7 ] Request (ServersTestFqdnHostnames:tearDownClass): 200 GET http://10.180.1.21/compute/v2.1/servers/ecbce5aa-db62-4bfa-b4bb-2fb7d3ec1d10 0.917s
2025-12-15 13:51:34.755 65817 INFO tempest.lib.common.rest_client [req-0ed71180-1052-4f92-a1bb-74737aa7c26d req-0ed71180-1052-4f92-a1bb-74737aa7c26d ] Request (ServersAdminTestJSON:test_inject_network_info): 200 GET http://10.180.1.21/compute/v2.1/servers/4fc9fe05-6401-42e3-95c5-2e54c65b81f0 0.896s
2025-12-15 13:51:34.819 65833 INFO tempest.lib.common.rest_client [req-30513ac0-cfd7-4539-983e-61207815b228 req-30513ac0-cfd7-4539-983e-61207815b228 ] Request (ServerActionsTestOtherB:setUpClass): 200 GET http://10.180.1.21/compute/v2.1/servers/65fd37ce-d54d-41f4-860e-37a9db87fe48 0.692s
2025-12-15 13:51:34.891 65819 INFO tempest.lib.common.rest_client [req-ba3ad6e7-8e3e-41c5-be90-1d1cbb5bceb9 req-ba3ad6e7-8e3e-41c5-be90-1d1cbb5bceb9 ] Request (ServerAddressesTestJSON:tearDownClass): 200 GET http://10.180.1.21/compute/v2.1/servers/762d1978-7b4d-430a-8195-512a9dc2f9ef 0.617s
2025-12-15 13:51:34.892 65789 INFO tempest.lib.common.rest_client [req-d2c9a27f-d9d1-4017-bca8-1d3e54afbe20 req-d2c9a27f-d9d1-4017-bca8-1d3e54afbe20 ] Request (ServersV294TestFqdnHostnames:setUpClass): 200 GET http://10.180.1.21/compute/v2.1/servers/29b045ba-482c-49d2-af95-db0b6aed0480 0.649s
2025-12-15 13:51:34.907 65789 INFO tempest.api.compute.base [-] Attempting to verify tagged devices in server 29b045ba-482c-49d2-af95-db0b6aed0480 via the metadata service: http://169.254.169.254/openstack/latest/meta_data.json
2025-12-15 13:51:34.907 65789 INFO tempest.lib.common.ssh [-] Creating ssh connection to '10.180.180.248:22' as 'cirros' with public key authentication
2025-12-15 13:51:34.948 65783 INFO tempest.lib.common.rest_client [req-1cb50291-c802-48fd-9ffb-5cd44c9915a5 req-1cb50291-c802-48fd-9ffb-5cd44c9915a5 ] Request (ServerPasswordTestJSON:setUpClass): 200 GET http://10.180.1.21/compute/v2.1/servers/c423524c-773b-4a11-87d0-47fe210b0ee3 0.567s
2025-12-15 13:51:34.987 65825 INFO tempest.lib.common.rest_client [req-6f99ae04-f363-417d-aa37-9aae6057c356 req-6f99ae04-f363-417d-aa37-9aae6057c356 ] Request (ImagesTestJSON:test_create_image_from_suspended_server): 200 GET http://10.180.1.21/compute/v2.1/images/ec2dca6c-865d-4163-bff0-56e2638b608e 0.512s
2025-12-15 13:51:35.010 65787 INFO tempest.lib.common.rest_client [req-739f0e24-1eaf-4d37-914c-294772905dce req-739f0e24-1eaf-4d37-914c-294772905dce ] Request (ServicesAdminNegativeV253TestJSON:test_get_service_by_invalid_params): 200 GET http://10.180.1.21/compute/v2.1/os-services?xxx=nova-compute 0.513s
2025-12-15 13:51:35.015 65825 INFO tempest.lib.common.rest_client [req-5cb1b629-cf2d-4f4b-9ea5-cfc3f031506e req-5cb1b629-cf2d-4f4b-9ea5-cfc3f031506e ] Request (ImagesTestJSON:test_create_image_from_suspended_server): 200 GET http://10.180.1.21/image/v2/images/ec2dca6c-865d-4163-bff0-56e2638b608e/tasks 0.020s
2025-12-15 13:51:35.081 65843 INFO tempest.lib.common.rest_client [req-ba7f4074-d991-49e5-aab2-1f9ebd7d7cba req-ba7f4074-d991-49e5-aab2-1f9ebd7d7cba ] Request (ServersTestManualDisk:tearDownClass): 200 GET http://10.180.1.21/compute/v2.1/servers/41908755-4af2-474f-b842-04300f9365ce 0.470s
2025-12-15 13:51:35.155 65787 INFO tempest.lib.common.rest_client [req-937e280e-ca5c-4798-99c8-2632e8fcc556 req-937e280e-ca5c-4798-99c8-2632e8fcc556 ] Request (ServicesAdminNegativeV253TestJSON:test_get_service_by_invalid_service_and_valid_host): 200 GET http://10.180.1.21/compute/v2.1/os-services 0.141s
2025-12-15 13:51:35.287 65825 INFO tempest.lib.common.rest_client [req-148904dd-db02-45aa-9d27-6e22ba0df904 req-148904dd-db02-45aa-9d27-6e22ba0df904 ] Request (ImagesTestJSON:_run_cleanups): 204 DELETE http://10.180.1.21/compute/v2.1/images/ec2dca6c-865d-4163-bff0-56e2638b608e 0.272s
2025-12-15 13:51:35.357 65807 INFO tempest.lib.common.rest_client [req-d8efdebe-eede-4be8-84ba-fc50a699b4f3 req-d8efdebe-eede-4be8-84ba-fc50a699b4f3 ] Request (ServerActionsTestJSON:setUpClass): 200 GET http://10.180.1.21/compute/v2.1/servers/fd36a39c-39b0-4af3-9546-4786ef34d029 0.235s
2025-12-15 13:51:35.360 65831 INFO tempest.lib.common.rest_client [req-07b5359e-d616-4085-a9d4-99c7a048fefd req-07b5359e-d616-4085-a9d4-99c7a048fefd ] Request (ServerGroupTestJSON:test_create_server_with_scheduler_hint_group): 202 POST http://10.180.1.21/compute/v2.1/servers 0.932s
2025-12-15 13:51:35.383 65787 INFO tempest.lib.common.rest_client [req-96aed8df-8067-4330-8b35-470efa5b4f95 req-96aed8df-8067-4330-8b35-470efa5b4f95 ] Request (ServicesAdminNegativeV253TestJSON:test_get_service_by_invalid_service_and_valid_host): 200 GET http://10.180.1.21/compute/v2.1/os-services?host=devstack&binary=xxx 0.221s
2025-12-15 13:51:35.425 65815 INFO tempest.lib.common.rest_client [req-2343d0c8-4001-45a3-80c3-8fc64505a93b req-2343d0c8-4001-45a3-80c3-8fc64505a93b ] Request (ImagesOneServerTestJSON:tearDownClass): 200 GET http://10.180.1.21/compute/v2.1/servers/82d97132-715f-493a-baa9-ef9cbbdece9b 0.141s
2025-12-15 13:51:35.477 65825 INFO tempest.lib.common.rest_client [req-b3239290-ddc4-4e69-9ee3-3fbf3604a09d req-b3239290-ddc4-4e69-9ee3-3fbf3604a09d ] Request (ImagesTestJSON:_run_cleanups): 204 DELETE http://10.180.1.21/compute/v2.1/servers/1ee99732-53c6-4aeb-a19a-4fbe9ba6b441 0.190s
2025-12-15 13:51:35.547 65831 INFO tempest.lib.common.rest_client [req-83c3b544-d0fa-42b1-9270-0ce11113626e req-83c3b544-d0fa-42b1-9270-0ce11113626e ] Request (ServerGroupTestJSON:test_create_server_with_scheduler_hint_group): 200 GET http://10.180.1.21/compute/v2.1/servers/c1c1a41b-9c0d-404f-9688-c6e008439919 0.185s
2025-12-15 13:51:35.627 65825 INFO tempest.lib.common.rest_client [req-e812044f-0ea7-48c9-be73-8c7c203a498a req-e812044f-0ea7-48c9-be73-8c7c203a498a ] Request (ImagesTestJSON:test_create_server_from_snapshot): 201 POST http://10.180.1.21/identity/v3/auth/tokens 0.145s
2025-12-15 13:51:35.628 65825 INFO tempest.lib.common.fixed_network [-] (ImagesTestJSON:test_create_server_from_snapshot) Found network {'id': '17369216-5d2b-4c13-b869-288a2d9a8429', 'name': 'tempest-ImagesTestJSON-332896441-network', 'tenant_id': '99462bff95114de1890cde684ab2ad34', 'project_id': '99462bff95114de1890cde684ab2ad34', 'admin_state_up': True, 'mtu': 8950, 'status': 'ACTIVE', 'subnets': [], 'shared': False, 'port_security_enabled': True, 'router:external': False, 'provider:network_type': 'vlan', 'provider:physical_network': 'default', 'provider:segmentation_id': 181, 'availability_zone_hints': [], 'availability_zones': [], 'ipv4_address_scope': None, 'ipv6_address_scope': None, 'description': '', 'tags': [], 'created_at': '2025-12-15T13:49:23Z', 'updated_at': '2025-12-15T13:49:23Z', 'revision_number': 1} available for tenant
2025-12-15 13:51:35.696 65829 INFO tempest.lib.common.rest_client [req-56b56931-dbbe-451d-950f-4d1589bf587b req-56b56931-dbbe-451d-950f-4d1589bf587b ] Request (ServersTestBootFromVolume:setUpClass): 200 GET http://10.180.1.21/volume/v3/volumes/eb539d07-25a1-4547-8a3c-cab273bb41aa 0.074s
2025-12-15 13:51:35.728 65791 INFO tempest.lib.common.rest_client [req-7b3974e5-429c-44b5-86db-02d9d48dd55a req-7b3974e5-429c-44b5-86db-02d9d48dd55a ] Request (MigrationsAdminTest:test_resize_server_revert_deleted_flavor): 200 GET http://10.180.1.21/compute/v2.1/servers/77a5f75c-17ae-40f1-8433-9ef622c2cd35 0.408s
2025-12-15 13:51:35.751 65797 INFO tempest.lib.common.rest_client [req-899a06b7-9f14-4031-b0df-b902cbf888b7 req-899a06b7-9f14-4031-b0df-b902cbf888b7 ] Request (ListImageFiltersTestJSON:tearDownClass): 200 GET http://10.180.1.21/compute/v2.1/servers/aa49b8de-62ba-49d6-ac03-d1b0c23babf5 0.380s
2025-12-15 13:51:35.758 65787 INFO tempest.lib.common.rest_client [req-6d9c0454-70eb-4966-b4dc-dff3cf7d7888 req-6d9c0454-70eb-4966-b4dc-dff3cf7d7888 ] Request (ServicesAdminNegativeV253TestJSON:test_get_service_with_valid_service_and_invalid_host): 200 GET http://10.180.1.21/compute/v2.1/os-services 0.372s
2025-12-15 13:51:35.828 65821 INFO tempest.lib.common.rest_client [req-465e85a2-524b-467a-b3d0-089871da7c8f req-465e85a2-524b-467a-b3d0-089871da7c8f ] Request (InstanceActionsV221TestJSON:test_get_list_deleted_instance_actions): 200 GET http://10.180.1.21/compute/v2.1/servers/cc5f0dd1-0565-4094-8594-51b9455da325 0.393s
2025-12-15 13:51:35.836 65821 INFO tempest.common.waiters [-] State transition "BUILD/scheduling" ==> "BUILD/None" after 1 second wait
2025-12-15 13:51:35.893 65841 WARNING tempest.lib.common.ssh [-] Failed to establish authenticated ssh connection to cirros@10.180.180.217 ([Errno None] Unable to connect to port 22 on 10.180.180.217). Number attempts: 1. Retry after 2 seconds.: paramiko.ssh_exception.NoValidConnectionsError: [Errno None] Unable to connect to port 22 on 10.180.180.217
2025-12-15 13:51:35.894 65805 INFO tempest.lib.common.rest_client [req-f10fa750-57a8-4033-a026-27dae329cabf req-f10fa750-57a8-4033-a026-27dae329cabf ] Request (ServerDiskConfigTestJSON:test_rebuild_server_with_manual_disk_config): 200 GET http://10.180.1.21/compute/v2.1/servers/bf25e1e3-b6ae-4c53-b202-1f2f65619178 0.283s
2025-12-15 13:51:35.902 65801 INFO tempest.lib.common.rest_client [req-8f08a7ea-a1b9-4e45-9591-88e5fe3bb45b req-8f08a7ea-a1b9-4e45-9591-88e5fe3bb45b ] Request (ServerMetadataTestJSON:setUpClass): 200 GET http://10.180.1.21/compute/v2.1/servers/dd2f5347-97eb-42e3-85a3-9caaf92a4b40 0.371s
2025-12-15 13:51:35.952 65827 INFO tempest.lib.common.rest_client [req-1dced91b-946d-4b27-b1da-ad22aa3633db req-1dced91b-946d-4b27-b1da-ad22aa3633db ] Request (ServerRescueTestJSON:setUpClass): 200 GET http://10.180.1.21/compute/v2.1/servers/3f9c3972-7835-4e80-b5ca-ff29fcd9266a 0.324s
2025-12-15 13:51:36.038 65785 INFO tempest.lib.common.rest_client [req-7396b86f-91cf-4b2c-9129-9f3f5ba2d030 req-7396b86f-91cf-4b2c-9129-9f3f5ba2d030 ] Request (ListServerFiltersTestJSON:tearDownClass): 200 GET http://10.180.1.21/compute/v2.1/servers/5c23260a-db0c-49ab-8b52-75109300fbda 0.337s
2025-12-15 13:51:36.105 65835 INFO tempest.lib.common.rest_client [req-5cca2d9d-7580-45d7-a019-87fe8b33ad1b req-5cca2d9d-7580-45d7-a019-87fe8b33ad1b ] Request (ServersTestFqdnHostnames:tearDownClass): 200 GET http://10.180.1.21/compute/v2.1/servers/ecbce5aa-db62-4bfa-b4bb-2fb7d3ec1d10 0.394s
2025-12-15 13:51:36.124 65787 INFO tempest.lib.common.rest_client [req-294e7f45-143f-4f46-b9a0-02dd7358cf7c req-294e7f45-143f-4f46-b9a0-02dd7358cf7c ] Request (ServicesAdminNegativeV253TestJSON:test_get_service_with_valid_service_and_invalid_host): 200 GET http://10.180.1.21/compute/v2.1/os-services?host=xxx&binary=nova-scheduler 0.363s
2025-12-15 13:51:36.169 65817 INFO tempest.lib.common.rest_client [req-a11ef077-03e2-44d1-8594-6f1a8081dfdf req-a11ef077-03e2-44d1-8594-6f1a8081dfdf ] Request (ServersAdminTestJSON:test_inject_network_info): 200 GET http://10.180.1.21/compute/v2.1/servers/4fc9fe05-6401-42e3-95c5-2e54c65b81f0 0.407s
2025-12-15 13:51:36.258 65825 INFO tempest.lib.common.rest_client [req-a8cf81cc-d3d2-43bf-b1b8-e0f7e16d857b req-a8cf81cc-d3d2-43bf-b1b8-e0f7e16d857b ] Request (ImagesTestJSON:test_create_server_from_snapshot): 202 POST http://10.180.1.21/compute/v2.1/servers 0.629s
2025-12-15 13:51:36.293 65833 INFO tempest.lib.common.rest_client [req-7e2e6b21-8760-4502-9b5a-43d7633f51bf req-7e2e6b21-8760-4502-9b5a-43d7633f51bf ] Request (ServerActionsTestOtherB:setUpClass): 200 GET http://10.180.1.21/compute/v2.1/servers/65fd37ce-d54d-41f4-860e-37a9db87fe48 0.465s
2025-12-15 13:51:36.330 65819 INFO tempest.lib.common.rest_client [req-de43b873-94d5-448b-81ab-7074185e7469 req-de43b873-94d5-448b-81ab-7074185e7469 ] Request (ServerAddressesTestJSON:tearDownClass): 200 GET http://10.180.1.21/compute/v2.1/servers/762d1978-7b4d-430a-8195-512a9dc2f9ef 0.428s
