2025-12-15 13:51:50.863 65783 INFO tempest.lib.common.rest_client [req-e1b724b1-36f0-4818-a959-5e6429d75351 req-e1b724b1-36f0-4818-a959-5e6429d75351 ] Request (ServerPasswordTestJSON:setUpClass): 200 GET http://10.180.1.21/compute/v2.1/servers/c423524c-773b-4a11-87d0-47fe210b0ee3 0.489s
2025-12-15 13:51:50.867 65791 INFO tempest.lib.common.rest_client [req-7c6971fd-a920-4485-af22-2ea2864c7e3b req-7c6971fd-a920-4485-af22-2ea2864c7e3b ] Request (MigrationsAdminTest:test_resize_server_revert_deleted_flavor): 202 POST http://10.180.1.21/compute/v2.1/servers/77a5f75c-17ae-40f1-8433-9ef622c2cd35/action 0.462s
2025-12-15 13:51:50.928 65805 INFO tempest.lib.common.rest_client [req-720b207f-628b-4dd6-ba90-f8818ae212f1 req-720b207f-628b-4dd6-ba90-f8818ae212f1 ] Request (ServerDiskConfigTestJSON:test_rebuild_server_with_manual_disk_config): 200 GET http://10.180.1.21/compute/v2.1/servers/bf25e1e3-b6ae-4c53-b202-1f2f65619178 0.389s
2025-12-15 13:51:50.929 65827 INFO tempest.lib.common.rest_client [req-272788bf-2f91-438f-b307-65c56cbe03ca req-272788bf-2f91-438f-b307-65c56cbe03ca ] Request (ServerRescueTestJSON:setUpClass): 200 GET http://10.180.1.21/compute/v2.1/servers/3f9c3972-7835-4e80-b5ca-ff29fcd9266a 0.305s
2025-12-15 13:51:50.982 65817 INFO tempest.lib.common.rest_client [req-d5a80da0-ade3-49a2-8331-2dfd889251d2 req-d5a80da0-ade3-49a2-8331-2dfd889251d2 ] Request (ServersAdminTestJSON:test_inject_network_info): 200 GET http://10.180.1.21/compute/v2.1/servers/4fc9fe05-6401-42e3-95c5-2e54c65b81f0 0.172s
2025-12-15 13:51:51.002 65797 INFO tempest.lib.common.rest_client [req-ec0d6809-6231-4a8c-9250-fe02232d64d1 req-ec0d6809-6231-4a8c-9250-fe02232d64d1 ] Request (ListImageFiltersTestJSON:tearDownClass): 200 GET http://10.180.1.21/compute/v2.1/servers/f3c7fb1b-e676-47c0-b446-c651c1325fc7 0.277s
2025-12-15 13:51:51.047 65829 INFO tempest.lib.common.rest_client [req-74a46a47-7f01-4d5a-9d2d-82537aaa25a6 req-74a46a47-7f01-4d5a-9d2d-82537aaa25a6 ] Request (ServersTestBootFromVolume:setUpClass): 200 GET http://10.180.1.21/compute/v2.1/servers/34a741bb-3e58-420c-8900-c2857233f7e2 0.198s
2025-12-15 13:51:51.061 65829 INFO tempest.common.waiters [-] State transition "BUILD/scheduling" ==> "BUILD/None" after 3 second wait
2025-12-15 13:51:51.131 65819 INFO tempest.lib.common.rest_client [req-d3e9fd52-a18c-43bb-83eb-19787e9904d4 req-d3e9fd52-a18c-43bb-83eb-19787e9904d4 ] Request (ServerAddressesTestJSON:tearDownClass): 200 GET http://10.180.1.21/compute/v2.1/servers/762d1978-7b4d-430a-8195-512a9dc2f9ef 0.208s
2025-12-15 13:51:51.158 65791 INFO tempest.lib.common.rest_client [req-41c010b7-e56e-4f58-b329-8ea0d3a316b5 req-41c010b7-e56e-4f58-b329-8ea0d3a316b5 ] Request (MigrationsAdminTest:test_resize_server_revert_deleted_flavor): 200 GET http://10.180.1.21/compute/v2.1/servers/77a5f75c-17ae-40f1-8433-9ef622c2cd35 0.290s
2025-12-15 13:51:51.471 65785 INFO tempest.lib.common.rest_client [req-5ad7281c-35d8-4e42-a8f2-431ffe1e7ff9 req-5ad7281c-35d8-4e42-a8f2-431ffe1e7ff9 ] Request (ListServerFiltersTestJSON:tearDownClass): 404 GET http://10.180.1.21/compute/v2.1/servers/5c23260a-db0c-49ab-8b52-75109300fbda 0.024s
2025-12-15 13:51:51.542 65787 INFO tempest.lib.common.rest_client [req-16f40738-584a-415f-99dd-05982c39df6a req-16f40738-584a-415f-99dd-05982c39df6a ] Request (ServerShowV254Test:test_rebuild_server): 200 GET http://10.180.1.21/compute/v2.1/servers/38aaff36-07be-4f5d-9c48-f798582a046f 0.071s
2025-12-15 13:51:51.632 65785 INFO tempest.lib.common.rest_client [req-8900c1fa-580f-4ff0-bc87-b148e081b22e req-8900c1fa-580f-4ff0-bc87-b148e081b22e ] Request (ListServerFiltersTestJSON:tearDownClass): 204 DELETE http://10.180.1.21/networking/v2.0/subnets/d8887a1f-e4fe-497d-ac8a-dad90d0e4db4 0.160s
2025-12-15 13:51:51.639 65843 INFO tempest.lib.common.rest_client [req-7e2f0c3a-00f5-4664-9426-4dd5f63246da req-7e2f0c3a-00f5-4664-9426-4dd5f63246da ] Request (ServersTestManualDisk:tearDownClass): 200 GET http://10.180.1.21/compute/v2.1/servers/41908755-4af2-474f-b842-04300f9365ce 0.088s
2025-12-15 13:51:51.704 65811 INFO tempest.lib.common.rest_client [req-16054f8e-bf1c-48ee-bb06-b67ce18ba277 req-16054f8e-bf1c-48ee-bb06-b67ce18ba277 ] Request (AttachVolumeShelveTestJSON:test_attach_volume_shelved_or_offload_server): 200 GET http://10.180.1.21/compute/v2.1/servers/01f99ea5-ba28-4b3e-9440-a32bd37d5958 0.139s
2025-12-15 13:51:51.713 65811 INFO tempest.common.waiters [-] State transition "ACTIVE/shelving_image_pending_upload" ==> "ACTIVE/shelving_image_uploading" after 5 second wait
2025-12-15 13:51:51.721 65825 INFO tempest.lib.common.rest_client [req-a8f6f5c9-17a9-41d9-b4b4-487312cd1eef req-a8f6f5c9-17a9-41d9-b4b4-487312cd1eef ] Request (ImagesTestJSON:test_create_server_from_snapshot): 200 GET http://10.180.1.21/compute/v2.1/servers/2d4e3e5a-52ca-4030-83cc-d124b01b5b2a 0.106s
2025-12-15 13:51:51.764 65821 INFO tempest.lib.common.rest_client [req-968838e9-00fe-42aa-becc-53df3f35b19b req-968838e9-00fe-42aa-becc-53df3f35b19b ] Request (InstanceActionsV221TestJSON:test_get_list_deleted_instance_actions): 200 GET http://10.180.1.21/compute/v2.1/servers/cc5f0dd1-0565-4094-8594-51b9455da325 0.083s
2025-12-15 13:51:51.822 65807 INFO tempest.lib.common.rest_client [req-c4c9e3ca-7fff-41f4-9976-3dd094b16054 req-c4c9e3ca-7fff-41f4-9976-3dd094b16054 ] Request (ServerActionsTestJSON:setUpClass): 200 GET http://10.180.1.21/compute/v2.1/servers/fd36a39c-39b0-4af3-9546-4786ef34d029 0.117s
2025-12-15 13:51:51.837 65801 INFO tempest.lib.common.rest_client [req-468a3a56-1bc7-4199-8d89-25f4d62f77bb req-468a3a56-1bc7-4199-8d89-25f4d62f77bb ] Request (ServerMetadataTestJSON:tearDownClass): 200 GET http://10.180.1.21/compute/v2.1/servers/dd2f5347-97eb-42e3-85a3-9caaf92a4b40 0.094s
2025-12-15 13:51:51.877 65831 INFO tempest.lib.common.rest_client [req-89c571d1-87ed-4735-8cb9-c07cd16c1f75 req-89c571d1-87ed-4735-8cb9-c07cd16c1f75 ] Request (ServerGroupTestJSON:test_create_server_with_scheduler_hint_group): 200 GET http://10.180.1.21/compute/v2.1/servers/c1c1a41b-9c0d-404f-9688-c6e008439919 0.119s
2025-12-15 13:51:51.890 65785 INFO tempest.lib.common.rest_client [req-173ba93f-c9a8-427d-a25b-f236fb642451 req-173ba93f-c9a8-427d-a25b-f236fb642451 ] Request (ListServerFiltersTestJSON:tearDownClass): 204 DELETE http://10.180.1.21/networking/v2.0/networks/c3ef9f9e-bba8-4973-adc4-f69dc96ddaf2 0.258s
2025-12-15 13:51:51.979 65783 INFO tempest.lib.common.rest_client [req-920be4d5-daa3-48c3-85c8-ab4ff3731ef3 req-920be4d5-daa3-48c3-85c8-ab4ff3731ef3 ] Request (ServerPasswordTestJSON:setUpClass): 200 GET http://10.180.1.21/compute/v2.1/servers/c423524c-773b-4a11-87d0-47fe210b0ee3 0.107s
2025-12-15 13:51:51.994 65805 INFO tempest.lib.common.rest_client [req-b3078e78-ccce-4fa7-81db-9c6c603979fd req-b3078e78-ccce-4fa7-81db-9c6c603979fd ] Request (ServerDiskConfigTestJSON:test_rebuild_server_with_manual_disk_config): 200 GET http://10.180.1.21/compute/v2.1/servers/bf25e1e3-b6ae-4c53-b202-1f2f65619178 0.057s
2025-12-15 13:51:52.008 65785 INFO tempest.lib.common.rest_client [req-fa4658a5-8e09-48da-936e-ee85b56c4eae req-fa4658a5-8e09-48da-936e-ee85b56c4eae ] Request (ListServerFiltersTestJSON:tearDownClass): 204 DELETE http://10.180.1.21/identity/v3/users/08bfd97115764c09ac4e11a19b0de9ba 0.117s
2025-12-15 13:51:52.040 65827 INFO tempest.lib.common.rest_client [req-0e49b443-282d-4b4a-bbc7-2eb2d9ed5a8e req-0e49b443-282d-4b4a-bbc7-2eb2d9ed5a8e ] Request (ServerRescueTestJSON:setUpClass): 200 GET http://10.180.1.21/compute/v2.1/servers/3f9c3972-7835-4e80-b5ca-ff29fcd9266a 0.100s
2025-12-15 13:51:52.059 65817 INFO tempest.lib.common.rest_client [req-66f2b319-78f4-40da-88e5-50a13d513e23 req-66f2b319-78f4-40da-88e5-50a13d513e23 ] Request (ServersAdminTestJSON:test_inject_network_info): 200 GET http://10.180.1.21/compute/v2.1/servers/4fc9fe05-6401-42e3-95c5-2e54c65b81f0 0.067s
2025-12-15 13:51:52.120 65797 INFO tempest.lib.common.rest_client [req-0818cf82-8db0-4e27-a8c9-77d713cfa0ee req-0818cf82-8db0-4e27-a8c9-77d713cfa0ee ] Request (ListImageFiltersTestJSON:tearDownClass): 200 GET http://10.180.1.21/compute/v2.1/servers/f3c7fb1b-e676-47c0-b446-c651c1325fc7 0.109s
2025-12-15 13:51:52.122 65785 INFO tempest.lib.common.rest_client [req-81bb0142-cb83-46cd-9d82-c0ac2deb29de req-81bb0142-cb83-46cd-9d82-c0ac2deb29de ] Request (ListServerFiltersTestJSON:tearDownClass): 204 DELETE http://10.180.1.21/identity/v3/users/3937a1fe1d5f49f29010a97831d17a58 0.113s
2025-12-15 13:51:52.122 65785 INFO tempest.lib.common.dynamic_creds [-] Deleting project and security group for project: 5b7518ff88854c89a99d289f896d78c3
2025-12-15 13:51:52.127 65829 INFO tempest.lib.common.rest_client [req-eebd565a-4c9e-459e-84d3-b767fc57310b req-eebd565a-4c9e-459e-84d3-b767fc57310b ] Request (ServersTestBootFromVolume:setUpClass): 200 GET http://10.180.1.21/compute/v2.1/servers/34a741bb-3e58-420c-8900-c2857233f7e2 0.065s
2025-12-15 13:51:52.152 65785 INFO tempest.lib.common.rest_client [req-57db72be-7f5c-47b2-a2b8-9cec45ea5fe6 req-57db72be-7f5c-47b2-a2b8-9cec45ea5fe6 ] Request (ListServerFiltersTestJSON:tearDownClass): 200 GET http://10.180.1.21/networking/v2.0/security-groups?tenant_id=5b7518ff88854c89a99d289f896d78c3&name=default 0.029s
2025-12-15 13:51:52.220 65819 INFO tempest.lib.common.rest_client [req-5307ac01-de14-4c10-b3ee-519fb598f290 req-5307ac01-de14-4c10-b3ee-519fb598f290 ] Request (ServerAddressesTestJSON:tearDownClass): 200 GET http://10.180.1.21/compute/v2.1/servers/762d1978-7b4d-430a-8195-512a9dc2f9ef 0.081s
2025-12-15 13:51:52.247 65785 INFO tempest.lib.common.rest_client [req-cddfc5fb-427d-40f9-9c8c-a054845c91d2 req-cddfc5fb-427d-40f9-9c8c-a054845c91d2 ] Request (ListServerFiltersTestJSON:tearDownClass): 204 DELETE http://10.180.1.21/networking/v2.0/security-groups/e28debbf-1c00-4cdb-a07a-a8778600e9a3 0.095s
2025-12-15 13:51:52.281 65791 INFO tempest.lib.common.rest_client [req-b5d13c0f-9cfb-4cad-a0d7-95ecbf7dda4f req-b5d13c0f-9cfb-4cad-a0d7-95ecbf7dda4f ] Request (MigrationsAdminTest:test_resize_server_revert_deleted_flavor): 200 GET http://10.180.1.21/compute/v2.1/servers/77a5f75c-17ae-40f1-8433-9ef622c2cd35 0.112s
2025-12-15 13:51:52.352 65785 INFO tempest.lib.common.rest_client [req-dc33e480-8360-4898-b6ac-d00badb5cf95 req-dc33e480-8360-4898-b6ac-d00badb5cf95 ] Request (ListServerFiltersTestJSON:tearDownClass): 204 DELETE http://10.180.1.21/identity/v3/projects/5b7518ff88854c89a99d289f896d78c3 0.104s
2025-12-15 13:51:52.426 65785 INFO tempest.lib.common.rest_client [req-c79615bc-8d34-407a-bc85-014a7e122cba req-c79615bc-8d34-407a-bc85-014a7e122cba ] Request (ServersAaction247Test:setUpClass): 201 POST http://10.180.1.21/identity/v3/auth/tokens 0.072s
2025-12-15 13:51:52.458 65785 INFO tempest.lib.common.rest_client [req-6751a7a7-3411-4c7d-88d8-1e8ce9c09772 req-6751a7a7-3411-4c7d-88d8-1e8ce9c09772 ] Request (ServersAaction247Test:setUpClass): 201 POST http://10.180.1.21/identity/v3/auth/tokens 0.029s
2025-12-15 13:51:52.482 65785 INFO tempest.lib.common.rest_client [req-81663510-edd7-4056-8f59-2c4bc9e632c9 req-81663510-edd7-4056-8f59-2c4bc9e632c9 ] Request (ServersAaction247Test:setUpClass): 200 GET http://10.180.1.21/identity/v3/domains?name=Default 0.024s
2025-12-15 13:51:52.527 65785 INFO tempest.lib.common.rest_client [req-d8ba3bcf-a64f-4fa1-8ed9-2cc1badebca4 req-d8ba3bcf-a64f-4fa1-8ed9-2cc1badebca4 ] Request (ServersAaction247Test:setUpClass): 201 POST http://10.180.1.21/identity/v3/projects 0.045s
2025-12-15 13:51:52.613 65785 INFO tempest.lib.common.rest_client [req-b074b79f-2877-46a1-a0e7-b72487686d40 req-b074b79f-2877-46a1-a0e7-b72487686d40 ] Request (ServersAaction247Test:setUpClass): 201 POST http://10.180.1.21/identity/v3/users 0.085s
2025-12-15 13:51:52.651 65785 INFO tempest.lib.common.rest_client [req-3df75f96-e68d-404e-93fa-5dedf3881e3f req-3df75f96-e68d-404e-93fa-5dedf3881e3f ] Request (ServersAaction247Test:setUpClass): 200 GET http://10.180.1.21/identity/v3/roles 0.037s
2025-12-15 13:51:52.652 65787 INFO tempest.lib.common.rest_client [req-eb1289bc-4e98-4c9d-b914-7302defdeda4 req-eb1289bc-4e98-4c9d-b914-7302defdeda4 ] Request (ServerShowV254Test:test_rebuild_server): 200 GET http://10.180.1.21/compute/v2.1/servers/38aaff36-07be-4f5d-9c48-f798582a046f 0.101s
2025-12-15 13:51:52.694 65785 INFO tempest.lib.common.rest_client [req-f5a295cc-0b42-4001-9707-267fa90b0786 req-f5a295cc-0b42-4001-9707-267fa90b0786 ] Request (ServersAaction247Test:setUpClass): 204 PUT http://10.180.1.21/identity/v3/projects/8641f34efa5641c0a615ba553b943c09/users/3ccef81cb81d499c9b61ca41eeaec3c5/roles/a98ecd7b49884e209ece9f19751ee7ae 0.042s
2025-12-15 13:51:52.694 65785 INFO tempest.lib.common.dynamic_creds [-] Dynamic test user 3ccef81cb81d499c9b61ca41eeaec3c5 is created with scope project and roles: ['member']
2025-12-15 13:51:52.694 65785 INFO tempest.lib.common.dynamic_creds [-] Acquired dynamic creds: credentials: Credentials: {'domain_id': 'default', 'domain_name': 'Default', 'username': 'tempest-ServersAaction247Test-950407227-project-member', 'project_domain_id': 'default', 'project_domain_name': 'Default', 'project_id': '8641f34efa5641c0a615ba553b943c09', 'project_name': 'tempest-ServersAaction247Test-950407227', 'tenant_id': '8641f34efa5641c0a615ba553b943c09', 'tenant_name': 'tempest-ServersAaction247Test-950407227', 'user_domain_id': 'default', 'user_domain_name': 'Default', 'user_id': '3ccef81cb81d499c9b61ca41eeaec3c5', 'system': None}, Network: None, Subnet: None, Router: None
2025-12-15 13:51:52.694 65785 INFO tempest.lib.common.dynamic_creds [-] Created isolated network resources for: credentials: Credentials: {'domain_id': 'default', 'domain_name': 'Default', 'username': 'tempest-ServersAaction247Test-950407227-project-member', 'project_domain_id': 'default', 'project_domain_name': 'Default', 'project_id': '8641f34efa5641c0a615ba553b943c09', 'project_name': 'tempest-ServersAaction247Test-950407227', 'tenant_id': '8641f34efa5641c0a615ba553b943c09', 'tenant_name': 'tempest-ServersAaction247Test-950407227', 'user_domain_id': 'default', 'user_domain_name': 'Default', 'user_id': '3ccef81cb81d499c9b61ca41eeaec3c5', 'system': None}, Network: None, Subnet: None, Router: None
2025-12-15 13:51:52.742 65843 INFO tempest.lib.common.rest_client [req-0b2890d4-0723-4c6a-8a26-c539d7fe51a9 req-0b2890d4-0723-4c6a-8a26-c539d7fe51a9 ] Request (ServersTestManualDisk:tearDownClass): 200 GET http://10.180.1.21/compute/v2.1/servers/41908755-4af2-474f-b842-04300f9365ce 0.092s
2025-12-15 13:51:52.780 65785 INFO tempest.lib.common.rest_client [req-27c3846a-b474-49f5-b27d-fcd70cc15ccd req-27c3846a-b474-49f5-b27d-fcd70cc15ccd ] Request (ServersAaction247Test:setUpClass): 201 POST http://10.180.1.21/identity/v3/auth/tokens 0.082s
2025-12-15 13:51:52.801 65825 INFO tempest.lib.common.rest_client [req-07f9711f-634d-46e3-bb17-2c2210f01175 req-07f9711f-634d-46e3-bb17-2c2210f01175 ] Request (ImagesTestJSON:test_create_server_from_snapshot): 200 GET http://10.180.1.21/compute/v2.1/servers/2d4e3e5a-52ca-4030-83cc-d124b01b5b2a 0.071s
2025-12-15 13:51:52.818 65785 INFO tempest.lib.common.rest_client [req-6a9d0a84-4928-4ccf-bf72-a387e2754b47 req-6a9d0a84-4928-4ccf-bf72-a387e2754b47 ] Request (ServersAaction247Test:test_create_backup): 201 POST http://10.180.1.21/identity/v3/auth/tokens 0.032s
2025-12-15 13:51:52.819 65785 INFO tempest.lib.common.fixed_network [-] (ServersAaction247Test:test_create_backup) Found network None available for tenant
2025-12-15 13:51:52.845 65811 INFO tempest.lib.common.rest_client [req-8e5e4ee6-f9c1-445b-9f9b-94ed9d2f687e req-8e5e4ee6-f9c1-445b-9f9b-94ed9d2f687e ] Request (AttachVolumeShelveTestJSON:test_attach_volume_shelved_or_offload_server): 200 GET http://10.180.1.21/compute/v2.1/servers/01f99ea5-ba28-4b3e-9440-a32bd37d5958 0.131s
2025-12-15 13:51:52.855 65821 INFO tempest.lib.common.rest_client [req-07da5e17-51bf-46db-aaf5-031988eeaaa0 req-07da5e17-51bf-46db-aaf5-031988eeaaa0 ] Request (InstanceActionsV221TestJSON:test_get_list_deleted_instance_actions): 200 GET http://10.180.1.21/compute/v2.1/servers/cc5f0dd1-0565-4094-8594-51b9455da325 0.082s
2025-12-15 13:51:53.018 65807 INFO tempest.lib.common.rest_client [req-c0c180da-212f-458a-b8e9-5923321c549e req-c0c180da-212f-458a-b8e9-5923321c549e ] Request (ServerActionsTestJSON:setUpClass): 200 GET http://10.180.1.21/compute/v2.1/servers/fd36a39c-39b0-4af3-9546-4786ef34d029 0.188s
2025-12-15 13:51:53.050 65785 INFO tempest.lib.common.rest_client [req-c040f680-d6a9-4929-890d-daf246c03fca req-c040f680-d6a9-4929-890d-daf246c03fca ] Request (ServersAaction247Test:test_create_backup): 202 POST http://10.180.1.21/compute/v2.1/servers 0.230s
2025-12-15 13:51:53.099 65801 INFO tempest.lib.common.rest_client [req-aafa13ff-cb79-4b0b-8492-91d976b87354 req-aafa13ff-cb79-4b0b-8492-91d976b87354 ] Request (ServerMetadataTestJSON:tearDownClass): 200 GET http://10.180.1.21/compute/v2.1/servers/dd2f5347-97eb-42e3-85a3-9caaf92a4b40 0.253s
2025-12-15 13:51:53.103 65831 INFO tempest.lib.common.rest_client [req-28d97323-b235-4909-9c10-834707c3bee5 req-28d97323-b235-4909-9c10-834707c3bee5 ] Request (ServerGroupTestJSON:test_create_server_with_scheduler_hint_group): 200 GET http://10.180.1.21/compute/v2.1/servers/c1c1a41b-9c0d-404f-9688-c6e008439919 0.218s
2025-12-15 13:51:53.162 65805 INFO tempest.lib.common.rest_client [req-19f8230a-9009-4590-b865-0e2b6b30194a req-19f8230a-9009-4590-b865-0e2b6b30194a ] Request (ServerDiskConfigTestJSON:test_rebuild_server_with_manual_disk_config): 200 GET http://10.180.1.21/compute/v2.1/servers/bf25e1e3-b6ae-4c53-b202-1f2f65619178 0.150s
2025-12-15 13:51:53.224 65783 INFO tempest.lib.common.rest_client [req-876d9681-56ed-45b1-bba6-21cd562a4f3c req-876d9681-56ed-45b1-bba6-21cd562a4f3c ] Request (ServerPasswordTestJSON:setUpClass): 200 GET http://10.180.1.21/compute/v2.1/servers/c423524c-773b-4a11-87d0-47fe210b0ee3 0.237s
2025-12-15 13:51:53.226 65827 INFO tempest.lib.common.rest_client [req-9c753a74-6f93-475d-9a47-ad2058474e23 req-9c753a74-6f93-475d-9a47-ad2058474e23 ] Request (ServerRescueTestJSON:setUpClass): 200 GET http://10.180.1.21/compute/v2.1/servers/3f9c3972-7835-4e80-b5ca-ff29fcd9266a 0.178s
2025-12-15 13:51:53.271 65785 INFO tempest.lib.common.rest_client [req-0e261b3a-edc9-4f49-a4db-0db9fa8ef4b7 req-0e261b3a-edc9-4f49-a4db-0db9fa8ef4b7 ] Request (ServersAaction247Test:test_create_backup): 200 GET http://10.180.1.21/compute/v2.1/servers/bc99d5f0-3730-4421-be0f-d849a82b3fe3 0.219s
2025-12-15 13:51:53.298 65817 INFO tempest.lib.common.rest_client [req-f0e4d40d-fc9a-4fb9-9e0e-34ef99eca55e req-f0e4d40d-fc9a-4fb9-9e0e-34ef99eca55e ] Request (ServersAdminTestJSON:test_inject_network_info): 200 GET http://10.180.1.21/compute/v2.1/servers/4fc9fe05-6401-42e3-95c5-2e54c65b81f0 0.230s
2025-12-15 13:51:53.333 65797 INFO tempest.lib.common.rest_client [req-3e95587d-1b2d-47ae-b501-1ca3e0d13503 req-3e95587d-1b2d-47ae-b501-1ca3e0d13503 ] Request (ListImageFiltersTestJSON:tearDownClass): 200 GET http://10.180.1.21/compute/v2.1/servers/f3c7fb1b-e676-47c0-b446-c651c1325fc7 0.206s
2025-12-15 13:51:53.352 65829 INFO tempest.lib.common.rest_client [req-7551ba4f-097d-41e3-b3df-a89d30dce357 req-7551ba4f-097d-41e3-b3df-a89d30dce357 ] Request (ServersTestBootFromVolume:setUpClass): 200 GET http://10.180.1.21/compute/v2.1/servers/34a741bb-3e58-420c-8900-c2857233f7e2 0.218s
2025-12-15 13:51:53.394 65819 INFO tempest.lib.common.rest_client [req-063428e3-921a-4814-9083-5baf31b4f2e6 req-063428e3-921a-4814-9083-5baf31b4f2e6 ] Request (ServerAddressesTestJSON:tearDownClass): 200 GET http://10.180.1.21/compute/v2.1/servers/762d1978-7b4d-430a-8195-512a9dc2f9ef 0.162s
2025-12-15 13:51:53.428 65833 WARNING tempest.lib.common.ssh [-] Failed to establish authenticated ssh connection to cirros@10.180.180.236 ([Errno None] Unable to connect to port 22 on 10.180.180.236). Number attempts: 2. Retry after 3 seconds.: paramiko.ssh_exception.NoValidConnectionsError: [Errno None] Unable to connect to port 22 on 10.180.180.236
2025-12-15 13:51:53.429 65841 WARNING tempest.lib.common.ssh [-] Failed to establish authenticated ssh connection to cirros@10.180.180.217 ([Errno None] Unable to connect to port 22 on 10.180.180.217). Number attempts: 4. Retry after 5 seconds.: paramiko.ssh_exception.NoValidConnectionsError: [Errno None] Unable to connect to port 22 on 10.180.180.217
2025-12-15 13:51:53.498 65791 INFO tempest.lib.common.rest_client [req-750c3bf7-2814-43bc-93e8-6bbac59496cf req-750c3bf7-2814-43bc-93e8-6bbac59496cf ] Request (MigrationsAdminTest:test_resize_server_revert_deleted_flavor): 200 GET http://10.180.1.21/compute/v2.1/servers/77a5f75c-17ae-40f1-8433-9ef622c2cd35 0.205s
2025-12-15 13:51:53.741 65787 INFO tempest.lib.common.rest_client [req-ce69e6f9-7e8f-439b-befa-d67cf4255822 req-ce69e6f9-7e8f-439b-befa-d67cf4255822 ] Request (ServerShowV254Test:test_rebuild_server): 200 GET http://10.180.1.21/compute/v2.1/servers/38aaff36-07be-4f5d-9c48-f798582a046f 0.076s
2025-12-15 13:51:53.841 65843 INFO tempest.lib.common.rest_client [req-abde1452-f4ec-4bad-a1a4-7a6e925a1587 req-abde1452-f4ec-4bad-a1a4-7a6e925a1587 ] Request (ServersTestManualDisk:tearDownClass): 200 GET http://10.180.1.21/compute/v2.1/servers/41908755-4af2-474f-b842-04300f9365ce 0.085s
2025-12-15 13:51:53.873 65825 INFO tempest.lib.common.rest_client [req-ddd85f3f-5b92-4ec8-9f35-653ae89aa6d6 req-ddd85f3f-5b92-4ec8-9f35-653ae89aa6d6 ] Request (ImagesTestJSON:test_create_server_from_snapshot): 200 GET http://10.180.1.21/compute/v2.1/servers/2d4e3e5a-52ca-4030-83cc-d124b01b5b2a 0.062s
2025-12-15 13:51:53.928 65821 INFO tempest.lib.common.rest_client [req-50f7587e-99e5-4d1c-a504-196d87667e82 req-50f7587e-99e5-4d1c-a504-196d87667e82 ] Request (InstanceActionsV221TestJSON:test_get_list_deleted_instance_actions): 200 GET http://10.180.1.21/compute/v2.1/servers/cc5f0dd1-0565-4094-8594-51b9455da325 0.063s
2025-12-15 13:51:54.010 65811 INFO tempest.lib.common.rest_client [req-a01fa2bf-98d4-4bcb-a094-4d21dc41dd41 req-a01fa2bf-98d4-4bcb-a094-4d21dc41dd41 ] Request (AttachVolumeShelveTestJSON:test_attach_volume_shelved_or_offload_server): 200 GET http://10.180.1.21/compute/v2.1/servers/01f99ea5-ba28-4b3e-9440-a32bd37d5958 0.155s
2025-12-15 13:51:54.136 65807 INFO tempest.lib.common.rest_client [req-aff4caca-3391-4310-b668-d9a5983c4d03 req-aff4caca-3391-4310-b668-d9a5983c4d03 ] Request (ServerActionsTestJSON:setUpClass): 200 GET http://10.180.1.21/compute/v2.1/servers/fd36a39c-39b0-4af3-9546-4786ef34d029 0.109s
2025-12-15 13:51:54.184 65801 INFO tempest.lib.common.rest_client [req-92b1d5f2-39ab-40da-9469-78cc246027c7 req-92b1d5f2-39ab-40da-9469-78cc246027c7 ] Request (ServerMetadataTestJSON:tearDownClass): 200 GET http://10.180.1.21/compute/v2.1/servers/dd2f5347-97eb-42e3-85a3-9caaf92a4b40 0.076s
2025-12-15 13:51:54.191 65831 INFO tempest.lib.common.rest_client [req-6e9f3b73-8c96-41d3-a74a-0ff4599195ce req-6e9f3b73-8c96-41d3-a74a-0ff4599195ce ] Request (ServerGroupTestJSON:test_create_server_with_scheduler_hint_group): 200 GET http://10.180.1.21/compute/v2.1/servers/c1c1a41b-9c0d-404f-9688-c6e008439919 0.079s
2025-12-15 13:51:54.236 65805 INFO tempest.lib.common.rest_client [req-2dc4d008-9d7a-4c6a-83ab-ce2f7b17bcee req-2dc4d008-9d7a-4c6a-83ab-ce2f7b17bcee ] Request (ServerDiskConfigTestJSON:test_rebuild_server_with_manual_disk_config): 200 GET http://10.180.1.21/compute/v2.1/servers/bf25e1e3-b6ae-4c53-b202-1f2f65619178 0.066s
2025-12-15 13:51:54.244 65805 INFO tempest.common.waiters [-] State transition "BUILD/None" ==> "BUILD/networking" after 35 second wait
2025-12-15 13:51:54.330 65827 INFO tempest.lib.common.rest_client [req-bf6706dc-ac1c-463c-a5fc-df1da7020023 req-bf6706dc-ac1c-463c-a5fc-df1da7020023 ] Request (ServerRescueTestJSON:setUpClass): 200 GET http://10.180.1.21/compute/v2.1/servers/3f9c3972-7835-4e80-b5ca-ff29fcd9266a 0.095s
2025-12-15 13:51:54.361 65783 INFO tempest.lib.common.rest_client [req-ebe7a243-9b4a-40e3-aad9-be67d5f0f3a6 req-ebe7a243-9b4a-40e3-aad9-be67d5f0f3a6 ] Request (ServerPasswordTestJSON:setUpClass): 200 GET http://10.180.1.21/compute/v2.1/servers/c423524c-773b-4a11-87d0-47fe210b0ee3 0.130s
2025-12-15 13:51:54.369 65783 INFO tempest.common.waiters [-] State transition "BUILD/spawning" ==> "ACTIVE/None" after 39 second wait
2025-12-15 13:51:54.385 65785 INFO tempest.lib.common.rest_client [req-89396ffb-c70a-440f-b70b-591103c953a8 req-89396ffb-c70a-440f-b70b-591103c953a8 ] Request (ServersAaction247Test:test_create_backup): 200 GET http://10.180.1.21/compute/v2.1/servers/bc99d5f0-3730-4421-be0f-d849a82b3fe3 0.103s
2025-12-15 13:51:54.428 65817 INFO tempest.lib.common.rest_client [req-7087ecbd-a932-4eb7-ae3f-8dbd55972f80 req-7087ecbd-a932-4eb7-ae3f-8dbd55972f80 ] Request (ServersAdminTestJSON:test_inject_network_info): 200 GET http://10.180.1.21/compute/v2.1/servers/4fc9fe05-6401-42e3-95c5-2e54c65b81f0 0.120s
2025-12-15 13:51:54.484 65797 INFO tempest.lib.common.rest_client [req-6c6077f2-31c5-46bd-a22f-3602137e20b7 req-6c6077f2-31c5-46bd-a22f-3602137e20b7 ] Request (ListImageFiltersTestJSON:tearDownClass): 200 GET http://10.180.1.21/compute/v2.1/servers/f3c7fb1b-e676-47c0-b446-c651c1325fc7 0.144s
2025-12-15 13:51:54.498 65829 INFO tempest.lib.common.rest_client [req-fb90e728-eb4c-4ead-8a72-32dd9d3ba823 req-fb90e728-eb4c-4ead-8a72-32dd9d3ba823 ] Request (ServersTestBootFromVolume:setUpClass): 200 GET http://10.180.1.21/compute/v2.1/servers/34a741bb-3e58-420c-8900-c2857233f7e2 0.137s
2025-12-15 13:51:54.546 65783 INFO tempest.lib.common.rest_client [req-fe3206d7-caa1-465c-999c-7856aa3409f5 req-fe3206d7-caa1-465c-999c-7856aa3409f5 ] Request (ServerPasswordTestJSON:test_delete_server_password): 204 DELETE http://10.180.1.21/compute/v2.1/servers/c423524c-773b-4a11-87d0-47fe210b0ee3/os-server-password 0.176s
2025-12-15 13:51:54.571 65819 INFO tempest.lib.common.rest_client [req-e67ff1b9-22ce-4ab3-9b68-483c6b923756 req-e67ff1b9-22ce-4ab3-9b68-483c6b923756 ] Request (ServerAddressesTestJSON:tearDownClass): 200 GET http://10.180.1.21/compute/v2.1/servers/762d1978-7b4d-430a-8195-512a9dc2f9ef 0.170s
2025-12-15 13:51:54.606 65783 INFO tempest.lib.common.rest_client [req-ba062bdd-1d27-42b6-9d5c-7822028df26d req-ba062bdd-1d27-42b6-9d5c-7822028df26d ] Request (ServerPasswordTestJSON:test_get_server_password): 200 GET http://10.180.1.21/compute/v2.1/servers/c423524c-773b-4a11-87d0-47fe210b0ee3/os-server-password 0.058s
2025-12-15 13:51:54.678 65791 INFO tempest.lib.common.rest_client [req-dbcf54ef-f78f-49a4-8071-33e7092aea74 req-dbcf54ef-f78f-49a4-8071-33e7092aea74 ] Request (MigrationsAdminTest:test_resize_server_revert_deleted_flavor): 200 GET http://10.180.1.21/compute/v2.1/servers/77a5f75c-17ae-40f1-8433-9ef622c2cd35 0.171s
2025-12-15 13:51:54.718 65783 INFO tempest.lib.common.rest_client [req-76465e9f-296a-46b1-afe7-1e0f73e16067 req-76465e9f-296a-46b1-afe7-1e0f73e16067 ] Request (ServerPasswordTestJSON:tearDownClass): 204 DELETE http://10.180.1.21/compute/v2.1/servers/c423524c-773b-4a11-87d0-47fe210b0ee3 0.106s
2025-12-15 13:51:54.838 65787 INFO tempest.lib.common.rest_client [req-73dc966c-436b-4346-91cc-b4694c3bf24e req-73dc966c-436b-4346-91cc-b4694c3bf24e ] Request (ServerShowV254Test:test_rebuild_server): 200 GET http://10.180.1.21/compute/v2.1/servers/38aaff36-07be-4f5d-9c48-f798582a046f 0.079s
2025-12-15 13:51:54.868 65783 INFO tempest.lib.common.rest_client [req-7bf1aa26-d835-4c87-8f6b-fc2382ecd276 req-7bf1aa26-d835-4c87-8f6b-fc2382ecd276 ] Request (ServerPasswordTestJSON:tearDownClass): 200 GET http://10.180.1.21/compute/v2.1/servers/c423524c-773b-4a11-87d0-47fe210b0ee3 0.150s
2025-12-15 13:51:54.936 65843 INFO tempest.lib.common.rest_client [req-23f300ee-7830-4570-8cf1-f81324ef9558 req-23f300ee-7830-4570-8cf1-f81324ef9558 ] Request (ServersTestManualDisk:tearDownClass): 200 GET http://10.180.1.21/compute/v2.1/servers/41908755-4af2-474f-b842-04300f9365ce 0.087s
2025-12-15 13:51:54.951 65825 INFO tempest.lib.common.rest_client [req-402a482c-a3ab-4a68-b69a-ec4cf8779ee5 req-402a482c-a3ab-4a68-b69a-ec4cf8779ee5 ] Request (ImagesTestJSON:test_create_server_from_snapshot): 200 GET http://10.180.1.21/compute/v2.1/servers/2d4e3e5a-52ca-4030-83cc-d124b01b5b2a 0.069s
2025-12-15 13:51:54.995 65821 INFO tempest.lib.common.rest_client [req-3324e3b2-b2dc-4828-876e-a2aca2dfbfa5 req-3324e3b2-b2dc-4828-876e-a2aca2dfbfa5 ] Request (InstanceActionsV221TestJSON:test_get_list_deleted_instance_actions): 200 GET http://10.180.1.21/compute/v2.1/servers/cc5f0dd1-0565-4094-8594-51b9455da325 0.058s
2025-12-15 13:51:55.170 65811 INFO tempest.lib.common.rest_client [req-cec5ba66-63d0-44f5-98c9-23a83a02ceaf req-cec5ba66-63d0-44f5-98c9-23a83a02ceaf ] Request (AttachVolumeShelveTestJSON:test_attach_volume_shelved_or_offload_server): 200 GET http://10.180.1.21/compute/v2.1/servers/01f99ea5-ba28-4b3e-9440-a32bd37d5958 0.150s
2025-12-15 13:51:55.251 65807 INFO tempest.lib.common.rest_client [req-d51b67e2-1749-4694-86f4-60516b33663d req-d51b67e2-1749-4694-86f4-60516b33663d ] Request (ServerActionsTestJSON:setUpClass): 200 GET http://10.180.1.21/compute/v2.1/servers/fd36a39c-39b0-4af3-9546-4786ef34d029 0.107s
2025-12-15 13:51:55.270 65801 INFO tempest.lib.common.rest_client [req-4007b1f5-bc37-4114-a611-f64d48036ad9 req-4007b1f5-bc37-4114-a611-f64d48036ad9 ] Request (ServerMetadataTestJSON:tearDownClass): 200 GET http://10.180.1.21/compute/v2.1/servers/dd2f5347-97eb-42e3-85a3-9caaf92a4b40 0.077s
2025-12-15 13:51:55.306 65831 INFO tempest.lib.common.rest_client [req-199caae1-5500-4066-9a6c-6dda22c8eae0 req-199caae1-5500-4066-9a6c-6dda22c8eae0 ] Request (ServerGroupTestJSON:test_create_server_with_scheduler_hint_group): 200 GET http://10.180.1.21/compute/v2.1/servers/c1c1a41b-9c0d-404f-9688-c6e008439919 0.108s
2025-12-15 13:51:55.361 65805 INFO tempest.lib.common.rest_client [req-852d5b44-0c79-493c-92a0-16911c1ce813 req-852d5b44-0c79-493c-92a0-16911c1ce813 ] Request (ServerDiskConfigTestJSON:test_rebuild_server_with_manual_disk_config): 200 GET http://10.180.1.21/compute/v2.1/servers/bf25e1e3-b6ae-4c53-b202-1f2f65619178 0.115s
2025-12-15 13:51:55.368 65805 INFO tempest.common.waiters [-] State transition "BUILD/networking" ==> "BUILD/spawning" after 36 second wait
2025-12-15 13:51:55.393 65827 INFO tempest.lib.common.rest_client [req-2689ded9-ac94-4ed6-b3b0-e4958b1f005e req-2689ded9-ac94-4ed6-b3b0-e4958b1f005e ] Request (ServerRescueTestJSON:setUpClass): 200 GET http://10.180.1.21/compute/v2.1/servers/3f9c3972-7835-4e80-b5ca-ff29fcd9266a 0.054s
2025-12-15 13:51:55.460 65785 INFO tempest.lib.common.rest_client [req-acda62a3-80ae-4275-9c9b-c71d0ec05c04 req-acda62a3-80ae-4275-9c9b-c71d0ec05c04 ] Request (ServersAaction247Test:test_create_backup): 200 GET http://10.180.1.21/compute/v2.1/servers/bc99d5f0-3730-4421-be0f-d849a82b3fe3 0.063s
2025-12-15 13:51:55.470 65785 INFO tempest.common.waiters [-] State transition "BUILD/scheduling" ==> "BUILD/None" after 2 second wait
2025-12-15 13:51:55.503 65817 INFO tempest.lib.common.rest_client [req-798fd67b-5a72-464b-a649-65cbc3b88fba req-798fd67b-5a72-464b-a649-65cbc3b88fba ] Request (ServersAdminTestJSON:test_inject_network_info): 200 GET http://10.180.1.21/compute/v2.1/servers/4fc9fe05-6401-42e3-95c5-2e54c65b81f0 0.061s
2025-12-15 13:51:55.572 65829 INFO tempest.lib.common.rest_client [req-e3c557b7-375c-4716-8823-ce6695b8c478 req-e3c557b7-375c-4716-8823-ce6695b8c478 ] Request (ServersTestBootFromVolume:setUpClass): 200 GET http://10.180.1.21/compute/v2.1/servers/34a741bb-3e58-420c-8900-c2857233f7e2 0.065s
2025-12-15 13:51:55.591 65797 INFO tempest.lib.common.rest_client [req-acc493c1-00fa-4b3f-af4b-be957189adb9 req-acc493c1-00fa-4b3f-af4b-be957189adb9 ] Request (ListImageFiltersTestJSON:tearDownClass): 200 GET http://10.180.1.21/compute/v2.1/servers/f3c7fb1b-e676-47c0-b446-c651c1325fc7 0.095s
2025-12-15 13:51:55.660 65819 INFO tempest.lib.common.rest_client [req-85faee50-78ac-464a-bf1a-365718c2566d req-85faee50-78ac-464a-bf1a-365718c2566d ] Request (ServerAddressesTestJSON:tearDownClass): 200 GET http://10.180.1.21/compute/v2.1/servers/762d1978-7b4d-430a-8195-512a9dc2f9ef 0.077s
2025-12-15 13:51:55.815 65791 INFO tempest.lib.common.rest_client [req-14850660-d39a-4a0b-ab5c-769747d1ad34 req-14850660-d39a-4a0b-ab5c-769747d1ad34 ] Request (MigrationsAdminTest:test_resize_server_revert_deleted_flavor): 200 GET http://10.180.1.21/compute/v2.1/servers/77a5f75c-17ae-40f1-8433-9ef622c2cd35 0.128s
2025-12-15 13:51:55.881 65789 WARNING tempest.lib.common.ssh [-] Failed to establish authenticated ssh connection to cirros@10.180.180.248 ([Errno None] Unable to connect to port 22 on 10.180.180.248). Number attempts: 5. Retry after 6 seconds.: paramiko.ssh_exception.NoValidConnectionsError: [Errno None] Unable to connect to port 22 on 10.180.180.248
2025-12-15 13:51:55.942 65787 INFO tempest.lib.common.rest_client [req-ff8fe88b-7f19-48b2-a381-10234e6a2eb1 req-ff8fe88b-7f19-48b2-a381-10234e6a2eb1 ] Request (ServerShowV254Test:test_rebuild_server): 200 GET http://10.180.1.21/compute/v2.1/servers/38aaff36-07be-4f5d-9c48-f798582a046f 0.094s
2025-12-15 13:51:56.005 65783 INFO tempest.lib.common.rest_client [req-b219c8e9-c739-43e1-bd1b-78fe34a51b6f req-b219c8e9-c739-43e1-bd1b-78fe34a51b6f ] Request (ServerPasswordTestJSON:tearDownClass): 200 GET http://10.180.1.21/compute/v2.1/servers/c423524c-773b-4a11-87d0-47fe210b0ee3 0.127s
2025-12-15 13:51:56.022 65843 INFO tempest.lib.common.rest_client [req-c9cb83e1-fd8d-4b7e-9b7c-6c70e3e82744 req-c9cb83e1-fd8d-4b7e-9b7c-6c70e3e82744 ] Request (ServersTestManualDisk:tearDownClass): 200 GET http://10.180.1.21/compute/v2.1/servers/41908755-4af2-474f-b842-04300f9365ce 0.078s
2025-12-15 13:51:56.062 65825 INFO tempest.lib.common.rest_client [req-c934c71e-8fa6-4a5a-8989-df7c4ce967b5 req-c934c71e-8fa6-4a5a-8989-df7c4ce967b5 ] Request (ImagesTestJSON:test_create_server_from_snapshot): 200 GET http://10.180.1.21/compute/v2.1/servers/2d4e3e5a-52ca-4030-83cc-d124b01b5b2a 0.101s
2025-12-15 13:51:56.089 65821 INFO tempest.lib.common.rest_client [req-2c83ec5a-9b8c-46a3-8862-15fb25fb9f3f req-2c83ec5a-9b8c-46a3-8862-15fb25fb9f3f ] Request (InstanceActionsV221TestJSON:test_get_list_deleted_instance_actions): 200 GET http://10.180.1.21/compute/v2.1/servers/cc5f0dd1-0565-4094-8594-51b9455da325 0.084s
2025-12-15 13:51:56.288 65811 INFO tempest.lib.common.rest_client [req-96e1f933-cc83-4bd5-a0dc-d6983fbb4857 req-96e1f933-cc83-4bd5-a0dc-d6983fbb4857 ] Request (AttachVolumeShelveTestJSON:test_attach_volume_shelved_or_offload_server): 200 GET http://10.180.1.21/compute/v2.1/servers/01f99ea5-ba28-4b3e-9440-a32bd37d5958 0.105s
2025-12-15 13:51:56.309 65837 WARNING tempest.lib.common.ssh [-] Failed to establish authenticated ssh connection to cirros@10.180.180.144 ([Errno None] Unable to connect to port 22 on 10.180.180.144). Number attempts: 3. Retry after 4 seconds.: paramiko.ssh_exception.NoValidConnectionsError: [Errno None] Unable to connect to port 22 on 10.180.180.144
2025-12-15 13:51:56.358 65801 INFO tempest.lib.common.rest_client [req-0c7b7057-24f6-41ad-ac2a-b4625e14eb2e req-0c7b7057-24f6-41ad-ac2a-b4625e14eb2e ] Request (ServerMetadataTestJSON:tearDownClass): 200 GET http://10.180.1.21/compute/v2.1/servers/dd2f5347-97eb-42e3-85a3-9caaf92a4b40 0.077s
2025-12-15 13:51:56.413 65807 INFO tempest.lib.common.rest_client [req-c43ed354-f36d-4c0c-835b-2984a1752db1 req-c43ed354-f36d-4c0c-835b-2984a1752db1 ] Request (ServerActionsTestJSON:setUpClass): 200 GET http://10.180.1.21/compute/v2.1/servers/fd36a39c-39b0-4af3-9546-4786ef34d029 0.154s
2025-12-15 13:51:56.420 65831 INFO tempest.lib.common.rest_client [req-0b6a4856-5290-4936-bea1-2b9c6ee18d65 req-0b6a4856-5290-4936-bea1-2b9c6ee18d65 ] Request (ServerGroupTestJSON:test_create_server_with_scheduler_hint_group): 200 GET http://10.180.1.21/compute/v2.1/servers/c1c1a41b-9c0d-404f-9688-c6e008439919 0.107s
2025-12-15 13:51:56.482 65827 INFO tempest.lib.common.rest_client [req-c0be0079-764b-4b88-a8c5-868184aac0af req-c0be0079-764b-4b88-a8c5-868184aac0af ] Request (ServerRescueTestJSON:setUpClass): 200 GET http://10.180.1.21/compute/v2.1/servers/3f9c3972-7835-4e80-b5ca-ff29fcd9266a 0.082s
2025-12-15 13:51:56.540 65805 INFO tempest.lib.common.rest_client [req-d905478f-03c6-4ba6-9603-86cf60aaa6c0 req-d905478f-03c6-4ba6-9603-86cf60aaa6c0 ] Request (ServerDiskConfigTestJSON:test_rebuild_server_with_manual_disk_config): 200 GET http://10.180.1.21/compute/v2.1/servers/bf25e1e3-b6ae-4c53-b202-1f2f65619178 0.171s
2025-12-15 13:51:56.541 65785 INFO tempest.lib.common.rest_client [req-fe63ca11-1739-45ab-8029-6d7c137d2b3a req-fe63ca11-1739-45ab-8029-6d7c137d2b3a ] Request (ServersAaction247Test:test_create_backup): 200 GET http://10.180.1.21/compute/v2.1/servers/bc99d5f0-3730-4421-be0f-d849a82b3fe3 0.069s
2025-12-15 13:51:56.606 65817 INFO tempest.lib.common.rest_client [req-ee8a2977-29f2-4a40-8a0d-e5a0cbf0c9b9 req-ee8a2977-29f2-4a40-8a0d-e5a0cbf0c9b9 ] Request (ServersAdminTestJSON:test_inject_network_info): 200 GET http://10.180.1.21/compute/v2.1/servers/4fc9fe05-6401-42e3-95c5-2e54c65b81f0 0.095s
2025-12-15 13:51:56.643 65829 INFO tempest.lib.common.rest_client [req-eb8eafae-fa40-4a0d-a559-87f2330ca37f req-eb8eafae-fa40-4a0d-a559-87f2330ca37f ] Request (ServersTestBootFromVolume:setUpClass): 200 GET http://10.180.1.21/compute/v2.1/servers/34a741bb-3e58-420c-8900-c2857233f7e2 0.060s
2025-12-15 13:51:56.670 65797 INFO tempest.lib.common.rest_client [req-3bac176d-6f11-4f2d-806d-fb3d8b7f1053 req-3bac176d-6f11-4f2d-806d-fb3d8b7f1053 ] Request (ListImageFiltersTestJSON:tearDownClass): 200 GET http://10.180.1.21/compute/v2.1/servers/f3c7fb1b-e676-47c0-b446-c651c1325fc7 0.071s
2025-12-15 13:51:56.731 65819 INFO tempest.lib.common.rest_client [req-048573e8-d991-48a1-97f0-9002e814b3c5 req-048573e8-d991-48a1-97f0-9002e814b3c5 ] Request (ServerAddressesTestJSON:tearDownClass): 200 GET http://10.180.1.21/compute/v2.1/servers/762d1978-7b4d-430a-8195-512a9dc2f9ef 0.063s
2025-12-15 13:51:56.935 65833 WARNING tempest.lib.common.ssh [-] Failed to establish authenticated ssh connection to cirros@10.180.180.236 ([Errno None] Unable to connect to port 22 on 10.180.180.236). Number attempts: 3. Retry after 4 seconds.: paramiko.ssh_exception.NoValidConnectionsError: [Errno None] Unable to connect to port 22 on 10.180.180.236
2025-12-15 13:51:56.969 65791 INFO tempest.lib.common.rest_client [req-3f03e40a-e926-4cd7-8f5c-9c68eae5a6dc req-3f03e40a-e926-4cd7-8f5c-9c68eae5a6dc ] Request (MigrationsAdminTest:test_resize_server_revert_deleted_flavor): 200 GET http://10.180.1.21/compute/v2.1/servers/77a5f75c-17ae-40f1-8433-9ef622c2cd35 0.145s
2025-12-15 13:51:57.019 65787 INFO tempest.lib.common.rest_client [req-7d820389-db6d-4b03-9594-4ad42abc72a7 req-7d820389-db6d-4b03-9594-4ad42abc72a7 ] Request (ServerShowV254Test:test_rebuild_server): 200 GET http://10.180.1.21/compute/v2.1/servers/38aaff36-07be-4f5d-9c48-f798582a046f 0.067s
2025-12-15 13:51:57.101 65843 INFO tempest.lib.common.rest_client [req-57004e19-cadb-4883-8f1c-f24dfc2fd80b req-57004e19-cadb-4883-8f1c-f24dfc2fd80b ] Request (ServersTestManualDisk:tearDownClass): 200 GET http://10.180.1.21/compute/v2.1/servers/41908755-4af2-474f-b842-04300f9365ce 0.069s
2025-12-15 13:51:57.126 65783 INFO tempest.lib.common.rest_client [req-0a14a75c-1ea0-4e0c-94da-f946d5b86b56 req-0a14a75c-1ea0-4e0c-94da-f946d5b86b56 ] Request (ServerPasswordTestJSON:tearDownClass): 200 GET http://10.180.1.21/compute/v2.1/servers/c423524c-773b-4a11-87d0-47fe210b0ee3 0.111s
2025-12-15 13:51:57.155 65825 INFO tempest.lib.common.rest_client [req-6b851ae3-84f9-40d6-a1df-e46b855aa918 req-6b851ae3-84f9-40d6-a1df-e46b855aa918 ] Request (ImagesTestJSON:test_create_server_from_snapshot): 200 GET http://10.180.1.21/compute/v2.1/servers/2d4e3e5a-52ca-4030-83cc-d124b01b5b2a 0.080s
2025-12-15 13:51:57.196 65821 INFO tempest.lib.common.rest_client [req-52abb2e4-19df-41b3-8c00-336549f897f4 req-52abb2e4-19df-41b3-8c00-336549f897f4 ] Request (InstanceActionsV221TestJSON:test_get_list_deleted_instance_actions): 200 GET http://10.180.1.21/compute/v2.1/servers/cc5f0dd1-0565-4094-8594-51b9455da325 0.094s
2025-12-15 13:51:57.400 65811 INFO tempest.lib.common.rest_client [req-9a0856ef-7bae-47b6-ba93-9b7a38588be4 req-9a0856ef-7bae-47b6-ba93-9b7a38588be4 ] Request (AttachVolumeShelveTestJSON:test_attach_volume_shelved_or_offload_server): 200 GET http://10.180.1.21/compute/v2.1/servers/01f99ea5-ba28-4b3e-9440-a32bd37d5958 0.102s
2025-12-15 13:51:57.439 65801 INFO tempest.lib.common.rest_client [req-ffb60f68-8f6d-40f3-a9ae-2535790c35bd req-ffb60f68-8f6d-40f3-a9ae-2535790c35bd ] Request (ServerMetadataTestJSON:tearDownClass): 200 GET http://10.180.1.21/compute/v2.1/servers/dd2f5347-97eb-42e3-85a3-9caaf92a4b40 0.074s
2025-12-15 13:51:57.498 65831 INFO tempest.lib.common.rest_client [req-df60371e-ddd3-4c2c-8395-eb493dd49abd req-df60371e-ddd3-4c2c-8395-eb493dd49abd ] Request (ServerGroupTestJSON:test_create_server_with_scheduler_hint_group): 200 GET http://10.180.1.21/compute/v2.1/servers/c1c1a41b-9c0d-404f-9688-c6e008439919 0.071s
2025-12-15 13:51:57.529 65807 INFO tempest.lib.common.rest_client [req-17925f15-e4ce-4396-a89c-d75655d25be4 req-17925f15-e4ce-4396-a89c-d75655d25be4 ] Request (ServerActionsTestJSON:setUpClass): 200 GET http://10.180.1.21/compute/v2.1/servers/fd36a39c-39b0-4af3-9546-4786ef34d029 0.106s
2025-12-15 13:51:57.537 65807 INFO tempest.common.waiters [-] State transition "BUILD/spawning" ==> "ACTIVE/None" after 39 second wait
2025-12-15 13:51:57.553 65827 INFO tempest.lib.common.rest_client [req-996d73b7-7c68-40d0-bc9d-514dc5c78d88 req-996d73b7-7c68-40d0-bc9d-514dc5c78d88 ] Request (ServerRescueTestJSON:setUpClass): 200 GET http://10.180.1.21/compute/v2.1/servers/3f9c3972-7835-4e80-b5ca-ff29fcd9266a 0.059s
2025-12-15 13:51:57.618 65807 INFO tempest.lib.common.rest_client [req-591afb76-a00c-4b5f-ae04-d5fb9405165e req-591afb76-a00c-4b5f-ae04-d5fb9405165e ] Request (ServerActionsTestJSON:setUpClass): 200 GET http://10.180.1.21/compute/v2.1/servers/fd36a39c-39b0-4af3-9546-4786ef34d029/os-interface 0.080s
2025-12-15 13:51:57.665 65805 INFO tempest.lib.common.rest_client [req-247c4d04-0d17-4674-b311-aedb71357b42 req-247c4d04-0d17-4674-b311-aedb71357b42 ] Request (ServerDiskConfigTestJSON:test_rebuild_server_with_manual_disk_config): 200 GET http://10.180.1.21/compute/v2.1/servers/bf25e1e3-b6ae-4c53-b202-1f2f65619178 0.114s
2025-12-15 13:51:57.684 65785 INFO tempest.lib.common.rest_client [req-49afd874-2794-4a40-a720-2326582eeec7 req-49afd874-2794-4a40-a720-2326582eeec7 ] Request (ServersAaction247Test:test_create_backup): 200 GET http://10.180.1.21/compute/v2.1/servers/bc99d5f0-3730-4421-be0f-d849a82b3fe3 0.131s
2025-12-15 13:51:57.724 65817 INFO tempest.lib.common.rest_client [req-68af718e-10d0-4b11-a21f-8b3742a00d27 req-68af718e-10d0-4b11-a21f-8b3742a00d27 ] Request (ServersAdminTestJSON:test_inject_network_info): 200 GET http://10.180.1.21/compute/v2.1/servers/4fc9fe05-6401-42e3-95c5-2e54c65b81f0 0.110s
2025-12-15 13:51:57.734 65829 INFO tempest.lib.common.rest_client [req-797d6d4e-ef3c-4ecc-b0d2-8caeafec0356 req-797d6d4e-ef3c-4ecc-b0d2-8caeafec0356 ] Request (ServersTestBootFromVolume:setUpClass): 200 GET http://10.180.1.21/compute/v2.1/servers/34a741bb-3e58-420c-8900-c2857233f7e2 0.082s
2025-12-15 13:51:57.805 65797 INFO tempest.lib.common.rest_client [req-91d93903-6ccd-4ad0-8f1a-fc1f2224a89a req-91d93903-6ccd-4ad0-8f1a-fc1f2224a89a ] Request (ListImageFiltersTestJSON:tearDownClass): 200 GET http://10.180.1.21/compute/v2.1/servers/f3c7fb1b-e676-47c0-b446-c651c1325fc7 0.124s
2025-12-15 13:51:57.813 65819 INFO tempest.lib.common.rest_client [req-94064268-4d90-40bf-ad5f-6b83fa5ea5ae req-94064268-4d90-40bf-ad5f-6b83fa5ea5ae ] Request (ServerAddressesTestJSON:tearDownClass): 200 GET http://10.180.1.21/compute/v2.1/servers/762d1978-7b4d-430a-8195-512a9dc2f9ef 0.074s
2025-12-15 13:51:58.026 65793 WARNING tempest.lib.common.ssh [-] Failed to establish authenticated ssh connection to cirros@10.180.180.137 ([Errno None] Unable to connect to port 22 on 10.180.180.137). Number attempts: 10. Retry after 11 seconds.: paramiko.ssh_exception.NoValidConnectionsError: [Errno None] Unable to connect to port 22 on 10.180.180.137
2025-12-15 13:51:58.089 65791 INFO tempest.lib.common.rest_client [req-c51a6d79-b639-472b-8d77-4b8ba1787900 req-c51a6d79-b639-472b-8d77-4b8ba1787900 ] Request (MigrationsAdminTest:test_resize_server_revert_deleted_flavor): 200 GET http://10.180.1.21/compute/v2.1/servers/77a5f75c-17ae-40f1-8433-9ef622c2cd35 0.112s
2025-12-15 13:51:58.109 65787 INFO tempest.lib.common.rest_client [req-fe3a14e3-5402-47c4-ace3-673de7250d97 req-fe3a14e3-5402-47c4-ace3-673de7250d97 ] Request (ServerShowV254Test:test_rebuild_server): 200 GET http://10.180.1.21/compute/v2.1/servers/38aaff36-07be-4f5d-9c48-f798582a046f 0.081s
2025-12-15 13:51:58.131 65807 INFO tempest.lib.common.rest_client [req-e81137a2-8749-4509-98f2-47b64664cf11 req-e81137a2-8749-4509-98f2-47b64664cf11 ] Request (ServerActionsTestJSON:setUpClass): 200 PUT http://10.180.1.21/networking/v2.0/floatingips/362c9b8e-aa3c-4e0c-badd-80408d1a4148 0.511s
2025-12-15 13:51:58.132 65807 INFO tempest.lib.common.ssh [-] Creating ssh connection to '10.180.180.184:22' as 'cirros' with public key authentication
2025-12-15 13:51:58.138 65843 INFO tempest.lib.common.rest_client [req-b68ebd1d-05eb-4fbe-a876-71f300940a4d req-b68ebd1d-05eb-4fbe-a876-71f300940a4d ] Request (ServersTestManualDisk:tearDownClass): 404 GET http://10.180.1.21/compute/v2.1/servers/41908755-4af2-474f-b842-04300f9365ce 0.028s
2025-12-15 13:51:58.182 65843 INFO tempest.lib.common.rest_client [req-36544f0d-d09f-4f61-8344-86d27ff338d3 req-36544f0d-d09f-4f61-8344-86d27ff338d3 ] Request (ServersTestManualDisk:tearDownClass): 202 DELETE http://10.180.1.21/compute/v2.1/os-keypairs/tempest-keypair-1280425428 0.043s
2025-12-15 13:51:58.194 65783 INFO tempest.lib.common.rest_client [req-d330808a-dee7-4eaf-80a9-202950cb8653 req-d330808a-dee7-4eaf-80a9-202950cb8653 ] Request (ServerPasswordTestJSON:tearDownClass): 200 GET http://10.180.1.21/compute/v2.1/servers/c423524c-773b-4a11-87d0-47fe210b0ee3 0.059s
2025-12-15 13:51:58.236 65825 INFO tempest.lib.common.rest_client [req-fbef2dad-825d-4c15-922f-9cb05c5e5c64 req-fbef2dad-825d-4c15-922f-9cb05c5e5c64 ] Request (ImagesTestJSON:test_create_server_from_snapshot): 200 GET http://10.180.1.21/compute/v2.1/servers/2d4e3e5a-52ca-4030-83cc-d124b01b5b2a 0.073s
2025-12-15 13:51:58.261 65821 INFO tempest.lib.common.rest_client [req-c654a4dc-6b21-469c-9b55-7ad651847264 req-c654a4dc-6b21-469c-9b55-7ad651847264 ] Request (InstanceActionsV221TestJSON:test_get_list_deleted_instance_actions): 200 GET http://10.180.1.21/compute/v2.1/servers/cc5f0dd1-0565-4094-8594-51b9455da325 0.054s
2025-12-15 13:51:58.273 65843 INFO tempest.lib.common.rest_client [req-940fa445-ddb9-46dd-b5e8-a47f36fd799e req-940fa445-ddb9-46dd-b5e8-a47f36fd799e ] Request (ServersTestManualDisk:tearDownClass): 204 DELETE http://10.180.1.21/networking/v2.0/security-groups/8b081eca-a0b0-4294-af0a-aca96b777cdd 0.091s
2025-12-15 13:51:58.283 65843 INFO tempest.lib.common.rest_client [req-8aa23c25-4b2d-47aa-b7cc-ad06f093142d req-8aa23c25-4b2d-47aa-b7cc-ad06f093142d ] Request (ServersTestManualDisk:tearDownClass): 404 GET http://10.180.1.21/networking/v2.0/security-groups/8b081eca-a0b0-4294-af0a-aca96b777cdd 0.009s
2025-12-15 13:51:58.494 65843 INFO tempest.lib.common.rest_client [req-aa6f4f5d-0648-4674-bc1b-a794cb7a8d3f req-aa6f4f5d-0648-4674-bc1b-a794cb7a8d3f ] Request (ServersTestManualDisk:tearDownClass): 204 DELETE http://10.180.1.21/networking/v2.0/floatingips/ff11b5db-21c5-4336-bd48-6a6cff5c8bcd 0.210s
2025-12-15 13:51:58.521 65801 INFO tempest.lib.common.rest_client [req-ac453f31-565d-409b-a4fd-bf774556a8ee req-ac453f31-565d-409b-a4fd-bf774556a8ee ] Request (ServerMetadataTestJSON:tearDownClass): 200 GET http://10.180.1.21/compute/v2.1/servers/dd2f5347-97eb-42e3-85a3-9caaf92a4b40 0.074s
2025-12-15 13:51:58.538 65811 INFO tempest.lib.common.rest_client [req-939e7144-351e-4c76-aec8-61ed9d77af05 req-939e7144-351e-4c76-aec8-61ed9d77af05 ] Request (AttachVolumeShelveTestJSON:test_attach_volume_shelved_or_offload_server): 200 GET http://10.180.1.21/compute/v2.1/servers/01f99ea5-ba28-4b3e-9440-a32bd37d5958 0.126s
2025-12-15 13:51:58.604 65831 INFO tempest.lib.common.rest_client [req-0edab42d-3336-4ce5-b8cf-87a8dada790a req-0edab42d-3336-4ce5-b8cf-87a8dada790a ] Request (ServerGroupTestJSON:test_create_server_with_scheduler_hint_group): 200 GET http://10.180.1.21/compute/v2.1/servers/c1c1a41b-9c0d-404f-9688-c6e008439919 0.097s
2025-12-15 13:51:58.649 65827 INFO tempest.lib.common.rest_client [req-66cf4915-8c1e-44de-81fb-9c86e4a6019c req-66cf4915-8c1e-44de-81fb-9c86e4a6019c ] Request (ServerRescueTestJSON:setUpClass): 200 GET http://10.180.1.21/compute/v2.1/servers/3f9c3972-7835-4e80-b5ca-ff29fcd9266a 0.088s
2025-12-15 13:51:58.805 65785 INFO tempest.lib.common.rest_client [req-ce79a78d-5194-4dbe-8dc1-12e77f4c1354 req-ce79a78d-5194-4dbe-8dc1-12e77f4c1354 ] Request (ServersAaction247Test:test_create_backup): 200 GET http://10.180.1.21/compute/v2.1/servers/bc99d5f0-3730-4421-be0f-d849a82b3fe3 0.110s
2025-12-15 13:51:58.840 65805 INFO tempest.lib.common.rest_client [req-df23188a-5b43-4e23-ad56-0ace513fcb9f req-df23188a-5b43-4e23-ad56-0ace513fcb9f ] Request (ServerDiskConfigTestJSON:test_rebuild_server_with_manual_disk_config): 200 GET http://10.180.1.21/compute/v2.1/servers/bf25e1e3-b6ae-4c53-b202-1f2f65619178 0.163s
2025-12-15 13:51:58.872 65817 INFO tempest.lib.common.rest_client [req-8c60cd45-ac70-4267-ac8b-298bd40af2eb req-8c60cd45-ac70-4267-ac8b-298bd40af2eb ] Request (ServersAdminTestJSON:test_inject_network_info): 200 GET http://10.180.1.21/compute/v2.1/servers/4fc9fe05-6401-42e3-95c5-2e54c65b81f0 0.137s
2025-12-15 13:51:58.919 65829 INFO tempest.lib.common.rest_client [req-c130d604-2d45-43fa-8a3d-4a04f160728a req-c130d604-2d45-43fa-8a3d-4a04f160728a ] Request (ServersTestBootFromVolume:setUpClass): 200 GET http://10.180.1.21/compute/v2.1/servers/34a741bb-3e58-420c-8900-c2857233f7e2 0.178s
