2025-12-15 13:48:40.990 65823 INFO tempest.lib.common.rest_client [req-2507f5c2-c111-4501-be48-e8441e8749c1 req-2507f5c2-c111-4501-be48-e8441e8749c1 ] Request (AZV2TestJSON:setUpClass): 201 POST http://10.180.1.21/identity/v3/projects 0.041s
2025-12-15 13:48:41.062 65823 INFO tempest.lib.common.rest_client [req-0557a6ec-bd3e-4271-99dc-b037c779bbbb req-0557a6ec-bd3e-4271-99dc-b037c779bbbb ] Request (AZV2TestJSON:setUpClass): 201 POST http://10.180.1.21/identity/v3/users 0.071s
2025-12-15 13:48:41.098 65823 INFO tempest.lib.common.rest_client [req-d875a005-dd6f-46a6-90c6-f86428aa6c77 req-d875a005-dd6f-46a6-90c6-f86428aa6c77 ] Request (AZV2TestJSON:setUpClass): 200 GET http://10.180.1.21/identity/v3/roles 0.035s
2025-12-15 13:48:41.102 65833 INFO tempest.lib.common.rest_client [req-6d587615-1c12-4c25-b5e2-f6eff759e1cc req-6d587615-1c12-4c25-b5e2-f6eff759e1cc ] Request (ServerDiagnosticsV248Test:tearDownClass): 200 GET http://10.180.1.21/compute/v2.1/servers/02cc6803-2a9e-4ebf-a767-abad7646f667 3.484s
2025-12-15 13:48:41.135 65823 INFO tempest.lib.common.rest_client [req-b96945f7-2113-4df9-acfb-c29763467068 req-b96945f7-2113-4df9-acfb-c29763467068 ] Request (AZV2TestJSON:setUpClass): 204 PUT http://10.180.1.21/identity/v3/projects/a92d74e5f4c8484f92e2ba4fc20c93ed/users/031fba77dbc14ba98a1f989f36c32caf/roles/a98ecd7b49884e209ece9f19751ee7ae 0.036s
2025-12-15 13:48:41.135 65823 INFO tempest.lib.common.dynamic_creds [-] Dynamic test user 031fba77dbc14ba98a1f989f36c32caf is created with scope project and roles: ['member']
2025-12-15 13:48:41.135 65823 INFO tempest.lib.common.dynamic_creds [-] Acquired dynamic creds: credentials: Credentials: {'domain_id': 'default', 'domain_name': 'Default', 'username': 'tempest-AZV2TestJSON-919365702-project-member', 'project_domain_id': 'default', 'project_domain_name': 'Default', 'project_id': 'a92d74e5f4c8484f92e2ba4fc20c93ed', 'project_name': 'tempest-AZV2TestJSON-919365702', 'tenant_id': 'a92d74e5f4c8484f92e2ba4fc20c93ed', 'tenant_name': 'tempest-AZV2TestJSON-919365702', 'user_domain_id': 'default', 'user_domain_name': 'Default', 'user_id': '031fba77dbc14ba98a1f989f36c32caf', 'system': None}, Network: None, Subnet: None, Router: None
2025-12-15 13:48:41.135 65823 INFO tempest.lib.common.dynamic_creds [-] Created isolated network resources for: credentials: Credentials: {'domain_id': 'default', 'domain_name': 'Default', 'username': 'tempest-AZV2TestJSON-919365702-project-member', 'project_domain_id': 'default', 'project_domain_name': 'Default', 'project_id': 'a92d74e5f4c8484f92e2ba4fc20c93ed', 'project_name': 'tempest-AZV2TestJSON-919365702', 'tenant_id': 'a92d74e5f4c8484f92e2ba4fc20c93ed', 'tenant_name': 'tempest-AZV2TestJSON-919365702', 'user_domain_id': 'default', 'user_domain_name': 'Default', 'user_id': '031fba77dbc14ba98a1f989f36c32caf', 'system': None}, Network: None, Subnet: None, Router: None
2025-12-15 13:48:41.186 65787 INFO tempest.lib.common.rest_client [req-974e68f1-cfb6-4087-b74b-92f531402887 req-974e68f1-cfb6-4087-b74b-92f531402887 ] Request (ServersAdminNegativeTestJSON:setUpClass): 202 POST http://10.180.1.21/compute/v2.1/servers 3.600s
2025-12-15 13:48:41.229 65835 INFO tempest.lib.common.rest_client [req-aee1e488-f204-44f2-ab7e-8e71b3828f56 req-aee1e488-f204-44f2-ab7e-8e71b3828f56 ] Request (SecurityGroupRulesTestJSON:test_security_group_rules_delete_when_peer_group_deleted): 200 GET http://10.180.1.21/compute/v2.1/os-security-groups/67a28e86-8530-4045-ae24-a3c97c023c94 3.498s
2025-12-15 13:48:41.246 65823 INFO tempest.lib.common.rest_client [req-d5ff21e5-1f93-4f46-8534-65eb560c5d6b req-d5ff21e5-1f93-4f46-8534-65eb560c5d6b ] Request (AZV2TestJSON:setUpClass): 201 POST http://10.180.1.21/identity/v3/auth/tokens 0.107s
2025-12-15 13:48:41.255 65821 INFO tempest.lib.common.rest_client [req-2b21dc6e-325d-47a5-a64a-6db1c8ce9669 req-2b21dc6e-325d-47a5-a64a-6db1c8ce9669 ] Request (ServicesAdminTestJSON:test_list_services): 200 GET http://10.180.1.21/compute/v2.1/os-services 3.494s
2025-12-15 13:48:41.311 65803 INFO tempest.lib.common.rest_client [req-366fe8c5-4be0-408f-bff4-0e7b4527f9aa req-366fe8c5-4be0-408f-bff4-0e7b4527f9aa ] Request (QuotasAdminTestJSON:test_get_updated_quotas): 200 GET http://10.180.1.21/compute/v2.1/os-quota-sets/6f5ed8ddc3bf4c2292dcdfa0fcce55a9?user_id=04dbc695d92b4720ab6e0c200c88081b 3.649s
2025-12-15 13:48:41.441 65821 INFO tempest.lib.common.rest_client [req-9a568d35-28d6-4794-9d60-dd55ecff00a0 req-9a568d35-28d6-4794-9d60-dd55ecff00a0 ] Request (ServicesAdminTestJSON:tearDownClass): 204 DELETE http://10.180.1.21/identity/v3/users/4681e71d7b5b48569114cac946ec40fa 0.182s
2025-12-15 13:48:41.457 65803 INFO tempest.lib.common.rest_client [req-c081794d-4070-4801-a217-27d04f5e7953 req-c081794d-4070-4801-a217-27d04f5e7953 ] Request (QuotasAdminTestJSON:_run_cleanups): 204 DELETE http://10.180.1.21/identity/v3/users/04dbc695d92b4720ab6e0c200c88081b 0.144s
2025-12-15 13:48:41.500 65815 INFO tempest.lib.common.rest_client [req-38655214-b514-4dbf-a657-a25c7187bed0 req-38655214-b514-4dbf-a657-a25c7187bed0 ] Request (ServerDiagnosticsTest:tearDownClass): 204 DELETE http://10.180.1.21/compute/v2.1/servers/d4cc036d-211b-442b-994a-c74b166b9720 3.120s
2025-12-15 13:48:41.518 65799 INFO tempest.lib.common.rest_client [req-2be4aa5a-c6af-4434-9e5c-4a61371777a8 req-2be4aa5a-c6af-4434-9e5c-4a61371777a8 ] Request (FlavorsV2TestJSON:test_list_flavors_detailed_limit_results): 200 GET http://10.180.1.21/compute/v2.1/flavors/detail?limit=1 3.089s
2025-12-15 13:48:41.533 65795 INFO tempest.lib.common.rest_client [req-31f18e4e-a438-4037-9896-7045d63dc079 req-31f18e4e-a438-4037-9896-7045d63dc079 ] Request (HostsAdminNegativeTestJSON:test_startup_nonexistent_host): 404 GET http://10.180.1.21/compute/v2.1/os-hosts/nonexistent_hostname/startup 3.101s
2025-12-15 13:48:41.569 65807 INFO tempest.lib.common.rest_client [req-fddbcb98-5af2-4d81-8358-2adad16f97cd req-fddbcb98-5af2-4d81-8358-2adad16f97cd ] Request (VolumesAssistedSnapshotsTest:test_volume_assisted_snapshot_create_delete): 200 GET http://10.180.1.21/compute/v2.1/servers/4e54e47f-01a8-4c5e-8881-332ca18d943c 3.633s
2025-12-15 13:48:41.589 65841 INFO tempest.lib.common.rest_client [req-543cb912-e1f1-450d-8a04-632b25fe2368 req-543cb912-e1f1-450d-8a04-632b25fe2368 ] Request (ImagesMetadataNegativeTestJSON:test_update_nonexistent_image_metadata): 404 POST http://10.180.1.21/compute/v2.1/images/5fc7ad23-d5b8-4217-b8f4-f5d7ec6b247f/metadata 2.801s
2025-12-15 13:48:41.616 65803 INFO tempest.lib.common.rest_client [req-589fe51e-3075-40fd-a7fb-6b810e8c1b3c req-589fe51e-3075-40fd-a7fb-6b810e8c1b3c ] Request (QuotasAdminTestJSON:_run_cleanups): 204 DELETE http://10.180.1.21/identity/v3/projects/6f5ed8ddc3bf4c2292dcdfa0fcce55a9 0.158s
2025-12-15 13:48:41.637 65821 INFO tempest.lib.common.rest_client [req-03b935db-2fac-4b2e-9e15-c2c3791ba20c req-03b935db-2fac-4b2e-9e15-c2c3791ba20c ] Request (ServicesAdminTestJSON:tearDownClass): 204 DELETE http://10.180.1.21/identity/v3/users/4073e4c79c124d5d8342266613708d98 0.196s
2025-12-15 13:48:41.638 65821 INFO tempest.lib.common.dynamic_creds [-] Deleting project and security group for project: ad4b932490c54e539edb23dda7f668d1
2025-12-15 13:48:41.699 65821 INFO tempest.lib.common.rest_client [req-b84d0d7c-9910-47fb-95c4-dc514739dc45 req-b84d0d7c-9910-47fb-95c4-dc514739dc45 ] Request (ServicesAdminTestJSON:tearDownClass): 201 POST http://10.180.1.21/identity/v3/auth/tokens 0.061s
2025-12-15 13:48:41.774 65841 INFO tempest.lib.common.rest_client [req-5668eb57-4ca3-4b3a-91fd-20b84bdd64bc req-5668eb57-4ca3-4b3a-91fd-20b84bdd64bc ] Request (ImagesMetadataNegativeTestJSON:tearDownClass): 204 DELETE http://10.180.1.21/identity/v3/users/01f8854a40a744538c313945f66be57f 0.182s
2025-12-15 13:48:41.774 65841 INFO tempest.lib.common.dynamic_creds [-] Deleting project and security group for project: 1a094f9f04b44c19813acd4277c2809c
2025-12-15 13:48:41.846 65827 INFO tempest.lib.common.rest_client [req-e2cb5325-eb24-4110-b293-3f5f2682afd9 req-e2cb5325-eb24-4110-b293-3f5f2682afd9 ] Request (ServersTestMultiNic:setUpClass): 200 PUT http://10.180.1.21/networking/v2.0/routers/35525b25-3a76-4595-9dc1-eb2a20cd450e/add_router_interface 1.010s
2025-12-15 13:48:41.846 65827 INFO tempest.lib.common.dynamic_creds [-] Created isolated network resources for: credentials: Credentials: {'domain_id': 'default', 'domain_name': 'Default', 'username': 'tempest-ServersTestMultiNic-1519511874-project-member', 'project_domain_id': 'default', 'project_domain_name': 'Default', 'project_id': '567200c2ce1a4984b7a84831f34f8bf6', 'project_name': 'tempest-ServersTestMultiNic-1519511874', 'tenant_id': '567200c2ce1a4984b7a84831f34f8bf6', 'tenant_name': 'tempest-ServersTestMultiNic-1519511874', 'user_domain_id': 'default', 'user_domain_name': 'Default', 'user_id': 'cd5b1b35a2e447448c7a7153df21d101', 'system': None}, Network: {'id': '64a822ff-bffd-4015-80cc-815f268f2c57', 'name': 'tempest-ServersTestMultiNic-31479816-network', 'tenant_id': '567200c2ce1a4984b7a84831f34f8bf6', 'project_id': '567200c2ce1a4984b7a84831f34f8bf6', 'admin_state_up': True, 'mtu': 8950, 'status': 'ACTIVE', 'subnets': [], 'shared': False, 'port_security_enabled': True, 'router:external': False, 'provider:network_type': 'vlan', 'provider:physical_network': 'default', 'provider:segmentation_id': 36, 'availability_zone_hints': [], 'availability_zones': [], 'ipv4_address_scope': None, 'ipv6_address_scope': None, 'description': '', 'tags': [], 'created_at': '2025-12-15T13:48:39Z', 'updated_at': '2025-12-15T13:48:39Z', 'revision_number': 1}, Subnet: {'id': 'e153944b-433d-4dcb-b4fc-070ee1fb94a2', 'name': 'tempest-ServersTestMultiNic-31479816-subnet', 'tenant_id': '567200c2ce1a4984b7a84831f34f8bf6', 'network_id': '64a822ff-bffd-4015-80cc-815f268f2c57', 'ip_version': 4, 'subnetpool_id': None, 'enable_dhcp': True, 'ipv6_ra_mode': None, 'ipv6_address_mode': None, 'gateway_ip': '192.168.128.1', 'cidr': '192.168.128.0/28', 'allocation_pools': [{'start': '192.168.128.2', 'end': '192.168.128.14'}], 'host_routes': [], 'dns_nameservers': [], 'description': '', 'router:external': False, 'service_types': [], 'tags': [], 'created_at': '2025-12-15T13:48:39Z', 'updated_at': '2025-12-15T13:48:39Z', 'revision_number': 0, 'project_id': '567200c2ce1a4984b7a84831f34f8bf6'}, Router: {'id': '35525b25-3a76-4595-9dc1-eb2a20cd450e', 'name': 'tempest-ServersTestMultiNic-31479816-router', 'tenant_id': '567200c2ce1a4984b7a84831f34f8bf6', 'admin_state_up': True, 'status': 'ACTIVE', 'external_gateway_info': {'network_id': 'a3897f41-cb78-4466-8205-e036c210f720', 'external_fixed_ips': [{'subnet_id': 'f4e8eb43-1fbb-4a76-808a-a6d04842500d', 'ip_address': '10.180.180.178'}], 'enable_snat': True}, 'description': '', 'availability_zones': [], 'distributed': False, 'ha': False, 'availability_zone_hints': [], 'routes': [], 'flavor_id': None, 'tags': [], 'created_at': '2025-12-15T13:48:40Z', 'updated_at': '2025-12-15T13:48:40Z', 'revision_number': 2, 'project_id': '567200c2ce1a4984b7a84831f34f8bf6'}
2025-12-15 13:48:41.862 65841 INFO tempest.lib.common.rest_client [req-7d7f7902-7868-4765-a307-ad5dd9426978 req-7d7f7902-7868-4765-a307-ad5dd9426978 ] Request (ImagesMetadataNegativeTestJSON:tearDownClass): 201 POST http://10.180.1.21/identity/v3/auth/tokens 0.088s
2025-12-15 13:48:41.967 65827 INFO tempest.lib.common.rest_client [req-9d54d93b-2894-4ff6-b022-3ef31ef37e6b req-9d54d93b-2894-4ff6-b022-3ef31ef37e6b ] Request (ServersTestMultiNic:setUpClass): 201 POST http://10.180.1.21/identity/v3/auth/tokens 0.116s
2025-12-15 13:48:42.141 65821 INFO tempest.lib.common.rest_client [req-16ce931a-0ebf-4980-b33f-997725140300 req-16ce931a-0ebf-4980-b33f-997725140300 ] Request (ServicesAdminTestJSON:tearDownClass): 200 GET http://10.180.1.21/networking/v2.0/security-groups?tenant_id=ad4b932490c54e539edb23dda7f668d1&name=default 0.441s
2025-12-15 13:48:42.144 65841 INFO tempest.lib.common.rest_client [req-17970d14-469a-4968-8f8e-63ea10ce4d65 req-17970d14-469a-4968-8f8e-63ea10ce4d65 ] Request (ImagesMetadataNegativeTestJSON:tearDownClass): 200 GET http://10.180.1.21/networking/v2.0/security-groups?tenant_id=1a094f9f04b44c19813acd4277c2809c&name=default 0.280s
2025-12-15 13:48:42.209 65829 INFO tempest.lib.common.rest_client [req-326bb640-e3be-46b7-8a00-a44e2dec87b3 req-326bb640-e3be-46b7-8a00-a44e2dec87b3 ] Request (AttachInterfacesUnderV243Test:test_add_remove_fixed_ip): 200 GET http://10.180.1.21/compute/v2.1/servers/bb00836f-7047-4120-a2b8-4e480fb2ce47 3.425s
2025-12-15 13:48:42.217 65829 INFO tempest.lib.common.ssh [-] Creating ssh connection to '10.180.180.172:22' as 'cirros' with public key authentication
2025-12-15 13:48:42.427 65827 INFO tempest.lib.common.rest_client [req-cf1231df-3431-46ee-bc7c-03406382ba13 req-cf1231df-3431-46ee-bc7c-03406382ba13 ] Request (ServersTestMultiNic:test_verify_duplicate_network_nics): 201 POST http://10.180.1.21/networking/v2.0/networks 0.458s
2025-12-15 13:48:42.538 65821 INFO tempest.lib.common.rest_client [req-b3af9ca0-70d7-49d0-a985-9e09ca64fe82 req-b3af9ca0-70d7-49d0-a985-9e09ca64fe82 ] Request (ServicesAdminTestJSON:tearDownClass): 204 DELETE http://10.180.1.21/networking/v2.0/security-groups/2f222724-232d-4f97-a1e0-119a43326dbc 0.397s
2025-12-15 13:48:42.617 65821 INFO tempest.lib.common.rest_client [req-fe20e3f4-c7bb-4c7f-b3d9-022ed4e99661 req-fe20e3f4-c7bb-4c7f-b3d9-022ed4e99661 ] Request (ServicesAdminTestJSON:tearDownClass): 204 DELETE http://10.180.1.21/identity/v3/projects/ad4b932490c54e539edb23dda7f668d1 0.078s
2025-12-15 13:48:42.618 65821 INFO tempest.lib.common.dynamic_creds [-] Deleting project and security group for project: 6cc7e246a6a2434b9767928d0a659d6d
2025-12-15 13:48:42.621 65841 INFO tempest.lib.common.rest_client [req-3c08d10d-51b6-409c-9690-a3289150a261 req-3c08d10d-51b6-409c-9690-a3289150a261 ] Request (ImagesMetadataNegativeTestJSON:tearDownClass): 204 DELETE http://10.180.1.21/networking/v2.0/security-groups/44ca0c5b-3a46-4517-b35c-9711ca969558 0.477s
2025-12-15 13:48:42.688 65845 INFO tempest.lib.common.rest_client [req-114d3714-2820-49d7-bda2-5782c0021ffb req-114d3714-2820-49d7-bda2-5782c0021ffb ] Request (SecurityGroupRulesNegativeTestJSON:test_create_security_group_rule_with_invalid_to_port): 400 POST http://10.180.1.21/compute/v2.1/os-security-group-rules 3.246s
2025-12-15 13:48:42.743 65841 INFO tempest.lib.common.rest_client [req-70664173-55f2-4324-adf7-dfaa0a668f48 req-70664173-55f2-4324-adf7-dfaa0a668f48 ] Request (ImagesMetadataNegativeTestJSON:tearDownClass): 204 DELETE http://10.180.1.21/identity/v3/projects/1a094f9f04b44c19813acd4277c2809c 0.121s
2025-12-15 13:48:42.804 65811 INFO tempest.lib.common.rest_client [req-c0854177-a5ea-4f1e-b041-d2895cf1ef86 req-c0854177-a5ea-4f1e-b041-d2895cf1ef86 ] Request (VolumesAdminNegativeTest:tearDownClass): 204 DELETE http://10.180.1.21/compute/v2.1/servers/5ae6d68a-9bbe-49f4-b779-bbf89627d6a1 2.930s
2025-12-15 13:48:42.827 65841 INFO tempest.lib.common.rest_client [req-287a306f-334a-43f8-a232-0fa3cfb5d6af req-287a306f-334a-43f8-a232-0fa3cfb5d6af ] Request (ServerMetadataNegativeTestJSON:setUpClass): 201 POST http://10.180.1.21/identity/v3/auth/tokens 0.083s
2025-12-15 13:48:42.860 65841 INFO tempest.lib.common.rest_client [req-9551391b-dcd9-4eff-be24-e94d5c5e0ba7 req-9551391b-dcd9-4eff-be24-e94d5c5e0ba7 ] Request (ServerMetadataNegativeTestJSON:setUpClass): 201 POST http://10.180.1.21/identity/v3/auth/tokens 0.030s
2025-12-15 13:48:42.886 65841 INFO tempest.lib.common.rest_client [req-55c973dd-cfad-4b51-8271-1eaadbf433a1 req-55c973dd-cfad-4b51-8271-1eaadbf433a1 ] Request (ServerMetadataNegativeTestJSON:setUpClass): 200 GET http://10.180.1.21/identity/v3/domains?name=Default 0.024s
2025-12-15 13:48:42.915 65841 INFO tempest.lib.common.rest_client [req-e30d1b7a-437f-4cab-a0ae-cfe3b8693cde req-e30d1b7a-437f-4cab-a0ae-cfe3b8693cde ] Request (ServerMetadataNegativeTestJSON:setUpClass): 201 POST http://10.180.1.21/identity/v3/projects 0.029s
2025-12-15 13:48:42.937 65827 INFO tempest.lib.common.rest_client [req-932e01f6-6970-44fd-8383-7c48c7608c6b req-932e01f6-6970-44fd-8383-7c48c7608c6b ] Request (ServersTestMultiNic:test_verify_duplicate_network_nics): 201 POST http://10.180.1.21/networking/v2.0/subnets 0.509s
2025-12-15 13:48:42.988 65841 INFO tempest.lib.common.rest_client [req-e4843223-0a80-4532-ba82-d48089bb2a0d req-e4843223-0a80-4532-ba82-d48089bb2a0d ] Request (ServerMetadataNegativeTestJSON:setUpClass): 201 POST http://10.180.1.21/identity/v3/users 0.073s
2025-12-15 13:48:43.012 65841 INFO tempest.lib.common.rest_client [req-7982dc2e-b25d-4e16-a293-25bf4d581c4c req-7982dc2e-b25d-4e16-a293-25bf4d581c4c ] Request (ServerMetadataNegativeTestJSON:setUpClass): 200 GET http://10.180.1.21/identity/v3/roles 0.023s
2025-12-15 13:48:43.042 65841 INFO tempest.lib.common.rest_client [req-552a9fa0-494e-4266-b1fa-034fce1341d0 req-552a9fa0-494e-4266-b1fa-034fce1341d0 ] Request (ServerMetadataNegativeTestJSON:setUpClass): 204 PUT http://10.180.1.21/identity/v3/projects/544c3d6d38664dafbb0445028563f95a/users/640c906ccac742819fc4b9089f752bfa/roles/a98ecd7b49884e209ece9f19751ee7ae 0.029s
2025-12-15 13:48:43.042 65841 INFO tempest.lib.common.dynamic_creds [-] Dynamic test user 640c906ccac742819fc4b9089f752bfa is created with scope project and roles: ['member']
2025-12-15 13:48:43.042 65841 INFO tempest.lib.common.dynamic_creds [-] Acquired dynamic creds: credentials: Credentials: {'domain_id': 'default', 'domain_name': 'Default', 'username': 'tempest-ServerMetadataNegativeTestJSON-910790416-project-member', 'project_domain_id': 'default', 'project_domain_name': 'Default', 'project_id': '544c3d6d38664dafbb0445028563f95a', 'project_name': 'tempest-ServerMetadataNegativeTestJSON-910790416', 'tenant_id': '544c3d6d38664dafbb0445028563f95a', 'tenant_name': 'tempest-ServerMetadataNegativeTestJSON-910790416', 'user_domain_id': 'default', 'user_domain_name': 'Default', 'user_id': '640c906ccac742819fc4b9089f752bfa', 'system': None}, Network: None, Subnet: None, Router: None
2025-12-15 13:48:43.054 65821 INFO tempest.lib.common.rest_client [req-eb32f277-f316-4635-a5d9-b7be60f79773 req-eb32f277-f316-4635-a5d9-b7be60f79773 ] Request (ServicesAdminTestJSON:tearDownClass): 200 GET http://10.180.1.21/networking/v2.0/security-groups?tenant_id=6cc7e246a6a2434b9767928d0a659d6d&name=default 0.437s
2025-12-15 13:48:43.109 65841 INFO tempest.lib.common.rest_client [req-cd1e30ba-790d-4b6c-ae9d-9e32bee2ee12 req-cd1e30ba-790d-4b6c-ae9d-9e32bee2ee12 ] Request (ServerMetadataNegativeTestJSON:setUpClass): 201 POST http://10.180.1.21/identity/v3/auth/tokens 0.066s
2025-12-15 13:48:43.454 65827 INFO tempest.lib.common.rest_client [req-7b9c780a-ebd4-40ce-ac5a-566d9527749b req-7b9c780a-ebd4-40ce-ac5a-566d9527749b ] Request (ServersTestMultiNic:test_verify_duplicate_network_nics): 201 POST http://10.180.1.21/networking/v2.0/networks 0.517s
2025-12-15 13:48:43.558 65821 INFO tempest.lib.common.rest_client [req-4ee949b3-e606-4740-a8f6-d602338d864b req-4ee949b3-e606-4740-a8f6-d602338d864b ] Request (ServicesAdminTestJSON:tearDownClass): 204 DELETE http://10.180.1.21/networking/v2.0/security-groups/7612b6c1-05b0-4145-8406-18cdb0f75152 0.503s
2025-12-15 13:48:43.643 65821 INFO tempest.lib.common.rest_client [req-0fb2d29e-3bde-4af3-9feb-16a9c211dd56 req-0fb2d29e-3bde-4af3-9feb-16a9c211dd56 ] Request (ServicesAdminTestJSON:tearDownClass): 204 DELETE http://10.180.1.21/identity/v3/projects/6cc7e246a6a2434b9767928d0a659d6d 0.085s
2025-12-15 13:48:43.710 65821 INFO tempest.lib.common.rest_client [req-dc866352-6c09-4b22-8bd0-1cc0d29e321f req-dc866352-6c09-4b22-8bd0-1cc0d29e321f ] Request (FloatingIPsAssociationTestJSON:setUpClass): 201 POST http://10.180.1.21/identity/v3/auth/tokens 0.065s
2025-12-15 13:48:43.746 65821 INFO tempest.lib.common.rest_client [req-3f6f9f4d-32b0-4fcd-8d59-b85f29ca9a0f req-3f6f9f4d-32b0-4fcd-8d59-b85f29ca9a0f ] Request (FloatingIPsAssociationTestJSON:setUpClass): 201 POST http://10.180.1.21/identity/v3/auth/tokens 0.032s
2025-12-15 13:48:43.775 65821 INFO tempest.lib.common.rest_client [req-e75f4a41-625c-4ad8-af3e-369554649ce4 req-e75f4a41-625c-4ad8-af3e-369554649ce4 ] Request (FloatingIPsAssociationTestJSON:setUpClass): 200 GET http://10.180.1.21/identity/v3/domains?name=Default 0.029s
2025-12-15 13:48:43.809 65821 INFO tempest.lib.common.rest_client [req-4fed6b61-0f77-4f79-83f1-e096e8be84aa req-4fed6b61-0f77-4f79-83f1-e096e8be84aa ] Request (FloatingIPsAssociationTestJSON:setUpClass): 201 POST http://10.180.1.21/identity/v3/projects 0.034s
2025-12-15 13:48:43.887 65821 INFO tempest.lib.common.rest_client [req-332454db-d37f-45a1-99b6-37a29eae789c req-332454db-d37f-45a1-99b6-37a29eae789c ] Request (FloatingIPsAssociationTestJSON:setUpClass): 201 POST http://10.180.1.21/identity/v3/users 0.076s
2025-12-15 13:48:43.911 65821 INFO tempest.lib.common.rest_client [req-daf80e69-88a8-4ed6-b397-8758b067630e req-daf80e69-88a8-4ed6-b397-8758b067630e ] Request (FloatingIPsAssociationTestJSON:setUpClass): 200 GET http://10.180.1.21/identity/v3/roles 0.023s
2025-12-15 13:48:43.921 65841 INFO tempest.lib.common.rest_client [req-89cd92cf-a239-4854-97a1-df8b25c59bf3 req-89cd92cf-a239-4854-97a1-df8b25c59bf3 ] Request (ServerMetadataNegativeTestJSON:setUpClass): 201 POST http://10.180.1.21/networking/v2.0/networks 0.811s
2025-12-15 13:48:43.961 65821 INFO tempest.lib.common.rest_client [req-3160d564-1c4e-4c14-964d-dd4e16147676 req-3160d564-1c4e-4c14-964d-dd4e16147676 ] Request (FloatingIPsAssociationTestJSON:setUpClass): 204 PUT http://10.180.1.21/identity/v3/projects/41bc6f99be5e4b2eb9d4e314455ca2ae/users/4f01e08b3920464a8f1b48253681ad88/roles/a98ecd7b49884e209ece9f19751ee7ae 0.050s
2025-12-15 13:48:43.962 65821 INFO tempest.lib.common.dynamic_creds [-] Dynamic test user 4f01e08b3920464a8f1b48253681ad88 is created with scope project and roles: ['member']
2025-12-15 13:48:43.963 65821 INFO tempest.lib.common.dynamic_creds [-] Acquired dynamic creds: credentials: Credentials: {'domain_id': 'default', 'domain_name': 'Default', 'username': 'tempest-FloatingIPsAssociationTestJSON-763823736-project-member', 'project_domain_id': 'default', 'project_domain_name': 'Default', 'project_id': '41bc6f99be5e4b2eb9d4e314455ca2ae', 'project_name': 'tempest-FloatingIPsAssociationTestJSON-763823736', 'tenant_id': '41bc6f99be5e4b2eb9d4e314455ca2ae', 'tenant_name': 'tempest-FloatingIPsAssociationTestJSON-763823736', 'user_domain_id': 'default', 'user_domain_name': 'Default', 'user_id': '4f01e08b3920464a8f1b48253681ad88', 'system': None}, Network: None, Subnet: None, Router: None
2025-12-15 13:48:44.044 65821 INFO tempest.lib.common.rest_client [req-b3552767-e093-4c28-82cc-561c65f7c5b1 req-b3552767-e093-4c28-82cc-561c65f7c5b1 ] Request (FloatingIPsAssociationTestJSON:setUpClass): 201 POST http://10.180.1.21/identity/v3/auth/tokens 0.081s
2025-12-15 13:48:44.179 65827 INFO tempest.lib.common.rest_client [req-6b44e76b-2253-41fc-924a-fc6a6075d8eb req-6b44e76b-2253-41fc-924a-fc6a6075d8eb ] Request (ServersTestMultiNic:test_verify_duplicate_network_nics): 201 POST http://10.180.1.21/networking/v2.0/subnets 0.724s
2025-12-15 13:48:44.251 65827 INFO tempest.lib.common.rest_client [req-44c17b1c-f277-4e9c-b5db-7f34d750828f req-44c17b1c-f277-4e9c-b5db-7f34d750828f ] Request (ServersTestMultiNic:test_verify_duplicate_network_nics): 201 POST http://10.180.1.21/identity/v3/auth/tokens 0.068s
2025-12-15 13:48:44.251 65827 INFO tempest.lib.common.fixed_network [-] (ServersTestMultiNic:test_verify_duplicate_network_nics) Found network {'id': '64a822ff-bffd-4015-80cc-815f268f2c57', 'name': 'tempest-ServersTestMultiNic-31479816-network', 'tenant_id': '567200c2ce1a4984b7a84831f34f8bf6', 'project_id': '567200c2ce1a4984b7a84831f34f8bf6', 'admin_state_up': True, 'mtu': 8950, 'status': 'ACTIVE', 'subnets': [], 'shared': False, 'port_security_enabled': True, 'router:external': False, 'provider:network_type': 'vlan', 'provider:physical_network': 'default', 'provider:segmentation_id': 36, 'availability_zone_hints': [], 'availability_zones': [], 'ipv4_address_scope': None, 'ipv6_address_scope': None, 'description': '', 'tags': [], 'created_at': '2025-12-15T13:48:39Z', 'updated_at': '2025-12-15T13:48:39Z', 'revision_number': 1} available for tenant
2025-12-15 13:48:44.316 65843 INFO tempest.lib.common.rest_client [req-fae3bff3-18c8-4a33-9afe-3bd6d32e9101 req-fae3bff3-18c8-4a33-9afe-3bd6d32e9101 ] Request (ServersTestManualDisk:setUpClass): 202 POST http://10.180.1.21/compute/v2.1/servers 4.940s
2025-12-15 13:48:44.346 65783 INFO tempest.lib.common.rest_client [req-ef0a8919-6854-4d6f-9a04-4ecf90e74dc0 req-ef0a8919-6854-4d6f-9a04-4ecf90e74dc0 ] Request (FlavorsAdminTestJSON:test_create_list_flavor_without_extra_data): 200 POST http://10.180.1.21/compute/v2.1/flavors 4.215s
2025-12-15 13:48:44.356 65841 INFO tempest.lib.common.rest_client [req-1094e607-4379-497e-b1a1-9ee5f23a02a5 req-1094e607-4379-497e-b1a1-9ee5f23a02a5 ] Request (ServerMetadataNegativeTestJSON:setUpClass): 201 POST http://10.180.1.21/networking/v2.0/subnets 0.432s
2025-12-15 13:48:44.366 65809 INFO tempest.lib.common.rest_client [req-58cdc711-301e-47bf-9c84-268d9785029c req-58cdc711-301e-47bf-9c84-268d9785029c ] Request (AggregatesAdminNegativeTestJSON:test_aggregate_create_with_existent_aggregate_name): 409 POST http://10.180.1.21/compute/v2.1/os-aggregates 4.216s
2025-12-15 13:48:44.741 65821 INFO tempest.lib.common.rest_client [req-77edbcbe-7cb5-4c54-9c1e-d77492b5a393 req-77edbcbe-7cb5-4c54-9c1e-d77492b5a393 ] Request (FloatingIPsAssociationTestJSON:setUpClass): 201 POST http://10.180.1.21/networking/v2.0/networks 0.696s
2025-12-15 13:48:45.053 65805 INFO tempest.lib.common.rest_client [req-8f917025-df10-48d1-b952-607ea8c3e9cf req-8f917025-df10-48d1-b952-607ea8c3e9cf ] Request (ServerExternalEventsTest:tearDownClass): 200 GET http://10.180.1.21/compute/v2.1/servers/b6072057-b968-4a13-b7cb-485c2c9d7466 4.860s
2025-12-15 13:48:45.209 65821 INFO tempest.lib.common.rest_client [req-a802c845-67c6-45b4-9f93-7c6e96b1398b req-a802c845-67c6-45b4-9f93-7c6e96b1398b ] Request (FloatingIPsAssociationTestJSON:setUpClass): 201 POST http://10.180.1.21/networking/v2.0/subnets 0.467s
2025-12-15 13:48:45.269 65829 WARNING tempest.lib.common.ssh [-] Failed to establish authenticated ssh connection to cirros@10.180.180.172 ([Errno None] Unable to connect to port 22 on 10.180.180.172). Number attempts: 1. Retry after 2 seconds.: paramiko.ssh_exception.NoValidConnectionsError: [Errno None] Unable to connect to port 22 on 10.180.180.172
2025-12-15 13:48:45.633 65841 INFO tempest.lib.common.rest_client [req-d85598d0-4770-4e8a-8fae-628f6b8445b5 req-d85598d0-4770-4e8a-8fae-628f6b8445b5 ] Request (ServerMetadataNegativeTestJSON:setUpClass): 201 POST http://10.180.1.21/networking/v2.0/routers 1.276s
2025-12-15 13:48:46.320 65821 INFO tempest.lib.common.rest_client [req-7c410582-7f31-4877-8042-62cdef27c520 req-7c410582-7f31-4877-8042-62cdef27c520 ] Request (FloatingIPsAssociationTestJSON:setUpClass): 201 POST http://10.180.1.21/networking/v2.0/routers 1.111s
2025-12-15 13:48:46.582 65841 INFO tempest.lib.common.rest_client [req-453c1b30-9293-4b53-bf21-176921da36f3 req-453c1b30-9293-4b53-bf21-176921da36f3 ] Request (ServerMetadataNegativeTestJSON:setUpClass): 200 PUT http://10.180.1.21/networking/v2.0/routers/84a2426e-ea9b-4c64-85d2-7b3e708c1b93/add_router_interface 0.949s
2025-12-15 13:48:46.583 65841 INFO tempest.lib.common.dynamic_creds [-] Created isolated network resources for: credentials: Credentials: {'domain_id': 'default', 'domain_name': 'Default', 'username': 'tempest-ServerMetadataNegativeTestJSON-910790416-project-member', 'project_domain_id': 'default', 'project_domain_name': 'Default', 'project_id': '544c3d6d38664dafbb0445028563f95a', 'project_name': 'tempest-ServerMetadataNegativeTestJSON-910790416', 'tenant_id': '544c3d6d38664dafbb0445028563f95a', 'tenant_name': 'tempest-ServerMetadataNegativeTestJSON-910790416', 'user_domain_id': 'default', 'user_domain_name': 'Default', 'user_id': '640c906ccac742819fc4b9089f752bfa', 'system': None}, Network: {'id': 'a417f2b4-720b-4c47-8356-30e248d48669', 'name': 'tempest-ServerMetadataNegativeTestJSON-1973914624-network', 'tenant_id': '544c3d6d38664dafbb0445028563f95a', 'project_id': '544c3d6d38664dafbb0445028563f95a', 'admin_state_up': True, 'mtu': 8950, 'status': 'ACTIVE', 'subnets': [], 'shared': False, 'port_security_enabled': True, 'router:external': False, 'provider:network_type': 'vlan', 'provider:physical_network': 'default', 'provider:segmentation_id': 195, 'availability_zone_hints': [], 'availability_zones': [], 'ipv4_address_scope': None, 'ipv6_address_scope': None, 'description': '', 'tags': [], 'created_at': '2025-12-15T13:48:43Z', 'updated_at': '2025-12-15T13:48:43Z', 'revision_number': 1}, Subnet: {'id': '80de0632-c21e-43ec-a93d-e4bd64d65637', 'name': 'tempest-ServerMetadataNegativeTestJSON-1973914624-subnet', 'tenant_id': '544c3d6d38664dafbb0445028563f95a', 'network_id': 'a417f2b4-720b-4c47-8356-30e248d48669', 'ip_version': 4, 'subnetpool_id': None, 'enable_dhcp': True, 'ipv6_ra_mode': None, 'ipv6_address_mode': None, 'gateway_ip': '192.168.128.1', 'cidr': '192.168.128.0/28', 'allocation_pools': [{'start': '192.168.128.2', 'end': '192.168.128.14'}], 'host_routes': [], 'dns_nameservers': [], 'description': '', 'router:external': False, 'service_types': [], 'tags': [], 'created_at': '2025-12-15T13:48:44Z', 'updated_at': '2025-12-15T13:48:44Z', 'revision_number': 0, 'project_id': '544c3d6d38664dafbb0445028563f95a'}, Router: {'id': '84a2426e-ea9b-4c64-85d2-7b3e708c1b93', 'name': 'tempest-ServerMetadataNegativeTestJSON-1973914624-router', 'tenant_id': '544c3d6d38664dafbb0445028563f95a', 'admin_state_up': True, 'status': 'ACTIVE', 'external_gateway_info': {'network_id': 'a3897f41-cb78-4466-8205-e036c210f720', 'external_fixed_ips': [{'subnet_id': 'f4e8eb43-1fbb-4a76-808a-a6d04842500d', 'ip_address': '10.180.180.174'}], 'enable_snat': True}, 'description': '', 'availability_zones': [], 'distributed': False, 'ha': False, 'availability_zone_hints': [], 'routes': [], 'flavor_id': None, 'tags': [], 'created_at': '2025-12-15T13:48:44Z', 'updated_at': '2025-12-15T13:48:45Z', 'revision_number': 2, 'project_id': '544c3d6d38664dafbb0445028563f95a'}
2025-12-15 13:48:46.675 65841 INFO tempest.lib.common.rest_client [req-02ec0e76-2fcb-475c-ac0a-a8c62ceb0fd6 req-02ec0e76-2fcb-475c-ac0a-a8c62ceb0fd6 ] Request (ServerMetadataNegativeTestJSON:setUpClass): 201 POST http://10.180.1.21/identity/v3/auth/tokens 0.087s
2025-12-15 13:48:46.675 65841 WARNING tempest.lib.common.rest_client [-] Deprecated: "tenant_id" property is deprecated for removal, use "project_id" instead
2025-12-15 13:48:46.710 65841 INFO tempest.lib.common.rest_client [req-5c24acf1-4766-4a48-a690-97f5b36ed9b1 req-5c24acf1-4766-4a48-a690-97f5b36ed9b1 ] Request (ServerMetadataNegativeTestJSON:setUpClass): 201 POST http://10.180.1.21/identity/v3/auth/tokens 0.031s
2025-12-15 13:48:46.710 65841 INFO tempest.lib.common.fixed_network [-] (ServerMetadataNegativeTestJSON:setUpClass) Found network {'id': 'a417f2b4-720b-4c47-8356-30e248d48669', 'name': 'tempest-ServerMetadataNegativeTestJSON-1973914624-network', 'tenant_id': '544c3d6d38664dafbb0445028563f95a', 'project_id': '544c3d6d38664dafbb0445028563f95a', 'admin_state_up': True, 'mtu': 8950, 'status': 'ACTIVE', 'subnets': [], 'shared': False, 'port_security_enabled': True, 'router:external': False, 'provider:network_type': 'vlan', 'provider:physical_network': 'default', 'provider:segmentation_id': 195, 'availability_zone_hints': [], 'availability_zones': [], 'ipv4_address_scope': None, 'ipv6_address_scope': None, 'description': '', 'tags': [], 'created_at': '2025-12-15T13:48:43Z', 'updated_at': '2025-12-15T13:48:43Z', 'revision_number': 1} available for tenant
2025-12-15 13:48:47.805 65821 INFO tempest.lib.common.rest_client [req-57b6db94-d065-44f0-befa-79b4b0f21706 req-57b6db94-d065-44f0-befa-79b4b0f21706 ] Request (FloatingIPsAssociationTestJSON:setUpClass): 200 PUT http://10.180.1.21/networking/v2.0/routers/8bf6fcc5-ba9c-4fa8-b681-ffc2c70207b8/add_router_interface 1.484s
2025-12-15 13:48:47.806 65821 INFO tempest.lib.common.dynamic_creds [-] Created isolated network resources for: credentials: Credentials: {'domain_id': 'default', 'domain_name': 'Default', 'username': 'tempest-FloatingIPsAssociationTestJSON-763823736-project-member', 'project_domain_id': 'default', 'project_domain_name': 'Default', 'project_id': '41bc6f99be5e4b2eb9d4e314455ca2ae', 'project_name': 'tempest-FloatingIPsAssociationTestJSON-763823736', 'tenant_id': '41bc6f99be5e4b2eb9d4e314455ca2ae', 'tenant_name': 'tempest-FloatingIPsAssociationTestJSON-763823736', 'user_domain_id': 'default', 'user_domain_name': 'Default', 'user_id': '4f01e08b3920464a8f1b48253681ad88', 'system': None}, Network: {'id': 'a759fa5c-1298-453d-810d-03d779310d6b', 'name': 'tempest-FloatingIPsAssociationTestJSON-1085997093-network', 'tenant_id': '41bc6f99be5e4b2eb9d4e314455ca2ae', 'project_id': '41bc6f99be5e4b2eb9d4e314455ca2ae', 'admin_state_up': True, 'mtu': 8950, 'status': 'ACTIVE', 'subnets': [], 'shared': False, 'port_security_enabled': True, 'router:external': False, 'provider:network_type': 'vlan', 'provider:physical_network': 'default', 'provider:segmentation_id': 423, 'availability_zone_hints': [], 'availability_zones': [], 'ipv4_address_scope': None, 'ipv6_address_scope': None, 'description': '', 'tags': [], 'created_at': '2025-12-15T13:48:44Z', 'updated_at': '2025-12-15T13:48:44Z', 'revision_number': 1}, Subnet: {'id': '8e3e1f5d-7919-429a-9279-43deb3dbbc66', 'name': 'tempest-FloatingIPsAssociationTestJSON-1085997093-subnet', 'tenant_id': '41bc6f99be5e4b2eb9d4e314455ca2ae', 'network_id': 'a759fa5c-1298-453d-810d-03d779310d6b', 'ip_version': 4, 'subnetpool_id': None, 'enable_dhcp': True, 'ipv6_ra_mode': None, 'ipv6_address_mode': None, 'gateway_ip': '192.168.128.1', 'cidr': '192.168.128.0/28', 'allocation_pools': [{'start': '192.168.128.2', 'end': '192.168.128.14'}], 'host_routes': [], 'dns_nameservers': [], 'description': '', 'router:external': False, 'service_types': [], 'tags': [], 'created_at': '2025-12-15T13:48:45Z', 'updated_at': '2025-12-15T13:48:45Z', 'revision_number': 0, 'project_id': '41bc6f99be5e4b2eb9d4e314455ca2ae'}, Router: {'id': '8bf6fcc5-ba9c-4fa8-b681-ffc2c70207b8', 'name': 'tempest-FloatingIPsAssociationTestJSON-1085997093-router', 'tenant_id': '41bc6f99be5e4b2eb9d4e314455ca2ae', 'admin_state_up': True, 'status': 'ACTIVE', 'external_gateway_info': {'network_id': 'a3897f41-cb78-4466-8205-e036c210f720', 'external_fixed_ips': [{'subnet_id': 'f4e8eb43-1fbb-4a76-808a-a6d04842500d', 'ip_address': '10.180.180.150'}], 'enable_snat': True}, 'description': '', 'availability_zones': [], 'distributed': False, 'ha': False, 'availability_zone_hints': [], 'routes': [], 'flavor_id': None, 'tags': [], 'created_at': '2025-12-15T13:48:45Z', 'updated_at': '2025-12-15T13:48:46Z', 'revision_number': 2, 'project_id': '41bc6f99be5e4b2eb9d4e314455ca2ae'}
2025-12-15 13:48:47.891 65821 INFO tempest.lib.common.rest_client [req-be6f42f9-5043-472b-accc-0bd55f9f3d1b req-be6f42f9-5043-472b-accc-0bd55f9f3d1b ] Request (FloatingIPsAssociationTestJSON:setUpClass): 201 POST http://10.180.1.21/identity/v3/auth/tokens 0.082s
2025-12-15 13:48:47.931 65821 INFO tempest.lib.common.rest_client [req-0d7a133f-81ac-42e5-9b80-0e2efbb571b1 req-0d7a133f-81ac-42e5-9b80-0e2efbb571b1 ] Request (FloatingIPsAssociationTestJSON:setUpClass): 201 POST http://10.180.1.21/identity/v3/auth/tokens 0.036s
2025-12-15 13:48:47.932 65821 INFO tempest.lib.common.fixed_network [-] (FloatingIPsAssociationTestJSON:setUpClass) Found network {'id': 'a759fa5c-1298-453d-810d-03d779310d6b', 'name': 'tempest-FloatingIPsAssociationTestJSON-1085997093-network', 'tenant_id': '41bc6f99be5e4b2eb9d4e314455ca2ae', 'project_id': '41bc6f99be5e4b2eb9d4e314455ca2ae', 'admin_state_up': True, 'mtu': 8950, 'status': 'ACTIVE', 'subnets': [], 'shared': False, 'port_security_enabled': True, 'router:external': False, 'provider:network_type': 'vlan', 'provider:physical_network': 'default', 'provider:segmentation_id': 423, 'availability_zone_hints': [], 'availability_zones': [], 'ipv4_address_scope': None, 'ipv6_address_scope': None, 'description': '', 'tags': [], 'created_at': '2025-12-15T13:48:44Z', 'updated_at': '2025-12-15T13:48:44Z', 'revision_number': 1} available for tenant
2025-12-15 13:48:48.048 65831 INFO tempest.lib.common.rest_client [req-e64259c4-f02e-4fd8-bc1b-32a07519426e req-e64259c4-f02e-4fd8-bc1b-32a07519426e ] Request (DeleteServersAdminTestJSON:test_delete_server_while_in_error_state): 202 POST http://10.180.1.21/compute/v2.1/servers 7.856s
2025-12-15 13:48:48.213 65837 INFO tempest.lib.common.rest_client [req-14c42497-c84e-4494-8e00-ff48f8407c49 req-14c42497-c84e-4494-8e00-ff48f8407c49 ] Request (AttachInterfacesTestJSON:test_create_list_show_delete_interfaces_by_fixed_ip): 200 GET http://10.180.1.21/compute/v2.1/servers/fed24b60-c08b-4edd-8daa-b9148cf6d914/os-interface 7.380s
2025-12-15 13:48:48.340 65829 WARNING tempest.lib.common.ssh [-] Failed to establish authenticated ssh connection to cirros@10.180.180.172 ([Errno None] Unable to connect to port 22 on 10.180.180.172). Number attempts: 2. Retry after 3 seconds.: paramiko.ssh_exception.NoValidConnectionsError: [Errno None] Unable to connect to port 22 on 10.180.180.172
2025-12-15 13:48:48.638 65819 INFO tempest.lib.common.rest_client [req-1bbc9093-8aa9-4b91-b412-9a8fc2f2a951 req-1bbc9093-8aa9-4b91-b412-9a8fc2f2a951 ] Request (FloatingIPsAssociationNegativeTestJSON:test_associate_ip_to_server_with_floating_ip): 202 POST http://10.180.1.21/compute/v2.1/servers/73d2e879-d2c0-428f-9cfa-aee11759e2f1/action 8.562s
2025-12-15 13:48:48.851 65837 INFO tempest.lib.common.rest_client [req-0187320f-85c3-432f-845c-3fb15fa54c00 req-0187320f-85c3-432f-845c-3fb15fa54c00 ] Request (AttachInterfacesTestJSON:test_create_list_show_delete_interfaces_by_fixed_ip): 200 PUT http://10.180.1.21/networking/v2.0/floatingips/f304dbd5-112b-4424-aab1-43127be78695 0.632s
2025-12-15 13:48:48.888 65801 INFO tempest.lib.common.rest_client [req-20d24df8-c6a8-4435-b70c-291eb6061146 req-20d24df8-c6a8-4435-b70c-291eb6061146 ] Request (InstanceActionsTestJSON:setUpClass): 200 GET http://10.180.1.21/compute/v2.1/servers/fb494a8c-80bc-478c-9084-d68ed986f3f7 7.914s
2025-12-15 13:48:48.900 65801 INFO tempest.common.waiters [-] State transition "BUILD/None" ==> "BUILD/spawning" after 26 second wait
2025-12-15 13:48:48.913 65797 INFO tempest.lib.common.rest_client [req-4d074569-1be4-4fee-b856-601622d9b608 req-4d074569-1be4-4fee-b856-601622d9b608 ] Request (ListImageFiltersTestJSON:setUpClass): 200 GET http://10.180.1.21/compute/v2.1/servers/aa49b8de-62ba-49d6-ac03-d1b0c23babf5 7.823s
2025-12-15 13:48:49.079 65835 INFO tempest.lib.common.rest_client [req-d5732da6-52ca-4930-b533-6fffa187eb08 req-d5732da6-52ca-4930-b533-6fffa187eb08 ] Request (SecurityGroupRulesTestJSON:test_security_group_rules_list): 200 POST http://10.180.1.21/compute/v2.1/os-security-groups 7.845s
2025-12-15 13:48:49.102 65787 INFO tempest.lib.common.rest_client [req-bede9c75-f7d8-4bd9-813c-df15e28812a9 req-bede9c75-f7d8-4bd9-813c-df15e28812a9 ] Request (ServersAdminNegativeTestJSON:setUpClass): 200 GET http://10.180.1.21/compute/v2.1/servers/156500db-f82c-48a6-a37b-b1e195063df6 7.913s
2025-12-15 13:48:49.207 65823 INFO tempest.lib.common.rest_client [req-2ffeb1a1-1d45-482a-bab6-9af4b871dd47 req-2ffeb1a1-1d45-482a-bab6-9af4b871dd47 ] Request (AZV2TestJSON:test_get_availability_zone_list_with_non_admin_user): 200 GET http://10.180.1.21/compute/v2.1/os-availability-zone 7.960s
2025-12-15 13:48:49.315 65823 INFO tempest.lib.common.rest_client [req-2ca14b12-67a8-4e33-a8c4-c0796c88281c req-2ca14b12-67a8-4e33-a8c4-c0796c88281c ] Request (AZV2TestJSON:tearDownClass): 204 DELETE http://10.180.1.21/identity/v3/users/031fba77dbc14ba98a1f989f36c32caf 0.103s
2025-12-15 13:48:49.315 65823 INFO tempest.lib.common.dynamic_creds [-] Deleting project and security group for project: a92d74e5f4c8484f92e2ba4fc20c93ed
2025-12-15 13:48:49.401 65823 INFO tempest.lib.common.rest_client [req-e7f93f53-e485-49d0-a768-38f7bb7ce6f1 req-e7f93f53-e485-49d0-a768-38f7bb7ce6f1 ] Request (AZV2TestJSON:tearDownClass): 201 POST http://10.180.1.21/identity/v3/auth/tokens 0.085s
2025-12-15 13:48:49.520 65817 INFO tempest.lib.common.rest_client [req-09def31d-2f4f-4839-9a70-8b4cee9a6f4b req-09def31d-2f4f-4839-9a70-8b4cee9a6f4b ] Request (ServersAdmin275Test:test_rebuild_update_server_275): 200 GET http://10.180.1.21/compute/v2.1/servers/3ecd10fa-b003-4a5a-9fa2-9b8ca8752b20 8.163s
2025-12-15 13:48:49.529 65817 INFO tempest.common.waiters [-] State transition "BUILD/spawning" ==> "ACTIVE/None" after 29 second wait
2025-12-15 13:48:49.553 65815 INFO tempest.lib.common.rest_client [req-4572c5ae-b854-4e2e-8aa7-4a8f4cf16cef req-4572c5ae-b854-4e2e-8aa7-4a8f4cf16cef ] Request (ServerDiagnosticsTest:tearDownClass): 200 GET http://10.180.1.21/compute/v2.1/servers/d4cc036d-211b-442b-994a-c74b166b9720 8.052s
2025-12-15 13:48:49.567 65799 INFO tempest.lib.common.rest_client [req-29f347b8-6f84-4227-8f18-5d3cfc964dd9 req-29f347b8-6f84-4227-8f18-5d3cfc964dd9 ] Request (FlavorsV2TestJSON:test_list_flavors_detailed_using_marker): 200 GET http://10.180.1.21/compute/v2.1/flavors/42 8.042s
2025-12-15 13:48:49.573 65795 INFO tempest.lib.common.rest_client [req-4ce35e6b-7171-4226-a33e-7fc19e968206 req-4ce35e6b-7171-4226-a33e-7fc19e968206 ] Request (HostsAdminNegativeTestJSON:test_update_host_with_invalid_maintenance_mode): 400 PUT http://10.180.1.21/compute/v2.1/os-hosts/devstack 8.037s
2025-12-15 13:48:49.746 65823 INFO tempest.lib.common.rest_client [req-adc7dc6b-fef9-4670-a7fa-fef0308aafcd req-adc7dc6b-fef9-4670-a7fa-fef0308aafcd ] Request (AZV2TestJSON:tearDownClass): 200 GET http://10.180.1.21/networking/v2.0/security-groups?tenant_id=a92d74e5f4c8484f92e2ba4fc20c93ed&name=default 0.344s
2025-12-15 13:48:50.386 65823 INFO tempest.lib.common.rest_client [req-89365261-760e-41ba-8249-abd934d12263 req-89365261-760e-41ba-8249-abd934d12263 ] Request (AZV2TestJSON:tearDownClass): 204 DELETE http://10.180.1.21/networking/v2.0/security-groups/687c544f-dd4f-46c4-89c6-7a63d5f33f98 0.639s
2025-12-15 13:48:50.460 65823 INFO tempest.lib.common.rest_client [req-e32d3e50-ebce-430a-92fb-bdf1c9603693 req-e32d3e50-ebce-430a-92fb-bdf1c9603693 ] Request (AZV2TestJSON:tearDownClass): 204 DELETE http://10.180.1.21/identity/v3/projects/a92d74e5f4c8484f92e2ba4fc20c93ed 0.073s
2025-12-15 13:48:50.460 65823 INFO tempest.test [-] raised in ComputeNetworksTest.setUpClass. Invoking tearDownClass.
2025-12-15 13:48:50.472 65791 INFO tempest.lib.common.rest_client [req-af6fee2d-eb48-4aa5-91d0-c6802d973bf3 req-af6fee2d-eb48-4aa5-91d0-c6802d973bf3 ] Request (MigrationsAdminTest:test_list_migrations_in_flavor_resize_situation): 200 GET http://10.180.1.21/compute/v2.1/servers/2de5e3f8-de43-4a1a-9ec6-92515d53d73f 8.953s
2025-12-15 13:48:50.479 65791 INFO tempest.common.waiters [-] State transition "BUILD/None" ==> "BUILD/spawning" after 24 second wait
2025-12-15 13:48:50.498 65785 INFO tempest.lib.common.rest_client [req-d61fa9ca-d2bd-471d-ab24-2afbcaa7465a req-d61fa9ca-d2bd-471d-ab24-2afbcaa7465a ] Request (ListServerFiltersTestJSON:setUpClass): 200 GET http://10.180.1.21/compute/v2.1/servers/7b58c140-7ece-44da-867f-e442d8d33583 8.959s
2025-12-15 13:48:50.509 65785 INFO tempest.common.waiters [-] State transition "BUILD/spawning" ==> "ACTIVE/None" after 41 second wait
2025-12-15 13:48:50.536 65823 INFO tempest.lib.common.rest_client [req-c363e367-485a-4174-b5dc-b189e5d86895 req-c363e367-485a-4174-b5dc-b189e5d86895 ] Request (TestVersions:setUpClass): 201 POST http://10.180.1.21/identity/v3/auth/tokens 0.074s
2025-12-15 13:48:50.567 65823 INFO tempest.lib.common.rest_client [req-c40f56be-a765-4569-8242-52b6d25635f9 req-c40f56be-a765-4569-8242-52b6d25635f9 ] Request (TestVersions:setUpClass): 201 POST http://10.180.1.21/identity/v3/auth/tokens 0.028s
2025-12-15 13:48:50.589 65823 INFO tempest.lib.common.rest_client [req-8872825b-4bcd-4eee-8256-aeff3a1fa331 req-8872825b-4bcd-4eee-8256-aeff3a1fa331 ] Request (TestVersions:setUpClass): 200 GET http://10.180.1.21/identity/v3/domains?name=Default 0.021s
2025-12-15 13:48:50.596 65803 INFO tempest.lib.common.rest_client [req-67181693-e51f-4dfa-8724-521c09f02558 req-67181693-e51f-4dfa-8724-521c09f02558 ] Request (QuotasAdminTestJSON:test_update_all_quota_resources_for_tenant): 200 GET http://10.180.1.21/compute/v2.1/os-quota-sets/e48e5c122cf040d788c374d5a6f74ed6/defaults 8.978s
2025-12-15 13:48:50.626 65823 INFO tempest.lib.common.rest_client [req-cf37ae33-bcc5-49e0-9a8f-0040be25fe93 req-cf37ae33-bcc5-49e0-9a8f-0040be25fe93 ] Request (TestVersions:setUpClass): 201 POST http://10.180.1.21/identity/v3/projects 0.037s
2025-12-15 13:48:50.652 65793 INFO tempest.lib.common.rest_client [req-3598a939-e804-4159-b668-dff2159b6030 req-3598a939-e804-4159-b668-dff2159b6030 ] Request (ServersWithSpecificFlavorTestJSON:test_verify_created_server_ephemeral_disk): 200 GET http://10.180.1.21/compute/v2.1/servers/7de87330-74d0-4568-b14a-cab1110a828e 8.976s
2025-12-15 13:48:50.659 65793 INFO tempest.common.waiters [-] State transition "BUILD/None" ==> "BUILD/spawning" after 20 second wait
2025-12-15 13:48:50.662 65789 INFO tempest.lib.common.rest_client [req-2d31a623-c96f-4e59-836f-6489e432cbf3 req-2d31a623-c96f-4e59-836f-6489e432cbf3 ] Request (ServersTestJSON:setUpClass): 200 GET http://10.180.1.21/compute/v2.1/servers/f42febe2-8121-4e08-9315-aa0d6fdc682a 8.970s
2025-12-15 13:48:50.672 65833 INFO tempest.lib.common.rest_client [req-144ab816-a4e2-47cd-9a32-0cc06cf23b08 req-144ab816-a4e2-47cd-9a32-0cc06cf23b08 ] Request (ServerDiagnosticsV248Test:tearDownClass): 404 GET http://10.180.1.21/compute/v2.1/servers/02cc6803-2a9e-4ebf-a767-abad7646f667 8.559s
2025-12-15 13:48:50.695 65845 INFO tempest.lib.common.rest_client [req-b3cc7dd8-871b-4768-9378-e2fd8e03ff0e req-b3cc7dd8-871b-4768-9378-e2fd8e03ff0e ] Request (SecurityGroupRulesNegativeTestJSON:test_create_security_group_rule_with_non_existent_id): 404 POST http://10.180.1.21/compute/v2.1/os-security-group-rules 8.005s
2025-12-15 13:48:50.696 65823 INFO tempest.lib.common.rest_client [req-69ce6a44-34e8-4b6d-842e-dba64aa376f0 req-69ce6a44-34e8-4b6d-842e-dba64aa376f0 ] Request (TestVersions:setUpClass): 201 POST http://10.180.1.21/identity/v3/users 0.068s
2025-12-15 13:48:50.729 65823 INFO tempest.lib.common.rest_client [req-ce3be063-ef6c-4a5b-9961-969b2b80cd12 req-ce3be063-ef6c-4a5b-9961-969b2b80cd12 ] Request (TestVersions:setUpClass): 200 GET http://10.180.1.21/identity/v3/roles 0.031s
2025-12-15 13:48:50.776 65833 INFO tempest.lib.common.rest_client [req-0018137f-b2a8-4f40-b77b-eb341e1d431a req-0018137f-b2a8-4f40-b77b-eb341e1d431a ] Request (ServerDiagnosticsV248Test:tearDownClass): 204 DELETE http://10.180.1.21/identity/v3/users/b4d9c72fba8140da96731fd2fd149165 0.103s
2025-12-15 13:48:50.802 65811 INFO tempest.lib.common.rest_client [req-428e51a8-6274-4287-a309-00bf0142a3e1 req-428e51a8-6274-4287-a309-00bf0142a3e1 ] Request (VolumesAdminNegativeTest:tearDownClass): 200 GET http://10.180.1.21/compute/v2.1/servers/5ae6d68a-9bbe-49f4-b779-bbf89627d6a1 7.996s
2025-12-15 13:48:50.820 65823 INFO tempest.lib.common.rest_client [req-0a403d8f-b4c2-4ba2-9995-8fee1705a388 req-0a403d8f-b4c2-4ba2-9995-8fee1705a388 ] Request (TestVersions:setUpClass): 204 PUT http://10.180.1.21/identity/v3/projects/f17793d3f9f04e499c3d7daac2687b28/users/25ef97d4c57a4feb94743966513238c6/roles/a98ecd7b49884e209ece9f19751ee7ae 0.090s
2025-12-15 13:48:50.820 65823 INFO tempest.lib.common.dynamic_creds [-] Dynamic test user 25ef97d4c57a4feb94743966513238c6 is created with scope project and roles: ['member']
2025-12-15 13:48:50.820 65823 INFO tempest.lib.common.dynamic_creds [-] Acquired dynamic creds: credentials: Credentials: {'domain_id': 'default', 'domain_name': 'Default', 'username': 'tempest-TestVersions-80097793-project-member', 'project_domain_id': 'default', 'project_domain_name': 'Default', 'project_id': 'f17793d3f9f04e499c3d7daac2687b28', 'project_name': 'tempest-TestVersions-80097793', 'tenant_id': 'f17793d3f9f04e499c3d7daac2687b28', 'tenant_name': 'tempest-TestVersions-80097793', 'user_domain_id': 'default', 'user_domain_name': 'Default', 'user_id': '25ef97d4c57a4feb94743966513238c6', 'system': None}, Network: None, Subnet: None, Router: None
2025-12-15 13:48:50.821 65823 INFO tempest.lib.common.dynamic_creds [-] Created isolated network resources for: credentials: Credentials: {'domain_id': 'default', 'domain_name': 'Default', 'username': 'tempest-TestVersions-80097793-project-member', 'project_domain_id': 'default', 'project_domain_name': 'Default', 'project_id': 'f17793d3f9f04e499c3d7daac2687b28', 'project_name': 'tempest-TestVersions-80097793', 'tenant_id': 'f17793d3f9f04e499c3d7daac2687b28', 'tenant_name': 'tempest-TestVersions-80097793', 'user_domain_id': 'default', 'user_domain_name': 'Default', 'user_id': '25ef97d4c57a4feb94743966513238c6', 'system': None}, Network: None, Subnet: None, Router: None
2025-12-15 13:48:50.840 65807 INFO tempest.lib.common.rest_client [req-eb39c4e4-6146-4951-9c77-053ec98397b4 req-eb39c4e4-6146-4951-9c77-053ec98397b4 ] Request (VolumesAssistedSnapshotsTest:test_volume_assisted_snapshot_create_delete): 200 GET http://10.180.1.21/compute/v2.1/servers/4e54e47f-01a8-4c5e-8881-332ca18d943c 8.256s
2025-12-15 13:48:50.847 65807 INFO tempest.common.waiters [-] State transition "BUILD/spawning" ==> "ACTIVE/None" after 42 second wait
2025-12-15 13:48:50.905 65843 INFO tempest.lib.common.rest_client [req-0741a22d-40a0-4354-8ae3-833b80ad2644 req-0741a22d-40a0-4354-8ae3-833b80ad2644 ] Request (ServersTestManualDisk:setUpClass): 200 GET http://10.180.1.21/compute/v2.1/servers/41908755-4af2-474f-b842-04300f9365ce 6.587s
