2025-12-15 13:49:07.610 65814 INFO tempest.lib.common.rest_client [req-5bd6d9a2-521c-41da-9f12-af6f56e2c97c req-5bd6d9a2-521c-41da-9f12-af6f56e2c97c ] Request (QuotasAdminTestV257:tearDownClass): 200 GET http://10.180.1.21/networking/v2.0/security-groups?tenant_id=9db89849e7b9470f84db7b04b35b292e&name=default 0.201s
2025-12-15 13:49:07.635 65845 INFO tempest.lib.common.rest_client [req-d057dd4e-2bcc-4780-ac2f-46794c664f4b req-d057dd4e-2bcc-4780-ac2f-46794c664f4b ] Request (SecurityGroupRulesNegativeTestJSON:tearDownClass): 204 DELETE http://10.180.1.21/networking/v2.0/networks/c63e0f03-1cdb-4adf-8572-0cb270f09cc3 0.401s
2025-12-15 13:49:07.675 65815 INFO tempest.lib.common.rest_client [req-fc1c0c87-95a4-402d-8fb8-491ab618fbd6 req-fc1c0c87-95a4-402d-8fb8-491ab618fbd6 ] Request (ServerDiagnosticsTest:tearDownClass): 200 GET http://10.180.1.21/networking/v2.0/security-groups?tenant_id=7088ebf31d4a403d9e8cd0bdfcd3fc9f&name=default 0.135s
2025-12-15 13:49:07.685 65785 INFO tempest.lib.common.rest_client [req-f70590d6-033a-40ca-9c27-ddf323422395 req-f70590d6-033a-40ca-9c27-ddf323422395 ] Request (ListServerFiltersTestJSON:test_list_servers_filter_by_active_status): 200 GET http://10.180.1.21/compute/v2.1/servers?status=active 2.276s
2025-12-15 13:49:07.707 65795 INFO tempest.lib.common.rest_client [req-f24a27ea-5b03-4a81-955a-86a59a62b10f req-f24a27ea-5b03-4a81-955a-86a59a62b10f ] Request (HypervisorAdminTestJSON:test_get_hypervisor_show_details): 200 GET http://10.180.1.21/compute/v2.1/os-hypervisors 1.581s
2025-12-15 13:49:07.775 65814 INFO tempest.lib.common.rest_client [req-421c5920-ef8c-48a6-9cc2-a813e1a25566 req-421c5920-ef8c-48a6-9cc2-a813e1a25566 ] Request (QuotasAdminTestV257:tearDownClass): 204 DELETE http://10.180.1.21/networking/v2.0/security-groups/20b5c4ff-7eec-4515-9098-d3646a0d9176 0.165s
2025-12-15 13:49:07.781 65845 INFO tempest.lib.common.rest_client [req-f44ddd23-5481-4ddf-84ae-a1659b7e2eae req-f44ddd23-5481-4ddf-84ae-a1659b7e2eae ] Request (SecurityGroupRulesNegativeTestJSON:tearDownClass): 204 DELETE http://10.180.1.21/identity/v3/users/0f9b033ad975486fb771821fc4b2e73a 0.145s
2025-12-15 13:49:07.781 65845 INFO tempest.lib.common.dynamic_creds [-] Deleting project and security group for project: f0dca08b759f4c309fb539a81e2edca4
2025-12-15 13:49:07.829 65845 INFO tempest.lib.common.rest_client [req-05a30bd0-55fd-40b2-8aa0-d67259c9c211 req-05a30bd0-55fd-40b2-8aa0-d67259c9c211 ] Request (SecurityGroupRulesNegativeTestJSON:tearDownClass): 200 GET http://10.180.1.21/networking/v2.0/security-groups?tenant_id=f0dca08b759f4c309fb539a81e2edca4&name=default 0.047s
2025-12-15 13:49:07.868 65815 INFO tempest.lib.common.rest_client [req-f931d5eb-5e89-49fe-9e8a-d55af731d5cb req-f931d5eb-5e89-49fe-9e8a-d55af731d5cb ] Request (ServerDiagnosticsTest:tearDownClass): 204 DELETE http://10.180.1.21/networking/v2.0/security-groups/6cd4e8ef-f800-418a-ace0-49074fd0166b 0.192s
2025-12-15 13:49:07.895 65814 INFO tempest.lib.common.rest_client [req-a2e0732b-be02-4a5c-bfb5-abc074705bd7 req-a2e0732b-be02-4a5c-bfb5-abc074705bd7 ] Request (QuotasAdminTestV257:tearDownClass): 204 DELETE http://10.180.1.21/identity/v3/projects/9db89849e7b9470f84db7b04b35b292e 0.120s
2025-12-15 13:49:07.927 65845 INFO tempest.lib.common.rest_client [req-1db5fcf1-7d1f-482a-b4ab-85abbf09d3ad req-1db5fcf1-7d1f-482a-b4ab-85abbf09d3ad ] Request (SecurityGroupRulesNegativeTestJSON:tearDownClass): 204 DELETE http://10.180.1.21/networking/v2.0/security-groups/fd4409f6-5e0b-4c18-b49b-b068547b7cb4 0.098s
2025-12-15 13:49:07.927 65805 INFO tempest.lib.common.rest_client [req-8a50f739-aac0-401b-b1a9-36b5f26f52cc req-8a50f739-aac0-401b-b1a9-36b5f26f52cc ] Request (TenantUsagesTestJSON:setUpClass): 202 POST http://10.180.1.21/compute/v2.1/servers 2.669s
2025-12-15 13:49:07.976 65814 INFO tempest.lib.common.rest_client [req-c3f4e1dd-46c8-499f-9c4f-7ba078b2b8c1 req-c3f4e1dd-46c8-499f-9c4f-7ba078b2b8c1 ] Request (QuotasAdminNegativeTest:setUpClass): 201 POST http://10.180.1.21/identity/v3/auth/tokens 0.079s
2025-12-15 13:49:08.049 65815 INFO tempest.lib.common.rest_client [req-73a6922a-9a1e-43cf-bdfa-8073ccb5af69 req-73a6922a-9a1e-43cf-bdfa-8073ccb5af69 ] Request (ServerDiagnosticsTest:tearDownClass): 204 DELETE http://10.180.1.21/identity/v3/projects/7088ebf31d4a403d9e8cd0bdfcd3fc9f 0.180s
2025-12-15 13:49:08.051 65845 INFO tempest.lib.common.rest_client [req-b8eaded2-d393-4608-836d-51adcfb976bd req-b8eaded2-d393-4608-836d-51adcfb976bd ] Request (SecurityGroupRulesNegativeTestJSON:tearDownClass): 204 DELETE http://10.180.1.21/identity/v3/projects/f0dca08b759f4c309fb539a81e2edca4 0.123s
2025-12-15 13:49:08.105 65835 INFO tempest.lib.common.rest_client [req-b90452e2-2952-4c2a-b3f1-b6173cf18c5b req-b90452e2-2952-4c2a-b3f1-b6173cf18c5b ] Request (SecurityGroupRulesTestJSON:tearDownClass): 202 DELETE http://10.180.1.21/compute/v2.1/os-security-groups/ed9f881f-f2a3-4a6a-af92-de685193d18c 1.856s
2025-12-15 13:49:08.129 65807 WARNING tempest.lib.common.ssh [-] Failed to establish authenticated ssh connection to cirros@10.180.180.158 ([Errno None] Unable to connect to port 22 on 10.180.180.158). Number attempts: 4. Retry after 5 seconds.: paramiko.ssh_exception.NoValidConnectionsError: [Errno None] Unable to connect to port 22 on 10.180.180.158
2025-12-15 13:49:08.176 65815 INFO tempest.lib.common.rest_client [req-ffc77ff2-0c3b-4650-bda9-cf558875fcde req-ffc77ff2-0c3b-4650-bda9-cf558875fcde ] Request (ImagesOneServerTestJSON:setUpClass): 201 POST http://10.180.1.21/identity/v3/auth/tokens 0.123s
2025-12-15 13:49:08.176 65814 INFO tempest.lib.common.rest_client [req-65a63994-e76f-4fc5-80df-dabd4e461755 req-65a63994-e76f-4fc5-80df-dabd4e461755 ] Request (QuotasAdminNegativeTest:setUpClass): 201 POST http://10.180.1.21/identity/v3/auth/tokens 0.191s
2025-12-15 13:49:08.208 65845 INFO tempest.lib.common.rest_client [req-e94115e1-16fb-41e8-b722-0538e1f6de7c req-e94115e1-16fb-41e8-b722-0538e1f6de7c ] Request (MultipleCreateNegativeTestJSON:setUpClass): 201 POST http://10.180.1.21/identity/v3/auth/tokens 0.154s
2025-12-15 13:49:08.235 65814 INFO tempest.lib.common.rest_client [req-afb8f8e0-4b21-4be5-9f64-e9f90926ef78 req-afb8f8e0-4b21-4be5-9f64-e9f90926ef78 ] Request (QuotasAdminNegativeTest:setUpClass): 200 GET http://10.180.1.21/identity/v3/domains?name=Default 0.058s
2025-12-15 13:49:08.237 65817 INFO tempest.lib.common.rest_client [req-864e9c25-959a-4ea8-bca1-cb5ca6d1e95a req-864e9c25-959a-4ea8-bca1-cb5ca6d1e95a ] Request (ServersAdmin275Test:test_rebuild_update_server_275): 202 POST http://10.180.1.21/compute/v2.1/servers/3ecd10fa-b003-4a5a-9fa2-9b8ca8752b20/action 2.042s
2025-12-15 13:49:08.263 65815 INFO tempest.lib.common.rest_client [req-5abf9968-a94c-4d2e-9772-b82585014a6d req-5abf9968-a94c-4d2e-9772-b82585014a6d ] Request (ImagesOneServerTestJSON:setUpClass): 201 POST http://10.180.1.21/identity/v3/auth/tokens 0.081s
2025-12-15 13:49:08.290 65845 INFO tempest.lib.common.rest_client [req-96a9c5b1-adec-486b-a680-2618dab518e4 req-96a9c5b1-adec-486b-a680-2618dab518e4 ] Request (MultipleCreateNegativeTestJSON:setUpClass): 201 POST http://10.180.1.21/identity/v3/auth/tokens 0.079s
2025-12-15 13:49:08.305 65825 INFO tempest.lib.common.rest_client [req-31731758-20c9-4b06-93fa-6cccfb553de8 req-31731758-20c9-4b06-93fa-6cccfb553de8 ] Request (QuotaClassesAdmin257Test:test_update_default_quotas): 200 GET http://10.180.1.21/compute/v2.1/os-quota-class-sets/default 1.989s
2025-12-15 13:49:08.313 65815 INFO tempest.lib.common.rest_client [req-d2b5a474-1eeb-469c-9af8-5d89a3b823d3 req-d2b5a474-1eeb-469c-9af8-5d89a3b823d3 ] Request (ImagesOneServerTestJSON:setUpClass): 200 GET http://10.180.1.21/identity/v3/domains?name=Default 0.049s
2025-12-15 13:49:08.333 65814 INFO tempest.lib.common.rest_client [req-13acacd8-a4e8-43aa-82c1-54d29056aa92 req-13acacd8-a4e8-43aa-82c1-54d29056aa92 ] Request (QuotasAdminNegativeTest:setUpClass): 201 POST http://10.180.1.21/identity/v3/projects 0.098s
2025-12-15 13:49:08.341 65845 INFO tempest.lib.common.rest_client [req-3d4f8c56-70e4-4b1e-8b3f-c74399600345 req-3d4f8c56-70e4-4b1e-8b3f-c74399600345 ] Request (MultipleCreateNegativeTestJSON:setUpClass): 200 GET http://10.180.1.21/identity/v3/domains?name=Default 0.051s
2025-12-15 13:49:08.345 65811 INFO tempest.lib.common.rest_client [req-52b2d074-7740-414c-8b3e-57b3c5bfae35 req-52b2d074-7740-414c-8b3e-57b3c5bfae35 ] Request (VolumesAdminNegativeTest:tearDownClass): 404 GET http://10.180.1.21/compute/v2.1/servers/5ae6d68a-9bbe-49f4-b779-bbf89627d6a1 1.734s
2025-12-15 13:49:08.361 65797 INFO tempest.lib.common.rest_client [req-83e7a6d4-858f-484e-80f7-e39c94344b7c req-83e7a6d4-858f-484e-80f7-e39c94344b7c ] Request (ListImageFiltersTestJSON:setUpClass): 200 GET http://10.180.1.21/compute/v2.1/servers/f3c7fb1b-e676-47c0-b446-c651c1325fc7 1.855s
2025-12-15 13:49:08.486 65814 INFO tempest.lib.common.rest_client [req-6cfc2c92-b1a9-45f9-9625-3c3f7bd17748 req-6cfc2c92-b1a9-45f9-9625-3c3f7bd17748 ] Request (QuotasAdminNegativeTest:setUpClass): 201 POST http://10.180.1.21/identity/v3/users 0.152s
2025-12-15 13:49:08.486 65815 INFO tempest.lib.common.rest_client [req-24c1c2ee-37a6-4149-9359-dedc9a7ea6d0 req-24c1c2ee-37a6-4149-9359-dedc9a7ea6d0 ] Request (ImagesOneServerTestJSON:setUpClass): 201 POST http://10.180.1.21/identity/v3/projects 0.172s
2025-12-15 13:49:08.558 65841 INFO tempest.lib.common.rest_client [req-f9ea8a74-c971-460f-93bb-87280dacc272 req-f9ea8a74-c971-460f-93bb-87280dacc272 ] Request (ServerMetadataNegativeTestJSON:setUpClass): 200 GET http://10.180.1.21/compute/v2.1/servers/92a24a98-adcc-43fa-a2e8-cba48d3c3cf8 1.862s
2025-12-15 13:49:08.560 65845 INFO tempest.lib.common.rest_client [req-55237cd3-1aa4-41c5-81a3-690971275a9e req-55237cd3-1aa4-41c5-81a3-690971275a9e ] Request (MultipleCreateNegativeTestJSON:setUpClass): 201 POST http://10.180.1.21/identity/v3/projects 0.219s
2025-12-15 13:49:08.570 65815 INFO tempest.lib.common.rest_client [req-7274d3b3-f5b5-4aa9-b03e-66064a8cacd6 req-7274d3b3-f5b5-4aa9-b03e-66064a8cacd6 ] Request (ImagesOneServerTestJSON:setUpClass): 201 POST http://10.180.1.21/identity/v3/users 0.084s
2025-12-15 13:49:08.603 65803 INFO tempest.lib.common.rest_client [req-b8563401-1a6d-4dad-a869-9ccdf6d6741d req-b8563401-1a6d-4dad-a869-9ccdf6d6741d ] Request (ImagesMetadataTestJSON:test_delete_image_metadata_item): 200 GET http://10.180.1.21/compute/v2.1/images/02ba6c9a-ae17-4673-9b8c-eb211a01f2bf/metadata 1.863s
2025-12-15 13:49:08.640 65789 INFO tempest.lib.common.rest_client [req-7c14eb43-e03c-4bbc-8c5f-b238f5afa9d7 req-7c14eb43-e03c-4bbc-8c5f-b238f5afa9d7 ] Request (ServersTestJSON:setUpClass): 200 GET http://10.180.1.21/compute/v2.1/servers/f42febe2-8121-4e08-9315-aa0d6fdc682a 2.001s
2025-12-15 13:49:08.647 65814 INFO tempest.lib.common.rest_client [req-df215f8e-8da8-49ee-aa12-adad44f22950 req-df215f8e-8da8-49ee-aa12-adad44f22950 ] Request (QuotasAdminNegativeTest:setUpClass): 200 GET http://10.180.1.21/identity/v3/roles 0.160s
2025-12-15 13:49:08.650 65789 INFO tempest.common.waiters [-] State transition "BUILD/spawning" ==> "ACTIVE/None" after 28 second wait
2025-12-15 13:49:08.657 65845 INFO tempest.lib.common.rest_client [req-b69d78a1-c476-4eac-b995-00dc04476c96 req-b69d78a1-c476-4eac-b995-00dc04476c96 ] Request (MultipleCreateNegativeTestJSON:setUpClass): 201 POST http://10.180.1.21/identity/v3/users 0.096s
2025-12-15 13:49:08.670 65815 INFO tempest.lib.common.rest_client [req-c015ffae-a31a-43ad-bb7c-3c130d159209 req-c015ffae-a31a-43ad-bb7c-3c130d159209 ] Request (ImagesOneServerTestJSON:setUpClass): 200 GET http://10.180.1.21/identity/v3/roles 0.097s
2025-12-15 13:49:08.687 65845 INFO tempest.lib.common.rest_client [req-fb05f2ce-cd29-4612-a2df-09f942702e41 req-fb05f2ce-cd29-4612-a2df-09f942702e41 ] Request (MultipleCreateNegativeTestJSON:setUpClass): 200 GET http://10.180.1.21/identity/v3/roles 0.029s
2025-12-15 13:49:08.693 65814 INFO tempest.lib.common.rest_client [req-02feb4f6-7f20-4378-bee0-979e9f3ca2bb req-02feb4f6-7f20-4378-bee0-979e9f3ca2bb ] Request (QuotasAdminNegativeTest:setUpClass): 204 PUT http://10.180.1.21/identity/v3/projects/62499ec6380d45f0a16d1a60113210a2/users/3b821809a55146fb96ac6ba35d024c7f/roles/a98ecd7b49884e209ece9f19751ee7ae 0.045s
2025-12-15 13:49:08.694 65814 INFO tempest.lib.common.dynamic_creds [-] Dynamic test user 3b821809a55146fb96ac6ba35d024c7f is created with scope project and roles: ['member']
2025-12-15 13:49:08.694 65814 INFO tempest.lib.common.dynamic_creds [-] Acquired dynamic creds: credentials: Credentials: {'domain_id': 'default', 'domain_name': 'Default', 'username': 'tempest-QuotasAdminNegativeTest-491204756-project-member', 'project_domain_id': 'default', 'project_domain_name': 'Default', 'project_id': '62499ec6380d45f0a16d1a60113210a2', 'project_name': 'tempest-QuotasAdminNegativeTest-491204756', 'tenant_id': '62499ec6380d45f0a16d1a60113210a2', 'tenant_name': 'tempest-QuotasAdminNegativeTest-491204756', 'user_domain_id': 'default', 'user_domain_name': 'Default', 'user_id': '3b821809a55146fb96ac6ba35d024c7f', 'system': None}, Network: None, Subnet: None, Router: None
2025-12-15 13:49:08.694 65814 INFO tempest.lib.common.dynamic_creds [-] Created isolated network resources for: credentials: Credentials: {'domain_id': 'default', 'domain_name': 'Default', 'username': 'tempest-QuotasAdminNegativeTest-491204756-project-member', 'project_domain_id': 'default', 'project_domain_name': 'Default', 'project_id': '62499ec6380d45f0a16d1a60113210a2', 'project_name': 'tempest-QuotasAdminNegativeTest-491204756', 'tenant_id': '62499ec6380d45f0a16d1a60113210a2', 'tenant_name': 'tempest-QuotasAdminNegativeTest-491204756', 'user_domain_id': 'default', 'user_domain_name': 'Default', 'user_id': '3b821809a55146fb96ac6ba35d024c7f', 'system': None}, Network: None, Subnet: None, Router: None
2025-12-15 13:49:08.768 65815 INFO tempest.lib.common.rest_client [req-11f9d802-6413-4784-8a8e-0748a7d7e493 req-11f9d802-6413-4784-8a8e-0748a7d7e493 ] Request (ImagesOneServerTestJSON:setUpClass): 204 PUT http://10.180.1.21/identity/v3/projects/900c2f7e3138404796f6a83195fb3d9b/users/95cc683438f04b48969a4606a6a1ba9b/roles/a98ecd7b49884e209ece9f19751ee7ae 0.097s
2025-12-15 13:49:08.768 65815 INFO tempest.lib.common.dynamic_creds [-] Dynamic test user 95cc683438f04b48969a4606a6a1ba9b is created with scope project and roles: ['member']
2025-12-15 13:49:08.769 65815 INFO tempest.lib.common.dynamic_creds [-] Acquired dynamic creds: credentials: Credentials: {'domain_id': 'default', 'domain_name': 'Default', 'username': 'tempest-ImagesOneServerTestJSON-692734735-project-member', 'project_domain_id': 'default', 'project_domain_name': 'Default', 'project_id': '900c2f7e3138404796f6a83195fb3d9b', 'project_name': 'tempest-ImagesOneServerTestJSON-692734735', 'tenant_id': '900c2f7e3138404796f6a83195fb3d9b', 'tenant_name': 'tempest-ImagesOneServerTestJSON-692734735', 'user_domain_id': 'default', 'user_domain_name': 'Default', 'user_id': '95cc683438f04b48969a4606a6a1ba9b', 'system': None}, Network: None, Subnet: None, Router: None
2025-12-15 13:49:08.781 65845 INFO tempest.lib.common.rest_client [req-0292ebe4-39f8-4bc8-8011-cd1190ec5358 req-0292ebe4-39f8-4bc8-8011-cd1190ec5358 ] Request (MultipleCreateNegativeTestJSON:setUpClass): 204 PUT http://10.180.1.21/identity/v3/projects/4fb75907766a468493e3b98872792e90/users/23c78a9d30f7414ba7bc1a50c3a81b33/roles/a98ecd7b49884e209ece9f19751ee7ae 0.094s
2025-12-15 13:49:08.782 65845 INFO tempest.lib.common.dynamic_creds [-] Dynamic test user 23c78a9d30f7414ba7bc1a50c3a81b33 is created with scope project and roles: ['member']
2025-12-15 13:49:08.782 65845 INFO tempest.lib.common.dynamic_creds [-] Acquired dynamic creds: credentials: Credentials: {'domain_id': 'default', 'domain_name': 'Default', 'username': 'tempest-MultipleCreateNegativeTestJSON-154308935-project-member', 'project_domain_id': 'default', 'project_domain_name': 'Default', 'project_id': '4fb75907766a468493e3b98872792e90', 'project_name': 'tempest-MultipleCreateNegativeTestJSON-154308935', 'tenant_id': '4fb75907766a468493e3b98872792e90', 'tenant_name': 'tempest-MultipleCreateNegativeTestJSON-154308935', 'user_domain_id': 'default', 'user_domain_name': 'Default', 'user_id': '23c78a9d30f7414ba7bc1a50c3a81b33', 'system': None}, Network: None, Subnet: None, Router: None
2025-12-15 13:49:08.782 65845 INFO tempest.lib.common.dynamic_creds [-] Created isolated network resources for: credentials: Credentials: {'domain_id': 'default', 'domain_name': 'Default', 'username': 'tempest-MultipleCreateNegativeTestJSON-154308935-project-member', 'project_domain_id': 'default', 'project_domain_name': 'Default', 'project_id': '4fb75907766a468493e3b98872792e90', 'project_name': 'tempest-MultipleCreateNegativeTestJSON-154308935', 'tenant_id': '4fb75907766a468493e3b98872792e90', 'tenant_name': 'tempest-MultipleCreateNegativeTestJSON-154308935', 'user_domain_id': 'default', 'user_domain_name': 'Default', 'user_id': '23c78a9d30f7414ba7bc1a50c3a81b33', 'system': None}, Network: None, Subnet: None, Router: None
2025-12-15 13:49:08.793 65827 INFO tempest.lib.common.rest_client [req-373bc1a1-562f-4396-b055-e19b15a9f2de req-373bc1a1-562f-4396-b055-e19b15a9f2de ] Request (ServersTestMultiNic:test_verify_duplicate_network_nics): 200 GET http://10.180.1.21/compute/v2.1/servers/e8cc6876-dceb-490a-81e4-f55355b23717 1.892s
2025-12-15 13:49:08.838 65843 INFO tempest.lib.common.rest_client [req-a2173429-1817-404f-ad30-175701fc5a17 req-a2173429-1817-404f-ad30-175701fc5a17 ] Request (ServersTestManualDisk:setUpClass): 200 GET http://10.180.1.21/compute/v2.1/servers/41908755-4af2-474f-b842-04300f9365ce 2.026s
2025-12-15 13:49:08.857 65815 INFO tempest.lib.common.rest_client [req-b49fc5ba-c04e-46bd-a474-1fe0beae6a1e req-b49fc5ba-c04e-46bd-a474-1fe0beae6a1e ] Request (ImagesOneServerTestJSON:setUpClass): 201 POST http://10.180.1.21/identity/v3/auth/tokens 0.088s
2025-12-15 13:49:08.863 65814 INFO tempest.lib.common.rest_client [req-3ee2b5c3-3353-4197-8d8f-0f55e8381e3f req-3ee2b5c3-3353-4197-8d8f-0f55e8381e3f ] Request (QuotasAdminNegativeTest:setUpClass): 201 POST http://10.180.1.21/identity/v3/auth/tokens 0.166s
2025-12-15 13:49:08.881 65821 INFO tempest.lib.common.rest_client [req-bc072353-6c4b-4965-8566-2b65687c63d6 req-bc072353-6c4b-4965-8566-2b65687c63d6 ] Request (FloatingIPsAssociationTestJSON:setUpClass): 200 GET http://10.180.1.21/compute/v2.1/servers/2f1160e4-94df-482c-b833-4d469eddefad 1.872s
2025-12-15 13:49:08.899 65814 INFO tempest.lib.common.rest_client [req-5a31438e-a305-4c7f-91bd-02eda329c2bd req-5a31438e-a305-4c7f-91bd-02eda329c2bd ] Request (QuotasAdminNegativeTest:setUpClass): 201 POST http://10.180.1.21/identity/v3/projects 0.035s
2025-12-15 13:49:08.903 65809 INFO tempest.lib.common.rest_client [req-2d320b03-2f30-40e6-9942-075264f0dfe8 req-2d320b03-2f30-40e6-9942-075264f0dfe8 ] Request (AggregatesAdminNegativeTestJSON:test_aggregate_get_details_with_invalid_id): 404 GET http://10.180.1.21/compute/v2.1/os-aggregates/-1 1.861s
2025-12-15 13:49:08.927 65783 INFO tempest.lib.common.rest_client [req-7c410c30-0766-4f82-9741-1a9848474f83 req-7c410c30-0766-4f82-9741-1a9848474f83 ] Request (FlavorsAdminTestJSON:test_is_public_string_variations): 200 POST http://10.180.1.21/compute/v2.1/flavors 1.849s
2025-12-15 13:49:08.953 65845 INFO tempest.lib.common.rest_client [req-a3f4b4e6-03c9-43f8-ba39-de04339f1045 req-a3f4b4e6-03c9-43f8-ba39-de04339f1045 ] Request (MultipleCreateNegativeTestJSON:setUpClass): 201 POST http://10.180.1.21/identity/v3/auth/tokens 0.166s
2025-12-15 13:49:08.957 65837 WARNING tempest.lib.common.ssh [-] Failed to establish authenticated ssh connection to cirros@10.180.180.251 ([Errno None] Unable to connect to port 22 on 10.180.180.251). Number attempts: 5. Retry after 6 seconds.: paramiko.ssh_exception.NoValidConnectionsError: [Errno None] Unable to connect to port 22 on 10.180.180.251
2025-12-15 13:49:09.041 65814 INFO tempest.lib.common.rest_client [req-0fedf1b0-7924-4308-999f-97cc1f58775f req-0fedf1b0-7924-4308-999f-97cc1f58775f ] Request (QuotasAdminNegativeTest:setUpClass): 201 POST http://10.180.1.21/identity/v3/users 0.141s
2025-12-15 13:49:09.069 65814 INFO tempest.lib.common.rest_client [req-60bfcdcf-1eac-4c9e-b798-6e727b6a4410 req-60bfcdcf-1eac-4c9e-b798-6e727b6a4410 ] Request (QuotasAdminNegativeTest:setUpClass): 200 GET http://10.180.1.21/identity/v3/roles 0.027s
2025-12-15 13:49:09.085 65845 INFO tempest.lib.common.rest_client [req-a2d8757f-60e9-4037-a494-2d87760adf71 req-a2d8757f-60e9-4037-a494-2d87760adf71 ] Request (MultipleCreateNegativeTestJSON:test_max_count_less_than_min_count): 201 POST http://10.180.1.21/identity/v3/auth/tokens 0.127s
2025-12-15 13:49:09.086 65845 INFO tempest.lib.common.fixed_network [-] (MultipleCreateNegativeTestJSON:test_max_count_less_than_min_count) Found network None available for tenant
2025-12-15 13:49:09.112 65814 INFO tempest.lib.common.rest_client [req-9c4d1179-ed8c-41a9-8fa4-a4c35591f6e7 req-9c4d1179-ed8c-41a9-8fa4-a4c35591f6e7 ] Request (QuotasAdminNegativeTest:setUpClass): 204 PUT http://10.180.1.21/identity/v3/projects/769c5e8c9e8e4152818b9825bf7c0b51/users/f52dbb8dace34c8694a15da3644342cb/roles/d1e763536b93417795c1db33777afef9 0.043s
2025-12-15 13:49:09.185 65814 INFO tempest.lib.common.rest_client [req-638d11cb-f566-43df-aa4a-d595383c9069 req-638d11cb-f566-43df-aa4a-d595383c9069 ] Request (QuotasAdminNegativeTest:setUpClass): 200 GET http://10.180.1.21/identity/v3/roles 0.072s
2025-12-15 13:49:09.206 65814 INFO tempest.lib.common.rest_client [req-6ed3660d-9e06-4031-9675-2a6bb44afecc req-6ed3660d-9e06-4031-9675-2a6bb44afecc ] Request (QuotasAdminNegativeTest:setUpClass): 204 PUT http://10.180.1.21/identity/v3/projects/769c5e8c9e8e4152818b9825bf7c0b51/users/f52dbb8dace34c8694a15da3644342cb/roles/d1e763536b93417795c1db33777afef9 0.021s
2025-12-15 13:49:09.206 65814 INFO tempest.lib.common.dynamic_creds [-] Dynamic test user f52dbb8dace34c8694a15da3644342cb is created with scope project and roles: ['admin']
2025-12-15 13:49:09.206 65814 INFO tempest.lib.common.dynamic_creds [-] Acquired dynamic creds: credentials: Credentials: {'domain_id': 'default', 'domain_name': 'Default', 'username': 'tempest-QuotasAdminNegativeTest-499819209-project-admin', 'project_domain_id': 'default', 'project_domain_name': 'Default', 'project_id': '769c5e8c9e8e4152818b9825bf7c0b51', 'project_name': 'tempest-QuotasAdminNegativeTest-499819209', 'tenant_id': '769c5e8c9e8e4152818b9825bf7c0b51', 'tenant_name': 'tempest-QuotasAdminNegativeTest-499819209', 'user_domain_id': 'default', 'user_domain_name': 'Default', 'user_id': 'f52dbb8dace34c8694a15da3644342cb', 'system': None}, Network: None, Subnet: None, Router: None
2025-12-15 13:49:09.206 65814 INFO tempest.lib.common.dynamic_creds [-] Created isolated network resources for: credentials: Credentials: {'domain_id': 'default', 'domain_name': 'Default', 'username': 'tempest-QuotasAdminNegativeTest-499819209-project-admin', 'project_domain_id': 'default', 'project_domain_name': 'Default', 'project_id': '769c5e8c9e8e4152818b9825bf7c0b51', 'project_name': 'tempest-QuotasAdminNegativeTest-499819209', 'tenant_id': '769c5e8c9e8e4152818b9825bf7c0b51', 'tenant_name': 'tempest-QuotasAdminNegativeTest-499819209', 'user_domain_id': 'default', 'user_domain_name': 'Default', 'user_id': 'f52dbb8dace34c8694a15da3644342cb', 'system': None}, Network: None, Subnet: None, Router: None
2025-12-15 13:49:09.252 65815 INFO tempest.lib.common.rest_client [req-ebee6c06-5087-4134-a05d-0233327db2ba req-ebee6c06-5087-4134-a05d-0233327db2ba ] Request (ImagesOneServerTestJSON:setUpClass): 201 POST http://10.180.1.21/networking/v2.0/networks 0.394s
2025-12-15 13:49:09.311 65814 INFO tempest.lib.common.rest_client [req-038ad25c-d961-4a45-b867-4cda8100bc5e req-038ad25c-d961-4a45-b867-4cda8100bc5e ] Request (QuotasAdminNegativeTest:setUpClass): 201 POST http://10.180.1.21/identity/v3/auth/tokens 0.102s
2025-12-15 13:49:09.349 65811 INFO tempest.lib.common.rest_client [req-e6764ffa-fbc1-40d0-bf82-05ca7e44f8d1 req-e6764ffa-fbc1-40d0-bf82-05ca7e44f8d1 ] Request (VolumesAdminNegativeTest:tearDownClass): 200 PUT http://10.180.1.21/networking/v2.0/routers/10237cf6-e0eb-4207-904d-d06f5a8c60c4/remove_router_interface 1.004s
2025-12-15 13:49:09.385 65831 INFO tempest.lib.common.rest_client [req-f8d1cd6a-6efe-4f44-b763-aa775837c77d req-f8d1cd6a-6efe-4f44-b763-aa775837c77d ] Request (DeleteServersAdminTestJSON:test_delete_server_while_in_error_state): 200 GET http://10.180.1.21/compute/v2.1/servers/1fe78b43-c860-4c79-9f50-01e9758d52f8 2.275s
2025-12-15 13:49:09.452 65801 INFO tempest.lib.common.rest_client [req-198d550a-9bfa-4a0a-be60-2d0928d11542 req-198d550a-9bfa-4a0a-be60-2d0928d11542 ] Request (InstanceActionsTestJSON:test_list_instance_actions): 200 GET http://10.180.1.21/compute/v2.1/servers/fb494a8c-80bc-478c-9084-d68ed986f3f7/os-instance-actions 2.175s
2025-12-15 13:49:09.584 65815 INFO tempest.lib.common.rest_client [req-9712e560-0946-4bb3-88a5-0ed9457e229e req-9712e560-0946-4bb3-88a5-0ed9457e229e ] Request (ImagesOneServerTestJSON:setUpClass): 201 POST http://10.180.1.21/networking/v2.0/subnets 0.331s
2025-12-15 13:49:09.606 65819 INFO tempest.lib.common.rest_client [req-48f9dff9-d2f8-4d10-ba75-801b5d3b3511 req-48f9dff9-d2f8-4d10-ba75-801b5d3b3511 ] Request (FloatingIPsAssociationNegativeTestJSON:test_associate_nonexistent_floating_ip): 404 POST http://10.180.1.21/compute/v2.1/servers/73d2e879-d2c0-428f-9cfa-aee11759e2f1/action 2.586s
2025-12-15 13:49:09.634 65799 INFO tempest.lib.common.rest_client [req-62c2af9f-a561-4a18-933b-2ac9cbbdecb3 req-62c2af9f-a561-4a18-933b-2ac9cbbdecb3 ] Request (FlavorsV2TestJSON:test_list_flavors_with_detail): 200 GET http://10.180.1.21/compute/v2.1/flavors/detail 2.059s
2025-12-15 13:49:09.736 65785 INFO tempest.lib.common.rest_client [req-9e58834b-3318-4a24-99c4-3813542531ea req-9e58834b-3318-4a24-99c4-3813542531ea ] Request (ListServerFiltersTestJSON:test_list_servers_filter_by_exceed_limit): 200 GET http://10.180.1.21/compute/v2.1/servers?limit=100000 2.047s
2025-12-15 13:49:09.758 65795 INFO tempest.lib.common.rest_client [req-820491ec-24a2-4c81-bf04-8d647b7e8726 req-820491ec-24a2-4c81-bf04-8d647b7e8726 ] Request (HypervisorAdminTestJSON:test_get_hypervisor_show_details): 200 GET http://10.180.1.21/compute/v2.1/os-hypervisors/1 2.049s
2025-12-15 13:49:09.820 65811 INFO tempest.lib.common.rest_client [req-15f4e7a1-695a-4c81-94e1-253324aec73e req-15f4e7a1-695a-4c81-94e1-253324aec73e ] Request (VolumesAdminNegativeTest:tearDownClass): 204 DELETE http://10.180.1.21/networking/v2.0/routers/10237cf6-e0eb-4207-904d-d06f5a8c60c4 0.470s
2025-12-15 13:49:09.856 65791 INFO tempest.lib.common.rest_client [req-cd93d7f5-c37e-4810-be66-1d1a46a2b373 req-cd93d7f5-c37e-4810-be66-1d1a46a2b373 ] Request (MigrationsAdminTest:test_list_migrations_in_flavor_resize_situation): 200 GET http://10.180.1.21/compute/v2.1/servers/2de5e3f8-de43-4a1a-9ec6-92515d53d73f 2.378s
2025-12-15 13:49:09.985 65811 INFO tempest.lib.common.rest_client [req-8179beb5-83c4-49a3-a5e9-398a33841d9c req-8179beb5-83c4-49a3-a5e9-398a33841d9c ] Request (VolumesAdminNegativeTest:tearDownClass): 204 DELETE http://10.180.1.21/networking/v2.0/subnets/f15b8b12-fd3f-4170-9064-82ca556bf5ec 0.165s
2025-12-15 13:49:10.027 65787 INFO tempest.lib.common.rest_client [req-386588ea-89d9-4e81-a026-e15ed2c691e1 req-386588ea-89d9-4e81-a026-e15ed2c691e1 ] Request (ServersAdminNegativeTestJSON:setUpClass): 200 GET http://10.180.1.21/compute/v2.1/servers/156500db-f82c-48a6-a37b-b1e195063df6 2.297s
2025-12-15 13:49:10.046 65805 INFO tempest.lib.common.rest_client [req-48822493-0b40-4690-afac-7c38ea9a423e req-48822493-0b40-4690-afac-7c38ea9a423e ] Request (TenantUsagesTestJSON:setUpClass): 200 GET http://10.180.1.21/compute/v2.1/servers/1e9a0844-128f-4594-b8d7-367e5e0502d6 2.117s
2025-12-15 13:49:10.303 65811 INFO tempest.lib.common.rest_client [req-de3d81e0-ea66-44b3-8af3-1a99b1ceb199 req-de3d81e0-ea66-44b3-8af3-1a99b1ceb199 ] Request (VolumesAdminNegativeTest:tearDownClass): 204 DELETE http://10.180.1.21/networking/v2.0/networks/31845bfc-c277-4580-9645-4dcf723381c9 0.316s
2025-12-15 13:49:10.356 65833 INFO tempest.lib.common.rest_client [req-7e5f33ff-38cd-408f-977b-146e05971d80 req-7e5f33ff-38cd-408f-977b-146e05971d80 ] Request (ImagesNegativeTestJSON:test_create_image_from_deleted_server): 200 GET http://10.180.1.21/compute/v2.1/servers/e00e360d-732c-4a48-81c5-e53d8ad4b487 2.335s
2025-12-15 13:49:10.396 65815 INFO tempest.lib.common.rest_client [req-2771027e-3bd3-40b1-9c4e-4fc32c80de96 req-2771027e-3bd3-40b1-9c4e-4fc32c80de96 ] Request (ImagesOneServerTestJSON:setUpClass): 201 POST http://10.180.1.21/networking/v2.0/routers 0.811s
2025-12-15 13:49:10.494 65835 INFO tempest.lib.common.rest_client [req-1bd3a676-5370-4747-b67e-49ad9dbb00c5 req-1bd3a676-5370-4747-b67e-49ad9dbb00c5 ] Request (SecurityGroupRulesTestJSON:tearDownClass): 202 DELETE http://10.180.1.21/compute/v2.1/os-security-groups/cbe65ce9-3cba-4451-98d8-57dba3340fc2 2.388s
2025-12-15 13:49:10.599 65825 INFO tempest.lib.common.rest_client [req-f7bc6746-f1e6-49f4-92a4-7d8148e6bb39 req-f7bc6746-f1e6-49f4-92a4-7d8148e6bb39 ] Request (QuotaClassesAdmin257Test:test_update_default_quotas): 200 PUT http://10.180.1.21/compute/v2.1/os-quota-class-sets/default 2.291s
2025-12-15 13:49:10.623 65793 WARNING tempest.lib.common.ssh [-] Failed to establish authenticated ssh connection to cirros@10.180.180.137 ([Errno None] Unable to connect to port 22 on 10.180.180.137). Number attempts: 1. Retry after 2 seconds.: paramiko.ssh_exception.NoValidConnectionsError: [Errno None] Unable to connect to port 22 on 10.180.180.137
2025-12-15 13:49:11.125 65829 WARNING tempest.lib.common.ssh [-] Failed to establish authenticated ssh connection to cirros@10.180.180.172 ([Errno None] Unable to connect to port 22 on 10.180.180.172). Number attempts: 5. Retry after 6 seconds.: paramiko.ssh_exception.NoValidConnectionsError: [Errno None] Unable to connect to port 22 on 10.180.180.172
2025-12-15 13:49:11.140 65811 INFO tempest.lib.common.rest_client [req-ba765bd4-c891-4358-979a-5a9a3f23d2f3 req-ba765bd4-c891-4358-979a-5a9a3f23d2f3 ] Request (VolumesAdminNegativeTest:tearDownClass): 200 PUT http://10.180.1.21/networking/v2.0/routers/8f378d45-5649-40a9-8f4c-1b54e3271dbb/remove_router_interface 0.836s
2025-12-15 13:49:11.143 65797 INFO tempest.lib.common.rest_client [req-1c80e75a-66e1-4cc1-8527-5cc698698935 req-1c80e75a-66e1-4cc1-8527-5cc698698935 ] Request (ListImageFiltersTestJSON:setUpClass): 202 POST http://10.180.1.21/compute/v2.1/servers/f3c7fb1b-e676-47c0-b446-c651c1325fc7/action 2.773s
2025-12-15 13:49:11.181 65817 INFO tempest.lib.common.rest_client [req-cd958dfc-1376-4e81-ba24-66ca20c18834 req-cd958dfc-1376-4e81-ba24-66ca20c18834 ] Request (ServersAdmin275Test:_run_cleanups): 200 GET http://10.180.1.21/compute/v2.1/servers/3ecd10fa-b003-4a5a-9fa2-9b8ca8752b20 2.928s
2025-12-15 13:49:11.377 65803 INFO tempest.lib.common.rest_client [req-8afdfdcc-ad47-4fd2-ad36-d61ac51ae7b7 req-8afdfdcc-ad47-4fd2-ad36-d61ac51ae7b7 ] Request (ImagesMetadataTestJSON:setUp): 200 PUT http://10.180.1.21/compute/v2.1/images/02ba6c9a-ae17-4673-9b8c-eb211a01f2bf/metadata 2.771s
2025-12-15 13:49:11.385 65809 INFO tempest.lib.common.rest_client [req-77393c46-54b5-4cb3-acb1-702ad5e9739e req-77393c46-54b5-4cb3-acb1-702ad5e9739e ] Request (AggregatesAdminNegativeTestJSON:test_aggregate_list_as_user): 403 GET http://10.180.1.21/compute/v2.1/os-aggregates 2.480s
2025-12-15 13:49:11.411 65783 INFO tempest.lib.common.rest_client [req-a818255b-602d-4a10-9936-22afb0966c05 req-a818255b-602d-4a10-9936-22afb0966c05 ] Request (FlavorsAdminTestJSON:test_is_public_string_variations): 200 POST http://10.180.1.21/compute/v2.1/flavors 2.481s
2025-12-15 13:49:11.463 65815 INFO tempest.lib.common.rest_client [req-82b7c179-ee97-4ef1-bef4-dd1497335fc5 req-82b7c179-ee97-4ef1-bef4-dd1497335fc5 ] Request (ImagesOneServerTestJSON:setUpClass): 200 PUT http://10.180.1.21/networking/v2.0/routers/c33e8d49-022e-4c4b-8cb3-9f7343437c14/add_router_interface 1.067s
2025-12-15 13:49:11.464 65815 INFO tempest.lib.common.dynamic_creds [-] Created isolated network resources for: credentials: Credentials: {'domain_id': 'default', 'domain_name': 'Default', 'username': 'tempest-ImagesOneServerTestJSON-692734735-project-member', 'project_domain_id': 'default', 'project_domain_name': 'Default', 'project_id': '900c2f7e3138404796f6a83195fb3d9b', 'project_name': 'tempest-ImagesOneServerTestJSON-692734735', 'tenant_id': '900c2f7e3138404796f6a83195fb3d9b', 'tenant_name': 'tempest-ImagesOneServerTestJSON-692734735', 'user_domain_id': 'default', 'user_domain_name': 'Default', 'user_id': '95cc683438f04b48969a4606a6a1ba9b', 'system': None}, Network: {'id': '79ae181e-be40-4fd5-b9e5-cdc710a96989', 'name': 'tempest-ImagesOneServerTestJSON-1938376069-network', 'tenant_id': '900c2f7e3138404796f6a83195fb3d9b', 'project_id': '900c2f7e3138404796f6a83195fb3d9b', 'admin_state_up': True, 'mtu': 8950, 'status': 'ACTIVE', 'subnets': [], 'shared': False, 'port_security_enabled': True, 'router:external': False, 'provider:network_type': 'vlan', 'provider:physical_network': 'default', 'provider:segmentation_id': 179, 'availability_zone_hints': [], 'availability_zones': [], 'ipv4_address_scope': None, 'ipv6_address_scope': None, 'description': '', 'tags': [], 'created_at': '2025-12-15T13:49:09Z', 'updated_at': '2025-12-15T13:49:09Z', 'revision_number': 1}, Subnet: {'id': '68591c98-7496-4de9-b9ea-45660f5aa6d8', 'name': 'tempest-ImagesOneServerTestJSON-1938376069-subnet', 'tenant_id': '900c2f7e3138404796f6a83195fb3d9b', 'network_id': '79ae181e-be40-4fd5-b9e5-cdc710a96989', 'ip_version': 4, 'subnetpool_id': None, 'enable_dhcp': True, 'ipv6_ra_mode': None, 'ipv6_address_mode': None, 'gateway_ip': '192.168.128.1', 'cidr': '192.168.128.0/28', 'allocation_pools': [{'start': '192.168.128.2', 'end': '192.168.128.14'}], 'host_routes': [], 'dns_nameservers': [], 'description': '', 'router:external': False, 'service_types': [], 'tags': [], 'created_at': '2025-12-15T13:49:09Z', 'updated_at': '2025-12-15T13:49:09Z', 'revision_number': 0, 'project_id': '900c2f7e3138404796f6a83195fb3d9b'}, Router: {'id': 'c33e8d49-022e-4c4b-8cb3-9f7343437c14', 'name': 'tempest-ImagesOneServerTestJSON-1938376069-router', 'tenant_id': '900c2f7e3138404796f6a83195fb3d9b', 'admin_state_up': True, 'status': 'ACTIVE', 'external_gateway_info': {'network_id': 'a3897f41-cb78-4466-8205-e036c210f720', 'external_fixed_ips': [{'subnet_id': 'f4e8eb43-1fbb-4a76-808a-a6d04842500d', 'ip_address': '10.180.180.194'}], 'enable_snat': True}, 'description': '', 'availability_zones': [], 'distributed': False, 'ha': False, 'availability_zone_hints': [], 'routes': [], 'flavor_id': None, 'tags': [], 'created_at': '2025-12-15T13:49:09Z', 'updated_at': '2025-12-15T13:49:10Z', 'revision_number': 2, 'project_id': '900c2f7e3138404796f6a83195fb3d9b'}
2025-12-15 13:49:11.522 65789 INFO tempest.lib.common.rest_client [req-183451bf-f881-44db-b81e-fd64627158a1 req-183451bf-f881-44db-b81e-fd64627158a1 ] Request (ServersTestJSON:setUpClass): 200 GET http://10.180.1.21/compute/v2.1/servers/f42febe2-8121-4e08-9315-aa0d6fdc682a/os-interface 2.870s
2025-12-15 13:49:11.569 65815 INFO tempest.lib.common.rest_client [req-1a4dafd0-b397-4630-b45a-1d6caa07c3cb req-1a4dafd0-b397-4630-b45a-1d6caa07c3cb ] Request (ImagesOneServerTestJSON:setUpClass): 201 POST http://10.180.1.21/identity/v3/auth/tokens 0.102s
2025-12-15 13:49:11.572 65845 INFO tempest.lib.common.rest_client [req-b255736b-24c4-4696-9cac-665550967d94 req-b255736b-24c4-4696-9cac-665550967d94 ] Request (MultipleCreateNegativeTestJSON:test_max_count_less_than_min_count): 400 POST http://10.180.1.21/compute/v2.1/servers 2.485s
2025-12-15 13:49:11.611 65815 INFO tempest.lib.common.rest_client [req-1c580aa1-e315-41de-a310-081967058e60 req-1c580aa1-e315-41de-a310-081967058e60 ] Request (ImagesOneServerTestJSON:setUpClass): 201 POST http://10.180.1.21/identity/v3/auth/tokens 0.036s
2025-12-15 13:49:11.612 65815 INFO tempest.lib.common.fixed_network [-] (ImagesOneServerTestJSON:setUpClass) Found network {'id': '79ae181e-be40-4fd5-b9e5-cdc710a96989', 'name': 'tempest-ImagesOneServerTestJSON-1938376069-network', 'tenant_id': '900c2f7e3138404796f6a83195fb3d9b', 'project_id': '900c2f7e3138404796f6a83195fb3d9b', 'admin_state_up': True, 'mtu': 8950, 'status': 'ACTIVE', 'subnets': [], 'shared': False, 'port_security_enabled': True, 'router:external': False, 'provider:network_type': 'vlan', 'provider:physical_network': 'default', 'provider:segmentation_id': 179, 'availability_zone_hints': [], 'availability_zones': [], 'ipv4_address_scope': None, 'ipv6_address_scope': None, 'description': '', 'tags': [], 'created_at': '2025-12-15T13:49:09Z', 'updated_at': '2025-12-15T13:49:09Z', 'revision_number': 1} available for tenant
2025-12-15 13:49:11.614 65845 INFO tempest.lib.common.rest_client [req-6bc62078-865c-439b-81c9-755b86587d10 req-6bc62078-865c-439b-81c9-755b86587d10 ] Request (MultipleCreateNegativeTestJSON:test_max_count_less_than_one): 201 POST http://10.180.1.21/identity/v3/auth/tokens 0.034s
2025-12-15 13:49:11.614 65845 INFO tempest.lib.common.fixed_network [-] (MultipleCreateNegativeTestJSON:test_max_count_less_than_one) Found network None available for tenant
2025-12-15 13:49:11.675 65811 INFO tempest.lib.common.rest_client [req-fc8977d7-0b77-4152-8cdb-4ef527c7df14 req-fc8977d7-0b77-4152-8cdb-4ef527c7df14 ] Request (VolumesAdminNegativeTest:tearDownClass): 204 DELETE http://10.180.1.21/networking/v2.0/routers/8f378d45-5649-40a9-8f4c-1b54e3271dbb 0.534s
2025-12-15 13:49:11.689 65801 INFO tempest.lib.common.rest_client [req-ecd78632-4146-44fd-b3f7-70a9bd062df4 req-ecd78632-4146-44fd-b3f7-70a9bd062df4 ] Request (InstanceActionsTestJSON:tearDownClass): 204 DELETE http://10.180.1.21/compute/v2.1/servers/fb494a8c-80bc-478c-9084-d68ed986f3f7 2.232s
2025-12-15 13:49:11.723 65814 INFO tempest.lib.common.rest_client [req-47f89296-c2be-42be-a218-b8bd09c0e5db req-47f89296-c2be-42be-a218-b8bd09c0e5db ] Request (QuotasAdminNegativeTest:test_create_server_when_cpu_quota_is_full): 200 GET http://10.180.1.21/compute/v2.1/os-quota-sets/62499ec6380d45f0a16d1a60113210a2 2.410s
2025-12-15 13:49:12.147 65789 INFO tempest.lib.common.rest_client [req-5b94582b-0824-47ec-b081-4c022de99df1 req-5b94582b-0824-47ec-b081-4c022de99df1 ] Request (ServersTestJSON:setUpClass): 200 PUT http://10.180.1.21/networking/v2.0/floatingips/edd092f4-7c6a-46f0-ad8d-ac253b06a252 0.623s
2025-12-15 13:49:12.163 65811 INFO tempest.lib.common.rest_client [req-fcb72a55-85f2-462c-a08f-2f9b1e528938 req-fcb72a55-85f2-462c-a08f-2f9b1e528938 ] Request (VolumesAdminNegativeTest:tearDownClass): 204 DELETE http://10.180.1.21/networking/v2.0/subnets/e5448b87-cb7a-4c8d-89e3-593499a4dc39 0.488s
2025-12-15 13:49:12.179 65841 INFO tempest.lib.common.rest_client [req-30767901-edba-47ef-9dcb-459cc5db9156 req-30767901-edba-47ef-9dcb-459cc5db9156 ] Request (ServerMetadataNegativeTestJSON:setUpClass): 200 GET http://10.180.1.21/compute/v2.1/servers/92a24a98-adcc-43fa-a2e8-cba48d3c3cf8 2.610s
2025-12-15 13:49:12.190 65819 INFO tempest.lib.common.rest_client [req-324fa733-abba-4227-9866-d373341e4442 req-324fa733-abba-4227-9866-d373341e4442 ] Request (FloatingIPsAssociationNegativeTestJSON:test_dissociate_nonexistent_floating_ip): 404 POST http://10.180.1.21/compute/v2.1/servers/73d2e879-d2c0-428f-9cfa-aee11759e2f1/action 2.582s
2025-12-15 13:49:12.207 65799 INFO tempest.lib.common.rest_client [req-28e98b16-9760-404d-83a5-b385a49cc013 req-28e98b16-9760-404d-83a5-b385a49cc013 ] Request (FlavorsV2TestJSON:test_list_flavors_with_detail): 200 GET http://10.180.1.21/compute/v2.1/flavors/42 2.569s
2025-12-15 13:49:12.238 65795 INFO tempest.lib.common.rest_client [req-13551d44-640d-4d41-bd9e-52f99fbdeeed req-13551d44-640d-4d41-bd9e-52f99fbdeeed ] Request (HypervisorAdminTestJSON:test_get_hypervisor_stats): 200 GET http://10.180.1.21/compute/v2.1/os-hypervisors/statistics 2.474s
2025-12-15 13:49:12.384 65785 INFO tempest.lib.common.rest_client [req-53bdd673-75c2-48d3-9e7d-ab712fe20b27 req-53bdd673-75c2-48d3-9e7d-ab712fe20b27 ] Request (ListServerFiltersTestJSON:test_list_servers_filter_by_exceed_limit): 200 GET http://10.180.1.21/compute/v2.1/servers 2.645s
2025-12-15 13:49:12.471 65799 INFO tempest.lib.common.rest_client [req-6afbb973-ba90-40b3-85ba-24041e949248 req-6afbb973-ba90-40b3-85ba-24041e949248 ] Request (FlavorsV2TestJSON:tearDownClass): 204 DELETE http://10.180.1.21/identity/v3/users/fb6f0791e1f340ec84fd4e7c4e509031 0.258s
2025-12-15 13:49:12.471 65799 INFO tempest.lib.common.dynamic_creds [-] Deleting project and security group for project: 52e495d8a1614bb480c77b66cc22c734
2025-12-15 13:49:12.478 65795 INFO tempest.lib.common.rest_client [req-f916eb6c-0eaa-4bf5-8579-ff43fce88ba1 req-f916eb6c-0eaa-4bf5-8579-ff43fce88ba1 ] Request (HypervisorAdminTestJSON:tearDownClass): 204 DELETE http://10.180.1.21/identity/v3/users/ab1586f5487642ce8b8d7dd420b0411f 0.235s
2025-12-15 13:49:12.565 65799 INFO tempest.lib.common.rest_client [req-d427ca46-0fca-4e01-84b5-0995803d6e6f req-d427ca46-0fca-4e01-84b5-0995803d6e6f ] Request (FlavorsV2TestJSON:tearDownClass): 201 POST http://10.180.1.21/identity/v3/auth/tokens 0.093s
2025-12-15 13:49:12.617 65811 INFO tempest.lib.common.rest_client [req-a0e25fd8-4917-47c2-89be-15eacdfb21ca req-a0e25fd8-4917-47c2-89be-15eacdfb21ca ] Request (VolumesAdminNegativeTest:tearDownClass): 204 DELETE http://10.180.1.21/networking/v2.0/networks/265a6d8a-ec51-4402-8771-9269097d4318 0.453s
2025-12-15 13:49:12.632 65795 INFO tempest.lib.common.rest_client [req-d0d4502f-cf30-4786-bcc5-82464975b388 req-d0d4502f-cf30-4786-bcc5-82464975b388 ] Request (HypervisorAdminTestJSON:tearDownClass): 204 DELETE http://10.180.1.21/identity/v3/users/63e3bfe165a8499eb7d107c242d51666 0.154s
2025-12-15 13:49:12.632 65795 INFO tempest.lib.common.dynamic_creds [-] Deleting project and security group for project: e6d7916fc4a544f09af122cee3c83fe4
2025-12-15 13:49:12.676 65827 INFO tempest.lib.common.rest_client [req-593cd6a7-00b7-4928-b05a-55b9269e65cf req-593cd6a7-00b7-4928-b05a-55b9269e65cf ] Request (ServersTestMultiNic:test_verify_duplicate_network_nics): 200 GET http://10.180.1.21/compute/v2.1/servers/e8cc6876-dceb-490a-81e4-f55355b23717 2.873s
2025-12-15 13:49:12.689 65795 INFO tempest.lib.common.rest_client [req-ba8d920d-7527-44a8-80a3-6e74c83dd375 req-ba8d920d-7527-44a8-80a3-6e74c83dd375 ] Request (HypervisorAdminTestJSON:tearDownClass): 201 POST http://10.180.1.21/identity/v3/auth/tokens 0.056s
2025-12-15 13:49:12.915 65799 INFO tempest.lib.common.rest_client [req-9c9aab57-3dc8-4c42-b487-20a49142fc2a req-9c9aab57-3dc8-4c42-b487-20a49142fc2a ] Request (FlavorsV2TestJSON:tearDownClass): 200 GET http://10.180.1.21/networking/v2.0/security-groups?tenant_id=52e495d8a1614bb480c77b66cc22c734&name=default 0.350s
2025-12-15 13:49:13.635 65807 WARNING tempest.lib.common.ssh [-] Failed to establish authenticated ssh connection to cirros@10.180.180.158 ([Errno None] Unable to connect to port 22 on 10.180.180.158). Number attempts: 5. Retry after 6 seconds.: paramiko.ssh_exception.NoValidConnectionsError: [Errno None] Unable to connect to port 22 on 10.180.180.158
2025-12-15 13:49:13.685 65793 WARNING tempest.lib.common.ssh [-] Failed to establish authenticated ssh connection to cirros@10.180.180.137 ([Errno None] Unable to connect to port 22 on 10.180.180.137). Number attempts: 2. Retry after 3 seconds.: paramiko.ssh_exception.NoValidConnectionsError: [Errno None] Unable to connect to port 22 on 10.180.180.137
2025-12-15 13:49:13.694 65811 INFO tempest.lib.common.rest_client [req-34818f13-8eef-47a4-b8df-94b690c4fe66 req-34818f13-8eef-47a4-b8df-94b690c4fe66 ] Request (VolumesAdminNegativeTest:tearDownClass): 200 PUT http://10.180.1.21/networking/v2.0/routers/f2bb8223-f125-4942-a5ef-496dc85f6182/remove_router_interface 1.076s
2025-12-15 13:49:13.854 65795 INFO tempest.lib.common.rest_client [req-c997674b-1f7e-46ea-a780-59136a18532e req-c997674b-1f7e-46ea-a780-59136a18532e ] Request (HypervisorAdminTestJSON:tearDownClass): 200 GET http://10.180.1.21/networking/v2.0/security-groups?tenant_id=e6d7916fc4a544f09af122cee3c83fe4&name=default 1.165s
2025-12-15 13:49:13.860 65843 INFO tempest.lib.common.rest_client [req-cf3288a3-b3dd-4d20-ab6e-a4ca43d71a8f req-cf3288a3-b3dd-4d20-ab6e-a4ca43d71a8f ] Request (ServersTestManualDisk:setUpClass): 200 GET http://10.180.1.21/compute/v2.1/servers/41908755-4af2-474f-b842-04300f9365ce 4.006s
2025-12-15 13:49:13.870 65821 INFO tempest.lib.common.rest_client [req-c380e9fc-92f9-46f6-82df-16fdbac9caa2 req-c380e9fc-92f9-46f6-82df-16fdbac9caa2 ] Request (FloatingIPsAssociationTestJSON:setUpClass): 200 GET http://10.180.1.21/compute/v2.1/servers/2f1160e4-94df-482c-b833-4d469eddefad 3.975s
2025-12-15 13:49:13.939 65799 INFO tempest.lib.common.rest_client [req-ef7ca08b-2939-422e-a773-4e62c76d173f req-ef7ca08b-2939-422e-a773-4e62c76d173f ] Request (FlavorsV2TestJSON:tearDownClass): 204 DELETE http://10.180.1.21/networking/v2.0/security-groups/c5c9b5de-2fd3-4001-9dca-f37bd5731d65 1.023s
2025-12-15 13:49:14.012 65799 INFO tempest.lib.common.rest_client [req-889582c5-d5a9-4737-a9c4-6aeef75b39fd req-889582c5-d5a9-4737-a9c4-6aeef75b39fd ] Request (FlavorsV2TestJSON:tearDownClass): 204 DELETE http://10.180.1.21/identity/v3/projects/52e495d8a1614bb480c77b66cc22c734 0.073s
2025-12-15 13:49:14.086 65799 INFO tempest.lib.common.rest_client [req-dfe1eb71-b977-402d-8740-421b223e97f6 req-dfe1eb71-b977-402d-8740-421b223e97f6 ] Request (FloatingIPsNegativeTestJSON:setUpClass): 201 POST http://10.180.1.21/identity/v3/auth/tokens 0.072s
2025-12-15 13:49:14.093 65795 INFO tempest.lib.common.rest_client [req-819ebbfd-0ace-4d1a-b83d-5695ff7641f3 req-819ebbfd-0ace-4d1a-b83d-5695ff7641f3 ] Request (HypervisorAdminTestJSON:tearDownClass): 204 DELETE http://10.180.1.21/networking/v2.0/security-groups/cd32305f-dc30-43fb-9fd1-aac6eaba483a 0.239s
2025-12-15 13:49:14.132 65799 INFO tempest.lib.common.rest_client [req-e390e693-54a8-4600-aef5-ee4ea52d5a87 req-e390e693-54a8-4600-aef5-ee4ea52d5a87 ] Request (FloatingIPsNegativeTestJSON:setUpClass): 201 POST http://10.180.1.21/identity/v3/auth/tokens 0.043s
2025-12-15 13:49:14.158 65799 INFO tempest.lib.common.rest_client [req-ba4eb50f-8544-4d9b-90b6-8e4d873cd0d2 req-ba4eb50f-8544-4d9b-90b6-8e4d873cd0d2 ] Request (FloatingIPsNegativeTestJSON:setUpClass): 200 GET http://10.180.1.21/identity/v3/domains?name=Default 0.025s
2025-12-15 13:49:14.170 65795 INFO tempest.lib.common.rest_client [req-7ebdb6f1-5247-46db-8c1d-1a049b043a91 req-7ebdb6f1-5247-46db-8c1d-1a049b043a91 ] Request (HypervisorAdminTestJSON:tearDownClass): 204 DELETE http://10.180.1.21/identity/v3/projects/e6d7916fc4a544f09af122cee3c83fe4 0.076s
2025-12-15 13:49:14.170 65795 INFO tempest.lib.common.dynamic_creds [-] Deleting project and security group for project: 952662c7508e42fc92f8fe8131967b86
2025-12-15 13:49:14.218 65799 INFO tempest.lib.common.rest_client [req-eab159d8-c095-4d7c-b0c9-9c36ff7b500f req-eab159d8-c095-4d7c-b0c9-9c36ff7b500f ] Request (FloatingIPsNegativeTestJSON:setUpClass): 201 POST http://10.180.1.21/identity/v3/projects 0.060s
2025-12-15 13:49:14.250 65811 INFO tempest.lib.common.rest_client [req-607eca9a-ba20-4333-940a-ac11f0be4396 req-607eca9a-ba20-4333-940a-ac11f0be4396 ] Request (VolumesAdminNegativeTest:tearDownClass): 204 DELETE http://10.180.1.21/networking/v2.0/routers/f2bb8223-f125-4942-a5ef-496dc85f6182 0.556s
2025-12-15 13:49:14.296 65799 INFO tempest.lib.common.rest_client [req-f4455233-e74e-4025-8d84-565b299efd9d req-f4455233-e74e-4025-8d84-565b299efd9d ] Request (FloatingIPsNegativeTestJSON:setUpClass): 201 POST http://10.180.1.21/identity/v3/users 0.077s
2025-12-15 13:49:14.325 65799 INFO tempest.lib.common.rest_client [req-1621fe40-fee7-45b3-bb3a-5fc2884e4a53 req-1621fe40-fee7-45b3-bb3a-5fc2884e4a53 ] Request (FloatingIPsNegativeTestJSON:setUpClass): 200 GET http://10.180.1.21/identity/v3/roles 0.028s
2025-12-15 13:49:14.362 65835 INFO tempest.lib.common.rest_client [req-959ebaf3-39c1-4178-bade-291673c7bbf2 req-959ebaf3-39c1-4178-bade-291673c7bbf2 ] Request (SecurityGroupRulesTestJSON:tearDownClass): 202 DELETE http://10.180.1.21/compute/v2.1/os-security-groups/02c66976-f009-48f3-9f94-7497e6bce82e 3.868s
2025-12-15 13:49:14.372 65799 INFO tempest.lib.common.rest_client [req-0cc8a11c-b837-4434-9869-5830984f6488 req-0cc8a11c-b837-4434-9869-5830984f6488 ] Request (FloatingIPsNegativeTestJSON:setUpClass): 204 PUT http://10.180.1.21/identity/v3/projects/99d6f2d4cf0f4e14b9935a2582ec89e5/users/5237d9f7eee14c7dbbc3522e0440cb8d/roles/a98ecd7b49884e209ece9f19751ee7ae 0.046s
2025-12-15 13:49:14.373 65799 INFO tempest.lib.common.dynamic_creds [-] Dynamic test user 5237d9f7eee14c7dbbc3522e0440cb8d is created with scope project and roles: ['member']
2025-12-15 13:49:14.373 65799 INFO tempest.lib.common.dynamic_creds [-] Acquired dynamic creds: credentials: Credentials: {'domain_id': 'default', 'domain_name': 'Default', 'username': 'tempest-FloatingIPsNegativeTestJSON-112386046-project-member', 'project_domain_id': 'default', 'project_domain_name': 'Default', 'project_id': '99d6f2d4cf0f4e14b9935a2582ec89e5', 'project_name': 'tempest-FloatingIPsNegativeTestJSON-112386046', 'tenant_id': '99d6f2d4cf0f4e14b9935a2582ec89e5', 'tenant_name': 'tempest-FloatingIPsNegativeTestJSON-112386046', 'user_domain_id': 'default', 'user_domain_name': 'Default', 'user_id': '5237d9f7eee14c7dbbc3522e0440cb8d', 'system': None}, Network: None, Subnet: None, Router: None
2025-12-15 13:49:14.383 65825 INFO tempest.lib.common.rest_client [req-41372a53-2729-40e1-b991-97bb1f637715 req-41372a53-2729-40e1-b991-97bb1f637715 ] Request (QuotaClassesAdmin257Test:test_update_default_quotas): 200 GET http://10.180.1.21/compute/v2.1/os-quota-class-sets/default 3.783s
