2025-11-21 00:53:55.557 65777 INFO tempest.lib.common.rest_client [req-d8b040d0-96a8-4628-a025-72ed612b64dc req-d8b040d0-96a8-4628-a025-72ed612b64dc ] Request (InstanceActionsV221TestJSON:tearDownClass): 204 DELETE http://10.180.1.21/identity/v3/projects/fbff98573add443483aef19b6dd51a60 0.207s
2025-11-21 00:53:55.593 65737 INFO tempest.lib.common.rest_client [req-d0b9dd53-9be8-4b59-a4f6-091eb5aaf2bf req-d0b9dd53-9be8-4b59-a4f6-091eb5aaf2bf ] Request (ImagesOneServerTestJSON:setUpClass): 200 GET http://10.180.1.21/compute/v2.1/servers/4faf0c79-4987-4a5f-8723-f28d2e435a03 0.972s
2025-11-21 00:53:55.607 65753 INFO tempest.lib.common.rest_client [req-2323eb82-b956-4aac-9ff8-a8848915ed37 req-2323eb82-b956-4aac-9ff8-a8848915ed37 ] Request (ImagesNegativeTestJSON:test_create_image_from_deleted_server): 200 GET http://10.180.1.21/compute/v2.1/servers/1217a044-48b3-4437-8260-902d38e3389c 0.698s
2025-11-21 00:53:55.634 65777 INFO tempest.lib.common.rest_client [req-fb8c86db-b33b-4c59-b9e0-f50edc900962 req-fb8c86db-b33b-4c59-b9e0-f50edc900962 ] Request (ListServerFiltersTestJSON:setUpClass): 201 POST http://10.180.1.21/identity/v3/auth/tokens 0.075s
2025-11-21 00:53:55.649 65759 INFO tempest.lib.common.rest_client [req-da0ace05-aef5-4a24-87e8-e560c6017c80 req-da0ace05-aef5-4a24-87e8-e560c6017c80 ] Request (ServerMetadataNegativeTestJSON:setUpClass): 200 GET http://10.180.1.21/compute/v2.1/servers/ccde109b-ece0-4229-aece-638ff454e09c 0.683s
2025-11-21 00:53:55.673 65777 INFO tempest.lib.common.rest_client [req-e827db08-171d-47be-9f2a-ff616b7157db req-e827db08-171d-47be-9f2a-ff616b7157db ] Request (ListServerFiltersTestJSON:setUpClass): 201 POST http://10.180.1.21/identity/v3/auth/tokens 0.035s
2025-11-21 00:53:55.675 65769 INFO tempest.lib.common.rest_client [req-8d12e050-4794-4f2f-8dfd-1d2c61921fde req-8d12e050-4794-4f2f-8dfd-1d2c61921fde ] Request (ServersAdminTestJSON:test_list_servers_by_admin): 200 GET http://10.180.1.21/compute/v2.1/servers/detail 0.547s
2025-11-21 00:53:55.693 65775 INFO tempest.lib.common.rest_client [req-2e9f4f36-9e9b-4633-9379-96f02bdc8de3 req-2e9f4f36-9e9b-4633-9379-96f02bdc8de3 ] Request (DeleteServersAdminTestJSON:tearDownClass): 404 GET http://10.180.1.21/compute/v2.1/servers/79edcd9f-5e4c-4b25-b40e-2796957ba92a 0.517s
2025-11-21 00:53:55.710 65777 INFO tempest.lib.common.rest_client [req-bf484a7f-52e5-40e2-9871-d9f9a4937848 req-bf484a7f-52e5-40e2-9871-d9f9a4937848 ] Request (ListServerFiltersTestJSON:setUpClass): 200 GET http://10.180.1.21/identity/v3/domains?name=Default 0.037s
2025-11-21 00:53:55.741 65777 INFO tempest.lib.common.rest_client [req-b2ed3bd0-d8dd-4ff3-ab0d-4d7e83f2bb55 req-b2ed3bd0-d8dd-4ff3-ab0d-4d7e83f2bb55 ] Request (ListServerFiltersTestJSON:setUpClass): 201 POST http://10.180.1.21/identity/v3/projects 0.030s
2025-11-21 00:53:55.800 65775 INFO tempest.lib.common.rest_client [req-903f2a60-e603-4762-868a-478f6f6255a8 req-903f2a60-e603-4762-868a-478f6f6255a8 ] Request (DeleteServersAdminTestJSON:tearDownClass): 204 DELETE http://10.180.1.21/identity/v3/users/f3846cc910e64cf49c8636e830aa3c5c 0.106s
2025-11-21 00:53:55.814 65731 INFO tempest.lib.common.rest_client [req-34291d90-7a08-44be-88fc-e4fbae90a534 req-34291d90-7a08-44be-88fc-e4fbae90a534 ] Request (SecurityGroupsTestJSON:test_security_groups_create_list_delete): 200 POST http://10.180.1.21/compute/v2.1/os-security-groups 0.658s
2025-11-21 00:53:55.852 65767 INFO tempest.lib.common.rest_client [req-07d5b53f-d567-424f-8696-209bb8abebfd req-07d5b53f-d567-424f-8696-209bb8abebfd ] Request (ServersWithSpecificFlavorTestJSON:test_verify_created_server_ephemeral_disk): 200 GET http://10.180.1.21/compute/v2.1/servers/eb4739cf-ec47-41f9-a534-21002f19a68f 0.626s
2025-11-21 00:53:55.859 65777 INFO tempest.lib.common.rest_client [req-3a482ac5-15ee-461a-bf07-3f13dbb80e35 req-3a482ac5-15ee-461a-bf07-3f13dbb80e35 ] Request (ListServerFiltersTestJSON:setUpClass): 201 POST http://10.180.1.21/identity/v3/users 0.117s
2025-11-21 00:53:55.889 65777 INFO tempest.lib.common.rest_client [req-7059af36-8b6b-47a6-a063-da0fe59fae9b req-7059af36-8b6b-47a6-a063-da0fe59fae9b ] Request (ListServerFiltersTestJSON:setUpClass): 200 GET http://10.180.1.21/identity/v3/roles 0.029s
2025-11-21 00:53:55.910 65783 INFO tempest.lib.common.rest_client [req-0a6ee84f-0c8a-4e72-ae06-8af53fbaf602 req-0a6ee84f-0c8a-4e72-ae06-8af53fbaf602 ] Request (AttachInterfacesTestJSON:test_create_list_show_delete_interfaces_by_fixed_ip): 202 DELETE http://10.180.1.21/compute/v2.1/servers/53de1ab3-4c58-4642-bcb2-cea90986d2c8/os-interface/04edabeb-b0fd-4d45-9a04-dd8669250fe3 0.636s
2025-11-21 00:53:55.912 65743 INFO tempest.lib.common.rest_client [req-c4e09048-3991-4ecb-a6e8-345003acc5e5 req-c4e09048-3991-4ecb-a6e8-345003acc5e5 ] Request (ImagesOneServerNegativeTestJSON:_run_cleanups): 200 GET http://10.180.1.21/compute/v2.1/servers/db91b53e-5a32-44c0-b545-2d9dc2459a66 0.498s
2025-11-21 00:53:55.926 65775 INFO tempest.lib.common.rest_client [req-62a7f3ff-159c-4559-9dd8-443f81646678 req-62a7f3ff-159c-4559-9dd8-443f81646678 ] Request (DeleteServersAdminTestJSON:tearDownClass): 204 DELETE http://10.180.1.21/identity/v3/users/482044e356154a819a8cb9e29280d1cb 0.125s
2025-11-21 00:53:55.926 65775 INFO tempest.lib.common.dynamic_creds [-] Deleting project and security group for project: fa9d8f38c9ba4f6aad93a44f59354a9c
2025-11-21 00:53:55.974 65777 INFO tempest.lib.common.rest_client [req-1b9e2b0c-c7f3-4321-918e-9301332d5e8b req-1b9e2b0c-c7f3-4321-918e-9301332d5e8b ] Request (ListServerFiltersTestJSON:setUpClass): 204 PUT http://10.180.1.21/identity/v3/projects/011b75a153f94caf86b76f4a8d785839/users/8d4cc480db5149ad9d8b95aa3e902219/roles/9de76072532944ecabe279c3c74acf84 0.084s
2025-11-21 00:53:55.974 65777 INFO tempest.lib.common.dynamic_creds [-] Dynamic test user 8d4cc480db5149ad9d8b95aa3e902219 is created with scope project and roles: ['member']
2025-11-21 00:53:55.974 65777 INFO tempest.lib.common.dynamic_creds [-] Acquired dynamic creds: credentials: Credentials: {'domain_id': 'default', 'domain_name': 'Default', 'username': 'tempest-ListServerFiltersTestJSON-404483545-project-member', 'project_domain_id': 'default', 'project_domain_name': 'Default', 'project_id': '011b75a153f94caf86b76f4a8d785839', 'project_name': 'tempest-ListServerFiltersTestJSON-404483545', 'tenant_id': '011b75a153f94caf86b76f4a8d785839', 'tenant_name': 'tempest-ListServerFiltersTestJSON-404483545', 'user_domain_id': 'default', 'user_domain_name': 'Default', 'user_id': '8d4cc480db5149ad9d8b95aa3e902219', 'system': None}, Network: None, Subnet: None, Router: None
2025-11-21 00:53:55.989 65775 INFO tempest.lib.common.rest_client [req-48cef7ad-5a0c-4570-85ab-2fa8e66518cd req-48cef7ad-5a0c-4570-85ab-2fa8e66518cd ] Request (DeleteServersAdminTestJSON:tearDownClass): 201 POST http://10.180.1.21/identity/v3/auth/tokens 0.063s
2025-11-21 00:53:56.032 65749 INFO tempest.lib.common.rest_client [req-7ea0e027-3ccd-4d00-92a5-066a76df7745 req-7ea0e027-3ccd-4d00-92a5-066a76df7745 ] Request (FloatingIPsAssociationTestJSON:tearDownClass): 200 GET http://10.180.1.21/compute/v2.1/servers/f68a44b8-a27e-4d9d-8f03-193796180d5f 0.601s
2025-11-21 00:53:56.057 65777 INFO tempest.lib.common.rest_client [req-f165ee70-42cf-48c1-9f3d-506e5036617c req-f165ee70-42cf-48c1-9f3d-506e5036617c ] Request (ListServerFiltersTestJSON:setUpClass): 201 POST http://10.180.1.21/identity/v3/auth/tokens 0.082s
2025-11-21 00:53:56.072 65745 INFO tempest.lib.common.rest_client [req-3ed0d3b3-8e7e-466a-918a-9d852f3ea9d0 req-3ed0d3b3-8e7e-466a-918a-9d852f3ea9d0 ] Request (ServerMetadataTestJSON:test_get_server_metadata_item): 200 GET http://10.180.1.21/compute/v2.1/servers/6f5add25-ba92-49fb-af6b-a861bd3573bc/metadata/key2 0.618s
2025-11-21 00:53:56.122 65773 INFO tempest.lib.common.rest_client [req-2150e998-96be-4f52-97f0-0f735e1a980f req-2150e998-96be-4f52-97f0-0f735e1a980f ] Request (ImagesTestJSON:test_create_image_from_stopped_server): 200 GET http://10.180.1.21/compute/v2.1/images/4a806fa4-959d-4de3-8b8b-af1e21548b15 0.650s
2025-11-21 00:53:56.171 65727 INFO tempest.lib.common.rest_client [req-3ff86dee-6d4c-4463-a1a4-abd56f270425 req-3ff86dee-6d4c-4463-a1a4-abd56f270425 ] Request (VolumesAssistedSnapshotsTest:tearDownClass): 200 GET http://10.180.1.21/compute/v2.1/servers/1c5e0c99-bd33-41d3-82b5-fd4cef419263 0.723s
2025-11-21 00:53:56.197 65763 INFO tempest.lib.common.rest_client [req-a219b578-c87f-45da-a935-b2cadc61771d req-a219b578-c87f-45da-a935-b2cadc61771d ] Request (FlavorsAdminTestJSON:test_list_public_flavor_with_other_user): 200 POST http://10.180.1.21/compute/v2.1/flavors 0.701s
2025-11-21 00:53:56.250 65761 INFO tempest.lib.common.rest_client [req-58b5c727-f2a7-4cb3-80e1-6c1489988974 req-58b5c727-f2a7-4cb3-80e1-6c1489988974 ] Request (VolumesTestJSON:test_volume_list_with_detail_param_offset_and_limit): 200 GET http://10.180.1.21/compute/v2.1/os-volumes/detail?offset=1&limit=1 0.732s
2025-11-21 00:53:56.288 65775 INFO tempest.lib.common.rest_client [req-ba50b07e-ea96-460d-b71b-1005bf6c9f74 req-ba50b07e-ea96-460d-b71b-1005bf6c9f74 ] Request (DeleteServersAdminTestJSON:tearDownClass): 200 GET http://10.180.1.21/networking/v2.0/security-groups?tenant_id=fa9d8f38c9ba4f6aad93a44f59354a9c&name=default 0.298s
2025-11-21 00:53:56.345 65741 INFO tempest.lib.common.rest_client [req-9f5e3382-5c20-4a1f-8afa-fd83cc8f2128 req-9f5e3382-5c20-4a1f-8afa-fd83cc8f2128 ] Request (QuotasAdminTestJSON:test_get_updated_quotas): 200 PUT http://10.180.1.21/compute/v2.1/os-quota-sets/1a3e4f2df70b4f65aacca1db32eb05c9 0.861s
2025-11-21 00:53:56.501 65775 INFO tempest.lib.common.rest_client [req-c06ecb75-6b0c-47bf-aea7-4c08b5b89f19 req-c06ecb75-6b0c-47bf-aea7-4c08b5b89f19 ] Request (DeleteServersAdminTestJSON:tearDownClass): 204 DELETE http://10.180.1.21/networking/v2.0/security-groups/bc4d578b-1677-45d7-8b36-eab02bfcc0b3 0.212s
2025-11-21 00:53:56.537 65777 INFO tempest.lib.common.rest_client [req-4ce4d4a0-ffac-4954-9d63-f04db16586ad req-4ce4d4a0-ffac-4954-9d63-f04db16586ad ] Request (ListServerFiltersTestJSON:setUpClass): 201 POST http://10.180.1.21/networking/v2.0/networks 0.480s
2025-11-21 00:53:56.539 65781 INFO tempest.lib.common.rest_client [req-0009b660-f9fa-41f1-a0f0-200113901ad5 req-0009b660-f9fa-41f1-a0f0-200113901ad5 ] Request (AttachVolumeTestJSON:test_attach_detach_volume): 200 GET http://10.180.1.21/compute/v2.1/servers/b581ab7e-f135-4b5b-a1d4-2ed4145a9925 0.977s
2025-11-21 00:53:56.565 65747 INFO tempest.lib.common.rest_client [req-259e2146-9105-4b78-b8e9-5e6d688c1372 req-259e2146-9105-4b78-b8e9-5e6d688c1372 ] Request (ServersAdminNegativeTestJSON:tearDownClass): 200 GET http://10.180.1.21/compute/v2.1/servers/eb4faece-3fa5-4441-8d77-def43fd9dc03 0.902s
2025-11-21 00:53:56.617 65775 INFO tempest.lib.common.rest_client [req-8b9928f5-9c85-4a79-844f-a581cb413ca4 req-8b9928f5-9c85-4a79-844f-a581cb413ca4 ] Request (DeleteServersAdminTestJSON:tearDownClass): 204 DELETE http://10.180.1.21/identity/v3/projects/fa9d8f38c9ba4f6aad93a44f59354a9c 0.115s
2025-11-21 00:53:56.619 65775 INFO tempest.lib.common.dynamic_creds [-] Deleting project and security group for project: f8665f8aeb0849f5b8f06b0e06164d9b
2025-11-21 00:53:56.645 65735 INFO tempest.lib.common.rest_client [req-9f8163e0-492f-4bd6-bf3b-a0994fe6fe46 req-9f8163e0-492f-4bd6-bf3b-a0994fe6fe46 ] Request (VolumesAdminNegativeTest:test_update_attached_volume_with_nonexistent_volume_in_uri): 200 GET http://10.180.1.21/compute/v2.1/servers/0358146c-7203-47c8-bc99-2e884eb24277 0.969s
2025-11-21 00:53:56.688 65775 INFO tempest.lib.common.rest_client [req-84383407-872a-4cf8-9e29-aab1ebad7680 req-84383407-872a-4cf8-9e29-aab1ebad7680 ] Request (DeleteServersAdminTestJSON:tearDownClass): 200 GET http://10.180.1.21/networking/v2.0/security-groups?tenant_id=f8665f8aeb0849f5b8f06b0e06164d9b&name=default 0.069s
2025-11-21 00:53:56.761 65777 INFO tempest.lib.common.rest_client [req-8b2e8565-9154-47d4-9864-35bd7791f59d req-8b2e8565-9154-47d4-9864-35bd7791f59d ] Request (ListServerFiltersTestJSON:setUpClass): 201 POST http://10.180.1.21/networking/v2.0/subnets 0.223s
2025-11-21 00:53:56.761 65777 INFO tempest.lib.common.dynamic_creds [-] Created isolated network resources for: credentials: Credentials: {'domain_id': 'default', 'domain_name': 'Default', 'username': 'tempest-ListServerFiltersTestJSON-404483545-project-member', 'project_domain_id': 'default', 'project_domain_name': 'Default', 'project_id': '011b75a153f94caf86b76f4a8d785839', 'project_name': 'tempest-ListServerFiltersTestJSON-404483545', 'tenant_id': '011b75a153f94caf86b76f4a8d785839', 'tenant_name': 'tempest-ListServerFiltersTestJSON-404483545', 'user_domain_id': 'default', 'user_domain_name': 'Default', 'user_id': '8d4cc480db5149ad9d8b95aa3e902219', 'system': None}, Network: {'id': '7e161914-32a2-4b23-82ed-75c34047caf6', 'name': 'tempest-ListServerFiltersTestJSON-384832175-network', 'tenant_id': '011b75a153f94caf86b76f4a8d785839', 'project_id': '011b75a153f94caf86b76f4a8d785839', 'admin_state_up': True, 'mtu': 8950, 'status': 'ACTIVE', 'subnets': [], 'shared': False, 'port_security_enabled': True, 'router:external': False, 'provider:network_type': 'vlan', 'provider:physical_network': 'default', 'provider:segmentation_id': 625, 'availability_zone_hints': [], 'availability_zones': [], 'ipv4_address_scope': None, 'ipv6_address_scope': None, 'description': '', 'tags': [], 'created_at': '2025-11-21T00:53:56Z', 'updated_at': '2025-11-21T00:53:56Z', 'revision_number': 1}, Subnet: {'id': '3485722c-1525-4634-a503-2d9a0e3f8547', 'name': 'tempest-ListServerFiltersTestJSON-384832175-subnet', 'tenant_id': '011b75a153f94caf86b76f4a8d785839', 'network_id': '7e161914-32a2-4b23-82ed-75c34047caf6', 'ip_version': 4, 'subnetpool_id': None, 'enable_dhcp': True, 'ipv6_ra_mode': None, 'ipv6_address_mode': None, 'gateway_ip': '192.168.128.1', 'cidr': '192.168.128.0/28', 'allocation_pools': [{'start': '192.168.128.2', 'end': '192.168.128.14'}], 'host_routes': [], 'dns_nameservers': [], 'description': '', 'router:external': False, 'service_types': [], 'tags': [], 'created_at': '2025-11-21T00:53:56Z', 'updated_at': '2025-11-21T00:53:56Z', 'revision_number': 0, 'project_id': '011b75a153f94caf86b76f4a8d785839'}, Router: None
2025-11-21 00:53:56.785 65751 INFO tempest.lib.common.rest_client [req-5d0e6466-c697-4357-93b7-616a1f83ba5c req-5d0e6466-c697-4357-93b7-616a1f83ba5c ] Request (ServersTestMultiNic:_run_cleanups): 200 GET http://10.180.1.21/compute/v2.1/servers/d29a263e-b28a-41e4-8849-eba739b6b2f4 0.988s
2025-11-21 00:53:56.816 65775 INFO tempest.lib.common.rest_client [req-f29f0122-bb1d-4f0c-bccf-c47c00ab36ec req-f29f0122-bb1d-4f0c-bccf-c47c00ab36ec ] Request (DeleteServersAdminTestJSON:tearDownClass): 204 DELETE http://10.180.1.21/networking/v2.0/security-groups/6b45542d-f3aa-494d-9bd8-ea2796b8b6fc 0.127s
2025-11-21 00:53:56.843 65777 INFO tempest.lib.common.rest_client [req-2d5bf574-acf8-4d26-9bf5-8c3d9f5545b4 req-2d5bf574-acf8-4d26-9bf5-8c3d9f5545b4 ] Request (ListServerFiltersTestJSON:setUpClass): 201 POST http://10.180.1.21/identity/v3/auth/tokens 0.078s
2025-11-21 00:53:56.897 65777 INFO tempest.lib.common.rest_client [req-3fa1276c-05f5-40db-b853-fce9cf133992 req-3fa1276c-05f5-40db-b853-fce9cf133992 ] Request (ListServerFiltersTestJSON:setUpClass): 201 POST http://10.180.1.21/identity/v3/auth/tokens 0.050s
2025-11-21 00:53:56.897 65777 INFO tempest.lib.common.fixed_network [-] (ListServerFiltersTestJSON:setUpClass) Found network {'id': '7e161914-32a2-4b23-82ed-75c34047caf6', 'name': 'tempest-ListServerFiltersTestJSON-384832175-network', 'tenant_id': '011b75a153f94caf86b76f4a8d785839', 'project_id': '011b75a153f94caf86b76f4a8d785839', 'admin_state_up': True, 'mtu': 8950, 'status': 'ACTIVE', 'subnets': [], 'shared': False, 'port_security_enabled': True, 'router:external': False, 'provider:network_type': 'vlan', 'provider:physical_network': 'default', 'provider:segmentation_id': 625, 'availability_zone_hints': [], 'availability_zones': [], 'ipv4_address_scope': None, 'ipv6_address_scope': None, 'description': '', 'tags': [], 'created_at': '2025-11-21T00:53:56Z', 'updated_at': '2025-11-21T00:53:56Z', 'revision_number': 1} available for tenant
2025-11-21 00:53:56.968 65775 INFO tempest.lib.common.rest_client [req-4cf37a41-1fe3-4308-ae18-06d2a52c1f26 req-4cf37a41-1fe3-4308-ae18-06d2a52c1f26 ] Request (DeleteServersAdminTestJSON:tearDownClass): 204 DELETE http://10.180.1.21/identity/v3/projects/f8665f8aeb0849f5b8f06b0e06164d9b 0.152s
2025-11-21 00:53:56.971 65731 INFO tempest.lib.common.rest_client [req-4a0dbaef-9c62-484a-9d07-0e5768a4d682 req-4a0dbaef-9c62-484a-9d07-0e5768a4d682 ] Request (SecurityGroupsTestJSON:test_security_groups_create_list_delete): 200 POST http://10.180.1.21/compute/v2.1/os-security-groups 1.154s
2025-11-21 00:53:56.991 65777 INFO tempest.lib.common.rest_client [req-b6520628-e565-46eb-8b4e-d0d2ddf3a6e4 req-b6520628-e565-46eb-8b4e-d0d2ddf3a6e4 ] Request (ListServerFiltersTestJSON:setUpClass): 201 POST http://10.180.1.21/identity/v3/auth/tokens 0.086s
2025-11-21 00:53:56.991 65777 INFO tempest.lib.common.fixed_network [-] (ListServerFiltersTestJSON:setUpClass) Found network {'id': '7e161914-32a2-4b23-82ed-75c34047caf6', 'name': 'tempest-ListServerFiltersTestJSON-384832175-network', 'tenant_id': '011b75a153f94caf86b76f4a8d785839', 'project_id': '011b75a153f94caf86b76f4a8d785839', 'admin_state_up': True, 'mtu': 8950, 'status': 'ACTIVE', 'subnets': [], 'shared': False, 'port_security_enabled': True, 'router:external': False, 'provider:network_type': 'vlan', 'provider:physical_network': 'default', 'provider:segmentation_id': 625, 'availability_zone_hints': [], 'availability_zones': [], 'ipv4_address_scope': None, 'ipv6_address_scope': None, 'description': '', 'tags': [], 'created_at': '2025-11-21T00:53:56Z', 'updated_at': '2025-11-21T00:53:56Z', 'revision_number': 1} available for tenant
2025-11-21 00:53:57.023 65769 INFO tempest.lib.common.rest_client [req-3e2406c4-5de6-4554-a985-ae654069a26e req-3e2406c4-5de6-4554-a985-ae654069a26e ] Request (ServersAdminTestJSON:test_list_servers_by_admin_with_all_tenants): 200 GET http://10.180.1.21/compute/v2.1/servers/detail?all_tenants= 1.339s
2025-11-21 00:53:57.049 65775 INFO tempest.lib.common.rest_client [req-344a730f-8c77-4290-b50e-059d1b0bd4fb req-344a730f-8c77-4290-b50e-059d1b0bd4fb ] Request (ServersTestBootFromVolume:setUpClass): 201 POST http://10.180.1.21/identity/v3/auth/tokens 0.079s
2025-11-21 00:53:57.060 65769 WARNING tempest.lib.common.rest_client [-] Deprecated: "tenant_id" property is deprecated for removal, use "project_id" instead
2025-11-21 00:53:57.083 65785 INFO tempest.lib.common.rest_client [req-1234592b-dcaa-40ed-b3a9-cb6fadca5a98 req-1234592b-dcaa-40ed-b3a9-cb6fadca5a98 ] Request (ServersListShow2100Test:tearDownClass): 200 GET http://10.180.1.21/compute/v2.1/servers/632fe34e-2c2a-4dea-b45a-6de81b144f31 1.254s
2025-11-21 00:53:57.098 65775 INFO tempest.lib.common.rest_client [req-3cb0b25b-2a23-4338-8b8b-20bfc455f42f req-3cb0b25b-2a23-4338-8b8b-20bfc455f42f ] Request (ServersTestBootFromVolume:setUpClass): 201 POST http://10.180.1.21/identity/v3/auth/tokens 0.045s
2025-11-21 00:53:57.130 65775 INFO tempest.lib.common.rest_client [req-dea1ad3e-e7c9-44d1-bc8b-c8f09ad7b9d9 req-dea1ad3e-e7c9-44d1-bc8b-c8f09ad7b9d9 ] Request (ServersTestBootFromVolume:setUpClass): 200 GET http://10.180.1.21/identity/v3/domains?name=Default 0.032s
2025-11-21 00:53:57.147 65787 INFO tempest.lib.common.rest_client [req-169b49e1-c9b4-4b00-b9c1-0d32e1472d88 req-169b49e1-c9b4-4b00-b9c1-0d32e1472d88 ] Request (ServerActionsTestOtherA:setUpClass): 200 GET http://10.180.1.21/compute/v2.1/servers/b10631f5-74d6-42f7-9ffa-3d4835fad13c 1.225s
2025-11-21 00:53:57.153 65783 INFO tempest.lib.common.rest_client [req-d94113b0-49fb-4962-bf44-541541f57b5f req-d94113b0-49fb-4962-bf44-541541f57b5f ] Request (AttachInterfacesTestJSON:test_create_list_show_delete_interfaces_by_fixed_ip): 200 GET http://10.180.1.21/compute/v2.1/servers/53de1ab3-4c58-4642-bcb2-cea90986d2c8/os-interface 1.242s
2025-11-21 00:53:57.173 65775 INFO tempest.lib.common.rest_client [req-8d624006-e50e-4ed1-ac71-b899a168f3f3 req-8d624006-e50e-4ed1-ac71-b899a168f3f3 ] Request (ServersTestBootFromVolume:setUpClass): 201 POST http://10.180.1.21/identity/v3/projects 0.042s
2025-11-21 00:53:57.223 65757 INFO tempest.lib.common.rest_client [req-ae33e064-95b0-467f-9228-f202b3595f67 req-ae33e064-95b0-467f-9228-f202b3595f67 ] Request (AttachInterfacesV270Test:tearDownClass): 200 GET http://10.180.1.21/compute/v2.1/servers/66201921-fe89-42fa-8228-42306d0ef13d 1.189s
2025-11-21 00:53:57.234 65757 INFO tempest.common.waiters [-] State transition "ACTIVE/deleting" ==> "DELETED/None" after 5 second wait
2025-11-21 00:53:57.234 65745 INFO tempest.lib.common.rest_client [req-c669344c-65e6-4c8c-b522-8d503fbe82ab req-c669344c-65e6-4c8c-b522-8d503fbe82ab ] Request (ServerMetadataTestJSON:setUp): 200 PUT http://10.180.1.21/compute/v2.1/servers/6f5add25-ba92-49fb-af6b-a861bd3573bc/metadata 1.157s
2025-11-21 00:53:57.260 65775 INFO tempest.lib.common.rest_client [req-a2ca97da-238d-4feb-b80c-3280545ce5b6 req-a2ca97da-238d-4feb-b80c-3280545ce5b6 ] Request (ServersTestBootFromVolume:setUpClass): 201 POST http://10.180.1.21/identity/v3/users 0.086s
2025-11-21 00:53:57.277 65739 INFO tempest.lib.common.rest_client [req-775a6a03-c323-4e04-bb67-902bd35ff6aa req-775a6a03-c323-4e04-bb67-902bd35ff6aa ] Request (ListImageFiltersTestJSON:setUpClass): 200 GET http://10.180.1.21/compute/v2.1/images/8aba19cb-a6d6-4d56-a2e0-6d2a18a7590b 1.121s
2025-11-21 00:53:57.290 65733 INFO tempest.lib.common.rest_client [req-3319b4cd-3c31-4c29-a740-cd26af0fe237 req-3319b4cd-3c31-4c29-a740-cd26af0fe237 ] Request (MigrationsAdminTest:test_resize_server_revert_deleted_flavor): 200 GET http://10.180.1.21/compute/v2.1/servers/0059dc57-d118-4dd7-b8ea-0e64335b243d 1.177s
2025-11-21 00:53:57.298 65775 INFO tempest.lib.common.rest_client [req-f2062def-b678-49ff-8691-167030bb4efe req-f2062def-b678-49ff-8691-167030bb4efe ] Request (ServersTestBootFromVolume:setUpClass): 200 GET http://10.180.1.21/identity/v3/roles 0.037s
2025-11-21 00:53:57.308 65763 INFO tempest.lib.common.rest_client [req-6010c925-d098-4e93-a710-2513d6c850c1 req-6010c925-d098-4e93-a710-2513d6c850c1 ] Request (FlavorsAdminTestJSON:test_list_public_flavor_with_other_user): 200 GET http://10.180.1.21/compute/v2.1/flavors/detail 1.109s
2025-11-21 00:53:57.339 65761 INFO tempest.lib.common.rest_client [req-0803f5f8-1039-47e7-b664-b43c2c9ab23d req-0803f5f8-1039-47e7-b664-b43c2c9ab23d ] Request (VolumesTestJSON:test_volume_list_with_details): 200 GET http://10.180.1.21/compute/v2.1/os-volumes/detail 1.084s
2025-11-21 00:53:57.341 65775 INFO tempest.lib.common.rest_client [req-243001b9-be77-44de-b93b-67481178b3e8 req-243001b9-be77-44de-b93b-67481178b3e8 ] Request (ServersTestBootFromVolume:setUpClass): 204 PUT http://10.180.1.21/identity/v3/projects/36b003c9d4c2459b88a03742a36211d7/users/381a76b3e0254e37b24a1db7da8f1ef7/roles/9de76072532944ecabe279c3c74acf84 0.042s
2025-11-21 00:53:57.341 65775 INFO tempest.lib.common.dynamic_creds [-] Dynamic test user 381a76b3e0254e37b24a1db7da8f1ef7 is created with scope project and roles: ['member']
2025-11-21 00:53:57.341 65775 INFO tempest.lib.common.dynamic_creds [-] Acquired dynamic creds: credentials: Credentials: {'domain_id': 'default', 'domain_name': 'Default', 'username': 'tempest-ServersTestBootFromVolume-429025974-project-member', 'project_domain_id': 'default', 'project_domain_name': 'Default', 'project_id': '36b003c9d4c2459b88a03742a36211d7', 'project_name': 'tempest-ServersTestBootFromVolume-429025974', 'tenant_id': '36b003c9d4c2459b88a03742a36211d7', 'tenant_name': 'tempest-ServersTestBootFromVolume-429025974', 'user_domain_id': 'default', 'user_domain_name': 'Default', 'user_id': '381a76b3e0254e37b24a1db7da8f1ef7', 'system': None}, Network: None, Subnet: None, Router: None
2025-11-21 00:53:57.407 65761 INFO tempest.lib.common.rest_client [req-35d93791-637f-4e95-9a50-e0d6208a5424 req-35d93791-637f-4e95-9a50-e0d6208a5424 ] Request (VolumesTestJSON:tearDownClass): 202 DELETE http://10.180.1.21/volume/v3/volumes/c619adf2-6dba-4e21-9772-f5a445b182ee 0.060s
2025-11-21 00:53:57.424 65737 INFO tempest.lib.common.rest_client [req-32e01798-934d-4b50-9c41-db9da97a1467 req-32e01798-934d-4b50-9c41-db9da97a1467 ] Request (ImagesOneServerTestJSON:setUpClass): 200 GET http://10.180.1.21/compute/v2.1/servers/4faf0c79-4987-4a5f-8723-f28d2e435a03 0.822s
2025-11-21 00:53:57.433 65775 INFO tempest.lib.common.rest_client [req-258079ae-02bb-48be-a738-f7b5d69b2141 req-258079ae-02bb-48be-a738-f7b5d69b2141 ] Request (ServersTestBootFromVolume:setUpClass): 201 POST http://10.180.1.21/identity/v3/auth/tokens 0.092s
2025-11-21 00:53:57.456 65761 INFO tempest.lib.common.rest_client [req-d4fdfbf2-b544-45ac-ac86-796750e66a3c req-d4fdfbf2-b544-45ac-ac86-796750e66a3c ] Request (VolumesTestJSON:tearDownClass): 200 GET http://10.180.1.21/volume/v3/volumes/c619adf2-6dba-4e21-9772-f5a445b182ee 0.048s
2025-11-21 00:53:57.501 65753 INFO tempest.lib.common.rest_client [req-f332bd9c-a04f-4676-8d14-4b80e1c715d8 req-f332bd9c-a04f-4676-8d14-4b80e1c715d8 ] Request (ImagesNegativeTestJSON:test_create_image_from_deleted_server): 200 GET http://10.180.1.21/compute/v2.1/servers/1217a044-48b3-4437-8260-902d38e3389c 0.884s
2025-11-21 00:53:57.539 65741 INFO tempest.lib.common.rest_client [req-fedbf10c-481d-4090-bda3-9b1e6ccf2964 req-fedbf10c-481d-4090-bda3-9b1e6ccf2964 ] Request (QuotasAdminTestJSON:test_get_updated_quotas): 200 GET http://10.180.1.21/compute/v2.1/os-quota-sets/1a3e4f2df70b4f65aacca1db32eb05c9/detail 1.190s
2025-11-21 00:53:57.569 65759 INFO tempest.lib.common.rest_client [req-dff1f507-4f39-466f-afa7-8a2e7baca5c9 req-dff1f507-4f39-466f-afa7-8a2e7baca5c9 ] Request (ServerMetadataNegativeTestJSON:setUpClass): 200 GET http://10.180.1.21/compute/v2.1/servers/ccde109b-ece0-4229-aece-638ff454e09c 0.910s
2025-11-21 00:53:57.576 65741 INFO tempest.lib.common.rest_client [req-119cfc87-06ec-4f7b-a04e-a39cfc991047 req-119cfc87-06ec-4f7b-a04e-a39cfc991047 ] Request (QuotasAdminTestJSON:test_get_updated_quotas): 200 GET http://10.180.1.21/identity/v3/domains?name=Default 0.030s
2025-11-21 00:53:57.612 65741 INFO tempest.lib.common.rest_client [req-94fb378e-16cf-4292-a42e-af9f686ea70a req-94fb378e-16cf-4292-a42e-af9f686ea70a ] Request (QuotasAdminTestJSON:test_get_updated_quotas): 201 POST http://10.180.1.21/identity/v3/users 0.034s
2025-11-21 00:53:57.635 65741 INFO tempest.lib.common.rest_client [req-805d86f1-0c67-4f93-a90d-e08991f65a53 req-805d86f1-0c67-4f93-a90d-e08991f65a53 ] Request (QuotasAdminTestJSON:test_get_updated_quotas): 200 GET http://10.180.1.21/identity/v3/domains?name=Default 0.022s
2025-11-21 00:53:57.641 65767 INFO tempest.lib.common.rest_client [req-fa1b1d11-ad00-4161-bd43-557c0040e6b1 req-fa1b1d11-ad00-4161-bd43-557c0040e6b1 ] Request (ServersWithSpecificFlavorTestJSON:test_verify_created_server_ephemeral_disk): 200 GET http://10.180.1.21/compute/v2.1/servers/eb4739cf-ec47-41f9-a534-21002f19a68f 0.775s
2025-11-21 00:53:57.661 65743 INFO tempest.lib.common.rest_client [req-f45b07be-36e0-4371-b05e-483249f8a6f8 req-f45b07be-36e0-4371-b05e-483249f8a6f8 ] Request (ImagesOneServerNegativeTestJSON:_run_cleanups): 200 GET http://10.180.1.21/compute/v2.1/servers/db91b53e-5a32-44c0-b545-2d9dc2459a66 0.739s
2025-11-21 00:53:57.712 65775 INFO tempest.lib.common.rest_client [req-7588cd2e-788d-47fc-b555-51bb5220d851 req-7588cd2e-788d-47fc-b555-51bb5220d851 ] Request (ServersTestBootFromVolume:setUpClass): 201 POST http://10.180.1.21/networking/v2.0/networks 0.278s
2025-11-21 00:53:57.754 65731 INFO tempest.lib.common.rest_client [req-7440bdef-1ba4-4396-acea-58e2a7d631d1 req-7440bdef-1ba4-4396-acea-58e2a7d631d1 ] Request (SecurityGroupsTestJSON:test_security_groups_create_list_delete): 200 POST http://10.180.1.21/compute/v2.1/os-security-groups 0.776s
2025-11-21 00:53:57.960 65775 INFO tempest.lib.common.rest_client [req-14cf928d-94b3-4f24-8f55-a0a92dbd3364 req-14cf928d-94b3-4f24-8f55-a0a92dbd3364 ] Request (ServersTestBootFromVolume:setUpClass): 201 POST http://10.180.1.21/networking/v2.0/subnets 0.248s
2025-11-21 00:53:57.986 65749 INFO tempest.lib.common.rest_client [req-99db65dc-3a5e-4435-92ae-022376fc12a1 req-99db65dc-3a5e-4435-92ae-022376fc12a1 ] Request (FloatingIPsAssociationTestJSON:tearDownClass): 200 GET http://10.180.1.21/compute/v2.1/servers/f68a44b8-a27e-4d9d-8f03-193796180d5f 0.942s
2025-11-21 00:53:58.041 65779 WARNING tempest.lib.common.ssh [-] Failed to establish authenticated ssh connection to cirros@10.180.180.218 ([Errno None] Unable to connect to port 22 on 10.180.180.218). Number attempts: 1. Retry after 2 seconds.: paramiko.ssh_exception.NoValidConnectionsError: [Errno None] Unable to connect to port 22 on 10.180.180.218
2025-11-21 00:53:58.051 65769 INFO tempest.lib.common.rest_client [req-66775ca1-a276-4e3a-ba0a-021e14667ee8 req-66775ca1-a276-4e3a-ba0a-021e14667ee8 ] Request (ServersAdminTestJSON:test_list_servers_by_admin_with_specified_tenant): 200 GET http://10.180.1.21/compute/v2.1/servers/detail?tenant_id=65a91a0312fb4419856302b6148b0542 0.990s
2025-11-21 00:53:58.084 65773 INFO tempest.lib.common.rest_client [req-f92f1b1c-dd9d-4e72-a8b2-d1879062fa3f req-f92f1b1c-dd9d-4e72-a8b2-d1879062fa3f ] Request (ImagesTestJSON:test_create_image_from_stopped_server): 200 GET http://10.180.1.21/compute/v2.1/images/4a806fa4-959d-4de3-8b8b-af1e21548b15 0.952s
2025-11-21 00:53:58.340 65727 INFO tempest.lib.common.rest_client [req-d149f9b3-e2a3-468b-86d3-1fc7b1f3dbf3 req-d149f9b3-e2a3-468b-86d3-1fc7b1f3dbf3 ] Request (VolumesAssistedSnapshotsTest:tearDownClass): 200 GET http://10.180.1.21/compute/v2.1/servers/1c5e0c99-bd33-41d3-82b5-fd4cef419263 1.158s
2025-11-21 00:53:58.403 65745 INFO tempest.lib.common.rest_client [req-adc98ddd-7db2-4555-a47c-cf640573a151 req-adc98ddd-7db2-4555-a47c-cf640573a151 ] Request (ServerMetadataTestJSON:test_list_server_metadata): 200 GET http://10.180.1.21/compute/v2.1/servers/6f5add25-ba92-49fb-af6b-a861bd3573bc/metadata 1.168s
2025-11-21 00:53:58.431 65763 INFO tempest.lib.common.rest_client [req-5d73768d-75d9-4f7b-979b-51129df6dcca req-5d73768d-75d9-4f7b-979b-51129df6dcca ] Request (FlavorsAdminTestJSON:_run_cleanups): 202 DELETE http://10.180.1.21/compute/v2.1/flavors/2008322685 1.117s
2025-11-21 00:53:58.481 65761 INFO tempest.lib.common.rest_client [req-5d3bf19c-29c8-49f7-abfb-af05415763e1 req-5d3bf19c-29c8-49f7-abfb-af05415763e1 ] Request (VolumesTestJSON:tearDownClass): 404 GET http://10.180.1.21/volume/v3/volumes/c619adf2-6dba-4e21-9772-f5a445b182ee 0.017s
2025-11-21 00:53:58.532 65761 INFO tempest.lib.common.rest_client [req-03f0d41a-1ec3-420d-888f-21440ae1c5f5 req-03f0d41a-1ec3-420d-888f-21440ae1c5f5 ] Request (VolumesTestJSON:tearDownClass): 202 DELETE http://10.180.1.21/volume/v3/volumes/af2c884d-070e-4c1d-9bce-4224ec02eb3a 0.050s
2025-11-21 00:53:58.545 65781 INFO tempest.lib.common.rest_client [req-4983f22c-235b-41b8-a639-15770a8b455a req-4983f22c-235b-41b8-a639-15770a8b455a ] Request (AttachVolumeTestJSON:test_attach_detach_volume): 200 GET http://10.180.1.21/compute/v2.1/servers/b581ab7e-f135-4b5b-a1d4-2ed4145a9925 0.997s
2025-11-21 00:53:58.573 65761 INFO tempest.lib.common.rest_client [req-9402dd47-8649-47a2-890e-4fa6f7ba28ed req-9402dd47-8649-47a2-890e-4fa6f7ba28ed ] Request (VolumesTestJSON:tearDownClass): 200 GET http://10.180.1.21/volume/v3/volumes/af2c884d-070e-4c1d-9bce-4224ec02eb3a 0.041s
2025-11-21 00:53:58.594 65777 INFO tempest.lib.common.rest_client [req-5197187d-57be-4347-b778-23a37aeb5172 req-5197187d-57be-4347-b778-23a37aeb5172 ] Request (ListServerFiltersTestJSON:setUpClass): 202 POST http://10.180.1.21/compute/v2.1/servers 1.602s
2025-11-21 00:53:58.652 65777 INFO tempest.lib.common.rest_client [req-800914f9-335b-4975-b2d1-7ac7b04360e6 req-800914f9-335b-4975-b2d1-7ac7b04360e6 ] Request (ListServerFiltersTestJSON:setUpClass): 201 POST http://10.180.1.21/identity/v3/auth/tokens 0.051s
2025-11-21 00:53:58.652 65777 INFO tempest.lib.common.fixed_network [-] (ListServerFiltersTestJSON:setUpClass) Found network {'id': '7e161914-32a2-4b23-82ed-75c34047caf6', 'name': 'tempest-ListServerFiltersTestJSON-384832175-network', 'tenant_id': '011b75a153f94caf86b76f4a8d785839', 'project_id': '011b75a153f94caf86b76f4a8d785839', 'admin_state_up': True, 'mtu': 8950, 'status': 'ACTIVE', 'subnets': [], 'shared': False, 'port_security_enabled': True, 'router:external': False, 'provider:network_type': 'vlan', 'provider:physical_network': 'default', 'provider:segmentation_id': 625, 'availability_zone_hints': [], 'availability_zones': [], 'ipv4_address_scope': None, 'ipv6_address_scope': None, 'description': '', 'tags': [], 'created_at': '2025-11-21T00:53:56Z', 'updated_at': '2025-11-21T00:53:56Z', 'revision_number': 1} available for tenant
2025-11-21 00:53:58.690 65747 INFO tempest.lib.common.rest_client [req-8d01fb02-602a-46e3-8327-509af9d3b9af req-8d01fb02-602a-46e3-8327-509af9d3b9af ] Request (ServersAdminNegativeTestJSON:tearDownClass): 200 GET http://10.180.1.21/compute/v2.1/servers/eb4faece-3fa5-4441-8d77-def43fd9dc03 1.110s
2025-11-21 00:53:58.774 65741 INFO tempest.lib.common.rest_client [req-f44777fd-a12b-47c6-8ff5-074d5b24da7f req-f44777fd-a12b-47c6-8ff5-074d5b24da7f ] Request (QuotasAdminTestJSON:test_get_updated_quotas): 200 PUT http://10.180.1.21/compute/v2.1/os-quota-sets/1a3e4f2df70b4f65aacca1db32eb05c9?user_id=60205244f7704a57b606ce56c09771ff 1.139s
2025-11-21 00:53:58.793 65735 INFO tempest.lib.common.rest_client [req-1b67d27d-bb59-49b2-80ad-6433cbd7d553 req-1b67d27d-bb59-49b2-80ad-6433cbd7d553 ] Request (VolumesAdminNegativeTest:test_update_attached_volume_with_nonexistent_volume_in_uri): 200 GET http://10.180.1.21/compute/v2.1/servers/0358146c-7203-47c8-bc99-2e884eb24277 1.138s
2025-11-21 00:53:58.920 65751 INFO tempest.lib.common.rest_client [req-cd83261d-c1b4-4d8c-9104-c32f48426a34 req-cd83261d-c1b4-4d8c-9104-c32f48426a34 ] Request (ServersTestMultiNic:_run_cleanups): 200 GET http://10.180.1.21/compute/v2.1/servers/d29a263e-b28a-41e4-8849-eba739b6b2f4 1.124s
2025-11-21 00:53:58.933 65775 INFO tempest.lib.common.rest_client [req-89f7df63-6d41-4ba1-90b8-c87ade564042 req-89f7df63-6d41-4ba1-90b8-c87ade564042 ] Request (ServersTestBootFromVolume:setUpClass): 201 POST http://10.180.1.21/networking/v2.0/routers 0.972s
2025-11-21 00:53:58.946 65731 INFO tempest.lib.common.rest_client [req-05953edf-3714-4793-86d7-87e2ac961737 req-05953edf-3714-4793-86d7-87e2ac961737 ] Request (SecurityGroupsTestJSON:test_security_groups_create_list_delete): 200 GET http://10.180.1.21/compute/v2.1/os-security-groups 1.190s
2025-11-21 00:53:59.056 65785 INFO tempest.lib.common.rest_client [req-21f3559a-da59-419a-8450-979568177af6 req-21f3559a-da59-419a-8450-979568177af6 ] Request (ServersListShow2100Test:tearDownClass): 200 GET http://10.180.1.21/compute/v2.1/servers/632fe34e-2c2a-4dea-b45a-6de81b144f31 0.954s
2025-11-21 00:53:59.162 65783 INFO tempest.lib.common.rest_client [req-d9fd173f-919a-4595-a389-2374a90847af req-d9fd173f-919a-4595-a389-2374a90847af ] Request (AttachInterfacesTestJSON:test_create_list_show_delete_interfaces_by_fixed_ip): 200 GET http://10.180.1.21/compute/v2.1/servers/53de1ab3-4c58-4642-bcb2-cea90986d2c8/os-interface 1.006s
2025-11-21 00:53:59.190 65769 INFO tempest.lib.common.rest_client [req-3790de2f-240f-4fdd-8b8b-c760edeb1f20 req-3790de2f-240f-4fdd-8b8b-c760edeb1f20 ] Request (ServersAdminTestJSON:test_list_servers_by_admin_with_specified_tenant): 200 GET http://10.180.1.21/compute/v2.1/servers/detail?all_tenants=&tenant_id=65a91a0312fb4419856302b6148b0542 1.132s
2025-11-21 00:53:59.243 65787 INFO tempest.lib.common.rest_client [req-ea4ee3eb-7fa6-4491-a5c4-42abff777530 req-ea4ee3eb-7fa6-4491-a5c4-42abff777530 ] Request (ServerActionsTestOtherA:setUpClass): 200 GET http://10.180.1.21/compute/v2.1/servers/b10631f5-74d6-42f7-9ffa-3d4835fad13c 1.084s
2025-11-21 00:53:59.292 65757 INFO tempest.lib.common.rest_client [req-567869b9-eb82-4fb5-8d65-2a902b169c54 req-567869b9-eb82-4fb5-8d65-2a902b169c54 ] Request (AttachInterfacesV270Test:tearDownClass): 200 GET http://10.180.1.21/compute/v2.1/servers/66201921-fe89-42fa-8228-42306d0ef13d 1.056s
2025-11-21 00:53:59.373 65733 INFO tempest.lib.common.rest_client [req-a80b6ec9-c66d-4b3a-9c3e-a2b8f3a194b0 req-a80b6ec9-c66d-4b3a-9c3e-a2b8f3a194b0 ] Request (MigrationsAdminTest:test_resize_server_revert_deleted_flavor): 200 GET http://10.180.1.21/compute/v2.1/servers/0059dc57-d118-4dd7-b8ea-0e64335b243d 1.073s
2025-11-21 00:53:59.465 65745 INFO tempest.lib.common.rest_client [req-8dd510fa-284d-46e1-9fa9-3225f804a773 req-8dd510fa-284d-46e1-9fa9-3225f804a773 ] Request (ServerMetadataTestJSON:setUp): 200 PUT http://10.180.1.21/compute/v2.1/servers/6f5add25-ba92-49fb-af6b-a861bd3573bc/metadata 1.058s
2025-11-21 00:53:59.606 65761 INFO tempest.lib.common.rest_client [req-c5d4df39-c5af-49c1-aaa4-991f8d164fff req-c5d4df39-c5af-49c1-aaa4-991f8d164fff ] Request (VolumesTestJSON:tearDownClass): 404 GET http://10.180.1.21/volume/v3/volumes/af2c884d-070e-4c1d-9bce-4224ec02eb3a 0.020s
2025-11-21 00:53:59.667 65761 INFO tempest.lib.common.rest_client [req-b8807719-9c51-4d2f-91c1-11ade456b953 req-b8807719-9c51-4d2f-91c1-11ade456b953 ] Request (VolumesTestJSON:tearDownClass): 202 DELETE http://10.180.1.21/volume/v3/volumes/73c8b063-44e1-48d6-beb1-e4cc028950bd 0.060s
2025-11-21 00:53:59.717 65761 INFO tempest.lib.common.rest_client [req-201d8d03-035f-4491-80d1-5a100791715c req-201d8d03-035f-4491-80d1-5a100791715c ] Request (VolumesTestJSON:tearDownClass): 200 GET http://10.180.1.21/volume/v3/volumes/73c8b063-44e1-48d6-beb1-e4cc028950bd 0.050s
2025-11-21 00:53:59.832 65737 INFO tempest.lib.common.rest_client [req-381ab94a-9baa-4b2b-860e-a77b1c358198 req-381ab94a-9baa-4b2b-860e-a77b1c358198 ] Request (ImagesOneServerTestJSON:setUpClass): 200 GET http://10.180.1.21/compute/v2.1/servers/4faf0c79-4987-4a5f-8723-f28d2e435a03 1.399s
2025-11-21 00:53:59.863 65763 INFO tempest.lib.common.rest_client [req-0f1b65e0-2bca-4d69-93ae-8ae1e606b299 req-0f1b65e0-2bca-4d69-93ae-8ae1e606b299 ] Request (FlavorsAdminTestJSON:_run_cleanups): 200 GET http://10.180.1.21/compute/v2.1/flavors/detail 1.432s
2025-11-21 00:53:59.944 65753 INFO tempest.lib.common.rest_client [req-77054d08-bbce-4218-96e3-7fc288ccb28f req-77054d08-bbce-4218-96e3-7fc288ccb28f ] Request (ImagesNegativeTestJSON:test_create_image_from_deleted_server): 200 GET http://10.180.1.21/compute/v2.1/servers/1217a044-48b3-4437-8260-902d38e3389c 1.434s
2025-11-21 00:53:59.962 65763 INFO tempest.lib.common.rest_client [req-39e2a18a-d1ff-497b-9604-762708a05980 req-39e2a18a-d1ff-497b-9604-762708a05980 ] Request (FlavorsAdminTestJSON:tearDownClass): 204 DELETE http://10.180.1.21/identity/v3/users/d8d30381cb7049d693db2d321920b4cc 0.091s
2025-11-21 00:54:00.002 65759 INFO tempest.lib.common.rest_client [req-ef6d0ec7-811e-40bc-a643-d55f1ce9d0b6 req-ef6d0ec7-811e-40bc-a643-d55f1ce9d0b6 ] Request (ServerMetadataNegativeTestJSON:setUpClass): 200 GET http://10.180.1.21/compute/v2.1/servers/ccde109b-ece0-4229-aece-638ff454e09c 1.423s
2025-11-21 00:54:00.124 65763 INFO tempest.lib.common.rest_client [req-92426432-c7d4-4bea-ab3a-dee11b9176cc req-92426432-c7d4-4bea-ab3a-dee11b9176cc ] Request (FlavorsAdminTestJSON:tearDownClass): 204 DELETE http://10.180.1.21/identity/v3/users/1697b72655514f85bd54140a3093bbab 0.161s
2025-11-21 00:54:00.125 65763 INFO tempest.lib.common.dynamic_creds [-] Deleting project and security group for project: dd2e7f933597439286a7a02c9248e809
2025-11-21 00:54:00.148 65775 INFO tempest.lib.common.rest_client [req-3fd8a306-e4cb-430e-bf6d-a6532c2c38b6 req-3fd8a306-e4cb-430e-bf6d-a6532c2c38b6 ] Request (ServersTestBootFromVolume:setUpClass): 200 PUT http://10.180.1.21/networking/v2.0/routers/45e3022a-c6b0-45cb-aa68-b6684e270483/add_router_interface 1.214s
2025-11-21 00:54:00.148 65775 INFO tempest.lib.common.dynamic_creds [-] Created isolated network resources for: credentials: Credentials: {'domain_id': 'default', 'domain_name': 'Default', 'username': 'tempest-ServersTestBootFromVolume-429025974-project-member', 'project_domain_id': 'default', 'project_domain_name': 'Default', 'project_id': '36b003c9d4c2459b88a03742a36211d7', 'project_name': 'tempest-ServersTestBootFromVolume-429025974', 'tenant_id': '36b003c9d4c2459b88a03742a36211d7', 'tenant_name': 'tempest-ServersTestBootFromVolume-429025974', 'user_domain_id': 'default', 'user_domain_name': 'Default', 'user_id': '381a76b3e0254e37b24a1db7da8f1ef7', 'system': None}, Network: {'id': '30a2133b-ea48-4987-ba59-48bcba8fb87f', 'name': 'tempest-ServersTestBootFromVolume-745796013-network', 'tenant_id': '36b003c9d4c2459b88a03742a36211d7', 'project_id': '36b003c9d4c2459b88a03742a36211d7', 'admin_state_up': True, 'mtu': 8950, 'status': 'ACTIVE', 'subnets': [], 'shared': False, 'port_security_enabled': True, 'router:external': False, 'provider:network_type': 'vlan', 'provider:physical_network': 'default', 'provider:segmentation_id': 713, 'availability_zone_hints': [], 'availability_zones': [], 'ipv4_address_scope': None, 'ipv6_address_scope': None, 'description': '', 'tags': [], 'created_at': '2025-11-21T00:53:57Z', 'updated_at': '2025-11-21T00:53:57Z', 'revision_number': 1}, Subnet: {'id': 'd528f515-e212-4b7b-aebd-bbe652273747', 'name': 'tempest-ServersTestBootFromVolume-745796013-subnet', 'tenant_id': '36b003c9d4c2459b88a03742a36211d7', 'network_id': '30a2133b-ea48-4987-ba59-48bcba8fb87f', 'ip_version': 4, 'subnetpool_id': None, 'enable_dhcp': True, 'ipv6_ra_mode': None, 'ipv6_address_mode': None, 'gateway_ip': '192.168.128.1', 'cidr': '192.168.128.0/28', 'allocation_pools': [{'start': '192.168.128.2', 'end': '192.168.128.14'}], 'host_routes': [], 'dns_nameservers': [], 'description': '', 'router:external': False, 'service_types': [], 'tags': [], 'created_at': '2025-11-21T00:53:57Z', 'updated_at': '2025-11-21T00:53:57Z', 'revision_number': 0, 'project_id': '36b003c9d4c2459b88a03742a36211d7'}, Router: {'id': '45e3022a-c6b0-45cb-aa68-b6684e270483', 'name': 'tempest-ServersTestBootFromVolume-745796013-router', 'tenant_id': '36b003c9d4c2459b88a03742a36211d7', 'admin_state_up': True, 'status': 'ACTIVE', 'external_gateway_info': {'network_id': '77c7a700-3fd8-43bb-b582-f4be7935ff88', 'external_fixed_ips': [{'subnet_id': '17947dde-4032-4cb1-83c7-548da57e50fc', 'ip_address': '10.180.180.194'}], 'enable_snat': True}, 'description': '', 'availability_zones': [], 'distributed': False, 'ha': False, 'availability_zone_hints': [], 'routes': [], 'flavor_id': None, 'tags': [], 'created_at': '2025-11-21T00:53:58Z', 'updated_at': '2025-11-21T00:53:58Z', 'revision_number': 2, 'project_id': '36b003c9d4c2459b88a03742a36211d7'}
2025-11-21 00:54:00.196 65763 INFO tempest.lib.common.rest_client [req-f7b09178-672c-498e-ac25-88e447c640e1 req-f7b09178-672c-498e-ac25-88e447c640e1 ] Request (FlavorsAdminTestJSON:tearDownClass): 201 POST http://10.180.1.21/identity/v3/auth/tokens 0.071s
2025-11-21 00:54:00.228 65775 INFO tempest.lib.common.rest_client [req-3c62df68-b11c-4fed-bcf9-dbf85a0f4002 req-3c62df68-b11c-4fed-bcf9-dbf85a0f4002 ] Request (ServersTestBootFromVolume:setUpClass): 201 POST http://10.180.1.21/identity/v3/auth/tokens 0.076s
2025-11-21 00:54:00.392 65763 INFO tempest.lib.common.rest_client [req-765e241f-5faf-4685-8f54-aed37619e603 req-765e241f-5faf-4685-8f54-aed37619e603 ] Request (FlavorsAdminTestJSON:tearDownClass): 200 GET http://10.180.1.21/networking/v2.0/security-groups?tenant_id=dd2e7f933597439286a7a02c9248e809&name=default 0.195s
2025-11-21 00:54:00.501 65763 INFO tempest.lib.common.rest_client [req-f8d41cc4-cdf7-446a-b597-4d11e77679a8 req-f8d41cc4-cdf7-446a-b597-4d11e77679a8 ] Request (FlavorsAdminTestJSON:tearDownClass): 204 DELETE http://10.180.1.21/networking/v2.0/security-groups/899a4f00-5d27-4d4d-bd4f-b04704bc98f6 0.109s
2025-11-21 00:54:00.572 65763 INFO tempest.lib.common.rest_client [req-19cda2ce-ab57-412e-aa9a-c82793bd708e req-19cda2ce-ab57-412e-aa9a-c82793bd708e ] Request (FlavorsAdminTestJSON:tearDownClass): 204 DELETE http://10.180.1.21/identity/v3/projects/dd2e7f933597439286a7a02c9248e809 0.070s
2025-11-21 00:54:00.572 65763 INFO tempest.lib.common.dynamic_creds [-] Deleting project and security group for project: 1fe90228b18c4f46bda4262cc99af9df
2025-11-21 00:54:00.682 65763 INFO tempest.lib.common.rest_client [req-3e394f4a-5b9a-4363-9211-730d5affebf6 req-3e394f4a-5b9a-4363-9211-730d5affebf6 ] Request (FlavorsAdminTestJSON:tearDownClass): 200 GET http://10.180.1.21/networking/v2.0/security-groups?tenant_id=1fe90228b18c4f46bda4262cc99af9df&name=default 0.110s
2025-11-21 00:54:00.748 65761 INFO tempest.lib.common.rest_client [req-2ca96f74-78c0-4f95-893b-8d43116c1bf7 req-2ca96f74-78c0-4f95-893b-8d43116c1bf7 ] Request (VolumesTestJSON:tearDownClass): 404 GET http://10.180.1.21/volume/v3/volumes/73c8b063-44e1-48d6-beb1-e4cc028950bd 0.016s
2025-11-21 00:54:00.769 65763 INFO tempest.lib.common.rest_client [req-8b29801a-412d-4c80-a82a-266b14c48ea1 req-8b29801a-412d-4c80-a82a-266b14c48ea1 ] Request (FlavorsAdminTestJSON:tearDownClass): 204 DELETE http://10.180.1.21/networking/v2.0/security-groups/8879da47-534d-47f0-9c69-60e82573adc5 0.087s
2025-11-21 00:54:00.861 65761 INFO tempest.lib.common.rest_client [req-8218f646-5574-44d3-8844-ef9ef1c7cea0 req-8218f646-5574-44d3-8844-ef9ef1c7cea0 ] Request (VolumesTestJSON:tearDownClass): 204 DELETE http://10.180.1.21/identity/v3/users/f3cddf3c0cc44ab1a066f11693b06b8a 0.111s
2025-11-21 00:54:00.861 65761 INFO tempest.lib.common.dynamic_creds [-] Deleting project and security group for project: 74e0863c6cff42c7b464659dcc51ba5e
2025-11-21 00:54:00.877 65763 INFO tempest.lib.common.rest_client [req-eb6554f6-3bfd-4a9a-85a7-b698e09ba0df req-eb6554f6-3bfd-4a9a-85a7-b698e09ba0df ] Request (FlavorsAdminTestJSON:tearDownClass): 204 DELETE http://10.180.1.21/identity/v3/projects/1fe90228b18c4f46bda4262cc99af9df 0.107s
2025-11-21 00:54:00.933 65761 INFO tempest.lib.common.rest_client [req-6c9de9fe-02a9-4de7-b797-1ed354217fa5 req-6c9de9fe-02a9-4de7-b797-1ed354217fa5 ] Request (VolumesTestJSON:tearDownClass): 201 POST http://10.180.1.21/identity/v3/auth/tokens 0.072s
2025-11-21 00:54:00.951 65763 INFO tempest.lib.common.rest_client [req-05d8ccbf-8d26-4d6e-a247-3232bbbf32da req-05d8ccbf-8d26-4d6e-a247-3232bbbf32da ] Request (InstanceUsageAuditLogNegativeTestJSON:setUpClass): 201 POST http://10.180.1.21/identity/v3/auth/tokens 0.072s
2025-11-21 00:54:00.990 65763 INFO tempest.lib.common.rest_client [req-b7751086-2dcd-4e68-812b-f82726cddd55 req-b7751086-2dcd-4e68-812b-f82726cddd55 ] Request (InstanceUsageAuditLogNegativeTestJSON:setUpClass): 201 POST http://10.180.1.21/identity/v3/auth/tokens 0.031s
2025-11-21 00:54:01.016 65763 INFO tempest.lib.common.rest_client [req-034cc4a3-c434-4243-b85e-9399d69cb2c5 req-034cc4a3-c434-4243-b85e-9399d69cb2c5 ] Request (InstanceUsageAuditLogNegativeTestJSON:setUpClass): 200 GET http://10.180.1.21/identity/v3/domains?name=Default 0.026s
2025-11-21 00:54:01.049 65763 INFO tempest.lib.common.rest_client [req-ed20df3f-1887-4517-8153-06e33d9e5957 req-ed20df3f-1887-4517-8153-06e33d9e5957 ] Request (InstanceUsageAuditLogNegativeTestJSON:setUpClass): 201 POST http://10.180.1.21/identity/v3/projects 0.032s
2025-11-21 00:54:01.107 65761 INFO tempest.lib.common.rest_client [req-b273cbb8-2687-40d3-896f-dfd71202eaf9 req-b273cbb8-2687-40d3-896f-dfd71202eaf9 ] Request (VolumesTestJSON:tearDownClass): 200 GET http://10.180.1.21/networking/v2.0/security-groups?tenant_id=74e0863c6cff42c7b464659dcc51ba5e&name=default 0.173s
2025-11-21 00:54:01.109 65763 INFO tempest.lib.common.rest_client [req-8c6e898f-cf21-4918-a338-76400cd08887 req-8c6e898f-cf21-4918-a338-76400cd08887 ] Request (InstanceUsageAuditLogNegativeTestJSON:setUpClass): 201 POST http://10.180.1.21/identity/v3/users 0.060s
2025-11-21 00:54:01.112 65779 WARNING tempest.lib.common.ssh [-] Failed to establish authenticated ssh connection to cirros@10.180.180.218 ([Errno None] Unable to connect to port 22 on 10.180.180.218). Number attempts: 2. Retry after 3 seconds.: paramiko.ssh_exception.NoValidConnectionsError: [Errno None] Unable to connect to port 22 on 10.180.180.218
2025-11-21 00:54:01.135 65763 INFO tempest.lib.common.rest_client [req-c27954b4-e669-471c-951f-1da7cd80a9ea req-c27954b4-e669-471c-951f-1da7cd80a9ea ] Request (InstanceUsageAuditLogNegativeTestJSON:setUpClass): 200 GET http://10.180.1.21/identity/v3/roles 0.026s
2025-11-21 00:54:01.166 65763 INFO tempest.lib.common.rest_client [req-b9afd403-1b04-43bc-a5ee-6c76198d97b3 req-b9afd403-1b04-43bc-a5ee-6c76198d97b3 ] Request (InstanceUsageAuditLogNegativeTestJSON:setUpClass): 204 PUT http://10.180.1.21/identity/v3/projects/263840652eec4accbdf8134af5c98aa2/users/8d700630aa0d443c80464761b6ac8aad/roles/9de76072532944ecabe279c3c74acf84 0.030s
2025-11-21 00:54:01.166 65763 INFO tempest.lib.common.dynamic_creds [-] Dynamic test user 8d700630aa0d443c80464761b6ac8aad is created with scope project and roles: ['member']
2025-11-21 00:54:01.167 65763 INFO tempest.lib.common.dynamic_creds [-] Acquired dynamic creds: credentials: Credentials: {'domain_id': 'default', 'domain_name': 'Default', 'username': 'tempest-InstanceUsageAuditLogNegativeTestJSON-1766908428-project-member', 'project_domain_id': 'default', 'project_domain_name': 'Default', 'project_id': '263840652eec4accbdf8134af5c98aa2', 'project_name': 'tempest-InstanceUsageAuditLogNegativeTestJSON-1766908428', 'tenant_id': '263840652eec4accbdf8134af5c98aa2', 'tenant_name': 'tempest-InstanceUsageAuditLogNegativeTestJSON-1766908428', 'user_domain_id': 'default', 'user_domain_name': 'Default', 'user_id': '8d700630aa0d443c80464761b6ac8aad', 'system': None}, Network: None, Subnet: None, Router: None
