2025-11-21 00:52:05.903 65773 INFO tempest.lib.common.rest_client [req-c691aa66-3541-4520-9920-76965ddc2017 req-c691aa66-3541-4520-9920-76965ddc2017 ] Request (FlavorsExtraSpecsNegativeTestJSON:tearDownClass): 200 GET http://10.180.1.21/networking/v2.0/security-groups?tenant_id=eb61ca74e21b44c09272dda1129e509a&name=default 0.335s
2025-11-21 00:52:05.989 65759 INFO tempest.lib.common.rest_client [req-ce5d52c9-c335-477b-b81a-5a9fe40d741d req-ce5d52c9-c335-477b-b81a-5a9fe40d741d ] Request (SecurityGroupsTestAdminJSON:tearDownClass): 200 GET http://10.180.1.21/networking/v2.0/security-groups?tenant_id=1fdbbbc3ebcb4e609782be26a2aa0bec&name=default 0.258s
2025-11-21 00:52:06.117 65773 INFO tempest.lib.common.rest_client [req-29aa0426-34a9-46c8-b38e-914d3c700059 req-29aa0426-34a9-46c8-b38e-914d3c700059 ] Request (FlavorsExtraSpecsNegativeTestJSON:tearDownClass): 204 DELETE http://10.180.1.21/networking/v2.0/security-groups/8becb145-f60d-4457-9253-edaad5728f04 0.214s
2025-11-21 00:52:06.196 65773 INFO tempest.lib.common.rest_client [req-c0af029a-5d33-4f13-beb8-e2bdc22ec8f1 req-c0af029a-5d33-4f13-beb8-e2bdc22ec8f1 ] Request (FlavorsExtraSpecsNegativeTestJSON:tearDownClass): 204 DELETE http://10.180.1.21/identity/v3/projects/eb61ca74e21b44c09272dda1129e509a 0.078s
2025-11-21 00:52:06.196 65773 INFO tempest.lib.common.dynamic_creds [-] Deleting project and security group for project: 1b69f472d9e048ed84720aa3b60fb35c
2025-11-21 00:52:06.261 65747 INFO tempest.lib.common.rest_client [req-71038ec4-17d1-410c-8acb-32975f7ac631 req-71038ec4-17d1-410c-8acb-32975f7ac631 ] Request (ServersAdminNegativeTestJSON:test_migrate_server_invalid_state): 202 POST http://10.180.1.21/compute/v2.1/servers 2.555s
2025-11-21 00:52:06.320 65777 INFO tempest.lib.common.rest_client [req-e1b7a37c-c40a-499a-999f-44dc6f658c3b req-e1b7a37c-c40a-499a-999f-44dc6f658c3b ] Request (KeyPairsV2TestJSON:test_keypairs_create_list_delete): 200 POST http://10.180.1.21/compute/v2.1/os-keypairs 2.275s
2025-11-21 00:52:06.325 65759 INFO tempest.lib.common.rest_client [req-0c03d3c9-7b32-4e0f-b77b-a863597162cf req-0c03d3c9-7b32-4e0f-b77b-a863597162cf ] Request (SecurityGroupsTestAdminJSON:tearDownClass): 204 DELETE http://10.180.1.21/networking/v2.0/security-groups/373b08ab-3c70-4ef4-aea7-34993ab64d0f 0.336s
2025-11-21 00:52:06.372 65753 INFO tempest.lib.common.rest_client [req-e0117405-80f4-4aaa-a5b8-b462189e2c61 req-e0117405-80f4-4aaa-a5b8-b462189e2c61 ] Request (ServerExternalEventsTest:test_create_server_external_events): 200 GET http://10.180.1.21/compute/v2.1/servers/010531a0-84e0-4437-8d9a-d3437363fcfa 2.350s
2025-11-21 00:52:06.380 65771 INFO tempest.lib.common.rest_client [req-9fc153a6-7ce9-465c-ae4a-72f31bb46dcb req-9fc153a6-7ce9-465c-ae4a-72f31bb46dcb ] Request (MultipleCreateNegativeTestJSON:test_max_count_less_than_one): 400 POST http://10.180.1.21/compute/v2.1/servers 1.796s
2025-11-21 00:52:06.386 65753 INFO tempest.common.waiters [-] State transition "BUILD/spawning" ==> "ACTIVE/None" after 25 second wait
2025-11-21 00:52:06.477 65773 INFO tempest.lib.common.rest_client [req-4d00d095-ea2e-48b9-83f7-05f5fe6d5751 req-4d00d095-ea2e-48b9-83f7-05f5fe6d5751 ] Request (FlavorsExtraSpecsNegativeTestJSON:tearDownClass): 200 GET http://10.180.1.21/networking/v2.0/security-groups?tenant_id=1b69f472d9e048ed84720aa3b60fb35c&name=default 0.281s
2025-11-21 00:52:06.481 65759 INFO tempest.lib.common.rest_client [req-8b522777-f9ae-4d39-8d87-5c27f2507cce req-8b522777-f9ae-4d39-8d87-5c27f2507cce ] Request (SecurityGroupsTestAdminJSON:tearDownClass): 204 DELETE http://10.180.1.21/identity/v3/projects/1fdbbbc3ebcb4e609782be26a2aa0bec 0.155s
2025-11-21 00:52:06.482 65759 INFO tempest.lib.common.dynamic_creds [-] Deleting project and security group for project: d8cc013cb0a545c7a40dbbfd0d0039cc
2025-11-21 00:52:06.539 65779 INFO tempest.lib.common.rest_client [req-5efe3b58-998b-4579-bd2d-1866b5628bf6 req-5efe3b58-998b-4579-bd2d-1866b5628bf6 ] Request (SecurityGroupRulesNegativeTestJSON:test_create_security_group_rule_with_invalid_from_port): 400 POST http://10.180.1.21/compute/v2.1/os-security-group-rules 2.090s
2025-11-21 00:52:06.549 65771 INFO tempest.lib.common.rest_client [req-179fef1a-1ea9-4d10-adaa-ca48cc21e00f req-179fef1a-1ea9-4d10-adaa-ca48cc21e00f ] Request (MultipleCreateNegativeTestJSON:test_max_count_non_integer): 201 POST http://10.180.1.21/identity/v3/auth/tokens 0.161s
2025-11-21 00:52:06.549 65771 INFO tempest.lib.common.fixed_network [-] (MultipleCreateNegativeTestJSON:test_max_count_non_integer) Found network None available for tenant
2025-11-21 00:52:06.587 65783 INFO tempest.lib.common.rest_client [req-dca554ff-4ffb-48c8-85a1-cd2a7a5f0d18 req-dca554ff-4ffb-48c8-85a1-cd2a7a5f0d18 ] Request (AttachInterfacesTestJSON:setUpClass): 200 PUT http://10.180.1.21/networking/v2.0/routers/bec3fe9e-3e89-480d-80e1-511e0e5a89b6/add_router_interface 1.069s
2025-11-21 00:52:06.587 65783 INFO tempest.lib.common.dynamic_creds [-] Created isolated network resources for: credentials: Credentials: {'domain_id': 'default', 'domain_name': 'Default', 'username': 'tempest-AttachInterfacesTestJSON-2066567644-project-member', 'project_domain_id': 'default', 'project_domain_name': 'Default', 'project_id': '19dd045d7d554fb58bad7f0223330d80', 'project_name': 'tempest-AttachInterfacesTestJSON-2066567644', 'tenant_id': '19dd045d7d554fb58bad7f0223330d80', 'tenant_name': 'tempest-AttachInterfacesTestJSON-2066567644', 'user_domain_id': 'default', 'user_domain_name': 'Default', 'user_id': '5e2edd51dc974c059971dd4744552017', 'system': None}, Network: {'id': '6268b4ea-a8aa-419c-a0d6-a38ec8fc7b2c', 'name': 'tempest-AttachInterfacesTestJSON-1881962074-network', 'tenant_id': '19dd045d7d554fb58bad7f0223330d80', 'project_id': '19dd045d7d554fb58bad7f0223330d80', 'admin_state_up': True, 'mtu': 8950, 'status': 'ACTIVE', 'subnets': [], 'shared': False, 'port_security_enabled': True, 'router:external': False, 'provider:network_type': 'vlan', 'provider:physical_network': 'default', 'provider:segmentation_id': 777, 'availability_zone_hints': [], 'availability_zones': [], 'ipv4_address_scope': None, 'ipv6_address_scope': None, 'description': '', 'tags': [], 'created_at': '2025-11-21T00:52:04Z', 'updated_at': '2025-11-21T00:52:04Z', 'revision_number': 1}, Subnet: {'id': '8c3eca41-6d1c-4422-b786-1d673d87f7ed', 'name': 'tempest-AttachInterfacesTestJSON-1881962074-subnet', 'tenant_id': '19dd045d7d554fb58bad7f0223330d80', 'network_id': '6268b4ea-a8aa-419c-a0d6-a38ec8fc7b2c', 'ip_version': 4, 'subnetpool_id': None, 'enable_dhcp': True, 'ipv6_ra_mode': None, 'ipv6_address_mode': None, 'gateway_ip': '192.168.128.1', 'cidr': '192.168.128.0/28', 'allocation_pools': [{'start': '192.168.128.2', 'end': '192.168.128.14'}], 'host_routes': [], 'dns_nameservers': [], 'description': '', 'router:external': False, 'service_types': [], 'tags': [], 'created_at': '2025-11-21T00:52:04Z', 'updated_at': '2025-11-21T00:52:04Z', 'revision_number': 0, 'project_id': '19dd045d7d554fb58bad7f0223330d80'}, Router: {'id': 'bec3fe9e-3e89-480d-80e1-511e0e5a89b6', 'name': 'tempest-AttachInterfacesTestJSON-1881962074-router', 'tenant_id': '19dd045d7d554fb58bad7f0223330d80', 'admin_state_up': True, 'status': 'ACTIVE', 'external_gateway_info': {'network_id': '77c7a700-3fd8-43bb-b582-f4be7935ff88', 'external_fixed_ips': [{'subnet_id': '17947dde-4032-4cb1-83c7-548da57e50fc', 'ip_address': '10.180.180.132'}], 'enable_snat': True}, 'description': '', 'availability_zones': [], 'distributed': False, 'ha': False, 'availability_zone_hints': [], 'routes': [], 'flavor_id': None, 'tags': [], 'created_at': '2025-11-21T00:52:04Z', 'updated_at': '2025-11-21T00:52:05Z', 'revision_number': 2, 'project_id': '19dd045d7d554fb58bad7f0223330d80'}
2025-11-21 00:52:06.613 65759 INFO tempest.lib.common.rest_client [req-cdec2d47-66b6-4c9c-a2b1-2bf2a7de1242 req-cdec2d47-66b6-4c9c-a2b1-2bf2a7de1242 ] Request (SecurityGroupsTestAdminJSON:tearDownClass): 200 GET http://10.180.1.21/networking/v2.0/security-groups?tenant_id=d8cc013cb0a545c7a40dbbfd0d0039cc&name=default 0.131s
2025-11-21 00:52:06.675 65773 INFO tempest.lib.common.rest_client [req-deff511f-fcf5-4e79-840a-2a06732d9a84 req-deff511f-fcf5-4e79-840a-2a06732d9a84 ] Request (FlavorsExtraSpecsNegativeTestJSON:tearDownClass): 204 DELETE http://10.180.1.21/networking/v2.0/security-groups/aec5cac4-c2ce-403c-a474-5b7dc8875a49 0.197s
2025-11-21 00:52:06.679 65783 INFO tempest.lib.common.rest_client [req-7567a207-ff50-42f1-8b7e-a24cb16f5191 req-7567a207-ff50-42f1-8b7e-a24cb16f5191 ] Request (AttachInterfacesTestJSON:setUpClass): 201 POST http://10.180.1.21/identity/v3/auth/tokens 0.086s
2025-11-21 00:52:06.753 65759 INFO tempest.lib.common.rest_client [req-349d474b-ba19-4bc1-ada9-7fdd01c5a2b4 req-349d474b-ba19-4bc1-ada9-7fdd01c5a2b4 ] Request (SecurityGroupsTestAdminJSON:tearDownClass): 204 DELETE http://10.180.1.21/networking/v2.0/security-groups/64fd6eca-0168-4de1-b4c9-4e4b3495d473 0.140s
2025-11-21 00:52:06.812 65773 INFO tempest.lib.common.rest_client [req-473c2944-b95c-4e62-99b5-0553bbd4002e req-473c2944-b95c-4e62-99b5-0553bbd4002e ] Request (FlavorsExtraSpecsNegativeTestJSON:tearDownClass): 204 DELETE http://10.180.1.21/identity/v3/projects/1b69f472d9e048ed84720aa3b60fb35c 0.137s
2025-11-21 00:52:06.851 65759 INFO tempest.lib.common.rest_client [req-a32e4624-52fc-4a5a-85e4-3c5241fb06e3 req-a32e4624-52fc-4a5a-85e4-3c5241fb06e3 ] Request (SecurityGroupsTestAdminJSON:tearDownClass): 204 DELETE http://10.180.1.21/identity/v3/projects/d8cc013cb0a545c7a40dbbfd0d0039cc 0.097s
2025-11-21 00:52:06.906 65773 INFO tempest.lib.common.rest_client [req-dd9c99e1-a316-4a6c-84fb-f4c88a3c0d9c req-dd9c99e1-a316-4a6c-84fb-f4c88a3c0d9c ] Request (FloatingIPsTestJSON:setUpClass): 201 POST http://10.180.1.21/identity/v3/auth/tokens 0.092s
2025-11-21 00:52:06.943 65759 INFO tempest.lib.common.rest_client [req-83fbd1ae-ba18-494e-a0e6-8cf8310157c3 req-83fbd1ae-ba18-494e-a0e6-8cf8310157c3 ] Request (KeyPairsV22TestJSON:setUpClass): 201 POST http://10.180.1.21/identity/v3/auth/tokens 0.090s
2025-11-21 00:52:06.948 65773 INFO tempest.lib.common.rest_client [req-7de49115-579d-409a-b345-80fede92675a req-7de49115-579d-409a-b345-80fede92675a ] Request (FloatingIPsTestJSON:setUpClass): 201 POST http://10.180.1.21/identity/v3/auth/tokens 0.036s
2025-11-21 00:52:06.978 65773 INFO tempest.lib.common.rest_client [req-cc7af966-f1a9-4aa3-8b8b-c608c5ae60a3 req-cc7af966-f1a9-4aa3-8b8b-c608c5ae60a3 ] Request (FloatingIPsTestJSON:setUpClass): 200 GET http://10.180.1.21/identity/v3/domains?name=Default 0.029s
2025-11-21 00:52:06.980 65759 INFO tempest.lib.common.rest_client [req-85ed9da3-2c94-4aad-a8bd-ca23399be497 req-85ed9da3-2c94-4aad-a8bd-ca23399be497 ] Request (KeyPairsV22TestJSON:setUpClass): 201 POST http://10.180.1.21/identity/v3/auth/tokens 0.032s
2025-11-21 00:52:06.994 65775 INFO tempest.lib.common.rest_client [req-182b5ddc-ebed-4c88-8e48-35d796ab38a1 req-182b5ddc-ebed-4c88-8e48-35d796ab38a1 ] Request (DeleteServersAdminTestJSON:test_admin_delete_servers_of_others): 204 DELETE http://10.180.1.21/compute/v2.1/servers/79edcd9f-5e4c-4b25-b40e-2796957ba92a 2.206s
2025-11-21 00:52:07.009 65759 INFO tempest.lib.common.rest_client [req-ac5bf5a2-76f5-4dc9-b5ea-515e095cbbf9 req-ac5bf5a2-76f5-4dc9-b5ea-515e095cbbf9 ] Request (KeyPairsV22TestJSON:setUpClass): 200 GET http://10.180.1.21/identity/v3/domains?name=Default 0.029s
2025-11-21 00:52:07.015 65773 INFO tempest.lib.common.rest_client [req-c4bee98f-5cfc-436e-9b1e-271b5973992c req-c4bee98f-5cfc-436e-9b1e-271b5973992c ] Request (FloatingIPsTestJSON:setUpClass): 201 POST http://10.180.1.21/identity/v3/projects 0.036s
2025-11-21 00:52:07.076 65759 INFO tempest.lib.common.rest_client [req-5cfcf2c1-7271-40fc-a69a-e42bdb907a0f req-5cfcf2c1-7271-40fc-a69a-e42bdb907a0f ] Request (KeyPairsV22TestJSON:setUpClass): 201 POST http://10.180.1.21/identity/v3/projects 0.066s
2025-11-21 00:52:07.086 65739 INFO tempest.lib.common.rest_client [req-7c8775ef-f943-4723-8eff-6ee784f5f20d req-7c8775ef-f943-4723-8eff-6ee784f5f20d ] Request (ServerDiagnosticsTest:test_get_server_diagnostics): 200 GET http://10.180.1.21/compute/v2.1/servers/271d9219-c81e-4b97-a2b8-889105472a77/diagnostics 2.448s
2025-11-21 00:52:07.098 65773 INFO tempest.lib.common.rest_client [req-acac89bc-3076-4f16-87fa-58abf73f18b9 req-acac89bc-3076-4f16-87fa-58abf73f18b9 ] Request (FloatingIPsTestJSON:setUpClass): 201 POST http://10.180.1.21/identity/v3/users 0.082s
2025-11-21 00:52:07.161 65759 INFO tempest.lib.common.rest_client [req-a5f9456d-c1f1-4d2d-bca8-30f01abbbebb req-a5f9456d-c1f1-4d2d-bca8-30f01abbbebb ] Request (KeyPairsV22TestJSON:setUpClass): 201 POST http://10.180.1.21/identity/v3/users 0.084s
2025-11-21 00:52:07.163 65743 INFO tempest.lib.common.rest_client [req-bf7efc46-42be-4071-b35d-4b772530361f req-bf7efc46-42be-4071-b35d-4b772530361f ] Request (ImagesOneServerNegativeTestJSON:setUpClass): 200 GET http://10.180.1.21/compute/v2.1/servers/1abd4b08-13e4-4ed2-b288-b95405097c1b 2.309s
2025-11-21 00:52:07.163 65773 INFO tempest.lib.common.rest_client [req-e4bfd2cb-b210-4276-833c-bdc464163b77 req-e4bfd2cb-b210-4276-833c-bdc464163b77 ] Request (FloatingIPsTestJSON:setUpClass): 200 GET http://10.180.1.21/identity/v3/roles 0.064s
2025-11-21 00:52:07.166 65787 INFO tempest.lib.common.rest_client [req-7f1886ac-b191-4dd5-a783-dfa86630de7d req-7f1886ac-b191-4dd5-a783-dfa86630de7d ] Request (ServerDiagnosticsV248Test:test_get_server_diagnostics): 200 GET http://10.180.1.21/compute/v2.1/servers/bfbe0702-385b-475b-9054-af67a5467aee 2.272s
2025-11-21 00:52:07.181 65759 INFO tempest.lib.common.rest_client [req-5f40967f-10e6-4469-a134-90a5b764ef2f req-5f40967f-10e6-4469-a134-90a5b764ef2f ] Request (KeyPairsV22TestJSON:setUpClass): 200 GET http://10.180.1.21/identity/v3/roles 0.019s
2025-11-21 00:52:07.193 65725 INFO tempest.lib.common.rest_client [req-5056b56c-b0da-4639-8849-3cc09619a2d5 req-5056b56c-b0da-4639-8849-3cc09619a2d5 ] Request (ServicesAdminNegativeTestJSON:test_get_service_by_invalid_params): 200 GET http://10.180.1.21/compute/v2.1/os-services?xxx=nova-compute 2.301s
2025-11-21 00:52:07.199 65773 INFO tempest.lib.common.rest_client [req-12e04a26-4bc6-4af8-bbe8-f1055352f42a req-12e04a26-4bc6-4af8-bbe8-f1055352f42a ] Request (FloatingIPsTestJSON:setUpClass): 204 PUT http://10.180.1.21/identity/v3/projects/ca328c7cd6f44dd8855b30ac072530f7/users/873126211a4949ad8687b6664aaf6a4b/roles/9de76072532944ecabe279c3c74acf84 0.034s
2025-11-21 00:52:07.199 65773 INFO tempest.lib.common.dynamic_creds [-] Dynamic test user 873126211a4949ad8687b6664aaf6a4b is created with scope project and roles: ['member']
2025-11-21 00:52:07.199 65773 INFO tempest.lib.common.dynamic_creds [-] Acquired dynamic creds: credentials: Credentials: {'domain_id': 'default', 'domain_name': 'Default', 'username': 'tempest-FloatingIPsTestJSON-1197910577-project-member', 'project_domain_id': 'default', 'project_domain_name': 'Default', 'project_id': 'ca328c7cd6f44dd8855b30ac072530f7', 'project_name': 'tempest-FloatingIPsTestJSON-1197910577', 'tenant_id': 'ca328c7cd6f44dd8855b30ac072530f7', 'tenant_name': 'tempest-FloatingIPsTestJSON-1197910577', 'user_domain_id': 'default', 'user_domain_name': 'Default', 'user_id': '873126211a4949ad8687b6664aaf6a4b', 'system': None}, Network: None, Subnet: None, Router: None
2025-11-21 00:52:07.202 65729 INFO tempest.lib.common.rest_client [req-ed8658b5-dabe-40a8-a3be-d18098b763b4 req-ed8658b5-dabe-40a8-a3be-d18098b763b4 ] Request (TenantUsagesNegativeTestJSON:test_get_usage_tenant_with_invalid_date): 400 GET http://10.180.1.21/compute/v2.1/os-simple-tenant-usage/fb890317d16248448ec44447c235e9c2?start=2025-11-22T00%3A52%3A02.810915&end=2025-11-20T00%3A52%3A02.810915 2.038s
2025-11-21 00:52:07.206 65759 INFO tempest.lib.common.rest_client [req-19d431bb-06d0-48bc-8a00-66dad87446c9 req-19d431bb-06d0-48bc-8a00-66dad87446c9 ] Request (KeyPairsV22TestJSON:setUpClass): 204 PUT http://10.180.1.21/identity/v3/projects/ac436c8e5c2b40bfb8201b2d9ef32234/users/80e6db489d8a453a8c208ae29ba4c9f6/roles/9de76072532944ecabe279c3c74acf84 0.025s
2025-11-21 00:52:07.207 65759 INFO tempest.lib.common.dynamic_creds [-] Dynamic test user 80e6db489d8a453a8c208ae29ba4c9f6 is created with scope project and roles: ['member']
2025-11-21 00:52:07.207 65759 INFO tempest.lib.common.dynamic_creds [-] Acquired dynamic creds: credentials: Credentials: {'domain_id': 'default', 'domain_name': 'Default', 'username': 'tempest-KeyPairsV22TestJSON-974987510-project-member', 'project_domain_id': 'default', 'project_domain_name': 'Default', 'project_id': 'ac436c8e5c2b40bfb8201b2d9ef32234', 'project_name': 'tempest-KeyPairsV22TestJSON-974987510', 'tenant_id': 'ac436c8e5c2b40bfb8201b2d9ef32234', 'tenant_name': 'tempest-KeyPairsV22TestJSON-974987510', 'user_domain_id': 'default', 'user_domain_name': 'Default', 'user_id': '80e6db489d8a453a8c208ae29ba4c9f6', 'system': None}, Network: None, Subnet: None, Router: None
2025-11-21 00:52:07.207 65759 INFO tempest.lib.common.dynamic_creds [-] Created isolated network resources for: credentials: Credentials: {'domain_id': 'default', 'domain_name': 'Default', 'username': 'tempest-KeyPairsV22TestJSON-974987510-project-member', 'project_domain_id': 'default', 'project_domain_name': 'Default', 'project_id': 'ac436c8e5c2b40bfb8201b2d9ef32234', 'project_name': 'tempest-KeyPairsV22TestJSON-974987510', 'tenant_id': 'ac436c8e5c2b40bfb8201b2d9ef32234', 'tenant_name': 'tempest-KeyPairsV22TestJSON-974987510', 'user_domain_id': 'default', 'user_domain_name': 'Default', 'user_id': '80e6db489d8a453a8c208ae29ba4c9f6', 'system': None}, Network: None, Subnet: None, Router: None
2025-11-21 00:52:07.220 65767 INFO tempest.lib.common.rest_client [req-10fe9df2-a694-4021-a341-3308ffe8804e req-10fe9df2-a694-4021-a341-3308ffe8804e ] Request (ServersWithSpecificFlavorTestJSON:test_verify_created_server_ephemeral_disk): 200 GET http://10.180.1.21/compute/v2.1/servers/0b5aa716-1e7d-4e66-ab32-71c57ceb5518 2.191s
2025-11-21 00:52:07.233 65781 INFO tempest.lib.common.rest_client [req-0f15ce9b-2e43-48a6-97a7-f8cf29fc359e req-0f15ce9b-2e43-48a6-97a7-f8cf29fc359e ] Request (KeyPairsNegativeTestJSON:test_keypair_delete_nonexistent_key): 404 DELETE http://10.180.1.21/compute/v2.1/os-keypairs/tempest-keypair-non-existent-1215075303 1.961s
2025-11-21 00:52:07.245 65789 INFO tempest.lib.common.rest_client [req-45369df5-a0dc-4a75-ae90-4b323ec505d7 req-45369df5-a0dc-4a75-ae90-4b323ec505d7 ] Request (FlavorsAccessTestJSON:test_flavor_access_list_with_private_flavor): 200 GET http://10.180.1.21/compute/v2.1/flavors/564245373/os-flavor-access 1.910s
2025-11-21 00:52:07.302 65773 INFO tempest.lib.common.rest_client [req-c0596213-e051-4273-88d5-fa77eebcbee3 req-c0596213-e051-4273-88d5-fa77eebcbee3 ] Request (FloatingIPsTestJSON:setUpClass): 201 POST http://10.180.1.21/identity/v3/auth/tokens 0.102s
2025-11-21 00:52:07.325 65759 INFO tempest.lib.common.rest_client [req-3a72bfea-d39a-48b1-951f-b62043442d61 req-3a72bfea-d39a-48b1-951f-b62043442d61 ] Request (KeyPairsV22TestJSON:setUpClass): 201 POST http://10.180.1.21/identity/v3/auth/tokens 0.114s
2025-11-21 00:52:07.361 65749 INFO tempest.lib.common.rest_client [req-89a7548d-2d6c-47d8-b0d7-e455370a9255 req-89a7548d-2d6c-47d8-b0d7-e455370a9255 ] Request (FloatingIPsAssociationTestJSON:setUpClass): 200 GET http://10.180.1.21/compute/v2.1/servers/d6e42c6a-b77a-48ae-986f-a824b3102e74 2.017s
2025-11-21 00:52:07.381 65757 INFO tempest.lib.common.rest_client [req-9f025460-08fb-460a-8c2b-21a4dba0839d req-9f025460-08fb-460a-8c2b-21a4dba0839d ] Request (FlavorsExtraSpecsTestJSON:tearDownClass): 202 DELETE http://10.180.1.21/compute/v2.1/flavors/711523431 1.689s
2025-11-21 00:52:07.387 65735 INFO tempest.lib.common.rest_client [req-b427e48e-b0d9-44e5-a075-b4b475e2b41f req-b427e48e-b0d9-44e5-a075-b4b475e2b41f ] Request (AggregatesAdminNegativeTestJSON:test_aggregate_create_as_user): 403 POST http://10.180.1.21/compute/v2.1/os-aggregates 1.685s
2025-11-21 00:52:07.397 65781 INFO tempest.lib.common.rest_client [req-7bacec33-0532-4c7d-b0ce-dba422276b8a req-7bacec33-0532-4c7d-b0ce-dba422276b8a ] Request (KeyPairsNegativeTestJSON:tearDownClass): 204 DELETE http://10.180.1.21/identity/v3/users/1b075146566c4cbb8539a2570e1bfb64 0.162s
2025-11-21 00:52:07.397 65781 INFO tempest.lib.common.dynamic_creds [-] Deleting project and security group for project: 8e15de1527a1400bacb10b38ca14dd87
2025-11-21 00:52:07.414 65751 INFO tempest.lib.common.rest_client [req-5be0507d-c129-493a-9d70-6d25ed648494 req-5be0507d-c129-493a-9d70-6d25ed648494 ] Request (FlavorsV2TestJSON:test_list_flavors_filter_by_min_disk): 200 GET http://10.180.1.21/compute/v2.1/flavors?minDisk=2 1.696s
2025-11-21 00:52:07.546 65781 INFO tempest.lib.common.rest_client [req-c947d09f-4518-4447-975d-a84a89d50c2e req-c947d09f-4518-4447-975d-a84a89d50c2e ] Request (KeyPairsNegativeTestJSON:tearDownClass): 201 POST http://10.180.1.21/identity/v3/auth/tokens 0.149s
2025-11-21 00:52:07.568 65785 INFO tempest.lib.common.rest_client [req-eb621132-6257-47cd-a0a2-e23656654be1 req-eb621132-6257-47cd-a0a2-e23656654be1 ] Request (QuotasAdminNegativeTest:_run_cleanups): 200 PUT http://10.180.1.21/compute/v2.1/os-quota-sets/8b52ac87c5f24ad3a893993010d24730 1.890s
2025-11-21 00:52:07.576 65731 INFO tempest.lib.common.rest_client [req-e8bbe22c-3eea-44dd-b75d-0fef2c0e42bd req-e8bbe22c-3eea-44dd-b75d-0fef2c0e42bd ] Request (HostsAdminNegativeTestJSON:test_update_host_with_non_admin_user): 403 PUT http://10.180.1.21/compute/v2.1/os-hosts/devstack 1.831s
2025-11-21 00:52:07.582 65755 INFO tempest.lib.common.rest_client [req-343dc21a-2ec1-44fd-9407-9b16e6842a45 req-343dc21a-2ec1-44fd-9407-9b16e6842a45 ] Request (HypervisorAdminNegativeTestJSON:test_show_nonexistent_hypervisor): 404 GET http://10.180.1.21/compute/v2.1/os-hypervisors/1aacd99d-3584-4e4b-9294-a8ab1e03719c 1.839s
2025-11-21 00:52:07.596 65741 INFO tempest.lib.common.rest_client [req-0e6eeaeb-dffd-4dbf-957b-9071575eb8b8 req-0e6eeaeb-dffd-4dbf-957b-9071575eb8b8 ] Request (FlavorsAccessNegativeTestJSON:test_flavor_non_admin_add): 403 POST http://10.180.1.21/compute/v2.1/flavors/1985442932/action 1.861s
2025-11-21 00:52:07.609 65763 INFO tempest.lib.common.rest_client [req-f6dcdc6a-da14-4ffd-a368-fc734c153b96 req-f6dcdc6a-da14-4ffd-a368-fc734c153b96 ] Request (FlavorsAdminTestJSON:_run_cleanups): 200 GET http://10.180.1.21/compute/v2.1/flavors/detail 1.844s
2025-11-21 00:52:07.669 65755 INFO tempest.lib.common.rest_client [req-3b53106c-01d3-4b14-8da8-87ffe5ef5e3a req-3b53106c-01d3-4b14-8da8-87ffe5ef5e3a ] Request (HypervisorAdminNegativeTestJSON:tearDownClass): 204 DELETE http://10.180.1.21/identity/v3/users/0676efab62a84080941baa721a6c4432 0.086s
2025-11-21 00:52:07.709 65773 INFO tempest.lib.common.rest_client [req-639de9c0-7c76-4774-8190-54f0c7d9942b req-639de9c0-7c76-4774-8190-54f0c7d9942b ] Request (FloatingIPsTestJSON:setUpClass): 201 POST http://10.180.1.21/networking/v2.0/networks 0.406s
2025-11-21 00:52:07.735 65727 INFO tempest.lib.common.rest_client [req-ba7e56ac-c488-4ac7-807d-4dfa0329aef3 req-ba7e56ac-c488-4ac7-807d-4dfa0329aef3 ] Request (VolumesAssistedSnapshotsTest:test_volume_assisted_snapshot_create_delete): 200 GET http://10.180.1.21/compute/v2.1/servers/1c5e0c99-bd33-41d3-82b5-fd4cef419263 1.681s
2025-11-21 00:52:07.759 65737 INFO tempest.lib.common.rest_client [req-ccc58e44-7404-485e-9ce5-ffa436902b0e req-ccc58e44-7404-485e-9ce5-ffa436902b0e ] Request (ServersAdmin275Test:test_rebuild_update_server_275): 200 GET http://10.180.1.21/compute/v2.1/servers/667b30a4-b2d0-4cd6-8718-fa5b3519e4f1 1.774s
2025-11-21 00:52:07.769 65737 INFO tempest.common.waiters [-] State transition "REBUILD/rebuilding" ==> "REBUILD/rebuild_spawning" after 3 second wait
2025-11-21 00:52:07.777 65781 INFO tempest.lib.common.rest_client [req-f3247959-f604-4e30-82f3-d65fd335748b req-f3247959-f604-4e30-82f3-d65fd335748b ] Request (KeyPairsNegativeTestJSON:tearDownClass): 200 GET http://10.180.1.21/networking/v2.0/security-groups?tenant_id=8e15de1527a1400bacb10b38ca14dd87&name=default 0.230s
2025-11-21 00:52:07.796 65755 INFO tempest.lib.common.rest_client [req-c6effa2a-bb96-46af-8fab-d3340db09909 req-c6effa2a-bb96-46af-8fab-d3340db09909 ] Request (HypervisorAdminNegativeTestJSON:tearDownClass): 204 DELETE http://10.180.1.21/identity/v3/users/e8dc4e90307e4b26b924e2ca10f4df1c 0.127s
2025-11-21 00:52:07.797 65755 INFO tempest.lib.common.dynamic_creds [-] Deleting project and security group for project: 6878ef6e5cfe4e86a10a4072308569f3
2025-11-21 00:52:07.825 65769 INFO tempest.lib.common.rest_client [req-8cf0fd0e-fd9c-4d8f-ac04-9efadd0cd904 req-8cf0fd0e-fd9c-4d8f-ac04-9efadd0cd904 ] Request (ServersAdminTestJSON:setUpClass): 200 GET http://10.180.1.21/compute/v2.1/servers/339e844c-430c-4c82-9c68-64d24eb6a57c 1.712s
2025-11-21 00:52:07.889 65755 INFO tempest.lib.common.rest_client [req-982b8469-c127-4311-bc06-0693eb2b859b req-982b8469-c127-4311-bc06-0693eb2b859b ] Request (HypervisorAdminNegativeTestJSON:tearDownClass): 201 POST http://10.180.1.21/identity/v3/auth/tokens 0.092s
2025-11-21 00:52:07.902 65781 INFO tempest.lib.common.rest_client [req-07c99e07-9c20-44d5-8b61-043da684e373 req-07c99e07-9c20-44d5-8b61-043da684e373 ] Request (KeyPairsNegativeTestJSON:tearDownClass): 204 DELETE http://10.180.1.21/networking/v2.0/security-groups/d4cbf4b2-0ec8-4ca2-8bf8-c4eeb6acff93 0.124s
2025-11-21 00:52:07.930 65761 INFO tempest.lib.common.rest_client [req-c9614b92-8ea5-4899-bd8c-3342b3496a9c req-c9614b92-8ea5-4899-bd8c-3342b3496a9c ] Request (InstanceActionsTestJSON:setUpClass): 200 GET http://10.180.1.21/compute/v2.1/servers/c439fce3-097d-4dd0-943f-d2f85e336074 1.744s
2025-11-21 00:52:07.947 65745 INFO tempest.lib.common.rest_client [req-bc4fed34-d2b2-43e0-bed0-9effab9ef504 req-bc4fed34-d2b2-43e0-bed0-9effab9ef504 ] Request (ServerDiagnosticsNegativeTest:test_get_server_diagnostics_by_non_admin): 200 GET http://10.180.1.21/compute/v2.1/servers/48b4a895-026e-4124-998d-2d64cb27027e 1.709s
2025-11-21 00:52:07.973 65773 INFO tempest.lib.common.rest_client [req-ac057512-2037-4807-87db-1b000a43025a req-ac057512-2037-4807-87db-1b000a43025a ] Request (FloatingIPsTestJSON:setUpClass): 201 POST http://10.180.1.21/networking/v2.0/subnets 0.263s
2025-11-21 00:52:07.989 65781 INFO tempest.lib.common.rest_client [req-77c48591-2a6c-4bec-a9e8-e499972db296 req-77c48591-2a6c-4bec-a9e8-e499972db296 ] Request (KeyPairsNegativeTestJSON:tearDownClass): 204 DELETE http://10.180.1.21/identity/v3/projects/8e15de1527a1400bacb10b38ca14dd87 0.086s
2025-11-21 00:52:07.997 65777 INFO tempest.lib.common.rest_client [req-81741ce2-da35-4739-aa07-5f92e33edd12 req-81741ce2-da35-4739-aa07-5f92e33edd12 ] Request (KeyPairsV2TestJSON:test_keypairs_create_list_delete): 200 POST http://10.180.1.21/compute/v2.1/os-keypairs 1.675s
2025-11-21 00:52:08.002 65747 INFO tempest.lib.common.rest_client [req-01c19f95-717e-4819-9e70-5e6e3f26ddb1 req-01c19f95-717e-4819-9e70-5e6e3f26ddb1 ] Request (ServersAdminNegativeTestJSON:test_migrate_server_invalid_state): 200 GET http://10.180.1.21/compute/v2.1/servers/eb4faece-3fa5-4441-8d77-def43fd9dc03 1.739s
2025-11-21 00:52:08.060 65781 INFO tempest.lib.common.rest_client [req-23d90cfd-ef71-45d6-92a8-d88ca0a04eaf req-23d90cfd-ef71-45d6-92a8-d88ca0a04eaf ] Request (ServerPasswordTestJSON:setUpClass): 201 POST http://10.180.1.21/identity/v3/auth/tokens 0.070s
2025-11-21 00:52:08.104 65781 INFO tempest.lib.common.rest_client [req-8660ea6a-0bea-48d8-8e96-d882d7727f55 req-8660ea6a-0bea-48d8-8e96-d882d7727f55 ] Request (ServerPasswordTestJSON:setUpClass): 201 POST http://10.180.1.21/identity/v3/auth/tokens 0.037s
2025-11-21 00:52:08.140 65781 INFO tempest.lib.common.rest_client [req-fb7a29ed-5f9c-41fb-a6ef-abd5da2a6ddd req-fb7a29ed-5f9c-41fb-a6ef-abd5da2a6ddd ] Request (ServerPasswordTestJSON:setUpClass): 200 GET http://10.180.1.21/identity/v3/domains?name=Default 0.036s
2025-11-21 00:52:08.179 65781 INFO tempest.lib.common.rest_client [req-8ed81d14-3a97-4e43-a792-410f1035ee6f req-8ed81d14-3a97-4e43-a792-410f1035ee6f ] Request (ServerPasswordTestJSON:setUpClass): 201 POST http://10.180.1.21/identity/v3/projects 0.038s
2025-11-21 00:52:08.205 65753 INFO tempest.lib.common.rest_client [req-b15e5944-0136-403b-9e98-80b8229abdd6 req-b15e5944-0136-403b-9e98-80b8229abdd6 ] Request (ServerExternalEventsTest:test_create_server_external_events): 200 POST http://10.180.1.21/compute/v2.1/os-server-external-events 1.818s
2025-11-21 00:52:08.214 65779 INFO tempest.lib.common.rest_client [req-64f3f17e-6dde-4d14-b758-f0739fb5ca3b req-64f3f17e-6dde-4d14-b758-f0739fb5ca3b ] Request (SecurityGroupRulesNegativeTestJSON:test_create_security_group_rule_with_invalid_id): 400 POST http://10.180.1.21/compute/v2.1/os-security-group-rules 1.671s
2025-11-21 00:52:08.220 65771 INFO tempest.lib.common.rest_client [req-9df399aa-df1d-44b7-93ba-d0c771041953 req-9df399aa-df1d-44b7-93ba-d0c771041953 ] Request (MultipleCreateNegativeTestJSON:test_max_count_non_integer): 400 POST http://10.180.1.21/compute/v2.1/servers 1.670s
2025-11-21 00:52:08.223 65755 INFO tempest.lib.common.rest_client [req-08081c76-7542-4f44-a8f9-aa3e37d3b5fc req-08081c76-7542-4f44-a8f9-aa3e37d3b5fc ] Request (HypervisorAdminNegativeTestJSON:tearDownClass): 200 GET http://10.180.1.21/networking/v2.0/security-groups?tenant_id=6878ef6e5cfe4e86a10a4072308569f3&name=default 0.333s
2025-11-21 00:52:08.290 65781 INFO tempest.lib.common.rest_client [req-919b0f9a-c599-4d43-9d9c-e8493673806d req-919b0f9a-c599-4d43-9d9c-e8493673806d ] Request (ServerPasswordTestJSON:setUpClass): 201 POST http://10.180.1.21/identity/v3/users 0.110s
2025-11-21 00:52:08.367 65771 INFO tempest.lib.common.rest_client [req-34fd963c-361d-453d-9242-261af1e80f54 req-34fd963c-361d-453d-9242-261af1e80f54 ] Request (MultipleCreateNegativeTestJSON:test_min_count_less_than_one): 201 POST http://10.180.1.21/identity/v3/auth/tokens 0.141s
2025-11-21 00:52:08.367 65771 INFO tempest.lib.common.fixed_network [-] (MultipleCreateNegativeTestJSON:test_min_count_less_than_one) Found network None available for tenant
2025-11-21 00:52:08.387 65781 INFO tempest.lib.common.rest_client [req-6d5fa5e1-c365-4c38-a90a-c3873ee34e16 req-6d5fa5e1-c365-4c38-a90a-c3873ee34e16 ] Request (ServerPasswordTestJSON:setUpClass): 200 GET http://10.180.1.21/identity/v3/roles 0.093s
2025-11-21 00:52:08.426 65781 INFO tempest.lib.common.rest_client [req-edf3a78b-7eee-4644-928f-85568667a4e1 req-edf3a78b-7eee-4644-928f-85568667a4e1 ] Request (ServerPasswordTestJSON:setUpClass): 204 PUT http://10.180.1.21/identity/v3/projects/89a08a92383043dfb0eb17f62257d111/users/79cbf387c0d74700962730fcf73b542f/roles/9de76072532944ecabe279c3c74acf84 0.038s
2025-11-21 00:52:08.426 65781 INFO tempest.lib.common.dynamic_creds [-] Dynamic test user 79cbf387c0d74700962730fcf73b542f is created with scope project and roles: ['member']
2025-11-21 00:52:08.427 65781 INFO tempest.lib.common.dynamic_creds [-] Acquired dynamic creds: credentials: Credentials: {'domain_id': 'default', 'domain_name': 'Default', 'username': 'tempest-ServerPasswordTestJSON-497260439-project-member', 'project_domain_id': 'default', 'project_domain_name': 'Default', 'project_id': '89a08a92383043dfb0eb17f62257d111', 'project_name': 'tempest-ServerPasswordTestJSON-497260439', 'tenant_id': '89a08a92383043dfb0eb17f62257d111', 'tenant_name': 'tempest-ServerPasswordTestJSON-497260439', 'user_domain_id': 'default', 'user_domain_name': 'Default', 'user_id': '79cbf387c0d74700962730fcf73b542f', 'system': None}, Network: None, Subnet: None, Router: None
2025-11-21 00:52:08.428 65783 INFO tempest.lib.common.rest_client [req-1829d4ec-d574-4efb-9a19-b2385be95ff6 req-1829d4ec-d574-4efb-9a19-b2385be95ff6 ] Request (ValidationResourcesFixture:setUp): 200 POST http://10.180.1.21/compute/v2.1/os-keypairs 1.747s
2025-11-21 00:52:08.483 65755 INFO tempest.lib.common.rest_client [req-75a4942d-6682-4d3f-a040-232444d4a16a req-75a4942d-6682-4d3f-a040-232444d4a16a ] Request (HypervisorAdminNegativeTestJSON:tearDownClass): 204 DELETE http://10.180.1.21/networking/v2.0/security-groups/c7ebbd4c-6672-49c6-8cb1-c0ac5d3c5c28 0.260s
2025-11-21 00:52:08.525 65781 INFO tempest.lib.common.rest_client [req-9d4ef723-8754-4a7f-b5dd-d64efb7c7a86 req-9d4ef723-8754-4a7f-b5dd-d64efb7c7a86 ] Request (ServerPasswordTestJSON:setUpClass): 201 POST http://10.180.1.21/identity/v3/auth/tokens 0.098s
2025-11-21 00:52:08.528 65733 INFO tempest.lib.common.rest_client [req-e5655700-066a-4efd-aec3-f9122144e833 req-e5655700-066a-4efd-aec3-f9122144e833 ] Request (MigrationsAdminTest:test_list_migrations_in_flavor_resize_situation): 200 GET http://10.180.1.21/compute/v2.1/servers/bfe5607b-5eed-43a2-ba29-b891c55bf1e5 2.206s
2025-11-21 00:52:08.627 65783 INFO tempest.lib.common.rest_client [req-e518a9c7-7d3a-49fc-9f9c-432e677dfd44 req-e518a9c7-7d3a-49fc-9f9c-432e677dfd44 ] Request (ValidationResourcesFixture:setUp): 201 POST http://10.180.1.21/networking/v2.0/security-groups 0.197s
2025-11-21 00:52:08.634 65755 INFO tempest.lib.common.rest_client [req-70e56351-43c5-4769-b3b9-5b9bbcaecb30 req-70e56351-43c5-4769-b3b9-5b9bbcaecb30 ] Request (HypervisorAdminNegativeTestJSON:tearDownClass): 204 DELETE http://10.180.1.21/identity/v3/projects/6878ef6e5cfe4e86a10a4072308569f3 0.150s
2025-11-21 00:52:08.634 65755 INFO tempest.lib.common.dynamic_creds [-] Deleting project and security group for project: c4caed192a914c999d5bcadccd03ad9f
2025-11-21 00:52:08.660 65739 INFO tempest.lib.common.rest_client [req-897e755b-78e5-4e8f-8abf-481822c91dc1 req-897e755b-78e5-4e8f-8abf-481822c91dc1 ] Request (ServerDiagnosticsTest:tearDownClass): 204 DELETE http://10.180.1.21/compute/v2.1/servers/271d9219-c81e-4b97-a2b8-889105472a77 1.566s
2025-11-21 00:52:08.681 65725 INFO tempest.lib.common.rest_client [req-6665fe1a-f29e-4217-899a-9668f6464133 req-6665fe1a-f29e-4217-899a-9668f6464133 ] Request (ServicesAdminNegativeTestJSON:test_get_service_by_invalid_service_and_valid_host): 200 GET http://10.180.1.21/compute/v2.1/os-services 1.482s
2025-11-21 00:52:08.779 65729 INFO tempest.lib.common.rest_client [req-59f7728f-4db8-4364-a3c9-fad09194894f req-59f7728f-4db8-4364-a3c9-fad09194894f ] Request (TenantUsagesNegativeTestJSON:test_list_usage_all_tenants_with_non_admin_user): 403 GET http://10.180.1.21/compute/v2.1/os-simple-tenant-usage?start=2025-11-20T00%3A52%3A02.810915&end=2025-11-22T00%3A52%3A02.810915&detailed=1 1.574s
2025-11-21 00:52:08.799 65789 INFO tempest.lib.common.rest_client [req-68588c64-4857-4298-9c5a-95e02746d709 req-68588c64-4857-4298-9c5a-95e02746d709 ] Request (FlavorsAccessTestJSON:_run_cleanups): 202 DELETE http://10.180.1.21/compute/v2.1/flavors/564245373 1.553s
2025-11-21 00:52:08.881 65729 INFO tempest.lib.common.rest_client [req-d3e3ec75-65f2-434c-b29d-a454c40762b7 req-d3e3ec75-65f2-434c-b29d-a454c40762b7 ] Request (TenantUsagesNegativeTestJSON:tearDownClass): 204 DELETE http://10.180.1.21/identity/v3/users/9a8e0af48994418d995dd8a219a6a710 0.100s
2025-11-21 00:52:08.918 65759 INFO tempest.lib.common.rest_client [req-2f6ad00a-0303-4d68-81cd-91560c1aff81 req-2f6ad00a-0303-4d68-81cd-91560c1aff81 ] Request (KeyPairsV22TestJSON:test_get_keypair_detail): 201 POST http://10.180.1.21/compute/v2.1/os-keypairs 1.591s
2025-11-21 00:52:08.926 65773 INFO tempest.lib.common.rest_client [req-6575b09c-96e3-45fc-8b21-50685aa83a4f req-6575b09c-96e3-45fc-8b21-50685aa83a4f ] Request (FloatingIPsTestJSON:setUpClass): 201 POST http://10.180.1.21/networking/v2.0/routers 0.953s
2025-11-21 00:52:08.954 65757 INFO tempest.lib.common.rest_client [req-848ced41-9c6c-48a8-bbc5-a2c77ca846e2 req-848ced41-9c6c-48a8-bbc5-a2c77ca846e2 ] Request (FlavorsExtraSpecsTestJSON:tearDownClass): 200 GET http://10.180.1.21/compute/v2.1/flavors/detail 1.572s
2025-11-21 00:52:08.982 65735 INFO tempest.lib.common.rest_client [req-b800c0b5-4ad5-4905-8c7b-64bd5843ecf0 req-b800c0b5-4ad5-4905-8c7b-64bd5843ecf0 ] Request (AggregatesAdminNegativeTestJSON:test_aggregate_create_with_existent_aggregate_name): 200 POST http://10.180.1.21/compute/v2.1/os-aggregates 1.593s
2025-11-21 00:52:08.987 65781 INFO tempest.lib.common.rest_client [req-734e1bb6-a548-479a-b069-604096fdbdfa req-734e1bb6-a548-479a-b069-604096fdbdfa ] Request (ServerPasswordTestJSON:setUpClass): 201 POST http://10.180.1.21/networking/v2.0/networks 0.461s
2025-11-21 00:52:09.012 65751 INFO tempest.lib.common.rest_client [req-3ad34b43-7d00-4424-ac47-247a09717a59 req-3ad34b43-7d00-4424-ac47-247a09717a59 ] Request (FlavorsV2TestJSON:test_list_flavors_filter_by_min_ram): 200 GET http://10.180.1.21/compute/v2.1/flavors/42 1.593s
2025-11-21 00:52:09.033 65729 INFO tempest.lib.common.rest_client [req-d0159afd-3ef2-4d8b-ae4d-6ef12b253263 req-d0159afd-3ef2-4d8b-ae4d-6ef12b253263 ] Request (TenantUsagesNegativeTestJSON:tearDownClass): 204 DELETE http://10.180.1.21/identity/v3/users/ffdb93f4d2274681b15764e3b6e7d258 0.151s
2025-11-21 00:52:09.034 65729 INFO tempest.lib.common.dynamic_creds [-] Deleting project and security group for project: 325b6c1fd3be40d8a483da43d82ac7f2
2025-11-21 00:52:09.129 65783 INFO tempest.lib.common.rest_client [req-8cdb656f-22ea-4ce8-9b0c-5fdcb7258e15 req-8cdb656f-22ea-4ce8-9b0c-5fdcb7258e15 ] Request (ValidationResourcesFixture:setUp): 201 POST http://10.180.1.21/networking/v2.0/security-group-rules 0.501s
2025-11-21 00:52:09.134 65757 INFO tempest.lib.common.rest_client [req-d72eec0c-4475-4c0f-8fa1-442cf17b8360 req-d72eec0c-4475-4c0f-8fa1-442cf17b8360 ] Request (FlavorsExtraSpecsTestJSON:tearDownClass): 204 DELETE http://10.180.1.21/identity/v3/users/377aeb90816248a5a0bb266f4e149dec 0.174s
2025-11-21 00:52:09.142 65755 INFO tempest.lib.common.rest_client [req-804af6b2-46e3-4999-9429-15c17a2aefcd req-804af6b2-46e3-4999-9429-15c17a2aefcd ] Request (HypervisorAdminNegativeTestJSON:tearDownClass): 200 GET http://10.180.1.21/networking/v2.0/security-groups?tenant_id=c4caed192a914c999d5bcadccd03ad9f&name=default 0.508s
2025-11-21 00:52:09.147 65729 INFO tempest.lib.common.rest_client [req-3048014e-99fa-4dc6-b074-303957e3e5c2 req-3048014e-99fa-4dc6-b074-303957e3e5c2 ] Request (TenantUsagesNegativeTestJSON:tearDownClass): 201 POST http://10.180.1.21/identity/v3/auth/tokens 0.113s
2025-11-21 00:52:09.190 65775 INFO tempest.lib.common.rest_client [req-7bfd978e-54aa-4543-b4d1-5a413eafb8ce req-7bfd978e-54aa-4543-b4d1-5a413eafb8ce ] Request (DeleteServersAdminTestJSON:test_admin_delete_servers_of_others): 200 GET http://10.180.1.21/compute/v2.1/servers/79edcd9f-5e4c-4b25-b40e-2796957ba92a 2.196s
2025-11-21 00:52:09.202 65731 INFO tempest.lib.common.rest_client [req-375ee2a0-7d05-4295-bd33-60ec3c00dc3a req-375ee2a0-7d05-4295-bd33-60ec3c00dc3a ] Request (HostsAdminNegativeTestJSON:test_update_host_without_param): 400 PUT http://10.180.1.21/compute/v2.1/os-hosts/devstack 1.624s
2025-11-21 00:52:09.247 65741 INFO tempest.lib.common.rest_client [req-f7750ab2-a594-4466-8b7d-1a6d19afdadb req-f7750ab2-a594-4466-8b7d-1a6d19afdadb ] Request (FlavorsAccessNegativeTestJSON:_run_cleanups): 202 DELETE http://10.180.1.21/compute/v2.1/flavors/1985442932 1.651s
2025-11-21 00:52:09.272 65763 INFO tempest.lib.common.rest_client [req-d2a169bb-587a-4d3c-aeb0-d55072ff76ee req-d2a169bb-587a-4d3c-aeb0-d55072ff76ee ] Request (FlavorsAdminTestJSON:test_create_flavor_with_uuid_id): 200 POST http://10.180.1.21/compute/v2.1/flavors 1.657s
2025-11-21 00:52:09.333 65757 INFO tempest.lib.common.rest_client [req-8c15174b-7b5c-4c8c-a58c-7342705ff840 req-8c15174b-7b5c-4c8c-a58c-7342705ff840 ] Request (FlavorsExtraSpecsTestJSON:tearDownClass): 204 DELETE http://10.180.1.21/identity/v3/users/9393fde4af154440a94a824dd407e0cd 0.199s
2025-11-21 00:52:09.334 65757 INFO tempest.lib.common.dynamic_creds [-] Deleting project and security group for project: cd4a431459f2476b9d47235ee6aa0845
2025-11-21 00:52:09.337 65777 INFO tempest.lib.common.rest_client [req-bf91e269-06e1-4f30-a6cc-2b2fcf8fe9fa req-bf91e269-06e1-4f30-a6cc-2b2fcf8fe9fa ] Request (KeyPairsV2TestJSON:test_keypairs_create_list_delete): 200 POST http://10.180.1.21/compute/v2.1/os-keypairs 1.336s
2025-11-21 00:52:09.391 65785 INFO tempest.lib.common.rest_client [req-f994dd35-0ac4-42ac-8f78-db728ff7797f req-f994dd35-0ac4-42ac-8f78-db728ff7797f ] Request (QuotasAdminNegativeTest:test_create_server_when_memory_quota_is_full): 200 GET http://10.180.1.21/compute/v2.1/os-quota-sets/8b52ac87c5f24ad3a893993010d24730 1.819s
2025-11-21 00:52:09.447 65781 INFO tempest.lib.common.rest_client [req-c1f290a7-5344-4cb0-94df-85267c2c7b37 req-c1f290a7-5344-4cb0-94df-85267c2c7b37 ] Request (ServerPasswordTestJSON:setUpClass): 201 POST http://10.180.1.21/networking/v2.0/subnets 0.460s
2025-11-21 00:52:09.464 65757 INFO tempest.lib.common.rest_client [req-5e075d9c-3f28-46bc-ba26-0308d3fd1419 req-5e075d9c-3f28-46bc-ba26-0308d3fd1419 ] Request (FlavorsExtraSpecsTestJSON:tearDownClass): 201 POST http://10.180.1.21/identity/v3/auth/tokens 0.130s
2025-11-21 00:52:09.938 65783 INFO tempest.lib.common.rest_client [req-33abc4e2-c7d9-4b5f-bf8d-394623bc8599 req-33abc4e2-c7d9-4b5f-bf8d-394623bc8599 ] Request (ValidationResourcesFixture:setUp): 201 POST http://10.180.1.21/networking/v2.0/security-group-rules 0.808s
2025-11-21 00:52:10.072 65755 INFO tempest.lib.common.rest_client [req-5bb20d8e-1b02-4c40-87d4-5ac7204de109 req-5bb20d8e-1b02-4c40-87d4-5ac7204de109 ] Request (HypervisorAdminNegativeTestJSON:tearDownClass): 204 DELETE http://10.180.1.21/networking/v2.0/security-groups/c35f381a-cc9e-488e-b5da-51738b955745 0.929s
2025-11-21 00:52:10.144 65773 INFO tempest.lib.common.rest_client [req-5602c75e-1f2f-4171-830b-d0d0e976ab64 req-5602c75e-1f2f-4171-830b-d0d0e976ab64 ] Request (FloatingIPsTestJSON:setUpClass): 200 PUT http://10.180.1.21/networking/v2.0/routers/709ef53e-9176-4d4f-a5db-5c8023e7b6ab/add_router_interface 1.217s
2025-11-21 00:52:10.144 65773 INFO tempest.lib.common.dynamic_creds [-] Created isolated network resources for: credentials: Credentials: {'domain_id': 'default', 'domain_name': 'Default', 'username': 'tempest-FloatingIPsTestJSON-1197910577-project-member', 'project_domain_id': 'default', 'project_domain_name': 'Default', 'project_id': 'ca328c7cd6f44dd8855b30ac072530f7', 'project_name': 'tempest-FloatingIPsTestJSON-1197910577', 'tenant_id': 'ca328c7cd6f44dd8855b30ac072530f7', 'tenant_name': 'tempest-FloatingIPsTestJSON-1197910577', 'user_domain_id': 'default', 'user_domain_name': 'Default', 'user_id': '873126211a4949ad8687b6664aaf6a4b', 'system': None}, Network: {'id': 'c959d7cb-ccad-4328-9e6c-bcdb84fe58f9', 'name': 'tempest-FloatingIPsTestJSON-1651867394-network', 'tenant_id': 'ca328c7cd6f44dd8855b30ac072530f7', 'project_id': 'ca328c7cd6f44dd8855b30ac072530f7', 'admin_state_up': True, 'mtu': 8950, 'status': 'ACTIVE', 'subnets': [], 'shared': False, 'port_security_enabled': True, 'router:external': False, 'provider:network_type': 'vlan', 'provider:physical_network': 'default', 'provider:segmentation_id': 446, 'availability_zone_hints': [], 'availability_zones': [], 'ipv4_address_scope': None, 'ipv6_address_scope': None, 'description': '', 'tags': [], 'created_at': '2025-11-21T00:52:07Z', 'updated_at': '2025-11-21T00:52:07Z', 'revision_number': 1}, Subnet: {'id': '3e78317f-cec5-4bd5-b76d-9e1166c28fa3', 'name': 'tempest-FloatingIPsTestJSON-1651867394-subnet', 'tenant_id': 'ca328c7cd6f44dd8855b30ac072530f7', 'network_id': 'c959d7cb-ccad-4328-9e6c-bcdb84fe58f9', 'ip_version': 4, 'subnetpool_id': None, 'enable_dhcp': True, 'ipv6_ra_mode': None, 'ipv6_address_mode': None, 'gateway_ip': '192.168.128.1', 'cidr': '192.168.128.0/28', 'allocation_pools': [{'start': '192.168.128.2', 'end': '192.168.128.14'}], 'host_routes': [], 'dns_nameservers': [], 'description': '', 'router:external': False, 'service_types': [], 'tags': [], 'created_at': '2025-11-21T00:52:07Z', 'updated_at': '2025-11-21T00:52:07Z', 'revision_number': 0, 'project_id': 'ca328c7cd6f44dd8855b30ac072530f7'}, Router: {'id': '709ef53e-9176-4d4f-a5db-5c8023e7b6ab', 'name': 'tempest-FloatingIPsTestJSON-1651867394-router', 'tenant_id': 'ca328c7cd6f44dd8855b30ac072530f7', 'admin_state_up': True, 'status': 'ACTIVE', 'external_gateway_info': {'network_id': '77c7a700-3fd8-43bb-b582-f4be7935ff88', 'external_fixed_ips': [{'subnet_id': '17947dde-4032-4cb1-83c7-548da57e50fc', 'ip_address': '10.180.180.131'}], 'enable_snat': True}, 'description': '', 'availability_zones': [], 'distributed': False, 'ha': False, 'availability_zone_hints': [], 'routes': [], 'flavor_id': None, 'tags': [], 'created_at': '2025-11-21T00:52:08Z', 'updated_at': '2025-11-21T00:52:08Z', 'revision_number': 2, 'project_id': 'ca328c7cd6f44dd8855b30ac072530f7'}
2025-11-21 00:52:10.162 65755 INFO tempest.lib.common.rest_client [req-2945e4fd-a020-43f8-ac67-d5a4811bb750 req-2945e4fd-a020-43f8-ac67-d5a4811bb750 ] Request (HypervisorAdminNegativeTestJSON:tearDownClass): 204 DELETE http://10.180.1.21/identity/v3/projects/c4caed192a914c999d5bcadccd03ad9f 0.089s
2025-11-21 00:52:10.214 65787 INFO tempest.lib.common.rest_client [req-cf6b9051-91cb-4f2c-a913-255c3f9cb60d req-cf6b9051-91cb-4f2c-a913-255c3f9cb60d ] Request (ServerDiagnosticsV248Test:test_get_server_diagnostics): 200 GET http://10.180.1.21/compute/v2.1/servers/bfbe0702-385b-475b-9054-af67a5467aee 2.036s
2025-11-21 00:52:10.251 65773 INFO tempest.lib.common.rest_client [req-3c1f4058-8b70-41bd-b6f8-0539a8acaa41 req-3c1f4058-8b70-41bd-b6f8-0539a8acaa41 ] Request (FloatingIPsTestJSON:setUpClass): 201 POST http://10.180.1.21/identity/v3/auth/tokens 0.098s
2025-11-21 00:52:10.279 65755 INFO tempest.lib.common.rest_client [req-bd8078d1-4e30-48b6-8224-4c7b31ebd599 req-bd8078d1-4e30-48b6-8224-4c7b31ebd599 ] Request (ServicesAdminNegativeV253TestJSON:setUpClass): 201 POST http://10.180.1.21/identity/v3/auth/tokens 0.115s
2025-11-21 00:52:10.323 65755 INFO tempest.lib.common.rest_client [req-e774222d-25b7-4d96-b35a-d2512730a9cd req-e774222d-25b7-4d96-b35a-d2512730a9cd ] Request (ServicesAdminNegativeV253TestJSON:setUpClass): 201 POST http://10.180.1.21/identity/v3/auth/tokens 0.038s
2025-11-21 00:52:10.359 65753 INFO tempest.lib.common.rest_client [req-4fa4df27-9a45-47cb-81f5-b3db74eb9a16 req-4fa4df27-9a45-47cb-81f5-b3db74eb9a16 ] Request (ServerExternalEventsTest:tearDownClass): 204 DELETE http://10.180.1.21/compute/v2.1/servers/010531a0-84e0-4437-8d9a-d3437363fcfa 2.144s
2025-11-21 00:52:10.362 65755 INFO tempest.lib.common.rest_client [req-193e64f9-8730-4f1b-b9f1-2426b18c1e18 req-193e64f9-8730-4f1b-b9f1-2426b18c1e18 ] Request (ServicesAdminNegativeV253TestJSON:setUpClass): 200 GET http://10.180.1.21/identity/v3/domains?name=Default 0.037s
2025-11-21 00:52:10.373 65729 INFO tempest.lib.common.rest_client [req-a0a48310-6381-4c43-b4fe-68d7007b8240 req-a0a48310-6381-4c43-b4fe-68d7007b8240 ] Request (TenantUsagesNegativeTestJSON:tearDownClass): 200 GET http://10.180.1.21/networking/v2.0/security-groups?tenant_id=325b6c1fd3be40d8a483da43d82ac7f2&name=default 1.225s
2025-11-21 00:52:10.392 65755 INFO tempest.lib.common.rest_client [req-741fc04f-7d10-4d7b-8070-67f0c59a5981 req-741fc04f-7d10-4d7b-8070-67f0c59a5981 ] Request (ServicesAdminNegativeV253TestJSON:setUpClass): 201 POST http://10.180.1.21/identity/v3/projects 0.029s
2025-11-21 00:52:10.475 65755 INFO tempest.lib.common.rest_client [req-39471a86-97f2-45f6-8fbd-05ed2d97f81f req-39471a86-97f2-45f6-8fbd-05ed2d97f81f ] Request (ServicesAdminNegativeV253TestJSON:setUpClass): 201 POST http://10.180.1.21/identity/v3/users 0.082s
2025-11-21 00:52:10.503 65755 INFO tempest.lib.common.rest_client [req-b5d8384c-05da-49c8-b0a6-75ab2184bd83 req-b5d8384c-05da-49c8-b0a6-75ab2184bd83 ] Request (ServicesAdminNegativeV253TestJSON:setUpClass): 200 GET http://10.180.1.21/identity/v3/roles 0.027s
2025-11-21 00:52:10.556 65755 INFO tempest.lib.common.rest_client [req-7445b3bf-3159-45ac-b0d9-26ea4f0d8c7f req-7445b3bf-3159-45ac-b0d9-26ea4f0d8c7f ] Request (ServicesAdminNegativeV253TestJSON:setUpClass): 204 PUT http://10.180.1.21/identity/v3/projects/ade2190123324399a6b33e8fe2be8014/users/7e27a893b44248c4ade2f41130025a3d/roles/9de76072532944ecabe279c3c74acf84 0.052s
2025-11-21 00:52:10.556 65755 INFO tempest.lib.common.dynamic_creds [-] Dynamic test user 7e27a893b44248c4ade2f41130025a3d is created with scope project and roles: ['member']
2025-11-21 00:52:10.556 65755 INFO tempest.lib.common.dynamic_creds [-] Acquired dynamic creds: credentials: Credentials: {'domain_id': 'default', 'domain_name': 'Default', 'username': 'tempest-ServicesAdminNegativeV253TestJSON-2009013090-project-member', 'project_domain_id': 'default', 'project_domain_name': 'Default', 'project_id': 'ade2190123324399a6b33e8fe2be8014', 'project_name': 'tempest-ServicesAdminNegativeV253TestJSON-2009013090', 'tenant_id': 'ade2190123324399a6b33e8fe2be8014', 'tenant_name': 'tempest-ServicesAdminNegativeV253TestJSON-2009013090', 'user_domain_id': 'default', 'user_domain_name': 'Default', 'user_id': '7e27a893b44248c4ade2f41130025a3d', 'system': None}, Network: None, Subnet: None, Router: None
2025-11-21 00:52:10.556 65755 INFO tempest.lib.common.dynamic_creds [-] Created isolated network resources for: credentials: Credentials: {'domain_id': 'default', 'domain_name': 'Default', 'username': 'tempest-ServicesAdminNegativeV253TestJSON-2009013090-project-member', 'project_domain_id': 'default', 'project_domain_name': 'Default', 'project_id': 'ade2190123324399a6b33e8fe2be8014', 'project_name': 'tempest-ServicesAdminNegativeV253TestJSON-2009013090', 'tenant_id': 'ade2190123324399a6b33e8fe2be8014', 'tenant_name': 'tempest-ServicesAdminNegativeV253TestJSON-2009013090', 'user_domain_id': 'default', 'user_domain_name': 'Default', 'user_id': '7e27a893b44248c4ade2f41130025a3d', 'system': None}, Network: None, Subnet: None, Router: None
