2025-11-21 00:55:22.383 65745 INFO tempest.lib.common.rest_client [req-4547ca0f-fb04-492f-8282-0cf7ddf3a31a req-4547ca0f-fb04-492f-8282-0cf7ddf3a31a ] Request (ServerShowV254Test:test_rebuild_server): 200 GET http://10.180.1.21/compute/v2.1/servers/c6024d7d-9681-4673-a648-5394e8cc263c 1.166s
2025-11-21 00:55:22.447 65777 INFO tempest.lib.common.rest_client [req-8e63ee36-101d-4cc3-9929-67d0efdaa270 req-8e63ee36-101d-4cc3-9929-67d0efdaa270 ] Request (ListServerFiltersTestJSON:test_list_servers_filtered_by_name_regex): 200 GET http://10.180.1.21/compute/v2.1/servers?name=%5E.%2A%5C-instance%5C-.%2A%24 1.161s
2025-11-21 00:55:22.467 65773 INFO tempest.lib.common.rest_client [req-b430a156-d111-485b-b578-76a2451d15d6 req-b430a156-d111-485b-b578-76a2451d15d6 ] Request (ImagesTestJSON:_run_cleanups): 204 DELETE http://10.180.1.21/compute/v2.1/servers/00c8cdb8-6439-41db-ac67-39bffacc2dbf 1.230s
2025-11-21 00:55:22.546 65753 INFO tempest.lib.common.rest_client [req-860db983-2ec6-45f6-9d69-c771f1196eca req-860db983-2ec6-45f6-9d69-c771f1196eca ] Request (ListServersNegativeTestJSON:setUpClass): 200 GET http://10.180.1.21/compute/v2.1/servers/57f9fefe-790b-4b06-99f9-bf37b87ce3e8 1.232s
2025-11-21 00:55:22.569 65769 INFO tempest.lib.common.rest_client [req-47e8a36f-e6ae-4017-9397-89c660631e38 req-47e8a36f-e6ae-4017-9397-89c660631e38 ] Request (ServersAdminTestJSON:tearDownClass): 200 GET http://10.180.1.21/compute/v2.1/servers/7e42912d-1f22-4815-b643-4eb43df90b12 1.177s
2025-11-21 00:55:22.585 65735 INFO tempest.lib.common.rest_client [req-643b7a0f-7ea8-4ea0-bebf-2f5761d3c3d6 req-643b7a0f-7ea8-4ea0-bebf-2f5761d3c3d6 ] Request (ImagesMetadataTestJSON:setUpClass): 201 POST http://10.180.1.21/identity/v3/auth/tokens 0.218s
2025-11-21 00:55:22.598 65773 INFO tempest.lib.common.rest_client [req-f280c96f-880e-487e-93da-4f2556cae5bb req-f280c96f-880e-487e-93da-4f2556cae5bb ] Request (ImagesTestJSON:test_create_server_from_snapshot): 201 POST http://10.180.1.21/identity/v3/auth/tokens 0.121s
2025-11-21 00:55:22.598 65773 INFO tempest.lib.common.fixed_network [-] (ImagesTestJSON:test_create_server_from_snapshot) Found network {'id': '8c3f14c4-ac4b-47f4-a478-17d0700b049f', 'name': 'tempest-ImagesTestJSON-2007274332-network', 'tenant_id': '1e00ec245afb4f578cf9887ea4787ffd', 'project_id': '1e00ec245afb4f578cf9887ea4787ffd', 'admin_state_up': True, 'mtu': 8950, 'status': 'ACTIVE', 'subnets': [], 'shared': False, 'port_security_enabled': True, 'router:external': False, 'provider:network_type': 'vlan', 'provider:physical_network': 'default', 'provider:segmentation_id': 344, 'availability_zone_hints': [], 'availability_zones': [], 'ipv4_address_scope': None, 'ipv6_address_scope': None, 'description': '', 'tags': [], 'created_at': '2025-11-21T00:52:50Z', 'updated_at': '2025-11-21T00:52:50Z', 'revision_number': 1} available for tenant
2025-11-21 00:55:22.625 65735 INFO tempest.lib.common.rest_client [req-3a0c59ef-24ee-4c02-aa80-f2e291eef5da req-3a0c59ef-24ee-4c02-aa80-f2e291eef5da ] Request (ImagesMetadataTestJSON:setUpClass): 201 POST http://10.180.1.21/identity/v3/auth/tokens 0.037s
2025-11-21 00:55:22.628 65727 INFO tempest.lib.common.rest_client [req-e1aa258a-d86c-4e59-8e08-70bb48752fba req-e1aa258a-d86c-4e59-8e08-70bb48752fba ] Request (FloatingIPsAssociationNegativeTestJSON:setUpClass): 200 GET http://10.180.1.21/compute/v2.1/servers/f94f27ac-0b7a-4446-a679-24cd8e3b1a78 1.213s
2025-11-21 00:55:22.652 65749 INFO tempest.lib.common.rest_client [req-8cd86ba5-fc74-4d72-b8b0-7594144ce311 req-8cd86ba5-fc74-4d72-b8b0-7594144ce311 ] Request (ServerActionsV293TestJSON:setUpClass): 200 GET http://10.180.1.21/compute/v2.1/servers/9e862639-ad53-42c3-8ae2-7bd7ae4098c8 1.136s
2025-11-21 00:55:22.667 65735 INFO tempest.lib.common.rest_client [req-6ab41a1f-b814-4d36-96b5-0bf803847005 req-6ab41a1f-b814-4d36-96b5-0bf803847005 ] Request (ImagesMetadataTestJSON:setUpClass): 200 GET http://10.180.1.21/identity/v3/domains?name=Default 0.041s
2025-11-21 00:55:22.704 65731 INFO tempest.lib.common.rest_client [req-de9ceade-72c4-4b57-ad2b-6db08cfb71ee req-de9ceade-72c4-4b57-ad2b-6db08cfb71ee ] Request (SecurityGroupsTestJSON:test_server_security_groups): 200 GET http://10.180.1.21/compute/v2.1/servers/e1c3ed71-c6c3-4783-8108-677f74c2bfe1 1.166s
2025-11-21 00:55:22.707 65735 INFO tempest.lib.common.rest_client [req-318529f4-b19b-457e-95d1-07f2b2ff19c5 req-318529f4-b19b-457e-95d1-07f2b2ff19c5 ] Request (ImagesMetadataTestJSON:setUpClass): 201 POST http://10.180.1.21/identity/v3/projects 0.039s
2025-11-21 00:55:22.731 65739 INFO tempest.lib.common.rest_client [req-b58d7e54-6626-4bf6-8170-334b39e48657 req-b58d7e54-6626-4bf6-8170-334b39e48657 ] Request (ListImageFiltersTestJSON:tearDownClass): 200 GET http://10.180.1.21/compute/v2.1/servers/37bf88c0-9ba2-4191-8b2e-224c608e1e23 1.042s
2025-11-21 00:55:22.772 65747 INFO tempest.lib.common.rest_client [req-c1dc6874-7c85-4e86-8f44-d2b87d651e6f req-c1dc6874-7c85-4e86-8f44-d2b87d651e6f ] Request (TenantUsagesTestJSON:setUpClass): 200 GET http://10.180.1.21/compute/v2.1/servers/c96dad1c-b958-4534-a775-571d9047f689 0.789s
2025-11-21 00:55:22.802 65735 INFO tempest.lib.common.rest_client [req-9e9e4849-eaf3-4e9e-a36a-14ecb7ce95c1 req-9e9e4849-eaf3-4e9e-a36a-14ecb7ce95c1 ] Request (ImagesMetadataTestJSON:setUpClass): 201 POST http://10.180.1.21/identity/v3/users 0.095s
2025-11-21 00:55:22.837 65735 INFO tempest.lib.common.rest_client [req-4d6416a9-fe23-4a63-8716-c5cd5429da84 req-4d6416a9-fe23-4a63-8716-c5cd5429da84 ] Request (ImagesMetadataTestJSON:setUpClass): 200 GET http://10.180.1.21/identity/v3/roles 0.034s
2025-11-21 00:55:22.870 65735 INFO tempest.lib.common.rest_client [req-f88fdf1e-9cb6-4d6f-9b80-88d7a212a682 req-f88fdf1e-9cb6-4d6f-9b80-88d7a212a682 ] Request (ImagesMetadataTestJSON:setUpClass): 204 PUT http://10.180.1.21/identity/v3/projects/6d3a775ccb794a879ae0824df261295a/users/341e614ba6d44fc98d5d848b782d2ed2/roles/9de76072532944ecabe279c3c74acf84 0.032s
2025-11-21 00:55:22.870 65735 INFO tempest.lib.common.dynamic_creds [-] Dynamic test user 341e614ba6d44fc98d5d848b782d2ed2 is created with scope project and roles: ['member']
2025-11-21 00:55:22.871 65735 INFO tempest.lib.common.dynamic_creds [-] Acquired dynamic creds: credentials: Credentials: {'domain_id': 'default', 'domain_name': 'Default', 'username': 'tempest-ImagesMetadataTestJSON-1699750645-project-member', 'project_domain_id': 'default', 'project_domain_name': 'Default', 'project_id': '6d3a775ccb794a879ae0824df261295a', 'project_name': 'tempest-ImagesMetadataTestJSON-1699750645', 'tenant_id': '6d3a775ccb794a879ae0824df261295a', 'tenant_name': 'tempest-ImagesMetadataTestJSON-1699750645', 'user_domain_id': 'default', 'user_domain_name': 'Default', 'user_id': '341e614ba6d44fc98d5d848b782d2ed2', 'system': None}, Network: None, Subnet: None, Router: None
2025-11-21 00:55:22.871 65735 INFO tempest.lib.common.dynamic_creds [-] Created isolated network resources for: credentials: Credentials: {'domain_id': 'default', 'domain_name': 'Default', 'username': 'tempest-ImagesMetadataTestJSON-1699750645-project-member', 'project_domain_id': 'default', 'project_domain_name': 'Default', 'project_id': '6d3a775ccb794a879ae0824df261295a', 'project_name': 'tempest-ImagesMetadataTestJSON-1699750645', 'tenant_id': '6d3a775ccb794a879ae0824df261295a', 'tenant_name': 'tempest-ImagesMetadataTestJSON-1699750645', 'user_domain_id': 'default', 'user_domain_name': 'Default', 'user_id': '341e614ba6d44fc98d5d848b782d2ed2', 'system': None}, Network: None, Subnet: None, Router: None
2025-11-21 00:55:22.905 65781 INFO tempest.lib.common.rest_client [req-ecd32408-3e66-40b1-b8c3-89fb4eebde23 req-ecd32408-3e66-40b1-b8c3-89fb4eebde23 ] Request (AttachVolumeTestJSON:test_attach_detach_volume): 200 GET http://10.180.1.21/compute/v2.1/servers/b581ab7e-f135-4b5b-a1d4-2ed4145a9925 0.920s
2025-11-21 00:55:22.914 65733 INFO tempest.lib.common.rest_client [req-3b9e0efa-c144-4b60-b5bd-e0ae8266a85d req-3b9e0efa-c144-4b60-b5bd-e0ae8266a85d ] Request (MigrationsAdminTest:test_resize_server_revert_deleted_flavor): 200 GET http://10.180.1.21/compute/v2.1/servers/0059dc57-d118-4dd7-b8ea-0e64335b243d 0.850s
2025-11-21 00:55:22.949 65735 INFO tempest.lib.common.rest_client [req-7c168142-726d-4bf2-bd1a-5deff91ff19e req-7c168142-726d-4bf2-bd1a-5deff91ff19e ] Request (ImagesMetadataTestJSON:setUpClass): 201 POST http://10.180.1.21/identity/v3/auth/tokens 0.073s
2025-11-21 00:55:22.974 65743 INFO tempest.lib.common.rest_client [req-4d9406c1-20bb-49f4-90fb-8f3c61aca625 req-4d9406c1-20bb-49f4-90fb-8f3c61aca625 ] Request (ImagesOneServerNegativeTestJSON:_run_cleanups): 200 GET http://10.180.1.21/compute/v2.1/servers/db91b53e-5a32-44c0-b545-2d9dc2459a66 0.889s
2025-11-21 00:55:22.977 65759 INFO tempest.lib.common.rest_client [req-f9cf7fe8-40a9-4dfb-bc1e-890cb69e4d4d req-f9cf7fe8-40a9-4dfb-bc1e-890cb69e4d4d ] Request (ServerMetadataNegativeTestJSON:tearDownClass): 200 GET http://10.180.1.21/compute/v2.1/servers/ccde109b-ece0-4229-aece-638ff454e09c 0.798s
2025-11-21 00:55:23.038 65777 INFO tempest.lib.common.rest_client [req-ff7ae5b4-0bcc-46a5-afe5-cd4b45278860 req-ff7ae5b4-0bcc-46a5-afe5-cd4b45278860 ] Request (ListServerFiltersTestJSON:test_list_servers_filtered_by_name_regex): 200 GET http://10.180.1.21/compute/v2.1/servers?name=-330133642 0.589s
2025-11-21 00:55:23.041 65763 INFO tempest.lib.common.rest_client [req-bfbd8a8f-3050-4fe1-bd75-1abdb378e178 req-bfbd8a8f-3050-4fe1-bd75-1abdb378e178 ] Request (ServersTestManualDisk:setUpClass): 200 GET http://10.180.1.21/compute/v2.1/servers/425608a3-4f98-4c12-a9b8-58aea5ef90a3/os-interface 0.694s
2025-11-21 00:55:23.248 65783 INFO tempest.lib.common.rest_client [req-9d50b250-ad56-4134-9ba7-1df9d90c30a4 req-9d50b250-ad56-4134-9ba7-1df9d90c30a4 ] Request (AttachInterfacesTestJSON:test_create_list_show_delete_interfaces_by_network_port): 200 GET http://10.180.1.21/compute/v2.1/servers/ebeac7be-5cc7-4590-97fe-a812035465ce 0.690s
2025-11-21 00:55:23.256 65783 INFO tempest.common.waiters [-] State transition "BUILD/block_device_mapping" ==> "BUILD/spawning" after 35 second wait
2025-11-21 00:55:23.447 65751 INFO tempest.lib.common.rest_client [req-e1c5cc8b-675c-4e80-93e6-a6f071f61245 req-e1c5cc8b-675c-4e80-93e6-a6f071f61245 ] Request (ServersTestMultiNic:_run_cleanups): 200 GET http://10.180.1.21/compute/v2.1/servers/c57ae7a1-99c8-4a1f-9d2e-c18bd48e5def 0.534s
2025-11-21 00:55:23.460 65751 INFO tempest.common.waiters [-] State transition "ACTIVE/deleting" ==> "DELETED/None" after 4 second wait
2025-11-21 00:55:23.461 65735 INFO tempest.lib.common.rest_client [req-6eeeea26-ad95-4154-9ce5-3b3e87ae05ca req-6eeeea26-ad95-4154-9ce5-3b3e87ae05ca ] Request (ImagesMetadataTestJSON:setUpClass): 201 POST http://10.180.1.21/image/v2/images 0.511s
2025-11-21 00:55:23.545 65787 WARNING tempest.lib.common.ssh [-] Failed to establish authenticated ssh connection to cirros@10.180.180.160 ([Errno None] Unable to connect to port 22 on 10.180.180.160). Number attempts: 7. Retry after 8 seconds.: paramiko.ssh_exception.NoValidConnectionsError: [Errno None] Unable to connect to port 22 on 10.180.180.160
2025-11-21 00:55:23.561 65737 INFO tempest.lib.common.rest_client [req-ed8cc8c1-7d5e-4853-8863-95fd95bb6d6e req-ed8cc8c1-7d5e-4853-8863-95fd95bb6d6e ] Request (ImagesOneServerTestJSON:tearDownClass): 200 GET http://10.180.1.21/compute/v2.1/servers/4faf0c79-4987-4a5f-8723-f28d2e435a03 0.634s
2025-11-21 00:55:23.625 65773 INFO tempest.lib.common.rest_client [req-763898c9-2878-4d27-b8ef-3091ad3237cf req-763898c9-2878-4d27-b8ef-3091ad3237cf ] Request (ImagesTestJSON:test_create_server_from_snapshot): 202 POST http://10.180.1.21/compute/v2.1/servers 1.026s
2025-11-21 00:55:23.642 65777 INFO tempest.lib.common.rest_client [req-f24d5edf-4552-43f1-b1fe-619f029d044c req-f24d5edf-4552-43f1-b1fe-619f029d044c ] Request (ListServerFiltersTestJSON:test_list_servers_filtered_by_name_wildcard): 200 GET http://10.180.1.21/compute/v2.1/servers?name=-instance 0.599s
2025-11-21 00:55:23.697 65741 INFO tempest.lib.common.rest_client [req-31b1996d-8a4c-471f-8d18-8e103b5950e0 req-31b1996d-8a4c-471f-8d18-8e103b5950e0 ] Request (ServerGroupTestJSON:test_create_server_with_scheduler_hint_group): 200 GET http://10.180.1.21/compute/v2.1/servers/eaaa465f-ea5d-4286-bc27-d6aa2e68ce1d 0.406s
2025-11-21 00:55:23.708 65741 INFO tempest.common.waiters [-] State transition "BUILD/None" ==> "BUILD/networking" after 32 second wait
2025-11-21 00:55:23.719 65745 INFO tempest.lib.common.rest_client [req-19ed2a57-8803-4ef3-b379-f651ccc4bccc req-19ed2a57-8803-4ef3-b379-f651ccc4bccc ] Request (ServerShowV254Test:test_rebuild_server): 200 GET http://10.180.1.21/compute/v2.1/servers/c6024d7d-9681-4673-a648-5394e8cc263c 0.318s
2025-11-21 00:55:23.762 65763 INFO tempest.lib.common.rest_client [req-f5628181-f7fd-4d13-b618-1263221429fb req-f5628181-f7fd-4d13-b618-1263221429fb ] Request (ServersTestManualDisk:setUpClass): 200 PUT http://10.180.1.21/networking/v2.0/floatingips/74ccd7e1-1f3f-4907-a6b9-dc2474cb7f66 0.716s
2025-11-21 00:55:23.790 65753 INFO tempest.lib.common.rest_client [req-f9ef3a81-e00c-457c-933d-59e171dadd02 req-f9ef3a81-e00c-457c-933d-59e171dadd02 ] Request (ListServersNegativeTestJSON:setUpClass): 200 GET http://10.180.1.21/compute/v2.1/servers/57f9fefe-790b-4b06-99f9-bf37b87ce3e8 0.234s
2025-11-21 00:55:23.831 65769 INFO tempest.lib.common.rest_client [req-5aefae7f-3463-4712-8943-295a52562cd0 req-5aefae7f-3463-4712-8943-295a52562cd0 ] Request (ServersAdminTestJSON:tearDownClass): 200 GET http://10.180.1.21/compute/v2.1/servers/7e42912d-1f22-4815-b643-4eb43df90b12 0.248s
2025-11-21 00:55:23.837 65773 INFO tempest.lib.common.rest_client [req-543293d6-bdc7-4837-8899-b675c2356aa1 req-543293d6-bdc7-4837-8899-b675c2356aa1 ] Request (ImagesTestJSON:test_create_server_from_snapshot): 200 GET http://10.180.1.21/compute/v2.1/servers/542f5eb6-5eaa-4f9f-871f-68d5ee42130f 0.210s
2025-11-21 00:55:23.895 65777 INFO tempest.lib.common.rest_client [req-ba68c10b-bf0c-40d2-8d94-8e781f9ea7b5 req-ba68c10b-bf0c-40d2-8d94-8e781f9ea7b5 ] Request (ListServerFiltersTestJSON:test_list_servers_filtered_by_name_wildcard): 200 GET http://10.180.1.21/compute/v2.1/servers?name=t-ListServerFiltersTestJSON-instance-33013364 0.250s
2025-11-21 00:55:23.904 65727 INFO tempest.lib.common.rest_client [req-d0f1de22-4b46-4e6b-a3c8-dc95bc435869 req-d0f1de22-4b46-4e6b-a3c8-dc95bc435869 ] Request (FloatingIPsAssociationNegativeTestJSON:setUpClass): 200 GET http://10.180.1.21/compute/v2.1/servers/f94f27ac-0b7a-4446-a679-24cd8e3b1a78 0.265s
2025-11-21 00:55:23.959 65749 INFO tempest.lib.common.rest_client [req-c01f6375-ac61-46a6-9ae3-fe2c09ca0a49 req-c01f6375-ac61-46a6-9ae3-fe2c09ca0a49 ] Request (ServerActionsV293TestJSON:setUpClass): 200 GET http://10.180.1.21/compute/v2.1/servers/9e862639-ad53-42c3-8ae2-7bd7ae4098c8 0.292s
2025-11-21 00:55:24.013 65731 INFO tempest.lib.common.rest_client [req-b68ad2c0-aa84-43dd-ae2a-1fb81cdbdb6a req-b68ad2c0-aa84-43dd-ae2a-1fb81cdbdb6a ] Request (SecurityGroupsTestJSON:test_server_security_groups): 200 GET http://10.180.1.21/compute/v2.1/servers/e1c3ed71-c6c3-4783-8108-677f74c2bfe1 0.299s
2025-11-21 00:55:24.062 65739 INFO tempest.lib.common.rest_client [req-1728ec17-2d52-4e66-abe9-dce633ed5dd4 req-1728ec17-2d52-4e66-abe9-dce633ed5dd4 ] Request (ListImageFiltersTestJSON:tearDownClass): 200 GET http://10.180.1.21/compute/v2.1/servers/37bf88c0-9ba2-4191-8b2e-224c608e1e23 0.320s
2025-11-21 00:55:24.136 65747 INFO tempest.lib.common.rest_client [req-945ccfcd-9549-4505-8a13-84c6cd40082c req-945ccfcd-9549-4505-8a13-84c6cd40082c ] Request (TenantUsagesTestJSON:setUpClass): 200 GET http://10.180.1.21/compute/v2.1/servers/c96dad1c-b958-4534-a775-571d9047f689 0.350s
2025-11-21 00:55:24.233 65777 INFO tempest.lib.common.rest_client [req-4f0dddb8-0264-471f-844f-bd0ecc5d733e req-4f0dddb8-0264-471f-844f-bd0ecc5d733e ] Request (ListServerFiltersTestJSON:tearDownClass): 204 DELETE http://10.180.1.21/compute/v2.1/servers/7142c287-f411-4a1a-93a4-49578233381b 0.328s
2025-11-21 00:55:24.317 65763 INFO tempest.lib.common.rest_client [req-6a3ba8bf-9e31-4abb-ba38-78aede970fab req-6a3ba8bf-9e31-4abb-ba38-78aede970fab ] Request (ServersTestManualDisk:setUpClass): 200 GET http://10.180.1.21/compute/v2.1/servers/425608a3-4f98-4c12-a9b8-58aea5ef90a3 0.554s
2025-11-21 00:55:24.329 65763 INFO tempest.lib.common.ssh [-] Creating ssh connection to '10.180.180.252:22' as 'cirros' with public key authentication
2025-11-21 00:55:24.431 65735 INFO tempest.lib.common.rest_client [req-749b6d20-8bfa-4e48-a97d-88a92d5a89ad req-749b6d20-8bfa-4e48-a97d-88a92d5a89ad ] Request (ImagesMetadataTestJSON:setUpClass): 204 PUT http://10.180.1.21/image/v2/images/1ce29446-b279-4616-bd2e-cfaaf6951c30/file 0.969s
2025-11-21 00:55:24.443 65775 WARNING tempest.lib.common.ssh [-] Failed to establish authenticated ssh connection to cirros@10.180.180.152 ([Errno None] Unable to connect to port 22 on 10.180.180.152). Number attempts: 1. Retry after 2 seconds.: paramiko.ssh_exception.NoValidConnectionsError: [Errno None] Unable to connect to port 22 on 10.180.180.152
2025-11-21 00:55:24.733 65781 INFO tempest.lib.common.rest_client [req-ada14899-d2f2-4978-8f66-aaec3102aaee req-ada14899-d2f2-4978-8f66-aaec3102aaee ] Request (AttachVolumeTestJSON:test_attach_detach_volume): 200 GET http://10.180.1.21/compute/v2.1/servers/b581ab7e-f135-4b5b-a1d4-2ed4145a9925 0.819s
2025-11-21 00:55:24.747 65781 INFO tempest.common.waiters [-] State transition "ACTIVE/powering-off" ==> "SHUTOFF/None" after 2 second wait
2025-11-21 00:55:24.757 65733 INFO tempest.lib.common.rest_client [req-ced1d286-6005-4b15-9c74-8e39fe98a280 req-ced1d286-6005-4b15-9c74-8e39fe98a280 ] Request (MigrationsAdminTest:test_resize_server_revert_deleted_flavor): 200 GET http://10.180.1.21/compute/v2.1/servers/0059dc57-d118-4dd7-b8ea-0e64335b243d 0.835s
2025-11-21 00:55:24.894 65743 INFO tempest.lib.common.rest_client [req-4eb539fd-9acd-44d7-9244-9790bcc23e47 req-4eb539fd-9acd-44d7-9244-9790bcc23e47 ] Request (ImagesOneServerNegativeTestJSON:_run_cleanups): 200 GET http://10.180.1.21/compute/v2.1/servers/db91b53e-5a32-44c0-b545-2d9dc2459a66 0.910s
2025-11-21 00:55:24.910 65759 INFO tempest.lib.common.rest_client [req-4d8a3c67-f884-4fb7-a50d-3d0432cb9b79 req-4d8a3c67-f884-4fb7-a50d-3d0432cb9b79 ] Request (ServerMetadataNegativeTestJSON:tearDownClass): 200 GET http://10.180.1.21/compute/v2.1/servers/ccde109b-ece0-4229-aece-638ff454e09c 0.923s
2025-11-21 00:55:25.139 65777 INFO tempest.lib.common.rest_client [req-df49852c-b883-4ab3-bdb6-eb2aea317530 req-df49852c-b883-4ab3-bdb6-eb2aea317530 ] Request (ListServerFiltersTestJSON:tearDownClass): 200 GET http://10.180.1.21/compute/v2.1/servers/7142c287-f411-4a1a-93a4-49578233381b 0.905s
2025-11-21 00:55:25.171 65783 INFO tempest.lib.common.rest_client [req-f1cc2fd3-0efe-47c1-bc77-40eee7c9e117 req-f1cc2fd3-0efe-47c1-bc77-40eee7c9e117 ] Request (AttachInterfacesTestJSON:test_create_list_show_delete_interfaces_by_network_port): 200 GET http://10.180.1.21/compute/v2.1/servers/ebeac7be-5cc7-4590-97fe-a812035465ce 0.913s
2025-11-21 00:55:25.182 65735 INFO tempest.lib.common.rest_client [req-5ed3dc4c-5c3c-4718-aaea-a693c74dfa80 req-5ed3dc4c-5c3c-4718-aaea-a693c74dfa80 ] Request (ImagesMetadataTestJSON:setUpClass): 200 GET http://10.180.1.21/compute/v2.1/images/1ce29446-b279-4616-bd2e-cfaaf6951c30 0.750s
2025-11-21 00:55:25.260 65751 INFO tempest.lib.common.rest_client [req-41c977af-95af-4b3c-814e-245a64ab50e4 req-41c977af-95af-4b3c-814e-245a64ab50e4 ] Request (ServersTestMultiNic:_run_cleanups): 200 GET http://10.180.1.21/compute/v2.1/servers/c57ae7a1-99c8-4a1f-9d2e-c18bd48e5def 0.799s
2025-11-21 00:55:25.277 65737 INFO tempest.lib.common.rest_client [req-9e44d143-dd02-4d06-9713-1a367989a038 req-9e44d143-dd02-4d06-9713-1a367989a038 ] Request (ImagesOneServerTestJSON:tearDownClass): 200 GET http://10.180.1.21/compute/v2.1/servers/4faf0c79-4987-4a5f-8723-f28d2e435a03 0.707s
2025-11-21 00:55:25.408 65745 INFO tempest.lib.common.rest_client [req-49ead91c-fb16-481f-b7a1-3848bbd9a965 req-49ead91c-fb16-481f-b7a1-3848bbd9a965 ] Request (ServerShowV254Test:test_rebuild_server): 200 GET http://10.180.1.21/compute/v2.1/servers/c6024d7d-9681-4673-a648-5394e8cc263c 0.672s
2025-11-21 00:55:25.472 65741 INFO tempest.lib.common.rest_client [req-f969202f-caeb-4c65-9319-bca45cd030c5 req-f969202f-caeb-4c65-9319-bca45cd030c5 ] Request (ServerGroupTestJSON:test_create_server_with_scheduler_hint_group): 200 GET http://10.180.1.21/compute/v2.1/servers/eaaa465f-ea5d-4286-bc27-d6aa2e68ce1d 0.763s
2025-11-21 00:55:25.484 65741 INFO tempest.common.waiters [-] State transition "BUILD/networking" ==> "BUILD/spawning" after 34 second wait
2025-11-21 00:55:25.490 65781 INFO tempest.lib.common.rest_client [req-2d57aacc-3a76-47d6-b06b-c550232f0ca3 req-2d57aacc-3a76-47d6-b06b-c550232f0ca3 ] Request (AttachVolumeTestJSON:test_attach_detach_volume): 202 POST http://10.180.1.21/compute/v2.1/servers/b581ab7e-f135-4b5b-a1d4-2ed4145a9925/action 0.743s
2025-11-21 00:55:25.551 65753 INFO tempest.lib.common.rest_client [req-248db9ad-ecaa-4d43-8be0-55b6056a9a9e req-248db9ad-ecaa-4d43-8be0-55b6056a9a9e ] Request (ListServersNegativeTestJSON:setUpClass): 200 GET http://10.180.1.21/compute/v2.1/servers/57f9fefe-790b-4b06-99f9-bf37b87ce3e8 0.753s
2025-11-21 00:55:25.566 65769 INFO tempest.lib.common.rest_client [req-f25ef465-a19f-4dcc-a25f-13ab01d96176 req-f25ef465-a19f-4dcc-a25f-13ab01d96176 ] Request (ServersAdminTestJSON:tearDownClass): 200 GET http://10.180.1.21/compute/v2.1/servers/7e42912d-1f22-4815-b643-4eb43df90b12 0.721s
2025-11-21 00:55:25.610 65773 INFO tempest.lib.common.rest_client [req-472cafac-de46-49a7-a639-459bcd62d450 req-472cafac-de46-49a7-a639-459bcd62d450 ] Request (ImagesTestJSON:test_create_server_from_snapshot): 200 GET http://10.180.1.21/compute/v2.1/servers/542f5eb6-5eaa-4f9f-871f-68d5ee42130f 0.764s
2025-11-21 00:55:25.618 65773 INFO tempest.common.waiters [-] State transition "BUILD/scheduling" ==> "BUILD/None" after 2 second wait
2025-11-21 00:55:25.625 65727 INFO tempest.lib.common.rest_client [req-074b288c-ecae-4a77-ae66-f54bbc3b72c4 req-074b288c-ecae-4a77-ae66-f54bbc3b72c4 ] Request (FloatingIPsAssociationNegativeTestJSON:setUpClass): 200 GET http://10.180.1.21/compute/v2.1/servers/f94f27ac-0b7a-4446-a679-24cd8e3b1a78 0.712s
2025-11-21 00:55:25.675 65749 INFO tempest.lib.common.rest_client [req-de64442a-ca5d-4a34-b4fa-d032239d247d req-de64442a-ca5d-4a34-b4fa-d032239d247d ] Request (ServerActionsV293TestJSON:setUpClass): 200 GET http://10.180.1.21/compute/v2.1/servers/9e862639-ad53-42c3-8ae2-7bd7ae4098c8 0.704s
2025-11-21 00:55:25.694 65731 INFO tempest.lib.common.rest_client [req-9574fbbe-1200-4c3b-ae67-0328aeeee0d2 req-9574fbbe-1200-4c3b-ae67-0328aeeee0d2 ] Request (SecurityGroupsTestJSON:test_server_security_groups): 200 GET http://10.180.1.21/compute/v2.1/servers/e1c3ed71-c6c3-4783-8108-677f74c2bfe1 0.673s
2025-11-21 00:55:25.747 65747 INFO tempest.lib.common.rest_client [req-71776298-95a1-4115-b7f9-46d2ad7bcbae req-71776298-95a1-4115-b7f9-46d2ad7bcbae ] Request (TenantUsagesTestJSON:setUpClass): 200 GET http://10.180.1.21/compute/v2.1/servers/c96dad1c-b958-4534-a775-571d9047f689 0.602s
2025-11-21 00:55:25.762 65739 INFO tempest.lib.common.rest_client [req-0ef0a4ee-f1c7-48f5-aff3-0dbfa38e45fa req-0ef0a4ee-f1c7-48f5-aff3-0dbfa38e45fa ] Request (ListImageFiltersTestJSON:tearDownClass): 200 GET http://10.180.1.21/compute/v2.1/servers/37bf88c0-9ba2-4191-8b2e-224c608e1e23 0.689s
2025-11-21 00:55:25.965 65781 INFO tempest.lib.common.rest_client [req-168d0280-01e9-4296-95f6-f3dd9ee999e9 req-168d0280-01e9-4296-95f6-f3dd9ee999e9 ] Request (AttachVolumeTestJSON:test_attach_detach_volume): 200 GET http://10.180.1.21/compute/v2.1/servers/b581ab7e-f135-4b5b-a1d4-2ed4145a9925 0.475s
2025-11-21 00:55:26.009 65735 INFO tempest.lib.common.rest_client [req-f21d615b-7580-451d-8a01-8452bab7e0fe req-f21d615b-7580-451d-8a01-8452bab7e0fe ] Request (ImagesMetadataTestJSON:setUp): 200 PUT http://10.180.1.21/compute/v2.1/images/1ce29446-b279-4616-bd2e-cfaaf6951c30/metadata 0.823s
2025-11-21 00:55:26.036 65743 INFO tempest.lib.common.rest_client [req-1c47928b-bfb4-49f2-8e5b-2b5d9cf87880 req-1c47928b-bfb4-49f2-8e5b-2b5d9cf87880 ] Request (ImagesOneServerNegativeTestJSON:_run_cleanups): 404 GET http://10.180.1.21/compute/v2.1/servers/db91b53e-5a32-44c0-b545-2d9dc2459a66 0.130s
2025-11-21 00:55:26.077 65733 INFO tempest.lib.common.rest_client [req-19f4a33e-6e1b-4e8b-ab24-ece3c9eb6c40 req-19f4a33e-6e1b-4e8b-ab24-ece3c9eb6c40 ] Request (MigrationsAdminTest:test_resize_server_revert_deleted_flavor): 200 GET http://10.180.1.21/compute/v2.1/servers/0059dc57-d118-4dd7-b8ea-0e64335b243d 0.310s
2025-11-21 00:55:26.087 65733 INFO tempest.common.waiters [-] State transition "RESIZE/resize_migrating" ==> "RESIZE/resize_migrated" after 42 second wait
2025-11-21 00:55:26.112 65759 INFO tempest.lib.common.rest_client [req-a411cd4b-dfaf-4cbe-ae4e-22fe21b41a2a req-a411cd4b-dfaf-4cbe-ae4e-22fe21b41a2a ] Request (ServerMetadataNegativeTestJSON:tearDownClass): 200 GET http://10.180.1.21/compute/v2.1/servers/ccde109b-ece0-4229-aece-638ff454e09c 0.188s
2025-11-21 00:55:26.130 65743 INFO tempest.lib.common.rest_client [req-02107880-0608-4c5a-aeaf-1c270c1b895b req-02107880-0608-4c5a-aeaf-1c270c1b895b ] Request (ImagesOneServerNegativeTestJSON:_run_cleanups): 201 POST http://10.180.1.21/identity/v3/auth/tokens 0.090s
2025-11-21 00:55:26.130 65743 INFO tempest.lib.common.fixed_network [-] (ImagesOneServerNegativeTestJSON:_run_cleanups) Found network {'id': '9c5025ee-e1a8-482a-a4a1-0e9dd35174a9', 'name': 'tempest-ImagesOneServerNegativeTestJSON-1768732939-network', 'tenant_id': '0b042355facf42d293553587dba339b3', 'project_id': '0b042355facf42d293553587dba339b3', 'admin_state_up': True, 'mtu': 8950, 'status': 'ACTIVE', 'subnets': [], 'shared': False, 'port_security_enabled': True, 'router:external': False, 'provider:network_type': 'vlan', 'provider:physical_network': 'default', 'provider:segmentation_id': 528, 'availability_zone_hints': [], 'availability_zones': [], 'ipv4_address_scope': None, 'ipv6_address_scope': None, 'description': '', 'tags': [], 'created_at': '2025-11-21T00:51:26Z', 'updated_at': '2025-11-21T00:51:26Z', 'revision_number': 1} available for tenant
2025-11-21 00:55:26.236 65735 INFO tempest.lib.common.rest_client [req-4dec82b5-0fd8-4857-8974-78331bef1d41 req-4dec82b5-0fd8-4857-8974-78331bef1d41 ] Request (ImagesMetadataTestJSON:test_delete_image_metadata_item): 204 DELETE http://10.180.1.21/compute/v2.1/images/1ce29446-b279-4616-bd2e-cfaaf6951c30/metadata/os_version 0.226s
2025-11-21 00:55:26.421 65777 INFO tempest.lib.common.rest_client [req-72ad7963-29eb-45a6-80fc-ee7524514b42 req-72ad7963-29eb-45a6-80fc-ee7524514b42 ] Request (ListServerFiltersTestJSON:tearDownClass): 200 GET http://10.180.1.21/compute/v2.1/servers/7142c287-f411-4a1a-93a4-49578233381b 0.265s
2025-11-21 00:55:26.552 65743 INFO tempest.lib.common.rest_client [req-f7bb4125-87f9-4ed3-9c76-605d295bcd7b req-f7bb4125-87f9-4ed3-9c76-605d295bcd7b ] Request (ImagesOneServerNegativeTestJSON:_run_cleanups): 202 POST http://10.180.1.21/compute/v2.1/servers 0.420s
2025-11-21 00:55:26.592 65735 INFO tempest.lib.common.rest_client [req-0bc7e922-c4c9-4d62-9551-5998b38e3f15 req-0bc7e922-c4c9-4d62-9551-5998b38e3f15 ] Request (ImagesMetadataTestJSON:test_delete_image_metadata_item): 200 GET http://10.180.1.21/compute/v2.1/images/1ce29446-b279-4616-bd2e-cfaaf6951c30/metadata 0.356s
2025-11-21 00:55:26.617 65783 INFO tempest.lib.common.rest_client [req-434543b5-3959-41d3-9035-6dbc62b19621 req-434543b5-3959-41d3-9035-6dbc62b19621 ] Request (AttachInterfacesTestJSON:test_create_list_show_delete_interfaces_by_network_port): 200 GET http://10.180.1.21/compute/v2.1/servers/ebeac7be-5cc7-4590-97fe-a812035465ce 0.439s
2025-11-21 00:55:26.701 65751 INFO tempest.lib.common.rest_client [req-4df9d6a4-4299-47f4-8c4b-cc1d66f091cb req-4df9d6a4-4299-47f4-8c4b-cc1d66f091cb ] Request (ServersTestMultiNic:_run_cleanups): 200 GET http://10.180.1.21/compute/v2.1/servers/c57ae7a1-99c8-4a1f-9d2e-c18bd48e5def 0.425s
2025-11-21 00:55:26.718 65737 INFO tempest.lib.common.rest_client [req-390ce655-ccf4-4649-9ed4-131eeed699a2 req-390ce655-ccf4-4649-9ed4-131eeed699a2 ] Request (ImagesOneServerTestJSON:tearDownClass): 200 GET http://10.180.1.21/compute/v2.1/servers/4faf0c79-4987-4a5f-8723-f28d2e435a03 0.431s
2025-11-21 00:55:26.764 65745 INFO tempest.lib.common.rest_client [req-9496e75c-ab0e-4775-81de-e67721e94559 req-9496e75c-ab0e-4775-81de-e67721e94559 ] Request (ServerShowV254Test:test_rebuild_server): 200 GET http://10.180.1.21/compute/v2.1/servers/c6024d7d-9681-4673-a648-5394e8cc263c 0.333s
2025-11-21 00:55:26.808 65743 INFO tempest.lib.common.rest_client [req-aecbde31-138c-4a23-b429-223342aeac48 req-aecbde31-138c-4a23-b429-223342aeac48 ] Request (ImagesOneServerNegativeTestJSON:_run_cleanups): 200 GET http://10.180.1.21/compute/v2.1/servers/2ca2ed48-6e60-44ec-8a66-62566f8140fb 0.254s
2025-11-21 00:55:26.815 65741 INFO tempest.lib.common.rest_client [req-8db8c46d-85f8-4b03-b051-35cddd473639 req-8db8c46d-85f8-4b03-b051-35cddd473639 ] Request (ServerGroupTestJSON:test_create_server_with_scheduler_hint_group): 200 GET http://10.180.1.21/compute/v2.1/servers/eaaa465f-ea5d-4286-bc27-d6aa2e68ce1d 0.329s
2025-11-21 00:55:26.864 65753 INFO tempest.lib.common.rest_client [req-d0877eba-38e9-4c24-8ed7-351ce1fe06fa req-d0877eba-38e9-4c24-8ed7-351ce1fe06fa ] Request (ListServersNegativeTestJSON:setUpClass): 200 GET http://10.180.1.21/compute/v2.1/servers/57f9fefe-790b-4b06-99f9-bf37b87ce3e8 0.303s
2025-11-21 00:55:26.877 65769 INFO tempest.lib.common.rest_client [req-83776e23-f4d4-4ec2-b380-4b8651127b1a req-83776e23-f4d4-4ec2-b380-4b8651127b1a ] Request (ServersAdminTestJSON:tearDownClass): 200 GET http://10.180.1.21/compute/v2.1/servers/7e42912d-1f22-4815-b643-4eb43df90b12 0.301s
2025-11-21 00:55:26.941 65773 INFO tempest.lib.common.rest_client [req-4e389d73-d7e1-4003-9f16-e81176ce647d req-4e389d73-d7e1-4003-9f16-e81176ce647d ] Request (ImagesTestJSON:test_create_server_from_snapshot): 200 GET http://10.180.1.21/compute/v2.1/servers/542f5eb6-5eaa-4f9f-871f-68d5ee42130f 0.322s
2025-11-21 00:55:26.997 65727 INFO tempest.lib.common.rest_client [req-b6611e69-c86f-4246-82ea-b5ab3e8d0c3e req-b6611e69-c86f-4246-82ea-b5ab3e8d0c3e ] Request (FloatingIPsAssociationNegativeTestJSON:setUpClass): 200 GET http://10.180.1.21/compute/v2.1/servers/f94f27ac-0b7a-4446-a679-24cd8e3b1a78 0.363s
2025-11-21 00:55:27.066 65749 INFO tempest.lib.common.rest_client [req-1c9d7899-106e-441a-8cd7-e07f25a6b3de req-1c9d7899-106e-441a-8cd7-e07f25a6b3de ] Request (ServerActionsV293TestJSON:setUpClass): 200 GET http://10.180.1.21/compute/v2.1/servers/9e862639-ad53-42c3-8ae2-7bd7ae4098c8 0.377s
2025-11-21 00:55:27.081 65735 INFO tempest.lib.common.rest_client [req-dd636633-acfd-49ae-bfb0-0634bbde2fc0 req-dd636633-acfd-49ae-bfb0-0634bbde2fc0 ] Request (ImagesMetadataTestJSON:setUp): 200 PUT http://10.180.1.21/compute/v2.1/images/1ce29446-b279-4616-bd2e-cfaaf6951c30/metadata 0.486s
2025-11-21 00:55:27.132 65731 INFO tempest.lib.common.rest_client [req-79ed0c39-7e20-4122-87ee-c99abe2486ec req-79ed0c39-7e20-4122-87ee-c99abe2486ec ] Request (SecurityGroupsTestJSON:test_server_security_groups): 200 GET http://10.180.1.21/compute/v2.1/servers/e1c3ed71-c6c3-4783-8108-677f74c2bfe1 0.431s
2025-11-21 00:55:27.138 65747 INFO tempest.lib.common.rest_client [req-2b318292-a856-43b2-8359-624cbaf5f3ab req-2b318292-a856-43b2-8359-624cbaf5f3ab ] Request (TenantUsagesTestJSON:setUpClass): 200 GET http://10.180.1.21/compute/v2.1/servers/c96dad1c-b958-4534-a775-571d9047f689 0.381s
2025-11-21 00:55:27.181 65779 WARNING tempest.lib.common.ssh [-] Failed to establish authenticated ssh connection to cirros@10.180.180.218 ([Errno None] Unable to connect to port 22 on 10.180.180.218). Number attempts: 11. Retry after 12 seconds.: paramiko.ssh_exception.NoValidConnectionsError: [Errno None] Unable to connect to port 22 on 10.180.180.218
2025-11-21 00:55:27.202 65739 INFO tempest.lib.common.rest_client [req-23eff072-9d5d-4c0a-86e6-d51bda83be38 req-23eff072-9d5d-4c0a-86e6-d51bda83be38 ] Request (ListImageFiltersTestJSON:tearDownClass): 200 GET http://10.180.1.21/compute/v2.1/servers/37bf88c0-9ba2-4191-8b2e-224c608e1e23 0.431s
2025-11-21 00:55:27.244 65735 INFO tempest.lib.common.rest_client [req-6aced0bd-3141-48f5-b0c5-488f58b8c419 req-6aced0bd-3141-48f5-b0c5-488f58b8c419 ] Request (ImagesMetadataTestJSON:test_get_image_metadata_item): 200 GET http://10.180.1.21/compute/v2.1/images/1ce29446-b279-4616-bd2e-cfaaf6951c30/metadata/os_distro 0.163s
2025-11-21 00:55:27.250 65781 INFO tempest.lib.common.rest_client [req-33ac5f3d-059f-4c69-8f00-c644d573dff9 req-33ac5f3d-059f-4c69-8f00-c644d573dff9 ] Request (AttachVolumeTestJSON:test_attach_detach_volume): 200 GET http://10.180.1.21/compute/v2.1/servers/b581ab7e-f135-4b5b-a1d4-2ed4145a9925 0.274s
2025-11-21 00:55:27.335 65759 INFO tempest.lib.common.rest_client [req-bb66b715-3569-4472-af4e-c82d5d089fd6 req-bb66b715-3569-4472-af4e-c82d5d089fd6 ] Request (ServerMetadataNegativeTestJSON:tearDownClass): 200 GET http://10.180.1.21/compute/v2.1/servers/ccde109b-ece0-4229-aece-638ff454e09c 0.215s
2025-11-21 00:55:27.413 65733 INFO tempest.lib.common.rest_client [req-7353cf66-a861-493d-a0a7-d767429ac237 req-7353cf66-a861-493d-a0a7-d767429ac237 ] Request (MigrationsAdminTest:test_resize_server_revert_deleted_flavor): 200 GET http://10.180.1.21/compute/v2.1/servers/0059dc57-d118-4dd7-b8ea-0e64335b243d 0.325s
2025-11-21 00:55:27.532 65735 INFO tempest.lib.common.rest_client [req-d3438588-1ef1-433e-b84f-319b8bbdd938 req-d3438588-1ef1-433e-b84f-319b8bbdd938 ] Request (ImagesMetadataTestJSON:setUp): 200 PUT http://10.180.1.21/compute/v2.1/images/1ce29446-b279-4616-bd2e-cfaaf6951c30/metadata 0.284s
2025-11-21 00:55:27.546 65777 INFO tempest.lib.common.rest_client [req-ec579451-69e9-4e2a-aa92-f6a4b37cc850 req-ec579451-69e9-4e2a-aa92-f6a4b37cc850 ] Request (ListServerFiltersTestJSON:tearDownClass): 200 GET http://10.180.1.21/compute/v2.1/servers/7142c287-f411-4a1a-93a4-49578233381b 0.110s
2025-11-21 00:55:27.563 65735 INFO tempest.lib.common.rest_client [req-c7bd5f84-40d8-48af-bcc5-11eda1e4e1aa req-c7bd5f84-40d8-48af-bcc5-11eda1e4e1aa ] Request (ImagesMetadataTestJSON:test_list_image_metadata): 200 GET http://10.180.1.21/compute/v2.1/images/1ce29446-b279-4616-bd2e-cfaaf6951c30/metadata 0.030s
2025-11-21 00:55:27.748 65735 INFO tempest.lib.common.rest_client [req-c03a17cf-f13a-4a78-b91c-0842f9e5ac1c req-c03a17cf-f13a-4a78-b91c-0842f9e5ac1c ] Request (ImagesMetadataTestJSON:setUp): 200 PUT http://10.180.1.21/compute/v2.1/images/1ce29446-b279-4616-bd2e-cfaaf6951c30/metadata 0.182s
2025-11-21 00:55:27.806 65783 INFO tempest.lib.common.rest_client [req-74d1f8d6-4ffc-4873-a1b2-73592977a4eb req-74d1f8d6-4ffc-4873-a1b2-73592977a4eb ] Request (AttachInterfacesTestJSON:test_create_list_show_delete_interfaces_by_network_port): 200 GET http://10.180.1.21/compute/v2.1/servers/ebeac7be-5cc7-4590-97fe-a812035465ce 0.179s
2025-11-21 00:55:27.829 65751 INFO tempest.lib.common.rest_client [req-d3f97359-2cbc-41d5-a74f-038424cea92a req-d3f97359-2cbc-41d5-a74f-038424cea92a ] Request (ServersTestMultiNic:_run_cleanups): 200 GET http://10.180.1.21/compute/v2.1/servers/c57ae7a1-99c8-4a1f-9d2e-c18bd48e5def 0.119s
2025-11-21 00:55:27.881 65737 INFO tempest.lib.common.rest_client [req-971dc5f7-2281-4c2d-8040-318ff255e0dc req-971dc5f7-2281-4c2d-8040-318ff255e0dc ] Request (ImagesOneServerTestJSON:tearDownClass): 200 GET http://10.180.1.21/compute/v2.1/servers/4faf0c79-4987-4a5f-8723-f28d2e435a03 0.154s
2025-11-21 00:55:27.944 65745 INFO tempest.lib.common.rest_client [req-1f9312f5-45d6-4d59-bcef-89146c1e99cd req-1f9312f5-45d6-4d59-bcef-89146c1e99cd ] Request (ServerShowV254Test:test_rebuild_server): 200 GET http://10.180.1.21/compute/v2.1/servers/c6024d7d-9681-4673-a648-5394e8cc263c 0.170s
2025-11-21 00:55:28.032 65743 INFO tempest.lib.common.rest_client [req-df239d5b-f49c-4cbe-b792-a975d91e67cf req-df239d5b-f49c-4cbe-b792-a975d91e67cf ] Request (ImagesOneServerNegativeTestJSON:_run_cleanups): 200 GET http://10.180.1.21/compute/v2.1/servers/2ca2ed48-6e60-44ec-8a66-62566f8140fb 0.217s
2025-11-21 00:55:28.041 65743 INFO tempest.common.waiters [-] State transition "BUILD/scheduling" ==> "BUILD/None" after 2 second wait
2025-11-21 00:55:28.087 65735 INFO tempest.lib.common.rest_client [req-1fb07599-f07e-411e-b65f-98296c103eeb req-1fb07599-f07e-411e-b65f-98296c103eeb ] Request (ImagesMetadataTestJSON:test_set_image_metadata): 200 PUT http://10.180.1.21/compute/v2.1/images/1ce29446-b279-4616-bd2e-cfaaf6951c30/metadata 0.338s
2025-11-21 00:55:28.147 65741 INFO tempest.lib.common.rest_client [req-3421e485-3271-4428-9b74-ef4d42c83724 req-3421e485-3271-4428-9b74-ef4d42c83724 ] Request (ServerGroupTestJSON:test_create_server_with_scheduler_hint_group): 200 GET http://10.180.1.21/compute/v2.1/servers/eaaa465f-ea5d-4286-bc27-d6aa2e68ce1d 0.322s
2025-11-21 00:55:28.155 65753 INFO tempest.lib.common.rest_client [req-c7f3ab5f-230d-4a23-b810-ed8c3de113f9 req-c7f3ab5f-230d-4a23-b810-ed8c3de113f9 ] Request (ListServersNegativeTestJSON:setUpClass): 200 GET http://10.180.1.21/compute/v2.1/servers/57f9fefe-790b-4b06-99f9-bf37b87ce3e8 0.282s
2025-11-21 00:55:28.167 65769 INFO tempest.lib.common.rest_client [req-4c1edc87-7fec-47ec-9023-c4d185e2d945 req-4c1edc87-7fec-47ec-9023-c4d185e2d945 ] Request (ServersAdminTestJSON:tearDownClass): 404 GET http://10.180.1.21/compute/v2.1/servers/7e42912d-1f22-4815-b643-4eb43df90b12 0.281s
2025-11-21 00:55:28.208 65773 INFO tempest.lib.common.rest_client [req-7b7c6118-8308-4131-a115-673fa1646f3a req-7b7c6118-8308-4131-a115-673fa1646f3a ] Request (ImagesTestJSON:test_create_server_from_snapshot): 200 GET http://10.180.1.21/compute/v2.1/servers/542f5eb6-5eaa-4f9f-871f-68d5ee42130f 0.257s
2025-11-21 00:55:28.221 65727 INFO tempest.lib.common.rest_client [req-7fec4809-ba1e-4df6-b839-617909140642 req-7fec4809-ba1e-4df6-b839-617909140642 ] Request (FloatingIPsAssociationNegativeTestJSON:setUpClass): 200 GET http://10.180.1.21/compute/v2.1/servers/f94f27ac-0b7a-4446-a679-24cd8e3b1a78 0.217s
2025-11-21 00:55:28.255 65735 INFO tempest.lib.common.rest_client [req-5d6ec91b-834c-47b3-823a-2dd2f512abbc req-5d6ec91b-834c-47b3-823a-2dd2f512abbc ] Request (ImagesMetadataTestJSON:test_set_image_metadata): 200 GET http://10.180.1.21/compute/v2.1/images/1ce29446-b279-4616-bd2e-cfaaf6951c30/metadata 0.166s
2025-11-21 00:55:28.276 65749 INFO tempest.lib.common.rest_client [req-b7e12be8-0f17-471c-b7bf-ab3f318ba6fb req-b7e12be8-0f17-471c-b7bf-ab3f318ba6fb ] Request (ServerActionsV293TestJSON:setUpClass): 200 GET http://10.180.1.21/compute/v2.1/servers/9e862639-ad53-42c3-8ae2-7bd7ae4098c8 0.198s
2025-11-21 00:55:28.317 65731 INFO tempest.lib.common.rest_client [req-dfb2a241-a724-4da6-9ffe-f64bcbae9af9 req-dfb2a241-a724-4da6-9ffe-f64bcbae9af9 ] Request (SecurityGroupsTestJSON:test_server_security_groups): 200 GET http://10.180.1.21/compute/v2.1/servers/e1c3ed71-c6c3-4783-8108-677f74c2bfe1 0.173s
2025-11-21 00:55:28.328 65747 INFO tempest.lib.common.rest_client [req-e5061e52-e08b-436e-bcca-e041e6394b1d req-e5061e52-e08b-436e-bcca-e041e6394b1d ] Request (TenantUsagesTestJSON:setUpClass): 200 GET http://10.180.1.21/compute/v2.1/servers/c96dad1c-b958-4534-a775-571d9047f689 0.182s
2025-11-21 00:55:28.424 65739 INFO tempest.lib.common.rest_client [req-acc6c5b0-ba40-4051-bbec-b32e137d1d75 req-acc6c5b0-ba40-4051-bbec-b32e137d1d75 ] Request (ListImageFiltersTestJSON:tearDownClass): 200 GET http://10.180.1.21/compute/v2.1/servers/37bf88c0-9ba2-4191-8b2e-224c608e1e23 0.207s
2025-11-21 00:55:28.456 65769 INFO tempest.lib.common.rest_client [req-1c449597-8999-4f3d-ad18-fe0f87549b0a req-1c449597-8999-4f3d-ad18-fe0f87549b0a ] Request (ServersAdminTestJSON:tearDownClass): 204 DELETE http://10.180.1.21/compute/v2.1/servers/05d97cd1-8a4a-45e7-a651-4f0201c09f04 0.289s
2025-11-21 00:55:28.575 65781 INFO tempest.lib.common.rest_client [req-cd4cd442-e24e-4589-9886-4f14823b0809 req-cd4cd442-e24e-4589-9886-4f14823b0809 ] Request (AttachVolumeTestJSON:test_attach_detach_volume): 200 GET http://10.180.1.21/compute/v2.1/servers/b581ab7e-f135-4b5b-a1d4-2ed4145a9925 0.313s
2025-11-21 00:55:28.650 65759 INFO tempest.lib.common.rest_client [req-dbcb6eeb-e3d6-4cd9-9d84-aedb2b0f94f1 req-dbcb6eeb-e3d6-4cd9-9d84-aedb2b0f94f1 ] Request (ServerMetadataNegativeTestJSON:tearDownClass): 200 GET http://10.180.1.21/compute/v2.1/servers/ccde109b-ece0-4229-aece-638ff454e09c 0.307s
2025-11-21 00:55:28.672 65735 INFO tempest.lib.common.rest_client [req-c823ed5e-6726-43a6-a01d-54d5a2c15e09 req-c823ed5e-6726-43a6-a01d-54d5a2c15e09 ] Request (ImagesMetadataTestJSON:setUp): 200 PUT http://10.180.1.21/compute/v2.1/images/1ce29446-b279-4616-bd2e-cfaaf6951c30/metadata 0.415s
2025-11-21 00:55:28.759 65733 INFO tempest.lib.common.rest_client [req-55452a4d-b77f-40aa-ba2d-a6058ef29884 req-55452a4d-b77f-40aa-ba2d-a6058ef29884 ] Request (MigrationsAdminTest:test_resize_server_revert_deleted_flavor): 200 GET http://10.180.1.21/compute/v2.1/servers/0059dc57-d118-4dd7-b8ea-0e64335b243d 0.338s
2025-11-21 00:55:28.767 65733 INFO tempest.common.waiters [-] State transition "RESIZE/resize_migrated" ==> "RESIZE/resize_finish" after 44 second wait
2025-11-21 00:55:28.813 65769 INFO tempest.lib.common.rest_client [req-5eb2b4e1-a87c-4822-807c-457cf48645b6 req-5eb2b4e1-a87c-4822-807c-457cf48645b6 ] Request (ServersAdminTestJSON:tearDownClass): 200 GET http://10.180.1.21/compute/v2.1/servers/05d97cd1-8a4a-45e7-a651-4f0201c09f04 0.356s
2025-11-21 00:55:28.822 65777 INFO tempest.lib.common.rest_client [req-4cc1c44c-65d9-440c-9975-e63b9930c860 req-4cc1c44c-65d9-440c-9975-e63b9930c860 ] Request (ListServerFiltersTestJSON:tearDownClass): 200 GET http://10.180.1.21/compute/v2.1/servers/7142c287-f411-4a1a-93a4-49578233381b 0.267s
2025-11-21 00:55:28.829 65777 INFO tempest.common.waiters [-] State transition "ACTIVE/deleting" ==> "DELETED/None" after 3 second wait
2025-11-21 00:55:28.926 65783 INFO tempest.lib.common.rest_client [req-053407ee-f53d-409e-8c61-75488ed0e694 req-053407ee-f53d-409e-8c61-75488ed0e694 ] Request (AttachInterfacesTestJSON:test_create_list_show_delete_interfaces_by_network_port): 200 GET http://10.180.1.21/compute/v2.1/servers/ebeac7be-5cc7-4590-97fe-a812035465ce 0.112s
2025-11-21 00:55:28.995 65751 INFO tempest.lib.common.rest_client [req-30e309d4-c412-4d54-90bc-6d08fed0f567 req-30e309d4-c412-4d54-90bc-6d08fed0f567 ] Request (ServersTestMultiNic:_run_cleanups): 200 GET http://10.180.1.21/compute/v2.1/servers/c57ae7a1-99c8-4a1f-9d2e-c18bd48e5def 0.157s
2025-11-21 00:55:29.056 65735 INFO tempest.lib.common.rest_client [req-3ce6f663-95ae-42ce-bfc4-8088eed4440e req-3ce6f663-95ae-42ce-bfc4-8088eed4440e ] Request (ImagesMetadataTestJSON:test_set_image_metadata_item): 200 PUT http://10.180.1.21/compute/v2.1/images/1ce29446-b279-4616-bd2e-cfaaf6951c30/metadata/os_version 0.383s
2025-11-21 00:55:29.061 65737 INFO tempest.lib.common.rest_client [req-1cd8732c-32ad-4b5c-a1dd-fff522ed8033 req-1cd8732c-32ad-4b5c-a1dd-fff522ed8033 ] Request (ImagesOneServerTestJSON:tearDownClass): 200 GET http://10.180.1.21/compute/v2.1/servers/4faf0c79-4987-4a5f-8723-f28d2e435a03 0.172s
2025-11-21 00:55:29.123 65743 INFO tempest.lib.common.rest_client [req-1814c493-cd0e-4dd1-8afe-bc3d9b91ee80 req-1814c493-cd0e-4dd1-8afe-bc3d9b91ee80 ] Request (ImagesOneServerNegativeTestJSON:_run_cleanups): 200 GET http://10.180.1.21/compute/v2.1/servers/2ca2ed48-6e60-44ec-8a66-62566f8140fb 0.081s
2025-11-21 00:55:29.142 65745 INFO tempest.lib.common.rest_client [req-e62201b2-a3a3-4f6c-a265-3fc165b35065 req-e62201b2-a3a3-4f6c-a265-3fc165b35065 ] Request (ServerShowV254Test:test_rebuild_server): 200 GET http://10.180.1.21/compute/v2.1/servers/c6024d7d-9681-4673-a648-5394e8cc263c 0.186s
2025-11-21 00:55:29.155 65735 INFO tempest.lib.common.rest_client [req-c4cb25b6-cad2-40c5-b3d2-3a4967248d0d req-c4cb25b6-cad2-40c5-b3d2-3a4967248d0d ] Request (ImagesMetadataTestJSON:test_set_image_metadata_item): 200 GET http://10.180.1.21/compute/v2.1/images/1ce29446-b279-4616-bd2e-cfaaf6951c30/metadata 0.098s
2025-11-21 00:55:29.260 65741 INFO tempest.lib.common.rest_client [req-9e92e169-6b83-45f9-9dd2-4b9b76f8990a req-9e92e169-6b83-45f9-9dd2-4b9b76f8990a ] Request (ServerGroupTestJSON:test_create_server_with_scheduler_hint_group): 200 GET http://10.180.1.21/compute/v2.1/servers/eaaa465f-ea5d-4286-bc27-d6aa2e68ce1d 0.106s
2025-11-21 00:55:29.323 65753 INFO tempest.lib.common.rest_client [req-9220a4c9-d416-4c85-a129-375bb7433491 req-9220a4c9-d416-4c85-a129-375bb7433491 ] Request (ListServersNegativeTestJSON:setUpClass): 200 GET http://10.180.1.21/compute/v2.1/servers/57f9fefe-790b-4b06-99f9-bf37b87ce3e8 0.156s
2025-11-21 00:55:29.351 65735 INFO tempest.lib.common.rest_client [req-bab5e41b-9ab7-4fa7-ac3a-086898900d72 req-bab5e41b-9ab7-4fa7-ac3a-086898900d72 ] Request (ImagesMetadataTestJSON:setUp): 200 PUT http://10.180.1.21/compute/v2.1/images/1ce29446-b279-4616-bd2e-cfaaf6951c30/metadata 0.194s
2025-11-21 00:55:29.373 65773 INFO tempest.lib.common.rest_client [req-e97c344c-5790-4d50-bf6b-e015fca417ed req-e97c344c-5790-4d50-bf6b-e015fca417ed ] Request (ImagesTestJSON:test_create_server_from_snapshot): 200 GET http://10.180.1.21/compute/v2.1/servers/542f5eb6-5eaa-4f9f-871f-68d5ee42130f 0.154s
2025-11-21 00:55:29.409 65727 INFO tempest.lib.common.rest_client [req-ff272293-4d5b-493e-b17b-4e25ac2e7837 req-ff272293-4d5b-493e-b17b-4e25ac2e7837 ] Request (FloatingIPsAssociationNegativeTestJSON:setUpClass): 200 GET http://10.180.1.21/compute/v2.1/servers/f94f27ac-0b7a-4446-a679-24cd8e3b1a78 0.178s
2025-11-21 00:55:29.432 65763 WARNING tempest.lib.common.ssh [-] Failed to establish authenticated ssh connection to cirros@10.180.180.252 ([Errno None] Unable to connect to port 22 on 10.180.180.252). Number attempts: 1. Retry after 2 seconds.: paramiko.ssh_exception.NoValidConnectionsError: [Errno None] Unable to connect to port 22 on 10.180.180.252
2025-11-21 00:55:29.449 65749 INFO tempest.lib.common.rest_client [req-32a1dd75-9d91-4079-860c-cb4bcfd43cc2 req-32a1dd75-9d91-4079-860c-cb4bcfd43cc2 ] Request (ServerActionsV293TestJSON:setUpClass): 200 GET http://10.180.1.21/compute/v2.1/servers/9e862639-ad53-42c3-8ae2-7bd7ae4098c8 0.161s
2025-11-21 00:55:29.479 65731 INFO tempest.lib.common.rest_client [req-cd67e99b-1cdf-42e8-95e4-60f5017903dc req-cd67e99b-1cdf-42e8-95e4-60f5017903dc ] Request (SecurityGroupsTestJSON:test_server_security_groups): 200 GET http://10.180.1.21/compute/v2.1/servers/e1c3ed71-c6c3-4783-8108-677f74c2bfe1 0.151s
2025-11-21 00:55:29.507 65747 INFO tempest.lib.common.rest_client [req-654d40ea-eec0-480b-bd2c-fd5ae0cadefb req-654d40ea-eec0-480b-bd2c-fd5ae0cadefb ] Request (TenantUsagesTestJSON:setUpClass): 200 GET http://10.180.1.21/compute/v2.1/servers/c96dad1c-b958-4534-a775-571d9047f689 0.170s
2025-11-21 00:55:29.586 65739 INFO tempest.lib.common.rest_client [req-3e10312e-460b-43cb-b1b2-3ba78516b8e9 req-3e10312e-460b-43cb-b1b2-3ba78516b8e9 ] Request (ListImageFiltersTestJSON:tearDownClass): 200 GET http://10.180.1.21/compute/v2.1/servers/37bf88c0-9ba2-4191-8b2e-224c608e1e23 0.154s
2025-11-21 00:55:29.707 65781 INFO tempest.lib.common.rest_client [req-1d6d7859-a881-4b55-bd94-cb6ca6f40ff0 req-1d6d7859-a881-4b55-bd94-cb6ca6f40ff0 ] Request (AttachVolumeTestJSON:test_attach_detach_volume): 200 GET http://10.180.1.21/compute/v2.1/servers/b581ab7e-f135-4b5b-a1d4-2ed4145a9925 0.120s
2025-11-21 00:55:29.714 65735 INFO tempest.lib.common.rest_client [req-abb8dcd1-2987-4e98-a2b5-5ebadf373ccb req-abb8dcd1-2987-4e98-a2b5-5ebadf373ccb ] Request (ImagesMetadataTestJSON:test_update_image_metadata): 200 POST http://10.180.1.21/compute/v2.1/images/1ce29446-b279-4616-bd2e-cfaaf6951c30/metadata 0.362s
2025-11-21 00:55:29.727 65759 INFO tempest.lib.common.rest_client [req-143eb66f-809f-4cb1-8776-1920ca0c219f req-143eb66f-809f-4cb1-8776-1920ca0c219f ] Request (ServerMetadataNegativeTestJSON:tearDownClass): 404 GET http://10.180.1.21/compute/v2.1/servers/ccde109b-ece0-4229-aece-638ff454e09c 0.068s
2025-11-21 00:55:29.745 65735 INFO tempest.lib.common.rest_client [req-236d42c7-e3bd-46ba-9074-b8c6456e26e4 req-236d42c7-e3bd-46ba-9074-b8c6456e26e4 ] Request (ImagesMetadataTestJSON:test_update_image_metadata): 200 GET http://10.180.1.21/compute/v2.1/images/1ce29446-b279-4616-bd2e-cfaaf6951c30/metadata 0.030s
2025-11-21 00:55:29.797 65735 INFO tempest.lib.common.rest_client [req-f4482e41-32b1-4db9-8715-0a65f4328468 req-f4482e41-32b1-4db9-8715-0a65f4328468 ] Request (ImagesMetadataTestJSON:tearDownClass): 204 DELETE http://10.180.1.21/image/v2/images/1ce29446-b279-4616-bd2e-cfaaf6951c30 0.049s
2025-11-21 00:55:29.894 65733 INFO tempest.lib.common.rest_client [req-ab44e649-7ffd-4375-b86a-c339e8792973 req-ab44e649-7ffd-4375-b86a-c339e8792973 ] Request (MigrationsAdminTest:test_resize_server_revert_deleted_flavor): 200 GET http://10.180.1.21/compute/v2.1/servers/0059dc57-d118-4dd7-b8ea-0e64335b243d 0.125s
2025-11-21 00:55:29.951 65735 INFO tempest.lib.common.rest_client [req-c87c5ddb-3698-4f71-b6af-876902fa4dc2 req-c87c5ddb-3698-4f71-b6af-876902fa4dc2 ] Request (ImagesMetadataTestJSON:tearDownClass): 204 DELETE http://10.180.1.21/identity/v3/users/341e614ba6d44fc98d5d848b782d2ed2 0.154s
2025-11-21 00:55:29.952 65735 INFO tempest.lib.common.dynamic_creds [-] Deleting project and security group for project: 6d3a775ccb794a879ae0824df261295a
2025-11-21 00:55:29.981 65777 INFO tempest.lib.common.rest_client [req-1ebc7467-6219-4554-bae4-cca86dfcfa74 req-1ebc7467-6219-4554-bae4-cca86dfcfa74 ] Request (ListServerFiltersTestJSON:tearDownClass): 200 GET http://10.180.1.21/compute/v2.1/servers/7142c287-f411-4a1a-93a4-49578233381b 0.151s
