2025-11-21 00:54:36.496 65757 INFO tempest.lib.common.rest_client [req-829b5b52-3746-44cd-bf42-496ccca13e26 req-829b5b52-3746-44cd-bf42-496ccca13e26 ] Request (AttachInterfacesV270Test:tearDownClass): 204 DELETE http://10.180.1.21/networking/v2.0/security-groups/19390b4d-0e06-405a-9885-ff376e44fd74 0.232s
2025-11-21 00:54:36.565 65735 INFO tempest.lib.common.rest_client [req-a83cb9f3-ea15-4bd3-9c7b-c2930235b958 req-a83cb9f3-ea15-4bd3-9c7b-c2930235b958 ] Request (VolumesAdminNegativeTest:tearDownClass): 204 DELETE http://10.180.1.21/compute/v2.1/servers/0358146c-7203-47c8-bc99-2e884eb24277 2.928s
2025-11-21 00:54:36.634 65757 INFO tempest.lib.common.rest_client [req-865ab4c9-7cab-4e33-8b44-4ddd6192316d req-865ab4c9-7cab-4e33-8b44-4ddd6192316d ] Request (AttachInterfacesV270Test:tearDownClass): 204 DELETE http://10.180.1.21/identity/v3/projects/30abe49e16f74ff8a347faf8962b7e38 0.138s
2025-11-21 00:54:36.741 65775 INFO tempest.lib.common.rest_client [req-6c0c4824-0e38-4eca-957c-156b4091ac0c req-6c0c4824-0e38-4eca-957c-156b4091ac0c ] Request (ServersTestBootFromVolume:setUpClass): 202 POST http://10.180.1.21/compute/v2.1/servers 9.660s
2025-11-21 00:54:36.916 65747 INFO tempest.lib.common.rest_client [req-c0e50c72-c894-48fe-b493-cc78619a232c req-c0e50c72-c894-48fe-b493-cc78619a232c ] Request (ServersAdminNegativeTestJSON:tearDownClass): 200 GET http://10.180.1.21/compute/v2.1/servers/7adcda3d-a204-48bc-a38c-d5921202d880 2.930s
2025-11-21 00:54:37.236 65733 INFO tempest.lib.common.rest_client [req-0550eadc-1e92-4910-93fc-49fa22e38df2 req-0550eadc-1e92-4910-93fc-49fa22e38df2 ] Request (MigrationsAdminTest:test_resize_server_revert_deleted_flavor): 200 GET http://10.180.1.21/compute/v2.1/servers/0059dc57-d118-4dd7-b8ea-0e64335b243d 2.817s
2025-11-21 00:54:37.327 65731 INFO tempest.lib.common.rest_client [req-9d466745-9a3b-4f56-9638-ef0ca176392e req-9d466745-9a3b-4f56-9638-ef0ca176392e ] Request (SecurityGroupsTestJSON:test_server_security_groups): 200 GET http://10.180.1.21/compute/v2.1/servers/e1c3ed71-c6c3-4783-8108-677f74c2bfe1 2.755s
2025-11-21 00:54:37.394 65751 INFO tempest.lib.common.rest_client [req-ed7d8cf8-6c97-4463-93de-80c759c48156 req-ed7d8cf8-6c97-4463-93de-80c759c48156 ] Request (ServersTestMultiNic:test_verify_multiple_nics_order): 200 GET http://10.180.1.21/compute/v2.1/servers/c57ae7a1-99c8-4a1f-9d2e-c18bd48e5def 2.673s
2025-11-21 00:54:37.399 65759 INFO tempest.lib.common.rest_client [req-7dd04636-0677-4954-8de7-342d55887853 req-7dd04636-0677-4954-8de7-342d55887853 ] Request (ServerMetadataNegativeTestJSON:test_create_server_metadata_blank_key): 400 POST http://10.180.1.21/compute/v2.1/servers 2.278s
2025-11-21 00:54:37.497 65763 INFO tempest.lib.common.rest_client [req-3b731de3-9c10-4776-a762-50479b8fd510 req-3b731de3-9c10-4776-a762-50479b8fd510 ] Request (ServersTestManualDisk:setUpClass): 202 POST http://10.180.1.21/compute/v2.1/servers 3.407s
2025-11-21 00:54:37.528 65787 WARNING tempest.lib.common.ssh [-] Failed to establish authenticated ssh connection to cirros@10.180.180.160 ([Errno None] Unable to connect to port 22 on 10.180.180.160). Number attempts: 1. Retry after 2 seconds.: paramiko.ssh_exception.NoValidConnectionsError: [Errno None] Unable to connect to port 22 on 10.180.180.160
2025-11-21 00:54:37.566 65777 INFO tempest.lib.common.rest_client [req-189e097b-3d03-4e31-88de-53cb9dee0fea req-189e097b-3d03-4e31-88de-53cb9dee0fea ] Request (ListServerFiltersTestJSON:setUpClass): 200 GET http://10.180.1.21/compute/v2.1/servers/7142c287-f411-4a1a-93a4-49578233381b 2.431s
2025-11-21 00:54:37.574 65777 INFO tempest.common.waiters [-] State transition "BUILD/None" ==> "BUILD/spawning" after 31 second wait
2025-11-21 00:54:37.580 65781 INFO tempest.lib.common.rest_client [req-91f33bcb-66e9-4fcd-8200-5ef19fbbf7fd req-91f33bcb-66e9-4fcd-8200-5ef19fbbf7fd ] Request (AttachVolumeTestJSON:test_attach_detach_volume): 200 GET http://10.180.1.21/compute/v2.1/servers/b581ab7e-f135-4b5b-a1d4-2ed4145a9925/os-interface 2.340s
2025-11-21 00:54:37.588 65727 INFO tempest.lib.common.rest_client [req-3434a879-93c2-4f61-82de-62938051a2a1 req-3434a879-93c2-4f61-82de-62938051a2a1 ] Request (VolumesAssistedSnapshotsTest:tearDownClass): 202 DELETE http://10.180.1.21/compute/v2.1/os-keypairs/tempest-keypair-1077194309 2.315s
2025-11-21 00:54:37.611 65783 INFO tempest.lib.common.rest_client [req-2b55892e-f6b7-42a6-88d9-d875e89b57d3 req-2b55892e-f6b7-42a6-88d9-d875e89b57d3 ] Request (AttachInterfacesTestJSON:_run_cleanups): 404 GET http://10.180.1.21/compute/v2.1/servers/53de1ab3-4c58-4642-bcb2-cea90986d2c8 2.057s
2025-11-21 00:54:37.702 65727 INFO tempest.lib.common.rest_client [req-7eb30b5d-c3bd-4e13-b30a-460a7c5d9b55 req-7eb30b5d-c3bd-4e13-b30a-460a7c5d9b55 ] Request (VolumesAssistedSnapshotsTest:tearDownClass): 204 DELETE http://10.180.1.21/networking/v2.0/security-groups/96c997f7-8b5a-4fab-a31e-551de41fd8ad 0.114s
2025-11-21 00:54:37.798 65749 INFO tempest.lib.common.rest_client [req-e10a033a-5e02-47f4-8b3b-89a3a3c74b12 req-e10a033a-5e02-47f4-8b3b-89a3a3c74b12 ] Request (FloatingIPsAssociationTestJSON:tearDownClass): 200 GET http://10.180.1.21/compute/v2.1/servers/d6e42c6a-b77a-48ae-986f-a824b3102e74 2.108s
2025-11-21 00:54:37.799 65727 INFO tempest.lib.common.rest_client [req-9db4962c-3c8d-4fee-90a3-14e49507d40d req-9db4962c-3c8d-4fee-90a3-14e49507d40d ] Request (VolumesAssistedSnapshotsTest:tearDownClass): 404 GET http://10.180.1.21/networking/v2.0/security-groups/96c997f7-8b5a-4fab-a31e-551de41fd8ad 0.096s
2025-11-21 00:54:37.842 65743 INFO tempest.lib.common.rest_client [req-6052eeea-3c0c-4dc1-855b-75894c77df82 req-6052eeea-3c0c-4dc1-855b-75894c77df82 ] Request (ImagesOneServerNegativeTestJSON:setUp): 200 GET http://10.180.1.21/compute/v2.1/servers/db91b53e-5a32-44c0-b545-2d9dc2459a66 2.249s
2025-11-21 00:54:37.855 65741 INFO tempest.lib.common.rest_client [req-73636bf2-b85f-4f06-8ebc-0d624f232e80 req-73636bf2-b85f-4f06-8ebc-0d624f232e80 ] Request (ServerGroupTestJSON:test_create_delete_multiple_server_groups_with_same_name_policy): 200 GET http://10.180.1.21/compute/v2.1/os-server-groups 2.064s
2025-11-21 00:54:38.083 65769 INFO tempest.lib.common.rest_client [req-0873f6e8-89e7-4e7c-bcda-4c10da3a708d req-0873f6e8-89e7-4e7c-bcda-4c10da3a708d ] Request (ServersAdminTestJSON:_run_cleanups): 202 POST http://10.180.1.21/compute/v2.1/servers/62726af4-7313-4703-82a2-ded84e9f2fcc/action 1.668s
2025-11-21 00:54:38.134 65737 INFO tempest.lib.common.rest_client [req-71820f3a-fe87-45c5-a4ec-7a20c7f18a99 req-71820f3a-fe87-45c5-a4ec-7a20c7f18a99 ] Request (ImagesOneServerTestJSON:test_create_delete_image): 200 GET http://10.180.1.21/compute/v2.1/images/b783dc8c-4ef3-48cd-bee0-3ffbb9561601 1.684s
2025-11-21 00:54:38.207 65727 INFO tempest.lib.common.rest_client [req-672f8d91-f4dd-4587-81f1-05a947004979 req-672f8d91-f4dd-4587-81f1-05a947004979 ] Request (VolumesAssistedSnapshotsTest:tearDownClass): 204 DELETE http://10.180.1.21/networking/v2.0/floatingips/e3bc534b-1e8f-4292-98f8-ddc459b4cab7 0.407s
2025-11-21 00:54:38.218 65781 INFO tempest.lib.common.rest_client [req-901cc5ad-0c4b-42ac-abf4-89993bc9da66 req-901cc5ad-0c4b-42ac-abf4-89993bc9da66 ] Request (AttachVolumeTestJSON:test_attach_detach_volume): 200 PUT http://10.180.1.21/networking/v2.0/floatingips/9026f73e-2830-4161-b899-bf90fb11ed67 0.635s
2025-11-21 00:54:38.219 65781 INFO tempest.lib.common.ssh [-] Creating ssh connection to '10.180.180.154:22' as 'cirros' with public key authentication
2025-11-21 00:54:38.222 65727 INFO tempest.lib.common.rest_client [req-7f127ae8-c6bc-45cc-8afa-718bce60ef91 req-7f127ae8-c6bc-45cc-8afa-718bce60ef91 ] Request (VolumesAssistedSnapshotsTest:tearDownClass): 404 DELETE http://10.180.1.21/volume/v3/volumes/8daa153a-3276-41a2-a929-e9636bfe54c3 0.014s
2025-11-21 00:54:38.241 65727 INFO tempest.lib.common.rest_client [req-00781b3f-f887-4ff1-8dee-7926597ea36e req-00781b3f-f887-4ff1-8dee-7926597ea36e ] Request (VolumesAssistedSnapshotsTest:tearDownClass): 404 GET http://10.180.1.21/volume/v3/volumes/8daa153a-3276-41a2-a929-e9636bfe54c3 0.019s
2025-11-21 00:54:38.289 65745 INFO tempest.lib.common.rest_client [req-9a87f58a-1de6-4565-b2e9-67d9eb8dd6eb req-9a87f58a-1de6-4565-b2e9-67d9eb8dd6eb ] Request (ServerMetadataTestJSON:tearDownClass): 200 GET http://10.180.1.21/compute/v2.1/servers/6f5add25-ba92-49fb-af6b-a861bd3573bc 1.723s
2025-11-21 00:54:38.304 65739 INFO tempest.lib.common.rest_client [req-8d0d899c-efe4-4127-8bb2-5fbab7dead78 req-8d0d899c-efe4-4127-8bb2-5fbab7dead78 ] Request (ListImageFiltersTestJSON:setUpClass): 200 GET http://10.180.1.21/compute/v2.1/servers/37bf88c0-9ba2-4191-8b2e-224c608e1e23 2.541s
2025-11-21 00:54:38.513 65773 INFO tempest.lib.common.rest_client [req-16bbcdfc-9ace-4451-886b-2b448be7b476 req-16bbcdfc-9ace-4451-886b-2b448be7b476 ] Request (ImagesTestJSON:test_create_image_from_suspended_server): 200 GET http://10.180.1.21/compute/v2.1/servers/00c8cdb8-6439-41db-ac67-39bffacc2dbf 1.796s
2025-11-21 00:54:38.587 65735 INFO tempest.lib.common.rest_client [req-96a63265-a142-4b04-956d-502bb2c7a566 req-96a63265-a142-4b04-956d-502bb2c7a566 ] Request (VolumesAdminNegativeTest:tearDownClass): 200 GET http://10.180.1.21/compute/v2.1/servers/0358146c-7203-47c8-bc99-2e884eb24277 2.022s
2025-11-21 00:54:38.702 65775 INFO tempest.lib.common.rest_client [req-97766e73-8652-4735-8e62-48408cefbeb0 req-97766e73-8652-4735-8e62-48408cefbeb0 ] Request (ServersTestBootFromVolume:setUpClass): 200 GET http://10.180.1.21/compute/v2.1/servers/0ca688c9-e992-4f03-81e4-375a9300aac5 1.959s
2025-11-21 00:54:38.725 65733 INFO tempest.lib.common.rest_client [req-5acce6b3-431b-4b30-8daf-40e5ae4a6b76 req-5acce6b3-431b-4b30-8daf-40e5ae4a6b76 ] Request (MigrationsAdminTest:test_resize_server_revert_deleted_flavor): 202 DELETE http://10.180.1.21/compute/v2.1/flavors/3f5a2f23-eb18-4c0f-a077-2a557d35ec4c 1.480s
2025-11-21 00:54:38.732 65759 INFO tempest.lib.common.rest_client [req-7004cf81-c3b4-49ab-aa28-ac999a14696e req-7004cf81-c3b4-49ab-aa28-ac999a14696e ] Request (ServerMetadataNegativeTestJSON:test_delete_metadata_non_existent_server): 404 DELETE http://10.180.1.21/compute/v2.1/servers/53b97183-be39-43d1-b10f-062982e58044/metadata/d 1.331s
2025-11-21 00:54:38.755 65753 INFO tempest.lib.common.rest_client [req-6a72aa39-bc9b-401a-a3ee-124dd1c5d05a req-6a72aa39-bc9b-401a-a3ee-124dd1c5d05a ] Request (ListServersNegativeTestJSON:setUpClass): 200 GET http://10.180.1.21/compute/v2.1/servers/0883a244-e4df-4885-852c-03129ada7250 1.710s
2025-11-21 00:54:38.772 65783 INFO tempest.lib.common.rest_client [req-0178d363-f971-4220-ba23-d47a4388b3fa req-0178d363-f971-4220-ba23-d47a4388b3fa ] Request (AttachInterfacesTestJSON:_run_cleanups): 202 DELETE http://10.180.1.21/compute/v2.1/os-keypairs/tempest-keypair-638420164 1.160s
2025-11-21 00:54:38.899 65763 INFO tempest.lib.common.rest_client [req-0bfda767-46ac-470e-ad59-381904344ec2 req-0bfda767-46ac-470e-ad59-381904344ec2 ] Request (ServersTestManualDisk:setUpClass): 200 GET http://10.180.1.21/compute/v2.1/servers/425608a3-4f98-4c12-a9b8-58aea5ef90a3 1.400s
2025-11-21 00:54:38.966 65741 INFO tempest.lib.common.rest_client [req-64d5342e-5db0-4468-a48a-85b94bbd5833 req-64d5342e-5db0-4468-a48a-85b94bbd5833 ] Request (ServerGroupTestJSON:test_create_delete_server_group_with_affinity_policy): 200 POST http://10.180.1.21/compute/v2.1/os-server-groups 1.106s
2025-11-21 00:54:39.002 65783 INFO tempest.lib.common.rest_client [req-1c75b90b-c8e4-4112-9959-db6e44ff54d1 req-1c75b90b-c8e4-4112-9959-db6e44ff54d1 ] Request (AttachInterfacesTestJSON:_run_cleanups): 204 DELETE http://10.180.1.21/networking/v2.0/security-groups/99f55d6d-540b-4956-aec1-241d2266ad23 0.229s
2025-11-21 00:54:39.063 65727 INFO tempest.lib.common.rest_client [req-b28775be-a711-4a01-ad78-ab53d2382ea1 req-b28775be-a711-4a01-ad78-ab53d2382ea1 ] Request (VolumesAssistedSnapshotsTest:tearDownClass): 200 PUT http://10.180.1.21/networking/v2.0/routers/dc7e6436-7b18-4920-b207-3da967c05a13/remove_router_interface 0.821s
2025-11-21 00:54:39.075 65783 INFO tempest.lib.common.rest_client [req-58be98ce-1db6-4155-ae24-a965f5f888e4 req-58be98ce-1db6-4155-ae24-a965f5f888e4 ] Request (AttachInterfacesTestJSON:_run_cleanups): 404 GET http://10.180.1.21/networking/v2.0/security-groups/99f55d6d-540b-4956-aec1-241d2266ad23 0.070s
2025-11-21 00:54:39.102 65747 INFO tempest.lib.common.rest_client [req-6d117f37-93c0-4181-8136-21ef46076c09 req-6d117f37-93c0-4181-8136-21ef46076c09 ] Request (ServersAdminNegativeTestJSON:tearDownClass): 200 GET http://10.180.1.21/compute/v2.1/servers/7adcda3d-a204-48bc-a38c-d5921202d880 1.179s
2025-11-21 00:54:39.109 65747 INFO tempest.common.waiters [-] State transition "ACTIVE/deleting" ==> "DELETED/None" after 3 second wait
2025-11-21 00:54:39.495 65743 INFO tempest.lib.common.rest_client [req-b8873a55-a38e-4485-bcab-89204331ba59 req-b8873a55-a38e-4485-bcab-89204331ba59 ] Request (ImagesOneServerNegativeTestJSON:test_delete_image_that_is_not_yet_active): 202 POST http://10.180.1.21/compute/v2.1/servers/db91b53e-5a32-44c0-b545-2d9dc2459a66/action 1.642s
2025-11-21 00:54:39.710 65783 INFO tempest.lib.common.rest_client [req-04079f1a-6ecb-437e-982e-45c24acbfca6 req-04079f1a-6ecb-437e-982e-45c24acbfca6 ] Request (AttachInterfacesTestJSON:_run_cleanups): 204 DELETE http://10.180.1.21/networking/v2.0/floatingips/0d1d985a-1fc7-43cc-bd58-8aecba54c5b2 0.634s
2025-11-21 00:54:39.737 65727 INFO tempest.lib.common.rest_client [req-bb237c8a-8669-4638-9048-9b876c01c7bc req-bb237c8a-8669-4638-9048-9b876c01c7bc ] Request (VolumesAssistedSnapshotsTest:tearDownClass): 204 DELETE http://10.180.1.21/networking/v2.0/routers/dc7e6436-7b18-4920-b207-3da967c05a13 0.674s
2025-11-21 00:54:39.902 65769 INFO tempest.lib.common.rest_client [req-5229fa29-9d52-4ccb-88f2-51846634173a req-5229fa29-9d52-4ccb-88f2-51846634173a ] Request (ServersAdminTestJSON:_run_cleanups): 200 GET http://10.180.1.21/compute/v2.1/servers/62726af4-7313-4703-82a2-ded84e9f2fcc 1.811s
2025-11-21 00:54:39.943 65727 INFO tempest.lib.common.rest_client [req-75659b06-64ea-4e2f-80a8-2cdfdb84f912 req-75659b06-64ea-4e2f-80a8-2cdfdb84f912 ] Request (VolumesAssistedSnapshotsTest:tearDownClass): 204 DELETE http://10.180.1.21/networking/v2.0/subnets/76da3c14-9c9a-4652-addc-8c1979af9a5e 0.206s
2025-11-21 00:54:39.976 65737 INFO tempest.lib.common.rest_client [req-69f45cfc-d177-4839-89ab-8239e2927930 req-69f45cfc-d177-4839-89ab-8239e2927930 ] Request (ImagesOneServerTestJSON:test_create_delete_image): 200 GET http://10.180.1.21/compute/v2.1/servers/4faf0c79-4987-4a5f-8723-f28d2e435a03 1.839s
2025-11-21 00:54:40.049 65731 INFO tempest.lib.common.rest_client [req-c6651e0a-d7b6-46a8-8793-a58fb884aaf9 req-c6651e0a-d7b6-46a8-8793-a58fb884aaf9 ] Request (SecurityGroupsTestJSON:test_server_security_groups): 200 GET http://10.180.1.21/compute/v2.1/servers/e1c3ed71-c6c3-4783-8108-677f74c2bfe1 1.712s
2025-11-21 00:54:40.130 65751 INFO tempest.lib.common.rest_client [req-e413f039-d20a-4729-8d41-1081ab329f92 req-e413f039-d20a-4729-8d41-1081ab329f92 ] Request (ServersTestMultiNic:test_verify_multiple_nics_order): 200 GET http://10.180.1.21/compute/v2.1/servers/c57ae7a1-99c8-4a1f-9d2e-c18bd48e5def 1.726s
2025-11-21 00:54:40.266 65727 INFO tempest.lib.common.rest_client [req-a272a149-175e-4dc0-823a-58e9eb513731 req-a272a149-175e-4dc0-823a-58e9eb513731 ] Request (VolumesAssistedSnapshotsTest:tearDownClass): 204 DELETE http://10.180.1.21/networking/v2.0/networks/913291d1-4200-40be-915b-a714851f6a32 0.323s
2025-11-21 00:54:40.271 65777 INFO tempest.lib.common.rest_client [req-72017b71-c523-4167-862b-8d67e4ea9adc req-72017b71-c523-4167-862b-8d67e4ea9adc ] Request (ListServerFiltersTestJSON:setUpClass): 200 GET http://10.180.1.21/compute/v2.1/servers/7142c287-f411-4a1a-93a4-49578233381b 1.695s
2025-11-21 00:54:40.303 65733 INFO tempest.lib.common.rest_client [req-e552ad50-1db2-4826-a61f-ba12c45feb77 req-e552ad50-1db2-4826-a61f-ba12c45feb77 ] Request (MigrationsAdminTest:test_resize_server_revert_deleted_flavor): 200 GET http://10.180.1.21/compute/v2.1/flavors/detail 1.578s
2025-11-21 00:54:40.316 65759 INFO tempest.lib.common.rest_client [req-ee65b9a0-7209-466d-8da9-d775fe5e564a req-ee65b9a0-7209-466d-8da9-d775fe5e564a ] Request (ServerMetadataNegativeTestJSON:test_list_server_metadata_non_existent_server): 404 GET http://10.180.1.21/compute/v2.1/servers/e4dde609-60bf-4105-80cd-3488a879d1bb/metadata 1.581s
2025-11-21 00:54:40.342 65749 INFO tempest.lib.common.rest_client [req-c1467e2b-74d9-464f-8374-d14dcb7f4946 req-c1467e2b-74d9-464f-8374-d14dcb7f4946 ] Request (FloatingIPsAssociationTestJSON:tearDownClass): 404 GET http://10.180.1.21/compute/v2.1/servers/d6e42c6a-b77a-48ae-986f-a824b3102e74 1.534s
2025-11-21 00:54:40.369 65741 INFO tempest.lib.common.rest_client [req-fa8e7ad3-3e2d-401f-b62e-f3d9b81e9c55 req-fa8e7ad3-3e2d-401f-b62e-f3d9b81e9c55 ] Request (ServerGroupTestJSON:test_create_delete_server_group_with_affinity_policy): 204 DELETE http://10.180.1.21/compute/v2.1/os-server-groups/855c88e3-96c6-4146-9232-1fa73ce9a532 1.402s
2025-11-21 00:54:40.530 65739 INFO tempest.lib.common.rest_client [req-9541d451-d321-49cf-9765-1213ceeb45e5 req-9541d451-d321-49cf-9765-1213ceeb45e5 ] Request (ListImageFiltersTestJSON:setUpClass): 202 POST http://10.180.1.21/compute/v2.1/servers/29dbe8a2-48cc-45be-80c8-5d019ae6f60d/action 2.217s
2025-11-21 00:54:40.599 65787 WARNING tempest.lib.common.ssh [-] Failed to establish authenticated ssh connection to cirros@10.180.180.160 ([Errno None] Unable to connect to port 22 on 10.180.180.160). Number attempts: 2. Retry after 3 seconds.: paramiko.ssh_exception.NoValidConnectionsError: [Errno None] Unable to connect to port 22 on 10.180.180.160
2025-11-21 00:54:40.628 65743 INFO tempest.lib.common.rest_client [req-4431b7e0-69c5-4ed8-ab8b-93d83b6c2028 req-4431b7e0-69c5-4ed8-ab8b-93d83b6c2028 ] Request (ImagesOneServerNegativeTestJSON:test_delete_image_that_is_not_yet_active): 204 DELETE http://10.180.1.21/compute/v2.1/images/6e266e8b-6456-4bae-8e16-9b19b494d97d 1.131s
2025-11-21 00:54:41.096 65749 INFO tempest.lib.common.rest_client [req-dcefa3f3-89d8-4858-b42d-f719952e683f req-dcefa3f3-89d8-4858-b42d-f719952e683f ] Request (FloatingIPsAssociationTestJSON:tearDownClass): 200 PUT http://10.180.1.21/networking/v2.0/routers/1cbed5cc-79d4-49ae-b595-51a5bf4867b5/remove_router_interface 0.753s
2025-11-21 00:54:41.098 65727 INFO tempest.lib.common.rest_client [req-7696a85b-abff-4b79-9429-6ef4dfd76e77 req-7696a85b-abff-4b79-9429-6ef4dfd76e77 ] Request (VolumesAssistedSnapshotsTest:tearDownClass): 200 PUT http://10.180.1.21/networking/v2.0/routers/7fdb61bf-f97c-4c19-baca-9da5c79d651b/remove_router_interface 0.831s
2025-11-21 00:54:41.125 65745 INFO tempest.lib.common.rest_client [req-b85f617e-6a08-4541-9096-b5da2dc63d8b req-b85f617e-6a08-4541-9096-b5da2dc63d8b ] Request (ServerMetadataTestJSON:tearDownClass): 200 GET http://10.180.1.21/compute/v2.1/servers/6f5add25-ba92-49fb-af6b-a861bd3573bc 1.828s
2025-11-21 00:54:41.137 65773 INFO tempest.lib.common.rest_client [req-13b3c00e-a1a2-4009-8d90-adb5f75a0df4 req-13b3c00e-a1a2-4009-8d90-adb5f75a0df4 ] Request (ImagesTestJSON:test_create_image_from_suspended_server): 200 GET http://10.180.1.21/compute/v2.1/servers/00c8cdb8-6439-41db-ac67-39bffacc2dbf 1.612s
2025-11-21 00:54:41.190 65783 INFO tempest.lib.common.rest_client [req-c4e60fb2-6846-4692-8b1d-62b89b0fb26e req-c4e60fb2-6846-4692-8b1d-62b89b0fb26e ] Request (ValidationResourcesFixture:setUp): 200 POST http://10.180.1.21/compute/v2.1/os-keypairs 1.478s
2025-11-21 00:54:41.644 65727 INFO tempest.lib.common.rest_client [req-715b1180-8682-4888-8fd1-ee9aeaf9b887 req-715b1180-8682-4888-8fd1-ee9aeaf9b887 ] Request (VolumesAssistedSnapshotsTest:tearDownClass): 204 DELETE http://10.180.1.21/networking/v2.0/routers/7fdb61bf-f97c-4c19-baca-9da5c79d651b 0.545s
2025-11-21 00:54:41.762 65735 INFO tempest.lib.common.rest_client [req-f559b035-68f2-41cb-b122-af5edf859b10 req-f559b035-68f2-41cb-b122-af5edf859b10 ] Request (VolumesAdminNegativeTest:tearDownClass): 200 GET http://10.180.1.21/compute/v2.1/servers/0358146c-7203-47c8-bc99-2e884eb24277 2.165s
2025-11-21 00:54:41.774 65735 INFO tempest.common.waiters [-] State transition "ACTIVE/deleting" ==> "DELETED/None" after 3 second wait
2025-11-21 00:54:41.886 65783 INFO tempest.lib.common.rest_client [req-e2d80117-7321-4f17-b0ca-0ed0c8848d80 req-e2d80117-7321-4f17-b0ca-0ed0c8848d80 ] Request (ValidationResourcesFixture:setUp): 201 POST http://10.180.1.21/networking/v2.0/security-groups 0.695s
2025-11-21 00:54:41.913 65775 INFO tempest.lib.common.rest_client [req-123c6ba5-4d02-49a6-8aae-eb14c4c9d6db req-123c6ba5-4d02-49a6-8aae-eb14c4c9d6db ] Request (ServersTestBootFromVolume:setUpClass): 200 GET http://10.180.1.21/compute/v2.1/servers/0ca688c9-e992-4f03-81e4-375a9300aac5 2.200s
2025-11-21 00:54:42.063 65749 INFO tempest.lib.common.rest_client [req-37e0d147-9ab9-4e99-b708-c75daa6e7406 req-37e0d147-9ab9-4e99-b708-c75daa6e7406 ] Request (FloatingIPsAssociationTestJSON:tearDownClass): 204 DELETE http://10.180.1.21/networking/v2.0/routers/1cbed5cc-79d4-49ae-b595-51a5bf4867b5 0.967s
2025-11-21 00:54:42.071 65727 INFO tempest.lib.common.rest_client [req-abea89ab-b412-41cd-ad58-7598b0e8079d req-abea89ab-b412-41cd-ad58-7598b0e8079d ] Request (VolumesAssistedSnapshotsTest:tearDownClass): 204 DELETE http://10.180.1.21/networking/v2.0/subnets/4cb0402d-1d76-4e6f-b8b5-7b4f9dd508d3 0.426s
2025-11-21 00:54:42.108 65753 INFO tempest.lib.common.rest_client [req-b861a8c9-f3c0-4539-a68b-9b9be7d6446d req-b861a8c9-f3c0-4539-a68b-9b9be7d6446d ] Request (ListServersNegativeTestJSON:setUpClass): 200 GET http://10.180.1.21/compute/v2.1/servers/0883a244-e4df-4885-852c-03129ada7250 2.338s
2025-11-21 00:54:42.126 65763 INFO tempest.lib.common.rest_client [req-4abf75f2-370c-4735-a9fa-b94acb4dc35a req-4abf75f2-370c-4735-a9fa-b94acb4dc35a ] Request (ServersTestManualDisk:setUpClass): 200 GET http://10.180.1.21/compute/v2.1/servers/425608a3-4f98-4c12-a9b8-58aea5ef90a3 2.216s
2025-11-21 00:54:42.134 65763 INFO tempest.common.waiters [-] State transition "BUILD/scheduling" ==> "BUILD/None" after 4 second wait
2025-11-21 00:54:42.164 65737 INFO tempest.lib.common.rest_client [req-df13a3a0-c879-40e2-9cc8-f7643cd36c5d req-df13a3a0-c879-40e2-9cc8-f7643cd36c5d ] Request (ImagesOneServerTestJSON:test_create_delete_image): 200 GET http://10.180.1.21/compute/v2.1/images/0feb7bd5-f685-4a59-a1ec-dfbf68cbc3c7 2.176s
2025-11-21 00:54:42.223 65783 INFO tempest.lib.common.rest_client [req-ab4d3981-c634-403e-8776-9f49b4c243e8 req-ab4d3981-c634-403e-8776-9f49b4c243e8 ] Request (ValidationResourcesFixture:setUp): 201 POST http://10.180.1.21/networking/v2.0/security-group-rules 0.336s
2025-11-21 00:54:42.303 65749 INFO tempest.lib.common.rest_client [req-36dc7b8e-0438-4c9c-9813-e1e0b52eb627 req-36dc7b8e-0438-4c9c-9813-e1e0b52eb627 ] Request (FloatingIPsAssociationTestJSON:tearDownClass): 204 DELETE http://10.180.1.21/networking/v2.0/subnets/d77cf61e-f39e-44b4-b13f-1fe2620c5552 0.240s
2025-11-21 00:54:42.324 65733 INFO tempest.lib.common.rest_client [req-87bc5492-a9d3-4ca5-9577-0e403684760a req-87bc5492-a9d3-4ca5-9577-0e403684760a ] Request (MigrationsAdminTest:test_resize_server_revert_deleted_flavor): 202 POST http://10.180.1.21/compute/v2.1/servers/0059dc57-d118-4dd7-b8ea-0e64335b243d/action 2.016s
2025-11-21 00:54:42.385 65747 INFO tempest.lib.common.rest_client [req-79583d75-1791-4176-bb13-fdd21ba6c2d1 req-79583d75-1791-4176-bb13-fdd21ba6c2d1 ] Request (ServersAdminNegativeTestJSON:tearDownClass): 200 GET http://10.180.1.21/compute/v2.1/servers/7adcda3d-a204-48bc-a38c-d5921202d880 2.275s
2025-11-21 00:54:42.404 65741 INFO tempest.lib.common.rest_client [req-2da58c15-401a-4263-9220-b93619272e56 req-2da58c15-401a-4263-9220-b93619272e56 ] Request (ServerGroupTestJSON:test_create_delete_server_group_with_affinity_policy): 200 GET http://10.180.1.21/compute/v2.1/os-server-groups 2.034s
2025-11-21 00:54:42.456 65739 INFO tempest.lib.common.rest_client [req-2efc2cbf-d20c-42b7-a4ca-be65931e9532 req-2efc2cbf-d20c-42b7-a4ca-be65931e9532 ] Request (ListImageFiltersTestJSON:setUpClass): 200 GET http://10.180.1.21/compute/v2.1/images/d913228f-0348-46e9-91b2-1c30f0d411b6 1.924s
2025-11-21 00:54:42.473 65743 INFO tempest.lib.common.rest_client [req-80f73ca6-9159-4f51-83dd-e4c38ccd9fd2 req-80f73ca6-9159-4f51-83dd-e4c38ccd9fd2 ] Request (ImagesOneServerNegativeTestJSON:test_delete_image_that_is_not_yet_active): 404 GET http://10.180.1.21/compute/v2.1/images/6e266e8b-6456-4bae-8e16-9b19b494d97d 1.844s
2025-11-21 00:54:42.501 65783 INFO tempest.lib.common.rest_client [req-1a73a962-47ee-490d-9eed-dc9c972c5b3c req-1a73a962-47ee-490d-9eed-dc9c972c5b3c ] Request (ValidationResourcesFixture:setUp): 201 POST http://10.180.1.21/networking/v2.0/security-group-rules 0.277s
2025-11-21 00:54:42.516 65759 INFO tempest.lib.common.rest_client [req-7620783e-6575-43fe-b3ea-a8876fd87ef5 req-7620783e-6575-43fe-b3ea-a8876fd87ef5 ] Request (ServerMetadataNegativeTestJSON:test_metadata_items_limit): 200 GET http://10.180.1.21/compute/v2.1/os-quota-sets/04ca34a76b114754b9996badcab45ed6 2.197s
2025-11-21 00:54:42.603 65727 INFO tempest.lib.common.rest_client [req-a475aa10-e0fb-44db-839b-08f9e15cac33 req-a475aa10-e0fb-44db-839b-08f9e15cac33 ] Request (VolumesAssistedSnapshotsTest:tearDownClass): 204 DELETE http://10.180.1.21/networking/v2.0/networks/3e79f095-12d1-4367-90cc-a9abbc137b29 0.532s
2025-11-21 00:54:42.827 65749 INFO tempest.lib.common.rest_client [req-3e6f6b23-422e-495f-8adc-251ea388c742 req-3e6f6b23-422e-495f-8adc-251ea388c742 ] Request (FloatingIPsAssociationTestJSON:tearDownClass): 204 DELETE http://10.180.1.21/networking/v2.0/networks/a96c9e0e-a80a-4048-8afc-6687ab5e0311 0.523s
2025-11-21 00:54:42.975 65749 INFO tempest.lib.common.rest_client [req-093df2b1-4337-485a-b0e4-eef50accbf99 req-093df2b1-4337-485a-b0e4-eef50accbf99 ] Request (FloatingIPsAssociationTestJSON:tearDownClass): 204 DELETE http://10.180.1.21/identity/v3/users/fa3d80c8dfc842d199d2b84f2f938fdf 0.147s
2025-11-21 00:54:42.975 65749 INFO tempest.lib.common.dynamic_creds [-] Deleting project and security group for project: 619425b4c65a4fe48befaca3a80c81e8
2025-11-21 00:54:43.056 65731 INFO tempest.lib.common.rest_client [req-7e443bf2-2033-4352-b083-1da500205652 req-7e443bf2-2033-4352-b083-1da500205652 ] Request (SecurityGroupsTestJSON:test_server_security_groups): 200 GET http://10.180.1.21/compute/v2.1/servers/e1c3ed71-c6c3-4783-8108-677f74c2bfe1 1.999s
2025-11-21 00:54:43.140 65783 INFO tempest.lib.common.rest_client [req-537de530-ef46-49d7-a16c-c4dd92a0f1af req-537de530-ef46-49d7-a16c-c4dd92a0f1af ] Request (ValidationResourcesFixture:setUp): 201 POST http://10.180.1.21/networking/v2.0/floatingips 0.637s
2025-11-21 00:54:43.217 65783 INFO tempest.lib.common.rest_client [req-c3ad72d5-dd42-4aec-9c08-5ee8d38d70d2 req-c3ad72d5-dd42-4aec-9c08-5ee8d38d70d2 ] Request (AttachInterfacesTestJSON:test_create_list_show_delete_interfaces_by_network_port): 201 POST http://10.180.1.21/identity/v3/auth/tokens 0.073s
2025-11-21 00:54:43.218 65783 INFO tempest.lib.common.fixed_network [-] (AttachInterfacesTestJSON:test_create_list_show_delete_interfaces_by_network_port) Found network {'id': '6268b4ea-a8aa-419c-a0d6-a38ec8fc7b2c', 'name': 'tempest-AttachInterfacesTestJSON-1881962074-network', 'tenant_id': '19dd045d7d554fb58bad7f0223330d80', 'project_id': '19dd045d7d554fb58bad7f0223330d80', 'admin_state_up': True, 'mtu': 8950, 'status': 'ACTIVE', 'subnets': [], 'shared': False, 'port_security_enabled': True, 'router:external': False, 'provider:network_type': 'vlan', 'provider:physical_network': 'default', 'provider:segmentation_id': 777, 'availability_zone_hints': [], 'availability_zones': [], 'ipv4_address_scope': None, 'ipv6_address_scope': None, 'description': '', 'tags': [], 'created_at': '2025-11-21T00:52:04Z', 'updated_at': '2025-11-21T00:52:04Z', 'revision_number': 1} available for tenant
2025-11-21 00:54:43.232 65749 INFO tempest.lib.common.rest_client [req-f8897e2d-d6ea-43b2-b5e8-5b4056c83186 req-f8897e2d-d6ea-43b2-b5e8-5b4056c83186 ] Request (FloatingIPsAssociationTestJSON:tearDownClass): 200 GET http://10.180.1.21/networking/v2.0/security-groups?tenant_id=619425b4c65a4fe48befaca3a80c81e8&name=default 0.257s
2025-11-21 00:54:43.274 65769 INFO tempest.lib.common.rest_client [req-67d20141-b71a-4d6a-914a-bbf67f4967c4 req-67d20141-b71a-4d6a-914a-bbf67f4967c4 ] Request (ServersAdminTestJSON:_run_cleanups): 200 GET http://10.180.1.21/compute/v2.1/servers/62726af4-7313-4703-82a2-ded84e9f2fcc 2.360s
2025-11-21 00:54:43.287 65769 INFO tempest.common.waiters [-] State transition "REBUILD/rebuilding" ==> "REBUILD/rebuild_spawning" after 4 second wait
2025-11-21 00:54:43.293 65751 INFO tempest.lib.common.rest_client [req-de40a70d-9355-43cd-9721-738a86e5c4fb req-de40a70d-9355-43cd-9721-738a86e5c4fb ] Request (ServersTestMultiNic:test_verify_multiple_nics_order): 200 GET http://10.180.1.21/compute/v2.1/servers/c57ae7a1-99c8-4a1f-9d2e-c18bd48e5def 2.150s
2025-11-21 00:54:43.368 65781 WARNING tempest.lib.common.ssh [-] Failed to establish authenticated ssh connection to cirros@10.180.180.154 ([Errno None] Unable to connect to port 22 on 10.180.180.154). Number attempts: 1. Retry after 2 seconds.: paramiko.ssh_exception.NoValidConnectionsError: [Errno None] Unable to connect to port 22 on 10.180.180.154
2025-11-21 00:54:43.484 65749 INFO tempest.lib.common.rest_client [req-82c20116-cd54-4905-a896-dfced2be8a2d req-82c20116-cd54-4905-a896-dfced2be8a2d ] Request (FloatingIPsAssociationTestJSON:tearDownClass): 204 DELETE http://10.180.1.21/networking/v2.0/security-groups/6e3a1abb-4692-4277-a1f8-5ec88be423b5 0.250s
2025-11-21 00:54:43.592 65745 INFO tempest.lib.common.rest_client [req-6e1123a7-44e2-4189-9439-b384c9141319 req-6e1123a7-44e2-4189-9439-b384c9141319 ] Request (ServerMetadataTestJSON:tearDownClass): 200 GET http://10.180.1.21/compute/v2.1/servers/6f5add25-ba92-49fb-af6b-a861bd3573bc 1.457s
2025-11-21 00:54:43.638 65749 INFO tempest.lib.common.rest_client [req-872be33a-d37f-4383-82c6-3f2d960f328f req-872be33a-d37f-4383-82c6-3f2d960f328f ] Request (FloatingIPsAssociationTestJSON:tearDownClass): 204 DELETE http://10.180.1.21/identity/v3/projects/619425b4c65a4fe48befaca3a80c81e8 0.154s
2025-11-21 00:54:43.703 65749 INFO tempest.lib.common.rest_client [req-6081d005-0031-4274-ae82-8f1b2ba8dd40 req-6081d005-0031-4274-ae82-8f1b2ba8dd40 ] Request (ServerActionsV293TestJSON:setUpClass): 201 POST http://10.180.1.21/identity/v3/auth/tokens 0.062s
2025-11-21 00:54:43.734 65749 INFO tempest.lib.common.rest_client [req-47b8c773-3664-4927-bb46-0b94d38f71a1 req-47b8c773-3664-4927-bb46-0b94d38f71a1 ] Request (ServerActionsV293TestJSON:setUpClass): 201 POST http://10.180.1.21/identity/v3/auth/tokens 0.029s
2025-11-21 00:54:43.759 65749 INFO tempest.lib.common.rest_client [req-f9705790-78ab-4c46-9952-48116092710d req-f9705790-78ab-4c46-9952-48116092710d ] Request (ServerActionsV293TestJSON:setUpClass): 200 GET http://10.180.1.21/identity/v3/domains?name=Default 0.025s
2025-11-21 00:54:43.792 65749 INFO tempest.lib.common.rest_client [req-49fe4288-1916-43dd-ba25-f0d994195e70 req-49fe4288-1916-43dd-ba25-f0d994195e70 ] Request (ServerActionsV293TestJSON:setUpClass): 201 POST http://10.180.1.21/identity/v3/projects 0.032s
2025-11-21 00:54:43.838 65777 INFO tempest.lib.common.rest_client [req-876ebc96-8da1-4678-952e-77c9c90955f6 req-876ebc96-8da1-4678-952e-77c9c90955f6 ] Request (ListServerFiltersTestJSON:setUpClass): 200 GET http://10.180.1.21/compute/v2.1/servers/7142c287-f411-4a1a-93a4-49578233381b 2.558s
2025-11-21 00:54:43.857 65773 INFO tempest.lib.common.rest_client [req-2e54476f-28ad-497c-a460-f2cab4bcc3b2 req-2e54476f-28ad-497c-a460-f2cab4bcc3b2 ] Request (ImagesTestJSON:test_create_image_from_suspended_server): 200 GET http://10.180.1.21/compute/v2.1/servers/00c8cdb8-6439-41db-ac67-39bffacc2dbf 1.704s
2025-11-21 00:54:43.859 65737 INFO tempest.lib.common.rest_client [req-bee13b0e-3712-4f08-8ed2-550c22f23942 req-bee13b0e-3712-4f08-8ed2-550c22f23942 ] Request (ImagesOneServerTestJSON:test_create_delete_image): 200 GET http://10.180.1.21/compute/v2.1/flavors/42 1.689s
2025-11-21 00:54:43.873 65749 INFO tempest.lib.common.rest_client [req-1a289ed4-03ef-46fd-971a-896b1a83deb5 req-1a289ed4-03ef-46fd-971a-896b1a83deb5 ] Request (ServerActionsV293TestJSON:setUpClass): 201 POST http://10.180.1.21/identity/v3/users 0.081s
2025-11-21 00:54:43.905 65749 INFO tempest.lib.common.rest_client [req-6a8ba4ec-db20-4915-83ec-9c6af75132fc req-6a8ba4ec-db20-4915-83ec-9c6af75132fc ] Request (ServerActionsV293TestJSON:setUpClass): 200 GET http://10.180.1.21/identity/v3/roles 0.031s
2025-11-21 00:54:43.921 65727 INFO tempest.lib.common.rest_client [req-a3d2cc11-96e2-4892-8ab7-56c36ce65386 req-a3d2cc11-96e2-4892-8ab7-56c36ce65386 ] Request (VolumesAssistedSnapshotsTest:tearDownClass): 200 PUT http://10.180.1.21/networking/v2.0/routers/5748ab63-be16-4913-a60a-c1886703b85f/remove_router_interface 1.317s
2025-11-21 00:54:43.941 65749 INFO tempest.lib.common.rest_client [req-b2ee2dec-33fa-4fdb-b3a1-7ed407fde757 req-b2ee2dec-33fa-4fdb-b3a1-7ed407fde757 ] Request (ServerActionsV293TestJSON:setUpClass): 204 PUT http://10.180.1.21/identity/v3/projects/d91435b0f05a4ffba62df4ff5c4228a0/users/f16a7904ab0047b1b6029bcf3bc2ab13/roles/9de76072532944ecabe279c3c74acf84 0.036s
2025-11-21 00:54:43.941 65749 INFO tempest.lib.common.dynamic_creds [-] Dynamic test user f16a7904ab0047b1b6029bcf3bc2ab13 is created with scope project and roles: ['member']
2025-11-21 00:54:43.942 65749 INFO tempest.lib.common.dynamic_creds [-] Acquired dynamic creds: credentials: Credentials: {'domain_id': 'default', 'domain_name': 'Default', 'username': 'tempest-ServerActionsV293TestJSON-282783485-project-member', 'project_domain_id': 'default', 'project_domain_name': 'Default', 'project_id': 'd91435b0f05a4ffba62df4ff5c4228a0', 'project_name': 'tempest-ServerActionsV293TestJSON-282783485', 'tenant_id': 'd91435b0f05a4ffba62df4ff5c4228a0', 'tenant_name': 'tempest-ServerActionsV293TestJSON-282783485', 'user_domain_id': 'default', 'user_domain_name': 'Default', 'user_id': 'f16a7904ab0047b1b6029bcf3bc2ab13', 'system': None}, Network: None, Subnet: None, Router: None
2025-11-21 00:54:43.948 65741 INFO tempest.lib.common.rest_client [req-c8bb180e-6cbe-45f5-9aa6-1f8e56b4c5d8 req-c8bb180e-6cbe-45f5-9aa6-1f8e56b4c5d8 ] Request (ServerGroupTestJSON:test_create_delete_server_group_with_anti_affinity_policy): 200 POST http://10.180.1.21/compute/v2.1/os-server-groups 1.541s
2025-11-21 00:54:44.010 65749 INFO tempest.lib.common.rest_client [req-9360c8af-d940-400d-b424-6beab691744b req-9360c8af-d940-400d-b424-6beab691744b ] Request (ServerActionsV293TestJSON:setUpClass): 201 POST http://10.180.1.21/identity/v3/auth/tokens 0.068s
2025-11-21 00:54:44.015 65733 INFO tempest.lib.common.rest_client [req-97399a9e-fa25-4345-aef5-593f1b03a225 req-97399a9e-fa25-4345-aef5-593f1b03a225 ] Request (MigrationsAdminTest:test_resize_server_revert_deleted_flavor): 200 GET http://10.180.1.21/compute/v2.1/servers/0059dc57-d118-4dd7-b8ea-0e64335b243d 1.691s
2025-11-21 00:54:44.055 65779 WARNING tempest.lib.common.ssh [-] Failed to establish authenticated ssh connection to cirros@10.180.180.218 ([Errno None] Unable to connect to port 22 on 10.180.180.218). Number attempts: 7. Retry after 8 seconds.: paramiko.ssh_exception.NoValidConnectionsError: [Errno None] Unable to connect to port 22 on 10.180.180.218
2025-11-21 00:54:44.063 65759 INFO tempest.lib.common.rest_client [req-f4a784c0-73cf-4085-88a9-46e3b72ee220 req-f4a784c0-73cf-4085-88a9-46e3b72ee220 ] Request (ServerMetadataNegativeTestJSON:test_metadata_items_limit): 403 PUT http://10.180.1.21/compute/v2.1/servers/ccde109b-ece0-4229-aece-638ff454e09c/metadata 1.545s
2025-11-21 00:54:44.372 65727 INFO tempest.lib.common.rest_client [req-e5c9aeaa-ab6c-415b-9ace-9b076a4f8d78 req-e5c9aeaa-ab6c-415b-9ace-9b076a4f8d78 ] Request (VolumesAssistedSnapshotsTest:tearDownClass): 204 DELETE http://10.180.1.21/networking/v2.0/routers/5748ab63-be16-4913-a60a-c1886703b85f 0.451s
2025-11-21 00:54:44.400 65749 INFO tempest.lib.common.rest_client [req-f5e8971d-e39c-467a-84c7-9b084c7bbc7b req-f5e8971d-e39c-467a-84c7-9b084c7bbc7b ] Request (ServerActionsV293TestJSON:setUpClass): 201 POST http://10.180.1.21/networking/v2.0/networks 0.389s
2025-11-21 00:54:44.430 65743 INFO tempest.lib.common.rest_client [req-1feee06c-ba6d-4133-b82f-c49c9d5f1be6 req-1feee06c-ba6d-4133-b82f-c49c9d5f1be6 ] Request (ImagesOneServerNegativeTestJSON:tearDown): 200 GET http://10.180.1.21/compute/v2.1/servers/db91b53e-5a32-44c0-b545-2d9dc2459a66 1.957s
2025-11-21 00:54:44.431 65735 INFO tempest.lib.common.rest_client [req-8fff2154-7205-4e61-9a67-73c843e228ba req-8fff2154-7205-4e61-9a67-73c843e228ba ] Request (VolumesAdminNegativeTest:tearDownClass): 200 GET http://10.180.1.21/compute/v2.1/servers/0358146c-7203-47c8-bc99-2e884eb24277 1.656s
2025-11-21 00:54:44.609 65727 INFO tempest.lib.common.rest_client [req-d7bd3ac9-3cf5-4d4f-a485-d7860159beec req-d7bd3ac9-3cf5-4d4f-a485-d7860159beec ] Request (VolumesAssistedSnapshotsTest:tearDownClass): 204 DELETE http://10.180.1.21/networking/v2.0/subnets/f9c75988-3b9c-48a8-8052-d264398c1459 0.236s
2025-11-21 00:54:44.689 65753 INFO tempest.lib.common.rest_client [req-fe8ecc58-531f-446b-bf23-9393dece04af req-fe8ecc58-531f-446b-bf23-9393dece04af ] Request (ListServersNegativeTestJSON:setUpClass): 200 GET http://10.180.1.21/compute/v2.1/servers/0883a244-e4df-4885-852c-03129ada7250 1.572s
2025-11-21 00:54:44.698 65749 INFO tempest.lib.common.rest_client [req-d43dfc91-a115-4829-bdf6-dbf2eaf34fe1 req-d43dfc91-a115-4829-bdf6-dbf2eaf34fe1 ] Request (ServerActionsV293TestJSON:setUpClass): 201 POST http://10.180.1.21/networking/v2.0/subnets 0.298s
2025-11-21 00:54:44.711 65775 INFO tempest.lib.common.rest_client [req-b2cb708e-651a-41cc-8236-936ac3ba0e12 req-b2cb708e-651a-41cc-8236-936ac3ba0e12 ] Request (ServersTestBootFromVolume:setUpClass): 200 GET http://10.180.1.21/compute/v2.1/servers/0ca688c9-e992-4f03-81e4-375a9300aac5 1.790s
2025-11-21 00:54:44.975 65727 INFO tempest.lib.common.rest_client [req-ee1e3399-070b-4349-ba5d-f5d50fa67354 req-ee1e3399-070b-4349-ba5d-f5d50fa67354 ] Request (VolumesAssistedSnapshotsTest:tearDownClass): 204 DELETE http://10.180.1.21/networking/v2.0/networks/036c3924-b638-4184-923b-1d03086c7145 0.365s
2025-11-21 00:54:44.997 65763 INFO tempest.lib.common.rest_client [req-83f28b92-77a2-4729-a1bf-29f904657fe5 req-83f28b92-77a2-4729-a1bf-29f904657fe5 ] Request (ServersTestManualDisk:setUpClass): 200 GET http://10.180.1.21/compute/v2.1/servers/425608a3-4f98-4c12-a9b8-58aea5ef90a3 1.862s
2025-11-21 00:54:45.143 65767 WARNING tempest.lib.common.ssh [-] Failed to establish authenticated ssh connection to cirros@10.180.180.215 ([Errno None] Unable to connect to port 22 on 10.180.180.215). Number attempts: 6. Retry after 7 seconds.: paramiko.ssh_exception.NoValidConnectionsError: [Errno None] Unable to connect to port 22 on 10.180.180.215
2025-11-21 00:54:45.151 65727 INFO tempest.lib.common.rest_client [req-8a43a1ba-1d9f-4bb0-a98e-72a608dcb41a req-8a43a1ba-1d9f-4bb0-a98e-72a608dcb41a ] Request (VolumesAssistedSnapshotsTest:tearDownClass): 204 DELETE http://10.180.1.21/identity/v3/users/950259781981468ca3ea9edf92caa88b 0.176s
2025-11-21 00:54:45.196 65747 INFO tempest.lib.common.rest_client [req-81d530c1-b5b6-4acf-bc98-cf747ce07b9d req-81d530c1-b5b6-4acf-bc98-cf747ce07b9d ] Request (ServersAdminNegativeTestJSON:tearDownClass): 200 GET http://10.180.1.21/compute/v2.1/servers/7adcda3d-a204-48bc-a38c-d5921202d880 1.802s
2025-11-21 00:54:45.246 65739 INFO tempest.lib.common.rest_client [req-1c77d159-9905-42bf-bb5f-e3ec94ff6807 req-1c77d159-9905-42bf-bb5f-e3ec94ff6807 ] Request (ListImageFiltersTestJSON:setUpClass): 200 GET http://10.180.1.21/compute/v2.1/images/d913228f-0348-46e9-91b2-1c30f0d411b6 1.786s
2025-11-21 00:54:45.275 65727 INFO tempest.lib.common.rest_client [req-029f6e66-5824-4bdf-857f-adb2b5196a99 req-029f6e66-5824-4bdf-857f-adb2b5196a99 ] Request (VolumesAssistedSnapshotsTest:tearDownClass): 204 DELETE http://10.180.1.21/identity/v3/users/50c078fbde6c484bbbc80afefec60c69 0.123s
2025-11-21 00:54:45.416 65737 INFO tempest.lib.common.rest_client [req-9d100122-57f2-4f99-9d4c-d321d5de488a req-9d100122-57f2-4f99-9d4c-d321d5de488a ] Request (ImagesOneServerTestJSON:test_create_delete_image): 204 DELETE http://10.180.1.21/compute/v2.1/images/b783dc8c-4ef3-48cd-bee0-3ffbb9561601 1.553s
2025-11-21 00:54:45.461 65741 INFO tempest.lib.common.rest_client [req-d45babb9-9efd-4e74-993d-1ab825a251cc req-d45babb9-9efd-4e74-993d-1ab825a251cc ] Request (ServerGroupTestJSON:test_create_delete_server_group_with_anti_affinity_policy): 204 DELETE http://10.180.1.21/compute/v2.1/os-server-groups/dfe82725-3a24-40cf-b210-e3353e10f723 1.512s
2025-11-21 00:54:45.508 65727 INFO tempest.lib.common.rest_client [req-c756b4bd-3a5f-4086-b913-06cc2679ef03 req-c756b4bd-3a5f-4086-b913-06cc2679ef03 ] Request (VolumesAssistedSnapshotsTest:tearDownClass): 204 DELETE http://10.180.1.21/identity/v3/users/1495a4be4f3249bcbfff3010af85ae60 0.232s
2025-11-21 00:54:45.508 65727 INFO tempest.lib.common.dynamic_creds [-] Deleting project and security group for project: bbc800792f73499e9617937664f885b9
2025-11-21 00:54:45.530 65759 INFO tempest.lib.common.rest_client [req-fee82f57-8a90-4f07-a17f-46777c465257 req-fee82f57-8a90-4f07-a17f-46777c465257 ] Request (ServerMetadataNegativeTestJSON:test_metadata_items_limit): 403 POST http://10.180.1.21/compute/v2.1/servers/ccde109b-ece0-4229-aece-638ff454e09c/metadata 1.464s
2025-11-21 00:54:45.604 65759 INFO tempest.lib.common.rest_client [req-7e52b644-e2d0-4e8c-a66d-f8735978ccdd req-7e52b644-e2d0-4e8c-a66d-f8735978ccdd ] Request (ServerMetadataNegativeTestJSON:test_server_create_metadata_key_too_long): 201 POST http://10.180.1.21/identity/v3/auth/tokens 0.070s
2025-11-21 00:54:45.604 65759 INFO tempest.lib.common.fixed_network [-] (ServerMetadataNegativeTestJSON:test_server_create_metadata_key_too_long) Found network {'id': 'f7080032-6822-4c68-9990-5266d9f192bf', 'name': 'tempest-ServerMetadataNegativeTestJSON-2096091230-network', 'tenant_id': '04ca34a76b114754b9996badcab45ed6', 'project_id': '04ca34a76b114754b9996badcab45ed6', 'admin_state_up': True, 'mtu': 8950, 'status': 'ACTIVE', 'subnets': [], 'shared': False, 'port_security_enabled': True, 'router:external': False, 'provider:network_type': 'vlan', 'provider:physical_network': 'default', 'provider:segmentation_id': 460, 'availability_zone_hints': [], 'availability_zones': [], 'ipv4_address_scope': None, 'ipv6_address_scope': None, 'description': '', 'tags': [], 'created_at': '2025-11-21T00:53:34Z', 'updated_at': '2025-11-21T00:53:34Z', 'revision_number': 1} available for tenant
2025-11-21 00:54:45.641 65749 INFO tempest.lib.common.rest_client [req-0726e059-b734-4fba-9d92-38f1045cdd82 req-0726e059-b734-4fba-9d92-38f1045cdd82 ] Request (ServerActionsV293TestJSON:setUpClass): 201 POST http://10.180.1.21/networking/v2.0/routers 0.941s
2025-11-21 00:54:45.700 65727 INFO tempest.lib.common.rest_client [req-912908ae-77d8-4a17-9d2f-b1e69ced68b6 req-912908ae-77d8-4a17-9d2f-b1e69ced68b6 ] Request (VolumesAssistedSnapshotsTest:tearDownClass): 200 GET http://10.180.1.21/networking/v2.0/security-groups?tenant_id=bbc800792f73499e9617937664f885b9&name=default 0.192s
2025-11-21 00:54:45.713 65731 INFO tempest.lib.common.rest_client [req-56c5daa6-27ab-4c84-8d19-d9182ee69e48 req-56c5daa6-27ab-4c84-8d19-d9182ee69e48 ] Request (SecurityGroupsTestJSON:test_server_security_groups): 200 GET http://10.180.1.21/compute/v2.1/servers/e1c3ed71-c6c3-4783-8108-677f74c2bfe1 1.646s
2025-11-21 00:54:46.010 65781 WARNING tempest.lib.common.ssh [-] Failed to establish authenticated ssh connection to cirros@10.180.180.154 ([Errno None] Unable to connect to port 22 on 10.180.180.154). Number attempts: 2. Retry after 3 seconds.: paramiko.ssh_exception.NoValidConnectionsError: [Errno None] Unable to connect to port 22 on 10.180.180.154
2025-11-21 00:54:46.658 65749 INFO tempest.lib.common.rest_client [req-8f144a4e-bfb0-4970-915b-2a679aab7a6d req-8f144a4e-bfb0-4970-915b-2a679aab7a6d ] Request (ServerActionsV293TestJSON:setUpClass): 200 PUT http://10.180.1.21/networking/v2.0/routers/fc746c6a-85ed-42de-bc6c-abfdc794377a/add_router_interface 1.016s
2025-11-21 00:54:46.658 65749 INFO tempest.lib.common.dynamic_creds [-] Created isolated network resources for: credentials: Credentials: {'domain_id': 'default', 'domain_name': 'Default', 'username': 'tempest-ServerActionsV293TestJSON-282783485-project-member', 'project_domain_id': 'default', 'project_domain_name': 'Default', 'project_id': 'd91435b0f05a4ffba62df4ff5c4228a0', 'project_name': 'tempest-ServerActionsV293TestJSON-282783485', 'tenant_id': 'd91435b0f05a4ffba62df4ff5c4228a0', 'tenant_name': 'tempest-ServerActionsV293TestJSON-282783485', 'user_domain_id': 'default', 'user_domain_name': 'Default', 'user_id': 'f16a7904ab0047b1b6029bcf3bc2ab13', 'system': None}, Network: {'id': '197ba722-9c80-4495-a943-3efa1a40fd30', 'name': 'tempest-ServerActionsV293TestJSON-50453676-network', 'tenant_id': 'd91435b0f05a4ffba62df4ff5c4228a0', 'project_id': 'd91435b0f05a4ffba62df4ff5c4228a0', 'admin_state_up': True, 'mtu': 8950, 'status': 'ACTIVE', 'subnets': [], 'shared': False, 'port_security_enabled': True, 'router:external': False, 'provider:network_type': 'vlan', 'provider:physical_network': 'default', 'provider:segmentation_id': 849, 'availability_zone_hints': [], 'availability_zones': [], 'ipv4_address_scope': None, 'ipv6_address_scope': None, 'description': '', 'tags': [], 'created_at': '2025-11-21T00:54:44Z', 'updated_at': '2025-11-21T00:54:44Z', 'revision_number': 1}, Subnet: {'id': 'a83f7fb8-d60c-4483-8cee-2249fd0acf93', 'name': 'tempest-ServerActionsV293TestJSON-50453676-subnet', 'tenant_id': 'd91435b0f05a4ffba62df4ff5c4228a0', 'network_id': '197ba722-9c80-4495-a943-3efa1a40fd30', 'ip_version': 4, 'subnetpool_id': None, 'enable_dhcp': True, 'ipv6_ra_mode': None, 'ipv6_address_mode': None, 'gateway_ip': '192.168.128.1', 'cidr': '192.168.128.0/28', 'allocation_pools': [{'start': '192.168.128.2', 'end': '192.168.128.14'}], 'host_routes': [], 'dns_nameservers': [], 'description': '', 'router:external': False, 'service_types': [], 'tags': [], 'created_at': '2025-11-21T00:54:44Z', 'updated_at': '2025-11-21T00:54:44Z', 'revision_number': 0, 'project_id': 'd91435b0f05a4ffba62df4ff5c4228a0'}, Router: {'id': 'fc746c6a-85ed-42de-bc6c-abfdc794377a', 'name': 'tempest-ServerActionsV293TestJSON-50453676-router', 'tenant_id': 'd91435b0f05a4ffba62df4ff5c4228a0', 'admin_state_up': True, 'status': 'ACTIVE', 'external_gateway_info': {'network_id': '77c7a700-3fd8-43bb-b582-f4be7935ff88', 'external_fixed_ips': [{'subnet_id': '17947dde-4032-4cb1-83c7-548da57e50fc', 'ip_address': '10.180.180.209'}], 'enable_snat': True}, 'description': '', 'availability_zones': [], 'distributed': False, 'ha': False, 'availability_zone_hints': [], 'routes': [], 'flavor_id': None, 'tags': [], 'created_at': '2025-11-21T00:54:44Z', 'updated_at': '2025-11-21T00:54:45Z', 'revision_number': 2, 'project_id': 'd91435b0f05a4ffba62df4ff5c4228a0'}
2025-11-21 00:54:46.747 65749 INFO tempest.lib.common.rest_client [req-b18b10ab-3206-4792-bc2c-7247a76b840c req-b18b10ab-3206-4792-bc2c-7247a76b840c ] Request (ServerActionsV293TestJSON:setUpClass): 201 POST http://10.180.1.21/identity/v3/auth/tokens 0.086s
2025-11-21 00:54:46.768 65727 INFO tempest.lib.common.rest_client [req-67bad071-c3ea-4185-9110-cee7c4191abb req-67bad071-c3ea-4185-9110-cee7c4191abb ] Request (VolumesAssistedSnapshotsTest:tearDownClass): 204 DELETE http://10.180.1.21/networking/v2.0/security-groups/2b08dcd8-7643-47d4-9102-19e04df52d2c 1.067s
2025-11-21 00:54:46.905 65727 INFO tempest.lib.common.rest_client [req-03564822-b0e8-4f34-a142-666ad9d79c46 req-03564822-b0e8-4f34-a142-666ad9d79c46 ] Request (VolumesAssistedSnapshotsTest:tearDownClass): 204 DELETE http://10.180.1.21/identity/v3/projects/bbc800792f73499e9617937664f885b9 0.136s
2025-11-21 00:54:46.905 65727 INFO tempest.lib.common.dynamic_creds [-] Deleting project and security group for project: 31787c04e3614f15b3297a467e01cd7d
2025-11-21 00:54:46.919 65769 INFO tempest.lib.common.rest_client [req-2b90e866-4b95-49f8-b409-d716e158185e req-2b90e866-4b95-49f8-b409-d716e158185e ] Request (ServersAdminTestJSON:_run_cleanups): 200 GET http://10.180.1.21/compute/v2.1/servers/62726af4-7313-4703-82a2-ded84e9f2fcc 2.631s
2025-11-21 00:54:46.963 65727 INFO tempest.lib.common.rest_client [req-5d09cc22-c8ca-4a55-a539-a52c3c8dd90a req-5d09cc22-c8ca-4a55-a539-a52c3c8dd90a ] Request (VolumesAssistedSnapshotsTest:tearDownClass): 200 GET http://10.180.1.21/networking/v2.0/security-groups?tenant_id=31787c04e3614f15b3297a467e01cd7d&name=default 0.058s
2025-11-21 00:54:46.987 65751 INFO tempest.lib.common.rest_client [req-70aebad2-5d73-424c-9406-c72f9965ed83 req-70aebad2-5d73-424c-9406-c72f9965ed83 ] Request (ServersTestMultiNic:test_verify_multiple_nics_order): 200 GET http://10.180.1.21/compute/v2.1/servers/c57ae7a1-99c8-4a1f-9d2e-c18bd48e5def 2.682s
2025-11-21 00:54:47.070 65783 INFO tempest.lib.common.rest_client [req-08887d6a-361b-4967-8afe-900a50eb1fb3 req-08887d6a-361b-4967-8afe-900a50eb1fb3 ] Request (AttachInterfacesTestJSON:test_create_list_show_delete_interfaces_by_network_port): 202 POST http://10.180.1.21/compute/v2.1/servers 3.851s
2025-11-21 00:54:47.099 65727 INFO tempest.lib.common.rest_client [req-9cc9ec43-32f0-4c14-9ff7-71ea446e9c54 req-9cc9ec43-32f0-4c14-9ff7-71ea446e9c54 ] Request (VolumesAssistedSnapshotsTest:tearDownClass): 204 DELETE http://10.180.1.21/networking/v2.0/security-groups/7bb722bd-efd0-4369-9c84-87acb3031be7 0.135s
