2025-11-21 00:51:43.349 65757 INFO tempest.lib.common.rest_client [req-59a06746-3323-4bfb-9969-f97105324167 req-59a06746-3323-4bfb-9969-f97105324167 ] Request (FlavorsExtraSpecsTestJSON:test_flavor_non_admin_get_specific_key): 200 POST http://10.180.1.21/compute/v2.1/flavors/711523431/os-extra_specs 1.820s
2025-11-21 00:51:43.369 65755 INFO tempest.lib.common.rest_client [req-18b5eb89-4840-47e8-9175-08c24fdbc176 req-18b5eb89-4840-47e8-9175-08c24fdbc176 ] Request (FlavorMetadataValidation:tearDownClass): 204 DELETE http://10.180.1.21/identity/v3/projects/e9d45e41a4c34ccdb754e5ae312a6e29 0.160s
2025-11-21 00:51:43.369 65785 INFO tempest.lib.common.rest_client [req-c6f030e0-fa7b-4447-a58d-803a84ffead1 req-c6f030e0-fa7b-4447-a58d-803a84ffead1 ] Request (NetworksTest:tearDownClass): 204 DELETE http://10.180.1.21/networking/v2.0/security-groups/4e7bfcbd-cbaa-4291-adb4-14c9be3649d1 0.269s
2025-11-21 00:51:43.372 65777 INFO tempest.lib.common.rest_client [req-1b47fa7b-9caa-45fb-99bd-3426058f806b req-1b47fa7b-9caa-45fb-99bd-3426058f806b ] Request (ServicesAdminTestJSON:test_list_services): 200 GET http://10.180.1.21/compute/v2.1/os-services 1.828s
2025-11-21 00:51:43.390 65763 INFO tempest.lib.common.rest_client [req-c7409587-fc63-43b5-85ab-3a3668eed8d6 req-c7409587-fc63-43b5-85ab-3a3668eed8d6 ] Request (FlavorsAdminTestJSON:test_create_flavor_verify_entry_in_list_details): 200 POST http://10.180.1.21/compute/v2.1/flavors 1.747s
2025-11-21 00:51:43.458 65741 INFO tempest.lib.common.rest_client [req-6b70da5f-ca61-446e-b534-fcacf15282ec req-6b70da5f-ca61-446e-b534-fcacf15282ec ] Request (FlavorsAccessNegativeTestJSON:test_add_flavor_access_duplicate): 409 POST http://10.180.1.21/compute/v2.1/flavors/250733006/action 2.021s
2025-11-21 00:51:43.467 65755 INFO tempest.lib.common.rest_client [req-dcfb7530-b353-45a9-8e0f-433665f84b89 req-dcfb7530-b353-45a9-8e0f-433665f84b89 ] Request (HypervisorAdminNegativeTestJSON:setUpClass): 201 POST http://10.180.1.21/identity/v3/auth/tokens 0.095s
2025-11-21 00:51:43.469 65751 INFO tempest.lib.common.rest_client [req-b1633d10-d622-436e-b521-91474f376927 req-b1633d10-d622-436e-b521-91474f376927 ] Request (FlavorsV2TestJSON:test_list_flavors): 200 GET http://10.180.1.21/compute/v2.1/flavors/42 1.730s
2025-11-21 00:51:43.513 65785 INFO tempest.lib.common.rest_client [req-b7c5093f-08e5-47c2-baa7-70c8ecc5bf24 req-b7c5093f-08e5-47c2-baa7-70c8ecc5bf24 ] Request (NetworksTest:tearDownClass): 204 DELETE http://10.180.1.21/identity/v3/projects/04fa6b8af865419897b788e9611c0228 0.143s
2025-11-21 00:51:43.513 65785 INFO tempest.lib.common.dynamic_creds [-] Deleting project and security group for project: df3e699d77904ca2bcf742b6dabe4d12
2025-11-21 00:51:43.522 65725 INFO tempest.lib.common.rest_client [req-1d90c6df-3952-439c-94f1-70aa7b505303 req-1d90c6df-3952-439c-94f1-70aa7b505303 ] Request (QuotaClassesAdmin257Test:_run_cleanups): 200 PUT http://10.180.1.21/compute/v2.1/os-quota-class-sets/default 1.768s
2025-11-21 00:51:43.557 65777 INFO tempest.lib.common.rest_client [req-f38cb11f-c651-4f54-906e-4f7513f495bc req-f38cb11f-c651-4f54-906e-4f7513f495bc ] Request (ServicesAdminTestJSON:tearDownClass): 204 DELETE http://10.180.1.21/identity/v3/users/77b4c74479174f13b675694288a09436 0.180s
2025-11-21 00:51:43.569 65755 INFO tempest.lib.common.rest_client [req-ec552078-2bfa-4914-8c5b-00eba73355b4 req-ec552078-2bfa-4914-8c5b-00eba73355b4 ] Request (HypervisorAdminNegativeTestJSON:setUpClass): 201 POST http://10.180.1.21/identity/v3/auth/tokens 0.097s
2025-11-21 00:51:43.654 65725 INFO tempest.lib.common.rest_client [req-0b56c788-261d-4951-b875-9c876c867405 req-0b56c788-261d-4951-b875-9c876c867405 ] Request (QuotaClassesAdmin257Test:tearDownClass): 204 DELETE http://10.180.1.21/identity/v3/users/4f63c424c13b4672a779c120c482368e 0.129s
2025-11-21 00:51:43.664 65777 INFO tempest.lib.common.rest_client [req-ab72b42f-c672-456f-b81a-1ce057d34d41 req-ab72b42f-c672-456f-b81a-1ce057d34d41 ] Request (ServicesAdminTestJSON:tearDownClass): 204 DELETE http://10.180.1.21/identity/v3/users/a178a08a6d4b4c6b93b99219c1974f95 0.106s
2025-11-21 00:51:43.664 65777 INFO tempest.lib.common.dynamic_creds [-] Deleting project and security group for project: d388f20d560e45eca24a54f528809b4c
2025-11-21 00:51:43.755 65755 INFO tempest.lib.common.rest_client [req-ab42b8b3-c445-4bee-902f-7a1a1d0fc36a req-ab42b8b3-c445-4bee-902f-7a1a1d0fc36a ] Request (HypervisorAdminNegativeTestJSON:setUpClass): 200 GET http://10.180.1.21/identity/v3/domains?name=Default 0.185s
2025-11-21 00:51:43.764 65725 INFO tempest.lib.common.rest_client [req-10c9fbe6-09cb-4edd-9ef3-27c00cd0128b req-10c9fbe6-09cb-4edd-9ef3-27c00cd0128b ] Request (QuotaClassesAdmin257Test:tearDownClass): 204 DELETE http://10.180.1.21/identity/v3/users/5a76ecec1367404283b717d1d06759a4 0.110s
2025-11-21 00:51:43.765 65725 INFO tempest.lib.common.dynamic_creds [-] Deleting project and security group for project: 39ee84c3592d4b1f86f859351020142e
2025-11-21 00:51:43.809 65777 INFO tempest.lib.common.rest_client [req-0e99a7c0-e24a-43b1-95a8-55e7a81b3bca req-0e99a7c0-e24a-43b1-95a8-55e7a81b3bca ] Request (ServicesAdminTestJSON:tearDownClass): 201 POST http://10.180.1.21/identity/v3/auth/tokens 0.144s
2025-11-21 00:51:43.831 65725 INFO tempest.lib.common.rest_client [req-be08d78d-9f36-4cf4-8388-faee824ff095 req-be08d78d-9f36-4cf4-8388-faee824ff095 ] Request (QuotaClassesAdmin257Test:tearDownClass): 201 POST http://10.180.1.21/identity/v3/auth/tokens 0.066s
2025-11-21 00:51:43.832 65755 INFO tempest.lib.common.rest_client [req-e2fefec7-e78e-400e-8e0b-39ba7256aefb req-e2fefec7-e78e-400e-8e0b-39ba7256aefb ] Request (HypervisorAdminNegativeTestJSON:setUpClass): 201 POST http://10.180.1.21/identity/v3/projects 0.076s
2025-11-21 00:51:43.892 65755 INFO tempest.lib.common.rest_client [req-29e08165-69de-4a09-8f9c-63da4ae70938 req-29e08165-69de-4a09-8f9c-63da4ae70938 ] Request (HypervisorAdminNegativeTestJSON:setUpClass): 201 POST http://10.180.1.21/identity/v3/users 0.059s
2025-11-21 00:51:43.926 65755 INFO tempest.lib.common.rest_client [req-c7477e37-c0f4-4c2c-b7cf-c12641f5c8b4 req-c7477e37-c0f4-4c2c-b7cf-c12641f5c8b4 ] Request (HypervisorAdminNegativeTestJSON:setUpClass): 200 GET http://10.180.1.21/identity/v3/roles 0.034s
2025-11-21 00:51:43.971 65755 INFO tempest.lib.common.rest_client [req-e1b3ba09-9d51-4757-b9e5-0200c18e14b8 req-e1b3ba09-9d51-4757-b9e5-0200c18e14b8 ] Request (HypervisorAdminNegativeTestJSON:setUpClass): 204 PUT http://10.180.1.21/identity/v3/projects/c4caed192a914c999d5bcadccd03ad9f/users/0676efab62a84080941baa721a6c4432/roles/9de76072532944ecabe279c3c74acf84 0.044s
2025-11-21 00:51:43.971 65755 INFO tempest.lib.common.dynamic_creds [-] Dynamic test user 0676efab62a84080941baa721a6c4432 is created with scope project and roles: ['member']
2025-11-21 00:51:43.971 65755 INFO tempest.lib.common.dynamic_creds [-] Acquired dynamic creds: credentials: Credentials: {'domain_id': 'default', 'domain_name': 'Default', 'username': 'tempest-HypervisorAdminNegativeTestJSON-859642402-project-member', 'project_domain_id': 'default', 'project_domain_name': 'Default', 'project_id': 'c4caed192a914c999d5bcadccd03ad9f', 'project_name': 'tempest-HypervisorAdminNegativeTestJSON-859642402', 'tenant_id': 'c4caed192a914c999d5bcadccd03ad9f', 'tenant_name': 'tempest-HypervisorAdminNegativeTestJSON-859642402', 'user_domain_id': 'default', 'user_domain_name': 'Default', 'user_id': '0676efab62a84080941baa721a6c4432', 'system': None}, Network: None, Subnet: None, Router: None
2025-11-21 00:51:43.972 65755 INFO tempest.lib.common.dynamic_creds [-] Created isolated network resources for: credentials: Credentials: {'domain_id': 'default', 'domain_name': 'Default', 'username': 'tempest-HypervisorAdminNegativeTestJSON-859642402-project-member', 'project_domain_id': 'default', 'project_domain_name': 'Default', 'project_id': 'c4caed192a914c999d5bcadccd03ad9f', 'project_name': 'tempest-HypervisorAdminNegativeTestJSON-859642402', 'tenant_id': 'c4caed192a914c999d5bcadccd03ad9f', 'tenant_name': 'tempest-HypervisorAdminNegativeTestJSON-859642402', 'user_domain_id': 'default', 'user_domain_name': 'Default', 'user_id': '0676efab62a84080941baa721a6c4432', 'system': None}, Network: None, Subnet: None, Router: None
2025-11-21 00:51:44.052 65785 INFO tempest.lib.common.rest_client [req-ca24d82d-ebd4-4591-b56a-7cd02a03b87a req-ca24d82d-ebd4-4591-b56a-7cd02a03b87a ] Request (NetworksTest:tearDownClass): 200 GET http://10.180.1.21/networking/v2.0/security-groups?tenant_id=df3e699d77904ca2bcf742b6dabe4d12&name=default 0.539s
2025-11-21 00:51:44.094 65755 INFO tempest.lib.common.rest_client [req-f3a78796-6c2d-4e0c-8f27-576108f1df7f req-f3a78796-6c2d-4e0c-8f27-576108f1df7f ] Request (HypervisorAdminNegativeTestJSON:setUpClass): 201 POST http://10.180.1.21/identity/v3/auth/tokens 0.116s
2025-11-21 00:51:44.096 65733 INFO tempest.lib.common.rest_client [req-02ac743c-1b39-4cb0-9ad2-7d9e3596c055 req-02ac743c-1b39-4cb0-9ad2-7d9e3596c055 ] Request (MigrationsAdminTest:test_list_migrations_in_flavor_resize_situation): 200 GET http://10.180.1.21/compute/v2.1/servers/bfe5607b-5eed-43a2-ba29-b891c55bf1e5 2.358s
2025-11-21 00:51:44.103 65733 INFO tempest.common.waiters [-] State transition "BUILD/networking" ==> "BUILD/spawning" after 4 second wait
2025-11-21 00:51:44.115 65779 INFO tempest.lib.common.rest_client [req-8166243c-883e-401c-9506-a8cdb8cfea4d req-8166243c-883e-401c-9506-a8cdb8cfea4d ] Request (FloatingIPsNegativeTestJSON:test_delete_nonexistent_floating_ip): 404 DELETE http://10.180.1.21/compute/v2.1/os-floating-ips/0c20569a-7598-42e9-83a4-fe50888495b0 2.222s
2025-11-21 00:51:44.170 65755 INFO tempest.lib.common.rest_client [req-72cf4151-8267-4a76-860d-83a8fd80c0f6 req-72cf4151-8267-4a76-860d-83a8fd80c0f6 ] Request (HypervisorAdminNegativeTestJSON:setUpClass): 201 POST http://10.180.1.21/identity/v3/projects 0.076s
2025-11-21 00:51:44.319 65755 INFO tempest.lib.common.rest_client [req-adc95c55-6202-4cd4-9366-8dc815c5b40f req-adc95c55-6202-4cd4-9366-8dc815c5b40f ] Request (HypervisorAdminNegativeTestJSON:setUpClass): 201 POST http://10.180.1.21/identity/v3/users 0.148s
2025-11-21 00:51:44.330 65777 INFO tempest.lib.common.rest_client [req-292dcd6c-0d7e-43a8-8193-a004f3ae6c07 req-292dcd6c-0d7e-43a8-8193-a004f3ae6c07 ] Request (ServicesAdminTestJSON:tearDownClass): 200 GET http://10.180.1.21/networking/v2.0/security-groups?tenant_id=d388f20d560e45eca24a54f528809b4c&name=default 0.521s
2025-11-21 00:51:44.346 65755 INFO tempest.lib.common.rest_client [req-0f9e3c12-6c2d-452e-94d8-ee118a185349 req-0f9e3c12-6c2d-452e-94d8-ee118a185349 ] Request (HypervisorAdminNegativeTestJSON:setUpClass): 200 GET http://10.180.1.21/identity/v3/roles 0.026s
2025-11-21 00:51:44.359 65727 INFO tempest.lib.common.rest_client [req-acbfa58d-6dce-48be-9081-d8c7546309c6 req-acbfa58d-6dce-48be-9081-d8c7546309c6 ] Request (VolumesAssistedSnapshotsTest:test_volume_assisted_snapshot_create_delete): 200 POST http://10.180.1.21/compute/v2.1/os-keypairs 2.239s
2025-11-21 00:51:44.394 65755 INFO tempest.lib.common.rest_client [req-0ea8f63b-9ce9-453d-ad41-91f6e543d757 req-0ea8f63b-9ce9-453d-ad41-91f6e543d757 ] Request (HypervisorAdminNegativeTestJSON:setUpClass): 204 PUT http://10.180.1.21/identity/v3/projects/6878ef6e5cfe4e86a10a4072308569f3/users/e8dc4e90307e4b26b924e2ca10f4df1c/roles/aa05a70bda5540368ce178a8a295a23b 0.048s
2025-11-21 00:51:44.416 65725 INFO tempest.lib.common.rest_client [req-5f4af882-4dfa-4862-8c9f-9d4c0faee45c req-5f4af882-4dfa-4862-8c9f-9d4c0faee45c ] Request (QuotaClassesAdmin257Test:tearDownClass): 200 GET http://10.180.1.21/networking/v2.0/security-groups?tenant_id=39ee84c3592d4b1f86f859351020142e&name=default 0.585s
2025-11-21 00:51:44.434 65785 INFO tempest.lib.common.rest_client [req-a49adac7-5405-4c74-b2d1-20b762923d79 req-a49adac7-5405-4c74-b2d1-20b762923d79 ] Request (NetworksTest:tearDownClass): 204 DELETE http://10.180.1.21/networking/v2.0/security-groups/afd7c070-c94f-4f6b-9b7d-5045d3b71c37 0.381s
2025-11-21 00:51:44.471 65755 INFO tempest.lib.common.rest_client [req-3cdfc6ae-168f-4326-82da-59bd1bdeff0f req-3cdfc6ae-168f-4326-82da-59bd1bdeff0f ] Request (HypervisorAdminNegativeTestJSON:setUpClass): 200 GET http://10.180.1.21/identity/v3/roles 0.076s
2025-11-21 00:51:44.496 65755 INFO tempest.lib.common.rest_client [req-0aa3e432-3f6d-4936-8308-fc73a70b3331 req-0aa3e432-3f6d-4936-8308-fc73a70b3331 ] Request (HypervisorAdminNegativeTestJSON:setUpClass): 204 PUT http://10.180.1.21/identity/v3/projects/6878ef6e5cfe4e86a10a4072308569f3/users/e8dc4e90307e4b26b924e2ca10f4df1c/roles/aa05a70bda5540368ce178a8a295a23b 0.025s
2025-11-21 00:51:44.496 65755 INFO tempest.lib.common.dynamic_creds [-] Dynamic test user e8dc4e90307e4b26b924e2ca10f4df1c is created with scope project and roles: ['admin']
2025-11-21 00:51:44.496 65755 INFO tempest.lib.common.dynamic_creds [-] Acquired dynamic creds: credentials: Credentials: {'domain_id': 'default', 'domain_name': 'Default', 'username': 'tempest-HypervisorAdminNegativeTestJSON-1811403683-project-admin', 'project_domain_id': 'default', 'project_domain_name': 'Default', 'project_id': '6878ef6e5cfe4e86a10a4072308569f3', 'project_name': 'tempest-HypervisorAdminNegativeTestJSON-1811403683', 'tenant_id': '6878ef6e5cfe4e86a10a4072308569f3', 'tenant_name': 'tempest-HypervisorAdminNegativeTestJSON-1811403683', 'user_domain_id': 'default', 'user_domain_name': 'Default', 'user_id': 'e8dc4e90307e4b26b924e2ca10f4df1c', 'system': None}, Network: None, Subnet: None, Router: None
2025-11-21 00:51:44.497 65755 INFO tempest.lib.common.dynamic_creds [-] Created isolated network resources for: credentials: Credentials: {'domain_id': 'default', 'domain_name': 'Default', 'username': 'tempest-HypervisorAdminNegativeTestJSON-1811403683-project-admin', 'project_domain_id': 'default', 'project_domain_name': 'Default', 'project_id': '6878ef6e5cfe4e86a10a4072308569f3', 'project_name': 'tempest-HypervisorAdminNegativeTestJSON-1811403683', 'tenant_id': '6878ef6e5cfe4e86a10a4072308569f3', 'tenant_name': 'tempest-HypervisorAdminNegativeTestJSON-1811403683', 'user_domain_id': 'default', 'user_domain_name': 'Default', 'user_id': 'e8dc4e90307e4b26b924e2ca10f4df1c', 'system': None}, Network: None, Subnet: None, Router: None
2025-11-21 00:51:44.583 65785 INFO tempest.lib.common.rest_client [req-8aa9a552-e9bb-41ff-9e77-129e16ba0100 req-8aa9a552-e9bb-41ff-9e77-129e16ba0100 ] Request (NetworksTest:tearDownClass): 204 DELETE http://10.180.1.21/identity/v3/projects/df3e699d77904ca2bcf742b6dabe4d12 0.149s
2025-11-21 00:51:44.598 65755 INFO tempest.lib.common.rest_client [req-f70895d7-a23d-407a-a715-97913adb717a req-f70895d7-a23d-407a-a715-97913adb717a ] Request (HypervisorAdminNegativeTestJSON:setUpClass): 201 POST http://10.180.1.21/identity/v3/auth/tokens 0.099s
2025-11-21 00:51:44.651 65785 INFO tempest.lib.common.rest_client [req-c0ddc92b-48fe-4a26-93e2-9b41e98a8fa2 req-c0ddc92b-48fe-4a26-93e2-9b41e98a8fa2 ] Request (QuotasAdminNegativeTest:setUpClass): 201 POST http://10.180.1.21/identity/v3/auth/tokens 0.066s
2025-11-21 00:51:44.682 65785 INFO tempest.lib.common.rest_client [req-a35f9616-33d6-4d12-91a6-6a2ff410e717 req-a35f9616-33d6-4d12-91a6-6a2ff410e717 ] Request (QuotasAdminNegativeTest:setUpClass): 201 POST http://10.180.1.21/identity/v3/auth/tokens 0.027s
2025-11-21 00:51:44.705 65785 INFO tempest.lib.common.rest_client [req-b5e010f4-c7be-43da-b525-7404a3d47ff6 req-b5e010f4-c7be-43da-b525-7404a3d47ff6 ] Request (QuotasAdminNegativeTest:setUpClass): 200 GET http://10.180.1.21/identity/v3/domains?name=Default 0.022s
2025-11-21 00:51:44.733 65785 INFO tempest.lib.common.rest_client [req-c5afd4ab-d8a2-4444-8a4d-94dcb4798437 req-c5afd4ab-d8a2-4444-8a4d-94dcb4798437 ] Request (QuotasAdminNegativeTest:setUpClass): 201 POST http://10.180.1.21/identity/v3/projects 0.027s
2025-11-21 00:51:44.791 65785 INFO tempest.lib.common.rest_client [req-56be8ab6-7e88-42e8-80c2-04637765ac1f req-56be8ab6-7e88-42e8-80c2-04637765ac1f ] Request (QuotasAdminNegativeTest:setUpClass): 201 POST http://10.180.1.21/identity/v3/users 0.058s
2025-11-21 00:51:44.811 65785 INFO tempest.lib.common.rest_client [req-54db2a8e-e12a-458a-a47a-54e8b775fd80 req-54db2a8e-e12a-458a-a47a-54e8b775fd80 ] Request (QuotasAdminNegativeTest:setUpClass): 200 GET http://10.180.1.21/identity/v3/roles 0.019s
2025-11-21 00:51:44.836 65785 INFO tempest.lib.common.rest_client [req-d09108b1-7bf3-41d9-a5c9-354b5119f7fa req-d09108b1-7bf3-41d9-a5c9-354b5119f7fa ] Request (QuotasAdminNegativeTest:setUpClass): 204 PUT http://10.180.1.21/identity/v3/projects/8b52ac87c5f24ad3a893993010d24730/users/544794f8ca2343db9ace0d0e80c0e7a2/roles/9de76072532944ecabe279c3c74acf84 0.025s
2025-11-21 00:51:44.836 65785 INFO tempest.lib.common.dynamic_creds [-] Dynamic test user 544794f8ca2343db9ace0d0e80c0e7a2 is created with scope project and roles: ['member']
2025-11-21 00:51:44.837 65785 INFO tempest.lib.common.dynamic_creds [-] Acquired dynamic creds: credentials: Credentials: {'domain_id': 'default', 'domain_name': 'Default', 'username': 'tempest-QuotasAdminNegativeTest-152061507-project-member', 'project_domain_id': 'default', 'project_domain_name': 'Default', 'project_id': '8b52ac87c5f24ad3a893993010d24730', 'project_name': 'tempest-QuotasAdminNegativeTest-152061507', 'tenant_id': '8b52ac87c5f24ad3a893993010d24730', 'tenant_name': 'tempest-QuotasAdminNegativeTest-152061507', 'user_domain_id': 'default', 'user_domain_name': 'Default', 'user_id': '544794f8ca2343db9ace0d0e80c0e7a2', 'system': None}, Network: None, Subnet: None, Router: None
2025-11-21 00:51:44.837 65785 INFO tempest.lib.common.dynamic_creds [-] Created isolated network resources for: credentials: Credentials: {'domain_id': 'default', 'domain_name': 'Default', 'username': 'tempest-QuotasAdminNegativeTest-152061507-project-member', 'project_domain_id': 'default', 'project_domain_name': 'Default', 'project_id': '8b52ac87c5f24ad3a893993010d24730', 'project_name': 'tempest-QuotasAdminNegativeTest-152061507', 'tenant_id': '8b52ac87c5f24ad3a893993010d24730', 'tenant_name': 'tempest-QuotasAdminNegativeTest-152061507', 'user_domain_id': 'default', 'user_domain_name': 'Default', 'user_id': '544794f8ca2343db9ace0d0e80c0e7a2', 'system': None}, Network: None, Subnet: None, Router: None
2025-11-21 00:51:44.895 65785 INFO tempest.lib.common.rest_client [req-20744fcd-3dce-4083-b2d0-22c38542a45f req-20744fcd-3dce-4083-b2d0-22c38542a45f ] Request (QuotasAdminNegativeTest:setUpClass): 201 POST http://10.180.1.21/identity/v3/auth/tokens 0.055s
2025-11-21 00:51:44.948 65785 INFO tempest.lib.common.rest_client [req-ba56eadc-2aa2-48e5-b892-00a7974ba6db req-ba56eadc-2aa2-48e5-b892-00a7974ba6db ] Request (QuotasAdminNegativeTest:setUpClass): 201 POST http://10.180.1.21/identity/v3/projects 0.052s
2025-11-21 00:51:45.002 65785 INFO tempest.lib.common.rest_client [req-2635ca98-55bc-481c-9297-268d1e081011 req-2635ca98-55bc-481c-9297-268d1e081011 ] Request (QuotasAdminNegativeTest:setUpClass): 201 POST http://10.180.1.21/identity/v3/users 0.054s
2025-11-21 00:51:45.021 65785 INFO tempest.lib.common.rest_client [req-68dc25e0-ba42-4e70-bd03-8aa80d87a49b req-68dc25e0-ba42-4e70-bd03-8aa80d87a49b ] Request (QuotasAdminNegativeTest:setUpClass): 200 GET http://10.180.1.21/identity/v3/roles 0.018s
2025-11-21 00:51:45.055 65785 INFO tempest.lib.common.rest_client [req-d83eb0bc-6f12-4c33-89e6-27bd95857b4c req-d83eb0bc-6f12-4c33-89e6-27bd95857b4c ] Request (QuotasAdminNegativeTest:setUpClass): 204 PUT http://10.180.1.21/identity/v3/projects/952a569641974b9783ba5f195ed5ec0a/users/9972d42f17a4405a8328687697bb065a/roles/aa05a70bda5540368ce178a8a295a23b 0.033s
2025-11-21 00:51:45.119 65785 INFO tempest.lib.common.rest_client [req-546ef645-2ba9-487b-b464-541b7583f69f req-546ef645-2ba9-487b-b464-541b7583f69f ] Request (QuotasAdminNegativeTest:setUpClass): 200 GET http://10.180.1.21/identity/v3/roles 0.063s
2025-11-21 00:51:45.138 65785 INFO tempest.lib.common.rest_client [req-a7030d68-a2ef-47e4-95dc-b05a61a35485 req-a7030d68-a2ef-47e4-95dc-b05a61a35485 ] Request (QuotasAdminNegativeTest:setUpClass): 204 PUT http://10.180.1.21/identity/v3/projects/952a569641974b9783ba5f195ed5ec0a/users/9972d42f17a4405a8328687697bb065a/roles/aa05a70bda5540368ce178a8a295a23b 0.019s
2025-11-21 00:51:45.138 65785 INFO tempest.lib.common.dynamic_creds [-] Dynamic test user 9972d42f17a4405a8328687697bb065a is created with scope project and roles: ['admin']
2025-11-21 00:51:45.138 65785 INFO tempest.lib.common.dynamic_creds [-] Acquired dynamic creds: credentials: Credentials: {'domain_id': 'default', 'domain_name': 'Default', 'username': 'tempest-QuotasAdminNegativeTest-455917054-project-admin', 'project_domain_id': 'default', 'project_domain_name': 'Default', 'project_id': '952a569641974b9783ba5f195ed5ec0a', 'project_name': 'tempest-QuotasAdminNegativeTest-455917054', 'tenant_id': '952a569641974b9783ba5f195ed5ec0a', 'tenant_name': 'tempest-QuotasAdminNegativeTest-455917054', 'user_domain_id': 'default', 'user_domain_name': 'Default', 'user_id': '9972d42f17a4405a8328687697bb065a', 'system': None}, Network: None, Subnet: None, Router: None
2025-11-21 00:51:45.138 65785 INFO tempest.lib.common.dynamic_creds [-] Created isolated network resources for: credentials: Credentials: {'domain_id': 'default', 'domain_name': 'Default', 'username': 'tempest-QuotasAdminNegativeTest-455917054-project-admin', 'project_domain_id': 'default', 'project_domain_name': 'Default', 'project_id': '952a569641974b9783ba5f195ed5ec0a', 'project_name': 'tempest-QuotasAdminNegativeTest-455917054', 'tenant_id': '952a569641974b9783ba5f195ed5ec0a', 'tenant_name': 'tempest-QuotasAdminNegativeTest-455917054', 'user_domain_id': 'default', 'user_domain_name': 'Default', 'user_id': '9972d42f17a4405a8328687697bb065a', 'system': None}, Network: None, Subnet: None, Router: None
2025-11-21 00:51:45.217 65785 INFO tempest.lib.common.rest_client [req-46f03f7a-f77b-4df6-bd08-51bfdee0ebc9 req-46f03f7a-f77b-4df6-bd08-51bfdee0ebc9 ] Request (QuotasAdminNegativeTest:setUpClass): 201 POST http://10.180.1.21/identity/v3/auth/tokens 0.076s
2025-11-21 00:51:45.218 65785 WARNING tempest.lib.common.rest_client [-] Deprecated: "tenant_id" property is deprecated for removal, use "project_id" instead
2025-11-21 00:51:45.560 65779 INFO tempest.lib.common.rest_client [req-51c7231a-54c4-4f35-a251-950a5320324b req-51c7231a-54c4-4f35-a251-950a5320324b ] Request (FloatingIPsNegativeTestJSON:tearDownClass): 200 PUT http://10.180.1.21/networking/v2.0/routers/24fec510-432d-4d93-a0a8-6aae0ef87f89/remove_router_interface 1.443s
2025-11-21 00:51:45.585 65739 INFO tempest.lib.common.rest_client [req-44fee197-c29f-4780-aaa9-ba4232a90af2 req-44fee197-c29f-4780-aaa9-ba4232a90af2 ] Request (ServerDiagnosticsTest:test_get_server_diagnostics): 200 GET http://10.180.1.21/compute/v2.1/servers/271d9219-c81e-4b97-a2b8-889105472a77 3.454s
2025-11-21 00:51:45.618 65771 INFO tempest.lib.common.rest_client [req-3e867f17-4e11-4e78-8335-8f070dcdc6ec req-3e867f17-4e11-4e78-8335-8f070dcdc6ec ] Request (KeyPairsV210TestJSON:test_admin_manage_keypairs_for_other_users): 201 POST http://10.180.1.21/compute/v2.1/os-keypairs 3.194s
2025-11-21 00:51:45.651 65777 INFO tempest.lib.common.rest_client [req-b025d57f-9c3a-4ceb-ab84-10862ac33c1b req-b025d57f-9c3a-4ceb-ab84-10862ac33c1b ] Request (ServicesAdminTestJSON:tearDownClass): 204 DELETE http://10.180.1.21/networking/v2.0/security-groups/cc16e032-2c3e-4cf5-b914-d624aed2c5cc 1.320s
2025-11-21 00:51:45.760 65727 INFO tempest.lib.common.rest_client [req-d45a8929-3bb4-4dc1-83c7-64e2b349b3c1 req-d45a8929-3bb4-4dc1-83c7-64e2b349b3c1 ] Request (VolumesAssistedSnapshotsTest:test_volume_assisted_snapshot_create_delete): 201 POST http://10.180.1.21/networking/v2.0/security-groups 1.399s
2025-11-21 00:51:45.809 65777 INFO tempest.lib.common.rest_client [req-0747611b-27d9-45fb-b80d-918edcea98e9 req-0747611b-27d9-45fb-b80d-918edcea98e9 ] Request (ServicesAdminTestJSON:tearDownClass): 204 DELETE http://10.180.1.21/identity/v3/projects/d388f20d560e45eca24a54f528809b4c 0.157s
2025-11-21 00:51:45.809 65777 INFO tempest.lib.common.dynamic_creds [-] Deleting project and security group for project: 5643b777b1224d70b54c1420a252737d
2025-11-21 00:51:45.873 65725 INFO tempest.lib.common.rest_client [req-06623452-cf27-44e7-80c1-8b6d307afccf req-06623452-cf27-44e7-80c1-8b6d307afccf ] Request (QuotaClassesAdmin257Test:tearDownClass): 204 DELETE http://10.180.1.21/networking/v2.0/security-groups/fda3f525-ff5c-4740-8e9b-ea12b52760ae 1.456s
2025-11-21 00:51:45.972 65725 INFO tempest.lib.common.rest_client [req-23997d73-1483-460d-be1f-6037047e8818 req-23997d73-1483-460d-be1f-6037047e8818 ] Request (QuotaClassesAdmin257Test:tearDownClass): 204 DELETE http://10.180.1.21/identity/v3/projects/39ee84c3592d4b1f86f859351020142e 0.098s
2025-11-21 00:51:45.972 65725 INFO tempest.lib.common.dynamic_creds [-] Deleting project and security group for project: dc905bd35e5042d89ac8ae1ab80a4021
2025-11-21 00:51:46.324 65727 INFO tempest.lib.common.rest_client [req-e214e257-3095-48e3-94a6-b13359c1ba44 req-e214e257-3095-48e3-94a6-b13359c1ba44 ] Request (VolumesAssistedSnapshotsTest:test_volume_assisted_snapshot_create_delete): 201 POST http://10.180.1.21/networking/v2.0/security-group-rules 0.563s
2025-11-21 00:51:46.367 65747 INFO tempest.lib.common.rest_client [req-c662b22d-c509-4454-9c17-14b935a9fdd1 req-c662b22d-c509-4454-9c17-14b935a9fdd1 ] Request (ServersAdminNegativeTestJSON:setUpClass): 200 GET http://10.180.1.21/compute/v2.1/servers/7adcda3d-a204-48bc-a38c-d5921202d880 4.175s
2025-11-21 00:51:46.378 65747 INFO tempest.common.waiters [-] State transition "BUILD/None" ==> "BUILD/spawning" after 5 second wait
2025-11-21 00:51:46.404 65779 INFO tempest.lib.common.rest_client [req-b16adc2a-1ec0-4dd9-9a16-8d8355f2b085 req-b16adc2a-1ec0-4dd9-9a16-8d8355f2b085 ] Request (FloatingIPsNegativeTestJSON:tearDownClass): 204 DELETE http://10.180.1.21/networking/v2.0/routers/24fec510-432d-4d93-a0a8-6aae0ef87f89 0.843s
2025-11-21 00:51:46.456 65777 INFO tempest.lib.common.rest_client [req-ff0faea7-6284-4556-a200-b9617491bf5b req-ff0faea7-6284-4556-a200-b9617491bf5b ] Request (ServicesAdminTestJSON:tearDownClass): 200 GET http://10.180.1.21/networking/v2.0/security-groups?tenant_id=5643b777b1224d70b54c1420a252737d&name=default 0.647s
2025-11-21 00:51:46.566 65725 INFO tempest.lib.common.rest_client [req-12731959-5dc0-4ba5-a6fb-d19da7d058ae req-12731959-5dc0-4ba5-a6fb-d19da7d058ae ] Request (QuotaClassesAdmin257Test:tearDownClass): 200 GET http://10.180.1.21/networking/v2.0/security-groups?tenant_id=dc905bd35e5042d89ac8ae1ab80a4021&name=default 0.594s
2025-11-21 00:51:46.599 65775 INFO tempest.lib.common.rest_client [req-c620e339-07b5-4695-97f4-562f3b3c4432 req-c620e339-07b5-4695-97f4-562f3b3c4432 ] Request (DeleteServersAdminTestJSON:test_admin_delete_servers_of_others): 200 GET http://10.180.1.21/compute/v2.1/servers/79edcd9f-5e4c-4b25-b40e-2796957ba92a 3.984s
2025-11-21 00:51:46.607 65727 INFO tempest.lib.common.rest_client [req-f26ca81a-532d-45ac-be1e-77389dbeb1da req-f26ca81a-532d-45ac-be1e-77389dbeb1da ] Request (VolumesAssistedSnapshotsTest:test_volume_assisted_snapshot_create_delete): 201 POST http://10.180.1.21/networking/v2.0/security-group-rules 0.283s
2025-11-21 00:51:46.639 65783 INFO tempest.lib.common.rest_client [req-5000725e-3387-4d60-81ca-d5d74b0dcc61 req-5000725e-3387-4d60-81ca-d5d74b0dcc61 ] Request (HypervisorAdminTestJSON:test_get_hypervisor_show_details): 200 GET http://10.180.1.21/compute/v2.1/os-hypervisors/1 4.014s
2025-11-21 00:51:46.655 65731 INFO tempest.lib.common.rest_client [req-fe246198-2796-4885-81e8-8233779d27d0 req-fe246198-2796-4885-81e8-8233779d27d0 ] Request (HostsAdminNegativeTestJSON:test_reboot_nonexistent_host): 404 GET http://10.180.1.21/compute/v2.1/os-hosts/nonexistent_hostname/reboot 4.026s
2025-11-21 00:51:46.726 65777 INFO tempest.lib.common.rest_client [req-c455ec66-a2c9-4eb9-90ce-c86b6a6c24a5 req-c455ec66-a2c9-4eb9-90ce-c86b6a6c24a5 ] Request (ServicesAdminTestJSON:tearDownClass): 204 DELETE http://10.180.1.21/networking/v2.0/security-groups/579b3dfa-3264-4ae7-aa7a-304dd3d75154 0.269s
2025-11-21 00:51:46.749 65779 INFO tempest.lib.common.rest_client [req-fc2b3691-9745-4138-81b4-f14fb0cee60c req-fc2b3691-9745-4138-81b4-f14fb0cee60c ] Request (FloatingIPsNegativeTestJSON:tearDownClass): 204 DELETE http://10.180.1.21/networking/v2.0/subnets/8926878a-e4b5-4301-8860-546757ab5c94 0.345s
2025-11-21 00:51:46.789 65761 INFO tempest.lib.common.rest_client [req-46c2fc1a-6552-447f-b77b-d76eda23fece req-46c2fc1a-6552-447f-b77b-d76eda23fece ] Request (SecurityGroupsNegativeTestJSON:test_delete_the_default_security_group): 200 GET http://10.180.1.21/compute/v2.1/os-security-groups 4.362s
2025-11-21 00:51:46.861 65777 INFO tempest.lib.common.rest_client [req-a8c3cbb3-2f0b-43ba-8549-0d4685ad5f10 req-a8c3cbb3-2f0b-43ba-8549-0d4685ad5f10 ] Request (ServicesAdminTestJSON:tearDownClass): 204 DELETE http://10.180.1.21/identity/v3/projects/5643b777b1224d70b54c1420a252737d 0.135s
2025-11-21 00:51:46.861 65725 INFO tempest.lib.common.rest_client [req-2b4df41b-60e5-44a0-9fff-6a9b947c864a req-2b4df41b-60e5-44a0-9fff-6a9b947c864a ] Request (QuotaClassesAdmin257Test:tearDownClass): 204 DELETE http://10.180.1.21/networking/v2.0/security-groups/0d4d53d2-43a6-466d-a69b-dd139128a17d 0.295s
2025-11-21 00:51:46.919 65777 INFO tempest.lib.common.rest_client [req-acdf2f0d-56ec-4745-9857-8a3dd9bb2af4 req-acdf2f0d-56ec-4745-9857-8a3dd9bb2af4 ] Request (KeyPairsV2TestJSON:setUpClass): 201 POST http://10.180.1.21/identity/v3/auth/tokens 0.056s
2025-11-21 00:51:46.954 65725 INFO tempest.lib.common.rest_client [req-d48b0191-4f40-49a2-9731-d17c3ca71121 req-d48b0191-4f40-49a2-9731-d17c3ca71121 ] Request (QuotaClassesAdmin257Test:tearDownClass): 204 DELETE http://10.180.1.21/identity/v3/projects/dc905bd35e5042d89ac8ae1ab80a4021 0.092s
2025-11-21 00:51:46.975 65777 INFO tempest.lib.common.rest_client [req-9259ddb4-8960-48ac-a556-a79c89024b96 req-9259ddb4-8960-48ac-a556-a79c89024b96 ] Request (KeyPairsV2TestJSON:setUpClass): 201 POST http://10.180.1.21/identity/v3/auth/tokens 0.053s
2025-11-21 00:51:46.981 65725 INFO tempest.lib.common.rest_client [req-ae5a7d45-a71b-4cb0-a44b-da60ff738820 req-ae5a7d45-a71b-4cb0-a44b-da60ff738820 ] Request (QuotaClassesAdminTestJSON:setUpClass): 201 POST http://10.180.1.21/identity/v3/auth/tokens 0.025s
2025-11-21 00:51:47.000 65777 INFO tempest.lib.common.rest_client [req-b3511807-7d1f-490e-b94e-c6881762df6d req-b3511807-7d1f-490e-b94e-c6881762df6d ] Request (KeyPairsV2TestJSON:setUpClass): 200 GET http://10.180.1.21/identity/v3/domains?name=Default 0.024s
2025-11-21 00:51:47.009 65725 INFO tempest.lib.common.rest_client [req-f75e1fd4-edce-4195-92b0-55c492039b3b req-f75e1fd4-edce-4195-92b0-55c492039b3b ] Request (QuotaClassesAdminTestJSON:setUpClass): 201 POST http://10.180.1.21/identity/v3/auth/tokens 0.025s
2025-11-21 00:51:47.027 65777 INFO tempest.lib.common.rest_client [req-abcfe979-3249-4562-9484-82d5f8d717ed req-abcfe979-3249-4562-9484-82d5f8d717ed ] Request (KeyPairsV2TestJSON:setUpClass): 201 POST http://10.180.1.21/identity/v3/projects 0.027s
2025-11-21 00:51:47.033 65725 INFO tempest.lib.common.rest_client [req-985523e2-7d61-494a-a19e-8f859518bef1 req-985523e2-7d61-494a-a19e-8f859518bef1 ] Request (QuotaClassesAdminTestJSON:setUpClass): 200 GET http://10.180.1.21/identity/v3/domains?name=Default 0.023s
2025-11-21 00:51:47.086 65777 INFO tempest.lib.common.rest_client [req-3d32a5dc-1e7b-4acb-bdf3-7ce36972f4d6 req-3d32a5dc-1e7b-4acb-bdf3-7ce36972f4d6 ] Request (KeyPairsV2TestJSON:setUpClass): 201 POST http://10.180.1.21/identity/v3/users 0.058s
2025-11-21 00:51:47.101 65725 INFO tempest.lib.common.rest_client [req-fb484cc3-bfb0-4a91-8996-0ceed9302cba req-fb484cc3-bfb0-4a91-8996-0ceed9302cba ] Request (QuotaClassesAdminTestJSON:setUpClass): 201 POST http://10.180.1.21/identity/v3/projects 0.067s
2025-11-21 00:51:47.107 65777 INFO tempest.lib.common.rest_client [req-b413df13-dea6-4b48-8c86-3c7f709a093c req-b413df13-dea6-4b48-8c86-3c7f709a093c ] Request (KeyPairsV2TestJSON:setUpClass): 200 GET http://10.180.1.21/identity/v3/roles 0.021s
2025-11-21 00:51:47.156 65725 INFO tempest.lib.common.rest_client [req-7ea70cc6-1053-45eb-a3a3-a624d6e4e9d6 req-7ea70cc6-1053-45eb-a3a3-a624d6e4e9d6 ] Request (QuotaClassesAdminTestJSON:setUpClass): 201 POST http://10.180.1.21/identity/v3/users 0.054s
2025-11-21 00:51:47.164 65777 INFO tempest.lib.common.rest_client [req-70ca6949-ea59-4a95-bb7f-b785a61fd180 req-70ca6949-ea59-4a95-bb7f-b785a61fd180 ] Request (KeyPairsV2TestJSON:setUpClass): 204 PUT http://10.180.1.21/identity/v3/projects/7979cc1e26d744feafba3daa4599b9c2/users/51f88aba9a91436eb6ce7e8fc26aed2a/roles/9de76072532944ecabe279c3c74acf84 0.056s
2025-11-21 00:51:47.164 65777 INFO tempest.lib.common.dynamic_creds [-] Dynamic test user 51f88aba9a91436eb6ce7e8fc26aed2a is created with scope project and roles: ['member']
2025-11-21 00:51:47.165 65777 INFO tempest.lib.common.dynamic_creds [-] Acquired dynamic creds: credentials: Credentials: {'domain_id': 'default', 'domain_name': 'Default', 'username': 'tempest-KeyPairsV2TestJSON-1943386770-project-member', 'project_domain_id': 'default', 'project_domain_name': 'Default', 'project_id': '7979cc1e26d744feafba3daa4599b9c2', 'project_name': 'tempest-KeyPairsV2TestJSON-1943386770', 'tenant_id': '7979cc1e26d744feafba3daa4599b9c2', 'tenant_name': 'tempest-KeyPairsV2TestJSON-1943386770', 'user_domain_id': 'default', 'user_domain_name': 'Default', 'user_id': '51f88aba9a91436eb6ce7e8fc26aed2a', 'system': None}, Network: None, Subnet: None, Router: None
2025-11-21 00:51:47.165 65777 INFO tempest.lib.common.dynamic_creds [-] Created isolated network resources for: credentials: Credentials: {'domain_id': 'default', 'domain_name': 'Default', 'username': 'tempest-KeyPairsV2TestJSON-1943386770-project-member', 'project_domain_id': 'default', 'project_domain_name': 'Default', 'project_id': '7979cc1e26d744feafba3daa4599b9c2', 'project_name': 'tempest-KeyPairsV2TestJSON-1943386770', 'tenant_id': '7979cc1e26d744feafba3daa4599b9c2', 'tenant_name': 'tempest-KeyPairsV2TestJSON-1943386770', 'user_domain_id': 'default', 'user_domain_name': 'Default', 'user_id': '51f88aba9a91436eb6ce7e8fc26aed2a', 'system': None}, Network: None, Subnet: None, Router: None
2025-11-21 00:51:47.223 65725 INFO tempest.lib.common.rest_client [req-2a3022ec-d92a-4abe-8c1c-9ec73510aefa req-2a3022ec-d92a-4abe-8c1c-9ec73510aefa ] Request (QuotaClassesAdminTestJSON:setUpClass): 200 GET http://10.180.1.21/identity/v3/roles 0.066s
2025-11-21 00:51:47.262 65777 INFO tempest.lib.common.rest_client [req-69aa749f-06e2-4d6b-9ec0-e0f8ad919a11 req-69aa749f-06e2-4d6b-9ec0-e0f8ad919a11 ] Request (KeyPairsV2TestJSON:setUpClass): 201 POST http://10.180.1.21/identity/v3/auth/tokens 0.094s
2025-11-21 00:51:47.265 65725 INFO tempest.lib.common.rest_client [req-67192d27-7f1f-48f5-80fd-cacdec2b8aaf req-67192d27-7f1f-48f5-80fd-cacdec2b8aaf ] Request (QuotaClassesAdminTestJSON:setUpClass): 204 PUT http://10.180.1.21/identity/v3/projects/4143550d14904fad8e92213c9a4da10f/users/3997f17a468e40dcb709cbce8823bb85/roles/9de76072532944ecabe279c3c74acf84 0.042s
2025-11-21 00:51:47.266 65725 INFO tempest.lib.common.dynamic_creds [-] Dynamic test user 3997f17a468e40dcb709cbce8823bb85 is created with scope project and roles: ['member']
2025-11-21 00:51:47.266 65725 INFO tempest.lib.common.dynamic_creds [-] Acquired dynamic creds: credentials: Credentials: {'domain_id': 'default', 'domain_name': 'Default', 'username': 'tempest-QuotaClassesAdminTestJSON-1793335824-project-member', 'project_domain_id': 'default', 'project_domain_name': 'Default', 'project_id': '4143550d14904fad8e92213c9a4da10f', 'project_name': 'tempest-QuotaClassesAdminTestJSON-1793335824', 'tenant_id': '4143550d14904fad8e92213c9a4da10f', 'tenant_name': 'tempest-QuotaClassesAdminTestJSON-1793335824', 'user_domain_id': 'default', 'user_domain_name': 'Default', 'user_id': '3997f17a468e40dcb709cbce8823bb85', 'system': None}, Network: None, Subnet: None, Router: None
2025-11-21 00:51:47.266 65725 INFO tempest.lib.common.dynamic_creds [-] Created isolated network resources for: credentials: Credentials: {'domain_id': 'default', 'domain_name': 'Default', 'username': 'tempest-QuotaClassesAdminTestJSON-1793335824-project-member', 'project_domain_id': 'default', 'project_domain_name': 'Default', 'project_id': '4143550d14904fad8e92213c9a4da10f', 'project_name': 'tempest-QuotaClassesAdminTestJSON-1793335824', 'tenant_id': '4143550d14904fad8e92213c9a4da10f', 'tenant_name': 'tempest-QuotaClassesAdminTestJSON-1793335824', 'user_domain_id': 'default', 'user_domain_name': 'Default', 'user_id': '3997f17a468e40dcb709cbce8823bb85', 'system': None}, Network: None, Subnet: None, Router: None
2025-11-21 00:51:47.357 65725 INFO tempest.lib.common.rest_client [req-4d6cfd54-0082-478d-8fc7-332300f7070d req-4d6cfd54-0082-478d-8fc7-332300f7070d ] Request (QuotaClassesAdminTestJSON:setUpClass): 201 POST http://10.180.1.21/identity/v3/auth/tokens 0.085s
2025-11-21 00:51:47.432 65725 INFO tempest.lib.common.rest_client [req-85887775-590b-4c95-9d34-8db3b67aef51 req-85887775-590b-4c95-9d34-8db3b67aef51 ] Request (QuotaClassesAdminTestJSON:setUpClass): 201 POST http://10.180.1.21/identity/v3/projects 0.075s
2025-11-21 00:51:47.527 65725 INFO tempest.lib.common.rest_client [req-f2179c6a-c1c2-4e99-9cb9-4132a55c1842 req-f2179c6a-c1c2-4e99-9cb9-4132a55c1842 ] Request (QuotaClassesAdminTestJSON:setUpClass): 201 POST http://10.180.1.21/identity/v3/users 0.094s
2025-11-21 00:51:47.550 65779 INFO tempest.lib.common.rest_client [req-748e5902-ed39-436c-aff6-06973b4dee33 req-748e5902-ed39-436c-aff6-06973b4dee33 ] Request (FloatingIPsNegativeTestJSON:tearDownClass): 204 DELETE http://10.180.1.21/networking/v2.0/networks/9f9cb8b9-b87a-4832-a4dd-62928dcad80c 0.800s
2025-11-21 00:51:47.553 65727 INFO tempest.lib.common.rest_client [req-80fd5e33-a728-4382-9f87-7d594e1644c0 req-80fd5e33-a728-4382-9f87-7d594e1644c0 ] Request (VolumesAssistedSnapshotsTest:test_volume_assisted_snapshot_create_delete): 201 POST http://10.180.1.21/networking/v2.0/floatingips 0.944s
2025-11-21 00:51:47.558 65725 INFO tempest.lib.common.rest_client [req-4abf029d-1e07-4e2a-927a-d8653c6aef4b req-4abf029d-1e07-4e2a-927a-d8653c6aef4b ] Request (QuotaClassesAdminTestJSON:setUpClass): 200 GET http://10.180.1.21/identity/v3/roles 0.031s
2025-11-21 00:51:47.572 65753 INFO tempest.lib.common.rest_client [req-ca6b3649-32da-4b47-94e1-12e6c217a5e4 req-ca6b3649-32da-4b47-94e1-12e6c217a5e4 ] Request (ServerExternalEventsTest:test_create_server_external_events): 200 GET http://10.180.1.21/compute/v2.1/servers/010531a0-84e0-4437-8d9a-d3437363fcfa 4.865s
2025-11-21 00:51:47.628 65779 INFO tempest.lib.common.rest_client [req-7fe46991-c357-44b5-ab8f-b540eaf78c64 req-7fe46991-c357-44b5-ab8f-b540eaf78c64 ] Request (FloatingIPsNegativeTestJSON:tearDownClass): 204 DELETE http://10.180.1.21/identity/v3/users/564bc76629e2427ebf9870bb1d06877f 0.078s
2025-11-21 00:51:47.629 65779 INFO tempest.lib.common.dynamic_creds [-] Deleting project and security group for project: 3dc447bdd2fb4b848a86fc74216f8a46
2025-11-21 00:51:47.633 65727 INFO tempest.lib.common.rest_client [req-06ddd41c-8fd5-44f5-b32f-d23d744715db req-06ddd41c-8fd5-44f5-b32f-d23d744715db ] Request (VolumesAssistedSnapshotsTest:test_volume_assisted_snapshot_create_delete): 201 POST http://10.180.1.21/identity/v3/auth/tokens 0.077s
2025-11-21 00:51:47.633 65727 INFO tempest.lib.common.fixed_network [-] (VolumesAssistedSnapshotsTest:test_volume_assisted_snapshot_create_delete) Found network {'id': '913291d1-4200-40be-915b-a714851f6a32', 'name': 'tempest-VolumesAssistedSnapshotsTest-592999925-network', 'tenant_id': 'bbc800792f73499e9617937664f885b9', 'project_id': 'bbc800792f73499e9617937664f885b9', 'admin_state_up': True, 'mtu': 8950, 'status': 'ACTIVE', 'subnets': [], 'shared': False, 'port_security_enabled': True, 'router:external': False, 'provider:network_type': 'vlan', 'provider:physical_network': 'default', 'provider:segmentation_id': 657, 'availability_zone_hints': [], 'availability_zones': [], 'ipv4_address_scope': None, 'ipv6_address_scope': None, 'description': '', 'tags': [], 'created_at': '2025-11-21T00:51:25Z', 'updated_at': '2025-11-21T00:51:25Z', 'revision_number': 1} available for tenant
2025-11-21 00:51:47.713 65725 INFO tempest.lib.common.rest_client [req-71198b26-eff3-4fee-a073-287526c17279 req-71198b26-eff3-4fee-a073-287526c17279 ] Request (QuotaClassesAdminTestJSON:setUpClass): 204 PUT http://10.180.1.21/identity/v3/projects/63f96297fc0c445883237adb61441e4b/users/45286c0f80a64ffc90282c786fcfd389/roles/aa05a70bda5540368ce178a8a295a23b 0.154s
2025-11-21 00:51:47.770 65725 INFO tempest.lib.common.rest_client [req-d4304d52-d9e8-4dee-85f2-caf39e2c40d6 req-d4304d52-d9e8-4dee-85f2-caf39e2c40d6 ] Request (QuotaClassesAdminTestJSON:setUpClass): 200 GET http://10.180.1.21/identity/v3/roles 0.056s
2025-11-21 00:51:47.791 65759 INFO tempest.lib.common.rest_client [req-6d81aa54-7cff-4ecd-b0c7-b6a45b0ae744 req-6d81aa54-7cff-4ecd-b0c7-b6a45b0ae744 ] Request (SecurityGroupsTestAdminJSON:test_list_security_groups_list_all_tenants_filter): 200 POST http://10.180.1.21/compute/v2.1/os-security-groups 4.971s
2025-11-21 00:51:47.805 65725 INFO tempest.lib.common.rest_client [req-19504981-77d2-429a-a293-6a235998e780 req-19504981-77d2-429a-a293-6a235998e780 ] Request (QuotaClassesAdminTestJSON:setUpClass): 204 PUT http://10.180.1.21/identity/v3/projects/63f96297fc0c445883237adb61441e4b/users/45286c0f80a64ffc90282c786fcfd389/roles/aa05a70bda5540368ce178a8a295a23b 0.034s
2025-11-21 00:51:47.805 65725 INFO tempest.lib.common.dynamic_creds [-] Dynamic test user 45286c0f80a64ffc90282c786fcfd389 is created with scope project and roles: ['admin']
2025-11-21 00:51:47.807 65725 INFO tempest.lib.common.dynamic_creds [-] Acquired dynamic creds: credentials: Credentials: {'domain_id': 'default', 'domain_name': 'Default', 'username': 'tempest-QuotaClassesAdminTestJSON-612801034-project-admin', 'project_domain_id': 'default', 'project_domain_name': 'Default', 'project_id': '63f96297fc0c445883237adb61441e4b', 'project_name': 'tempest-QuotaClassesAdminTestJSON-612801034', 'tenant_id': '63f96297fc0c445883237adb61441e4b', 'tenant_name': 'tempest-QuotaClassesAdminTestJSON-612801034', 'user_domain_id': 'default', 'user_domain_name': 'Default', 'user_id': '45286c0f80a64ffc90282c786fcfd389', 'system': None}, Network: None, Subnet: None, Router: None
2025-11-21 00:51:47.807 65725 INFO tempest.lib.common.dynamic_creds [-] Created isolated network resources for: credentials: Credentials: {'domain_id': 'default', 'domain_name': 'Default', 'username': 'tempest-QuotaClassesAdminTestJSON-612801034-project-admin', 'project_domain_id': 'default', 'project_domain_name': 'Default', 'project_id': '63f96297fc0c445883237adb61441e4b', 'project_name': 'tempest-QuotaClassesAdminTestJSON-612801034', 'tenant_id': '63f96297fc0c445883237adb61441e4b', 'tenant_name': 'tempest-QuotaClassesAdminTestJSON-612801034', 'user_domain_id': 'default', 'user_domain_name': 'Default', 'user_id': '45286c0f80a64ffc90282c786fcfd389', 'system': None}, Network: None, Subnet: None, Router: None
2025-11-21 00:51:47.839 65779 INFO tempest.lib.common.rest_client [req-d457a4cf-5601-4f3c-b24e-0326ac63f6d1 req-d457a4cf-5601-4f3c-b24e-0326ac63f6d1 ] Request (FloatingIPsNegativeTestJSON:tearDownClass): 200 GET http://10.180.1.21/networking/v2.0/security-groups?tenant_id=3dc447bdd2fb4b848a86fc74216f8a46&name=default 0.209s
2025-11-21 00:51:47.850 65729 INFO tempest.lib.common.rest_client [req-9da7ef06-be16-4963-a699-d4602e95926b req-9da7ef06-be16-4963-a699-d4602e95926b ] Request (FlavorsV255TestJSON:test_crud_flavor): 200 PUT http://10.180.1.21/compute/v2.1/flavors/1879654049 4.954s
2025-11-21 00:51:47.864 65767 INFO tempest.lib.common.rest_client [req-48ac29e4-658b-43b4-ac9b-cf45ab84c3a2 req-48ac29e4-658b-43b4-ac9b-cf45ab84c3a2 ] Request (ServersWithSpecificFlavorTestJSON:test_verify_created_server_ephemeral_disk): 200 GET http://10.180.1.21/compute/v2.1/flavors/42/os-extra_specs 4.929s
2025-11-21 00:51:47.913 65725 INFO tempest.lib.common.rest_client [req-bb43542d-ad80-4007-83ef-918e8b67f766 req-bb43542d-ad80-4007-83ef-918e8b67f766 ] Request (QuotaClassesAdminTestJSON:setUpClass): 201 POST http://10.180.1.21/identity/v3/auth/tokens 0.103s
2025-11-21 00:51:48.042 65779 INFO tempest.lib.common.rest_client [req-edfd4008-c79a-4643-b0cf-516bb9fe6a53 req-edfd4008-c79a-4643-b0cf-516bb9fe6a53 ] Request (FloatingIPsNegativeTestJSON:tearDownClass): 204 DELETE http://10.180.1.21/networking/v2.0/security-groups/849997ab-1f49-4552-a3db-32bfacd09847 0.203s
2025-11-21 00:51:48.064 65743 INFO tempest.lib.common.rest_client [req-eae0776c-1abf-4f41-a5b1-1a8b7bbca9f0 req-eae0776c-1abf-4f41-a5b1-1a8b7bbca9f0 ] Request (ImagesOneServerNegativeTestJSON:setUpClass): 200 GET http://10.180.1.21/compute/v2.1/servers/1abd4b08-13e4-4ed2-b288-b95405097c1b 5.062s
2025-11-21 00:51:48.099 65781 INFO tempest.lib.common.rest_client [req-4e2c788e-a6e2-4e72-a7f6-9216f3fbdb1c req-4e2c788e-a6e2-4e72-a7f6-9216f3fbdb1c ] Request (KeyPairsNegativeTestJSON:test_create_keypair_when_public_key_bits_exceeds_maximum): 400 POST http://10.180.1.21/compute/v2.1/os-keypairs 5.065s
2025-11-21 00:51:48.162 65779 INFO tempest.lib.common.rest_client [req-e5e71921-12c6-4685-9ff0-3b8ec87b84bc req-e5e71921-12c6-4685-9ff0-3b8ec87b84bc ] Request (FloatingIPsNegativeTestJSON:tearDownClass): 204 DELETE http://10.180.1.21/identity/v3/projects/3dc447bdd2fb4b848a86fc74216f8a46 0.119s
2025-11-21 00:51:48.220 65779 INFO tempest.lib.common.rest_client [req-c7cfc3b8-dbbe-4171-bafd-9cd06b562c5d req-c7cfc3b8-dbbe-4171-bafd-9cd06b562c5d ] Request (SecurityGroupRulesNegativeTestJSON:setUpClass): 201 POST http://10.180.1.21/identity/v3/auth/tokens 0.056s
2025-11-21 00:51:48.258 65779 INFO tempest.lib.common.rest_client [req-fed095b7-69eb-49f8-973b-c4e3bd879f65 req-fed095b7-69eb-49f8-973b-c4e3bd879f65 ] Request (SecurityGroupRulesNegativeTestJSON:setUpClass): 201 POST http://10.180.1.21/identity/v3/auth/tokens 0.035s
2025-11-21 00:51:48.264 65769 INFO tempest.lib.common.rest_client [req-e4988ebe-d67c-4e5b-85db-d2bc2b98dc93 req-e4988ebe-d67c-4e5b-85db-d2bc2b98dc93 ] Request (ServersAdminTestJSON:setUpClass): 202 POST http://10.180.1.21/compute/v2.1/servers 5.584s
2025-11-21 00:51:48.271 65745 INFO tempest.lib.common.rest_client [req-a1b8a80d-1997-4792-8101-68e09267e2ea req-a1b8a80d-1997-4792-8101-68e09267e2ea ] Request (HypervisorAdminNegativeUnderV252Test:test_show_servers_with_non_admin_user): 403 GET http://10.180.1.21/compute/v2.1/os-hypervisors/1/servers 5.004s
2025-11-21 00:51:48.283 65789 INFO tempest.lib.common.rest_client [req-26c566cc-4b8f-4999-a7c0-72297cf96505 req-26c566cc-4b8f-4999-a7c0-72297cf96505 ] Request (FlavorsAccessTestJSON:test_flavor_access_add_remove): 200 POST http://10.180.1.21/compute/v2.1/flavors 5.196s
2025-11-21 00:51:48.289 65773 INFO tempest.lib.common.rest_client [req-9d626335-3d54-4aba-afef-5f7cf0e4bddc req-9d626335-3d54-4aba-afef-5f7cf0e4bddc ] Request (FlavorsExtraSpecsNegativeTestJSON:test_flavor_non_admin_unset_keys): 403 DELETE http://10.180.1.21/compute/v2.1/flavors/1208277457/os-extra_specs/hw:numa_nodes 4.961s
2025-11-21 00:51:48.291 65779 INFO tempest.lib.common.rest_client [req-76b86f30-a360-4936-8979-aac871fa2d47 req-76b86f30-a360-4936-8979-aac871fa2d47 ] Request (SecurityGroupRulesNegativeTestJSON:setUpClass): 200 GET http://10.180.1.21/identity/v3/domains?name=Default 0.032s
2025-11-21 00:51:48.304 65757 INFO tempest.lib.common.rest_client [req-3bc1cb43-a9bd-449a-8f46-803625d8b48f req-3bc1cb43-a9bd-449a-8f46-803625d8b48f ] Request (FlavorsExtraSpecsTestJSON:test_flavor_non_admin_get_specific_key): 200 GET http://10.180.1.21/compute/v2.1/flavors/711523431/os-extra_specs/hw:numa_nodes 4.954s
2025-11-21 00:51:48.312 65735 INFO tempest.lib.common.rest_client [req-796bb7f2-402e-428c-87b6-eca3015a84e5 req-796bb7f2-402e-428c-87b6-eca3015a84e5 ] Request (AggregatesAdminNegativeTestJSON:test_aggregate_add_host_as_user): 200 POST http://10.180.1.21/compute/v2.1/os-aggregates 5.010s
2025-11-21 00:51:48.331 65763 INFO tempest.lib.common.rest_client [req-717efeed-db78-480c-9997-2e0574c8de03 req-717efeed-db78-480c-9997-2e0574c8de03 ] Request (FlavorsAdminTestJSON:test_create_flavor_verify_entry_in_list_details): 200 GET http://10.180.1.21/compute/v2.1/flavors/detail 4.938s
2025-11-21 00:51:48.331 65779 INFO tempest.lib.common.rest_client [req-92573bd9-4fe7-4410-b87b-b8d04cb9019c req-92573bd9-4fe7-4410-b87b-b8d04cb9019c ] Request (SecurityGroupRulesNegativeTestJSON:setUpClass): 201 POST http://10.180.1.21/identity/v3/projects 0.040s
2025-11-21 00:51:48.348 65751 INFO tempest.lib.common.rest_client [req-0c03febd-8088-417d-bc50-916f1df49a61 req-0c03febd-8088-417d-bc50-916f1df49a61 ] Request (FlavorsV2TestJSON:test_list_flavors_detailed_filter_by_min_disk): 200 GET http://10.180.1.21/compute/v2.1/flavors/42 4.875s
2025-11-21 00:51:48.422 65749 INFO tempest.lib.common.rest_client [req-71af3348-b35e-4e5a-8a55-8168d24a3a32 req-71af3348-b35e-4e5a-8a55-8168d24a3a32 ] Request (FloatingIPsAssociationTestJSON:setUpClass): 200 GET http://10.180.1.21/compute/v2.1/servers/d6e42c6a-b77a-48ae-986f-a824b3102e74 4.811s
2025-11-21 00:51:48.424 65779 INFO tempest.lib.common.rest_client [req-a6e6a92d-1b6b-47f0-b0bb-dac3aaf22ba2 req-a6e6a92d-1b6b-47f0-b0bb-dac3aaf22ba2 ] Request (SecurityGroupRulesNegativeTestJSON:setUpClass): 201 POST http://10.180.1.21/identity/v3/users 0.092s
2025-11-21 00:51:48.485 65779 INFO tempest.lib.common.rest_client [req-beb97abe-8273-421d-92ca-e31f5228f89d req-beb97abe-8273-421d-92ca-e31f5228f89d ] Request (SecurityGroupRulesNegativeTestJSON:setUpClass): 200 GET http://10.180.1.21/identity/v3/roles 0.060s
