2025-12-12 20:33:42.224 67339 INFO tempest.lib.common.rest_client [req-8dae0619-e473-4c41-8fb9-15756170074d req-8dae0619-e473-4c41-8fb9-15756170074d ] Request (AggregatesAdminNegativeTestJSON:tearDownClass): 204 DELETE http://10.180.1.21/networking/v2.0/security-groups/897221a6-6926-45e1-b6b4-94053a5d6e01 0.420s
2025-12-12 20:33:42.373 67356 INFO tempest.lib.common.rest_client [req-8a5e49bb-5e3d-4418-9344-c1f78c14c5b6 req-8a5e49bb-5e3d-4418-9344-c1f78c14c5b6 ] Request (ValidationResourcesFixture:setUp): 201 POST http://10.180.1.21/networking/v2.0/floatingips 0.700s
2025-12-12 20:33:42.404 67326 INFO tempest.lib.common.rest_client [req-adc21c40-160e-4cb4-a8c2-58857f1f8cc3 req-adc21c40-160e-4cb4-a8c2-58857f1f8cc3 ] Request (TenantUsagesTestJSON:test_get_usage_tenant): 200 GET http://10.180.1.21/compute/v2.1/os-simple-tenant-usage/dd763396b6ea442585b7ed7f99503474?start=2025-12-11T20%3A33%3A38.918926&end=2025-12-13T20%3A33%3A38.918926 3.485s
2025-12-12 20:33:42.428 67339 INFO tempest.lib.common.rest_client [req-ed3b2a74-6df8-4c57-b37e-499fcd38f12d req-ed3b2a74-6df8-4c57-b37e-499fcd38f12d ] Request (AggregatesAdminNegativeTestJSON:tearDownClass): 204 DELETE http://10.180.1.21/identity/v3/projects/d00ceb199f7a452eafebfc3e24177fa6 0.203s
2025-12-12 20:33:42.446 67356 INFO tempest.lib.common.rest_client [req-9bdc35d4-5797-4cc9-b86d-0949bda08061 req-9bdc35d4-5797-4cc9-b86d-0949bda08061 ] Request (AttachInterfacesTestJSON:test_create_list_show_delete_interfaces_by_fixed_ip): 201 POST http://10.180.1.21/identity/v3/auth/tokens 0.068s
2025-12-12 20:33:42.447 67356 INFO tempest.lib.common.fixed_network [-] (AttachInterfacesTestJSON:test_create_list_show_delete_interfaces_by_fixed_ip) Found network {'id': 'b57a9c63-f50f-44af-959e-6473d81fdc59', 'name': 'tempest-AttachInterfacesTestJSON-1371225102-network', 'tenant_id': '2861c9f2cb61410b808f4cde64074870', 'project_id': '2861c9f2cb61410b808f4cde64074870', 'admin_state_up': True, 'mtu': 8950, 'status': 'ACTIVE', 'subnets': [], 'shared': False, 'port_security_enabled': True, 'router:external': False, 'provider:network_type': 'vlan', 'provider:physical_network': 'default', 'provider:segmentation_id': 12, 'availability_zone_hints': [], 'availability_zones': [], 'ipv4_address_scope': None, 'ipv6_address_scope': None, 'description': '', 'tags': [], 'created_at': '2025-12-12T20:33:34Z', 'updated_at': '2025-12-12T20:33:34Z', 'revision_number': 1} available for tenant
2025-12-12 20:33:42.537 67360 INFO tempest.lib.common.rest_client [req-381fe29c-cefb-4f14-8b4a-16e34a47ec9b req-381fe29c-cefb-4f14-8b4a-16e34a47ec9b ] Request (ServersAdminTestJSON:test_create_server_with_scheduling_hint): 200 GET http://10.180.1.21/compute/v2.1/servers/9fa3d896-ca4c-4e67-9449-12d2fdf21cea 3.323s
2025-12-12 20:33:42.557 67308 INFO tempest.lib.common.rest_client [req-eb933802-a83e-48d6-abf7-37afeacd4f93 req-eb933802-a83e-48d6-abf7-37afeacd4f93 ] Request (ServersNegativeTestJSON:setUpClass): 200 GET http://10.180.1.21/compute/v2.1/servers/aad28f79-406c-4d43-a0ca-05c2766950e9 3.685s
2025-12-12 20:33:42.655 67339 INFO tempest.lib.common.rest_client [req-68943b51-f4b1-494d-9241-2fcdf16af150 req-68943b51-f4b1-494d-9241-2fcdf16af150 ] Request (ServicesAdminTestJSON:setUpClass): 201 POST http://10.180.1.21/identity/v3/auth/tokens 0.225s
2025-12-12 20:33:42.680 67354 INFO tempest.lib.common.rest_client [req-93a2200a-5979-425f-a175-373ff065cc2e req-93a2200a-5979-425f-a175-373ff065cc2e ] Request (ServersTestMultiNic:test_verify_multiple_nics_order): 200 GET http://10.180.1.21/compute/v2.1/servers/036b2d6c-4204-4a5c-b3a9-8269e2ec607e 3.387s
2025-12-12 20:33:42.692 67339 INFO tempest.lib.common.rest_client [req-21ec3963-900d-4fb4-941d-7d155654b726 req-21ec3963-900d-4fb4-941d-7d155654b726 ] Request (ServicesAdminTestJSON:setUpClass): 201 POST http://10.180.1.21/identity/v3/auth/tokens 0.033s
2025-12-12 20:33:42.735 67339 INFO tempest.lib.common.rest_client [req-569b0dcf-bfab-415a-ac67-c35af401399c req-569b0dcf-bfab-415a-ac67-c35af401399c ] Request (ServicesAdminTestJSON:setUpClass): 200 GET http://10.180.1.21/identity/v3/domains?name=Default 0.042s
2025-12-12 20:33:42.788 67339 INFO tempest.lib.common.rest_client [req-1c334257-8594-4863-ba8f-a69ee60bf34d req-1c334257-8594-4863-ba8f-a69ee60bf34d ] Request (ServicesAdminTestJSON:setUpClass): 201 POST http://10.180.1.21/identity/v3/projects 0.053s
2025-12-12 20:33:42.804 67312 INFO tempest.lib.common.rest_client [req-5c4c2c6d-8469-4a4a-b9b8-c6f4cabd669c req-5c4c2c6d-8469-4a4a-b9b8-c6f4cabd669c ] Request (MigrationsAdminTest:test_list_migrations_in_flavor_resize_situation): 200 GET http://10.180.1.21/compute/v2.1/servers/10afadb9-7d48-42e9-abc3-383895ef8cb5 3.564s
2025-12-12 20:33:42.879 67339 INFO tempest.lib.common.rest_client [req-1142bbc5-7c72-4f16-ba49-21fd250145ce req-1142bbc5-7c72-4f16-ba49-21fd250145ce ] Request (ServicesAdminTestJSON:setUpClass): 201 POST http://10.180.1.21/identity/v3/users 0.090s
2025-12-12 20:33:42.906 67339 INFO tempest.lib.common.rest_client [req-95f6f8f5-4409-4f3b-8dba-67b922af74d7 req-95f6f8f5-4409-4f3b-8dba-67b922af74d7 ] Request (ServicesAdminTestJSON:setUpClass): 200 GET http://10.180.1.21/identity/v3/roles 0.023s
2025-12-12 20:33:42.939 67339 INFO tempest.lib.common.rest_client [req-3fa28bd8-0b93-4bc1-983f-3e949cfdb025 req-3fa28bd8-0b93-4bc1-983f-3e949cfdb025 ] Request (ServicesAdminTestJSON:setUpClass): 204 PUT http://10.180.1.21/identity/v3/projects/23218dffae2e4f45b6c55d6ab4bb4bea/users/7e7de71c4b3d46a3a0862bb26595f045/roles/a1e11a02fe274de4bf750107c736b2f5 0.033s
2025-12-12 20:33:42.940 67339 INFO tempest.lib.common.dynamic_creds [-] Dynamic test user 7e7de71c4b3d46a3a0862bb26595f045 is created with scope project and roles: ['member']
2025-12-12 20:33:42.940 67339 INFO tempest.lib.common.dynamic_creds [-] Acquired dynamic creds: credentials: Credentials: {'domain_id': 'default', 'domain_name': 'Default', 'username': 'tempest-ServicesAdminTestJSON-1845409392-project-member', 'project_domain_id': 'default', 'project_domain_name': 'Default', 'project_id': '23218dffae2e4f45b6c55d6ab4bb4bea', 'project_name': 'tempest-ServicesAdminTestJSON-1845409392', 'tenant_id': '23218dffae2e4f45b6c55d6ab4bb4bea', 'tenant_name': 'tempest-ServicesAdminTestJSON-1845409392', 'user_domain_id': 'default', 'user_domain_name': 'Default', 'user_id': '7e7de71c4b3d46a3a0862bb26595f045', 'system': None}, Network: None, Subnet: None, Router: None
2025-12-12 20:33:42.940 67339 INFO tempest.lib.common.dynamic_creds [-] Created isolated network resources for: credentials: Credentials: {'domain_id': 'default', 'domain_name': 'Default', 'username': 'tempest-ServicesAdminTestJSON-1845409392-project-member', 'project_domain_id': 'default', 'project_domain_name': 'Default', 'project_id': '23218dffae2e4f45b6c55d6ab4bb4bea', 'project_name': 'tempest-ServicesAdminTestJSON-1845409392', 'tenant_id': '23218dffae2e4f45b6c55d6ab4bb4bea', 'tenant_name': 'tempest-ServicesAdminTestJSON-1845409392', 'user_domain_id': 'default', 'user_domain_name': 'Default', 'user_id': '7e7de71c4b3d46a3a0862bb26595f045', 'system': None}, Network: None, Subnet: None, Router: None
2025-12-12 20:33:43.009 67339 INFO tempest.lib.common.rest_client [req-1ab53d61-f181-4caf-abe2-a65f76af5d5d req-1ab53d61-f181-4caf-abe2-a65f76af5d5d ] Request (ServicesAdminTestJSON:setUpClass): 201 POST http://10.180.1.21/identity/v3/auth/tokens 0.066s
2025-12-12 20:33:43.071 67339 INFO tempest.lib.common.rest_client [req-6709e198-9c4e-41e7-aa33-2ad937dd1335 req-6709e198-9c4e-41e7-aa33-2ad937dd1335 ] Request (ServicesAdminTestJSON:setUpClass): 201 POST http://10.180.1.21/identity/v3/projects 0.061s
2025-12-12 20:33:43.130 67339 INFO tempest.lib.common.rest_client [req-89d60b86-082b-4bdb-a48f-0041cba70ac2 req-89d60b86-082b-4bdb-a48f-0041cba70ac2 ] Request (ServicesAdminTestJSON:setUpClass): 201 POST http://10.180.1.21/identity/v3/users 0.059s
2025-12-12 20:33:43.146 67320 INFO tempest.lib.common.rest_client [req-0bcafddb-3a81-45d5-87d1-01a65b2379ff req-0bcafddb-3a81-45d5-87d1-01a65b2379ff ] Request (VolumesAdminNegativeTest:tearDownClass): 200 PUT http://10.180.1.21/networking/v2.0/routers/2a7e619e-79bf-42ee-a2d1-65a2ed2fe46d/remove_router_interface 1.194s
2025-12-12 20:33:43.161 67339 INFO tempest.lib.common.rest_client [req-f4b666ab-160d-4fa7-b3b8-3c4a1e9ec34c req-f4b666ab-160d-4fa7-b3b8-3c4a1e9ec34c ] Request (ServicesAdminTestJSON:setUpClass): 200 GET http://10.180.1.21/identity/v3/roles 0.030s
2025-12-12 20:33:43.172 67318 INFO tempest.lib.common.rest_client [req-44b62b8c-0e8e-4e82-8e89-410376aacbbd req-44b62b8c-0e8e-4e82-8e89-410376aacbbd ] Request (ImagesOneServerNegativeTestJSON:_run_cleanups): 200 GET http://10.180.1.21/compute/v2.1/servers/ccff0e3a-5b5a-42f8-a9f3-2f01404e0a15 3.828s
2025-12-12 20:33:43.201 67339 INFO tempest.lib.common.rest_client [req-5b1a9150-43dd-4cee-aa99-97bb20063b38 req-5b1a9150-43dd-4cee-aa99-97bb20063b38 ] Request (ServicesAdminTestJSON:setUpClass): 204 PUT http://10.180.1.21/identity/v3/projects/22e044a425d444fbbafedc33f4d2d0a2/users/7ddbbadd5d77413a983227bc40cb07c2/roles/306744dfa9e140bebd6bddae36061ff6 0.040s
2025-12-12 20:33:43.268 67339 INFO tempest.lib.common.rest_client [req-8193e255-3525-484d-a619-2d1534dfd758 req-8193e255-3525-484d-a619-2d1534dfd758 ] Request (ServicesAdminTestJSON:setUpClass): 200 GET http://10.180.1.21/identity/v3/roles 0.066s
2025-12-12 20:33:43.289 67339 INFO tempest.lib.common.rest_client [req-7387e192-b0f7-43f8-a0c3-0074392485e2 req-7387e192-b0f7-43f8-a0c3-0074392485e2 ] Request (ServicesAdminTestJSON:setUpClass): 204 PUT http://10.180.1.21/identity/v3/projects/22e044a425d444fbbafedc33f4d2d0a2/users/7ddbbadd5d77413a983227bc40cb07c2/roles/306744dfa9e140bebd6bddae36061ff6 0.021s
2025-12-12 20:33:43.290 67339 INFO tempest.lib.common.dynamic_creds [-] Dynamic test user 7ddbbadd5d77413a983227bc40cb07c2 is created with scope project and roles: ['admin']
2025-12-12 20:33:43.290 67339 INFO tempest.lib.common.dynamic_creds [-] Acquired dynamic creds: credentials: Credentials: {'domain_id': 'default', 'domain_name': 'Default', 'username': 'tempest-ServicesAdminTestJSON-436071269-project-admin', 'project_domain_id': 'default', 'project_domain_name': 'Default', 'project_id': '22e044a425d444fbbafedc33f4d2d0a2', 'project_name': 'tempest-ServicesAdminTestJSON-436071269', 'tenant_id': '22e044a425d444fbbafedc33f4d2d0a2', 'tenant_name': 'tempest-ServicesAdminTestJSON-436071269', 'user_domain_id': 'default', 'user_domain_name': 'Default', 'user_id': '7ddbbadd5d77413a983227bc40cb07c2', 'system': None}, Network: None, Subnet: None, Router: None
2025-12-12 20:33:43.290 67339 INFO tempest.lib.common.dynamic_creds [-] Created isolated network resources for: credentials: Credentials: {'domain_id': 'default', 'domain_name': 'Default', 'username': 'tempest-ServicesAdminTestJSON-436071269-project-admin', 'project_domain_id': 'default', 'project_domain_name': 'Default', 'project_id': '22e044a425d444fbbafedc33f4d2d0a2', 'project_name': 'tempest-ServicesAdminTestJSON-436071269', 'tenant_id': '22e044a425d444fbbafedc33f4d2d0a2', 'tenant_name': 'tempest-ServicesAdminTestJSON-436071269', 'user_domain_id': 'default', 'user_domain_name': 'Default', 'user_id': '7ddbbadd5d77413a983227bc40cb07c2', 'system': None}, Network: None, Subnet: None, Router: None
2025-12-12 20:33:43.352 67325 INFO tempest.lib.common.rest_client [req-efad9c75-cbff-40b7-9fcf-e49627c91d5d req-efad9c75-cbff-40b7-9fcf-e49627c91d5d ] Request (ServersTestJSON:setUpClass): 200 GET http://10.180.1.21/compute/v2.1/servers/30dc9e76-238a-4b5e-b35d-ee12632533a2 3.984s
2025-12-12 20:33:43.385 67339 INFO tempest.lib.common.rest_client [req-1d79b007-a821-476f-ab82-2710b3a7746d req-1d79b007-a821-476f-ab82-2710b3a7746d ] Request (ServicesAdminTestJSON:setUpClass): 201 POST http://10.180.1.21/identity/v3/auth/tokens 0.092s
2025-12-12 20:33:43.418 67328 INFO tempest.lib.common.rest_client [req-cf6e5ff2-638a-4ddc-9c58-9bfaff881200 req-cf6e5ff2-638a-4ddc-9c58-9bfaff881200 ] Request (FloatingIPDetailsTestJSON:setUpClass): 200 POST http://10.180.1.21/compute/v2.1/os-floating-ips 4.116s
2025-12-12 20:33:43.435 67344 INFO tempest.lib.common.rest_client [req-91f6f083-e2ef-4f1c-9357-7fb6516a74d6 req-91f6f083-e2ef-4f1c-9357-7fb6516a74d6 ] Request (ServerDiagnosticsTest:tearDownClass): 200 GET http://10.180.1.21/compute/v2.1/servers/99b2503d-4d18-4c4f-abed-bba52de9c6d8 4.017s
2025-12-12 20:33:43.480 67348 INFO tempest.lib.common.rest_client [req-286d4dc4-f04d-41e0-9c7d-83a5d87fa49d req-286d4dc4-f04d-41e0-9c7d-83a5d87fa49d ] Request (ServerRescueNegativeTestJSON:setUpClass): 200 GET http://10.180.1.21/compute/v2.1/servers/426546a3-ee29-4e2b-a056-6ffb6f3d3df9 4.047s
2025-12-12 20:33:43.498 67352 INFO tempest.lib.common.rest_client [req-2ceaf6ed-2a09-4d7c-a0a0-4f3596d35a83 req-2ceaf6ed-2a09-4d7c-a0a0-4f3596d35a83 ] Request (AttachVolumeNegativeTest:test_attach_attached_volume_to_different_server): 200 GET http://10.180.1.21/compute/v2.1/servers/8e23b70f-51ad-4e18-83d2-dbbe51fe7b01 4.017s
2025-12-12 20:33:43.622 67320 INFO tempest.lib.common.rest_client [req-c6126250-d584-4587-a463-30bd8f1e9d5e req-c6126250-d584-4587-a463-30bd8f1e9d5e ] Request (VolumesAdminNegativeTest:tearDownClass): 204 DELETE http://10.180.1.21/networking/v2.0/routers/2a7e619e-79bf-42ee-a2d1-65a2ed2fe46d 0.475s
2025-12-12 20:33:43.629 67358 INFO tempest.lib.common.rest_client [req-cd10c4cf-70fe-4eb0-9798-5258a5893dd1 req-cd10c4cf-70fe-4eb0-9798-5258a5893dd1 ] Request (SecurityGroupRulesTestJSON:test_security_group_rules_create): 200 POST http://10.180.1.21/compute/v2.1/os-security-group-rules 4.140s
2025-12-12 20:33:43.652 67314 INFO tempest.lib.common.rest_client [req-9fdc8b07-dae9-48fa-bc43-c388b7db5be9 req-9fdc8b07-dae9-48fa-bc43-c388b7db5be9 ] Request (FlavorsAdminTestJSON:_run_cleanups): 200 GET http://10.180.1.21/compute/v2.1/flavors/detail 4.127s
2025-12-12 20:33:43.733 67322 INFO tempest.lib.common.rest_client [req-e0095c1f-c8de-46b4-9183-383600e124df req-e0095c1f-c8de-46b4-9183-383600e124df ] Request (ServerAddressesTestJSON:tearDownClass): 200 GET http://10.180.1.21/compute/v2.1/servers/7bb1c4fa-4edf-4d70-98ac-cd384ac38b7e 4.184s
2025-12-12 20:33:43.770 67346 INFO tempest.lib.common.rest_client [req-0b719554-042e-4576-9e40-90f9148922ae req-0b719554-042e-4576-9e40-90f9148922ae ] Request (ServerDiskConfigTestJSON:test_rebuild_server_with_auto_disk_config): 200 GET http://10.180.1.21/compute/v2.1/servers/402bcac7-1eda-44e2-a873-9fac2038f515 4.268s
2025-12-12 20:33:43.771 67320 INFO tempest.lib.common.rest_client [req-dfb69175-23a0-4008-b054-038bb459cbc0 req-dfb69175-23a0-4008-b054-038bb459cbc0 ] Request (VolumesAdminNegativeTest:tearDownClass): 204 DELETE http://10.180.1.21/networking/v2.0/subnets/f2ec885f-c88c-448d-ba5d-78b722f56ad9 0.148s
2025-12-12 20:33:43.778 67346 INFO tempest.common.waiters [-] State transition "BUILD/None" ==> "BUILD/spawning" after 28 second wait
2025-12-12 20:33:43.778 67342 INFO tempest.lib.common.rest_client [req-d986fad5-c211-438c-990b-76cb9e5c452a req-d986fad5-c211-438c-990b-76cb9e5c452a ] Request (KeyPairsV2TestJSON:test_keypairs_create_list_delete): 200 POST http://10.180.1.21/compute/v2.1/os-keypairs 4.187s
2025-12-12 20:33:43.869 67332 INFO tempest.lib.common.rest_client [req-032235f3-3310-4430-b5bd-d022c48491b2 req-032235f3-3310-4430-b5bd-d022c48491b2 ] Request (ServersListShow296Test:tearDownClass): 200 GET http://10.180.1.21/compute/v2.1/servers/393ed40d-62e7-404d-a943-4e131c07ae9a 4.217s
2025-12-12 20:33:43.910 67366 INFO tempest.lib.common.rest_client [req-9b2ed58c-f3b1-413b-ae79-146109f55da2 req-9b2ed58c-f3b1-413b-ae79-146109f55da2 ] Request (ImagesOneServerTestJSON:tearDownClass): 404 DELETE http://10.180.1.21/compute/v2.1/images/9eaecc09-d37b-4c13-bd8c-b1508332e629 4.202s
2025-12-12 20:33:44.059 67320 INFO tempest.lib.common.rest_client [req-d38edf61-2da8-4efe-8e95-45d48d81e185 req-d38edf61-2da8-4efe-8e95-45d48d81e185 ] Request (VolumesAdminNegativeTest:tearDownClass): 204 DELETE http://10.180.1.21/networking/v2.0/networks/a94bbba0-e9ed-432a-abc9-685f763b778a 0.288s
2025-12-12 20:33:44.103 67340 INFO tempest.lib.common.rest_client [req-3541e8ce-3fb1-4fe7-8e99-eaa2250352cf req-3541e8ce-3fb1-4fe7-8e99-eaa2250352cf ] Request (ListServerFiltersTestJSON:setUpClass): 200 GET http://10.180.1.21/compute/v2.1/servers/c553d46f-c01e-4908-b775-223cc6ab3237 4.376s
2025-12-12 20:33:44.135 67330 WARNING tempest.lib.common.ssh [-] Failed to establish authenticated ssh connection to cirros@10.180.180.166 ([Errno None] Unable to connect to port 22 on 10.180.180.166). Number attempts: 5. Retry after 6 seconds.: paramiko.ssh_exception.NoValidConnectionsError: [Errno None] Unable to connect to port 22 on 10.180.180.166
2025-12-12 20:33:44.222 67364 INFO tempest.lib.common.rest_client [req-acdb3cf3-46ba-43e2-aa11-e21462274695 req-acdb3cf3-46ba-43e2-aa11-e21462274695 ] Request (FloatingIPsAssociationTestJSON:test_associate_already_associated_floating_ip): 202 POST http://10.180.1.21/compute/v2.1/servers 4.546s
2025-12-12 20:33:44.318 67316 INFO tempest.lib.common.rest_client [req-072be1ee-f63a-45ae-81c8-be35511db66d req-072be1ee-f63a-45ae-81c8-be35511db66d ] Request (ServerDiagnosticsV248Test:tearDownClass): 404 GET http://10.180.1.21/compute/v2.1/servers/22ed026a-1947-4584-b5ad-fb3c3a122bcf 2.756s
2025-12-12 20:33:44.339 67368 INFO tempest.lib.common.rest_client [req-9b3ea88f-498f-4f6e-85fb-a67d6c7bbdf0 req-9b3ea88f-498f-4f6e-85fb-a67d6c7bbdf0 ] Request (ServersTestBootFromVolume:test_verify_created_server_vcpus): 200 GET http://10.180.1.21/compute/v2.1/flavors/42 2.628s
2025-12-12 20:33:44.342 67368 INFO tempest.lib.common.ssh [-] Creating ssh connection to '10.180.180.159:22' as 'cirros' with public key authentication
2025-12-12 20:33:44.347 67362 INFO tempest.lib.common.rest_client [req-429013f8-9281-4494-ba30-785e17449032 req-429013f8-9281-4494-ba30-785e17449032 ] Request (ServerRescueTestJSON:test_rescue_unrescue_instance): 200 GET http://10.180.1.21/compute/v2.1/servers/264e9bbe-ce70-4c0d-9ad1-9277cc37f8b0 4.473s
2025-12-12 20:33:44.347 67368 INFO paramiko.transport [-] Connected (version 2.0, client dropbear_2020.81)
2025-12-12 20:33:44.357 67350 INFO tempest.lib.common.rest_client [req-c91641d3-f13c-4095-907e-5dc685230e22 req-c91641d3-f13c-4095-907e-5dc685230e22 ] Request (SecurityGroupRulesNegativeTestJSON:test_create_security_group_rule_with_invalid_id): 400 POST http://10.180.1.21/compute/v2.1/os-security-group-rules 2.326s
2025-12-12 20:33:44.363 67310 INFO tempest.lib.common.rest_client [req-c1da50a6-bbd7-45bf-b912-673785b7fb67 req-c1da50a6-bbd7-45bf-b912-673785b7fb67 ] Request (DeleteServersAdminTestJSON:tearDownClass): 404 GET http://10.180.1.21/compute/v2.1/servers/d1fac354-4d57-4aec-ae0c-7e282cdd92b7 2.638s
2025-12-12 20:33:44.406 67326 INFO tempest.lib.common.rest_client [req-725fdf36-aff3-4368-80bf-42fd9f4a72dc req-725fdf36-aff3-4368-80bf-42fd9f4a72dc ] Request (TenantUsagesTestJSON:test_get_usage_tenant_with_non_admin_user): 200 GET http://10.180.1.21/compute/v2.1/os-simple-tenant-usage/dd763396b6ea442585b7ed7f99503474?start=2025-12-11T20%3A33%3A38.918926&end=2025-12-13T20%3A33%3A38.918926 1.996s
2025-12-12 20:33:44.406 67368 INFO paramiko.transport [-] Authentication (publickey) successful!
2025-12-12 20:33:44.407 67368 INFO tempest.lib.common.ssh [-] ssh connection to cirros@10.180.180.159 successfully created
2025-12-12 20:33:44.450 67316 INFO tempest.lib.common.rest_client [req-fad74a55-ba8f-4474-91c7-bcf1eceec2c4 req-fad74a55-ba8f-4474-91c7-bcf1eceec2c4 ] Request (ServerDiagnosticsV248Test:tearDownClass): 204 DELETE http://10.180.1.21/identity/v3/users/3fed6e9c6d7a495e9908ee8a5190fc8a 0.130s
2025-12-12 20:33:44.613 67316 INFO tempest.lib.common.rest_client [req-f3df0308-4ebc-4fc0-8079-75d6c8bf2e31 req-f3df0308-4ebc-4fc0-8079-75d6c8bf2e31 ] Request (ServerDiagnosticsV248Test:tearDownClass): 204 DELETE http://10.180.1.21/identity/v3/users/d677f666516c443f812e618811624a48 0.162s
2025-12-12 20:33:44.613 67316 INFO tempest.lib.common.dynamic_creds [-] Deleting project and security group for project: 71c723d573b741fda2e56e2470f587f2
2025-12-12 20:33:44.683 67316 INFO tempest.lib.common.rest_client [req-9864f1b6-b6c6-4928-ae4d-d5115f4db4f1 req-9864f1b6-b6c6-4928-ae4d-d5115f4db4f1 ] Request (ServerDiagnosticsV248Test:tearDownClass): 201 POST http://10.180.1.21/identity/v3/auth/tokens 0.070s
2025-12-12 20:33:44.781 67334 INFO tempest.lib.common.rest_client [req-3cace692-e214-4bad-8140-910f7c74dd5d req-3cace692-e214-4bad-8140-910f7c74dd5d ] Request (ImagesTestJSON:test_create_image_from_stopped_server): 200 GET http://10.180.1.21/compute/v2.1/servers/e580842f-b837-484b-9a31-622d25fa1999 2.662s
2025-12-12 20:33:44.946 67339 INFO tempest.lib.common.rest_client [req-91d6c9df-1a89-4962-9371-d8b0e62e6bdc req-91d6c9df-1a89-4962-9371-d8b0e62e6bdc ] Request (ServicesAdminTestJSON:test_get_service_by_host_name): 200 GET http://10.180.1.21/compute/v2.1/os-services 1.559s
2025-12-12 20:33:44.960 67320 INFO tempest.lib.common.rest_client [req-db2dc655-fc5d-47b8-a4d7-6fcf065abc86 req-db2dc655-fc5d-47b8-a4d7-6fcf065abc86 ] Request (VolumesAdminNegativeTest:tearDownClass): 200 PUT http://10.180.1.21/networking/v2.0/routers/65f57749-6021-4551-83e8-653bc6047a48/remove_router_interface 0.901s
2025-12-12 20:33:44.994 67316 INFO tempest.lib.common.rest_client [req-f90e0659-a4e1-4053-8d09-8b088c73e493 req-f90e0659-a4e1-4053-8d09-8b088c73e493 ] Request (ServerDiagnosticsV248Test:tearDownClass): 200 GET http://10.180.1.21/networking/v2.0/security-groups?tenant_id=71c723d573b741fda2e56e2470f587f2&name=default 0.311s
2025-12-12 20:33:45.454 67320 INFO tempest.lib.common.rest_client [req-01b5a7d2-a7a2-483f-9c0e-58fc82681042 req-01b5a7d2-a7a2-483f-9c0e-58fc82681042 ] Request (VolumesAdminNegativeTest:tearDownClass): 204 DELETE http://10.180.1.21/networking/v2.0/routers/65f57749-6021-4551-83e8-653bc6047a48 0.493s
2025-12-12 20:33:45.570 67316 INFO tempest.lib.common.rest_client [req-2d503f55-84d1-4eb9-b5a1-8652e5fd94d7 req-2d503f55-84d1-4eb9-b5a1-8652e5fd94d7 ] Request (ServerDiagnosticsV248Test:tearDownClass): 204 DELETE http://10.180.1.21/networking/v2.0/security-groups/c202e823-b397-41e4-b5ec-0763ebd709c4 0.575s
2025-12-12 20:33:45.652 67316 INFO tempest.lib.common.rest_client [req-a978c726-64a0-4c84-91bd-5f327c28486e req-a978c726-64a0-4c84-91bd-5f327c28486e ] Request (ServerDiagnosticsV248Test:tearDownClass): 204 DELETE http://10.180.1.21/identity/v3/projects/71c723d573b741fda2e56e2470f587f2 0.080s
2025-12-12 20:33:45.652 67316 INFO tempest.lib.common.dynamic_creds [-] Deleting project and security group for project: eb508fcc189a487abc8f95a53106cdf6
2025-12-12 20:33:46.157 67320 INFO tempest.lib.common.rest_client [req-78d23ba9-4700-47be-b655-d984b39ab9c8 req-78d23ba9-4700-47be-b655-d984b39ab9c8 ] Request (VolumesAdminNegativeTest:tearDownClass): 204 DELETE http://10.180.1.21/networking/v2.0/subnets/8658ef9c-1ef0-4223-bc84-4bd975c45c0b 0.703s
2025-12-12 20:33:46.277 67316 INFO tempest.lib.common.rest_client [req-51c9fdd1-1f81-4f56-bf95-636da035198c req-51c9fdd1-1f81-4f56-bf95-636da035198c ] Request (ServerDiagnosticsV248Test:tearDownClass): 200 GET http://10.180.1.21/networking/v2.0/security-groups?tenant_id=eb508fcc189a487abc8f95a53106cdf6&name=default 0.625s
2025-12-12 20:33:46.688 67320 INFO tempest.lib.common.rest_client [req-3a6667f2-e230-4ea8-9294-a5c6bb663343 req-3a6667f2-e230-4ea8-9294-a5c6bb663343 ] Request (VolumesAdminNegativeTest:tearDownClass): 204 DELETE http://10.180.1.21/networking/v2.0/networks/9c3312c8-88e7-4048-afda-c11c8bc11bfa 0.531s
2025-12-12 20:33:46.717 67316 INFO tempest.lib.common.rest_client [req-08201b7f-ac25-4fe9-93ff-df8c875a5378 req-08201b7f-ac25-4fe9-93ff-df8c875a5378 ] Request (ServerDiagnosticsV248Test:tearDownClass): 204 DELETE http://10.180.1.21/networking/v2.0/security-groups/7ff50e5c-12ce-44ea-b1e7-a5fea831f86a 0.439s
2025-12-12 20:33:46.762 67328 INFO tempest.lib.common.rest_client [req-5f1ddb56-86d2-49fd-a892-52b6e7287b63 req-5f1ddb56-86d2-49fd-a892-52b6e7287b63 ] Request (FloatingIPDetailsTestJSON:setUpClass): 200 POST http://10.180.1.21/compute/v2.1/os-floating-ips 3.341s
2025-12-12 20:33:46.828 67316 INFO tempest.lib.common.rest_client [req-787f7562-e47a-4bb9-a7c3-afc49a0aaed9 req-787f7562-e47a-4bb9-a7c3-afc49a0aaed9 ] Request (ServerDiagnosticsV248Test:tearDownClass): 204 DELETE http://10.180.1.21/identity/v3/projects/eb508fcc189a487abc8f95a53106cdf6 0.110s
2025-12-12 20:33:46.835 67320 INFO tempest.lib.common.rest_client [req-094744bc-635d-43e0-b7d0-e9adb6db750a req-094744bc-635d-43e0-b7d0-e9adb6db750a ] Request (VolumesAdminNegativeTest:tearDownClass): 204 DELETE http://10.180.1.21/identity/v3/users/9f51f16d35c646b299513d59a560ce73 0.146s
2025-12-12 20:33:46.842 67360 INFO tempest.lib.common.rest_client [req-7d0d4b70-59ea-4780-a6e4-c928a35c5bcd req-7d0d4b70-59ea-4780-a6e4-c928a35c5bcd ] Request (ServersAdminTestJSON:test_create_server_with_scheduling_hint): 200 GET http://10.180.1.21/compute/v2.1/servers/9fa3d896-ca4c-4e67-9449-12d2fdf21cea 3.288s
2025-12-12 20:33:46.885 67356 INFO tempest.lib.common.rest_client [req-df0bb784-859f-4f43-b2f2-52c68adec782 req-df0bb784-859f-4f43-b2f2-52c68adec782 ] Request (AttachInterfacesTestJSON:test_create_list_show_delete_interfaces_by_fixed_ip): 202 POST http://10.180.1.21/compute/v2.1/servers 4.437s
2025-12-12 20:33:46.895 67316 INFO tempest.lib.common.rest_client [req-420350e1-55c5-4786-b546-ee87a0be6267 req-420350e1-55c5-4786-b546-ee87a0be6267 ] Request (ServerActionsTestJSON:setUpClass): 201 POST http://10.180.1.21/identity/v3/auth/tokens 0.064s
2025-12-12 20:33:46.933 67320 INFO tempest.lib.common.rest_client [req-e8084ec7-f56b-46a8-84d1-d38be9807b9b req-e8084ec7-f56b-46a8-84d1-d38be9807b9b ] Request (VolumesAdminNegativeTest:tearDownClass): 204 DELETE http://10.180.1.21/identity/v3/users/98c65318b72e4227bb7e15a2e4fa56e8 0.098s
2025-12-12 20:33:46.953 67316 INFO tempest.lib.common.rest_client [req-cce07359-cb4c-4dae-9963-e7496b20a29b req-cce07359-cb4c-4dae-9963-e7496b20a29b ] Request (ServerActionsTestJSON:setUpClass): 201 POST http://10.180.1.21/identity/v3/auth/tokens 0.055s
2025-12-12 20:33:46.988 67316 INFO tempest.lib.common.rest_client [req-a57c46ea-c133-4206-97ca-e4d56f8ccac4 req-a57c46ea-c133-4206-97ca-e4d56f8ccac4 ] Request (ServerActionsTestJSON:setUpClass): 200 GET http://10.180.1.21/identity/v3/domains?name=Default 0.033s
2025-12-12 20:33:47.021 67316 INFO tempest.lib.common.rest_client [req-d79462c7-ff6d-4c59-90fe-0066f6e04ead req-d79462c7-ff6d-4c59-90fe-0066f6e04ead ] Request (ServerActionsTestJSON:setUpClass): 201 POST http://10.180.1.21/identity/v3/projects 0.031s
2025-12-12 20:33:47.026 67358 INFO tempest.lib.common.rest_client [req-5f4ad49e-c550-43c7-9d28-158ecc261755 req-5f4ad49e-c550-43c7-9d28-158ecc261755 ] Request (SecurityGroupRulesTestJSON:test_security_group_rules_create_with_optional_cidr): 200 POST http://10.180.1.21/compute/v2.1/os-security-groups 3.392s
2025-12-12 20:33:47.034 67320 INFO tempest.lib.common.rest_client [req-99f0b66b-9227-4f18-8b44-c29c5700f6ed req-99f0b66b-9227-4f18-8b44-c29c5700f6ed ] Request (VolumesAdminNegativeTest:tearDownClass): 204 DELETE http://10.180.1.21/identity/v3/users/7978d31fef1d4d73a1db0044a9fc6272 0.100s
2025-12-12 20:33:47.035 67320 INFO tempest.lib.common.dynamic_creds [-] Deleting project and security group for project: a265e281e44547bcb739a34ffb06fd3e
2025-12-12 20:33:47.051 67314 INFO tempest.lib.common.rest_client [req-b8ad67c9-e39f-4682-b439-dea3d1d92115 req-b8ad67c9-e39f-4682-b439-dea3d1d92115 ] Request (FlavorsAdminTestJSON:_run_cleanups): 202 DELETE http://10.180.1.21/compute/v2.1/flavors/515114944 3.393s
2025-12-12 20:33:47.062 67308 INFO tempest.lib.common.rest_client [req-026bc80d-60a1-416b-92a5-37e72fcdd7a7 req-026bc80d-60a1-416b-92a5-37e72fcdd7a7 ] Request (ServersNegativeTestJSON:setUpClass): 200 GET http://10.180.1.21/compute/v2.1/servers/aad28f79-406c-4d43-a0ca-05c2766950e9 3.495s
2025-12-12 20:33:47.073 67308 INFO tempest.common.waiters [-] State transition "BUILD/spawning" ==> "ACTIVE/None" after 43 second wait
2025-12-12 20:33:47.092 67320 INFO tempest.lib.common.rest_client [req-886c5cc6-e49a-494c-9652-2a17b32f63b4 req-886c5cc6-e49a-494c-9652-2a17b32f63b4 ] Request (VolumesAdminNegativeTest:tearDownClass): 200 GET http://10.180.1.21/networking/v2.0/security-groups?tenant_id=a265e281e44547bcb739a34ffb06fd3e&name=default 0.057s
2025-12-12 20:33:47.119 67354 INFO tempest.lib.common.rest_client [req-69d0b7cd-31ff-4883-a87d-b4a161701ce8 req-69d0b7cd-31ff-4883-a87d-b4a161701ce8 ] Request (ServersTestMultiNic:test_verify_multiple_nics_order): 200 GET http://10.180.1.21/compute/v2.1/servers/036b2d6c-4204-4a5c-b3a9-8269e2ec607e 3.429s
2025-12-12 20:33:47.128 67342 INFO tempest.lib.common.rest_client [req-4b5c3042-b0bc-4571-baf0-126b2737eea3 req-4b5c3042-b0bc-4571-baf0-126b2737eea3 ] Request (KeyPairsV2TestJSON:test_keypairs_create_list_delete): 200 POST http://10.180.1.21/compute/v2.1/os-keypairs 3.347s
2025-12-12 20:33:47.164 67308 INFO tempest.lib.common.rest_client [req-da519718-ab6a-40a9-92a3-2c59896a596d req-da519718-ab6a-40a9-92a3-2c59896a596d ] Request (ServersNegativeTestJSON:setUpClass): 201 POST http://10.180.1.21/identity/v3/auth/tokens 0.086s
2025-12-12 20:33:47.164 67308 INFO tempest.lib.common.fixed_network [-] (ServersNegativeTestJSON:setUpClass) Found network {'id': '6ec2f35d-901f-4412-80e6-962218a28d4f', 'name': 'tempest-ServersNegativeTestJSON-1158473175-network', 'tenant_id': 'b3a5c57af913411abb4fc0e6e376d3d1', 'project_id': 'b3a5c57af913411abb4fc0e6e376d3d1', 'admin_state_up': True, 'mtu': 8950, 'status': 'ACTIVE', 'subnets': [], 'shared': False, 'port_security_enabled': True, 'router:external': False, 'provider:network_type': 'vlan', 'provider:physical_network': 'default', 'provider:segmentation_id': 883, 'availability_zone_hints': [], 'availability_zones': [], 'ipv4_address_scope': None, 'ipv6_address_scope': None, 'description': '', 'tags': [], 'created_at': '2025-12-12T20:32:57Z', 'updated_at': '2025-12-12T20:32:57Z', 'revision_number': 1} available for tenant
2025-12-12 20:33:47.187 67316 INFO tempest.lib.common.rest_client [req-4b8dd5a8-d981-4c50-99f4-c2f8595fc96c req-4b8dd5a8-d981-4c50-99f4-c2f8595fc96c ] Request (ServerActionsTestJSON:setUpClass): 201 POST http://10.180.1.21/identity/v3/users 0.165s
2025-12-12 20:33:47.214 67316 INFO tempest.lib.common.rest_client [req-89526011-e5c7-41a2-9a09-317b22372f39 req-89526011-e5c7-41a2-9a09-317b22372f39 ] Request (ServerActionsTestJSON:setUpClass): 200 GET http://10.180.1.21/identity/v3/roles 0.026s
2025-12-12 20:33:47.229 67320 INFO tempest.lib.common.rest_client [req-697c2dc7-9b3c-460e-86cb-f1003f7e6083 req-697c2dc7-9b3c-460e-86cb-f1003f7e6083 ] Request (VolumesAdminNegativeTest:tearDownClass): 204 DELETE http://10.180.1.21/networking/v2.0/security-groups/8ed271b5-9c9b-473c-95ec-2e1b0613a6b0 0.137s
2025-12-12 20:33:47.232 67366 INFO tempest.lib.common.rest_client [req-3c7584f5-bd39-4d13-bab1-2210c5327d2c req-3c7584f5-bd39-4d13-bab1-2210c5327d2c ] Request (ImagesOneServerTestJSON:tearDownClass): 204 DELETE http://10.180.1.21/compute/v2.1/servers/29abc79d-c9b0-4def-ae2f-760d2abc3e74 3.321s
2025-12-12 20:33:47.253 67316 INFO tempest.lib.common.rest_client [req-851b4c01-6e33-456f-aa3a-e8e16f638550 req-851b4c01-6e33-456f-aa3a-e8e16f638550 ] Request (ServerActionsTestJSON:setUpClass): 204 PUT http://10.180.1.21/identity/v3/projects/a1b050188bb1427eb720ee37826ee9c9/users/41c405c7ce234306aaf580112b2fe123/roles/a1e11a02fe274de4bf750107c736b2f5 0.039s
2025-12-12 20:33:47.253 67316 INFO tempest.lib.common.dynamic_creds [-] Dynamic test user 41c405c7ce234306aaf580112b2fe123 is created with scope project and roles: ['member']
2025-12-12 20:33:47.253 67316 INFO tempest.lib.common.dynamic_creds [-] Acquired dynamic creds: credentials: Credentials: {'domain_id': 'default', 'domain_name': 'Default', 'username': 'tempest-ServerActionsTestJSON-200569060-project-member', 'project_domain_id': 'default', 'project_domain_name': 'Default', 'project_id': 'a1b050188bb1427eb720ee37826ee9c9', 'project_name': 'tempest-ServerActionsTestJSON-200569060', 'tenant_id': 'a1b050188bb1427eb720ee37826ee9c9', 'tenant_name': 'tempest-ServerActionsTestJSON-200569060', 'user_domain_id': 'default', 'user_domain_name': 'Default', 'user_id': '41c405c7ce234306aaf580112b2fe123', 'system': None}, Network: None, Subnet: None, Router: None
2025-12-12 20:33:47.310 67316 INFO tempest.lib.common.rest_client [req-a244315d-071b-4647-b713-6770cf5a9cdd req-a244315d-071b-4647-b713-6770cf5a9cdd ] Request (ServerActionsTestJSON:setUpClass): 201 POST http://10.180.1.21/identity/v3/auth/tokens 0.057s
2025-12-12 20:33:47.350 67312 INFO tempest.lib.common.rest_client [req-a2ff2e71-349f-4cc3-9720-df6d2e6cfd7c req-a2ff2e71-349f-4cc3-9720-df6d2e6cfd7c ] Request (MigrationsAdminTest:test_list_migrations_in_flavor_resize_situation): 200 GET http://10.180.1.21/compute/v2.1/servers/10afadb9-7d48-42e9-abc3-383895ef8cb5 3.531s
2025-12-12 20:33:47.351 67320 INFO tempest.lib.common.rest_client [req-04260638-5ba7-4038-ac27-58587a48c13e req-04260638-5ba7-4038-ac27-58587a48c13e ] Request (VolumesAdminNegativeTest:tearDownClass): 204 DELETE http://10.180.1.21/identity/v3/projects/a265e281e44547bcb739a34ffb06fd3e 0.121s
2025-12-12 20:33:47.351 67320 INFO tempest.lib.common.dynamic_creds [-] Deleting project and security group for project: cfb3cc6a8d264eac86f956335dc30185
2025-12-12 20:33:47.646 67316 INFO tempest.lib.common.rest_client [req-b8275f97-5e67-4da7-a5c6-9ef73ec9ac14 req-b8275f97-5e67-4da7-a5c6-9ef73ec9ac14 ] Request (ServerActionsTestJSON:setUpClass): 201 POST http://10.180.1.21/networking/v2.0/networks 0.335s
2025-12-12 20:33:47.681 67340 INFO tempest.lib.common.rest_client [req-280164b6-d4f7-4358-bfa5-811c250e6229 req-280164b6-d4f7-4358-bfa5-811c250e6229 ] Request (ListServerFiltersTestJSON:setUpClass): 200 GET http://10.180.1.21/compute/v2.1/servers/365d1f6c-5d4e-4db0-9e41-09fd18187a45 3.567s
2025-12-12 20:33:47.693 67320 INFO tempest.lib.common.rest_client [req-fd9f5c56-7c90-4f4b-a145-27310fe12e79 req-fd9f5c56-7c90-4f4b-a145-27310fe12e79 ] Request (VolumesAdminNegativeTest:tearDownClass): 200 GET http://10.180.1.21/networking/v2.0/security-groups?tenant_id=cfb3cc6a8d264eac86f956335dc30185&name=default 0.342s
2025-12-12 20:33:47.714 67318 INFO tempest.lib.common.rest_client [req-c036fef8-5a7a-4d21-b48f-b93f0a171e81 req-c036fef8-5a7a-4d21-b48f-b93f0a171e81 ] Request (ImagesOneServerNegativeTestJSON:_run_cleanups): 200 GET http://10.180.1.21/compute/v2.1/servers/ccff0e3a-5b5a-42f8-a9f3-2f01404e0a15 3.534s
2025-12-12 20:33:47.891 67316 INFO tempest.lib.common.rest_client [req-b51ef47d-43bf-43a9-a6ea-6a4a7eb5b85f req-b51ef47d-43bf-43a9-a6ea-6a4a7eb5b85f ] Request (ServerActionsTestJSON:setUpClass): 201 POST http://10.180.1.21/networking/v2.0/subnets 0.244s
2025-12-12 20:33:47.976 67320 INFO tempest.lib.common.rest_client [req-89c03946-2331-4bd9-9cc7-17e7d4dd6005 req-89c03946-2331-4bd9-9cc7-17e7d4dd6005 ] Request (VolumesAdminNegativeTest:tearDownClass): 204 DELETE http://10.180.1.21/networking/v2.0/security-groups/7ec8c493-a04a-430c-8f56-f64e104c07a8 0.282s
2025-12-12 20:33:47.999 67364 INFO tempest.lib.common.rest_client [req-bb8f83e0-be37-432e-ba7c-9047ed6de608 req-bb8f83e0-be37-432e-ba7c-9047ed6de608 ] Request (FloatingIPsAssociationTestJSON:test_associate_already_associated_floating_ip): 200 GET http://10.180.1.21/compute/v2.1/servers/456b3f88-5389-4e0f-a14a-c04e543afb1b 3.775s
2025-12-12 20:33:48.056 67320 INFO tempest.lib.common.rest_client [req-0b1ee362-f908-4062-88d8-676a98fa52d8 req-0b1ee362-f908-4062-88d8-676a98fa52d8 ] Request (VolumesAdminNegativeTest:tearDownClass): 204 DELETE http://10.180.1.21/identity/v3/projects/cfb3cc6a8d264eac86f956335dc30185 0.080s
2025-12-12 20:33:48.056 67320 INFO tempest.lib.common.dynamic_creds [-] Deleting project and security group for project: e268eb9229184631b5f23f84bec39ea9
2025-12-12 20:33:48.096 67350 INFO tempest.lib.common.rest_client [req-a30e7e5d-2876-4c27-b0d0-5f74db79ab9d req-a30e7e5d-2876-4c27-b0d0-5f74db79ab9d ] Request (SecurityGroupRulesNegativeTestJSON:test_create_security_group_rule_with_invalid_ip_protocol): 200 POST http://10.180.1.21/compute/v2.1/os-security-groups 3.738s
2025-12-12 20:33:48.118 67310 INFO tempest.lib.common.rest_client [req-6255e81e-23ad-4f9b-931d-2968a26ec62c req-6255e81e-23ad-4f9b-931d-2968a26ec62c ] Request (DeleteServersAdminTestJSON:tearDownClass): 404 DELETE http://10.180.1.21/compute/v2.1/servers/9bc17ac1-2f42-41fc-980a-963a97754e4b 3.754s
2025-12-12 20:33:48.183 67326 INFO tempest.lib.common.rest_client [req-b4f6b121-82e3-4f8e-a0ca-dd74ad4c6e9b req-b4f6b121-82e3-4f8e-a0ca-dd74ad4c6e9b ] Request (TenantUsagesTestJSON:test_list_usage_all_tenants): 200 GET http://10.180.1.21/compute/v2.1/os-simple-tenant-usage?start=2025-12-11T20%3A33%3A38.918926&end=2025-12-13T20%3A33%3A38.918926&detailed=1 3.772s
2025-12-12 20:33:48.289 67368 INFO tempest.lib.common.rest_client [req-79942585-f879-4fec-9a15-14dc3fa50c3d req-79942585-f879-4fec-9a15-14dc3fa50c3d ] Request (ServersTestBootFromVolume:tearDownClass): 204 DELETE http://10.180.1.21/compute/v2.1/servers/ef3db370-269e-455a-bad4-14991f359ceb 3.874s
2025-12-12 20:33:48.323 67306 WARNING tempest.lib.common.ssh [-] Failed to establish authenticated ssh connection to cirros@10.180.180.243 ([Errno None] Unable to connect to port 22 on 10.180.180.243). Number attempts: 8. Retry after 9 seconds.: paramiko.ssh_exception.NoValidConnectionsError: [Errno None] Unable to connect to port 22 on 10.180.180.243
2025-12-12 20:33:48.900 67316 INFO tempest.lib.common.rest_client [req-05e8204f-5e32-45d1-b800-a389a6a34c22 req-05e8204f-5e32-45d1-b800-a389a6a34c22 ] Request (ServerActionsTestJSON:setUpClass): 201 POST http://10.180.1.21/networking/v2.0/routers 1.008s
2025-12-12 20:33:48.925 67320 INFO tempest.lib.common.rest_client [req-2287ecf1-e228-4c07-8a85-f2d6837d4fba req-2287ecf1-e228-4c07-8a85-f2d6837d4fba ] Request (VolumesAdminNegativeTest:tearDownClass): 200 GET http://10.180.1.21/networking/v2.0/security-groups?tenant_id=e268eb9229184631b5f23f84bec39ea9&name=default 0.868s
2025-12-12 20:33:48.927 67325 INFO tempest.lib.common.rest_client [req-ecdab48d-70f7-434e-a1f4-0fdb0a8444b6 req-ecdab48d-70f7-434e-a1f4-0fdb0a8444b6 ] Request (ServersTestJSON:setUpClass): 200 GET http://10.180.1.21/compute/v2.1/servers/30dc9e76-238a-4b5e-b35d-ee12632533a2 4.566s
2025-12-12 20:33:48.951 67344 INFO tempest.lib.common.rest_client [req-81f2b8fd-2a91-4f43-a9bb-865086a7f4fd req-81f2b8fd-2a91-4f43-a9bb-865086a7f4fd ] Request (ServerDiagnosticsTest:tearDownClass): 200 GET http://10.180.1.21/compute/v2.1/servers/99b2503d-4d18-4c4f-abed-bba52de9c6d8 4.509s
2025-12-12 20:33:49.042 67320 INFO tempest.lib.common.rest_client [req-8f747b93-557d-4cd9-96cc-144ac8a150cf req-8f747b93-557d-4cd9-96cc-144ac8a150cf ] Request (VolumesAdminNegativeTest:tearDownClass): 204 DELETE http://10.180.1.21/networking/v2.0/security-groups/a9e0c9c6-d595-4737-aa9a-b4f6bde1aa7a 0.116s
2025-12-12 20:33:49.084 67348 INFO tempest.lib.common.rest_client [req-ca874137-60b5-4b9c-936b-100f89710bf5 req-ca874137-60b5-4b9c-936b-100f89710bf5 ] Request (ServerRescueNegativeTestJSON:setUpClass): 200 GET http://10.180.1.21/compute/v2.1/servers/426546a3-ee29-4e2b-a056-6ffb6f3d3df9 4.591s
2025-12-12 20:33:49.193 67320 INFO tempest.lib.common.rest_client [req-f20298de-5ad5-4da6-b801-c8f0b1715415 req-f20298de-5ad5-4da6-b801-c8f0b1715415 ] Request (VolumesAdminNegativeTest:tearDownClass): 204 DELETE http://10.180.1.21/identity/v3/projects/e268eb9229184631b5f23f84bec39ea9 0.150s
2025-12-12 20:33:49.229 67322 INFO tempest.lib.common.rest_client [req-ce44a118-4b0c-43dd-9167-82e68431ddb3 req-ce44a118-4b0c-43dd-9167-82e68431ddb3 ] Request (ServerAddressesTestJSON:tearDownClass): 200 GET http://10.180.1.21/compute/v2.1/servers/7bb1c4fa-4edf-4d70-98ac-cd384ac38b7e 4.488s
2025-12-12 20:33:49.262 67352 INFO tempest.lib.common.rest_client [req-5fc64aa2-8f17-4603-b30d-b7868cbac7ad req-5fc64aa2-8f17-4603-b30d-b7868cbac7ad ] Request (AttachVolumeNegativeTest:test_attach_attached_volume_to_different_server): 200 GET http://10.180.1.21/compute/v2.1/servers/8e23b70f-51ad-4e18-83d2-dbbe51fe7b01 4.757s
2025-12-12 20:33:49.269 67352 INFO tempest.common.waiters [-] State transition "BUILD/None" ==> "BUILD/spawning" after 31 second wait
2025-12-12 20:33:49.270 67320 INFO tempest.lib.common.rest_client [req-c847fd82-4ddf-43fe-adb3-86b2dc0c9f2f req-c847fd82-4ddf-43fe-adb3-86b2dc0c9f2f ] Request (ImagesDeleteNegativeTestJSON:setUpClass): 201 POST http://10.180.1.21/identity/v3/auth/tokens 0.076s
2025-12-12 20:33:49.302 67320 INFO tempest.lib.common.rest_client [req-e80e9b14-76a2-43b9-9a95-33ecadb815c9 req-e80e9b14-76a2-43b9-9a95-33ecadb815c9 ] Request (ImagesDeleteNegativeTestJSON:setUpClass): 201 POST http://10.180.1.21/identity/v3/auth/tokens 0.027s
2025-12-12 20:33:49.330 67320 INFO tempest.lib.common.rest_client [req-8f137119-c679-496f-982d-105d67d25947 req-8f137119-c679-496f-982d-105d67d25947 ] Request (ImagesDeleteNegativeTestJSON:setUpClass): 200 GET http://10.180.1.21/identity/v3/domains?name=Default 0.028s
2025-12-12 20:33:49.365 67320 INFO tempest.lib.common.rest_client [req-5ab9ce02-a8e6-45a4-81e7-ce059e098a47 req-5ab9ce02-a8e6-45a4-81e7-ce059e098a47 ] Request (ImagesDeleteNegativeTestJSON:setUpClass): 201 POST http://10.180.1.21/identity/v3/projects 0.034s
2025-12-12 20:33:49.382 67332 INFO tempest.lib.common.rest_client [req-4ac3d5f3-ab56-4495-a66d-f8dc5ba80725 req-4ac3d5f3-ab56-4495-a66d-f8dc5ba80725 ] Request (ServersListShow296Test:tearDownClass): 200 GET http://10.180.1.21/compute/v2.1/servers/393ed40d-62e7-404d-a943-4e131c07ae9a 4.493s
2025-12-12 20:33:49.404 67346 INFO tempest.lib.common.rest_client [req-fbec22bc-4999-4f3a-940d-5b76c7069ec1 req-fbec22bc-4999-4f3a-940d-5b76c7069ec1 ] Request (ServerDiskConfigTestJSON:test_rebuild_server_with_auto_disk_config): 200 GET http://10.180.1.21/compute/v2.1/servers/402bcac7-1eda-44e2-a873-9fac2038f515 4.624s
2025-12-12 20:33:49.424 67339 INFO tempest.lib.common.rest_client [req-c088b321-40de-4ad7-93d1-25f12f91a3d3 req-c088b321-40de-4ad7-93d1-25f12f91a3d3 ] Request (ServicesAdminTestJSON:test_get_service_by_host_name): 200 GET http://10.180.1.21/compute/v2.1/os-services?host=devstack 4.476s
2025-12-12 20:33:49.434 67320 INFO tempest.lib.common.rest_client [req-ad792407-9ddf-444c-81fd-8dd3d939d83a req-ad792407-9ddf-444c-81fd-8dd3d939d83a ] Request (ImagesDeleteNegativeTestJSON:setUpClass): 201 POST http://10.180.1.21/identity/v3/users 0.068s
2025-12-12 20:33:49.461 67320 INFO tempest.lib.common.rest_client [req-5eae1105-ddf0-456a-b01e-710b805e2cfd req-5eae1105-ddf0-456a-b01e-710b805e2cfd ] Request (ImagesDeleteNegativeTestJSON:setUpClass): 200 GET http://10.180.1.21/identity/v3/roles 0.027s
2025-12-12 20:33:49.488 67320 INFO tempest.lib.common.rest_client [req-cccf0f04-cdb4-4242-ad02-99f57a1912ba req-cccf0f04-cdb4-4242-ad02-99f57a1912ba ] Request (ImagesDeleteNegativeTestJSON:setUpClass): 204 PUT http://10.180.1.21/identity/v3/projects/45229306c5f04e609aab667ff4c992d6/users/fae18cc9697a440e8054d865d155ad93/roles/a1e11a02fe274de4bf750107c736b2f5 0.027s
2025-12-12 20:33:49.489 67320 INFO tempest.lib.common.dynamic_creds [-] Dynamic test user fae18cc9697a440e8054d865d155ad93 is created with scope project and roles: ['member']
2025-12-12 20:33:49.489 67320 INFO tempest.lib.common.dynamic_creds [-] Acquired dynamic creds: credentials: Credentials: {'domain_id': 'default', 'domain_name': 'Default', 'username': 'tempest-ImagesDeleteNegativeTestJSON-751480919-project-member', 'project_domain_id': 'default', 'project_domain_name': 'Default', 'project_id': '45229306c5f04e609aab667ff4c992d6', 'project_name': 'tempest-ImagesDeleteNegativeTestJSON-751480919', 'tenant_id': '45229306c5f04e609aab667ff4c992d6', 'tenant_name': 'tempest-ImagesDeleteNegativeTestJSON-751480919', 'user_domain_id': 'default', 'user_domain_name': 'Default', 'user_id': 'fae18cc9697a440e8054d865d155ad93', 'system': None}, Network: None, Subnet: None, Router: None
2025-12-12 20:33:49.489 67320 INFO tempest.lib.common.dynamic_creds [-] Created isolated network resources for: credentials: Credentials: {'domain_id': 'default', 'domain_name': 'Default', 'username': 'tempest-ImagesDeleteNegativeTestJSON-751480919-project-member', 'project_domain_id': 'default', 'project_domain_name': 'Default', 'project_id': '45229306c5f04e609aab667ff4c992d6', 'project_name': 'tempest-ImagesDeleteNegativeTestJSON-751480919', 'tenant_id': '45229306c5f04e609aab667ff4c992d6', 'tenant_name': 'tempest-ImagesDeleteNegativeTestJSON-751480919', 'user_domain_id': 'default', 'user_domain_name': 'Default', 'user_id': 'fae18cc9697a440e8054d865d155ad93', 'system': None}, Network: None, Subnet: None, Router: None
2025-12-12 20:33:49.563 67334 INFO tempest.lib.common.rest_client [req-ed7e805c-dcb9-4862-8ffe-03dbd2d3c6c1 req-ed7e805c-dcb9-4862-8ffe-03dbd2d3c6c1 ] Request (ImagesTestJSON:test_create_image_from_stopped_server): 200 GET http://10.180.1.21/compute/v2.1/servers/e580842f-b837-484b-9a31-622d25fa1999 3.769s
2025-12-12 20:33:49.603 67320 INFO tempest.lib.common.rest_client [req-47104948-4bfb-462f-a3b9-e39c8b973b6c req-47104948-4bfb-462f-a3b9-e39c8b973b6c ] Request (ImagesDeleteNegativeTestJSON:setUpClass): 201 POST http://10.180.1.21/identity/v3/auth/tokens 0.110s
2025-12-12 20:33:49.824 67316 INFO tempest.lib.common.rest_client [req-73d7d407-71de-4396-9bf4-60a10a8619ff req-73d7d407-71de-4396-9bf4-60a10a8619ff ] Request (ServerActionsTestJSON:setUpClass): 200 PUT http://10.180.1.21/networking/v2.0/routers/e854b4b3-125a-4ab1-a33c-8cfa84d3bec7/add_router_interface 0.923s
2025-12-12 20:33:49.824 67316 INFO tempest.lib.common.dynamic_creds [-] Created isolated network resources for: credentials: Credentials: {'domain_id': 'default', 'domain_name': 'Default', 'username': 'tempest-ServerActionsTestJSON-200569060-project-member', 'project_domain_id': 'default', 'project_domain_name': 'Default', 'project_id': 'a1b050188bb1427eb720ee37826ee9c9', 'project_name': 'tempest-ServerActionsTestJSON-200569060', 'tenant_id': 'a1b050188bb1427eb720ee37826ee9c9', 'tenant_name': 'tempest-ServerActionsTestJSON-200569060', 'user_domain_id': 'default', 'user_domain_name': 'Default', 'user_id': '41c405c7ce234306aaf580112b2fe123', 'system': None}, Network: {'id': '98cc3f4a-9e96-4841-8eec-8f2e36201fd3', 'name': 'tempest-ServerActionsTestJSON-958664697-network', 'tenant_id': 'a1b050188bb1427eb720ee37826ee9c9', 'project_id': 'a1b050188bb1427eb720ee37826ee9c9', 'admin_state_up': True, 'mtu': 8950, 'status': 'ACTIVE', 'subnets': [], 'shared': False, 'port_security_enabled': True, 'router:external': False, 'provider:network_type': 'vlan', 'provider:physical_network': 'default', 'provider:segmentation_id': 521, 'availability_zone_hints': [], 'availability_zones': [], 'ipv4_address_scope': None, 'ipv6_address_scope': None, 'description': '', 'tags': [], 'created_at': '2025-12-12T20:33:47Z', 'updated_at': '2025-12-12T20:33:47Z', 'revision_number': 1}, Subnet: {'id': '78930597-8702-454f-97ee-4a470a708a6d', 'name': 'tempest-ServerActionsTestJSON-958664697-subnet', 'tenant_id': 'a1b050188bb1427eb720ee37826ee9c9', 'network_id': '98cc3f4a-9e96-4841-8eec-8f2e36201fd3', 'ip_version': 4, 'subnetpool_id': None, 'enable_dhcp': True, 'ipv6_ra_mode': None, 'ipv6_address_mode': None, 'gateway_ip': '192.168.128.1', 'cidr': '192.168.128.0/28', 'allocation_pools': [{'start': '192.168.128.2', 'end': '192.168.128.14'}], 'host_routes': [], 'dns_nameservers': [], 'description': '', 'router:external': False, 'service_types': [], 'tags': [], 'created_at': '2025-12-12T20:33:47Z', 'updated_at': '2025-12-12T20:33:47Z', 'revision_number': 0, 'project_id': 'a1b050188bb1427eb720ee37826ee9c9'}, Router: {'id': 'e854b4b3-125a-4ab1-a33c-8cfa84d3bec7', 'name': 'tempest-ServerActionsTestJSON-958664697-router', 'tenant_id': 'a1b050188bb1427eb720ee37826ee9c9', 'admin_state_up': True, 'status': 'ACTIVE', 'external_gateway_info': {'network_id': '80036bc7-e286-4b9e-a492-849e7a2923b5', 'external_fixed_ips': [{'subnet_id': '29bca444-df54-4c9c-97ac-27058ee6f8ad', 'ip_address': '10.180.180.138'}], 'enable_snat': True}, 'description': '', 'availability_zones': [], 'distributed': False, 'ha': False, 'availability_zone_hints': [], 'routes': [], 'flavor_id': None, 'tags': [], 'created_at': '2025-12-12T20:33:48Z', 'updated_at': '2025-12-12T20:33:48Z', 'revision_number': 2, 'project_id': 'a1b050188bb1427eb720ee37826ee9c9'}
2025-12-12 20:33:49.836 67362 INFO tempest.lib.common.rest_client [req-e3ff3ebe-a997-4bfe-adb3-5bad28032c68 req-e3ff3ebe-a997-4bfe-adb3-5bad28032c68 ] Request (ServerRescueTestJSON:test_rescue_unrescue_instance): 200 GET http://10.180.1.21/compute/v2.1/servers/264e9bbe-ce70-4c0d-9ad1-9277cc37f8b0 4.479s
2025-12-12 20:33:49.844 67362 INFO tempest.common.waiters [-] State transition "RESCUE/unrescuing" ==> "ACTIVE/None" after 5 second wait
2025-12-12 20:33:49.900 67356 INFO tempest.lib.common.rest_client [req-505afa96-d354-4adc-9858-0802064a9674 req-505afa96-d354-4adc-9858-0802064a9674 ] Request (AttachInterfacesTestJSON:test_create_list_show_delete_interfaces_by_fixed_ip): 200 GET http://10.180.1.21/compute/v2.1/servers/c5c6e760-b7d0-488d-a953-61dea0e0276c 3.013s
2025-12-12 20:33:49.941 67316 INFO tempest.lib.common.rest_client [req-cb70e6ac-ebaf-40e8-a6cd-f4f98077e685 req-cb70e6ac-ebaf-40e8-a6cd-f4f98077e685 ] Request (ServerActionsTestJSON:setUpClass): 201 POST http://10.180.1.21/identity/v3/auth/tokens 0.114s
2025-12-12 20:33:50.115 67358 INFO tempest.lib.common.rest_client [req-eb1e3563-ff7a-4e8d-8938-ed710fb13352 req-eb1e3563-ff7a-4e8d-8938-ed710fb13352 ] Request (SecurityGroupRulesTestJSON:test_security_group_rules_create_with_optional_cidr): 200 POST http://10.180.1.21/compute/v2.1/os-security-group-rules 3.084s
