2025-12-12 20:35:07.677 67362 INFO tempest.lib.common.rest_client [req-690b7606-52e5-48bd-9675-df5415320198 req-690b7606-52e5-48bd-9675-df5415320198 ] Request (ServerRescueTestJSON:tearDownClass): 200 GET http://10.180.1.21/compute/v2.1/servers/11c5191c-fd82-4381-b032-1f10b503971e 2.522s
2025-12-12 20:35:07.720 67348 INFO tempest.lib.common.rest_client [req-ce5e857e-81a0-442f-bc97-da9a13851d16 req-ce5e857e-81a0-442f-bc97-da9a13851d16 ] Request (ServerRescueNegativeTestJSON:test_rescued_vm_detach_volume): 200 GET http://10.180.1.21/volume/v3/volumes/92c149cb-1e9b-4922-b597-1d82589d00d7 0.039s
2025-12-12 20:35:07.776 67328 INFO tempest.lib.common.rest_client [req-2bbfcca6-9ce3-43c6-bc8e-e3061f9d7933 req-2bbfcca6-9ce3-43c6-bc8e-e3061f9d7933 ] Request (ServerPasswordTestJSON:setUpClass): 200 GET http://10.180.1.21/compute/v2.1/servers/8f86567e-20c5-4021-abbd-c695aa5e931f 2.568s
2025-12-12 20:35:07.785 67328 INFO tempest.common.waiters [-] State transition "BUILD/spawning" ==> "ACTIVE/None" after 49 second wait
2025-12-12 20:35:07.794 67334 INFO tempest.lib.common.rest_client [req-1f9f9cc3-15a5-4a51-88ae-21d7ed36305a req-1f9f9cc3-15a5-4a51-88ae-21d7ed36305a ] Request (ImagesTestJSON:test_create_image_from_suspended_server): 200 GET http://10.180.1.21/compute/v2.1/servers/d24952f2-0995-4f9a-9136-14a8cd90590b 2.571s
2025-12-12 20:35:07.804 67334 INFO tempest.common.waiters [-] State transition "BUILD/scheduling" ==> "BUILD/None" after 13 second wait
2025-12-12 20:35:07.852 67330 INFO tempest.lib.common.rest_client [req-f54e8b1d-efd8-487c-ae7e-5398d2bfd273 req-f54e8b1d-efd8-487c-ae7e-5398d2bfd273 ] Request (ServersWithSpecificFlavorTestJSON:test_verify_created_server_ephemeral_disk): 200 GET http://10.180.1.21/compute/v2.1/servers/e52ab49f-9a3a-48b4-85be-4eec4cf7a205 2.576s
2025-12-12 20:35:07.869 67350 INFO tempest.lib.common.rest_client [req-ce56056d-361f-49a6-81ac-001880c67e34 req-ce56056d-361f-49a6-81ac-001880c67e34 ] Request (InstanceActionsTestJSON:setUpClass): 200 GET http://10.180.1.21/compute/v2.1/servers/ccb430f5-1a75-4187-8e61-e69e351767fc 2.574s
2025-12-12 20:35:08.017 67364 INFO tempest.lib.common.rest_client [req-4a94bed2-5d0b-4971-8f65-6f39a1b832df req-4a94bed2-5d0b-4971-8f65-6f39a1b832df ] Request (FloatingIPsAssociationTestJSON:tearDownClass): 200 GET http://10.180.1.21/compute/v2.1/servers/456b3f88-5389-4e0f-a14a-c04e543afb1b 2.637s
2025-12-12 20:35:08.052 67320 INFO tempest.lib.common.rest_client [req-7a08ba00-8b93-4b8f-a62f-b2fbee4c936f req-7a08ba00-8b93-4b8f-a62f-b2fbee4c936f ] Request (ServersTestManualDisk:setUpClass): 200 GET http://10.180.1.21/compute/v2.1/servers/3afff19c-dd06-4e50-999d-14208b450526 2.723s
2025-12-12 20:35:08.068 67320 INFO tempest.lib.common.ssh [-] Creating ssh connection to '10.180.180.178:22' as 'cirros' with public key authentication
2025-12-12 20:35:08.225 67312 INFO tempest.lib.common.rest_client [req-2ca757d1-3d40-44c7-baf0-57ada33767f2 req-2ca757d1-3d40-44c7-baf0-57ada33767f2 ] Request (MigrationsAdminTest:test_resize_server_revert_deleted_flavor): 200 GET http://10.180.1.21/compute/v2.1/servers/37611de6-9171-4f9f-8d16-edcead9cc3e2 2.814s
2025-12-12 20:35:08.254 67318 INFO tempest.lib.common.rest_client [req-0293db30-980a-4e4f-959a-e2f73367ef13 req-0293db30-980a-4e4f-959a-e2f73367ef13 ] Request (ImagesOneServerNegativeTestJSON:tearDown): 200 GET http://10.180.1.21/compute/v2.1/servers/eef1b779-4952-4b2a-95c0-cc094143ea90 2.590s
2025-12-12 20:35:08.266 67318 INFO tempest.common.waiters [-] State transition "ACTIVE/image_pending_upload" ==> "ACTIVE/image_uploading" after 4 second wait
2025-12-12 20:35:08.298 67340 INFO tempest.lib.common.rest_client [req-f7a81f9e-db84-483d-8890-59b376da921b req-f7a81f9e-db84-483d-8890-59b376da921b ] Request (ListServerFiltersTestJSON:tearDownClass): 200 GET http://10.180.1.21/compute/v2.1/servers/67b2ae53-9910-4c12-8723-d7160216395d 2.177s
2025-12-12 20:35:08.314 67326 INFO tempest.lib.common.rest_client [req-4546a602-1b41-4f83-bbc8-5adce3a79a9d req-4546a602-1b41-4f83-bbc8-5adce3a79a9d ] Request (ListImageFiltersTestJSON:setUpClass): 200 GET http://10.180.1.21/compute/v2.1/servers/36bcbf6a-8749-48b4-b27f-ed0cd0fd560d 2.139s
2025-12-12 20:35:08.381 67344 INFO tempest.lib.common.rest_client [req-d88ae8b9-a58e-42a3-90f6-b86c20b77806 req-d88ae8b9-a58e-42a3-90f6-b86c20b77806 ] Request (ServerShowV257Test:test_rebuild_server): 200 GET http://10.180.1.21/compute/v2.1/servers/4b6a7cad-b2a5-4308-997b-e7efda1118f9 1.547s
2025-12-12 20:35:08.391 67344 INFO tempest.common.waiters [-] State transition "REBUILD/rebuild_spawning" ==> "ACTIVE/None" after 13 second wait
2025-12-12 20:35:08.492 67306 INFO tempest.lib.common.rest_client [req-cc54e671-f633-41f4-8988-9ae7ca82f390 req-cc54e671-f633-41f4-8988-9ae7ca82f390 ] Request (VolumesAssistedSnapshotsTest:tearDownClass): 200 GET http://10.180.1.21/compute/v2.1/servers/db180da7-9f7c-4060-8ffd-f0ef3487e4ce 1.337s
2025-12-12 20:35:08.520 67360 INFO tempest.lib.common.rest_client [req-99f7b63f-07c8-47e7-9b7b-6e0f97ba2b27 req-99f7b63f-07c8-47e7-9b7b-6e0f97ba2b27 ] Request (ServersAdminTestJSON:test_inject_network_info): 200 GET http://10.180.1.21/compute/v2.1/servers/adb2667f-1546-4b8c-9b94-4262fd337673 1.677s
2025-12-12 20:35:08.530 67360 INFO tempest.common.waiters [-] State transition "BUILD/None" ==> "BUILD/block_device_mapping" after 42 second wait
2025-12-12 20:35:08.608 67328 INFO tempest.lib.common.rest_client [req-bd5bf50d-60bf-411b-b55a-47e8d553a3b4 req-bd5bf50d-60bf-411b-b55a-47e8d553a3b4 ] Request (ServerPasswordTestJSON:test_delete_server_password): 204 DELETE http://10.180.1.21/compute/v2.1/servers/8f86567e-20c5-4021-abbd-c695aa5e931f/os-server-password 0.822s
2025-12-12 20:35:08.660 67325 WARNING tempest.lib.common.ssh [-] Failed to establish authenticated ssh connection to cirros@10.180.180.169 ([Errno None] Unable to connect to port 22 on 10.180.180.169). Number attempts: 7. Retry after 8 seconds.: paramiko.ssh_exception.NoValidConnectionsError: [Errno None] Unable to connect to port 22 on 10.180.180.169
2025-12-12 20:35:08.759 67348 INFO tempest.lib.common.rest_client [req-a05ecc53-86b6-4fdb-ae72-25de4f95d8d2 req-a05ecc53-86b6-4fdb-ae72-25de4f95d8d2 ] Request (ServerRescueNegativeTestJSON:test_rescued_vm_detach_volume): 200 GET http://10.180.1.21/volume/v3/volumes/92c149cb-1e9b-4922-b597-1d82589d00d7 0.030s
2025-12-12 20:35:08.767 67348 INFO tempest.common.waiters [-] volume 92c149cb-1e9b-4922-b597-1d82589d00d7 reached available after waiting for 1.767838 seconds
2025-12-12 20:35:08.852 67346 INFO tempest.lib.common.rest_client [req-9b01f5aa-eb65-48f2-8bb3-b884763418bc req-9b01f5aa-eb65-48f2-8bb3-b884763418bc ] Request (ServerDiskConfigTestJSON:test_rebuild_server_with_manual_disk_config): 200 GET http://10.180.1.21/compute/v2.1/servers/14a25588-727d-49d8-bd69-fe6d6f4a9e92 0.754s
2025-12-12 20:35:09.048 67339 INFO tempest.lib.common.rest_client [req-b5b55c32-b799-4510-948a-989e95a7766b req-b5b55c32-b799-4510-948a-989e95a7766b ] Request (AttachInterfacesUnderV243Test:test_add_remove_fixed_ip): 200 GET http://10.180.1.21/compute/v2.1/servers/45f768d4-ec58-4cd5-a5ba-f3067f4845ae 0.803s
2025-12-12 20:35:09.309 67336 INFO tempest.lib.common.rest_client [req-6d78475a-3de4-43e4-9f3b-f680f9f4314b req-6d78475a-3de4-43e4-9f3b-f680f9f4314b ] Request (ServerActionsTestOtherA:test_rebuild_server_in_stop_state): 200 GET http://10.180.1.21/compute/v2.1/servers/5f89a5a8-369a-473c-9c15-949b38518d3f 0.997s
2025-12-12 20:35:09.359 67354 INFO tempest.lib.common.rest_client [req-76fb84c0-aa67-4861-9ac5-0fc976d6cedb req-76fb84c0-aa67-4861-9ac5-0fc976d6cedb ] Request (ServerAddressesNegativeTestJSON:setUpClass): 202 POST http://10.180.1.21/compute/v2.1/servers 2.199s
2025-12-12 20:35:09.413 67344 INFO tempest.lib.common.rest_client [req-c6d56368-1504-4feb-ac59-ad3b0bd1793b req-c6d56368-1504-4feb-ac59-ad3b0bd1793b ] Request (ServerShowV257Test:tearDownClass): 204 DELETE http://10.180.1.21/compute/v2.1/servers/4b6a7cad-b2a5-4308-997b-e7efda1118f9 1.019s
2025-12-12 20:35:09.448 67316 WARNING tempest.lib.common.ssh [-] Failed to establish authenticated ssh connection to cirros@10.180.180.236 ([Errno None] Unable to connect to port 22 on 10.180.180.236). Number attempts: 3. Retry after 4 seconds.: paramiko.ssh_exception.NoValidConnectionsError: [Errno None] Unable to connect to port 22 on 10.180.180.236
2025-12-12 20:35:09.514 67366 INFO tempest.lib.common.rest_client [req-f73d1e23-20fe-4dde-9050-60d74b2634ec req-f73d1e23-20fe-4dde-9050-60d74b2634ec ] Request (ServersAaction247Test:test_create_backup): 200 GET http://10.180.1.21/compute/v2.1/servers/c1ea8c73-fba1-47c2-9df6-285418b5a1f2 1.117s
2025-12-12 20:35:09.522 67310 INFO tempest.lib.common.rest_client [req-4610b466-b3a0-4d23-9ee9-7be973612f4f req-4610b466-b3a0-4d23-9ee9-7be973612f4f ] Request (ServerMetadataTestJSON:setUpClass): 200 GET http://10.180.1.21/compute/v2.1/servers/b598aded-ecf2-4298-a41f-8c4c6dc2dbcc 1.061s
2025-12-12 20:35:09.575 67328 INFO tempest.lib.common.rest_client [req-7c02c715-4699-449f-a4b1-d9aa5515746e req-7c02c715-4699-449f-a4b1-d9aa5515746e ] Request (ServerPasswordTestJSON:test_get_server_password): 200 GET http://10.180.1.21/compute/v2.1/servers/8f86567e-20c5-4021-abbd-c695aa5e931f/os-server-password 0.964s
2025-12-12 20:35:09.623 67308 INFO tempest.lib.common.rest_client [req-a3c4b564-7a7f-438c-be52-276f8355c547 req-a3c4b564-7a7f-438c-be52-276f8355c547 ] Request (ServersNegativeTestJSON:setUpClass): 200 GET http://10.180.1.21/compute/v2.1/servers/0bcf8586-9540-4e61-b794-ef3b60bab0a4 1.040s
2025-12-12 20:35:09.665 67362 INFO tempest.lib.common.rest_client [req-03420952-881a-4ba3-b524-34455a6a9b5a req-03420952-881a-4ba3-b524-34455a6a9b5a ] Request (ServerRescueTestJSON:tearDownClass): 200 GET http://10.180.1.21/compute/v2.1/servers/11c5191c-fd82-4381-b032-1f10b503971e 0.975s
2025-12-12 20:35:09.680 67348 INFO tempest.lib.common.rest_client [req-449e29c0-da32-4201-8f80-b8c6aad36ae3 req-449e29c0-da32-4201-8f80-b8c6aad36ae3 ] Request (ServerRescueNegativeTestJSON:test_rescued_vm_detach_volume): 200 POST http://10.180.1.21/compute/v2.1/os-keypairs 0.910s
2025-12-12 20:35:09.795 67348 INFO tempest.lib.common.rest_client [req-a259c823-5921-4c1a-8bf1-ebc190b0da8c req-a259c823-5921-4c1a-8bf1-ebc190b0da8c ] Request (ServerRescueNegativeTestJSON:test_rescued_vm_detach_volume): 201 POST http://10.180.1.21/networking/v2.0/security-groups 0.113s
2025-12-12 20:35:09.822 67334 INFO tempest.lib.common.rest_client [req-a1286fde-3eaf-43df-826b-ea00c2f150a2 req-a1286fde-3eaf-43df-826b-ea00c2f150a2 ] Request (ImagesTestJSON:test_create_image_from_suspended_server): 200 GET http://10.180.1.21/compute/v2.1/servers/d24952f2-0995-4f9a-9136-14a8cd90590b 1.017s
2025-12-12 20:35:09.837 67330 INFO tempest.lib.common.rest_client [req-2b7de5ed-0cf2-4978-8abe-e452a9d34900 req-2b7de5ed-0cf2-4978-8abe-e452a9d34900 ] Request (ServersWithSpecificFlavorTestJSON:test_verify_created_server_ephemeral_disk): 200 GET http://10.180.1.21/compute/v2.1/servers/e52ab49f-9a3a-48b4-85be-4eec4cf7a205 0.969s
2025-12-12 20:35:09.902 67350 INFO tempest.lib.common.rest_client [req-2894f81f-e98f-4de0-8779-81c59decafb3 req-2894f81f-e98f-4de0-8779-81c59decafb3 ] Request (InstanceActionsTestJSON:setUpClass): 200 GET http://10.180.1.21/compute/v2.1/servers/ccb430f5-1a75-4187-8e61-e69e351767fc 1.022s
2025-12-12 20:35:09.927 67364 INFO tempest.lib.common.rest_client [req-22892398-7da4-421b-872f-d397da900914 req-22892398-7da4-421b-872f-d397da900914 ] Request (FloatingIPsAssociationTestJSON:tearDownClass): 200 GET http://10.180.1.21/compute/v2.1/servers/456b3f88-5389-4e0f-a14a-c04e543afb1b 0.901s
2025-12-12 20:35:09.949 67348 INFO tempest.lib.common.rest_client [req-2e8f694e-1ddd-4bdf-989e-0a79e3372846 req-2e8f694e-1ddd-4bdf-989e-0a79e3372846 ] Request (ServerRescueNegativeTestJSON:test_rescued_vm_detach_volume): 201 POST http://10.180.1.21/networking/v2.0/security-group-rules 0.153s
2025-12-12 20:35:10.082 67348 INFO tempest.lib.common.rest_client [req-0f504d06-c255-424c-ae2d-4817f028c174 req-0f504d06-c255-424c-ae2d-4817f028c174 ] Request (ServerRescueNegativeTestJSON:test_rescued_vm_detach_volume): 201 POST http://10.180.1.21/networking/v2.0/security-group-rules 0.132s
2025-12-12 20:35:10.130 67312 INFO tempest.lib.common.rest_client [req-666cf27e-6b84-48ea-8d77-a7c62258bd1a req-666cf27e-6b84-48ea-8d77-a7c62258bd1a ] Request (MigrationsAdminTest:test_resize_server_revert_deleted_flavor): 200 GET http://10.180.1.21/compute/v2.1/servers/37611de6-9171-4f9f-8d16-edcead9cc3e2 0.893s
2025-12-12 20:35:10.193 67318 INFO tempest.lib.common.rest_client [req-9157307b-891b-4f89-b247-688fd97bac57 req-9157307b-891b-4f89-b247-688fd97bac57 ] Request (ImagesOneServerNegativeTestJSON:tearDown): 200 GET http://10.180.1.21/compute/v2.1/servers/eef1b779-4952-4b2a-95c0-cc094143ea90 0.925s
2025-12-12 20:35:10.200 67318 INFO tempest.common.waiters [-] State transition "ACTIVE/image_uploading" ==> "ACTIVE/None" after 6 second wait
2025-12-12 20:35:10.213 67340 INFO tempest.lib.common.rest_client [req-bbba4a93-a4d3-4084-8521-d23ae23a819f req-bbba4a93-a4d3-4084-8521-d23ae23a819f ] Request (ListServerFiltersTestJSON:tearDownClass): 200 GET http://10.180.1.21/compute/v2.1/servers/67b2ae53-9910-4c12-8723-d7160216395d 0.905s
2025-12-12 20:35:10.251 67326 INFO tempest.lib.common.rest_client [req-29cc2485-6779-400c-958f-bc5426b66909 req-29cc2485-6779-400c-958f-bc5426b66909 ] Request (ListImageFiltersTestJSON:setUpClass): 200 GET http://10.180.1.21/compute/v2.1/servers/36bcbf6a-8749-48b4-b27f-ed0cd0fd560d 0.928s
2025-12-12 20:35:10.265 67354 INFO tempest.lib.common.rest_client [req-60c64478-1881-4761-b0ae-66d4aab01521 req-60c64478-1881-4761-b0ae-66d4aab01521 ] Request (ServerAddressesNegativeTestJSON:setUpClass): 200 GET http://10.180.1.21/compute/v2.1/servers/ced595de-867f-4806-9c07-fb1fdb6e56fc 0.902s
2025-12-12 20:35:10.311 67344 INFO tempest.lib.common.rest_client [req-a85d2f36-08fc-4fb9-aebe-0a730f7589ab req-a85d2f36-08fc-4fb9-aebe-0a730f7589ab ] Request (ServerShowV257Test:tearDownClass): 200 GET http://10.180.1.21/compute/v2.1/servers/4b6a7cad-b2a5-4308-997b-e7efda1118f9 0.897s
2025-12-12 20:35:10.336 67306 INFO tempest.lib.common.rest_client [req-aab3168c-b47e-487b-ba41-af9cc294cb74 req-aab3168c-b47e-487b-ba41-af9cc294cb74 ] Request (VolumesAssistedSnapshotsTest:tearDownClass): 200 GET http://10.180.1.21/compute/v2.1/servers/db180da7-9f7c-4060-8ffd-f0ef3487e4ce 0.830s
2025-12-12 20:35:10.441 67360 INFO tempest.lib.common.rest_client [req-3814b3eb-897f-44f8-9ff2-01a200564c52 req-3814b3eb-897f-44f8-9ff2-01a200564c52 ] Request (ServersAdminTestJSON:test_inject_network_info): 200 GET http://10.180.1.21/compute/v2.1/servers/adb2667f-1546-4b8c-9b94-4262fd337673 0.910s
2025-12-12 20:35:10.451 67360 INFO tempest.common.waiters [-] State transition "BUILD/block_device_mapping" ==> "BUILD/spawning" after 44 second wait
2025-12-12 20:35:10.457 67328 INFO tempest.lib.common.rest_client [req-e5e79f9c-764c-4726-8a30-aacbcb510f82 req-e5e79f9c-764c-4726-8a30-aacbcb510f82 ] Request (ServerPasswordTestJSON:tearDownClass): 204 DELETE http://10.180.1.21/compute/v2.1/servers/8f86567e-20c5-4021-abbd-c695aa5e931f 0.879s
2025-12-12 20:35:10.652 67339 INFO tempest.lib.common.rest_client [req-6d4a7a46-af51-4355-86f1-e990987990a9 req-6d4a7a46-af51-4355-86f1-e990987990a9 ] Request (AttachInterfacesUnderV243Test:test_add_remove_fixed_ip): 200 GET http://10.180.1.21/compute/v2.1/servers/45f768d4-ec58-4cd5-a5ba-f3067f4845ae 0.593s
2025-12-12 20:35:10.662 67348 INFO tempest.lib.common.rest_client [req-b5b96d6a-2f00-4881-b6d9-403d0bc1cab7 req-b5b96d6a-2f00-4881-b6d9-403d0bc1cab7 ] Request (ServerRescueNegativeTestJSON:test_rescued_vm_detach_volume): 201 POST http://10.180.1.21/networking/v2.0/floatingips 0.580s
2025-12-12 20:35:10.689 67346 INFO tempest.lib.common.rest_client [req-eef24c55-00a9-4046-9e7f-1ddcc4e7ff41 req-eef24c55-00a9-4046-9e7f-1ddcc4e7ff41 ] Request (ServerDiskConfigTestJSON:test_rebuild_server_with_manual_disk_config): 200 GET http://10.180.1.21/compute/v2.1/servers/14a25588-727d-49d8-bd69-fe6d6f4a9e92 0.816s
2025-12-12 20:35:10.736 67342 WARNING tempest.lib.common.ssh [-] Failed to establish authenticated ssh connection to cirros@10.180.180.177 ([Errno None] Unable to connect to port 22 on 10.180.180.177). Number attempts: 1. Retry after 2 seconds.: paramiko.ssh_exception.NoValidConnectionsError: [Errno None] Unable to connect to port 22 on 10.180.180.177
2025-12-12 20:35:10.752 67348 INFO tempest.lib.common.rest_client [req-e913f7d9-eaac-4dbb-8cc9-3915dbc38984 req-e913f7d9-eaac-4dbb-8cc9-3915dbc38984 ] Request (ServerRescueNegativeTestJSON:test_rescued_vm_detach_volume): 201 POST http://10.180.1.21/identity/v3/auth/tokens 0.087s
2025-12-12 20:35:10.752 67348 INFO tempest.lib.common.fixed_network [-] (ServerRescueNegativeTestJSON:test_rescued_vm_detach_volume) Found network {'id': 'aad75997-8f7c-460d-a4e9-cd780946a267', 'name': 'tempest-ServerRescueNegativeTestJSON-888344821-network', 'tenant_id': 'e7e57c9e32ef40b1a1403e71892cc146', 'project_id': 'e7e57c9e32ef40b1a1403e71892cc146', 'admin_state_up': True, 'mtu': 8950, 'status': 'ACTIVE', 'subnets': [], 'shared': False, 'port_security_enabled': True, 'router:external': False, 'provider:network_type': 'vlan', 'provider:physical_network': 'default', 'provider:segmentation_id': 39, 'availability_zone_hints': [], 'availability_zones': [], 'ipv4_address_scope': None, 'ipv6_address_scope': None, 'description': '', 'tags': [], 'created_at': '2025-12-12T20:33:07Z', 'updated_at': '2025-12-12T20:33:07Z', 'revision_number': 1} available for tenant
2025-12-12 20:35:10.789 67318 INFO tempest.lib.common.rest_client [req-bd1576f3-9a5b-476e-913f-6e4ab9d65a9c req-bd1576f3-9a5b-476e-913f-6e4ab9d65a9c ] Request (ImagesOneServerNegativeTestJSON:_run_cleanups): 204 DELETE http://10.180.1.21/compute/v2.1/servers/eef1b779-4952-4b2a-95c0-cc094143ea90 0.588s
2025-12-12 20:35:10.885 67336 INFO tempest.lib.common.rest_client [req-06c19bb0-bff8-4b01-8be0-e0cd17087e6e req-06c19bb0-bff8-4b01-8be0-e0cd17087e6e ] Request (ServerActionsTestOtherA:test_rebuild_server_in_stop_state): 200 GET http://10.180.1.21/compute/v2.1/servers/5f89a5a8-369a-473c-9c15-949b38518d3f 0.565s
2025-12-12 20:35:10.894 67336 INFO tempest.common.waiters [-] State transition "REBUILD/rebuild_spawning" ==> "ACTIVE/powering-off" after 11 second wait
2025-12-12 20:35:10.965 67328 INFO tempest.lib.common.rest_client [req-f9263e54-836c-41a2-bb96-0292bcef4ed7 req-f9263e54-836c-41a2-bb96-0292bcef4ed7 ] Request (ServerPasswordTestJSON:tearDownClass): 200 GET http://10.180.1.21/compute/v2.1/servers/8f86567e-20c5-4021-abbd-c695aa5e931f 0.508s
2025-12-12 20:35:10.969 67366 INFO tempest.lib.common.rest_client [req-7574ce1b-2427-4226-92c1-3422d17de722 req-7574ce1b-2427-4226-92c1-3422d17de722 ] Request (ServersAaction247Test:test_create_backup): 200 GET http://10.180.1.21/compute/v2.1/servers/c1ea8c73-fba1-47c2-9df6-285418b5a1f2 0.445s
2025-12-12 20:35:11.036 67310 INFO tempest.lib.common.rest_client [req-dfec7402-95d0-4ec0-a041-562db4e7b348 req-dfec7402-95d0-4ec0-a041-562db4e7b348 ] Request (ServerMetadataTestJSON:setUpClass): 200 GET http://10.180.1.21/compute/v2.1/servers/b598aded-ecf2-4298-a41f-8c4c6dc2dbcc 0.494s
2025-12-12 20:35:11.054 67308 INFO tempest.lib.common.rest_client [req-5836ab02-feaf-4940-a775-a30ace416cf6 req-5836ab02-feaf-4940-a775-a30ace416cf6 ] Request (ServersNegativeTestJSON:setUpClass): 200 GET http://10.180.1.21/compute/v2.1/servers/0bcf8586-9540-4e61-b794-ef3b60bab0a4 0.417s
2025-12-12 20:35:11.120 67362 INFO tempest.lib.common.rest_client [req-c77ee2c9-3097-4a84-9659-9888c51c543d req-c77ee2c9-3097-4a84-9659-9888c51c543d ] Request (ServerRescueTestJSON:tearDownClass): 200 GET http://10.180.1.21/compute/v2.1/servers/11c5191c-fd82-4381-b032-1f10b503971e 0.444s
2025-12-12 20:35:11.177 67320 WARNING tempest.lib.common.ssh [-] Failed to establish authenticated ssh connection to cirros@10.180.180.178 ([Errno None] Unable to connect to port 22 on 10.180.180.178). Number attempts: 1. Retry after 2 seconds.: paramiko.ssh_exception.NoValidConnectionsError: [Errno None] Unable to connect to port 22 on 10.180.180.178
2025-12-12 20:35:11.294 67318 INFO tempest.lib.common.rest_client [req-7ff57006-f841-4287-b41d-2116c5507fc9 req-7ff57006-f841-4287-b41d-2116c5507fc9 ] Request (ImagesOneServerNegativeTestJSON:_run_cleanups): 200 GET http://10.180.1.21/compute/v2.1/servers/eef1b779-4952-4b2a-95c0-cc094143ea90 0.505s
2025-12-12 20:35:11.366 67334 INFO tempest.lib.common.rest_client [req-77d1ae68-f5f9-43f8-b157-f857be95ed21 req-77d1ae68-f5f9-43f8-b157-f857be95ed21 ] Request (ImagesTestJSON:test_create_image_from_suspended_server): 200 GET http://10.180.1.21/compute/v2.1/servers/d24952f2-0995-4f9a-9136-14a8cd90590b 0.531s
2025-12-12 20:35:11.418 67330 INFO tempest.lib.common.rest_client [req-5d4bfcd5-1fae-4584-9482-bfd4853e440e req-5d4bfcd5-1fae-4584-9482-bfd4853e440e ] Request (ServersWithSpecificFlavorTestJSON:test_verify_created_server_ephemeral_disk): 200 GET http://10.180.1.21/compute/v2.1/servers/e52ab49f-9a3a-48b4-85be-4eec4cf7a205 0.573s
2025-12-12 20:35:11.467 67350 INFO tempest.lib.common.rest_client [req-72564659-e301-4842-b51d-7bd5146a2b9a req-72564659-e301-4842-b51d-7bd5146a2b9a ] Request (InstanceActionsTestJSON:setUpClass): 200 GET http://10.180.1.21/compute/v2.1/servers/ccb430f5-1a75-4187-8e61-e69e351767fc 0.551s
2025-12-12 20:35:11.537 67364 INFO tempest.lib.common.rest_client [req-9e343c61-4a9e-4b52-a69b-da8b3a9812f4 req-9e343c61-4a9e-4b52-a69b-da8b3a9812f4 ] Request (FloatingIPsAssociationTestJSON:tearDownClass): 200 GET http://10.180.1.21/compute/v2.1/servers/456b3f88-5389-4e0f-a14a-c04e543afb1b 0.601s
2025-12-12 20:35:11.537 67348 INFO tempest.lib.common.rest_client [req-7fe52e4d-05be-4f9a-9ac8-7d24f7b83a4c req-7fe52e4d-05be-4f9a-9ac8-7d24f7b83a4c ] Request (ServerRescueNegativeTestJSON:test_rescued_vm_detach_volume): 202 POST http://10.180.1.21/compute/v2.1/servers 0.783s
2025-12-12 20:35:11.608 67340 INFO tempest.lib.common.rest_client [req-fed91695-4e7e-4314-b7f1-2535f5e6abe1 req-fed91695-4e7e-4314-b7f1-2535f5e6abe1 ] Request (ListServerFiltersTestJSON:tearDownClass): 200 GET http://10.180.1.21/compute/v2.1/servers/67b2ae53-9910-4c12-8723-d7160216395d 0.387s
2025-12-12 20:35:11.653 67312 INFO tempest.lib.common.rest_client [req-81da6674-2935-4f24-9126-e9fe305f5ae6 req-81da6674-2935-4f24-9126-e9fe305f5ae6 ] Request (MigrationsAdminTest:test_resize_server_revert_deleted_flavor): 200 GET http://10.180.1.21/compute/v2.1/servers/37611de6-9171-4f9f-8d16-edcead9cc3e2 0.513s
2025-12-12 20:35:11.680 67326 INFO tempest.lib.common.rest_client [req-b36b4bfb-e9ff-4565-965f-422ebf3acdc7 req-b36b4bfb-e9ff-4565-965f-422ebf3acdc7 ] Request (ListImageFiltersTestJSON:setUpClass): 200 GET http://10.180.1.21/compute/v2.1/servers/36bcbf6a-8749-48b4-b27f-ed0cd0fd560d 0.421s
2025-12-12 20:35:11.735 67354 INFO tempest.lib.common.rest_client [req-594bd67c-8c63-4027-8c1c-4623726ab998 req-594bd67c-8c63-4027-8c1c-4623726ab998 ] Request (ServerAddressesNegativeTestJSON:setUpClass): 200 GET http://10.180.1.21/compute/v2.1/servers/ced595de-867f-4806-9c07-fb1fdb6e56fc 0.460s
2025-12-12 20:35:11.766 67344 INFO tempest.lib.common.rest_client [req-26607be6-ce8d-4fb4-bcd4-55581a00d717 req-26607be6-ce8d-4fb4-bcd4-55581a00d717 ] Request (ServerShowV257Test:tearDownClass): 200 GET http://10.180.1.21/compute/v2.1/servers/4b6a7cad-b2a5-4308-997b-e7efda1118f9 0.443s
2025-12-12 20:35:11.810 67306 INFO tempest.lib.common.rest_client [req-9b6ee81c-024b-4a00-96e4-143d8520de53 req-9b6ee81c-024b-4a00-96e4-143d8520de53 ] Request (VolumesAssistedSnapshotsTest:tearDownClass): 200 GET http://10.180.1.21/compute/v2.1/servers/db180da7-9f7c-4060-8ffd-f0ef3487e4ce 0.463s
2025-12-12 20:35:11.865 67348 INFO tempest.lib.common.rest_client [req-31160976-ef17-4ef3-800f-b466c356e37b req-31160976-ef17-4ef3-800f-b466c356e37b ] Request (ServerRescueNegativeTestJSON:test_rescued_vm_detach_volume): 200 GET http://10.180.1.21/compute/v2.1/servers/50a8bb0b-623c-41be-b3df-dfc41e46f08a 0.326s
2025-12-12 20:35:11.905 67360 INFO tempest.lib.common.rest_client [req-adf82161-ac19-4312-848d-7a83e2c8896b req-adf82161-ac19-4312-848d-7a83e2c8896b ] Request (ServersAdminTestJSON:test_inject_network_info): 200 GET http://10.180.1.21/compute/v2.1/servers/adb2667f-1546-4b8c-9b94-4262fd337673 0.452s
2025-12-12 20:35:11.931 67339 INFO tempest.lib.common.rest_client [req-2739e9d2-3437-41c9-ac70-81a0f76c62cf req-2739e9d2-3437-41c9-ac70-81a0f76c62cf ] Request (AttachInterfacesUnderV243Test:test_add_remove_fixed_ip): 200 GET http://10.180.1.21/compute/v2.1/servers/45f768d4-ec58-4cd5-a5ba-f3067f4845ae 0.266s
2025-12-12 20:35:12.037 67336 INFO tempest.lib.common.rest_client [req-b7880af9-6ee9-4e99-a06c-b32d0c8802f5 req-b7880af9-6ee9-4e99-a06c-b32d0c8802f5 ] Request (ServerActionsTestOtherA:test_rebuild_server_in_stop_state): 200 GET http://10.180.1.21/compute/v2.1/servers/5f89a5a8-369a-473c-9c15-949b38518d3f 0.141s
2025-12-12 20:35:12.047 67346 INFO tempest.lib.common.rest_client [req-0c023f23-526e-44b2-beb9-59cbb35fa804 req-0c023f23-526e-44b2-beb9-59cbb35fa804 ] Request (ServerDiskConfigTestJSON:test_rebuild_server_with_manual_disk_config): 200 GET http://10.180.1.21/compute/v2.1/servers/14a25588-727d-49d8-bd69-fe6d6f4a9e92 0.346s
2025-12-12 20:35:12.062 67356 WARNING tempest.lib.common.ssh [-] Failed to establish authenticated ssh connection to cirros@10.180.180.244 ([Errno None] Unable to connect to port 22 on 10.180.180.244). Number attempts: 6. Retry after 7 seconds.: paramiko.ssh_exception.NoValidConnectionsError: [Errno None] Unable to connect to port 22 on 10.180.180.244
2025-12-12 20:35:12.115 67366 INFO tempest.lib.common.rest_client [req-0d78070c-fd72-4606-8652-276e308e3f56 req-0d78070c-fd72-4606-8652-276e308e3f56 ] Request (ServersAaction247Test:test_create_backup): 200 GET http://10.180.1.21/compute/v2.1/servers/c1ea8c73-fba1-47c2-9df6-285418b5a1f2 0.133s
2025-12-12 20:35:12.180 67310 INFO tempest.lib.common.rest_client [req-b8a452b5-6ff8-431d-88a7-766c74e8feba req-b8a452b5-6ff8-431d-88a7-766c74e8feba ] Request (ServerMetadataTestJSON:setUpClass): 200 GET http://10.180.1.21/compute/v2.1/servers/b598aded-ecf2-4298-a41f-8c4c6dc2dbcc 0.137s
2025-12-12 20:35:12.196 67328 INFO tempest.lib.common.rest_client [req-18ff75cf-aa08-4079-8cb7-0c3bf6582ffa req-18ff75cf-aa08-4079-8cb7-0c3bf6582ffa ] Request (ServerPasswordTestJSON:tearDownClass): 200 GET http://10.180.1.21/compute/v2.1/servers/8f86567e-20c5-4021-abbd-c695aa5e931f 0.222s
2025-12-12 20:35:12.206 67308 INFO tempest.lib.common.rest_client [req-0fd23c9b-97cb-44ef-9732-45849fafeb96 req-0fd23c9b-97cb-44ef-9732-45849fafeb96 ] Request (ServersNegativeTestJSON:setUpClass): 404 GET http://10.180.1.21/compute/v2.1/servers/0bcf8586-9540-4e61-b794-ef3b60bab0a4 0.141s
2025-12-12 20:35:12.273 67362 INFO tempest.lib.common.rest_client [req-c61a6d0e-9fd5-439e-bcae-4d43d3117ebc req-c61a6d0e-9fd5-439e-bcae-4d43d3117ebc ] Request (ServerRescueTestJSON:tearDownClass): 200 GET http://10.180.1.21/compute/v2.1/servers/11c5191c-fd82-4381-b032-1f10b503971e 0.141s
2025-12-12 20:35:12.349 67308 INFO tempest.lib.common.rest_client [req-e65bbd8b-023d-4675-9d7b-b6b439658e5b req-e65bbd8b-023d-4675-9d7b-b6b439658e5b ] Request (ServersNegativeTestJSON:setUp): 200 GET http://10.180.1.21/compute/v2.1/servers/aad28f79-406c-4d43-a0ca-05c2766950e9 0.141s
2025-12-12 20:35:12.426 67318 INFO tempest.lib.common.rest_client [req-00b343f0-6b72-453c-ae8e-e28637ebb9a6 req-00b343f0-6b72-453c-ae8e-e28637ebb9a6 ] Request (ImagesOneServerNegativeTestJSON:_run_cleanups): 200 GET http://10.180.1.21/compute/v2.1/servers/eef1b779-4952-4b2a-95c0-cc094143ea90 0.123s
2025-12-12 20:35:12.440 67308 INFO tempest.lib.common.rest_client [req-29b17536-4e21-4461-997f-b48aafdfb405 req-29b17536-4e21-4461-997f-b48aafdfb405 ] Request (ServersNegativeTestJSON:test_create_numeric_server_name): 201 POST http://10.180.1.21/identity/v3/auth/tokens 0.080s
2025-12-12 20:35:12.440 67308 INFO tempest.lib.common.fixed_network [-] (ServersNegativeTestJSON:test_create_numeric_server_name) Found network {'id': '6ec2f35d-901f-4412-80e6-962218a28d4f', 'name': 'tempest-ServersNegativeTestJSON-1158473175-network', 'tenant_id': 'b3a5c57af913411abb4fc0e6e376d3d1', 'project_id': 'b3a5c57af913411abb4fc0e6e376d3d1', 'admin_state_up': True, 'mtu': 8950, 'status': 'ACTIVE', 'subnets': [], 'shared': False, 'port_security_enabled': True, 'router:external': False, 'provider:network_type': 'vlan', 'provider:physical_network': 'default', 'provider:segmentation_id': 883, 'availability_zone_hints': [], 'availability_zones': [], 'ipv4_address_scope': None, 'ipv6_address_scope': None, 'description': '', 'tags': [], 'created_at': '2025-12-12T20:32:57Z', 'updated_at': '2025-12-12T20:32:57Z', 'revision_number': 1} available for tenant
2025-12-12 20:35:12.443 67334 INFO tempest.lib.common.rest_client [req-8232c47a-a1dc-44fc-b660-97b22fb965b0 req-8232c47a-a1dc-44fc-b660-97b22fb965b0 ] Request (ImagesTestJSON:test_create_image_from_suspended_server): 200 GET http://10.180.1.21/compute/v2.1/servers/d24952f2-0995-4f9a-9136-14a8cd90590b 0.069s
2025-12-12 20:35:12.451 67308 INFO tempest.lib.common.rest_client [req-2101031c-ffc1-45f9-81a1-a79b58f0d1b9 req-2101031c-ffc1-45f9-81a1-a79b58f0d1b9 ] Request (ServersNegativeTestJSON:test_create_numeric_server_name): 400 POST http://10.180.1.21/compute/v2.1/servers 0.010s
2025-12-12 20:35:12.493 67330 INFO tempest.lib.common.rest_client [req-fccc07f3-cc77-4d43-bdd0-f1539669c889 req-fccc07f3-cc77-4d43-bdd0-f1539669c889 ] Request (ServersWithSpecificFlavorTestJSON:test_verify_created_server_ephemeral_disk): 200 GET http://10.180.1.21/compute/v2.1/servers/e52ab49f-9a3a-48b4-85be-4eec4cf7a205 0.065s
2025-12-12 20:35:12.580 67350 INFO tempest.lib.common.rest_client [req-f1111f63-d0f7-496d-9b9f-a31dcd14ba10 req-f1111f63-d0f7-496d-9b9f-a31dcd14ba10 ] Request (InstanceActionsTestJSON:setUpClass): 200 GET http://10.180.1.21/compute/v2.1/servers/ccb430f5-1a75-4187-8e61-e69e351767fc 0.106s
2025-12-12 20:35:12.619 67308 INFO tempest.lib.common.rest_client [req-bad68849-8a22-45af-babe-2f940d7706f7 req-bad68849-8a22-45af-babe-2f940d7706f7 ] Request (ServersNegativeTestJSON:tearDown): 200 GET http://10.180.1.21/compute/v2.1/servers/aad28f79-406c-4d43-a0ca-05c2766950e9 0.167s
2025-12-12 20:35:12.662 67364 INFO tempest.lib.common.rest_client [req-59abb2cd-6365-4c44-8493-5994fa1c151d req-59abb2cd-6365-4c44-8493-5994fa1c151d ] Request (FloatingIPsAssociationTestJSON:tearDownClass): 200 GET http://10.180.1.21/compute/v2.1/servers/456b3f88-5389-4e0f-a14a-c04e543afb1b 0.117s
2025-12-12 20:35:12.709 67340 INFO tempest.lib.common.rest_client [req-73fd5921-cacf-44b8-bcfb-68f0f5a04f7b req-73fd5921-cacf-44b8-bcfb-68f0f5a04f7b ] Request (ListServerFiltersTestJSON:tearDownClass): 200 GET http://10.180.1.21/compute/v2.1/servers/67b2ae53-9910-4c12-8723-d7160216395d 0.092s
2025-12-12 20:35:12.836 67308 INFO tempest.lib.common.rest_client [req-43013696-5920-49eb-bd4e-498cc27f0999 req-43013696-5920-49eb-bd4e-498cc27f0999 ] Request (ServersNegativeTestJSON:setUp): 200 GET http://10.180.1.21/compute/v2.1/servers/aad28f79-406c-4d43-a0ca-05c2766950e9 0.208s
2025-12-12 20:35:12.881 67312 INFO tempest.lib.common.rest_client [req-5d78c0e2-5537-4535-916a-6f1b737bb328 req-5d78c0e2-5537-4535-916a-6f1b737bb328 ] Request (MigrationsAdminTest:test_resize_server_revert_deleted_flavor): 200 GET http://10.180.1.21/compute/v2.1/servers/37611de6-9171-4f9f-8d16-edcead9cc3e2 0.215s
2025-12-12 20:35:12.916 67326 INFO tempest.lib.common.rest_client [req-2d928294-c907-4100-9afb-06ff5e00c8e2 req-2d928294-c907-4100-9afb-06ff5e00c8e2 ] Request (ListImageFiltersTestJSON:setUpClass): 200 GET http://10.180.1.21/compute/v2.1/servers/36bcbf6a-8749-48b4-b27f-ed0cd0fd560d 0.226s
2025-12-12 20:35:12.951 67354 INFO tempest.lib.common.rest_client [req-7590114e-c3b2-4f97-94e6-11431642e79f req-7590114e-c3b2-4f97-94e6-11431642e79f ] Request (ServerAddressesNegativeTestJSON:setUpClass): 200 GET http://10.180.1.21/compute/v2.1/servers/ced595de-867f-4806-9c07-fb1fdb6e56fc 0.207s
2025-12-12 20:35:12.997 67344 INFO tempest.lib.common.rest_client [req-2ea60d74-d134-495c-bdf3-e0b5295f5ea4 req-2ea60d74-d134-495c-bdf3-e0b5295f5ea4 ] Request (ServerShowV257Test:tearDownClass): 200 GET http://10.180.1.21/compute/v2.1/servers/4b6a7cad-b2a5-4308-997b-e7efda1118f9 0.220s
2025-12-12 20:35:13.030 67308 INFO tempest.lib.common.rest_client [req-ba152f41-eb9f-40e9-b5a4-e85a70215d61 req-ba152f41-eb9f-40e9-b5a4-e85a70215d61 ] Request (ServersNegativeTestJSON:test_create_server_from_non_bootable_volume): 202 POST http://10.180.1.21/volume/v3/volumes 0.180s
2025-12-12 20:35:13.038 67306 INFO tempest.lib.common.rest_client [req-251d4a05-8631-4c11-8800-3969d4c2a5c0 req-251d4a05-8631-4c11-8800-3969d4c2a5c0 ] Request (VolumesAssistedSnapshotsTest:tearDownClass): 200 GET http://10.180.1.21/compute/v2.1/servers/db180da7-9f7c-4060-8ffd-f0ef3487e4ce 0.219s
2025-12-12 20:35:13.069 67308 INFO tempest.lib.common.rest_client [req-a6c95e96-f3b5-44d9-bbfe-323b11fc3090 req-a6c95e96-f3b5-44d9-bbfe-323b11fc3090 ] Request (ServersNegativeTestJSON:test_create_server_from_non_bootable_volume): 200 GET http://10.180.1.21/volume/v3/volumes/9051446a-27e6-45ef-9bad-bc22c8d46534 0.032s
2025-12-12 20:35:13.070 67348 INFO tempest.lib.common.rest_client [req-848beb0e-ee78-4291-8867-11d40ac37b0b req-848beb0e-ee78-4291-8867-11d40ac37b0b ] Request (ServerRescueNegativeTestJSON:test_rescued_vm_detach_volume): 200 GET http://10.180.1.21/compute/v2.1/servers/50a8bb0b-623c-41be-b3df-dfc41e46f08a 0.195s
2025-12-12 20:35:13.190 67339 INFO tempest.lib.common.rest_client [req-8b4940bb-e9a7-478f-b636-701d9636a368 req-8b4940bb-e9a7-478f-b636-701d9636a368 ] Request (AttachInterfacesUnderV243Test:test_add_remove_fixed_ip): 200 GET http://10.180.1.21/compute/v2.1/servers/45f768d4-ec58-4cd5-a5ba-f3067f4845ae 0.251s
2025-12-12 20:35:13.225 67360 INFO tempest.lib.common.rest_client [req-05fefc78-eef5-4d66-960d-bfd199be3344 req-05fefc78-eef5-4d66-960d-bfd199be3344 ] Request (ServersAdminTestJSON:test_inject_network_info): 200 GET http://10.180.1.21/compute/v2.1/servers/adb2667f-1546-4b8c-9b94-4262fd337673 0.310s
2025-12-12 20:35:13.328 67336 INFO tempest.lib.common.rest_client [req-1caea053-3577-4432-a65c-98faa9a9d089 req-1caea053-3577-4432-a65c-98faa9a9d089 ] Request (ServerActionsTestOtherA:test_rebuild_server_in_stop_state): 200 GET http://10.180.1.21/compute/v2.1/servers/5f89a5a8-369a-473c-9c15-949b38518d3f 0.282s
2025-12-12 20:35:13.329 67346 INFO tempest.lib.common.rest_client [req-a640a7e4-9de2-4a15-8378-5195e7db3f2c req-a640a7e4-9de2-4a15-8378-5195e7db3f2c ] Request (ServerDiskConfigTestJSON:test_rebuild_server_with_manual_disk_config): 200 GET http://10.180.1.21/compute/v2.1/servers/14a25588-727d-49d8-bd69-fe6d6f4a9e92 0.271s
2025-12-12 20:35:13.338 67336 INFO tempest.common.waiters [-] State transition "ACTIVE/powering-off" ==> "SHUTOFF/None" after 14 second wait
2025-12-12 20:35:13.382 67366 INFO tempest.lib.common.rest_client [req-f7447705-3b51-44af-ab58-8fd604bfccf0 req-f7447705-3b51-44af-ab58-8fd604bfccf0 ] Request (ServersAaction247Test:test_create_backup): 200 GET http://10.180.1.21/compute/v2.1/servers/c1ea8c73-fba1-47c2-9df6-285418b5a1f2 0.257s
2025-12-12 20:35:13.382 67310 INFO tempest.lib.common.rest_client [req-560cc48c-1249-4e94-975f-842cd9f953a8 req-560cc48c-1249-4e94-975f-842cd9f953a8 ] Request (ServerMetadataTestJSON:setUpClass): 200 GET http://10.180.1.21/compute/v2.1/servers/b598aded-ecf2-4298-a41f-8c4c6dc2dbcc 0.193s
2025-12-12 20:35:13.439 67328 INFO tempest.lib.common.rest_client [req-875bd1ba-2313-4a8e-a707-a7973e01a155 req-875bd1ba-2313-4a8e-a707-a7973e01a155 ] Request (ServerPasswordTestJSON:tearDownClass): 200 GET http://10.180.1.21/compute/v2.1/servers/8f86567e-20c5-4021-abbd-c695aa5e931f 0.235s
2025-12-12 20:35:13.480 67362 INFO tempest.lib.common.rest_client [req-485e8abf-a85e-467b-866e-3299711a1dbb req-485e8abf-a85e-467b-866e-3299711a1dbb ] Request (ServerRescueTestJSON:tearDownClass): 200 GET http://10.180.1.21/compute/v2.1/servers/11c5191c-fd82-4381-b032-1f10b503971e 0.198s
2025-12-12 20:35:13.531 67318 INFO tempest.lib.common.rest_client [req-fa28118a-3db4-4118-8080-aa9183601121 req-fa28118a-3db4-4118-8080-aa9183601121 ] Request (ImagesOneServerNegativeTestJSON:_run_cleanups): 200 GET http://10.180.1.21/compute/v2.1/servers/eef1b779-4952-4b2a-95c0-cc094143ea90 0.095s
2025-12-12 20:35:13.536 67336 INFO tempest.lib.common.rest_client [req-c6c7d886-3118-4948-a0aa-8123229eaf6e req-c6c7d886-3118-4948-a0aa-8123229eaf6e ] Request (ServerActionsTestOtherA:test_rebuild_server_in_stop_state): 200 GET http://10.180.1.21/compute/v2.1/servers/5f89a5a8-369a-473c-9c15-949b38518d3f 0.198s
2025-12-12 20:35:13.578 67334 INFO tempest.lib.common.rest_client [req-5be844f6-5a23-4940-9533-9193c613180e req-5be844f6-5a23-4940-9533-9193c613180e ] Request (ImagesTestJSON:test_create_image_from_suspended_server): 200 GET http://10.180.1.21/compute/v2.1/servers/d24952f2-0995-4f9a-9136-14a8cd90590b 0.126s
2025-12-12 20:35:13.584 67330 INFO tempest.lib.common.rest_client [req-76986b9b-d8a4-4fab-962e-3da598430794 req-76986b9b-d8a4-4fab-962e-3da598430794 ] Request (ServersWithSpecificFlavorTestJSON:test_verify_created_server_ephemeral_disk): 200 GET http://10.180.1.21/compute/v2.1/servers/e52ab49f-9a3a-48b4-85be-4eec4cf7a205 0.083s
2025-12-12 20:35:13.645 67350 INFO tempest.lib.common.rest_client [req-483480dc-f562-474e-8c71-ec118a58a740 req-483480dc-f562-474e-8c71-ec118a58a740 ] Request (InstanceActionsTestJSON:setUpClass): 200 GET http://10.180.1.21/compute/v2.1/servers/ccb430f5-1a75-4187-8e61-e69e351767fc 0.055s
2025-12-12 20:35:13.696 67336 INFO tempest.lib.common.rest_client [req-d0d1a04c-ce6a-4724-82c6-f829dd3c0f59 req-d0d1a04c-ce6a-4724-82c6-f829dd3c0f59 ] Request (ServerActionsTestOtherA:tearDown): 200 GET http://10.180.1.21/compute/v2.1/servers/a7567670-024b-40c0-8cb3-0673b0529d12 0.153s
2025-12-12 20:35:13.752 67364 INFO tempest.lib.common.rest_client [req-16e3a410-f6a4-4db7-a586-80c57f2cf042 req-16e3a410-f6a4-4db7-a586-80c57f2cf042 ] Request (FloatingIPsAssociationTestJSON:tearDownClass): 200 GET http://10.180.1.21/compute/v2.1/servers/456b3f88-5389-4e0f-a14a-c04e543afb1b 0.079s
2025-12-12 20:35:13.781 67336 INFO tempest.lib.common.rest_client [req-4b53d4f2-2a0f-496f-8ad0-9bc5b3330702 req-4b53d4f2-2a0f-496f-8ad0-9bc5b3330702 ] Request (ServerActionsTestOtherA:_run_cleanups): 204 DELETE http://10.180.1.21/compute/v2.1/servers/5f89a5a8-369a-473c-9c15-949b38518d3f 0.076s
2025-12-12 20:35:13.800 67342 WARNING tempest.lib.common.ssh [-] Failed to establish authenticated ssh connection to cirros@10.180.180.177 ([Errno None] Unable to connect to port 22 on 10.180.180.177). Number attempts: 2. Retry after 3 seconds.: paramiko.ssh_exception.NoValidConnectionsError: [Errno None] Unable to connect to port 22 on 10.180.180.177
2025-12-12 20:35:13.807 67340 INFO tempest.lib.common.rest_client [req-6c08df05-e61a-47bd-a5e6-46aa722a795f req-6c08df05-e61a-47bd-a5e6-46aa722a795f ] Request (ListServerFiltersTestJSON:tearDownClass): 200 GET http://10.180.1.21/compute/v2.1/servers/67b2ae53-9910-4c12-8723-d7160216395d 0.090s
2025-12-12 20:35:13.878 67336 INFO tempest.lib.common.rest_client [req-8580c7c9-7353-421e-813e-b978f94a1db6 req-8580c7c9-7353-421e-813e-b978f94a1db6 ] Request (ServerActionsTestOtherA:_run_cleanups): 200 GET http://10.180.1.21/compute/v2.1/servers/5f89a5a8-369a-473c-9c15-949b38518d3f 0.097s
2025-12-12 20:35:13.975 67326 INFO tempest.lib.common.rest_client [req-4e28b4ab-d12c-4939-9604-9666ad4c8fe6 req-4e28b4ab-d12c-4939-9604-9666ad4c8fe6 ] Request (ListImageFiltersTestJSON:setUpClass): 200 GET http://10.180.1.21/compute/v2.1/servers/36bcbf6a-8749-48b4-b27f-ed0cd0fd560d 0.051s
2025-12-12 20:35:13.996 67312 INFO tempest.lib.common.rest_client [req-edf7a299-37c3-4302-b9ec-0bdbe1e1ca51 req-edf7a299-37c3-4302-b9ec-0bdbe1e1ca51 ] Request (MigrationsAdminTest:test_resize_server_revert_deleted_flavor): 200 GET http://10.180.1.21/compute/v2.1/servers/37611de6-9171-4f9f-8d16-edcead9cc3e2 0.104s
2025-12-12 20:35:14.028 67354 INFO tempest.lib.common.rest_client [req-819c76cb-1913-4691-b77c-c5dea1f26bd2 req-819c76cb-1913-4691-b77c-c5dea1f26bd2 ] Request (ServerAddressesNegativeTestJSON:setUpClass): 200 GET http://10.180.1.21/compute/v2.1/servers/ced595de-867f-4806-9c07-fb1fdb6e56fc 0.069s
2025-12-12 20:35:14.076 67344 INFO tempest.lib.common.rest_client [req-cba90a0f-3349-4dab-8fd4-65441dcc53ad req-cba90a0f-3349-4dab-8fd4-65441dcc53ad ] Request (ServerShowV257Test:tearDownClass): 200 GET http://10.180.1.21/compute/v2.1/servers/4b6a7cad-b2a5-4308-997b-e7efda1118f9 0.068s
2025-12-12 20:35:14.084 67344 INFO tempest.common.waiters [-] State transition "ACTIVE/deleting" ==> "DELETED/None" after 4 second wait
2025-12-12 20:35:14.109 67308 INFO tempest.lib.common.rest_client [req-284c7ef6-59b1-4821-a0f3-db89b653a4dc req-284c7ef6-59b1-4821-a0f3-db89b653a4dc ] Request (ServersNegativeTestJSON:test_create_server_from_non_bootable_volume): 200 GET http://10.180.1.21/volume/v3/volumes/9051446a-27e6-45ef-9bad-bc22c8d46534 0.030s
2025-12-12 20:35:14.115 67306 INFO tempest.lib.common.rest_client [req-bbf69547-315e-4a41-b825-ec886eb8d8c9 req-bbf69547-315e-4a41-b825-ec886eb8d8c9 ] Request (VolumesAssistedSnapshotsTest:tearDownClass): 200 GET http://10.180.1.21/compute/v2.1/servers/db180da7-9f7c-4060-8ffd-f0ef3487e4ce 0.064s
2025-12-12 20:35:14.116 67308 INFO tempest.common.waiters [-] volume 9051446a-27e6-45ef-9bad-bc22c8d46534 reached available after waiting for 1.116147 seconds
2025-12-12 20:35:14.140 67308 INFO tempest.lib.common.rest_client [req-f7f1ffb7-ccd5-41bb-88cd-7290d3922f42 req-f7f1ffb7-ccd5-41bb-88cd-7290d3922f42 ] Request (ServersNegativeTestJSON:test_create_server_from_non_bootable_volume): 200 POST http://10.180.1.21/volume/v3/volumes/9051446a-27e6-45ef-9bad-bc22c8d46534/action 0.023s
2025-12-12 20:35:14.141 67348 INFO tempest.lib.common.rest_client [req-4e648a9b-4ded-41b3-a5c3-e4ad576356da req-4e648a9b-4ded-41b3-a5c3-e4ad576356da ] Request (ServerRescueNegativeTestJSON:test_rescued_vm_detach_volume): 200 GET http://10.180.1.21/compute/v2.1/servers/50a8bb0b-623c-41be-b3df-dfc41e46f08a 0.059s
2025-12-12 20:35:14.163 67308 INFO tempest.lib.common.rest_client [req-78080693-d5b9-439e-9395-e8cb3bf13805 req-78080693-d5b9-439e-9395-e8cb3bf13805 ] Request (ServersNegativeTestJSON:test_create_server_from_non_bootable_volume): 200 GET http://10.180.1.21/volume/v3/volumes/9051446a-27e6-45ef-9bad-bc22c8d46534 0.023s
2025-12-12 20:35:14.207 67308 INFO tempest.lib.common.rest_client [req-842b1280-8ba8-4476-9edd-b7f871f35190 req-842b1280-8ba8-4476-9edd-b7f871f35190 ] Request (ServersNegativeTestJSON:test_create_server_from_non_bootable_volume): 201 POST http://10.180.1.21/identity/v3/auth/tokens 0.036s
2025-12-12 20:35:14.208 67308 INFO tempest.lib.common.fixed_network [-] (ServersNegativeTestJSON:test_create_server_from_non_bootable_volume) Found network {'id': '6ec2f35d-901f-4412-80e6-962218a28d4f', 'name': 'tempest-ServersNegativeTestJSON-1158473175-network', 'tenant_id': 'b3a5c57af913411abb4fc0e6e376d3d1', 'project_id': 'b3a5c57af913411abb4fc0e6e376d3d1', 'admin_state_up': True, 'mtu': 8950, 'status': 'ACTIVE', 'subnets': [], 'shared': False, 'port_security_enabled': True, 'router:external': False, 'provider:network_type': 'vlan', 'provider:physical_network': 'default', 'provider:segmentation_id': 883, 'availability_zone_hints': [], 'availability_zones': [], 'ipv4_address_scope': None, 'ipv6_address_scope': None, 'description': '', 'tags': [], 'created_at': '2025-12-12T20:32:57Z', 'updated_at': '2025-12-12T20:32:57Z', 'revision_number': 1} available for tenant
2025-12-12 20:35:14.247 67320 WARNING tempest.lib.common.ssh [-] Failed to establish authenticated ssh connection to cirros@10.180.180.178 ([Errno None] Unable to connect to port 22 on 10.180.180.178). Number attempts: 2. Retry after 3 seconds.: paramiko.ssh_exception.NoValidConnectionsError: [Errno None] Unable to connect to port 22 on 10.180.180.178
2025-12-12 20:35:14.257 67308 INFO tempest.lib.common.rest_client [req-42938d86-f9db-4489-9919-261872117e46 req-42938d86-f9db-4489-9919-261872117e46 ] Request (ServersNegativeTestJSON:test_create_server_from_non_bootable_volume): 400 POST http://10.180.1.21/compute/v2.1/servers 0.049s
2025-12-12 20:35:14.258 67339 INFO tempest.lib.common.rest_client [req-72a586d4-297c-44c5-8e4f-35b9bfdb4641 req-72a586d4-297c-44c5-8e4f-35b9bfdb4641 ] Request (AttachInterfacesUnderV243Test:test_add_remove_fixed_ip): 200 GET http://10.180.1.21/compute/v2.1/servers/45f768d4-ec58-4cd5-a5ba-f3067f4845ae 0.058s
2025-12-12 20:35:14.359 67360 INFO tempest.lib.common.rest_client [req-c7b7ce29-3f23-497f-9024-a88c70e3a083 req-c7b7ce29-3f23-497f-9024-a88c70e3a083 ] Request (ServersAdminTestJSON:test_inject_network_info): 200 GET http://10.180.1.21/compute/v2.1/servers/adb2667f-1546-4b8c-9b94-4262fd337673 0.127s
2025-12-12 20:35:14.360 67308 INFO tempest.lib.common.rest_client [req-f1d45a57-a607-4074-88e5-a35f64aeb1b9 req-f1d45a57-a607-4074-88e5-a35f64aeb1b9 ] Request (ServersNegativeTestJSON:tearDown): 200 GET http://10.180.1.21/compute/v2.1/servers/aad28f79-406c-4d43-a0ca-05c2766950e9 0.102s
2025-12-12 20:35:14.466 67308 INFO tempest.lib.common.rest_client [req-cb51fae1-9129-4fb5-ab23-4ebf856709ee req-cb51fae1-9129-4fb5-ab23-4ebf856709ee ] Request (ServersNegativeTestJSON:setUp): 200 GET http://10.180.1.21/compute/v2.1/servers/aad28f79-406c-4d43-a0ca-05c2766950e9 0.098s
2025-12-12 20:35:14.507 67346 INFO tempest.lib.common.rest_client [req-035580db-3006-4b46-971e-24db810fc95b req-035580db-3006-4b46-971e-24db810fc95b ] Request (ServerDiskConfigTestJSON:test_rebuild_server_with_manual_disk_config): 200 GET http://10.180.1.21/compute/v2.1/servers/14a25588-727d-49d8-bd69-fe6d6f4a9e92 0.169s
2025-12-12 20:35:14.520 67310 INFO tempest.lib.common.rest_client [req-283eb96a-c123-42f7-bc90-94719d4c9255 req-283eb96a-c123-42f7-bc90-94719d4c9255 ] Request (ServerMetadataTestJSON:setUpClass): 200 GET http://10.180.1.21/compute/v2.1/servers/b598aded-ecf2-4298-a41f-8c4c6dc2dbcc 0.129s
2025-12-12 20:35:14.569 67366 INFO tempest.lib.common.rest_client [req-7bfc4049-b3f8-4c8d-8973-6fee8b3f0d16 req-7bfc4049-b3f8-4c8d-8973-6fee8b3f0d16 ] Request (ServersAaction247Test:test_create_backup): 200 GET http://10.180.1.21/compute/v2.1/servers/c1ea8c73-fba1-47c2-9df6-285418b5a1f2 0.178s
2025-12-12 20:35:14.594 67362 INFO tempest.lib.common.rest_client [req-6c69a40b-b968-45f1-bff3-37bfd3bd62ce req-6c69a40b-b968-45f1-bff3-37bfd3bd62ce ] Request (ServerRescueTestJSON:tearDownClass): 404 GET http://10.180.1.21/compute/v2.1/servers/11c5191c-fd82-4381-b032-1f10b503971e 0.106s
2025-12-12 20:35:14.599 67328 INFO tempest.lib.common.rest_client [req-5fb688d8-ce6c-42d5-8853-8db1188ca492 req-5fb688d8-ce6c-42d5-8853-8db1188ca492 ] Request (ServerPasswordTestJSON:tearDownClass): 200 GET http://10.180.1.21/compute/v2.1/servers/8f86567e-20c5-4021-abbd-c695aa5e931f 0.152s
2025-12-12 20:35:14.608 67328 INFO tempest.common.waiters [-] State transition "ACTIVE/deleting" ==> "DELETED/None" after 4 second wait
2025-12-12 20:35:14.614 67308 INFO tempest.lib.common.rest_client [req-4362036c-c280-48ff-aed7-5b91b24673e1 req-4362036c-c280-48ff-aed7-5b91b24673e1 ] Request (ServersNegativeTestJSON:test_create_server_invalid_bdm_in_2nd_dict): 202 POST http://10.180.1.21/volume/v3/volumes 0.139s
2025-12-12 20:35:14.659 67308 INFO tempest.lib.common.rest_client [req-38537c35-92f2-4d05-bbdc-8e9655211a07 req-38537c35-92f2-4d05-bbdc-8e9655211a07 ] Request (ServersNegativeTestJSON:test_create_server_invalid_bdm_in_2nd_dict): 200 GET http://10.180.1.21/volume/v3/volumes/ac4faaa2-10e9-4466-a531-e3b70000dd65 0.034s
2025-12-12 20:35:14.674 67334 INFO tempest.lib.common.rest_client [req-144e532f-cae9-49fe-899a-19cdcaa3a923 req-144e532f-cae9-49fe-899a-19cdcaa3a923 ] Request (ImagesTestJSON:test_create_image_from_suspended_server): 200 GET http://10.180.1.21/compute/v2.1/servers/d24952f2-0995-4f9a-9136-14a8cd90590b 0.089s
2025-12-12 20:35:14.696 67318 INFO tempest.lib.common.rest_client [req-81de65b5-9ddd-441b-8e8e-4624db4b1818 req-81de65b5-9ddd-441b-8e8e-4624db4b1818 ] Request (ImagesOneServerNegativeTestJSON:_run_cleanups): 200 GET http://10.180.1.21/compute/v2.1/servers/eef1b779-4952-4b2a-95c0-cc094143ea90 0.157s
2025-12-12 20:35:14.705 67318 INFO tempest.common.waiters [-] State transition "ACTIVE/deleting" ==> "DELETED/None" after 3 second wait
2025-12-12 20:35:14.768 67330 INFO tempest.lib.common.rest_client [req-c1f13d3c-8348-4189-9fbd-2be6ec3b5eb5 req-c1f13d3c-8348-4189-9fbd-2be6ec3b5eb5 ] Request (ServersWithSpecificFlavorTestJSON:test_verify_created_server_ephemeral_disk): 200 GET http://10.180.1.21/compute/v2.1/servers/e52ab49f-9a3a-48b4-85be-4eec4cf7a205 0.176s
2025-12-12 20:35:14.782 67350 INFO tempest.lib.common.rest_client [req-e6f8bbe9-fdac-4996-879b-5921bfcfa847 req-e6f8bbe9-fdac-4996-879b-5921bfcfa847 ] Request (InstanceActionsTestJSON:setUpClass): 200 GET http://10.180.1.21/compute/v2.1/servers/ccb430f5-1a75-4187-8e61-e69e351767fc 0.128s
2025-12-12 20:35:14.838 67364 INFO tempest.lib.common.rest_client [req-fafc46e9-4a4b-440e-bd3b-a9bc076f182d req-fafc46e9-4a4b-440e-bd3b-a9bc076f182d ] Request (FloatingIPsAssociationTestJSON:tearDownClass): 200 GET http://10.180.1.21/compute/v2.1/servers/456b3f88-5389-4e0f-a14a-c04e543afb1b 0.074s
2025-12-12 20:35:14.884 67340 INFO tempest.lib.common.rest_client [req-ee2a3b17-4766-4bb5-8475-aaf759c952db req-ee2a3b17-4766-4bb5-8475-aaf759c952db ] Request (ListServerFiltersTestJSON:tearDownClass): 200 GET http://10.180.1.21/compute/v2.1/servers/67b2ae53-9910-4c12-8723-d7160216395d 0.068s
