2025-12-12 20:33:01.319 67306 WARNING tempest.lib.common.ssh [-] Failed to establish authenticated ssh connection to cirros@10.180.180.243 ([Errno None] Unable to connect to port 22 on 10.180.180.243). Number attempts: 3. Retry after 4 seconds.: paramiko.ssh_exception.NoValidConnectionsError: [Errno None] Unable to connect to port 22 on 10.180.180.243
2025-12-12 20:33:01.341 67339 INFO tempest.lib.common.rest_client [req-6e1a7403-c4d6-4a75-aefd-b51f475667fa req-6e1a7403-c4d6-4a75-aefd-b51f475667fa ] Request (AggregatesAdminNegativeTestJSON:_run_cleanups): 200 DELETE http://10.180.1.21/compute/v2.1/os-aggregates/4 2.326s
2025-12-12 20:33:01.396 67340 INFO tempest.lib.common.rest_client [req-aa4bb111-e6e7-407b-9542-585fec326f19 req-aa4bb111-e6e7-407b-9542-585fec326f19 ] Request (ListServerFiltersTestJSON:setUpClass): 200 GET http://10.180.1.21/compute/v2.1/servers/67b2ae53-9910-4c12-8723-d7160216395d 2.266s
2025-12-12 20:33:01.597 67334 INFO tempest.lib.common.rest_client [req-c20b3203-9e96-47a0-a1cd-0a655163fb86 req-c20b3203-9e96-47a0-a1cd-0a655163fb86 ] Request (FlavorsAccessNegativeTestJSON:_run_cleanups): 200 POST http://10.180.1.21/compute/v2.1/flavors/904290468/action 2.460s
2025-12-12 20:33:01.868 67326 INFO tempest.lib.common.rest_client [req-0ec94ed9-67aa-43d6-bc2a-0078146e6194 req-0ec94ed9-67aa-43d6-bc2a-0078146e6194 ] Request (TenantUsagesTestJSON:setUpClass): 202 POST http://10.180.1.21/compute/v2.1/servers 2.732s
2025-12-12 20:33:01.870 67352 INFO tempest.lib.common.rest_client [req-7ac68528-9806-4b1a-9fc0-d25632115da0 req-7ac68528-9806-4b1a-9fc0-d25632115da0 ] Request (ImagesMetadataTestJSON:setUp): 200 PUT http://10.180.1.21/compute/v2.1/images/abf1ed10-9c3d-45e6-ae82-730d3525d40d/metadata 2.686s
2025-12-12 20:33:01.895 67358 INFO tempest.lib.common.rest_client [req-b782ac1d-60cc-4f4d-ac40-82e552521965 req-b782ac1d-60cc-4f4d-ac40-82e552521965 ] Request (FlavorsV2TestJSON:test_list_flavors_detailed_filter_by_min_disk): 200 GET http://10.180.1.21/compute/v2.1/flavors/42 2.689s
2025-12-12 20:33:01.972 67328 INFO tempest.lib.common.rest_client [req-381f4da7-ca43-40ed-8321-2e2402122509 req-381f4da7-ca43-40ed-8321-2e2402122509 ] Request (ServersAdmin275Test:tearDownClass): 200 GET http://10.180.1.21/compute/v2.1/servers/12d9ae11-bb83-4e93-9bf3-2314262e8606 2.644s
2025-12-12 20:33:01.983 67325 INFO tempest.lib.common.rest_client [req-71ab0aa5-baea-462b-9efb-8c253ba9f144 req-71ab0aa5-baea-462b-9efb-8c253ba9f144 ] Request (ImagesNegativeTestJSON:test_create_image_from_deleted_server): 200 GET http://10.180.1.21/compute/v2.1/servers/c64769b3-f563-484a-9640-d14b4d383b35 2.132s
2025-12-12 20:33:02.086 67342 INFO tempest.lib.common.rest_client [req-21c74b8b-a648-4c36-82d0-4efa6c6fa955 req-21c74b8b-a648-4c36-82d0-4efa6c6fa955 ] Request (ServerDiagnosticsNegativeTest:tearDownClass): 200 GET http://10.180.1.21/compute/v2.1/servers/8979d71d-3faa-42df-a373-296a73803a01 2.070s
2025-12-12 20:33:02.268 67346 INFO tempest.lib.common.rest_client [req-073438c2-8dc4-412b-b611-a08c35986680 req-073438c2-8dc4-412b-b611-a08c35986680 ] Request (AbsoluteLimitsNegativeTestJSON:test_max_metadata_exceed_limit): 403 POST http://10.180.1.21/compute/v2.1/servers 2.256s
2025-12-12 20:33:02.325 67320 INFO tempest.lib.common.rest_client [req-22d227bf-cd97-464e-acad-76e854453542 req-22d227bf-cd97-464e-acad-76e854453542 ] Request (VolumesAdminNegativeTest:test_update_attached_volume_with_nonexistent_volume_in_uri): 200 GET http://10.180.1.21/volume/v3/volumes/47afa451-df54-46dc-bbb9-80bd354dba02 0.034s
2025-12-12 20:33:02.332 67320 INFO tempest.common.waiters [-] volume 47afa451-df54-46dc-bbb9-80bd354dba02 reached available after waiting for 1.332898 seconds
2025-12-12 20:33:02.407 67356 INFO tempest.lib.common.rest_client [req-59ec883c-e072-4ad2-b94a-4006ccb0bec6 req-59ec883c-e072-4ad2-b94a-4006ccb0bec6 ] Request (QuotasAdminTestJSON:test_delete_quota): 200 GET http://10.180.1.21/identity/v3/domains?name=Default 0.075s
2025-12-12 20:33:02.427 67346 INFO tempest.lib.common.rest_client [req-055168bc-cb5e-4b6b-b341-63cb21f2971d req-055168bc-cb5e-4b6b-b341-63cb21f2971d ] Request (AbsoluteLimitsNegativeTestJSON:tearDownClass): 204 DELETE http://10.180.1.21/identity/v3/users/d78f8cb19e3f44228527b0d0d1583c21 0.157s
2025-12-12 20:33:02.427 67346 INFO tempest.lib.common.dynamic_creds [-] Deleting project and security group for project: 31ac3a0f081c48c2871ce0d5fb4be694
2025-12-12 20:33:02.500 67356 INFO tempest.lib.common.rest_client [req-2ee085cb-146c-47f4-85bf-6630be1b1bfe req-2ee085cb-146c-47f4-85bf-6630be1b1bfe ] Request (QuotasAdminTestJSON:test_delete_quota): 201 POST http://10.180.1.21/identity/v3/projects 0.093s
2025-12-12 20:33:02.505 67344 INFO tempest.lib.common.rest_client [req-ff241304-7f2c-48c3-838a-888f8b228826 req-ff241304-7f2c-48c3-838a-888f8b228826 ] Request (ServerDiagnosticsTest:test_get_server_diagnostics): 200 GET http://10.180.1.21/compute/v2.1/servers/99b2503d-4d18-4c4f-abed-bba52de9c6d8 2.155s
2025-12-12 20:33:02.520 67344 INFO tempest.common.waiters [-] State transition "BUILD/None" ==> "BUILD/networking" after 12 second wait
2025-12-12 20:33:02.540 67346 INFO tempest.lib.common.rest_client [req-1512a888-d56b-4b16-adda-631d712edb81 req-1512a888-d56b-4b16-adda-631d712edb81 ] Request (AbsoluteLimitsNegativeTestJSON:tearDownClass): 201 POST http://10.180.1.21/identity/v3/auth/tokens 0.113s
2025-12-12 20:33:02.580 67356 INFO tempest.lib.common.rest_client [req-acbae2fb-ecd3-41ef-8b9b-65d502fcb445 req-acbae2fb-ecd3-41ef-8b9b-65d502fcb445 ] Request (QuotasAdminTestJSON:test_delete_quota): 200 GET http://10.180.1.21/identity/v3/domains?name=Default 0.079s
2025-12-12 20:33:02.663 67308 INFO tempest.lib.common.rest_client [req-d968aa14-e222-4a83-8d35-f3b3426cf13a req-d968aa14-e222-4a83-8d35-f3b3426cf13a ] Request (ServersNegativeTestJSON:setUpClass): 202 POST http://10.180.1.21/compute/v2.1/servers 2.507s
2025-12-12 20:33:02.690 67366 INFO tempest.lib.common.rest_client [req-97c7bbfc-667f-4d9c-82bd-f3b31b0fbfc9 req-97c7bbfc-667f-4d9c-82bd-f3b31b0fbfc9 ] Request (ImagesOneServerTestJSON:test_create_delete_image): 200 GET http://10.180.1.21/compute/v2.1/flavors/42 2.238s
2025-12-12 20:33:02.719 67350 INFO tempest.lib.common.rest_client [req-fd1e0d1a-3878-465d-a046-e39b2774d0d9 req-fd1e0d1a-3878-465d-a046-e39b2774d0d9 ] Request (KeyPairsV22TestJSON:_run_cleanups): 204 DELETE http://10.180.1.21/compute/v2.1/os-keypairs/tempest-KeyPairsV22TestJSON-keypair-491611835 2.257s
2025-12-12 20:33:02.809 67314 INFO tempest.lib.common.rest_client [req-74e99920-07e9-45b0-ad94-8893d56b0022 req-74e99920-07e9-45b0-ad94-8893d56b0022 ] Request (FlavorsAdminTestJSON:test_create_list_flavor_without_extra_data): 200 GET http://10.180.1.21/compute/v2.1/flavors/detail 2.425s
2025-12-12 20:33:02.845 67346 INFO tempest.lib.common.rest_client [req-5a6175da-2be6-4344-8dcb-423bd837a331 req-5a6175da-2be6-4344-8dcb-423bd837a331 ] Request (AbsoluteLimitsNegativeTestJSON:tearDownClass): 200 GET http://10.180.1.21/networking/v2.0/security-groups?tenant_id=31ac3a0f081c48c2871ce0d5fb4be694&name=default 0.304s
2025-12-12 20:33:02.910 67362 INFO tempest.lib.common.rest_client [req-e72d215e-fbfb-4d0c-b776-e4c6b2185f46 req-e72d215e-fbfb-4d0c-b776-e4c6b2185f46 ] Request (ServerRescueTestJSON:test_rescue_unrescue_instance): 200 GET http://10.180.1.21/compute/v2.1/servers/264e9bbe-ce70-4c0d-9ad1-9277cc37f8b0 2.106s
2025-12-12 20:33:03.001 67346 INFO tempest.lib.common.rest_client [req-a9d6016a-a245-4d73-8393-9449612e932b req-a9d6016a-a245-4d73-8393-9449612e932b ] Request (AbsoluteLimitsNegativeTestJSON:tearDownClass): 204 DELETE http://10.180.1.21/networking/v2.0/security-groups/cb55a14a-f7b8-4793-b6f9-ed7da0396155 0.155s
2025-12-12 20:33:03.086 67346 INFO tempest.lib.common.rest_client [req-0f506c5e-1c29-403a-933c-a2778e5aac8e req-0f506c5e-1c29-403a-933c-a2778e5aac8e ] Request (AbsoluteLimitsNegativeTestJSON:tearDownClass): 204 DELETE http://10.180.1.21/identity/v3/projects/31ac3a0f081c48c2871ce0d5fb4be694 0.085s
2025-12-12 20:33:03.149 67346 INFO tempest.lib.common.rest_client [req-c43722be-e293-4865-be13-a376078c2073 req-c43722be-e293-4865-be13-a376078c2073 ] Request (ServerDiskConfigTestJSON:setUpClass): 201 POST http://10.180.1.21/identity/v3/auth/tokens 0.061s
2025-12-12 20:33:03.177 67312 INFO tempest.lib.common.rest_client [req-14b2ca9d-25a2-48c9-a6d9-d5ce49aea62c req-14b2ca9d-25a2-48c9-a6d9-d5ce49aea62c ] Request (MigrationsAdminTest:test_list_migrations_in_flavor_resize_situation): 200 GET http://10.180.1.21/compute/v2.1/servers/10afadb9-7d48-42e9-abc3-383895ef8cb5 2.110s
2025-12-12 20:33:03.187 67346 INFO tempest.lib.common.rest_client [req-4c8832c0-560b-4058-af19-d41a7fabd85d req-4c8832c0-560b-4058-af19-d41a7fabd85d ] Request (ServerDiskConfigTestJSON:setUpClass): 201 POST http://10.180.1.21/identity/v3/auth/tokens 0.034s
2025-12-12 20:33:03.187 67312 INFO tempest.common.waiters [-] State transition "RESIZE/resize_migrating" ==> "RESIZE/resize_migrated" after 21 second wait
2025-12-12 20:33:03.216 67346 INFO tempest.lib.common.rest_client [req-df90f585-3a25-4952-8624-9aa0856f41c6 req-df90f585-3a25-4952-8624-9aa0856f41c6 ] Request (ServerDiskConfigTestJSON:setUpClass): 200 GET http://10.180.1.21/identity/v3/domains?name=Default 0.029s
2025-12-12 20:33:03.242 67318 INFO tempest.lib.common.rest_client [req-e9020755-191c-4aef-a430-bc9ec2c83acb req-e9020755-191c-4aef-a430-bc9ec2c83acb ] Request (ImagesOneServerNegativeTestJSON:test_create_second_image_when_first_image_is_being_saved): 202 POST http://10.180.1.21/compute/v2.1/servers/ccff0e3a-5b5a-42f8-a9f3-2f01404e0a15/action 2.439s
2025-12-12 20:33:03.256 67346 INFO tempest.lib.common.rest_client [req-95cd5341-ba09-4b41-8b0a-51a8d735e28c req-95cd5341-ba09-4b41-8b0a-51a8d735e28c ] Request (ServerDiskConfigTestJSON:setUpClass): 201 POST http://10.180.1.21/identity/v3/projects 0.040s
2025-12-12 20:33:03.314 67310 INFO tempest.lib.common.rest_client [req-27cd164b-5c7c-4e82-b7b8-3ccf710c9e5e req-27cd164b-5c7c-4e82-b7b8-3ccf710c9e5e ] Request (DeleteServersAdminTestJSON:test_delete_server_while_in_error_state): 202 POST http://10.180.1.21/compute/v2.1/servers/d1fac354-4d57-4aec-ae0c-7e282cdd92b7/action 2.000s
2025-12-12 20:33:03.352 67346 INFO tempest.lib.common.rest_client [req-f73cf760-6397-4ef1-b483-0d541c892f93 req-f73cf760-6397-4ef1-b483-0d541c892f93 ] Request (ServerDiskConfigTestJSON:setUpClass): 201 POST http://10.180.1.21/identity/v3/users 0.094s
2025-12-12 20:33:03.362 67339 INFO tempest.lib.common.rest_client [req-a039b323-f74b-40af-810b-8bd09fc5951d req-a039b323-f74b-40af-810b-8bd09fc5951d ] Request (AggregatesAdminNegativeTestJSON:test_aggregate_delete_as_user): 200 POST http://10.180.1.21/compute/v2.1/os-aggregates 2.019s
2025-12-12 20:33:03.369 67348 INFO tempest.lib.common.rest_client [req-3736a5f3-fdf7-4719-a69f-552d9830caf3 req-3736a5f3-fdf7-4719-a69f-552d9830caf3 ] Request (FlavorsV2NegativeTest:test_boot_with_low_ram): 200 GET http://10.180.1.21/compute/v2.1/flavors/42 2.289s
2025-12-12 20:33:03.380 67346 INFO tempest.lib.common.rest_client [req-ed5549fc-bf01-40ca-8599-911453683efa req-ed5549fc-bf01-40ca-8599-911453683efa ] Request (ServerDiskConfigTestJSON:setUpClass): 200 GET http://10.180.1.21/identity/v3/roles 0.027s
2025-12-12 20:33:03.413 67334 INFO tempest.lib.common.rest_client [req-878afe4a-d562-4bab-b49f-0d459b7ef444 req-878afe4a-d562-4bab-b49f-0d459b7ef444 ] Request (FlavorsAccessNegativeTestJSON:_run_cleanups): 202 DELETE http://10.180.1.21/compute/v2.1/flavors/904290468 1.813s
2025-12-12 20:33:03.421 67346 INFO tempest.lib.common.rest_client [req-eb5dfece-eefc-459d-919f-e753ce44afe8 req-eb5dfece-eefc-459d-919f-e753ce44afe8 ] Request (ServerDiskConfigTestJSON:setUpClass): 204 PUT http://10.180.1.21/identity/v3/projects/44ba4d28d9cf4d46b6290c2f53dc6375/users/3eaf28c69a6c408ca53a989fd5cad00a/roles/a1e11a02fe274de4bf750107c736b2f5 0.040s
2025-12-12 20:33:03.421 67346 INFO tempest.lib.common.dynamic_creds [-] Dynamic test user 3eaf28c69a6c408ca53a989fd5cad00a is created with scope project and roles: ['member']
2025-12-12 20:33:03.421 67346 INFO tempest.lib.common.dynamic_creds [-] Acquired dynamic creds: credentials: Credentials: {'domain_id': 'default', 'domain_name': 'Default', 'username': 'tempest-ServerDiskConfigTestJSON-1536063846-project-member', 'project_domain_id': 'default', 'project_domain_name': 'Default', 'project_id': '44ba4d28d9cf4d46b6290c2f53dc6375', 'project_name': 'tempest-ServerDiskConfigTestJSON-1536063846', 'tenant_id': '44ba4d28d9cf4d46b6290c2f53dc6375', 'tenant_name': 'tempest-ServerDiskConfigTestJSON-1536063846', 'user_domain_id': 'default', 'user_domain_name': 'Default', 'user_id': '3eaf28c69a6c408ca53a989fd5cad00a', 'system': None}, Network: None, Subnet: None, Router: None
2025-12-12 20:33:03.433 67368 WARNING tempest.lib.common.ssh [-] Failed to establish authenticated ssh connection to cirros@10.180.180.159 ([Errno None] Unable to connect to port 22 on 10.180.180.159). Number attempts: 1. Retry after 2 seconds.: paramiko.ssh_exception.NoValidConnectionsError: [Errno None] Unable to connect to port 22 on 10.180.180.159
2025-12-12 20:33:03.483 67346 INFO tempest.lib.common.rest_client [req-6407417f-501d-4f1c-bfa7-483b23aaa913 req-6407417f-501d-4f1c-bfa7-483b23aaa913 ] Request (ServerDiskConfigTestJSON:setUpClass): 201 POST http://10.180.1.21/identity/v3/auth/tokens 0.062s
2025-12-12 20:33:03.740 67348 INFO tempest.lib.common.rest_client [req-96043d15-6225-493b-8b9f-eddc91dc346e req-96043d15-6225-493b-8b9f-eddc91dc346e ] Request (FlavorsV2NegativeTest:test_boot_with_low_ram): 201 POST http://10.180.1.21/image/v2/images 0.367s
2025-12-12 20:33:03.883 67346 INFO tempest.lib.common.rest_client [req-589cb22b-07ed-4e47-9044-191abfbc6082 req-589cb22b-07ed-4e47-9044-191abfbc6082 ] Request (ServerDiskConfigTestJSON:setUpClass): 201 POST http://10.180.1.21/networking/v2.0/networks 0.399s
2025-12-12 20:33:03.927 67330 INFO tempest.lib.common.rest_client [req-b7f25d6d-1e18-4116-9815-21ec4b3f7813 req-b7f25d6d-1e18-4116-9815-21ec4b3f7813 ] Request (ServersWithSpecificFlavorTestJSON:test_verify_created_server_ephemeral_disk): 200 GET http://10.180.1.21/compute/v2.1/servers/49d6dcf5-0012-4a19-9f80-12a7bd4ec30d 2.508s
2025-12-12 20:33:03.953 67360 INFO tempest.lib.common.rest_client [req-06798206-e34a-4c05-82a1-75edcabbc853 req-06798206-e34a-4c05-82a1-75edcabbc853 ] Request (ServersAdminTestJSON:setUpClass): 200 GET http://10.180.1.21/compute/v2.1/servers/4f257cca-29ed-43f6-9dff-bced1998aa52 2.205s
2025-12-12 20:33:04.209 67346 INFO tempest.lib.common.rest_client [req-68da2661-9392-4139-8b03-f977a042353f req-68da2661-9392-4139-8b03-f977a042353f ] Request (ServerDiskConfigTestJSON:setUpClass): 201 POST http://10.180.1.21/networking/v2.0/subnets 0.325s
2025-12-12 20:33:04.238 67326 INFO tempest.lib.common.rest_client [req-c27dc98a-0b83-463a-8300-7b3759bf834a req-c27dc98a-0b83-463a-8300-7b3759bf834a ] Request (TenantUsagesTestJSON:setUpClass): 200 GET http://10.180.1.21/compute/v2.1/servers/8dc7aae7-0cf7-4c87-950f-0145a87d0573 2.368s
2025-12-12 20:33:04.246 67352 INFO tempest.lib.common.rest_client [req-2d529710-3ee7-4871-94ae-cc9748b9d612 req-2d529710-3ee7-4871-94ae-cc9748b9d612 ] Request (ImagesMetadataTestJSON:test_update_image_metadata): 200 POST http://10.180.1.21/compute/v2.1/images/abf1ed10-9c3d-45e6-ae82-730d3525d40d/metadata 2.375s
2025-12-12 20:33:04.276 67358 INFO tempest.lib.common.rest_client [req-247ce391-e175-486f-9b52-4677c60de7c9 req-247ce391-e175-486f-9b52-4677c60de7c9 ] Request (FlavorsV2TestJSON:test_list_flavors_detailed_filter_by_min_disk): 200 GET http://10.180.1.21/compute/v2.1/flavors/detail?minDisk=2 2.378s
2025-12-12 20:33:04.384 67354 INFO tempest.lib.common.rest_client [req-e62c3327-4133-4eb8-99ae-29e36a488ad3 req-e62c3327-4133-4eb8-99ae-29e36a488ad3 ] Request (ServersTestMultiNic:_run_cleanups): 200 GET http://10.180.1.21/compute/v2.1/servers/0f6f0b09-8341-466d-b43b-e024a4a6d466 2.447s
2025-12-12 20:33:04.456 67332 INFO tempest.lib.common.rest_client [req-850ba933-a6ed-4fd0-ba35-cc82f6dd9ede req-850ba933-a6ed-4fd0-ba35-cc82f6dd9ede ] Request (ServersListShow296Test:test_list_show_update_rebuild_server_296): 200 GET http://10.180.1.21/compute/v2.1/servers/393ed40d-62e7-404d-a943-4e131c07ae9a 2.304s
2025-12-12 20:33:04.535 67348 INFO tempest.lib.common.rest_client [req-9fb15784-8e21-4a53-a9af-8ca336902e7b req-9fb15784-8e21-4a53-a9af-8ca336902e7b ] Request (FlavorsV2NegativeTest:test_boot_with_low_ram): 204 PUT http://10.180.1.21/image/v2/images/cb6a0627-f727-4422-a18b-e2593acfd919/file 0.794s
2025-12-12 20:33:04.603 67364 INFO tempest.lib.common.rest_client [req-de66e68f-b995-43bf-bf2e-4e1bc13c00a1 req-de66e68f-b995-43bf-bf2e-4e1bc13c00a1 ] Request (FloatingIPsAssociationTestJSON:setUpClass): 200 GET http://10.180.1.21/compute/v2.1/servers/f852334d-cefd-4ca6-8620-66d5137124db 2.346s
2025-12-12 20:33:04.634 67348 INFO tempest.lib.common.rest_client [req-7d6ba4d7-2034-429e-b087-a807fa380dab req-7d6ba4d7-2034-429e-b087-a807fa380dab ] Request (FlavorsV2NegativeTest:test_boot_with_low_ram): 201 POST http://10.180.1.21/identity/v3/auth/tokens 0.095s
2025-12-12 20:33:04.635 67348 INFO tempest.lib.common.fixed_network [-] (FlavorsV2NegativeTest:test_boot_with_low_ram) Found network None available for tenant
2025-12-12 20:33:04.706 67322 INFO tempest.lib.common.rest_client [req-6c648030-4e52-4239-b884-c2264ccc330a req-6c648030-4e52-4239-b884-c2264ccc330a ] Request (ServerAddressesTestJSON:setUpClass): 200 GET http://10.180.1.21/compute/v2.1/servers/7bb1c4fa-4edf-4d70-98ac-cd384ac38b7e 2.533s
2025-12-12 20:33:04.767 67320 INFO tempest.lib.common.rest_client [req-72f4b001-d795-44a8-864f-2cc619956fd1 req-72f4b001-d795-44a8-864f-2cc619956fd1 ] Request (VolumesAdminNegativeTest:test_update_attached_volume_with_nonexistent_volume_in_uri): 404 PUT http://10.180.1.21/compute/v2.1/servers/4e4c7d32-9469-48c7-a1c2-16ad4e69a359/os-volume_attachments/ef4c6575-e6f6-48aa-847d-412e88415949 2.433s
2025-12-12 20:33:04.769 67340 INFO tempest.lib.common.rest_client [req-07da3184-35a9-4f1c-8adc-58e9aa6913b6 req-07da3184-35a9-4f1c-8adc-58e9aa6913b6 ] Request (ListServerFiltersTestJSON:setUpClass): 200 GET http://10.180.1.21/compute/v2.1/servers/67b2ae53-9910-4c12-8723-d7160216395d 2.360s
2025-12-12 20:33:04.816 67320 INFO tempest.lib.common.rest_client [req-ce3987e8-4c69-4032-8391-fba5e65c10f9 req-ce3987e8-4c69-4032-8391-fba5e65c10f9 ] Request (VolumesAdminNegativeTest:tearDownClass): 202 DELETE http://10.180.1.21/volume/v3/volumes/47afa451-df54-46dc-bbb9-80bd354dba02 0.048s
2025-12-12 20:33:04.825 67308 INFO tempest.lib.common.rest_client [req-f98d1b55-8415-4430-a236-8bf6d28000e4 req-f98d1b55-8415-4430-a236-8bf6d28000e4 ] Request (ServersNegativeTestJSON:setUpClass): 200 GET http://10.180.1.21/compute/v2.1/servers/aad28f79-406c-4d43-a0ca-05c2766950e9 2.160s
2025-12-12 20:33:04.842 67320 INFO tempest.lib.common.rest_client [req-1e3a5340-437a-483f-b1fb-afff5bac6689 req-1e3a5340-437a-483f-b1fb-afff5bac6689 ] Request (VolumesAdminNegativeTest:tearDownClass): 200 GET http://10.180.1.21/volume/v3/volumes/47afa451-df54-46dc-bbb9-80bd354dba02 0.026s
2025-12-12 20:33:04.867 67356 INFO tempest.lib.common.rest_client [req-4f2fe7c5-5693-4b38-94ed-984ecd67778f req-4f2fe7c5-5693-4b38-94ed-984ecd67778f ] Request (QuotasAdminTestJSON:test_delete_quota): 200 GET http://10.180.1.21/compute/v2.1/os-quota-sets/bbabfde759a846078fe86d0d79ba3ee1 2.286s
2025-12-12 20:33:04.896 67350 INFO tempest.lib.common.rest_client [req-faf6f612-2331-49b5-b66f-08c5d68ffbeb req-faf6f612-2331-49b5-b66f-08c5d68ffbeb ] Request (KeyPairsV22TestJSON:_run_cleanups): 204 DELETE http://10.180.1.21/compute/v2.1/os-keypairs/tempest-KeyPairsV22TestJSON-keypair-813639061 2.176s
2025-12-12 20:33:04.920 67314 INFO tempest.lib.common.rest_client [req-4f6cbcff-5715-46e7-a471-46ef36af1dd7 req-4f6cbcff-5715-46e7-a471-46ef36af1dd7 ] Request (FlavorsAdminTestJSON:_run_cleanups): 202 DELETE http://10.180.1.21/compute/v2.1/flavors/1398742828 2.101s
2025-12-12 20:33:04.941 67325 INFO tempest.lib.common.rest_client [req-adddbb5b-dad5-4bb2-ac81-731206fdfb24 req-adddbb5b-dad5-4bb2-ac81-731206fdfb24 ] Request (ImagesNegativeTestJSON:test_create_image_from_deleted_server): 404 GET http://10.180.1.21/compute/v2.1/servers/c64769b3-f563-484a-9640-d14b4d383b35 1.936s
2025-12-12 20:33:04.960 67366 INFO tempest.lib.common.rest_client [req-c8f0b1eb-04a0-4ec1-a754-c7376ff41d3c req-c8f0b1eb-04a0-4ec1-a754-c7376ff41d3c ] Request (ImagesOneServerTestJSON:test_create_delete_image): 204 DELETE http://10.180.1.21/compute/v2.1/images/9eaecc09-d37b-4c13-bd8c-b1508332e629 2.267s
2025-12-12 20:33:05.030 67328 INFO tempest.lib.common.rest_client [req-eeff94f6-30c1-42ff-aab0-428fbf219214 req-eeff94f6-30c1-42ff-aab0-428fbf219214 ] Request (ServersAdmin275Test:tearDownClass): 200 GET http://10.180.1.21/compute/v2.1/servers/12d9ae11-bb83-4e93-9bf3-2314262e8606 2.023s
2025-12-12 20:33:05.039 67328 INFO tempest.common.waiters [-] State transition "ACTIVE/deleting" ==> "DELETED/None" after 3 second wait
2025-12-12 20:33:05.041 67342 INFO tempest.lib.common.rest_client [req-164383ae-7bab-435d-ab8b-15872b7b01e2 req-164383ae-7bab-435d-ab8b-15872b7b01e2 ] Request (ServerDiagnosticsNegativeTest:tearDownClass): 200 GET http://10.180.1.21/compute/v2.1/servers/8979d71d-3faa-42df-a373-296a73803a01 1.945s
2025-12-12 20:33:05.072 67318 INFO tempest.lib.common.rest_client [req-af54e8c2-e7ea-4130-abd9-12653de8b315 req-af54e8c2-e7ea-4130-abd9-12653de8b315 ] Request (ImagesOneServerNegativeTestJSON:test_create_second_image_when_first_image_is_being_saved): 409 POST http://10.180.1.21/compute/v2.1/servers/ccff0e3a-5b5a-42f8-a9f3-2f01404e0a15/action 1.828s
2025-12-12 20:33:05.080 67339 INFO tempest.lib.common.rest_client [req-0eda822d-3be1-48ff-ab81-6489934f7524 req-0eda822d-3be1-48ff-ab81-6489934f7524 ] Request (AggregatesAdminNegativeTestJSON:test_aggregate_delete_as_user): 403 DELETE http://10.180.1.21/compute/v2.1/os-aggregates/5 1.716s
2025-12-12 20:33:05.113 67334 INFO tempest.lib.common.rest_client [req-1162725c-1e83-445d-b68f-86bd1a96b56f req-1162725c-1e83-445d-b68f-86bd1a96b56f ] Request (FlavorsAccessNegativeTestJSON:_run_cleanups): 200 GET http://10.180.1.21/compute/v2.1/flavors/detail 1.700s
2025-12-12 20:33:05.243 67310 INFO tempest.lib.common.rest_client [req-b48c03f1-be46-4597-a4e6-11684be3b15c req-b48c03f1-be46-4597-a4e6-11684be3b15c ] Request (DeleteServersAdminTestJSON:test_delete_server_while_in_error_state): 200 GET http://10.180.1.21/compute/v2.1/servers/d1fac354-4d57-4aec-ae0c-7e282cdd92b7 1.929s
2025-12-12 20:33:05.268 67344 INFO tempest.lib.common.rest_client [req-00d8c170-680d-497e-a878-61846f1a8862 req-00d8c170-680d-497e-a878-61846f1a8862 ] Request (ServerDiagnosticsTest:test_get_server_diagnostics): 200 GET http://10.180.1.21/compute/v2.1/servers/99b2503d-4d18-4c4f-abed-bba52de9c6d8 1.746s
2025-12-12 20:33:05.277 67344 INFO tempest.common.waiters [-] State transition "BUILD/networking" ==> "BUILD/spawning" after 15 second wait
2025-12-12 20:33:05.307 67362 INFO tempest.lib.common.rest_client [req-c632664f-f0b1-407a-9d59-bca46d81b59a req-c632664f-f0b1-407a-9d59-bca46d81b59a ] Request (ServerRescueTestJSON:test_rescue_unrescue_instance): 200 GET http://10.180.1.21/compute/v2.1/servers/264e9bbe-ce70-4c0d-9ad1-9277cc37f8b0 1.382s
2025-12-12 20:33:05.340 67352 INFO tempest.lib.common.rest_client [req-4e879d9f-cf6a-48e6-90f6-6464c1390da8 req-4e879d9f-cf6a-48e6-90f6-6464c1390da8 ] Request (ImagesMetadataTestJSON:test_update_image_metadata): 200 GET http://10.180.1.21/compute/v2.1/images/abf1ed10-9c3d-45e6-ae82-730d3525d40d/metadata 1.093s
2025-12-12 20:33:05.353 67358 INFO tempest.lib.common.rest_client [req-82096635-9dec-46ba-8303-4683fb681516 req-82096635-9dec-46ba-8303-4683fb681516 ] Request (FlavorsV2TestJSON:test_list_flavors_detailed_filter_by_min_ram): 200 GET http://10.180.1.21/compute/v2.1/flavors/42 1.069s
2025-12-12 20:33:05.416 67352 INFO tempest.lib.common.rest_client [req-bd19e3ea-0290-4317-8d56-cdb31a0fdc8e req-bd19e3ea-0290-4317-8d56-cdb31a0fdc8e ] Request (ImagesMetadataTestJSON:tearDownClass): 204 DELETE http://10.180.1.21/image/v2/images/abf1ed10-9c3d-45e6-ae82-730d3525d40d 0.072s
2025-12-12 20:33:05.418 67312 INFO tempest.lib.common.rest_client [req-082a2dd4-fda2-416c-abaa-76f4271d4c27 req-082a2dd4-fda2-416c-abaa-76f4271d4c27 ] Request (MigrationsAdminTest:test_list_migrations_in_flavor_resize_situation): 200 GET http://10.180.1.21/compute/v2.1/servers/10afadb9-7d48-42e9-abc3-383895ef8cb5 1.231s
2025-12-12 20:33:05.437 67346 INFO tempest.lib.common.rest_client [req-f4632429-2c9c-42e9-b6f4-abb539895487 req-f4632429-2c9c-42e9-b6f4-abb539895487 ] Request (ServerDiskConfigTestJSON:setUpClass): 201 POST http://10.180.1.21/networking/v2.0/routers 1.228s
2025-12-12 20:33:05.544 67336 WARNING tempest.lib.common.ssh [-] Failed to establish authenticated ssh connection to cirros@10.180.180.229 ([Errno None] Unable to connect to port 22 on 10.180.180.229). Number attempts: 3. Retry after 4 seconds.: paramiko.ssh_exception.NoValidConnectionsError: [Errno None] Unable to connect to port 22 on 10.180.180.229
2025-12-12 20:33:05.553 67352 INFO tempest.lib.common.rest_client [req-d97cd327-9bce-4906-ac89-dce788295aad req-d97cd327-9bce-4906-ac89-dce788295aad ] Request (ImagesMetadataTestJSON:tearDownClass): 204 DELETE http://10.180.1.21/identity/v3/users/f128c4da313b4afca6faf0956f06174d 0.135s
2025-12-12 20:33:05.553 67352 INFO tempest.lib.common.dynamic_creds [-] Deleting project and security group for project: 58ee1bac12cf4fcd91ec3e0d11140478
2025-12-12 20:33:05.621 67352 INFO tempest.lib.common.rest_client [req-4f02f8d8-00f1-4991-b9d0-f00eb5c30def req-4f02f8d8-00f1-4991-b9d0-f00eb5c30def ] Request (ImagesMetadataTestJSON:tearDownClass): 201 POST http://10.180.1.21/identity/v3/auth/tokens 0.067s
2025-12-12 20:33:05.805 67352 INFO tempest.lib.common.rest_client [req-7d8f95f3-258a-4ca4-a9c0-601a4ef6124c req-7d8f95f3-258a-4ca4-a9c0-601a4ef6124c ] Request (ImagesMetadataTestJSON:tearDownClass): 200 GET http://10.180.1.21/networking/v2.0/security-groups?tenant_id=58ee1bac12cf4fcd91ec3e0d11140478&name=default 0.183s
2025-12-12 20:33:05.855 67348 INFO tempest.lib.common.rest_client [req-b83b2659-65d8-463e-9099-1a443ce96c47 req-b83b2659-65d8-463e-9099-1a443ce96c47 ] Request (FlavorsV2NegativeTest:test_boot_with_low_ram): 400 POST http://10.180.1.21/compute/v2.1/servers 1.220s
2025-12-12 20:33:05.866 67320 INFO tempest.lib.common.rest_client [req-45271e81-edf6-4fcc-86d1-5c1f75786790 req-45271e81-edf6-4fcc-86d1-5c1f75786790 ] Request (VolumesAdminNegativeTest:tearDownClass): 404 GET http://10.180.1.21/volume/v3/volumes/47afa451-df54-46dc-bbb9-80bd354dba02 0.016s
2025-12-12 20:33:05.897 67316 INFO tempest.lib.common.rest_client [req-c2a572bc-f008-4da5-9244-d40a93b21d5e req-c2a572bc-f008-4da5-9244-d40a93b21d5e ] Request (ServerDiagnosticsV248Test:test_get_server_diagnostics): 200 GET http://10.180.1.21/compute/v2.1/servers/22ed026a-1947-4584-b5ad-fb3c3a122bcf/diagnostics 1.326s
2025-12-12 20:33:05.923 67350 INFO tempest.lib.common.rest_client [req-e5391fb0-63e9-4218-9a29-3b220ed60b1f req-e5391fb0-63e9-4218-9a29-3b220ed60b1f ] Request (KeyPairsV22TestJSON:_run_cleanups): 204 DELETE http://10.180.1.21/compute/v2.1/os-keypairs/tempest-KeyPairsV22TestJSON-keypair-145276888 1.025s
2025-12-12 20:33:05.937 67368 WARNING tempest.lib.common.ssh [-] Failed to establish authenticated ssh connection to cirros@10.180.180.159 ([Errno None] Unable to connect to port 22 on 10.180.180.159). Number attempts: 2. Retry after 3 seconds.: paramiko.ssh_exception.NoValidConnectionsError: [Errno None] Unable to connect to port 22 on 10.180.180.159
2025-12-12 20:33:05.946 67348 INFO tempest.lib.common.rest_client [req-344e5478-fb9e-403a-9c55-82928ffedf79 req-344e5478-fb9e-403a-9c55-82928ffedf79 ] Request (FlavorsV2NegativeTest:_run_cleanups): 204 DELETE http://10.180.1.21/image/v2/images/cb6a0627-f727-4422-a18b-e2593acfd919 0.090s
2025-12-12 20:33:05.951 67314 INFO tempest.lib.common.rest_client [req-c802707d-1177-4c8f-9612-e6d3ff95c132 req-c802707d-1177-4c8f-9612-e6d3ff95c132 ] Request (FlavorsAdminTestJSON:_run_cleanups): 200 GET http://10.180.1.21/compute/v2.1/flavors/detail 1.030s
2025-12-12 20:33:05.999 67352 INFO tempest.lib.common.rest_client [req-7d7e4d7f-7465-4971-a0a8-7f3ba2ed930a req-7d7e4d7f-7465-4971-a0a8-7f3ba2ed930a ] Request (ImagesMetadataTestJSON:tearDownClass): 204 DELETE http://10.180.1.21/networking/v2.0/security-groups/4639b843-b2b1-4077-bd59-d4c1f02528f2 0.194s
2025-12-12 20:33:06.046 67348 INFO tempest.lib.common.rest_client [req-38e78916-5880-4ecb-ad6b-38099ed3578b req-38e78916-5880-4ecb-ad6b-38099ed3578b ] Request (FlavorsV2NegativeTest:tearDownClass): 204 DELETE http://10.180.1.21/identity/v3/users/69699b23ac1a4f3c92db536f5f6e6e09 0.097s
2025-12-12 20:33:06.046 67348 INFO tempest.lib.common.dynamic_creds [-] Deleting project and security group for project: 881a04cb57834f28b363712d397da9eb
2025-12-12 20:33:06.070 67356 INFO tempest.lib.common.rest_client [req-467557fc-2d13-4627-a152-fd0c8899055a req-467557fc-2d13-4627-a152-fd0c8899055a ] Request (QuotasAdminTestJSON:test_delete_quota): 200 PUT http://10.180.1.21/compute/v2.1/os-quota-sets/bbabfde759a846078fe86d0d79ba3ee1 1.200s
2025-12-12 20:33:06.097 67325 INFO tempest.lib.common.rest_client [req-6c7c77e6-8889-4ab3-aee3-c0ed6679092c req-6c7c77e6-8889-4ab3-aee3-c0ed6679092c ] Request (ImagesNegativeTestJSON:test_create_image_from_deleted_server): 404 POST http://10.180.1.21/compute/v2.1/servers/c64769b3-f563-484a-9640-d14b4d383b35/action 1.155s
2025-12-12 20:33:06.120 67366 INFO tempest.lib.common.rest_client [req-24d35e0d-f52d-4ce0-85fd-8dcb34af8d29 req-24d35e0d-f52d-4ce0-85fd-8dcb34af8d29 ] Request (ImagesOneServerTestJSON:test_create_delete_image): 404 GET http://10.180.1.21/compute/v2.1/images/9eaecc09-d37b-4c13-bd8c-b1508332e629 1.160s
2025-12-12 20:33:06.128 67348 INFO tempest.lib.common.rest_client [req-0bd38340-1ab5-4c22-b756-e3463209ef23 req-0bd38340-1ab5-4c22-b756-e3463209ef23 ] Request (FlavorsV2NegativeTest:tearDownClass): 201 POST http://10.180.1.21/identity/v3/auth/tokens 0.081s
2025-12-12 20:33:06.168 67352 INFO tempest.lib.common.rest_client [req-b3054f3e-59da-49bd-b151-cf860ca3c843 req-b3054f3e-59da-49bd-b151-cf860ca3c843 ] Request (ImagesMetadataTestJSON:tearDownClass): 204 DELETE http://10.180.1.21/identity/v3/projects/58ee1bac12cf4fcd91ec3e0d11140478 0.169s
2025-12-12 20:33:06.171 67352 INFO tempest.test [-] raised in ServerBootFromVolumeStableRescueTest.setUpClass. Invoking tearDownClass.
2025-12-12 20:33:06.243 67352 INFO tempest.lib.common.rest_client [req-f33fb5be-b5f6-4ec2-a5e9-63241d79ef1f req-f33fb5be-b5f6-4ec2-a5e9-63241d79ef1f ] Request (AttachVolumeNegativeTest:setUpClass): 201 POST http://10.180.1.21/identity/v3/auth/tokens 0.069s
2025-12-12 20:33:06.276 67352 INFO tempest.lib.common.rest_client [req-bef35134-eae8-4cd2-891f-0703c8643b83 req-bef35134-eae8-4cd2-891f-0703c8643b83 ] Request (AttachVolumeNegativeTest:setUpClass): 201 POST http://10.180.1.21/identity/v3/auth/tokens 0.029s
2025-12-12 20:33:06.312 67352 INFO tempest.lib.common.rest_client [req-d9d6c599-0c9e-4044-a6a8-c9170a85986c req-d9d6c599-0c9e-4044-a6a8-c9170a85986c ] Request (AttachVolumeNegativeTest:setUpClass): 200 GET http://10.180.1.21/identity/v3/domains?name=Default 0.036s
2025-12-12 20:33:06.351 67352 INFO tempest.lib.common.rest_client [req-15875cd1-8f60-4fd3-ab77-35a8c01721ec req-15875cd1-8f60-4fd3-ab77-35a8c01721ec ] Request (AttachVolumeNegativeTest:setUpClass): 201 POST http://10.180.1.21/identity/v3/projects 0.038s
2025-12-12 20:33:06.416 67348 INFO tempest.lib.common.rest_client [req-a51fddbb-7a3a-43c4-b1ed-1e795e3335dd req-a51fddbb-7a3a-43c4-b1ed-1e795e3335dd ] Request (FlavorsV2NegativeTest:tearDownClass): 200 GET http://10.180.1.21/networking/v2.0/security-groups?tenant_id=881a04cb57834f28b363712d397da9eb&name=default 0.287s
2025-12-12 20:33:06.462 67352 INFO tempest.lib.common.rest_client [req-4a5d967e-6b09-4359-9b91-215f393cda79 req-4a5d967e-6b09-4359-9b91-215f393cda79 ] Request (AttachVolumeNegativeTest:setUpClass): 201 POST http://10.180.1.21/identity/v3/users 0.110s
2025-12-12 20:33:06.464 67346 INFO tempest.lib.common.rest_client [req-c87511c2-c1a3-4eec-a67c-619f4c925551 req-c87511c2-c1a3-4eec-a67c-619f4c925551 ] Request (ServerDiskConfigTestJSON:setUpClass): 200 PUT http://10.180.1.21/networking/v2.0/routers/6c366b02-1d84-4a5b-80fe-f9cc3f18e134/add_router_interface 1.026s
2025-12-12 20:33:06.464 67346 INFO tempest.lib.common.dynamic_creds [-] Created isolated network resources for: credentials: Credentials: {'domain_id': 'default', 'domain_name': 'Default', 'username': 'tempest-ServerDiskConfigTestJSON-1536063846-project-member', 'project_domain_id': 'default', 'project_domain_name': 'Default', 'project_id': '44ba4d28d9cf4d46b6290c2f53dc6375', 'project_name': 'tempest-ServerDiskConfigTestJSON-1536063846', 'tenant_id': '44ba4d28d9cf4d46b6290c2f53dc6375', 'tenant_name': 'tempest-ServerDiskConfigTestJSON-1536063846', 'user_domain_id': 'default', 'user_domain_name': 'Default', 'user_id': '3eaf28c69a6c408ca53a989fd5cad00a', 'system': None}, Network: {'id': '6cf8b2ee-45ae-4272-9ad0-e6b13d8b82fb', 'name': 'tempest-ServerDiskConfigTestJSON-322710558-network', 'tenant_id': '44ba4d28d9cf4d46b6290c2f53dc6375', 'project_id': '44ba4d28d9cf4d46b6290c2f53dc6375', 'admin_state_up': True, 'mtu': 8950, 'status': 'ACTIVE', 'subnets': [], 'shared': False, 'port_security_enabled': True, 'router:external': False, 'provider:network_type': 'vlan', 'provider:physical_network': 'default', 'provider:segmentation_id': 27, 'availability_zone_hints': [], 'availability_zones': [], 'ipv4_address_scope': None, 'ipv6_address_scope': None, 'description': '', 'tags': [], 'created_at': '2025-12-12T20:33:03Z', 'updated_at': '2025-12-12T20:33:03Z', 'revision_number': 1}, Subnet: {'id': '6d7170f9-b10e-44d2-b8ef-4ceafa79b2fc', 'name': 'tempest-ServerDiskConfigTestJSON-322710558-subnet', 'tenant_id': '44ba4d28d9cf4d46b6290c2f53dc6375', 'network_id': '6cf8b2ee-45ae-4272-9ad0-e6b13d8b82fb', 'ip_version': 4, 'subnetpool_id': None, 'enable_dhcp': True, 'ipv6_ra_mode': None, 'ipv6_address_mode': None, 'gateway_ip': '192.168.128.1', 'cidr': '192.168.128.0/28', 'allocation_pools': [{'start': '192.168.128.2', 'end': '192.168.128.14'}], 'host_routes': [], 'dns_nameservers': [], 'description': '', 'router:external': False, 'service_types': [], 'tags': [], 'created_at': '2025-12-12T20:33:04Z', 'updated_at': '2025-12-12T20:33:04Z', 'revision_number': 0, 'project_id': '44ba4d28d9cf4d46b6290c2f53dc6375'}, Router: {'id': '6c366b02-1d84-4a5b-80fe-f9cc3f18e134', 'name': 'tempest-ServerDiskConfigTestJSON-322710558-router', 'tenant_id': '44ba4d28d9cf4d46b6290c2f53dc6375', 'admin_state_up': True, 'status': 'ACTIVE', 'external_gateway_info': {'network_id': '80036bc7-e286-4b9e-a492-849e7a2923b5', 'external_fixed_ips': [{'subnet_id': '29bca444-df54-4c9c-97ac-27058ee6f8ad', 'ip_address': '10.180.180.206'}], 'enable_snat': True}, 'description': '', 'availability_zones': [], 'distributed': False, 'ha': False, 'availability_zone_hints': [], 'routes': [], 'flavor_id': None, 'tags': [], 'created_at': '2025-12-12T20:33:04Z', 'updated_at': '2025-12-12T20:33:04Z', 'revision_number': 2, 'project_id': '44ba4d28d9cf4d46b6290c2f53dc6375'}
2025-12-12 20:33:06.467 67330 INFO tempest.lib.common.rest_client [req-ce39f830-75dc-4648-8ee9-655e383a7858 req-ce39f830-75dc-4648-8ee9-655e383a7858 ] Request (ServersWithSpecificFlavorTestJSON:test_verify_created_server_ephemeral_disk): 200 GET http://10.180.1.21/compute/v2.1/servers/49d6dcf5-0012-4a19-9f80-12a7bd4ec30d 1.531s
2025-12-12 20:33:06.476 67330 INFO tempest.common.waiters [-] State transition "BUILD/spawning" ==> "ACTIVE/None" after 23 second wait
2025-12-12 20:33:06.499 67352 INFO tempest.lib.common.rest_client [req-7f9fddb4-46b5-4d54-975b-7901409453c5 req-7f9fddb4-46b5-4d54-975b-7901409453c5 ] Request (AttachVolumeNegativeTest:setUpClass): 200 GET http://10.180.1.21/identity/v3/roles 0.036s
2025-12-12 20:33:06.551 67352 INFO tempest.lib.common.rest_client [req-efd8c126-b903-4ebc-bccc-582bec1f51c7 req-efd8c126-b903-4ebc-bccc-582bec1f51c7 ] Request (AttachVolumeNegativeTest:setUpClass): 204 PUT http://10.180.1.21/identity/v3/projects/7cc748f9bc5440a38222e8c847dcdff6/users/6099660654bf414fa43dc54702e9e743/roles/a1e11a02fe274de4bf750107c736b2f5 0.052s
2025-12-12 20:33:06.552 67352 INFO tempest.lib.common.dynamic_creds [-] Dynamic test user 6099660654bf414fa43dc54702e9e743 is created with scope project and roles: ['member']
2025-12-12 20:33:06.552 67352 INFO tempest.lib.common.dynamic_creds [-] Acquired dynamic creds: credentials: Credentials: {'domain_id': 'default', 'domain_name': 'Default', 'username': 'tempest-AttachVolumeNegativeTest-962041043-project-member', 'project_domain_id': 'default', 'project_domain_name': 'Default', 'project_id': '7cc748f9bc5440a38222e8c847dcdff6', 'project_name': 'tempest-AttachVolumeNegativeTest-962041043', 'tenant_id': '7cc748f9bc5440a38222e8c847dcdff6', 'tenant_name': 'tempest-AttachVolumeNegativeTest-962041043', 'user_domain_id': 'default', 'user_domain_name': 'Default', 'user_id': '6099660654bf414fa43dc54702e9e743', 'system': None}, Network: None, Subnet: None, Router: None
2025-12-12 20:33:06.616 67346 INFO tempest.lib.common.rest_client [req-68307876-7e87-4e80-ace5-59c4e932a3c0 req-68307876-7e87-4e80-ace5-59c4e932a3c0 ] Request (ServerDiskConfigTestJSON:setUpClass): 201 POST http://10.180.1.21/identity/v3/auth/tokens 0.147s
2025-12-12 20:33:06.639 67318 INFO tempest.lib.common.rest_client [req-53ce9ff1-ec4e-4a7e-a21e-2b69edaf1df2 req-53ce9ff1-ec4e-4a7e-a21e-2b69edaf1df2 ] Request (ImagesOneServerNegativeTestJSON:test_create_second_image_when_first_image_is_being_saved): 204 DELETE http://10.180.1.21/compute/v2.1/images/99fd5d95-359a-48b7-801d-3706d3dca4cb 1.566s
2025-12-12 20:33:06.644 67352 INFO tempest.lib.common.rest_client [req-138a2a64-90e9-42ca-8108-5fbf83ef94a8 req-138a2a64-90e9-42ca-8108-5fbf83ef94a8 ] Request (AttachVolumeNegativeTest:setUpClass): 201 POST http://10.180.1.21/identity/v3/auth/tokens 0.092s
2025-12-12 20:33:06.677 67339 INFO tempest.lib.common.rest_client [req-8f76d8cc-67e1-4a63-9370-f315db1f60e1 req-8f76d8cc-67e1-4a63-9370-f315db1f60e1 ] Request (AggregatesAdminNegativeTestJSON:_run_cleanups): 200 DELETE http://10.180.1.21/compute/v2.1/os-aggregates/5 1.596s
2025-12-12 20:33:06.690 67346 INFO tempest.lib.common.rest_client [req-5e784091-0272-4bb6-9648-a3cf834be62e req-5e784091-0272-4bb6-9648-a3cf834be62e ] Request (ServerDiskConfigTestJSON:test_rebuild_server_with_auto_disk_config): 201 POST http://10.180.1.21/identity/v3/auth/tokens 0.068s
2025-12-12 20:33:06.690 67346 INFO tempest.lib.common.fixed_network [-] (ServerDiskConfigTestJSON:test_rebuild_server_with_auto_disk_config) Found network {'id': '6cf8b2ee-45ae-4272-9ad0-e6b13d8b82fb', 'name': 'tempest-ServerDiskConfigTestJSON-322710558-network', 'tenant_id': '44ba4d28d9cf4d46b6290c2f53dc6375', 'project_id': '44ba4d28d9cf4d46b6290c2f53dc6375', 'admin_state_up': True, 'mtu': 8950, 'status': 'ACTIVE', 'subnets': [], 'shared': False, 'port_security_enabled': True, 'router:external': False, 'provider:network_type': 'vlan', 'provider:physical_network': 'default', 'provider:segmentation_id': 27, 'availability_zone_hints': [], 'availability_zones': [], 'ipv4_address_scope': None, 'ipv6_address_scope': None, 'description': '', 'tags': [], 'created_at': '2025-12-12T20:33:03Z', 'updated_at': '2025-12-12T20:33:03Z', 'revision_number': 1} available for tenant
2025-12-12 20:33:06.696 67334 INFO tempest.lib.common.rest_client [req-18f9d9fd-7e65-4451-8681-8ed008e18b3b req-18f9d9fd-7e65-4451-8681-8ed008e18b3b ] Request (FlavorsAccessNegativeTestJSON:test_remove_flavor_access_not_found): 200 POST http://10.180.1.21/compute/v2.1/flavors 1.576s
2025-12-12 20:33:06.711 67348 INFO tempest.lib.common.rest_client [req-90e0c38b-f1bc-4945-ae8f-e3edb69c0090 req-90e0c38b-f1bc-4945-ae8f-e3edb69c0090 ] Request (FlavorsV2NegativeTest:tearDownClass): 204 DELETE http://10.180.1.21/networking/v2.0/security-groups/7ffb01fb-d419-4c0e-b2ee-30d74674a701 0.295s
2025-12-12 20:33:06.760 67360 INFO tempest.lib.common.rest_client [req-9ce7efd8-d577-4514-afe1-9c4d5898c3fc req-9ce7efd8-d577-4514-afe1-9c4d5898c3fc ] Request (ServersAdminTestJSON:setUpClass): 200 GET http://10.180.1.21/compute/v2.1/servers/4f257cca-29ed-43f6-9dff-bced1998aa52 1.791s
2025-12-12 20:33:06.799 67348 INFO tempest.lib.common.rest_client [req-ae2b2380-d84c-43f8-9c23-5a40b37d0302 req-ae2b2380-d84c-43f8-9c23-5a40b37d0302 ] Request (FlavorsV2NegativeTest:tearDownClass): 204 DELETE http://10.180.1.21/identity/v3/projects/881a04cb57834f28b363712d397da9eb 0.087s
2025-12-12 20:33:06.870 67310 INFO tempest.lib.common.rest_client [req-cc5f493c-bff0-4d3d-8a25-cad91acdfc62 req-cc5f493c-bff0-4d3d-8a25-cad91acdfc62 ] Request (DeleteServersAdminTestJSON:test_delete_server_while_in_error_state): 204 DELETE http://10.180.1.21/compute/v2.1/servers/d1fac354-4d57-4aec-ae0c-7e282cdd92b7 1.618s
2025-12-12 20:33:06.878 67348 INFO tempest.lib.common.rest_client [req-f5b5a479-0f82-4858-a9e4-851d547b3c40 req-f5b5a479-0f82-4858-a9e4-851d547b3c40 ] Request (ServerRescueNegativeTestJSON:setUpClass): 201 POST http://10.180.1.21/identity/v3/auth/tokens 0.077s
2025-12-12 20:33:06.913 67358 INFO tempest.lib.common.rest_client [req-76e713a9-5c87-4993-96ec-be87bf91d386 req-76e713a9-5c87-4993-96ec-be87bf91d386 ] Request (FlavorsV2TestJSON:test_list_flavors_detailed_filter_by_min_ram): 200 GET http://10.180.1.21/compute/v2.1/flavors/detail?minRam=193 1.557s
2025-12-12 20:33:06.946 67348 INFO tempest.lib.common.rest_client [req-30289a32-a0e8-4646-a76d-12cc9e127e74 req-30289a32-a0e8-4646-a76d-12cc9e127e74 ] Request (ServerRescueNegativeTestJSON:setUpClass): 201 POST http://10.180.1.21/identity/v3/auth/tokens 0.062s
2025-12-12 20:33:06.985 67348 INFO tempest.lib.common.rest_client [req-99bcadcf-9010-4e71-a202-937b49f16347 req-99bcadcf-9010-4e71-a202-937b49f16347 ] Request (ServerRescueNegativeTestJSON:setUpClass): 200 GET http://10.180.1.21/identity/v3/domains?name=Default 0.038s
2025-12-12 20:33:07.020 67348 INFO tempest.lib.common.rest_client [req-39d1547d-f84d-4377-b96b-2b057a560a4d req-39d1547d-f84d-4377-b96b-2b057a560a4d ] Request (ServerRescueNegativeTestJSON:setUpClass): 201 POST http://10.180.1.21/identity/v3/projects 0.034s
2025-12-12 20:33:07.104 67348 INFO tempest.lib.common.rest_client [req-daa4414a-aa55-4c87-a60c-cf6d2fb6d367 req-daa4414a-aa55-4c87-a60c-cf6d2fb6d367 ] Request (ServerRescueNegativeTestJSON:setUpClass): 201 POST http://10.180.1.21/identity/v3/users 0.084s
2025-12-12 20:33:07.131 67348 INFO tempest.lib.common.rest_client [req-d5c9e0c6-a2d0-49b6-9efa-b73ba0e7f45b req-d5c9e0c6-a2d0-49b6-9efa-b73ba0e7f45b ] Request (ServerRescueNegativeTestJSON:setUpClass): 200 GET http://10.180.1.21/identity/v3/roles 0.026s
2025-12-12 20:33:07.137 67352 INFO tempest.lib.common.rest_client [req-277420a0-55ba-44b9-ba34-ed9469371ebf req-277420a0-55ba-44b9-ba34-ed9469371ebf ] Request (AttachVolumeNegativeTest:setUpClass): 201 POST http://10.180.1.21/networking/v2.0/networks 0.492s
2025-12-12 20:33:07.166 67348 INFO tempest.lib.common.rest_client [req-97ba2fb6-a25d-48da-8d3a-bc384f03188c req-97ba2fb6-a25d-48da-8d3a-bc384f03188c ] Request (ServerRescueNegativeTestJSON:setUpClass): 204 PUT http://10.180.1.21/identity/v3/projects/e7e57c9e32ef40b1a1403e71892cc146/users/c59643742f5e42af967b48b3c560c258/roles/a1e11a02fe274de4bf750107c736b2f5 0.034s
2025-12-12 20:33:07.167 67348 INFO tempest.lib.common.dynamic_creds [-] Dynamic test user c59643742f5e42af967b48b3c560c258 is created with scope project and roles: ['member']
2025-12-12 20:33:07.167 67348 INFO tempest.lib.common.dynamic_creds [-] Acquired dynamic creds: credentials: Credentials: {'domain_id': 'default', 'domain_name': 'Default', 'username': 'tempest-ServerRescueNegativeTestJSON-1608535984-project-member', 'project_domain_id': 'default', 'project_domain_name': 'Default', 'project_id': 'e7e57c9e32ef40b1a1403e71892cc146', 'project_name': 'tempest-ServerRescueNegativeTestJSON-1608535984', 'tenant_id': 'e7e57c9e32ef40b1a1403e71892cc146', 'tenant_name': 'tempest-ServerRescueNegativeTestJSON-1608535984', 'user_domain_id': 'default', 'user_domain_name': 'Default', 'user_id': 'c59643742f5e42af967b48b3c560c258', 'system': None}, Network: None, Subnet: None, Router: None
2025-12-12 20:33:07.179 67326 INFO tempest.lib.common.rest_client [req-8a00c21f-2fca-47cc-9ac9-ee93a2de3ffc req-8a00c21f-2fca-47cc-9ac9-ee93a2de3ffc ] Request (TenantUsagesTestJSON:setUpClass): 200 GET http://10.180.1.21/compute/v2.1/servers/8dc7aae7-0cf7-4c87-950f-0145a87d0573 1.931s
2025-12-12 20:33:07.235 67354 INFO tempest.lib.common.rest_client [req-5e98f6a7-88d9-4510-b369-494d45bc310e req-5e98f6a7-88d9-4510-b369-494d45bc310e ] Request (ServersTestMultiNic:_run_cleanups): 200 GET http://10.180.1.21/compute/v2.1/servers/0f6f0b09-8341-466d-b43b-e024a4a6d466 1.842s
2025-12-12 20:33:07.244 67348 INFO tempest.lib.common.rest_client [req-cd84556f-bf22-42d7-bcba-ada9b767c0fd req-cd84556f-bf22-42d7-bcba-ada9b767c0fd ] Request (ServerRescueNegativeTestJSON:setUpClass): 201 POST http://10.180.1.21/identity/v3/auth/tokens 0.077s
2025-12-12 20:33:07.434 67352 INFO tempest.lib.common.rest_client [req-77452ed2-b964-4f20-a800-a5202bf0e910 req-77452ed2-b964-4f20-a800-a5202bf0e910 ] Request (AttachVolumeNegativeTest:setUpClass): 201 POST http://10.180.1.21/networking/v2.0/subnets 0.297s
2025-12-12 20:33:07.512 67332 INFO tempest.lib.common.rest_client [req-ef00b93e-0ece-46c1-b93e-f5180eb3c572 req-ef00b93e-0ece-46c1-b93e-f5180eb3c572 ] Request (ServersListShow296Test:test_list_show_update_rebuild_server_296): 200 GET http://10.180.1.21/compute/v2.1/servers/393ed40d-62e7-404d-a943-4e131c07ae9a 2.042s
2025-12-12 20:33:07.524 67332 INFO tempest.common.waiters [-] State transition "REBUILD/rebuild_spawning" ==> "ACTIVE/None" after 11 second wait
2025-12-12 20:33:07.822 67348 INFO tempest.lib.common.rest_client [req-6f2d0939-bd3e-4cfd-8472-7f337f746be1 req-6f2d0939-bd3e-4cfd-8472-7f337f746be1 ] Request (ServerRescueNegativeTestJSON:setUpClass): 201 POST http://10.180.1.21/networking/v2.0/networks 0.577s
2025-12-12 20:33:07.848 67364 INFO tempest.lib.common.rest_client [req-b2ca554f-2799-4277-9820-daa96c840751 req-b2ca554f-2799-4277-9820-daa96c840751 ] Request (FloatingIPsAssociationTestJSON:setUpClass): 200 GET http://10.180.1.21/compute/v2.1/servers/f852334d-cefd-4ca6-8620-66d5137124db 2.236s
2025-12-12 20:33:08.636 67352 INFO tempest.lib.common.rest_client [req-a46da739-489c-48d9-9655-cef766580a82 req-a46da739-489c-48d9-9655-cef766580a82 ] Request (AttachVolumeNegativeTest:setUpClass): 201 POST http://10.180.1.21/networking/v2.0/routers 1.201s
2025-12-12 20:33:08.863 67348 INFO tempest.lib.common.rest_client [req-c721067c-c325-4599-afd5-dc630c0bde1b req-c721067c-c325-4599-afd5-dc630c0bde1b ] Request (ServerRescueNegativeTestJSON:setUpClass): 201 POST http://10.180.1.21/networking/v2.0/subnets 1.041s
2025-12-12 20:33:08.897 67340 INFO tempest.lib.common.rest_client [req-43c7af7f-9c8e-41dc-8545-b619da2b39de req-43c7af7f-9c8e-41dc-8545-b619da2b39de ] Request (ListServerFiltersTestJSON:setUpClass): 200 GET http://10.180.1.21/compute/v2.1/servers/67b2ae53-9910-4c12-8723-d7160216395d 3.118s
2025-12-12 20:33:08.935 67306 WARNING tempest.lib.common.ssh [-] Failed to establish authenticated ssh connection to cirros@10.180.180.243 ([Errno None] Unable to connect to port 22 on 10.180.180.243). Number attempts: 4. Retry after 5 seconds.: paramiko.ssh_exception.NoValidConnectionsError: [Errno None] Unable to connect to port 22 on 10.180.180.243
2025-12-12 20:33:09.049 67322 INFO tempest.lib.common.rest_client [req-51fe3206-ceb8-46b7-aa5f-924d62a52550 req-51fe3206-ceb8-46b7-aa5f-924d62a52550 ] Request (ServerAddressesTestJSON:setUpClass): 200 GET http://10.180.1.21/compute/v2.1/servers/7bb1c4fa-4edf-4d70-98ac-cd384ac38b7e 3.334s
2025-12-12 20:33:09.136 67320 INFO tempest.lib.common.rest_client [req-4a2ba472-1738-406f-b30b-566e368cda75 req-4a2ba472-1738-406f-b30b-566e368cda75 ] Request (VolumesAdminNegativeTest:tearDownClass): 204 DELETE http://10.180.1.21/compute/v2.1/servers/4e4c7d32-9469-48c7-a1c2-16ad4e69a359 3.269s
2025-12-12 20:33:09.233 67316 INFO tempest.lib.common.rest_client [req-a8e098a1-e910-475a-bf84-854b7526c604 req-a8e098a1-e910-475a-bf84-854b7526c604 ] Request (ServerDiagnosticsV248Test:tearDownClass): 204 DELETE http://10.180.1.21/compute/v2.1/servers/22ed026a-1947-4584-b5ad-fb3c3a122bcf 3.320s
2025-12-12 20:33:09.287 67350 INFO tempest.lib.common.rest_client [req-741a1d21-bcb6-463c-94d1-2f98c856358d req-741a1d21-bcb6-463c-94d1-2f98c856358d ] Request (KeyPairsV22TestJSON:test_keypairsv22_create_list_show): 201 POST http://10.180.1.21/compute/v2.1/os-keypairs 3.362s
2025-12-12 20:33:09.322 67314 INFO tempest.lib.common.rest_client [req-ac2efc77-5521-42ed-8fef-8e08ac01665b req-ac2efc77-5521-42ed-8fef-8e08ac01665b ] Request (FlavorsAdminTestJSON:test_create_server_with_non_public_flavor): 200 POST http://10.180.1.21/compute/v2.1/flavors 3.359s
2025-12-12 20:33:09.443 67368 WARNING tempest.lib.common.ssh [-] Failed to establish authenticated ssh connection to cirros@10.180.180.159 ([Errno None] Unable to connect to port 22 on 10.180.180.159). Number attempts: 3. Retry after 4 seconds.: paramiko.ssh_exception.NoValidConnectionsError: [Errno None] Unable to connect to port 22 on 10.180.180.159
2025-12-12 20:33:09.844 67348 INFO tempest.lib.common.rest_client [req-f9be696a-669d-4b53-acc1-10026decdda0 req-f9be696a-669d-4b53-acc1-10026decdda0 ] Request (ServerRescueNegativeTestJSON:setUpClass): 201 POST http://10.180.1.21/networking/v2.0/routers 0.980s
