2025-12-12 20:34:58.378 67346 INFO tempest.lib.common.rest_client [req-b16f7f45-45fa-4c4c-afe3-0217d83f18ec req-b16f7f45-45fa-4c4c-afe3-0217d83f18ec ] Request (ServerDiskConfigTestJSON:test_rebuild_server_with_manual_disk_config): 200 GET http://10.180.1.21/compute/v2.1/servers/14a25588-727d-49d8-bd69-fe6d6f4a9e92 1.403s
2025-12-12 20:34:58.433 67339 INFO tempest.lib.common.rest_client [req-47884113-dbd8-4721-a3bd-8e8082ddffa1 req-47884113-dbd8-4721-a3bd-8e8082ddffa1 ] Request (AttachInterfacesUnderV243Test:test_add_remove_fixed_ip): 200 GET http://10.180.1.21/compute/v2.1/servers/45f768d4-ec58-4cd5-a5ba-f3067f4845ae 1.394s
2025-12-12 20:34:58.457 67318 INFO tempest.lib.common.rest_client [req-99c43369-dacf-4b92-a4dd-0a4eb4110058 req-99c43369-dacf-4b92-a4dd-0a4eb4110058 ] Request (ImagesOneServerNegativeTestJSON:_run_cleanups): 200 GET http://10.180.1.21/compute/v2.1/servers/eef1b779-4952-4b2a-95c0-cc094143ea90 1.435s
2025-12-12 20:34:58.496 67366 INFO tempest.lib.common.rest_client [req-40ef775d-0deb-4b8c-b81f-1a7c51d74f89 req-40ef775d-0deb-4b8c-b81f-1a7c51d74f89 ] Request (ServersAaction247Test:test_create_backup): 200 GET http://10.180.1.21/compute/v2.1/servers/c1ea8c73-fba1-47c2-9df6-285418b5a1f2 1.402s
2025-12-12 20:34:58.518 67310 INFO tempest.lib.common.rest_client [req-d84b18cb-ee90-45bf-b5e2-43fe864118bb req-d84b18cb-ee90-45bf-b5e2-43fe864118bb ] Request (ServerMetadataTestJSON:setUpClass): 200 GET http://10.180.1.21/compute/v2.1/servers/b598aded-ecf2-4298-a41f-8c4c6dc2dbcc 1.408s
2025-12-12 20:34:58.653 67348 INFO tempest.lib.common.rest_client [req-dfbd97d4-8749-46aa-9a8f-5e9e22459457 req-dfbd97d4-8749-46aa-9a8f-5e9e22459457 ] Request (ServerRescueNegativeTestJSON:test_rescued_vm_attach_volume): 200 GET http://10.180.1.21/compute/v2.1/servers/5c1a8f9c-306e-4deb-bcbe-65019547d524 1.421s
2025-12-12 20:34:58.660 67348 INFO tempest.common.waiters [-] State transition "ACTIVE/rescuing" ==> "RESCUE/None" after 10 second wait
2025-12-12 20:34:58.663 67328 INFO tempest.lib.common.rest_client [req-8c2058d5-5203-418a-9fa3-f268bfd9f57b req-8c2058d5-5203-418a-9fa3-f268bfd9f57b ] Request (ServerPasswordTestJSON:setUpClass): 200 GET http://10.180.1.21/compute/v2.1/servers/8f86567e-20c5-4021-abbd-c695aa5e931f 1.466s
2025-12-12 20:34:58.672 67328 INFO tempest.common.waiters [-] State transition "BUILD/networking" ==> "BUILD/spawning" after 40 second wait
2025-12-12 20:34:58.692 67354 INFO tempest.lib.common.rest_client [req-9bec18cd-6502-4d05-9451-a3cc25599d14 req-9bec18cd-6502-4d05-9451-a3cc25599d14 ] Request (ServersTestMultiNic:_run_cleanups): 404 GET http://10.180.1.21/compute/v2.1/servers/036b2d6c-4204-4a5c-b3a9-8269e2ec607e 1.390s
2025-12-12 20:34:58.733 67308 INFO tempest.lib.common.rest_client [req-d2e24a27-7b1b-4fd3-a04f-7c1bbf9a869b req-d2e24a27-7b1b-4fd3-a04f-7c1bbf9a869b ] Request (ServersNegativeTestJSON:setUpClass): 200 GET http://10.180.1.21/compute/v2.1/servers/0bcf8586-9540-4e61-b794-ef3b60bab0a4 1.470s
2025-12-12 20:34:58.766 67362 INFO tempest.lib.common.rest_client [req-12eae916-c44c-4292-905e-c538b91e37ca req-12eae916-c44c-4292-905e-c538b91e37ca ] Request (ServerRescueTestJSON:tearDownClass): 200 GET http://10.180.1.21/compute/v2.1/servers/11c5191c-fd82-4381-b032-1f10b503971e 1.427s
2025-12-12 20:34:58.801 67334 INFO tempest.lib.common.rest_client [req-1b44fea4-8f1f-443d-a31f-49ecd95d83db req-1b44fea4-8f1f-443d-a31f-49ecd95d83db ] Request (ImagesTestJSON:test_create_image_from_suspended_server): 200 GET http://10.180.1.21/compute/v2.1/servers/d24952f2-0995-4f9a-9136-14a8cd90590b 1.429s
2025-12-12 20:34:58.860 67330 INFO tempest.lib.common.rest_client [req-f92a7395-73a1-4fa4-9479-9bbf783e7d60 req-f92a7395-73a1-4fa4-9479-9bbf783e7d60 ] Request (ServersWithSpecificFlavorTestJSON:test_verify_created_server_ephemeral_disk): 200 GET http://10.180.1.21/compute/v2.1/servers/e52ab49f-9a3a-48b4-85be-4eec4cf7a205 1.081s
2025-12-12 20:34:58.870 67354 INFO tempest.lib.common.rest_client [req-7489dd10-d937-4d63-84d0-32bb71ec3d8d req-7489dd10-d937-4d63-84d0-32bb71ec3d8d ] Request (ServersTestMultiNic:_run_cleanups): 204 DELETE http://10.180.1.21/networking/v2.0/subnets/8c2e9eb7-5441-4cf7-a69e-f6e902cacf70 0.177s
2025-12-12 20:34:58.903 67336 INFO tempest.lib.common.rest_client [req-6b581d3a-b477-4ecc-9a98-ff895b206847 req-6b581d3a-b477-4ecc-9a98-ff895b206847 ] Request (ServerActionsTestOtherA:test_rebuild_server_in_stop_state): 200 GET http://10.180.1.21/compute/v2.1/servers/5f89a5a8-369a-473c-9c15-949b38518d3f 1.313s
2025-12-12 20:34:58.910 67336 INFO tempest.common.waiters [-] State transition "ACTIVE/powering-off" ==> "SHUTOFF/None" after 2 second wait
2025-12-12 20:34:58.921 67312 INFO tempest.lib.common.rest_client [req-857639cf-6ccb-4c32-befd-423bc0acabd9 req-857639cf-6ccb-4c32-befd-423bc0acabd9 ] Request (MigrationsAdminTest:test_resize_server_revert_deleted_flavor): 200 GET http://10.180.1.21/compute/v2.1/servers/37611de6-9171-4f9f-8d16-edcead9cc3e2 1.090s
2025-12-12 20:34:58.984 67350 INFO tempest.lib.common.rest_client [req-f53df812-ee55-4c64-b60e-c4bbfb4effaa req-f53df812-ee55-4c64-b60e-c4bbfb4effaa ] Request (InstanceActionsTestJSON:setUpClass): 200 GET http://10.180.1.21/compute/v2.1/servers/ccb430f5-1a75-4187-8e61-e69e351767fc 0.980s
2025-12-12 20:34:59.009 67364 INFO tempest.lib.common.rest_client [req-0d07aa98-b168-403a-a3d6-65f2642402a3 req-0d07aa98-b168-403a-a3d6-65f2642402a3 ] Request (FloatingIPsAssociationTestJSON:tearDownClass): 200 GET http://10.180.1.21/compute/v2.1/servers/456b3f88-5389-4e0f-a14a-c04e543afb1b 1.066s
2025-12-12 20:34:59.046 67340 INFO tempest.lib.common.rest_client [req-69b7b74b-1056-41cb-9e12-21bc7d3bb2f5 req-69b7b74b-1056-41cb-9e12-21bc7d3bb2f5 ] Request (ListServerFiltersTestJSON:tearDownClass): 200 GET http://10.180.1.21/compute/v2.1/servers/67b2ae53-9910-4c12-8723-d7160216395d 0.949s
2025-12-12 20:34:59.072 67326 INFO tempest.lib.common.rest_client [req-3849ce6e-7f05-4783-8463-e68ed76242c1 req-3849ce6e-7f05-4783-8463-e68ed76242c1 ] Request (ListImageFiltersTestJSON:setUpClass): 200 GET http://10.180.1.21/compute/v2.1/servers/36bcbf6a-8749-48b4-b27f-ed0cd0fd560d 0.965s
2025-12-12 20:34:59.108 67344 INFO tempest.lib.common.rest_client [req-6283789c-2140-4044-a5bc-283ad5f6dbb3 req-6283789c-2140-4044-a5bc-283ad5f6dbb3 ] Request (ServerShowV257Test:test_rebuild_server): 200 GET http://10.180.1.21/compute/v2.1/servers/4b6a7cad-b2a5-4308-997b-e7efda1118f9 0.894s
2025-12-12 20:34:59.119 67344 INFO tempest.common.waiters [-] State transition "REBUILD/rebuilding" ==> "REBUILD/rebuild_spawning" after 4 second wait
2025-12-12 20:34:59.126 67348 INFO tempest.lib.common.rest_client [req-04b6730b-8316-4702-9317-ee59e5087f53 req-04b6730b-8316-4702-9317-ee59e5087f53 ] Request (ServerRescueNegativeTestJSON:test_rescued_vm_attach_volume): 409 POST http://10.180.1.21/compute/v2.1/servers/5c1a8f9c-306e-4deb-bcbe-65019547d524/os-volume_attachments 0.465s
2025-12-12 20:34:59.161 67354 INFO tempest.lib.common.rest_client [req-8889989d-51ec-47df-9829-a999acadce46 req-8889989d-51ec-47df-9829-a999acadce46 ] Request (ServersTestMultiNic:_run_cleanups): 204 DELETE http://10.180.1.21/networking/v2.0/networks/fc0975be-0176-4167-b0ea-607d5fcd65ed 0.290s
2025-12-12 20:34:59.336 67342 INFO tempest.lib.common.rest_client [req-8e0617ea-bdb8-4ba5-8da6-991262a7c034 req-8e0617ea-bdb8-4ba5-8da6-991262a7c034 ] Request (ServersV294TestFqdnHostnames:setUpClass): 200 GET http://10.180.1.21/compute/v2.1/servers/8781f8bd-1f2b-4716-9771-cf65f2f15a71 0.314s
2025-12-12 20:34:59.363 67336 INFO tempest.lib.common.rest_client [req-1d6c9f39-3cfb-44ee-980b-0a84f7e0e4fe req-1d6c9f39-3cfb-44ee-980b-0a84f7e0e4fe ] Request (ServerActionsTestOtherA:test_rebuild_server_in_stop_state): 202 POST http://10.180.1.21/compute/v2.1/servers/5f89a5a8-369a-473c-9c15-949b38518d3f/action 0.453s
2025-12-12 20:34:59.432 67348 INFO tempest.lib.common.rest_client [req-c4ec3b29-3854-4f8f-9c6c-7594672a1379 req-c4ec3b29-3854-4f8f-9c6c-7594672a1379 ] Request (ServerRescueNegativeTestJSON:_run_cleanups): 202 POST http://10.180.1.21/compute/v2.1/servers/5c1a8f9c-306e-4deb-bcbe-65019547d524/action 0.305s
2025-12-12 20:34:59.445 67360 INFO tempest.lib.common.rest_client [req-3254df63-6c99-48d0-a692-18eedd05564f req-3254df63-6c99-48d0-a692-18eedd05564f ] Request (ServersAdminTestJSON:test_inject_network_info): 200 GET http://10.180.1.21/compute/v2.1/servers/adb2667f-1546-4b8c-9b94-4262fd337673 0.298s
2025-12-12 20:34:59.452 67354 INFO tempest.lib.common.rest_client [req-25774365-7ec1-4323-b5df-60d736a42d18 req-25774365-7ec1-4323-b5df-60d736a42d18 ] Request (ServersTestMultiNic:_run_cleanups): 204 DELETE http://10.180.1.21/networking/v2.0/subnets/63dc274f-f524-4b00-b561-c867c3605ee6 0.289s
2025-12-12 20:34:59.695 67306 INFO tempest.lib.common.rest_client [req-f886c2b8-e712-4e8d-b5c8-ce215c6ddf28 req-f886c2b8-e712-4e8d-b5c8-ce215c6ddf28 ] Request (VolumesAssistedSnapshotsTest:tearDownClass): 200 GET http://10.180.1.21/compute/v2.1/servers/db180da7-9f7c-4060-8ffd-f0ef3487e4ce 0.366s
2025-12-12 20:34:59.722 67320 INFO tempest.lib.common.rest_client [req-1109c5d8-f6b2-40f1-885d-9256a5b5aea9 req-1109c5d8-f6b2-40f1-885d-9256a5b5aea9 ] Request (ServersTestManualDisk:setUpClass): 200 GET http://10.180.1.21/compute/v2.1/servers/3afff19c-dd06-4e50-999d-14208b450526 0.375s
2025-12-12 20:34:59.785 67316 WARNING tempest.lib.common.ssh [-] Failed to establish authenticated ssh connection to cirros@10.180.180.236 ([Errno None] Unable to connect to port 22 on 10.180.180.236). Number attempts: 1. Retry after 2 seconds.: paramiko.ssh_exception.NoValidConnectionsError: [Errno None] Unable to connect to port 22 on 10.180.180.236
2025-12-12 20:34:59.810 67354 INFO tempest.lib.common.rest_client [req-224489de-a99b-436b-9cee-b2c6e786799a req-224489de-a99b-436b-9cee-b2c6e786799a ] Request (ServersTestMultiNic:_run_cleanups): 204 DELETE http://10.180.1.21/networking/v2.0/networks/e37c7cc5-2359-49c4-a4b1-b778131818c2 0.357s
2025-12-12 20:34:59.826 67346 INFO tempest.lib.common.rest_client [req-e2e09a29-88fd-486a-a16e-3bb411ffde78 req-e2e09a29-88fd-486a-a16e-3bb411ffde78 ] Request (ServerDiskConfigTestJSON:test_rebuild_server_with_manual_disk_config): 200 GET http://10.180.1.21/compute/v2.1/servers/14a25588-727d-49d8-bd69-fe6d6f4a9e92 0.440s
2025-12-12 20:34:59.850 67336 INFO tempest.lib.common.rest_client [req-7c005e12-8fef-43bc-bb6c-06ea241bc198 req-7c005e12-8fef-43bc-bb6c-06ea241bc198 ] Request (ServerActionsTestOtherA:test_rebuild_server_in_stop_state): 200 GET http://10.180.1.21/compute/v2.1/servers/5f89a5a8-369a-473c-9c15-949b38518d3f 0.479s
2025-12-12 20:34:59.962 67339 INFO tempest.lib.common.rest_client [req-a27d3f90-a3e3-4cbf-a7b7-557694875ce7 req-a27d3f90-a3e3-4cbf-a7b7-557694875ce7 ] Request (AttachInterfacesUnderV243Test:test_add_remove_fixed_ip): 200 GET http://10.180.1.21/compute/v2.1/servers/45f768d4-ec58-4cd5-a5ba-f3067f4845ae 0.519s
2025-12-12 20:34:59.993 67348 INFO tempest.lib.common.rest_client [req-0190d56e-ed1b-4d95-b44f-814adea6421a req-0190d56e-ed1b-4d95-b44f-814adea6421a ] Request (ServerRescueNegativeTestJSON:_run_cleanups): 200 GET http://10.180.1.21/compute/v2.1/servers/5c1a8f9c-306e-4deb-bcbe-65019547d524 0.560s
2025-12-12 20:35:00.046 67356 WARNING tempest.lib.common.ssh [-] Failed to establish authenticated ssh connection to cirros@10.180.180.244 ([Errno None] Unable to connect to port 22 on 10.180.180.244). Number attempts: 4. Retry after 5 seconds.: paramiko.ssh_exception.NoValidConnectionsError: [Errno None] Unable to connect to port 22 on 10.180.180.244
2025-12-12 20:35:00.096 67366 INFO tempest.lib.common.rest_client [req-31786f2f-d34c-4645-a73e-bcedad455473 req-31786f2f-d34c-4645-a73e-bcedad455473 ] Request (ServersAaction247Test:test_create_backup): 200 GET http://10.180.1.21/compute/v2.1/servers/c1ea8c73-fba1-47c2-9df6-285418b5a1f2 0.589s
2025-12-12 20:35:00.208 67318 INFO tempest.lib.common.rest_client [req-613c23e5-4e22-400b-86d2-987fcb878759 req-613c23e5-4e22-400b-86d2-987fcb878759 ] Request (ImagesOneServerNegativeTestJSON:_run_cleanups): 200 GET http://10.180.1.21/compute/v2.1/servers/eef1b779-4952-4b2a-95c0-cc094143ea90 0.736s
2025-12-12 20:35:00.216 67318 INFO tempest.common.waiters [-] State transition "BUILD/spawning" ==> "ACTIVE/None" after 54 second wait
2025-12-12 20:35:00.225 67310 INFO tempest.lib.common.rest_client [req-cedc44b3-89ae-4eed-ab38-c13ed58f1a43 req-cedc44b3-89ae-4eed-ab38-c13ed58f1a43 ] Request (ServerMetadataTestJSON:setUpClass): 200 GET http://10.180.1.21/compute/v2.1/servers/b598aded-ecf2-4298-a41f-8c4c6dc2dbcc 0.693s
2025-12-12 20:35:00.363 67308 INFO tempest.lib.common.rest_client [req-44ca4718-1a89-44df-b7d3-133b2c747502 req-44ca4718-1a89-44df-b7d3-133b2c747502 ] Request (ServersNegativeTestJSON:setUpClass): 200 GET http://10.180.1.21/compute/v2.1/servers/0bcf8586-9540-4e61-b794-ef3b60bab0a4 0.615s
2025-12-12 20:35:00.432 67328 INFO tempest.lib.common.rest_client [req-6ca5ccf1-dbff-41b8-b7bb-42ebb029ea68 req-6ca5ccf1-dbff-41b8-b7bb-42ebb029ea68 ] Request (ServerPasswordTestJSON:setUpClass): 200 GET http://10.180.1.21/compute/v2.1/servers/8f86567e-20c5-4021-abbd-c695aa5e931f 0.758s
2025-12-12 20:35:00.477 67362 INFO tempest.lib.common.rest_client [req-8fa307d0-cca7-4ab1-a295-cbe8ee538c79 req-8fa307d0-cca7-4ab1-a295-cbe8ee538c79 ] Request (ServerRescueTestJSON:tearDownClass): 200 GET http://10.180.1.21/compute/v2.1/servers/11c5191c-fd82-4381-b032-1f10b503971e 0.697s
2025-12-12 20:35:00.499 67354 INFO tempest.lib.common.rest_client [req-9beeed0a-bd47-452d-90c8-9d54abb62593 req-9beeed0a-bd47-452d-90c8-9d54abb62593 ] Request (ServersTestMultiNic:tearDownClass): 404 DELETE http://10.180.1.21/compute/v2.1/servers/036b2d6c-4204-4a5c-b3a9-8269e2ec607e 0.687s
2025-12-12 20:35:00.538 67334 INFO tempest.lib.common.rest_client [req-fcae80d1-cda3-4d6f-b75c-6c2b08d7c614 req-fcae80d1-cda3-4d6f-b75c-6c2b08d7c614 ] Request (ImagesTestJSON:test_create_image_from_suspended_server): 200 GET http://10.180.1.21/compute/v2.1/servers/d24952f2-0995-4f9a-9136-14a8cd90590b 0.729s
2025-12-12 20:35:00.574 67330 INFO tempest.lib.common.rest_client [req-f333adf0-e002-4756-b607-cda91298d600 req-f333adf0-e002-4756-b607-cda91298d600 ] Request (ServersWithSpecificFlavorTestJSON:test_verify_created_server_ephemeral_disk): 200 GET http://10.180.1.21/compute/v2.1/servers/e52ab49f-9a3a-48b4-85be-4eec4cf7a205 0.702s
2025-12-12 20:35:00.616 67312 INFO tempest.lib.common.rest_client [req-83c8d6fa-330d-4276-a863-4594b0675b82 req-83c8d6fa-330d-4276-a863-4594b0675b82 ] Request (MigrationsAdminTest:test_resize_server_revert_deleted_flavor): 200 GET http://10.180.1.21/compute/v2.1/servers/37611de6-9171-4f9f-8d16-edcead9cc3e2 0.678s
2025-12-12 20:35:00.647 67350 INFO tempest.lib.common.rest_client [req-28f6d314-4036-451c-bf56-348d5d9ad380 req-28f6d314-4036-451c-bf56-348d5d9ad380 ] Request (InstanceActionsTestJSON:setUpClass): 200 GET http://10.180.1.21/compute/v2.1/servers/ccb430f5-1a75-4187-8e61-e69e351767fc 0.652s
2025-12-12 20:35:00.705 67364 INFO tempest.lib.common.rest_client [req-65b5f646-18a4-4ccc-9630-b491bd8cef44 req-65b5f646-18a4-4ccc-9630-b491bd8cef44 ] Request (FloatingIPsAssociationTestJSON:tearDownClass): 200 GET http://10.180.1.21/compute/v2.1/servers/456b3f88-5389-4e0f-a14a-c04e543afb1b 0.683s
2025-12-12 20:35:00.725 67340 INFO tempest.lib.common.rest_client [req-66388c48-d072-4e56-8726-1896c1285e09 req-66388c48-d072-4e56-8726-1896c1285e09 ] Request (ListServerFiltersTestJSON:tearDownClass): 200 GET http://10.180.1.21/compute/v2.1/servers/67b2ae53-9910-4c12-8723-d7160216395d 0.669s
2025-12-12 20:35:00.732 67340 INFO tempest.common.waiters [-] State transition "ACTIVE/deleting" ==> "DELETED/None" after 5 second wait
2025-12-12 20:35:00.769 67326 INFO tempest.lib.common.rest_client [req-a32731be-9600-4b30-bc7a-d71fd478f846 req-a32731be-9600-4b30-bc7a-d71fd478f846 ] Request (ListImageFiltersTestJSON:setUpClass): 200 GET http://10.180.1.21/compute/v2.1/servers/36bcbf6a-8749-48b4-b27f-ed0cd0fd560d 0.685s
2025-12-12 20:35:00.787 67344 INFO tempest.lib.common.rest_client [req-3371673c-f304-4627-bd39-4843327c279c req-3371673c-f304-4627-bd39-4843327c279c ] Request (ServerShowV257Test:test_rebuild_server): 200 GET http://10.180.1.21/compute/v2.1/servers/4b6a7cad-b2a5-4308-997b-e7efda1118f9 0.664s
2025-12-12 20:35:00.900 67342 INFO tempest.lib.common.rest_client [req-26e906f7-4980-4ccd-ad45-4759a86d29bf req-26e906f7-4980-4ccd-ad45-4759a86d29bf ] Request (ServersV294TestFqdnHostnames:setUpClass): 200 GET http://10.180.1.21/compute/v2.1/servers/8781f8bd-1f2b-4716-9771-cf65f2f15a71 0.550s
2025-12-12 20:35:00.904 67318 INFO tempest.lib.common.rest_client [req-61f88b40-1eb7-4670-adfc-fd460bccdf75 req-61f88b40-1eb7-4670-adfc-fd460bccdf75 ] Request (ImagesOneServerNegativeTestJSON:setUp): 200 GET http://10.180.1.21/compute/v2.1/servers/eef1b779-4952-4b2a-95c0-cc094143ea90 0.686s
2025-12-12 20:35:00.925 67354 INFO tempest.lib.common.rest_client [req-36bac698-ca89-4577-aa30-7db79bd4821f req-36bac698-ca89-4577-aa30-7db79bd4821f ] Request (ServersTestMultiNic:tearDownClass): 404 GET http://10.180.1.21/compute/v2.1/servers/036b2d6c-4204-4a5c-b3a9-8269e2ec607e 0.425s
2025-12-12 20:35:00.961 67360 INFO tempest.lib.common.rest_client [req-e4932b40-b79b-47bd-852c-09eb901ce6af req-e4932b40-b79b-47bd-852c-09eb901ce6af ] Request (ServersAdminTestJSON:test_inject_network_info): 200 GET http://10.180.1.21/compute/v2.1/servers/adb2667f-1546-4b8c-9b94-4262fd337673 0.500s
2025-12-12 20:35:00.984 67306 INFO tempest.lib.common.rest_client [req-683ad4b9-8ffc-44cd-ab81-98bb2fb97026 req-683ad4b9-8ffc-44cd-ab81-98bb2fb97026 ] Request (VolumesAssistedSnapshotsTest:tearDownClass): 200 GET http://10.180.1.21/compute/v2.1/servers/db180da7-9f7c-4060-8ffd-f0ef3487e4ce 0.277s
2025-12-12 20:35:01.050 67346 INFO tempest.lib.common.rest_client [req-d7e92118-1582-4f0e-816e-e2cbba3e6829 req-d7e92118-1582-4f0e-816e-e2cbba3e6829 ] Request (ServerDiskConfigTestJSON:test_rebuild_server_with_manual_disk_config): 200 GET http://10.180.1.21/compute/v2.1/servers/14a25588-727d-49d8-bd69-fe6d6f4a9e92 0.214s
2025-12-12 20:35:01.113 67320 INFO tempest.lib.common.rest_client [req-0fe262ad-5273-492d-bbbb-b3ed8d3ae684 req-0fe262ad-5273-492d-bbbb-b3ed8d3ae684 ] Request (ServersTestManualDisk:setUpClass): 200 GET http://10.180.1.21/compute/v2.1/servers/3afff19c-dd06-4e50-999d-14208b450526 0.382s
2025-12-12 20:35:01.151 67325 WARNING tempest.lib.common.ssh [-] Failed to establish authenticated ssh connection to cirros@10.180.180.169 ([Errno None] Unable to connect to port 22 on 10.180.180.169). Number attempts: 6. Retry after 7 seconds.: paramiko.ssh_exception.NoValidConnectionsError: [Errno None] Unable to connect to port 22 on 10.180.180.169
2025-12-12 20:35:01.202 67336 INFO tempest.lib.common.rest_client [req-deb5e16e-721a-4cbc-ac4a-12e1ab367f97 req-deb5e16e-721a-4cbc-ac4a-12e1ab367f97 ] Request (ServerActionsTestOtherA:test_rebuild_server_in_stop_state): 200 GET http://10.180.1.21/compute/v2.1/servers/5f89a5a8-369a-473c-9c15-949b38518d3f 0.341s
2025-12-12 20:35:01.226 67354 INFO tempest.lib.common.rest_client [req-db979cf7-5639-4ec1-b244-90cc2ab014c1 req-db979cf7-5639-4ec1-b244-90cc2ab014c1 ] Request (ServersTestMultiNic:tearDownClass): 404 DELETE http://10.180.1.21/compute/v2.1/servers/0f6f0b09-8341-466d-b43b-e024a4a6d466 0.301s
2025-12-12 20:35:01.296 67339 INFO tempest.lib.common.rest_client [req-b697cfda-849f-4b71-9fae-01acddf377ea req-b697cfda-849f-4b71-9fae-01acddf377ea ] Request (AttachInterfacesUnderV243Test:test_add_remove_fixed_ip): 200 GET http://10.180.1.21/compute/v2.1/servers/45f768d4-ec58-4cd5-a5ba-f3067f4845ae 0.324s
2025-12-12 20:35:01.435 67348 INFO tempest.lib.common.rest_client [req-4722dd91-5f4d-461c-9a27-d8fe1961ac99 req-4722dd91-5f4d-461c-9a27-d8fe1961ac99 ] Request (ServerRescueNegativeTestJSON:_run_cleanups): 200 GET http://10.180.1.21/compute/v2.1/servers/5c1a8f9c-306e-4deb-bcbe-65019547d524 0.428s
2025-12-12 20:35:01.518 67366 INFO tempest.lib.common.rest_client [req-9eaaf8f1-6d45-4773-ad58-42841d7a242f req-9eaaf8f1-6d45-4773-ad58-42841d7a242f ] Request (ServersAaction247Test:test_create_backup): 200 GET http://10.180.1.21/compute/v2.1/servers/c1ea8c73-fba1-47c2-9df6-285418b5a1f2 0.408s
2025-12-12 20:35:01.541 67354 INFO tempest.lib.common.rest_client [req-8ea8fbbd-389b-4cc8-b84c-aa69d9860b8b req-8ea8fbbd-389b-4cc8-b84c-aa69d9860b8b ] Request (ServersTestMultiNic:tearDownClass): 404 GET http://10.180.1.21/compute/v2.1/servers/0f6f0b09-8341-466d-b43b-e024a4a6d466 0.314s
2025-12-12 20:35:01.616 67310 INFO tempest.lib.common.rest_client [req-d8306cfa-4b8f-4b90-9ff4-2e945d017221 req-d8306cfa-4b8f-4b90-9ff4-2e945d017221 ] Request (ServerMetadataTestJSON:setUpClass): 200 GET http://10.180.1.21/compute/v2.1/servers/b598aded-ecf2-4298-a41f-8c4c6dc2dbcc 0.382s
2025-12-12 20:35:01.629 67310 INFO tempest.common.waiters [-] State transition "BUILD/scheduling" ==> "BUILD/None" after 17 second wait
2025-12-12 20:35:01.638 67318 INFO tempest.lib.common.rest_client [req-18905a34-e179-4f82-a75a-05f34fe3a9f5 req-18905a34-e179-4f82-a75a-05f34fe3a9f5 ] Request (ImagesOneServerNegativeTestJSON:test_delete_image_that_is_not_yet_active): 202 POST http://10.180.1.21/compute/v2.1/servers/eef1b779-4952-4b2a-95c0-cc094143ea90/action 0.725s
2025-12-12 20:35:01.713 67308 INFO tempest.lib.common.rest_client [req-586227bb-5a80-408d-b430-49a8cc2f0f5f req-586227bb-5a80-408d-b430-49a8cc2f0f5f ] Request (ServersNegativeTestJSON:setUpClass): 200 GET http://10.180.1.21/compute/v2.1/servers/0bcf8586-9540-4e61-b794-ef3b60bab0a4 0.338s
2025-12-12 20:35:01.793 67328 INFO tempest.lib.common.rest_client [req-3a940ac8-bfb8-45bc-be24-273a233a2ef8 req-3a940ac8-bfb8-45bc-be24-273a233a2ef8 ] Request (ServerPasswordTestJSON:setUpClass): 200 GET http://10.180.1.21/compute/v2.1/servers/8f86567e-20c5-4021-abbd-c695aa5e931f 0.354s
2025-12-12 20:35:01.811 67362 INFO tempest.lib.common.rest_client [req-ed9f0d38-9d3e-465b-bfa6-9f0abb5a2242 req-ed9f0d38-9d3e-465b-bfa6-9f0abb5a2242 ] Request (ServerRescueTestJSON:tearDownClass): 200 GET http://10.180.1.21/compute/v2.1/servers/11c5191c-fd82-4381-b032-1f10b503971e 0.326s
2025-12-12 20:35:01.897 67334 INFO tempest.lib.common.rest_client [req-a20250f0-b80b-4261-b99d-e5c8f5662b75 req-a20250f0-b80b-4261-b99d-e5c8f5662b75 ] Request (ImagesTestJSON:test_create_image_from_suspended_server): 200 GET http://10.180.1.21/compute/v2.1/servers/d24952f2-0995-4f9a-9136-14a8cd90590b 0.343s
2025-12-12 20:35:01.910 67330 INFO tempest.lib.common.rest_client [req-42a78061-65bf-4f27-a427-c91a62164adc req-42a78061-65bf-4f27-a427-c91a62164adc ] Request (ServersWithSpecificFlavorTestJSON:test_verify_created_server_ephemeral_disk): 200 GET http://10.180.1.21/compute/v2.1/servers/e52ab49f-9a3a-48b4-85be-4eec4cf7a205 0.324s
2025-12-12 20:35:02.017 67318 INFO tempest.lib.common.rest_client [req-7d15f411-a2fc-4c63-b7fe-f0a8380d8b59 req-7d15f411-a2fc-4c63-b7fe-f0a8380d8b59 ] Request (ImagesOneServerNegativeTestJSON:test_delete_image_that_is_not_yet_active): 204 DELETE http://10.180.1.21/compute/v2.1/images/2a4a778b-ae4d-4209-9f30-f3d7ec2646c7 0.377s
2025-12-12 20:35:02.315 67350 INFO tempest.lib.common.rest_client [req-4e0d5b15-08a2-4011-825a-ac985366c0aa req-4e0d5b15-08a2-4011-825a-ac985366c0aa ] Request (InstanceActionsTestJSON:setUpClass): 200 GET http://10.180.1.21/compute/v2.1/servers/ccb430f5-1a75-4187-8e61-e69e351767fc 0.658s
2025-12-12 20:35:02.422 67354 INFO tempest.lib.common.rest_client [req-6ce04d21-e1e2-4f0f-852f-a70145f6809b req-6ce04d21-e1e2-4f0f-852f-a70145f6809b ] Request (ServersTestMultiNic:tearDownClass): 200 PUT http://10.180.1.21/networking/v2.0/routers/75699dff-d2fa-4a68-ad91-8b7fa9c80080/remove_router_interface 0.880s
2025-12-12 20:35:02.468 67312 INFO tempest.lib.common.rest_client [req-c4af5c67-75f5-47dc-8454-964125e15f95 req-c4af5c67-75f5-47dc-8454-964125e15f95 ] Request (MigrationsAdminTest:test_resize_server_revert_deleted_flavor): 200 GET http://10.180.1.21/compute/v2.1/servers/37611de6-9171-4f9f-8d16-edcead9cc3e2 0.841s
2025-12-12 20:35:02.477 67312 INFO tempest.common.waiters [-] State transition "BUILD/None" ==> "BUILD/networking" after 44 second wait
2025-12-12 20:35:02.510 67364 INFO tempest.lib.common.rest_client [req-c62fcf50-30c1-4f97-9128-d290db991009 req-c62fcf50-30c1-4f97-9128-d290db991009 ] Request (FloatingIPsAssociationTestJSON:tearDownClass): 200 GET http://10.180.1.21/compute/v2.1/servers/456b3f88-5389-4e0f-a14a-c04e543afb1b 0.791s
2025-12-12 20:35:02.857 67316 WARNING tempest.lib.common.ssh [-] Failed to establish authenticated ssh connection to cirros@10.180.180.236 ([Errno None] Unable to connect to port 22 on 10.180.180.236). Number attempts: 2. Retry after 3 seconds.: paramiko.ssh_exception.NoValidConnectionsError: [Errno None] Unable to connect to port 22 on 10.180.180.236
2025-12-12 20:35:02.953 67354 INFO tempest.lib.common.rest_client [req-e6212caf-8b6f-4894-80f6-cbaa57f001c8 req-e6212caf-8b6f-4894-80f6-cbaa57f001c8 ] Request (ServersTestMultiNic:tearDownClass): 204 DELETE http://10.180.1.21/networking/v2.0/routers/75699dff-d2fa-4a68-ad91-8b7fa9c80080 0.531s
2025-12-12 20:35:02.985 67340 INFO tempest.lib.common.rest_client [req-72e5e1e1-5702-4c3d-8f2d-608a41cffe08 req-72e5e1e1-5702-4c3d-8f2d-608a41cffe08 ] Request (ListServerFiltersTestJSON:tearDownClass): 200 GET http://10.180.1.21/compute/v2.1/servers/67b2ae53-9910-4c12-8723-d7160216395d 1.253s
2025-12-12 20:35:03.005 67326 INFO tempest.lib.common.rest_client [req-5330a7fa-3098-48b4-becc-fd4c6b67f57d req-5330a7fa-3098-48b4-becc-fd4c6b67f57d ] Request (ListImageFiltersTestJSON:setUpClass): 200 GET http://10.180.1.21/compute/v2.1/servers/36bcbf6a-8749-48b4-b27f-ed0cd0fd560d 1.227s
2025-12-12 20:35:03.138 67354 INFO tempest.lib.common.rest_client [req-ece01fe7-12fb-4073-b056-323068eb6fa9 req-ece01fe7-12fb-4073-b056-323068eb6fa9 ] Request (ServersTestMultiNic:tearDownClass): 204 DELETE http://10.180.1.21/networking/v2.0/subnets/869acc56-8d2c-4c58-b8bc-19af6bb74773 0.184s
2025-12-12 20:35:03.173 67344 INFO tempest.lib.common.rest_client [req-2ddd6add-3880-445e-b382-9f1d75aaa1c6 req-2ddd6add-3880-445e-b382-9f1d75aaa1c6 ] Request (ServerShowV257Test:test_rebuild_server): 200 GET http://10.180.1.21/compute/v2.1/servers/4b6a7cad-b2a5-4308-997b-e7efda1118f9 1.374s
2025-12-12 20:35:03.472 67354 INFO tempest.lib.common.rest_client [req-2a99542d-491a-457b-ae90-21ca9767c715 req-2a99542d-491a-457b-ae90-21ca9767c715 ] Request (ServersTestMultiNic:tearDownClass): 204 DELETE http://10.180.1.21/networking/v2.0/networks/462a2e5c-cab9-4a3f-997c-7d94dbbc3450 0.330s
2025-12-12 20:35:03.519 67342 INFO tempest.lib.common.rest_client [req-acbcc8c1-4f45-473c-83c5-4294224cc460 req-acbcc8c1-4f45-473c-83c5-4294224cc460 ] Request (ServersV294TestFqdnHostnames:setUpClass): 200 GET http://10.180.1.21/compute/v2.1/servers/8781f8bd-1f2b-4716-9771-cf65f2f15a71 1.608s
2025-12-12 20:35:03.526 67360 INFO tempest.lib.common.rest_client [req-c6aa721c-0e57-4820-904a-7a44208f48f7 req-c6aa721c-0e57-4820-904a-7a44208f48f7 ] Request (ServersAdminTestJSON:test_inject_network_info): 200 GET http://10.180.1.21/compute/v2.1/servers/adb2667f-1546-4b8c-9b94-4262fd337673 1.556s
2025-12-12 20:35:03.529 67342 INFO tempest.common.waiters [-] State transition "BUILD/spawning" ==> "ACTIVE/None" after 54 second wait
2025-12-12 20:35:03.544 67318 INFO tempest.lib.common.rest_client [req-707627bb-e197-4189-aeed-f8fb5e1d5c91 req-707627bb-e197-4189-aeed-f8fb5e1d5c91 ] Request (ImagesOneServerNegativeTestJSON:test_delete_image_that_is_not_yet_active): 404 GET http://10.180.1.21/compute/v2.1/images/2a4a778b-ae4d-4209-9f30-f3d7ec2646c7 1.526s
2025-12-12 20:35:03.589 67306 INFO tempest.lib.common.rest_client [req-b5a961be-b752-4931-84f8-9a2e31313c5b req-b5a961be-b752-4931-84f8-9a2e31313c5b ] Request (VolumesAssistedSnapshotsTest:tearDownClass): 200 GET http://10.180.1.21/compute/v2.1/servers/db180da7-9f7c-4060-8ffd-f0ef3487e4ce 1.593s
2025-12-12 20:35:03.596 67306 INFO tempest.common.waiters [-] State transition "ACTIVE/deleting" ==> "DELETED/None" after 5 second wait
2025-12-12 20:35:03.599 67354 INFO tempest.lib.common.rest_client [req-3c5e20d9-8a9f-4b5f-8e4f-ee0784d620c1 req-3c5e20d9-8a9f-4b5f-8e4f-ee0784d620c1 ] Request (ServersTestMultiNic:tearDownClass): 204 DELETE http://10.180.1.21/identity/v3/users/ca0f0b0823b4415896c87fd0fcd00480 0.126s
2025-12-12 20:35:03.599 67354 INFO tempest.lib.common.dynamic_creds [-] Deleting project and security group for project: 4209cc7011f541ebad17571da6990530
2025-12-12 20:35:03.600 67346 INFO tempest.lib.common.rest_client [req-50d2ae29-fda3-4285-a10a-0bac753cff10 req-50d2ae29-fda3-4285-a10a-0bac753cff10 ] Request (ServerDiskConfigTestJSON:test_rebuild_server_with_manual_disk_config): 200 GET http://10.180.1.21/compute/v2.1/servers/14a25588-727d-49d8-bd69-fe6d6f4a9e92 1.541s
2025-12-12 20:35:03.627 67354 INFO tempest.lib.common.rest_client [req-1963a0b3-6140-42ce-9436-25577ba81a91 req-1963a0b3-6140-42ce-9436-25577ba81a91 ] Request (ServersTestMultiNic:tearDownClass): 200 GET http://10.180.1.21/networking/v2.0/security-groups?tenant_id=4209cc7011f541ebad17571da6990530&name=default 0.028s
2025-12-12 20:35:03.778 67354 INFO tempest.lib.common.rest_client [req-53502deb-def9-4c5d-97c8-f7054d370354 req-53502deb-def9-4c5d-97c8-f7054d370354 ] Request (ServersTestMultiNic:tearDownClass): 204 DELETE http://10.180.1.21/networking/v2.0/security-groups/200ee33d-8b6c-4fdf-a5a0-b047df2349f0 0.151s
2025-12-12 20:35:03.842 67320 INFO tempest.lib.common.rest_client [req-26b52482-ebc2-4d83-84d3-7d037273fba7 req-26b52482-ebc2-4d83-84d3-7d037273fba7 ] Request (ServersTestManualDisk:setUpClass): 200 GET http://10.180.1.21/compute/v2.1/servers/3afff19c-dd06-4e50-999d-14208b450526 1.718s
2025-12-12 20:35:03.850 67320 INFO tempest.common.waiters [-] State transition "BUILD/spawning" ==> "ACTIVE/None" after 47 second wait
2025-12-12 20:35:03.864 67336 INFO tempest.lib.common.rest_client [req-c616ab5b-aa21-4675-b946-615d09e19a6d req-c616ab5b-aa21-4675-b946-615d09e19a6d ] Request (ServerActionsTestOtherA:test_rebuild_server_in_stop_state): 200 GET http://10.180.1.21/compute/v2.1/servers/5f89a5a8-369a-473c-9c15-949b38518d3f 1.651s
2025-12-12 20:35:03.874 67336 INFO tempest.common.waiters [-] State transition "REBUILD/rebuilding" ==> "REBUILD/rebuild_spawning" after 4 second wait
2025-12-12 20:35:03.903 67339 INFO tempest.lib.common.rest_client [req-ad07a69f-1753-4cb4-8d77-86493dd584d9 req-ad07a69f-1753-4cb4-8d77-86493dd584d9 ] Request (AttachInterfacesUnderV243Test:test_add_remove_fixed_ip): 200 GET http://10.180.1.21/compute/v2.1/servers/45f768d4-ec58-4cd5-a5ba-f3067f4845ae 1.599s
2025-12-12 20:35:03.906 67354 INFO tempest.lib.common.rest_client [req-635a6c57-0924-47ba-8246-bfc5095c3f93 req-635a6c57-0924-47ba-8246-bfc5095c3f93 ] Request (ServersTestMultiNic:tearDownClass): 204 DELETE http://10.180.1.21/identity/v3/projects/4209cc7011f541ebad17571da6990530 0.127s
2025-12-12 20:35:03.978 67354 INFO tempest.lib.common.rest_client [req-23d6c93a-7e66-4052-9514-2dd25056b212 req-23d6c93a-7e66-4052-9514-2dd25056b212 ] Request (ServerAddressesNegativeTestJSON:setUpClass): 201 POST http://10.180.1.21/identity/v3/auth/tokens 0.070s
2025-12-12 20:35:03.990 67366 INFO tempest.lib.common.rest_client [req-16420998-b599-4cc0-8601-382ed3758bd4 req-16420998-b599-4cc0-8601-382ed3758bd4 ] Request (ServersAaction247Test:test_create_backup): 200 GET http://10.180.1.21/compute/v2.1/servers/c1ea8c73-fba1-47c2-9df6-285418b5a1f2 1.459s
2025-12-12 20:35:04.007 67348 INFO tempest.lib.common.rest_client [req-bdefd913-c12c-4cac-a336-147dc22276d4 req-bdefd913-c12c-4cac-a336-147dc22276d4 ] Request (ServerRescueNegativeTestJSON:_run_cleanups): 200 GET http://10.180.1.21/compute/v2.1/servers/5c1a8f9c-306e-4deb-bcbe-65019547d524 1.563s
2025-12-12 20:35:04.013 67354 INFO tempest.lib.common.rest_client [req-ebac1dbe-3552-4e8d-90d4-e3a53bdc1344 req-ebac1dbe-3552-4e8d-90d4-e3a53bdc1344 ] Request (ServerAddressesNegativeTestJSON:setUpClass): 201 POST http://10.180.1.21/identity/v3/auth/tokens 0.032s
2025-12-12 20:35:04.040 67354 INFO tempest.lib.common.rest_client [req-ffd528fb-1af3-4672-a14d-e647ce4eef65 req-ffd528fb-1af3-4672-a14d-e647ce4eef65 ] Request (ServerAddressesNegativeTestJSON:setUpClass): 200 GET http://10.180.1.21/identity/v3/domains?name=Default 0.026s
2025-12-12 20:35:04.051 67310 INFO tempest.lib.common.rest_client [req-27cb6c5e-3087-4cb0-88cb-9c07ab9d9754 req-27cb6c5e-3087-4cb0-88cb-9c07ab9d9754 ] Request (ServerMetadataTestJSON:setUpClass): 200 GET http://10.180.1.21/compute/v2.1/servers/b598aded-ecf2-4298-a41f-8c4c6dc2dbcc 1.421s
2025-12-12 20:35:04.073 67354 INFO tempest.lib.common.rest_client [req-784a6f78-ecfe-410a-83d9-d928f6d658c5 req-784a6f78-ecfe-410a-83d9-d928f6d658c5 ] Request (ServerAddressesNegativeTestJSON:setUpClass): 201 POST http://10.180.1.21/identity/v3/projects 0.033s
2025-12-12 20:35:04.077 67308 INFO tempest.lib.common.rest_client [req-8899f8a4-7c76-4037-8d25-7a70cfcb77bc req-8899f8a4-7c76-4037-8d25-7a70cfcb77bc ] Request (ServersNegativeTestJSON:setUpClass): 200 GET http://10.180.1.21/compute/v2.1/servers/0bcf8586-9540-4e61-b794-ef3b60bab0a4 1.353s
2025-12-12 20:35:04.143 67362 INFO tempest.lib.common.rest_client [req-9190aceb-5ac6-4ea1-bf2f-349d461dc3da req-9190aceb-5ac6-4ea1-bf2f-349d461dc3da ] Request (ServerRescueTestJSON:tearDownClass): 200 GET http://10.180.1.21/compute/v2.1/servers/11c5191c-fd82-4381-b032-1f10b503971e 1.322s
2025-12-12 20:35:04.148 67354 INFO tempest.lib.common.rest_client [req-76aa528a-3aaa-4981-ac05-3f50f0a48fe5 req-76aa528a-3aaa-4981-ac05-3f50f0a48fe5 ] Request (ServerAddressesNegativeTestJSON:setUpClass): 201 POST http://10.180.1.21/identity/v3/users 0.074s
2025-12-12 20:35:04.173 67354 INFO tempest.lib.common.rest_client [req-92296179-68a8-4104-bd5d-28a7904f76b3 req-92296179-68a8-4104-bd5d-28a7904f76b3 ] Request (ServerAddressesNegativeTestJSON:setUpClass): 200 GET http://10.180.1.21/identity/v3/roles 0.024s
2025-12-12 20:35:04.196 67328 INFO tempest.lib.common.rest_client [req-7a186f9e-66e4-4f94-87a7-f5a9205630e7 req-7a186f9e-66e4-4f94-87a7-f5a9205630e7 ] Request (ServerPasswordTestJSON:setUpClass): 200 GET http://10.180.1.21/compute/v2.1/servers/8f86567e-20c5-4021-abbd-c695aa5e931f 1.390s
2025-12-12 20:35:04.212 67334 INFO tempest.lib.common.rest_client [req-254960c1-ef43-45ab-854c-71eb3526399f req-254960c1-ef43-45ab-854c-71eb3526399f ] Request (ImagesTestJSON:test_create_image_from_suspended_server): 200 GET http://10.180.1.21/compute/v2.1/servers/d24952f2-0995-4f9a-9136-14a8cd90590b 1.305s
2025-12-12 20:35:04.213 67354 INFO tempest.lib.common.rest_client [req-1e6d8153-0681-4224-8e6b-e4374e6c972b req-1e6d8153-0681-4224-8e6b-e4374e6c972b ] Request (ServerAddressesNegativeTestJSON:setUpClass): 204 PUT http://10.180.1.21/identity/v3/projects/9b29e9485910432fb527c3e66e9f4d92/users/5f10816b852b43d9a2129bbe1f3dfa60/roles/a1e11a02fe274de4bf750107c736b2f5 0.039s
2025-12-12 20:35:04.213 67354 INFO tempest.lib.common.dynamic_creds [-] Dynamic test user 5f10816b852b43d9a2129bbe1f3dfa60 is created with scope project and roles: ['member']
2025-12-12 20:35:04.214 67354 INFO tempest.lib.common.dynamic_creds [-] Acquired dynamic creds: credentials: Credentials: {'domain_id': 'default', 'domain_name': 'Default', 'username': 'tempest-ServerAddressesNegativeTestJSON-1853640571-project-member', 'project_domain_id': 'default', 'project_domain_name': 'Default', 'project_id': '9b29e9485910432fb527c3e66e9f4d92', 'project_name': 'tempest-ServerAddressesNegativeTestJSON-1853640571', 'tenant_id': '9b29e9485910432fb527c3e66e9f4d92', 'tenant_name': 'tempest-ServerAddressesNegativeTestJSON-1853640571', 'user_domain_id': 'default', 'user_domain_name': 'Default', 'user_id': '5f10816b852b43d9a2129bbe1f3dfa60', 'system': None}, Network: None, Subnet: None, Router: None
2025-12-12 20:35:04.267 67330 INFO tempest.lib.common.rest_client [req-215f02c9-410e-4c63-9294-832b4727a971 req-215f02c9-410e-4c63-9294-832b4727a971 ] Request (ServersWithSpecificFlavorTestJSON:test_verify_created_server_ephemeral_disk): 200 GET http://10.180.1.21/compute/v2.1/servers/e52ab49f-9a3a-48b4-85be-4eec4cf7a205 1.346s
2025-12-12 20:35:04.274 67330 INFO tempest.common.waiters [-] State transition "BUILD/scheduling" ==> "BUILD/None" after 18 second wait
2025-12-12 20:35:04.286 67350 INFO tempest.lib.common.rest_client [req-e6ba27cb-b813-4655-a847-4bb9ac1f47d0 req-e6ba27cb-b813-4655-a847-4bb9ac1f47d0 ] Request (InstanceActionsTestJSON:setUpClass): 200 GET http://10.180.1.21/compute/v2.1/servers/ccb430f5-1a75-4187-8e61-e69e351767fc 0.963s
2025-12-12 20:35:04.302 67354 INFO tempest.lib.common.rest_client [req-0f7f722c-5907-4115-9ccf-caded3c8f90c req-0f7f722c-5907-4115-9ccf-caded3c8f90c ] Request (ServerAddressesNegativeTestJSON:setUpClass): 201 POST http://10.180.1.21/identity/v3/auth/tokens 0.088s
2025-12-12 20:35:04.371 67364 INFO tempest.lib.common.rest_client [req-55a0f469-dfbd-4a2a-b512-b8b993d5ca99 req-55a0f469-dfbd-4a2a-b512-b8b993d5ca99 ] Request (FloatingIPsAssociationTestJSON:tearDownClass): 200 GET http://10.180.1.21/compute/v2.1/servers/456b3f88-5389-4e0f-a14a-c04e543afb1b 0.847s
2025-12-12 20:35:04.400 67312 INFO tempest.lib.common.rest_client [req-9d42e1a4-a9f0-4090-b3f5-28a6fa5f2237 req-9d42e1a4-a9f0-4090-b3f5-28a6fa5f2237 ] Request (MigrationsAdminTest:test_resize_server_revert_deleted_flavor): 200 GET http://10.180.1.21/compute/v2.1/servers/37611de6-9171-4f9f-8d16-edcead9cc3e2 0.923s
2025-12-12 20:35:04.409 67312 INFO tempest.common.waiters [-] State transition "BUILD/networking" ==> "BUILD/spawning" after 46 second wait
2025-12-12 20:35:04.467 67342 INFO tempest.lib.common.rest_client [req-116ac85c-bde7-4ec7-b72f-32cf5aae4b6b req-116ac85c-bde7-4ec7-b72f-32cf5aae4b6b ] Request (ServersV294TestFqdnHostnames:setUpClass): 200 GET http://10.180.1.21/compute/v2.1/servers/8781f8bd-1f2b-4716-9771-cf65f2f15a71/os-interface 0.937s
2025-12-12 20:35:04.572 67354 INFO tempest.lib.common.rest_client [req-7afe5ef1-3809-464a-8afe-3879800ab683 req-7afe5ef1-3809-464a-8afe-3879800ab683 ] Request (ServerAddressesNegativeTestJSON:setUpClass): 201 POST http://10.180.1.21/networking/v2.0/networks 0.270s
2025-12-12 20:35:04.616 67320 INFO tempest.lib.common.rest_client [req-850a39be-759b-4261-8be0-af53e9357181 req-850a39be-759b-4261-8be0-af53e9357181 ] Request (ServersTestManualDisk:setUpClass): 200 GET http://10.180.1.21/compute/v2.1/servers/3afff19c-dd06-4e50-999d-14208b450526/os-interface 0.765s
2025-12-12 20:35:04.654 67318 INFO tempest.lib.common.rest_client [req-028a7056-098e-4e6e-afdd-337f4a6050a7 req-028a7056-098e-4e6e-afdd-337f4a6050a7 ] Request (ImagesOneServerNegativeTestJSON:tearDown): 200 GET http://10.180.1.21/compute/v2.1/servers/eef1b779-4952-4b2a-95c0-cc094143ea90 1.109s
2025-12-12 20:35:04.815 67354 INFO tempest.lib.common.rest_client [req-686e859c-b680-40ee-bcab-e02ceaa3f1db req-686e859c-b680-40ee-bcab-e02ceaa3f1db ] Request (ServerAddressesNegativeTestJSON:setUpClass): 201 POST http://10.180.1.21/networking/v2.0/subnets 0.243s
2025-12-12 20:35:05.031 67352 WARNING tempest.lib.common.ssh [-] Failed to establish authenticated ssh connection to cirros@10.180.180.173 ([Errno None] Unable to connect to port 22 on 10.180.180.173). Number attempts: 8. Retry after 9 seconds.: paramiko.ssh_exception.NoValidConnectionsError: [Errno None] Unable to connect to port 22 on 10.180.180.173
2025-12-12 20:35:05.082 67342 INFO tempest.lib.common.rest_client [req-7f00ad8f-988b-44c7-a5fb-d0dd6daae4f9 req-7f00ad8f-988b-44c7-a5fb-d0dd6daae4f9 ] Request (ServersV294TestFqdnHostnames:setUpClass): 200 PUT http://10.180.1.21/networking/v2.0/floatingips/c5429b4f-56e4-4240-a31d-c2b20d4da723 0.612s
2025-12-12 20:35:05.110 67340 INFO tempest.lib.common.rest_client [req-a0847eaf-47ec-47fa-8443-875f7ba611e3 req-a0847eaf-47ec-47fa-8443-875f7ba611e3 ] Request (ListServerFiltersTestJSON:tearDownClass): 200 GET http://10.180.1.21/compute/v2.1/servers/67b2ae53-9910-4c12-8723-d7160216395d 1.115s
2025-12-12 20:35:05.167 67326 INFO tempest.lib.common.rest_client [req-7f18ef30-dd6b-4ec9-9d76-5adff8c91401 req-7f18ef30-dd6b-4ec9-9d76-5adff8c91401 ] Request (ListImageFiltersTestJSON:setUpClass): 200 GET http://10.180.1.21/compute/v2.1/servers/36bcbf6a-8749-48b4-b27f-ed0cd0fd560d 1.154s
2025-12-12 20:35:05.328 67320 INFO tempest.lib.common.rest_client [req-542f170b-ac9e-4957-8265-0bc7a4a8e035 req-542f170b-ac9e-4957-8265-0bc7a4a8e035 ] Request (ServersTestManualDisk:setUpClass): 200 PUT http://10.180.1.21/networking/v2.0/floatingips/aab3f820-e153-4d4a-884b-7b231fc9a5d4 0.709s
2025-12-12 20:35:05.554 67356 WARNING tempest.lib.common.ssh [-] Failed to establish authenticated ssh connection to cirros@10.180.180.244 ([Errno None] Unable to connect to port 22 on 10.180.180.244). Number attempts: 5. Retry after 6 seconds.: paramiko.ssh_exception.NoValidConnectionsError: [Errno None] Unable to connect to port 22 on 10.180.180.244
2025-12-12 20:35:05.818 67344 INFO tempest.lib.common.rest_client [req-cb2dcf39-dc54-422f-96f7-2debbadf38d9 req-cb2dcf39-dc54-422f-96f7-2debbadf38d9 ] Request (ServerShowV257Test:test_rebuild_server): 200 GET http://10.180.1.21/compute/v2.1/servers/4b6a7cad-b2a5-4308-997b-e7efda1118f9 1.635s
2025-12-12 20:35:05.828 67360 INFO tempest.lib.common.rest_client [req-00fcda1a-0529-4e28-bece-4d4785354aa7 req-00fcda1a-0529-4e28-bece-4d4785354aa7 ] Request (ServersAdminTestJSON:test_inject_network_info): 200 GET http://10.180.1.21/compute/v2.1/servers/adb2667f-1546-4b8c-9b94-4262fd337673 1.295s
2025-12-12 20:35:06.035 67354 INFO tempest.lib.common.rest_client [req-402b799c-0882-4be6-ac79-867152e7c5a4 req-402b799c-0882-4be6-ac79-867152e7c5a4 ] Request (ServerAddressesNegativeTestJSON:setUpClass): 201 POST http://10.180.1.21/networking/v2.0/routers 1.219s
2025-12-12 20:35:06.144 67306 INFO tempest.lib.common.rest_client [req-eb934ce4-d697-4dbd-a06e-57a8ac8cc5f0 req-eb934ce4-d697-4dbd-a06e-57a8ac8cc5f0 ] Request (VolumesAssistedSnapshotsTest:tearDownClass): 200 GET http://10.180.1.21/compute/v2.1/servers/db180da7-9f7c-4060-8ffd-f0ef3487e4ce 1.546s
2025-12-12 20:35:07.001 67354 INFO tempest.lib.common.rest_client [req-fb2b01c3-7efc-48b9-9cde-86c940b21893 req-fb2b01c3-7efc-48b9-9cde-86c940b21893 ] Request (ServerAddressesNegativeTestJSON:setUpClass): 200 PUT http://10.180.1.21/networking/v2.0/routers/2e2741db-b919-4cb5-b0ff-aaf09f14f7e7/add_router_interface 0.965s
2025-12-12 20:35:07.001 67354 INFO tempest.lib.common.dynamic_creds [-] Created isolated network resources for: credentials: Credentials: {'domain_id': 'default', 'domain_name': 'Default', 'username': 'tempest-ServerAddressesNegativeTestJSON-1853640571-project-member', 'project_domain_id': 'default', 'project_domain_name': 'Default', 'project_id': '9b29e9485910432fb527c3e66e9f4d92', 'project_name': 'tempest-ServerAddressesNegativeTestJSON-1853640571', 'tenant_id': '9b29e9485910432fb527c3e66e9f4d92', 'tenant_name': 'tempest-ServerAddressesNegativeTestJSON-1853640571', 'user_domain_id': 'default', 'user_domain_name': 'Default', 'user_id': '5f10816b852b43d9a2129bbe1f3dfa60', 'system': None}, Network: {'id': '14c7f749-31d8-437a-ada8-8a825ad3510d', 'name': 'tempest-ServerAddressesNegativeTestJSON-961829052-network', 'tenant_id': '9b29e9485910432fb527c3e66e9f4d92', 'project_id': '9b29e9485910432fb527c3e66e9f4d92', 'admin_state_up': True, 'mtu': 8950, 'status': 'ACTIVE', 'subnets': [], 'shared': False, 'port_security_enabled': True, 'router:external': False, 'provider:network_type': 'vlan', 'provider:physical_network': 'default', 'provider:segmentation_id': 450, 'availability_zone_hints': [], 'availability_zones': [], 'ipv4_address_scope': None, 'ipv6_address_scope': None, 'description': '', 'tags': [], 'created_at': '2025-12-12T20:35:04Z', 'updated_at': '2025-12-12T20:35:04Z', 'revision_number': 1}, Subnet: {'id': 'baad1c9c-de4b-4260-bfa0-ec69b99c6978', 'name': 'tempest-ServerAddressesNegativeTestJSON-961829052-subnet', 'tenant_id': '9b29e9485910432fb527c3e66e9f4d92', 'network_id': '14c7f749-31d8-437a-ada8-8a825ad3510d', 'ip_version': 4, 'subnetpool_id': None, 'enable_dhcp': True, 'ipv6_ra_mode': None, 'ipv6_address_mode': None, 'gateway_ip': '192.168.128.1', 'cidr': '192.168.128.0/28', 'allocation_pools': [{'start': '192.168.128.2', 'end': '192.168.128.14'}], 'host_routes': [], 'dns_nameservers': [], 'description': '', 'router:external': False, 'service_types': [], 'tags': [], 'created_at': '2025-12-12T20:35:04Z', 'updated_at': '2025-12-12T20:35:04Z', 'revision_number': 0, 'project_id': '9b29e9485910432fb527c3e66e9f4d92'}, Router: {'id': '2e2741db-b919-4cb5-b0ff-aaf09f14f7e7', 'name': 'tempest-ServerAddressesNegativeTestJSON-961829052-router', 'tenant_id': '9b29e9485910432fb527c3e66e9f4d92', 'admin_state_up': True, 'status': 'ACTIVE', 'external_gateway_info': {'network_id': '80036bc7-e286-4b9e-a492-849e7a2923b5', 'external_fixed_ips': [{'subnet_id': '29bca444-df54-4c9c-97ac-27058ee6f8ad', 'ip_address': '10.180.180.230'}], 'enable_snat': True}, 'description': '', 'availability_zones': [], 'distributed': False, 'ha': False, 'availability_zone_hints': [], 'routes': [], 'flavor_id': None, 'tags': [], 'created_at': '2025-12-12T20:35:05Z', 'updated_at': '2025-12-12T20:35:05Z', 'revision_number': 2, 'project_id': '9b29e9485910432fb527c3e66e9f4d92'}
2025-12-12 20:35:07.088 67346 INFO tempest.lib.common.rest_client [req-b656806b-747e-4bec-b149-1ae94690b9ed req-b656806b-747e-4bec-b149-1ae94690b9ed ] Request (ServerDiskConfigTestJSON:test_rebuild_server_with_manual_disk_config): 200 GET http://10.180.1.21/compute/v2.1/servers/14a25588-727d-49d8-bd69-fe6d6f4a9e92 2.480s
2025-12-12 20:35:07.098 67346 INFO tempest.common.waiters [-] State transition "BUILD/None" ==> "BUILD/spawning" after 48 second wait
2025-12-12 20:35:07.126 67354 INFO tempest.lib.common.rest_client [req-0a574fc6-09a4-4da4-93fc-b15f479f5d88 req-0a574fc6-09a4-4da4-93fc-b15f479f5d88 ] Request (ServerAddressesNegativeTestJSON:setUpClass): 201 POST http://10.180.1.21/identity/v3/auth/tokens 0.121s
2025-12-12 20:35:07.159 67354 INFO tempest.lib.common.rest_client [req-73850756-c3e0-464d-a724-340fed786fad req-73850756-c3e0-464d-a724-340fed786fad ] Request (ServerAddressesNegativeTestJSON:setUpClass): 201 POST http://10.180.1.21/identity/v3/auth/tokens 0.029s
2025-12-12 20:35:07.159 67354 INFO tempest.lib.common.fixed_network [-] (ServerAddressesNegativeTestJSON:setUpClass) Found network {'id': '14c7f749-31d8-437a-ada8-8a825ad3510d', 'name': 'tempest-ServerAddressesNegativeTestJSON-961829052-network', 'tenant_id': '9b29e9485910432fb527c3e66e9f4d92', 'project_id': '9b29e9485910432fb527c3e66e9f4d92', 'admin_state_up': True, 'mtu': 8950, 'status': 'ACTIVE', 'subnets': [], 'shared': False, 'port_security_enabled': True, 'router:external': False, 'provider:network_type': 'vlan', 'provider:physical_network': 'default', 'provider:segmentation_id': 450, 'availability_zone_hints': [], 'availability_zones': [], 'ipv4_address_scope': None, 'ipv6_address_scope': None, 'description': '', 'tags': [], 'created_at': '2025-12-12T20:35:04Z', 'updated_at': '2025-12-12T20:35:04Z', 'revision_number': 1} available for tenant
2025-12-12 20:35:07.234 67339 INFO tempest.lib.common.rest_client [req-f8694563-e0c6-436c-abc8-e6addcf9fc43 req-f8694563-e0c6-436c-abc8-e6addcf9fc43 ] Request (AttachInterfacesUnderV243Test:test_add_remove_fixed_ip): 200 GET http://10.180.1.21/compute/v2.1/servers/45f768d4-ec58-4cd5-a5ba-f3067f4845ae 2.319s
2025-12-12 20:35:07.300 67336 INFO tempest.lib.common.rest_client [req-53b4c4b2-2c9d-427d-bc4e-809c16a0ea6d req-53b4c4b2-2c9d-427d-bc4e-809c16a0ea6d ] Request (ServerActionsTestOtherA:test_rebuild_server_in_stop_state): 200 GET http://10.180.1.21/compute/v2.1/servers/5f89a5a8-369a-473c-9c15-949b38518d3f 2.420s
2025-12-12 20:35:07.385 67366 INFO tempest.lib.common.rest_client [req-f2f97bdf-b348-4913-bef1-657143c38f6c req-f2f97bdf-b348-4913-bef1-657143c38f6c ] Request (ServersAaction247Test:test_create_backup): 200 GET http://10.180.1.21/compute/v2.1/servers/c1ea8c73-fba1-47c2-9df6-285418b5a1f2 2.385s
2025-12-12 20:35:07.453 67310 INFO tempest.lib.common.rest_client [req-fe14c0b9-bf99-4116-b96c-5d315f7c00e4 req-fe14c0b9-bf99-4116-b96c-5d315f7c00e4 ] Request (ServerMetadataTestJSON:setUpClass): 200 GET http://10.180.1.21/compute/v2.1/servers/b598aded-ecf2-4298-a41f-8c4c6dc2dbcc 2.390s
2025-12-12 20:35:07.483 67348 INFO tempest.lib.common.rest_client [req-0e5e97a3-6355-4ddb-b4a1-29f608506b8d req-0e5e97a3-6355-4ddb-b4a1-29f608506b8d ] Request (ServerRescueNegativeTestJSON:_run_cleanups): 200 GET http://10.180.1.21/compute/v2.1/servers/5c1a8f9c-306e-4deb-bcbe-65019547d524 2.465s
2025-12-12 20:35:07.490 67348 INFO tempest.common.waiters [-] State transition "RESCUE/unrescuing" ==> "ACTIVE/None" after 7 second wait
2025-12-12 20:35:07.569 67308 INFO tempest.lib.common.rest_client [req-37393ef2-5ac2-46d9-9045-905752b4eb56 req-37393ef2-5ac2-46d9-9045-905752b4eb56 ] Request (ServersNegativeTestJSON:setUpClass): 200 GET http://10.180.1.21/compute/v2.1/servers/0bcf8586-9540-4e61-b794-ef3b60bab0a4 2.484s
2025-12-12 20:35:07.596 67342 INFO tempest.lib.common.rest_client [req-4a186cd7-8b2f-40b3-8043-b23928feefc6 req-4a186cd7-8b2f-40b3-8043-b23928feefc6 ] Request (ServersV294TestFqdnHostnames:setUpClass): 200 GET http://10.180.1.21/compute/v2.1/servers/8781f8bd-1f2b-4716-9771-cf65f2f15a71 2.513s
2025-12-12 20:35:07.614 67342 INFO tempest.api.compute.base [-] Attempting to verify tagged devices in server 8781f8bd-1f2b-4716-9771-cf65f2f15a71 via the metadata service: http://169.254.169.254/openstack/latest/meta_data.json
2025-12-12 20:35:07.615 67342 INFO tempest.lib.common.ssh [-] Creating ssh connection to '10.180.180.177:22' as 'cirros' with public key authentication
2025-12-12 20:35:07.673 67348 INFO tempest.lib.common.rest_client [req-7a6834c1-9aec-4b4e-933d-dc7870f9c14f req-7a6834c1-9aec-4b4e-933d-dc7870f9c14f ] Request (ServerRescueNegativeTestJSON:test_rescued_vm_detach_volume): 202 POST http://10.180.1.21/volume/v3/volumes 0.181s
