2025-12-08 20:29:15.244 65979 INFO tempest.lib.common.rest_client [req-6374d359-1604-4208-956f-7cbfde80eabd req-6374d359-1604-4208-956f-7cbfde80eabd ] Request (ListImageFiltersTestJSON:setUpClass): 200 GET http://10.180.1.21/compute/v2.1/servers/cb052486-9b99-41df-8fd0-7e72366ae9dd 5.045s
2025-12-08 20:29:15.276 65985 INFO tempest.lib.common.rest_client [req-6c69f3ea-9f22-4630-bac5-a892008f7552 req-6c69f3ea-9f22-4630-bac5-a892008f7552 ] Request (FloatingIPDetailsTestJSON:tearDownClass): 204 DELETE http://10.180.1.21/identity/v3/projects/cf164b831ce24c8fbd2928b1e6833aa0 0.205s
2025-12-08 20:29:15.370 65971 INFO tempest.lib.common.rest_client [req-88dad8cf-2e1e-460c-9361-bf75bcaedb91 req-88dad8cf-2e1e-460c-9361-bf75bcaedb91 ] Request (KeyPairsNegativeTestJSON:test_create_keypair_invalid_name): 400 POST http://10.180.1.21/compute/v2.1/os-keypairs 4.602s
2025-12-08 20:29:15.445 65989 INFO tempest.lib.common.rest_client [req-d2d67ffd-1228-4e8a-8847-fe56b98ea871 req-d2d67ffd-1228-4e8a-8847-fe56b98ea871 ] Request (ServicesAdminNegativeV253TestJSON:test_disable_log_reason_with_invalid_service_id): 404 PUT http://10.180.1.21/compute/v2.1/os-services/7ad2af8c-95ab-4342-b4ac-e690804f7fbf 4.595s
2025-12-08 20:29:15.466 65985 INFO tempest.lib.common.rest_client [req-4dfbd411-df9d-47a4-990d-e7b06b7cd643 req-4dfbd411-df9d-47a4-990d-e7b06b7cd643 ] Request (MultipleCreateNegativeTestJSON:setUpClass): 201 POST http://10.180.1.21/identity/v3/auth/tokens 0.185s
2025-12-08 20:29:15.509 65985 INFO tempest.lib.common.rest_client [req-c09dd964-ca8f-4c47-9521-977932f681f6 req-c09dd964-ca8f-4c47-9521-977932f681f6 ] Request (MultipleCreateNegativeTestJSON:setUpClass): 201 POST http://10.180.1.21/identity/v3/auth/tokens 0.041s
2025-12-08 20:29:15.549 65985 INFO tempest.lib.common.rest_client [req-0e9270a7-a211-4aea-9572-e4ffda5916be req-0e9270a7-a211-4aea-9572-e4ffda5916be ] Request (MultipleCreateNegativeTestJSON:setUpClass): 200 GET http://10.180.1.21/identity/v3/domains?name=Default 0.039s
2025-12-08 20:29:15.614 65985 INFO tempest.lib.common.rest_client [req-59d92f0d-790f-4b74-afa1-b4ba27cc9d14 req-59d92f0d-790f-4b74-afa1-b4ba27cc9d14 ] Request (MultipleCreateNegativeTestJSON:setUpClass): 201 POST http://10.180.1.21/identity/v3/projects 0.064s
2025-12-08 20:29:15.791 65985 INFO tempest.lib.common.rest_client [req-d7f05253-97e9-4e49-9bbd-35a0b191c622 req-d7f05253-97e9-4e49-9bbd-35a0b191c622 ] Request (MultipleCreateNegativeTestJSON:setUpClass): 201 POST http://10.180.1.21/identity/v3/users 0.175s
2025-12-08 20:29:15.823 65985 INFO tempest.lib.common.rest_client [req-947a67bf-f552-4668-b88c-4e508598e264 req-947a67bf-f552-4668-b88c-4e508598e264 ] Request (MultipleCreateNegativeTestJSON:setUpClass): 200 GET http://10.180.1.21/identity/v3/roles 0.031s
2025-12-08 20:29:15.869 65985 INFO tempest.lib.common.rest_client [req-2ce350d8-94a2-4d5d-8d34-059dd8cea74c req-2ce350d8-94a2-4d5d-8d34-059dd8cea74c ] Request (MultipleCreateNegativeTestJSON:setUpClass): 204 PUT http://10.180.1.21/identity/v3/projects/fdd902638fdc4f85bdb8214d1bb4a42d/users/939c6524c6e84f2993d164698a7026a6/roles/9ba69a9cf90f477590887385fd164f3d 0.046s
2025-12-08 20:29:15.869 65985 INFO tempest.lib.common.dynamic_creds [-] Dynamic test user 939c6524c6e84f2993d164698a7026a6 is created with scope project and roles: ['member']
2025-12-08 20:29:15.870 65985 INFO tempest.lib.common.dynamic_creds [-] Acquired dynamic creds: credentials: Credentials: {'domain_id': 'default', 'domain_name': 'Default', 'username': 'tempest-MultipleCreateNegativeTestJSON-1406767731-project-member', 'project_domain_id': 'default', 'project_domain_name': 'Default', 'project_id': 'fdd902638fdc4f85bdb8214d1bb4a42d', 'project_name': 'tempest-MultipleCreateNegativeTestJSON-1406767731', 'tenant_id': 'fdd902638fdc4f85bdb8214d1bb4a42d', 'tenant_name': 'tempest-MultipleCreateNegativeTestJSON-1406767731', 'user_domain_id': 'default', 'user_domain_name': 'Default', 'user_id': '939c6524c6e84f2993d164698a7026a6', 'system': None}, Network: None, Subnet: None, Router: None
2025-12-08 20:29:15.870 65985 INFO tempest.lib.common.dynamic_creds [-] Created isolated network resources for: credentials: Credentials: {'domain_id': 'default', 'domain_name': 'Default', 'username': 'tempest-MultipleCreateNegativeTestJSON-1406767731-project-member', 'project_domain_id': 'default', 'project_domain_name': 'Default', 'project_id': 'fdd902638fdc4f85bdb8214d1bb4a42d', 'project_name': 'tempest-MultipleCreateNegativeTestJSON-1406767731', 'tenant_id': 'fdd902638fdc4f85bdb8214d1bb4a42d', 'tenant_name': 'tempest-MultipleCreateNegativeTestJSON-1406767731', 'user_domain_id': 'default', 'user_domain_name': 'Default', 'user_id': '939c6524c6e84f2993d164698a7026a6', 'system': None}, Network: None, Subnet: None, Router: None
2025-12-08 20:29:15.899 65999 INFO tempest.lib.common.rest_client [req-dbe7f21e-0e35-465c-83be-bf41ca2d06e1 req-dbe7f21e-0e35-465c-83be-bf41ca2d06e1 ] Request (ServerActionsTestOtherB:setUpClass): 200 PUT http://10.180.1.21/networking/v2.0/floatingips/80127a74-ee65-457b-ba5b-fe47dcd905c9 1.471s
2025-12-08 20:29:15.901 65999 INFO tempest.lib.common.ssh [-] Creating ssh connection to '10.180.180.230:22' as 'cirros' with public key authentication
2025-12-08 20:29:15.937 65977 INFO tempest.lib.common.rest_client [req-9df95758-2e04-4358-87f8-e8baf1c1a2c7 req-9df95758-2e04-4358-87f8-e8baf1c1a2c7 ] Request (ServerRescueTestJSONUnderV235:tearDownClass): 200 GET http://10.180.1.21/compute/v2.1/servers/8b8c2c6b-9db8-4d95-addc-ad22a61cbe00 4.558s
2025-12-08 20:29:15.949 65977 INFO tempest.common.waiters [-] State transition "RESCUE/deleting" ==> "DELETED/None" after 5 second wait
2025-12-08 20:29:15.988 65985 INFO tempest.lib.common.rest_client [req-62fdba27-005f-4f8b-a101-d82fa37f5bfd req-62fdba27-005f-4f8b-a101-d82fa37f5bfd ] Request (MultipleCreateNegativeTestJSON:setUpClass): 201 POST http://10.180.1.21/identity/v3/auth/tokens 0.115s
2025-12-08 20:29:16.019 65985 INFO tempest.lib.common.rest_client [req-d5460c55-83bb-461e-9627-56d3b3ffaac8 req-d5460c55-83bb-461e-9627-56d3b3ffaac8 ] Request (MultipleCreateNegativeTestJSON:test_max_count_less_than_min_count): 201 POST http://10.180.1.21/identity/v3/auth/tokens 0.026s
2025-12-08 20:29:16.019 65985 INFO tempest.lib.common.fixed_network [-] (MultipleCreateNegativeTestJSON:test_max_count_less_than_min_count) Found network None available for tenant
2025-12-08 20:29:16.031 65975 INFO tempest.lib.common.rest_client [req-5811758e-0dfc-4877-8293-b22003456609 req-5811758e-0dfc-4877-8293-b22003456609 ] Request (ServersTestFqdnHostnames:test_create_server_with_fqdn_name): 200 GET http://10.180.1.21/compute/v2.1/servers/b99c3231-3767-4247-a35b-ecaeed35e6a5/os-interface 4.191s
2025-12-08 20:29:16.639 65975 INFO tempest.lib.common.rest_client [req-d721d1b8-bd89-4f80-bbe9-8bb47368e337 req-d721d1b8-bd89-4f80-bbe9-8bb47368e337 ] Request (ServersTestFqdnHostnames:test_create_server_with_fqdn_name): 200 PUT http://10.180.1.21/networking/v2.0/floatingips/14d3eba7-983a-46b9-86b5-2f226c572532 0.605s
2025-12-08 20:29:16.640 65975 INFO tempest.lib.common.ssh [-] Creating ssh connection to '10.180.180.158:22' as 'cirros' with public key authentication
2025-12-08 20:29:16.667 66003 WARNING tempest.lib.common.ssh [-] Failed to establish authenticated ssh connection to cirros@10.180.180.143 ([Errno None] Unable to connect to port 22 on 10.180.180.143). Number attempts: 3. Retry after 4 seconds.: paramiko.ssh_exception.NoValidConnectionsError: [Errno None] Unable to connect to port 22 on 10.180.180.143
2025-12-08 20:29:16.845 65963 INFO tempest.lib.common.rest_client [req-0dd4223d-f2d6-42d2-9483-507e5d67caf0 req-0dd4223d-f2d6-42d2-9483-507e5d67caf0 ] Request (ServersAdminTestJSON:setUpClass): 200 GET http://10.180.1.21/compute/v2.1/servers/54ebaa2b-78aa-4184-98a1-33120261c8bd 4.730s
2025-12-08 20:29:16.934 65963 INFO tempest.lib.common.rest_client [req-417c1bf6-8ff8-4a3e-8e6e-36c452d1eafa req-417c1bf6-8ff8-4a3e-8e6e-36c452d1eafa ] Request (ServersAdminTestJSON:test_create_server_with_scheduling_hint): 201 POST http://10.180.1.21/identity/v3/auth/tokens 0.077s
2025-12-08 20:29:16.934 65963 INFO tempest.lib.common.fixed_network [-] (ServersAdminTestJSON:test_create_server_with_scheduling_hint) Found network {'id': '0807f693-8ad7-4534-bc44-9ad90936177b', 'name': 'tempest-ServersAdminTestJSON-61145210-network', 'tenant_id': '7b9c6d5d5c1045988b174208871984d5', 'project_id': '7b9c6d5d5c1045988b174208871984d5', 'admin_state_up': True, 'mtu': 8950, 'status': 'ACTIVE', 'subnets': [], 'shared': False, 'port_security_enabled': True, 'router:external': False, 'provider:network_type': 'vlan', 'provider:physical_network': 'default', 'provider:segmentation_id': 791, 'availability_zone_hints': [], 'availability_zones': [], 'ipv4_address_scope': None, 'ipv6_address_scope': None, 'description': '', 'tags': [], 'created_at': '2025-12-08T20:28:08Z', 'updated_at': '2025-12-08T20:28:08Z', 'revision_number': 1} available for tenant
2025-12-08 20:29:17.749 65945 INFO tempest.lib.common.rest_client [req-4e471402-364e-4802-b035-a47fa4f1b0a9 req-4e471402-364e-4802-b035-a47fa4f1b0a9 ] Request (MigrationsAdminTest:test_list_migrations_in_flavor_resize_situation): 200 GET http://10.180.1.21/compute/v2.1/servers/2f9c9ec1-b407-44a7-8ac8-7829159a8a72 5.483s
2025-12-08 20:29:17.869 65993 INFO tempest.lib.common.rest_client [req-6a9793ee-f37f-408c-a053-e786ce2e7c4c req-6a9793ee-f37f-408c-a053-e786ce2e7c4c ] Request (QuotaClassesAdminTestJSON:test_update_default_quotas): 200 PUT http://10.180.1.21/compute/v2.1/os-quota-class-sets/default 5.592s
2025-12-08 20:29:17.937 65965 INFO tempest.lib.common.rest_client [req-2f254e1b-f240-4460-859b-6d57d3c03814 req-2f254e1b-f240-4460-859b-6d57d3c03814 ] Request (ServerAddressesNegativeTestJSON:tearDownClass): 200 GET http://10.180.1.21/compute/v2.1/servers/e656c5bd-993a-459d-96fe-441843b174af 5.571s
2025-12-08 20:29:18.059 65959 INFO tempest.lib.common.rest_client [req-4e569f7e-9aae-4586-a692-9d61922e5c4b req-4e569f7e-9aae-4586-a692-9d61922e5c4b ] Request (ImagesTestJSON:test_create_image_from_suspended_server): 200 GET http://10.180.1.21/compute/v2.1/servers/6269722c-5d6e-4d53-a691-c646203a8ea8 5.470s
2025-12-08 20:29:18.066 65959 INFO tempest.common.waiters [-] State transition "BUILD/spawning" ==> "ACTIVE/None" after 24 second wait
2025-12-08 20:29:18.195 65951 INFO tempest.lib.common.rest_client [req-aa9b297b-5e0c-4e7a-9d19-2df0f89fe5e0 req-aa9b297b-5e0c-4e7a-9d19-2df0f89fe5e0 ] Request (ValidationResourcesFixture:setUp): 201 POST http://10.180.1.21/compute/v2.1/os-keypairs 5.550s
2025-12-08 20:29:18.243 65941 INFO tempest.lib.common.rest_client [req-68303ece-c66f-4e8c-bdde-3deda96311a1 req-68303ece-c66f-4e8c-bdde-3deda96311a1 ] Request (VolumesAssistedSnapshotsTest:test_volume_assisted_snapshot_create_delete): 204 DELETE http://10.180.1.21/compute/v2.1/os-assisted-volume-snapshots/None?delete_info=%7B%22volume_id%22%3A+%223b566ba4-b085-4577-bb0b-5f9131d1ac1c%22%7D 5.153s
2025-12-08 20:29:18.281 65981 INFO tempest.lib.common.rest_client [req-52d9b209-bb36-4351-bfb1-91e136a86ee3 req-52d9b209-bb36-4351-bfb1-91e136a86ee3 ] Request (FloatingIPsAssociationTestJSON:test_associate_already_associated_floating_ip): 202 POST http://10.180.1.21/compute/v2.1/servers/dea33f82-7357-4e47-840f-e660982ba11d/action 6.191s
2025-12-08 20:29:18.299 65941 INFO tempest.lib.common.rest_client [req-c4631d8f-0dee-4bda-b469-3b8151dd46fe req-c4631d8f-0dee-4bda-b469-3b8151dd46fe ] Request (VolumesAssistedSnapshotsTest:_run_cleanups): 200 GET http://10.180.1.21/volume/v3/volumes/3b566ba4-b085-4577-bb0b-5f9131d1ac1c 0.054s
2025-12-08 20:29:18.343 65973 INFO tempest.lib.common.rest_client [req-51e0fb2a-3c6c-446e-945c-77d98608ecd0 req-51e0fb2a-3c6c-446e-945c-77d98608ecd0 ] Request (ServersTestMultiNic:_run_cleanups): 200 GET http://10.180.1.21/compute/v2.1/servers/d5b2edcf-30c4-40cd-b4ff-043e5e3b3383 5.132s
2025-12-08 20:29:18.348 65951 INFO tempest.lib.common.rest_client [req-de56ef42-8591-42fd-9513-8e8acd9e2927 req-de56ef42-8591-42fd-9513-8e8acd9e2927 ] Request (ValidationResourcesFixture:setUp): 201 POST http://10.180.1.21/networking/v2.0/security-groups 0.152s
2025-12-08 20:29:18.365 65987 INFO tempest.lib.common.rest_client [req-7810572b-fff5-47e2-b7c6-fa954f3be229 req-7810572b-fff5-47e2-b7c6-fa954f3be229 ] Request (ServerDiagnosticsV248Test:tearDownClass): 200 GET http://10.180.1.21/compute/v2.1/servers/a2426d40-5893-4ae0-a2be-1b1cae0a95b7 4.682s
2025-12-08 20:29:18.451 65951 INFO tempest.lib.common.rest_client [req-c89a3587-e5ef-45f3-938a-247f52485aeb req-c89a3587-e5ef-45f3-938a-247f52485aeb ] Request (ValidationResourcesFixture:setUp): 201 POST http://10.180.1.21/networking/v2.0/security-group-rules 0.102s
2025-12-08 20:29:18.472 65992 INFO tempest.lib.common.rest_client [req-0e004ee6-8c92-49d8-a52d-45cd64fadf99 req-0e004ee6-8c92-49d8-a52d-45cd64fadf99 ] Request (InstanceActionsV221TestJSON:test_get_list_deleted_instance_actions): 200 GET http://10.180.1.21/compute/v2.1/servers/35e20093-84b9-4874-b757-a6ddd04a70c7 4.520s
2025-12-08 20:29:18.484 65992 INFO tempest.common.waiters [-] State transition "BUILD/None" ==> "BUILD/spawning" after 18 second wait
2025-12-08 20:29:18.548 66001 INFO tempest.lib.common.rest_client [req-3e813698-8ae2-4c53-b0b5-3e9d1b393c2a req-3e813698-8ae2-4c53-b0b5-3e9d1b393c2a ] Request (SecurityGroupRulesTestJSON:test_security_group_rules_create): 200 POST http://10.180.1.21/compute/v2.1/os-security-group-rules 4.332s
2025-12-08 20:29:18.555 65951 INFO tempest.lib.common.rest_client [req-d7b7f989-5b43-4ecc-98ac-d732099feb84 req-d7b7f989-5b43-4ecc-98ac-d732099feb84 ] Request (ValidationResourcesFixture:setUp): 201 POST http://10.180.1.21/networking/v2.0/security-group-rules 0.103s
2025-12-08 20:29:18.653 65961 INFO tempest.lib.common.rest_client [req-d2f56006-0e0a-4792-bdfb-95ef04381f84 req-d2f56006-0e0a-4792-bdfb-95ef04381f84 ] Request (ServerAddressesTestJSON:tearDownClass): 204 DELETE http://10.180.1.21/compute/v2.1/servers/f1a19e56-3c89-451a-828e-eaa8d39da797 3.881s
2025-12-08 20:29:18.677 65939 INFO tempest.lib.common.rest_client [req-6598eae4-b0db-45f8-bd82-029a4f069ed0 req-6598eae4-b0db-45f8-bd82-029a4f069ed0 ] Request (DeleteServersAdminTestJSON:tearDownClass): 404 GET http://10.180.1.21/compute/v2.1/servers/7add8d2a-3d97-410f-8c55-b5baa7a7a8b3 3.890s
2025-12-08 20:29:18.698 65967 INFO tempest.lib.common.rest_client [req-c19281ee-c359-46b5-865b-6b32c259c146 req-c19281ee-c359-46b5-865b-6b32c259c146 ] Request (ServerExternalEventsTest:test_create_server_external_events): 200 GET http://10.180.1.21/compute/v2.1/servers/f3f10fd1-2e5e-4d71-b1ce-450fe5742ae6 4.214s
2025-12-08 20:29:18.706 65967 INFO tempest.common.waiters [-] State transition "BUILD/spawning" ==> "ACTIVE/None" after 28 second wait
2025-12-08 20:29:18.721 65953 INFO tempest.lib.common.rest_client [req-c8ef8318-5180-4f1c-8737-38188af0075d req-c8ef8318-5180-4f1c-8737-38188af0075d ] Request (FlavorsAdminTestJSON:test_is_public_string_variations): 200 POST http://10.180.1.21/compute/v2.1/flavors 3.809s
2025-12-08 20:29:18.728 65957 INFO tempest.lib.common.rest_client [req-0a2e028d-509b-4594-a7c9-fa8b3b759217 req-0a2e028d-509b-4594-a7c9-fa8b3b759217 ] Request (AggregatesAdminNegativeTestJSON:test_aggregate_get_details_as_user): 403 GET http://10.180.1.21/compute/v2.1/os-aggregates/6 3.799s
2025-12-08 20:29:18.789 65955 INFO tempest.lib.common.rest_client [req-e4eb5b53-4783-46c7-acf9-94765c9ed9aa req-e4eb5b53-4783-46c7-acf9-94765c9ed9aa ] Request (ListServerFiltersTestJSON:test_list_servers_filter_by_flavor): 200 GET http://10.180.1.21/compute/v2.1/servers?flavor=84 3.900s
2025-12-08 20:29:18.790 65943 INFO tempest.lib.common.rest_client [req-1f88138c-0ba3-447e-a9b8-b336899ea9f0 req-1f88138c-0ba3-447e-a9b8-b336899ea9f0 ] Request (ServersNegativeTestJSON:setUpClass): 200 GET http://10.180.1.21/compute/v2.1/servers/dac3b886-44d3-4a6a-a705-797dd1560847 3.726s
2025-12-08 20:29:18.830 65971 INFO tempest.lib.common.rest_client [req-e3bcf940-403d-4ca0-85bb-4813d037626a req-e3bcf940-403d-4ca0-85bb-4813d037626a ] Request (KeyPairsNegativeTestJSON:test_create_keypair_when_public_key_bits_exceeds_maximum): 400 POST http://10.180.1.21/compute/v2.1/os-keypairs 3.457s
2025-12-08 20:29:18.846 65989 INFO tempest.lib.common.rest_client [req-4976380c-1e9a-4c0e-b3cf-3a8798b0b30e req-4976380c-1e9a-4c0e-b3cf-3a8798b0b30e ] Request (ServicesAdminNegativeV253TestJSON:test_disable_service_with_invalid_service_id): 404 PUT http://10.180.1.21/compute/v2.1/os-services/7ad2af8c-95ab-4342-b4ac-e690804f7fbf 3.399s
2025-12-08 20:29:18.999 65951 INFO tempest.lib.common.rest_client [req-4259ed64-8d9d-4636-956a-fe54948da67d req-4259ed64-8d9d-4636-956a-fe54948da67d ] Request (ValidationResourcesFixture:setUp): 201 POST http://10.180.1.21/networking/v2.0/floatingips 0.443s
2025-12-08 20:29:19.010 65997 INFO tempest.lib.common.rest_client [req-354984d2-c14c-4d5e-940f-b64013ec8bde req-354984d2-c14c-4d5e-940f-b64013ec8bde ] Request (ServersAdminNegativeTestJSON:test_migrate_server_invalid_state): 200 GET http://10.180.1.21/compute/v2.1/servers/09d3d21a-16c0-45c8-a2d2-28402cc5f6a6 3.264s
2025-12-08 20:29:19.043 65969 INFO tempest.lib.common.rest_client [req-e2816fbb-8070-4c50-b231-fa673b248a6c req-e2816fbb-8070-4c50-b231-fa673b248a6c ] Request (FloatingIPsAssociationNegativeTestJSON:setUpClass): 200 GET http://10.180.1.21/compute/v2.1/servers/8da3bc0c-45ea-4355-a692-42078add58fd 3.784s
2025-12-08 20:29:19.045 65951 INFO tempest.lib.common.rest_client [req-77702c21-80ae-4017-b0b9-9ad5cb3abfeb req-77702c21-80ae-4017-b0b9-9ad5cb3abfeb ] Request (AttachVolumeShelveTestJSON:test_attach_volume_shelved_or_offload_server): 201 POST http://10.180.1.21/identity/v3/auth/tokens 0.042s
2025-12-08 20:29:19.045 65951 INFO tempest.lib.common.fixed_network [-] (AttachVolumeShelveTestJSON:test_attach_volume_shelved_or_offload_server) Found network {'id': '08ef2ff6-845a-4337-9d7d-9af5be919bbe', 'name': 'tempest-AttachVolumeShelveTestJSON-142441269-network', 'tenant_id': 'd05edf7154ff41208bdc7e421331dab9', 'project_id': 'd05edf7154ff41208bdc7e421331dab9', 'admin_state_up': True, 'mtu': 8950, 'status': 'ACTIVE', 'subnets': [], 'shared': False, 'port_security_enabled': True, 'router:external': False, 'provider:network_type': 'vlan', 'provider:physical_network': 'default', 'provider:segmentation_id': 121, 'availability_zone_hints': [], 'availability_zones': [], 'ipv4_address_scope': None, 'ipv6_address_scope': None, 'description': '', 'tags': [], 'created_at': '2025-12-08T20:29:10Z', 'updated_at': '2025-12-08T20:29:10Z', 'revision_number': 1} available for tenant
2025-12-08 20:29:19.054 65969 INFO tempest.common.waiters [-] State transition "BUILD/block_device_mapping" ==> "BUILD/spawning" after 23 second wait
2025-12-08 20:29:19.059 65985 INFO tempest.lib.common.rest_client [req-82e3daf8-fa7c-450e-b8fe-5e8bb264d586 req-82e3daf8-fa7c-450e-b8fe-5e8bb264d586 ] Request (MultipleCreateNegativeTestJSON:test_max_count_less_than_min_count): 400 POST http://10.180.1.21/compute/v2.1/servers 3.039s
2025-12-08 20:29:19.099 65985 INFO tempest.lib.common.rest_client [req-13e95b6c-dd0a-40d6-8557-6129a75f6917 req-13e95b6c-dd0a-40d6-8557-6129a75f6917 ] Request (MultipleCreateNegativeTestJSON:test_max_count_less_than_one): 201 POST http://10.180.1.21/identity/v3/auth/tokens 0.032s
2025-12-08 20:29:19.099 65985 INFO tempest.lib.common.fixed_network [-] (MultipleCreateNegativeTestJSON:test_max_count_less_than_one) Found network None available for tenant
2025-12-08 20:29:19.107 65949 INFO tempest.lib.common.rest_client [req-1601224a-8390-420a-8e4b-9d4345defa70 req-1601224a-8390-420a-8e4b-9d4345defa70 ] Request (AttachInterfacesV270Test:test_create_get_list_interfaces): 200 GET http://10.180.1.21/compute/v2.1/servers/53b2f129-f649-41e3-97d6-468184b686fd 2.941s
2025-12-08 20:29:19.141 65979 INFO tempest.lib.common.rest_client [req-c3790442-3058-4ab4-a953-1f38f9be9b3b req-c3790442-3058-4ab4-a953-1f38f9be9b3b ] Request (ListImageFiltersTestJSON:setUpClass): 200 GET http://10.180.1.21/compute/v2.1/servers/cb052486-9b99-41df-8fd0-7e72366ae9dd 2.883s
2025-12-08 20:29:19.233 65977 INFO tempest.lib.common.rest_client [req-d5931ff9-2b89-4259-8503-4b795443058d req-d5931ff9-2b89-4259-8503-4b795443058d ] Request (ServerRescueTestJSONUnderV235:tearDownClass): 200 GET http://10.180.1.21/compute/v2.1/servers/8b8c2c6b-9db8-4d95-addc-ad22a61cbe00 2.283s
2025-12-08 20:29:19.270 65993 INFO tempest.lib.common.rest_client [req-9b4d3ba7-aaee-43d5-9fba-6385dc72d55e req-9b4d3ba7-aaee-43d5-9fba-6385dc72d55e ] Request (QuotaClassesAdminTestJSON:test_update_default_quotas): 200 GET http://10.180.1.21/compute/v2.1/os-quota-class-sets/default 1.397s
2025-12-08 20:29:19.363 65959 INFO tempest.lib.common.rest_client [req-337e1f01-b547-4a61-9781-b1d837a8da94 req-337e1f01-b547-4a61-9781-b1d837a8da94 ] Request (ImagesTestJSON:test_create_image_from_suspended_server): 202 POST http://10.180.1.21/compute/v2.1/servers/6269722c-5d6e-4d53-a691-c646203a8ea8/action 1.296s
2025-12-08 20:29:19.469 65963 INFO tempest.lib.common.rest_client [req-0e0445da-6211-4bc3-b3d0-245ba914db01 req-0e0445da-6211-4bc3-b3d0-245ba914db01 ] Request (ServersAdminTestJSON:test_create_server_with_scheduling_hint): 202 POST http://10.180.1.21/compute/v2.1/servers 2.535s
2025-12-08 20:29:19.601 65981 INFO tempest.lib.common.rest_client [req-7e48d13d-36d3-4baf-9740-57ed2930f6c7 req-7e48d13d-36d3-4baf-9740-57ed2930f6c7 ] Request (FloatingIPsAssociationTestJSON:test_associate_already_associated_floating_ip): 409 POST http://10.180.1.21/compute/v2.1/servers/7f0bad61-f85f-45c5-a572-9c193d862c7d/action 1.320s
2025-12-08 20:29:19.730 66001 INFO tempest.lib.common.rest_client [req-b0d51ff8-26a0-4d98-b724-3b4476cadbc0 req-b0d51ff8-26a0-4d98-b724-3b4476cadbc0 ] Request (SecurityGroupRulesTestJSON:test_security_group_rules_create_with_optional_cidr): 200 POST http://10.180.1.21/compute/v2.1/os-security-groups 1.173s
2025-12-08 20:29:19.907 65941 INFO tempest.lib.common.rest_client [req-7f5102c9-7712-4379-b49f-2097c3b38455 req-7f5102c9-7712-4379-b49f-2097c3b38455 ] Request (VolumesAssistedSnapshotsTest:_run_cleanups): 202 DELETE http://10.180.1.21/compute/v2.1/servers/c7004a43-a2f5-436c-a63e-01bf04a4124b/os-volume_attachments/3b566ba4-b085-4577-bb0b-5f9131d1ac1c 1.601s
2025-12-08 20:29:19.916 65961 INFO tempest.lib.common.rest_client [req-274126d5-dfd2-4fa1-9cd1-5e77b631f5c0 req-274126d5-dfd2-4fa1-9cd1-5e77b631f5c0 ] Request (ServerAddressesTestJSON:tearDownClass): 200 GET http://10.180.1.21/compute/v2.1/servers/f1a19e56-3c89-451a-828e-eaa8d39da797 1.262s
2025-12-08 20:29:19.928 65939 INFO tempest.lib.common.rest_client [req-4d23170f-8e7e-4875-a00e-2f1900b121a2 req-4d23170f-8e7e-4875-a00e-2f1900b121a2 ] Request (DeleteServersAdminTestJSON:tearDownClass): 404 DELETE http://10.180.1.21/compute/v2.1/servers/366889f2-b4ac-4e58-8bbd-32b5fcb6cf98 1.251s
2025-12-08 20:29:19.948 65953 INFO tempest.lib.common.rest_client [req-3596aadd-8e49-465e-9a9a-be27d88ce2ff req-3596aadd-8e49-465e-9a9a-be27d88ce2ff ] Request (FlavorsAdminTestJSON:test_is_public_string_variations): 200 POST http://10.180.1.21/compute/v2.1/flavors 1.224s
2025-12-08 20:29:19.972 65957 INFO tempest.lib.common.rest_client [req-7a58c956-2499-4a17-aad6-583a773e6f62 req-7a58c956-2499-4a17-aad6-583a773e6f62 ] Request (AggregatesAdminNegativeTestJSON:_run_cleanups): 200 DELETE http://10.180.1.21/compute/v2.1/os-aggregates/6 1.244s
2025-12-08 20:29:20.040 65967 INFO tempest.lib.common.rest_client [req-9587c378-76ef-46d1-bf04-a61c8fddd7b7 req-9587c378-76ef-46d1-bf04-a61c8fddd7b7 ] Request (ServerExternalEventsTest:test_create_server_external_events): 200 POST http://10.180.1.21/compute/v2.1/os-server-external-events 1.334s
2025-12-08 20:29:20.073 65955 INFO tempest.lib.common.rest_client [req-af448406-b0a0-4c31-a9c3-e99565ea4ee5 req-af448406-b0a0-4c31-a9c3-e99565ea4ee5 ] Request (ListServerFiltersTestJSON:test_list_servers_filter_by_limit): 200 GET http://10.180.1.21/compute/v2.1/servers?limit=1 1.280s
2025-12-08 20:29:20.087 65945 INFO tempest.lib.common.rest_client [req-396d79fd-db56-46c8-96d0-4e2cacf02d40 req-396d79fd-db56-46c8-96d0-4e2cacf02d40 ] Request (MigrationsAdminTest:test_list_migrations_in_flavor_resize_situation): 200 GET http://10.180.1.21/compute/v2.1/servers/2f9c9ec1-b407-44a7-8ac8-7829159a8a72 1.323s
2025-12-08 20:29:20.095 65945 INFO tempest.common.waiters [-] State transition "VERIFY_RESIZE/None" ==> "ACTIVE/None" after 17 second wait
2025-12-08 20:29:20.109 65971 INFO tempest.lib.common.rest_client [req-6a95410d-ed41-46a0-97aa-a28de6df2dc2 req-6a95410d-ed41-46a0-97aa-a28de6df2dc2 ] Request (KeyPairsNegativeTestJSON:test_create_keypair_with_duplicate_name): 200 POST http://10.180.1.21/compute/v2.1/os-keypairs 1.277s
2025-12-08 20:29:20.111 65989 INFO tempest.lib.common.rest_client [req-8ea46ff6-e7ec-4bcb-b80b-f3020a9b343b req-8ea46ff6-e7ec-4bcb-b80b-f3020a9b343b ] Request (ServicesAdminNegativeV253TestJSON:test_enable_service_with_invalid_service_id): 404 PUT http://10.180.1.21/compute/v2.1/os-services/7ad2af8c-95ab-4342-b4ac-e690804f7fbf 1.263s
2025-12-08 20:29:20.183 65965 INFO tempest.lib.common.rest_client [req-21574b89-41aa-4e9f-b699-ee00f62d3ee4 req-21574b89-41aa-4e9f-b699-ee00f62d3ee4 ] Request (ServerAddressesNegativeTestJSON:tearDownClass): 200 GET http://10.180.1.21/compute/v2.1/servers/e656c5bd-993a-459d-96fe-441843b174af 1.238s
2025-12-08 20:29:20.192 65985 INFO tempest.lib.common.rest_client [req-cad91feb-d866-471f-a56b-c8dae3fbbe71 req-cad91feb-d866-471f-a56b-c8dae3fbbe71 ] Request (MultipleCreateNegativeTestJSON:test_max_count_less_than_one): 400 POST http://10.180.1.21/compute/v2.1/servers 1.092s
2025-12-08 20:29:20.233 65985 INFO tempest.lib.common.rest_client [req-956f61f0-ebc3-4ff7-9323-42ce26d4dfc4 req-956f61f0-ebc3-4ff7-9323-42ce26d4dfc4 ] Request (MultipleCreateNegativeTestJSON:test_max_count_non_integer): 201 POST http://10.180.1.21/identity/v3/auth/tokens 0.036s
2025-12-08 20:29:20.233 65985 INFO tempest.lib.common.fixed_network [-] (MultipleCreateNegativeTestJSON:test_max_count_non_integer) Found network None available for tenant
2025-12-08 20:29:20.253 65993 INFO tempest.lib.common.rest_client [req-9917a0b7-50f1-457b-9347-f0c50f0f5f84 req-9917a0b7-50f1-457b-9347-f0c50f0f5f84 ] Request (QuotaClassesAdminTestJSON:_run_cleanups): 200 PUT http://10.180.1.21/compute/v2.1/os-quota-class-sets/default 0.980s
2025-12-08 20:29:20.319 65973 INFO tempest.lib.common.rest_client [req-d5e08934-4531-4d9e-b1e7-778a2a1f08c5 req-d5e08934-4531-4d9e-b1e7-778a2a1f08c5 ] Request (ServersTestMultiNic:_run_cleanups): 200 GET http://10.180.1.21/compute/v2.1/servers/d5b2edcf-30c4-40cd-b4ff-043e5e3b3383 0.967s
2025-12-08 20:29:20.407 65993 INFO tempest.lib.common.rest_client [req-b979ca3e-56d7-412b-841e-82f25d2d5362 req-b979ca3e-56d7-412b-841e-82f25d2d5362 ] Request (QuotaClassesAdminTestJSON:tearDownClass): 204 DELETE http://10.180.1.21/identity/v3/users/e5d28ffdac8443dea033047d3f76e377 0.146s
2025-12-08 20:29:20.498 65959 INFO tempest.lib.common.rest_client [req-3d4c8dbb-65df-4048-b022-a1866a18938c req-3d4c8dbb-65df-4048-b022-a1866a18938c ] Request (ImagesTestJSON:test_create_image_from_suspended_server): 200 GET http://10.180.1.21/compute/v2.1/servers/6269722c-5d6e-4d53-a691-c646203a8ea8 1.134s
2025-12-08 20:29:20.504 65993 INFO tempest.lib.common.rest_client [req-2f7164ce-5b3b-47f5-aacb-48b026de501b req-2f7164ce-5b3b-47f5-aacb-48b026de501b ] Request (QuotaClassesAdminTestJSON:tearDownClass): 204 DELETE http://10.180.1.21/identity/v3/users/3dc1e30f2b994d4d930c45662dc33417 0.097s
2025-12-08 20:29:20.505 65993 INFO tempest.lib.common.dynamic_creds [-] Deleting project and security group for project: b79dd35caaa744448ba63bdba40c30d5
2025-12-08 20:29:20.574 65951 INFO tempest.lib.common.rest_client [req-e001fd05-3443-414a-8267-0711eebf0b7f req-e001fd05-3443-414a-8267-0711eebf0b7f ] Request (AttachVolumeShelveTestJSON:test_attach_volume_shelved_or_offload_server): 202 POST http://10.180.1.21/compute/v2.1/servers 1.528s
2025-12-08 20:29:20.575 65993 INFO tempest.lib.common.rest_client [req-4ec89080-5c13-4fac-82f4-6436ae61888a req-4ec89080-5c13-4fac-82f4-6436ae61888a ] Request (QuotaClassesAdminTestJSON:tearDownClass): 201 POST http://10.180.1.21/identity/v3/auth/tokens 0.070s
2025-12-08 20:29:20.626 65987 INFO tempest.lib.common.rest_client [req-3305462f-7856-42a0-88d3-5c9c01ab1c8d req-3305462f-7856-42a0-88d3-5c9c01ab1c8d ] Request (ServerDiagnosticsV248Test:tearDownClass): 200 GET http://10.180.1.21/compute/v2.1/servers/a2426d40-5893-4ae0-a2be-1b1cae0a95b7 1.247s
2025-12-08 20:29:20.739 65975 WARNING tempest.lib.common.ssh [-] Failed to establish authenticated ssh connection to cirros@10.180.180.158 ([Errno None] Unable to connect to port 22 on 10.180.180.158). Number attempts: 1. Retry after 2 seconds.: paramiko.ssh_exception.NoValidConnectionsError: [Errno None] Unable to connect to port 22 on 10.180.180.158
2025-12-08 20:29:20.800 65993 INFO tempest.lib.common.rest_client [req-abf47f40-ac7a-4273-9d85-bc736f1ed0d9 req-abf47f40-ac7a-4273-9d85-bc736f1ed0d9 ] Request (QuotaClassesAdminTestJSON:tearDownClass): 200 GET http://10.180.1.21/networking/v2.0/security-groups?tenant_id=b79dd35caaa744448ba63bdba40c30d5&name=default 0.224s
2025-12-08 20:29:20.867 65963 INFO tempest.lib.common.rest_client [req-43be13d1-32db-4c16-ba18-1d3e2debe544 req-43be13d1-32db-4c16-ba18-1d3e2debe544 ] Request (ServersAdminTestJSON:test_create_server_with_scheduling_hint): 200 GET http://10.180.1.21/compute/v2.1/servers/af87dee8-378b-40cf-b251-751855094679 1.395s
2025-12-08 20:29:21.055 65993 INFO tempest.lib.common.rest_client [req-baf271c1-29f6-465a-98e1-a6d4b1e8d279 req-baf271c1-29f6-465a-98e1-a6d4b1e8d279 ] Request (QuotaClassesAdminTestJSON:tearDownClass): 204 DELETE http://10.180.1.21/networking/v2.0/security-groups/4b7e7f65-edc3-456e-b23c-b61ac3974b4d 0.254s
2025-12-08 20:29:21.058 65999 WARNING tempest.lib.common.ssh [-] Failed to establish authenticated ssh connection to cirros@10.180.180.230 ([Errno None] Unable to connect to port 22 on 10.180.180.230). Number attempts: 1. Retry after 2 seconds.: paramiko.ssh_exception.NoValidConnectionsError: [Errno None] Unable to connect to port 22 on 10.180.180.230
2025-12-08 20:29:21.091 65992 INFO tempest.lib.common.rest_client [req-018f479e-954e-45ef-acb6-ea885c50590a req-018f479e-954e-45ef-acb6-ea885c50590a ] Request (InstanceActionsV221TestJSON:test_get_list_deleted_instance_actions): 200 GET http://10.180.1.21/compute/v2.1/servers/35e20093-84b9-4874-b757-a6ddd04a70c7 1.606s
2025-12-08 20:29:21.165 65993 INFO tempest.lib.common.rest_client [req-d1d5145c-719a-4ea8-aa76-2b3c5fe084fc req-d1d5145c-719a-4ea8-aa76-2b3c5fe084fc ] Request (QuotaClassesAdminTestJSON:tearDownClass): 204 DELETE http://10.180.1.21/identity/v3/projects/b79dd35caaa744448ba63bdba40c30d5 0.110s
2025-12-08 20:29:21.165 65993 INFO tempest.lib.common.dynamic_creds [-] Deleting project and security group for project: 1e617373dab844ef8b02a3cdf343e4d1
2025-12-08 20:29:21.174 66003 WARNING tempest.lib.common.ssh [-] Failed to establish authenticated ssh connection to cirros@10.180.180.143 ([Errno None] Unable to connect to port 22 on 10.180.180.143). Number attempts: 4. Retry after 5 seconds.: paramiko.ssh_exception.NoValidConnectionsError: [Errno None] Unable to connect to port 22 on 10.180.180.143
2025-12-08 20:29:21.524 65993 INFO tempest.lib.common.rest_client [req-4b08265a-3d3b-4085-9a58-5e7ede0ddea1 req-4b08265a-3d3b-4085-9a58-5e7ede0ddea1 ] Request (QuotaClassesAdminTestJSON:tearDownClass): 200 GET http://10.180.1.21/networking/v2.0/security-groups?tenant_id=1e617373dab844ef8b02a3cdf343e4d1&name=default 0.358s
2025-12-08 20:29:21.682 66001 INFO tempest.lib.common.rest_client [req-8724286d-3ec2-4cf3-a2c1-fe36908d001a req-8724286d-3ec2-4cf3-a2c1-fe36908d001a ] Request (SecurityGroupRulesTestJSON:test_security_group_rules_create_with_optional_cidr): 200 POST http://10.180.1.21/compute/v2.1/os-security-group-rules 1.949s
2025-12-08 20:29:21.805 65993 INFO tempest.lib.common.rest_client [req-fd531c6e-7778-46a1-84b9-03d9904b4154 req-fd531c6e-7778-46a1-84b9-03d9904b4154 ] Request (QuotaClassesAdminTestJSON:tearDownClass): 204 DELETE http://10.180.1.21/networking/v2.0/security-groups/62194daa-d2c3-4716-8b05-9d68423e42b0 0.281s
2025-12-08 20:29:21.870 65943 INFO tempest.lib.common.rest_client [req-432b29e4-2bc1-4b58-8c54-d83a5992fff7 req-432b29e4-2bc1-4b58-8c54-d83a5992fff7 ] Request (ServersNegativeTestJSON:setUpClass): 200 GET http://10.180.1.21/compute/v2.1/servers/dac3b886-44d3-4a6a-a705-797dd1560847 2.071s
2025-12-08 20:29:21.906 65941 INFO tempest.lib.common.rest_client [req-dc93a6b4-87f5-43e6-af9f-fa210f7b8f89 req-dc93a6b4-87f5-43e6-af9f-fa210f7b8f89 ] Request (VolumesAssistedSnapshotsTest:_run_cleanups): 200 GET http://10.180.1.21/compute/v2.1/servers/c7004a43-a2f5-436c-a63e-01bf04a4124b/os-volume_attachments 1.998s
2025-12-08 20:29:21.910 65993 INFO tempest.lib.common.rest_client [req-bab88aea-55d7-41db-b5ba-d698d9c01ff8 req-bab88aea-55d7-41db-b5ba-d698d9c01ff8 ] Request (QuotaClassesAdminTestJSON:tearDownClass): 204 DELETE http://10.180.1.21/identity/v3/projects/1e617373dab844ef8b02a3cdf343e4d1 0.104s
2025-12-08 20:29:21.932 65939 INFO tempest.lib.common.rest_client [req-c418a38c-f6ca-440f-b1c3-acceab92de4a req-c418a38c-f6ca-440f-b1c3-acceab92de4a ] Request (DeleteServersAdminTestJSON:tearDownClass): 404 GET http://10.180.1.21/compute/v2.1/servers/366889f2-b4ac-4e58-8bbd-32b5fcb6cf98 2.003s
2025-12-08 20:29:22.079 65939 INFO tempest.lib.common.rest_client [req-a1354dd3-d98f-4531-ba06-35edfb8a2199 req-a1354dd3-d98f-4531-ba06-35edfb8a2199 ] Request (DeleteServersAdminTestJSON:tearDownClass): 204 DELETE http://10.180.1.21/identity/v3/users/3e792813620d41e691ce3f7ad8a8a9f2 0.147s
2025-12-08 20:29:22.177 65953 INFO tempest.lib.common.rest_client [req-dd9781ad-8be9-459a-bc7c-3146be25a81a req-dd9781ad-8be9-459a-bc7c-3146be25a81a ] Request (FlavorsAdminTestJSON:test_is_public_string_variations): 200 GET http://10.180.1.21/compute/v2.1/flavors/detail?is_public=f 2.226s
2025-12-08 20:29:22.188 65957 INFO tempest.lib.common.rest_client [req-7ce64650-2fcc-462e-b739-028524418167 req-7ce64650-2fcc-462e-b739-028524418167 ] Request (AggregatesAdminNegativeTestJSON:test_aggregate_get_details_with_invalid_id): 404 GET http://10.180.1.21/compute/v2.1/os-aggregates/-1 2.213s
2025-12-08 20:29:22.199 65939 INFO tempest.lib.common.rest_client [req-befe1204-e72f-4760-9fbb-ab1a550d1a1f req-befe1204-e72f-4760-9fbb-ab1a550d1a1f ] Request (DeleteServersAdminTestJSON:tearDownClass): 204 DELETE http://10.180.1.21/identity/v3/users/920c2f15112648ad8dcfcfe0333ea749 0.119s
2025-12-08 20:29:22.199 65939 INFO tempest.lib.common.dynamic_creds [-] Deleting project and security group for project: c546e6f9016d44e89dcc9fbaa70ff010
2025-12-08 20:29:22.261 65939 INFO tempest.lib.common.rest_client [req-ad07d06d-1a4c-45b0-a22f-eb360dff9f7e req-ad07d06d-1a4c-45b0-a22f-eb360dff9f7e ] Request (DeleteServersAdminTestJSON:tearDownClass): 201 POST http://10.180.1.21/identity/v3/auth/tokens 0.061s
2025-12-08 20:29:22.410 65997 INFO tempest.lib.common.rest_client [req-211f677e-fc97-4d82-8e41-628e95d55eb4 req-211f677e-fc97-4d82-8e41-628e95d55eb4 ] Request (ServersAdminNegativeTestJSON:test_migrate_server_invalid_state): 200 GET http://10.180.1.21/compute/v2.1/servers/09d3d21a-16c0-45c8-a2d2-28402cc5f6a6 2.386s
2025-12-08 20:29:22.470 65947 WARNING tempest.lib.common.ssh [-] Failed to establish authenticated ssh connection to cirros@10.180.180.231 ([Errno None] Unable to connect to port 22 on 10.180.180.231). Number attempts: 7. Retry after 8 seconds.: paramiko.ssh_exception.NoValidConnectionsError: [Errno None] Unable to connect to port 22 on 10.180.180.231
2025-12-08 20:29:22.488 65939 INFO tempest.lib.common.rest_client [req-cac35b7e-3065-47f8-a922-f4af89f924dd req-cac35b7e-3065-47f8-a922-f4af89f924dd ] Request (DeleteServersAdminTestJSON:tearDownClass): 200 GET http://10.180.1.21/networking/v2.0/security-groups?tenant_id=c546e6f9016d44e89dcc9fbaa70ff010&name=default 0.226s
2025-12-08 20:29:22.494 65967 INFO tempest.lib.common.rest_client [req-1bee3b4f-9e8b-4b8b-93fb-d2d4c5b18253 req-1bee3b4f-9e8b-4b8b-93fb-d2d4c5b18253 ] Request (ServerExternalEventsTest:tearDownClass): 204 DELETE http://10.180.1.21/compute/v2.1/servers/f3f10fd1-2e5e-4d71-b1ce-450fe5742ae6 2.449s
2025-12-08 20:29:22.660 65939 INFO tempest.lib.common.rest_client [req-b0142b44-43aa-471f-955e-c997c977b8f4 req-b0142b44-43aa-471f-955e-c997c977b8f4 ] Request (DeleteServersAdminTestJSON:tearDownClass): 204 DELETE http://10.180.1.21/networking/v2.0/security-groups/fc19cc9f-f9cc-48bb-8211-fbfc3fd154f2 0.172s
2025-12-08 20:29:22.722 65983 WARNING tempest.lib.common.ssh [-] Failed to establish authenticated ssh connection to cirros@10.180.180.208 ([Errno None] Unable to connect to port 22 on 10.180.180.208). Number attempts: 4. Retry after 5 seconds.: paramiko.ssh_exception.NoValidConnectionsError: [Errno None] Unable to connect to port 22 on 10.180.180.208
2025-12-08 20:29:22.750 65939 INFO tempest.lib.common.rest_client [req-52df05f9-8ef5-486b-8f87-6728300d9b36 req-52df05f9-8ef5-486b-8f87-6728300d9b36 ] Request (DeleteServersAdminTestJSON:tearDownClass): 204 DELETE http://10.180.1.21/identity/v3/projects/c546e6f9016d44e89dcc9fbaa70ff010 0.090s
2025-12-08 20:29:22.751 65939 INFO tempest.lib.common.dynamic_creds [-] Deleting project and security group for project: 7ad41392f6d441b8b52da827c439ec98
2025-12-08 20:29:22.847 65969 INFO tempest.lib.common.rest_client [req-bb1710c4-8689-4a72-a5db-67a92e101d75 req-bb1710c4-8689-4a72-a5db-67a92e101d75 ] Request (FloatingIPsAssociationNegativeTestJSON:setUpClass): 200 GET http://10.180.1.21/compute/v2.1/servers/8da3bc0c-45ea-4355-a692-42078add58fd 2.792s
2025-12-08 20:29:22.885 65939 INFO tempest.lib.common.rest_client [req-bf125a15-1359-4928-ba35-5279cec0443a req-bf125a15-1359-4928-ba35-5279cec0443a ] Request (DeleteServersAdminTestJSON:tearDownClass): 200 GET http://10.180.1.21/networking/v2.0/security-groups?tenant_id=7ad41392f6d441b8b52da827c439ec98&name=default 0.134s
2025-12-08 20:29:22.947 65955 INFO tempest.lib.common.rest_client [req-88b23a6d-40ff-4fda-b604-4c9e5f1f1e60 req-88b23a6d-40ff-4fda-b604-4c9e5f1f1e60 ] Request (ListServerFiltersTestJSON:test_list_servers_filter_by_server_name): 200 GET http://10.180.1.21/compute/v2.1/servers?name=tempest-ListServerFiltersTestJSON-instance-96895527 2.869s
2025-12-08 20:29:22.980 65981 INFO tempest.lib.common.rest_client [req-c12cffdb-4141-4f33-bdd7-1caf7a85bfc8 req-c12cffdb-4141-4f33-bdd7-1caf7a85bfc8 ] Request (FloatingIPsAssociationTestJSON:_run_cleanups): 202 POST http://10.180.1.21/compute/v2.1/servers/dea33f82-7357-4e47-840f-e660982ba11d/action 3.378s
2025-12-08 20:29:22.985 65939 INFO tempest.lib.common.rest_client [req-3403d159-3545-4433-bc86-c2e97a3e17f0 req-3403d159-3545-4433-bc86-c2e97a3e17f0 ] Request (DeleteServersAdminTestJSON:tearDownClass): 204 DELETE http://10.180.1.21/networking/v2.0/security-groups/c1182a27-35e7-43b9-8450-16e6d7f0b2f1 0.099s
2025-12-08 20:29:23.004 65989 INFO tempest.lib.common.rest_client [req-ee216415-5e20-40a4-b457-1e1f16e2ec45 req-ee216415-5e20-40a4-b457-1e1f16e2ec45 ] Request (ServicesAdminNegativeV253TestJSON:test_get_service_by_invalid_params): 200 GET http://10.180.1.21/compute/v2.1/os-services 2.891s
2025-12-08 20:29:23.043 65971 INFO tempest.lib.common.rest_client [req-0464c5d7-64e9-45fb-9beb-f370c0dd3462 req-0464c5d7-64e9-45fb-9beb-f370c0dd3462 ] Request (KeyPairsNegativeTestJSON:test_create_keypair_with_duplicate_name): 409 POST http://10.180.1.21/compute/v2.1/os-keypairs 2.928s
2025-12-08 20:29:23.112 65939 INFO tempest.lib.common.rest_client [req-b8c1acbc-e31d-4b67-9fa5-86c680ae1682 req-b8c1acbc-e31d-4b67-9fa5-86c680ae1682 ] Request (DeleteServersAdminTestJSON:tearDownClass): 204 DELETE http://10.180.1.21/identity/v3/projects/7ad41392f6d441b8b52da827c439ec98 0.127s
2025-12-08 20:29:23.131 65945 INFO tempest.lib.common.rest_client [req-722d3ec0-ef96-4b88-a101-4e82dbab66c0 req-722d3ec0-ef96-4b88-a101-4e82dbab66c0 ] Request (MigrationsAdminTest:test_list_migrations_in_flavor_resize_situation): 200 GET http://10.180.1.21/compute/v2.1/servers/2f9c9ec1-b407-44a7-8ac8-7829159a8a72 3.035s
2025-12-08 20:29:23.136 65949 INFO tempest.lib.common.rest_client [req-69bc378c-a79c-4207-95c2-6fe52df84221 req-69bc378c-a79c-4207-95c2-6fe52df84221 ] Request (AttachInterfacesV270Test:test_create_get_list_interfaces): 200 GET http://10.180.1.21/compute/v2.1/servers/53b2f129-f649-41e3-97d6-468184b686fd 3.015s
2025-12-08 20:29:23.142 65985 INFO tempest.lib.common.rest_client [req-f9dbbba5-7d80-49b5-a43c-898932aa1568 req-f9dbbba5-7d80-49b5-a43c-898932aa1568 ] Request (MultipleCreateNegativeTestJSON:test_max_count_non_integer): 400 POST http://10.180.1.21/compute/v2.1/servers 2.908s
2025-12-08 20:29:23.153 65949 INFO tempest.common.waiters [-] State transition "BUILD/None" ==> "BUILD/networking" after 14 second wait
2025-12-08 20:29:23.174 65939 INFO tempest.lib.common.rest_client [req-f17bcdc9-5c91-4205-8711-ba168bc9c38d req-f17bcdc9-5c91-4205-8711-ba168bc9c38d ] Request (QuotasSecurityGroupAdminNegativeTest:setUpClass): 201 POST http://10.180.1.21/identity/v3/auth/tokens 0.060s
2025-12-08 20:29:23.200 65979 INFO tempest.lib.common.rest_client [req-8eae1a19-821f-4e04-8747-35fe5a5e6935 req-8eae1a19-821f-4e04-8747-35fe5a5e6935 ] Request (ListImageFiltersTestJSON:setUpClass): 200 GET http://10.180.1.21/compute/v2.1/servers/cb052486-9b99-41df-8fd0-7e72366ae9dd 3.050s
2025-12-08 20:29:23.209 65939 INFO tempest.lib.common.rest_client [req-00e7f576-f662-408c-9b17-8a479fdec959 req-00e7f576-f662-408c-9b17-8a479fdec959 ] Request (QuotasSecurityGroupAdminNegativeTest:setUpClass): 201 POST http://10.180.1.21/identity/v3/auth/tokens 0.032s
2025-12-08 20:29:23.221 65977 INFO tempest.lib.common.rest_client [req-50c1e099-ce24-4c6f-9be7-ebfc55cfd478 req-50c1e099-ce24-4c6f-9be7-ebfc55cfd478 ] Request (ServerRescueTestJSONUnderV235:tearDownClass): 200 GET http://10.180.1.21/compute/v2.1/servers/8b8c2c6b-9db8-4d95-addc-ad22a61cbe00 2.975s
2025-12-08 20:29:23.235 65939 INFO tempest.lib.common.rest_client [req-a8b0b6a1-4c44-4187-baad-2f2dc3f3458d req-a8b0b6a1-4c44-4187-baad-2f2dc3f3458d ] Request (QuotasSecurityGroupAdminNegativeTest:setUpClass): 200 GET http://10.180.1.21/identity/v3/domains?name=Default 0.025s
2025-12-08 20:29:23.244 65985 INFO tempest.lib.common.rest_client [req-488cb732-c8ce-492d-a7e0-0ed865bf5dce req-488cb732-c8ce-492d-a7e0-0ed865bf5dce ] Request (MultipleCreateNegativeTestJSON:test_min_count_less_than_one): 201 POST http://10.180.1.21/identity/v3/auth/tokens 0.092s
2025-12-08 20:29:23.244 65985 INFO tempest.lib.common.fixed_network [-] (MultipleCreateNegativeTestJSON:test_min_count_less_than_one) Found network None available for tenant
2025-12-08 20:29:23.245 65975 WARNING tempest.lib.common.ssh [-] Failed to establish authenticated ssh connection to cirros@10.180.180.158 ([Errno None] Unable to connect to port 22 on 10.180.180.158). Number attempts: 2. Retry after 3 seconds.: paramiko.ssh_exception.NoValidConnectionsError: [Errno None] Unable to connect to port 22 on 10.180.180.158
2025-12-08 20:29:23.269 65939 INFO tempest.lib.common.rest_client [req-fac7a134-f15d-4d2a-b4de-b6d9a28a2395 req-fac7a134-f15d-4d2a-b4de-b6d9a28a2395 ] Request (QuotasSecurityGroupAdminNegativeTest:setUpClass): 201 POST http://10.180.1.21/identity/v3/projects 0.033s
2025-12-08 20:29:23.300 65961 INFO tempest.lib.common.rest_client [req-ef4b1826-ad7a-403c-b805-9fb37e460ae4 req-ef4b1826-ad7a-403c-b805-9fb37e460ae4 ] Request (ServerAddressesTestJSON:tearDownClass): 200 GET http://10.180.1.21/compute/v2.1/servers/f1a19e56-3c89-451a-828e-eaa8d39da797 2.371s
2025-12-08 20:29:23.314 65961 INFO tempest.common.waiters [-] State transition "ACTIVE/deleting" ==> "DELETED/None" after 4 second wait
2025-12-08 20:29:23.315 65951 INFO tempest.lib.common.rest_client [req-ac225369-5f9c-4271-8724-86fc34b28022 req-ac225369-5f9c-4271-8724-86fc34b28022 ] Request (AttachVolumeShelveTestJSON:test_attach_volume_shelved_or_offload_server): 200 GET http://10.180.1.21/compute/v2.1/servers/98b66f73-4134-498d-a536-2f54c5426488 2.737s
2025-12-08 20:29:23.360 65939 INFO tempest.lib.common.rest_client [req-b2a195f5-38c2-4f2c-af68-bb0cc22e3f33 req-b2a195f5-38c2-4f2c-af68-bb0cc22e3f33 ] Request (QuotasSecurityGroupAdminNegativeTest:setUpClass): 201 POST http://10.180.1.21/identity/v3/users 0.090s
2025-12-08 20:29:23.374 65965 INFO tempest.lib.common.rest_client [req-7b7f1694-c66c-402a-9b7c-9c7b073506e9 req-7b7f1694-c66c-402a-9b7c-9c7b073506e9 ] Request (ServerAddressesNegativeTestJSON:tearDownClass): 200 GET http://10.180.1.21/compute/v2.1/servers/e656c5bd-993a-459d-96fe-441843b174af 2.183s
2025-12-08 20:29:23.391 65939 INFO tempest.lib.common.rest_client [req-17075278-426d-4b0e-87a4-a66797bac481 req-17075278-426d-4b0e-87a4-a66797bac481 ] Request (QuotasSecurityGroupAdminNegativeTest:setUpClass): 200 GET http://10.180.1.21/identity/v3/roles 0.031s
2025-12-08 20:29:23.438 65939 INFO tempest.lib.common.rest_client [req-9ac93dcc-4a23-4fc8-bba0-fb04cb25f245 req-9ac93dcc-4a23-4fc8-bba0-fb04cb25f245 ] Request (QuotasSecurityGroupAdminNegativeTest:setUpClass): 204 PUT http://10.180.1.21/identity/v3/projects/087f07d15f194189a63529e2a550bb24/users/2e4d471edcfb40ad807f6b46f386b53f/roles/9ba69a9cf90f477590887385fd164f3d 0.046s
2025-12-08 20:29:23.438 65939 INFO tempest.lib.common.dynamic_creds [-] Dynamic test user 2e4d471edcfb40ad807f6b46f386b53f is created with scope project and roles: ['member']
2025-12-08 20:29:23.439 65939 INFO tempest.lib.common.dynamic_creds [-] Acquired dynamic creds: credentials: Credentials: {'domain_id': 'default', 'domain_name': 'Default', 'username': 'tempest-QuotasSecurityGroupAdminNegativeTest-20141913-project-member', 'project_domain_id': 'default', 'project_domain_name': 'Default', 'project_id': '087f07d15f194189a63529e2a550bb24', 'project_name': 'tempest-QuotasSecurityGroupAdminNegativeTest-20141913', 'tenant_id': '087f07d15f194189a63529e2a550bb24', 'tenant_name': 'tempest-QuotasSecurityGroupAdminNegativeTest-20141913', 'user_domain_id': 'default', 'user_domain_name': 'Default', 'user_id': '2e4d471edcfb40ad807f6b46f386b53f', 'system': None}, Network: None, Subnet: None, Router: None
2025-12-08 20:29:23.439 65939 INFO tempest.lib.common.dynamic_creds [-] Created isolated network resources for: credentials: Credentials: {'domain_id': 'default', 'domain_name': 'Default', 'username': 'tempest-QuotasSecurityGroupAdminNegativeTest-20141913-project-member', 'project_domain_id': 'default', 'project_domain_name': 'Default', 'project_id': '087f07d15f194189a63529e2a550bb24', 'project_name': 'tempest-QuotasSecurityGroupAdminNegativeTest-20141913', 'tenant_id': '087f07d15f194189a63529e2a550bb24', 'tenant_name': 'tempest-QuotasSecurityGroupAdminNegativeTest-20141913', 'user_domain_id': 'default', 'user_domain_name': 'Default', 'user_id': '2e4d471edcfb40ad807f6b46f386b53f', 'system': None}, Network: None, Subnet: None, Router: None
2025-12-08 20:29:23.515 65973 INFO tempest.lib.common.rest_client [req-81c546fb-6ac9-44fc-9af4-e4fdaf54db4f req-81c546fb-6ac9-44fc-9af4-e4fdaf54db4f ] Request (ServersTestMultiNic:_run_cleanups): 200 GET http://10.180.1.21/compute/v2.1/servers/d5b2edcf-30c4-40cd-b4ff-043e5e3b3383 2.186s
2025-12-08 20:29:23.535 65939 INFO tempest.lib.common.rest_client [req-3040d039-6a42-44f1-9c56-0f0c82006b99 req-3040d039-6a42-44f1-9c56-0f0c82006b99 ] Request (QuotasSecurityGroupAdminNegativeTest:setUpClass): 201 POST http://10.180.1.21/identity/v3/auth/tokens 0.091s
2025-12-08 20:29:23.538 65959 INFO tempest.lib.common.rest_client [req-27e85a09-2540-432a-95a6-af1eec353a21 req-27e85a09-2540-432a-95a6-af1eec353a21 ] Request (ImagesTestJSON:test_create_image_from_suspended_server): 200 GET http://10.180.1.21/compute/v2.1/servers/6269722c-5d6e-4d53-a691-c646203a8ea8 2.025s
2025-12-08 20:29:23.547 65959 INFO tempest.common.waiters [-] State transition "ACTIVE/suspending" ==> "SUSPENDED/None" after 3 second wait
2025-12-08 20:29:23.563 65999 WARNING tempest.lib.common.ssh [-] Failed to establish authenticated ssh connection to cirros@10.180.180.230 ([Errno None] Unable to connect to port 22 on 10.180.180.230). Number attempts: 2. Retry after 3 seconds.: paramiko.ssh_exception.NoValidConnectionsError: [Errno None] Unable to connect to port 22 on 10.180.180.230
2025-12-08 20:29:23.622 65939 INFO tempest.lib.common.rest_client [req-39b8cde9-a0ea-485e-8067-362deb9d79a2 req-39b8cde9-a0ea-485e-8067-362deb9d79a2 ] Request (QuotasSecurityGroupAdminNegativeTest:setUpClass): 201 POST http://10.180.1.21/identity/v3/projects 0.087s
2025-12-08 20:29:23.702 66001 INFO tempest.lib.common.rest_client [req-25f0abd6-c7c7-4005-9918-747b789812a6 req-25f0abd6-c7c7-4005-9918-747b789812a6 ] Request (SecurityGroupRulesTestJSON:test_security_group_rules_create_with_optional_group_id): 200 POST http://10.180.1.21/compute/v2.1/os-security-groups 2.017s
2025-12-08 20:29:23.716 65939 INFO tempest.lib.common.rest_client [req-9a2fc04e-b3b4-45c8-bef8-9b5c15619358 req-9a2fc04e-b3b4-45c8-bef8-9b5c15619358 ] Request (QuotasSecurityGroupAdminNegativeTest:setUpClass): 201 POST http://10.180.1.21/identity/v3/users 0.093s
2025-12-08 20:29:23.733 65987 INFO tempest.lib.common.rest_client [req-c5fb8aeb-a893-49b2-a2b8-7fcbc681a33d req-c5fb8aeb-a893-49b2-a2b8-7fcbc681a33d ] Request (ServerDiagnosticsV248Test:tearDownClass): 200 GET http://10.180.1.21/compute/v2.1/servers/a2426d40-5893-4ae0-a2be-1b1cae0a95b7 2.092s
2025-12-08 20:29:23.740 65939 INFO tempest.lib.common.rest_client [req-86bf6bf8-d065-44b7-ab5f-7cee599ba2c5 req-86bf6bf8-d065-44b7-ab5f-7cee599ba2c5 ] Request (QuotasSecurityGroupAdminNegativeTest:setUpClass): 200 GET http://10.180.1.21/identity/v3/roles 0.024s
