2025-12-08 20:29:51.337 65967 INFO tempest.lib.common.rest_client [req-34b91ae9-51ec-49e0-913d-1f11c26bf8da req-34b91ae9-51ec-49e0-913d-1f11c26bf8da ] Request (ServerExternalEventsTest:tearDownClass): 204 DELETE http://10.180.1.21/identity/v3/projects/1e050b3522014be8b08e2f50b36c66a3 0.094s
2025-12-08 20:29:51.337 65967 INFO tempest.lib.common.dynamic_creds [-] Deleting project and security group for project: bb65cede7c4a4bf6b2ec985fbd633e09
2025-12-08 20:29:51.366 65957 INFO tempest.lib.common.rest_client [req-236f8a60-4c97-49bc-9936-c18753159f83 req-236f8a60-4c97-49bc-9936-c18753159f83 ] Request (TenantUsagesTestJSON:setUpClass): 201 POST http://10.180.1.21/identity/v3/users 0.070s
2025-12-08 20:29:51.429 65957 INFO tempest.lib.common.rest_client [req-93401a10-e215-4bc7-8461-a13560a1b207 req-93401a10-e215-4bc7-8461-a13560a1b207 ] Request (TenantUsagesTestJSON:setUpClass): 200 GET http://10.180.1.21/identity/v3/roles 0.063s
2025-12-08 20:29:51.458 65983 WARNING tempest.lib.common.ssh [-] Failed to establish authenticated ssh connection to cirros@10.180.180.208 ([Errno None] Unable to connect to port 22 on 10.180.180.208). Number attempts: 7. Retry after 8 seconds.: paramiko.ssh_exception.NoValidConnectionsError: [Errno None] Unable to connect to port 22 on 10.180.180.208
2025-12-08 20:29:51.470 65957 INFO tempest.lib.common.rest_client [req-f42514c7-11b3-4b9f-a825-a522847eeb13 req-f42514c7-11b3-4b9f-a825-a522847eeb13 ] Request (TenantUsagesTestJSON:setUpClass): 204 PUT http://10.180.1.21/identity/v3/projects/a4e767a379e54b01812393aa72d8d36c/users/7bf8f48733ea4fc687bdedef86b01f86/roles/9ba69a9cf90f477590887385fd164f3d 0.040s
2025-12-08 20:29:51.471 65957 INFO tempest.lib.common.dynamic_creds [-] Dynamic test user 7bf8f48733ea4fc687bdedef86b01f86 is created with scope project and roles: ['member']
2025-12-08 20:29:51.471 65957 INFO tempest.lib.common.dynamic_creds [-] Acquired dynamic creds: credentials: Credentials: {'domain_id': 'default', 'domain_name': 'Default', 'username': 'tempest-TenantUsagesTestJSON-1268847821-project-member', 'project_domain_id': 'default', 'project_domain_name': 'Default', 'project_id': 'a4e767a379e54b01812393aa72d8d36c', 'project_name': 'tempest-TenantUsagesTestJSON-1268847821', 'tenant_id': 'a4e767a379e54b01812393aa72d8d36c', 'tenant_name': 'tempest-TenantUsagesTestJSON-1268847821', 'user_domain_id': 'default', 'user_domain_name': 'Default', 'user_id': '7bf8f48733ea4fc687bdedef86b01f86', 'system': None}, Network: None, Subnet: None, Router: None
2025-12-08 20:29:51.471 65957 INFO tempest.lib.common.dynamic_creds [-] Created isolated network resources for: credentials: Credentials: {'domain_id': 'default', 'domain_name': 'Default', 'username': 'tempest-TenantUsagesTestJSON-1268847821-project-member', 'project_domain_id': 'default', 'project_domain_name': 'Default', 'project_id': 'a4e767a379e54b01812393aa72d8d36c', 'project_name': 'tempest-TenantUsagesTestJSON-1268847821', 'tenant_id': 'a4e767a379e54b01812393aa72d8d36c', 'tenant_name': 'tempest-TenantUsagesTestJSON-1268847821', 'user_domain_id': 'default', 'user_domain_name': 'Default', 'user_id': '7bf8f48733ea4fc687bdedef86b01f86', 'system': None}, Network: None, Subnet: None, Router: None
2025-12-08 20:29:51.500 65961 INFO tempest.lib.common.rest_client [req-c7d12356-3b1b-442d-9307-e02e1e53cdf7 req-c7d12356-3b1b-442d-9307-e02e1e53cdf7 ] Request (ServerAddressesTestJSON:tearDownClass): 204 DELETE http://10.180.1.21/networking/v2.0/routers/e1ccde79-7e48-4f71-9add-bc4fe78decc5 0.699s
2025-12-08 20:29:51.558 65957 INFO tempest.lib.common.rest_client [req-21514298-00cc-4eb4-bb9d-2166291b8c2f req-21514298-00cc-4eb4-bb9d-2166291b8c2f ] Request (TenantUsagesTestJSON:setUpClass): 201 POST http://10.180.1.21/identity/v3/auth/tokens 0.083s
2025-12-08 20:29:51.677 65957 INFO tempest.lib.common.rest_client [req-42ecadf8-3fc4-41b0-aaca-0ba915fa775f req-42ecadf8-3fc4-41b0-aaca-0ba915fa775f ] Request (TenantUsagesTestJSON:setUpClass): 201 POST http://10.180.1.21/identity/v3/projects 0.118s
2025-12-08 20:29:51.686 65997 INFO tempest.lib.common.rest_client [req-7863d558-58ac-4c06-bc25-fb75c99839a1 req-7863d558-58ac-4c06-bc25-fb75c99839a1 ] Request (ServersAdminNegativeTestJSON:test_migrate_server_invalid_state): 200 GET http://10.180.1.21/compute/v2.1/servers/09d3d21a-16c0-45c8-a2d2-28402cc5f6a6 2.717s
2025-12-08 20:29:51.769 65957 INFO tempest.lib.common.rest_client [req-a9358dab-fc8a-44ec-9f18-8758fdc84c67 req-a9358dab-fc8a-44ec-9f18-8758fdc84c67 ] Request (TenantUsagesTestJSON:setUpClass): 201 POST http://10.180.1.21/identity/v3/users 0.091s
2025-12-08 20:29:51.791 65957 INFO tempest.lib.common.rest_client [req-1f3db709-8fa6-44c1-90ee-6f521f3a62b3 req-1f3db709-8fa6-44c1-90ee-6f521f3a62b3 ] Request (TenantUsagesTestJSON:setUpClass): 200 GET http://10.180.1.21/identity/v3/roles 0.021s
2025-12-08 20:29:51.800 65967 INFO tempest.lib.common.rest_client [req-d5179636-ee61-4fd5-9051-a492b73e8e55 req-d5179636-ee61-4fd5-9051-a492b73e8e55 ] Request (ServerExternalEventsTest:tearDownClass): 200 GET http://10.180.1.21/networking/v2.0/security-groups?tenant_id=bb65cede7c4a4bf6b2ec985fbd633e09&name=default 0.463s
2025-12-08 20:29:51.825 65957 INFO tempest.lib.common.rest_client [req-d9ec7f9a-4a53-4ce7-8f48-34ef80651de0 req-d9ec7f9a-4a53-4ce7-8f48-34ef80651de0 ] Request (TenantUsagesTestJSON:setUpClass): 204 PUT http://10.180.1.21/identity/v3/projects/d2e4ddf440864c749ec90e3ea43a4e70/users/e5968c4642204c54819c89192deac531/roles/5f0ffcb9134c4f86aeb1789db53e7327 0.034s
2025-12-08 20:29:51.831 65965 INFO tempest.lib.common.rest_client [req-53d8e171-460f-4549-bd65-f87ee8b32b6a req-53d8e171-460f-4549-bd65-f87ee8b32b6a ] Request (ValidationResourcesFixture:setUp): 201 POST http://10.180.1.21/networking/v2.0/floatingips 0.680s
2025-12-08 20:29:51.896 65957 INFO tempest.lib.common.rest_client [req-672f15b6-9165-4c5e-92db-aef8c8a49fec req-672f15b6-9165-4c5e-92db-aef8c8a49fec ] Request (TenantUsagesTestJSON:setUpClass): 200 GET http://10.180.1.21/identity/v3/roles 0.070s
2025-12-08 20:29:51.906 65941 INFO tempest.lib.common.rest_client [req-795891a6-f3da-4016-bc89-b46eae192273 req-795891a6-f3da-4016-bc89-b46eae192273 ] Request (VolumesAssistedSnapshotsTest:tearDownClass): 200 GET http://10.180.1.21/compute/v2.1/servers/c7004a43-a2f5-436c-a63e-01bf04a4124b 2.937s
2025-12-08 20:29:51.912 65965 INFO tempest.lib.common.rest_client [req-2ff8943b-7249-4555-a275-b13de4d9ab11 req-2ff8943b-7249-4555-a275-b13de4d9ab11 ] Request (AttachVolumeTestJSON:test_attach_detach_volume): 201 POST http://10.180.1.21/identity/v3/auth/tokens 0.077s
2025-12-08 20:29:51.913 65965 INFO tempest.lib.common.fixed_network [-] (AttachVolumeTestJSON:test_attach_detach_volume) Found network {'id': '4450e651-0d55-4933-978c-ea7a1a145184', 'name': 'tempest-AttachVolumeTestJSON-1187970057-network', 'tenant_id': '50f6f15ffab74b5690227005afb4d417', 'project_id': '50f6f15ffab74b5690227005afb4d417', 'admin_state_up': True, 'mtu': 8950, 'status': 'ACTIVE', 'subnets': [], 'shared': False, 'port_security_enabled': True, 'router:external': False, 'provider:network_type': 'vlan', 'provider:physical_network': 'default', 'provider:segmentation_id': 590, 'availability_zone_hints': [], 'availability_zones': [], 'ipv4_address_scope': None, 'ipv6_address_scope': None, 'description': '', 'tags': [], 'created_at': '2025-12-08T20:29:45Z', 'updated_at': '2025-12-08T20:29:45Z', 'revision_number': 1} available for tenant
2025-12-08 20:29:51.919 65957 INFO tempest.lib.common.rest_client [req-3b3b8bc9-9edd-4d8d-90cb-8410a1bbce03 req-3b3b8bc9-9edd-4d8d-90cb-8410a1bbce03 ] Request (TenantUsagesTestJSON:setUpClass): 204 PUT http://10.180.1.21/identity/v3/projects/d2e4ddf440864c749ec90e3ea43a4e70/users/e5968c4642204c54819c89192deac531/roles/5f0ffcb9134c4f86aeb1789db53e7327 0.023s
2025-12-08 20:29:51.920 65957 INFO tempest.lib.common.dynamic_creds [-] Dynamic test user e5968c4642204c54819c89192deac531 is created with scope project and roles: ['admin']
2025-12-08 20:29:51.920 65957 INFO tempest.lib.common.dynamic_creds [-] Acquired dynamic creds: credentials: Credentials: {'domain_id': 'default', 'domain_name': 'Default', 'username': 'tempest-TenantUsagesTestJSON-1237353933-project-admin', 'project_domain_id': 'default', 'project_domain_name': 'Default', 'project_id': 'd2e4ddf440864c749ec90e3ea43a4e70', 'project_name': 'tempest-TenantUsagesTestJSON-1237353933', 'tenant_id': 'd2e4ddf440864c749ec90e3ea43a4e70', 'tenant_name': 'tempest-TenantUsagesTestJSON-1237353933', 'user_domain_id': 'default', 'user_domain_name': 'Default', 'user_id': 'e5968c4642204c54819c89192deac531', 'system': None}, Network: None, Subnet: None, Router: None
2025-12-08 20:29:51.920 65957 INFO tempest.lib.common.dynamic_creds [-] Created isolated network resources for: credentials: Credentials: {'domain_id': 'default', 'domain_name': 'Default', 'username': 'tempest-TenantUsagesTestJSON-1237353933-project-admin', 'project_domain_id': 'default', 'project_domain_name': 'Default', 'project_id': 'd2e4ddf440864c749ec90e3ea43a4e70', 'project_name': 'tempest-TenantUsagesTestJSON-1237353933', 'tenant_id': 'd2e4ddf440864c749ec90e3ea43a4e70', 'tenant_name': 'tempest-TenantUsagesTestJSON-1237353933', 'user_domain_id': 'default', 'user_domain_name': 'Default', 'user_id': 'e5968c4642204c54819c89192deac531', 'system': None}, Network: None, Subnet: None, Router: None
2025-12-08 20:29:51.949 65961 INFO tempest.lib.common.rest_client [req-59078666-d5b2-4960-ab03-a970b7b3aacd req-59078666-d5b2-4960-ab03-a970b7b3aacd ] Request (ServerAddressesTestJSON:tearDownClass): 204 DELETE http://10.180.1.21/networking/v2.0/subnets/2f244fdb-b13a-47c5-913f-5e8706315b70 0.448s
2025-12-08 20:29:51.988 65967 INFO tempest.lib.common.rest_client [req-80edfcf3-c775-4982-b1e1-0a2099e3c466 req-80edfcf3-c775-4982-b1e1-0a2099e3c466 ] Request (ServerExternalEventsTest:tearDownClass): 204 DELETE http://10.180.1.21/networking/v2.0/security-groups/335f69f0-4df2-48b2-abfb-d11dc38b34e0 0.187s
2025-12-08 20:29:52.003 65957 INFO tempest.lib.common.rest_client [req-d005dfc4-2b33-4a53-a543-81bb2a23e713 req-d005dfc4-2b33-4a53-a543-81bb2a23e713 ] Request (TenantUsagesTestJSON:setUpClass): 201 POST http://10.180.1.21/identity/v3/auth/tokens 0.078s
2025-12-08 20:29:52.004 65957 WARNING tempest.lib.common.rest_client [-] Deprecated: "tenant_id" property is deprecated for removal, use "project_id" instead
2025-12-08 20:29:52.043 65959 INFO tempest.lib.common.rest_client [req-2c4265a3-bb79-40ce-9d96-ede78e2005b6 req-2c4265a3-bb79-40ce-9d96-ede78e2005b6 ] Request (ImagesTestJSON:_run_cleanups): 204 DELETE http://10.180.1.21/compute/v2.1/servers/6269722c-5d6e-4d53-a691-c646203a8ea8 2.924s
2025-12-08 20:29:52.059 65947 INFO tempest.lib.common.rest_client [req-81a18b4a-8b9b-4081-a8aa-dfd7410c0998 req-81a18b4a-8b9b-4081-a8aa-dfd7410c0998 ] Request (ServersTestManualDisk:test_verify_created_server_vcpus): 200 GET http://10.180.1.21/compute/v2.1/flavors/42 2.896s
2025-12-08 20:29:52.061 65947 INFO tempest.lib.common.ssh [-] Creating ssh connection to '10.180.180.231:22' as 'cirros' with public key authentication
2025-12-08 20:29:52.069 65947 INFO paramiko.transport [-] Connected (version 2.0, client dropbear_2020.81)
2025-12-08 20:29:52.088 65957 INFO tempest.lib.common.rest_client [req-e698d1b3-534c-4714-af71-faa0571d5d1d req-e698d1b3-534c-4714-af71-faa0571d5d1d ] Request (TenantUsagesTestJSON:setUpClass): 201 POST http://10.180.1.21/identity/v3/auth/tokens 0.079s
2025-12-08 20:29:52.089 65957 INFO tempest.lib.common.fixed_network [-] (TenantUsagesTestJSON:setUpClass) Found network None available for tenant
2025-12-08 20:29:52.109 65967 INFO tempest.lib.common.rest_client [req-5e9fdc9b-40a3-44c3-a591-bc24ca3e406a req-5e9fdc9b-40a3-44c3-a591-bc24ca3e406a ] Request (ServerExternalEventsTest:tearDownClass): 204 DELETE http://10.180.1.21/identity/v3/projects/bb65cede7c4a4bf6b2ec985fbd633e09 0.120s
2025-12-08 20:29:52.110 65967 INFO tempest.lib.common.dynamic_creds [-] Deleting project and security group for project: 3f96c917c08448809e41d1872153d038
2025-12-08 20:29:52.170 65959 INFO tempest.lib.common.rest_client [req-c225c310-138b-4ce6-bb20-2ed5e724f563 req-c225c310-138b-4ce6-bb20-2ed5e724f563 ] Request (ImagesTestJSON:test_create_server_from_snapshot): 201 POST http://10.180.1.21/identity/v3/auth/tokens 0.121s
2025-12-08 20:29:52.171 65959 INFO tempest.lib.common.fixed_network [-] (ImagesTestJSON:test_create_server_from_snapshot) Found network {'id': 'c7e93784-ff2f-47fa-8f7d-3b646ca193b2', 'name': 'tempest-ImagesTestJSON-1682236395-network', 'tenant_id': 'a3d9ce8fb93742cfa72488d279fdbb0e', 'project_id': 'a3d9ce8fb93742cfa72488d279fdbb0e', 'admin_state_up': True, 'mtu': 8950, 'status': 'ACTIVE', 'subnets': [], 'shared': False, 'port_security_enabled': True, 'router:external': False, 'provider:network_type': 'vlan', 'provider:physical_network': 'default', 'provider:segmentation_id': 363, 'availability_zone_hints': [], 'availability_zones': [], 'ipv4_address_scope': None, 'ipv6_address_scope': None, 'description': '', 'tags': [], 'created_at': '2025-12-08T20:27:17Z', 'updated_at': '2025-12-08T20:27:17Z', 'revision_number': 1} available for tenant
2025-12-08 20:29:52.178 65947 INFO paramiko.transport [-] Authentication (publickey) successful!
2025-12-08 20:29:52.179 65947 INFO tempest.lib.common.ssh [-] ssh connection to cirros@10.180.180.231 successfully created
2025-12-08 20:29:52.278 65961 INFO tempest.lib.common.rest_client [req-b26d09f4-ba6d-4b76-8277-714fb2ab9c9c req-b26d09f4-ba6d-4b76-8277-714fb2ab9c9c ] Request (ServerAddressesTestJSON:tearDownClass): 204 DELETE http://10.180.1.21/networking/v2.0/networks/f135c387-3cc4-4047-a261-dbf22e63e22a 0.329s
2025-12-08 20:29:52.393 65955 INFO tempest.lib.common.rest_client [req-c00805fd-95a5-4623-96ac-0afe5173fe0d req-c00805fd-95a5-4623-96ac-0afe5173fe0d ] Request (ListServerFiltersTestJSON:test_list_servers_filtered_by_ip): 200 GET http://10.180.1.21/compute/v2.1/servers/794161e9-bfe8-4d5f-a734-72168d040099 3.155s
2025-12-08 20:29:52.393 65961 INFO tempest.lib.common.rest_client [req-a5a44472-b3f3-4bf5-964f-38263d817193 req-a5a44472-b3f3-4bf5-964f-38263d817193 ] Request (ServerAddressesTestJSON:tearDownClass): 204 DELETE http://10.180.1.21/identity/v3/users/0b337ddb389c4b57849bcd9795c1ead2 0.114s
2025-12-08 20:29:52.394 65961 INFO tempest.lib.common.dynamic_creds [-] Deleting project and security group for project: 53863586bae54aa38bed1510fb080305
2025-12-08 20:29:52.400 65967 INFO tempest.lib.common.rest_client [req-66718739-38ef-49a6-9cef-a7eb229448e4 req-66718739-38ef-49a6-9cef-a7eb229448e4 ] Request (ServerExternalEventsTest:tearDownClass): 200 GET http://10.180.1.21/networking/v2.0/security-groups?tenant_id=3f96c917c08448809e41d1872153d038&name=default 0.290s
2025-12-08 20:29:52.422 65953 INFO tempest.lib.common.rest_client [req-ddee1857-29c0-4442-829c-e2f09d965d9f req-ddee1857-29c0-4442-829c-e2f09d965d9f ] Request (FlavorsAdminTestJSON:_run_cleanups): 202 DELETE http://10.180.1.21/compute/v2.1/flavors/1787566037 3.139s
2025-12-08 20:29:52.425 65961 INFO tempest.lib.common.rest_client [req-8707a6f1-a5ee-4ca1-ba3f-0c35eec23583 req-8707a6f1-a5ee-4ca1-ba3f-0c35eec23583 ] Request (ServerAddressesTestJSON:tearDownClass): 200 GET http://10.180.1.21/networking/v2.0/security-groups?tenant_id=53863586bae54aa38bed1510fb080305&name=default 0.031s
2025-12-08 20:29:52.509 65967 INFO tempest.lib.common.rest_client [req-50f1a357-27cd-4391-b9e7-6460ee92e084 req-50f1a357-27cd-4391-b9e7-6460ee92e084 ] Request (ServerExternalEventsTest:tearDownClass): 204 DELETE http://10.180.1.21/networking/v2.0/security-groups/67fc5fb5-002f-4c35-8a8d-d49147bc2d23 0.108s
2025-12-08 20:29:52.549 65961 INFO tempest.lib.common.rest_client [req-cbdbdb34-22ff-4028-a30a-605db67c8074 req-cbdbdb34-22ff-4028-a30a-605db67c8074 ] Request (ServerAddressesTestJSON:tearDownClass): 204 DELETE http://10.180.1.21/networking/v2.0/security-groups/89806279-977f-4191-bb15-7d0cc5842045 0.123s
2025-12-08 20:29:52.694 65967 INFO tempest.lib.common.rest_client [req-bc20f2cc-3b82-453b-893f-6b7bd9d1c532 req-bc20f2cc-3b82-453b-893f-6b7bd9d1c532 ] Request (ServerExternalEventsTest:tearDownClass): 204 DELETE http://10.180.1.21/identity/v3/projects/3f96c917c08448809e41d1872153d038 0.184s
2025-12-08 20:29:52.709 65961 INFO tempest.lib.common.rest_client [req-bead3ed3-323b-4aaf-a33a-f58ec3312d88 req-bead3ed3-323b-4aaf-a33a-f58ec3312d88 ] Request (ServerAddressesTestJSON:tearDownClass): 204 DELETE http://10.180.1.21/identity/v3/projects/53863586bae54aa38bed1510fb080305 0.160s
2025-12-08 20:29:52.710 65961 INFO tempest.test [-] raised in ServerPersonalityTestJSON.setUpClass. Invoking tearDownClass.
2025-12-08 20:29:52.712 65961 INFO tempest.test [-] raised in ServerStableDeviceRescueTest.setUpClass. Invoking tearDownClass.
2025-12-08 20:29:52.770 65969 INFO tempest.lib.common.rest_client [req-b32f98cc-3ab6-4c43-9fe0-127aa3163350 req-b32f98cc-3ab6-4c43-9fe0-127aa3163350 ] Request (FloatingIPsAssociationNegativeTestJSON:_run_cleanups): 202 POST http://10.180.1.21/compute/v2.1/servers/8da3bc0c-45ea-4355-a692-42078add58fd/action 4.101s
2025-12-08 20:29:52.791 65967 INFO tempest.lib.common.rest_client [req-cec29551-3f2c-45f9-b42a-270736463596 req-cec29551-3f2c-45f9-b42a-270736463596 ] Request (SecurityGroupsTestJSON:setUpClass): 201 POST http://10.180.1.21/identity/v3/auth/tokens 0.095s
2025-12-08 20:29:52.830 65967 INFO tempest.lib.common.rest_client [req-7da1520f-c80f-47a5-8feb-d1a911d9c225 req-7da1520f-c80f-47a5-8feb-d1a911d9c225 ] Request (SecurityGroupsTestJSON:setUpClass): 201 POST http://10.180.1.21/identity/v3/auth/tokens 0.034s
2025-12-08 20:29:52.859 65967 INFO tempest.lib.common.rest_client [req-50200861-c8a2-42a4-bb19-a02cf7a4e0aa req-50200861-c8a2-42a4-bb19-a02cf7a4e0aa ] Request (SecurityGroupsTestJSON:setUpClass): 200 GET http://10.180.1.21/identity/v3/domains?name=Default 0.028s
2025-12-08 20:29:52.864 65973 INFO tempest.lib.common.rest_client [req-749314e4-89e4-401b-874d-a831e9d7fcb8 req-749314e4-89e4-401b-874d-a831e9d7fcb8 ] Request (ServersTestMultiNic:test_verify_multiple_nics_order): 200 GET http://10.180.1.21/compute/v2.1/servers/1d6bd209-5aec-429f-86c2-afb13b37bce1 3.193s
2025-12-08 20:29:52.895 65967 INFO tempest.lib.common.rest_client [req-940913e9-14bb-4f1a-b157-88c74ca06c37 req-940913e9-14bb-4f1a-b157-88c74ca06c37 ] Request (SecurityGroupsTestJSON:setUpClass): 201 POST http://10.180.1.21/identity/v3/projects 0.036s
2025-12-08 20:29:52.931 65987 INFO tempest.lib.common.rest_client [req-b9c34279-e76b-493e-ad57-dd77ed00f475 req-b9c34279-e76b-493e-ad57-dd77ed00f475 ] Request (ServerRescueNegativeTestJSON:setUpClass): 202 POST http://10.180.1.21/compute/v2.1/servers 3.397s
2025-12-08 20:29:52.990 65967 INFO tempest.lib.common.rest_client [req-275959f6-a6b1-4a5a-8df0-ebddcd5549ca req-275959f6-a6b1-4a5a-8df0-ebddcd5549ca ] Request (SecurityGroupsTestJSON:setUpClass): 201 POST http://10.180.1.21/identity/v3/users 0.095s
2025-12-08 20:29:53.013 65967 INFO tempest.lib.common.rest_client [req-0545db96-474f-42b5-9d65-5387fb6505c5 req-0545db96-474f-42b5-9d65-5387fb6505c5 ] Request (SecurityGroupsTestJSON:setUpClass): 200 GET http://10.180.1.21/identity/v3/roles 0.023s
2025-12-08 20:29:53.041 65967 INFO tempest.lib.common.rest_client [req-ca665fdf-75d1-43cb-9f9f-7292df5df602 req-ca665fdf-75d1-43cb-9f9f-7292df5df602 ] Request (SecurityGroupsTestJSON:setUpClass): 204 PUT http://10.180.1.21/identity/v3/projects/712a712b13564b80bcb0b424b4dbb4ad/users/5b3f70c309c14322bfc47a831ba19c44/roles/9ba69a9cf90f477590887385fd164f3d 0.027s
2025-12-08 20:29:53.041 65967 INFO tempest.lib.common.dynamic_creds [-] Dynamic test user 5b3f70c309c14322bfc47a831ba19c44 is created with scope project and roles: ['member']
2025-12-08 20:29:53.042 65967 INFO tempest.lib.common.dynamic_creds [-] Acquired dynamic creds: credentials: Credentials: {'domain_id': 'default', 'domain_name': 'Default', 'username': 'tempest-SecurityGroupsTestJSON-2003808445-project-member', 'project_domain_id': 'default', 'project_domain_name': 'Default', 'project_id': '712a712b13564b80bcb0b424b4dbb4ad', 'project_name': 'tempest-SecurityGroupsTestJSON-2003808445', 'tenant_id': '712a712b13564b80bcb0b424b4dbb4ad', 'tenant_name': 'tempest-SecurityGroupsTestJSON-2003808445', 'user_domain_id': 'default', 'user_domain_name': 'Default', 'user_id': '5b3f70c309c14322bfc47a831ba19c44', 'system': None}, Network: None, Subnet: None, Router: None
2025-12-08 20:29:53.093 65943 INFO tempest.lib.common.rest_client [req-27b29f98-9e5a-4d8d-bc29-32f142d2b3db req-27b29f98-9e5a-4d8d-bc29-32f142d2b3db ] Request (ServersNegativeTestJSON:setUpClass): 200 GET http://10.180.1.21/compute/v2.1/servers/dac3b886-44d3-4a6a-a705-797dd1560847 3.248s
2025-12-08 20:29:53.102 65943 INFO tempest.common.waiters [-] State transition "BUILD/spawning" ==> "ACTIVE/None" after 35 second wait
2025-12-08 20:29:53.102 65967 INFO tempest.lib.common.rest_client [req-a9087f14-96ec-45bd-84ea-9342ae86d44d req-a9087f14-96ec-45bd-84ea-9342ae86d44d ] Request (SecurityGroupsTestJSON:setUpClass): 201 POST http://10.180.1.21/identity/v3/auth/tokens 0.060s
2025-12-08 20:29:53.163 65971 INFO tempest.lib.common.rest_client [req-c3bd04cc-d44a-4d38-983f-209862838cd4 req-c3bd04cc-d44a-4d38-983f-209862838cd4 ] Request (ServerShowV257Test:test_rebuild_server): 200 GET http://10.180.1.21/compute/v2.1/servers/b04820e3-c98f-433b-a6d0-45781adec521 3.242s
2025-12-08 20:29:53.169 65943 INFO tempest.lib.common.rest_client [req-7ea23568-1269-4128-bba4-2b1e0ad75aa9 req-7ea23568-1269-4128-bba4-2b1e0ad75aa9 ] Request (ServersNegativeTestJSON:setUpClass): 201 POST http://10.180.1.21/identity/v3/auth/tokens 0.064s
2025-12-08 20:29:53.169 65943 INFO tempest.lib.common.fixed_network [-] (ServersNegativeTestJSON:setUpClass) Found network {'id': 'd08a3863-e4a1-4beb-b97c-6dff9e4fe3eb', 'name': 'tempest-ServersNegativeTestJSON-1238373269-network', 'tenant_id': '76e4f72f0b014319bcc00c2a63e58ecb', 'project_id': '76e4f72f0b014319bcc00c2a63e58ecb', 'admin_state_up': True, 'mtu': 8950, 'status': 'ACTIVE', 'subnets': [], 'shared': False, 'port_security_enabled': True, 'router:external': False, 'provider:network_type': 'vlan', 'provider:physical_network': 'default', 'provider:segmentation_id': 199, 'availability_zone_hints': [], 'availability_zones': [], 'ipv4_address_scope': None, 'ipv6_address_scope': None, 'description': '', 'tags': [], 'created_at': '2025-12-08T20:29:05Z', 'updated_at': '2025-12-08T20:29:05Z', 'revision_number': 1} available for tenant
2025-12-08 20:29:53.268 65949 INFO tempest.lib.common.rest_client [req-30e00647-e55f-4816-b885-afc43318fb72 req-30e00647-e55f-4816-b885-afc43318fb72 ] Request (AttachInterfacesV270Test:tearDownClass): 200 GET http://10.180.1.21/compute/v2.1/servers/53b2f129-f649-41e3-97d6-468184b686fd 3.034s
2025-12-08 20:29:53.278 65949 INFO tempest.common.waiters [-] State transition "ACTIVE/deleting" ==> "DELETED/None" after 4 second wait
2025-12-08 20:29:53.338 65985 INFO tempest.lib.common.rest_client [req-c7e917e6-536a-4894-b3e8-f2978152f78a req-c7e917e6-536a-4894-b3e8-f2978152f78a ] Request (ServerMetadataTestJSON:setUpClass): 200 GET http://10.180.1.21/compute/v2.1/servers/0eededfc-304a-4ff3-8358-a70fbe49d1f5 2.971s
2025-12-08 20:29:53.370 65981 INFO tempest.lib.common.rest_client [req-d62fffd6-e006-47a1-be7b-085890e6dec0 req-d62fffd6-e006-47a1-be7b-085890e6dec0 ] Request (FloatingIPsAssociationTestJSON:tearDownClass): 404 GET http://10.180.1.21/compute/v2.1/servers/dea33f82-7357-4e47-840f-e660982ba11d 2.833s
2025-12-08 20:29:53.390 65989 INFO tempest.lib.common.rest_client [req-f80b433d-56c1-4737-82a8-371d78dcb302 req-f80b433d-56c1-4737-82a8-371d78dcb302 ] Request (ServerGroup264TestJSON:test_create_get_server_group): 200 GET http://10.180.1.21/compute/v2.1/os-server-groups/26acb0c7-2e4f-4ddb-a213-aad4416197ea 2.803s
2025-12-08 20:29:53.416 65967 INFO tempest.lib.common.rest_client [req-3122cb23-cdc1-42c6-a939-4635bfffd75a req-3122cb23-cdc1-42c6-a939-4635bfffd75a ] Request (SecurityGroupsTestJSON:setUpClass): 201 POST http://10.180.1.21/networking/v2.0/networks 0.313s
2025-12-08 20:29:53.433 65979 INFO tempest.lib.common.rest_client [req-a1d13154-d229-4b77-8445-ebcaf292977e req-a1d13154-d229-4b77-8445-ebcaf292977e ] Request (ListImageFiltersTestJSON:setUpClass): 202 POST http://10.180.1.21/compute/v2.1/servers/73a451e3-80d4-4c26-a949-84feacbe4a9e/action 3.692s
2025-12-08 20:29:53.461 65992 INFO tempest.lib.common.rest_client [req-3b92dadd-ac6f-4d5f-8101-51ca531765fc req-3b92dadd-ac6f-4d5f-8101-51ca531765fc ] Request (InstanceActionsV221TestJSON:test_get_list_deleted_instance_actions): 200 GET http://10.180.1.21/compute/v2.1/servers/35e20093-84b9-4874-b757-a6ddd04a70c7 2.822s
2025-12-08 20:29:53.560 65939 INFO tempest.lib.common.rest_client [req-be501f82-5487-49e9-b0f0-1dd676b81aed req-be501f82-5487-49e9-b0f0-1dd676b81aed ] Request (ServersAdmin275Test:test_rebuild_update_server_275): 200 GET http://10.180.1.21/compute/v2.1/servers/88f167f7-4d6f-4122-996c-d51bfefb1953 2.583s
2025-12-08 20:29:53.583 65951 INFO tempest.lib.common.rest_client [req-e60cbbbf-cc46-4f63-8e86-a93346ebdef0 req-e60cbbbf-cc46-4f63-8e86-a93346ebdef0 ] Request (AttachVolumeShelveTestJSON:test_attach_volume_shelved_or_offload_server): 200 GET http://10.180.1.21/compute/v2.1/servers/98b66f73-4134-498d-a536-2f54c5426488 2.709s
2025-12-08 20:29:53.599 65967 INFO tempest.lib.common.rest_client [req-8b29a3ed-a125-4e9c-ad9d-02e2b41e2021 req-8b29a3ed-a125-4e9c-ad9d-02e2b41e2021 ] Request (SecurityGroupsTestJSON:setUpClass): 201 POST http://10.180.1.21/networking/v2.0/subnets 0.182s
2025-12-08 20:29:53.753 66001 INFO tempest.lib.common.rest_client [req-36ec87ad-6e68-4636-961a-f4d7cf448099 req-36ec87ad-6e68-4636-961a-f4d7cf448099 ] Request (SecurityGroupRulesTestJSON:test_security_group_rules_list): 200 POST http://10.180.1.21/compute/v2.1/os-security-group-rules 2.727s
2025-12-08 20:29:53.788 65963 INFO tempest.lib.common.rest_client [req-1f9dfbb4-322a-4734-a598-4870e105c414 req-1f9dfbb4-322a-4734-a598-4870e105c414 ] Request (ServersAdminTestJSON:test_create_server_with_scheduling_hint): 200 GET http://10.180.1.21/compute/v2.1/servers/af87dee8-378b-40cf-b251-751855094679 2.784s
2025-12-08 20:29:53.859 65977 INFO tempest.lib.common.rest_client [req-5109094c-6581-4edb-987e-36c4855f1b30 req-5109094c-6581-4edb-987e-36c4855f1b30 ] Request (ServerTagsTestJSON:setUpClass): 200 GET http://10.180.1.21/compute/v2.1/servers/42d5f259-835b-4708-912d-1c7577d2620b 2.603s
2025-12-08 20:29:53.881 65945 INFO tempest.lib.common.rest_client [req-7903f586-8528-4d02-86c8-16848f928439 req-7903f586-8528-4d02-86c8-16848f928439 ] Request (MigrationsAdminTest:test_resize_server_revert_deleted_flavor): 200 GET http://10.180.1.21/compute/v2.1/servers/023cd838-f62a-4afd-8118-c9707bfc740d 2.307s
2025-12-08 20:29:54.367 65967 INFO tempest.lib.common.rest_client [req-ecf23cfd-8348-4f36-afc6-2c29b90d9cfb req-ecf23cfd-8348-4f36-afc6-2c29b90d9cfb ] Request (SecurityGroupsTestJSON:setUpClass): 201 POST http://10.180.1.21/networking/v2.0/routers 0.767s
2025-12-08 20:29:54.511 65957 INFO tempest.lib.common.rest_client [req-426a83c0-34ac-40ef-b726-ba6a1e4cd5a4 req-426a83c0-34ac-40ef-b726-ba6a1e4cd5a4 ] Request (TenantUsagesTestJSON:setUpClass): 202 POST http://10.180.1.21/compute/v2.1/servers 2.421s
2025-12-08 20:29:54.680 65965 INFO tempest.lib.common.rest_client [req-53a31ffd-05fc-4ad1-90ed-cc2578e99c67 req-53a31ffd-05fc-4ad1-90ed-cc2578e99c67 ] Request (AttachVolumeTestJSON:test_attach_detach_volume): 202 POST http://10.180.1.21/compute/v2.1/servers 2.766s
2025-12-08 20:29:54.799 65947 INFO tempest.lib.common.rest_client [req-1c2ae9fc-fe06-4349-af6c-2c9d000b558a req-1c2ae9fc-fe06-4349-af6c-2c9d000b558a ] Request (ServersTestManualDisk:tearDownClass): 204 DELETE http://10.180.1.21/compute/v2.1/servers/f7a21c4d-7e49-4bec-a496-4d61dda7bbdc 2.605s
2025-12-08 20:29:54.944 65959 INFO tempest.lib.common.rest_client [req-514999c4-f8b8-46d2-b7c8-d5626a3514a4 req-514999c4-f8b8-46d2-b7c8-d5626a3514a4 ] Request (ImagesTestJSON:test_create_server_from_snapshot): 202 POST http://10.180.1.21/compute/v2.1/servers 2.772s
2025-12-08 20:29:54.975 65953 INFO tempest.lib.common.rest_client [req-6f91573a-b787-488c-81a7-121a51ed67c4 req-6f91573a-b787-488c-81a7-121a51ed67c4 ] Request (FlavorsAdminTestJSON:_run_cleanups): 200 GET http://10.180.1.21/compute/v2.1/flavors/detail 2.553s
2025-12-08 20:29:54.980 65955 INFO tempest.lib.common.rest_client [req-d4926b1a-37a7-4c56-96c0-8ed6f297ba15 req-d4926b1a-37a7-4c56-96c0-8ed6f297ba15 ] Request (ListServerFiltersTestJSON:test_list_servers_filtered_by_ip): 200 GET http://10.180.1.21/compute/v2.1/servers/0099a316-9935-4791-960f-7a4399fde9dc 2.574s
2025-12-08 20:29:55.123 65997 INFO tempest.lib.common.rest_client [req-594a4c7e-5d24-4bbf-bbd2-be4db09dbb8e req-594a4c7e-5d24-4bbf-bbd2-be4db09dbb8e ] Request (ServersAdminNegativeTestJSON:test_migrate_server_invalid_state): 200 GET http://10.180.1.21/compute/v2.1/servers/09d3d21a-16c0-45c8-a2d2-28402cc5f6a6 2.427s
2025-12-08 20:29:55.134 65997 INFO tempest.common.waiters [-] State transition "ACTIVE/suspending" ==> "SUSPENDED/None" after 4 second wait
2025-12-08 20:29:55.241 65941 INFO tempest.lib.common.rest_client [req-50b0bdb0-e4b4-4cbc-92a1-a177752a5205 req-50b0bdb0-e4b4-4cbc-92a1-a177752a5205 ] Request (VolumesAssistedSnapshotsTest:tearDownClass): 200 GET http://10.180.1.21/compute/v2.1/servers/c7004a43-a2f5-436c-a63e-01bf04a4124b 2.327s
2025-12-08 20:29:55.379 65967 INFO tempest.lib.common.rest_client [req-4cd80634-ebd3-42df-87e9-9eec19a1892d req-4cd80634-ebd3-42df-87e9-9eec19a1892d ] Request (SecurityGroupsTestJSON:setUpClass): 200 PUT http://10.180.1.21/networking/v2.0/routers/91e4e1c0-3afb-4cc7-b11a-aba8d5726f97/add_router_interface 1.011s
2025-12-08 20:29:55.379 65967 INFO tempest.lib.common.dynamic_creds [-] Created isolated network resources for: credentials: Credentials: {'domain_id': 'default', 'domain_name': 'Default', 'username': 'tempest-SecurityGroupsTestJSON-2003808445-project-member', 'project_domain_id': 'default', 'project_domain_name': 'Default', 'project_id': '712a712b13564b80bcb0b424b4dbb4ad', 'project_name': 'tempest-SecurityGroupsTestJSON-2003808445', 'tenant_id': '712a712b13564b80bcb0b424b4dbb4ad', 'tenant_name': 'tempest-SecurityGroupsTestJSON-2003808445', 'user_domain_id': 'default', 'user_domain_name': 'Default', 'user_id': '5b3f70c309c14322bfc47a831ba19c44', 'system': None}, Network: {'id': '92cb9780-573a-466d-bd0a-8d1a86628dcd', 'name': 'tempest-SecurityGroupsTestJSON-1663506550-network', 'tenant_id': '712a712b13564b80bcb0b424b4dbb4ad', 'project_id': '712a712b13564b80bcb0b424b4dbb4ad', 'admin_state_up': True, 'mtu': 8950, 'status': 'ACTIVE', 'subnets': [], 'shared': False, 'port_security_enabled': True, 'router:external': False, 'provider:network_type': 'vlan', 'provider:physical_network': 'default', 'provider:segmentation_id': 714, 'availability_zone_hints': [], 'availability_zones': [], 'ipv4_address_scope': None, 'ipv6_address_scope': None, 'description': '', 'tags': [], 'created_at': '2025-12-08T20:29:53Z', 'updated_at': '2025-12-08T20:29:53Z', 'revision_number': 1}, Subnet: {'id': '08477ca1-af70-4e45-8fa7-04e3c3d83247', 'name': 'tempest-SecurityGroupsTestJSON-1663506550-subnet', 'tenant_id': '712a712b13564b80bcb0b424b4dbb4ad', 'network_id': '92cb9780-573a-466d-bd0a-8d1a86628dcd', 'ip_version': 4, 'subnetpool_id': None, 'enable_dhcp': True, 'ipv6_ra_mode': None, 'ipv6_address_mode': None, 'gateway_ip': '192.168.128.1', 'cidr': '192.168.128.0/28', 'allocation_pools': [{'start': '192.168.128.2', 'end': '192.168.128.14'}], 'host_routes': [], 'dns_nameservers': [], 'description': '', 'router:external': False, 'service_types': [], 'tags': [], 'created_at': '2025-12-08T20:29:53Z', 'updated_at': '2025-12-08T20:29:53Z', 'revision_number': 0, 'project_id': '712a712b13564b80bcb0b424b4dbb4ad'}, Router: {'id': '91e4e1c0-3afb-4cc7-b11a-aba8d5726f97', 'name': 'tempest-SecurityGroupsTestJSON-1663506550-router', 'tenant_id': '712a712b13564b80bcb0b424b4dbb4ad', 'admin_state_up': True, 'status': 'ACTIVE', 'external_gateway_info': {'network_id': '94a8c458-af5b-45b5-89f6-b014337d7210', 'external_fixed_ips': [{'subnet_id': '3ecfc92b-eaa2-4cf6-808f-d3cd41bff0f2', 'ip_address': '10.180.180.149'}], 'enable_snat': True}, 'description': '', 'availability_zones': [], 'distributed': False, 'ha': False, 'availability_zone_hints': [], 'routes': [], 'flavor_id': None, 'tags': [], 'created_at': '2025-12-08T20:29:53Z', 'updated_at': '2025-12-08T20:29:54Z', 'revision_number': 2, 'project_id': '712a712b13564b80bcb0b424b4dbb4ad'}
2025-12-08 20:29:55.407 65987 INFO tempest.lib.common.rest_client [req-779ed327-0768-4029-82c8-119453f1f2a6 req-779ed327-0768-4029-82c8-119453f1f2a6 ] Request (ServerRescueNegativeTestJSON:setUpClass): 200 GET http://10.180.1.21/compute/v2.1/servers/924dc504-389f-462f-86ac-e708fd60538d 2.474s
2025-12-08 20:29:55.512 65967 INFO tempest.lib.common.rest_client [req-a3aa4228-74fb-4675-9e1f-f89c3a8b3ed1 req-a3aa4228-74fb-4675-9e1f-f89c3a8b3ed1 ] Request (SecurityGroupsTestJSON:setUpClass): 201 POST http://10.180.1.21/identity/v3/auth/tokens 0.130s
2025-12-08 20:29:55.582 65969 INFO tempest.lib.common.rest_client [req-7de81f8d-ab02-43a2-bce0-7feef9c6a405 req-7de81f8d-ab02-43a2-bce0-7feef9c6a405 ] Request (FloatingIPsAssociationNegativeTestJSON:_run_cleanups): 202 DELETE http://10.180.1.21/compute/v2.1/os-floating-ips/fc6850a9-cc09-4b5f-b934-81c662aa3e06 2.811s
2025-12-08 20:29:55.845 65943 INFO tempest.lib.common.rest_client [req-0603991a-70e1-443d-817b-fa7d87f1a679 req-0603991a-70e1-443d-817b-fa7d87f1a679 ] Request (ServersNegativeTestJSON:setUpClass): 202 POST http://10.180.1.21/compute/v2.1/servers 2.675s
2025-12-08 20:29:55.879 65989 INFO tempest.lib.common.rest_client [req-92935f69-0ab9-4194-b939-571d071190a3 req-92935f69-0ab9-4194-b939-571d071190a3 ] Request (ServerGroup264TestJSON:_run_cleanups): 204 DELETE http://10.180.1.21/compute/v2.1/os-server-groups/26acb0c7-2e4f-4ddb-a213-aad4416197ea 2.487s
2025-12-08 20:29:55.938 65979 INFO tempest.lib.common.rest_client [req-a61ee624-4853-4005-8a95-a45acf157e9f req-a61ee624-4853-4005-8a95-a45acf157e9f ] Request (ListImageFiltersTestJSON:setUpClass): 200 GET http://10.180.1.21/compute/v2.1/images/3fb7de1a-5e97-48d1-8818-a5c25ee5abbb 2.503s
2025-12-08 20:29:56.116 66001 INFO tempest.lib.common.rest_client [req-92764c88-ece4-4099-bab0-34bd81c4c747 req-92764c88-ece4-4099-bab0-34bd81c4c747 ] Request (SecurityGroupRulesTestJSON:test_security_group_rules_list): 200 POST http://10.180.1.21/compute/v2.1/os-security-group-rules 2.360s
2025-12-08 20:29:56.145 65981 INFO tempest.lib.common.rest_client [req-a66271ae-30ce-4775-b34c-44775d9994b4 req-a66271ae-30ce-4775-b34c-44775d9994b4 ] Request (FloatingIPsAssociationTestJSON:tearDownClass): 202 DELETE http://10.180.1.21/compute/v2.1/os-floating-ips/b91cf7e0-7172-4fa2-bb50-eab2d532fcc4 2.774s
2025-12-08 20:29:56.178 65973 INFO tempest.lib.common.rest_client [req-c401c616-2b91-4911-b713-4c01aeaa0829 req-c401c616-2b91-4911-b713-4c01aeaa0829 ] Request (ServersTestMultiNic:test_verify_multiple_nics_order): 200 GET http://10.180.1.21/compute/v2.1/servers/1d6bd209-5aec-429f-86c2-afb13b37bce1 2.301s
2025-12-08 20:29:56.227 65971 INFO tempest.lib.common.rest_client [req-827f8d94-1c7d-452c-af36-5c57f50408db req-827f8d94-1c7d-452c-af36-5c57f50408db ] Request (ServerShowV257Test:test_rebuild_server): 200 GET http://10.180.1.21/compute/v2.1/servers/b04820e3-c98f-433b-a6d0-45781adec521 2.053s
2025-12-08 20:29:56.261 65949 INFO tempest.lib.common.rest_client [req-3a866692-4388-4e0d-8f2d-b94ef46c669f req-3a866692-4388-4e0d-8f2d-b94ef46c669f ] Request (AttachInterfacesV270Test:tearDownClass): 200 GET http://10.180.1.21/compute/v2.1/servers/53b2f129-f649-41e3-97d6-468184b686fd 1.982s
2025-12-08 20:29:56.289 65985 INFO tempest.lib.common.rest_client [req-e0e09610-b7ee-4820-8d4e-4056b1324e96 req-e0e09610-b7ee-4820-8d4e-4056b1324e96 ] Request (ServerMetadataTestJSON:setUpClass): 200 GET http://10.180.1.21/compute/v2.1/servers/0eededfc-304a-4ff3-8358-a70fbe49d1f5 1.941s
2025-12-08 20:29:56.346 65992 INFO tempest.lib.common.rest_client [req-4df5c640-1d08-44a6-979d-317aa2707f30 req-4df5c640-1d08-44a6-979d-317aa2707f30 ] Request (InstanceActionsV221TestJSON:test_get_list_deleted_instance_actions): 200 GET http://10.180.1.21/compute/v2.1/servers/35e20093-84b9-4874-b757-a6ddd04a70c7 1.871s
2025-12-08 20:29:56.356 65957 INFO tempest.lib.common.rest_client [req-5cf5a8da-201b-4954-b26f-90a22a8841d8 req-5cf5a8da-201b-4954-b26f-90a22a8841d8 ] Request (TenantUsagesTestJSON:setUpClass): 200 GET http://10.180.1.21/compute/v2.1/servers/86d48815-9d9c-4ca0-887e-a0582c4d9123 1.844s
2025-12-08 20:29:56.432 65939 INFO tempest.lib.common.rest_client [req-2f6e3dc9-1e86-4a67-a755-ee0123525c69 req-2f6e3dc9-1e86-4a67-a755-ee0123525c69 ] Request (ServersAdmin275Test:test_rebuild_update_server_275): 200 GET http://10.180.1.21/compute/v2.1/servers/88f167f7-4d6f-4122-996c-d51bfefb1953 1.863s
2025-12-08 20:29:56.446 65939 INFO tempest.common.waiters [-] State transition "BUILD/None" ==> "BUILD/networking" after 20 second wait
2025-12-08 20:29:56.486 65965 INFO tempest.lib.common.rest_client [req-0cf212f2-db04-4b73-87cb-25a7b7609af3 req-0cf212f2-db04-4b73-87cb-25a7b7609af3 ] Request (AttachVolumeTestJSON:test_attach_detach_volume): 200 GET http://10.180.1.21/compute/v2.1/servers/a1e826ef-600b-4935-8203-63dba4ca0ef7 1.804s
2025-12-08 20:29:56.504 65951 INFO tempest.lib.common.rest_client [req-3782e5aa-85ad-4808-91d2-dc29c672d89c req-3782e5aa-85ad-4808-91d2-dc29c672d89c ] Request (AttachVolumeShelveTestJSON:test_attach_volume_shelved_or_offload_server): 200 GET http://10.180.1.21/compute/v2.1/servers/98b66f73-4134-498d-a536-2f54c5426488 1.911s
2025-12-08 20:29:56.600 65963 INFO tempest.lib.common.rest_client [req-448bfb08-5fb1-40e7-8780-581fe4b1be58 req-448bfb08-5fb1-40e7-8780-581fe4b1be58 ] Request (ServersAdminTestJSON:test_create_server_with_scheduling_hint): 200 GET http://10.180.1.21/compute/v2.1/servers/af87dee8-378b-40cf-b251-751855094679 1.802s
2025-12-08 20:29:56.609 65963 INFO tempest.common.waiters [-] State transition "BUILD/spawning" ==> "ACTIVE/None" after 36 second wait
2025-12-08 20:29:56.679 65977 INFO tempest.lib.common.rest_client [req-6797320d-7a9b-47c0-9137-e536e345950f req-6797320d-7a9b-47c0-9137-e536e345950f ] Request (ServerTagsTestJSON:setUpClass): 200 GET http://10.180.1.21/compute/v2.1/servers/42d5f259-835b-4708-912d-1c7577d2620b 1.803s
2025-12-08 20:29:56.708 65947 INFO tempest.lib.common.rest_client [req-6785d3ef-6f2e-4fd8-9ebf-6f68be459104 req-6785d3ef-6f2e-4fd8-9ebf-6f68be459104 ] Request (ServersTestManualDisk:tearDownClass): 200 GET http://10.180.1.21/compute/v2.1/servers/f7a21c4d-7e49-4bec-a496-4d61dda7bbdc 1.908s
2025-12-08 20:29:56.743 65963 INFO tempest.lib.common.rest_client [req-bf40b133-d189-4432-bc65-4fd17a70dd61 req-bf40b133-d189-4432-bc65-4fd17a70dd61 ] Request (ServersAdminTestJSON:test_inject_network_info): 201 POST http://10.180.1.21/identity/v3/auth/tokens 0.129s
2025-12-08 20:29:56.743 65963 INFO tempest.lib.common.fixed_network [-] (ServersAdminTestJSON:test_inject_network_info) Found network {'id': '0807f693-8ad7-4534-bc44-9ad90936177b', 'name': 'tempest-ServersAdminTestJSON-61145210-network', 'tenant_id': '7b9c6d5d5c1045988b174208871984d5', 'project_id': '7b9c6d5d5c1045988b174208871984d5', 'admin_state_up': True, 'mtu': 8950, 'status': 'ACTIVE', 'subnets': [], 'shared': False, 'port_security_enabled': True, 'router:external': False, 'provider:network_type': 'vlan', 'provider:physical_network': 'default', 'provider:segmentation_id': 791, 'availability_zone_hints': [], 'availability_zones': [], 'ipv4_address_scope': None, 'ipv6_address_scope': None, 'description': '', 'tags': [], 'created_at': '2025-12-08T20:28:08Z', 'updated_at': '2025-12-08T20:28:08Z', 'revision_number': 1} available for tenant
2025-12-08 20:29:56.775 65945 INFO tempest.lib.common.rest_client [req-472b8a4d-a339-45cc-8de3-e9e1ee37594e req-472b8a4d-a339-45cc-8de3-e9e1ee37594e ] Request (MigrationsAdminTest:test_resize_server_revert_deleted_flavor): 200 GET http://10.180.1.21/compute/v2.1/servers/023cd838-f62a-4afd-8118-c9707bfc740d 1.880s
2025-12-08 20:29:56.785 65959 INFO tempest.lib.common.rest_client [req-61730b12-74cf-473a-8b46-7a38e65c308e req-61730b12-74cf-473a-8b46-7a38e65c308e ] Request (ImagesTestJSON:test_create_server_from_snapshot): 200 GET http://10.180.1.21/compute/v2.1/servers/f0c4c27d-bd52-41b5-b3cf-d603fe360dbb 1.840s
2025-12-08 20:29:56.797 65953 INFO tempest.lib.common.rest_client [req-c8eda312-36f9-426f-bbe4-a53fc4681622 req-c8eda312-36f9-426f-bbe4-a53fc4681622 ] Request (FlavorsAdminTestJSON:test_list_non_public_flavor): 200 POST http://10.180.1.21/compute/v2.1/flavors 1.813s
2025-12-08 20:29:56.871 65997 INFO tempest.lib.common.rest_client [req-659f2cd0-59af-44fe-8898-2cce4acf8d3b req-659f2cd0-59af-44fe-8898-2cce4acf8d3b ] Request (ServersAdminNegativeTestJSON:test_migrate_server_invalid_state): 409 POST http://10.180.1.21/compute/v2.1/servers/09d3d21a-16c0-45c8-a2d2-28402cc5f6a6/action 1.736s
2025-12-08 20:29:56.918 65955 INFO tempest.lib.common.rest_client [req-493b6917-9a53-4a5e-8b2a-6a1799014f32 req-493b6917-9a53-4a5e-8b2a-6a1799014f32 ] Request (ListServerFiltersTestJSON:test_list_servers_filtered_by_ip): 200 GET http://10.180.1.21/compute/v2.1/servers/d872d3ec-c718-4fdb-861f-e3f136ddb90b 1.928s
2025-12-08 20:29:56.927 65969 INFO tempest.lib.common.rest_client [req-15627cf5-bd1a-478b-8c41-ad63fed0fc83 req-15627cf5-bd1a-478b-8c41-ad63fed0fc83 ] Request (FloatingIPsAssociationNegativeTestJSON:test_associate_ip_to_server_without_passing_floating_ip): 400 POST http://10.180.1.21/compute/v2.1/servers/8da3bc0c-45ea-4355-a692-42078add58fd/action 1.343s
2025-12-08 20:29:56.994 65943 INFO tempest.lib.common.rest_client [req-a0b7d146-fac6-4e24-a35d-ffd175eb0854 req-a0b7d146-fac6-4e24-a35d-ffd175eb0854 ] Request (ServersNegativeTestJSON:setUpClass): 200 GET http://10.180.1.21/compute/v2.1/servers/8c8439a9-9e78-4105-9586-5e00331ef602 1.147s
2025-12-08 20:29:57.014 65989 INFO tempest.lib.common.rest_client [req-d1e67c8c-5c35-4dbc-80e3-b9fc4904f384 req-d1e67c8c-5c35-4dbc-80e3-b9fc4904f384 ] Request (ServerGroup264TestJSON:tearDownClass): 404 DELETE http://10.180.1.21/compute/v2.1/os-server-groups/26acb0c7-2e4f-4ddb-a213-aad4416197ea 1.128s
2025-12-08 20:29:57.031 65967 INFO tempest.lib.common.rest_client [req-1684d7b3-e0f0-4e34-b08b-b681184f116e req-1684d7b3-e0f0-4e34-b08b-b681184f116e ] Request (SecurityGroupsTestJSON:test_list_security_groups_by_server): 200 POST http://10.180.1.21/compute/v2.1/os-security-groups 1.517s
2025-12-08 20:29:57.133 65981 INFO tempest.lib.common.rest_client [req-73376f3f-3e77-4d8e-b0a9-8467e9b72c49 req-73376f3f-3e77-4d8e-b0a9-8467e9b72c49 ] Request (FloatingIPsAssociationTestJSON:tearDownClass): 204 DELETE http://10.180.1.21/compute/v2.1/servers/7f0bad61-f85f-45c5-a572-9c193d862c7d 0.988s
2025-12-08 20:29:57.493 66001 INFO tempest.lib.common.rest_client [req-719272a6-e34b-44b0-8e89-f857f4138552 req-719272a6-e34b-44b0-8e89-f857f4138552 ] Request (SecurityGroupRulesTestJSON:test_security_group_rules_list): 200 GET http://10.180.1.21/compute/v2.1/os-security-groups/7cb42791-7877-43dc-a705-0ddac0f93b48 1.374s
2025-12-08 20:29:57.518 65941 INFO tempest.lib.common.rest_client [req-945f3561-da97-462b-962b-6fc43829f4a9 req-945f3561-da97-462b-962b-6fc43829f4a9 ] Request (VolumesAssistedSnapshotsTest:tearDownClass): 200 GET http://10.180.1.21/compute/v2.1/servers/c7004a43-a2f5-436c-a63e-01bf04a4124b 1.268s
2025-12-08 20:29:57.564 65987 INFO tempest.lib.common.rest_client [req-6144c33d-100a-487c-b282-7aced3d6748d req-6144c33d-100a-487c-b282-7aced3d6748d ] Request (ServerRescueNegativeTestJSON:setUpClass): 200 GET http://10.180.1.21/compute/v2.1/servers/924dc504-389f-462f-86ac-e708fd60538d 1.148s
2025-12-08 20:29:57.594 65953 INFO tempest.lib.common.rest_client [req-68d4a846-85a3-46da-bec2-3921efa82fa5 req-68d4a846-85a3-46da-bec2-3921efa82fa5 ] Request (FlavorsAdminTestJSON:test_list_non_public_flavor): 200 GET http://10.180.1.21/compute/v2.1/flavors/detail 0.794s
2025-12-08 20:29:57.629 65997 INFO tempest.lib.common.rest_client [req-01e7c734-75ce-4a39-b331-9fae87aa58a8 req-01e7c734-75ce-4a39-b331-9fae87aa58a8 ] Request (ServersAdminNegativeTestJSON:test_reset_state_server_invalid_state): 400 POST http://10.180.1.21/compute/v2.1/servers/cf290eb4-2891-47e0-bd74-71c65c72e6f2/action 0.756s
2025-12-08 20:29:57.802 65989 INFO tempest.lib.common.rest_client [req-470bd0d7-6896-433f-ac8e-03f32f591c2f req-470bd0d7-6896-433f-ac8e-03f32f591c2f ] Request (ServerGroup264TestJSON:tearDownClass): 200 PUT http://10.180.1.21/networking/v2.0/routers/e1ffdc7a-c393-45f9-8313-a1094ce7a553/remove_router_interface 0.786s
2025-12-08 20:29:57.889 65955 INFO tempest.lib.common.rest_client [req-89085436-c45e-491b-82c3-17d302d0dd9b req-89085436-c45e-491b-82c3-17d302d0dd9b ] Request (ListServerFiltersTestJSON:test_list_servers_filtered_by_ip): 200 GET http://10.180.1.21/compute/v2.1/servers?ip=192.168.128.12 0.963s
2025-12-08 20:29:57.978 65963 INFO tempest.lib.common.rest_client [req-fcb2db73-ddde-4a0d-a600-9f72e99afdfb req-fcb2db73-ddde-4a0d-a600-9f72e99afdfb ] Request (ServersAdminTestJSON:test_inject_network_info): 202 POST http://10.180.1.21/compute/v2.1/servers 1.234s
2025-12-08 20:29:58.031 65979 INFO tempest.lib.common.rest_client [req-bc2f3e1c-083c-4028-969a-eb05759724f0 req-bc2f3e1c-083c-4028-969a-eb05759724f0 ] Request (ListImageFiltersTestJSON:setUpClass): 200 GET http://10.180.1.21/compute/v2.1/images/3fb7de1a-5e97-48d1-8818-a5c25ee5abbb 1.086s
2025-12-08 20:29:58.048 65969 INFO tempest.lib.common.rest_client [req-2be19bf0-130d-44c8-bb84-7ba03425033d req-2be19bf0-130d-44c8-bb84-7ba03425033d ] Request (FloatingIPsAssociationNegativeTestJSON:test_associate_nonexistent_floating_ip): 404 POST http://10.180.1.21/compute/v2.1/servers/8da3bc0c-45ea-4355-a692-42078add58fd/action 1.119s
2025-12-08 20:29:58.214 65967 INFO tempest.lib.common.rest_client [req-50b392b3-31d0-4c3d-a8f6-05347babe9da req-50b392b3-31d0-4c3d-a8f6-05347babe9da ] Request (SecurityGroupsTestJSON:test_list_security_groups_by_server): 200 POST http://10.180.1.21/compute/v2.1/os-security-groups 1.180s
2025-12-08 20:29:58.276 65967 INFO tempest.lib.common.rest_client [req-5e3cd5fc-1ccc-4400-b17c-eeadca31d0f3 req-5e3cd5fc-1ccc-4400-b17c-eeadca31d0f3 ] Request (SecurityGroupsTestJSON:test_list_security_groups_by_server): 201 POST http://10.180.1.21/identity/v3/auth/tokens 0.054s
2025-12-08 20:29:58.277 65967 INFO tempest.lib.common.fixed_network [-] (SecurityGroupsTestJSON:test_list_security_groups_by_server) Found network {'id': '92cb9780-573a-466d-bd0a-8d1a86628dcd', 'name': 'tempest-SecurityGroupsTestJSON-1663506550-network', 'tenant_id': '712a712b13564b80bcb0b424b4dbb4ad', 'project_id': '712a712b13564b80bcb0b424b4dbb4ad', 'admin_state_up': True, 'mtu': 8950, 'status': 'ACTIVE', 'subnets': [], 'shared': False, 'port_security_enabled': True, 'router:external': False, 'provider:network_type': 'vlan', 'provider:physical_network': 'default', 'provider:segmentation_id': 714, 'availability_zone_hints': [], 'availability_zones': [], 'ipv4_address_scope': None, 'ipv6_address_scope': None, 'description': '', 'tags': [], 'created_at': '2025-12-08T20:29:53Z', 'updated_at': '2025-12-08T20:29:53Z', 'revision_number': 1} available for tenant
2025-12-08 20:29:58.282 65989 INFO tempest.lib.common.rest_client [req-709ea862-1990-4ed9-a947-8cb8e801ad52 req-709ea862-1990-4ed9-a947-8cb8e801ad52 ] Request (ServerGroup264TestJSON:tearDownClass): 204 DELETE http://10.180.1.21/networking/v2.0/routers/e1ffdc7a-c393-45f9-8313-a1094ce7a553 0.478s
2025-12-08 20:29:58.318 65973 INFO tempest.lib.common.rest_client [req-f67c5095-0c41-4a4e-8f7e-b4cf67d7b458 req-f67c5095-0c41-4a4e-8f7e-b4cf67d7b458 ] Request (ServersTestMultiNic:test_verify_multiple_nics_order): 200 GET http://10.180.1.21/compute/v2.1/servers/1d6bd209-5aec-429f-86c2-afb13b37bce1 1.133s
2025-12-08 20:29:58.362 65981 INFO tempest.lib.common.rest_client [req-7abbf089-d86f-4ac8-80a7-3ab4926b9688 req-7abbf089-d86f-4ac8-80a7-3ab4926b9688 ] Request (FloatingIPsAssociationTestJSON:tearDownClass): 200 GET http://10.180.1.21/compute/v2.1/servers/7f0bad61-f85f-45c5-a572-9c193d862c7d 1.229s
2025-12-08 20:29:58.391 65971 INFO tempest.lib.common.rest_client [req-2f3606ea-3d93-4fab-99a4-c572ee16b4af req-2f3606ea-3d93-4fab-99a4-c572ee16b4af ] Request (ServerShowV257Test:test_rebuild_server): 200 GET http://10.180.1.21/compute/v2.1/servers/b04820e3-c98f-433b-a6d0-45781adec521 1.153s
2025-12-08 20:29:58.441 65989 INFO tempest.lib.common.rest_client [req-8aa681b1-64a7-4bfd-8198-1b00e1ec57a1 req-8aa681b1-64a7-4bfd-8198-1b00e1ec57a1 ] Request (ServerGroup264TestJSON:tearDownClass): 204 DELETE http://10.180.1.21/networking/v2.0/subnets/7ae8c61b-beab-4ba1-bc1c-aee745cc96d7 0.158s
2025-12-08 20:29:58.449 65949 INFO tempest.lib.common.rest_client [req-97783e14-2f86-4142-8f17-0cf8e562fe1f req-97783e14-2f86-4142-8f17-0cf8e562fe1f ] Request (AttachInterfacesV270Test:tearDownClass): 200 GET http://10.180.1.21/compute/v2.1/servers/53b2f129-f649-41e3-97d6-468184b686fd 1.176s
2025-12-08 20:29:58.472 65985 INFO tempest.lib.common.rest_client [req-c356bd5e-adf6-455b-b789-011271ec363f req-c356bd5e-adf6-455b-b789-011271ec363f ] Request (ServerMetadataTestJSON:setUpClass): 200 GET http://10.180.1.21/compute/v2.1/servers/0eededfc-304a-4ff3-8358-a70fbe49d1f5 1.174s
2025-12-08 20:29:58.557 65957 INFO tempest.lib.common.rest_client [req-28c15752-9642-4af6-8a94-6a2af812fe0e req-28c15752-9642-4af6-8a94-6a2af812fe0e ] Request (TenantUsagesTestJSON:setUpClass): 200 GET http://10.180.1.21/compute/v2.1/servers/86d48815-9d9c-4ca0-887e-a0582c4d9123 1.190s
2025-12-08 20:29:58.565 65957 INFO tempest.common.waiters [-] State transition "BUILD/scheduling" ==> "BUILD/None" after 2 second wait
