2025-12-08 20:31:40.940 65979 INFO tempest.lib.common.rest_client [req-730465a5-cc75-4fec-aebf-fb451ba99e8c req-730465a5-cc75-4fec-aebf-fb451ba99e8c ] Request (ListImageFiltersTestJSON:tearDownClass): 200 GET http://10.180.1.21/compute/v2.1/servers/cb052486-9b99-41df-8fd0-7e72366ae9dd 0.202s
2025-12-08 20:31:40.957 65949 INFO tempest.lib.common.rest_client [req-e63eca4b-460d-46b1-bcb4-d9c864408086 req-e63eca4b-460d-46b1-bcb4-d9c864408086 ] Request (ListServersNegativeTestJSON:setUpClass): 200 GET http://10.180.1.21/compute/v2.1/servers/73f1f7d1-685b-4e6f-a58a-90a74d3514e5 0.164s
2025-12-08 20:31:40.994 65977 INFO tempest.lib.common.rest_client [req-57550241-80d9-4fda-927f-a4d703f20d50 req-57550241-80d9-4fda-927f-a4d703f20d50 ] Request (VolumesTestJSON:test_volume_list_with_detail_param_offset_and_limit): 200 GET http://10.180.1.21/compute/v2.1/os-volumes/detail 0.122s
2025-12-08 20:31:41.004 65997 INFO tempest.lib.common.rest_client [req-313739eb-f409-4737-a375-f2623023aff4 req-313739eb-f409-4737-a375-f2623023aff4 ] Request (ServersAdminNegativeTestJSON:tearDownClass): 200 GET http://10.180.1.21/compute/v2.1/servers/cf290eb4-2891-47e0-bd74-71c65c72e6f2 0.150s
2025-12-08 20:31:41.062 65955 INFO tempest.lib.common.rest_client [req-ba14907b-7747-48d6-9504-2f3168584be8 req-ba14907b-7747-48d6-9504-2f3168584be8 ] Request (ListServerFiltersTestJSON:tearDownClass): 200 GET http://10.180.1.21/compute/v2.1/servers/0099a316-9935-4791-960f-7a4399fde9dc 0.151s
2025-12-08 20:31:41.098 65963 INFO tempest.lib.common.rest_client [req-0e7534b8-15a0-4938-900f-c20e8c49050d req-0e7534b8-15a0-4938-900f-c20e8c49050d ] Request (ServersAdminTestJSON:_run_cleanups): 200 GET http://10.180.1.21/compute/v2.1/servers/54ebaa2b-78aa-4184-98a1-33120261c8bd 0.201s
2025-12-08 20:31:41.116 65975 INFO tempest.lib.common.rest_client [req-2e6a5bcd-164d-4508-9ed3-b9a44954a2c9 req-2e6a5bcd-164d-4508-9ed3-b9a44954a2c9 ] Request (ServersV294TestFqdnHostnames:setUpClass): 200 GET http://10.180.1.21/compute/v2.1/servers/fb10f3f7-dea4-4e1d-9393-5a5c97f13dbe 0.142s
2025-12-08 20:31:41.130 65977 INFO tempest.lib.common.rest_client [req-dd592360-2513-43e2-99d1-9438d322ec5e req-dd592360-2513-43e2-99d1-9438d322ec5e ] Request (VolumesTestJSON:test_volume_list_with_detail_param_offset_and_limit): 200 GET http://10.180.1.21/compute/v2.1/os-volumes/detail?offset=1&limit=1 0.133s
2025-12-08 20:31:41.154 65965 INFO tempest.lib.common.rest_client [req-cc3f07f6-6ca1-4ec9-a38c-a1aa8ababad4 req-cc3f07f6-6ca1-4ec9-a38c-a1aa8ababad4 ] Request (AttachVolumeTestJSON:test_attach_detach_volume): 200 GET http://10.180.1.21/volume/v3/volumes/dccffdfd-f9b2-4603-a0c2-ae9a93d99b20 0.034s
2025-12-08 20:31:41.161 65953 INFO tempest.lib.common.rest_client [req-2f05ca14-9f23-45ac-8217-f2dabf417bea req-2f05ca14-9f23-45ac-8217-f2dabf417bea ] Request (ServersTestJSON:test_create_server_specify_multibyte_character_name): 200 GET http://10.180.1.21/compute/v2.1/servers/16a70276-e055-43be-beb7-ef0bd7c05244 0.148s
2025-12-08 20:31:41.193 65977 INFO tempest.lib.common.rest_client [req-2f9f6bd2-7c48-4870-bd6f-46778115142a req-2f9f6bd2-7c48-4870-bd6f-46778115142a ] Request (VolumesTestJSON:test_volume_list_with_details): 200 GET http://10.180.1.21/compute/v2.1/os-volumes/detail 0.055s
2025-12-08 20:31:41.229 65977 INFO tempest.lib.common.rest_client [req-3743afd7-573c-424d-ba98-8a7f88e1c4dd req-3743afd7-573c-424d-ba98-8a7f88e1c4dd ] Request (VolumesTestJSON:tearDownClass): 202 DELETE http://10.180.1.21/volume/v3/volumes/fb130774-5714-4331-aaa3-5012eca08f21 0.033s
2025-12-08 20:31:41.241 65999 INFO tempest.lib.common.rest_client [req-3764c566-b977-4ed7-80ea-bcabcf3dac5d req-3764c566-b977-4ed7-80ea-bcabcf3dac5d ] Request (ServerActionsTestOtherB:test_resize_server_confirm_from_stopped): 200 GET http://10.180.1.21/compute/v2.1/servers/cabe75ed-e367-48e3-9018-41ff67cbf74d 0.127s
2025-12-08 20:31:41.243 65969 INFO tempest.lib.common.rest_client [req-9c8c5e74-3eaa-4c25-9161-a5f2a3204427 req-9c8c5e74-3eaa-4c25-9161-a5f2a3204427 ] Request (AttachVolumeNegativeTest:test_attach_attached_volume_to_different_server): 200 GET http://10.180.1.21/compute/v2.1/servers/4b4572d6-e0b0-421b-b571-07293ba8f077 0.100s
2025-12-08 20:31:41.250 65977 INFO tempest.lib.common.rest_client [req-cd73db36-65bb-4e15-a9c8-59c08545f822 req-cd73db36-65bb-4e15-a9c8-59c08545f822 ] Request (VolumesTestJSON:tearDownClass): 200 GET http://10.180.1.21/volume/v3/volumes/fb130774-5714-4331-aaa3-5012eca08f21 0.021s
2025-12-08 20:31:41.291 65967 INFO tempest.lib.common.rest_client [req-41a0595e-5a58-4390-90fb-bc6a923c2ba3 req-41a0595e-5a58-4390-90fb-bc6a923c2ba3 ] Request (SecurityGroupsTestJSON:test_server_security_groups): 200 GET http://10.180.1.21/compute/v2.1/servers/457ca1e8-370c-42a3-9cf5-917b5b2e4e85 0.075s
2025-12-08 20:31:41.297 65987 INFO tempest.lib.common.rest_client [req-62cd61bf-eaee-4df0-bf96-5becbf7f473e req-62cd61bf-eaee-4df0-bf96-5becbf7f473e ] Request (ServerRescueNegativeTestJSON:test_rescued_vm_detach_volume): 200 GET http://10.180.1.21/compute/v2.1/servers/a7d03540-93cd-4645-8a63-441970d442f0 0.066s
2025-12-08 20:31:41.339 65941 INFO tempest.lib.common.rest_client [req-6015f617-27b2-4e39-956b-d82d55c41f95 req-6015f617-27b2-4e39-956b-d82d55c41f95 ] Request (AttachInterfacesUnderV243Test:test_add_remove_fixed_ip): 200 GET http://10.180.1.21/compute/v2.1/servers/a6b9a22d-78ae-403f-a3c4-e2887b5cb3f2 0.068s
2025-12-08 20:31:41.344 65947 INFO tempest.lib.common.rest_client [req-0e69c8c2-477b-4d73-99e8-58f3fd77ffc3 req-0e69c8c2-477b-4d73-99e8-58f3fd77ffc3 ] Request (DeleteServersTestJSON:test_delete_active_server): 200 GET http://10.180.1.21/compute/v2.1/servers/2991f331-a3f6-4d0d-ac2b-e159fe65ac3e 0.058s
2025-12-08 20:31:41.395 66001 WARNING tempest.lib.common.ssh [-] Failed to establish authenticated ssh connection to cirros@10.180.180.228 ([Errno None] Unable to connect to port 22 on 10.180.180.228). Number attempts: 3. Retry after 4 seconds.: paramiko.ssh_exception.NoValidConnectionsError: [Errno None] Unable to connect to port 22 on 10.180.180.228
2025-12-08 20:31:41.395 65992 INFO tempest.lib.common.rest_client [req-80c2df22-5e10-4ffa-9fe7-e9149610c631 req-80c2df22-5e10-4ffa-9fe7-e9149610c631 ] Request (MultipleCreateTestJSON:_run_cleanups): 200 GET http://10.180.1.21/compute/v2.1/servers/8b65fd82-e699-449d-b149-d48ddbcacb53 0.052s
2025-12-08 20:31:41.396 65943 INFO tempest.lib.common.rest_client [req-34cd80ee-06fa-483d-9052-5c5037eca1ab req-34cd80ee-06fa-483d-9052-5c5037eca1ab ] Request (ServersNegativeTestJSON:setUpClass): 200 GET http://10.180.1.21/compute/v2.1/servers/8c8439a9-9e78-4105-9586-5e00331ef602 0.061s
2025-12-08 20:31:41.440 65959 INFO tempest.lib.common.rest_client [req-80378981-e96b-40bb-b4d2-9ea7641f79fe req-80378981-e96b-40bb-b4d2-9ea7641f79fe ] Request (ImagesTestJSON:test_create_server_from_snapshot): 200 GET http://10.180.1.21/compute/v2.1/servers/80168b99-293b-4985-82fc-9d967c68b097 0.054s
2025-12-08 20:31:41.540 65939 INFO tempest.lib.common.rest_client [req-89cbd081-e904-41f3-a058-cc25e5bc6f24 req-89cbd081-e904-41f3-a058-cc25e5bc6f24 ] Request (ServersAdmin275Test:tearDownClass): 200 GET http://10.180.1.21/compute/v2.1/servers/88f167f7-4d6f-4122-996c-d51bfefb1953 0.065s
2025-12-08 20:31:41.591 65973 INFO tempest.lib.common.rest_client [req-6d79819d-076c-438c-8f57-394c4c52e521 req-6d79819d-076c-438c-8f57-394c4c52e521 ] Request (ServersAaction247Test:test_create_backup): 200 GET http://10.180.1.21/compute/v2.1/servers/fd4eed36-a85d-43bc-b92f-6bcf01965c6b 0.054s
2025-12-08 20:31:41.766 65951 INFO tempest.lib.common.rest_client [req-97f8ba2c-4c9c-498e-9e1b-710848ec7069 req-97f8ba2c-4c9c-498e-9e1b-710848ec7069 ] Request (AttachVolumeShelveTestJSON:test_attach_volume_shelved_or_offload_server): 200 GET http://10.180.1.21/compute/v2.1/servers/98b66f73-4134-498d-a536-2f54c5426488 0.136s
2025-12-08 20:31:41.799 65957 INFO tempest.lib.common.rest_client [req-3458ef20-3806-4ba0-b44e-9d3281372ac0 req-3458ef20-3806-4ba0-b44e-9d3281372ac0 ] Request (TenantUsagesTestJSON:tearDownClass): 200 GET http://10.180.1.21/compute/v2.1/servers/86d48815-9d9c-4ca0-887e-a0582c4d9123 0.072s
2025-12-08 20:31:41.868 65945 INFO tempest.lib.common.rest_client [req-a220da29-013c-4eb4-814a-27b919b4493a req-a220da29-013c-4eb4-814a-27b919b4493a ] Request (MigrationsAdminTest:test_resize_server_revert_deleted_flavor): 200 GET http://10.180.1.21/compute/v2.1/servers/023cd838-f62a-4afd-8118-c9707bfc740d 0.107s
2025-12-08 20:31:41.919 65971 INFO tempest.lib.common.rest_client [req-e43d5a40-b9bf-4138-9534-21dd3e6b4756 req-e43d5a40-b9bf-4138-9534-21dd3e6b4756 ] Request (ServerShowV257Test:tearDownClass): 200 GET http://10.180.1.21/compute/v2.1/servers/b04820e3-c98f-433b-a6d0-45781adec521 0.079s
2025-12-08 20:31:42.011 65979 INFO tempest.lib.common.rest_client [req-0f45eea2-0085-44c3-bada-22c4021b2a2f req-0f45eea2-0085-44c3-bada-22c4021b2a2f ] Request (ListImageFiltersTestJSON:tearDownClass): 200 GET http://10.180.1.21/compute/v2.1/servers/cb052486-9b99-41df-8fd0-7e72366ae9dd 0.064s
2025-12-08 20:31:42.023 65949 INFO tempest.lib.common.rest_client [req-df50959a-f4f1-439d-b203-61feb790857c req-df50959a-f4f1-439d-b203-61feb790857c ] Request (ListServersNegativeTestJSON:setUpClass): 200 GET http://10.180.1.21/compute/v2.1/servers/73f1f7d1-685b-4e6f-a58a-90a74d3514e5 0.058s
2025-12-08 20:31:42.082 65997 INFO tempest.lib.common.rest_client [req-489a8d61-a208-4cfc-b5ad-d675096d3d05 req-489a8d61-a208-4cfc-b5ad-d675096d3d05 ] Request (ServersAdminNegativeTestJSON:tearDownClass): 200 GET http://10.180.1.21/compute/v2.1/servers/cf290eb4-2891-47e0-bd74-71c65c72e6f2 0.067s
2025-12-08 20:31:42.133 65955 INFO tempest.lib.common.rest_client [req-95263870-1d5a-4f7d-8753-3c86c615975a req-95263870-1d5a-4f7d-8753-3c86c615975a ] Request (ListServerFiltersTestJSON:tearDownClass): 200 GET http://10.180.1.21/compute/v2.1/servers/0099a316-9935-4791-960f-7a4399fde9dc 0.063s
2025-12-08 20:31:42.194 65965 INFO tempest.lib.common.rest_client [req-4bc1d0f9-9cad-421f-8652-3963061fd92f req-4bc1d0f9-9cad-421f-8652-3963061fd92f ] Request (AttachVolumeTestJSON:test_attach_detach_volume): 200 GET http://10.180.1.21/volume/v3/volumes/dccffdfd-f9b2-4603-a0c2-ae9a93d99b20 0.033s
2025-12-08 20:31:42.198 65975 INFO tempest.lib.common.rest_client [req-eccbcb95-f72d-4d98-8e47-8dd480742b4f req-eccbcb95-f72d-4d98-8e47-8dd480742b4f ] Request (ServersV294TestFqdnHostnames:setUpClass): 200 GET http://10.180.1.21/compute/v2.1/servers/fb10f3f7-dea4-4e1d-9393-5a5c97f13dbe 0.072s
2025-12-08 20:31:42.212 65963 INFO tempest.lib.common.rest_client [req-eada274b-f9c2-440f-909c-aabd5e6d2ea8 req-eada274b-f9c2-440f-909c-aabd5e6d2ea8 ] Request (ServersAdminTestJSON:_run_cleanups): 200 GET http://10.180.1.21/compute/v2.1/servers/54ebaa2b-78aa-4184-98a1-33120261c8bd 0.105s
2025-12-08 20:31:42.248 65953 INFO tempest.lib.common.rest_client [req-ecb1649f-76e3-43b7-a2fc-b6e08c8942bc req-ecb1649f-76e3-43b7-a2fc-b6e08c8942bc ] Request (ServersTestJSON:test_create_server_specify_multibyte_character_name): 200 GET http://10.180.1.21/compute/v2.1/servers/16a70276-e055-43be-beb7-ef0bd7c05244 0.078s
2025-12-08 20:31:42.275 65977 INFO tempest.lib.common.rest_client [req-f472b5c6-fa88-4222-b966-529d9bdaa26d req-f472b5c6-fa88-4222-b966-529d9bdaa26d ] Request (VolumesTestJSON:tearDownClass): 404 GET http://10.180.1.21/volume/v3/volumes/fb130774-5714-4331-aaa3-5012eca08f21 0.016s
2025-12-08 20:31:42.307 65969 INFO tempest.lib.common.rest_client [req-d5d82b4f-4fbc-4c57-aa77-04c238f10b66 req-d5d82b4f-4fbc-4c57-aa77-04c238f10b66 ] Request (AttachVolumeNegativeTest:test_attach_attached_volume_to_different_server): 200 GET http://10.180.1.21/compute/v2.1/servers/4b4572d6-e0b0-421b-b571-07293ba8f077 0.054s
2025-12-08 20:31:42.324 65977 INFO tempest.lib.common.rest_client [req-c039b22f-9fa0-4835-82e4-7901130b51f6 req-c039b22f-9fa0-4835-82e4-7901130b51f6 ] Request (VolumesTestJSON:tearDownClass): 202 DELETE http://10.180.1.21/volume/v3/volumes/8412f9bb-983e-4903-adea-94cd47e1adb4 0.049s
2025-12-08 20:31:42.352 65977 INFO tempest.lib.common.rest_client [req-34a02cda-b49f-4ea9-86d8-7f63f7d0a490 req-34a02cda-b49f-4ea9-86d8-7f63f7d0a490 ] Request (VolumesTestJSON:tearDownClass): 200 GET http://10.180.1.21/volume/v3/volumes/8412f9bb-983e-4903-adea-94cd47e1adb4 0.027s
2025-12-08 20:31:42.371 65967 INFO tempest.lib.common.rest_client [req-2e9e392f-e904-426d-81fb-9befd3166b33 req-2e9e392f-e904-426d-81fb-9befd3166b33 ] Request (SecurityGroupsTestJSON:test_server_security_groups): 200 GET http://10.180.1.21/compute/v2.1/servers/457ca1e8-370c-42a3-9cf5-917b5b2e4e85 0.072s
2025-12-08 20:31:42.419 65999 INFO tempest.lib.common.rest_client [req-3d828d2e-6d3c-48a1-b17c-250d5bbf533f req-3d828d2e-6d3c-48a1-b17c-250d5bbf533f ] Request (ServerActionsTestOtherB:test_resize_server_confirm_from_stopped): 200 GET http://10.180.1.21/compute/v2.1/servers/cabe75ed-e367-48e3-9018-41ff67cbf74d 0.170s
2025-12-08 20:31:42.429 65987 INFO tempest.lib.common.rest_client [req-e7139ce1-8882-40d5-90f3-dfd1be9e9f56 req-e7139ce1-8882-40d5-90f3-dfd1be9e9f56 ] Request (ServerRescueNegativeTestJSON:test_rescued_vm_detach_volume): 200 GET http://10.180.1.21/compute/v2.1/servers/a7d03540-93cd-4645-8a63-441970d442f0 0.124s
2025-12-08 20:31:42.475 65941 INFO tempest.lib.common.rest_client [req-9a6616cf-a213-4fd1-b231-fc94781b7b98 req-9a6616cf-a213-4fd1-b231-fc94781b7b98 ] Request (AttachInterfacesUnderV243Test:test_add_remove_fixed_ip): 200 GET http://10.180.1.21/compute/v2.1/servers/a6b9a22d-78ae-403f-a3c4-e2887b5cb3f2 0.128s
2025-12-08 20:31:42.481 65947 INFO tempest.lib.common.rest_client [req-82d1833e-6b59-47fc-ac13-5e0a256a9ca8 req-82d1833e-6b59-47fc-ac13-5e0a256a9ca8 ] Request (DeleteServersTestJSON:test_delete_active_server): 200 GET http://10.180.1.21/compute/v2.1/servers/2991f331-a3f6-4d0d-ac2b-e159fe65ac3e 0.127s
2025-12-08 20:31:42.535 65992 INFO tempest.lib.common.rest_client [req-85aeaa0e-3e5e-4a22-a2d1-3bb688275b93 req-85aeaa0e-3e5e-4a22-a2d1-3bb688275b93 ] Request (MultipleCreateTestJSON:_run_cleanups): 200 GET http://10.180.1.21/compute/v2.1/servers/8b65fd82-e699-449d-b149-d48ddbcacb53 0.132s
2025-12-08 20:31:42.551 65943 INFO tempest.lib.common.rest_client [req-6783515a-d832-4278-ae85-5faa1304bfad req-6783515a-d832-4278-ae85-5faa1304bfad ] Request (ServersNegativeTestJSON:setUpClass): 200 GET http://10.180.1.21/compute/v2.1/servers/8c8439a9-9e78-4105-9586-5e00331ef602 0.147s
2025-12-08 20:31:42.591 65959 INFO tempest.lib.common.rest_client [req-52f9ebc3-beea-4cf8-8a97-5338c2231237 req-52f9ebc3-beea-4cf8-8a97-5338c2231237 ] Request (ImagesTestJSON:test_create_server_from_snapshot): 200 GET http://10.180.1.21/compute/v2.1/servers/80168b99-293b-4985-82fc-9d967c68b097 0.142s
2025-12-08 20:31:42.631 65939 INFO tempest.lib.common.rest_client [req-3c4df28c-d874-42fc-bd9c-e95ae5973d7b req-3c4df28c-d874-42fc-bd9c-e95ae5973d7b ] Request (ServersAdmin275Test:tearDownClass): 200 GET http://10.180.1.21/compute/v2.1/servers/88f167f7-4d6f-4122-996c-d51bfefb1953 0.080s
2025-12-08 20:31:42.660 65973 INFO tempest.lib.common.rest_client [req-e729a5c4-226c-4d2e-9665-664a6063757e req-e729a5c4-226c-4d2e-9665-664a6063757e ] Request (ServersAaction247Test:test_create_backup): 200 GET http://10.180.1.21/compute/v2.1/servers/fd4eed36-a85d-43bc-b92f-6bcf01965c6b 0.060s
2025-12-08 20:31:42.871 65957 INFO tempest.lib.common.rest_client [req-aad7c321-7fa9-42e7-a56f-1816f925b3c3 req-aad7c321-7fa9-42e7-a56f-1816f925b3c3 ] Request (TenantUsagesTestJSON:tearDownClass): 200 GET http://10.180.1.21/compute/v2.1/servers/86d48815-9d9c-4ca0-887e-a0582c4d9123 0.064s
2025-12-08 20:31:42.923 65951 INFO tempest.lib.common.rest_client [req-0652f310-7f8d-4940-9657-2ad270eb382e req-0652f310-7f8d-4940-9657-2ad270eb382e ] Request (AttachVolumeShelveTestJSON:test_attach_volume_shelved_or_offload_server): 200 GET http://10.180.1.21/compute/v2.1/servers/98b66f73-4134-498d-a536-2f54c5426488 0.148s
2025-12-08 20:31:42.983 65983 INFO paramiko.transport [-] Connected (version 2.0, client dropbear_2020.81)
2025-12-08 20:31:42.988 65945 INFO tempest.lib.common.rest_client [req-4c41c876-efcf-4d32-bf52-889b83f8afb7 req-4c41c876-efcf-4d32-bf52-889b83f8afb7 ] Request (MigrationsAdminTest:test_resize_server_revert_deleted_flavor): 200 GET http://10.180.1.21/compute/v2.1/servers/023cd838-f62a-4afd-8118-c9707bfc740d 0.112s
2025-12-08 20:31:43.004 65971 INFO tempest.lib.common.rest_client [req-72b2a201-bf4a-42e5-9c02-5ab60706348e req-72b2a201-bf4a-42e5-9c02-5ab60706348e ] Request (ServerShowV257Test:tearDownClass): 200 GET http://10.180.1.21/compute/v2.1/servers/b04820e3-c98f-433b-a6d0-45781adec521 0.076s
2025-12-08 20:31:43.084 65979 INFO tempest.lib.common.rest_client [req-e88a01b4-0a60-44e2-9346-6da4dc82dd7b req-e88a01b4-0a60-44e2-9346-6da4dc82dd7b ] Request (ListImageFiltersTestJSON:tearDownClass): 200 GET http://10.180.1.21/compute/v2.1/servers/cb052486-9b99-41df-8fd0-7e72366ae9dd 0.065s
2025-12-08 20:31:43.091 65983 INFO paramiko.transport [-] Authentication (publickey) successful!
2025-12-08 20:31:43.092 65983 INFO tempest.lib.common.ssh [-] ssh connection to cirros@10.180.180.208 successfully created
2025-12-08 20:31:43.166 65997 INFO tempest.lib.common.rest_client [req-b1cab57d-88b3-4905-8c8d-f03d2d6ed236 req-b1cab57d-88b3-4905-8c8d-f03d2d6ed236 ] Request (ServersAdminNegativeTestJSON:tearDownClass): 200 GET http://10.180.1.21/compute/v2.1/servers/cf290eb4-2891-47e0-bd74-71c65c72e6f2 0.075s
2025-12-08 20:31:43.230 65965 INFO tempest.lib.common.rest_client [req-eeeb662e-bfa9-4f5d-bf6f-5d21afa3cab0 req-eeeb662e-bfa9-4f5d-bf6f-5d21afa3cab0 ] Request (AttachVolumeTestJSON:test_attach_detach_volume): 200 GET http://10.180.1.21/volume/v3/volumes/dccffdfd-f9b2-4603-a0c2-ae9a93d99b20 0.028s
2025-12-08 20:31:43.264 65983 INFO tempest.lib.common.rest_client [req-2691176f-c2b8-4b41-a90b-ec779819bde2 req-2691176f-c2b8-4b41-a90b-ec779819bde2 ] Request (ServersWithSpecificFlavorTestJSON:test_verify_created_server_ephemeral_disk): 204 DELETE http://10.180.1.21/compute/v2.1/servers/baaa1057-f558-4380-a2e1-963d6f69590c 0.165s
2025-12-08 20:31:43.322 65955 INFO tempest.lib.common.rest_client [req-f5d67dc9-a49b-479b-b8b4-d3a6245d5cb3 req-f5d67dc9-a49b-479b-b8b4-d3a6245d5cb3 ] Request (ListServerFiltersTestJSON:tearDownClass): 200 GET http://10.180.1.21/compute/v2.1/servers/0099a316-9935-4791-960f-7a4399fde9dc 0.182s
2025-12-08 20:31:43.330 65983 INFO tempest.lib.common.rest_client [req-e157a77d-6047-4281-878c-7eaa37b1275f req-e157a77d-6047-4281-878c-7eaa37b1275f ] Request (ServersWithSpecificFlavorTestJSON:test_verify_created_server_ephemeral_disk): 201 POST http://10.180.1.21/identity/v3/auth/tokens 0.063s
2025-12-08 20:31:43.330 65983 INFO tempest.lib.common.fixed_network [-] (ServersWithSpecificFlavorTestJSON:test_verify_created_server_ephemeral_disk) Found network {'id': '659e8c60-7b01-4c85-b1d9-c5b6db8cbf0f', 'name': 'tempest-ServersWithSpecificFlavorTestJSON-764513442-network', 'tenant_id': 'e64d7005ee9e4477b2e96a9c76e4701f', 'project_id': 'e64d7005ee9e4477b2e96a9c76e4701f', 'admin_state_up': True, 'mtu': 8950, 'status': 'ACTIVE', 'subnets': [], 'shared': False, 'port_security_enabled': True, 'router:external': False, 'provider:network_type': 'vlan', 'provider:physical_network': 'default', 'provider:segmentation_id': 667, 'availability_zone_hints': [], 'availability_zones': [], 'ipv4_address_scope': None, 'ipv6_address_scope': None, 'description': '', 'tags': [], 'created_at': '2025-12-08T20:27:18Z', 'updated_at': '2025-12-08T20:27:18Z', 'revision_number': 1} available for tenant
2025-12-08 20:31:43.367 65949 INFO tempest.lib.common.rest_client [req-e6de197d-d5b2-4903-8c32-4180f5810d61 req-e6de197d-d5b2-4903-8c32-4180f5810d61 ] Request (ListServersNegativeTestJSON:setUpClass): 200 GET http://10.180.1.21/compute/v2.1/servers/73f1f7d1-685b-4e6f-a58a-90a74d3514e5 0.333s
2025-12-08 20:31:43.373 65977 INFO tempest.lib.common.rest_client [req-986c06f0-4583-4820-b713-8e18e816fc25 req-986c06f0-4583-4820-b713-8e18e816fc25 ] Request (VolumesTestJSON:tearDownClass): 404 GET http://10.180.1.21/volume/v3/volumes/8412f9bb-983e-4903-adea-94cd47e1adb4 0.012s
2025-12-08 20:31:43.375 65975 INFO tempest.lib.common.rest_client [req-b3b074b2-c4d7-409b-a1e8-c920b6627947 req-b3b074b2-c4d7-409b-a1e8-c920b6627947 ] Request (ServersV294TestFqdnHostnames:setUpClass): 200 GET http://10.180.1.21/compute/v2.1/servers/fb10f3f7-dea4-4e1d-9393-5a5c97f13dbe 0.166s
2025-12-08 20:31:43.408 65977 INFO tempest.lib.common.rest_client [req-ca645ef6-6847-45f7-a0eb-945b90774234 req-ca645ef6-6847-45f7-a0eb-945b90774234 ] Request (VolumesTestJSON:tearDownClass): 202 DELETE http://10.180.1.21/volume/v3/volumes/35e3db43-bcbf-442c-bece-f3628500efc4 0.034s
2025-12-08 20:31:43.422 65953 INFO tempest.lib.common.rest_client [req-c74aeb02-5a4f-4b82-9cef-be6b33fce42e req-c74aeb02-5a4f-4b82-9cef-be6b33fce42e ] Request (ServersTestJSON:test_create_server_specify_multibyte_character_name): 200 GET http://10.180.1.21/compute/v2.1/servers/16a70276-e055-43be-beb7-ef0bd7c05244 0.165s
2025-12-08 20:31:43.431 65977 INFO tempest.lib.common.rest_client [req-15d480e6-58a9-44a9-a2ac-625355a26c30 req-15d480e6-58a9-44a9-a2ac-625355a26c30 ] Request (VolumesTestJSON:tearDownClass): 200 GET http://10.180.1.21/volume/v3/volumes/35e3db43-bcbf-442c-bece-f3628500efc4 0.022s
2025-12-08 20:31:43.470 65969 INFO tempest.lib.common.rest_client [req-d530e2d6-5d1d-44df-bd03-e210cb2581d4 req-d530e2d6-5d1d-44df-bd03-e210cb2581d4 ] Request (AttachVolumeNegativeTest:test_attach_attached_volume_to_different_server): 200 GET http://10.180.1.21/compute/v2.1/servers/4b4572d6-e0b0-421b-b571-07293ba8f077 0.154s
2025-12-08 20:31:43.493 65963 INFO tempest.lib.common.rest_client [req-a1da80ef-a1c2-487b-abbb-e187a8259983 req-a1da80ef-a1c2-487b-abbb-e187a8259983 ] Request (ServersAdminTestJSON:_run_cleanups): 200 GET http://10.180.1.21/compute/v2.1/servers/54ebaa2b-78aa-4184-98a1-33120261c8bd 0.272s
2025-12-08 20:31:43.541 65967 INFO tempest.lib.common.rest_client [req-d865c282-9e33-4fba-b096-299afbdfcf20 req-d865c282-9e33-4fba-b096-299afbdfcf20 ] Request (SecurityGroupsTestJSON:test_server_security_groups): 200 GET http://10.180.1.21/compute/v2.1/servers/457ca1e8-370c-42a3-9cf5-917b5b2e4e85 0.158s
2025-12-08 20:31:43.669 65999 INFO tempest.lib.common.rest_client [req-8619cffb-5595-4017-a013-100a258c1772 req-8619cffb-5595-4017-a013-100a258c1772 ] Request (ServerActionsTestOtherB:test_resize_server_confirm_from_stopped): 200 GET http://10.180.1.21/compute/v2.1/servers/cabe75ed-e367-48e3-9018-41ff67cbf74d 0.241s
2025-12-08 20:31:43.737 65987 INFO tempest.lib.common.rest_client [req-de2aa3aa-a999-4219-82be-ad61d5600216 req-de2aa3aa-a999-4219-82be-ad61d5600216 ] Request (ServerRescueNegativeTestJSON:test_rescued_vm_detach_volume): 200 GET http://10.180.1.21/compute/v2.1/servers/a7d03540-93cd-4645-8a63-441970d442f0 0.300s
2025-12-08 20:31:43.806 65941 INFO tempest.lib.common.rest_client [req-6cb53541-982c-47d8-a20d-7dcee5d10946 req-6cb53541-982c-47d8-a20d-7dcee5d10946 ] Request (AttachInterfacesUnderV243Test:test_add_remove_fixed_ip): 200 GET http://10.180.1.21/compute/v2.1/servers/a6b9a22d-78ae-403f-a3c4-e2887b5cb3f2 0.323s
2025-12-08 20:31:43.866 65947 INFO tempest.lib.common.rest_client [req-5a2f3a3f-1a42-42f3-9c2b-23c554419429 req-5a2f3a3f-1a42-42f3-9c2b-23c554419429 ] Request (DeleteServersTestJSON:test_delete_active_server): 200 GET http://10.180.1.21/compute/v2.1/servers/2991f331-a3f6-4d0d-ac2b-e159fe65ac3e 0.377s
2025-12-08 20:31:43.907 65983 INFO tempest.lib.common.rest_client [req-2ac958bf-67ff-490f-8361-bb4d8d9af76a req-2ac958bf-67ff-490f-8361-bb4d8d9af76a ] Request (ServersWithSpecificFlavorTestJSON:test_verify_created_server_ephemeral_disk): 202 POST http://10.180.1.21/compute/v2.1/servers 0.576s
2025-12-08 20:31:43.931 65992 INFO tempest.lib.common.rest_client [req-0e76261d-2fc1-4df0-a68e-a5bcd3c6bb84 req-0e76261d-2fc1-4df0-a68e-a5bcd3c6bb84 ] Request (MultipleCreateTestJSON:_run_cleanups): 200 GET http://10.180.1.21/compute/v2.1/servers/8b65fd82-e699-449d-b149-d48ddbcacb53 0.388s
2025-12-08 20:31:43.972 65943 INFO tempest.lib.common.rest_client [req-18914771-94bd-44e7-b658-e9deaf2d8dcd req-18914771-94bd-44e7-b658-e9deaf2d8dcd ] Request (ServersNegativeTestJSON:setUpClass): 200 GET http://10.180.1.21/compute/v2.1/servers/8c8439a9-9e78-4105-9586-5e00331ef602 0.412s
2025-12-08 20:31:43.988 65959 INFO tempest.lib.common.rest_client [req-13afa3cd-664a-4001-8b1b-f4dae77c1891 req-13afa3cd-664a-4001-8b1b-f4dae77c1891 ] Request (ImagesTestJSON:test_create_server_from_snapshot): 200 GET http://10.180.1.21/compute/v2.1/servers/80168b99-293b-4985-82fc-9d967c68b097 0.389s
2025-12-08 20:31:43.998 65939 INFO tempest.lib.common.rest_client [req-1794bd98-2cfc-4ba9-9b2b-b9a7477c5642 req-1794bd98-2cfc-4ba9-9b2b-b9a7477c5642 ] Request (ServersAdmin275Test:tearDownClass): 404 GET http://10.180.1.21/compute/v2.1/servers/88f167f7-4d6f-4122-996c-d51bfefb1953 0.356s
2025-12-08 20:31:44.022 65957 INFO tempest.lib.common.rest_client [req-935acd69-10d8-465e-acba-7b9017e14f04 req-935acd69-10d8-465e-acba-7b9017e14f04 ] Request (TenantUsagesTestJSON:tearDownClass): 404 GET http://10.180.1.21/compute/v2.1/servers/86d48815-9d9c-4ca0-887e-a0582c4d9123 0.142s
2025-12-08 20:31:44.059 65973 INFO tempest.lib.common.rest_client [req-28491646-0fb1-47f9-aad1-8a09dadffa21 req-28491646-0fb1-47f9-aad1-8a09dadffa21 ] Request (ServersAaction247Test:test_create_backup): 200 GET http://10.180.1.21/compute/v2.1/servers/fd4eed36-a85d-43bc-b92f-6bcf01965c6b 0.388s
2025-12-08 20:31:44.064 65983 INFO tempest.lib.common.rest_client [req-05118371-adcc-4fe3-9af2-cdf592b96436 req-05118371-adcc-4fe3-9af2-cdf592b96436 ] Request (ServersWithSpecificFlavorTestJSON:test_verify_created_server_ephemeral_disk): 200 GET http://10.180.1.21/compute/v2.1/servers/04c32f8e-812f-4f0e-8a50-6afde3725a21 0.155s
2025-12-08 20:31:44.141 65957 INFO tempest.lib.common.rest_client [req-631ceb35-11ce-4701-bf78-795f0cf0fcc1 req-631ceb35-11ce-4701-bf78-795f0cf0fcc1 ] Request (TenantUsagesTestJSON:tearDownClass): 204 DELETE http://10.180.1.21/identity/v3/users/7bf8f48733ea4fc687bdedef86b01f86 0.119s
2025-12-08 20:31:44.143 65939 INFO tempest.lib.common.rest_client [req-c169b089-f098-4f06-b77a-211b12bded91 req-c169b089-f098-4f06-b77a-211b12bded91 ] Request (ServersAdmin275Test:tearDownClass): 204 DELETE http://10.180.1.21/identity/v3/users/cdfaa9ba12ae4e0a92fb1c7720bd2be0 0.144s
2025-12-08 20:31:44.223 65951 INFO tempest.lib.common.rest_client [req-ae90a2cc-7317-47ef-9aa5-932ff3a696ed req-ae90a2cc-7317-47ef-9aa5-932ff3a696ed ] Request (AttachVolumeShelveTestJSON:test_attach_volume_shelved_or_offload_server): 200 GET http://10.180.1.21/compute/v2.1/servers/98b66f73-4134-498d-a536-2f54c5426488 0.291s
2025-12-08 20:31:44.226 65945 INFO tempest.lib.common.rest_client [req-5eae86be-deb0-44fc-a765-99c0750ac6fc req-5eae86be-deb0-44fc-a765-99c0750ac6fc ] Request (MigrationsAdminTest:test_resize_server_revert_deleted_flavor): 200 GET http://10.180.1.21/compute/v2.1/servers/023cd838-f62a-4afd-8118-c9707bfc740d 0.230s
2025-12-08 20:31:44.249 65971 INFO tempest.lib.common.rest_client [req-30101d1d-4426-494a-85c6-17b84ee8e0ac req-30101d1d-4426-494a-85c6-17b84ee8e0ac ] Request (ServerShowV257Test:tearDownClass): 404 GET http://10.180.1.21/compute/v2.1/servers/b04820e3-c98f-433b-a6d0-45781adec521 0.236s
2025-12-08 20:31:44.266 65957 INFO tempest.lib.common.rest_client [req-87d8f5f9-8ae4-4e4b-956c-70e3ae0867cc req-87d8f5f9-8ae4-4e4b-956c-70e3ae0867cc ] Request (TenantUsagesTestJSON:tearDownClass): 204 DELETE http://10.180.1.21/identity/v3/users/e5968c4642204c54819c89192deac531 0.124s
2025-12-08 20:31:44.267 65957 INFO tempest.lib.common.dynamic_creds [-] Deleting project and security group for project: d2e4ddf440864c749ec90e3ea43a4e70
2025-12-08 20:31:44.266 65939 INFO tempest.lib.common.rest_client [req-bb285c8e-9fa1-46ce-986a-16ee61a168c9 req-bb285c8e-9fa1-46ce-986a-16ee61a168c9 ] Request (ServersAdmin275Test:tearDownClass): 204 DELETE http://10.180.1.21/identity/v3/users/71c311e5a0804b6a9312b0bbb21ef01c 0.123s
2025-12-08 20:31:44.267 65939 INFO tempest.lib.common.dynamic_creds [-] Deleting project and security group for project: f4b64e65c159472dbec5d1b75f49c3e0
2025-12-08 20:31:44.273 65965 INFO tempest.lib.common.rest_client [req-9d7c5133-1ecb-47b6-9242-b50bf70b2749 req-9d7c5133-1ecb-47b6-9242-b50bf70b2749 ] Request (AttachVolumeTestJSON:test_attach_detach_volume): 200 GET http://10.180.1.21/volume/v3/volumes/dccffdfd-f9b2-4603-a0c2-ae9a93d99b20 0.037s
2025-12-08 20:31:44.298 65979 INFO tempest.lib.common.rest_client [req-6ac4bcb0-1d03-4ff9-a228-42b1d0bb62aa req-6ac4bcb0-1d03-4ff9-a228-42b1d0bb62aa ] Request (ListImageFiltersTestJSON:tearDownClass): 200 GET http://10.180.1.21/compute/v2.1/servers/cb052486-9b99-41df-8fd0-7e72366ae9dd 0.206s
2025-12-08 20:31:44.317 65997 INFO tempest.lib.common.rest_client [req-937bf8ec-4197-40f4-943c-5fde6eb73280 req-937bf8ec-4197-40f4-943c-5fde6eb73280 ] Request (ServersAdminNegativeTestJSON:tearDownClass): 200 GET http://10.180.1.21/compute/v2.1/servers/cf290eb4-2891-47e0-bd74-71c65c72e6f2 0.144s
2025-12-08 20:31:44.334 65957 INFO tempest.lib.common.rest_client [req-0ea9157d-3879-45cb-8c0a-920ad9cc1f9c req-0ea9157d-3879-45cb-8c0a-920ad9cc1f9c ] Request (TenantUsagesTestJSON:tearDownClass): 201 POST http://10.180.1.21/identity/v3/auth/tokens 0.067s
2025-12-08 20:31:44.358 65955 INFO tempest.lib.common.rest_client [req-c1175865-a233-4fc1-b81e-a6c7c583619f req-c1175865-a233-4fc1-b81e-a6c7c583619f ] Request (ListServerFiltersTestJSON:tearDownClass): 404 GET http://10.180.1.21/compute/v2.1/servers/0099a316-9935-4791-960f-7a4399fde9dc 0.026s
2025-12-08 20:31:44.370 65939 INFO tempest.lib.common.rest_client [req-4ea3ead2-f311-452e-8795-dbf4ff876e53 req-4ea3ead2-f311-452e-8795-dbf4ff876e53 ] Request (ServersAdmin275Test:tearDownClass): 201 POST http://10.180.1.21/identity/v3/auth/tokens 0.102s
2025-12-08 20:31:44.433 65971 INFO tempest.lib.common.rest_client [req-db5bc5de-60e9-44d8-a26b-ce10a1fa4e21 req-db5bc5de-60e9-44d8-a26b-ce10a1fa4e21 ] Request (ServerShowV257Test:tearDownClass): 204 DELETE http://10.180.1.21/identity/v3/users/f042ada2ddb04773843c2586ec873452 0.183s
2025-12-08 20:31:44.433 65971 INFO tempest.lib.common.dynamic_creds [-] Deleting project and security group for project: b50ed836acfb40e69c009b26a84b524b
2025-12-08 20:31:44.458 65977 INFO tempest.lib.common.rest_client [req-5634545a-027b-483d-a68f-6fc36c7e1de3 req-5634545a-027b-483d-a68f-6fc36c7e1de3 ] Request (VolumesTestJSON:tearDownClass): 404 GET http://10.180.1.21/volume/v3/volumes/35e3db43-bcbf-442c-bece-f3628500efc4 0.020s
2025-12-08 20:31:44.466 65955 INFO tempest.lib.common.rest_client [req-961b0fcb-c94a-4ae4-9d90-c84e8946e7d5 req-961b0fcb-c94a-4ae4-9d90-c84e8946e7d5 ] Request (ListServerFiltersTestJSON:tearDownClass): 204 DELETE http://10.180.1.21/compute/v2.1/servers/794161e9-bfe8-4d5f-a734-72168d040099 0.107s
2025-12-08 20:31:44.509 65971 INFO tempest.lib.common.rest_client [req-c661a920-0a38-42ba-9c69-2dbbac2c5f54 req-c661a920-0a38-42ba-9c69-2dbbac2c5f54 ] Request (ServerShowV257Test:tearDownClass): 201 POST http://10.180.1.21/identity/v3/auth/tokens 0.074s
2025-12-08 20:31:44.573 65977 INFO tempest.lib.common.rest_client [req-2dd6cc8b-88bc-4f3d-9712-9abd9ef4e855 req-2dd6cc8b-88bc-4f3d-9712-9abd9ef4e855 ] Request (VolumesTestJSON:tearDownClass): 204 DELETE http://10.180.1.21/identity/v3/users/edf40278eeb54f038f52c6f99d72da84 0.114s
2025-12-08 20:31:44.573 65977 INFO tempest.lib.common.dynamic_creds [-] Deleting project and security group for project: d9ed5dadb2f040fba712c3e4d89201c9
2025-12-08 20:31:44.617 65957 INFO tempest.lib.common.rest_client [req-bd2801a0-3892-4627-b1f3-1b2d653d3987 req-bd2801a0-3892-4627-b1f3-1b2d653d3987 ] Request (TenantUsagesTestJSON:tearDownClass): 200 GET http://10.180.1.21/networking/v2.0/security-groups?tenant_id=d2e4ddf440864c749ec90e3ea43a4e70&name=default 0.283s
2025-12-08 20:31:44.649 65977 INFO tempest.lib.common.rest_client [req-e99ca40d-dcbc-469a-86b0-d08152da0062 req-e99ca40d-dcbc-469a-86b0-d08152da0062 ] Request (VolumesTestJSON:tearDownClass): 201 POST http://10.180.1.21/identity/v3/auth/tokens 0.075s
2025-12-08 20:31:44.694 65975 INFO tempest.lib.common.rest_client [req-d2d0edaa-365c-4862-9d64-dcd00ef2bdc0 req-d2d0edaa-365c-4862-9d64-dcd00ef2bdc0 ] Request (ServersV294TestFqdnHostnames:setUpClass): 200 GET http://10.180.1.21/compute/v2.1/servers/fb10f3f7-dea4-4e1d-9393-5a5c97f13dbe 0.308s
2025-12-08 20:31:44.857 65939 INFO tempest.lib.common.rest_client [req-5aac3958-2a97-46ba-ae72-ac50bd088597 req-5aac3958-2a97-46ba-ae72-ac50bd088597 ] Request (ServersAdmin275Test:tearDownClass): 200 GET http://10.180.1.21/networking/v2.0/security-groups?tenant_id=f4b64e65c159472dbec5d1b75f49c3e0&name=default 0.487s
2025-12-08 20:31:44.858 65971 INFO tempest.lib.common.rest_client [req-c934d908-7815-4ae9-881c-93fc83e1e83e req-c934d908-7815-4ae9-881c-93fc83e1e83e ] Request (ServerShowV257Test:tearDownClass): 200 GET http://10.180.1.21/networking/v2.0/security-groups?tenant_id=b50ed836acfb40e69c009b26a84b524b&name=default 0.348s
2025-12-08 20:31:44.949 65957 INFO tempest.lib.common.rest_client [req-2f3e6e9c-2262-4dee-a902-396f0cb8bd26 req-2f3e6e9c-2262-4dee-a902-396f0cb8bd26 ] Request (TenantUsagesTestJSON:tearDownClass): 204 DELETE http://10.180.1.21/networking/v2.0/security-groups/e3e1b068-5e24-4e56-86c1-e925acb19f5b 0.331s
2025-12-08 20:31:45.039 65957 INFO tempest.lib.common.rest_client [req-3be55622-ad95-4b14-8b60-5cbf9f8dd4f6 req-3be55622-ad95-4b14-8b60-5cbf9f8dd4f6 ] Request (TenantUsagesTestJSON:tearDownClass): 204 DELETE http://10.180.1.21/identity/v3/projects/d2e4ddf440864c749ec90e3ea43a4e70 0.089s
2025-12-08 20:31:45.039 65957 INFO tempest.lib.common.dynamic_creds [-] Deleting project and security group for project: a4e767a379e54b01812393aa72d8d36c
2025-12-08 20:31:45.084 65977 INFO tempest.lib.common.rest_client [req-cd996d15-79b0-4178-a1c6-052660c31984 req-cd996d15-79b0-4178-a1c6-052660c31984 ] Request (VolumesTestJSON:tearDownClass): 200 GET http://10.180.1.21/networking/v2.0/security-groups?tenant_id=d9ed5dadb2f040fba712c3e4d89201c9&name=default 0.434s
2025-12-08 20:31:45.117 65949 INFO tempest.lib.common.rest_client [req-efd28cfd-9f1e-4139-ab0c-5c674760b567 req-efd28cfd-9f1e-4139-ab0c-5c674760b567 ] Request (ListServersNegativeTestJSON:setUpClass): 200 GET http://10.180.1.21/compute/v2.1/servers/73f1f7d1-685b-4e6f-a58a-90a74d3514e5 0.743s
2025-12-08 20:31:45.125 65949 INFO tempest.common.waiters [-] State transition "BUILD/None" ==> "BUILD/networking" after 8 second wait
2025-12-08 20:31:45.130 65953 INFO tempest.lib.common.rest_client [req-ac1b0480-473a-4f71-98b5-6bd93b833f6b req-ac1b0480-473a-4f71-98b5-6bd93b833f6b ] Request (ServersTestJSON:test_create_server_specify_multibyte_character_name): 200 GET http://10.180.1.21/compute/v2.1/servers/16a70276-e055-43be-beb7-ef0bd7c05244 0.699s
2025-12-08 20:31:45.206 65971 INFO tempest.lib.common.rest_client [req-8e5b67d6-d35f-449f-bdec-201d5266dc43 req-8e5b67d6-d35f-449f-bdec-201d5266dc43 ] Request (ServerShowV257Test:tearDownClass): 204 DELETE http://10.180.1.21/networking/v2.0/security-groups/33436fff-0b11-43c3-83c0-fd08a476902f 0.348s
2025-12-08 20:31:45.303 65939 INFO tempest.lib.common.rest_client [req-5fa20a76-1f0c-4175-aca9-1b222b35f21e req-5fa20a76-1f0c-4175-aca9-1b222b35f21e ] Request (ServersAdmin275Test:tearDownClass): 204 DELETE http://10.180.1.21/networking/v2.0/security-groups/218d05e4-b907-4f90-ae8a-f4e6c8c13144 0.445s
2025-12-08 20:31:45.318 65971 INFO tempest.lib.common.rest_client [req-d722ae80-842e-45cb-bc6d-d5813417bf6d req-d722ae80-842e-45cb-bc6d-d5813417bf6d ] Request (ServerShowV257Test:tearDownClass): 204 DELETE http://10.180.1.21/identity/v3/projects/b50ed836acfb40e69c009b26a84b524b 0.111s
2025-12-08 20:31:45.322 65965 INFO tempest.lib.common.rest_client [req-e8f8bf66-6345-4749-ba1e-4f30ca739e77 req-e8f8bf66-6345-4749-ba1e-4f30ca739e77 ] Request (AttachVolumeTestJSON:test_attach_detach_volume): 200 GET http://10.180.1.21/volume/v3/volumes/dccffdfd-f9b2-4603-a0c2-ae9a93d99b20 0.040s
2025-12-08 20:31:45.331 65957 INFO tempest.lib.common.rest_client [req-e6a17666-2b4b-469a-af92-96f0ecca3253 req-e6a17666-2b4b-469a-af92-96f0ecca3253 ] Request (TenantUsagesTestJSON:tearDownClass): 200 GET http://10.180.1.21/networking/v2.0/security-groups?tenant_id=a4e767a379e54b01812393aa72d8d36c&name=default 0.291s
2025-12-08 20:31:45.404 65939 INFO tempest.lib.common.rest_client [req-3cfbad6d-311a-4935-9ac7-6f0f1e6a8d52 req-3cfbad6d-311a-4935-9ac7-6f0f1e6a8d52 ] Request (ServersAdmin275Test:tearDownClass): 204 DELETE http://10.180.1.21/identity/v3/projects/f4b64e65c159472dbec5d1b75f49c3e0 0.100s
2025-12-08 20:31:45.404 65939 INFO tempest.lib.common.dynamic_creds [-] Deleting project and security group for project: 2af184010cd54fdbae0cdb7b16ed363a
2025-12-08 20:31:45.419 65977 INFO tempest.lib.common.rest_client [req-49c071be-e422-4473-8123-75994be00f6c req-49c071be-e422-4473-8123-75994be00f6c ] Request (VolumesTestJSON:tearDownClass): 204 DELETE http://10.180.1.21/networking/v2.0/security-groups/06fbf8ce-2614-4c80-b75d-5f54901ce336 0.335s
2025-12-08 20:31:45.517 65977 INFO tempest.lib.common.rest_client [req-4941c804-ecd1-41e1-a2c2-3049be07fbea req-4941c804-ecd1-41e1-a2c2-3049be07fbea ] Request (VolumesTestJSON:tearDownClass): 204 DELETE http://10.180.1.21/identity/v3/projects/d9ed5dadb2f040fba712c3e4d89201c9 0.097s
2025-12-08 20:31:45.520 65969 INFO tempest.lib.common.rest_client [req-a6e04abe-b98e-43cc-9234-453c6bcd8eed req-a6e04abe-b98e-43cc-9234-453c6bcd8eed ] Request (AttachVolumeNegativeTest:test_attach_attached_volume_to_different_server): 200 GET http://10.180.1.21/compute/v2.1/servers/4b4572d6-e0b0-421b-b571-07293ba8f077 1.041s
2025-12-08 20:31:45.589 65977 INFO tempest.lib.common.rest_client [req-55b6db5a-05c9-4886-b9af-4fae09a38800 req-55b6db5a-05c9-4886-b9af-4fae09a38800 ] Request (VolumesNegativeTest:setUpClass): 201 POST http://10.180.1.21/identity/v3/auth/tokens 0.070s
2025-12-08 20:31:45.600 65957 INFO tempest.lib.common.rest_client [req-0162e894-7395-42c1-847e-7d020abab034 req-0162e894-7395-42c1-847e-7d020abab034 ] Request (TenantUsagesTestJSON:tearDownClass): 204 DELETE http://10.180.1.21/networking/v2.0/security-groups/659cfc74-cb4a-426f-9bcd-929a4a1c11b6 0.268s
2025-12-08 20:31:45.626 65977 INFO tempest.lib.common.rest_client [req-7cd74df1-0977-4720-9685-bffee0e0af31 req-7cd74df1-0977-4720-9685-bffee0e0af31 ] Request (VolumesNegativeTest:setUpClass): 201 POST http://10.180.1.21/identity/v3/auth/tokens 0.033s
2025-12-08 20:31:45.657 65977 INFO tempest.lib.common.rest_client [req-b7523a25-dfb6-4058-875d-3cb9a490b183 req-b7523a25-dfb6-4058-875d-3cb9a490b183 ] Request (VolumesNegativeTest:setUpClass): 200 GET http://10.180.1.21/identity/v3/domains?name=Default 0.031s
2025-12-08 20:31:45.687 65957 INFO tempest.lib.common.rest_client [req-40696e97-8793-489c-8c30-cc5cd5cd8e5f req-40696e97-8793-489c-8c30-cc5cd5cd8e5f ] Request (TenantUsagesTestJSON:tearDownClass): 204 DELETE http://10.180.1.21/identity/v3/projects/a4e767a379e54b01812393aa72d8d36c 0.087s
2025-12-08 20:31:45.719 65957 INFO tempest.lib.common.rest_client [req-3b8b38a0-34e7-4980-8647-f4dcc83adccb req-3b8b38a0-34e7-4980-8647-f4dcc83adccb ] Request (ImagesOneServerNegativeTestJSON:setUpClass): 201 POST http://10.180.1.21/identity/v3/auth/tokens 0.030s
2025-12-08 20:31:45.722 65939 INFO tempest.lib.common.rest_client [req-e6045623-91d6-43d1-9d75-2cf43414d402 req-e6045623-91d6-43d1-9d75-2cf43414d402 ] Request (ServersAdmin275Test:tearDownClass): 200 GET http://10.180.1.21/networking/v2.0/security-groups?tenant_id=2af184010cd54fdbae0cdb7b16ed363a&name=default 0.318s
2025-12-08 20:31:45.741 65977 INFO tempest.lib.common.rest_client [req-9d42365e-db26-4120-a281-033f72d30840 req-9d42365e-db26-4120-a281-033f72d30840 ] Request (VolumesNegativeTest:setUpClass): 201 POST http://10.180.1.21/identity/v3/projects 0.082s
2025-12-08 20:31:45.759 65955 INFO tempest.lib.common.rest_client [req-180723e7-6a2c-4d4d-adc1-8bf5e0a185c5 req-180723e7-6a2c-4d4d-adc1-8bf5e0a185c5 ] Request (ListServerFiltersTestJSON:tearDownClass): 200 GET http://10.180.1.21/compute/v2.1/servers/794161e9-bfe8-4d5f-a734-72168d040099 1.293s
2025-12-08 20:31:45.803 65957 INFO tempest.lib.common.rest_client [req-0dd8fa8d-28b1-4f6e-aca2-12f24ae7142a req-0dd8fa8d-28b1-4f6e-aca2-12f24ae7142a ] Request (ImagesOneServerNegativeTestJSON:setUpClass): 201 POST http://10.180.1.21/identity/v3/auth/tokens 0.081s
2025-12-08 20:31:45.826 65977 INFO tempest.lib.common.rest_client [req-f3a7b342-771f-4d08-aa0f-1e219036ce2b req-f3a7b342-771f-4d08-aa0f-1e219036ce2b ] Request (VolumesNegativeTest:setUpClass): 201 POST http://10.180.1.21/identity/v3/users 0.085s
2025-12-08 20:31:45.831 65957 INFO tempest.lib.common.rest_client [req-cbd1189a-d7ae-420f-ad69-00c8b131ee1c req-cbd1189a-d7ae-420f-ad69-00c8b131ee1c ] Request (ImagesOneServerNegativeTestJSON:setUpClass): 200 GET http://10.180.1.21/identity/v3/domains?name=Default 0.028s
2025-12-08 20:31:45.847 65977 INFO tempest.lib.common.rest_client [req-926a0273-0b5f-4fe8-bd9b-9590e6028d9d req-926a0273-0b5f-4fe8-bd9b-9590e6028d9d ] Request (VolumesNegativeTest:setUpClass): 200 GET http://10.180.1.21/identity/v3/roles 0.020s
2025-12-08 20:31:45.861 65957 INFO tempest.lib.common.rest_client [req-3ed696e3-f2bc-4cf5-a20d-009d4ef905a5 req-3ed696e3-f2bc-4cf5-a20d-009d4ef905a5 ] Request (ImagesOneServerNegativeTestJSON:setUpClass): 201 POST http://10.180.1.21/identity/v3/projects 0.029s
2025-12-08 20:31:45.879 65977 INFO tempest.lib.common.rest_client [req-4373b440-26c3-4105-b6e2-629426846b31 req-4373b440-26c3-4105-b6e2-629426846b31 ] Request (VolumesNegativeTest:setUpClass): 204 PUT http://10.180.1.21/identity/v3/projects/cf57c54a7e174883803683f82f314402/users/291bc54a6f9d4814bd975a90562e27ae/roles/9ba69a9cf90f477590887385fd164f3d 0.031s
2025-12-08 20:31:45.879 65977 INFO tempest.lib.common.dynamic_creds [-] Dynamic test user 291bc54a6f9d4814bd975a90562e27ae is created with scope project and roles: ['member']
2025-12-08 20:31:45.879 65977 INFO tempest.lib.common.dynamic_creds [-] Acquired dynamic creds: credentials: Credentials: {'domain_id': 'default', 'domain_name': 'Default', 'username': 'tempest-VolumesNegativeTest-1040247556-project-member', 'project_domain_id': 'default', 'project_domain_name': 'Default', 'project_id': 'cf57c54a7e174883803683f82f314402', 'project_name': 'tempest-VolumesNegativeTest-1040247556', 'tenant_id': 'cf57c54a7e174883803683f82f314402', 'tenant_name': 'tempest-VolumesNegativeTest-1040247556', 'user_domain_id': 'default', 'user_domain_name': 'Default', 'user_id': '291bc54a6f9d4814bd975a90562e27ae', 'system': None}, Network: None, Subnet: None, Router: None
2025-12-08 20:31:45.879 65977 INFO tempest.lib.common.dynamic_creds [-] Created isolated network resources for: credentials: Credentials: {'domain_id': 'default', 'domain_name': 'Default', 'username': 'tempest-VolumesNegativeTest-1040247556-project-member', 'project_domain_id': 'default', 'project_domain_name': 'Default', 'project_id': 'cf57c54a7e174883803683f82f314402', 'project_name': 'tempest-VolumesNegativeTest-1040247556', 'tenant_id': 'cf57c54a7e174883803683f82f314402', 'tenant_name': 'tempest-VolumesNegativeTest-1040247556', 'user_domain_id': 'default', 'user_domain_name': 'Default', 'user_id': '291bc54a6f9d4814bd975a90562e27ae', 'system': None}, Network: None, Subnet: None, Router: None
2025-12-08 20:31:45.901 66001 WARNING tempest.lib.common.ssh [-] Failed to establish authenticated ssh connection to cirros@10.180.180.228 ([Errno None] Unable to connect to port 22 on 10.180.180.228). Number attempts: 4. Retry after 5 seconds.: paramiko.ssh_exception.NoValidConnectionsError: [Errno None] Unable to connect to port 22 on 10.180.180.228
2025-12-08 20:31:45.936 65939 INFO tempest.lib.common.rest_client [req-337072a7-893e-441b-9e81-e0887c86ef93 req-337072a7-893e-441b-9e81-e0887c86ef93 ] Request (ServersAdmin275Test:tearDownClass): 204 DELETE http://10.180.1.21/networking/v2.0/security-groups/260b4db5-e186-4381-ad1e-721af11c2934 0.212s
2025-12-08 20:31:45.957 65957 INFO tempest.lib.common.rest_client [req-9e82ebbd-1a86-433c-8e98-5e864d55f59f req-9e82ebbd-1a86-433c-8e98-5e864d55f59f ] Request (ImagesOneServerNegativeTestJSON:setUpClass): 201 POST http://10.180.1.21/identity/v3/users 0.096s
2025-12-08 20:31:45.962 65967 INFO tempest.lib.common.rest_client [req-63ca6d53-8307-4c9e-a9c7-a2560d92b8da req-63ca6d53-8307-4c9e-a9c7-a2560d92b8da ] Request (SecurityGroupsTestJSON:test_server_security_groups): 200 GET http://10.180.1.21/compute/v2.1/servers/457ca1e8-370c-42a3-9cf5-917b5b2e4e85 1.413s
2025-12-08 20:31:45.966 65977 INFO tempest.lib.common.rest_client [req-9cc86d9c-84e2-4652-92ce-158d01fdd972 req-9cc86d9c-84e2-4652-92ce-158d01fdd972 ] Request (VolumesNegativeTest:setUpClass): 201 POST http://10.180.1.21/identity/v3/auth/tokens 0.076s
2025-12-08 20:31:45.988 65963 INFO tempest.lib.common.rest_client [req-c0bdf679-1ba2-4a60-9dfa-1334859f4dc8 req-c0bdf679-1ba2-4a60-9dfa-1334859f4dc8 ] Request (ServersAdminTestJSON:_run_cleanups): 200 GET http://10.180.1.21/compute/v2.1/servers/54ebaa2b-78aa-4184-98a1-33120261c8bd 1.485s
2025-12-08 20:31:45.988 65957 INFO tempest.lib.common.rest_client [req-637abd92-58f3-416b-b250-20353b41a0f3 req-637abd92-58f3-416b-b250-20353b41a0f3 ] Request (ImagesOneServerNegativeTestJSON:setUpClass): 200 GET http://10.180.1.21/identity/v3/roles 0.030s
2025-12-08 20:31:45.995 65963 INFO tempest.common.waiters [-] State transition "REBUILD/rebuilding" ==> "REBUILD/rebuild_spawning" after 4 second wait
2025-12-08 20:31:46.019 65957 INFO tempest.lib.common.rest_client [req-c49eee5b-e9f5-4dd2-9a78-efa11b475077 req-c49eee5b-e9f5-4dd2-9a78-efa11b475077 ] Request (ImagesOneServerNegativeTestJSON:setUpClass): 204 PUT http://10.180.1.21/identity/v3/projects/67dc1127844342d0b55ec9d5b987122f/users/1d66b2bda3bb4efc9fe1c39fe49942e1/roles/9ba69a9cf90f477590887385fd164f3d 0.030s
2025-12-08 20:31:46.019 65957 INFO tempest.lib.common.dynamic_creds [-] Dynamic test user 1d66b2bda3bb4efc9fe1c39fe49942e1 is created with scope project and roles: ['member']
2025-12-08 20:31:46.020 65957 INFO tempest.lib.common.dynamic_creds [-] Acquired dynamic creds: credentials: Credentials: {'domain_id': 'default', 'domain_name': 'Default', 'username': 'tempest-ImagesOneServerNegativeTestJSON-1997072381-project-member', 'project_domain_id': 'default', 'project_domain_name': 'Default', 'project_id': '67dc1127844342d0b55ec9d5b987122f', 'project_name': 'tempest-ImagesOneServerNegativeTestJSON-1997072381', 'tenant_id': '67dc1127844342d0b55ec9d5b987122f', 'tenant_name': 'tempest-ImagesOneServerNegativeTestJSON-1997072381', 'user_domain_id': 'default', 'user_domain_name': 'Default', 'user_id': '1d66b2bda3bb4efc9fe1c39fe49942e1', 'system': None}, Network: None, Subnet: None, Router: None
2025-12-08 20:31:46.051 65939 INFO tempest.lib.common.rest_client [req-da316a25-fb16-47b3-b3a5-653f76e019cd req-da316a25-fb16-47b3-b3a5-653f76e019cd ] Request (ServersAdmin275Test:tearDownClass): 204 DELETE http://10.180.1.21/identity/v3/projects/2af184010cd54fdbae0cdb7b16ed363a 0.115s
2025-12-08 20:31:46.081 65957 INFO tempest.lib.common.rest_client [req-eefeff7b-d7a1-4578-b7aa-1f402b3de440 req-eefeff7b-d7a1-4578-b7aa-1f402b3de440 ] Request (ImagesOneServerNegativeTestJSON:setUpClass): 201 POST http://10.180.1.21/identity/v3/auth/tokens 0.061s
2025-12-08 20:31:46.112 65939 INFO tempest.lib.common.rest_client [req-3dcd869d-d1fb-4dc4-8b2c-c255e213f94d req-3dcd869d-d1fb-4dc4-8b2c-c255e213f94d ] Request (ImagesOneServerTestJSON:setUpClass): 201 POST http://10.180.1.21/identity/v3/auth/tokens 0.059s
2025-12-08 20:31:46.141 65939 INFO tempest.lib.common.rest_client [req-fba74c1e-2cc7-4224-80af-1bf3634420c3 req-fba74c1e-2cc7-4224-80af-1bf3634420c3 ] Request (ImagesOneServerTestJSON:setUpClass): 201 POST http://10.180.1.21/identity/v3/auth/tokens 0.026s
2025-12-08 20:31:46.165 65939 INFO tempest.lib.common.rest_client [req-6f3a3028-caa4-401c-9819-21b27cde0179 req-6f3a3028-caa4-401c-9819-21b27cde0179 ] Request (ImagesOneServerTestJSON:setUpClass): 200 GET http://10.180.1.21/identity/v3/domains?name=Default 0.023s
2025-12-08 20:31:46.192 65939 INFO tempest.lib.common.rest_client [req-61561a53-862e-4b31-b07b-8b36b5cd25f8 req-61561a53-862e-4b31-b07b-8b36b5cd25f8 ] Request (ImagesOneServerTestJSON:setUpClass): 201 POST http://10.180.1.21/identity/v3/projects 0.026s
2025-12-08 20:31:46.252 65939 INFO tempest.lib.common.rest_client [req-7f498c9a-3384-4af5-94e8-05a7d4e4626c req-7f498c9a-3384-4af5-94e8-05a7d4e4626c ] Request (ImagesOneServerTestJSON:setUpClass): 201 POST http://10.180.1.21/identity/v3/users 0.060s
2025-12-08 20:31:46.275 65939 INFO tempest.lib.common.rest_client [req-139dd60a-6c82-470e-965a-19670f145627 req-139dd60a-6c82-470e-965a-19670f145627 ] Request (ImagesOneServerTestJSON:setUpClass): 200 GET http://10.180.1.21/identity/v3/roles 0.022s
2025-12-08 20:31:46.303 65939 INFO tempest.lib.common.rest_client [req-3f40d45e-7f99-49d9-8658-bb21ae783872 req-3f40d45e-7f99-49d9-8658-bb21ae783872 ] Request (ImagesOneServerTestJSON:setUpClass): 204 PUT http://10.180.1.21/identity/v3/projects/531a878fcc4e4afcae1a64de1e77a3b5/users/52fe952fd66e45dfb186627ce564277c/roles/9ba69a9cf90f477590887385fd164f3d 0.028s
2025-12-08 20:31:46.303 65939 INFO tempest.lib.common.dynamic_creds [-] Dynamic test user 52fe952fd66e45dfb186627ce564277c is created with scope project and roles: ['member']
