2025-12-08 20:29:23.772 65939 INFO tempest.lib.common.rest_client [req-d3939670-3197-4170-8464-13f5b56db229 req-d3939670-3197-4170-8464-13f5b56db229 ] Request (QuotasSecurityGroupAdminNegativeTest:setUpClass): 204 PUT http://10.180.1.21/identity/v3/projects/8c8a98c3ed6b4df5b9ecc0d56372f976/users/f4319685cb274305a5ea58b10079a78c/roles/5f0ffcb9134c4f86aeb1789db53e7327 0.030s
2025-12-08 20:29:23.773 65963 INFO tempest.lib.common.rest_client [req-6b3a331d-f3fe-4905-a860-53b2ec387c6d req-6b3a331d-f3fe-4905-a860-53b2ec387c6d ] Request (ServersAdminTestJSON:test_create_server_with_scheduling_hint): 200 GET http://10.180.1.21/compute/v2.1/servers/af87dee8-378b-40cf-b251-751855094679 1.897s
2025-12-08 20:29:23.782 65963 INFO tempest.common.waiters [-] State transition "BUILD/scheduling" ==> "BUILD/None" after 3 second wait
2025-12-08 20:29:23.793 65953 INFO tempest.lib.common.rest_client [req-35f82b3e-4bc1-488f-b393-9b830da45071 req-35f82b3e-4bc1-488f-b393-9b830da45071 ] Request (FlavorsAdminTestJSON:test_is_public_string_variations): 200 GET http://10.180.1.21/compute/v2.1/flavors/detail?is_public=false 1.610s
2025-12-08 20:29:23.803 65957 INFO tempest.lib.common.rest_client [req-7279f1fa-d3b9-4264-a09b-cfd852eb54df req-7279f1fa-d3b9-4264-a09b-cfd852eb54df ] Request (AggregatesAdminNegativeTestJSON:test_aggregate_list_as_user): 403 GET http://10.180.1.21/compute/v2.1/os-aggregates 1.608s
2025-12-08 20:29:23.841 65939 INFO tempest.lib.common.rest_client [req-86bcd158-d276-4abf-8378-37bd05a2772c req-86bcd158-d276-4abf-8378-37bd05a2772c ] Request (QuotasSecurityGroupAdminNegativeTest:setUpClass): 200 GET http://10.180.1.21/identity/v3/roles 0.069s
2025-12-08 20:29:23.858 65939 INFO tempest.lib.common.rest_client [req-56144a3d-1c9b-4852-84bb-fb4103b37b63 req-56144a3d-1c9b-4852-84bb-fb4103b37b63 ] Request (QuotasSecurityGroupAdminNegativeTest:setUpClass): 204 PUT http://10.180.1.21/identity/v3/projects/8c8a98c3ed6b4df5b9ecc0d56372f976/users/f4319685cb274305a5ea58b10079a78c/roles/5f0ffcb9134c4f86aeb1789db53e7327 0.016s
2025-12-08 20:29:23.858 65939 INFO tempest.lib.common.dynamic_creds [-] Dynamic test user f4319685cb274305a5ea58b10079a78c is created with scope project and roles: ['admin']
2025-12-08 20:29:23.858 65939 INFO tempest.lib.common.dynamic_creds [-] Acquired dynamic creds: credentials: Credentials: {'domain_id': 'default', 'domain_name': 'Default', 'username': 'tempest-QuotasSecurityGroupAdminNegativeTest-293963818-project-admin', 'project_domain_id': 'default', 'project_domain_name': 'Default', 'project_id': '8c8a98c3ed6b4df5b9ecc0d56372f976', 'project_name': 'tempest-QuotasSecurityGroupAdminNegativeTest-293963818', 'tenant_id': '8c8a98c3ed6b4df5b9ecc0d56372f976', 'tenant_name': 'tempest-QuotasSecurityGroupAdminNegativeTest-293963818', 'user_domain_id': 'default', 'user_domain_name': 'Default', 'user_id': 'f4319685cb274305a5ea58b10079a78c', 'system': None}, Network: None, Subnet: None, Router: None
2025-12-08 20:29:23.859 65939 INFO tempest.lib.common.dynamic_creds [-] Created isolated network resources for: credentials: Credentials: {'domain_id': 'default', 'domain_name': 'Default', 'username': 'tempest-QuotasSecurityGroupAdminNegativeTest-293963818-project-admin', 'project_domain_id': 'default', 'project_domain_name': 'Default', 'project_id': '8c8a98c3ed6b4df5b9ecc0d56372f976', 'project_name': 'tempest-QuotasSecurityGroupAdminNegativeTest-293963818', 'tenant_id': '8c8a98c3ed6b4df5b9ecc0d56372f976', 'tenant_name': 'tempest-QuotasSecurityGroupAdminNegativeTest-293963818', 'user_domain_id': 'default', 'user_domain_name': 'Default', 'user_id': 'f4319685cb274305a5ea58b10079a78c', 'system': None}, Network: None, Subnet: None, Router: None
2025-12-08 20:29:23.933 65939 INFO tempest.lib.common.rest_client [req-22f4ca60-9aab-45b5-9da1-43349e76ddc1 req-22f4ca60-9aab-45b5-9da1-43349e76ddc1 ] Request (QuotasSecurityGroupAdminNegativeTest:setUpClass): 201 POST http://10.180.1.21/identity/v3/auth/tokens 0.071s
2025-12-08 20:29:23.933 65939 WARNING tempest.lib.common.rest_client [-] Deprecated: "tenant_id" property is deprecated for removal, use "project_id" instead
2025-12-08 20:29:24.037 65992 INFO tempest.lib.common.rest_client [req-1a2fdf33-082f-4a82-aaa2-ff5a4567026f req-1a2fdf33-082f-4a82-aaa2-ff5a4567026f ] Request (InstanceActionsV221TestJSON:test_get_list_deleted_instance_actions): 200 GET http://10.180.1.21/compute/v2.1/servers/35e20093-84b9-4874-b757-a6ddd04a70c7 1.934s
2025-12-08 20:29:24.063 65939 INFO tempest.lib.common.rest_client [req-2ec579ae-33bb-469b-b923-3d12a255dfd4 req-2ec579ae-33bb-469b-b923-3d12a255dfd4 ] Request (QuotasSecurityGroupAdminNegativeTest:tearDownClass): 204 DELETE http://10.180.1.21/identity/v3/users/2e4d471edcfb40ad807f6b46f386b53f 0.127s
2025-12-08 20:29:24.082 65967 INFO tempest.lib.common.rest_client [req-dcb6839c-0c9a-40d8-9ce7-1ef696bb16d0 req-dcb6839c-0c9a-40d8-9ce7-1ef696bb16d0 ] Request (ServerExternalEventsTest:tearDownClass): 200 GET http://10.180.1.21/compute/v2.1/servers/f3f10fd1-2e5e-4d71-b1ce-450fe5742ae6 1.586s
2025-12-08 20:29:24.121 65941 INFO tempest.lib.common.rest_client [req-9b8227f8-b09c-42cf-91bb-61de8ab1fe71 req-9b8227f8-b09c-42cf-91bb-61de8ab1fe71 ] Request (VolumesAssistedSnapshotsTest:_run_cleanups): 200 GET http://10.180.1.21/compute/v2.1/servers/c7004a43-a2f5-436c-a63e-01bf04a4124b/os-volume_attachments 1.210s
2025-12-08 20:29:24.163 65941 INFO tempest.lib.common.rest_client [req-1e24a9ba-a164-4197-be6d-b6182f40ce4b req-1e24a9ba-a164-4197-be6d-b6182f40ce4b ] Request (VolumesAssistedSnapshotsTest:_run_cleanups): 200 GET http://10.180.1.21/volume/v3/volumes/3b566ba4-b085-4577-bb0b-5f9131d1ac1c 0.041s
2025-12-08 20:29:24.170 65941 INFO tempest.common.waiters [-] volume 3b566ba4-b085-4577-bb0b-5f9131d1ac1c reached available after waiting for 0.170281 seconds
2025-12-08 20:29:24.178 65955 INFO tempest.lib.common.rest_client [req-2bead09c-6d4a-462d-a677-3c3f1012514e req-2bead09c-6d4a-462d-a677-3c3f1012514e ] Request (ListServerFiltersTestJSON:test_list_servers_filter_by_shutoff_status): 202 POST http://10.180.1.21/compute/v2.1/servers/794161e9-bfe8-4d5f-a734-72168d040099/action 1.228s
2025-12-08 20:29:24.187 65943 INFO tempest.lib.common.rest_client [req-f54b11da-634b-4bee-868f-a4fbe961c0c6 req-f54b11da-634b-4bee-868f-a4fbe961c0c6 ] Request (ServersNegativeTestJSON:setUpClass): 200 GET http://10.180.1.21/compute/v2.1/servers/dac3b886-44d3-4a6a-a705-797dd1560847 1.304s
2025-12-08 20:29:24.187 65939 INFO tempest.lib.common.rest_client [req-bd654e15-8446-4cf7-9c35-33f3575a4411 req-bd654e15-8446-4cf7-9c35-33f3575a4411 ] Request (QuotasSecurityGroupAdminNegativeTest:tearDownClass): 204 DELETE http://10.180.1.21/identity/v3/users/f4319685cb274305a5ea58b10079a78c 0.123s
2025-12-08 20:29:24.188 65939 INFO tempest.lib.common.dynamic_creds [-] Deleting project and security group for project: 087f07d15f194189a63529e2a550bb24
2025-12-08 20:29:24.210 65989 INFO tempest.lib.common.rest_client [req-4b257244-3e59-4c7c-a0bc-f81d49fb3244 req-4b257244-3e59-4c7c-a0bc-f81d49fb3244 ] Request (ServicesAdminNegativeV253TestJSON:test_get_service_by_invalid_params): 200 GET http://10.180.1.21/compute/v2.1/os-services?xxx=nova-compute 1.202s
2025-12-08 20:29:24.228 65971 INFO tempest.lib.common.rest_client [req-e178332e-6c2c-4576-ae1a-35b5dcfd0a98 req-e178332e-6c2c-4576-ae1a-35b5dcfd0a98 ] Request (KeyPairsNegativeTestJSON:test_create_keypair_with_duplicate_name): 202 DELETE http://10.180.1.21/compute/v2.1/os-keypairs/tempest-keypair-1655383526 1.184s
2025-12-08 20:29:24.231 65941 INFO tempest.lib.common.rest_client [req-508e2841-1743-47f6-b57e-16b5f82b6889 req-508e2841-1743-47f6-b57e-16b5f82b6889 ] Request (VolumesAssistedSnapshotsTest:_run_cleanups): 202 DELETE http://10.180.1.21/volume/v3/volumes/3b566ba4-b085-4577-bb0b-5f9131d1ac1c 0.061s
2025-12-08 20:29:24.270 65945 INFO tempest.lib.common.rest_client [req-0db78293-498c-4f88-b9d0-23f7def8544f req-0db78293-498c-4f88-b9d0-23f7def8544f ] Request (MigrationsAdminTest:test_list_migrations_in_flavor_resize_situation): 200 POST http://10.180.1.21/compute/v2.1/os-keypairs 1.123s
2025-12-08 20:29:24.276 65985 INFO tempest.lib.common.rest_client [req-ee6fede1-6b7c-4260-9e42-b6831af87a8d req-ee6fede1-6b7c-4260-9e42-b6831af87a8d ] Request (MultipleCreateNegativeTestJSON:test_min_count_less_than_one): 400 POST http://10.180.1.21/compute/v2.1/servers 1.031s
2025-12-08 20:29:24.281 65941 INFO tempest.lib.common.rest_client [req-321846ed-4a32-4b73-b8ae-d726b6efc946 req-321846ed-4a32-4b73-b8ae-d726b6efc946 ] Request (VolumesAssistedSnapshotsTest:_run_cleanups): 200 GET http://10.180.1.21/volume/v3/volumes/3b566ba4-b085-4577-bb0b-5f9131d1ac1c 0.048s
2025-12-08 20:29:24.294 65939 INFO tempest.lib.common.rest_client [req-cd93e2d3-0f7a-4fb4-92ce-0ddc30f7f0da req-cd93e2d3-0f7a-4fb4-92ce-0ddc30f7f0da ] Request (QuotasSecurityGroupAdminNegativeTest:tearDownClass): 201 POST http://10.180.1.21/identity/v3/auth/tokens 0.106s
2025-12-08 20:29:24.308 65981 INFO tempest.lib.common.rest_client [req-8b362e8e-188b-45d7-9ba2-082545ade3bd req-8b362e8e-188b-45d7-9ba2-082545ade3bd ] Request (FloatingIPsAssociationTestJSON:_run_cleanups): 204 DELETE http://10.180.1.21/compute/v2.1/servers/dea33f82-7357-4e47-840f-e660982ba11d 1.327s
2025-12-08 20:29:24.349 65985 INFO tempest.lib.common.rest_client [req-ebd4a0ad-fec9-401f-87ce-1bf5eb1795a1 req-ebd4a0ad-fec9-401f-87ce-1bf5eb1795a1 ] Request (MultipleCreateNegativeTestJSON:test_min_count_non_integer): 201 POST http://10.180.1.21/identity/v3/auth/tokens 0.067s
2025-12-08 20:29:24.350 65985 INFO tempest.lib.common.fixed_network [-] (MultipleCreateNegativeTestJSON:test_min_count_non_integer) Found network None available for tenant
2025-12-08 20:29:24.483 65945 INFO tempest.lib.common.rest_client [req-960b0696-898a-4e36-a46d-d4d2a4b84348 req-960b0696-898a-4e36-a46d-d4d2a4b84348 ] Request (MigrationsAdminTest:test_list_migrations_in_flavor_resize_situation): 201 POST http://10.180.1.21/networking/v2.0/security-groups 0.211s
2025-12-08 20:29:24.787 65959 INFO tempest.lib.common.rest_client [req-6d3c0d9e-ddd5-4cfc-8f44-fb4185d6da6a req-6d3c0d9e-ddd5-4cfc-8f44-fb4185d6da6a ] Request (ImagesTestJSON:test_create_image_from_suspended_server): 202 POST http://10.180.1.21/compute/v2.1/servers/6269722c-5d6e-4d53-a691-c646203a8ea8/action 1.240s
2025-12-08 20:29:25.066 65939 INFO tempest.lib.common.rest_client [req-f62fe08c-9f9c-4953-b853-71eae4373a58 req-f62fe08c-9f9c-4953-b853-71eae4373a58 ] Request (QuotasSecurityGroupAdminNegativeTest:tearDownClass): 200 GET http://10.180.1.21/networking/v2.0/security-groups?tenant_id=087f07d15f194189a63529e2a550bb24&name=default 0.771s
2025-12-08 20:29:25.120 65997 INFO tempest.lib.common.rest_client [req-3b2f85ff-f75f-49d9-9578-96e96db44194 req-3b2f85ff-f75f-49d9-9578-96e96db44194 ] Request (ServersAdminNegativeTestJSON:test_migrate_server_invalid_state): 200 GET http://10.180.1.21/compute/v2.1/servers/09d3d21a-16c0-45c8-a2d2-28402cc5f6a6 1.701s
2025-12-08 20:29:25.141 65953 INFO tempest.lib.common.rest_client [req-838350ef-dcd7-4a64-9102-8a1a0e75522d req-838350ef-dcd7-4a64-9102-8a1a0e75522d ] Request (FlavorsAdminTestJSON:test_is_public_string_variations): 200 GET http://10.180.1.21/compute/v2.1/flavors/detail?is_public=no 1.344s
2025-12-08 20:29:25.196 65957 INFO tempest.lib.common.rest_client [req-8158de21-d4d0-4d27-a235-ade03fba9e4e req-8158de21-d4d0-4d27-a235-ade03fba9e4e ] Request (AggregatesAdminNegativeTestJSON:test_aggregate_remove_host_as_user): 200 POST http://10.180.1.21/compute/v2.1/os-aggregates 1.391s
2025-12-08 20:29:25.273 65945 INFO tempest.lib.common.rest_client [req-a040a7db-7653-42f8-9437-3c6ccfde8cd3 req-a040a7db-7653-42f8-9437-3c6ccfde8cd3 ] Request (MigrationsAdminTest:test_list_migrations_in_flavor_resize_situation): 201 POST http://10.180.1.21/networking/v2.0/security-group-rules 0.789s
2025-12-08 20:29:25.312 66001 INFO tempest.lib.common.rest_client [req-d73e2262-9c46-4150-846b-992c1e7e5f69 req-d73e2262-9c46-4150-846b-992c1e7e5f69 ] Request (SecurityGroupRulesTestJSON:test_security_group_rules_create_with_optional_group_id): 200 POST http://10.180.1.21/compute/v2.1/os-security-groups 1.606s
2025-12-08 20:29:25.328 65941 INFO tempest.lib.common.rest_client [req-1850909e-d08e-44f0-bb51-497ceb010514 req-1850909e-d08e-44f0-bb51-497ceb010514 ] Request (VolumesAssistedSnapshotsTest:_run_cleanups): 200 GET http://10.180.1.21/volume/v3/volumes/3b566ba4-b085-4577-bb0b-5f9131d1ac1c 0.033s
2025-12-08 20:29:25.414 65939 INFO tempest.lib.common.rest_client [req-3209e1d3-a7c3-44ed-b9fa-0565052c1fcc req-3209e1d3-a7c3-44ed-b9fa-0565052c1fcc ] Request (QuotasSecurityGroupAdminNegativeTest:tearDownClass): 204 DELETE http://10.180.1.21/networking/v2.0/security-groups/1f3a6894-07fa-4369-ab48-e3df5b0ceb3d 0.347s
2025-12-08 20:29:25.500 65939 INFO tempest.lib.common.rest_client [req-094f19af-58c0-4f5f-8124-3713a2d7ffac req-094f19af-58c0-4f5f-8124-3713a2d7ffac ] Request (QuotasSecurityGroupAdminNegativeTest:tearDownClass): 204 DELETE http://10.180.1.21/identity/v3/projects/087f07d15f194189a63529e2a550bb24 0.085s
2025-12-08 20:29:25.500 65939 INFO tempest.lib.common.dynamic_creds [-] Deleting project and security group for project: 8c8a98c3ed6b4df5b9ecc0d56372f976
2025-12-08 20:29:25.564 65945 INFO tempest.lib.common.rest_client [req-58dc5933-5183-4089-bfdc-6f887e1ea625 req-58dc5933-5183-4089-bfdc-6f887e1ea625 ] Request (MigrationsAdminTest:test_list_migrations_in_flavor_resize_situation): 201 POST http://10.180.1.21/networking/v2.0/security-group-rules 0.291s
2025-12-08 20:29:25.719 65969 INFO tempest.lib.common.rest_client [req-e9be30e8-10ad-4b28-be55-66fc771ee1b2 req-e9be30e8-10ad-4b28-be55-66fc771ee1b2 ] Request (FloatingIPsAssociationNegativeTestJSON:setUpClass): 200 GET http://10.180.1.21/compute/v2.1/servers/8da3bc0c-45ea-4355-a692-42078add58fd 1.864s
2025-12-08 20:29:25.726 65969 INFO tempest.common.waiters [-] State transition "BUILD/spawning" ==> "ACTIVE/None" after 29 second wait
2025-12-08 20:29:25.854 65939 INFO tempest.lib.common.rest_client [req-4c79ce81-094a-4a20-aaf1-95b1e2dd589e req-4c79ce81-094a-4a20-aaf1-95b1e2dd589e ] Request (QuotasSecurityGroupAdminNegativeTest:tearDownClass): 200 GET http://10.180.1.21/networking/v2.0/security-groups?tenant_id=8c8a98c3ed6b4df5b9ecc0d56372f976&name=default 0.354s
2025-12-08 20:29:25.904 65949 INFO tempest.lib.common.rest_client [req-50487160-e3b1-4059-b271-3821305fd2c3 req-50487160-e3b1-4059-b271-3821305fd2c3 ] Request (AttachInterfacesV270Test:test_create_get_list_interfaces): 200 GET http://10.180.1.21/compute/v2.1/servers/53b2f129-f649-41e3-97d6-468184b686fd 1.750s
2025-12-08 20:29:25.919 65949 INFO tempest.common.waiters [-] State transition "BUILD/networking" ==> "BUILD/spawning" after 16 second wait
2025-12-08 20:29:25.936 65989 INFO tempest.lib.common.rest_client [req-4c109045-1b13-4f50-94c7-1a2f507e402c req-4c109045-1b13-4f50-94c7-1a2f507e402c ] Request (ServicesAdminNegativeV253TestJSON:test_get_service_by_invalid_service_and_valid_host): 200 GET http://10.180.1.21/compute/v2.1/os-services 1.720s
2025-12-08 20:29:26.067 65939 INFO tempest.lib.common.rest_client [req-d1167ae6-fbca-46f7-9f48-270ddefc3697 req-d1167ae6-fbca-46f7-9f48-270ddefc3697 ] Request (QuotasSecurityGroupAdminNegativeTest:tearDownClass): 204 DELETE http://10.180.1.21/networking/v2.0/security-groups/bdbd8f2d-b51f-4635-ab56-23f1f15800fd 0.212s
2025-12-08 20:29:26.159 65955 INFO tempest.lib.common.rest_client [req-7c62ec2f-bd91-4084-8799-dbdd5f5c5665 req-7c62ec2f-bd91-4084-8799-dbdd5f5c5665 ] Request (ListServerFiltersTestJSON:test_list_servers_filter_by_shutoff_status): 200 GET http://10.180.1.21/compute/v2.1/servers/794161e9-bfe8-4d5f-a734-72168d040099 1.981s
2025-12-08 20:29:26.169 65979 INFO tempest.lib.common.rest_client [req-d1fb8406-2c8d-45a4-ac62-75317fbe222a req-d1fb8406-2c8d-45a4-ac62-75317fbe222a ] Request (ListImageFiltersTestJSON:setUpClass): 200 GET http://10.180.1.21/compute/v2.1/servers/cb052486-9b99-41df-8fd0-7e72366ae9dd 1.952s
2025-12-08 20:29:26.176 65971 INFO tempest.lib.common.rest_client [req-bbf11128-be0e-42d3-80e4-3f5277e26fc8 req-bbf11128-be0e-42d3-80e4-3f5277e26fc8 ] Request (KeyPairsNegativeTestJSON:test_create_keypair_with_empty_name_string): 400 POST http://10.180.1.21/compute/v2.1/os-keypairs 1.946s
2025-12-08 20:29:26.222 65939 INFO tempest.lib.common.rest_client [req-255ef3e5-38ba-4ec7-8b6b-0dd732b6c5ad req-255ef3e5-38ba-4ec7-8b6b-0dd732b6c5ad ] Request (QuotasSecurityGroupAdminNegativeTest:tearDownClass): 204 DELETE http://10.180.1.21/identity/v3/projects/8c8a98c3ed6b4df5b9ecc0d56372f976 0.154s
2025-12-08 20:29:26.265 65977 INFO tempest.lib.common.rest_client [req-e38ea26c-7770-4242-83aa-4100e0bb0866 req-e38ea26c-7770-4242-83aa-4100e0bb0866 ] Request (ServerRescueTestJSONUnderV235:tearDownClass): 200 GET http://10.180.1.21/compute/v2.1/servers/8b8c2c6b-9db8-4d95-addc-ad22a61cbe00 2.035s
2025-12-08 20:29:26.284 65939 INFO tempest.lib.common.rest_client [req-ef96231d-41f1-4128-8958-7a2b610593d8 req-ef96231d-41f1-4128-8958-7a2b610593d8 ] Request (ServersAdmin275Test:setUpClass): 201 POST http://10.180.1.21/identity/v3/auth/tokens 0.060s
2025-12-08 20:29:26.285 65945 INFO tempest.lib.common.rest_client [req-a73f32c1-ab9e-4f2a-81f5-b677f2e48d13 req-a73f32c1-ab9e-4f2a-81f5-b677f2e48d13 ] Request (MigrationsAdminTest:test_list_migrations_in_flavor_resize_situation): 201 POST http://10.180.1.21/networking/v2.0/floatingips 0.721s
2025-12-08 20:29:26.321 65939 INFO tempest.lib.common.rest_client [req-c7eb64c6-69d2-4ee7-97f5-abf7e297c85d req-c7eb64c6-69d2-4ee7-97f5-abf7e297c85d ] Request (ServersAdmin275Test:setUpClass): 201 POST http://10.180.1.21/identity/v3/auth/tokens 0.034s
2025-12-08 20:29:26.336 65961 INFO tempest.lib.common.rest_client [req-e6667140-323a-4cd4-b207-8293f7eab078 req-e6667140-323a-4cd4-b207-8293f7eab078 ] Request (ServerAddressesTestJSON:tearDownClass): 200 GET http://10.180.1.21/compute/v2.1/servers/f1a19e56-3c89-451a-828e-eaa8d39da797 2.022s
2025-12-08 20:29:26.359 65941 INFO tempest.lib.common.rest_client [req-ba01a80c-8ca5-412f-9546-b8b514842681 req-ba01a80c-8ca5-412f-9546-b8b514842681 ] Request (VolumesAssistedSnapshotsTest:_run_cleanups): 404 GET http://10.180.1.21/volume/v3/volumes/3b566ba4-b085-4577-bb0b-5f9131d1ac1c 0.021s
2025-12-08 20:29:26.376 65939 INFO tempest.lib.common.rest_client [req-ebb1fa0f-33f3-42b2-a2ee-df3552f84fec req-ebb1fa0f-33f3-42b2-a2ee-df3552f84fec ] Request (ServersAdmin275Test:setUpClass): 200 GET http://10.180.1.21/identity/v3/domains?name=Default 0.054s
2025-12-08 20:29:26.409 65951 INFO tempest.lib.common.rest_client [req-04c39829-0acf-4667-b3ed-9179603a885d req-04c39829-0acf-4667-b3ed-9179603a885d ] Request (AttachVolumeShelveTestJSON:test_attach_volume_shelved_or_offload_server): 200 GET http://10.180.1.21/compute/v2.1/servers/98b66f73-4134-498d-a536-2f54c5426488 2.081s
2025-12-08 20:29:26.410 65939 INFO tempest.lib.common.rest_client [req-0315f407-fb9d-4c36-919e-ffccf7b115d5 req-0315f407-fb9d-4c36-919e-ffccf7b115d5 ] Request (ServersAdmin275Test:setUpClass): 201 POST http://10.180.1.21/identity/v3/projects 0.034s
2025-12-08 20:29:26.419 65985 INFO tempest.lib.common.rest_client [req-57b49f82-021f-420f-9f57-eecc5569749f req-57b49f82-021f-420f-9f57-eecc5569749f ] Request (MultipleCreateNegativeTestJSON:test_min_count_non_integer): 400 POST http://10.180.1.21/compute/v2.1/servers 2.069s
2025-12-08 20:29:26.487 65965 INFO tempest.lib.common.rest_client [req-47948fda-de08-4d78-b16c-9a87d29615f3 req-47948fda-de08-4d78-b16c-9a87d29615f3 ] Request (ServerAddressesNegativeTestJSON:tearDownClass): 200 GET http://10.180.1.21/compute/v2.1/servers/e656c5bd-993a-459d-96fe-441843b174af 2.103s
2025-12-08 20:29:26.490 65939 INFO tempest.lib.common.rest_client [req-9f0f6fc8-3363-463e-9049-9e522e4c3d72 req-9f0f6fc8-3363-463e-9049-9e522e4c3d72 ] Request (ServersAdmin275Test:setUpClass): 201 POST http://10.180.1.21/identity/v3/users 0.079s
2025-12-08 20:29:26.510 65973 INFO tempest.lib.common.rest_client [req-0791163a-a7fb-4133-847f-2b039ac2f451 req-0791163a-a7fb-4133-847f-2b039ac2f451 ] Request (ServersTestMultiNic:_run_cleanups): 404 GET http://10.180.1.21/compute/v2.1/servers/d5b2edcf-30c4-40cd-b4ff-043e5e3b3383 1.983s
2025-12-08 20:29:26.514 65939 INFO tempest.lib.common.rest_client [req-786d207e-4943-425e-967c-ba6fc3209ef9 req-786d207e-4943-425e-967c-ba6fc3209ef9 ] Request (ServersAdmin275Test:setUpClass): 200 GET http://10.180.1.21/identity/v3/roles 0.023s
2025-12-08 20:29:26.551 65985 INFO tempest.lib.common.rest_client [req-6154230a-b0a0-4ffd-bee1-13be75737bc2 req-6154230a-b0a0-4ffd-bee1-13be75737bc2 ] Request (MultipleCreateNegativeTestJSON:tearDownClass): 204 DELETE http://10.180.1.21/identity/v3/users/939c6524c6e84f2993d164698a7026a6 0.128s
2025-12-08 20:29:26.551 65985 INFO tempest.lib.common.dynamic_creds [-] Deleting project and security group for project: fdd902638fdc4f85bdb8214d1bb4a42d
2025-12-08 20:29:26.576 65939 INFO tempest.lib.common.rest_client [req-03d4b2c8-26c7-4116-8de9-d9684dcd9ccd req-03d4b2c8-26c7-4116-8de9-d9684dcd9ccd ] Request (ServersAdmin275Test:setUpClass): 204 PUT http://10.180.1.21/identity/v3/projects/f4b64e65c159472dbec5d1b75f49c3e0/users/cdfaa9ba12ae4e0a92fb1c7720bd2be0/roles/9ba69a9cf90f477590887385fd164f3d 0.061s
2025-12-08 20:29:26.576 65939 INFO tempest.lib.common.dynamic_creds [-] Dynamic test user cdfaa9ba12ae4e0a92fb1c7720bd2be0 is created with scope project and roles: ['member']
2025-12-08 20:29:26.576 65939 INFO tempest.lib.common.dynamic_creds [-] Acquired dynamic creds: credentials: Credentials: {'domain_id': 'default', 'domain_name': 'Default', 'username': 'tempest-ServersAdmin275Test-83161851-project-member', 'project_domain_id': 'default', 'project_domain_name': 'Default', 'project_id': 'f4b64e65c159472dbec5d1b75f49c3e0', 'project_name': 'tempest-ServersAdmin275Test-83161851', 'tenant_id': 'f4b64e65c159472dbec5d1b75f49c3e0', 'tenant_name': 'tempest-ServersAdmin275Test-83161851', 'user_domain_id': 'default', 'user_domain_name': 'Default', 'user_id': 'cdfaa9ba12ae4e0a92fb1c7720bd2be0', 'system': None}, Network: None, Subnet: None, Router: None
2025-12-08 20:29:26.576 65939 INFO tempest.lib.common.dynamic_creds [-] Created isolated network resources for: credentials: Credentials: {'domain_id': 'default', 'domain_name': 'Default', 'username': 'tempest-ServersAdmin275Test-83161851-project-member', 'project_domain_id': 'default', 'project_domain_name': 'Default', 'project_id': 'f4b64e65c159472dbec5d1b75f49c3e0', 'project_name': 'tempest-ServersAdmin275Test-83161851', 'tenant_id': 'f4b64e65c159472dbec5d1b75f49c3e0', 'tenant_name': 'tempest-ServersAdmin275Test-83161851', 'user_domain_id': 'default', 'user_domain_name': 'Default', 'user_id': 'cdfaa9ba12ae4e0a92fb1c7720bd2be0', 'system': None}, Network: None, Subnet: None, Router: None
2025-12-08 20:29:26.621 65985 INFO tempest.lib.common.rest_client [req-8b6c6e6e-ce0d-484a-a20a-e2ae1b9f0cd8 req-8b6c6e6e-ce0d-484a-a20a-e2ae1b9f0cd8 ] Request (MultipleCreateNegativeTestJSON:tearDownClass): 201 POST http://10.180.1.21/identity/v3/auth/tokens 0.069s
2025-12-08 20:29:26.658 65939 INFO tempest.lib.common.rest_client [req-043068e1-8027-4ab6-8b47-a110950cdada req-043068e1-8027-4ab6-8b47-a110950cdada ] Request (ServersAdmin275Test:setUpClass): 201 POST http://10.180.1.21/identity/v3/auth/tokens 0.078s
2025-12-08 20:29:26.681 66003 WARNING tempest.lib.common.ssh [-] Failed to establish authenticated ssh connection to cirros@10.180.180.143 ([Errno None] Unable to connect to port 22 on 10.180.180.143). Number attempts: 5. Retry after 6 seconds.: paramiko.ssh_exception.NoValidConnectionsError: [Errno None] Unable to connect to port 22 on 10.180.180.143
2025-12-08 20:29:26.704 65939 INFO tempest.lib.common.rest_client [req-4fcfaae6-f39a-4ea1-9a4a-f4a9df6cf834 req-4fcfaae6-f39a-4ea1-9a4a-f4a9df6cf834 ] Request (ServersAdmin275Test:setUpClass): 201 POST http://10.180.1.21/identity/v3/projects 0.045s
2025-12-08 20:29:26.742 65973 INFO tempest.lib.common.rest_client [req-be8cbc17-5d34-47b1-947f-370af9ce05b8 req-be8cbc17-5d34-47b1-947f-370af9ce05b8 ] Request (ServersTestMultiNic:_run_cleanups): 204 DELETE http://10.180.1.21/networking/v2.0/subnets/e7b814c3-7196-4120-833c-3ca90f6f859d 0.231s
2025-12-08 20:29:26.751 65975 WARNING tempest.lib.common.ssh [-] Failed to establish authenticated ssh connection to cirros@10.180.180.158 ([Errno None] Unable to connect to port 22 on 10.180.180.158). Number attempts: 3. Retry after 4 seconds.: paramiko.ssh_exception.NoValidConnectionsError: [Errno None] Unable to connect to port 22 on 10.180.180.158
2025-12-08 20:29:26.784 65939 INFO tempest.lib.common.rest_client [req-dd2bef40-8fbe-4ac0-be36-5468dc12c591 req-dd2bef40-8fbe-4ac0-be36-5468dc12c591 ] Request (ServersAdmin275Test:setUpClass): 201 POST http://10.180.1.21/identity/v3/users 0.078s
2025-12-08 20:29:26.803 65987 INFO tempest.lib.common.rest_client [req-5ccca56b-4651-4d27-8ecd-b4965a77843e req-5ccca56b-4651-4d27-8ecd-b4965a77843e ] Request (ServerDiagnosticsV248Test:tearDownClass): 200 GET http://10.180.1.21/compute/v2.1/servers/a2426d40-5893-4ae0-a2be-1b1cae0a95b7 2.057s
2025-12-08 20:29:26.808 65939 INFO tempest.lib.common.rest_client [req-bb607c0a-989b-4e66-989f-a7d24a530ad0 req-bb607c0a-989b-4e66-989f-a7d24a530ad0 ] Request (ServersAdmin275Test:setUpClass): 200 GET http://10.180.1.21/identity/v3/roles 0.024s
2025-12-08 20:29:26.835 65939 INFO tempest.lib.common.rest_client [req-9f99cc01-aa4f-4eb3-8b28-07b35961ada5 req-9f99cc01-aa4f-4eb3-8b28-07b35961ada5 ] Request (ServersAdmin275Test:setUpClass): 204 PUT http://10.180.1.21/identity/v3/projects/2af184010cd54fdbae0cdb7b16ed363a/users/71c311e5a0804b6a9312b0bbb21ef01c/roles/5f0ffcb9134c4f86aeb1789db53e7327 0.026s
2025-12-08 20:29:26.892 65939 INFO tempest.lib.common.rest_client [req-06d0407f-0f89-4143-8ded-f65de2d042ae req-06d0407f-0f89-4143-8ded-f65de2d042ae ] Request (ServersAdmin275Test:setUpClass): 200 GET http://10.180.1.21/identity/v3/roles 0.056s
2025-12-08 20:29:26.913 65939 INFO tempest.lib.common.rest_client [req-242cd73c-be83-4c31-8bd6-a0460c2f5a75 req-242cd73c-be83-4c31-8bd6-a0460c2f5a75 ] Request (ServersAdmin275Test:setUpClass): 204 PUT http://10.180.1.21/identity/v3/projects/2af184010cd54fdbae0cdb7b16ed363a/users/71c311e5a0804b6a9312b0bbb21ef01c/roles/5f0ffcb9134c4f86aeb1789db53e7327 0.021s
2025-12-08 20:29:26.914 65939 INFO tempest.lib.common.dynamic_creds [-] Dynamic test user 71c311e5a0804b6a9312b0bbb21ef01c is created with scope project and roles: ['admin']
2025-12-08 20:29:26.914 65939 INFO tempest.lib.common.dynamic_creds [-] Acquired dynamic creds: credentials: Credentials: {'domain_id': 'default', 'domain_name': 'Default', 'username': 'tempest-ServersAdmin275Test-790600287-project-admin', 'project_domain_id': 'default', 'project_domain_name': 'Default', 'project_id': '2af184010cd54fdbae0cdb7b16ed363a', 'project_name': 'tempest-ServersAdmin275Test-790600287', 'tenant_id': '2af184010cd54fdbae0cdb7b16ed363a', 'tenant_name': 'tempest-ServersAdmin275Test-790600287', 'user_domain_id': 'default', 'user_domain_name': 'Default', 'user_id': '71c311e5a0804b6a9312b0bbb21ef01c', 'system': None}, Network: None, Subnet: None, Router: None
2025-12-08 20:29:26.914 65939 INFO tempest.lib.common.dynamic_creds [-] Created isolated network resources for: credentials: Credentials: {'domain_id': 'default', 'domain_name': 'Default', 'username': 'tempest-ServersAdmin275Test-790600287-project-admin', 'project_domain_id': 'default', 'project_domain_name': 'Default', 'project_id': '2af184010cd54fdbae0cdb7b16ed363a', 'project_name': 'tempest-ServersAdmin275Test-790600287', 'tenant_id': '2af184010cd54fdbae0cdb7b16ed363a', 'tenant_name': 'tempest-ServersAdmin275Test-790600287', 'user_domain_id': 'default', 'user_domain_name': 'Default', 'user_id': '71c311e5a0804b6a9312b0bbb21ef01c', 'system': None}, Network: None, Subnet: None, Router: None
2025-12-08 20:29:27.004 65939 INFO tempest.lib.common.rest_client [req-7c46dfb8-1ea1-4944-9c8e-adeb724a7d63 req-7c46dfb8-1ea1-4944-9c8e-adeb724a7d63 ] Request (ServersAdmin275Test:setUpClass): 201 POST http://10.180.1.21/identity/v3/auth/tokens 0.088s
2025-12-08 20:29:27.069 65999 WARNING tempest.lib.common.ssh [-] Failed to establish authenticated ssh connection to cirros@10.180.180.230 ([Errno None] Unable to connect to port 22 on 10.180.180.230). Number attempts: 3. Retry after 4 seconds.: paramiko.ssh_exception.NoValidConnectionsError: [Errno None] Unable to connect to port 22 on 10.180.180.230
2025-12-08 20:29:27.084 65939 INFO tempest.lib.common.rest_client [req-0c2e1e94-59b3-4fae-844e-381d7460bfd7 req-0c2e1e94-59b3-4fae-844e-381d7460bfd7 ] Request (ServersAdmin275Test:test_rebuild_update_server_275): 201 POST http://10.180.1.21/identity/v3/auth/tokens 0.073s
2025-12-08 20:29:27.084 65939 INFO tempest.lib.common.fixed_network [-] (ServersAdmin275Test:test_rebuild_update_server_275) Found network None available for tenant
2025-12-08 20:29:27.166 65985 INFO tempest.lib.common.rest_client [req-0cf93b9a-92ea-42d1-9e55-a50d951b042f req-0cf93b9a-92ea-42d1-9e55-a50d951b042f ] Request (MultipleCreateNegativeTestJSON:tearDownClass): 200 GET http://10.180.1.21/networking/v2.0/security-groups?tenant_id=fdd902638fdc4f85bdb8214d1bb4a42d&name=default 0.545s
2025-12-08 20:29:27.214 65963 INFO tempest.lib.common.rest_client [req-91f5470a-f705-4c08-87ee-c46111c08370 req-91f5470a-f705-4c08-87ee-c46111c08370 ] Request (ServersAdminTestJSON:test_create_server_with_scheduling_hint): 200 GET http://10.180.1.21/compute/v2.1/servers/af87dee8-378b-40cf-b251-751855094679 2.430s
2025-12-08 20:29:27.258 65959 INFO tempest.lib.common.rest_client [req-d9113185-e8e1-472c-a56c-3e9feb83a8d0 req-d9113185-e8e1-472c-a56c-3e9feb83a8d0 ] Request (ImagesTestJSON:test_create_image_from_suspended_server): 200 GET http://10.180.1.21/compute/v2.1/images/8b3c86f9-07f7-497c-9e71-680c62c23e76 2.470s
2025-12-08 20:29:27.347 65985 INFO tempest.lib.common.rest_client [req-7b103a59-c656-4a4f-9331-4ce82fe97ab4 req-7b103a59-c656-4a4f-9331-4ce82fe97ab4 ] Request (MultipleCreateNegativeTestJSON:tearDownClass): 204 DELETE http://10.180.1.21/networking/v2.0/security-groups/5bf83e44-105a-4063-b61b-37cdf8671a5a 0.181s
2025-12-08 20:29:27.348 65973 INFO tempest.lib.common.rest_client [req-a6143a8a-0a7b-4eb0-97d5-30e8c04d3914 req-a6143a8a-0a7b-4eb0-97d5-30e8c04d3914 ] Request (ServersTestMultiNic:_run_cleanups): 204 DELETE http://10.180.1.21/networking/v2.0/networks/09be7ac0-b058-48fd-8076-186c4cd2fd2d 0.605s
2025-12-08 20:29:27.431 65985 INFO tempest.lib.common.rest_client [req-e8c1d880-1627-4d4d-a1a0-4265e1e22edf req-e8c1d880-1627-4d4d-a1a0-4265e1e22edf ] Request (MultipleCreateNegativeTestJSON:tearDownClass): 204 DELETE http://10.180.1.21/identity/v3/projects/fdd902638fdc4f85bdb8214d1bb4a42d 0.083s
2025-12-08 20:29:27.512 65985 INFO tempest.lib.common.rest_client [req-9478816e-7987-4bfb-8a55-d730bbe3dbdd req-9478816e-7987-4bfb-8a55-d730bbe3dbdd ] Request (ServerMetadataTestJSON:setUpClass): 201 POST http://10.180.1.21/identity/v3/auth/tokens 0.078s
2025-12-08 20:29:27.533 65973 INFO tempest.lib.common.rest_client [req-e8dab66c-bdda-4a85-b51b-edcbc1ba718c req-e8dab66c-bdda-4a85-b51b-edcbc1ba718c ] Request (ServersTestMultiNic:_run_cleanups): 204 DELETE http://10.180.1.21/networking/v2.0/subnets/d692ea08-2335-44d9-87a6-f432d7db8c5f 0.184s
2025-12-08 20:29:27.537 65992 INFO tempest.lib.common.rest_client [req-4951e476-c047-41cd-acdc-44e21a6141f2 req-4951e476-c047-41cd-acdc-44e21a6141f2 ] Request (InstanceActionsV221TestJSON:test_get_list_deleted_instance_actions): 200 GET http://10.180.1.21/compute/v2.1/servers/35e20093-84b9-4874-b757-a6ddd04a70c7 2.489s
2025-12-08 20:29:27.547 65992 INFO tempest.common.waiters [-] State transition "BUILD/spawning" ==> "ACTIVE/None" after 27 second wait
2025-12-08 20:29:27.558 65985 INFO tempest.lib.common.rest_client [req-364105c9-3328-4150-80e4-9e3ca560273d req-364105c9-3328-4150-80e4-9e3ca560273d ] Request (ServerMetadataTestJSON:setUpClass): 201 POST http://10.180.1.21/identity/v3/auth/tokens 0.043s
2025-12-08 20:29:27.597 65985 INFO tempest.lib.common.rest_client [req-dfad6bf6-7af8-4677-be5d-015b5e3bbf6e req-dfad6bf6-7af8-4677-be5d-015b5e3bbf6e ] Request (ServerMetadataTestJSON:setUpClass): 200 GET http://10.180.1.21/identity/v3/domains?name=Default 0.038s
2025-12-08 20:29:27.646 65985 INFO tempest.lib.common.rest_client [req-cdff5793-b353-4d2a-a21a-104a9d895961 req-cdff5793-b353-4d2a-a21a-104a9d895961 ] Request (ServerMetadataTestJSON:setUpClass): 201 POST http://10.180.1.21/identity/v3/projects 0.048s
2025-12-08 20:29:27.648 65967 INFO tempest.lib.common.rest_client [req-4d8863c9-cecd-41cb-bb8b-344f3b4d820f req-4d8863c9-cecd-41cb-bb8b-344f3b4d820f ] Request (ServerExternalEventsTest:tearDownClass): 200 GET http://10.180.1.21/compute/v2.1/servers/f3f10fd1-2e5e-4d71-b1ce-450fe5742ae6 2.548s
2025-12-08 20:29:27.658 65967 INFO tempest.common.waiters [-] State transition "ACTIVE/deleting" ==> "DELETED/None" after 3 second wait
2025-12-08 20:29:27.669 65953 INFO tempest.lib.common.rest_client [req-2f0209e8-d80f-4d02-af28-dbfe334ca699 req-2f0209e8-d80f-4d02-af28-dbfe334ca699 ] Request (FlavorsAdminTestJSON:test_is_public_string_variations): 200 GET http://10.180.1.21/compute/v2.1/flavors/detail?is_public=0 2.519s
2025-12-08 20:29:27.732 65985 INFO tempest.lib.common.rest_client [req-81940d0a-5a28-44e3-a552-5af07c7d9138 req-81940d0a-5a28-44e3-a552-5af07c7d9138 ] Request (ServerMetadataTestJSON:setUpClass): 201 POST http://10.180.1.21/identity/v3/users 0.085s
2025-12-08 20:29:27.754 65985 INFO tempest.lib.common.rest_client [req-933434ab-421b-4d7a-a8e3-ae0d990cb18d req-933434ab-421b-4d7a-a8e3-ae0d990cb18d ] Request (ServerMetadataTestJSON:setUpClass): 200 GET http://10.180.1.21/identity/v3/roles 0.021s
2025-12-08 20:29:27.763 65981 INFO tempest.lib.common.rest_client [req-9544aa4f-efd9-4fc6-9877-406c6b25c96c req-9544aa4f-efd9-4fc6-9877-406c6b25c96c ] Request (FloatingIPsAssociationTestJSON:test_associate_disassociate_floating_ip): 202 POST http://10.180.1.21/compute/v2.1/servers/7f0bad61-f85f-45c5-a572-9c193d862c7d/action 3.454s
2025-12-08 20:29:27.788 65985 INFO tempest.lib.common.rest_client [req-8d6661dd-6966-4105-b0d5-7bd1cfaa7d2f req-8d6661dd-6966-4105-b0d5-7bd1cfaa7d2f ] Request (ServerMetadataTestJSON:setUpClass): 204 PUT http://10.180.1.21/identity/v3/projects/091f3ebdb4a1428198c518e6b3094a95/users/047b857df8d14d17b1dfecd77e4a2ba4/roles/9ba69a9cf90f477590887385fd164f3d 0.034s
2025-12-08 20:29:27.788 65985 INFO tempest.lib.common.dynamic_creds [-] Dynamic test user 047b857df8d14d17b1dfecd77e4a2ba4 is created with scope project and roles: ['member']
2025-12-08 20:29:27.789 65985 INFO tempest.lib.common.dynamic_creds [-] Acquired dynamic creds: credentials: Credentials: {'domain_id': 'default', 'domain_name': 'Default', 'username': 'tempest-ServerMetadataTestJSON-213230996-project-member', 'project_domain_id': 'default', 'project_domain_name': 'Default', 'project_id': '091f3ebdb4a1428198c518e6b3094a95', 'project_name': 'tempest-ServerMetadataTestJSON-213230996', 'tenant_id': '091f3ebdb4a1428198c518e6b3094a95', 'tenant_name': 'tempest-ServerMetadataTestJSON-213230996', 'user_domain_id': 'default', 'user_domain_name': 'Default', 'user_id': '047b857df8d14d17b1dfecd77e4a2ba4', 'system': None}, Network: None, Subnet: None, Router: None
2025-12-08 20:29:27.827 65943 INFO tempest.lib.common.rest_client [req-e36e8e3c-e6a2-4d2b-93e7-30ba09fda9b2 req-e36e8e3c-e6a2-4d2b-93e7-30ba09fda9b2 ] Request (ServersNegativeTestJSON:setUpClass): 200 GET http://10.180.1.21/compute/v2.1/servers/dac3b886-44d3-4a6a-a705-797dd1560847 2.626s
2025-12-08 20:29:27.831 65957 INFO tempest.lib.common.rest_client [req-a06c6e9b-3388-4e7d-98f2-125b2cf1bb77 req-a06c6e9b-3388-4e7d-98f2-125b2cf1bb77 ] Request (AggregatesAdminNegativeTestJSON:test_aggregate_remove_host_as_user): 200 POST http://10.180.1.21/compute/v2.1/os-aggregates/7/action 2.632s
2025-12-08 20:29:27.855 65985 INFO tempest.lib.common.rest_client [req-4e2aa51b-b16a-45fb-8472-d45deef96403 req-4e2aa51b-b16a-45fb-8472-d45deef96403 ] Request (ServerMetadataTestJSON:setUpClass): 201 POST http://10.180.1.21/identity/v3/auth/tokens 0.066s
2025-12-08 20:29:27.904 65973 INFO tempest.lib.common.rest_client [req-e06358fd-52f3-4934-996b-5cc4d6329424 req-e06358fd-52f3-4934-996b-5cc4d6329424 ] Request (ServersTestMultiNic:_run_cleanups): 204 DELETE http://10.180.1.21/networking/v2.0/networks/a0fc0761-92b0-4aff-888f-a29210dfb19d 0.371s
2025-12-08 20:29:28.069 65973 INFO tempest.lib.common.rest_client [req-e091d357-0e30-45b3-9eeb-a4ff2ed090ad req-e091d357-0e30-45b3-9eeb-a4ff2ed090ad ] Request (ServersTestMultiNic:test_verify_multiple_nics_order): 201 POST http://10.180.1.21/networking/v2.0/networks 0.163s
2025-12-08 20:29:28.125 65985 INFO tempest.lib.common.rest_client [req-2bf2462e-2d8b-4150-8f20-afa3d5371683 req-2bf2462e-2d8b-4150-8f20-afa3d5371683 ] Request (ServerMetadataTestJSON:setUpClass): 201 POST http://10.180.1.21/networking/v2.0/networks 0.270s
2025-12-08 20:29:28.192 66001 INFO tempest.lib.common.rest_client [req-5311f197-7d3a-4de4-a4d6-ba86fa05a1c0 req-5311f197-7d3a-4de4-a4d6-ba86fa05a1c0 ] Request (SecurityGroupRulesTestJSON:test_security_group_rules_create_with_optional_group_id): 200 POST http://10.180.1.21/compute/v2.1/os-security-group-rules 2.878s
2025-12-08 20:29:28.196 66001 WARNING tempest.lib.common.rest_client [-] Deprecated: "tenant_id" property is deprecated for removal, use "project_id" instead
2025-12-08 20:29:28.220 65989 INFO tempest.lib.common.rest_client [req-e3fe2de1-3493-4315-a87f-6888bcb86196 req-e3fe2de1-3493-4315-a87f-6888bcb86196 ] Request (ServicesAdminNegativeV253TestJSON:test_get_service_by_invalid_service_and_valid_host): 200 GET http://10.180.1.21/compute/v2.1/os-services?host=devstack&binary=xxx 2.279s
2025-12-08 20:29:28.380 65973 INFO tempest.lib.common.rest_client [req-19901f54-6110-4932-bc0c-4291f4b46280 req-19901f54-6110-4932-bc0c-4291f4b46280 ] Request (ServersTestMultiNic:test_verify_multiple_nics_order): 201 POST http://10.180.1.21/networking/v2.0/subnets 0.310s
2025-12-08 20:29:28.523 65985 INFO tempest.lib.common.rest_client [req-8a6c54da-2369-488f-a8e7-85a4bd5ecc0b req-8a6c54da-2369-488f-a8e7-85a4bd5ecc0b ] Request (ServerMetadataTestJSON:setUpClass): 201 POST http://10.180.1.21/networking/v2.0/subnets 0.397s
2025-12-08 20:29:28.547 65997 INFO tempest.lib.common.rest_client [req-fe225aa5-14a6-4495-965b-1b1751efb0b1 req-fe225aa5-14a6-4495-965b-1b1751efb0b1 ] Request (ServersAdminNegativeTestJSON:test_migrate_server_invalid_state): 200 GET http://10.180.1.21/compute/v2.1/servers/09d3d21a-16c0-45c8-a2d2-28402cc5f6a6 2.418s
2025-12-08 20:29:28.588 65971 INFO tempest.lib.common.rest_client [req-ec2ac504-e58b-4ac4-b844-c14e46607b1e req-ec2ac504-e58b-4ac4-b844-c14e46607b1e ] Request (KeyPairsNegativeTestJSON:test_create_keypair_with_empty_public_key): 400 POST http://10.180.1.21/compute/v2.1/os-keypairs 2.410s
2025-12-08 20:29:28.603 65945 INFO tempest.lib.common.rest_client [req-1129e480-d13f-40ab-b63f-10f1b2cb88a2 req-1129e480-d13f-40ab-b63f-10f1b2cb88a2 ] Request (MigrationsAdminTest:test_list_migrations_in_flavor_resize_situation): 200 GET http://10.180.1.21/compute/v2.1/os-migrations 2.317s
2025-12-08 20:29:28.700 65973 INFO tempest.lib.common.rest_client [req-92c970a2-15bb-4210-b239-3b1a085cc896 req-92c970a2-15bb-4210-b239-3b1a085cc896 ] Request (ServersTestMultiNic:test_verify_multiple_nics_order): 201 POST http://10.180.1.21/networking/v2.0/networks 0.320s
2025-12-08 20:29:28.740 65941 INFO tempest.lib.common.rest_client [req-1b303bef-2b1e-43fd-b038-b4fc5e140123 req-1b303bef-2b1e-43fd-b038-b4fc5e140123 ] Request (VolumesAssistedSnapshotsTest:tearDownClass): 204 DELETE http://10.180.1.21/compute/v2.1/servers/c7004a43-a2f5-436c-a63e-01bf04a4124b 2.375s
2025-12-08 20:29:28.880 65969 INFO tempest.lib.common.rest_client [req-4e3b59fc-2bb9-461f-aa4d-0d03bc1f326c req-4e3b59fc-2bb9-461f-aa4d-0d03bc1f326c ] Request (FloatingIPsAssociationNegativeTestJSON:test_associate_ip_to_server_with_floating_ip): 200 POST http://10.180.1.21/compute/v2.1/os-floating-ips 3.152s
2025-12-08 20:29:29.091 65973 INFO tempest.lib.common.rest_client [req-2b717ac3-2418-4e1c-8921-ac3ebbe16de3 req-2b717ac3-2418-4e1c-8921-ac3ebbe16de3 ] Request (ServersTestMultiNic:test_verify_multiple_nics_order): 201 POST http://10.180.1.21/networking/v2.0/subnets 0.391s
2025-12-08 20:29:29.143 65939 INFO tempest.lib.common.rest_client [req-face6f29-e3f2-41aa-8dfb-40bb60c2dd84 req-face6f29-e3f2-41aa-8dfb-40bb60c2dd84 ] Request (ServersAdmin275Test:test_rebuild_update_server_275): 202 POST http://10.180.1.21/compute/v2.1/servers 2.058s
2025-12-08 20:29:29.184 65973 INFO tempest.lib.common.rest_client [req-24cef83e-b022-4a7b-ae8d-927ddf60e493 req-24cef83e-b022-4a7b-ae8d-927ddf60e493 ] Request (ServersTestMultiNic:test_verify_multiple_nics_order): 201 POST http://10.180.1.21/identity/v3/auth/tokens 0.088s
2025-12-08 20:29:29.185 65973 INFO tempest.lib.common.fixed_network [-] (ServersTestMultiNic:test_verify_multiple_nics_order) Found network {'id': 'f29e00e2-0e14-44a3-a92c-ccb49116191f', 'name': 'tempest-ServersTestMultiNic-1483033721-network', 'tenant_id': 'aab3cee12b2d4f778dec549de09239b3', 'project_id': 'aab3cee12b2d4f778dec549de09239b3', 'admin_state_up': True, 'mtu': 8950, 'status': 'ACTIVE', 'subnets': [], 'shared': False, 'port_security_enabled': True, 'router:external': False, 'provider:network_type': 'vlan', 'provider:physical_network': 'default', 'provider:segmentation_id': 19, 'availability_zone_hints': [], 'availability_zones': [], 'ipv4_address_scope': None, 'ipv6_address_scope': None, 'description': '', 'tags': [], 'created_at': '2025-12-08T20:28:00Z', 'updated_at': '2025-12-08T20:28:00Z', 'revision_number': 1} available for tenant
2025-12-08 20:29:29.425 65949 INFO tempest.lib.common.rest_client [req-a3c139ab-6439-4a32-8045-5b366a0b8c35 req-a3c139ab-6439-4a32-8045-5b366a0b8c35 ] Request (AttachInterfacesV270Test:test_create_get_list_interfaces): 200 GET http://10.180.1.21/compute/v2.1/servers/53b2f129-f649-41e3-97d6-468184b686fd 2.505s
2025-12-08 20:29:29.438 65985 INFO tempest.lib.common.rest_client [req-f0d485dd-3502-4e7f-bcdb-bd1cfa8895cc req-f0d485dd-3502-4e7f-bcdb-bd1cfa8895cc ] Request (ServerMetadataTestJSON:setUpClass): 201 POST http://10.180.1.21/networking/v2.0/routers 0.914s
2025-12-08 20:29:29.479 65955 INFO tempest.lib.common.rest_client [req-9e79346b-1a67-4554-a396-23a16c501ff8 req-9e79346b-1a67-4554-a396-23a16c501ff8 ] Request (ListServerFiltersTestJSON:test_list_servers_filter_by_shutoff_status): 200 GET http://10.180.1.21/compute/v2.1/servers/794161e9-bfe8-4d5f-a734-72168d040099 2.303s
2025-12-08 20:29:29.489 65955 INFO tempest.common.waiters [-] State transition "ACTIVE/powering-off" ==> "SHUTOFF/None" after 3 second wait
2025-12-08 20:29:29.520 65979 INFO tempest.lib.common.rest_client [req-2ebc7a79-77aa-4a0e-8972-9b9aab0bde1e req-2ebc7a79-77aa-4a0e-8972-9b9aab0bde1e ] Request (ListImageFiltersTestJSON:setUpClass): 200 GET http://10.180.1.21/compute/v2.1/servers/cb052486-9b99-41df-8fd0-7e72366ae9dd 2.337s
2025-12-08 20:29:29.520 65977 INFO tempest.lib.common.rest_client [req-439ae0b6-7607-43a6-9a62-8cb785ec5d1d req-439ae0b6-7607-43a6-9a62-8cb785ec5d1d ] Request (ServerRescueTestJSONUnderV235:tearDownClass): 404 GET http://10.180.1.21/compute/v2.1/servers/8b8c2c6b-9db8-4d95-addc-ad22a61cbe00 2.245s
2025-12-08 20:29:30.392 65985 INFO tempest.lib.common.rest_client [req-cad3109a-1c89-4246-ac09-239a43dc406d req-cad3109a-1c89-4246-ac09-239a43dc406d ] Request (ServerMetadataTestJSON:setUpClass): 200 PUT http://10.180.1.21/networking/v2.0/routers/b5477bc7-7adb-41ae-9c78-8081ac6ff4f4/add_router_interface 0.954s
2025-12-08 20:29:30.392 65985 INFO tempest.lib.common.dynamic_creds [-] Created isolated network resources for: credentials: Credentials: {'domain_id': 'default', 'domain_name': 'Default', 'username': 'tempest-ServerMetadataTestJSON-213230996-project-member', 'project_domain_id': 'default', 'project_domain_name': 'Default', 'project_id': '091f3ebdb4a1428198c518e6b3094a95', 'project_name': 'tempest-ServerMetadataTestJSON-213230996', 'tenant_id': '091f3ebdb4a1428198c518e6b3094a95', 'tenant_name': 'tempest-ServerMetadataTestJSON-213230996', 'user_domain_id': 'default', 'user_domain_name': 'Default', 'user_id': '047b857df8d14d17b1dfecd77e4a2ba4', 'system': None}, Network: {'id': '0ac640e7-63c1-4197-9353-bd016e02fede', 'name': 'tempest-ServerMetadataTestJSON-893578217-network', 'tenant_id': '091f3ebdb4a1428198c518e6b3094a95', 'project_id': '091f3ebdb4a1428198c518e6b3094a95', 'admin_state_up': True, 'mtu': 8950, 'status': 'ACTIVE', 'subnets': [], 'shared': False, 'port_security_enabled': True, 'router:external': False, 'provider:network_type': 'vlan', 'provider:physical_network': 'default', 'provider:segmentation_id': 454, 'availability_zone_hints': [], 'availability_zones': [], 'ipv4_address_scope': None, 'ipv6_address_scope': None, 'description': '', 'tags': [], 'created_at': '2025-12-08T20:29:28Z', 'updated_at': '2025-12-08T20:29:28Z', 'revision_number': 1}, Subnet: {'id': '3c3c892d-d7de-4a39-bbdf-cf8e7758052b', 'name': 'tempest-ServerMetadataTestJSON-893578217-subnet', 'tenant_id': '091f3ebdb4a1428198c518e6b3094a95', 'network_id': '0ac640e7-63c1-4197-9353-bd016e02fede', 'ip_version': 4, 'subnetpool_id': None, 'enable_dhcp': True, 'ipv6_ra_mode': None, 'ipv6_address_mode': None, 'gateway_ip': '192.168.128.1', 'cidr': '192.168.128.0/28', 'allocation_pools': [{'start': '192.168.128.2', 'end': '192.168.128.14'}], 'host_routes': [], 'dns_nameservers': [], 'description': '', 'router:external': False, 'service_types': [], 'tags': [], 'created_at': '2025-12-08T20:29:28Z', 'updated_at': '2025-12-08T20:29:28Z', 'revision_number': 0, 'project_id': '091f3ebdb4a1428198c518e6b3094a95'}, Router: {'id': 'b5477bc7-7adb-41ae-9c78-8081ac6ff4f4', 'name': 'tempest-ServerMetadataTestJSON-893578217-router', 'tenant_id': '091f3ebdb4a1428198c518e6b3094a95', 'admin_state_up': True, 'status': 'ACTIVE', 'external_gateway_info': {'network_id': '94a8c458-af5b-45b5-89f6-b014337d7210', 'external_fixed_ips': [{'subnet_id': '3ecfc92b-eaa2-4cf6-808f-d3cd41bff0f2', 'ip_address': '10.180.180.233'}], 'enable_snat': True}, 'description': '', 'availability_zones': [], 'distributed': False, 'ha': False, 'availability_zone_hints': [], 'routes': [], 'flavor_id': None, 'tags': [], 'created_at': '2025-12-08T20:29:28Z', 'updated_at': '2025-12-08T20:29:29Z', 'revision_number': 2, 'project_id': '091f3ebdb4a1428198c518e6b3094a95'}
2025-12-08 20:29:30.421 65977 INFO tempest.lib.common.rest_client [req-6226baf7-bc3d-435a-991b-044745828db8 req-6226baf7-bc3d-435a-991b-044745828db8 ] Request (ServerRescueTestJSONUnderV235:tearDownClass): 200 PUT http://10.180.1.21/networking/v2.0/routers/ffa867dc-6cdd-4c94-a1ba-4dd083e2d46d/remove_router_interface 0.900s
2025-12-08 20:29:30.456 65951 INFO tempest.lib.common.rest_client [req-d933dd46-b24a-4b1a-89ae-f33eefb64b85 req-d933dd46-b24a-4b1a-89ae-f33eefb64b85 ] Request (AttachVolumeShelveTestJSON:test_attach_volume_shelved_or_offload_server): 200 GET http://10.180.1.21/compute/v2.1/servers/98b66f73-4134-498d-a536-2f54c5426488 3.033s
2025-12-08 20:29:30.464 65961 INFO tempest.lib.common.rest_client [req-a13bf055-56c2-41a1-8469-045975175de3 req-a13bf055-56c2-41a1-8469-045975175de3 ] Request (ServerAddressesTestJSON:tearDownClass): 200 GET http://10.180.1.21/compute/v2.1/servers/f1a19e56-3c89-451a-828e-eaa8d39da797 3.113s
2025-12-08 20:29:30.503 65985 INFO tempest.lib.common.rest_client [req-3f3714f6-fef6-4fd3-b464-a8b7e104e8ea req-3f3714f6-fef6-4fd3-b464-a8b7e104e8ea ] Request (ServerMetadataTestJSON:setUpClass): 201 POST http://10.180.1.21/identity/v3/auth/tokens 0.105s
2025-12-08 20:29:30.556 65985 INFO tempest.lib.common.rest_client [req-899dfc01-046e-40a2-9c09-78ff008914c4 req-899dfc01-046e-40a2-9c09-78ff008914c4 ] Request (ServerMetadataTestJSON:setUpClass): 201 POST http://10.180.1.21/identity/v3/auth/tokens 0.050s
2025-12-08 20:29:30.556 65985 INFO tempest.lib.common.fixed_network [-] (ServerMetadataTestJSON:setUpClass) Found network {'id': '0ac640e7-63c1-4197-9353-bd016e02fede', 'name': 'tempest-ServerMetadataTestJSON-893578217-network', 'tenant_id': '091f3ebdb4a1428198c518e6b3094a95', 'project_id': '091f3ebdb4a1428198c518e6b3094a95', 'admin_state_up': True, 'mtu': 8950, 'status': 'ACTIVE', 'subnets': [], 'shared': False, 'port_security_enabled': True, 'router:external': False, 'provider:network_type': 'vlan', 'provider:physical_network': 'default', 'provider:segmentation_id': 454, 'availability_zone_hints': [], 'availability_zones': [], 'ipv4_address_scope': None, 'ipv6_address_scope': None, 'description': '', 'tags': [], 'created_at': '2025-12-08T20:29:28Z', 'updated_at': '2025-12-08T20:29:28Z', 'revision_number': 1} available for tenant
2025-12-08 20:29:30.591 65992 INFO tempest.lib.common.rest_client [req-14cf175f-2413-40f0-bee9-7fb319c09e30 req-14cf175f-2413-40f0-bee9-7fb319c09e30 ] Request (InstanceActionsV221TestJSON:test_get_list_deleted_instance_actions): 204 DELETE http://10.180.1.21/compute/v2.1/servers/35e20093-84b9-4874-b757-a6ddd04a70c7 3.042s
2025-12-08 20:29:30.619 65965 INFO tempest.lib.common.rest_client [req-ab396b25-18ab-4f0b-a754-3b62341e6906 req-ab396b25-18ab-4f0b-a754-3b62341e6906 ] Request (ServerAddressesNegativeTestJSON:tearDownClass): 200 GET http://10.180.1.21/compute/v2.1/servers/e656c5bd-993a-459d-96fe-441843b174af 3.120s
2025-12-08 20:29:30.623 65953 INFO tempest.lib.common.rest_client [req-f1fdd531-1683-4f34-ac78-e58ea3a9bd54 req-f1fdd531-1683-4f34-ac78-e58ea3a9bd54 ] Request (FlavorsAdminTestJSON:test_is_public_string_variations): 200 GET http://10.180.1.21/compute/v2.1/flavors/detail?is_public=t 2.951s
