2025-11-21 01:21:25.302 65733 INFO tempest.lib.common.rest_client [req-e42cf673-bc71-41c3-bb22-91e669f3b502 req-e42cf673-bc71-41c3-bb22-91e669f3b502 ] Request (ServersAaction247Test:setUpClass): 200 GET http://10.180.1.21/identity/v3/roles 0.096s
2025-11-21 01:21:25.308 65775 INFO tempest.lib.common.rest_client [req-890464ff-6b72-4777-831f-5b381d402022 req-890464ff-6b72-4777-831f-5b381d402022 ] Request (SecurityGroupRulesTestJSON:tearDownClass): 202 DELETE http://10.180.1.21/compute/v2.1/os-security-groups/2f37c2cb-1f70-4a87-bde3-4dac0803e302 0.542s
2025-11-21 01:21:25.328 65769 INFO tempest.lib.common.rest_client [req-5cd6e5da-0fa0-4cd6-bab9-7c0d67b0e2e3 req-5cd6e5da-0fa0-4cd6-bab9-7c0d67b0e2e3 ] Request (MultipleCreateTestJSON:_run_cleanups): 200 GET http://10.180.1.21/compute/v2.1/servers/8b247b79-8306-4425-8776-d393b6512e42 0.545s
2025-11-21 01:21:25.335 65769 INFO tempest.common.waiters [-] State transition "ACTIVE/deleting" ==> "DELETED/None" after 3 second wait
2025-11-21 01:21:25.339 65733 INFO tempest.lib.common.rest_client [req-a97676ab-cc9d-47e5-ad4b-cdbae5ddb328 req-a97676ab-cc9d-47e5-ad4b-cdbae5ddb328 ] Request (ServersAaction247Test:setUpClass): 204 PUT http://10.180.1.21/identity/v3/projects/ba730da59b0c49a5b76df20d28c7881a/users/1d093a9021424fb89a4e54a4777267ee/roles/4cc76b95e32446e9ab06941d7efe7b08 0.036s
2025-11-21 01:21:25.339 65733 INFO tempest.lib.common.dynamic_creds [-] Dynamic test user 1d093a9021424fb89a4e54a4777267ee is created with scope project and roles: ['member']
2025-11-21 01:21:25.339 65733 INFO tempest.lib.common.dynamic_creds [-] Acquired dynamic creds: credentials: Credentials: {'domain_id': 'default', 'domain_name': 'Default', 'username': 'tempest-ServersAaction247Test-294127918-project-member', 'project_domain_id': 'default', 'project_domain_name': 'Default', 'project_id': 'ba730da59b0c49a5b76df20d28c7881a', 'project_name': 'tempest-ServersAaction247Test-294127918', 'tenant_id': 'ba730da59b0c49a5b76df20d28c7881a', 'tenant_name': 'tempest-ServersAaction247Test-294127918', 'user_domain_id': 'default', 'user_domain_name': 'Default', 'user_id': '1d093a9021424fb89a4e54a4777267ee', 'system': None}, Network: None, Subnet: None, Router: None
2025-11-21 01:21:25.339 65733 INFO tempest.lib.common.dynamic_creds [-] Created isolated network resources for: credentials: Credentials: {'domain_id': 'default', 'domain_name': 'Default', 'username': 'tempest-ServersAaction247Test-294127918-project-member', 'project_domain_id': 'default', 'project_domain_name': 'Default', 'project_id': 'ba730da59b0c49a5b76df20d28c7881a', 'project_name': 'tempest-ServersAaction247Test-294127918', 'tenant_id': 'ba730da59b0c49a5b76df20d28c7881a', 'tenant_name': 'tempest-ServersAaction247Test-294127918', 'user_domain_id': 'default', 'user_domain_name': 'Default', 'user_id': '1d093a9021424fb89a4e54a4777267ee', 'system': None}, Network: None, Subnet: None, Router: None
2025-11-21 01:21:25.363 65763 INFO tempest.lib.common.rest_client [req-57f1443e-6750-4e15-a9cd-68fd045a069c req-57f1443e-6750-4e15-a9cd-68fd045a069c ] Request (ImagesOneServerNegativeTestJSON:setUpClass): 200 GET http://10.180.1.21/compute/v2.1/servers/1ffe8f32-eaa0-4301-b769-ae6ee4c578dd 0.548s
2025-11-21 01:21:25.370 65777 INFO tempest.lib.common.rest_client [req-51a8a2d3-30a4-4e49-8add-81ba34c0fe8e req-51a8a2d3-30a4-4e49-8add-81ba34c0fe8e ] Request (FlavorsAdminTestJSON:_run_cleanups): 200 GET http://10.180.1.21/compute/v2.1/flavors/detail 0.543s
2025-11-21 01:21:25.444 65733 INFO tempest.lib.common.rest_client [req-7a5731c3-6ea0-491b-8f1a-103a8908d743 req-7a5731c3-6ea0-491b-8f1a-103a8908d743 ] Request (ServersAaction247Test:setUpClass): 201 POST http://10.180.1.21/identity/v3/auth/tokens 0.101s
2025-11-21 01:21:25.461 65755 INFO tempest.lib.common.rest_client [req-a9303bd2-5435-4049-8efa-ddd0df08eba2 req-a9303bd2-5435-4049-8efa-ddd0df08eba2 ] Request (ServerTagsTestJSON:_run_cleanups): 204 DELETE http://10.180.1.21/compute/v2.1/servers/bf23d6a6-4c4d-41d4-82d9-c65a361310d7/tags 0.585s
2025-11-21 01:21:25.507 65765 INFO tempest.lib.common.rest_client [req-d534da0e-1635-4043-95a6-edb64092af44 req-d534da0e-1635-4043-95a6-edb64092af44 ] Request (ServersAdminTestJSON:test_list_servers_filter_by_error_status): 200 GET http://10.180.1.21/compute/v2.1/servers?status=error 0.612s
2025-11-21 01:21:25.508 65733 INFO tempest.lib.common.rest_client [req-33c8600c-f43c-412f-aa77-50de86c3913c req-33c8600c-f43c-412f-aa77-50de86c3913c ] Request (ServersAaction247Test:test_create_backup): 201 POST http://10.180.1.21/identity/v3/auth/tokens 0.060s
2025-11-21 01:21:25.509 65733 INFO tempest.lib.common.fixed_network [-] (ServersAaction247Test:test_create_backup) Found network None available for tenant
2025-11-21 01:21:25.539 65747 INFO tempest.lib.common.rest_client [req-9eb4536f-df33-4a1f-a006-6e35c67151fa req-9eb4536f-df33-4a1f-a006-6e35c67151fa ] Request (HypervisorAdminTestJSON:test_get_hypervisor_show_details): 200 GET http://10.180.1.21/compute/v2.1/os-hypervisors/1 0.620s
2025-11-21 01:21:25.570 65777 INFO tempest.lib.common.rest_client [req-c336085f-2a20-426c-8948-392b82739948 req-c336085f-2a20-426c-8948-392b82739948 ] Request (FlavorsAdminTestJSON:tearDownClass): 204 DELETE http://10.180.1.21/identity/v3/users/dbacf6e2002a496da80e452c9fcd27e3 0.190s
2025-11-21 01:21:25.679 65777 INFO tempest.lib.common.rest_client [req-2d3cb020-19a8-4f8e-bdd9-c93caef0b457 req-2d3cb020-19a8-4f8e-bdd9-c93caef0b457 ] Request (FlavorsAdminTestJSON:tearDownClass): 204 DELETE http://10.180.1.21/identity/v3/users/338c73748bf24f5bb55547d3637c1a1c 0.107s
2025-11-21 01:21:25.680 65777 INFO tempest.lib.common.dynamic_creds [-] Deleting project and security group for project: 6ff5fd696c5c4b3ba784bbeba9bc45b4
2025-11-21 01:21:25.748 65777 INFO tempest.lib.common.rest_client [req-05d6a6e5-39b4-49d6-b366-3db5ba507f17 req-05d6a6e5-39b4-49d6-b366-3db5ba507f17 ] Request (FlavorsAdminTestJSON:tearDownClass): 201 POST http://10.180.1.21/identity/v3/auth/tokens 0.067s
2025-11-21 01:21:25.787 65741 INFO tempest.lib.common.rest_client [req-f548d086-323e-400c-a178-33adc8126e8f req-f548d086-323e-400c-a178-33adc8126e8f ] Request (DeleteServersTestJSON:test_delete_active_server): 200 GET http://10.180.1.21/compute/v2.1/servers/084e46d0-5c99-412d-a85f-aabb64caafac 0.876s
2025-11-21 01:21:26.148 65775 INFO tempest.lib.common.rest_client [req-3b9f2be9-8044-4af2-8fe2-da7f1dc16949 req-3b9f2be9-8044-4af2-8fe2-da7f1dc16949 ] Request (SecurityGroupRulesTestJSON:tearDownClass): 200 PUT http://10.180.1.21/networking/v2.0/routers/d926b4c7-661e-4d58-9a3e-2ddaa4f207db/remove_router_interface 0.839s
2025-11-21 01:21:26.440 65777 INFO tempest.lib.common.rest_client [req-800a625a-c4c1-40e5-a1bf-bd90f01e77c8 req-800a625a-c4c1-40e5-a1bf-bd90f01e77c8 ] Request (FlavorsAdminTestJSON:tearDownClass): 200 GET http://10.180.1.21/networking/v2.0/security-groups?tenant_id=6ff5fd696c5c4b3ba784bbeba9bc45b4&name=default 0.692s
2025-11-21 01:21:26.481 65731 INFO tempest.lib.common.rest_client [req-0e2863e7-a098-44ff-a0b7-612b6887f640 req-0e2863e7-a098-44ff-a0b7-612b6887f640 ] Request (ServersWithSpecificFlavorTestJSON:test_verify_created_server_ephemeral_disk): 200 GET http://10.180.1.21/compute/v2.1/servers/23ebeea3-bbdc-4466-b162-c7b0df5b6935 1.562s
2025-11-21 01:21:26.488 65731 INFO tempest.common.waiters [-] State transition "BUILD/None" ==> "BUILD/networking" after 32 second wait
2025-11-21 01:21:26.492 65729 INFO tempest.lib.common.rest_client [req-f3ecccc0-9d14-44e3-99fe-d5a7712364f8 req-f3ecccc0-9d14-44e3-99fe-d5a7712364f8 ] Request (InstanceActionsTestJSON:tearDownClass): 200 GET http://10.180.1.21/compute/v2.1/servers/927f7613-159b-463d-838b-1a47af4c8723 1.274s
2025-11-21 01:21:26.873 65775 INFO tempest.lib.common.rest_client [req-632bfdb2-beb3-4883-ac39-6a331504f6aa req-632bfdb2-beb3-4883-ac39-6a331504f6aa ] Request (SecurityGroupRulesTestJSON:tearDownClass): 204 DELETE http://10.180.1.21/networking/v2.0/routers/d926b4c7-661e-4d58-9a3e-2ddaa4f207db 0.724s
2025-11-21 01:21:26.985 65777 INFO tempest.lib.common.rest_client [req-fad27baf-7b4c-4c3f-b146-d1e24690e930 req-fad27baf-7b4c-4c3f-b146-d1e24690e930 ] Request (FlavorsAdminTestJSON:tearDownClass): 204 DELETE http://10.180.1.21/networking/v2.0/security-groups/c4e8e6c0-adc3-4178-8bc1-33d871922aaa 0.545s
2025-11-21 01:21:27.099 65777 INFO tempest.lib.common.rest_client [req-9b08c6ca-2051-4206-9f90-dadb038e2304 req-9b08c6ca-2051-4206-9f90-dadb038e2304 ] Request (FlavorsAdminTestJSON:tearDownClass): 204 DELETE http://10.180.1.21/identity/v3/projects/6ff5fd696c5c4b3ba784bbeba9bc45b4 0.113s
2025-11-21 01:21:27.099 65777 INFO tempest.lib.common.dynamic_creds [-] Deleting project and security group for project: 077624a511904f3d8df20b0bbd7e7a82
2025-11-21 01:21:27.289 65775 INFO tempest.lib.common.rest_client [req-b102a2ec-8a45-42b9-a24f-5a4ec7239b7a req-b102a2ec-8a45-42b9-a24f-5a4ec7239b7a ] Request (SecurityGroupRulesTestJSON:tearDownClass): 204 DELETE http://10.180.1.21/networking/v2.0/subnets/64939dea-199e-482a-87f7-4a7cab7e21cb 0.416s
2025-11-21 01:21:27.392 65777 INFO tempest.lib.common.rest_client [req-488a1e96-5285-435c-847b-2700ef68fde6 req-488a1e96-5285-435c-847b-2700ef68fde6 ] Request (FlavorsAdminTestJSON:tearDownClass): 200 GET http://10.180.1.21/networking/v2.0/security-groups?tenant_id=077624a511904f3d8df20b0bbd7e7a82&name=default 0.292s
2025-11-21 01:21:27.426 65758 INFO tempest.lib.common.rest_client [req-c4a860f0-2fef-4057-8ff3-61fcd930102f req-c4a860f0-2fef-4057-8ff3-61fcd930102f ] Request (SecurityGroupsTestJSON:test_server_security_groups): 200 GET http://10.180.1.21/compute/v2.1/servers/0daecc96-fc0f-46ba-8475-e2c4f07801f0 2.033s
2025-11-21 01:21:27.434 65758 INFO tempest.common.waiters [-] State transition "BUILD/spawning" ==> "ACTIVE/None" after 37 second wait
2025-11-21 01:21:27.447 65783 INFO tempest.lib.common.rest_client [req-a5b85fff-b405-45f4-90cc-351a02da3b84 req-a5b85fff-b405-45f4-90cc-351a02da3b84 ] Request (ServersTestBootFromVolume:setUpClass): 200 GET http://10.180.1.21/compute/v2.1/servers/fbde322d-329b-4e94-9c82-9d9a8b054b0c 2.036s
2025-11-21 01:21:27.522 65755 INFO tempest.lib.common.rest_client [req-051216fd-7194-413e-bbf2-d2bb6c36bcfd req-051216fd-7194-413e-bbf2-d2bb6c36bcfd ] Request (ServerTagsTestJSON:tearDownClass): 204 DELETE http://10.180.1.21/compute/v2.1/servers/bf23d6a6-4c4d-41d4-82d9-c65a361310d7 2.059s
2025-11-21 01:21:27.617 65765 INFO tempest.lib.common.rest_client [req-bfc6371a-45fc-4a2b-a830-922e38e86330 req-bfc6371a-45fc-4a2b-a830-922e38e86330 ] Request (ServersAdminTestJSON:test_list_servers_filter_by_error_status): 202 POST http://10.180.1.21/compute/v2.1/servers/7243891b-c889-4609-aee0-607fadb19eb4/action 2.108s
2025-11-21 01:21:27.731 65775 INFO tempest.lib.common.rest_client [req-1c0f000f-9198-460b-8b5c-20f961755e0d req-1c0f000f-9198-460b-8b5c-20f961755e0d ] Request (SecurityGroupRulesTestJSON:tearDownClass): 204 DELETE http://10.180.1.21/networking/v2.0/networks/d549a7e7-fc60-4277-af0e-cc9b7d5d355b 0.442s
2025-11-21 01:21:27.811 65779 INFO tempest.lib.common.rest_client [req-b1b3b237-b188-4b83-a1bd-0759108eac14 req-b1b3b237-b188-4b83-a1bd-0759108eac14 ] Request (ServerAddressesTestJSON:setUpClass): 200 GET http://10.180.1.21/compute/v2.1/servers/ae21b1e6-c90c-4db5-a033-8980c7c5ec73 2.347s
2025-11-21 01:21:27.835 65747 INFO tempest.lib.common.rest_client [req-8b06b223-5866-4cad-8bc7-37546de3ce8a req-8b06b223-5866-4cad-8bc7-37546de3ce8a ] Request (HypervisorAdminTestJSON:test_get_hypervisor_stats): 200 GET http://10.180.1.21/compute/v2.1/os-hypervisors/statistics 2.291s
2025-11-21 01:21:27.862 65777 INFO tempest.lib.common.rest_client [req-3d7eaa31-fe5f-4c73-b22b-def01965746a req-3d7eaa31-fe5f-4c73-b22b-def01965746a ] Request (FlavorsAdminTestJSON:tearDownClass): 204 DELETE http://10.180.1.21/networking/v2.0/security-groups/d9fe8db1-5e9d-4597-8c96-6abef7baed7c 0.469s
2025-11-21 01:21:27.880 65781 INFO tempest.lib.common.rest_client [req-ac6f7a93-d4cf-4b23-9377-9f018ef01966 req-ac6f7a93-d4cf-4b23-9377-9f018ef01966 ] Request (ListImageFiltersTestJSON:setUpClass): 200 GET http://10.180.1.21/compute/v2.1/images/6a2e3c98-8b28-4e53-825e-424ac8b6284f 2.313s
2025-11-21 01:21:27.902 65775 INFO tempest.lib.common.rest_client [req-987bd0d2-bfba-4b89-86d6-8f22d8fcb8c7 req-987bd0d2-bfba-4b89-86d6-8f22d8fcb8c7 ] Request (SecurityGroupRulesTestJSON:tearDownClass): 204 DELETE http://10.180.1.21/identity/v3/users/c9f9b910b29a40c187b6f10e71f5624e 0.170s
2025-11-21 01:21:27.902 65775 INFO tempest.lib.common.dynamic_creds [-] Deleting project and security group for project: fc864a34c4a844528e973b3ab497a49b
2025-11-21 01:21:27.917 65787 INFO tempest.lib.common.rest_client [req-570e4849-a0d7-4489-a2d4-98eaec95b58c req-570e4849-a0d7-4489-a2d4-98eaec95b58c ] Request (ImagesOneServerTestJSON:test_create_image_specify_multibyte_character_image_name): 200 GET http://10.180.1.21/compute/v2.1/images/38e70053-f27a-4ce3-b8d0-e8aaeb7c6636 2.349s
2025-11-21 01:21:27.945 65775 INFO tempest.lib.common.rest_client [req-fab65550-e4be-48d3-a4b9-198f292c5ea1 req-fab65550-e4be-48d3-a4b9-198f292c5ea1 ] Request (SecurityGroupRulesTestJSON:tearDownClass): 200 GET http://10.180.1.21/networking/v2.0/security-groups?tenant_id=fc864a34c4a844528e973b3ab497a49b&name=default 0.042s
2025-11-21 01:21:27.999 65733 INFO tempest.lib.common.rest_client [req-b66e5f62-4010-41a1-89a6-5f895430b156 req-b66e5f62-4010-41a1-89a6-5f895430b156 ] Request (ServersAaction247Test:test_create_backup): 202 POST http://10.180.1.21/compute/v2.1/servers 2.490s
2025-11-21 01:21:28.017 65735 INFO tempest.lib.common.rest_client [req-c63e0fbb-41ac-44bf-ab5e-df57894777db req-c63e0fbb-41ac-44bf-ab5e-df57894777db ] Request (ImagesTestJSON:test_create_image_from_stopped_server): 200 GET http://10.180.1.21/compute/v2.1/servers/a8952ac3-a6e5-43a6-86dd-c44b1cbdc6fa 2.375s
2025-11-21 01:21:28.035 65747 INFO tempest.lib.common.rest_client [req-d11c40f5-7238-4634-b6c4-bca610300053 req-d11c40f5-7238-4634-b6c4-bca610300053 ] Request (HypervisorAdminTestJSON:tearDownClass): 204 DELETE http://10.180.1.21/identity/v3/users/d10a6b11871b49d1b009007871966f1e 0.195s
2025-11-21 01:21:28.099 65761 INFO tempest.lib.common.rest_client [req-065f1458-20cf-4dce-ae03-295023d4e69a req-065f1458-20cf-4dce-ae03-295023d4e69a ] Request (ServersAdminNegativeTestJSON:test_migrate_server_invalid_state): 200 GET http://10.180.1.21/compute/v2.1/servers/75e7944f-532d-4f28-894a-98984d7ca74f 2.231s
2025-11-21 01:21:28.108 65761 INFO tempest.common.waiters [-] State transition "BUILD/scheduling" ==> "BUILD/None" after 9 second wait
2025-11-21 01:21:28.111 65785 INFO tempest.lib.common.rest_client [req-f5b4b428-d7ed-44a5-97a4-339e6fbbd7d5 req-f5b4b428-d7ed-44a5-97a4-339e6fbbd7d5 ] Request (InstanceActionsV221TestJSON:test_get_list_deleted_instance_actions): 200 GET http://10.180.1.21/compute/v2.1/servers/2887e014-c650-4c3a-b7de-63da39e4eaa6 2.303s
2025-11-21 01:21:28.132 65775 INFO tempest.lib.common.rest_client [req-0f814945-bff6-4e1f-bade-f6a5a7878d25 req-0f814945-bff6-4e1f-bade-f6a5a7878d25 ] Request (SecurityGroupRulesTestJSON:tearDownClass): 204 DELETE http://10.180.1.21/networking/v2.0/security-groups/ee9b7848-c648-4df8-9ec0-6aaca4aac64f 0.187s
2025-11-21 01:21:28.156 65777 INFO tempest.lib.common.rest_client [req-c9ecd436-8f7e-4e35-b9a4-95d1cb55705f req-c9ecd436-8f7e-4e35-b9a4-95d1cb55705f ] Request (FlavorsAdminTestJSON:tearDownClass): 204 DELETE http://10.180.1.21/identity/v3/projects/077624a511904f3d8df20b0bbd7e7a82 0.294s
2025-11-21 01:21:28.157 65777 INFO tempest.test [-] raised in ServersOnMultiNodesTest.setUpClass. Invoking tearDownClass.
2025-11-21 01:21:28.189 65767 INFO tempest.lib.common.rest_client [req-95e2b17c-5596-4901-8bac-37f15b029d9b req-95e2b17c-5596-4901-8bac-37f15b029d9b ] Request (ServersTestMultiNic:test_verify_duplicate_network_nics): 200 GET http://10.180.1.21/compute/v2.1/servers/38c635e7-df4d-45f8-ab38-675634e56756 2.180s
2025-11-21 01:21:28.218 65753 INFO tempest.lib.common.rest_client [req-653214c9-9dbd-468c-bf17-0fbc8566805b req-653214c9-9dbd-468c-bf17-0fbc8566805b ] Request (AttachInterfacesUnderV243Test:_run_cleanups): 200 GET http://10.180.1.21/compute/v2.1/servers/90ec4ac5-6e76-46d6-8caf-0185b1ef4c6a 2.251s
2025-11-21 01:21:28.248 65747 INFO tempest.lib.common.rest_client [req-a2cb689a-ffb1-4d50-b6c1-ddc196f40e6c req-a2cb689a-ffb1-4d50-b6c1-ddc196f40e6c ] Request (HypervisorAdminTestJSON:tearDownClass): 204 DELETE http://10.180.1.21/identity/v3/users/a1b897d12ea0462aa34eeb93e2208941 0.212s
2025-11-21 01:21:28.249 65747 INFO tempest.lib.common.dynamic_creds [-] Deleting project and security group for project: f385053bb3b14d808510089216a2a0aa
2025-11-21 01:21:28.260 65759 INFO tempest.lib.common.rest_client [req-fe2c85c2-87e9-4321-9c65-3b44c5155bc3 req-fe2c85c2-87e9-4321-9c65-3b44c5155bc3 ] Request (MigrationsAdminTest:test_resize_server_revert_deleted_flavor): 200 GET http://10.180.1.21/compute/v2.1/servers/95b86ab2-1862-4f7b-8a80-a64b12aa149c 2.179s
2025-11-21 01:21:28.263 65775 INFO tempest.lib.common.rest_client [req-8ac26f33-39a3-41b6-9464-90faec72a7b5 req-8ac26f33-39a3-41b6-9464-90faec72a7b5 ] Request (SecurityGroupRulesTestJSON:tearDownClass): 204 DELETE http://10.180.1.21/identity/v3/projects/fc864a34c4a844528e973b3ab497a49b 0.130s
2025-11-21 01:21:28.298 65751 INFO tempest.lib.common.rest_client [req-c86f9a55-2dc7-447a-b7c3-f17c0512ea6f req-c86f9a55-2dc7-447a-b7c3-f17c0512ea6f ] Request (ServerShowV247Test:tearDownClass): 200 GET http://10.180.1.21/compute/v2.1/servers/cad6e471-868a-4696-a05c-2165f71ba0ee 2.190s
2025-11-21 01:21:28.313 65777 INFO tempest.lib.common.rest_client [req-4f03ff67-a0dd-4185-8b10-e11acf85c3b8 req-4f03ff67-a0dd-4185-8b10-e11acf85c3b8 ] Request (AbsoluteLimitsTestJSON:setUpClass): 201 POST http://10.180.1.21/identity/v3/auth/tokens 0.151s
2025-11-21 01:21:28.328 65747 INFO tempest.lib.common.rest_client [req-9850b3c1-17d8-483d-81de-3dbfe7b0ed09 req-9850b3c1-17d8-483d-81de-3dbfe7b0ed09 ] Request (HypervisorAdminTestJSON:tearDownClass): 201 POST http://10.180.1.21/identity/v3/auth/tokens 0.079s
2025-11-21 01:21:28.332 65789 INFO tempest.lib.common.rest_client [req-cb17726e-8140-4e17-b078-bb106976246f req-cb17726e-8140-4e17-b078-bb106976246f ] Request (VolumesAssistedSnapshotsTest:tearDownClass): 200 GET http://10.180.1.21/compute/v2.1/servers/d63a5d30-f395-4e47-81d9-fd274a9e63d9 2.174s
2025-11-21 01:21:28.345 65775 INFO tempest.lib.common.rest_client [req-00f9873d-4759-450e-b9d4-c3d26f32c21a req-00f9873d-4759-450e-b9d4-c3d26f32c21a ] Request (ServersTestJSON:setUpClass): 201 POST http://10.180.1.21/identity/v3/auth/tokens 0.080s
2025-11-21 01:21:28.363 65773 INFO tempest.lib.common.rest_client [req-046746ae-2120-4807-8c0f-d14bc200b6bd req-046746ae-2120-4807-8c0f-d14bc200b6bd ] Request (ServerPasswordTestJSON:tearDownClass): 200 GET http://10.180.1.21/compute/v2.1/servers/515d997b-c145-4fac-a0eb-8acf57acace6 2.171s
2025-11-21 01:21:28.366 65777 INFO tempest.lib.common.rest_client [req-64e524c1-e80d-4087-9a11-1cf30ab12f07 req-64e524c1-e80d-4087-9a11-1cf30ab12f07 ] Request (AbsoluteLimitsTestJSON:setUpClass): 201 POST http://10.180.1.21/identity/v3/auth/tokens 0.048s
2025-11-21 01:21:28.387 65737 INFO tempest.lib.common.rest_client [req-37f99cb1-963b-460d-bbb2-c1de8decdf72 req-37f99cb1-963b-460d-bbb2-c1de8decdf72 ] Request (ServerShowV254Test:test_rebuild_server): 200 GET http://10.180.1.21/compute/v2.1/servers/b2da4a59-a4dc-4620-b228-bd3b12587162 2.153s
2025-11-21 01:21:28.398 65775 INFO tempest.lib.common.rest_client [req-27818c12-eb76-42fa-848c-b0ac052e5ab2 req-27818c12-eb76-42fa-848c-b0ac052e5ab2 ] Request (ServersTestJSON:setUpClass): 201 POST http://10.180.1.21/identity/v3/auth/tokens 0.050s
2025-11-21 01:21:28.420 65777 INFO tempest.lib.common.rest_client [req-40b7fdb8-42f9-4c7b-b604-a528d42d03ed req-40b7fdb8-42f9-4c7b-b604-a528d42d03ed ] Request (AbsoluteLimitsTestJSON:setUpClass): 200 GET http://10.180.1.21/identity/v3/domains?name=Default 0.054s
2025-11-21 01:21:28.440 65775 INFO tempest.lib.common.rest_client [req-a91deb81-584f-4699-be3f-e621ceb53313 req-a91deb81-584f-4699-be3f-e621ceb53313 ] Request (ServersTestJSON:setUpClass): 200 GET http://10.180.1.21/identity/v3/domains?name=Default 0.040s
2025-11-21 01:21:28.447 65769 INFO tempest.lib.common.rest_client [req-0cdad51e-88be-45b6-af15-63b302f2aa9d req-0cdad51e-88be-45b6-af15-63b302f2aa9d ] Request (MultipleCreateTestJSON:_run_cleanups): 200 GET http://10.180.1.21/compute/v2.1/servers/8b247b79-8306-4425-8776-d393b6512e42 2.110s
2025-11-21 01:21:28.463 65763 INFO tempest.lib.common.rest_client [req-1c0c813c-ea54-4c63-bf33-ab5b50cf22a0 req-1c0c813c-ea54-4c63-bf33-ab5b50cf22a0 ] Request (ImagesOneServerNegativeTestJSON:setUpClass): 200 GET http://10.180.1.21/compute/v2.1/servers/1ffe8f32-eaa0-4301-b769-ae6ee4c578dd 2.084s
2025-11-21 01:21:28.465 65777 INFO tempest.lib.common.rest_client [req-96e5df4c-a904-4c70-82aa-f95c5a9ad93d req-96e5df4c-a904-4c70-82aa-f95c5a9ad93d ] Request (AbsoluteLimitsTestJSON:setUpClass): 201 POST http://10.180.1.21/identity/v3/projects 0.044s
2025-11-21 01:21:28.475 65775 INFO tempest.lib.common.rest_client [req-f07fb46d-d34d-4cc8-a869-0215926de176 req-f07fb46d-d34d-4cc8-a869-0215926de176 ] Request (ServersTestJSON:setUpClass): 201 POST http://10.180.1.21/identity/v3/projects 0.034s
2025-11-21 01:21:28.506 65741 INFO tempest.lib.common.rest_client [req-7524405f-48ef-4fd9-bfdb-e766928db0f8 req-7524405f-48ef-4fd9-bfdb-e766928db0f8 ] Request (DeleteServersTestJSON:test_delete_active_server): 200 GET http://10.180.1.21/compute/v2.1/servers/084e46d0-5c99-412d-a85f-aabb64caafac 1.711s
2025-11-21 01:21:28.538 65747 INFO tempest.lib.common.rest_client [req-dc16b69e-e16a-46bf-bf83-57dd381fd28f req-dc16b69e-e16a-46bf-bf83-57dd381fd28f ] Request (HypervisorAdminTestJSON:tearDownClass): 200 GET http://10.180.1.21/networking/v2.0/security-groups?tenant_id=f385053bb3b14d808510089216a2a0aa&name=default 0.210s
2025-11-21 01:21:28.540 65775 INFO tempest.lib.common.rest_client [req-baeca44c-5115-4c0a-bd30-9ac80a713490 req-baeca44c-5115-4c0a-bd30-9ac80a713490 ] Request (ServersTestJSON:setUpClass): 201 POST http://10.180.1.21/identity/v3/users 0.065s
2025-11-21 01:21:28.565 65775 INFO tempest.lib.common.rest_client [req-7007bc25-7763-4614-90dc-95f0125e8851 req-7007bc25-7763-4614-90dc-95f0125e8851 ] Request (ServersTestJSON:setUpClass): 200 GET http://10.180.1.21/identity/v3/roles 0.025s
2025-11-21 01:21:28.567 65777 INFO tempest.lib.common.rest_client [req-55f545e5-643c-4b2e-8229-92e9cb0ae10d req-55f545e5-643c-4b2e-8229-92e9cb0ae10d ] Request (AbsoluteLimitsTestJSON:setUpClass): 201 POST http://10.180.1.21/identity/v3/users 0.101s
2025-11-21 01:21:28.579 65727 WARNING tempest.lib.common.ssh [-] Failed to establish authenticated ssh connection to cirros@10.180.180.206 ([Errno None] Unable to connect to port 22 on 10.180.180.206). Number attempts: 4. Retry after 5 seconds.: paramiko.ssh_exception.NoValidConnectionsError: [Errno None] Unable to connect to port 22 on 10.180.180.206
2025-11-21 01:21:28.599 65777 INFO tempest.lib.common.rest_client [req-0b7c1a13-619d-48f3-a25c-289846169c56 req-0b7c1a13-619d-48f3-a25c-289846169c56 ] Request (AbsoluteLimitsTestJSON:setUpClass): 200 GET http://10.180.1.21/identity/v3/roles 0.031s
2025-11-21 01:21:28.607 65775 INFO tempest.lib.common.rest_client [req-6d103d29-37f9-4a99-b070-7f7568e7269d req-6d103d29-37f9-4a99-b070-7f7568e7269d ] Request (ServersTestJSON:setUpClass): 204 PUT http://10.180.1.21/identity/v3/projects/21c946dfa1374441a5b2bc986f315e71/users/7deefbb978f24a4cb503c0ddb1ba6770/roles/4cc76b95e32446e9ab06941d7efe7b08 0.041s
2025-11-21 01:21:28.608 65775 INFO tempest.lib.common.dynamic_creds [-] Dynamic test user 7deefbb978f24a4cb503c0ddb1ba6770 is created with scope project and roles: ['member']
2025-11-21 01:21:28.608 65775 INFO tempest.lib.common.dynamic_creds [-] Acquired dynamic creds: credentials: Credentials: {'domain_id': 'default', 'domain_name': 'Default', 'username': 'tempest-ServersTestJSON-345764332-project-member', 'project_domain_id': 'default', 'project_domain_name': 'Default', 'project_id': '21c946dfa1374441a5b2bc986f315e71', 'project_name': 'tempest-ServersTestJSON-345764332', 'tenant_id': '21c946dfa1374441a5b2bc986f315e71', 'tenant_name': 'tempest-ServersTestJSON-345764332', 'user_domain_id': 'default', 'user_domain_name': 'Default', 'user_id': '7deefbb978f24a4cb503c0ddb1ba6770', 'system': None}, Network: None, Subnet: None, Router: None
2025-11-21 01:21:28.672 65731 INFO tempest.lib.common.rest_client [req-eb13420b-a066-4255-a80b-80e521743e5d req-eb13420b-a066-4255-a80b-80e521743e5d ] Request (ServersWithSpecificFlavorTestJSON:test_verify_created_server_ephemeral_disk): 200 GET http://10.180.1.21/compute/v2.1/servers/23ebeea3-bbdc-4466-b162-c7b0df5b6935 1.182s
2025-11-21 01:21:28.673 65777 INFO tempest.lib.common.rest_client [req-1c4345bf-909b-4c21-9b86-6edb34fce7aa req-1c4345bf-909b-4c21-9b86-6edb34fce7aa ] Request (AbsoluteLimitsTestJSON:setUpClass): 204 PUT http://10.180.1.21/identity/v3/projects/104035dc96e64ac3afc375795c9ad2b5/users/6508d122193d4f4d9c4c876ce45a467c/roles/4cc76b95e32446e9ab06941d7efe7b08 0.073s
2025-11-21 01:21:28.673 65777 INFO tempest.lib.common.dynamic_creds [-] Dynamic test user 6508d122193d4f4d9c4c876ce45a467c is created with scope project and roles: ['member']
2025-11-21 01:21:28.673 65777 INFO tempest.lib.common.dynamic_creds [-] Acquired dynamic creds: credentials: Credentials: {'domain_id': 'default', 'domain_name': 'Default', 'username': 'tempest-AbsoluteLimitsTestJSON-1274868761-project-member', 'project_domain_id': 'default', 'project_domain_name': 'Default', 'project_id': '104035dc96e64ac3afc375795c9ad2b5', 'project_name': 'tempest-AbsoluteLimitsTestJSON-1274868761', 'tenant_id': '104035dc96e64ac3afc375795c9ad2b5', 'tenant_name': 'tempest-AbsoluteLimitsTestJSON-1274868761', 'user_domain_id': 'default', 'user_domain_name': 'Default', 'user_id': '6508d122193d4f4d9c4c876ce45a467c', 'system': None}, Network: None, Subnet: None, Router: None
2025-11-21 01:21:28.674 65777 INFO tempest.lib.common.dynamic_creds [-] Created isolated network resources for: credentials: Credentials: {'domain_id': 'default', 'domain_name': 'Default', 'username': 'tempest-AbsoluteLimitsTestJSON-1274868761-project-member', 'project_domain_id': 'default', 'project_domain_name': 'Default', 'project_id': '104035dc96e64ac3afc375795c9ad2b5', 'project_name': 'tempest-AbsoluteLimitsTestJSON-1274868761', 'tenant_id': '104035dc96e64ac3afc375795c9ad2b5', 'tenant_name': 'tempest-AbsoluteLimitsTestJSON-1274868761', 'user_domain_id': 'default', 'user_domain_name': 'Default', 'user_id': '6508d122193d4f4d9c4c876ce45a467c', 'system': None}, Network: None, Subnet: None, Router: None
2025-11-21 01:21:28.676 65775 INFO tempest.lib.common.rest_client [req-9d2ad246-b2fe-45eb-a38e-098dc732a66f req-9d2ad246-b2fe-45eb-a38e-098dc732a66f ] Request (ServersTestJSON:setUpClass): 201 POST http://10.180.1.21/identity/v3/auth/tokens 0.068s
2025-11-21 01:21:28.681 65731 INFO tempest.common.waiters [-] State transition "BUILD/networking" ==> "BUILD/spawning" after 34 second wait
2025-11-21 01:21:28.694 65747 INFO tempest.lib.common.rest_client [req-0ba71f1a-3ef3-4f2a-ac4f-48daeaee7eb2 req-0ba71f1a-3ef3-4f2a-ac4f-48daeaee7eb2 ] Request (HypervisorAdminTestJSON:tearDownClass): 204 DELETE http://10.180.1.21/networking/v2.0/security-groups/76e8bd84-f0f3-4748-b1a5-bcd0bc1a82e6 0.155s
2025-11-21 01:21:28.707 65729 INFO tempest.lib.common.rest_client [req-e264b722-6a23-4d02-b982-512f5aee26df req-e264b722-6a23-4d02-b982-512f5aee26df ] Request (InstanceActionsTestJSON:tearDownClass): 404 GET http://10.180.1.21/compute/v2.1/servers/927f7613-159b-463d-838b-1a47af4c8723 1.201s
2025-11-21 01:21:28.778 65777 INFO tempest.lib.common.rest_client [req-41e66109-84c2-4e74-8a0b-c240eae2993d req-41e66109-84c2-4e74-8a0b-c240eae2993d ] Request (AbsoluteLimitsTestJSON:setUpClass): 201 POST http://10.180.1.21/identity/v3/auth/tokens 0.101s
2025-11-21 01:21:28.891 65747 INFO tempest.lib.common.rest_client [req-2bd69506-0280-41d7-bcc1-e92459359423 req-2bd69506-0280-41d7-bcc1-e92459359423 ] Request (HypervisorAdminTestJSON:tearDownClass): 204 DELETE http://10.180.1.21/identity/v3/projects/f385053bb3b14d808510089216a2a0aa 0.197s
2025-11-21 01:21:28.892 65747 INFO tempest.lib.common.dynamic_creds [-] Deleting project and security group for project: b822fb0606dd4548b391ff01f9847a76
2025-11-21 01:21:28.978 65758 INFO tempest.lib.common.rest_client [req-c839da09-e95a-457c-848a-1c871e305c48 req-c839da09-e95a-457c-848a-1c871e305c48 ] Request (SecurityGroupsTestJSON:test_server_security_groups): 202 POST http://10.180.1.21/compute/v2.1/servers/0daecc96-fc0f-46ba-8475-e2c4f07801f0/action 1.543s
2025-11-21 01:21:29.083 65775 INFO tempest.lib.common.rest_client [req-d9c22282-d00f-4a6a-b1f0-0410dffecd98 req-d9c22282-d00f-4a6a-b1f0-0410dffecd98 ] Request (ServersTestJSON:setUpClass): 201 POST http://10.180.1.21/networking/v2.0/networks 0.406s
2025-11-21 01:21:29.316 65747 INFO tempest.lib.common.rest_client [req-058bafe9-29b2-4bc4-9742-67e932497c8a req-058bafe9-29b2-4bc4-9742-67e932497c8a ] Request (HypervisorAdminTestJSON:tearDownClass): 200 GET http://10.180.1.21/networking/v2.0/security-groups?tenant_id=b822fb0606dd4548b391ff01f9847a76&name=default 0.424s
2025-11-21 01:21:29.499 65775 INFO tempest.lib.common.rest_client [req-71dba661-d230-4b4a-984a-7f243000d610 req-71dba661-d230-4b4a-984a-7f243000d610 ] Request (ServersTestJSON:setUpClass): 201 POST http://10.180.1.21/networking/v2.0/subnets 0.415s
2025-11-21 01:21:29.531 65755 INFO tempest.lib.common.rest_client [req-df1bea27-eae6-45b0-b22b-e530c5445647 req-df1bea27-eae6-45b0-b22b-e530c5445647 ] Request (ServerTagsTestJSON:tearDownClass): 200 GET http://10.180.1.21/compute/v2.1/servers/bf23d6a6-4c4d-41d4-82d9-c65a361310d7 2.009s
2025-11-21 01:21:29.597 65781 INFO tempest.lib.common.rest_client [req-d94e6098-a794-4952-874b-eb1208ca33ad req-d94e6098-a794-4952-874b-eb1208ca33ad ] Request (ListImageFiltersTestJSON:setUpClass): 200 GET http://10.180.1.21/compute/v2.1/images/6a2e3c98-8b28-4e53-825e-424ac8b6284f 1.713s
2025-11-21 01:21:29.613 65747 INFO tempest.lib.common.rest_client [req-11e05d74-04c3-4998-9711-c7333b39965a req-11e05d74-04c3-4998-9711-c7333b39965a ] Request (HypervisorAdminTestJSON:tearDownClass): 204 DELETE http://10.180.1.21/networking/v2.0/security-groups/297bf7b7-da15-4c9a-b682-aba1ad8a6d35 0.297s
2025-11-21 01:21:29.644 65765 INFO tempest.lib.common.rest_client [req-e924f28f-e83d-4d4e-9926-69166edbe126 req-e924f28f-e83d-4d4e-9926-69166edbe126 ] Request (ServersAdminTestJSON:test_list_servers_filter_by_error_status): 200 GET http://10.180.1.21/compute/v2.1/servers/7243891b-c889-4609-aee0-607fadb19eb4 2.026s
2025-11-21 01:21:29.736 65747 INFO tempest.lib.common.rest_client [req-58ccc333-f5b4-4697-888d-b4b4d2ea7043 req-58ccc333-f5b4-4697-888d-b4b4d2ea7043 ] Request (HypervisorAdminTestJSON:tearDownClass): 204 DELETE http://10.180.1.21/identity/v3/projects/b822fb0606dd4548b391ff01f9847a76 0.122s
2025-11-21 01:21:29.737 65747 INFO tempest.test [-] raised in LiveAutoBlockMigrationV225Test.setUpClass. Invoking tearDownClass.
2025-11-21 01:21:29.739 65747 INFO tempest.test [-] raised in TestMultiAttachVolumeSwap.setUpClass. Invoking tearDownClass.
2025-11-21 01:21:29.778 65729 INFO tempest.lib.common.rest_client [req-535a4b06-65f4-4efa-9379-c8cf9aa8e577 req-535a4b06-65f4-4efa-9379-c8cf9aa8e577 ] Request (InstanceActionsTestJSON:tearDownClass): 200 PUT http://10.180.1.21/networking/v2.0/routers/c18777ac-1945-470d-b2ef-81f5b521b7f0/remove_router_interface 1.070s
2025-11-21 01:21:29.814 65747 INFO tempest.lib.common.rest_client [req-31663437-a477-4882-8356-3905ddfb8c5b req-31663437-a477-4882-8356-3905ddfb8c5b ] Request (VolumesAdminNegativeTest:setUpClass): 201 POST http://10.180.1.21/identity/v3/auth/tokens 0.072s
2025-11-21 01:21:29.841 65733 INFO tempest.lib.common.rest_client [req-3c057696-08c0-4fdc-8fee-ec4f7987e6c0 req-3c057696-08c0-4fdc-8fee-ec4f7987e6c0 ] Request (ServersAaction247Test:test_create_backup): 200 GET http://10.180.1.21/compute/v2.1/servers/705ca222-bbf7-4062-8ba6-992d98db468b 1.836s
2025-11-21 01:21:29.858 65747 INFO tempest.lib.common.rest_client [req-1d6b6df5-cc0e-427c-8531-554ccdc5896a req-1d6b6df5-cc0e-427c-8531-554ccdc5896a ] Request (VolumesAdminNegativeTest:setUpClass): 201 POST http://10.180.1.21/identity/v3/auth/tokens 0.042s
2025-11-21 01:21:29.887 65747 INFO tempest.lib.common.rest_client [req-53aea40b-7f83-40a7-9053-a349bc5be0fc req-53aea40b-7f83-40a7-9053-a349bc5be0fc ] Request (VolumesAdminNegativeTest:setUpClass): 200 GET http://10.180.1.21/identity/v3/domains?name=Default 0.028s
2025-11-21 01:21:29.926 65747 INFO tempest.lib.common.rest_client [req-606062e6-e183-41fe-8a0c-489b05077542 req-606062e6-e183-41fe-8a0c-489b05077542 ] Request (VolumesAdminNegativeTest:setUpClass): 201 POST http://10.180.1.21/identity/v3/projects 0.038s
2025-11-21 01:21:30.009 65777 INFO tempest.lib.common.rest_client [req-5e3a7849-1ebf-4b09-80e8-8f35ce33006b req-5e3a7849-1ebf-4b09-80e8-8f35ce33006b ] Request (AbsoluteLimitsTestJSON:test_absLimits_get): 200 GET http://10.180.1.21/compute/v2.1/limits 1.229s
2025-11-21 01:21:30.050 65747 INFO tempest.lib.common.rest_client [req-1fd1a2a4-b5c5-4b18-9daf-03c3205e895f req-1fd1a2a4-b5c5-4b18-9daf-03c3205e895f ] Request (VolumesAdminNegativeTest:setUpClass): 201 POST http://10.180.1.21/identity/v3/users 0.123s
2025-11-21 01:21:30.078 65747 INFO tempest.lib.common.rest_client [req-5f0dc102-6675-4ca3-9f40-3c68ad680150 req-5f0dc102-6675-4ca3-9f40-3c68ad680150 ] Request (VolumesAdminNegativeTest:setUpClass): 200 GET http://10.180.1.21/identity/v3/roles 0.027s
2025-11-21 01:21:30.112 65747 INFO tempest.lib.common.rest_client [req-02ece19d-4bf6-4fd6-82fe-1debe97352a7 req-02ece19d-4bf6-4fd6-82fe-1debe97352a7 ] Request (VolumesAdminNegativeTest:setUpClass): 204 PUT http://10.180.1.21/identity/v3/projects/9e4966420f074b09bba6cc5433adca12/users/8f70927084a14f67a000ad0e976a0b99/roles/4cc76b95e32446e9ab06941d7efe7b08 0.033s
2025-11-21 01:21:30.112 65747 INFO tempest.lib.common.dynamic_creds [-] Dynamic test user 8f70927084a14f67a000ad0e976a0b99 is created with scope project and roles: ['member']
2025-11-21 01:21:30.112 65747 INFO tempest.lib.common.dynamic_creds [-] Acquired dynamic creds: credentials: Credentials: {'domain_id': 'default', 'domain_name': 'Default', 'username': 'tempest-VolumesAdminNegativeTest-1385301175-project-member', 'project_domain_id': 'default', 'project_domain_name': 'Default', 'project_id': '9e4966420f074b09bba6cc5433adca12', 'project_name': 'tempest-VolumesAdminNegativeTest-1385301175', 'tenant_id': '9e4966420f074b09bba6cc5433adca12', 'tenant_name': 'tempest-VolumesAdminNegativeTest-1385301175', 'user_domain_id': 'default', 'user_domain_name': 'Default', 'user_id': '8f70927084a14f67a000ad0e976a0b99', 'system': None}, Network: None, Subnet: None, Router: None
2025-11-21 01:21:30.134 65777 INFO tempest.lib.common.rest_client [req-5972a20c-53e5-4d16-af7c-1b6a5d407fa7 req-5972a20c-53e5-4d16-af7c-1b6a5d407fa7 ] Request (AbsoluteLimitsTestJSON:tearDownClass): 204 DELETE http://10.180.1.21/identity/v3/users/6508d122193d4f4d9c4c876ce45a467c 0.116s
2025-11-21 01:21:30.134 65777 INFO tempest.lib.common.dynamic_creds [-] Deleting project and security group for project: 104035dc96e64ac3afc375795c9ad2b5
2025-11-21 01:21:30.187 65747 INFO tempest.lib.common.rest_client [req-c5c0e725-1507-4a08-af1f-a133ddb6013a req-c5c0e725-1507-4a08-af1f-a133ddb6013a ] Request (VolumesAdminNegativeTest:setUpClass): 201 POST http://10.180.1.21/identity/v3/auth/tokens 0.074s
2025-11-21 01:21:30.196 65777 INFO tempest.lib.common.rest_client [req-84fa2b60-b816-4a7f-add9-e65fd53cdc9e req-84fa2b60-b816-4a7f-add9-e65fd53cdc9e ] Request (AbsoluteLimitsTestJSON:tearDownClass): 201 POST http://10.180.1.21/identity/v3/auth/tokens 0.061s
2025-11-21 01:21:30.412 65729 INFO tempest.lib.common.rest_client [req-c25fa8ee-8cf6-44a7-9e74-64308b7b0d4d req-c25fa8ee-8cf6-44a7-9e74-64308b7b0d4d ] Request (InstanceActionsTestJSON:tearDownClass): 204 DELETE http://10.180.1.21/networking/v2.0/routers/c18777ac-1945-470d-b2ef-81f5b521b7f0 0.634s
2025-11-21 01:21:30.430 65775 INFO tempest.lib.common.rest_client [req-b8506564-d32d-405b-ae42-175b5e63949c req-b8506564-d32d-405b-ae42-175b5e63949c ] Request (ServersTestJSON:setUpClass): 201 POST http://10.180.1.21/networking/v2.0/routers 0.929s
2025-11-21 01:21:30.497 65783 INFO tempest.lib.common.rest_client [req-1590b36b-3b90-4ede-b234-685c23e19873 req-1590b36b-3b90-4ede-b234-685c23e19873 ] Request (ServersTestBootFromVolume:setUpClass): 200 GET http://10.180.1.21/compute/v2.1/servers/fbde322d-329b-4e94-9c82-9d9a8b054b0c 2.042s
2025-11-21 01:21:30.506 65779 INFO tempest.lib.common.rest_client [req-d2ab3533-f216-4bb8-b459-18ebf3a89848 req-d2ab3533-f216-4bb8-b459-18ebf3a89848 ] Request (ServerAddressesTestJSON:setUpClass): 200 GET http://10.180.1.21/compute/v2.1/servers/ae21b1e6-c90c-4db5-a033-8980c7c5ec73 1.681s
2025-11-21 01:21:30.506 65783 INFO tempest.common.waiters [-] State transition "BUILD/spawning" ==> "ACTIVE/None" after 40 second wait
2025-11-21 01:21:30.559 65787 INFO tempest.lib.common.rest_client [req-a1cbcb60-68f0-4c60-ad03-695c36acee99 req-a1cbcb60-68f0-4c60-ad03-695c36acee99 ] Request (ImagesOneServerTestJSON:test_create_image_specify_multibyte_character_image_name): 200 GET http://10.180.1.21/compute/v2.1/images/38e70053-f27a-4ce3-b8d0-e8aaeb7c6636 1.637s
2025-11-21 01:21:30.794 65747 INFO tempest.lib.common.rest_client [req-0cf4e834-b154-49cf-9be1-193ad3320f2f req-0cf4e834-b154-49cf-9be1-193ad3320f2f ] Request (VolumesAdminNegativeTest:setUpClass): 201 POST http://10.180.1.21/networking/v2.0/networks 0.606s
2025-11-21 01:21:30.796 65777 INFO tempest.lib.common.rest_client [req-08c052ac-1428-4aef-affa-3e9f24f68e82 req-08c052ac-1428-4aef-affa-3e9f24f68e82 ] Request (AbsoluteLimitsTestJSON:tearDownClass): 200 GET http://10.180.1.21/networking/v2.0/security-groups?tenant_id=104035dc96e64ac3afc375795c9ad2b5&name=default 0.600s
2025-11-21 01:21:30.913 65729 INFO tempest.lib.common.rest_client [req-21895dc6-2e4b-4116-982a-77fe8151fe44 req-21895dc6-2e4b-4116-982a-77fe8151fe44 ] Request (InstanceActionsTestJSON:tearDownClass): 204 DELETE http://10.180.1.21/networking/v2.0/subnets/1c45d308-4d43-400f-960c-b4c82a6e395d 0.500s
2025-11-21 01:21:30.999 65735 INFO tempest.lib.common.rest_client [req-fbaa1e9c-9d78-4349-a2ef-0d0577533a42 req-fbaa1e9c-9d78-4349-a2ef-0d0577533a42 ] Request (ImagesTestJSON:test_create_image_from_stopped_server): 200 GET http://10.180.1.21/compute/v2.1/servers/a8952ac3-a6e5-43a6-86dd-c44b1cbdc6fa 1.970s
2025-11-21 01:21:31.179 65747 INFO tempest.lib.common.rest_client [req-89a71b9e-3126-4e10-b95b-dbcca1ede8e5 req-89a71b9e-3126-4e10-b95b-dbcca1ede8e5 ] Request (VolumesAdminNegativeTest:setUpClass): 201 POST http://10.180.1.21/networking/v2.0/subnets 0.385s
2025-11-21 01:21:31.241 65725 WARNING tempest.lib.common.ssh [-] Failed to establish authenticated ssh connection to cirros@10.180.180.251 ([Errno None] Unable to connect to port 22 on 10.180.180.251). Number attempts: 3. Retry after 4 seconds.: paramiko.ssh_exception.NoValidConnectionsError: [Errno None] Unable to connect to port 22 on 10.180.180.251
2025-11-21 01:21:31.267 65777 INFO tempest.lib.common.rest_client [req-0dee1a00-b44a-486f-b86b-117775a9efc1 req-0dee1a00-b44a-486f-b86b-117775a9efc1 ] Request (AbsoluteLimitsTestJSON:tearDownClass): 204 DELETE http://10.180.1.21/networking/v2.0/security-groups/27fc97c0-8a8b-4e71-ba2f-43e04028027e 0.471s
2025-11-21 01:21:31.347 65777 INFO tempest.lib.common.rest_client [req-87e1d102-2a2b-437e-95c0-888bb45f914c req-87e1d102-2a2b-437e-95c0-888bb45f914c ] Request (AbsoluteLimitsTestJSON:tearDownClass): 204 DELETE http://10.180.1.21/identity/v3/projects/104035dc96e64ac3afc375795c9ad2b5 0.079s
2025-11-21 01:21:31.427 65777 INFO tempest.lib.common.rest_client [req-242c4198-07c4-4933-a66f-014b58b00b8d req-242c4198-07c4-4933-a66f-014b58b00b8d ] Request (ServerDiskConfigTestJSON:setUpClass): 201 POST http://10.180.1.21/identity/v3/auth/tokens 0.078s
2025-11-21 01:21:31.475 65777 INFO tempest.lib.common.rest_client [req-be76447c-8234-47ff-9156-a6bf0e717cda req-be76447c-8234-47ff-9156-a6bf0e717cda ] Request (ServerDiskConfigTestJSON:setUpClass): 201 POST http://10.180.1.21/identity/v3/auth/tokens 0.046s
2025-11-21 01:21:31.518 65777 INFO tempest.lib.common.rest_client [req-2bd83d24-1fc1-4430-9e39-aaa1e29739ce req-2bd83d24-1fc1-4430-9e39-aaa1e29739ce ] Request (ServerDiskConfigTestJSON:setUpClass): 200 GET http://10.180.1.21/identity/v3/domains?name=Default 0.042s
2025-11-21 01:21:31.550 65729 INFO tempest.lib.common.rest_client [req-3e8f1697-4c64-4200-8045-22164fc3153e req-3e8f1697-4c64-4200-8045-22164fc3153e ] Request (InstanceActionsTestJSON:tearDownClass): 204 DELETE http://10.180.1.21/networking/v2.0/networks/8c2eac04-c1a3-4a34-b36a-c45a2d9befee 0.637s
2025-11-21 01:21:31.565 65777 INFO tempest.lib.common.rest_client [req-97c5429a-e405-416d-8dd3-e5a462ee08ce req-97c5429a-e405-416d-8dd3-e5a462ee08ce ] Request (ServerDiskConfigTestJSON:setUpClass): 201 POST http://10.180.1.21/identity/v3/projects 0.046s
2025-11-21 01:21:31.622 65758 INFO tempest.lib.common.rest_client [req-c186e726-0246-474d-83b5-79a383dbce78 req-c186e726-0246-474d-83b5-79a383dbce78 ] Request (SecurityGroupsTestJSON:test_server_security_groups): 400 DELETE http://10.180.1.21/compute/v2.1/os-security-groups/413b19eb-94ec-489a-b47a-feaf8a84da43 2.643s
2025-11-21 01:21:31.638 65777 INFO tempest.lib.common.rest_client [req-1dff2baa-6279-4eaa-99b1-7a61bf9946c7 req-1dff2baa-6279-4eaa-99b1-7a61bf9946c7 ] Request (ServerDiskConfigTestJSON:setUpClass): 201 POST http://10.180.1.21/identity/v3/users 0.073s
2025-11-21 01:21:31.652 65761 INFO tempest.lib.common.rest_client [req-a23f1418-769b-4bc0-a477-9a9a605f7ea1 req-a23f1418-769b-4bc0-a477-9a9a605f7ea1 ] Request (ServersAdminNegativeTestJSON:test_migrate_server_invalid_state): 200 GET http://10.180.1.21/compute/v2.1/servers/75e7944f-532d-4f28-894a-98984d7ca74f 2.543s
2025-11-21 01:21:31.657 65785 INFO tempest.lib.common.rest_client [req-b0ec3588-cfae-47bc-b4f1-d4e2e2dbdf7b req-b0ec3588-cfae-47bc-b4f1-d4e2e2dbdf7b ] Request (InstanceActionsV221TestJSON:test_get_list_deleted_instance_actions): 404 GET http://10.180.1.21/compute/v2.1/servers/2887e014-c650-4c3a-b7de-63da39e4eaa6 2.537s
2025-11-21 01:21:31.705 65729 INFO tempest.lib.common.rest_client [req-dc89c479-e7e9-4804-834c-fd417af74488 req-dc89c479-e7e9-4804-834c-fd417af74488 ] Request (InstanceActionsTestJSON:tearDownClass): 204 DELETE http://10.180.1.21/identity/v3/users/52174cb4d1c04cdda6c65e4bc445dfe9 0.154s
2025-11-21 01:21:31.705 65729 INFO tempest.lib.common.dynamic_creds [-] Deleting project and security group for project: 69cae861aae54a078aa9eb658e1367d3
2025-11-21 01:21:31.708 65777 INFO tempest.lib.common.rest_client [req-5fdc7865-48aa-44b0-a638-cd0f5b46c26f req-5fdc7865-48aa-44b0-a638-cd0f5b46c26f ] Request (ServerDiskConfigTestJSON:setUpClass): 200 GET http://10.180.1.21/identity/v3/roles 0.069s
2025-11-21 01:21:31.721 65775 INFO tempest.lib.common.rest_client [req-3d90bb09-3c70-447b-b638-9a2e801627e6 req-3d90bb09-3c70-447b-b638-9a2e801627e6 ] Request (ServersTestJSON:setUpClass): 200 PUT http://10.180.1.21/networking/v2.0/routers/d96c1783-a2af-4281-a684-165c375c518e/add_router_interface 1.290s
2025-11-21 01:21:31.722 65775 INFO tempest.lib.common.dynamic_creds [-] Created isolated network resources for: credentials: Credentials: {'domain_id': 'default', 'domain_name': 'Default', 'username': 'tempest-ServersTestJSON-345764332-project-member', 'project_domain_id': 'default', 'project_domain_name': 'Default', 'project_id': '21c946dfa1374441a5b2bc986f315e71', 'project_name': 'tempest-ServersTestJSON-345764332', 'tenant_id': '21c946dfa1374441a5b2bc986f315e71', 'tenant_name': 'tempest-ServersTestJSON-345764332', 'user_domain_id': 'default', 'user_domain_name': 'Default', 'user_id': '7deefbb978f24a4cb503c0ddb1ba6770', 'system': None}, Network: {'id': '4e13f011-f83b-482e-9408-4c45edd88c2e', 'name': 'tempest-ServersTestJSON-1824755748-network', 'tenant_id': '21c946dfa1374441a5b2bc986f315e71', 'project_id': '21c946dfa1374441a5b2bc986f315e71', 'admin_state_up': True, 'mtu': 8950, 'status': 'ACTIVE', 'subnets': [], 'shared': False, 'port_security_enabled': True, 'router:external': False, 'provider:network_type': 'vlan', 'provider:physical_network': 'default', 'provider:segmentation_id': 191, 'availability_zone_hints': [], 'availability_zones': [], 'ipv4_address_scope': None, 'ipv6_address_scope': None, 'description': '', 'tags': [], 'created_at': '2025-11-21T01:21:28Z', 'updated_at': '2025-11-21T01:21:28Z', 'revision_number': 1}, Subnet: {'id': '672d79f1-83c4-41f6-93f3-35ea228ab7a6', 'name': 'tempest-ServersTestJSON-1824755748-subnet', 'tenant_id': '21c946dfa1374441a5b2bc986f315e71', 'network_id': '4e13f011-f83b-482e-9408-4c45edd88c2e', 'ip_version': 4, 'subnetpool_id': None, 'enable_dhcp': True, 'ipv6_ra_mode': None, 'ipv6_address_mode': None, 'gateway_ip': '192.168.128.1', 'cidr': '192.168.128.0/28', 'allocation_pools': [{'start': '192.168.128.2', 'end': '192.168.128.14'}], 'host_routes': [], 'dns_nameservers': [], 'description': '', 'router:external': False, 'service_types': [], 'tags': [], 'created_at': '2025-11-21T01:21:29Z', 'updated_at': '2025-11-21T01:21:29Z', 'revision_number': 0, 'project_id': '21c946dfa1374441a5b2bc986f315e71'}, Router: {'id': 'd96c1783-a2af-4281-a684-165c375c518e', 'name': 'tempest-ServersTestJSON-1824755748-router', 'tenant_id': '21c946dfa1374441a5b2bc986f315e71', 'admin_state_up': True, 'status': 'ACTIVE', 'external_gateway_info': {'network_id': 'd061fa07-0bd2-43a4-9b74-f5c02b1c93f6', 'external_fixed_ips': [{'subnet_id': '70a9bc92-6319-4239-904a-e03ae1478d40', 'ip_address': '10.180.180.165'}], 'enable_snat': True}, 'description': '', 'availability_zones': [], 'distributed': False, 'ha': False, 'availability_zone_hints': [], 'routes': [], 'flavor_id': None, 'tags': [], 'created_at': '2025-11-21T01:21:29Z', 'updated_at': '2025-11-21T01:21:30Z', 'revision_number': 2, 'project_id': '21c946dfa1374441a5b2bc986f315e71'}
2025-11-21 01:21:31.752 65767 INFO tempest.lib.common.rest_client [req-cf2709d4-3cd0-41f4-90aa-b19da86f591f req-cf2709d4-3cd0-41f4-90aa-b19da86f591f ] Request (ServersTestMultiNic:test_verify_duplicate_network_nics): 200 GET http://10.180.1.21/compute/v2.1/servers/38c635e7-df4d-45f8-ab38-675634e56756 2.554s
2025-11-21 01:21:31.767 65729 INFO tempest.lib.common.rest_client [req-f09e5095-6ea4-4c67-8f66-60925075f1d7 req-f09e5095-6ea4-4c67-8f66-60925075f1d7 ] Request (InstanceActionsTestJSON:tearDownClass): 200 GET http://10.180.1.21/networking/v2.0/security-groups?tenant_id=69cae861aae54a078aa9eb658e1367d3&name=default 0.062s
2025-11-21 01:21:31.799 65753 INFO tempest.lib.common.rest_client [req-d89c0f7c-4542-4d10-9703-0569b44e01ce req-d89c0f7c-4542-4d10-9703-0569b44e01ce ] Request (AttachInterfacesUnderV243Test:_run_cleanups): 200 GET http://10.180.1.21/compute/v2.1/servers/90ec4ac5-6e76-46d6-8caf-0185b1ef4c6a 2.572s
2025-11-21 01:21:31.807 65777 INFO tempest.lib.common.rest_client [req-4229ba94-3a55-4249-a1e3-87d1fc8c45a5 req-4229ba94-3a55-4249-a1e3-87d1fc8c45a5 ] Request (ServerDiskConfigTestJSON:setUpClass): 204 PUT http://10.180.1.21/identity/v3/projects/2aff351eb55142c5b5ee1bf99c1f78a3/users/1628472c622d4dff8a5325ee6080126e/roles/4cc76b95e32446e9ab06941d7efe7b08 0.098s
2025-11-21 01:21:31.807 65777 INFO tempest.lib.common.dynamic_creds [-] Dynamic test user 1628472c622d4dff8a5325ee6080126e is created with scope project and roles: ['member']
2025-11-21 01:21:31.807 65777 INFO tempest.lib.common.dynamic_creds [-] Acquired dynamic creds: credentials: Credentials: {'domain_id': 'default', 'domain_name': 'Default', 'username': 'tempest-ServerDiskConfigTestJSON-1797521484-project-member', 'project_domain_id': 'default', 'project_domain_name': 'Default', 'project_id': '2aff351eb55142c5b5ee1bf99c1f78a3', 'project_name': 'tempest-ServerDiskConfigTestJSON-1797521484', 'tenant_id': '2aff351eb55142c5b5ee1bf99c1f78a3', 'tenant_name': 'tempest-ServerDiskConfigTestJSON-1797521484', 'user_domain_id': 'default', 'user_domain_name': 'Default', 'user_id': '1628472c622d4dff8a5325ee6080126e', 'system': None}, Network: None, Subnet: None, Router: None
2025-11-21 01:21:31.843 65775 INFO tempest.lib.common.rest_client [req-11aab67c-c70a-4ccd-a6f1-120fd976297a req-11aab67c-c70a-4ccd-a6f1-120fd976297a ] Request (ServersTestJSON:setUpClass): 201 POST http://10.180.1.21/identity/v3/auth/tokens 0.116s
2025-11-21 01:21:31.878 65777 INFO tempest.lib.common.rest_client [req-5d0a605c-2115-4704-8e84-5001f00cb663 req-5d0a605c-2115-4704-8e84-5001f00cb663 ] Request (ServerDiskConfigTestJSON:setUpClass): 201 POST http://10.180.1.21/identity/v3/auth/tokens 0.071s
2025-11-21 01:21:31.895 65729 INFO tempest.lib.common.rest_client [req-e257e2b9-a622-46bc-836f-939624ecf02d req-e257e2b9-a622-46bc-836f-939624ecf02d ] Request (InstanceActionsTestJSON:tearDownClass): 204 DELETE http://10.180.1.21/networking/v2.0/security-groups/9fc522b2-0ead-4b7f-a221-ba7a88af5839 0.127s
2025-11-21 01:21:31.915 65759 INFO tempest.lib.common.rest_client [req-13f32df9-b2f3-4db0-8708-00139fbb3f62 req-13f32df9-b2f3-4db0-8708-00139fbb3f62 ] Request (MigrationsAdminTest:test_resize_server_revert_deleted_flavor): 200 GET http://10.180.1.21/compute/v2.1/servers/95b86ab2-1862-4f7b-8a80-a64b12aa149c 2.645s
2025-11-21 01:21:31.938 65789 INFO tempest.lib.common.rest_client [req-2d84c43b-5aad-4e94-8b91-b7fb9e7d8f15 req-2d84c43b-5aad-4e94-8b91-b7fb9e7d8f15 ] Request (VolumesAssistedSnapshotsTest:tearDownClass): 404 GET http://10.180.1.21/compute/v2.1/servers/d63a5d30-f395-4e47-81d9-fd274a9e63d9 2.595s
