2025-11-21 01:22:19.362 65755 INFO tempest.lib.common.rest_client [req-42200584-fa36-469b-8ba0-0abb5a4e67c3 req-42200584-fa36-469b-8ba0-0abb5a4e67c3 ] Request (ValidationResourcesFixture:setUp): 201 POST http://10.180.1.21/networking/v2.0/security-groups 0.132s
2025-11-21 01:22:19.452 65763 INFO tempest.lib.common.rest_client [req-08123ef2-a551-49cb-b4fc-843ac3425400 req-08123ef2-a551-49cb-b4fc-843ac3425400 ] Request (ImagesOneServerNegativeTestJSON:tearDown): 200 GET http://10.180.1.21/compute/v2.1/servers/1ffe8f32-eaa0-4301-b769-ae6ee4c578dd 1.527s
2025-11-21 01:22:19.511 65765 INFO tempest.lib.common.rest_client [req-cd03d6d6-d306-426b-a43e-1d40bfee4bf3 req-cd03d6d6-d306-426b-a43e-1d40bfee4bf3 ] Request (ServersAdminTestJSON:test_reset_state_server): 202 POST http://10.180.1.21/compute/v2.1/servers/7243891b-c889-4609-aee0-607fadb19eb4/action 1.333s
2025-11-21 01:22:19.569 65755 INFO tempest.lib.common.rest_client [req-eeb57393-bf76-44ef-b15d-d3225e5aa923 req-eeb57393-bf76-44ef-b15d-d3225e5aa923 ] Request (ValidationResourcesFixture:setUp): 201 POST http://10.180.1.21/networking/v2.0/security-group-rules 0.206s
2025-11-21 01:22:19.603 65727 INFO tempest.lib.common.rest_client [req-aa6c5cba-87ab-4f93-b83d-80d5a66f77af req-aa6c5cba-87ab-4f93-b83d-80d5a66f77af ] Request (ServerActionsTestJSON:tearDown): 200 GET http://10.180.1.21/compute/v2.1/servers/3816d19e-7cfd-4208-a14c-0cbc62331e5a 1.639s
2025-11-21 01:22:19.637 65753 INFO tempest.lib.common.rest_client [req-5b950e19-aef6-4adb-8b15-b8853d50fb46 req-5b950e19-aef6-4adb-8b15-b8853d50fb46 ] Request (ServersTestManualDisk:setUpClass): 200 GET http://10.180.1.21/compute/v2.1/servers/d76a8171-8244-4aa2-b423-07cf77c7a201 1.131s
2025-11-21 01:22:19.743 65755 INFO tempest.lib.common.rest_client [req-62baa00f-bcde-4d3e-ab8a-96028c8002f8 req-62baa00f-bcde-4d3e-ab8a-96028c8002f8 ] Request (ValidationResourcesFixture:setUp): 201 POST http://10.180.1.21/networking/v2.0/security-group-rules 0.173s
2025-11-21 01:22:19.752 65733 INFO tempest.lib.common.rest_client [req-5301f5bb-97ff-48cd-9b5c-45711d1ae456 req-5301f5bb-97ff-48cd-9b5c-45711d1ae456 ] Request (ServersAaction247Test:tearDownClass): 204 DELETE http://10.180.1.21/compute/v2.1/servers/705ca222-bbf7-4062-8ba6-992d98db468b 1.219s
2025-11-21 01:22:19.945 65783 WARNING tempest.lib.common.ssh [-] Failed to establish authenticated ssh connection to cirros@10.180.180.193 ([Errno None] Unable to connect to port 22 on 10.180.180.193). Number attempts: 6. Retry after 7 seconds.: paramiko.ssh_exception.NoValidConnectionsError: [Errno None] Unable to connect to port 22 on 10.180.180.193
2025-11-21 01:22:20.342 65755 INFO tempest.lib.common.rest_client [req-0c920989-c5c2-496f-b587-e98509d4726b req-0c920989-c5c2-496f-b587-e98509d4726b ] Request (ValidationResourcesFixture:setUp): 201 POST http://10.180.1.21/networking/v2.0/floatingips 0.598s
2025-11-21 01:22:20.385 65755 INFO tempest.lib.common.rest_client [req-081592f2-dd31-44fd-96f2-5cc34bb8772d req-081592f2-dd31-44fd-96f2-5cc34bb8772d ] Request (AttachVolumeTestJSON:test_attach_detach_volume): 201 POST http://10.180.1.21/identity/v3/auth/tokens 0.039s
2025-11-21 01:22:20.385 65755 INFO tempest.lib.common.fixed_network [-] (AttachVolumeTestJSON:test_attach_detach_volume) Found network {'id': 'fd736206-5737-4d2e-98d7-310d357cae76', 'name': 'tempest-AttachVolumeTestJSON-1889286579-network', 'tenant_id': '2262dd97ecd44f1c8fcd46d2d596a2f4', 'project_id': '2262dd97ecd44f1c8fcd46d2d596a2f4', 'admin_state_up': True, 'mtu': 8950, 'status': 'ACTIVE', 'subnets': [], 'shared': False, 'port_security_enabled': True, 'router:external': False, 'provider:network_type': 'vlan', 'provider:physical_network': 'default', 'provider:segmentation_id': 52, 'availability_zone_hints': [], 'availability_zones': [], 'ipv4_address_scope': None, 'ipv6_address_scope': None, 'description': '', 'tags': [], 'created_at': '2025-11-21T01:22:15Z', 'updated_at': '2025-11-21T01:22:15Z', 'revision_number': 1} available for tenant
2025-11-21 01:22:20.393 65731 WARNING tempest.lib.common.ssh [-] Failed to establish authenticated ssh connection to cirros@10.180.180.204 ([Errno None] Unable to connect to port 22 on 10.180.180.204). Number attempts: 5. Retry after 6 seconds.: paramiko.ssh_exception.NoValidConnectionsError: [Errno None] Unable to connect to port 22 on 10.180.180.204
2025-11-21 01:22:20.854 65787 INFO tempest.lib.common.rest_client [req-3bfdd03c-bb80-4931-8693-c256cb5b3149 req-3bfdd03c-bb80-4931-8693-c256cb5b3149 ] Request (ImagesOneServerTestJSON:tearDownClass): 200 GET http://10.180.1.21/compute/v2.1/servers/6b4ea5d9-6db8-4aa8-bbc4-4fd777969c27 2.145s
2025-11-21 01:22:20.881 65759 INFO tempest.lib.common.rest_client [req-9da27903-c3e0-41d1-adf7-25f8d01e4b8f req-9da27903-c3e0-41d1-adf7-25f8d01e4b8f ] Request (MigrationsAdminTest:test_resize_server_revert_deleted_flavor): 200 GET http://10.180.1.21/compute/v2.1/servers/95b86ab2-1862-4f7b-8a80-a64b12aa149c 2.355s
2025-11-21 01:22:20.934 65767 INFO tempest.lib.common.rest_client [req-9a0ffd46-03fb-49f5-a4ac-126154b91231 req-9a0ffd46-03fb-49f5-a4ac-126154b91231 ] Request (ServersTestMultiNic:_run_cleanups): 200 GET http://10.180.1.21/compute/v2.1/servers/38c635e7-df4d-45f8-ab38-675634e56756 2.105s
2025-11-21 01:22:21.133 65761 INFO tempest.lib.common.rest_client [req-a469c148-0e7f-4375-a462-4014500f7038 req-a469c148-0e7f-4375-a462-4014500f7038 ] Request (ServersAdminNegativeTestJSON:test_migrate_server_invalid_state): 200 GET http://10.180.1.21/compute/v2.1/servers/75e7944f-532d-4f28-894a-98984d7ca74f 1.854s
2025-11-21 01:22:21.135 65775 INFO tempest.lib.common.rest_client [req-99752b4a-95be-47e7-bd72-475f3680e898 req-99752b4a-95be-47e7-bd72-475f3680e898 ] Request (ServersTestJSON:setUpClass): 200 GET http://10.180.1.21/compute/v2.1/servers/93573068-1948-4c22-9c26-502d09bb6994 1.729s
2025-11-21 01:22:21.267 65765 INFO tempest.lib.common.rest_client [req-63b0c8bb-b1c2-4de8-9776-3cc0079c18fd req-63b0c8bb-b1c2-4de8-9776-3cc0079c18fd ] Request (ServersAdminTestJSON:test_reset_state_server): 200 GET http://10.180.1.21/compute/v2.1/servers/7243891b-c889-4609-aee0-607fadb19eb4 1.755s
2025-11-21 01:22:21.324 65747 INFO tempest.lib.common.rest_client [req-5b1ba69d-2593-48e9-b33c-7b1f2b34c64c req-5b1ba69d-2593-48e9-b33c-7b1f2b34c64c ] Request (VolumesAdminNegativeTest:test_update_attached_volume_with_nonexistent_volume_in_uri): 200 GET http://10.180.1.21/compute/v2.1/servers/4adc10cc-69cd-4680-b9fa-b6edd30264ac 1.768s
2025-11-21 01:22:21.342 65727 INFO tempest.lib.common.rest_client [req-a04f4a1b-e497-4383-8850-93cd21ff2f7e req-a04f4a1b-e497-4383-8850-93cd21ff2f7e ] Request (ServerActionsTestJSON:_run_cleanups): 202 POST http://10.180.1.21/compute/v2.1/servers/3816d19e-7cfd-4208-a14c-0cbc62331e5a/action 1.731s
2025-11-21 01:22:21.391 65737 INFO tempest.lib.common.rest_client [req-a7bdc838-364c-4f5d-9fee-5361c8b352d7 req-a7bdc838-364c-4f5d-9fee-5361c8b352d7 ] Request (ServerShowV254Test:tearDownClass): 200 GET http://10.180.1.21/compute/v2.1/servers/b2da4a59-a4dc-4620-b228-bd3b12587162 1.773s
2025-11-21 01:22:21.407 65741 INFO tempest.lib.common.rest_client [req-4671a223-c1e0-4139-acae-b0c548fafaf3 req-4671a223-c1e0-4139-acae-b0c548fafaf3 ] Request (DeleteServersTestJSON:test_delete_active_server): 200 GET http://10.180.1.21/compute/v2.1/servers/084e46d0-5c99-412d-a85f-aabb64caafac 1.764s
2025-11-21 01:22:21.445 65785 INFO tempest.lib.common.rest_client [req-ff3aef8f-56a1-4814-bc56-09062fcfb48f req-ff3aef8f-56a1-4814-bc56-09062fcfb48f ] Request (ListServerFiltersTestJSON:setUpClass): 200 GET http://10.180.1.21/compute/v2.1/servers/906639bb-6427-4c41-b0ea-621c6d32af31 1.725s
2025-11-21 01:22:21.474 65725 INFO tempest.lib.common.rest_client [req-ca7221ac-5d88-4581-bb66-dee8c6aa79bd req-ca7221ac-5d88-4581-bb66-dee8c6aa79bd ] Request (ServersV294TestFqdnHostnames:tearDownClass): 200 GET http://10.180.1.21/compute/v2.1/servers/8a59c197-0c0e-4ffe-ba69-286f40a63bde 1.751s
2025-11-21 01:22:21.531 65733 INFO tempest.lib.common.rest_client [req-3ec3abf5-8b83-459a-9bbd-f15077106e89 req-3ec3abf5-8b83-459a-9bbd-f15077106e89 ] Request (ServersAaction247Test:tearDownClass): 200 GET http://10.180.1.21/compute/v2.1/servers/705ca222-bbf7-4062-8ba6-992d98db468b 1.778s
2025-11-21 01:22:21.581 65729 INFO tempest.lib.common.rest_client [req-f51e5ea9-f76f-41ce-b31e-c4927abc96a4 req-f51e5ea9-f76f-41ce-b31e-c4927abc96a4 ] Request (ServerActionsTestOtherA:setUpClass): 200 GET http://10.180.1.21/compute/v2.1/servers/e52424cd-2115-4b38-89b0-5ff4ff99b86c 1.788s
2025-11-21 01:22:21.582 65769 INFO tempest.lib.common.rest_client [req-2fae3572-ddeb-444b-b824-49853c10dc0c req-2fae3572-ddeb-444b-b824-49853c10dc0c ] Request (MultipleCreateTestJSON:test_multiple_create_with_reservation_return): 200 GET http://10.180.1.21/compute/v2.1/servers/a641cb8c-7697-4b5c-be8f-e2eb71c0a5e5 1.771s
2025-11-21 01:22:21.588 65729 INFO tempest.common.waiters [-] State transition "BUILD/networking" ==> "BUILD/spawning" after 30 second wait
2025-11-21 01:22:21.648 65779 INFO tempest.lib.common.rest_client [req-1be2fd59-d589-4e4d-a4f8-0d7ad436c6d9 req-1be2fd59-d589-4e4d-a4f8-0d7ad436c6d9 ] Request (ServerAddressesTestJSON:tearDownClass): 200 GET http://10.180.1.21/compute/v2.1/servers/ae21b1e6-c90c-4db5-a033-8980c7c5ec73 1.709s
2025-11-21 01:22:21.682 65777 INFO tempest.lib.common.rest_client [req-39371196-022b-47b3-a0a8-3811342c3825 req-39371196-022b-47b3-a0a8-3811342c3825 ] Request (ServerDiskConfigTestJSON:test_rebuild_server_with_auto_disk_config): 200 GET http://10.180.1.21/compute/v2.1/servers/83f6dc2e-d7ce-45e1-a442-dbd753eca54a 1.711s
2025-11-21 01:22:21.708 65758 INFO tempest.lib.common.rest_client [req-d77f3aa7-741d-4f8e-986b-4f88fe104034 req-d77f3aa7-741d-4f8e-986b-4f88fe104034 ] Request (SecurityGroupsTestJSON:test_server_security_groups): 200 GET http://10.180.1.21/compute/v2.1/servers/0daecc96-fc0f-46ba-8475-e2c4f07801f0 1.669s
2025-11-21 01:22:21.740 65781 INFO tempest.lib.common.rest_client [req-01b5e0a1-1a99-41a7-9a78-fff6ca6396f4 req-01b5e0a1-1a99-41a7-9a78-fff6ca6396f4 ] Request (ListImageFiltersTestJSON:tearDownClass): 200 GET http://10.180.1.21/compute/v2.1/servers/ec71c306-b8f8-46ae-bde4-429e383d491a 1.656s
2025-11-21 01:22:21.746 65735 INFO tempest.lib.common.rest_client [req-4033c54f-1907-4a45-9f46-75c06f9a83ed req-4033c54f-1907-4a45-9f46-75c06f9a83ed ] Request (ImagesTestJSON:test_create_image_from_stopped_server): 200 GET http://10.180.1.21/compute/v2.1/images/1b465db1-2748-429c-b703-a25b481935d0 1.657s
2025-11-21 01:22:21.794 65789 INFO tempest.lib.common.rest_client [req-1e570fd8-4483-4822-a70d-2c9f4a9bc728 req-1e570fd8-4483-4822-a70d-2c9f4a9bc728 ] Request (ServerAddressesNegativeTestJSON:setUpClass): 200 GET http://10.180.1.21/compute/v2.1/servers/65117a1f-b957-4d8b-b538-58fb7ec489e0 1.639s
2025-11-21 01:22:21.926 65763 INFO tempest.lib.common.rest_client [req-f149b483-4196-433b-bb6b-d7e4bbcae34f req-f149b483-4196-433b-bb6b-d7e4bbcae34f ] Request (ImagesOneServerNegativeTestJSON:tearDown): 200 GET http://10.180.1.21/compute/v2.1/servers/1ffe8f32-eaa0-4301-b769-ae6ee4c578dd 1.460s
2025-11-21 01:22:21.934 65763 INFO tempest.common.waiters [-] State transition "ACTIVE/image_uploading" ==> "ACTIVE/None" after 2 second wait
2025-11-21 01:22:22.026 65753 INFO tempest.lib.common.rest_client [req-7b0c2b7a-96f9-4d6f-96b8-d88460114248 req-7b0c2b7a-96f9-4d6f-96b8-d88460114248 ] Request (ServersTestManualDisk:setUpClass): 200 GET http://10.180.1.21/compute/v2.1/servers/d76a8171-8244-4aa2-b423-07cf77c7a201 1.380s
2025-11-21 01:22:22.150 65761 INFO tempest.lib.common.rest_client [req-bdc7a4db-3957-4ff4-8e09-9b4389817e98 req-bdc7a4db-3957-4ff4-8e09-9b4389817e98 ] Request (ServersAdminNegativeTestJSON:test_migrate_server_invalid_state): 409 POST http://10.180.1.21/compute/v2.1/servers/75e7944f-532d-4f28-894a-98984d7ca74f/action 1.008s
2025-11-21 01:22:22.200 65755 INFO tempest.lib.common.rest_client [req-8a63f917-6db9-46e4-a657-b3590344f329 req-8a63f917-6db9-46e4-a657-b3590344f329 ] Request (AttachVolumeTestJSON:test_attach_detach_volume): 202 POST http://10.180.1.21/compute/v2.1/servers 1.814s
2025-11-21 01:22:22.236 65765 INFO tempest.lib.common.rest_client [req-41d5a3c3-c4fa-4a5c-90d1-927158a07670 req-41d5a3c3-c4fa-4a5c-90d1-927158a07670 ] Request (ServersAdminTestJSON:test_reset_state_server): 202 POST http://10.180.1.21/compute/v2.1/servers/7243891b-c889-4609-aee0-607fadb19eb4/action 0.959s
2025-11-21 01:22:22.334 65787 INFO tempest.lib.common.rest_client [req-9092144c-c308-470e-b5b6-aa7560badbc5 req-9092144c-c308-470e-b5b6-aa7560badbc5 ] Request (ImagesOneServerTestJSON:tearDownClass): 200 GET http://10.180.1.21/compute/v2.1/servers/6b4ea5d9-6db8-4aa8-bbc4-4fd777969c27 0.469s
2025-11-21 01:22:22.360 65727 INFO tempest.lib.common.rest_client [req-0d0c9760-54af-4970-aa1b-a1837af9a061 req-0d0c9760-54af-4970-aa1b-a1837af9a061 ] Request (ServerActionsTestJSON:setUp): 200 GET http://10.180.1.21/compute/v2.1/servers/3816d19e-7cfd-4208-a14c-0cbc62331e5a 1.016s
2025-11-21 01:22:22.451 65763 INFO tempest.lib.common.rest_client [req-0ec2eb78-b2fe-45d8-93b0-d63e27a4f62c req-0ec2eb78-b2fe-45d8-93b0-d63e27a4f62c ] Request (ImagesOneServerNegativeTestJSON:_run_cleanups): 204 DELETE http://10.180.1.21/compute/v2.1/servers/1ffe8f32-eaa0-4301-b769-ae6ee4c578dd 0.516s
2025-11-21 01:22:22.488 65759 INFO tempest.lib.common.rest_client [req-5049d49d-7b65-4257-8711-cf879dafd490 req-5049d49d-7b65-4257-8711-cf879dafd490 ] Request (MigrationsAdminTest:test_resize_server_revert_deleted_flavor): 200 GET http://10.180.1.21/compute/v2.1/servers/95b86ab2-1862-4f7b-8a80-a64b12aa149c 0.599s
2025-11-21 01:22:22.509 65767 INFO tempest.lib.common.rest_client [req-bff50528-85bf-4e96-b433-5cf32d5365c1 req-bff50528-85bf-4e96-b433-5cf32d5365c1 ] Request (ServersTestMultiNic:_run_cleanups): 200 GET http://10.180.1.21/compute/v2.1/servers/38c635e7-df4d-45f8-ab38-675634e56756 0.562s
2025-11-21 01:22:22.514 65761 INFO tempest.lib.common.rest_client [req-c63f34f4-2a97-4409-8bb8-908a947720f7 req-c63f34f4-2a97-4409-8bb8-908a947720f7 ] Request (ServersAdminNegativeTestJSON:test_reset_state_server_invalid_state): 400 POST http://10.180.1.21/compute/v2.1/servers/a20ce27a-1fac-48cc-b1cb-2e9efd9eab07/action 0.362s
2025-11-21 01:22:22.564 65755 INFO tempest.lib.common.rest_client [req-4fc5b8fb-44d2-45c8-b017-527cc9ac90ac req-4fc5b8fb-44d2-45c8-b017-527cc9ac90ac ] Request (AttachVolumeTestJSON:test_attach_detach_volume): 200 GET http://10.180.1.21/compute/v2.1/servers/a019e74d-16e3-40c9-9f11-7492de03da04 0.361s
2025-11-21 01:22:22.593 65775 INFO tempest.lib.common.rest_client [req-c7b1b3db-0221-4817-98e9-22363032673e req-c7b1b3db-0221-4817-98e9-22363032673e ] Request (ServersTestJSON:setUpClass): 200 GET http://10.180.1.21/compute/v2.1/servers/93573068-1948-4c22-9c26-502d09bb6994 0.451s
2025-11-21 01:22:22.665 65765 INFO tempest.lib.common.rest_client [req-a8cb245b-a07c-46d1-8d58-3f84ce7cc685 req-a8cb245b-a07c-46d1-8d58-3f84ce7cc685 ] Request (ServersAdminTestJSON:test_reset_state_server): 200 GET http://10.180.1.21/compute/v2.1/servers/7243891b-c889-4609-aee0-607fadb19eb4 0.428s
2025-11-21 01:22:22.741 65747 INFO tempest.lib.common.rest_client [req-4498f6d1-7988-4add-b757-a62b955499af req-4498f6d1-7988-4add-b757-a62b955499af ] Request (VolumesAdminNegativeTest:test_update_attached_volume_with_nonexistent_volume_in_uri): 200 GET http://10.180.1.21/compute/v2.1/servers/4adc10cc-69cd-4680-b9fa-b6edd30264ac 0.408s
2025-11-21 01:22:22.769 65727 INFO tempest.lib.common.rest_client [req-84d4f9f7-9f9c-41d4-ae8b-5b4141d78cbf req-84d4f9f7-9f9c-41d4-ae8b-5b4141d78cbf ] Request (ServerActionsTestJSON:test_reboot_server_hard): 200 GET http://10.180.1.21/compute/v2.1/servers/3816d19e-7cfd-4208-a14c-0cbc62331e5a 0.400s
2025-11-21 01:22:22.779 65727 INFO tempest.lib.common.ssh [-] Creating ssh connection to '10.180.180.206:22' as 'cirros' with public key authentication
2025-11-21 01:22:22.794 65741 INFO tempest.lib.common.rest_client [req-96bb1984-2a10-4af7-8311-ed3af98b46c2 req-96bb1984-2a10-4af7-8311-ed3af98b46c2 ] Request (DeleteServersTestJSON:test_delete_active_server): 404 GET http://10.180.1.21/compute/v2.1/servers/084e46d0-5c99-412d-a85f-aabb64caafac 0.379s
2025-11-21 01:22:22.813 65737 INFO tempest.lib.common.rest_client [req-0101330d-63c3-470a-8ba8-7f3bbd94cb78 req-0101330d-63c3-470a-8ba8-7f3bbd94cb78 ] Request (ServerShowV254Test:tearDownClass): 200 GET http://10.180.1.21/compute/v2.1/servers/b2da4a59-a4dc-4620-b228-bd3b12587162 0.412s
2025-11-21 01:22:22.875 65785 INFO tempest.lib.common.rest_client [req-86cce26b-a2f5-455b-b96f-1bedc89103b9 req-86cce26b-a2f5-455b-b96f-1bedc89103b9 ] Request (ListServerFiltersTestJSON:setUpClass): 200 GET http://10.180.1.21/compute/v2.1/servers/906639bb-6427-4c41-b0ea-621c6d32af31 0.422s
2025-11-21 01:22:22.889 65741 INFO tempest.lib.common.rest_client [req-a7624237-0854-461b-b547-cbf05c1f4442 req-a7624237-0854-461b-b547-cbf05c1f4442 ] Request (DeleteServersTestJSON:test_delete_server_while_in_attached_volume): 201 POST http://10.180.1.21/identity/v3/auth/tokens 0.089s
2025-11-21 01:22:22.889 65741 INFO tempest.lib.common.fixed_network [-] (DeleteServersTestJSON:test_delete_server_while_in_attached_volume) Found network {'id': 'ed219262-fd2c-4db3-aeb8-632886be2efb', 'name': 'tempest-DeleteServersTestJSON-1335934639-network', 'tenant_id': '75a10a7b36224922921b37e6045a245a', 'project_id': '75a10a7b36224922921b37e6045a245a', 'admin_state_up': True, 'mtu': 8950, 'status': 'ACTIVE', 'subnets': [], 'shared': False, 'port_security_enabled': True, 'router:external': False, 'provider:network_type': 'vlan', 'provider:physical_network': 'default', 'provider:segmentation_id': 483, 'availability_zone_hints': [], 'availability_zones': [], 'ipv4_address_scope': None, 'ipv6_address_scope': None, 'description': '', 'tags': [], 'created_at': '2025-11-21T01:20:55Z', 'updated_at': '2025-11-21T01:20:55Z', 'revision_number': 1} available for tenant
2025-11-21 01:22:22.946 65763 INFO tempest.lib.common.rest_client [req-86ecbc91-c088-49ae-9ed9-57720ecfd5bc req-86ecbc91-c088-49ae-9ed9-57720ecfd5bc ] Request (ImagesOneServerNegativeTestJSON:_run_cleanups): 200 GET http://10.180.1.21/compute/v2.1/servers/1ffe8f32-eaa0-4301-b769-ae6ee4c578dd 0.494s
2025-11-21 01:22:22.950 65761 INFO tempest.lib.common.rest_client [req-37bc2955-3cde-4e17-8e37-1bf1963f4136 req-37bc2955-3cde-4e17-8e37-1bf1963f4136 ] Request (ServersAdminNegativeTestJSON:test_reset_state_server_invalid_type): 400 POST http://10.180.1.21/compute/v2.1/servers/a20ce27a-1fac-48cc-b1cb-2e9efd9eab07/action 0.434s
2025-11-21 01:22:22.952 65725 INFO tempest.lib.common.rest_client [req-fbe00290-ceb2-4fbf-ba75-a3064129d584 req-fbe00290-ceb2-4fbf-ba75-a3064129d584 ] Request (ServersV294TestFqdnHostnames:tearDownClass): 200 GET http://10.180.1.21/compute/v2.1/servers/8a59c197-0c0e-4ffe-ba69-286f40a63bde 0.464s
2025-11-21 01:22:23.016 65733 INFO tempest.lib.common.rest_client [req-16afc140-06f6-4994-9ec8-e02dc072468b req-16afc140-06f6-4994-9ec8-e02dc072468b ] Request (ServersAaction247Test:tearDownClass): 200 GET http://10.180.1.21/compute/v2.1/servers/705ca222-bbf7-4062-8ba6-992d98db468b 0.471s
2025-11-21 01:22:23.084 65769 INFO tempest.lib.common.rest_client [req-dac06369-a540-40ac-8bc7-889393fa5f59 req-dac06369-a540-40ac-8bc7-889393fa5f59 ] Request (MultipleCreateTestJSON:test_multiple_create_with_reservation_return): 200 GET http://10.180.1.21/compute/v2.1/servers/a641cb8c-7697-4b5c-be8f-e2eb71c0a5e5 0.493s
2025-11-21 01:22:23.131 65729 INFO tempest.lib.common.rest_client [req-d4a52de6-9e50-41f3-9548-6e3a9145beec req-d4a52de6-9e50-41f3-9548-6e3a9145beec ] Request (ServerActionsTestOtherA:setUpClass): 200 GET http://10.180.1.21/compute/v2.1/servers/e52424cd-2115-4b38-89b0-5ff4ff99b86c 0.543s
2025-11-21 01:22:23.157 65779 INFO tempest.lib.common.rest_client [req-b49b34b0-b221-4a2e-b611-22146016e5f0 req-b49b34b0-b221-4a2e-b611-22146016e5f0 ] Request (ServerAddressesTestJSON:tearDownClass): 200 GET http://10.180.1.21/compute/v2.1/servers/ae21b1e6-c90c-4db5-a033-8980c7c5ec73 0.501s
2025-11-21 01:22:23.222 65765 INFO tempest.lib.common.rest_client [req-31e12b24-d479-40a9-9c16-46ff321c926d req-31e12b24-d479-40a9-9c16-46ff321c926d ] Request (ServersAdminTestJSON:tearDownClass): 204 DELETE http://10.180.1.21/compute/v2.1/servers/db7ed1ae-1e83-4e6a-a326-8083ab656493 0.548s
2025-11-21 01:22:23.289 65758 INFO tempest.lib.common.rest_client [req-2053ea66-f8c0-4851-b8ce-940ebdd3919c req-2053ea66-f8c0-4851-b8ce-940ebdd3919c ] Request (SecurityGroupsTestJSON:test_server_security_groups): 200 GET http://10.180.1.21/compute/v2.1/servers/0daecc96-fc0f-46ba-8475-e2c4f07801f0 0.572s
2025-11-21 01:22:23.304 65777 INFO tempest.lib.common.rest_client [req-8bd86fbf-8523-4f56-98b4-ba732f092ae2 req-8bd86fbf-8523-4f56-98b4-ba732f092ae2 ] Request (ServerDiskConfigTestJSON:test_rebuild_server_with_auto_disk_config): 200 GET http://10.180.1.21/compute/v2.1/servers/83f6dc2e-d7ce-45e1-a442-dbd753eca54a 0.614s
2025-11-21 01:22:23.311 65777 INFO tempest.common.waiters [-] State transition "BUILD/spawning" ==> "ACTIVE/None" after 37 second wait
2025-11-21 01:22:23.343 65735 INFO tempest.lib.common.rest_client [req-604c6353-9801-43a8-a24a-20535abfbe63 req-604c6353-9801-43a8-a24a-20535abfbe63 ] Request (ImagesTestJSON:test_create_image_from_stopped_server): 200 GET http://10.180.1.21/compute/v2.1/images/1b465db1-2748-429c-b703-a25b481935d0 0.592s
2025-11-21 01:22:23.353 65781 INFO tempest.lib.common.rest_client [req-95d35eaa-9d88-4e3a-a8c3-a4bf8600ded5 req-95d35eaa-9d88-4e3a-a8c3-a4bf8600ded5 ] Request (ListImageFiltersTestJSON:tearDownClass): 200 GET http://10.180.1.21/compute/v2.1/servers/ec71c306-b8f8-46ae-bde4-429e383d491a 0.605s
2025-11-21 01:22:23.395 65789 INFO tempest.lib.common.rest_client [req-a97f050e-436c-403f-b03c-19974bc02461 req-a97f050e-436c-403f-b03c-19974bc02461 ] Request (ServerAddressesNegativeTestJSON:setUpClass): 200 GET http://10.180.1.21/compute/v2.1/servers/65117a1f-b957-4d8b-b538-58fb7ec489e0 0.591s
2025-11-21 01:22:23.400 65761 INFO tempest.lib.common.rest_client [req-4bb37a33-8557-45b0-be90-6e910a738cca req-4bb37a33-8557-45b0-be90-6e910a738cca ] Request (ServersAdminNegativeTestJSON:test_reset_state_server_nonexistent_server): 404 POST http://10.180.1.21/compute/v2.1/servers/999/action 0.448s
2025-11-21 01:22:23.454 65753 INFO tempest.lib.common.rest_client [req-3d7c6064-91a8-414c-934b-297c229b3de5 req-3d7c6064-91a8-414c-934b-297c229b3de5 ] Request (ServersTestManualDisk:setUpClass): 200 GET http://10.180.1.21/compute/v2.1/servers/d76a8171-8244-4aa2-b423-07cf77c7a201 0.418s
2025-11-21 01:22:23.588 65765 INFO tempest.lib.common.rest_client [req-ea9f4215-06a7-4047-a246-4f55a7798059 req-ea9f4215-06a7-4047-a246-4f55a7798059 ] Request (ServersAdminTestJSON:tearDownClass): 200 GET http://10.180.1.21/compute/v2.1/servers/db7ed1ae-1e83-4e6a-a326-8083ab656493 0.365s
2025-11-21 01:22:23.682 65741 INFO tempest.lib.common.rest_client [req-cf3910b1-35de-4e2b-94b3-0d13c2096560 req-cf3910b1-35de-4e2b-94b3-0d13c2096560 ] Request (DeleteServersTestJSON:test_delete_server_while_in_attached_volume): 202 POST http://10.180.1.21/compute/v2.1/servers 0.792s
2025-11-21 01:22:23.694 65777 INFO tempest.lib.common.rest_client [req-e5846831-f44b-4785-9b28-e5249608bfcc req-e5846831-f44b-4785-9b28-e5249608bfcc ] Request (ServerDiskConfigTestJSON:test_rebuild_server_with_auto_disk_config): 200 GET http://10.180.1.21/compute/v2.1/servers/83f6dc2e-d7ce-45e1-a442-dbd753eca54a 0.383s
2025-11-21 01:22:23.757 65787 INFO tempest.lib.common.rest_client [req-a7ef20b1-be48-4b09-8370-215dbe9146d8 req-a7ef20b1-be48-4b09-8370-215dbe9146d8 ] Request (ImagesOneServerTestJSON:tearDownClass): 200 GET http://10.180.1.21/compute/v2.1/servers/6b4ea5d9-6db8-4aa8-bbc4-4fd777969c27 0.412s
2025-11-21 01:22:23.820 65761 INFO tempest.lib.common.rest_client [req-48b39ba5-e2c4-46e8-b129-587356e4181d req-48b39ba5-e2c4-46e8-b129-587356e4181d ] Request (ServersAdminNegativeTestJSON:test_resize_server_using_overlimit_ram): 200 GET http://10.180.1.21/compute/v2.1/os-quota-sets/557622678fbb42b1895a56993d0a2dea 0.418s
2025-11-21 01:22:23.893 65767 INFO tempest.lib.common.rest_client [req-710bac82-73bb-4caf-9544-5ac629c4af45 req-710bac82-73bb-4caf-9544-5ac629c4af45 ] Request (ServersTestMultiNic:_run_cleanups): 200 GET http://10.180.1.21/compute/v2.1/servers/38c635e7-df4d-45f8-ab38-675634e56756 0.372s
2025-11-21 01:22:23.947 65755 INFO tempest.lib.common.rest_client [req-1474fc86-e09d-4f80-a8f0-fed794f41199 req-1474fc86-e09d-4f80-a8f0-fed794f41199 ] Request (AttachVolumeTestJSON:test_attach_detach_volume): 200 GET http://10.180.1.21/compute/v2.1/servers/a019e74d-16e3-40c9-9f11-7492de03da04 0.375s
2025-11-21 01:22:23.947 65759 INFO tempest.lib.common.rest_client [req-4e415e8a-944d-4850-b4d2-8961eedab284 req-4e415e8a-944d-4850-b4d2-8961eedab284 ] Request (MigrationsAdminTest:test_resize_server_revert_deleted_flavor): 200 GET http://10.180.1.21/compute/v2.1/servers/95b86ab2-1862-4f7b-8a80-a64b12aa149c 0.451s
2025-11-21 01:22:23.991 65741 INFO tempest.lib.common.rest_client [req-9558127e-e238-4f57-98e0-7378db2ea38e req-9558127e-e238-4f57-98e0-7378db2ea38e ] Request (DeleteServersTestJSON:test_delete_server_while_in_attached_volume): 200 GET http://10.180.1.21/compute/v2.1/servers/a1eaf18c-82b8-4f12-9ef0-2184c2954f58 0.305s
2025-11-21 01:22:24.083 65775 INFO tempest.lib.common.rest_client [req-645747b5-c2b3-45f6-8aa0-6920a2088c72 req-645747b5-c2b3-45f6-8aa0-6920a2088c72 ] Request (ServersTestJSON:setUpClass): 200 GET http://10.180.1.21/compute/v2.1/servers/93573068-1948-4c22-9c26-502d09bb6994 0.478s
2025-11-21 01:22:24.217 65777 INFO tempest.lib.common.rest_client [req-1559b50d-bb84-4d44-a88f-753662addce8 req-1559b50d-bb84-4d44-a88f-753662addce8 ] Request (ServerDiskConfigTestJSON:test_rebuild_server_with_auto_disk_config): 202 POST http://10.180.1.21/compute/v2.1/servers/83f6dc2e-d7ce-45e1-a442-dbd753eca54a/action 0.515s
2025-11-21 01:22:24.233 65747 INFO tempest.lib.common.rest_client [req-3c070849-8fdd-44a4-bd75-1fc676218472 req-3c070849-8fdd-44a4-bd75-1fc676218472 ] Request (VolumesAdminNegativeTest:test_update_attached_volume_with_nonexistent_volume_in_uri): 200 GET http://10.180.1.21/compute/v2.1/servers/4adc10cc-69cd-4680-b9fa-b6edd30264ac 0.481s
2025-11-21 01:22:24.245 65761 INFO tempest.lib.common.rest_client [req-d019786f-1966-432c-8e21-91dccb73c577 req-d019786f-1966-432c-8e21-91dccb73c577 ] Request (ServersAdminNegativeTestJSON:test_resize_server_using_overlimit_ram): 200 POST http://10.180.1.21/compute/v2.1/flavors 0.423s
2025-11-21 01:22:24.309 65785 INFO tempest.lib.common.rest_client [req-344b2d8c-7979-44d7-89c0-0d877cef304d req-344b2d8c-7979-44d7-89c0-0d877cef304d ] Request (ListServerFiltersTestJSON:setUpClass): 200 GET http://10.180.1.21/compute/v2.1/servers/906639bb-6427-4c41-b0ea-621c6d32af31 0.420s
2025-11-21 01:22:24.329 65737 INFO tempest.lib.common.rest_client [req-5c59a607-c6f9-4d15-903c-899106211dc9 req-5c59a607-c6f9-4d15-903c-899106211dc9 ] Request (ServerShowV254Test:tearDownClass): 200 GET http://10.180.1.21/compute/v2.1/servers/b2da4a59-a4dc-4620-b228-bd3b12587162 0.504s
2025-11-21 01:22:24.450 65725 INFO tempest.lib.common.rest_client [req-e5d21924-bbd5-48a0-a550-09d913719b1f req-e5d21924-bbd5-48a0-a550-09d913719b1f ] Request (ServersV294TestFqdnHostnames:tearDownClass): 200 GET http://10.180.1.21/compute/v2.1/servers/8a59c197-0c0e-4ffe-ba69-286f40a63bde 0.484s
2025-11-21 01:22:24.483 65763 INFO tempest.lib.common.rest_client [req-b2e70a34-461d-4b52-b59d-59ea38997fda req-b2e70a34-461d-4b52-b59d-59ea38997fda ] Request (ImagesOneServerNegativeTestJSON:_run_cleanups): 200 GET http://10.180.1.21/compute/v2.1/servers/1ffe8f32-eaa0-4301-b769-ae6ee4c578dd 0.528s
2025-11-21 01:22:24.522 65733 INFO tempest.lib.common.rest_client [req-ab2278d6-b6c6-448a-a551-bbad8bee6f1c req-ab2278d6-b6c6-448a-a551-bbad8bee6f1c ] Request (ServersAaction247Test:tearDownClass): 200 GET http://10.180.1.21/compute/v2.1/servers/705ca222-bbf7-4062-8ba6-992d98db468b 0.492s
2025-11-21 01:22:24.531 65733 INFO tempest.common.waiters [-] State transition "ACTIVE/deleting" ==> "DELETED/None" after 3 second wait
2025-11-21 01:22:24.541 65769 INFO tempest.lib.common.rest_client [req-b307dba9-7606-4bd2-ad7b-f82ad5b42e91 req-b307dba9-7606-4bd2-ad7b-f82ad5b42e91 ] Request (MultipleCreateTestJSON:test_multiple_create_with_reservation_return): 200 GET http://10.180.1.21/compute/v2.1/servers/a641cb8c-7697-4b5c-be8f-e2eb71c0a5e5 0.448s
2025-11-21 01:22:24.609 65779 INFO tempest.lib.common.rest_client [req-0c36cc15-6e49-45ba-a442-89f42c9eeaad req-0c36cc15-6e49-45ba-a442-89f42c9eeaad ] Request (ServerAddressesTestJSON:tearDownClass): 200 GET http://10.180.1.21/compute/v2.1/servers/ae21b1e6-c90c-4db5-a033-8980c7c5ec73 0.441s
2025-11-21 01:22:24.628 65729 INFO tempest.lib.common.rest_client [req-86eaea6c-c57b-4cbc-a5fe-939acfebef45 req-86eaea6c-c57b-4cbc-a5fe-939acfebef45 ] Request (ServerActionsTestOtherA:setUpClass): 200 GET http://10.180.1.21/compute/v2.1/servers/e52424cd-2115-4b38-89b0-5ff4ff99b86c 0.489s
2025-11-21 01:22:24.716 65777 INFO tempest.lib.common.rest_client [req-b52118c0-398d-4c51-83b0-37299933537d req-b52118c0-398d-4c51-83b0-37299933537d ] Request (ServerDiskConfigTestJSON:test_rebuild_server_with_auto_disk_config): 200 GET http://10.180.1.21/compute/v2.1/servers/83f6dc2e-d7ce-45e1-a442-dbd753eca54a 0.493s
2025-11-21 01:22:24.756 65761 INFO tempest.lib.common.rest_client [req-a6e4f731-2a70-4c0d-bc3e-fb017ccc8d96 req-a6e4f731-2a70-4c0d-bc3e-fb017ccc8d96 ] Request (ServersAdminNegativeTestJSON:test_resize_server_using_overlimit_ram): 403 POST http://10.180.1.21/compute/v2.1/servers/a20ce27a-1fac-48cc-b1cb-2e9efd9eab07/action 0.508s
2025-11-21 01:22:24.782 65758 INFO tempest.lib.common.rest_client [req-96201544-30e2-4075-9f1d-a7427c22873c req-96201544-30e2-4075-9f1d-a7427c22873c ] Request (SecurityGroupsTestJSON:test_server_security_groups): 200 GET http://10.180.1.21/compute/v2.1/servers/0daecc96-fc0f-46ba-8475-e2c4f07801f0 0.485s
2025-11-21 01:22:24.792 65735 INFO tempest.lib.common.rest_client [req-fe259de2-1b9c-40c2-8bd8-2ec1531cb80d req-fe259de2-1b9c-40c2-8bd8-2ec1531cb80d ] Request (ImagesTestJSON:test_create_image_from_stopped_server): 200 GET http://10.180.1.21/compute/v2.1/images/1b465db1-2748-429c-b703-a25b481935d0 0.445s
2025-11-21 01:22:24.851 65789 INFO tempest.lib.common.rest_client [req-25f69b80-720d-42f1-b419-e1865916b2ef req-25f69b80-720d-42f1-b419-e1865916b2ef ] Request (ServerAddressesNegativeTestJSON:setUpClass): 200 GET http://10.180.1.21/compute/v2.1/servers/65117a1f-b957-4d8b-b538-58fb7ec489e0 0.449s
2025-11-21 01:22:24.858 65789 INFO tempest.common.waiters [-] State transition "BUILD/scheduling" ==> "BUILD/None" after 17 second wait
2025-11-21 01:22:24.859 65781 INFO tempest.lib.common.rest_client [req-0e7f406b-8b4a-49a5-9189-e33c3a3750f1 req-0e7f406b-8b4a-49a5-9189-e33c3a3750f1 ] Request (ListImageFiltersTestJSON:tearDownClass): 200 GET http://10.180.1.21/compute/v2.1/servers/ec71c306-b8f8-46ae-bde4-429e383d491a 0.499s
2025-11-21 01:22:24.906 65753 INFO tempest.lib.common.rest_client [req-4f8d7c6e-0e75-4422-9fde-6d90a1c2aae9 req-4f8d7c6e-0e75-4422-9fde-6d90a1c2aae9 ] Request (ServersTestManualDisk:setUpClass): 200 GET http://10.180.1.21/compute/v2.1/servers/d76a8171-8244-4aa2-b423-07cf77c7a201 0.443s
2025-11-21 01:22:24.920 65761 INFO tempest.lib.common.rest_client [req-56831cf4-08eb-4c4a-b064-2943317908f4 req-56831cf4-08eb-4c4a-b064-2943317908f4 ] Request (ServersAdminNegativeTestJSON:_run_cleanups): 202 DELETE http://10.180.1.21/compute/v2.1/flavors/318412151 0.163s
2025-11-21 01:22:24.942 65787 INFO tempest.lib.common.rest_client [req-671de7c7-ae9e-4241-9b99-9ca36b6c3e4a req-671de7c7-ae9e-4241-9b99-9ca36b6c3e4a ] Request (ImagesOneServerTestJSON:tearDownClass): 404 GET http://10.180.1.21/compute/v2.1/servers/6b4ea5d9-6db8-4aa8-bbc4-4fd777969c27 0.168s
2025-11-21 01:22:24.999 65765 INFO tempest.lib.common.rest_client [req-83aa9568-de38-4600-a9ce-17c675adb1a7 req-83aa9568-de38-4600-a9ce-17c675adb1a7 ] Request (ServersAdminTestJSON:tearDownClass): 200 GET http://10.180.1.21/compute/v2.1/servers/db7ed1ae-1e83-4e6a-a326-8083ab656493 0.401s
2025-11-21 01:22:25.020 65767 INFO tempest.lib.common.rest_client [req-1523f12d-b5d7-4e95-942e-4e86081beb78 req-1523f12d-b5d7-4e95-942e-4e86081beb78 ] Request (ServersTestMultiNic:_run_cleanups): 200 GET http://10.180.1.21/compute/v2.1/servers/38c635e7-df4d-45f8-ab38-675634e56756 0.118s
2025-11-21 01:22:25.032 65761 INFO tempest.lib.common.rest_client [req-3cb15e37-f26f-430d-88a1-03343154a2c0 req-3cb15e37-f26f-430d-88a1-03343154a2c0 ] Request (ServersAdminNegativeTestJSON:_run_cleanups): 200 GET http://10.180.1.21/compute/v2.1/flavors/detail 0.112s
2025-11-21 01:22:25.092 65755 INFO tempest.lib.common.rest_client [req-1e96b553-cf7a-499d-aa5a-9bb0ea227b5e req-1e96b553-cf7a-499d-aa5a-9bb0ea227b5e ] Request (AttachVolumeTestJSON:test_attach_detach_volume): 200 GET http://10.180.1.21/compute/v2.1/servers/a019e74d-16e3-40c9-9f11-7492de03da04 0.137s
2025-11-21 01:22:25.173 65759 INFO tempest.lib.common.rest_client [req-8b2a5ff8-ae8f-44cd-9865-c11445994c61 req-8b2a5ff8-ae8f-44cd-9865-c11445994c61 ] Request (MigrationsAdminTest:test_resize_server_revert_deleted_flavor): 200 GET http://10.180.1.21/compute/v2.1/servers/95b86ab2-1862-4f7b-8a80-a64b12aa149c 0.218s
2025-11-21 01:22:25.187 65741 INFO tempest.lib.common.rest_client [req-1d23265e-c1e5-4d02-98ca-ec729f047625 req-1d23265e-c1e5-4d02-98ca-ec729f047625 ] Request (DeleteServersTestJSON:test_delete_server_while_in_attached_volume): 200 GET http://10.180.1.21/compute/v2.1/servers/a1eaf18c-82b8-4f12-9ef0-2184c2954f58 0.177s
2025-11-21 01:22:25.221 65761 INFO tempest.lib.common.rest_client [req-d2cbd855-16e3-4827-a3ee-784fdf480fae req-d2cbd855-16e3-4827-a3ee-784fdf480fae ] Request (ServersAdminNegativeTestJSON:test_resize_server_using_overlimit_vcpus): 200 GET http://10.180.1.21/compute/v2.1/os-quota-sets/557622678fbb42b1895a56993d0a2dea 0.178s
2025-11-21 01:22:25.248 65761 INFO tempest.lib.common.rest_client [req-07601512-db62-4e59-ab50-be8ce83ba3f9 req-07601512-db62-4e59-ab50-be8ce83ba3f9 ] Request (ServersAdminNegativeTestJSON:test_resize_server_using_overlimit_vcpus): 200 POST http://10.180.1.21/compute/v2.1/flavors 0.023s
2025-11-21 01:22:25.571 65775 INFO tempest.lib.common.rest_client [req-6bc12bcd-b7d9-4960-b902-ae6ab990558c req-6bc12bcd-b7d9-4960-b902-ae6ab990558c ] Request (ServersTestJSON:setUpClass): 200 GET http://10.180.1.21/compute/v2.1/servers/93573068-1948-4c22-9c26-502d09bb6994 0.476s
2025-11-21 01:22:25.604 65747 INFO tempest.lib.common.rest_client [req-5d7de8b5-1d2b-4c32-aec1-cd383a186f80 req-5d7de8b5-1d2b-4c32-aec1-cd383a186f80 ] Request (VolumesAdminNegativeTest:test_update_attached_volume_with_nonexistent_volume_in_uri): 200 GET http://10.180.1.21/compute/v2.1/servers/4adc10cc-69cd-4680-b9fa-b6edd30264ac 0.363s
2025-11-21 01:22:25.697 65761 INFO tempest.lib.common.rest_client [req-6adc5511-a600-4987-bb6a-306304834c5f req-6adc5511-a600-4987-bb6a-306304834c5f ] Request (ServersAdminNegativeTestJSON:test_resize_server_using_overlimit_vcpus): 403 POST http://10.180.1.21/compute/v2.1/servers/a20ce27a-1fac-48cc-b1cb-2e9efd9eab07/action 0.446s
2025-11-21 01:22:25.793 65787 INFO tempest.lib.common.rest_client [req-59f500a5-0b1a-4967-9bd9-1ff8253173ec req-59f500a5-0b1a-4967-9bd9-1ff8253173ec ] Request (ImagesOneServerTestJSON:tearDownClass): 200 PUT http://10.180.1.21/networking/v2.0/routers/d29008ec-883b-46c0-94e8-9327ee9d2b82/remove_router_interface 0.850s
2025-11-21 01:22:25.826 65785 INFO tempest.lib.common.rest_client [req-33b9849f-a7d4-43a0-928f-3887112d9629 req-33b9849f-a7d4-43a0-928f-3887112d9629 ] Request (ListServerFiltersTestJSON:setUpClass): 200 GET http://10.180.1.21/compute/v2.1/servers/906639bb-6427-4c41-b0ea-621c6d32af31 0.504s
2025-11-21 01:22:25.836 65737 INFO tempest.lib.common.rest_client [req-2d8f1b23-3e73-4f84-b8f4-9baf876553ca req-2d8f1b23-3e73-4f84-b8f4-9baf876553ca ] Request (ServerShowV254Test:tearDownClass): 200 GET http://10.180.1.21/compute/v2.1/servers/b2da4a59-a4dc-4620-b228-bd3b12587162 0.497s
2025-11-21 01:22:25.896 65763 INFO tempest.lib.common.rest_client [req-e82f2656-7ef5-4658-a8d9-90f0e6179720 req-e82f2656-7ef5-4658-a8d9-90f0e6179720 ] Request (ImagesOneServerNegativeTestJSON:_run_cleanups): 200 GET http://10.180.1.21/compute/v2.1/servers/1ffe8f32-eaa0-4301-b769-ae6ee4c578dd 0.398s
2025-11-21 01:22:25.921 65725 INFO tempest.lib.common.rest_client [req-7dd99ae7-9e7f-44e4-9b8b-b4653d6bce60 req-7dd99ae7-9e7f-44e4-9b8b-b4653d6bce60 ] Request (ServersV294TestFqdnHostnames:tearDownClass): 200 GET http://10.180.1.21/compute/v2.1/servers/8a59c197-0c0e-4ffe-ba69-286f40a63bde 0.461s
2025-11-21 01:22:25.972 65733 INFO tempest.lib.common.rest_client [req-72aa7f49-25a8-44e1-9522-2d6bebd4e900 req-72aa7f49-25a8-44e1-9522-2d6bebd4e900 ] Request (ServersAaction247Test:tearDownClass): 200 GET http://10.180.1.21/compute/v2.1/servers/705ca222-bbf7-4062-8ba6-992d98db468b 0.439s
2025-11-21 01:22:25.989 65769 INFO tempest.lib.common.rest_client [req-f930d106-7b88-4a5f-96d0-f0a2d3b8402c req-f930d106-7b88-4a5f-96d0-f0a2d3b8402c ] Request (MultipleCreateTestJSON:test_multiple_create_with_reservation_return): 200 GET http://10.180.1.21/compute/v2.1/servers/a641cb8c-7697-4b5c-be8f-e2eb71c0a5e5 0.439s
2025-11-21 01:22:26.137 65779 INFO tempest.lib.common.rest_client [req-695b6546-5097-42ee-9c2e-623fce12d3de req-695b6546-5097-42ee-9c2e-623fce12d3de ] Request (ServerAddressesTestJSON:tearDownClass): 200 GET http://10.180.1.21/compute/v2.1/servers/ae21b1e6-c90c-4db5-a033-8980c7c5ec73 0.520s
2025-11-21 01:22:26.152 65761 INFO tempest.lib.common.rest_client [req-71b88e92-1324-4f8b-9555-8859c3dd44d8 req-71b88e92-1324-4f8b-9555-8859c3dd44d8 ] Request (ServersAdminNegativeTestJSON:_run_cleanups): 202 DELETE http://10.180.1.21/compute/v2.1/flavors/818736005 0.454s
2025-11-21 01:22:26.162 65729 INFO tempest.lib.common.rest_client [req-adb1ac05-662e-4814-b72e-fbd2e8fa7cae req-adb1ac05-662e-4814-b72e-fbd2e8fa7cae ] Request (ServerActionsTestOtherA:setUpClass): 200 GET http://10.180.1.21/compute/v2.1/servers/e52424cd-2115-4b38-89b0-5ff4ff99b86c 0.526s
2025-11-21 01:22:26.219 65787 INFO tempest.lib.common.rest_client [req-58be3f41-48d7-45c2-9444-79fecfb16816 req-58be3f41-48d7-45c2-9444-79fecfb16816 ] Request (ImagesOneServerTestJSON:tearDownClass): 204 DELETE http://10.180.1.21/networking/v2.0/routers/d29008ec-883b-46c0-94e8-9327ee9d2b82 0.426s
2025-11-21 01:22:26.241 65758 INFO tempest.lib.common.rest_client [req-608a8490-22f5-4298-8dec-43cd2ba0e489 req-608a8490-22f5-4298-8dec-43cd2ba0e489 ] Request (SecurityGroupsTestJSON:test_server_security_groups): 200 GET http://10.180.1.21/compute/v2.1/servers/0daecc96-fc0f-46ba-8475-e2c4f07801f0 0.451s
2025-11-21 01:22:26.265 65777 INFO tempest.lib.common.rest_client [req-d8b36be8-bcd9-406a-be36-dda593becb1c req-d8b36be8-bcd9-406a-be36-dda593becb1c ] Request (ServerDiskConfigTestJSON:test_rebuild_server_with_auto_disk_config): 200 GET http://10.180.1.21/compute/v2.1/servers/83f6dc2e-d7ce-45e1-a442-dbd753eca54a 0.539s
2025-11-21 01:22:26.307 65735 INFO tempest.lib.common.rest_client [req-fbbc25fc-846a-40f1-a93f-980eb2fcbdb6 req-fbbc25fc-846a-40f1-a93f-980eb2fcbdb6 ] Request (ImagesTestJSON:test_create_image_from_stopped_server): 200 GET http://10.180.1.21/compute/v2.1/images/1b465db1-2748-429c-b703-a25b481935d0 0.510s
2025-11-21 01:22:26.334 65789 INFO tempest.lib.common.rest_client [req-9a6b6bec-9011-4840-bc16-b2ba2186239e req-9a6b6bec-9011-4840-bc16-b2ba2186239e ] Request (ServerAddressesNegativeTestJSON:setUpClass): 200 GET http://10.180.1.21/compute/v2.1/servers/65117a1f-b957-4d8b-b538-58fb7ec489e0 0.475s
2025-11-21 01:22:26.392 65787 INFO tempest.lib.common.rest_client [req-c5cb2c2f-79ff-4f85-8c04-1788a5d63927 req-c5cb2c2f-79ff-4f85-8c04-1788a5d63927 ] Request (ImagesOneServerTestJSON:tearDownClass): 204 DELETE http://10.180.1.21/networking/v2.0/subnets/60c966b0-a2ce-4df0-a22f-e6973d831bec 0.172s
2025-11-21 01:22:26.402 65781 INFO tempest.lib.common.rest_client [req-1c2c8f16-c0c3-4e09-8ac5-87f8c2c660ab req-1c2c8f16-c0c3-4e09-8ac5-87f8c2c660ab ] Request (ListImageFiltersTestJSON:tearDownClass): 200 GET http://10.180.1.21/compute/v2.1/servers/ec71c306-b8f8-46ae-bde4-429e383d491a 0.532s
2025-11-21 01:22:26.419 65753 INFO tempest.lib.common.rest_client [req-1f79243c-050c-427b-8be3-ded82f8a15ba req-1f79243c-050c-427b-8be3-ded82f8a15ba ] Request (ServersTestManualDisk:setUpClass): 200 GET http://10.180.1.21/compute/v2.1/servers/d76a8171-8244-4aa2-b423-07cf77c7a201 0.505s
2025-11-21 01:22:26.475 65765 INFO tempest.lib.common.rest_client [req-3b5a36e4-2b09-4f07-af8c-7928c46d0cbf req-3b5a36e4-2b09-4f07-af8c-7928c46d0cbf ] Request (ServersAdminTestJSON:tearDownClass): 200 GET http://10.180.1.21/compute/v2.1/servers/db7ed1ae-1e83-4e6a-a326-8083ab656493 0.462s
2025-11-21 01:22:26.490 65767 INFO tempest.lib.common.rest_client [req-d3d29672-3246-41a1-819a-9ecee1660f23 req-d3d29672-3246-41a1-819a-9ecee1660f23 ] Request (ServersTestMultiNic:_run_cleanups): 200 GET http://10.180.1.21/compute/v2.1/servers/38c635e7-df4d-45f8-ab38-675634e56756 0.462s
2025-11-21 01:22:26.516 65761 INFO tempest.lib.common.rest_client [req-fd82a4cd-b2e2-49e5-be55-bfba3a29c302 req-fd82a4cd-b2e2-49e5-be55-bfba3a29c302 ] Request (ServersAdminNegativeTestJSON:_run_cleanups): 200 GET http://10.180.1.21/compute/v2.1/flavors/detail 0.364s
2025-11-21 01:22:26.546 65755 INFO tempest.lib.common.rest_client [req-0edcead1-4532-4417-a753-d3da40534803 req-0edcead1-4532-4417-a753-d3da40534803 ] Request (AttachVolumeTestJSON:test_attach_detach_volume): 200 GET http://10.180.1.21/compute/v2.1/servers/a019e74d-16e3-40c9-9f11-7492de03da04 0.446s
2025-11-21 01:22:26.602 65741 INFO tempest.lib.common.rest_client [req-c9f3f836-3df3-4fd2-9dcd-e2733ae73a1c req-c9f3f836-3df3-4fd2-9dcd-e2733ae73a1c ] Request (DeleteServersTestJSON:test_delete_server_while_in_attached_volume): 200 GET http://10.180.1.21/compute/v2.1/servers/a1eaf18c-82b8-4f12-9ef0-2184c2954f58 0.405s
2025-11-21 01:22:26.635 65759 INFO tempest.lib.common.rest_client [req-654fb17d-2ce0-429e-beee-fc8263fbb2bd req-654fb17d-2ce0-429e-beee-fc8263fbb2bd ] Request (MigrationsAdminTest:test_resize_server_revert_deleted_flavor): 200 GET http://10.180.1.21/compute/v2.1/servers/95b86ab2-1862-4f7b-8a80-a64b12aa149c 0.453s
2025-11-21 01:22:26.643 65735 INFO tempest.lib.common.rest_client [req-8f4f44c9-4aa5-4ffd-ab39-3d0520120666 req-8f4f44c9-4aa5-4ffd-ab39-3d0520120666 ] Request (ImagesTestJSON:test_create_image_from_stopped_server): 200 GET http://10.180.1.21/compute/v2.1/images/1b465db1-2748-429c-b703-a25b481935d0 0.332s
2025-11-21 01:22:26.671 65761 INFO tempest.lib.common.rest_client [req-a5bbabd5-8df9-474f-a4f1-f8035b296a32 req-a5bbabd5-8df9-474f-a4f1-f8035b296a32 ] Request (ServersAdminNegativeTestJSON:test_restore_server_invalid_state): 409 POST http://10.180.1.21/compute/v2.1/servers/a20ce27a-1fac-48cc-b1cb-2e9efd9eab07/action 0.146s
2025-11-21 01:22:26.686 65735 INFO tempest.lib.common.rest_client [req-f3228c71-ffcc-4d8d-a364-47973c371f6e req-f3228c71-ffcc-4d8d-a364-47973c371f6e ] Request (ImagesTestJSON:test_create_image_from_stopped_server): 200 GET http://10.180.1.21/image/v2/images/1b465db1-2748-429c-b703-a25b481935d0/tasks 0.039s
2025-11-21 01:22:26.693 65787 INFO tempest.lib.common.rest_client [req-cdf266f7-2c51-4d86-979c-4f8db992aa3a req-cdf266f7-2c51-4d86-979c-4f8db992aa3a ] Request (ImagesOneServerTestJSON:tearDownClass): 204 DELETE http://10.180.1.21/networking/v2.0/networks/ba2a9301-ec7f-4918-bc36-8626f0bd7fda 0.300s
2025-11-21 01:22:26.773 65787 INFO tempest.lib.common.rest_client [req-7532069c-b1e3-409a-8457-8c8a62b7b4ad req-7532069c-b1e3-409a-8457-8c8a62b7b4ad ] Request (ImagesOneServerTestJSON:tearDownClass): 204 DELETE http://10.180.1.21/identity/v3/users/097a9df6e860457493a30c044252fbf5 0.079s
2025-11-21 01:22:26.773 65775 INFO tempest.lib.common.rest_client [req-663659fd-91d5-4ce0-a89b-b8ba795c06b0 req-663659fd-91d5-4ce0-a89b-b8ba795c06b0 ] Request (ServersTestJSON:setUpClass): 200 GET http://10.180.1.21/compute/v2.1/servers/93573068-1948-4c22-9c26-502d09bb6994 0.186s
2025-11-21 01:22:26.773 65787 INFO tempest.lib.common.dynamic_creds [-] Deleting project and security group for project: e10a54469be6474681101eef155c1c6a
2025-11-21 01:22:26.782 65775 INFO tempest.common.waiters [-] State transition "BUILD/spawning" ==> "ACTIVE/None" after 36 second wait
2025-11-21 01:22:26.801 65787 INFO tempest.lib.common.rest_client [req-7bc92d02-2b42-4146-ab99-669848569f36 req-7bc92d02-2b42-4146-ab99-669848569f36 ] Request (ImagesOneServerTestJSON:tearDownClass): 200 GET http://10.180.1.21/networking/v2.0/security-groups?tenant_id=e10a54469be6474681101eef155c1c6a&name=default 0.027s
2025-11-21 01:22:26.821 65747 INFO tempest.lib.common.rest_client [req-2cf3e052-2814-4acb-8932-17c1239c306b req-2cf3e052-2814-4acb-8932-17c1239c306b ] Request (VolumesAdminNegativeTest:test_update_attached_volume_with_nonexistent_volume_in_uri): 200 GET http://10.180.1.21/compute/v2.1/servers/4adc10cc-69cd-4680-b9fa-b6edd30264ac 0.208s
2025-11-21 01:22:26.853 65761 INFO tempest.lib.common.rest_client [req-7355d389-ec8c-4f37-a7c2-dedc9be3e9e6 req-7355d389-ec8c-4f37-a7c2-dedc9be3e9e6 ] Request (ServersAdminNegativeTestJSON:tearDownClass): 204 DELETE http://10.180.1.21/compute/v2.1/servers/75e7944f-532d-4f28-894a-98984d7ca74f 0.181s
2025-11-21 01:22:26.919 65787 INFO tempest.lib.common.rest_client [req-32e8f377-5eab-4eff-b47a-027e7340b05c req-32e8f377-5eab-4eff-b47a-027e7340b05c ] Request (ImagesOneServerTestJSON:tearDownClass): 204 DELETE http://10.180.1.21/networking/v2.0/security-groups/92b18233-8c11-4b7d-91cb-3bc14d1e9183 0.117s
2025-11-21 01:22:26.937 65735 INFO tempest.lib.common.rest_client [req-896b5cb2-6b66-4f9a-9755-b2453ca331ba req-896b5cb2-6b66-4f9a-9755-b2453ca331ba ] Request (ImagesTestJSON:_run_cleanups): 204 DELETE http://10.180.1.21/compute/v2.1/images/1b465db1-2748-429c-b703-a25b481935d0 0.250s
2025-11-21 01:22:26.991 65775 INFO tempest.lib.common.rest_client [req-9ee6c83a-9a1d-45fb-88e8-a8be04eb4459 req-9ee6c83a-9a1d-45fb-88e8-a8be04eb4459 ] Request (ServersTestJSON:setUpClass): 200 GET http://10.180.1.21/compute/v2.1/servers/93573068-1948-4c22-9c26-502d09bb6994/os-interface 0.209s
2025-11-21 01:22:27.001 65785 INFO tempest.lib.common.rest_client [req-2f00af42-a664-486d-8acc-94933cb2bf5e req-2f00af42-a664-486d-8acc-94933cb2bf5e ] Request (ListServerFiltersTestJSON:setUpClass): 200 GET http://10.180.1.21/compute/v2.1/servers/906639bb-6427-4c41-b0ea-621c6d32af31 0.165s
2025-11-21 01:22:27.108 65787 INFO tempest.lib.common.rest_client [req-5c023d20-525e-4529-ba6b-4c5af85e80c0 req-5c023d20-525e-4529-ba6b-4c5af85e80c0 ] Request (ImagesOneServerTestJSON:tearDownClass): 204 DELETE http://10.180.1.21/identity/v3/projects/e10a54469be6474681101eef155c1c6a 0.189s
2025-11-21 01:22:27.203 65787 INFO tempest.lib.common.rest_client [req-b0ef561d-8490-4833-a420-80b56679b142 req-b0ef561d-8490-4833-a420-80b56679b142 ] Request (AttachInterfacesTestJSON:setUpClass): 201 POST http://10.180.1.21/identity/v3/auth/tokens 0.093s
2025-11-21 01:22:27.230 65737 INFO tempest.lib.common.rest_client [req-4105d643-4ff7-406e-85e3-15fedf364474 req-4105d643-4ff7-406e-85e3-15fedf364474 ] Request (ServerShowV254Test:tearDownClass): 200 GET http://10.180.1.21/compute/v2.1/servers/b2da4a59-a4dc-4620-b228-bd3b12587162 0.379s
2025-11-21 01:22:27.248 65787 INFO tempest.lib.common.rest_client [req-fc61844d-20e6-44cd-82c4-6c03a4868518 req-fc61844d-20e6-44cd-82c4-6c03a4868518 ] Request (AttachInterfacesTestJSON:setUpClass): 201 POST http://10.180.1.21/identity/v3/auth/tokens 0.043s
2025-11-21 01:22:27.291 65787 INFO tempest.lib.common.rest_client [req-c1ea1c06-8213-4978-877e-58077230b892 req-c1ea1c06-8213-4978-877e-58077230b892 ] Request (AttachInterfacesTestJSON:setUpClass): 200 GET http://10.180.1.21/identity/v3/domains?name=Default 0.042s
2025-11-21 01:22:27.328 65787 INFO tempest.lib.common.rest_client [req-eaf03cb3-0a0f-4656-a952-f8a23d1e5ecc req-eaf03cb3-0a0f-4656-a952-f8a23d1e5ecc ] Request (AttachInterfacesTestJSON:setUpClass): 201 POST http://10.180.1.21/identity/v3/projects 0.036s
2025-11-21 01:22:27.404 65787 INFO tempest.lib.common.rest_client [req-8af5da18-30f5-4f19-9c99-11481d11ab19 req-8af5da18-30f5-4f19-9c99-11481d11ab19 ] Request (AttachInterfacesTestJSON:setUpClass): 201 POST http://10.180.1.21/identity/v3/users 0.075s
2025-11-21 01:22:27.427 65787 INFO tempest.lib.common.rest_client [req-85154231-34e0-45e6-8163-a00190c76674 req-85154231-34e0-45e6-8163-a00190c76674 ] Request (AttachInterfacesTestJSON:setUpClass): 200 GET http://10.180.1.21/identity/v3/roles 0.023s
2025-11-21 01:22:27.458 65787 INFO tempest.lib.common.rest_client [req-71995191-c7d5-47f2-8518-2fbac42e6347 req-71995191-c7d5-47f2-8518-2fbac42e6347 ] Request (AttachInterfacesTestJSON:setUpClass): 204 PUT http://10.180.1.21/identity/v3/projects/a9d4531a9820467d9183e1bb10dcb49e/users/c9cab592dbd3429e91b88c357a35d374/roles/4cc76b95e32446e9ab06941d7efe7b08 0.030s
2025-11-21 01:22:27.458 65787 INFO tempest.lib.common.dynamic_creds [-] Dynamic test user c9cab592dbd3429e91b88c357a35d374 is created with scope project and roles: ['member']
2025-11-21 01:22:27.458 65787 INFO tempest.lib.common.dynamic_creds [-] Acquired dynamic creds: credentials: Credentials: {'domain_id': 'default', 'domain_name': 'Default', 'username': 'tempest-AttachInterfacesTestJSON-684323108-project-member', 'project_domain_id': 'default', 'project_domain_name': 'Default', 'project_id': 'a9d4531a9820467d9183e1bb10dcb49e', 'project_name': 'tempest-AttachInterfacesTestJSON-684323108', 'tenant_id': 'a9d4531a9820467d9183e1bb10dcb49e', 'tenant_name': 'tempest-AttachInterfacesTestJSON-684323108', 'user_domain_id': 'default', 'user_domain_name': 'Default', 'user_id': 'c9cab592dbd3429e91b88c357a35d374', 'system': None}, Network: None, Subnet: None, Router: None
