2025-11-21 01:19:02.411 65741 INFO tempest.lib.common.dynamic_creds [-] Deleting project and security group for project: 4970bf75ba65447eb21c7fc93dff5d8a
2025-11-21 01:19:02.523 65753 INFO tempest.lib.common.rest_client [req-a31a0097-9655-4042-b14b-3d8980de10cf req-a31a0097-9655-4042-b14b-3d8980de10cf ] Request (HypervisorAdminNegativeUnderV252Test:tearDownClass): 204 DELETE http://10.180.1.21/identity/v3/users/4c53f6bc079e4a16a26fdec2ca8b6864 0.291s
2025-11-21 01:19:02.523 65753 INFO tempest.lib.common.dynamic_creds [-] Deleting project and security group for project: 38c53f18950d44cd8b3f128a690eafde
2025-11-21 01:19:02.547 65765 INFO tempest.lib.common.rest_client [req-e7a9082e-9866-4c62-9eb1-ec84dabc0124 req-e7a9082e-9866-4c62-9eb1-ec84dabc0124 ] Request (QuotasAdminTestV236:test_get_updated_quotas): 200 GET http://10.180.1.21/compute/v2.1/os-quota-sets/c5866b121afe4d7bbff6136f33ea2126?user_id=57c84d753b0b42fca3035aac35516562 2.240s
2025-11-21 01:19:02.556 65725 INFO tempest.lib.common.rest_client [req-7addfe71-6826-40e6-815f-05345993a7f5 req-7addfe71-6826-40e6-815f-05345993a7f5 ] Request (HypervisorAdminNegativeTestJSON:test_get_hypervisor_uptime_with_non_admin_user): 403 GET http://10.180.1.21/compute/v2.1/os-hypervisors/1/uptime 2.195s
2025-11-21 01:19:02.621 65761 INFO tempest.lib.common.rest_client [req-2b5ea3a0-594c-42ef-8dd7-7bf176268dab req-2b5ea3a0-594c-42ef-8dd7-7bf176268dab ] Request (FlavorMetadataValidation:tearDownClass): 204 DELETE http://10.180.1.21/identity/v3/projects/a89c535e1be1467b84859234de45138c 0.306s
2025-11-21 01:19:02.622 65761 INFO tempest.lib.common.dynamic_creds [-] Deleting project and security group for project: de58b695369e41169323eb49753345f7
2025-11-21 01:19:02.637 65775 INFO tempest.lib.common.rest_client [req-70e5462d-8436-4a40-8d2e-7b922419fd9c req-70e5462d-8436-4a40-8d2e-7b922419fd9c ] Request (ServerDiagnosticsV248Test:test_get_server_diagnostics): 201 POST http://10.180.1.21/identity/v3/auth/tokens 0.314s
2025-11-21 01:19:02.638 65775 INFO tempest.lib.common.fixed_network [-] (ServerDiagnosticsV248Test:test_get_server_diagnostics) Found network None available for tenant
2025-11-21 01:19:02.751 65749 INFO tempest.lib.common.rest_client [req-efda2cc2-7895-4407-bf24-fa6440b91107 req-efda2cc2-7895-4407-bf24-fa6440b91107 ] Request (FloatingIPDetailsNegativeTestJSON:tearDownClass): 204 DELETE http://10.180.1.21/identity/v3/projects/dd521750bd0140d68a6c2e38e46fa690 0.352s
2025-11-21 01:19:02.778 65753 INFO tempest.lib.common.rest_client [req-d9ef8c7c-5428-45d6-b386-4ba7ae78e239 req-d9ef8c7c-5428-45d6-b386-4ba7ae78e239 ] Request (HypervisorAdminNegativeUnderV252Test:tearDownClass): 201 POST http://10.180.1.21/identity/v3/auth/tokens 0.254s
2025-11-21 01:19:02.791 65779 INFO tempest.lib.common.rest_client [req-5936aaed-74ce-4943-aa83-9e14f4ad746b req-5936aaed-74ce-4943-aa83-9e14f4ad746b ] Request (ServersTestFqdnHostnames:test_create_server_with_fqdn_name): 201 POST http://10.180.1.21/networking/v2.0/security-group-rules 0.530s
2025-11-21 01:19:02.806 65749 INFO tempest.lib.common.rest_client [req-f9587e14-2d80-4c22-8a77-0c2126e0e526 req-f9587e14-2d80-4c22-8a77-0c2126e0e526 ] Request (KeyPairsNegativeTestJSON:setUpClass): 201 POST http://10.180.1.21/identity/v3/auth/tokens 0.053s
2025-11-21 01:19:02.848 65749 INFO tempest.lib.common.rest_client [req-e291acdc-bb1b-4262-8965-10ad750e890b req-e291acdc-bb1b-4262-8965-10ad750e890b ] Request (KeyPairsNegativeTestJSON:setUpClass): 201 POST http://10.180.1.21/identity/v3/auth/tokens 0.039s
2025-11-21 01:19:02.886 65765 INFO tempest.lib.common.rest_client [req-c4bf636e-205f-4783-a574-802b3a9fe503 req-c4bf636e-205f-4783-a574-802b3a9fe503 ] Request (QuotasAdminTestV236:_run_cleanups): 204 DELETE http://10.180.1.21/identity/v3/users/57c84d753b0b42fca3035aac35516562 0.337s
2025-11-21 01:19:02.917 65741 INFO tempest.lib.common.rest_client [req-32acc20f-b9d8-4832-a0ff-058f8a4de84d req-32acc20f-b9d8-4832-a0ff-058f8a4de84d ] Request (ServicesAdminTestJSON:tearDownClass): 200 GET http://10.180.1.21/networking/v2.0/security-groups?tenant_id=4970bf75ba65447eb21c7fc93dff5d8a&name=default 0.505s
2025-11-21 01:19:02.927 65749 INFO tempest.lib.common.rest_client [req-09a2a935-fe35-4381-a6c6-6132f4fcc7ae req-09a2a935-fe35-4381-a6c6-6132f4fcc7ae ] Request (KeyPairsNegativeTestJSON:setUpClass): 200 GET http://10.180.1.21/identity/v3/domains?name=Default 0.078s
2025-11-21 01:19:02.941 65743 INFO tempest.lib.common.rest_client [req-15ac72cd-2954-451b-885a-cd7dfbff4d7a req-15ac72cd-2954-451b-885a-cd7dfbff4d7a ] Request (ServerMetadataTestJSON:setUpClass): 201 POST http://10.180.1.21/networking/v2.0/networks 0.687s
2025-11-21 01:19:02.990 65765 INFO tempest.lib.common.rest_client [req-83f4c973-4aca-4d72-9ab9-b8b6e8885e41 req-83f4c973-4aca-4d72-9ab9-b8b6e8885e41 ] Request (QuotasAdminTestV236:_run_cleanups): 204 DELETE http://10.180.1.21/identity/v3/projects/c5866b121afe4d7bbff6136f33ea2126 0.103s
2025-11-21 01:19:03.040 65761 INFO tempest.lib.common.rest_client [req-8296fd82-617a-4d93-b2ef-97f12a0a59d6 req-8296fd82-617a-4d93-b2ef-97f12a0a59d6 ] Request (FlavorMetadataValidation:tearDownClass): 200 GET http://10.180.1.21/networking/v2.0/security-groups?tenant_id=de58b695369e41169323eb49753345f7&name=default 0.418s
2025-11-21 01:19:03.070 65749 INFO tempest.lib.common.rest_client [req-fc452db8-8c0b-4b05-8ec0-f7e2e83190b4 req-fc452db8-8c0b-4b05-8ec0-f7e2e83190b4 ] Request (KeyPairsNegativeTestJSON:setUpClass): 201 POST http://10.180.1.21/identity/v3/projects 0.142s
2025-11-21 01:19:03.075 65785 INFO tempest.lib.common.rest_client [req-433151fd-a568-47f6-98aa-7c8be035ed9f req-433151fd-a568-47f6-98aa-7c8be035ed9f ] Request (ServersAdmin275Test:test_rebuild_update_server_275): 200 GET http://10.180.1.21/compute/v2.1/servers/4c2486ef-40ad-4d42-b51c-6948f103b627 2.667s
2025-11-21 01:19:03.086 65785 INFO tempest.common.waiters [-] State transition "BUILD/networking" ==> "BUILD/spawning" after 4 second wait
2025-11-21 01:19:03.092 65729 INFO tempest.lib.common.rest_client [req-4fb5ef78-068a-4bf4-83f2-980b711fa941 req-4fb5ef78-068a-4bf4-83f2-980b711fa941 ] Request (KeyPairsV210TestJSON:test_admin_manage_keypairs_for_other_users): 200 GET http://10.180.1.21/compute/v2.1/os-keypairs?user_id=e996985870bc45e0bac49861453299b2 2.677s
2025-11-21 01:19:03.117 65739 INFO tempest.lib.common.rest_client [req-1b3f7d27-1d4d-455f-ae4e-3d266b64cbf9 req-1b3f7d27-1d4d-455f-ae4e-3d266b64cbf9 ] Request (ServicesAdminNegativeV253TestJSON:test_get_service_by_invalid_params): 200 GET http://10.180.1.21/compute/v2.1/os-services 2.690s
2025-11-21 01:19:03.125 65769 INFO tempest.lib.common.rest_client [req-92b675e2-0cc9-41a0-8af8-91b19809baa4 req-92b675e2-0cc9-41a0-8af8-91b19809baa4 ] Request (HostsAdminNegativeTestJSON:test_show_host_detail_with_non_admin_user): 403 GET http://10.180.1.21/compute/v2.1/os-hosts/devstack 2.660s
2025-11-21 01:19:03.129 65745 INFO tempest.lib.common.rest_client [req-fd9362d3-4555-4dc9-81fc-4c8824f0ff06 req-fd9362d3-4555-4dc9-81fc-4c8824f0ff06 ] Request (FlavorsExtraSpecsNegativeTestJSON:test_flavor_non_admin_unset_keys): 403 DELETE http://10.180.1.21/compute/v2.1/flavors/738998148/os-extra_specs/hw:numa_nodes 2.594s
2025-11-21 01:19:03.140 65749 INFO tempest.lib.common.rest_client [req-35be0fff-0a92-44ae-b20a-b2c5e0bb58c2 req-35be0fff-0a92-44ae-b20a-b2c5e0bb58c2 ] Request (KeyPairsNegativeTestJSON:setUpClass): 201 POST http://10.180.1.21/identity/v3/users 0.070s
2025-11-21 01:19:03.175 65765 INFO tempest.lib.common.rest_client [req-aee077c0-a40f-4920-a17e-ab095613402d req-aee077c0-a40f-4920-a17e-ab095613402d ] Request (QuotasAdminTestV236:tearDownClass): 204 DELETE http://10.180.1.21/identity/v3/users/f32c0bebc31e41028596cb18f6be7695 0.179s
2025-11-21 01:19:03.235 65751 INFO tempest.lib.common.rest_client [req-dea271e8-e174-4555-8075-7a8706e106f7 req-dea271e8-e174-4555-8075-7a8706e106f7 ] Request (QuotasAdminTestV257:test_get_updated_quotas): 200 GET http://10.180.1.21/identity/v3/domains?name=Default 0.151s
2025-11-21 01:19:03.312 65749 INFO tempest.lib.common.rest_client [req-93c7fc77-9403-46e5-becf-2ea327239340 req-93c7fc77-9403-46e5-becf-2ea327239340 ] Request (KeyPairsNegativeTestJSON:setUpClass): 200 GET http://10.180.1.21/identity/v3/roles 0.172s
2025-11-21 01:19:03.331 65765 INFO tempest.lib.common.rest_client [req-29c29517-4b05-4f5f-9c06-960c1ee85e1c req-29c29517-4b05-4f5f-9c06-960c1ee85e1c ] Request (QuotasAdminTestV236:tearDownClass): 204 DELETE http://10.180.1.21/identity/v3/users/35cbb3ec9db44be0b2f7aca36e13bc5c 0.156s
2025-11-21 01:19:03.332 65765 INFO tempest.lib.common.dynamic_creds [-] Deleting project and security group for project: ee055ac242d74609b537c633e99cf5a9
2025-11-21 01:19:03.386 65751 INFO tempest.lib.common.rest_client [req-d630c191-b94b-4bca-ac87-24608f75c6bd req-d630c191-b94b-4bca-ac87-24608f75c6bd ] Request (QuotasAdminTestV257:test_get_updated_quotas): 201 POST http://10.180.1.21/identity/v3/projects 0.150s
2025-11-21 01:19:03.399 65749 INFO tempest.lib.common.rest_client [req-47449040-e173-4c77-82b2-d1f48d7db06c req-47449040-e173-4c77-82b2-d1f48d7db06c ] Request (KeyPairsNegativeTestJSON:setUpClass): 204 PUT http://10.180.1.21/identity/v3/projects/0d1c486b17654387b53e7bb321bd88db/users/0f8558a138d74b3186deaa3571fb121e/roles/4cc76b95e32446e9ab06941d7efe7b08 0.086s
2025-11-21 01:19:03.399 65753 INFO tempest.lib.common.rest_client [req-842074fc-00b4-4608-bec7-ff4e35da4b96 req-842074fc-00b4-4608-bec7-ff4e35da4b96 ] Request (HypervisorAdminNegativeUnderV252Test:tearDownClass): 200 GET http://10.180.1.21/networking/v2.0/security-groups?tenant_id=38c53f18950d44cd8b3f128a690eafde&name=default 0.621s
2025-11-21 01:19:03.399 65749 INFO tempest.lib.common.dynamic_creds [-] Dynamic test user 0f8558a138d74b3186deaa3571fb121e is created with scope project and roles: ['member']
2025-11-21 01:19:03.399 65749 INFO tempest.lib.common.dynamic_creds [-] Acquired dynamic creds: credentials: Credentials: {'domain_id': 'default', 'domain_name': 'Default', 'username': 'tempest-KeyPairsNegativeTestJSON-1415949774-project-member', 'project_domain_id': 'default', 'project_domain_name': 'Default', 'project_id': '0d1c486b17654387b53e7bb321bd88db', 'project_name': 'tempest-KeyPairsNegativeTestJSON-1415949774', 'tenant_id': '0d1c486b17654387b53e7bb321bd88db', 'tenant_name': 'tempest-KeyPairsNegativeTestJSON-1415949774', 'user_domain_id': 'default', 'user_domain_name': 'Default', 'user_id': '0f8558a138d74b3186deaa3571fb121e', 'system': None}, Network: None, Subnet: None, Router: None
2025-11-21 01:19:03.400 65749 INFO tempest.lib.common.dynamic_creds [-] Created isolated network resources for: credentials: Credentials: {'domain_id': 'default', 'domain_name': 'Default', 'username': 'tempest-KeyPairsNegativeTestJSON-1415949774-project-member', 'project_domain_id': 'default', 'project_domain_name': 'Default', 'project_id': '0d1c486b17654387b53e7bb321bd88db', 'project_name': 'tempest-KeyPairsNegativeTestJSON-1415949774', 'tenant_id': '0d1c486b17654387b53e7bb321bd88db', 'tenant_name': 'tempest-KeyPairsNegativeTestJSON-1415949774', 'user_domain_id': 'default', 'user_domain_name': 'Default', 'user_id': '0f8558a138d74b3186deaa3571fb121e', 'system': None}, Network: None, Subnet: None, Router: None
2025-11-21 01:19:03.439 65765 INFO tempest.lib.common.rest_client [req-d907e78d-b7fd-4d6b-af47-2f2f3e4bb23a req-d907e78d-b7fd-4d6b-af47-2f2f3e4bb23a ] Request (QuotasAdminTestV236:tearDownClass): 201 POST http://10.180.1.21/identity/v3/auth/tokens 0.107s
2025-11-21 01:19:03.444 65751 INFO tempest.lib.common.rest_client [req-414a4b3c-d76f-4038-9ad2-b77c9981eb49 req-414a4b3c-d76f-4038-9ad2-b77c9981eb49 ] Request (QuotasAdminTestV257:test_get_updated_quotas): 200 GET http://10.180.1.21/identity/v3/domains?name=Default 0.057s
2025-11-21 01:19:03.491 65779 INFO tempest.lib.common.rest_client [req-35925d78-a52f-4522-beed-c6b3949fd3f7 req-35925d78-a52f-4522-beed-c6b3949fd3f7 ] Request (ServersTestFqdnHostnames:test_create_server_with_fqdn_name): 201 POST http://10.180.1.21/networking/v2.0/security-group-rules 0.700s
2025-11-21 01:19:03.503 65749 INFO tempest.lib.common.rest_client [req-c55860ef-0157-4330-8dc5-8adda67e703d req-c55860ef-0157-4330-8dc5-8adda67e703d ] Request (KeyPairsNegativeTestJSON:setUpClass): 201 POST http://10.180.1.21/identity/v3/auth/tokens 0.098s
2025-11-21 01:19:03.586 65741 INFO tempest.lib.common.rest_client [req-7da88ce4-25c4-40b1-a491-8123d2c72fad req-7da88ce4-25c4-40b1-a491-8123d2c72fad ] Request (ServicesAdminTestJSON:tearDownClass): 204 DELETE http://10.180.1.21/networking/v2.0/security-groups/a059436c-917d-431b-abf3-53effd45819b 0.669s
2025-11-21 01:19:03.650 65741 INFO tempest.lib.common.rest_client [req-d220c375-816c-4e35-b16e-4b62061ca34f req-d220c375-816c-4e35-b16e-4b62061ca34f ] Request (ServicesAdminTestJSON:tearDownClass): 204 DELETE http://10.180.1.21/identity/v3/projects/4970bf75ba65447eb21c7fc93dff5d8a 0.064s
2025-11-21 01:19:03.717 65741 INFO tempest.lib.common.rest_client [req-396dde9c-5f23-4697-955c-318221c68b2a req-396dde9c-5f23-4697-955c-318221c68b2a ] Request (FloatingIPsNegativeTestJSON:setUpClass): 201 POST http://10.180.1.21/identity/v3/auth/tokens 0.065s
2025-11-21 01:19:03.726 65743 INFO tempest.lib.common.rest_client [req-682534c7-149a-4325-a8c5-626a5e570d3f req-682534c7-149a-4325-a8c5-626a5e570d3f ] Request (ServerMetadataTestJSON:setUpClass): 201 POST http://10.180.1.21/networking/v2.0/subnets 0.785s
2025-11-21 01:19:03.747 65741 INFO tempest.lib.common.rest_client [req-ef04ce55-bf60-43b1-b57d-d8f090653abe req-ef04ce55-bf60-43b1-b57d-d8f090653abe ] Request (FloatingIPsNegativeTestJSON:setUpClass): 201 POST http://10.180.1.21/identity/v3/auth/tokens 0.027s
2025-11-21 01:19:03.773 65741 INFO tempest.lib.common.rest_client [req-51fb8c78-6a63-473c-bcc4-5cad44a3bc08 req-51fb8c78-6a63-473c-bcc4-5cad44a3bc08 ] Request (FloatingIPsNegativeTestJSON:setUpClass): 200 GET http://10.180.1.21/identity/v3/domains?name=Default 0.025s
2025-11-21 01:19:03.810 65761 INFO tempest.lib.common.rest_client [req-c4ee4653-db34-436c-9449-f0d608c94a24 req-c4ee4653-db34-436c-9449-f0d608c94a24 ] Request (FlavorMetadataValidation:tearDownClass): 204 DELETE http://10.180.1.21/networking/v2.0/security-groups/3f016afe-b181-4eb1-9e75-0b6def91e421 0.769s
2025-11-21 01:19:03.829 65741 INFO tempest.lib.common.rest_client [req-d544dd15-e67f-43c2-abfd-82596ba49909 req-d544dd15-e67f-43c2-abfd-82596ba49909 ] Request (FloatingIPsNegativeTestJSON:setUpClass): 201 POST http://10.180.1.21/identity/v3/projects 0.055s
2025-11-21 01:19:03.888 65761 INFO tempest.lib.common.rest_client [req-8c1147f2-4235-49aa-ae13-28167d0f17b5 req-8c1147f2-4235-49aa-ae13-28167d0f17b5 ] Request (FlavorMetadataValidation:tearDownClass): 204 DELETE http://10.180.1.21/identity/v3/projects/de58b695369e41169323eb49753345f7 0.077s
2025-11-21 01:19:03.944 65758 INFO tempest.lib.common.rest_client [req-0938e429-b46e-403e-a5e4-95d82cb13d31 req-0938e429-b46e-403e-a5e4-95d82cb13d31 ] Request (SecurityGroupsTestJSON:test_list_security_groups_by_server): 200 GET http://10.180.1.21/compute/v2.1/servers/de24c22a-73da-4645-beae-9ba5ca7e507b 3.313s
2025-11-21 01:19:03.950 65741 INFO tempest.lib.common.rest_client [req-a75647cf-fb5e-4101-a5f7-4562c4e8e87f req-a75647cf-fb5e-4101-a5f7-4562c4e8e87f ] Request (FloatingIPsNegativeTestJSON:setUpClass): 201 POST http://10.180.1.21/identity/v3/users 0.121s
2025-11-21 01:19:03.965 65761 INFO tempest.lib.common.rest_client [req-ef104cfd-73ba-4dac-8ac5-54f63e0c556f req-ef104cfd-73ba-4dac-8ac5-54f63e0c556f ] Request (InstanceUsageAuditLogTestJSON:setUpClass): 201 POST http://10.180.1.21/identity/v3/auth/tokens 0.075s
2025-11-21 01:19:03.980 65741 INFO tempest.lib.common.rest_client [req-3315564e-999e-46b1-8b17-9e2d658389c3 req-3315564e-999e-46b1-8b17-9e2d658389c3 ] Request (FloatingIPsNegativeTestJSON:setUpClass): 200 GET http://10.180.1.21/identity/v3/roles 0.029s
2025-11-21 01:19:03.998 65761 INFO tempest.lib.common.rest_client [req-c43b49ab-a6a5-42fd-8d76-8f0dae56ed23 req-c43b49ab-a6a5-42fd-8d76-8f0dae56ed23 ] Request (InstanceUsageAuditLogTestJSON:setUpClass): 201 POST http://10.180.1.21/identity/v3/auth/tokens 0.029s
2025-11-21 01:19:04.014 65741 INFO tempest.lib.common.rest_client [req-4c454da2-74d0-42ab-abd6-f3794f36db55 req-4c454da2-74d0-42ab-abd6-f3794f36db55 ] Request (FloatingIPsNegativeTestJSON:setUpClass): 204 PUT http://10.180.1.21/identity/v3/projects/107f01f7f1eb4501adae3fd8f432dba9/users/a08fb9ea791b4e95b0dee8df2ae57941/roles/4cc76b95e32446e9ab06941d7efe7b08 0.034s
2025-11-21 01:19:04.015 65741 INFO tempest.lib.common.dynamic_creds [-] Dynamic test user a08fb9ea791b4e95b0dee8df2ae57941 is created with scope project and roles: ['member']
2025-11-21 01:19:04.015 65741 INFO tempest.lib.common.dynamic_creds [-] Acquired dynamic creds: credentials: Credentials: {'domain_id': 'default', 'domain_name': 'Default', 'username': 'tempest-FloatingIPsNegativeTestJSON-243626138-project-member', 'project_domain_id': 'default', 'project_domain_name': 'Default', 'project_id': '107f01f7f1eb4501adae3fd8f432dba9', 'project_name': 'tempest-FloatingIPsNegativeTestJSON-243626138', 'tenant_id': '107f01f7f1eb4501adae3fd8f432dba9', 'tenant_name': 'tempest-FloatingIPsNegativeTestJSON-243626138', 'user_domain_id': 'default', 'user_domain_name': 'Default', 'user_id': 'a08fb9ea791b4e95b0dee8df2ae57941', 'system': None}, Network: None, Subnet: None, Router: None
2025-11-21 01:19:04.023 65761 INFO tempest.lib.common.rest_client [req-ea3a64f2-843d-4aed-9e67-b75511693931 req-ea3a64f2-843d-4aed-9e67-b75511693931 ] Request (InstanceUsageAuditLogTestJSON:setUpClass): 200 GET http://10.180.1.21/identity/v3/domains?name=Default 0.025s
2025-11-21 01:19:04.027 65753 INFO tempest.lib.common.rest_client [req-d080ffb7-ced0-46d2-86d2-a24357283deb req-d080ffb7-ced0-46d2-86d2-a24357283deb ] Request (HypervisorAdminNegativeUnderV252Test:tearDownClass): 204 DELETE http://10.180.1.21/networking/v2.0/security-groups/9fc0fb7c-f9e0-4441-88ed-36dffabedcb0 0.628s
2025-11-21 01:19:04.076 65741 INFO tempest.lib.common.rest_client [req-207136c1-3896-47e0-8528-34fdc13127b0 req-207136c1-3896-47e0-8528-34fdc13127b0 ] Request (FloatingIPsNegativeTestJSON:setUpClass): 201 POST http://10.180.1.21/identity/v3/auth/tokens 0.061s
2025-11-21 01:19:04.088 65761 INFO tempest.lib.common.rest_client [req-f662269f-8b1f-4d04-b557-554ee8229e0b req-f662269f-8b1f-4d04-b557-554ee8229e0b ] Request (InstanceUsageAuditLogTestJSON:setUpClass): 201 POST http://10.180.1.21/identity/v3/projects 0.060s
2025-11-21 01:19:04.142 65753 INFO tempest.lib.common.rest_client [req-effeb83f-14b2-4c20-b2d5-c46496bbb311 req-effeb83f-14b2-4c20-b2d5-c46496bbb311 ] Request (HypervisorAdminNegativeUnderV252Test:tearDownClass): 204 DELETE http://10.180.1.21/identity/v3/projects/38c53f18950d44cd8b3f128a690eafde 0.114s
2025-11-21 01:19:04.142 65753 INFO tempest.lib.common.dynamic_creds [-] Deleting project and security group for project: 77a4744e25ba41d1baa8b7c835e0e565
2025-11-21 01:19:04.195 65761 INFO tempest.lib.common.rest_client [req-b9076549-a91b-475b-93f6-a92177ad3789 req-b9076549-a91b-475b-93f6-a92177ad3789 ] Request (InstanceUsageAuditLogTestJSON:setUpClass): 201 POST http://10.180.1.21/identity/v3/users 0.107s
2025-11-21 01:19:04.213 65761 INFO tempest.lib.common.rest_client [req-60d3df32-a41d-471f-960d-1d9327adf0c5 req-60d3df32-a41d-471f-960d-1d9327adf0c5 ] Request (InstanceUsageAuditLogTestJSON:setUpClass): 200 GET http://10.180.1.21/identity/v3/roles 0.018s
2025-11-21 01:19:04.242 65761 INFO tempest.lib.common.rest_client [req-f41ac996-cb3a-4b19-9b09-02cbd8393ef7 req-f41ac996-cb3a-4b19-9b09-02cbd8393ef7 ] Request (InstanceUsageAuditLogTestJSON:setUpClass): 204 PUT http://10.180.1.21/identity/v3/projects/04c37e1e94c5419f8207e5adefc799ed/users/4eb6dc3db984477eacc1830043235e15/roles/4cc76b95e32446e9ab06941d7efe7b08 0.028s
2025-11-21 01:19:04.242 65761 INFO tempest.lib.common.dynamic_creds [-] Dynamic test user 4eb6dc3db984477eacc1830043235e15 is created with scope project and roles: ['member']
2025-11-21 01:19:04.242 65761 INFO tempest.lib.common.dynamic_creds [-] Acquired dynamic creds: credentials: Credentials: {'domain_id': 'default', 'domain_name': 'Default', 'username': 'tempest-InstanceUsageAuditLogTestJSON-1385297554-project-member', 'project_domain_id': 'default', 'project_domain_name': 'Default', 'project_id': '04c37e1e94c5419f8207e5adefc799ed', 'project_name': 'tempest-InstanceUsageAuditLogTestJSON-1385297554', 'tenant_id': '04c37e1e94c5419f8207e5adefc799ed', 'tenant_name': 'tempest-InstanceUsageAuditLogTestJSON-1385297554', 'user_domain_id': 'default', 'user_domain_name': 'Default', 'user_id': '4eb6dc3db984477eacc1830043235e15', 'system': None}, Network: None, Subnet: None, Router: None
2025-11-21 01:19:04.242 65761 INFO tempest.lib.common.dynamic_creds [-] Created isolated network resources for: credentials: Credentials: {'domain_id': 'default', 'domain_name': 'Default', 'username': 'tempest-InstanceUsageAuditLogTestJSON-1385297554-project-member', 'project_domain_id': 'default', 'project_domain_name': 'Default', 'project_id': '04c37e1e94c5419f8207e5adefc799ed', 'project_name': 'tempest-InstanceUsageAuditLogTestJSON-1385297554', 'tenant_id': '04c37e1e94c5419f8207e5adefc799ed', 'tenant_name': 'tempest-InstanceUsageAuditLogTestJSON-1385297554', 'user_domain_id': 'default', 'user_domain_name': 'Default', 'user_id': '4eb6dc3db984477eacc1830043235e15', 'system': None}, Network: None, Subnet: None, Router: None
2025-11-21 01:19:04.282 65765 INFO tempest.lib.common.rest_client [req-8fb189d9-4c96-4841-91ec-57ebc2c702a4 req-8fb189d9-4c96-4841-91ec-57ebc2c702a4 ] Request (QuotasAdminTestV236:tearDownClass): 200 GET http://10.180.1.21/networking/v2.0/security-groups?tenant_id=ee055ac242d74609b537c633e99cf5a9&name=default 0.842s
2025-11-21 01:19:04.316 65761 INFO tempest.lib.common.rest_client [req-c3670159-7388-4e3a-96f4-ab6f6fe418d2 req-c3670159-7388-4e3a-96f4-ab6f6fe418d2 ] Request (InstanceUsageAuditLogTestJSON:setUpClass): 201 POST http://10.180.1.21/identity/v3/auth/tokens 0.071s
2025-11-21 01:19:04.376 65761 INFO tempest.lib.common.rest_client [req-4b687799-924f-4384-b28b-426131672ce2 req-4b687799-924f-4384-b28b-426131672ce2 ] Request (InstanceUsageAuditLogTestJSON:setUpClass): 201 POST http://10.180.1.21/identity/v3/projects 0.060s
2025-11-21 01:19:04.441 65761 INFO tempest.lib.common.rest_client [req-e65c2dd3-17e4-4936-8cc0-63f1b317ec8e req-e65c2dd3-17e4-4936-8cc0-63f1b317ec8e ] Request (InstanceUsageAuditLogTestJSON:setUpClass): 201 POST http://10.180.1.21/identity/v3/users 0.064s
2025-11-21 01:19:04.462 65761 INFO tempest.lib.common.rest_client [req-1c4ff7f3-c823-4b40-bc11-423af6a43cac req-1c4ff7f3-c823-4b40-bc11-423af6a43cac ] Request (InstanceUsageAuditLogTestJSON:setUpClass): 200 GET http://10.180.1.21/identity/v3/roles 0.021s
2025-11-21 01:19:04.486 65761 INFO tempest.lib.common.rest_client [req-a409089e-ee9a-4747-97a2-70ec9fcbbaa5 req-a409089e-ee9a-4747-97a2-70ec9fcbbaa5 ] Request (InstanceUsageAuditLogTestJSON:setUpClass): 204 PUT http://10.180.1.21/identity/v3/projects/66ab7f5e48a94885bbf84cf53a448bf3/users/ca2ee5d9e80744d8b83a2a4e1da7b284/roles/2a84520129ae414585093e445104a119 0.024s
2025-11-21 01:19:04.535 65761 INFO tempest.lib.common.rest_client [req-024cf07d-f0c3-401c-a6d2-6e3a40bf8f0b req-024cf07d-f0c3-401c-a6d2-6e3a40bf8f0b ] Request (InstanceUsageAuditLogTestJSON:setUpClass): 200 GET http://10.180.1.21/identity/v3/roles 0.048s
2025-11-21 01:19:04.559 65761 INFO tempest.lib.common.rest_client [req-93bdf3c5-169f-4568-8442-25f4b48cf211 req-93bdf3c5-169f-4568-8442-25f4b48cf211 ] Request (InstanceUsageAuditLogTestJSON:setUpClass): 204 PUT http://10.180.1.21/identity/v3/projects/66ab7f5e48a94885bbf84cf53a448bf3/users/ca2ee5d9e80744d8b83a2a4e1da7b284/roles/2a84520129ae414585093e445104a119 0.023s
2025-11-21 01:19:04.559 65761 INFO tempest.lib.common.dynamic_creds [-] Dynamic test user ca2ee5d9e80744d8b83a2a4e1da7b284 is created with scope project and roles: ['admin']
2025-11-21 01:19:04.559 65761 INFO tempest.lib.common.dynamic_creds [-] Acquired dynamic creds: credentials: Credentials: {'domain_id': 'default', 'domain_name': 'Default', 'username': 'tempest-InstanceUsageAuditLogTestJSON-763445725-project-admin', 'project_domain_id': 'default', 'project_domain_name': 'Default', 'project_id': '66ab7f5e48a94885bbf84cf53a448bf3', 'project_name': 'tempest-InstanceUsageAuditLogTestJSON-763445725', 'tenant_id': '66ab7f5e48a94885bbf84cf53a448bf3', 'tenant_name': 'tempest-InstanceUsageAuditLogTestJSON-763445725', 'user_domain_id': 'default', 'user_domain_name': 'Default', 'user_id': 'ca2ee5d9e80744d8b83a2a4e1da7b284', 'system': None}, Network: None, Subnet: None, Router: None
2025-11-21 01:19:04.559 65761 INFO tempest.lib.common.dynamic_creds [-] Created isolated network resources for: credentials: Credentials: {'domain_id': 'default', 'domain_name': 'Default', 'username': 'tempest-InstanceUsageAuditLogTestJSON-763445725-project-admin', 'project_domain_id': 'default', 'project_domain_name': 'Default', 'project_id': '66ab7f5e48a94885bbf84cf53a448bf3', 'project_name': 'tempest-InstanceUsageAuditLogTestJSON-763445725', 'tenant_id': '66ab7f5e48a94885bbf84cf53a448bf3', 'tenant_name': 'tempest-InstanceUsageAuditLogTestJSON-763445725', 'user_domain_id': 'default', 'user_domain_name': 'Default', 'user_id': 'ca2ee5d9e80744d8b83a2a4e1da7b284', 'system': None}, Network: None, Subnet: None, Router: None
2025-11-21 01:19:04.631 65761 INFO tempest.lib.common.rest_client [req-63cdb863-476f-4950-889e-501d57370bb9 req-63cdb863-476f-4950-889e-501d57370bb9 ] Request (InstanceUsageAuditLogTestJSON:setUpClass): 201 POST http://10.180.1.21/identity/v3/auth/tokens 0.069s
2025-11-21 01:19:04.672 65779 INFO tempest.lib.common.rest_client [req-07794fac-503b-425f-a5ad-18ad1c109e19 req-07794fac-503b-425f-a5ad-18ad1c109e19 ] Request (ServersTestFqdnHostnames:test_create_server_with_fqdn_name): 201 POST http://10.180.1.21/networking/v2.0/floatingips 1.180s
2025-11-21 01:19:04.692 65787 INFO tempest.lib.common.rest_client [req-1f9c59f1-4cec-43b9-b928-81521e54d133 req-1f9c59f1-4cec-43b9-b928-81521e54d133 ] Request (FloatingIPDetailsTestJSON:setUpClass): 200 POST http://10.180.1.21/compute/v2.1/os-floating-ips 5.570s
2025-11-21 01:19:04.746 65779 INFO tempest.lib.common.rest_client [req-a6297858-c20c-4775-89c6-51e453237575 req-a6297858-c20c-4775-89c6-51e453237575 ] Request (ServersTestFqdnHostnames:test_create_server_with_fqdn_name): 201 POST http://10.180.1.21/identity/v3/auth/tokens 0.071s
2025-11-21 01:19:04.747 65779 INFO tempest.lib.common.fixed_network [-] (ServersTestFqdnHostnames:test_create_server_with_fqdn_name) Found network {'id': 'bf09c91a-c07d-4b10-8453-644312c09fa7', 'name': 'tempest-ServersTestFqdnHostnames-1364068514-network', 'tenant_id': 'fb46bb10347843ceaad215e3a1d1aa3a', 'project_id': 'fb46bb10347843ceaad215e3a1d1aa3a', 'admin_state_up': True, 'mtu': 8950, 'status': 'ACTIVE', 'subnets': [], 'shared': False, 'port_security_enabled': True, 'router:external': False, 'provider:network_type': 'vlan', 'provider:physical_network': 'default', 'provider:segmentation_id': 706, 'availability_zone_hints': [], 'availability_zones': [], 'ipv4_address_scope': None, 'ipv6_address_scope': None, 'description': '', 'tags': [], 'created_at': '2025-11-21T01:18:56Z', 'updated_at': '2025-11-21T01:18:56Z', 'revision_number': 1} available for tenant
2025-11-21 01:19:05.419 65743 INFO tempest.lib.common.rest_client [req-d073547f-6838-415d-b4da-0e9c3cd39c6e req-d073547f-6838-415d-b4da-0e9c3cd39c6e ] Request (ServerMetadataTestJSON:setUpClass): 201 POST http://10.180.1.21/networking/v2.0/routers 1.693s
2025-11-21 01:19:05.619 65753 INFO tempest.lib.common.rest_client [req-4e41c434-9c46-4bb2-8357-8e74c2e1ea03 req-4e41c434-9c46-4bb2-8357-8e74c2e1ea03 ] Request (HypervisorAdminNegativeUnderV252Test:tearDownClass): 200 GET http://10.180.1.21/networking/v2.0/security-groups?tenant_id=77a4744e25ba41d1baa8b7c835e0e565&name=default 1.477s
2025-11-21 01:19:05.710 65765 INFO tempest.lib.common.rest_client [req-7f860ca7-9af1-4250-a5e5-cd6519aa602b req-7f860ca7-9af1-4250-a5e5-cd6519aa602b ] Request (QuotasAdminTestV236:tearDownClass): 204 DELETE http://10.180.1.21/networking/v2.0/security-groups/bf7b9eb4-651e-4d2f-b3ea-a84c94ab9c0c 1.428s
2025-11-21 01:19:05.793 65765 INFO tempest.lib.common.rest_client [req-c99e5de7-2932-45b7-9279-b1cb89602ee6 req-c99e5de7-2932-45b7-9279-b1cb89602ee6 ] Request (QuotasAdminTestV236:tearDownClass): 204 DELETE http://10.180.1.21/identity/v3/projects/ee055ac242d74609b537c633e99cf5a9 0.083s
2025-11-21 01:19:05.794 65765 INFO tempest.lib.common.dynamic_creds [-] Deleting project and security group for project: 8f8be795ee4943a492c700d20e472a18
2025-11-21 01:19:05.832 65741 INFO tempest.lib.common.rest_client [req-58e5765d-2b27-4b39-99ee-89fd2476d2a9 req-58e5765d-2b27-4b39-99ee-89fd2476d2a9 ] Request (FloatingIPsNegativeTestJSON:setUpClass): 201 POST http://10.180.1.21/networking/v2.0/networks 1.755s
2025-11-21 01:19:05.891 65747 INFO tempest.lib.common.rest_client [req-11a044a9-98d8-4d4f-8be1-d46ad9aa490b req-11a044a9-98d8-4d4f-8be1-d46ad9aa490b ] Request (DeleteServersAdminTestJSON:test_admin_delete_servers_of_others): 200 GET http://10.180.1.21/compute/v2.1/servers/8b342ace-ea37-41c1-bd30-3d8af790f2c6 4.987s
2025-11-21 01:19:05.898 65747 INFO tempest.common.waiters [-] State transition "BUILD/None" ==> "BUILD/spawning" after 10 second wait
2025-11-21 01:19:05.928 65727 INFO tempest.lib.common.rest_client [req-a9acdf86-657b-4293-aff9-0f6880f99175 req-a9acdf86-657b-4293-aff9-0f6880f99175 ] Request (FlavorsExtraSpecsTestJSON:test_flavor_set_get_update_show_unset_keys): 200 POST http://10.180.1.21/compute/v2.1/flavors/1934415815/os-extra_specs 4.856s
2025-11-21 01:19:06.587 65743 INFO tempest.lib.common.rest_client [req-22d0bc91-6cc2-4e64-86fa-462a163b7628 req-22d0bc91-6cc2-4e64-86fa-462a163b7628 ] Request (ServerMetadataTestJSON:setUpClass): 200 PUT http://10.180.1.21/networking/v2.0/routers/aedb6a6c-702f-44ee-ab8b-0a5f6ca47e3a/add_router_interface 1.167s
2025-11-21 01:19:06.587 65743 INFO tempest.lib.common.dynamic_creds [-] Created isolated network resources for: credentials: Credentials: {'domain_id': 'default', 'domain_name': 'Default', 'username': 'tempest-ServerMetadataTestJSON-1695680042-project-member', 'project_domain_id': 'default', 'project_domain_name': 'Default', 'project_id': '863f16c493c84f2faae8fa03c6adca46', 'project_name': 'tempest-ServerMetadataTestJSON-1695680042', 'tenant_id': '863f16c493c84f2faae8fa03c6adca46', 'tenant_name': 'tempest-ServerMetadataTestJSON-1695680042', 'user_domain_id': 'default', 'user_domain_name': 'Default', 'user_id': 'e27c53ede7cf4979b374983839be6c6e', 'system': None}, Network: {'id': '14ac6f5a-c6ba-41ec-8d45-c1d312ce2e0b', 'name': 'tempest-ServerMetadataTestJSON-403208551-network', 'tenant_id': '863f16c493c84f2faae8fa03c6adca46', 'project_id': '863f16c493c84f2faae8fa03c6adca46', 'admin_state_up': True, 'mtu': 8950, 'status': 'ACTIVE', 'subnets': [], 'shared': False, 'port_security_enabled': True, 'router:external': False, 'provider:network_type': 'vlan', 'provider:physical_network': 'default', 'provider:segmentation_id': 988, 'availability_zone_hints': [], 'availability_zones': [], 'ipv4_address_scope': None, 'ipv6_address_scope': None, 'description': '', 'tags': [], 'created_at': '2025-11-21T01:19:02Z', 'updated_at': '2025-11-21T01:19:02Z', 'revision_number': 1}, Subnet: {'id': '94a748f7-fde7-4c65-9969-392c777dbdf9', 'name': 'tempest-ServerMetadataTestJSON-403208551-subnet', 'tenant_id': '863f16c493c84f2faae8fa03c6adca46', 'network_id': '14ac6f5a-c6ba-41ec-8d45-c1d312ce2e0b', 'ip_version': 4, 'subnetpool_id': None, 'enable_dhcp': True, 'ipv6_ra_mode': None, 'ipv6_address_mode': None, 'gateway_ip': '192.168.128.1', 'cidr': '192.168.128.0/28', 'allocation_pools': [{'start': '192.168.128.2', 'end': '192.168.128.14'}], 'host_routes': [], 'dns_nameservers': [], 'description': '', 'router:external': False, 'service_types': [], 'tags': [], 'created_at': '2025-11-21T01:19:03Z', 'updated_at': '2025-11-21T01:19:03Z', 'revision_number': 0, 'project_id': '863f16c493c84f2faae8fa03c6adca46'}, Router: {'id': 'aedb6a6c-702f-44ee-ab8b-0a5f6ca47e3a', 'name': 'tempest-ServerMetadataTestJSON-403208551-router', 'tenant_id': '863f16c493c84f2faae8fa03c6adca46', 'admin_state_up': True, 'status': 'ACTIVE', 'external_gateway_info': {'network_id': 'd061fa07-0bd2-43a4-9b74-f5c02b1c93f6', 'external_fixed_ips': [{'subnet_id': '70a9bc92-6319-4239-904a-e03ae1478d40', 'ip_address': '10.180.180.213'}], 'enable_snat': True}, 'description': '', 'availability_zones': [], 'distributed': False, 'ha': False, 'availability_zone_hints': [], 'routes': [], 'flavor_id': None, 'tags': [], 'created_at': '2025-11-21T01:19:04Z', 'updated_at': '2025-11-21T01:19:05Z', 'revision_number': 2, 'project_id': '863f16c493c84f2faae8fa03c6adca46'}
2025-11-21 01:19:06.674 65743 INFO tempest.lib.common.rest_client [req-26e2ea3c-45ec-41a0-a38e-bd413403a14b req-26e2ea3c-45ec-41a0-a38e-bd413403a14b ] Request (ServerMetadataTestJSON:setUpClass): 201 POST http://10.180.1.21/identity/v3/auth/tokens 0.082s
2025-11-21 01:19:06.682 65753 INFO tempest.lib.common.rest_client [req-a0630ff3-d265-49b7-a133-d82273b0fd46 req-a0630ff3-d265-49b7-a133-d82273b0fd46 ] Request (HypervisorAdminNegativeUnderV252Test:tearDownClass): 204 DELETE http://10.180.1.21/networking/v2.0/security-groups/e183250c-6169-4664-be6a-b9de66a9ba60 1.062s
2025-11-21 01:19:06.712 65743 INFO tempest.lib.common.rest_client [req-ee40e1c2-9139-46b5-a412-4fc1816c35b5 req-ee40e1c2-9139-46b5-a412-4fc1816c35b5 ] Request (ServerMetadataTestJSON:setUpClass): 201 POST http://10.180.1.21/identity/v3/auth/tokens 0.030s
2025-11-21 01:19:06.712 65743 INFO tempest.lib.common.fixed_network [-] (ServerMetadataTestJSON:setUpClass) Found network {'id': '14ac6f5a-c6ba-41ec-8d45-c1d312ce2e0b', 'name': 'tempest-ServerMetadataTestJSON-403208551-network', 'tenant_id': '863f16c493c84f2faae8fa03c6adca46', 'project_id': '863f16c493c84f2faae8fa03c6adca46', 'admin_state_up': True, 'mtu': 8950, 'status': 'ACTIVE', 'subnets': [], 'shared': False, 'port_security_enabled': True, 'router:external': False, 'provider:network_type': 'vlan', 'provider:physical_network': 'default', 'provider:segmentation_id': 988, 'availability_zone_hints': [], 'availability_zones': [], 'ipv4_address_scope': None, 'ipv6_address_scope': None, 'description': '', 'tags': [], 'created_at': '2025-11-21T01:19:02Z', 'updated_at': '2025-11-21T01:19:02Z', 'revision_number': 1} available for tenant
2025-11-21 01:19:06.777 65763 INFO tempest.lib.common.rest_client [req-1529ac87-a010-411e-abb8-665586af9d49 req-1529ac87-a010-411e-abb8-665586af9d49 ] Request (ServerDiagnosticsNegativeTest:test_get_server_diagnostics_by_non_admin): 200 GET http://10.180.1.21/compute/v2.1/servers/8232d1de-7445-4aa2-98cc-22566655a730 5.807s
2025-11-21 01:19:06.789 65763 INFO tempest.common.waiters [-] State transition "BUILD/None" ==> "BUILD/spawning" after 11 second wait
2025-11-21 01:19:06.809 65753 INFO tempest.lib.common.rest_client [req-d91d085d-51a1-4223-98df-06eac833626a req-d91d085d-51a1-4223-98df-06eac833626a ] Request (HypervisorAdminNegativeUnderV252Test:tearDownClass): 204 DELETE http://10.180.1.21/identity/v3/projects/77a4744e25ba41d1baa8b7c835e0e565 0.126s
2025-11-21 01:19:06.879 65753 INFO tempest.lib.common.rest_client [req-304cedc7-9ee5-4deb-88e0-7fd2bf43417b req-304cedc7-9ee5-4deb-88e0-7fd2bf43417b ] Request (AttachInterfacesUnderV243Test:setUpClass): 201 POST http://10.180.1.21/identity/v3/auth/tokens 0.067s
2025-11-21 01:19:06.884 65765 INFO tempest.lib.common.rest_client [req-94c191b1-59ab-4022-a843-307fb7ad1d4c req-94c191b1-59ab-4022-a843-307fb7ad1d4c ] Request (QuotasAdminTestV236:tearDownClass): 200 GET http://10.180.1.21/networking/v2.0/security-groups?tenant_id=8f8be795ee4943a492c700d20e472a18&name=default 1.090s
2025-11-21 01:19:06.912 65753 INFO tempest.lib.common.rest_client [req-57cd4c37-214a-4e2c-8e3d-2c7102ca1dd9 req-57cd4c37-214a-4e2c-8e3d-2c7102ca1dd9 ] Request (AttachInterfacesUnderV243Test:setUpClass): 201 POST http://10.180.1.21/identity/v3/auth/tokens 0.028s
2025-11-21 01:19:06.914 65733 INFO tempest.lib.common.rest_client [req-c7d5e2c8-8483-43be-9195-0523d0d415a1 req-c7d5e2c8-8483-43be-9195-0523d0d415a1 ] Request (FlavorsAccessNegativeTestJSON:_run_cleanups): 200 POST http://10.180.1.21/compute/v2.1/flavors/1957828158/action 5.547s
2025-11-21 01:19:06.941 65753 INFO tempest.lib.common.rest_client [req-283aa7c8-96c5-4169-b501-63d78e5559a3 req-283aa7c8-96c5-4169-b501-63d78e5559a3 ] Request (AttachInterfacesUnderV243Test:setUpClass): 200 GET http://10.180.1.21/identity/v3/domains?name=Default 0.029s
2025-11-21 01:19:06.941 65767 INFO tempest.lib.common.rest_client [req-77e4647c-43e7-45b5-a1d3-4be34fd71742 req-77e4647c-43e7-45b5-a1d3-4be34fd71742 ] Request (AggregatesAdminNegativeTestJSON:_run_cleanups): 200 DELETE http://10.180.1.21/compute/v2.1/os-aggregates/1 5.190s
2025-11-21 01:19:06.966 65731 INFO tempest.lib.common.rest_client [req-ba16c746-3df8-46f3-894d-70648be2a334 req-ba16c746-3df8-46f3-894d-70648be2a334 ] Request (ServersWithSpecificFlavorTestJSON:test_verify_created_server_ephemeral_disk): 200 POST http://10.180.1.21/compute/v2.1/flavors 5.178s
2025-11-21 01:19:06.977 65753 INFO tempest.lib.common.rest_client [req-5029944b-3f51-44c1-b121-3beb3c4be9d2 req-5029944b-3f51-44c1-b121-3beb3c4be9d2 ] Request (AttachInterfacesUnderV243Test:setUpClass): 201 POST http://10.180.1.21/identity/v3/projects 0.035s
2025-11-21 01:19:07.042 65753 INFO tempest.lib.common.rest_client [req-a1fef21c-bcf1-4443-b7b6-26471121007a req-a1fef21c-bcf1-4443-b7b6-26471121007a ] Request (AttachInterfacesUnderV243Test:setUpClass): 201 POST http://10.180.1.21/identity/v3/users 0.065s
2025-11-21 01:19:07.064 65753 INFO tempest.lib.common.rest_client [req-b8f1a11a-dab7-4a52-8897-a55c271d2e5b req-b8f1a11a-dab7-4a52-8897-a55c271d2e5b ] Request (AttachInterfacesUnderV243Test:setUpClass): 200 GET http://10.180.1.21/identity/v3/roles 0.021s
2025-11-21 01:19:07.092 65753 INFO tempest.lib.common.rest_client [req-4820dc9d-f258-45f5-8c8b-0b3715d65e9d req-4820dc9d-f258-45f5-8c8b-0b3715d65e9d ] Request (AttachInterfacesUnderV243Test:setUpClass): 204 PUT http://10.180.1.21/identity/v3/projects/917df88cc92f45948df5ca88bee13176/users/8a6e33f2d2a24aa292a8961a71e238c1/roles/4cc76b95e32446e9ab06941d7efe7b08 0.026s
2025-11-21 01:19:07.092 65753 INFO tempest.lib.common.dynamic_creds [-] Dynamic test user 8a6e33f2d2a24aa292a8961a71e238c1 is created with scope project and roles: ['member']
2025-11-21 01:19:07.092 65753 INFO tempest.lib.common.dynamic_creds [-] Acquired dynamic creds: credentials: Credentials: {'domain_id': 'default', 'domain_name': 'Default', 'username': 'tempest-AttachInterfacesUnderV243Test-1672495803-project-member', 'project_domain_id': 'default', 'project_domain_name': 'Default', 'project_id': '917df88cc92f45948df5ca88bee13176', 'project_name': 'tempest-AttachInterfacesUnderV243Test-1672495803', 'tenant_id': '917df88cc92f45948df5ca88bee13176', 'tenant_name': 'tempest-AttachInterfacesUnderV243Test-1672495803', 'user_domain_id': 'default', 'user_domain_name': 'Default', 'user_id': '8a6e33f2d2a24aa292a8961a71e238c1', 'system': None}, Network: None, Subnet: None, Router: None
2025-11-21 01:19:07.155 65753 INFO tempest.lib.common.rest_client [req-69d0daba-0b3c-4893-9f5c-3cbec7d9f345 req-69d0daba-0b3c-4893-9f5c-3cbec7d9f345 ] Request (AttachInterfacesUnderV243Test:setUpClass): 201 POST http://10.180.1.21/identity/v3/auth/tokens 0.062s
2025-11-21 01:19:07.319 65741 INFO tempest.lib.common.rest_client [req-033e687f-9399-42d6-906f-f833f6d3f5fd req-033e687f-9399-42d6-906f-f833f6d3f5fd ] Request (FloatingIPsNegativeTestJSON:setUpClass): 201 POST http://10.180.1.21/networking/v2.0/subnets 1.486s
2025-11-21 01:19:07.441 65765 INFO tempest.lib.common.rest_client [req-47469b4c-a1e8-404d-865b-489c63d56fbf req-47469b4c-a1e8-404d-865b-489c63d56fbf ] Request (QuotasAdminTestV236:tearDownClass): 204 DELETE http://10.180.1.21/networking/v2.0/security-groups/a24de524-25de-42b5-ac17-ddcfcde0f295 0.557s
2025-11-21 01:19:07.463 65759 INFO tempest.lib.common.rest_client [req-e74fe6ee-0d88-4fd1-9509-700e8442e4d3 req-e74fe6ee-0d88-4fd1-9509-700e8442e4d3 ] Request (MigrationsAdminTest:test_list_migrations_in_flavor_resize_situation): 200 GET http://10.180.1.21/compute/v2.1/servers/8360416d-f970-43af-8604-4c579fa918c3 5.646s
2025-11-21 01:19:07.474 65759 INFO tempest.common.waiters [-] State transition "BUILD/None" ==> "BUILD/networking" after 7 second wait
2025-11-21 01:19:07.503 65737 INFO tempest.lib.common.rest_client [req-818c2c82-750e-4f75-8e91-65187e91221e req-818c2c82-750e-4f75-8e91-65187e91221e ] Request (FlavorsV255TestJSON:_run_cleanups): 202 DELETE http://10.180.1.21/compute/v2.1/flavors/1020994900 5.684s
2025-11-21 01:19:07.535 65765 INFO tempest.lib.common.rest_client [req-c7e6e398-e403-4b6a-9ba1-e6defdc64756 req-c7e6e398-e403-4b6a-9ba1-e6defdc64756 ] Request (QuotasAdminTestV236:tearDownClass): 204 DELETE http://10.180.1.21/identity/v3/projects/8f8be795ee4943a492c700d20e472a18 0.093s
2025-11-21 01:19:07.550 65781 INFO tempest.lib.common.rest_client [req-2d45f6bf-8ec0-4ae8-a5d9-dea34757287e req-2d45f6bf-8ec0-4ae8-a5d9-dea34757287e ] Request (ListImageFiltersTestJSON:setUpClass): 200 GET http://10.180.1.21/compute/v2.1/images/03642dd3-6465-4d5f-944f-b444d8b06049 5.671s
2025-11-21 01:19:07.593 65783 INFO tempest.lib.common.rest_client [req-3e01d6b4-75b0-4368-9de0-79fb64157860 req-3e01d6b4-75b0-4368-9de0-79fb64157860 ] Request (KeyPairsV22TestJSON:test_keypairs_create_list_delete): 201 POST http://10.180.1.21/compute/v2.1/os-keypairs 5.651s
2025-11-21 01:19:07.598 65765 INFO tempest.lib.common.rest_client [req-3d373e60-a6f0-467d-8d6e-80c410f50c06 req-3d373e60-a6f0-467d-8d6e-80c410f50c06 ] Request (ServersAdminTestJSON:setUpClass): 201 POST http://10.180.1.21/identity/v3/auth/tokens 0.061s
2025-11-21 01:19:07.612 65777 INFO tempest.lib.common.rest_client [req-59eb9cde-bd33-4f14-8488-8239caac78d0 req-59eb9cde-bd33-4f14-8488-8239caac78d0 ] Request (FlavorsAdminTestJSON:_run_cleanups): 202 DELETE http://10.180.1.21/compute/v2.1/flavors/218415411 5.635s
2025-11-21 01:19:07.627 65735 INFO tempest.lib.common.rest_client [req-c7ddccd2-e706-4b3c-99c1-4cd9ad631438 req-c7ddccd2-e706-4b3c-99c1-4cd9ad631438 ] Request (FlavorsAccessTestJSON:test_flavor_access_list_with_private_flavor): 200 GET http://10.180.1.21/compute/v2.1/flavors/2136094949/os-flavor-access 5.640s
2025-11-21 01:19:07.640 65765 INFO tempest.lib.common.rest_client [req-d4ada6ad-313a-417e-90e5-d352f4827291 req-d4ada6ad-313a-417e-90e5-d352f4827291 ] Request (ServersAdminTestJSON:setUpClass): 201 POST http://10.180.1.21/identity/v3/auth/tokens 0.038s
2025-11-21 01:19:07.666 65765 INFO tempest.lib.common.rest_client [req-e54e2419-0133-41dd-bd5a-4af75bbbbf8f req-e54e2419-0133-41dd-bd5a-4af75bbbbf8f ] Request (ServersAdminTestJSON:setUpClass): 200 GET http://10.180.1.21/identity/v3/domains?name=Default 0.025s
2025-11-21 01:19:07.701 65765 INFO tempest.lib.common.rest_client [req-8f56d593-ed2f-4447-b6ea-39612bcb026f req-8f56d593-ed2f-4447-b6ea-39612bcb026f ] Request (ServersAdminTestJSON:setUpClass): 201 POST http://10.180.1.21/identity/v3/projects 0.034s
2025-11-21 01:19:07.771 65765 INFO tempest.lib.common.rest_client [req-a3630763-679c-4829-8b56-a5e9f9df426d req-a3630763-679c-4829-8b56-a5e9f9df426d ] Request (ServersAdminTestJSON:setUpClass): 201 POST http://10.180.1.21/identity/v3/users 0.070s
2025-11-21 01:19:07.798 65765 INFO tempest.lib.common.rest_client [req-30c509f5-f209-45af-b348-54a0df12e59c req-30c509f5-f209-45af-b348-54a0df12e59c ] Request (ServersAdminTestJSON:setUpClass): 200 GET http://10.180.1.21/identity/v3/roles 0.025s
2025-11-21 01:19:07.838 65765 INFO tempest.lib.common.rest_client [req-47937d89-a4df-49e8-8567-9b90fa8a9ce8 req-47937d89-a4df-49e8-8567-9b90fa8a9ce8 ] Request (ServersAdminTestJSON:setUpClass): 204 PUT http://10.180.1.21/identity/v3/projects/8a910846a083489881360eaa7116945e/users/3aae52462f2b4fd6a6ccbd8868a0a8b4/roles/4cc76b95e32446e9ab06941d7efe7b08 0.039s
2025-11-21 01:19:07.838 65765 INFO tempest.lib.common.dynamic_creds [-] Dynamic test user 3aae52462f2b4fd6a6ccbd8868a0a8b4 is created with scope project and roles: ['member']
2025-11-21 01:19:07.838 65765 INFO tempest.lib.common.dynamic_creds [-] Acquired dynamic creds: credentials: Credentials: {'domain_id': 'default', 'domain_name': 'Default', 'username': 'tempest-ServersAdminTestJSON-1857654510-project-member', 'project_domain_id': 'default', 'project_domain_name': 'Default', 'project_id': '8a910846a083489881360eaa7116945e', 'project_name': 'tempest-ServersAdminTestJSON-1857654510', 'tenant_id': '8a910846a083489881360eaa7116945e', 'tenant_name': 'tempest-ServersAdminTestJSON-1857654510', 'user_domain_id': 'default', 'user_domain_name': 'Default', 'user_id': '3aae52462f2b4fd6a6ccbd8868a0a8b4', 'system': None}, Network: None, Subnet: None, Router: None
2025-11-21 01:19:07.841 65773 INFO tempest.lib.common.rest_client [req-249eb950-a08b-427a-930a-03a9441e6651 req-249eb950-a08b-427a-930a-03a9441e6651 ] Request (ImagesMetadataTestJSON:setUp): 200 PUT http://10.180.1.21/compute/v2.1/images/f054505d-aeed-4d2c-8db2-27abaf556bc3/metadata 5.803s
2025-11-21 01:19:07.869 65753 INFO tempest.lib.common.rest_client [req-e499b7ad-4cb7-40bf-b183-619e9708458f req-e499b7ad-4cb7-40bf-b183-619e9708458f ] Request (AttachInterfacesUnderV243Test:setUpClass): 201 POST http://10.180.1.21/networking/v2.0/networks 0.713s
2025-11-21 01:19:07.910 65765 INFO tempest.lib.common.rest_client [req-ed04cd6f-7c3e-49d3-a4a9-7242479ad736 req-ed04cd6f-7c3e-49d3-a4a9-7242479ad736 ] Request (ServersAdminTestJSON:setUpClass): 201 POST http://10.180.1.21/identity/v3/auth/tokens 0.071s
2025-11-21 01:19:07.952 65781 INFO tempest.lib.common.rest_client [req-01ef1d93-b924-4c04-b059-5f189a942ef7 req-01ef1d93-b924-4c04-b059-5f189a942ef7 ] Request (ListImageFiltersTestJSON:setUpClass): 201 POST http://10.180.1.21/image/v2/images 0.395s
2025-11-21 01:19:08.488 65741 INFO tempest.lib.common.rest_client [req-37b4c5a6-8c45-4389-bf8b-5d39bbadb115 req-37b4c5a6-8c45-4389-bf8b-5d39bbadb115 ] Request (FloatingIPsNegativeTestJSON:setUpClass): 201 POST http://10.180.1.21/networking/v2.0/routers 1.169s
2025-11-21 01:19:08.734 65753 INFO tempest.lib.common.rest_client [req-a61934ed-dc24-4555-a7f9-557a65ee6e23 req-a61934ed-dc24-4555-a7f9-557a65ee6e23 ] Request (AttachInterfacesUnderV243Test:setUpClass): 201 POST http://10.180.1.21/networking/v2.0/subnets 0.864s
2025-11-21 01:19:09.065 65765 INFO tempest.lib.common.rest_client [req-725e3a8d-ed7d-4d95-9887-c3af2de6fafe req-725e3a8d-ed7d-4d95-9887-c3af2de6fafe ] Request (ServersAdminTestJSON:setUpClass): 201 POST http://10.180.1.21/networking/v2.0/networks 1.155s
2025-11-21 01:19:09.620 65781 INFO tempest.lib.common.rest_client [req-c6f75ad0-0ebf-4399-9116-747cdf321f2c req-c6f75ad0-0ebf-4399-9116-747cdf321f2c ] Request (ListImageFiltersTestJSON:setUpClass): 204 PUT http://10.180.1.21/image/v2/images/cb1f87eb-d3a1-41f7-9f38-3e0e527bf4d4/file 0.665s
2025-11-21 01:19:09.895 65741 INFO tempest.lib.common.rest_client [req-5899995d-d2f7-4381-8400-c9ea3194d30c req-5899995d-d2f7-4381-8400-c9ea3194d30c ] Request (FloatingIPsNegativeTestJSON:setUpClass): 200 PUT http://10.180.1.21/networking/v2.0/routers/7585f8b2-f500-46b8-aa14-0dd859c5c05d/add_router_interface 1.406s
