2025-11-21 01:19:49.631 65729 INFO tempest.lib.common.rest_client [req-9a2cf0d5-a13d-4614-8f06-815a689a2ba6 req-9a2cf0d5-a13d-4614-8f06-815a689a2ba6 ] Request (SecurityGroupsNegativeTestJSON:tearDownClass): 204 DELETE http://10.180.1.21/identity/v3/projects/01fa43912cb0434199b536c4c359a6ff 0.116s
2025-11-21 01:19:49.642 65758 INFO tempest.lib.common.rest_client [req-3751c3ff-4cf2-4be2-865e-b53b17c53e33 req-3751c3ff-4cf2-4be2-865e-b53b17c53e33 ] Request (SecurityGroupsTestJSON:test_security_group_create_get_delete): 202 DELETE http://10.180.1.21/compute/v2.1/os-security-groups/454000bd-b466-44ad-9e53-24fc9b8378cf 5.421s
2025-11-21 01:19:49.682 65727 INFO tempest.lib.common.rest_client [req-30c91c11-f4ef-4a24-85e9-ec3df5408c74 req-30c91c11-f4ef-4a24-85e9-ec3df5408c74 ] Request (HostsAdminTestJSON:test_list_hosts_with_a_blank_zone): 200 GET http://10.180.1.21/compute/v2.1/os-hosts?zone= 5.405s
2025-11-21 01:19:49.727 65729 INFO tempest.lib.common.rest_client [req-52964453-e2d3-4164-af1c-080e4b83e0d6 req-52964453-e2d3-4164-af1c-080e4b83e0d6 ] Request (InstanceActionsTestJSON:setUpClass): 201 POST http://10.180.1.21/identity/v3/auth/tokens 0.095s
2025-11-21 01:19:49.729 65749 INFO tempest.lib.common.rest_client [req-bae07fb3-7d00-421b-a567-72d036ca2e2c req-bae07fb3-7d00-421b-a567-72d036ca2e2c ] Request (ServersNegativeTestMultiTenantJSON:setUpClass): 204 PUT http://10.180.1.21/identity/v3/projects/220fb0f58a974136b12563e6673eb0b2/users/4542f786cf914bdbb8f57e605f3066ff/roles/4cc76b95e32446e9ab06941d7efe7b08 0.115s
2025-11-21 01:19:49.729 65749 INFO tempest.lib.common.dynamic_creds [-] Dynamic test user 4542f786cf914bdbb8f57e605f3066ff is created with scope project and roles: ['member']
2025-11-21 01:19:49.729 65749 INFO tempest.lib.common.dynamic_creds [-] Acquired dynamic creds: credentials: Credentials: {'domain_id': 'default', 'domain_name': 'Default', 'username': 'tempest-ServersNegativeTestMultiTenantJSON-719163251-project-member', 'project_domain_id': 'default', 'project_domain_name': 'Default', 'project_id': '220fb0f58a974136b12563e6673eb0b2', 'project_name': 'tempest-ServersNegativeTestMultiTenantJSON-719163251', 'tenant_id': '220fb0f58a974136b12563e6673eb0b2', 'tenant_name': 'tempest-ServersNegativeTestMultiTenantJSON-719163251', 'user_domain_id': 'default', 'user_domain_name': 'Default', 'user_id': '4542f786cf914bdbb8f57e605f3066ff', 'system': None}, Network: None, Subnet: None, Router: None
2025-11-21 01:19:49.808 65729 INFO tempest.lib.common.rest_client [req-e4e4eb06-f3f2-434b-b417-1dc16b256200 req-e4e4eb06-f3f2-434b-b417-1dc16b256200 ] Request (InstanceActionsTestJSON:setUpClass): 201 POST http://10.180.1.21/identity/v3/auth/tokens 0.078s
2025-11-21 01:19:49.814 65789 WARNING tempest.lib.common.ssh [-] Failed to establish authenticated ssh connection to cirros@10.180.180.196 ([Errno None] Unable to connect to port 22 on 10.180.180.196). Number attempts: 3. Retry after 4 seconds.: paramiko.ssh_exception.NoValidConnectionsError: [Errno None] Unable to connect to port 22 on 10.180.180.196
2025-11-21 01:19:49.843 65729 INFO tempest.lib.common.rest_client [req-907f2587-e1cb-486e-8b9c-1970832ff39b req-907f2587-e1cb-486e-8b9c-1970832ff39b ] Request (InstanceActionsTestJSON:setUpClass): 200 GET http://10.180.1.21/identity/v3/domains?name=Default 0.034s
2025-11-21 01:19:49.887 65729 INFO tempest.lib.common.rest_client [req-4c6387c9-a678-4cd5-ab65-62bf0b530853 req-4c6387c9-a678-4cd5-ab65-62bf0b530853 ] Request (InstanceActionsTestJSON:setUpClass): 201 POST http://10.180.1.21/identity/v3/projects 0.043s
2025-11-21 01:19:49.983 65729 INFO tempest.lib.common.rest_client [req-022cd53e-16b1-403c-a67d-29ab8d6d80d9 req-022cd53e-16b1-403c-a67d-29ab8d6d80d9 ] Request (InstanceActionsTestJSON:setUpClass): 201 POST http://10.180.1.21/identity/v3/users 0.096s
2025-11-21 01:19:50.009 65729 INFO tempest.lib.common.rest_client [req-25f6a6fa-82eb-43e1-9518-33be2d7470cd req-25f6a6fa-82eb-43e1-9518-33be2d7470cd ] Request (InstanceActionsTestJSON:setUpClass): 200 GET http://10.180.1.21/identity/v3/roles 0.025s
2025-11-21 01:19:50.017 65749 INFO tempest.lib.common.rest_client [req-8dd84fbb-f5f7-4bd9-8f6e-3ef3abb081b0 req-8dd84fbb-f5f7-4bd9-8f6e-3ef3abb081b0 ] Request (ServersNegativeTestMultiTenantJSON:setUpClass): 201 POST http://10.180.1.21/networking/v2.0/networks 0.287s
2025-11-21 01:19:50.053 65729 INFO tempest.lib.common.rest_client [req-12c90e0d-b76a-4a6c-8faf-3c2abbde07ef req-12c90e0d-b76a-4a6c-8faf-3c2abbde07ef ] Request (InstanceActionsTestJSON:setUpClass): 204 PUT http://10.180.1.21/identity/v3/projects/69cae861aae54a078aa9eb658e1367d3/users/52174cb4d1c04cdda6c65e4bc445dfe9/roles/4cc76b95e32446e9ab06941d7efe7b08 0.044s
2025-11-21 01:19:50.054 65729 INFO tempest.lib.common.dynamic_creds [-] Dynamic test user 52174cb4d1c04cdda6c65e4bc445dfe9 is created with scope project and roles: ['member']
2025-11-21 01:19:50.054 65729 INFO tempest.lib.common.dynamic_creds [-] Acquired dynamic creds: credentials: Credentials: {'domain_id': 'default', 'domain_name': 'Default', 'username': 'tempest-InstanceActionsTestJSON-1769376671-project-member', 'project_domain_id': 'default', 'project_domain_name': 'Default', 'project_id': '69cae861aae54a078aa9eb658e1367d3', 'project_name': 'tempest-InstanceActionsTestJSON-1769376671', 'tenant_id': '69cae861aae54a078aa9eb658e1367d3', 'tenant_name': 'tempest-InstanceActionsTestJSON-1769376671', 'user_domain_id': 'default', 'user_domain_name': 'Default', 'user_id': '52174cb4d1c04cdda6c65e4bc445dfe9', 'system': None}, Network: None, Subnet: None, Router: None
2025-11-21 01:19:50.144 65729 INFO tempest.lib.common.rest_client [req-b480d95b-9d51-463e-bdf5-d2b482fff4c8 req-b480d95b-9d51-463e-bdf5-d2b482fff4c8 ] Request (InstanceActionsTestJSON:setUpClass): 201 POST http://10.180.1.21/identity/v3/auth/tokens 0.090s
2025-11-21 01:19:50.225 65787 INFO tempest.lib.common.rest_client [req-381f32c7-eb3b-4a40-b82c-d59e29a4e9e0 req-381f32c7-eb3b-4a40-b82c-d59e29a4e9e0 ] Request (FloatingIPDetailsTestJSON:tearDownClass): 202 DELETE http://10.180.1.21/compute/v2.1/os-floating-ips/6f9ee0f4-5cff-4d43-91e9-32d97f062104 5.937s
2025-11-21 01:19:50.232 65749 INFO tempest.lib.common.rest_client [req-6043b223-391f-4f3e-a1b5-45afa0e52d15 req-6043b223-391f-4f3e-a1b5-45afa0e52d15 ] Request (ServersNegativeTestMultiTenantJSON:setUpClass): 201 POST http://10.180.1.21/networking/v2.0/subnets 0.213s
2025-11-21 01:19:50.247 65745 INFO tempest.lib.common.rest_client [req-194d9c7a-29b3-4bbe-9ea4-7f68753cab39 req-194d9c7a-29b3-4bbe-9ea4-7f68753cab39 ] Request (ImagesDeleteNegativeTestJSON:test_delete_image_non_hex_string_id): 404 DELETE http://10.180.1.21/compute/v2.1/images/15540dd8-bfea-45eb-a9a0-636eb2fdf59j 5.935s
2025-11-21 01:19:50.360 65743 INFO tempest.lib.common.rest_client [req-234ec048-b986-4ba1-a3b0-500cf44812e2 req-234ec048-b986-4ba1-a3b0-500cf44812e2 ] Request (ServerMetadataTestJSON:setUp): 200 PUT http://10.180.1.21/compute/v2.1/servers/ab079163-e5a2-4093-823a-63aee28edb8b/metadata 5.842s
2025-11-21 01:19:50.427 65779 WARNING tempest.lib.common.ssh [-] Failed to establish authenticated ssh connection to cirros@10.180.180.254 ([Errno None] Unable to connect to port 22 on 10.180.180.254). Number attempts: 3. Retry after 4 seconds.: paramiko.ssh_exception.NoValidConnectionsError: [Errno None] Unable to connect to port 22 on 10.180.180.254
2025-11-21 01:19:50.537 65729 INFO tempest.lib.common.rest_client [req-62850d43-57bd-47cf-9318-1309a709b5eb req-62850d43-57bd-47cf-9318-1309a709b5eb ] Request (InstanceActionsTestJSON:setUpClass): 201 POST http://10.180.1.21/networking/v2.0/networks 0.393s
2025-11-21 01:19:50.585 65773 INFO tempest.lib.common.rest_client [req-fb246bfe-851a-4882-977b-82ac8b5b163f req-fb246bfe-851a-4882-977b-82ac8b5b163f ] Request (ImagesMetadataTestJSON:setUp): 200 PUT http://10.180.1.21/compute/v2.1/images/f054505d-aeed-4d2c-8db2-27abaf556bc3/metadata 6.016s
2025-11-21 01:19:50.591 65737 INFO tempest.lib.common.rest_client [req-4f1096c8-e78e-42ef-8eac-727c0804b60e req-4f1096c8-e78e-42ef-8eac-727c0804b60e ] Request (SecurityGroupRulesNegativeTestJSON:test_create_security_group_rule_with_invalid_id): 400 POST http://10.180.1.21/compute/v2.1/os-security-group-rules 5.985s
2025-11-21 01:19:50.608 65733 INFO tempest.lib.common.rest_client [req-e0bfa51a-16dc-4ce6-8d3d-98224fdeec4d req-e0bfa51a-16dc-4ce6-8d3d-98224fdeec4d ] Request (FlavorsAccessNegativeTestJSON:test_flavor_non_admin_remove): 200 POST http://10.180.1.21/compute/v2.1/flavors 5.971s
2025-11-21 01:19:51.055 65787 INFO tempest.lib.common.rest_client [req-531bd206-65b0-407a-b4af-124c536bb14c req-531bd206-65b0-407a-b4af-124c536bb14c ] Request (FloatingIPDetailsTestJSON:tearDownClass): 200 PUT http://10.180.1.21/networking/v2.0/routers/dea6e337-72e7-4142-b89a-e8374a26a0a7/remove_router_interface 0.828s
2025-11-21 01:19:51.232 65729 INFO tempest.lib.common.rest_client [req-d6a3a849-d3ee-43f0-b22c-a5453f6a9338 req-d6a3a849-d3ee-43f0-b22c-a5453f6a9338 ] Request (InstanceActionsTestJSON:setUpClass): 201 POST http://10.180.1.21/networking/v2.0/subnets 0.694s
2025-11-21 01:19:51.305 65749 INFO tempest.lib.common.rest_client [req-bdae1911-112b-4104-a433-4dc379adef3a req-bdae1911-112b-4104-a433-4dc379adef3a ] Request (ServersNegativeTestMultiTenantJSON:setUpClass): 201 POST http://10.180.1.21/networking/v2.0/routers 1.073s
2025-11-21 01:19:51.698 65787 INFO tempest.lib.common.rest_client [req-0d58316c-daa3-4d91-b4f9-6facf0780ca0 req-0d58316c-daa3-4d91-b4f9-6facf0780ca0 ] Request (FloatingIPDetailsTestJSON:tearDownClass): 204 DELETE http://10.180.1.21/networking/v2.0/routers/dea6e337-72e7-4142-b89a-e8374a26a0a7 0.642s
2025-11-21 01:19:51.731 65759 INFO tempest.lib.common.rest_client [req-5bdfb236-d63a-40ab-ac05-cc748b022ff9 req-5bdfb236-d63a-40ab-ac05-cc748b022ff9 ] Request (MigrationsAdminTest:test_list_migrations_in_flavor_resize_situation): 200 GET http://10.180.1.21/compute/v2.1/servers/8360416d-f970-43af-8604-4c579fa918c3 6.982s
2025-11-21 01:19:51.741 65759 INFO tempest.common.waiters [-] State transition "RESIZE/resize_prep" ==> "RESIZE/resize_migrating" after 16 second wait
2025-11-21 01:19:52.206 65729 INFO tempest.lib.common.rest_client [req-8e9a9ec2-8a0c-4a78-b6e5-5589fbcb1b1e req-8e9a9ec2-8a0c-4a78-b6e5-5589fbcb1b1e ] Request (InstanceActionsTestJSON:setUpClass): 201 POST http://10.180.1.21/networking/v2.0/routers 0.973s
2025-11-21 01:19:52.462 65787 INFO tempest.lib.common.rest_client [req-ffbf5e0e-2d38-431d-9510-2a9e4b22db09 req-ffbf5e0e-2d38-431d-9510-2a9e4b22db09 ] Request (FloatingIPDetailsTestJSON:tearDownClass): 204 DELETE http://10.180.1.21/networking/v2.0/subnets/36c7a7d2-bd9d-4f9d-8b95-d87d3544af6c 0.764s
2025-11-21 01:19:52.546 65749 INFO tempest.lib.common.rest_client [req-80c91099-d67f-4f27-9f1c-81c267e5de55 req-80c91099-d67f-4f27-9f1c-81c267e5de55 ] Request (ServersNegativeTestMultiTenantJSON:setUpClass): 200 PUT http://10.180.1.21/networking/v2.0/routers/da1668d1-b30d-44ad-a5af-3674e3146ea7/add_router_interface 1.239s
2025-11-21 01:19:52.546 65749 INFO tempest.lib.common.dynamic_creds [-] Created isolated network resources for: credentials: Credentials: {'domain_id': 'default', 'domain_name': 'Default', 'username': 'tempest-ServersNegativeTestMultiTenantJSON-719163251-project-member', 'project_domain_id': 'default', 'project_domain_name': 'Default', 'project_id': '220fb0f58a974136b12563e6673eb0b2', 'project_name': 'tempest-ServersNegativeTestMultiTenantJSON-719163251', 'tenant_id': '220fb0f58a974136b12563e6673eb0b2', 'tenant_name': 'tempest-ServersNegativeTestMultiTenantJSON-719163251', 'user_domain_id': 'default', 'user_domain_name': 'Default', 'user_id': '4542f786cf914bdbb8f57e605f3066ff', 'system': None}, Network: {'id': 'a8be32b6-093d-40a2-9954-44f03307c8e4', 'name': 'tempest-ServersNegativeTestMultiTenantJSON-2121548345-network', 'tenant_id': '220fb0f58a974136b12563e6673eb0b2', 'project_id': '220fb0f58a974136b12563e6673eb0b2', 'admin_state_up': True, 'mtu': 8950, 'status': 'ACTIVE', 'subnets': [], 'shared': False, 'port_security_enabled': True, 'router:external': False, 'provider:network_type': 'vlan', 'provider:physical_network': 'default', 'provider:segmentation_id': 787, 'availability_zone_hints': [], 'availability_zones': [], 'ipv4_address_scope': None, 'ipv6_address_scope': None, 'description': '', 'tags': [], 'created_at': '2025-11-21T01:19:49Z', 'updated_at': '2025-11-21T01:19:49Z', 'revision_number': 1}, Subnet: {'id': '249c2ab5-c070-49f7-94cd-590d0be1ee56', 'name': 'tempest-ServersNegativeTestMultiTenantJSON-2121548345-subnet', 'tenant_id': '220fb0f58a974136b12563e6673eb0b2', 'network_id': 'a8be32b6-093d-40a2-9954-44f03307c8e4', 'ip_version': 4, 'subnetpool_id': None, 'enable_dhcp': True, 'ipv6_ra_mode': None, 'ipv6_address_mode': None, 'gateway_ip': '192.168.128.1', 'cidr': '192.168.128.0/28', 'allocation_pools': [{'start': '192.168.128.2', 'end': '192.168.128.14'}], 'host_routes': [], 'dns_nameservers': [], 'description': '', 'router:external': False, 'service_types': [], 'tags': [], 'created_at': '2025-11-21T01:19:50Z', 'updated_at': '2025-11-21T01:19:50Z', 'revision_number': 0, 'project_id': '220fb0f58a974136b12563e6673eb0b2'}, Router: {'id': 'da1668d1-b30d-44ad-a5af-3674e3146ea7', 'name': 'tempest-ServersNegativeTestMultiTenantJSON-2121548345-router', 'tenant_id': '220fb0f58a974136b12563e6673eb0b2', 'admin_state_up': True, 'status': 'ACTIVE', 'external_gateway_info': {'network_id': 'd061fa07-0bd2-43a4-9b74-f5c02b1c93f6', 'external_fixed_ips': [{'subnet_id': '70a9bc92-6319-4239-904a-e03ae1478d40', 'ip_address': '10.180.180.181'}], 'enable_snat': True}, 'description': '', 'availability_zones': [], 'distributed': False, 'ha': False, 'availability_zone_hints': [], 'routes': [], 'flavor_id': None, 'tags': [], 'created_at': '2025-11-21T01:19:50Z', 'updated_at': '2025-11-21T01:19:50Z', 'revision_number': 2, 'project_id': '220fb0f58a974136b12563e6673eb0b2'}
2025-11-21 01:19:52.640 65749 INFO tempest.lib.common.rest_client [req-a0f4c8b2-c958-4c41-8a8c-cd31a9ec3393 req-a0f4c8b2-c958-4c41-8a8c-cd31a9ec3393 ] Request (ServersNegativeTestMultiTenantJSON:setUpClass): 201 POST http://10.180.1.21/identity/v3/auth/tokens 0.090s
2025-11-21 01:19:52.704 65749 INFO tempest.lib.common.rest_client [req-af2a6290-adb9-4862-9894-ef222474c1c1 req-af2a6290-adb9-4862-9894-ef222474c1c1 ] Request (ServersNegativeTestMultiTenantJSON:setUpClass): 201 POST http://10.180.1.21/identity/v3/auth/tokens 0.060s
2025-11-21 01:19:52.706 65749 INFO tempest.lib.common.fixed_network [-] (ServersNegativeTestMultiTenantJSON:setUpClass) Found network {'id': '51f0f0fb-aea6-4b38-a4ea-2b03574bf7db', 'name': 'tempest-ServersNegativeTestMultiTenantJSON-773849788-network', 'tenant_id': 'fe2d4cca87464d79adb8b73cc66b1b20', 'project_id': 'fe2d4cca87464d79adb8b73cc66b1b20', 'admin_state_up': True, 'mtu': 8950, 'status': 'ACTIVE', 'subnets': [], 'shared': False, 'port_security_enabled': True, 'router:external': False, 'provider:network_type': 'vlan', 'provider:physical_network': 'default', 'provider:segmentation_id': 977, 'availability_zone_hints': [], 'availability_zones': [], 'ipv4_address_scope': None, 'ipv6_address_scope': None, 'description': '', 'tags': [], 'created_at': '2025-11-21T01:19:46Z', 'updated_at': '2025-11-21T01:19:46Z', 'revision_number': 1} available for tenant
2025-11-21 01:19:52.903 65787 INFO tempest.lib.common.rest_client [req-34111c78-e738-42dc-9c54-0e4e879f6f38 req-34111c78-e738-42dc-9c54-0e4e879f6f38 ] Request (FloatingIPDetailsTestJSON:tearDownClass): 204 DELETE http://10.180.1.21/networking/v2.0/networks/51746b5e-dcc2-4cba-b696-577ef635272c 0.441s
2025-11-21 01:19:52.956 65741 INFO tempest.lib.common.rest_client [req-ba1c5a84-997c-489e-be29-1a98f30342ce req-ba1c5a84-997c-489e-be29-1a98f30342ce ] Request (ImagesNegativeTestJSON:test_create_image_from_deleted_server): 200 GET http://10.180.1.21/compute/v2.1/servers/6a71457d-bdf8-4a21-a1b5-f238f3f6addf 8.146s
2025-11-21 01:19:52.965 65741 INFO tempest.common.waiters [-] State transition "BUILD/None" ==> "BUILD/spawning" after 16 second wait
2025-11-21 01:19:53.020 65787 INFO tempest.lib.common.rest_client [req-13d2110f-e7d6-4b50-987d-5c05757d3d85 req-13d2110f-e7d6-4b50-987d-5c05757d3d85 ] Request (FloatingIPDetailsTestJSON:tearDownClass): 204 DELETE http://10.180.1.21/identity/v3/users/1f55eae95ff84a52bf77fdaf38b72789 0.116s
2025-11-21 01:19:53.020 65787 INFO tempest.lib.common.dynamic_creds [-] Deleting project and security group for project: 83f5d8eae1744a5d9d8996f0c958cbe3
2025-11-21 01:19:53.136 65787 INFO tempest.lib.common.rest_client [req-c17d2a86-b0aa-443d-b72f-ad36a5fd1bc8 req-c17d2a86-b0aa-443d-b72f-ad36a5fd1bc8 ] Request (FloatingIPDetailsTestJSON:tearDownClass): 200 GET http://10.180.1.21/networking/v2.0/security-groups?tenant_id=83f5d8eae1744a5d9d8996f0c958cbe3&name=default 0.116s
2025-11-21 01:19:53.356 65787 INFO tempest.lib.common.rest_client [req-fb802bc1-0ca8-42d0-b9f4-2d6f5a8876e2 req-fb802bc1-0ca8-42d0-b9f4-2d6f5a8876e2 ] Request (FloatingIPDetailsTestJSON:tearDownClass): 204 DELETE http://10.180.1.21/networking/v2.0/security-groups/69b181f4-087e-4766-9339-28a58fc49a74 0.219s
2025-11-21 01:19:53.399 65761 INFO tempest.lib.common.rest_client [req-efff0dd7-203b-4091-be1b-daec8d100077 req-efff0dd7-203b-4091-be1b-daec8d100077 ] Request (ServerDiagnosticsTest:test_get_server_diagnostics): 200 GET http://10.180.1.21/compute/v2.1/servers/6053be91-f075-411e-bb9a-25927d361a45 8.422s
2025-11-21 01:19:53.411 65761 INFO tempest.common.waiters [-] State transition "BUILD/spawning" ==> "ACTIVE/None" after 21 second wait
2025-11-21 01:19:53.426 65729 INFO tempest.lib.common.rest_client [req-ce6d4075-2640-4454-956e-699d9d187610 req-ce6d4075-2640-4454-956e-699d9d187610 ] Request (InstanceActionsTestJSON:setUpClass): 200 PUT http://10.180.1.21/networking/v2.0/routers/c18777ac-1945-470d-b2ef-81f5b521b7f0/add_router_interface 1.220s
2025-11-21 01:19:53.427 65729 INFO tempest.lib.common.dynamic_creds [-] Created isolated network resources for: credentials: Credentials: {'domain_id': 'default', 'domain_name': 'Default', 'username': 'tempest-InstanceActionsTestJSON-1769376671-project-member', 'project_domain_id': 'default', 'project_domain_name': 'Default', 'project_id': '69cae861aae54a078aa9eb658e1367d3', 'project_name': 'tempest-InstanceActionsTestJSON-1769376671', 'tenant_id': '69cae861aae54a078aa9eb658e1367d3', 'tenant_name': 'tempest-InstanceActionsTestJSON-1769376671', 'user_domain_id': 'default', 'user_domain_name': 'Default', 'user_id': '52174cb4d1c04cdda6c65e4bc445dfe9', 'system': None}, Network: {'id': '8c2eac04-c1a3-4a34-b36a-c45a2d9befee', 'name': 'tempest-InstanceActionsTestJSON-1792420290-network', 'tenant_id': '69cae861aae54a078aa9eb658e1367d3', 'project_id': '69cae861aae54a078aa9eb658e1367d3', 'admin_state_up': True, 'mtu': 8950, 'status': 'ACTIVE', 'subnets': [], 'shared': False, 'port_security_enabled': True, 'router:external': False, 'provider:network_type': 'vlan', 'provider:physical_network': 'default', 'provider:segmentation_id': 586, 'availability_zone_hints': [], 'availability_zones': [], 'ipv4_address_scope': None, 'ipv6_address_scope': None, 'description': '', 'tags': [], 'created_at': '2025-11-21T01:19:50Z', 'updated_at': '2025-11-21T01:19:50Z', 'revision_number': 1}, Subnet: {'id': '1c45d308-4d43-400f-960c-b4c82a6e395d', 'name': 'tempest-InstanceActionsTestJSON-1792420290-subnet', 'tenant_id': '69cae861aae54a078aa9eb658e1367d3', 'network_id': '8c2eac04-c1a3-4a34-b36a-c45a2d9befee', 'ip_version': 4, 'subnetpool_id': None, 'enable_dhcp': True, 'ipv6_ra_mode': None, 'ipv6_address_mode': None, 'gateway_ip': '192.168.128.1', 'cidr': '192.168.128.0/28', 'allocation_pools': [{'start': '192.168.128.2', 'end': '192.168.128.14'}], 'host_routes': [], 'dns_nameservers': [], 'description': '', 'router:external': False, 'service_types': [], 'tags': [], 'created_at': '2025-11-21T01:19:51Z', 'updated_at': '2025-11-21T01:19:51Z', 'revision_number': 0, 'project_id': '69cae861aae54a078aa9eb658e1367d3'}, Router: {'id': 'c18777ac-1945-470d-b2ef-81f5b521b7f0', 'name': 'tempest-InstanceActionsTestJSON-1792420290-router', 'tenant_id': '69cae861aae54a078aa9eb658e1367d3', 'admin_state_up': True, 'status': 'ACTIVE', 'external_gateway_info': {'network_id': 'd061fa07-0bd2-43a4-9b74-f5c02b1c93f6', 'external_fixed_ips': [{'subnet_id': '70a9bc92-6319-4239-904a-e03ae1478d40', 'ip_address': '10.180.180.141'}], 'enable_snat': True}, 'description': '', 'availability_zones': [], 'distributed': False, 'ha': False, 'availability_zone_hints': [], 'routes': [], 'flavor_id': None, 'tags': [], 'created_at': '2025-11-21T01:19:51Z', 'updated_at': '2025-11-21T01:19:51Z', 'revision_number': 2, 'project_id': '69cae861aae54a078aa9eb658e1367d3'}
2025-11-21 01:19:53.517 65775 INFO tempest.lib.common.rest_client [req-06886e63-f7b4-4d71-a7c0-4a1b09c895dc req-06886e63-f7b4-4d71-a7c0-4a1b09c895dc ] Request (ServerDiagnosticsV248Test:tearDownClass): 204 DELETE http://10.180.1.21/compute/v2.1/servers/e00e9421-6e85-403d-a3b4-01daa24aef4c 8.334s
2025-11-21 01:19:53.521 65787 INFO tempest.lib.common.rest_client [req-e9e9584c-2273-44e1-bb5b-168e55e7c106 req-e9e9584c-2273-44e1-bb5b-168e55e7c106 ] Request (FloatingIPDetailsTestJSON:tearDownClass): 204 DELETE http://10.180.1.21/identity/v3/projects/83f5d8eae1744a5d9d8996f0c958cbe3 0.164s
2025-11-21 01:19:53.527 65729 INFO tempest.lib.common.rest_client [req-756fabe5-6231-4ed8-bc80-580f9324ad28 req-756fabe5-6231-4ed8-bc80-580f9324ad28 ] Request (InstanceActionsTestJSON:setUpClass): 201 POST http://10.180.1.21/identity/v3/auth/tokens 0.095s
2025-11-21 01:19:53.554 65725 INFO tempest.lib.common.rest_client [req-6fe1c936-ac0e-46c7-be61-50f085c9d82a req-6fe1c936-ac0e-46c7-be61-50f085c9d82a ] Request (SecurityGroupsTestAdminJSON:test_list_security_groups_list_all_tenants_filter): 200 GET http://10.180.1.21/compute/v2.1/os-security-groups?all_tenants=true 10.783s
2025-11-21 01:19:53.609 65729 INFO tempest.lib.common.rest_client [req-32531da8-b771-41f4-83f2-f58a57effd33 req-32531da8-b771-41f4-83f2-f58a57effd33 ] Request (InstanceActionsTestJSON:setUpClass): 201 POST http://10.180.1.21/identity/v3/auth/tokens 0.078s
2025-11-21 01:19:53.610 65729 INFO tempest.lib.common.fixed_network [-] (InstanceActionsTestJSON:setUpClass) Found network {'id': '8c2eac04-c1a3-4a34-b36a-c45a2d9befee', 'name': 'tempest-InstanceActionsTestJSON-1792420290-network', 'tenant_id': '69cae861aae54a078aa9eb658e1367d3', 'project_id': '69cae861aae54a078aa9eb658e1367d3', 'admin_state_up': True, 'mtu': 8950, 'status': 'ACTIVE', 'subnets': [], 'shared': False, 'port_security_enabled': True, 'router:external': False, 'provider:network_type': 'vlan', 'provider:physical_network': 'default', 'provider:segmentation_id': 586, 'availability_zone_hints': [], 'availability_zones': [], 'ipv4_address_scope': None, 'ipv6_address_scope': None, 'description': '', 'tags': [], 'created_at': '2025-11-21T01:19:50Z', 'updated_at': '2025-11-21T01:19:50Z', 'revision_number': 1} available for tenant
2025-11-21 01:19:53.632 65787 INFO tempest.lib.common.rest_client [req-3073d097-8bfe-448a-92dc-50fc31f11ad3 req-3073d097-8bfe-448a-92dc-50fc31f11ad3 ] Request (ImagesOneServerTestJSON:setUpClass): 201 POST http://10.180.1.21/identity/v3/auth/tokens 0.109s
2025-11-21 01:19:53.666 65787 INFO tempest.lib.common.rest_client [req-35c4dfc1-8e6d-4cc7-87bd-3fb89c13be41 req-35c4dfc1-8e6d-4cc7-87bd-3fb89c13be41 ] Request (ImagesOneServerTestJSON:setUpClass): 201 POST http://10.180.1.21/identity/v3/auth/tokens 0.032s
2025-11-21 01:19:53.696 65787 INFO tempest.lib.common.rest_client [req-61b38efc-aa68-4b1c-bc42-4e75afac614b req-61b38efc-aa68-4b1c-bc42-4e75afac614b ] Request (ImagesOneServerTestJSON:setUpClass): 200 GET http://10.180.1.21/identity/v3/domains?name=Default 0.029s
2025-11-21 01:19:53.753 65787 INFO tempest.lib.common.rest_client [req-4ccc9c6f-bd58-4bd7-a990-d4937d5e6544 req-4ccc9c6f-bd58-4bd7-a990-d4937d5e6544 ] Request (ImagesOneServerTestJSON:setUpClass): 201 POST http://10.180.1.21/identity/v3/projects 0.056s
2025-11-21 01:19:53.759 65731 INFO tempest.lib.common.rest_client [req-59482d17-5f89-4116-a0d0-eb12e8aa5e34 req-59482d17-5f89-4116-a0d0-eb12e8aa5e34 ] Request (ServersWithSpecificFlavorTestJSON:test_verify_created_server_ephemeral_disk): 200 GET http://10.180.1.21/compute/v2.1/servers/f97d2288-8cde-4a15-90de-3e8480b75aa3 8.567s
2025-11-21 01:19:53.768 65731 INFO tempest.common.waiters [-] State transition "BUILD/spawning" ==> "ACTIVE/None" after 21 second wait
2025-11-21 01:19:53.776 65767 INFO tempest.lib.common.rest_client [req-94243b4b-c5f4-4389-9c54-eb57b85f8401 req-94243b4b-c5f4-4389-9c54-eb57b85f8401 ] Request (AggregatesAdminNegativeTestJSON:test_aggregate_create_with_existent_aggregate_name): 409 POST http://10.180.1.21/compute/v2.1/os-aggregates 8.185s
2025-11-21 01:19:53.784 65755 INFO tempest.lib.common.rest_client [req-f17073aa-5082-4cde-a244-df5c52973cae req-f17073aa-5082-4cde-a244-df5c52973cae ] Request (QuotasAdminNegativeTest:test_update_quota_normal_user): 403 PUT http://10.180.1.21/compute/v2.1/os-quota-sets/2705e2a36d444c17844c3c8d4fda8b8d 8.019s
2025-11-21 01:19:53.815 65765 INFO tempest.lib.common.rest_client [req-2b9522cb-0400-4ff5-af76-401e9e998e3d req-2b9522cb-0400-4ff5-af76-401e9e998e3d ] Request (ServersAdminTestJSON:setUpClass): 200 GET http://10.180.1.21/compute/v2.1/servers/df11822c-87a9-4a3c-beed-ec91ae27f124 8.320s
2025-11-21 01:19:53.828 65765 INFO tempest.common.waiters [-] State transition "BUILD/spawning" ==> "ACTIVE/None" after 21 second wait
2025-11-21 01:19:53.843 65787 INFO tempest.lib.common.rest_client [req-1352c5ac-cf02-4f50-83f3-b05484d6856a req-1352c5ac-cf02-4f50-83f3-b05484d6856a ] Request (ImagesOneServerTestJSON:setUpClass): 201 POST http://10.180.1.21/identity/v3/users 0.089s
2025-11-21 01:19:53.997 65769 INFO tempest.lib.common.rest_client [req-befbec01-eaa8-4f9f-84a9-b1504a3c09fd req-befbec01-eaa8-4f9f-84a9-b1504a3c09fd ] Request (QuotaClassesAdmin257Test:test_update_default_quotas): 200 GET http://10.180.1.21/compute/v2.1/os-quota-class-sets/default 7.875s
2025-11-21 01:19:53.998 65755 INFO tempest.lib.common.rest_client [req-0663b3c7-799c-44b3-a5ad-be9cf6183c2c req-0663b3c7-799c-44b3-a5ad-be9cf6183c2c ] Request (QuotasAdminNegativeTest:tearDownClass): 204 DELETE http://10.180.1.21/identity/v3/users/05fc5353fa284b85b14fbd007ae4afba 0.210s
2025-11-21 01:19:54.072 65787 INFO tempest.lib.common.rest_client [req-dc490710-e37c-426d-8c29-a8908c71461a req-dc490710-e37c-426d-8c29-a8908c71461a ] Request (ImagesOneServerTestJSON:setUpClass): 200 GET http://10.180.1.21/identity/v3/roles 0.225s
2025-11-21 01:19:54.114 65781 INFO tempest.lib.common.rest_client [req-845a6eb2-8f96-4a91-b2ba-4d9a9e466e3f req-845a6eb2-8f96-4a91-b2ba-4d9a9e466e3f ] Request (ListImageFiltersTestJSON:setUpClass): 200 GET http://10.180.1.21/compute/v2.1/servers/ec71c306-b8f8-46ae-bde4-429e383d491a 7.717s
2025-11-21 01:19:54.126 65787 INFO tempest.lib.common.rest_client [req-d23f50fc-883f-4de8-a7de-75518e4d3d76 req-d23f50fc-883f-4de8-a7de-75518e4d3d76 ] Request (ImagesOneServerTestJSON:setUpClass): 204 PUT http://10.180.1.21/identity/v3/projects/e10a54469be6474681101eef155c1c6a/users/097a9df6e860457493a30c044252fbf5/roles/4cc76b95e32446e9ab06941d7efe7b08 0.053s
2025-11-21 01:19:54.126 65787 INFO tempest.lib.common.dynamic_creds [-] Dynamic test user 097a9df6e860457493a30c044252fbf5 is created with scope project and roles: ['member']
2025-11-21 01:19:54.127 65787 INFO tempest.lib.common.dynamic_creds [-] Acquired dynamic creds: credentials: Credentials: {'domain_id': 'default', 'domain_name': 'Default', 'username': 'tempest-ImagesOneServerTestJSON-181662735-project-member', 'project_domain_id': 'default', 'project_domain_name': 'Default', 'project_id': 'e10a54469be6474681101eef155c1c6a', 'project_name': 'tempest-ImagesOneServerTestJSON-181662735', 'tenant_id': 'e10a54469be6474681101eef155c1c6a', 'tenant_name': 'tempest-ImagesOneServerTestJSON-181662735', 'user_domain_id': 'default', 'user_domain_name': 'Default', 'user_id': '097a9df6e860457493a30c044252fbf5', 'system': None}, Network: None, Subnet: None, Router: None
2025-11-21 01:19:54.128 65781 INFO tempest.common.waiters [-] State transition "BUILD/spawning" ==> "ACTIVE/None" after 21 second wait
2025-11-21 01:19:54.197 65755 INFO tempest.lib.common.rest_client [req-0a7536d4-57cd-420c-a5dc-5bb602cbf126 req-0a7536d4-57cd-420c-a5dc-5bb602cbf126 ] Request (QuotasAdminNegativeTest:tearDownClass): 204 DELETE http://10.180.1.21/identity/v3/users/cdfdec0420a648cc895a5e164ee1cfd8 0.198s
2025-11-21 01:19:54.197 65755 INFO tempest.lib.common.dynamic_creds [-] Deleting project and security group for project: 2705e2a36d444c17844c3c8d4fda8b8d
2025-11-21 01:19:54.198 65787 INFO tempest.lib.common.rest_client [req-621ba226-258c-46dd-a5d7-13de7dcef61f req-621ba226-258c-46dd-a5d7-13de7dcef61f ] Request (ImagesOneServerTestJSON:setUpClass): 201 POST http://10.180.1.21/identity/v3/auth/tokens 0.071s
2025-11-21 01:19:54.228 65753 INFO tempest.lib.common.rest_client [req-712932da-3c6e-468c-86b8-77691b0d152f req-712932da-3c6e-468c-86b8-77691b0d152f ] Request (AttachInterfacesUnderV243Test:test_add_remove_fixed_ip): 200 GET http://10.180.1.21/compute/v2.1/servers/90ec4ac5-6e76-46d6-8caf-0185b1ef4c6a 7.823s
2025-11-21 01:19:54.240 65753 INFO tempest.lib.common.ssh [-] Creating ssh connection to '10.180.180.131:22' as 'cirros' with public key authentication
2025-11-21 01:19:54.252 65739 INFO tempest.lib.common.rest_client [req-68dc53b0-af18-426d-9cce-1e1ec2dfc497 req-68dc53b0-af18-426d-9cce-1e1ec2dfc497 ] Request (FlavorsV2TestJSON:test_list_flavors_detailed_filter_by_min_disk): 200 GET http://10.180.1.21/compute/v2.1/flavors/detail?minDisk=2 7.565s
2025-11-21 01:19:54.271 65755 INFO tempest.lib.common.rest_client [req-1e62c61f-12ad-41a4-b825-bc40a13152e6 req-1e62c61f-12ad-41a4-b825-bc40a13152e6 ] Request (QuotasAdminNegativeTest:tearDownClass): 201 POST http://10.180.1.21/identity/v3/auth/tokens 0.074s
2025-11-21 01:19:54.300 65751 INFO tempest.lib.common.rest_client [req-73c82a14-368b-4e3c-affe-5d495980cff5 req-73c82a14-368b-4e3c-affe-5d495980cff5 ] Request (ServerShowV247Test:test_update_rebuild_list_server): 202 POST http://10.180.1.21/compute/v2.1/servers 7.678s
2025-11-21 01:19:54.317 65783 INFO tempest.lib.common.rest_client [req-92f6db38-1404-4f7a-84ed-919918497fab req-92f6db38-1404-4f7a-84ed-919918497fab ] Request (KeyPairsV22TestJSON:test_keypairsv22_create_list_show_with_type): 200 GET http://10.180.1.21/compute/v2.1/os-keypairs/tempest-keypair-2132961402 6.450s
2025-11-21 01:19:54.320 65789 WARNING tempest.lib.common.ssh [-] Failed to establish authenticated ssh connection to cirros@10.180.180.196 ([Errno None] Unable to connect to port 22 on 10.180.180.196). Number attempts: 4. Retry after 5 seconds.: paramiko.ssh_exception.NoValidConnectionsError: [Errno None] Unable to connect to port 22 on 10.180.180.196
2025-11-21 01:19:54.343 65763 INFO tempest.lib.common.rest_client [req-0f00fd37-e8d8-4ba0-a40f-25e3b351f446 req-0f00fd37-e8d8-4ba0-a40f-25e3b351f446 ] Request (ServerDiagnosticsNegativeTest:tearDownClass): 404 GET http://10.180.1.21/compute/v2.1/servers/8232d1de-7445-4aa2-98cc-22566655a730 6.345s
2025-11-21 01:19:54.367 65747 INFO tempest.lib.common.rest_client [req-251ad28a-ae27-4cd0-9bc1-14ae9db19bb0 req-251ad28a-ae27-4cd0-9bc1-14ae9db19bb0 ] Request (DeleteServersAdminTestJSON:test_admin_delete_servers_of_others): 404 GET http://10.180.1.21/compute/v2.1/servers/8b342ace-ea37-41c1-bd30-3d8af790f2c6 6.073s
2025-11-21 01:19:54.465 65747 INFO tempest.lib.common.rest_client [req-6b5c1941-8aaf-46c5-b54b-57ad146d60d5 req-6b5c1941-8aaf-46c5-b54b-57ad146d60d5 ] Request (DeleteServersAdminTestJSON:test_delete_server_while_in_error_state): 201 POST http://10.180.1.21/identity/v3/auth/tokens 0.088s
2025-11-21 01:19:54.465 65747 INFO tempest.lib.common.fixed_network [-] (DeleteServersAdminTestJSON:test_delete_server_while_in_error_state) Found network None available for tenant
2025-11-21 01:19:54.484 65763 INFO tempest.lib.common.rest_client [req-3a75b3a6-1eee-4711-a5a4-3b311c374c8f req-3a75b3a6-1eee-4711-a5a4-3b311c374c8f ] Request (ServerDiagnosticsNegativeTest:tearDownClass): 204 DELETE http://10.180.1.21/identity/v3/users/356c75a7a17141bf86629d2d2a644bc0 0.140s
2025-11-21 01:19:54.499 65755 INFO tempest.lib.common.rest_client [req-82b8ef60-98f5-4515-a043-4f9193e835ec req-82b8ef60-98f5-4515-a043-4f9193e835ec ] Request (QuotasAdminNegativeTest:tearDownClass): 200 GET http://10.180.1.21/networking/v2.0/security-groups?tenant_id=2705e2a36d444c17844c3c8d4fda8b8d&name=default 0.228s
2025-11-21 01:19:54.506 65785 INFO tempest.lib.common.rest_client [req-03516bbc-d89a-43fc-a49f-e00bae93d13d req-03516bbc-d89a-43fc-a49f-e00bae93d13d ] Request (ServersAdmin275Test:tearDownClass): 204 DELETE http://10.180.1.21/compute/v2.1/servers/4c2486ef-40ad-4d42-b51c-6948f103b627 6.194s
2025-11-21 01:19:54.526 65777 INFO tempest.lib.common.rest_client [req-4ff79068-c611-4808-8c76-4a155b003ba9 req-4ff79068-c611-4808-8c76-4a155b003ba9 ] Request (FlavorsAdminTestJSON:test_create_list_flavor_without_extra_data): 200 POST http://10.180.1.21/compute/v2.1/flavors 6.198s
2025-11-21 01:19:54.534 65735 INFO tempest.lib.common.rest_client [req-9396c16b-c1d5-4a78-aa04-99fda4aaf784 req-9396c16b-c1d5-4a78-aa04-99fda4aaf784 ] Request (TenantUsagesTestJSON:setUpClass): 200 GET http://10.180.1.21/compute/v2.1/servers/3f8c71eb-d397-4c62-bcf0-9bd3a2be4a19 6.853s
2025-11-21 01:19:54.576 65727 INFO tempest.lib.common.rest_client [req-d6f6ad15-f3a4-42a9-b929-3c85dfb7d899 req-d6f6ad15-f3a4-42a9-b929-3c85dfb7d899 ] Request (HostsAdminTestJSON:test_list_hosts_with_nonexistent_zone): 200 GET http://10.180.1.21/compute/v2.1/os-hosts?zone=xxx 4.888s
2025-11-21 01:19:54.592 65745 INFO tempest.lib.common.rest_client [req-d044c0f2-2056-47ec-b6a7-54f38b4ad366 req-d044c0f2-2056-47ec-b6a7-54f38b4ad366 ] Request (ImagesDeleteNegativeTestJSON:test_delete_image_with_id_over_character_limit): 404 DELETE http://10.180.1.21/compute/v2.1/images/7a22e3f8-9cb9-49af-956e-e5d30ddd399d1 4.343s
2025-11-21 01:19:54.599 65787 INFO tempest.lib.common.rest_client [req-aded5e5e-29b6-4d23-a98c-e5c44a9b9188 req-aded5e5e-29b6-4d23-a98c-e5c44a9b9188 ] Request (ImagesOneServerTestJSON:setUpClass): 201 POST http://10.180.1.21/networking/v2.0/networks 0.401s
2025-11-21 01:19:54.612 65758 INFO tempest.lib.common.rest_client [req-af5acfcf-6ed4-461e-82c2-7346cb78cc89 req-af5acfcf-6ed4-461e-82c2-7346cb78cc89 ] Request (SecurityGroupsTestJSON:test_security_group_create_get_delete): 404 GET http://10.180.1.21/compute/v2.1/os-security-groups/454000bd-b466-44ad-9e53-24fc9b8378cf 4.969s
2025-11-21 01:19:54.634 65743 INFO tempest.lib.common.rest_client [req-cee42662-7c33-4781-9241-8ef7186f2038 req-cee42662-7c33-4781-9241-8ef7186f2038 ] Request (ServerMetadataTestJSON:test_get_server_metadata_item): 200 GET http://10.180.1.21/compute/v2.1/servers/ab079163-e5a2-4093-823a-63aee28edb8b/metadata/key2 4.273s
2025-11-21 01:19:54.667 65755 INFO tempest.lib.common.rest_client [req-caabed78-21cc-49d7-80e9-afe592d8a7af req-caabed78-21cc-49d7-80e9-afe592d8a7af ] Request (QuotasAdminNegativeTest:tearDownClass): 204 DELETE http://10.180.1.21/networking/v2.0/security-groups/e70298cf-f087-48eb-928a-da2e0efcb911 0.167s
2025-11-21 01:19:54.769 65737 INFO tempest.lib.common.rest_client [req-5102aa66-a2dc-4a11-8076-7ce9774dbd9b req-5102aa66-a2dc-4a11-8076-7ce9774dbd9b ] Request (SecurityGroupRulesNegativeTestJSON:test_create_security_group_rule_with_invalid_ip_protocol): 200 POST http://10.180.1.21/compute/v2.1/os-security-groups 4.177s
2025-11-21 01:19:54.770 65755 INFO tempest.lib.common.rest_client [req-3f9193f0-5cdf-4774-98ec-01fd72d859a7 req-3f9193f0-5cdf-4774-98ec-01fd72d859a7 ] Request (QuotasAdminNegativeTest:tearDownClass): 204 DELETE http://10.180.1.21/identity/v3/projects/2705e2a36d444c17844c3c8d4fda8b8d 0.103s
2025-11-21 01:19:54.771 65755 INFO tempest.lib.common.dynamic_creds [-] Deleting project and security group for project: e25b59b4ffe24420b8f8875477a1c796
2025-11-21 01:19:54.782 65763 INFO tempest.lib.common.rest_client [req-5207b915-6b51-446f-b1fd-4d49419f40f6 req-5207b915-6b51-446f-b1fd-4d49419f40f6 ] Request (ServerDiagnosticsNegativeTest:tearDownClass): 204 DELETE http://10.180.1.21/identity/v3/users/d7dd3d1f13154f15a62729066879a47e 0.296s
2025-11-21 01:19:54.782 65763 INFO tempest.lib.common.dynamic_creds [-] Deleting project and security group for project: 16bf4ec7395c499ea428e4cfcb3e0365
2025-11-21 01:19:54.856 65787 INFO tempest.lib.common.rest_client [req-b6699b82-ee94-4191-afc3-6832602b4c6b req-b6699b82-ee94-4191-afc3-6832602b4c6b ] Request (ImagesOneServerTestJSON:setUpClass): 201 POST http://10.180.1.21/networking/v2.0/subnets 0.256s
2025-11-21 01:19:54.886 65763 INFO tempest.lib.common.rest_client [req-3862917b-4a3a-4cfa-a16b-02b6096edca1 req-3862917b-4a3a-4cfa-a16b-02b6096edca1 ] Request (ServerDiagnosticsNegativeTest:tearDownClass): 201 POST http://10.180.1.21/identity/v3/auth/tokens 0.103s
2025-11-21 01:19:54.936 65779 WARNING tempest.lib.common.ssh [-] Failed to establish authenticated ssh connection to cirros@10.180.180.254 ([Errno None] Unable to connect to port 22 on 10.180.180.254). Number attempts: 4. Retry after 5 seconds.: paramiko.ssh_exception.NoValidConnectionsError: [Errno None] Unable to connect to port 22 on 10.180.180.254
2025-11-21 01:19:54.944 65773 INFO tempest.lib.common.rest_client [req-f94f3347-23e0-444b-8043-baad2e46612b req-f94f3347-23e0-444b-8043-baad2e46612b ] Request (ImagesMetadataTestJSON:test_update_image_metadata): 200 POST http://10.180.1.21/compute/v2.1/images/f054505d-aeed-4d2c-8db2-27abaf556bc3/metadata 4.358s
2025-11-21 01:19:54.998 65733 INFO tempest.lib.common.rest_client [req-cab3d5e2-a7de-439f-8770-20e53d11f805 req-cab3d5e2-a7de-439f-8770-20e53d11f805 ] Request (FlavorsAccessNegativeTestJSON:test_flavor_non_admin_remove): 200 POST http://10.180.1.21/compute/v2.1/flavors/168239469/action 4.387s
2025-11-21 01:19:55.010 65755 INFO tempest.lib.common.rest_client [req-b50de6e7-c11a-4565-92dd-4a7dfefe8955 req-b50de6e7-c11a-4565-92dd-4a7dfefe8955 ] Request (QuotasAdminNegativeTest:tearDownClass): 200 GET http://10.180.1.21/networking/v2.0/security-groups?tenant_id=e25b59b4ffe24420b8f8875477a1c796&name=default 0.239s
2025-11-21 01:19:55.119 65763 INFO tempest.lib.common.rest_client [req-30de4ae4-f6df-4f69-b09e-7bd7ce9afbeb req-30de4ae4-f6df-4f69-b09e-7bd7ce9afbeb ] Request (ServerDiagnosticsNegativeTest:tearDownClass): 200 GET http://10.180.1.21/networking/v2.0/security-groups?tenant_id=16bf4ec7395c499ea428e4cfcb3e0365&name=default 0.233s
2025-11-21 01:19:55.242 65755 INFO tempest.lib.common.rest_client [req-7b449dc3-7159-47e4-8611-e13414205bb0 req-7b449dc3-7159-47e4-8611-e13414205bb0 ] Request (QuotasAdminNegativeTest:tearDownClass): 204 DELETE http://10.180.1.21/networking/v2.0/security-groups/068972e2-319f-4ccf-b62d-ec71902f95e8 0.229s
2025-11-21 01:19:55.363 65755 INFO tempest.lib.common.rest_client [req-210f99fb-b622-4d0e-bc85-50969be62c05 req-210f99fb-b622-4d0e-bc85-50969be62c05 ] Request (QuotasAdminNegativeTest:tearDownClass): 204 DELETE http://10.180.1.21/identity/v3/projects/e25b59b4ffe24420b8f8875477a1c796 0.121s
2025-11-21 01:19:55.424 65763 INFO tempest.lib.common.rest_client [req-b369e6ee-e67c-4976-af79-f661a802d103 req-b369e6ee-e67c-4976-af79-f661a802d103 ] Request (ServerDiagnosticsNegativeTest:tearDownClass): 204 DELETE http://10.180.1.21/networking/v2.0/security-groups/2380b72e-771a-447f-bf96-4a7738880121 0.304s
2025-11-21 01:19:55.459 65755 INFO tempest.lib.common.rest_client [req-bc670973-107e-45d9-8658-16be1cc236c7 req-bc670973-107e-45d9-8658-16be1cc236c7 ] Request (ServerTagsTestJSON:setUpClass): 201 POST http://10.180.1.21/identity/v3/auth/tokens 0.094s
2025-11-21 01:19:55.497 65755 INFO tempest.lib.common.rest_client [req-1f10fab1-99cc-4157-abc2-e140a6e0286b req-1f10fab1-99cc-4157-abc2-e140a6e0286b ] Request (ServerTagsTestJSON:setUpClass): 201 POST http://10.180.1.21/identity/v3/auth/tokens 0.035s
2025-11-21 01:19:55.532 65755 INFO tempest.lib.common.rest_client [req-3bf0ec9f-9156-4060-b2f2-c039dd788b76 req-3bf0ec9f-9156-4060-b2f2-c039dd788b76 ] Request (ServerTagsTestJSON:setUpClass): 200 GET http://10.180.1.21/identity/v3/domains?name=Default 0.034s
2025-11-21 01:19:55.539 65759 INFO tempest.lib.common.rest_client [req-ad832670-fe6b-4cf1-81e2-2c06632d8e81 req-ad832670-fe6b-4cf1-81e2-2c06632d8e81 ] Request (MigrationsAdminTest:test_list_migrations_in_flavor_resize_situation): 200 GET http://10.180.1.21/compute/v2.1/servers/8360416d-f970-43af-8604-4c579fa918c3 2.797s
2025-11-21 01:19:55.548 65759 INFO tempest.common.waiters [-] State transition "RESIZE/resize_migrating" ==> "RESIZE/resize_migrated" after 20 second wait
2025-11-21 01:19:55.567 65755 INFO tempest.lib.common.rest_client [req-bb9753ff-3ec7-4cf0-9550-bc82f924ad88 req-bb9753ff-3ec7-4cf0-9550-bc82f924ad88 ] Request (ServerTagsTestJSON:setUpClass): 201 POST http://10.180.1.21/identity/v3/projects 0.034s
2025-11-21 01:19:55.725 65787 INFO tempest.lib.common.rest_client [req-b91928ea-bd14-4848-8b62-af948da16978 req-b91928ea-bd14-4848-8b62-af948da16978 ] Request (ImagesOneServerTestJSON:setUpClass): 201 POST http://10.180.1.21/networking/v2.0/routers 0.868s
2025-11-21 01:19:55.746 65763 INFO tempest.lib.common.rest_client [req-52ffedab-3e1a-4b88-a3ba-cd4a5c013344 req-52ffedab-3e1a-4b88-a3ba-cd4a5c013344 ] Request (ServerDiagnosticsNegativeTest:tearDownClass): 204 DELETE http://10.180.1.21/identity/v3/projects/16bf4ec7395c499ea428e4cfcb3e0365 0.321s
2025-11-21 01:19:55.746 65763 INFO tempest.lib.common.dynamic_creds [-] Deleting project and security group for project: fef587a36d444c208aabdce194214bee
2025-11-21 01:19:55.768 65755 INFO tempest.lib.common.rest_client [req-1ee78078-24cf-4ffd-890f-67088d941468 req-1ee78078-24cf-4ffd-890f-67088d941468 ] Request (ServerTagsTestJSON:setUpClass): 201 POST http://10.180.1.21/identity/v3/users 0.201s
2025-11-21 01:19:55.811 65749 INFO tempest.lib.common.rest_client [req-cdd20ea0-2380-47a3-b59e-ffc75e059485 req-cdd20ea0-2380-47a3-b59e-ffc75e059485 ] Request (ServersNegativeTestMultiTenantJSON:setUpClass): 202 POST http://10.180.1.21/compute/v2.1/servers 3.104s
2025-11-21 01:19:55.812 65755 INFO tempest.lib.common.rest_client [req-46dcc737-8c6d-4930-af8a-55ebfc971de8 req-46dcc737-8c6d-4930-af8a-55ebfc971de8 ] Request (ServerTagsTestJSON:setUpClass): 200 GET http://10.180.1.21/identity/v3/roles 0.043s
2025-11-21 01:19:55.852 65755 INFO tempest.lib.common.rest_client [req-4ddf1a9c-2998-472d-94db-c97fbbefd223 req-4ddf1a9c-2998-472d-94db-c97fbbefd223 ] Request (ServerTagsTestJSON:setUpClass): 204 PUT http://10.180.1.21/identity/v3/projects/7282fa756a9943b3a22936045fb1c397/users/1039ac61b9e84d07b8dbf7901c6223be/roles/4cc76b95e32446e9ab06941d7efe7b08 0.040s
2025-11-21 01:19:55.853 65755 INFO tempest.lib.common.dynamic_creds [-] Dynamic test user 1039ac61b9e84d07b8dbf7901c6223be is created with scope project and roles: ['member']
2025-11-21 01:19:55.853 65755 INFO tempest.lib.common.dynamic_creds [-] Acquired dynamic creds: credentials: Credentials: {'domain_id': 'default', 'domain_name': 'Default', 'username': 'tempest-ServerTagsTestJSON-176018867-project-member', 'project_domain_id': 'default', 'project_domain_name': 'Default', 'project_id': '7282fa756a9943b3a22936045fb1c397', 'project_name': 'tempest-ServerTagsTestJSON-176018867', 'tenant_id': '7282fa756a9943b3a22936045fb1c397', 'tenant_name': 'tempest-ServerTagsTestJSON-176018867', 'user_domain_id': 'default', 'user_domain_name': 'Default', 'user_id': '1039ac61b9e84d07b8dbf7901c6223be', 'system': None}, Network: None, Subnet: None, Router: None
2025-11-21 01:19:55.913 65763 INFO tempest.lib.common.rest_client [req-916ce24b-0fbf-42bb-8408-25c4ed42f658 req-916ce24b-0fbf-42bb-8408-25c4ed42f658 ] Request (ServerDiagnosticsNegativeTest:tearDownClass): 200 GET http://10.180.1.21/networking/v2.0/security-groups?tenant_id=fef587a36d444c208aabdce194214bee&name=default 0.167s
2025-11-21 01:19:55.968 65755 INFO tempest.lib.common.rest_client [req-6fb3e6bc-5b28-49ca-8911-1db8bf3b2e1c req-6fb3e6bc-5b28-49ca-8911-1db8bf3b2e1c ] Request (ServerTagsTestJSON:setUpClass): 201 POST http://10.180.1.21/identity/v3/auth/tokens 0.114s
2025-11-21 01:19:55.980 65775 INFO tempest.lib.common.rest_client [req-6651efd5-3965-4211-a911-6c405ff3809f req-6651efd5-3965-4211-a911-6c405ff3809f ] Request (ServerDiagnosticsV248Test:tearDownClass): 200 GET http://10.180.1.21/compute/v2.1/servers/e00e9421-6e85-403d-a3b4-01daa24aef4c 2.462s
2025-11-21 01:19:56.093 65763 INFO tempest.lib.common.rest_client [req-45b62dd8-55a0-497b-9307-242c2f7a0a91 req-45b62dd8-55a0-497b-9307-242c2f7a0a91 ] Request (ServerDiagnosticsNegativeTest:tearDownClass): 204 DELETE http://10.180.1.21/networking/v2.0/security-groups/660c6366-52b4-4c92-bb44-f5bfa9540be1 0.178s
2025-11-21 01:19:56.184 65763 INFO tempest.lib.common.rest_client [req-b7c0fcd8-74b6-42ab-8cc1-fde0a1ca146e req-b7c0fcd8-74b6-42ab-8cc1-fde0a1ca146e ] Request (ServerDiagnosticsNegativeTest:tearDownClass): 204 DELETE http://10.180.1.21/identity/v3/projects/fef587a36d444c208aabdce194214bee 0.090s
2025-11-21 01:19:56.200 65761 INFO tempest.lib.common.rest_client [req-20528fb5-b8a6-4b95-b481-d7ad325e9104 req-20528fb5-b8a6-4b95-b481-d7ad325e9104 ] Request (ServerDiagnosticsTest:test_get_server_diagnostics): 200 GET http://10.180.1.21/compute/v2.1/servers/6053be91-f075-411e-bb9a-25927d361a45/diagnostics 2.789s
2025-11-21 01:19:56.247 65763 INFO tempest.lib.common.rest_client [req-dd318d88-97a4-4d06-a831-190ac15eeaeb req-dd318d88-97a4-4d06-a831-190ac15eeaeb ] Request (ServerExternalEventsTest:setUpClass): 201 POST http://10.180.1.21/identity/v3/auth/tokens 0.061s
2025-11-21 01:19:56.312 65763 INFO tempest.lib.common.rest_client [req-fd6ce623-e5a9-479d-9878-edbc8def8d39 req-fd6ce623-e5a9-479d-9878-edbc8def8d39 ] Request (ServerExternalEventsTest:setUpClass): 201 POST http://10.180.1.21/identity/v3/auth/tokens 0.062s
2025-11-21 01:19:56.346 65763 INFO tempest.lib.common.rest_client [req-fe190446-17dc-4e3b-bfd1-46277c911130 req-fe190446-17dc-4e3b-bfd1-46277c911130 ] Request (ServerExternalEventsTest:setUpClass): 200 GET http://10.180.1.21/identity/v3/domains?name=Default 0.034s
2025-11-21 01:19:56.388 65763 INFO tempest.lib.common.rest_client [req-c888e614-2911-4de6-a3d3-23f90e76b460 req-c888e614-2911-4de6-a3d3-23f90e76b460 ] Request (ServerExternalEventsTest:setUpClass): 201 POST http://10.180.1.21/identity/v3/projects 0.040s
2025-11-21 01:19:56.472 65763 INFO tempest.lib.common.rest_client [req-0dbf0234-bf2b-4122-ad87-146e41f94f34 req-0dbf0234-bf2b-4122-ad87-146e41f94f34 ] Request (ServerExternalEventsTest:setUpClass): 201 POST http://10.180.1.21/identity/v3/users 0.083s
2025-11-21 01:19:56.500 65763 INFO tempest.lib.common.rest_client [req-8affda4b-5f4f-4c57-8c03-693f691a2375 req-8affda4b-5f4f-4c57-8c03-693f691a2375 ] Request (ServerExternalEventsTest:setUpClass): 200 GET http://10.180.1.21/identity/v3/roles 0.027s
2025-11-21 01:19:56.518 65755 INFO tempest.lib.common.rest_client [req-f3a81dfe-d949-40fc-b7f7-13cf2033c901 req-f3a81dfe-d949-40fc-b7f7-13cf2033c901 ] Request (ServerTagsTestJSON:setUpClass): 201 POST http://10.180.1.21/networking/v2.0/networks 0.550s
2025-11-21 01:19:56.533 65763 INFO tempest.lib.common.rest_client [req-be0d4a84-f4bc-42dd-814c-e4f8ed05ae5f req-be0d4a84-f4bc-42dd-814c-e4f8ed05ae5f ] Request (ServerExternalEventsTest:setUpClass): 204 PUT http://10.180.1.21/identity/v3/projects/32ed36c5fcc24ebd9f7cfab708afc85e/users/4fc8c7f45e944529a7accb6934d8c4ba/roles/4cc76b95e32446e9ab06941d7efe7b08 0.033s
2025-11-21 01:19:56.534 65763 INFO tempest.lib.common.dynamic_creds [-] Dynamic test user 4fc8c7f45e944529a7accb6934d8c4ba is created with scope project and roles: ['member']
2025-11-21 01:19:56.534 65763 INFO tempest.lib.common.dynamic_creds [-] Acquired dynamic creds: credentials: Credentials: {'domain_id': 'default', 'domain_name': 'Default', 'username': 'tempest-ServerExternalEventsTest-2122516996-project-member', 'project_domain_id': 'default', 'project_domain_name': 'Default', 'project_id': '32ed36c5fcc24ebd9f7cfab708afc85e', 'project_name': 'tempest-ServerExternalEventsTest-2122516996', 'tenant_id': '32ed36c5fcc24ebd9f7cfab708afc85e', 'tenant_name': 'tempest-ServerExternalEventsTest-2122516996', 'user_domain_id': 'default', 'user_domain_name': 'Default', 'user_id': '4fc8c7f45e944529a7accb6934d8c4ba', 'system': None}, Network: None, Subnet: None, Router: None
2025-11-21 01:19:56.535 65763 INFO tempest.lib.common.dynamic_creds [-] Created isolated network resources for: credentials: Credentials: {'domain_id': 'default', 'domain_name': 'Default', 'username': 'tempest-ServerExternalEventsTest-2122516996-project-member', 'project_domain_id': 'default', 'project_domain_name': 'Default', 'project_id': '32ed36c5fcc24ebd9f7cfab708afc85e', 'project_name': 'tempest-ServerExternalEventsTest-2122516996', 'tenant_id': '32ed36c5fcc24ebd9f7cfab708afc85e', 'tenant_name': 'tempest-ServerExternalEventsTest-2122516996', 'user_domain_id': 'default', 'user_domain_name': 'Default', 'user_id': '4fc8c7f45e944529a7accb6934d8c4ba', 'system': None}, Network: None, Subnet: None, Router: None
2025-11-21 01:19:56.619 65763 INFO tempest.lib.common.rest_client [req-511f11f2-7e52-442b-909c-1bdf2a675a28 req-511f11f2-7e52-442b-909c-1bdf2a675a28 ] Request (ServerExternalEventsTest:setUpClass): 201 POST http://10.180.1.21/identity/v3/auth/tokens 0.080s
2025-11-21 01:19:56.712 65763 INFO tempest.lib.common.rest_client [req-dded8556-8faa-43fe-bb95-0335180a917b req-dded8556-8faa-43fe-bb95-0335180a917b ] Request (ServerExternalEventsTest:setUpClass): 201 POST http://10.180.1.21/identity/v3/projects 0.092s
