2025-11-21 01:20:50.249 65767 INFO tempest.lib.common.rest_client [req-32287ed0-be2d-4a21-9691-c233d7396820 req-32287ed0-be2d-4a21-9691-c233d7396820 ] Request (AggregatesAdminNegativeTestJSON:test_aggregate_remove_nonexistent_host): 200 POST http://10.180.1.21/compute/v2.1/os-aggregates 7.923s
2025-11-21 01:20:50.324 65763 INFO tempest.lib.common.rest_client [req-a4fcced8-ac88-4179-95dd-79678c80d1ce req-a4fcced8-ac88-4179-95dd-79678c80d1ce ] Request (ServerExternalEventsTest:tearDownClass): 200 GET http://10.180.1.21/compute/v2.1/servers/e0909c87-57c2-46d1-b88d-c9aa2f49eb46 7.957s
2025-11-21 01:20:50.388 65737 INFO tempest.lib.common.rest_client [req-2411a5e9-86e3-4ed6-8dd4-01361c80f025 req-2411a5e9-86e3-4ed6-8dd4-01361c80f025 ] Request (ServerShowV254Test:test_rebuild_server): 202 POST http://10.180.1.21/compute/v2.1/servers 8.141s
2025-11-21 01:20:50.468 65783 INFO tempest.lib.common.rest_client [req-0e8f5b81-351d-4e5f-9a23-f5b2b2a53b51 req-0e8f5b81-351d-4e5f-9a23-f5b2b2a53b51 ] Request (ServersTestBootFromVolume:setUpClass): 200 GET http://10.180.1.21/compute/v2.1/servers/fbde322d-329b-4e94-9c82-9d9a8b054b0c 8.063s
2025-11-21 01:20:50.491 65779 INFO tempest.lib.common.rest_client [req-de19da27-f9bd-4d4e-b959-1de47c1734a2 req-de19da27-f9bd-4d4e-b959-1de47c1734a2 ] Request (ServersTestFqdnHostnames:tearDownClass): 202 DELETE http://10.180.1.21/compute/v2.1/os-keypairs/tempest-keypair-434971693 8.055s
2025-11-21 01:20:50.522 65777 INFO tempest.lib.common.rest_client [req-22c1968f-45db-4e1c-b0d2-d2adb3f95862 req-22c1968f-45db-4e1c-b0d2-d2adb3f95862 ] Request (FlavorsAdminTestJSON:test_is_public_string_variations): 200 GET http://10.180.1.21/compute/v2.1/flavors/detail?is_public=true 8.047s
2025-11-21 01:20:50.675 65779 INFO tempest.lib.common.rest_client [req-cec28182-5046-4579-b88f-e751bf9a5029 req-cec28182-5046-4579-b88f-e751bf9a5029 ] Request (ServersTestFqdnHostnames:tearDownClass): 204 DELETE http://10.180.1.21/networking/v2.0/security-groups/0109d178-d310-4d94-9ce8-74560a55bfa3 0.183s
2025-11-21 01:20:50.713 65779 INFO tempest.lib.common.rest_client [req-eb40d99e-c9a7-4605-aa84-eae825e1ef31 req-eb40d99e-c9a7-4605-aa84-eae825e1ef31 ] Request (ServersTestFqdnHostnames:tearDownClass): 404 GET http://10.180.1.21/networking/v2.0/security-groups/0109d178-d310-4d94-9ce8-74560a55bfa3 0.037s
2025-11-21 01:20:50.718 65751 INFO tempest.lib.common.rest_client [req-aedaf6ad-d76a-4637-8965-80fe9e32e335 req-aedaf6ad-d76a-4637-8965-80fe9e32e335 ] Request (ServerShowV247Test:tearDownClass): 200 GET http://10.180.1.21/compute/v2.1/servers/4362b3b5-b8a2-41b6-97de-6115cc348c9d 8.221s
2025-11-21 01:20:50.728 65751 INFO tempest.common.waiters [-] State transition "ACTIVE/deleting" ==> "DELETED/None" after 13 second wait
2025-11-21 01:20:50.801 65749 INFO tempest.lib.common.rest_client [req-b93b1cc5-e7fa-4187-a14e-f79b04cd8dfa req-b93b1cc5-e7fa-4187-a14e-f79b04cd8dfa ] Request (ServersNegativeTestMultiTenantJSON:tearDownClass): 200 GET http://10.180.1.21/compute/v2.1/servers/a4797072-1295-498e-9c4c-d63a35a6b4da 8.295s
2025-11-21 01:20:50.874 65731 INFO tempest.lib.common.rest_client [req-f610da7a-8a47-446d-a0ff-671c2f06dcfa req-f610da7a-8a47-446d-a0ff-671c2f06dcfa ] Request (ServersWithSpecificFlavorTestJSON:test_verify_created_server_ephemeral_disk): 202 POST http://10.180.1.21/compute/v2.1/servers 8.489s
2025-11-21 01:20:50.904 65741 INFO tempest.lib.common.rest_client [req-e7819b33-7d08-4b62-a115-6d49d09f510a req-e7819b33-7d08-4b62-a115-6d49d09f510a ] Request (ImagesNegativeTestJSON:tearDownClass): 404 GET http://10.180.1.21/compute/v2.1/servers/6a71457d-bdf8-4a21-a1b5-f238f3f6addf 8.189s
2025-11-21 01:20:50.979 65775 INFO tempest.lib.common.rest_client [req-095ee6e2-fbac-4242-8931-0edd6b9a8f64 req-095ee6e2-fbac-4242-8931-0edd6b9a8f64 ] Request (SecurityGroupRulesTestJSON:test_security_group_rules_delete_when_peer_group_deleted): 202 DELETE http://10.180.1.21/compute/v2.1/os-security-groups/a2f67275-4b01-49f6-a43a-be08b2b9c717 8.290s
2025-11-21 01:20:51.018 65779 INFO tempest.lib.common.rest_client [req-732d0bfa-78a6-4d6e-833c-d14755189907 req-732d0bfa-78a6-4d6e-833c-d14755189907 ] Request (ServersTestFqdnHostnames:tearDownClass): 204 DELETE http://10.180.1.21/networking/v2.0/floatingips/62fa5983-abc2-4b35-96f8-85f5ea524ac9 0.305s
2025-11-21 01:20:51.047 65743 INFO tempest.lib.common.rest_client [req-f2cea093-9a7c-4bb3-b7ed-400e9e2d5bd6 req-f2cea093-9a7c-4bb3-b7ed-400e9e2d5bd6 ] Request (ServerMetadataTestJSON:tearDownClass): 200 GET http://10.180.1.21/compute/v2.1/servers/ab079163-e5a2-4093-823a-63aee28edb8b 8.215s
2025-11-21 01:20:51.089 65729 INFO tempest.lib.common.rest_client [req-b586d3c9-8316-4225-9d51-0274ab9f8e01 req-b586d3c9-8316-4225-9d51-0274ab9f8e01 ] Request (InstanceActionsTestJSON:tearDownClass): 204 DELETE http://10.180.1.21/compute/v2.1/servers/927f7613-159b-463d-838b-1a47af4c8723 8.069s
2025-11-21 01:20:51.095 65773 INFO tempest.lib.common.rest_client [req-f1a25c3f-5555-43a9-a111-4cfdf86382c6 req-f1a25c3f-5555-43a9-a111-4cfdf86382c6 ] Request (ServerPasswordTestJSON:test_delete_server_password): 204 DELETE http://10.180.1.21/compute/v2.1/servers/515d997b-c145-4fac-a0eb-8acf57acace6/os-server-password 7.885s
2025-11-21 01:20:51.151 65753 INFO tempest.lib.common.rest_client [req-979959cd-8e9c-4c91-8254-adcbaad5770a req-979959cd-8e9c-4c91-8254-adcbaad5770a ] Request (AttachInterfacesUnderV243Test:test_add_remove_fixed_ip): 202 POST http://10.180.1.21/compute/v2.1/servers/90ec4ac5-6e76-46d6-8caf-0185b1ef4c6a/action 7.479s
2025-11-21 01:20:51.767 65779 INFO tempest.lib.common.rest_client [req-9abd459c-efac-4672-b7a8-6118ac75f240 req-9abd459c-efac-4672-b7a8-6118ac75f240 ] Request (ServersTestFqdnHostnames:tearDownClass): 200 PUT http://10.180.1.21/networking/v2.0/routers/a3e33ba9-cde7-4564-9d47-c4ec4861c274/remove_router_interface 0.748s
2025-11-21 01:20:51.768 65741 INFO tempest.lib.common.rest_client [req-4fe5a3ed-c31c-41d3-87bd-3720ea3a788b req-4fe5a3ed-c31c-41d3-87bd-3720ea3a788b ] Request (ImagesNegativeTestJSON:tearDownClass): 200 PUT http://10.180.1.21/networking/v2.0/routers/73e5c982-5686-4e91-a84d-8ddf0d1db2c7/remove_router_interface 0.863s
2025-11-21 01:20:51.790 65769 INFO tempest.lib.common.rest_client [req-55af6eb4-6bc8-450a-8258-71ff173f58d4 req-55af6eb4-6bc8-450a-8258-71ff173f58d4 ] Request (MultipleCreateTestJSON:test_multiple_create): 200 GET http://10.180.1.21/compute/v2.1/servers/5247d5c1-139b-454e-b90d-59326f1c0a64 8.354s
2025-11-21 01:20:51.808 65747 INFO tempest.lib.common.rest_client [req-f91f9e26-f03f-4814-9433-1705f9637c69 req-f91f9e26-f03f-4814-9433-1705f9637c69 ] Request (DeleteServersAdminTestJSON:test_delete_server_while_in_error_state): 200 GET http://10.180.1.21/compute/v2.1/servers/d2a080dd-c228-4b6d-9ce4-0f22571e5631 7.888s
2025-11-21 01:20:51.852 65733 INFO tempest.lib.common.rest_client [req-cbee0b6a-9bbc-4205-be3e-9ed078bd29e1 req-cbee0b6a-9bbc-4205-be3e-9ed078bd29e1 ] Request (QuotasAdminTestJSON:test_get_updated_quotas): 200 GET http://10.180.1.21/compute/v2.1/os-quota-sets/9d268811679c4c4eb8ac2c5e29189cde/detail 7.890s
2025-11-21 01:20:51.870 65759 INFO tempest.lib.common.rest_client [req-d783e15a-178e-4038-94b5-7312a0a92661 req-d783e15a-178e-4038-94b5-7312a0a92661 ] Request (MigrationsAdminTest:test_resize_server_revert_deleted_flavor): 200 GET http://10.180.1.21/compute/v2.1/flavors/42 7.688s
2025-11-21 01:20:51.882 65755 INFO tempest.lib.common.rest_client [req-a790a8a4-b846-4fde-b4ff-d490fbf446fb req-a790a8a4-b846-4fde-b4ff-d490fbf446fb ] Request (ServerTagsTestJSON:test_create_delete_tag): 201 PUT http://10.180.1.21/compute/v2.1/servers/bf23d6a6-4c4d-41d4-82d9-c65a361310d7/tags/tempest-tag-224169600 7.896s
2025-11-21 01:20:51.895 65733 INFO tempest.lib.common.rest_client [req-5e2c59ab-c679-4263-b8b3-dce1fbbca26e req-5e2c59ab-c679-4263-b8b3-dce1fbbca26e ] Request (QuotasAdminTestJSON:test_get_updated_quotas): 200 GET http://10.180.1.21/identity/v3/domains?name=Default 0.035s
2025-11-21 01:20:51.948 65733 INFO tempest.lib.common.rest_client [req-7692fdf6-9c66-4200-8189-9985b09de30f req-7692fdf6-9c66-4200-8189-9985b09de30f ] Request (QuotasAdminTestJSON:test_get_updated_quotas): 201 POST http://10.180.1.21/identity/v3/users 0.052s
2025-11-21 01:20:51.973 65733 INFO tempest.lib.common.rest_client [req-613e8161-d3ed-428f-a316-2de579485632 req-613e8161-d3ed-428f-a316-2de579485632 ] Request (QuotasAdminTestJSON:test_get_updated_quotas): 200 GET http://10.180.1.21/identity/v3/domains?name=Default 0.024s
2025-11-21 01:20:52.357 65741 INFO tempest.lib.common.rest_client [req-97295591-6ec1-4d43-9f4c-6d419384db88 req-97295591-6ec1-4d43-9f4c-6d419384db88 ] Request (ImagesNegativeTestJSON:tearDownClass): 204 DELETE http://10.180.1.21/networking/v2.0/routers/73e5c982-5686-4e91-a84d-8ddf0d1db2c7 0.588s
2025-11-21 01:20:52.367 65779 INFO tempest.lib.common.rest_client [req-c9bba73b-1491-488b-8eb3-61e148b8cdcb req-c9bba73b-1491-488b-8eb3-61e148b8cdcb ] Request (ServersTestFqdnHostnames:tearDownClass): 204 DELETE http://10.180.1.21/networking/v2.0/routers/a3e33ba9-cde7-4564-9d47-c4ec4861c274 0.599s
2025-11-21 01:20:52.437 65725 INFO tempest.lib.common.rest_client [req-a3ed7648-5c7f-477a-a9df-82dafeae3ca8 req-a3ed7648-5c7f-477a-a9df-82dafeae3ca8 ] Request (ServersV294TestFqdnHostnames:setUpClass): 200 GET http://10.180.1.21/compute/v2.1/servers/8a59c197-0c0e-4ffe-ba69-286f40a63bde 7.989s
2025-11-21 01:20:52.447 65725 INFO tempest.common.waiters [-] State transition "BUILD/None" ==> "BUILD/block_device_mapping" after 19 second wait
2025-11-21 01:20:52.573 65741 INFO tempest.lib.common.rest_client [req-2de60fcc-cb5c-4074-bea7-a32a8d46388c req-2de60fcc-cb5c-4074-bea7-a32a8d46388c ] Request (ImagesNegativeTestJSON:tearDownClass): 204 DELETE http://10.180.1.21/networking/v2.0/subnets/ea64372f-cdcc-40f4-86a0-e6850336606e 0.216s
2025-11-21 01:20:52.710 65779 INFO tempest.lib.common.rest_client [req-20855a9e-acfe-41ca-a00c-8ed021e4f165 req-20855a9e-acfe-41ca-a00c-8ed021e4f165 ] Request (ServersTestFqdnHostnames:tearDownClass): 204 DELETE http://10.180.1.21/networking/v2.0/subnets/e8d2acbc-57de-4b39-aa1e-96cd50d17d16 0.343s
2025-11-21 01:20:52.793 65785 INFO tempest.lib.common.rest_client [req-c7cae3eb-843d-45ad-b855-44dfcaceef94 req-c7cae3eb-843d-45ad-b855-44dfcaceef94 ] Request (InstanceActionsV221TestJSON:test_get_list_deleted_instance_actions): 200 GET http://10.180.1.21/compute/v2.1/servers/2887e014-c650-4c3a-b7de-63da39e4eaa6 8.418s
2025-11-21 01:20:52.802 65761 INFO tempest.lib.common.rest_client [req-f9def2c7-4992-43e0-9d3f-8d6b19cda1c8 req-f9def2c7-4992-43e0-9d3f-8d6b19cda1c8 ] Request (ServersAdminNegativeTestJSON:setUpClass): 200 GET http://10.180.1.21/compute/v2.1/servers/a20ce27a-1fac-48cc-b1cb-2e9efd9eab07 8.081s
2025-11-21 01:20:52.802 65785 INFO tempest.common.waiters [-] State transition "BUILD/spawning" ==> "ACTIVE/None" after 27 second wait
2025-11-21 01:20:52.878 65789 INFO tempest.lib.common.rest_client [req-d9bdb8b8-1c2b-4ed6-90cb-1a28f523de44 req-d9bdb8b8-1c2b-4ed6-90cb-1a28f523de44 ] Request (VolumesAssistedSnapshotsTest:tearDownClass): 204 DELETE http://10.180.1.21/compute/v2.1/servers/d63a5d30-f395-4e47-81d9-fd274a9e63d9 8.041s
2025-11-21 01:20:53.121 65741 INFO tempest.lib.common.rest_client [req-4044b6bb-7103-44dd-8e24-fbeebc44d23c req-4044b6bb-7103-44dd-8e24-fbeebc44d23c ] Request (ImagesNegativeTestJSON:tearDownClass): 204 DELETE http://10.180.1.21/networking/v2.0/networks/32f6dee6-30e7-4078-9223-3abddfee8da6 0.548s
2025-11-21 01:20:53.197 65741 INFO tempest.lib.common.rest_client [req-68db903b-7459-4c4e-ae83-8694ed23b7b4 req-68db903b-7459-4c4e-ae83-8694ed23b7b4 ] Request (ImagesNegativeTestJSON:tearDownClass): 204 DELETE http://10.180.1.21/identity/v3/users/3089dd43c14947f38d454354fe30ab16 0.075s
2025-11-21 01:20:53.198 65741 INFO tempest.lib.common.dynamic_creds [-] Deleting project and security group for project: 95bbe8fdb9644314848544dc6e22013a
2025-11-21 01:20:53.239 65765 INFO tempest.lib.common.rest_client [req-faaa04e4-5f4a-4b5b-886c-bd321bb521a7 req-faaa04e4-5f4a-4b5b-886c-bd321bb521a7 ] Request (ServersAdminTestJSON:test_inject_network_info): 200 GET http://10.180.1.21/compute/v2.1/servers/db7ed1ae-1e83-4e6a-a326-8083ab656493 8.158s
2025-11-21 01:20:53.269 65735 INFO tempest.lib.common.rest_client [req-917a1642-e5c1-46c8-812e-13ca82f040ee req-917a1642-e5c1-46c8-812e-13ca82f040ee ] Request (TenantUsagesTestJSON:tearDownClass): 404 GET http://10.180.1.21/compute/v2.1/servers/3f8c71eb-d397-4c62-bcf0-9bd3a2be4a19 8.111s
2025-11-21 01:20:53.336 65779 INFO tempest.lib.common.rest_client [req-83d3c62f-32a0-436d-a660-8d62e795df04 req-83d3c62f-32a0-436d-a660-8d62e795df04 ] Request (ServersTestFqdnHostnames:tearDownClass): 204 DELETE http://10.180.1.21/networking/v2.0/networks/bf09c91a-c07d-4b10-8453-644312c09fa7 0.625s
2025-11-21 01:20:53.346 65787 INFO tempest.lib.common.rest_client [req-337d932e-9510-4a42-9fe4-3b8bb57b32f0 req-337d932e-9510-4a42-9fe4-3b8bb57b32f0 ] Request (ImagesOneServerTestJSON:test_create_delete_image): 200 GET http://10.180.1.21/compute/v2.1/images/5ed59613-6e0b-4f13-a7f9-16ac5c02e5b6 3.260s
2025-11-21 01:20:53.372 65767 INFO tempest.lib.common.rest_client [req-e79f1809-6087-469c-b8c9-a365c73256f0 req-e79f1809-6087-469c-b8c9-a365c73256f0 ] Request (AggregatesAdminNegativeTestJSON:test_aggregate_remove_nonexistent_host): 404 POST http://10.180.1.21/compute/v2.1/os-aggregates/8/action 3.121s
2025-11-21 01:20:53.383 65735 INFO tempest.lib.common.rest_client [req-c191cc47-3209-41e0-aec0-1e910ad705a8 req-c191cc47-3209-41e0-aec0-1e910ad705a8 ] Request (TenantUsagesTestJSON:tearDownClass): 204 DELETE http://10.180.1.21/identity/v3/users/e38bf7289a92456abad7b63ad1cf26e3 0.112s
2025-11-21 01:20:53.416 65779 INFO tempest.lib.common.rest_client [req-817cf3a9-321e-4e53-b56f-174626b9c400 req-817cf3a9-321e-4e53-b56f-174626b9c400 ] Request (ServersTestFqdnHostnames:tearDownClass): 204 DELETE http://10.180.1.21/identity/v3/users/51058a57da8b48ae83dee4075ae7f80d 0.080s
2025-11-21 01:20:53.417 65779 INFO tempest.lib.common.dynamic_creds [-] Deleting project and security group for project: fb46bb10347843ceaad215e3a1d1aa3a
2025-11-21 01:20:53.460 65741 INFO tempest.lib.common.rest_client [req-cc824e99-6c30-4ddf-a8c4-a509c7e1ea90 req-cc824e99-6c30-4ddf-a8c4-a509c7e1ea90 ] Request (ImagesNegativeTestJSON:tearDownClass): 200 GET http://10.180.1.21/networking/v2.0/security-groups?tenant_id=95bbe8fdb9644314848544dc6e22013a&name=default 0.262s
2025-11-21 01:20:53.536 65735 INFO tempest.lib.common.rest_client [req-c9ec4277-2177-4590-a422-71ea24daddbf req-c9ec4277-2177-4590-a422-71ea24daddbf ] Request (TenantUsagesTestJSON:tearDownClass): 204 DELETE http://10.180.1.21/identity/v3/users/23e96feb159247c1b558da08bad2a667 0.152s
2025-11-21 01:20:53.536 65735 INFO tempest.lib.common.dynamic_creds [-] Deleting project and security group for project: d1784335a41f4f05aba188c1a1c4f6c8
2025-11-21 01:20:53.598 65735 INFO tempest.lib.common.rest_client [req-ab1a1a90-02f6-4f50-9fcb-abdaf02878bb req-ab1a1a90-02f6-4f50-9fcb-abdaf02878bb ] Request (TenantUsagesTestJSON:tearDownClass): 201 POST http://10.180.1.21/identity/v3/auth/tokens 0.061s
2025-11-21 01:20:54.020 65737 INFO tempest.lib.common.rest_client [req-f893c8aa-ecc0-4bf0-a9cc-9158d0b33b07 req-f893c8aa-ecc0-4bf0-a9cc-9158d0b33b07 ] Request (ServerShowV254Test:test_rebuild_server): 200 GET http://10.180.1.21/compute/v2.1/servers/b2da4a59-a4dc-4620-b228-bd3b12587162 3.630s
2025-11-21 01:20:54.036 65779 INFO tempest.lib.common.rest_client [req-bdf0d6ec-0752-42bb-8ffe-270144848aa9 req-bdf0d6ec-0752-42bb-8ffe-270144848aa9 ] Request (ServersTestFqdnHostnames:tearDownClass): 200 GET http://10.180.1.21/networking/v2.0/security-groups?tenant_id=fb46bb10347843ceaad215e3a1d1aa3a&name=default 0.619s
2025-11-21 01:20:54.048 65777 INFO tempest.lib.common.rest_client [req-8ced1a63-911d-435a-95d5-f833fb304ceb req-8ced1a63-911d-435a-95d5-f833fb304ceb ] Request (FlavorsAdminTestJSON:test_is_public_string_variations): 200 GET http://10.180.1.21/compute/v2.1/flavors/detail?is_public=yes 3.518s
2025-11-21 01:20:54.170 65741 INFO tempest.lib.common.rest_client [req-9ae667a6-9a34-41fc-ad92-24b914b94f7d req-9ae667a6-9a34-41fc-ad92-24b914b94f7d ] Request (ImagesNegativeTestJSON:tearDownClass): 204 DELETE http://10.180.1.21/networking/v2.0/security-groups/0e6956fc-e986-4223-b0b3-c4fabc7eb8cf 0.709s
2025-11-21 01:20:54.253 65741 INFO tempest.lib.common.rest_client [req-a2e937c0-210e-4559-aa2b-0e557c3342c2 req-a2e937c0-210e-4559-aa2b-0e557c3342c2 ] Request (ImagesNegativeTestJSON:tearDownClass): 204 DELETE http://10.180.1.21/identity/v3/projects/95bbe8fdb9644314848544dc6e22013a 0.083s
2025-11-21 01:20:54.322 65741 INFO tempest.lib.common.rest_client [req-d80d93d9-5f5c-4c1e-ba9a-0479243159d4 req-d80d93d9-5f5c-4c1e-ba9a-0479243159d4 ] Request (DeleteServersTestJSON:setUpClass): 201 POST http://10.180.1.21/identity/v3/auth/tokens 0.067s
2025-11-21 01:20:54.337 65735 INFO tempest.lib.common.rest_client [req-efcf011d-4b1c-4533-bda2-eeaf9332f5d8 req-efcf011d-4b1c-4533-bda2-eeaf9332f5d8 ] Request (TenantUsagesTestJSON:tearDownClass): 200 GET http://10.180.1.21/networking/v2.0/security-groups?tenant_id=d1784335a41f4f05aba188c1a1c4f6c8&name=default 0.738s
2025-11-21 01:20:54.352 65741 INFO tempest.lib.common.rest_client [req-e1fd14b3-4de3-4889-8532-fc261743c5a4 req-e1fd14b3-4de3-4889-8532-fc261743c5a4 ] Request (DeleteServersTestJSON:setUpClass): 201 POST http://10.180.1.21/identity/v3/auth/tokens 0.028s
2025-11-21 01:20:54.376 65741 INFO tempest.lib.common.rest_client [req-eb414067-e623-468b-b55e-ed4a1a12dcbf req-eb414067-e623-468b-b55e-ed4a1a12dcbf ] Request (DeleteServersTestJSON:setUpClass): 200 GET http://10.180.1.21/identity/v3/domains?name=Default 0.023s
2025-11-21 01:20:54.403 65741 INFO tempest.lib.common.rest_client [req-820ec328-e2e6-4285-b8a5-c1532bdbe917 req-820ec328-e2e6-4285-b8a5-c1532bdbe917 ] Request (DeleteServersTestJSON:setUpClass): 201 POST http://10.180.1.21/identity/v3/projects 0.027s
2025-11-21 01:20:54.463 65741 INFO tempest.lib.common.rest_client [req-a822bf33-0cc9-4dcb-a53b-d80ee64009a3 req-a822bf33-0cc9-4dcb-a53b-d80ee64009a3 ] Request (DeleteServersTestJSON:setUpClass): 201 POST http://10.180.1.21/identity/v3/users 0.059s
2025-11-21 01:20:54.484 65741 INFO tempest.lib.common.rest_client [req-21f71713-4811-4727-a526-741b3ce5de6f req-21f71713-4811-4727-a526-741b3ce5de6f ] Request (DeleteServersTestJSON:setUpClass): 200 GET http://10.180.1.21/identity/v3/roles 0.020s
2025-11-21 01:20:54.511 65741 INFO tempest.lib.common.rest_client [req-e22f3526-f21b-434a-97b8-05ba9b5f427a req-e22f3526-f21b-434a-97b8-05ba9b5f427a ] Request (DeleteServersTestJSON:setUpClass): 204 PUT http://10.180.1.21/identity/v3/projects/75a10a7b36224922921b37e6045a245a/users/66ae3bc40ea5436c8640961a14cc90d1/roles/4cc76b95e32446e9ab06941d7efe7b08 0.026s
2025-11-21 01:20:54.511 65741 INFO tempest.lib.common.dynamic_creds [-] Dynamic test user 66ae3bc40ea5436c8640961a14cc90d1 is created with scope project and roles: ['member']
2025-11-21 01:20:54.511 65741 INFO tempest.lib.common.dynamic_creds [-] Acquired dynamic creds: credentials: Credentials: {'domain_id': 'default', 'domain_name': 'Default', 'username': 'tempest-DeleteServersTestJSON-1709167294-project-member', 'project_domain_id': 'default', 'project_domain_name': 'Default', 'project_id': '75a10a7b36224922921b37e6045a245a', 'project_name': 'tempest-DeleteServersTestJSON-1709167294', 'tenant_id': '75a10a7b36224922921b37e6045a245a', 'tenant_name': 'tempest-DeleteServersTestJSON-1709167294', 'user_domain_id': 'default', 'user_domain_name': 'Default', 'user_id': '66ae3bc40ea5436c8640961a14cc90d1', 'system': None}, Network: None, Subnet: None, Router: None
2025-11-21 01:20:54.568 65741 INFO tempest.lib.common.rest_client [req-6cb0e9a6-ddbf-408b-aea3-6bc3ebf019b5 req-6cb0e9a6-ddbf-408b-aea3-6bc3ebf019b5 ] Request (DeleteServersTestJSON:setUpClass): 201 POST http://10.180.1.21/identity/v3/auth/tokens 0.056s
2025-11-21 01:20:54.758 65779 INFO tempest.lib.common.rest_client [req-4240c67a-dbef-4a6d-b2d1-2293a5c4d51d req-4240c67a-dbef-4a6d-b2d1-2293a5c4d51d ] Request (ServersTestFqdnHostnames:tearDownClass): 204 DELETE http://10.180.1.21/networking/v2.0/security-groups/eadd90eb-3887-41c8-87c8-4be2ff679a2e 0.722s
2025-11-21 01:20:54.784 65731 INFO tempest.lib.common.rest_client [req-0261a0fe-ff7e-4cb4-bc58-50ec3ed0af7a req-0261a0fe-ff7e-4cb4-bc58-50ec3ed0af7a ] Request (ServersWithSpecificFlavorTestJSON:test_verify_created_server_ephemeral_disk): 200 GET http://10.180.1.21/compute/v2.1/servers/23ebeea3-bbdc-4466-b162-c7b0df5b6935 3.908s
2025-11-21 01:20:54.830 65779 INFO tempest.lib.common.rest_client [req-07eff9d2-fec0-4860-a78d-f312ecb8d34b req-07eff9d2-fec0-4860-a78d-f312ecb8d34b ] Request (ServersTestFqdnHostnames:tearDownClass): 204 DELETE http://10.180.1.21/identity/v3/projects/fb46bb10347843ceaad215e3a1d1aa3a 0.071s
2025-11-21 01:20:54.834 65739 INFO tempest.lib.common.rest_client [req-1abd130a-bf18-4099-ba22-965e4e20a42b req-1abd130a-bf18-4099-ba22-965e4e20a42b ] Request (FloatingIPsTestJSON:test_allocate_floating_ip): 200 POST http://10.180.1.21/compute/v2.1/os-floating-ips 9.800s
2025-11-21 01:20:54.879 65781 INFO tempest.lib.common.rest_client [req-e166c49b-d0d4-4675-a467-b3664e698984 req-e166c49b-d0d4-4675-a467-b3664e698984 ] Request (ListImageFiltersTestJSON:setUpClass): 200 GET http://10.180.1.21/compute/v2.1/images/ad04d56f-964b-4f7a-8d27-6c611b5055a7 3.792s
2025-11-21 01:20:54.888 65735 INFO tempest.lib.common.rest_client [req-81abdb62-867e-433b-a306-13283ed3a665 req-81abdb62-867e-433b-a306-13283ed3a665 ] Request (TenantUsagesTestJSON:tearDownClass): 204 DELETE http://10.180.1.21/networking/v2.0/security-groups/1845664f-8bfa-4c5b-b1d8-5f3082db2137 0.551s
2025-11-21 01:20:54.909 65779 INFO tempest.lib.common.rest_client [req-f59ea0a0-5035-44ce-870b-886116bac615 req-f59ea0a0-5035-44ce-870b-886116bac615 ] Request (ServerAddressesTestJSON:setUpClass): 201 POST http://10.180.1.21/identity/v3/auth/tokens 0.077s
2025-11-21 01:20:55.044 65735 INFO tempest.lib.common.rest_client [req-422d1322-1e01-4463-8f6a-3db3269d3a77 req-422d1322-1e01-4463-8f6a-3db3269d3a77 ] Request (TenantUsagesTestJSON:tearDownClass): 204 DELETE http://10.180.1.21/identity/v3/projects/d1784335a41f4f05aba188c1a1c4f6c8 0.156s
2025-11-21 01:20:55.045 65735 INFO tempest.lib.common.dynamic_creds [-] Deleting project and security group for project: 86bbfdf8027b4eda9cbc558051c19c0a
2025-11-21 01:20:55.078 65779 INFO tempest.lib.common.rest_client [req-fe752054-6039-463a-9cc4-1839141f8716 req-fe752054-6039-463a-9cc4-1839141f8716 ] Request (ServerAddressesTestJSON:setUpClass): 201 POST http://10.180.1.21/identity/v3/auth/tokens 0.166s
2025-11-21 01:20:55.105 65779 INFO tempest.lib.common.rest_client [req-b8318d6f-ed88-4964-984a-ecdbe1ced5c0 req-b8318d6f-ed88-4964-984a-ecdbe1ced5c0 ] Request (ServerAddressesTestJSON:setUpClass): 200 GET http://10.180.1.21/identity/v3/domains?name=Default 0.027s
2025-11-21 01:20:55.138 65779 INFO tempest.lib.common.rest_client [req-bcf2e1e2-849c-4a27-9301-eeb49d4b0cfb req-bcf2e1e2-849c-4a27-9301-eeb49d4b0cfb ] Request (ServerAddressesTestJSON:setUpClass): 201 POST http://10.180.1.21/identity/v3/projects 0.032s
2025-11-21 01:20:55.196 65779 INFO tempest.lib.common.rest_client [req-ca5184f1-e9fa-4602-97bc-73dfc78480f5 req-ca5184f1-e9fa-4602-97bc-73dfc78480f5 ] Request (ServerAddressesTestJSON:setUpClass): 201 POST http://10.180.1.21/identity/v3/users 0.057s
2025-11-21 01:20:55.213 65741 INFO tempest.lib.common.rest_client [req-180ffb09-fcf8-44e6-9233-1e4151187825 req-180ffb09-fcf8-44e6-9233-1e4151187825 ] Request (DeleteServersTestJSON:setUpClass): 201 POST http://10.180.1.21/networking/v2.0/networks 0.644s
2025-11-21 01:20:55.220 65779 INFO tempest.lib.common.rest_client [req-7297a70f-187f-45a4-ab64-b4829a54bf06 req-7297a70f-187f-45a4-ab64-b4829a54bf06 ] Request (ServerAddressesTestJSON:setUpClass): 200 GET http://10.180.1.21/identity/v3/roles 0.023s
2025-11-21 01:20:55.235 65775 INFO tempest.lib.common.rest_client [req-defbd321-6b92-4b17-88e4-0e0f3ede5eed req-defbd321-6b92-4b17-88e4-0e0f3ede5eed ] Request (SecurityGroupRulesTestJSON:test_security_group_rules_delete_when_peer_group_deleted): 200 GET http://10.180.1.21/compute/v2.1/os-security-groups/88b8498f-69a1-47a3-84d3-c610b8c42449 4.256s
2025-11-21 01:20:55.253 65779 INFO tempest.lib.common.rest_client [req-4f909386-38ce-4dd9-ab5d-33593ebd0f2d req-4f909386-38ce-4dd9-ab5d-33593ebd0f2d ] Request (ServerAddressesTestJSON:setUpClass): 204 PUT http://10.180.1.21/identity/v3/projects/94449695e69a45b2bb6f7dc3fea3cfd7/users/01b9444cdb474cd9bcbeef8fa0f44743/roles/4cc76b95e32446e9ab06941d7efe7b08 0.033s
2025-11-21 01:20:55.254 65779 INFO tempest.lib.common.dynamic_creds [-] Dynamic test user 01b9444cdb474cd9bcbeef8fa0f44743 is created with scope project and roles: ['member']
2025-11-21 01:20:55.254 65779 INFO tempest.lib.common.dynamic_creds [-] Acquired dynamic creds: credentials: Credentials: {'domain_id': 'default', 'domain_name': 'Default', 'username': 'tempest-ServerAddressesTestJSON-900036973-project-member', 'project_domain_id': 'default', 'project_domain_name': 'Default', 'project_id': '94449695e69a45b2bb6f7dc3fea3cfd7', 'project_name': 'tempest-ServerAddressesTestJSON-900036973', 'tenant_id': '94449695e69a45b2bb6f7dc3fea3cfd7', 'tenant_name': 'tempest-ServerAddressesTestJSON-900036973', 'user_domain_id': 'default', 'user_domain_name': 'Default', 'user_id': '01b9444cdb474cd9bcbeef8fa0f44743', 'system': None}, Network: None, Subnet: None, Router: None
2025-11-21 01:20:55.270 65773 INFO tempest.lib.common.rest_client [req-a6b45e97-f978-4a3f-bc6e-a354715c732e req-a6b45e97-f978-4a3f-bc6e-a354715c732e ] Request (ServerPasswordTestJSON:test_get_server_password): 200 GET http://10.180.1.21/compute/v2.1/servers/515d997b-c145-4fac-a0eb-8acf57acace6/os-server-password 4.173s
2025-11-21 01:20:55.286 65729 INFO tempest.lib.common.rest_client [req-7eb2d055-bf63-4b82-92e3-cc896a3465f0 req-7eb2d055-bf63-4b82-92e3-cc896a3465f0 ] Request (InstanceActionsTestJSON:tearDownClass): 200 GET http://10.180.1.21/compute/v2.1/servers/927f7613-159b-463d-838b-1a47af4c8723 4.196s
2025-11-21 01:20:55.317 65753 INFO tempest.lib.common.rest_client [req-b6094635-a92a-465d-a0a3-35b62bd78fa7 req-b6094635-a92a-465d-a0a3-35b62bd78fa7 ] Request (AttachInterfacesUnderV243Test:test_add_remove_fixed_ip): 200 GET http://10.180.1.21/compute/v2.1/servers/90ec4ac5-6e76-46d6-8caf-0185b1ef4c6a/ips 4.165s
2025-11-21 01:20:55.335 65779 INFO tempest.lib.common.rest_client [req-1918e862-a70c-4d71-900d-6e274be0a5f0 req-1918e862-a70c-4d71-900d-6e274be0a5f0 ] Request (ServerAddressesTestJSON:setUpClass): 201 POST http://10.180.1.21/identity/v3/auth/tokens 0.081s
2025-11-21 01:20:55.437 65735 INFO tempest.lib.common.rest_client [req-618e0d79-72aa-4a38-9351-ab9354c942aa req-618e0d79-72aa-4a38-9351-ab9354c942aa ] Request (TenantUsagesTestJSON:tearDownClass): 200 GET http://10.180.1.21/networking/v2.0/security-groups?tenant_id=86bbfdf8027b4eda9cbc558051c19c0a&name=default 0.391s
2025-11-21 01:20:55.508 65758 INFO tempest.lib.common.rest_client [req-272019d5-00c6-4c7b-9542-cd2c2d9da4e3 req-272019d5-00c6-4c7b-9542-cd2c2d9da4e3 ] Request (SecurityGroupsTestJSON:test_server_security_groups): 200 GET http://10.180.1.21/compute/v2.1/servers/0daecc96-fc0f-46ba-8475-e2c4f07801f0 4.312s
2025-11-21 01:20:55.549 65741 INFO tempest.lib.common.rest_client [req-ae1febbf-8749-4037-8f96-dc5955230384 req-ae1febbf-8749-4037-8f96-dc5955230384 ] Request (DeleteServersTestJSON:setUpClass): 201 POST http://10.180.1.21/networking/v2.0/subnets 0.335s
2025-11-21 01:20:55.756 65779 INFO tempest.lib.common.rest_client [req-5d6c5e69-6d94-4c99-9226-3e719a38a06f req-5d6c5e69-6d94-4c99-9226-3e719a38a06f ] Request (ServerAddressesTestJSON:setUpClass): 201 POST http://10.180.1.21/networking/v2.0/networks 0.420s
2025-11-21 01:20:56.149 65735 INFO tempest.lib.common.rest_client [req-65050002-c19a-4a37-9cb2-b5ef7c30ccf8 req-65050002-c19a-4a37-9cb2-b5ef7c30ccf8 ] Request (TenantUsagesTestJSON:tearDownClass): 204 DELETE http://10.180.1.21/networking/v2.0/security-groups/cc8854fc-8edf-418f-8739-7c3e92cac833 0.711s
2025-11-21 01:20:56.218 65735 INFO tempest.lib.common.rest_client [req-26fba488-2626-46a6-8f5b-5df9047f84c9 req-26fba488-2626-46a6-8f5b-5df9047f84c9 ] Request (TenantUsagesTestJSON:tearDownClass): 204 DELETE http://10.180.1.21/identity/v3/projects/86bbfdf8027b4eda9cbc558051c19c0a 0.068s
2025-11-21 01:20:56.297 65735 INFO tempest.lib.common.rest_client [req-02376ded-dc6a-41f5-b3c7-d6bed6523863 req-02376ded-dc6a-41f5-b3c7-d6bed6523863 ] Request (ImagesTestJSON:setUpClass): 201 POST http://10.180.1.21/identity/v3/auth/tokens 0.078s
2025-11-21 01:20:56.326 65735 INFO tempest.lib.common.rest_client [req-a5dbe98b-19f2-4da7-b574-0bdf6cfd8fe2 req-a5dbe98b-19f2-4da7-b574-0bdf6cfd8fe2 ] Request (ImagesTestJSON:setUpClass): 201 POST http://10.180.1.21/identity/v3/auth/tokens 0.026s
2025-11-21 01:20:56.349 65735 INFO tempest.lib.common.rest_client [req-ee475161-f948-44d5-80f9-5de535149904 req-ee475161-f948-44d5-80f9-5de535149904 ] Request (ImagesTestJSON:setUpClass): 200 GET http://10.180.1.21/identity/v3/domains?name=Default 0.023s
2025-11-21 01:20:56.380 65735 INFO tempest.lib.common.rest_client [req-44a2cd59-b4e1-436a-9952-33218c8580e1 req-44a2cd59-b4e1-436a-9952-33218c8580e1 ] Request (ImagesTestJSON:setUpClass): 201 POST http://10.180.1.21/identity/v3/projects 0.030s
2025-11-21 01:20:56.437 65735 INFO tempest.lib.common.rest_client [req-61aa10c6-184c-46ac-8e8c-e8d9019a60a1 req-61aa10c6-184c-46ac-8e8c-e8d9019a60a1 ] Request (ImagesTestJSON:setUpClass): 201 POST http://10.180.1.21/identity/v3/users 0.056s
2025-11-21 01:20:56.463 65735 INFO tempest.lib.common.rest_client [req-c0fa139a-85fa-4845-ab60-01947d9edbe7 req-c0fa139a-85fa-4845-ab60-01947d9edbe7 ] Request (ImagesTestJSON:setUpClass): 200 GET http://10.180.1.21/identity/v3/roles 0.026s
2025-11-21 01:20:56.490 65735 INFO tempest.lib.common.rest_client [req-a0a96858-6fa1-432e-b77b-22767a4ea3cd req-a0a96858-6fa1-432e-b77b-22767a4ea3cd ] Request (ImagesTestJSON:setUpClass): 204 PUT http://10.180.1.21/identity/v3/projects/6bbec0553e634d4fbea80f22ff59dbac/users/78f9dc0b632c47feb8f53a6edcbdc9e9/roles/4cc76b95e32446e9ab06941d7efe7b08 0.026s
2025-11-21 01:20:56.490 65735 INFO tempest.lib.common.dynamic_creds [-] Dynamic test user 78f9dc0b632c47feb8f53a6edcbdc9e9 is created with scope project and roles: ['member']
2025-11-21 01:20:56.490 65735 INFO tempest.lib.common.dynamic_creds [-] Acquired dynamic creds: credentials: Credentials: {'domain_id': 'default', 'domain_name': 'Default', 'username': 'tempest-ImagesTestJSON-71161681-project-member', 'project_domain_id': 'default', 'project_domain_name': 'Default', 'project_id': '6bbec0553e634d4fbea80f22ff59dbac', 'project_name': 'tempest-ImagesTestJSON-71161681', 'tenant_id': '6bbec0553e634d4fbea80f22ff59dbac', 'tenant_name': 'tempest-ImagesTestJSON-71161681', 'user_domain_id': 'default', 'user_domain_name': 'Default', 'user_id': '78f9dc0b632c47feb8f53a6edcbdc9e9', 'system': None}, Network: None, Subnet: None, Router: None
2025-11-21 01:20:56.554 65735 INFO tempest.lib.common.rest_client [req-46d08bb0-70d1-4f99-9697-2f4e4607655d req-46d08bb0-70d1-4f99-9697-2f4e4607655d ] Request (ImagesTestJSON:setUpClass): 201 POST http://10.180.1.21/identity/v3/auth/tokens 0.064s
2025-11-21 01:20:56.833 65741 INFO tempest.lib.common.rest_client [req-34708b71-5d3f-43c0-ac1d-ae2cf16f5747 req-34708b71-5d3f-43c0-ac1d-ae2cf16f5747 ] Request (DeleteServersTestJSON:setUpClass): 201 POST http://10.180.1.21/networking/v2.0/routers 1.283s
2025-11-21 01:20:56.858 65763 INFO tempest.lib.common.rest_client [req-2c28cfad-5b06-473c-a6e9-9b2908bf0bfa req-2c28cfad-5b06-473c-a6e9-9b2908bf0bfa ] Request (ServerExternalEventsTest:tearDownClass): 200 GET http://10.180.1.21/compute/v2.1/servers/e0909c87-57c2-46d1-b88d-c9aa2f49eb46 5.526s
2025-11-21 01:20:57.045 65779 INFO tempest.lib.common.rest_client [req-ce42ee84-9a1c-4610-8d48-7825c9992d67 req-ce42ee84-9a1c-4610-8d48-7825c9992d67 ] Request (ServerAddressesTestJSON:setUpClass): 201 POST http://10.180.1.21/networking/v2.0/subnets 1.288s
2025-11-21 01:20:57.127 65727 INFO tempest.lib.common.rest_client [req-780cecd4-1ce3-474c-9a35-46e510b2d0ac req-780cecd4-1ce3-474c-9a35-46e510b2d0ac ] Request (ServerActionsTestJSON:setUpClass): 200 GET http://10.180.1.21/compute/v2.1/servers/3816d19e-7cfd-4208-a14c-0cbc62331e5a 5.897s
2025-11-21 01:20:57.476 65735 INFO tempest.lib.common.rest_client [req-b59dc9ed-a0db-4acc-8914-33a66dc95565 req-b59dc9ed-a0db-4acc-8914-33a66dc95565 ] Request (ImagesTestJSON:setUpClass): 201 POST http://10.180.1.21/networking/v2.0/networks 0.921s
2025-11-21 01:20:57.509 65783 INFO tempest.lib.common.rest_client [req-af553c54-3c86-47b7-9037-a4f6847c5f5d req-af553c54-3c86-47b7-9037-a4f6847c5f5d ] Request (ServersTestBootFromVolume:setUpClass): 200 GET http://10.180.1.21/compute/v2.1/servers/fbde322d-329b-4e94-9c82-9d9a8b054b0c 6.030s
2025-11-21 01:20:58.186 65779 INFO tempest.lib.common.rest_client [req-53212271-89c5-40a2-976e-e09fc198e878 req-53212271-89c5-40a2-976e-e09fc198e878 ] Request (ServerAddressesTestJSON:setUpClass): 201 POST http://10.180.1.21/networking/v2.0/routers 1.140s
2025-11-21 01:20:58.275 65741 INFO tempest.lib.common.rest_client [req-d90a9481-4b04-46ea-b8d0-90eaabb38de0 req-d90a9481-4b04-46ea-b8d0-90eaabb38de0 ] Request (DeleteServersTestJSON:setUpClass): 200 PUT http://10.180.1.21/networking/v2.0/routers/d08afaad-a58d-40fe-8d25-2e3704c4d5d2/add_router_interface 1.441s
2025-11-21 01:20:58.275 65741 INFO tempest.lib.common.dynamic_creds [-] Created isolated network resources for: credentials: Credentials: {'domain_id': 'default', 'domain_name': 'Default', 'username': 'tempest-DeleteServersTestJSON-1709167294-project-member', 'project_domain_id': 'default', 'project_domain_name': 'Default', 'project_id': '75a10a7b36224922921b37e6045a245a', 'project_name': 'tempest-DeleteServersTestJSON-1709167294', 'tenant_id': '75a10a7b36224922921b37e6045a245a', 'tenant_name': 'tempest-DeleteServersTestJSON-1709167294', 'user_domain_id': 'default', 'user_domain_name': 'Default', 'user_id': '66ae3bc40ea5436c8640961a14cc90d1', 'system': None}, Network: {'id': 'ed219262-fd2c-4db3-aeb8-632886be2efb', 'name': 'tempest-DeleteServersTestJSON-1335934639-network', 'tenant_id': '75a10a7b36224922921b37e6045a245a', 'project_id': '75a10a7b36224922921b37e6045a245a', 'admin_state_up': True, 'mtu': 8950, 'status': 'ACTIVE', 'subnets': [], 'shared': False, 'port_security_enabled': True, 'router:external': False, 'provider:network_type': 'vlan', 'provider:physical_network': 'default', 'provider:segmentation_id': 483, 'availability_zone_hints': [], 'availability_zones': [], 'ipv4_address_scope': None, 'ipv6_address_scope': None, 'description': '', 'tags': [], 'created_at': '2025-11-21T01:20:55Z', 'updated_at': '2025-11-21T01:20:55Z', 'revision_number': 1}, Subnet: {'id': '4ad3c81d-67ac-4396-abec-121a1e59d270', 'name': 'tempest-DeleteServersTestJSON-1335934639-subnet', 'tenant_id': '75a10a7b36224922921b37e6045a245a', 'network_id': 'ed219262-fd2c-4db3-aeb8-632886be2efb', 'ip_version': 4, 'subnetpool_id': None, 'enable_dhcp': True, 'ipv6_ra_mode': None, 'ipv6_address_mode': None, 'gateway_ip': '192.168.128.1', 'cidr': '192.168.128.0/28', 'allocation_pools': [{'start': '192.168.128.2', 'end': '192.168.128.14'}], 'host_routes': [], 'dns_nameservers': [], 'description': '', 'router:external': False, 'service_types': [], 'tags': [], 'created_at': '2025-11-21T01:20:55Z', 'updated_at': '2025-11-21T01:20:55Z', 'revision_number': 0, 'project_id': '75a10a7b36224922921b37e6045a245a'}, Router: {'id': 'd08afaad-a58d-40fe-8d25-2e3704c4d5d2', 'name': 'tempest-DeleteServersTestJSON-1335934639-router', 'tenant_id': '75a10a7b36224922921b37e6045a245a', 'admin_state_up': True, 'status': 'ACTIVE', 'external_gateway_info': {'network_id': 'd061fa07-0bd2-43a4-9b74-f5c02b1c93f6', 'external_fixed_ips': [{'subnet_id': '70a9bc92-6319-4239-904a-e03ae1478d40', 'ip_address': '10.180.180.232'}], 'enable_snat': True}, 'description': '', 'availability_zones': [], 'distributed': False, 'ha': False, 'availability_zone_hints': [], 'routes': [], 'flavor_id': None, 'tags': [], 'created_at': '2025-11-21T01:20:56Z', 'updated_at': '2025-11-21T01:20:56Z', 'revision_number': 2, 'project_id': '75a10a7b36224922921b37e6045a245a'}
2025-11-21 01:20:58.301 65751 INFO tempest.lib.common.rest_client [req-14418a0e-af61-453b-b7fb-0af0c729a4b1 req-14418a0e-af61-453b-b7fb-0af0c729a4b1 ] Request (ServerShowV247Test:tearDownClass): 200 GET http://10.180.1.21/compute/v2.1/servers/4362b3b5-b8a2-41b6-97de-6115cc348c9d 6.572s
2025-11-21 01:20:58.326 65759 INFO tempest.lib.common.rest_client [req-52036022-5b1e-42cd-95a3-dc9f12a96353 req-52036022-5b1e-42cd-95a3-dc9f12a96353 ] Request (MigrationsAdminTest:test_resize_server_revert_deleted_flavor): 200 POST http://10.180.1.21/compute/v2.1/flavors 6.453s
2025-11-21 01:20:58.357 65755 INFO tempest.lib.common.rest_client [req-b27c560b-fe36-4960-8de7-965c9fd1ae74 req-b27c560b-fe36-4960-8de7-965c9fd1ae74 ] Request (ServerTagsTestJSON:test_create_delete_tag): 200 GET http://10.180.1.21/compute/v2.1/servers/bf23d6a6-4c4d-41d4-82d9-c65a361310d7/tags 6.473s
2025-11-21 01:20:58.386 65741 INFO tempest.lib.common.rest_client [req-a5d61838-bb7f-4c84-b590-41aeeddb9b18 req-a5d61838-bb7f-4c84-b590-41aeeddb9b18 ] Request (DeleteServersTestJSON:setUpClass): 201 POST http://10.180.1.21/identity/v3/auth/tokens 0.108s
2025-11-21 01:20:58.426 65741 INFO tempest.lib.common.rest_client [req-b6004dfa-149b-4b3f-be59-26273379725c req-b6004dfa-149b-4b3f-be59-26273379725c ] Request (DeleteServersTestJSON:test_delete_active_server): 201 POST http://10.180.1.21/identity/v3/auth/tokens 0.034s
2025-11-21 01:20:58.426 65741 INFO tempest.lib.common.fixed_network [-] (DeleteServersTestJSON:test_delete_active_server) Found network {'id': 'ed219262-fd2c-4db3-aeb8-632886be2efb', 'name': 'tempest-DeleteServersTestJSON-1335934639-network', 'tenant_id': '75a10a7b36224922921b37e6045a245a', 'project_id': '75a10a7b36224922921b37e6045a245a', 'admin_state_up': True, 'mtu': 8950, 'status': 'ACTIVE', 'subnets': [], 'shared': False, 'port_security_enabled': True, 'router:external': False, 'provider:network_type': 'vlan', 'provider:physical_network': 'default', 'provider:segmentation_id': 483, 'availability_zone_hints': [], 'availability_zones': [], 'ipv4_address_scope': None, 'ipv6_address_scope': None, 'description': '', 'tags': [], 'created_at': '2025-11-21T01:20:55Z', 'updated_at': '2025-11-21T01:20:55Z', 'revision_number': 1} available for tenant
2025-11-21 01:20:58.519 65735 INFO tempest.lib.common.rest_client [req-78c72ec3-5c00-4444-a3cd-1b54c8c0dd06 req-78c72ec3-5c00-4444-a3cd-1b54c8c0dd06 ] Request (ImagesTestJSON:setUpClass): 201 POST http://10.180.1.21/networking/v2.0/subnets 1.042s
2025-11-21 01:20:58.553 65749 INFO tempest.lib.common.rest_client [req-c110b930-c48d-4f45-ba13-922514c5cbc1 req-c110b930-c48d-4f45-ba13-922514c5cbc1 ] Request (ServersNegativeTestMultiTenantJSON:tearDownClass): 200 GET http://10.180.1.21/compute/v2.1/servers/a4797072-1295-498e-9c4c-d63a35a6b4da 6.741s
2025-11-21 01:20:58.608 65733 INFO tempest.lib.common.rest_client [req-90ca121b-9c57-4f33-afbb-0402d9d93b4a req-90ca121b-9c57-4f33-afbb-0402d9d93b4a ] Request (QuotasAdminTestJSON:test_get_updated_quotas): 200 PUT http://10.180.1.21/compute/v2.1/os-quota-sets/9d268811679c4c4eb8ac2c5e29189cde?user_id=d7d47c3f0a75475d8d0ab340c5455ebb 6.634s
2025-11-21 01:20:59.403 65735 INFO tempest.lib.common.rest_client [req-4c695499-61a5-417b-a768-648500d4a8aa req-4c695499-61a5-417b-a768-648500d4a8aa ] Request (ImagesTestJSON:setUpClass): 201 POST http://10.180.1.21/networking/v2.0/routers 0.883s
2025-11-21 01:20:59.860 65779 INFO tempest.lib.common.rest_client [req-ff7ccfbf-1f67-4b04-893c-c7eedc8a0eca req-ff7ccfbf-1f67-4b04-893c-c7eedc8a0eca ] Request (ServerAddressesTestJSON:setUpClass): 200 PUT http://10.180.1.21/networking/v2.0/routers/d2c42fce-3917-4295-a0a1-bf1b40a62fc0/add_router_interface 1.673s
2025-11-21 01:20:59.860 65779 INFO tempest.lib.common.dynamic_creds [-] Created isolated network resources for: credentials: Credentials: {'domain_id': 'default', 'domain_name': 'Default', 'username': 'tempest-ServerAddressesTestJSON-900036973-project-member', 'project_domain_id': 'default', 'project_domain_name': 'Default', 'project_id': '94449695e69a45b2bb6f7dc3fea3cfd7', 'project_name': 'tempest-ServerAddressesTestJSON-900036973', 'tenant_id': '94449695e69a45b2bb6f7dc3fea3cfd7', 'tenant_name': 'tempest-ServerAddressesTestJSON-900036973', 'user_domain_id': 'default', 'user_domain_name': 'Default', 'user_id': '01b9444cdb474cd9bcbeef8fa0f44743', 'system': None}, Network: {'id': 'afc2b2c4-5552-40d6-b44b-607602e68218', 'name': 'tempest-ServerAddressesTestJSON-1500841647-network', 'tenant_id': '94449695e69a45b2bb6f7dc3fea3cfd7', 'project_id': '94449695e69a45b2bb6f7dc3fea3cfd7', 'admin_state_up': True, 'mtu': 8950, 'status': 'ACTIVE', 'subnets': [], 'shared': False, 'port_security_enabled': True, 'router:external': False, 'provider:network_type': 'vlan', 'provider:physical_network': 'default', 'provider:segmentation_id': 178, 'availability_zone_hints': [], 'availability_zones': [], 'ipv4_address_scope': None, 'ipv6_address_scope': None, 'description': '', 'tags': [], 'created_at': '2025-11-21T01:20:55Z', 'updated_at': '2025-11-21T01:20:55Z', 'revision_number': 1}, Subnet: {'id': '928ee9cc-37fe-4ebf-b363-241076dd2793', 'name': 'tempest-ServerAddressesTestJSON-1500841647-subnet', 'tenant_id': '94449695e69a45b2bb6f7dc3fea3cfd7', 'network_id': 'afc2b2c4-5552-40d6-b44b-607602e68218', 'ip_version': 4, 'subnetpool_id': None, 'enable_dhcp': True, 'ipv6_ra_mode': None, 'ipv6_address_mode': None, 'gateway_ip': '192.168.128.1', 'cidr': '192.168.128.0/28', 'allocation_pools': [{'start': '192.168.128.2', 'end': '192.168.128.14'}], 'host_routes': [], 'dns_nameservers': [], 'description': '', 'router:external': False, 'service_types': [], 'tags': [], 'created_at': '2025-11-21T01:20:56Z', 'updated_at': '2025-11-21T01:20:56Z', 'revision_number': 0, 'project_id': '94449695e69a45b2bb6f7dc3fea3cfd7'}, Router: {'id': 'd2c42fce-3917-4295-a0a1-bf1b40a62fc0', 'name': 'tempest-ServerAddressesTestJSON-1500841647-router', 'tenant_id': '94449695e69a45b2bb6f7dc3fea3cfd7', 'admin_state_up': True, 'status': 'ACTIVE', 'external_gateway_info': {'network_id': 'd061fa07-0bd2-43a4-9b74-f5c02b1c93f6', 'external_fixed_ips': [{'subnet_id': '70a9bc92-6319-4239-904a-e03ae1478d40', 'ip_address': '10.180.180.163'}], 'enable_snat': True}, 'description': '', 'availability_zones': [], 'distributed': False, 'ha': False, 'availability_zone_hints': [], 'routes': [], 'flavor_id': None, 'tags': [], 'created_at': '2025-11-21T01:20:57Z', 'updated_at': '2025-11-21T01:20:57Z', 'revision_number': 2, 'project_id': '94449695e69a45b2bb6f7dc3fea3cfd7'}
2025-11-21 01:20:59.918 65743 INFO tempest.lib.common.rest_client [req-af753a8e-26f1-41b6-ae9b-22887f44706b req-af753a8e-26f1-41b6-ae9b-22887f44706b ] Request (ServerMetadataTestJSON:tearDownClass): 200 GET http://10.180.1.21/compute/v2.1/servers/ab079163-e5a2-4093-823a-63aee28edb8b 7.857s
2025-11-21 01:20:59.989 65779 INFO tempest.lib.common.rest_client [req-769a6e3a-f092-4d96-9131-be3a02b1ef47 req-769a6e3a-f092-4d96-9131-be3a02b1ef47 ] Request (ServerAddressesTestJSON:setUpClass): 201 POST http://10.180.1.21/identity/v3/auth/tokens 0.125s
2025-11-21 01:20:59.999 65769 INFO tempest.lib.common.rest_client [req-45a0deb6-7050-48a8-bd73-34b296164d2f req-45a0deb6-7050-48a8-bd73-34b296164d2f ] Request (MultipleCreateTestJSON:test_multiple_create): 200 GET http://10.180.1.21/compute/v2.1/servers/5247d5c1-139b-454e-b90d-59326f1c0a64 7.198s
2025-11-21 01:21:00.008 65769 INFO tempest.common.waiters [-] State transition "BUILD/None" ==> "BUILD/networking" after 22 second wait
2025-11-21 01:21:00.037 65779 INFO tempest.lib.common.rest_client [req-305dc498-4b12-4e6f-8925-f009d272a9d2 req-305dc498-4b12-4e6f-8925-f009d272a9d2 ] Request (ServerAddressesTestJSON:setUpClass): 201 POST http://10.180.1.21/identity/v3/auth/tokens 0.045s
2025-11-21 01:21:00.038 65779 INFO tempest.lib.common.fixed_network [-] (ServerAddressesTestJSON:setUpClass) Found network {'id': 'afc2b2c4-5552-40d6-b44b-607602e68218', 'name': 'tempest-ServerAddressesTestJSON-1500841647-network', 'tenant_id': '94449695e69a45b2bb6f7dc3fea3cfd7', 'project_id': '94449695e69a45b2bb6f7dc3fea3cfd7', 'admin_state_up': True, 'mtu': 8950, 'status': 'ACTIVE', 'subnets': [], 'shared': False, 'port_security_enabled': True, 'router:external': False, 'provider:network_type': 'vlan', 'provider:physical_network': 'default', 'provider:segmentation_id': 178, 'availability_zone_hints': [], 'availability_zones': [], 'ipv4_address_scope': None, 'ipv6_address_scope': None, 'description': '', 'tags': [], 'created_at': '2025-11-21T01:20:55Z', 'updated_at': '2025-11-21T01:20:55Z', 'revision_number': 1} available for tenant
2025-11-21 01:21:00.038 65785 INFO tempest.lib.common.rest_client [req-113716d2-5a19-4f94-b2eb-bd45073b1089 req-113716d2-5a19-4f94-b2eb-bd45073b1089 ] Request (InstanceActionsV221TestJSON:test_get_list_deleted_instance_actions): 204 DELETE http://10.180.1.21/compute/v2.1/servers/2887e014-c650-4c3a-b7de-63da39e4eaa6 7.235s
2025-11-21 01:21:00.787 65735 INFO tempest.lib.common.rest_client [req-9c08a9f3-bda6-4825-9fc5-67d1307b85aa req-9c08a9f3-bda6-4825-9fc5-67d1307b85aa ] Request (ImagesTestJSON:setUpClass): 200 PUT http://10.180.1.21/networking/v2.0/routers/a6272c43-6ee3-4345-b82d-a2fa5f9ec600/add_router_interface 1.383s
2025-11-21 01:21:00.787 65735 INFO tempest.lib.common.dynamic_creds [-] Created isolated network resources for: credentials: Credentials: {'domain_id': 'default', 'domain_name': 'Default', 'username': 'tempest-ImagesTestJSON-71161681-project-member', 'project_domain_id': 'default', 'project_domain_name': 'Default', 'project_id': '6bbec0553e634d4fbea80f22ff59dbac', 'project_name': 'tempest-ImagesTestJSON-71161681', 'tenant_id': '6bbec0553e634d4fbea80f22ff59dbac', 'tenant_name': 'tempest-ImagesTestJSON-71161681', 'user_domain_id': 'default', 'user_domain_name': 'Default', 'user_id': '78f9dc0b632c47feb8f53a6edcbdc9e9', 'system': None}, Network: {'id': '2bdc59e4-ba37-4211-a362-4ee20c62f8fc', 'name': 'tempest-ImagesTestJSON-288623220-network', 'tenant_id': '6bbec0553e634d4fbea80f22ff59dbac', 'project_id': '6bbec0553e634d4fbea80f22ff59dbac', 'admin_state_up': True, 'mtu': 8950, 'status': 'ACTIVE', 'subnets': [], 'shared': False, 'port_security_enabled': True, 'router:external': False, 'provider:network_type': 'vlan', 'provider:physical_network': 'default', 'provider:segmentation_id': 802, 'availability_zone_hints': [], 'availability_zones': [], 'ipv4_address_scope': None, 'ipv6_address_scope': None, 'description': '', 'tags': [], 'created_at': '2025-11-21T01:20:57Z', 'updated_at': '2025-11-21T01:20:57Z', 'revision_number': 1}, Subnet: {'id': 'ad6639d7-fa9a-46f7-b341-591ca27d1ed5', 'name': 'tempest-ImagesTestJSON-288623220-subnet', 'tenant_id': '6bbec0553e634d4fbea80f22ff59dbac', 'network_id': '2bdc59e4-ba37-4211-a362-4ee20c62f8fc', 'ip_version': 4, 'subnetpool_id': None, 'enable_dhcp': True, 'ipv6_ra_mode': None, 'ipv6_address_mode': None, 'gateway_ip': '192.168.128.1', 'cidr': '192.168.128.0/28', 'allocation_pools': [{'start': '192.168.128.2', 'end': '192.168.128.14'}], 'host_routes': [], 'dns_nameservers': [], 'description': '', 'router:external': False, 'service_types': [], 'tags': [], 'created_at': '2025-11-21T01:20:58Z', 'updated_at': '2025-11-21T01:20:58Z', 'revision_number': 0, 'project_id': '6bbec0553e634d4fbea80f22ff59dbac'}, Router: {'id': 'a6272c43-6ee3-4345-b82d-a2fa5f9ec600', 'name': 'tempest-ImagesTestJSON-288623220-router', 'tenant_id': '6bbec0553e634d4fbea80f22ff59dbac', 'admin_state_up': True, 'status': 'ACTIVE', 'external_gateway_info': {'network_id': 'd061fa07-0bd2-43a4-9b74-f5c02b1c93f6', 'external_fixed_ips': [{'subnet_id': '70a9bc92-6319-4239-904a-e03ae1478d40', 'ip_address': '10.180.180.188'}], 'enable_snat': True}, 'description': '', 'availability_zones': [], 'distributed': False, 'ha': False, 'availability_zone_hints': [], 'routes': [], 'flavor_id': None, 'tags': [], 'created_at': '2025-11-21T01:20:58Z', 'updated_at': '2025-11-21T01:20:59Z', 'revision_number': 2, 'project_id': '6bbec0553e634d4fbea80f22ff59dbac'}
2025-11-21 01:21:00.887 65735 INFO tempest.lib.common.rest_client [req-2724a773-b3aa-40c8-8191-28b01a1a9440 req-2724a773-b3aa-40c8-8191-28b01a1a9440 ] Request (ImagesTestJSON:setUpClass): 201 POST http://10.180.1.21/identity/v3/auth/tokens 0.096s
2025-11-21 01:21:00.934 65735 INFO tempest.lib.common.rest_client [req-d8421ca8-0de9-4b78-9b4a-805ed6f69dcb req-d8421ca8-0de9-4b78-9b4a-805ed6f69dcb ] Request (ImagesTestJSON:test_create_image_from_stopped_server): 201 POST http://10.180.1.21/identity/v3/auth/tokens 0.040s
2025-11-21 01:21:00.935 65735 INFO tempest.lib.common.fixed_network [-] (ImagesTestJSON:test_create_image_from_stopped_server) Found network {'id': '2bdc59e4-ba37-4211-a362-4ee20c62f8fc', 'name': 'tempest-ImagesTestJSON-288623220-network', 'tenant_id': '6bbec0553e634d4fbea80f22ff59dbac', 'project_id': '6bbec0553e634d4fbea80f22ff59dbac', 'admin_state_up': True, 'mtu': 8950, 'status': 'ACTIVE', 'subnets': [], 'shared': False, 'port_security_enabled': True, 'router:external': False, 'provider:network_type': 'vlan', 'provider:physical_network': 'default', 'provider:segmentation_id': 802, 'availability_zone_hints': [], 'availability_zones': [], 'ipv4_address_scope': None, 'ipv6_address_scope': None, 'description': '', 'tags': [], 'created_at': '2025-11-21T01:20:57Z', 'updated_at': '2025-11-21T01:20:57Z', 'revision_number': 1} available for tenant
