2025-06-27 19:29:19.397 62444 INFO tempest.lib.common.rest_client [req-55d23485-987c-44b0-a738-3dd11147f23a req-55d23485-987c-44b0-a738-3dd11147f23a ] Request (ServerDiagnosticsTest:test_get_server_diagnostics): 200 GET http://10.180.1.21/compute/v2.1/servers/f8c0e060-db09-4279-b39b-42549aa0614d 0.143s
2025-06-27 19:29:19.422 62399 INFO tempest.lib.common.rest_client [req-57a010ab-15fe-4000-81f0-ee0ca20c0fc7 req-57a010ab-15fe-4000-81f0-ee0ca20c0fc7 ] Request (ListImageFiltersTestJSON:setUpClass): 200 GET http://10.180.1.21/compute/v2.1/images/ecb83f16-c758-43e5-8113-a88f4eb41eb8 0.119s
2025-06-27 19:29:19.435 62407 INFO tempest.lib.common.rest_client [req-708ccd56-5a64-4620-90cd-91bff837aba8 req-708ccd56-5a64-4620-90cd-91bff837aba8 ] Request (AttachInterfacesTestJSON:test_create_list_show_delete_interfaces_by_fixed_ip): 200 GET http://10.180.1.21/compute/v2.1/servers/e3a48262-e571-4b12-8f5f-5c8f5f65e5eb 0.137s
2025-06-27 19:29:19.466 62397 INFO tempest.lib.common.rest_client [req-c9afdc4d-384a-41db-872d-f4606fd4bcfe req-c9afdc4d-384a-41db-872d-f4606fd4bcfe ] Request (ServersAdminNegativeTestJSON:setUpClass): 200 GET http://10.180.1.21/compute/v2.1/servers/a2337e7e-3cc9-4427-99fc-b2990dca9cd0 0.126s
2025-06-27 19:29:19.478 62423 INFO tempest.lib.common.rest_client [req-5b6329f1-8e44-4c61-a507-39a280eb8363 req-5b6329f1-8e44-4c61-a507-39a280eb8363 ] Request (ServersTestJSON:test_create_server_specify_multibyte_character_name): 200 GET http://10.180.1.21/compute/v2.1/servers/9c9d0334-be7e-466a-ab2c-cc3fbe82d756 0.093s
2025-06-27 19:29:19.482 62399 INFO tempest.lib.common.rest_client [req-e25b46ee-ebb0-4964-939c-f44e5c6ca5b0 req-e25b46ee-ebb0-4964-939c-f44e5c6ca5b0 ] Request (ListImageFiltersTestJSON:setUpClass): 201 POST http://10.180.1.21/identity/v3/auth/tokens 0.054s
2025-06-27 19:29:19.482 62399 INFO tempest.lib.common.fixed_network [-] (ListImageFiltersTestJSON:setUpClass) Found network None available for tenant
2025-06-27 19:29:19.508 62417 INFO tempest.lib.common.rest_client [req-4a1177b9-acba-4a65-8cb7-d45611b90e89 req-4a1177b9-acba-4a65-8cb7-d45611b90e89 ] Request (SecurityGroupsTestJSON:test_list_security_groups_by_server): 200 GET http://10.180.1.21/compute/v2.1/servers/0519cba4-d9b1-4f54-b889-2c09d2d26b14 0.077s
2025-06-27 19:29:19.523 62445 INFO tempest.lib.common.rest_client [req-43fd23f5-1b1e-48d0-acdb-747b3a838717 req-43fd23f5-1b1e-48d0-acdb-747b3a838717 ] Request (VolumesAssistedSnapshotsTest:test_volume_assisted_snapshot_create_delete): 200 GET http://10.180.1.21/compute/v2.1/servers/b979c065-ea7c-43bc-8701-fb77b4945ddf 0.050s
2025-06-27 19:29:19.567 62427 INFO tempest.lib.common.rest_client [req-d16ed832-8001-4346-adf7-1f5592aff0d3 req-d16ed832-8001-4346-adf7-1f5592aff0d3 ] Request (ImagesOneServerNegativeTestJSON:setUpClass): 200 GET http://10.180.1.21/compute/v2.1/servers/b4b12e43-e240-4782-9041-8887334e6361 0.074s
2025-06-27 19:29:19.610 62406 INFO tempest.lib.common.rest_client [req-2b3dbc60-1bc3-455d-a0cf-7e9de8367c79 req-2b3dbc60-1bc3-455d-a0cf-7e9de8367c79 ] Request (ServersTestManualDisk:setUpClass): 200 GET http://10.180.1.21/compute/v2.1/servers/0c391391-3357-41d5-995b-70accf3aa2a9 0.092s
2025-06-27 19:29:19.701 62399 INFO tempest.lib.common.rest_client [req-9ed2e9e2-6aa1-4e63-8419-aa21b0a36b27 req-9ed2e9e2-6aa1-4e63-8419-aa21b0a36b27 ] Request (ListImageFiltersTestJSON:setUpClass): 202 POST http://10.180.1.21/compute/v2.1/servers 0.218s
2025-06-27 19:29:19.730 62399 INFO tempest.lib.common.rest_client [req-874f994a-8753-4a9a-a8b6-18892b374cd8 req-874f994a-8753-4a9a-a8b6-18892b374cd8 ] Request (ListImageFiltersTestJSON:setUpClass): 201 POST http://10.180.1.21/identity/v3/auth/tokens 0.024s
2025-06-27 19:29:19.730 62399 INFO tempest.lib.common.fixed_network [-] (ListImageFiltersTestJSON:setUpClass) Found network None available for tenant
2025-06-27 19:29:19.780 62413 INFO tempest.lib.common.rest_client [req-725ab654-785b-4d2b-ab30-a02b28931dfe req-725ab654-785b-4d2b-ab30-a02b28931dfe ] Request (ImagesOneServerTestJSON:setUpClass): 200 GET http://10.180.1.21/compute/v2.1/servers/fa375b5c-bf96-4f57-a97c-73ef45bbef75 0.131s
2025-06-27 19:29:19.800 62439 INFO tempest.lib.common.rest_client [req-02a696c2-7d3f-4248-8451-92e3fdabe3cc req-02a696c2-7d3f-4248-8451-92e3fdabe3cc ] Request (DeleteServersAdminTestJSON:test_admin_delete_servers_of_others): 200 GET http://10.180.1.21/compute/v2.1/servers/0cacf291-e966-4c3e-8cf7-f664295c2f91 0.122s
2025-06-27 19:29:19.831 62415 INFO tempest.lib.common.rest_client [req-4e15223b-e90f-49da-8026-4a6f330fa760 req-4e15223b-e90f-49da-8026-4a6f330fa760 ] Request (ImagesTestJSON:test_create_image_from_stopped_server): 200 GET http://10.180.1.21/compute/v2.1/servers/8fb8bacf-aca4-4696-971e-559f85c002b3 0.139s
2025-06-27 19:29:19.986 62433 INFO tempest.lib.common.rest_client [req-b3a45a10-c385-4083-9336-4f96f17d2655 req-b3a45a10-c385-4083-9336-4f96f17d2655 ] Request (FloatingIPsAssociationTestJSON:setUpClass): 200 GET http://10.180.1.21/compute/v2.1/servers/6c15201d-7373-4040-9256-84ff11fcfed2 0.122s
2025-06-27 19:29:20.007 62399 INFO tempest.lib.common.rest_client [req-229300d9-c4e9-4fe6-8c63-30ce2b849c81 req-229300d9-c4e9-4fe6-8c63-30ce2b849c81 ] Request (ListImageFiltersTestJSON:setUpClass): 202 POST http://10.180.1.21/compute/v2.1/servers 0.277s
2025-06-27 19:29:20.059 62419 INFO tempest.lib.common.rest_client [req-c5473852-a579-426f-b28b-12f23f9e637b req-c5473852-a579-426f-b28b-12f23f9e637b ] Request (AttachInterfacesUnderV243Test:test_add_remove_fixed_ip): 200 GET http://10.180.1.21/compute/v2.1/servers/f836f443-77b5-41ae-a1c2-1ee5f80885fa 0.151s
2025-06-27 19:29:20.081 62411 INFO tempest.lib.common.rest_client [req-7f28eb6b-43d8-4a9d-a73e-24be40da0d8c req-7f28eb6b-43d8-4a9d-a73e-24be40da0d8c ] Request (ServerAddressesTestJSON:setUpClass): 200 GET http://10.180.1.21/compute/v2.1/servers/6e0adc99-63ad-4cca-b300-d67dc2928324 0.194s
2025-06-27 19:29:20.103 62395 INFO tempest.lib.common.rest_client [req-3a2a6fe0-a83c-4fa2-a255-8780c4da5ea1 req-3a2a6fe0-a83c-4fa2-a255-8780c4da5ea1 ] Request (ServersNegativeTestJSON:setUpClass): 200 GET http://10.180.1.21/compute/v2.1/servers/e454739d-dd42-4cdb-90bb-2bf733688af7 0.146s
2025-06-27 19:29:20.118 62399 INFO tempest.lib.common.rest_client [req-0e414a8a-8ba8-4975-a3df-1e4bca7f7378 req-0e414a8a-8ba8-4975-a3df-1e4bca7f7378 ] Request (ListImageFiltersTestJSON:setUpClass): 200 GET http://10.180.1.21/compute/v2.1/servers/00e8d25c-9c28-47ee-8fd7-8734df1a9a3a 0.109s
2025-06-27 19:29:20.146 62391 INFO tempest.lib.common.rest_client [req-0d3c5ef9-dc8c-4a7d-8bbc-ac3eda3eeaef req-0d3c5ef9-dc8c-4a7d-8bbc-ac3eda3eeaef ] Request (ServerAddressesNegativeTestJSON:setUpClass): 200 GET http://10.180.1.21/compute/v2.1/servers/6e14a79e-f3fa-47f5-afff-8d159c6d8a88 0.113s
2025-06-27 19:29:20.190 62436 INFO tempest.lib.common.rest_client [req-6f90075a-9595-4220-ae3a-6e4e0f781d49 req-6f90075a-9595-4220-ae3a-6e4e0f781d49 ] Request (AttachVolumeTestJSON:test_attach_detach_volume): 200 GET http://10.180.1.21/compute/v2.1/servers/21b0c6a6-05f7-4d92-9e2e-7ec332a4337a 0.108s
2025-06-27 19:29:20.208 62431 INFO tempest.lib.common.rest_client [req-e20687d8-42ef-46f6-95d4-88df6b312f75 req-e20687d8-42ef-46f6-95d4-88df6b312f75 ] Request (VolumesAdminNegativeTest:test_update_attached_volume_with_nonexistent_volume_in_body): 200 GET http://10.180.1.21/compute/v2.1/servers/9b0b21f7-bdc0-488c-a7fc-234727c26b68 0.156s
2025-06-27 19:29:20.233 62403 INFO tempest.lib.common.rest_client [req-e66e46a3-8b9a-46f3-8272-1dfc39aed24b req-e66e46a3-8b9a-46f3-8272-1dfc39aed24b ] Request (ServersWithSpecificFlavorTestJSON:test_verify_created_server_ephemeral_disk): 200 GET http://10.180.1.21/compute/v2.1/servers/d61ac621-8140-4a40-8e00-acc041e3e0b4 0.107s
2025-06-27 19:29:20.342 62453 INFO tempest.lib.common.rest_client [req-8aea5c0b-6f00-4119-abd4-d2658e4078a1 req-8aea5c0b-6f00-4119-abd4-d2658e4078a1 ] Request (ServersTestJSON:setUpClass): 200 GET http://10.180.1.21/compute/v2.1/servers/311d492c-0093-4d64-a56f-80fce95b809a 0.187s
2025-06-27 19:29:20.374 62451 INFO tempest.lib.common.rest_client [req-66096858-8fc2-4aae-af18-240589f4c22f req-66096858-8fc2-4aae-af18-240589f4c22f ] Request (ServersTestBootFromVolume:setUpClass): 200 GET http://10.180.1.21/volume/v3/90bc819761734d7cbe2e05406f9fd424/volumes/f4555db9-8a45-4bb2-afb9-95a319dd9a72 0.032s
2025-06-27 19:29:20.381 62451 INFO tempest.common.waiters [-] volume f4555db9-8a45-4bb2-afb9-95a319dd9a72 reached available after waiting for 19.381136 seconds
2025-06-27 19:29:20.394 62409 INFO tempest.lib.common.rest_client [req-8dcf0570-b9f0-4959-8cf5-f0277c325053 req-8dcf0570-b9f0-4959-8cf5-f0277c325053 ] Request (ServerDiagnosticsNegativeTest:test_get_server_diagnostics_by_non_admin): 200 GET http://10.180.1.21/compute/v2.1/servers/3ae180bd-526d-481f-958b-ca3af96b4406 0.128s
2025-06-27 19:29:20.483 62393 INFO tempest.lib.common.rest_client [req-f51c60c2-d37d-426f-a10e-c0f152eb22ac req-f51c60c2-d37d-426f-a10e-c0f152eb22ac ] Request (ServersAdminTestJSON:setUpClass): 200 GET http://10.180.1.21/compute/v2.1/servers/e21722cc-672b-4f8a-9f78-e50ac83071a5 0.201s
2025-06-27 19:29:20.484 62441 INFO tempest.lib.common.rest_client [req-b82cecf7-29c3-4c3d-ba6b-0fbd25a25104 req-b82cecf7-29c3-4c3d-ba6b-0fbd25a25104 ] Request (MigrationsAdminTest:test_list_migrations_in_flavor_resize_situation): 200 GET http://10.180.1.21/compute/v2.1/servers/d0f9134e-2797-4265-86d8-d68b5d3beb7a 0.261s
2025-06-27 19:29:20.526 62425 INFO tempest.lib.common.rest_client [req-9b1abc99-7a5c-4262-bdfe-2b59e9195b06 req-9b1abc99-7a5c-4262-bdfe-2b59e9195b06 ] Request (ServerMetadataNegativeTestJSON:setUpClass): 200 GET http://10.180.1.21/compute/v2.1/servers/0d6f9828-e93a-474d-af31-f0ee6cb2149f 0.173s
2025-06-27 19:29:20.529 62429 INFO tempest.lib.common.rest_client [req-70a6b106-00af-477c-8480-fff5e177f11a req-70a6b106-00af-477c-8480-fff5e177f11a ] Request (ServerExternalEventsTest:test_create_server_external_events): 200 GET http://10.180.1.21/compute/v2.1/servers/83531c89-23dd-47b8-82dd-f8ec7b95dd4d 0.217s
2025-06-27 19:29:20.573 62421 INFO tempest.lib.common.rest_client [req-086a1216-ae54-4638-bf2b-350c583270ff req-086a1216-ae54-4638-bf2b-350c583270ff ] Request (ServerActionsTestOtherB:setUpClass): 200 GET http://10.180.1.21/compute/v2.1/servers/5ae9308d-1e1f-49ab-aafc-022a936d2f15 0.176s
2025-06-27 19:29:20.698 62444 INFO tempest.lib.common.rest_client [req-6dc2141a-53b8-4a0b-be64-254075a07968 req-6dc2141a-53b8-4a0b-be64-254075a07968 ] Request (ServerDiagnosticsTest:test_get_server_diagnostics): 200 GET http://10.180.1.21/compute/v2.1/servers/f8c0e060-db09-4279-b39b-42549aa0614d 0.293s
2025-06-27 19:29:20.750 62407 INFO tempest.lib.common.rest_client [req-c2bc272c-cfe5-4feb-90da-2be415a41c2c req-c2bc272c-cfe5-4feb-90da-2be415a41c2c ] Request (AttachInterfacesTestJSON:test_create_list_show_delete_interfaces_by_fixed_ip): 200 GET http://10.180.1.21/compute/v2.1/servers/e3a48262-e571-4b12-8f5f-5c8f5f65e5eb 0.305s
2025-06-27 19:29:20.797 62397 INFO tempest.lib.common.rest_client [req-e8ccab9f-38af-46a6-8897-9816e1815a17 req-e8ccab9f-38af-46a6-8897-9816e1815a17 ] Request (ServersAdminNegativeTestJSON:setUpClass): 200 GET http://10.180.1.21/compute/v2.1/servers/a2337e7e-3cc9-4427-99fc-b2990dca9cd0 0.322s
2025-06-27 19:29:20.843 62423 INFO tempest.lib.common.rest_client [req-335ca43d-2518-4e6c-b97c-440419d6e470 req-335ca43d-2518-4e6c-b97c-440419d6e470 ] Request (ServersTestJSON:test_create_server_specify_multibyte_character_name): 200 GET http://10.180.1.21/compute/v2.1/servers/9c9d0334-be7e-466a-ab2c-cc3fbe82d756 0.355s
2025-06-27 19:29:20.895 62417 INFO tempest.lib.common.rest_client [req-9a033ebe-449d-4c50-8933-be2e428bb6b8 req-9a033ebe-449d-4c50-8933-be2e428bb6b8 ] Request (SecurityGroupsTestJSON:test_list_security_groups_by_server): 200 GET http://10.180.1.21/compute/v2.1/servers/0519cba4-d9b1-4f54-b889-2c09d2d26b14 0.380s
2025-06-27 19:29:20.938 62445 INFO tempest.lib.common.rest_client [req-ab3d07e3-39ee-425a-9f49-5aad37add8eb req-ab3d07e3-39ee-425a-9f49-5aad37add8eb ] Request (VolumesAssistedSnapshotsTest:test_volume_assisted_snapshot_create_delete): 200 GET http://10.180.1.21/compute/v2.1/servers/b979c065-ea7c-43bc-8701-fb77b4945ddf 0.406s
2025-06-27 19:29:20.981 62427 INFO tempest.lib.common.rest_client [req-c261b73c-7b0c-4bc2-a315-ddd3f897f290 req-c261b73c-7b0c-4bc2-a315-ddd3f897f290 ] Request (ImagesOneServerNegativeTestJSON:setUpClass): 200 GET http://10.180.1.21/compute/v2.1/servers/b4b12e43-e240-4782-9041-8887334e6361 0.407s
2025-06-27 19:29:21.001 62451 INFO tempest.lib.common.rest_client [req-e16987a3-8a9b-453e-a00e-f36127d1a7dd req-e16987a3-8a9b-453e-a00e-f36127d1a7dd ] Request (ServersTestBootFromVolume:setUpClass): 202 POST http://10.180.1.21/compute/v2.1/servers 0.620s
2025-06-27 19:29:21.027 62406 INFO tempest.lib.common.rest_client [req-5c60c7b7-b49c-448d-b2c2-6d31db7747fe req-5c60c7b7-b49c-448d-b2c2-6d31db7747fe ] Request (ServersTestManualDisk:setUpClass): 200 GET http://10.180.1.21/compute/v2.1/servers/0c391391-3357-41d5-995b-70accf3aa2a9 0.409s
2025-06-27 19:29:21.111 62413 INFO tempest.lib.common.rest_client [req-797608cc-0e7e-4cfe-9f0d-643cb1b1bf87 req-797608cc-0e7e-4cfe-9f0d-643cb1b1bf87 ] Request (ImagesOneServerTestJSON:setUpClass): 200 GET http://10.180.1.21/compute/v2.1/servers/fa375b5c-bf96-4f57-a97c-73ef45bbef75 0.321s
2025-06-27 19:29:21.116 62439 INFO tempest.lib.common.rest_client [req-ebbbd9e7-6fd1-437e-bd1c-684c51874a2f req-ebbbd9e7-6fd1-437e-bd1c-684c51874a2f ] Request (DeleteServersAdminTestJSON:test_admin_delete_servers_of_others): 200 GET http://10.180.1.21/compute/v2.1/servers/0cacf291-e966-4c3e-8cf7-f664295c2f91 0.307s
2025-06-27 19:29:21.156 62415 INFO tempest.lib.common.rest_client [req-847f8f73-ca6d-4552-b969-91bf29ab7244 req-847f8f73-ca6d-4552-b969-91bf29ab7244 ] Request (ImagesTestJSON:test_create_image_from_stopped_server): 200 GET http://10.180.1.21/compute/v2.1/servers/8fb8bacf-aca4-4696-971e-559f85c002b3 0.318s
2025-06-27 19:29:21.200 62451 INFO tempest.lib.common.rest_client [req-fc99903e-c004-4e71-9800-8626af53a44e req-fc99903e-c004-4e71-9800-8626af53a44e ] Request (ServersTestBootFromVolume:setUpClass): 200 GET http://10.180.1.21/compute/v2.1/servers/b78cec38-feba-4723-b735-1d9afc5edadc 0.197s
2025-06-27 19:29:21.241 62433 INFO tempest.lib.common.rest_client [req-b367c638-b584-4bbf-acc1-4086cd08b4ac req-b367c638-b584-4bbf-acc1-4086cd08b4ac ] Request (FloatingIPsAssociationTestJSON:setUpClass): 200 GET http://10.180.1.21/compute/v2.1/servers/6c15201d-7373-4040-9256-84ff11fcfed2 0.248s
2025-06-27 19:29:21.249 62419 INFO tempest.lib.common.rest_client [req-89baebce-c160-43fe-93ee-e64010d003d3 req-89baebce-c160-43fe-93ee-e64010d003d3 ] Request (AttachInterfacesUnderV243Test:test_add_remove_fixed_ip): 200 GET http://10.180.1.21/compute/v2.1/servers/f836f443-77b5-41ae-a1c2-1ee5f80885fa 0.183s
2025-06-27 19:29:21.295 62395 INFO tempest.lib.common.rest_client [req-b0437750-5a87-4849-80e6-c49090ffdd19 req-b0437750-5a87-4849-80e6-c49090ffdd19 ] Request (ServersNegativeTestJSON:setUpClass): 200 GET http://10.180.1.21/compute/v2.1/servers/e454739d-dd42-4cdb-90bb-2bf733688af7 0.184s
2025-06-27 19:29:21.336 62399 INFO tempest.lib.common.rest_client [req-06fa25e5-d820-4bbb-9d38-69b7627c31f8 req-06fa25e5-d820-4bbb-9d38-69b7627c31f8 ] Request (ListImageFiltersTestJSON:setUpClass): 200 GET http://10.180.1.21/compute/v2.1/servers/00e8d25c-9c28-47ee-8fd7-8734df1a9a3a 0.210s
2025-06-27 19:29:21.341 62411 INFO tempest.lib.common.rest_client [req-20b58c59-345f-404c-ad6e-c1258f1325bf req-20b58c59-345f-404c-ad6e-c1258f1325bf ] Request (ServerAddressesTestJSON:setUpClass): 200 GET http://10.180.1.21/compute/v2.1/servers/6e0adc99-63ad-4cca-b300-d67dc2928324 0.253s
2025-06-27 19:29:21.382 62391 INFO tempest.lib.common.rest_client [req-5d63ec94-ffed-4ff1-9b80-6c4a3764cdf6 req-5d63ec94-ffed-4ff1-9b80-6c4a3764cdf6 ] Request (ServerAddressesNegativeTestJSON:setUpClass): 200 GET http://10.180.1.21/compute/v2.1/servers/6e14a79e-f3fa-47f5-afff-8d159c6d8a88 0.228s
2025-06-27 19:29:21.386 62436 INFO tempest.lib.common.rest_client [req-f21f3324-a259-4af8-a93b-914110f38ff0 req-f21f3324-a259-4af8-a93b-914110f38ff0 ] Request (AttachVolumeTestJSON:test_attach_detach_volume): 200 GET http://10.180.1.21/compute/v2.1/servers/21b0c6a6-05f7-4d92-9e2e-7ec332a4337a 0.188s
2025-06-27 19:29:21.431 62403 INFO tempest.lib.common.rest_client [req-1f5d6d97-2e0c-4dcc-ae55-a0b5672f8683 req-1f5d6d97-2e0c-4dcc-ae55-a0b5672f8683 ] Request (ServersWithSpecificFlavorTestJSON:test_verify_created_server_ephemeral_disk): 200 GET http://10.180.1.21/compute/v2.1/servers/d61ac621-8140-4a40-8e00-acc041e3e0b4 0.189s
2025-06-27 19:29:21.518 62453 INFO tempest.lib.common.rest_client [req-c96fcbb3-b990-4e69-9f9e-ee80c3518af1 req-c96fcbb3-b990-4e69-9f9e-ee80c3518af1 ] Request (ServersTestJSON:setUpClass): 200 GET http://10.180.1.21/compute/v2.1/servers/311d492c-0093-4d64-a56f-80fce95b809a 0.168s
2025-06-27 19:29:21.519 62431 INFO tempest.lib.common.rest_client [req-1b8cffac-bdf2-4a10-80f0-04e2b630e557 req-1b8cffac-bdf2-4a10-80f0-04e2b630e557 ] Request (VolumesAdminNegativeTest:test_update_attached_volume_with_nonexistent_volume_in_body): 200 GET http://10.180.1.21/compute/v2.1/servers/9b0b21f7-bdc0-488c-a7fc-234727c26b68 0.303s
2025-06-27 19:29:21.561 62409 INFO tempest.lib.common.rest_client [req-61213577-9644-4b46-bafe-db7628693bb0 req-61213577-9644-4b46-bafe-db7628693bb0 ] Request (ServerDiagnosticsNegativeTest:test_get_server_diagnostics_by_non_admin): 200 GET http://10.180.1.21/compute/v2.1/servers/3ae180bd-526d-481f-958b-ca3af96b4406 0.159s
2025-06-27 19:29:21.612 62393 INFO tempest.lib.common.rest_client [req-547ec737-ce3a-41f2-9ec4-85eb8fdcb973 req-547ec737-ce3a-41f2-9ec4-85eb8fdcb973 ] Request (ServersAdminTestJSON:setUpClass): 200 GET http://10.180.1.21/compute/v2.1/servers/e21722cc-672b-4f8a-9f78-e50ac83071a5 0.121s
2025-06-27 19:29:21.647 62441 INFO tempest.lib.common.rest_client [req-9a228c2e-8c9c-4a0d-9fde-a7b1a350cde1 req-9a228c2e-8c9c-4a0d-9fde-a7b1a350cde1 ] Request (MigrationsAdminTest:test_list_migrations_in_flavor_resize_situation): 200 GET http://10.180.1.21/compute/v2.1/servers/d0f9134e-2797-4265-86d8-d68b5d3beb7a 0.153s
2025-06-27 19:29:21.655 62425 INFO tempest.lib.common.rest_client [req-d2e3605b-5b69-4714-8929-d617d99826ea req-d2e3605b-5b69-4714-8929-d617d99826ea ] Request (ServerMetadataNegativeTestJSON:setUpClass): 200 GET http://10.180.1.21/compute/v2.1/servers/0d6f9828-e93a-474d-af31-f0ee6cb2149f 0.120s
2025-06-27 19:29:21.689 62429 INFO tempest.lib.common.rest_client [req-a48081a5-f36b-47a4-847d-e1ef02d6fb0a req-a48081a5-f36b-47a4-847d-e1ef02d6fb0a ] Request (ServerExternalEventsTest:test_create_server_external_events): 200 GET http://10.180.1.21/compute/v2.1/servers/83531c89-23dd-47b8-82dd-f8ec7b95dd4d 0.151s
2025-06-27 19:29:21.697 62421 INFO tempest.lib.common.rest_client [req-66144cfa-56fb-4789-a2ec-2cb81210c3e9 req-66144cfa-56fb-4789-a2ec-2cb81210c3e9 ] Request (ServerActionsTestOtherB:setUpClass): 200 GET http://10.180.1.21/compute/v2.1/servers/5ae9308d-1e1f-49ab-aafc-022a936d2f15 0.116s
2025-06-27 19:29:21.795 62444 INFO tempest.lib.common.rest_client [req-1fb5dc0e-d2b8-46be-8063-1fad80759ffa req-1fb5dc0e-d2b8-46be-8063-1fad80759ffa ] Request (ServerDiagnosticsTest:test_get_server_diagnostics): 200 GET http://10.180.1.21/compute/v2.1/servers/f8c0e060-db09-4279-b39b-42549aa0614d 0.089s
2025-06-27 19:29:21.805 62407 INFO tempest.lib.common.rest_client [req-f0cca861-5fad-43ef-a404-c3daefa4c755 req-f0cca861-5fad-43ef-a404-c3daefa4c755 ] Request (AttachInterfacesTestJSON:test_create_list_show_delete_interfaces_by_fixed_ip): 200 GET http://10.180.1.21/compute/v2.1/servers/e3a48262-e571-4b12-8f5f-5c8f5f65e5eb 0.047s
2025-06-27 19:29:21.870 62397 INFO tempest.lib.common.rest_client [req-652b8497-7d16-457e-9d51-f9e457fd2512 req-652b8497-7d16-457e-9d51-f9e457fd2512 ] Request (ServersAdminNegativeTestJSON:setUpClass): 200 GET http://10.180.1.21/compute/v2.1/servers/a2337e7e-3cc9-4427-99fc-b2990dca9cd0 0.062s
2025-06-27 19:29:21.901 62423 INFO tempest.lib.common.rest_client [req-6ddcc664-6250-482c-abe5-4cbeeeff7517 req-6ddcc664-6250-482c-abe5-4cbeeeff7517 ] Request (ServersTestJSON:test_create_server_specify_multibyte_character_name): 200 GET http://10.180.1.21/compute/v2.1/servers/9c9d0334-be7e-466a-ab2c-cc3fbe82d756 0.050s
2025-06-27 19:29:21.949 62417 INFO tempest.lib.common.rest_client [req-c6d2b551-63c2-4ed2-a6e6-94b2c5989bca req-c6d2b551-63c2-4ed2-a6e6-94b2c5989bca ] Request (SecurityGroupsTestJSON:test_list_security_groups_by_server): 200 GET http://10.180.1.21/compute/v2.1/servers/0519cba4-d9b1-4f54-b889-2c09d2d26b14 0.047s
2025-06-27 19:29:21.993 62445 INFO tempest.lib.common.rest_client [req-819dd4d3-2afa-466a-89b3-8938a412f418 req-819dd4d3-2afa-466a-89b3-8938a412f418 ] Request (VolumesAssistedSnapshotsTest:test_volume_assisted_snapshot_create_delete): 200 GET http://10.180.1.21/compute/v2.1/servers/b979c065-ea7c-43bc-8701-fb77b4945ddf 0.047s
2025-06-27 19:29:22.034 62427 INFO tempest.lib.common.rest_client [req-46344a94-916f-4c80-afdc-54b71da9b60a req-46344a94-916f-4c80-afdc-54b71da9b60a ] Request (ImagesOneServerNegativeTestJSON:setUpClass): 200 GET http://10.180.1.21/compute/v2.1/servers/b4b12e43-e240-4782-9041-8887334e6361 0.045s
2025-06-27 19:29:22.078 62406 INFO tempest.lib.common.rest_client [req-d744414d-a1f0-4e85-afcc-13bad6443101 req-d744414d-a1f0-4e85-afcc-13bad6443101 ] Request (ServersTestManualDisk:setUpClass): 200 GET http://10.180.1.21/compute/v2.1/servers/0c391391-3357-41d5-995b-70accf3aa2a9 0.044s
2025-06-27 19:29:22.229 62413 INFO tempest.lib.common.rest_client [req-2ed64829-06a9-46ca-be2d-e03cf0f7a6e9 req-2ed64829-06a9-46ca-be2d-e03cf0f7a6e9 ] Request (ImagesOneServerTestJSON:setUpClass): 200 GET http://10.180.1.21/compute/v2.1/servers/fa375b5c-bf96-4f57-a97c-73ef45bbef75 0.110s
2025-06-27 19:29:22.271 62439 INFO tempest.lib.common.rest_client [req-5afd4d56-7deb-4a26-8f5f-c3cc9382a492 req-5afd4d56-7deb-4a26-8f5f-c3cc9382a492 ] Request (DeleteServersAdminTestJSON:test_admin_delete_servers_of_others): 200 GET http://10.180.1.21/compute/v2.1/servers/0cacf291-e966-4c3e-8cf7-f664295c2f91 0.147s
2025-06-27 19:29:22.283 62415 INFO tempest.lib.common.rest_client [req-7e8851b7-208e-48d9-89c9-7332a0d33b9b req-7e8851b7-208e-48d9-89c9-7332a0d33b9b ] Request (ImagesTestJSON:test_create_image_from_stopped_server): 200 GET http://10.180.1.21/compute/v2.1/servers/8fb8bacf-aca4-4696-971e-559f85c002b3 0.119s
2025-06-27 19:29:22.318 62451 INFO tempest.lib.common.rest_client [req-4e23b3e0-b5bf-4a81-8998-068a6e91c1bf req-4e23b3e0-b5bf-4a81-8998-068a6e91c1bf ] Request (ServersTestBootFromVolume:setUpClass): 200 GET http://10.180.1.21/compute/v2.1/servers/b78cec38-feba-4723-b735-1d9afc5edadc 0.110s
2025-06-27 19:29:22.372 62419 INFO tempest.lib.common.rest_client [req-01466318-892f-4c26-9e05-2f340076a080 req-01466318-892f-4c26-9e05-2f340076a080 ] Request (AttachInterfacesUnderV243Test:test_add_remove_fixed_ip): 200 GET http://10.180.1.21/compute/v2.1/servers/f836f443-77b5-41ae-a1c2-1ee5f80885fa 0.114s
2025-06-27 19:29:22.425 62395 INFO tempest.lib.common.rest_client [req-b10ce1f6-92f4-453a-9754-f5f052f8871f req-b10ce1f6-92f4-453a-9754-f5f052f8871f ] Request (ServersNegativeTestJSON:setUpClass): 200 GET http://10.180.1.21/compute/v2.1/servers/e454739d-dd42-4cdb-90bb-2bf733688af7 0.122s
2025-06-27 19:29:22.431 62433 INFO tempest.lib.common.rest_client [req-685cee0c-f692-4dc1-a2f7-a42c1866c459 req-685cee0c-f692-4dc1-a2f7-a42c1866c459 ] Request (FloatingIPsAssociationTestJSON:setUpClass): 200 GET http://10.180.1.21/compute/v2.1/servers/6c15201d-7373-4040-9256-84ff11fcfed2 0.181s
2025-06-27 19:29:22.471 62399 INFO tempest.lib.common.rest_client [req-1abf266e-28d5-4d8e-a2ce-d5fc8cd1ce96 req-1abf266e-28d5-4d8e-a2ce-d5fc8cd1ce96 ] Request (ListImageFiltersTestJSON:setUpClass): 200 GET http://10.180.1.21/compute/v2.1/servers/00e8d25c-9c28-47ee-8fd7-8734df1a9a3a 0.126s
2025-06-27 19:29:22.515 62391 INFO tempest.lib.common.rest_client [req-c8babb2e-75a9-4f4e-89bd-d745efc3d767 req-c8babb2e-75a9-4f4e-89bd-d745efc3d767 ] Request (ServerAddressesNegativeTestJSON:setUpClass): 200 GET http://10.180.1.21/compute/v2.1/servers/6e14a79e-f3fa-47f5-afff-8d159c6d8a88 0.124s
2025-06-27 19:29:22.523 62411 INFO tempest.lib.common.rest_client [req-1673f11c-cace-4530-af19-ab234ffab17e req-1673f11c-cace-4530-af19-ab234ffab17e ] Request (ServerAddressesTestJSON:setUpClass): 200 GET http://10.180.1.21/compute/v2.1/servers/6e0adc99-63ad-4cca-b300-d67dc2928324 0.172s
2025-06-27 19:29:22.558 62436 INFO tempest.lib.common.rest_client [req-10dda22d-47ba-403c-af52-7e422d6ac0fe req-10dda22d-47ba-403c-af52-7e422d6ac0fe ] Request (AttachVolumeTestJSON:test_attach_detach_volume): 200 GET http://10.180.1.21/compute/v2.1/servers/21b0c6a6-05f7-4d92-9e2e-7ec332a4337a 0.160s
2025-06-27 19:29:22.567 62403 INFO tempest.lib.common.rest_client [req-891fd7af-fbf7-4678-989c-28b2e9469de1 req-891fd7af-fbf7-4678-989c-28b2e9469de1 ] Request (ServersWithSpecificFlavorTestJSON:test_verify_created_server_ephemeral_disk): 200 GET http://10.180.1.21/compute/v2.1/servers/d61ac621-8140-4a40-8e00-acc041e3e0b4 0.129s
2025-06-27 19:29:22.656 62431 INFO tempest.lib.common.rest_client [req-c7b4f2c3-3a50-49ba-994b-c3368c4f8769 req-c7b4f2c3-3a50-49ba-994b-c3368c4f8769 ] Request (VolumesAdminNegativeTest:test_update_attached_volume_with_nonexistent_volume_in_body): 200 GET http://10.180.1.21/compute/v2.1/servers/9b0b21f7-bdc0-488c-a7fc-234727c26b68 0.129s
2025-06-27 19:29:22.687 62453 INFO tempest.lib.common.rest_client [req-12cea7da-31dd-45f3-9498-c2f49ca5add0 req-12cea7da-31dd-45f3-9498-c2f49ca5add0 ] Request (ServersTestJSON:setUpClass): 200 GET http://10.180.1.21/compute/v2.1/servers/311d492c-0093-4d64-a56f-80fce95b809a 0.162s
2025-06-27 19:29:22.698 62409 INFO tempest.lib.common.rest_client [req-d14375db-23da-4ad1-81b0-715a592cf0e8 req-d14375db-23da-4ad1-81b0-715a592cf0e8 ] Request (ServerDiagnosticsNegativeTest:test_get_server_diagnostics_by_non_admin): 200 GET http://10.180.1.21/compute/v2.1/servers/3ae180bd-526d-481f-958b-ca3af96b4406 0.130s
2025-06-27 19:29:22.783 62441 INFO tempest.lib.common.rest_client [req-88bd8391-9abd-4593-815a-1d17cbd08517 req-88bd8391-9abd-4593-815a-1d17cbd08517 ] Request (MigrationsAdminTest:test_list_migrations_in_flavor_resize_situation): 200 GET http://10.180.1.21/compute/v2.1/servers/d0f9134e-2797-4265-86d8-d68b5d3beb7a 0.129s
2025-06-27 19:29:22.809 62393 INFO tempest.lib.common.rest_client [req-e2ca2749-5569-4f66-8895-5fb1c41808da req-e2ca2749-5569-4f66-8895-5fb1c41808da ] Request (ServersAdminTestJSON:setUpClass): 200 GET http://10.180.1.21/compute/v2.1/servers/e21722cc-672b-4f8a-9f78-e50ac83071a5 0.190s
2025-06-27 19:29:22.829 62425 INFO tempest.lib.common.rest_client [req-9be1fd7f-92b8-433b-b46b-910672feff9c req-9be1fd7f-92b8-433b-b46b-910672feff9c ] Request (ServerMetadataNegativeTestJSON:setUpClass): 200 GET http://10.180.1.21/compute/v2.1/servers/0d6f9828-e93a-474d-af31-f0ee6cb2149f 0.167s
2025-06-27 19:29:22.856 62429 INFO tempest.lib.common.rest_client [req-720edc01-65e3-4c7b-8866-658c0349b0bd req-720edc01-65e3-4c7b-8866-658c0349b0bd ] Request (ServerExternalEventsTest:test_create_server_external_events): 200 GET http://10.180.1.21/compute/v2.1/servers/83531c89-23dd-47b8-82dd-f8ec7b95dd4d 0.159s
2025-06-27 19:29:22.873 62421 INFO tempest.lib.common.rest_client [req-2890f011-5682-44ee-93d4-51990d5e69fe req-2890f011-5682-44ee-93d4-51990d5e69fe ] Request (ServerActionsTestOtherB:setUpClass): 200 GET http://10.180.1.21/compute/v2.1/servers/5ae9308d-1e1f-49ab-aafc-022a936d2f15 0.169s
2025-06-27 19:29:22.915 62407 INFO tempest.lib.common.rest_client [req-3033a69e-52dc-49a8-86b1-70a622b93ecf req-3033a69e-52dc-49a8-86b1-70a622b93ecf ] Request (AttachInterfacesTestJSON:test_create_list_show_delete_interfaces_by_fixed_ip): 200 GET http://10.180.1.21/compute/v2.1/servers/e3a48262-e571-4b12-8f5f-5c8f5f65e5eb 0.103s
2025-06-27 19:29:22.946 62444 INFO tempest.lib.common.rest_client [req-2269c73c-1de1-4cb2-85c1-7ce2099320a1 req-2269c73c-1de1-4cb2-85c1-7ce2099320a1 ] Request (ServerDiagnosticsTest:test_get_server_diagnostics): 200 GET http://10.180.1.21/compute/v2.1/servers/f8c0e060-db09-4279-b39b-42549aa0614d 0.143s
2025-06-27 19:29:22.960 62397 INFO tempest.lib.common.rest_client [req-a62eaefa-0d1e-4d17-ba0a-4b97a8d832ab req-a62eaefa-0d1e-4d17-ba0a-4b97a8d832ab ] Request (ServersAdminNegativeTestJSON:setUpClass): 200 GET http://10.180.1.21/compute/v2.1/servers/a2337e7e-3cc9-4427-99fc-b2990dca9cd0 0.082s
2025-06-27 19:29:22.991 62423 INFO tempest.lib.common.rest_client [req-d7c4e67f-9ba8-4f7a-a4bb-7d77aa77ffe2 req-d7c4e67f-9ba8-4f7a-a4bb-7d77aa77ffe2 ] Request (ServersTestJSON:test_create_server_specify_multibyte_character_name): 200 GET http://10.180.1.21/compute/v2.1/servers/9c9d0334-be7e-466a-ab2c-cc3fbe82d756 0.082s
2025-06-27 19:29:23.004 62417 INFO tempest.lib.common.rest_client [req-cf4f4859-90f6-49f9-a3ea-b456ddec2c71 req-cf4f4859-90f6-49f9-a3ea-b456ddec2c71 ] Request (SecurityGroupsTestJSON:test_list_security_groups_by_server): 200 GET http://10.180.1.21/compute/v2.1/servers/0519cba4-d9b1-4f54-b889-2c09d2d26b14 0.045s
2025-06-27 19:29:23.045 62445 INFO tempest.lib.common.rest_client [req-56bd45db-a884-44b1-a191-1c36a1da5be4 req-56bd45db-a884-44b1-a191-1c36a1da5be4 ] Request (VolumesAssistedSnapshotsTest:test_volume_assisted_snapshot_create_delete): 200 GET http://10.180.1.21/compute/v2.1/servers/b979c065-ea7c-43bc-8701-fb77b4945ddf 0.044s
2025-06-27 19:29:23.089 62427 INFO tempest.lib.common.rest_client [req-0c0b81a5-5db0-4284-9a88-69598bfed257 req-0c0b81a5-5db0-4284-9a88-69598bfed257 ] Request (ImagesOneServerNegativeTestJSON:setUpClass): 200 GET http://10.180.1.21/compute/v2.1/servers/b4b12e43-e240-4782-9041-8887334e6361 0.048s
2025-06-27 19:29:23.134 62406 INFO tempest.lib.common.rest_client [req-237ebf8d-01ca-4533-99a4-702ba91f2338 req-237ebf8d-01ca-4533-99a4-702ba91f2338 ] Request (ServersTestManualDisk:setUpClass): 200 GET http://10.180.1.21/compute/v2.1/servers/0c391391-3357-41d5-995b-70accf3aa2a9 0.049s
2025-06-27 19:29:23.332 62413 INFO tempest.lib.common.rest_client [req-125a2356-80a1-4648-99a3-4eecf58e0b53 req-125a2356-80a1-4648-99a3-4eecf58e0b53 ] Request (ImagesOneServerTestJSON:setUpClass): 200 GET http://10.180.1.21/compute/v2.1/servers/fa375b5c-bf96-4f57-a97c-73ef45bbef75 0.094s
2025-06-27 19:29:23.371 62439 INFO tempest.lib.common.rest_client [req-985e7a89-089b-4f8d-b5e7-b530d19f8c7f req-985e7a89-089b-4f8d-b5e7-b530d19f8c7f ] Request (DeleteServersAdminTestJSON:test_admin_delete_servers_of_others): 200 GET http://10.180.1.21/compute/v2.1/servers/0cacf291-e966-4c3e-8cf7-f664295c2f91 0.093s
2025-06-27 19:29:23.378 62415 INFO tempest.lib.common.rest_client [req-37a31a49-64fe-4139-8a22-4d6900ed78f6 req-37a31a49-64fe-4139-8a22-4d6900ed78f6 ] Request (ImagesTestJSON:test_create_image_from_stopped_server): 200 GET http://10.180.1.21/compute/v2.1/servers/8fb8bacf-aca4-4696-971e-559f85c002b3 0.086s
2025-06-27 19:29:23.413 62451 INFO tempest.lib.common.rest_client [req-82d8fbb0-0856-44a4-a27e-4a94e40132a1 req-82d8fbb0-0856-44a4-a27e-4a94e40132a1 ] Request (ServersTestBootFromVolume:setUpClass): 200 GET http://10.180.1.21/compute/v2.1/servers/b78cec38-feba-4723-b735-1d9afc5edadc 0.086s
2025-06-27 19:29:23.426 62419 INFO tempest.lib.common.rest_client [req-053db792-ddfc-4735-9e34-5b196582974d req-053db792-ddfc-4735-9e34-5b196582974d ] Request (AttachInterfacesUnderV243Test:test_add_remove_fixed_ip): 200 GET http://10.180.1.21/compute/v2.1/servers/f836f443-77b5-41ae-a1c2-1ee5f80885fa 0.045s
2025-06-27 19:29:23.480 62395 INFO tempest.lib.common.rest_client [req-dd37ae1e-f3e6-4240-be2b-0e5e1ad6528b req-dd37ae1e-f3e6-4240-be2b-0e5e1ad6528b ] Request (ServersNegativeTestJSON:setUpClass): 200 GET http://10.180.1.21/compute/v2.1/servers/e454739d-dd42-4cdb-90bb-2bf733688af7 0.047s
2025-06-27 19:29:23.524 62399 INFO tempest.lib.common.rest_client [req-d00c4f8c-f7bb-41b5-8289-09c439fc4943 req-d00c4f8c-f7bb-41b5-8289-09c439fc4943 ] Request (ListImageFiltersTestJSON:setUpClass): 200 GET http://10.180.1.21/compute/v2.1/servers/00e8d25c-9c28-47ee-8fd7-8734df1a9a3a 0.046s
2025-06-27 19:29:23.530 62433 INFO tempest.lib.common.rest_client [req-5b81d498-3884-4845-ab68-2b4018dbbdca req-5b81d498-3884-4845-ab68-2b4018dbbdca ] Request (FloatingIPsAssociationTestJSON:setUpClass): 200 GET http://10.180.1.21/compute/v2.1/servers/6c15201d-7373-4040-9256-84ff11fcfed2 0.090s
2025-06-27 19:29:23.566 62391 INFO tempest.lib.common.rest_client [req-65a952a7-4245-48e2-97e1-5c23c77c6fee req-65a952a7-4245-48e2-97e1-5c23c77c6fee ] Request (ServerAddressesNegativeTestJSON:setUpClass): 200 GET http://10.180.1.21/compute/v2.1/servers/6e14a79e-f3fa-47f5-afff-8d159c6d8a88 0.043s
2025-06-27 19:29:23.610 62436 INFO tempest.lib.common.rest_client [req-d7ccc278-2dfb-46dd-b446-c4d37608d5fa req-d7ccc278-2dfb-46dd-b446-c4d37608d5fa ] Request (AttachVolumeTestJSON:test_attach_detach_volume): 200 GET http://10.180.1.21/compute/v2.1/servers/21b0c6a6-05f7-4d92-9e2e-7ec332a4337a 0.044s
2025-06-27 19:29:23.650 62403 INFO tempest.lib.common.rest_client [req-7e820149-7a52-4d06-8eab-a10a5c8a72b2 req-7e820149-7a52-4d06-8eab-a10a5c8a72b2 ] Request (ServersWithSpecificFlavorTestJSON:test_verify_created_server_ephemeral_disk): 200 GET http://10.180.1.21/compute/v2.1/servers/d61ac621-8140-4a40-8e00-acc041e3e0b4 0.075s
2025-06-27 19:29:23.655 62411 INFO tempest.lib.common.rest_client [req-b1676776-237e-47cf-9511-283a561147b2 req-b1676776-237e-47cf-9511-283a561147b2 ] Request (ServerAddressesTestJSON:setUpClass): 200 GET http://10.180.1.21/compute/v2.1/servers/6e0adc99-63ad-4cca-b300-d67dc2928324 0.124s
2025-06-27 19:29:23.749 62431 INFO tempest.lib.common.rest_client [req-71cb020c-f36e-4f13-ba72-d444982da118 req-71cb020c-f36e-4f13-ba72-d444982da118 ] Request (VolumesAdminNegativeTest:test_update_attached_volume_with_nonexistent_volume_in_body): 200 GET http://10.180.1.21/compute/v2.1/servers/9b0b21f7-bdc0-488c-a7fc-234727c26b68 0.086s
2025-06-27 19:29:23.784 62453 INFO tempest.lib.common.rest_client [req-4b7503a5-1d0e-4935-99ec-1a28b7774cf0 req-4b7503a5-1d0e-4935-99ec-1a28b7774cf0 ] Request (ServersTestJSON:setUpClass): 200 GET http://10.180.1.21/compute/v2.1/servers/311d492c-0093-4d64-a56f-80fce95b809a 0.089s
2025-06-27 19:29:23.792 62409 INFO tempest.lib.common.rest_client [req-3226eca7-5cd8-46bb-ab0d-0c05c58f71bc req-3226eca7-5cd8-46bb-ab0d-0c05c58f71bc ] Request (ServerDiagnosticsNegativeTest:test_get_server_diagnostics_by_non_admin): 200 GET http://10.180.1.21/compute/v2.1/servers/3ae180bd-526d-481f-958b-ca3af96b4406 0.085s
2025-06-27 19:29:23.878 62441 INFO tempest.lib.common.rest_client [req-589ade23-9f9b-40ce-a949-6a897e78dbd8 req-589ade23-9f9b-40ce-a949-6a897e78dbd8 ] Request (MigrationsAdminTest:test_list_migrations_in_flavor_resize_situation): 200 GET http://10.180.1.21/compute/v2.1/servers/d0f9134e-2797-4265-86d8-d68b5d3beb7a 0.087s
2025-06-27 19:29:23.906 62393 INFO tempest.lib.common.rest_client [req-7c988e12-f9f5-45bc-8e34-f723c62e92a0 req-7c988e12-f9f5-45bc-8e34-f723c62e92a0 ] Request (ServersAdminTestJSON:setUpClass): 200 GET http://10.180.1.21/compute/v2.1/servers/e21722cc-672b-4f8a-9f78-e50ac83071a5 0.089s
2025-06-27 19:29:23.922 62425 INFO tempest.lib.common.rest_client [req-3972c1ed-80c9-4bc8-9c87-2684d2a97ddd req-3972c1ed-80c9-4bc8-9c87-2684d2a97ddd ] Request (ServerMetadataNegativeTestJSON:setUpClass): 200 GET http://10.180.1.21/compute/v2.1/servers/0d6f9828-e93a-474d-af31-f0ee6cb2149f 0.084s
2025-06-27 19:29:23.948 62429 INFO tempest.lib.common.rest_client [req-3197def9-bf6e-4937-843c-de83bb5cef1e req-3197def9-bf6e-4937-843c-de83bb5cef1e ] Request (ServerExternalEventsTest:test_create_server_external_events): 200 GET http://10.180.1.21/compute/v2.1/servers/83531c89-23dd-47b8-82dd-f8ec7b95dd4d 0.084s
2025-06-27 19:29:23.963 62421 INFO tempest.lib.common.rest_client [req-9188de80-9256-41c0-8a0e-9036d077bc17 req-9188de80-9256-41c0-8a0e-9036d077bc17 ] Request (ServerActionsTestOtherB:setUpClass): 200 GET http://10.180.1.21/compute/v2.1/servers/5ae9308d-1e1f-49ab-aafc-022a936d2f15 0.083s
2025-06-27 19:29:23.992 62407 INFO tempest.lib.common.rest_client [req-4f03afac-c203-40d8-99a8-6e14706cb24e req-4f03afac-c203-40d8-99a8-6e14706cb24e ] Request (AttachInterfacesTestJSON:test_create_list_show_delete_interfaces_by_fixed_ip): 200 GET http://10.180.1.21/compute/v2.1/servers/e3a48262-e571-4b12-8f5f-5c8f5f65e5eb 0.069s
2025-06-27 19:29:24.034 62397 INFO tempest.lib.common.rest_client [req-4f80ad67-1c83-4a2c-870d-c3629e71911f req-4f80ad67-1c83-4a2c-870d-c3629e71911f ] Request (ServersAdminNegativeTestJSON:setUpClass): 200 GET http://10.180.1.21/compute/v2.1/servers/a2337e7e-3cc9-4427-99fc-b2990dca9cd0 0.068s
2025-06-27 19:29:24.048 62444 INFO tempest.lib.common.rest_client [req-119ee6aa-89f8-4a84-b1ab-3de8bb1bee5a req-119ee6aa-89f8-4a84-b1ab-3de8bb1bee5a ] Request (ServerDiagnosticsTest:test_get_server_diagnostics): 200 GET http://10.180.1.21/compute/v2.1/servers/f8c0e060-db09-4279-b39b-42549aa0614d 0.095s
2025-06-27 19:29:24.078 62423 INFO tempest.lib.common.rest_client [req-8babc6ed-90d6-43e6-846c-11fd5fb8b329 req-8babc6ed-90d6-43e6-846c-11fd5fb8b329 ] Request (ServersTestJSON:test_create_server_specify_multibyte_character_name): 200 GET http://10.180.1.21/compute/v2.1/servers/9c9d0334-be7e-466a-ab2c-cc3fbe82d756 0.079s
2025-06-27 19:29:24.093 62417 INFO tempest.lib.common.rest_client [req-ceef3c62-2b1f-4b38-ace9-092703eb98e6 req-ceef3c62-2b1f-4b38-ace9-092703eb98e6 ] Request (SecurityGroupsTestJSON:test_list_security_groups_by_server): 200 GET http://10.180.1.21/compute/v2.1/servers/0519cba4-d9b1-4f54-b889-2c09d2d26b14 0.081s
2025-06-27 19:29:24.117 62445 INFO tempest.lib.common.rest_client [req-6495a954-77d1-41ec-8f83-690583550036 req-6495a954-77d1-41ec-8f83-690583550036 ] Request (VolumesAssistedSnapshotsTest:test_volume_assisted_snapshot_create_delete): 200 GET http://10.180.1.21/compute/v2.1/servers/b979c065-ea7c-43bc-8701-fb77b4945ddf 0.064s
2025-06-27 19:29:24.143 62427 INFO tempest.lib.common.rest_client [req-43029d92-6904-4201-a3e1-1992d225afbe req-43029d92-6904-4201-a3e1-1992d225afbe ] Request (ImagesOneServerNegativeTestJSON:setUpClass): 200 GET http://10.180.1.21/compute/v2.1/servers/b4b12e43-e240-4782-9041-8887334e6361 0.046s
2025-06-27 19:29:24.186 62406 INFO tempest.lib.common.rest_client [req-e5220396-42d7-412b-a79b-39c67fd859c3 req-e5220396-42d7-412b-a79b-39c67fd859c3 ] Request (ServersTestManualDisk:setUpClass): 200 GET http://10.180.1.21/compute/v2.1/servers/0c391391-3357-41d5-995b-70accf3aa2a9 0.044s
2025-06-27 19:29:24.430 62413 INFO tempest.lib.common.rest_client [req-c183187b-e1da-4d4e-8b03-0006124bcfcd req-c183187b-e1da-4d4e-8b03-0006124bcfcd ] Request (ImagesOneServerTestJSON:setUpClass): 200 GET http://10.180.1.21/compute/v2.1/servers/fa375b5c-bf96-4f57-a97c-73ef45bbef75 0.091s
2025-06-27 19:29:24.471 62439 INFO tempest.lib.common.rest_client [req-6472e940-3140-4fdf-8fad-c83c80c2eeff req-6472e940-3140-4fdf-8fad-c83c80c2eeff ] Request (DeleteServersAdminTestJSON:test_admin_delete_servers_of_others): 200 GET http://10.180.1.21/compute/v2.1/servers/0cacf291-e966-4c3e-8cf7-f664295c2f91 0.092s
2025-06-27 19:29:24.473 62415 INFO tempest.lib.common.rest_client [req-82291f70-672f-4987-9329-c44cba45edf3 req-82291f70-672f-4987-9329-c44cba45edf3 ] Request (ImagesTestJSON:test_create_image_from_stopped_server): 200 GET http://10.180.1.21/compute/v2.1/servers/8fb8bacf-aca4-4696-971e-559f85c002b3 0.088s
2025-06-27 19:29:24.515 62451 INFO tempest.lib.common.rest_client [req-f5b91993-87a1-4b12-9cbe-6fe60dfe7d18 req-f5b91993-87a1-4b12-9cbe-6fe60dfe7d18 ] Request (ServersTestBootFromVolume:setUpClass): 200 GET http://10.180.1.21/compute/v2.1/servers/b78cec38-feba-4723-b735-1d9afc5edadc 0.092s
2025-06-27 19:29:24.515 62419 INFO tempest.lib.common.rest_client [req-a1266967-4f2e-466b-9d35-bfff92e9079c req-a1266967-4f2e-466b-9d35-bfff92e9079c ] Request (AttachInterfacesUnderV243Test:test_add_remove_fixed_ip): 200 GET http://10.180.1.21/compute/v2.1/servers/f836f443-77b5-41ae-a1c2-1ee5f80885fa 0.081s
2025-06-27 19:29:24.556 62395 INFO tempest.lib.common.rest_client [req-fcab8b31-6ad0-4a55-9581-0c133fb8ff34 req-fcab8b31-6ad0-4a55-9581-0c133fb8ff34 ] Request (ServersNegativeTestJSON:setUpClass): 200 GET http://10.180.1.21/compute/v2.1/servers/e454739d-dd42-4cdb-90bb-2bf733688af7 0.069s
2025-06-27 19:29:24.578 62399 INFO tempest.lib.common.rest_client [req-cc68f82e-dfbd-4b96-8a6f-1690dc059691 req-cc68f82e-dfbd-4b96-8a6f-1690dc059691 ] Request (ListImageFiltersTestJSON:setUpClass): 200 GET http://10.180.1.21/compute/v2.1/servers/00e8d25c-9c28-47ee-8fd7-8734df1a9a3a 0.046s
2025-06-27 19:29:24.620 62391 INFO tempest.lib.common.rest_client [req-7badb484-af8c-422e-9879-8518efe1c7c0 req-7badb484-af8c-422e-9879-8518efe1c7c0 ] Request (ServerAddressesNegativeTestJSON:setUpClass): 200 GET http://10.180.1.21/compute/v2.1/servers/6e14a79e-f3fa-47f5-afff-8d159c6d8a88 0.047s
2025-06-27 19:29:24.661 62436 INFO tempest.lib.common.rest_client [req-662c0923-a4b2-4d09-a91f-dc93898f8dab req-662c0923-a4b2-4d09-a91f-dc93898f8dab ] Request (AttachVolumeTestJSON:test_attach_detach_volume): 200 GET http://10.180.1.21/compute/v2.1/servers/21b0c6a6-05f7-4d92-9e2e-7ec332a4337a 0.043s
2025-06-27 19:29:24.678 62433 INFO tempest.lib.common.rest_client [req-b44fc237-6b1d-4965-84c3-99a9fda682df req-b44fc237-6b1d-4965-84c3-99a9fda682df ] Request (FloatingIPsAssociationTestJSON:setUpClass): 200 GET http://10.180.1.21/compute/v2.1/servers/6c15201d-7373-4040-9256-84ff11fcfed2 0.141s
2025-06-27 19:29:24.703 62403 INFO tempest.lib.common.rest_client [req-50b0b281-b52f-432a-a228-4f360bb76a7b req-50b0b281-b52f-432a-a228-4f360bb76a7b ] Request (ServersWithSpecificFlavorTestJSON:test_verify_created_server_ephemeral_disk): 200 GET http://10.180.1.21/compute/v2.1/servers/d61ac621-8140-4a40-8e00-acc041e3e0b4 0.045s
2025-06-27 19:29:24.802 62411 INFO tempest.lib.common.rest_client [req-4f7ae1ec-7ae4-4019-aeb5-e3c60890385a req-4f7ae1ec-7ae4-4019-aeb5-e3c60890385a ] Request (ServerAddressesTestJSON:setUpClass): 200 GET http://10.180.1.21/compute/v2.1/servers/6e0adc99-63ad-4cca-b300-d67dc2928324 0.139s
2025-06-27 19:29:24.885 62431 INFO tempest.lib.common.rest_client [req-446243d6-d7f4-4c1f-9cc1-039a0c98c8a7 req-446243d6-d7f4-4c1f-9cc1-039a0c98c8a7 ] Request (VolumesAdminNegativeTest:test_update_attached_volume_with_nonexistent_volume_in_body): 200 GET http://10.180.1.21/compute/v2.1/servers/9b0b21f7-bdc0-488c-a7fc-234727c26b68 0.129s
2025-06-27 19:29:24.886 62453 INFO tempest.lib.common.rest_client [req-c00332b3-3a6d-4a05-927f-103d949d2b43 req-c00332b3-3a6d-4a05-927f-103d949d2b43 ] Request (ServersTestJSON:setUpClass): 200 GET http://10.180.1.21/compute/v2.1/servers/311d492c-0093-4d64-a56f-80fce95b809a 0.095s
2025-06-27 19:29:24.929 62409 INFO tempest.lib.common.rest_client [req-40113aa0-784a-4896-9381-805778ecd2b3 req-40113aa0-784a-4896-9381-805778ecd2b3 ] Request (ServerDiagnosticsNegativeTest:test_get_server_diagnostics_by_non_admin): 200 GET http://10.180.1.21/compute/v2.1/servers/3ae180bd-526d-481f-958b-ca3af96b4406 0.130s
2025-06-27 19:29:24.974 62441 INFO tempest.lib.common.rest_client [req-78534de7-cb69-4a1e-917a-7f07aa1ce817 req-78534de7-cb69-4a1e-917a-7f07aa1ce817 ] Request (MigrationsAdminTest:test_list_migrations_in_flavor_resize_situation): 200 GET http://10.180.1.21/compute/v2.1/servers/d0f9134e-2797-4265-86d8-d68b5d3beb7a 0.089s
2025-06-27 19:29:25.017 62425 INFO tempest.lib.common.rest_client [req-57a9c6ec-f9b6-4784-a047-b939001401e8 req-57a9c6ec-f9b6-4784-a047-b939001401e8 ] Request (ServerMetadataNegativeTestJSON:setUpClass): 200 GET http://10.180.1.21/compute/v2.1/servers/0d6f9828-e93a-474d-af31-f0ee6cb2149f 0.088s
2025-06-27 19:29:25.052 62393 INFO tempest.lib.common.rest_client [req-9adc118d-1993-40ba-94a1-162727e781f3 req-9adc118d-1993-40ba-94a1-162727e781f3 ] Request (ServersAdminTestJSON:setUpClass): 200 GET http://10.180.1.21/compute/v2.1/servers/e21722cc-672b-4f8a-9f78-e50ac83071a5 0.137s
2025-06-27 19:29:25.059 62429 INFO tempest.lib.common.rest_client [req-42e833b1-bec7-4d86-b5f6-51bf387e846e req-42e833b1-bec7-4d86-b5f6-51bf387e846e ] Request (ServerExternalEventsTest:test_create_server_external_events): 200 GET http://10.180.1.21/compute/v2.1/servers/83531c89-23dd-47b8-82dd-f8ec7b95dd4d 0.103s
2025-06-27 19:29:25.094 62421 INFO tempest.lib.common.rest_client [req-7d3caebd-0bbd-4673-a477-58ec2d5b08b9 req-7d3caebd-0bbd-4673-a477-58ec2d5b08b9 ] Request (ServerActionsTestOtherB:setUpClass): 200 GET http://10.180.1.21/compute/v2.1/servers/5ae9308d-1e1f-49ab-aafc-022a936d2f15 0.122s
2025-06-27 19:29:25.100 62407 INFO tempest.lib.common.rest_client [req-b9ff8bbc-c6ee-4864-9e33-0219dd81f306 req-b9ff8bbc-c6ee-4864-9e33-0219dd81f306 ] Request (AttachInterfacesTestJSON:test_create_list_show_delete_interfaces_by_fixed_ip): 200 GET http://10.180.1.21/compute/v2.1/servers/e3a48262-e571-4b12-8f5f-5c8f5f65e5eb 0.100s
2025-06-27 19:29:25.135 62397 INFO tempest.lib.common.rest_client [req-7d6eb872-3a86-4103-9998-3631746af665 req-7d6eb872-3a86-4103-9998-3631746af665 ] Request (ServersAdminNegativeTestJSON:setUpClass): 200 GET http://10.180.1.21/compute/v2.1/servers/a2337e7e-3cc9-4427-99fc-b2990dca9cd0 0.093s
2025-06-27 19:29:25.177 62423 INFO tempest.lib.common.rest_client [req-bdf360e4-39d2-4b05-9fbf-4a8376127be2 req-bdf360e4-39d2-4b05-9fbf-4a8376127be2 ] Request (ServersTestJSON:test_create_server_specify_multibyte_character_name): 200 GET http://10.180.1.21/compute/v2.1/servers/9c9d0334-be7e-466a-ab2c-cc3fbe82d756 0.092s
2025-06-27 19:29:25.186 62444 INFO tempest.lib.common.rest_client [req-1e633dc1-8bf6-4ffd-bdc2-c7f7ecaa5a42 req-1e633dc1-8bf6-4ffd-bdc2-c7f7ecaa5a42 ] Request (ServerDiagnosticsTest:test_get_server_diagnostics): 200 GET http://10.180.1.21/compute/v2.1/servers/f8c0e060-db09-4279-b39b-42549aa0614d 0.130s
2025-06-27 19:29:25.223 62417 INFO tempest.lib.common.rest_client [req-1c8a603f-ab53-4fb0-8b62-277d2a4d08a3 req-1c8a603f-ab53-4fb0-8b62-277d2a4d08a3 ] Request (SecurityGroupsTestJSON:test_list_security_groups_by_server): 200 GET http://10.180.1.21/compute/v2.1/servers/0519cba4-d9b1-4f54-b889-2c09d2d26b14 0.122s
2025-06-27 19:29:25.231 62445 INFO tempest.lib.common.rest_client [req-06e34857-9eff-4a34-8de8-d6a10acd16db req-06e34857-9eff-4a34-8de8-d6a10acd16db ] Request (VolumesAssistedSnapshotsTest:test_volume_assisted_snapshot_create_delete): 200 GET http://10.180.1.21/compute/v2.1/servers/b979c065-ea7c-43bc-8701-fb77b4945ddf 0.107s
2025-06-27 19:29:25.266 62427 INFO tempest.lib.common.rest_client [req-f97e13d0-f353-411c-a503-a74f60208270 req-f97e13d0-f353-411c-a503-a74f60208270 ] Request (ImagesOneServerNegativeTestJSON:setUpClass): 200 GET http://10.180.1.21/compute/v2.1/servers/b4b12e43-e240-4782-9041-8887334e6361 0.115s
2025-06-27 19:29:25.284 62406 INFO tempest.lib.common.rest_client [req-fbb5fd4f-c381-43f8-aa6e-d9e28908f825 req-fbb5fd4f-c381-43f8-aa6e-d9e28908f825 ] Request (ServersTestManualDisk:setUpClass): 200 GET http://10.180.1.21/compute/v2.1/servers/0c391391-3357-41d5-995b-70accf3aa2a9 0.091s
2025-06-27 19:29:25.566 62413 INFO tempest.lib.common.rest_client [req-a9d9a295-b93a-44d3-845f-a4eea107947a req-a9d9a295-b93a-44d3-845f-a4eea107947a ] Request (ImagesOneServerTestJSON:setUpClass): 200 GET http://10.180.1.21/compute/v2.1/servers/fa375b5c-bf96-4f57-a97c-73ef45bbef75 0.128s
2025-06-27 19:29:25.573 62439 INFO tempest.lib.common.rest_client [req-5a627266-a121-4d85-af2e-d68e6fc0b0c3 req-5a627266-a121-4d85-af2e-d68e6fc0b0c3 ] Request (DeleteServersAdminTestJSON:test_admin_delete_servers_of_others): 200 GET http://10.180.1.21/compute/v2.1/servers/0cacf291-e966-4c3e-8cf7-f664295c2f91 0.093s
2025-06-27 19:29:25.608 62415 INFO tempest.lib.common.rest_client [req-133d6968-3874-415d-81a4-6c0ac668ba08 req-133d6968-3874-415d-81a4-6c0ac668ba08 ] Request (ImagesTestJSON:test_create_image_from_stopped_server): 200 GET http://10.180.1.21/compute/v2.1/servers/8fb8bacf-aca4-4696-971e-559f85c002b3 0.128s
2025-06-27 19:29:25.616 62451 INFO tempest.lib.common.rest_client [req-bd686fd2-9a8e-46f0-93ff-572b61bd9fc2 req-bd686fd2-9a8e-46f0-93ff-572b61bd9fc2 ] Request (ServersTestBootFromVolume:setUpClass): 200 GET http://10.180.1.21/compute/v2.1/servers/b78cec38-feba-4723-b735-1d9afc5edadc 0.095s
2025-06-27 19:29:25.649 62419 INFO tempest.lib.common.rest_client [req-faf5cee7-f7a9-47ea-b414-3d639d96bbed req-faf5cee7-f7a9-47ea-b414-3d639d96bbed ] Request (AttachInterfacesUnderV243Test:test_add_remove_fixed_ip): 200 GET http://10.180.1.21/compute/v2.1/servers/f836f443-77b5-41ae-a1c2-1ee5f80885fa 0.127s
2025-06-27 19:29:25.657 62395 INFO tempest.lib.common.rest_client [req-bbe458a4-bcc7-49f5-9f8c-07f11ec19f0f req-bbe458a4-bcc7-49f5-9f8c-07f11ec19f0f ] Request (ServersNegativeTestJSON:setUpClass): 200 GET http://10.180.1.21/compute/v2.1/servers/e454739d-dd42-4cdb-90bb-2bf733688af7 0.093s
2025-06-27 19:29:25.691 62399 INFO tempest.lib.common.rest_client [req-81d83efb-8055-42e2-aa0e-1d7e8ca3ceed req-81d83efb-8055-42e2-aa0e-1d7e8ca3ceed ] Request (ListImageFiltersTestJSON:setUpClass): 200 GET http://10.180.1.21/compute/v2.1/servers/00e8d25c-9c28-47ee-8fd7-8734df1a9a3a 0.106s
2025-06-27 19:29:25.699 62391 INFO tempest.lib.common.rest_client [req-47131b50-4f51-499b-9650-f37b27e95ed1 req-47131b50-4f51-499b-9650-f37b27e95ed1 ] Request (ServerAddressesNegativeTestJSON:setUpClass): 200 GET http://10.180.1.21/compute/v2.1/servers/6e14a79e-f3fa-47f5-afff-8d159c6d8a88 0.070s
2025-06-27 19:29:25.732 62436 INFO tempest.lib.common.rest_client [req-b21bf21f-fe61-48d5-9b1c-91bedee90ee2 req-b21bf21f-fe61-48d5-9b1c-91bedee90ee2 ] Request (AttachVolumeTestJSON:test_attach_detach_volume): 200 GET http://10.180.1.21/compute/v2.1/servers/21b0c6a6-05f7-4d92-9e2e-7ec332a4337a 0.062s
