2025-06-27 19:28:31.135 62427 INFO tempest.lib.common.rest_client [req-b2c369fd-10a1-4df3-853c-41aa918cb757 req-b2c369fd-10a1-4df3-853c-41aa918cb757 ] Request (QuotasAdminNegativeTest:setUpClass): 201 POST http://10.180.1.21/identity/v3/users 0.059s
2025-06-27 19:28:31.135 62436 INFO tempest.lib.common.rest_client [req-1251788a-89b6-441a-801d-0aa3ef82f866 req-1251788a-89b6-441a-801d-0aa3ef82f866 ] Request (ServerGroup264TestJSON:setUpClass): 201 POST http://10.180.1.21/identity/v3/users 0.133s
2025-06-27 19:28:31.159 62436 INFO tempest.lib.common.rest_client [req-356cf7f6-cd44-44bf-85a1-dac066981799 req-356cf7f6-cd44-44bf-85a1-dac066981799 ] Request (ServerGroup264TestJSON:setUpClass): 200 GET http://10.180.1.21/identity/v3/roles 0.023s
2025-06-27 19:28:31.173 62407 INFO tempest.lib.common.rest_client [req-fd60bfad-5fe7-42ef-8274-eaba9837fab6 req-fd60bfad-5fe7-42ef-8274-eaba9837fab6 ] Request (AttachInterfacesTestJSON:setUpClass): 201 POST http://10.180.1.21/identity/v3/users 0.091s
2025-06-27 19:28:31.176 62427 INFO tempest.lib.common.rest_client [req-80175204-58fd-4a9f-9635-968048e2a9d4 req-80175204-58fd-4a9f-9635-968048e2a9d4 ] Request (QuotasAdminNegativeTest:setUpClass): 200 GET http://10.180.1.21/identity/v3/roles 0.040s
2025-06-27 19:28:31.188 62407 INFO tempest.lib.common.rest_client [req-3ef4e30f-4506-44b6-ac61-5bec0731febd req-3ef4e30f-4506-44b6-ac61-5bec0731febd ] Request (AttachInterfacesTestJSON:setUpClass): 200 GET http://10.180.1.21/identity/v3/roles 0.015s
2025-06-27 19:28:31.199 62436 INFO tempest.lib.common.rest_client [req-9cf36111-7e5c-4d18-95b9-7c94247b9f32 req-9cf36111-7e5c-4d18-95b9-7c94247b9f32 ] Request (ServerGroup264TestJSON:setUpClass): 204 PUT http://10.180.1.21/identity/v3/projects/5d8b370ec763428f89380ac6251cbb75/users/e878d7c5809c4afcb0bb6603a9582ac8/roles/dbf5cb5895594ca8b5bb0c198e1afc58 0.039s
2025-06-27 19:28:31.199 62436 INFO tempest.lib.common.dynamic_creds [-] Dynamic test user e878d7c5809c4afcb0bb6603a9582ac8 is created with scope project and roles: ['member']
2025-06-27 19:28:31.199 62436 INFO tempest.lib.common.dynamic_creds [-] Acquired dynamic creds: credentials: Credentials: {'domain_id': 'default', 'domain_name': 'Default', 'username': 'tempest-ServerGroup264TestJSON-814874960-project-member', 'project_domain_id': 'default', 'project_domain_name': 'Default', 'project_id': '5d8b370ec763428f89380ac6251cbb75', 'project_name': 'tempest-ServerGroup264TestJSON-814874960', 'tenant_id': '5d8b370ec763428f89380ac6251cbb75', 'tenant_name': 'tempest-ServerGroup264TestJSON-814874960', 'user_domain_id': 'default', 'user_domain_name': 'Default', 'user_id': 'e878d7c5809c4afcb0bb6603a9582ac8', 'system': None}, Network: None, Subnet: None, Router: None
2025-06-27 19:28:31.211 62427 INFO tempest.lib.common.rest_client [req-bb165287-499f-4e14-9138-6382d1a7f77a req-bb165287-499f-4e14-9138-6382d1a7f77a ] Request (QuotasAdminNegativeTest:setUpClass): 204 PUT http://10.180.1.21/identity/v3/projects/56d9f756f08143e18bdcf68310ddee09/users/7aa984131e47477889a9c93bcf2d6911/roles/dbf5cb5895594ca8b5bb0c198e1afc58 0.034s
2025-06-27 19:28:31.211 62427 INFO tempest.lib.common.dynamic_creds [-] Dynamic test user 7aa984131e47477889a9c93bcf2d6911 is created with scope project and roles: ['member']
2025-06-27 19:28:31.211 62427 INFO tempest.lib.common.dynamic_creds [-] Acquired dynamic creds: credentials: Credentials: {'domain_id': 'default', 'domain_name': 'Default', 'username': 'tempest-QuotasAdminNegativeTest-1201688558-project-member', 'project_domain_id': 'default', 'project_domain_name': 'Default', 'project_id': '56d9f756f08143e18bdcf68310ddee09', 'project_name': 'tempest-QuotasAdminNegativeTest-1201688558', 'tenant_id': '56d9f756f08143e18bdcf68310ddee09', 'tenant_name': 'tempest-QuotasAdminNegativeTest-1201688558', 'user_domain_id': 'default', 'user_domain_name': 'Default', 'user_id': '7aa984131e47477889a9c93bcf2d6911', 'system': None}, Network: None, Subnet: None, Router: None
2025-06-27 19:28:31.211 62427 INFO tempest.lib.common.dynamic_creds [-] Created isolated network resources for: credentials: Credentials: {'domain_id': 'default', 'domain_name': 'Default', 'username': 'tempest-QuotasAdminNegativeTest-1201688558-project-member', 'project_domain_id': 'default', 'project_domain_name': 'Default', 'project_id': '56d9f756f08143e18bdcf68310ddee09', 'project_name': 'tempest-QuotasAdminNegativeTest-1201688558', 'tenant_id': '56d9f756f08143e18bdcf68310ddee09', 'tenant_name': 'tempest-QuotasAdminNegativeTest-1201688558', 'user_domain_id': 'default', 'user_domain_name': 'Default', 'user_id': '7aa984131e47477889a9c93bcf2d6911', 'system': None}, Network: None, Subnet: None, Router: None
2025-06-27 19:28:31.268 62436 INFO tempest.lib.common.rest_client [req-48155cdf-edaf-4e69-8b15-319a33d98597 req-48155cdf-edaf-4e69-8b15-319a33d98597 ] Request (ServerGroup264TestJSON:setUpClass): 201 POST http://10.180.1.21/identity/v3/auth/tokens 0.068s
2025-06-27 19:28:31.287 62407 INFO tempest.lib.common.rest_client [req-e43df734-52b0-4765-a533-747b83ef1a83 req-e43df734-52b0-4765-a533-747b83ef1a83 ] Request (AttachInterfacesTestJSON:setUpClass): 204 PUT http://10.180.1.21/identity/v3/projects/2f4ecf66e779420bbb734b4710723191/users/c35183dd37854f9eb4928c3ae33224ea/roles/dbf5cb5895594ca8b5bb0c198e1afc58 0.098s
2025-06-27 19:28:31.287 62407 INFO tempest.lib.common.dynamic_creds [-] Dynamic test user c35183dd37854f9eb4928c3ae33224ea is created with scope project and roles: ['member']
2025-06-27 19:28:31.288 62407 INFO tempest.lib.common.dynamic_creds [-] Acquired dynamic creds: credentials: Credentials: {'domain_id': 'default', 'domain_name': 'Default', 'username': 'tempest-AttachInterfacesTestJSON-532148952-project-member', 'project_domain_id': 'default', 'project_domain_name': 'Default', 'project_id': '2f4ecf66e779420bbb734b4710723191', 'project_name': 'tempest-AttachInterfacesTestJSON-532148952', 'tenant_id': '2f4ecf66e779420bbb734b4710723191', 'tenant_name': 'tempest-AttachInterfacesTestJSON-532148952', 'user_domain_id': 'default', 'user_domain_name': 'Default', 'user_id': 'c35183dd37854f9eb4928c3ae33224ea', 'system': None}, Network: None, Subnet: None, Router: None
2025-06-27 19:28:31.303 62451 INFO tempest.lib.common.rest_client [req-7a90f94f-e245-4a67-9cef-10eae313a896 req-7a90f94f-e245-4a67-9cef-10eae313a896 ] Request (FloatingIPsTestJSON:test_delete_floating_ip): 200 POST http://10.180.1.21/compute/v2.1/os-floating-ips 2.549s
2025-06-27 19:28:31.324 62397 INFO tempest.lib.common.rest_client [req-508fb10c-cea4-4294-9af4-26c9f1dc2aaa req-508fb10c-cea4-4294-9af4-26c9f1dc2aaa ] Request (FlavorsAccessNegativeTestJSON:test_flavor_non_admin_remove): 200 POST http://10.180.1.21/compute/v2.1/flavors 2.338s
2025-06-27 19:28:31.335 62427 INFO tempest.lib.common.rest_client [req-670f4955-2587-4758-a52d-4666d21263d6 req-670f4955-2587-4758-a52d-4666d21263d6 ] Request (QuotasAdminNegativeTest:setUpClass): 201 POST http://10.180.1.21/identity/v3/auth/tokens 0.119s
2025-06-27 19:28:31.346 62417 INFO tempest.lib.common.rest_client [req-ee3b1cb6-017f-4e38-86e6-9e8d17e442b4 req-ee3b1cb6-017f-4e38-86e6-9e8d17e442b4 ] Request (SecurityGroupsTestJSON:test_list_security_groups_by_server): 200 GET http://10.180.1.21/compute/v2.1/servers/0519cba4-d9b1-4f54-b889-2c09d2d26b14 2.428s
2025-06-27 19:28:31.396 62431 INFO tempest.lib.common.rest_client [req-dba238be-2e2b-4848-86ee-9ed99bc1fab6 req-dba238be-2e2b-4848-86ee-9ed99bc1fab6 ] Request (VolumesAdminNegativeTest:test_update_attached_volume_with_nonexistent_volume_in_body): 200 GET http://10.180.1.21/compute/v2.1/servers/9b0b21f7-bdc0-488c-a7fc-234727c26b68 2.405s
2025-06-27 19:28:31.406 62427 INFO tempest.lib.common.rest_client [req-1aad6645-0c1e-4265-afa1-5ad77fe8d18b req-1aad6645-0c1e-4265-afa1-5ad77fe8d18b ] Request (QuotasAdminNegativeTest:setUpClass): 201 POST http://10.180.1.21/identity/v3/projects 0.070s
2025-06-27 19:28:31.410 62407 INFO tempest.lib.common.rest_client [req-ee2aef46-015e-4739-b9be-3bbaed94e313 req-ee2aef46-015e-4739-b9be-3bbaed94e313 ] Request (AttachInterfacesTestJSON:setUpClass): 201 POST http://10.180.1.21/identity/v3/auth/tokens 0.122s
2025-06-27 19:28:31.474 62427 INFO tempest.lib.common.rest_client [req-83361037-719f-446c-9592-553daf6e1ddd req-83361037-719f-446c-9592-553daf6e1ddd ] Request (QuotasAdminNegativeTest:setUpClass): 201 POST http://10.180.1.21/identity/v3/users 0.067s
2025-06-27 19:28:31.494 62427 INFO tempest.lib.common.rest_client [req-6ea40ba2-1603-479f-90dc-7630e3619804 req-6ea40ba2-1603-479f-90dc-7630e3619804 ] Request (QuotasAdminNegativeTest:setUpClass): 200 GET http://10.180.1.21/identity/v3/roles 0.020s
2025-06-27 19:28:31.519 62427 INFO tempest.lib.common.rest_client [req-78c62c91-aab4-4949-bdc1-d9fcefa45f35 req-78c62c91-aab4-4949-bdc1-d9fcefa45f35 ] Request (QuotasAdminNegativeTest:setUpClass): 204 PUT http://10.180.1.21/identity/v3/projects/1d0722a9899247f6bea61c9622777ce7/users/c6f579341dc44eb6a421cb98a40c8867/roles/84d2e68d17014f5fb3c970514e967288 0.024s
2025-06-27 19:28:31.567 62427 INFO tempest.lib.common.rest_client [req-38295873-926b-4829-8959-ed4c69496502 req-38295873-926b-4829-8959-ed4c69496502 ] Request (QuotasAdminNegativeTest:setUpClass): 200 GET http://10.180.1.21/identity/v3/roles 0.047s
2025-06-27 19:28:31.583 62427 INFO tempest.lib.common.rest_client [req-24f7488c-9199-44fa-852c-e8b978b92850 req-24f7488c-9199-44fa-852c-e8b978b92850 ] Request (QuotasAdminNegativeTest:setUpClass): 204 PUT http://10.180.1.21/identity/v3/projects/1d0722a9899247f6bea61c9622777ce7/users/c6f579341dc44eb6a421cb98a40c8867/roles/84d2e68d17014f5fb3c970514e967288 0.016s
2025-06-27 19:28:31.584 62427 INFO tempest.lib.common.dynamic_creds [-] Dynamic test user c6f579341dc44eb6a421cb98a40c8867 is created with scope project and roles: ['admin']
2025-06-27 19:28:31.584 62427 INFO tempest.lib.common.dynamic_creds [-] Acquired dynamic creds: credentials: Credentials: {'domain_id': 'default', 'domain_name': 'Default', 'username': 'tempest-QuotasAdminNegativeTest-2098745986-project-admin', 'project_domain_id': 'default', 'project_domain_name': 'Default', 'project_id': '1d0722a9899247f6bea61c9622777ce7', 'project_name': 'tempest-QuotasAdminNegativeTest-2098745986', 'tenant_id': '1d0722a9899247f6bea61c9622777ce7', 'tenant_name': 'tempest-QuotasAdminNegativeTest-2098745986', 'user_domain_id': 'default', 'user_domain_name': 'Default', 'user_id': 'c6f579341dc44eb6a421cb98a40c8867', 'system': None}, Network: None, Subnet: None, Router: None
2025-06-27 19:28:31.584 62427 INFO tempest.lib.common.dynamic_creds [-] Created isolated network resources for: credentials: Credentials: {'domain_id': 'default', 'domain_name': 'Default', 'username': 'tempest-QuotasAdminNegativeTest-2098745986-project-admin', 'project_domain_id': 'default', 'project_domain_name': 'Default', 'project_id': '1d0722a9899247f6bea61c9622777ce7', 'project_name': 'tempest-QuotasAdminNegativeTest-2098745986', 'tenant_id': '1d0722a9899247f6bea61c9622777ce7', 'tenant_name': 'tempest-QuotasAdminNegativeTest-2098745986', 'user_domain_id': 'default', 'user_domain_name': 'Default', 'user_id': 'c6f579341dc44eb6a421cb98a40c8867', 'system': None}, Network: None, Subnet: None, Router: None
2025-06-27 19:28:31.633 62444 INFO tempest.lib.common.rest_client [req-a4e1ff0b-e1a2-484a-833b-a37483364d1e req-a4e1ff0b-e1a2-484a-833b-a37483364d1e ] Request (ServerDiagnosticsTest:test_get_server_diagnostics): 200 GET http://10.180.1.21/compute/v2.1/servers/f8c0e060-db09-4279-b39b-42549aa0614d 2.564s
2025-06-27 19:28:31.661 62427 INFO tempest.lib.common.rest_client [req-5b2cdddc-3aab-4e4f-a07f-6a8bd0ab6300 req-5b2cdddc-3aab-4e4f-a07f-6a8bd0ab6300 ] Request (QuotasAdminNegativeTest:setUpClass): 201 POST http://10.180.1.21/identity/v3/auth/tokens 0.074s
2025-06-27 19:28:31.662 62427 WARNING tempest.lib.common.rest_client [-] Deprecated: "tenant_id" property is deprecated for removal, use "project_id" instead
2025-06-27 19:28:31.665 62453 INFO tempest.lib.common.rest_client [req-694d3703-48b6-447b-af3d-4ee5d2c4340b req-694d3703-48b6-447b-af3d-4ee5d2c4340b ] Request (ServersTestJSON:setUpClass): 200 GET http://10.180.1.21/compute/v2.1/servers/311d492c-0093-4d64-a56f-80fce95b809a 2.550s
2025-06-27 19:28:31.667 62403 INFO tempest.lib.common.rest_client [req-7ae10d3a-86af-4583-917f-7d085b18f47d req-7ae10d3a-86af-4583-917f-7d085b18f47d ] Request (ValidationResourcesFixture:setUp): 201 POST http://10.180.1.21:9696/networking/v2.0/security-groups 0.617s
2025-06-27 19:28:31.709 62423 INFO tempest.lib.common.rest_client [req-7a57ed5f-7211-4d94-b646-363dc061535d req-7a57ed5f-7211-4d94-b646-363dc061535d ] Request (ServersTestJSON:test_create_server_specify_multibyte_character_name): 200 GET http://10.180.1.21/compute/v2.1/servers/9c9d0334-be7e-466a-ab2c-cc3fbe82d756 2.531s
2025-06-27 19:28:31.716 62415 INFO tempest.lib.common.rest_client [req-6e02372c-0641-4977-aded-0637f5a412ea req-6e02372c-0641-4977-aded-0637f5a412ea ] Request (FlavorsAdminTestJSON:test_create_list_flavor_without_extra_data): 200 GET http://10.180.1.21/compute/v2.1/flavors/1140633290 2.310s
2025-06-27 19:28:31.726 62436 INFO tempest.lib.common.rest_client [req-c88d8007-86b7-4470-a3e3-4e62cf08a95d req-c88d8007-86b7-4470-a3e3-4e62cf08a95d ] Request (ServerGroup264TestJSON:setUpClass): 201 POST http://10.180.1.21:9696/networking/v2.0/networks 0.457s
2025-06-27 19:28:31.749 62445 INFO tempest.lib.common.rest_client [req-f38b0850-e9e3-4693-8702-2753c913cd65 req-f38b0850-e9e3-4693-8702-2753c913cd65 ] Request (VolumesAssistedSnapshotsTest:test_volume_assisted_snapshot_create_delete): 200 GET http://10.180.1.21/compute/v2.1/servers/b979c065-ea7c-43bc-8701-fb77b4945ddf 2.362s
2025-06-27 19:28:31.778 62406 INFO tempest.lib.common.rest_client [req-b0f540ea-470a-4adf-8d3a-b95eaeea7da1 req-b0f540ea-470a-4adf-8d3a-b95eaeea7da1 ] Request (KeyPairsV22TestJSON:test_keypairsv22_create_list_show): 201 POST http://10.180.1.21/compute/v2.1/os-keypairs 2.355s
2025-06-27 19:28:31.894 62421 INFO tempest.lib.common.rest_client [req-7b1c4fe0-ec22-4922-8d9f-c85f647cce9e req-7b1c4fe0-ec22-4922-8d9f-c85f647cce9e ] Request (ServersAdmin275Test:test_rebuild_update_server_275): 200 GET http://10.180.1.21/compute/v2.1/servers/7b033766-5b47-417a-9d90-35b5657ceaef 2.363s
2025-06-27 19:28:31.963 62403 INFO tempest.lib.common.rest_client [req-55ea529d-7854-46fd-957b-b291d63b6a41 req-55ea529d-7854-46fd-957b-b291d63b6a41 ] Request (ValidationResourcesFixture:setUp): 201 POST http://10.180.1.21:9696/networking/v2.0/security-group-rules 0.296s
2025-06-27 19:28:31.969 62413 INFO tempest.lib.common.rest_client [req-ddbcad81-5c48-4c85-83da-70d4ef9cd985 req-ddbcad81-5c48-4c85-83da-70d4ef9cd985 ] Request (ImagesOneServerTestJSON:setUpClass): 200 GET http://10.180.1.21/compute/v2.1/servers/fa375b5c-bf96-4f57-a97c-73ef45bbef75 2.503s
2025-06-27 19:28:31.974 62407 INFO tempest.lib.common.rest_client [req-8b6cd055-ba06-4e28-8fb8-e71dc587bbd3 req-8b6cd055-ba06-4e28-8fb8-e71dc587bbd3 ] Request (AttachInterfacesTestJSON:setUpClass): 201 POST http://10.180.1.21:9696/networking/v2.0/networks 0.563s
2025-06-27 19:28:32.106 62401 INFO tempest.lib.common.rest_client [req-bc51438e-46c3-4f1b-8382-28cf00908806 req-bc51438e-46c3-4f1b-8382-28cf00908806 ] Request (QuotasAdminTestJSON:test_delete_quota): 200 PUT http://10.180.1.21/compute/v2.1/os-quota-sets/7303299076514c118c49f908e4c4297b 2.509s
2025-06-27 19:28:32.136 62449 INFO tempest.lib.common.rest_client [req-b3e797e9-c341-495b-b0f0-e9d62a3221d5 req-b3e797e9-c341-495b-b0f0-e9d62a3221d5 ] Request (VolumesTestJSON:tearDownClass): 404 GET http://10.180.1.21/volume/v3/351ec9304341442394c2b2fec5d271bb/volumes/4814c3ff-cd62-4d61-8802-732bd2aaf98b 0.019s
2025-06-27 19:28:32.144 62429 INFO tempest.lib.common.rest_client [req-f956b07a-186e-418d-a414-e679fcf38fb3 req-f956b07a-186e-418d-a414-e679fcf38fb3 ] Request (SecurityGroupsTestAdminJSON:_run_cleanups): 202 DELETE http://10.180.1.21/compute/v2.1/os-security-groups/34daeea4-4648-4587-a488-eec1230f8f35 2.374s
2025-06-27 19:28:32.180 62449 INFO tempest.lib.common.rest_client [req-d9b3c571-d046-4a1d-af3d-a1a1c37772e3 req-d9b3c571-d046-4a1d-af3d-a1a1c37772e3 ] Request (VolumesTestJSON:tearDownClass): 202 DELETE http://10.180.1.21/volume/v3/351ec9304341442394c2b2fec5d271bb/volumes/024f0dfe-353b-489f-9998-9542aa5f9dc3 0.043s
2025-06-27 19:28:32.213 62449 INFO tempest.lib.common.rest_client [req-9c189c82-e2a3-4987-b96a-ee9c54e3bf97 req-9c189c82-e2a3-4987-b96a-ee9c54e3bf97 ] Request (VolumesTestJSON:tearDownClass): 200 GET http://10.180.1.21/volume/v3/351ec9304341442394c2b2fec5d271bb/volumes/024f0dfe-353b-489f-9998-9542aa5f9dc3 0.032s
2025-06-27 19:28:32.248 62409 INFO tempest.lib.common.rest_client [req-2d9568ac-a34f-4274-9761-e9251a539956 req-2d9568ac-a34f-4274-9761-e9251a539956 ] Request (ServerDiagnosticsNegativeTest:test_get_server_diagnostics_by_non_admin): 200 GET http://10.180.1.21/compute/v2.1/servers/3ae180bd-526d-481f-958b-ca3af96b4406 2.457s
2025-06-27 19:28:32.273 62407 INFO tempest.lib.common.rest_client [req-f0cdd938-0dce-4a17-8897-d5f4d8d53858 req-f0cdd938-0dce-4a17-8897-d5f4d8d53858 ] Request (AttachInterfacesTestJSON:setUpClass): 201 POST http://10.180.1.21:9696/networking/v2.0/subnets 0.297s
2025-06-27 19:28:32.327 62411 INFO tempest.lib.common.rest_client [req-50883b9b-5aa7-49cd-8c91-99a5091882d7 req-50883b9b-5aa7-49cd-8c91-99a5091882d7 ] Request (ServerAddressesTestJSON:setUpClass): 200 GET http://10.180.1.21/compute/v2.1/servers/6e0adc99-63ad-4cca-b300-d67dc2928324 2.357s
2025-06-27 19:28:32.365 62436 INFO tempest.lib.common.rest_client [req-609eb0fb-1321-4fc6-8dcd-eb5ee3757280 req-609eb0fb-1321-4fc6-8dcd-eb5ee3757280 ] Request (ServerGroup264TestJSON:setUpClass): 201 POST http://10.180.1.21:9696/networking/v2.0/subnets 0.639s
2025-06-27 19:28:32.367 62447 INFO tempest.lib.common.rest_client [req-803c9d63-1c09-47cb-ac09-48f41c684d05 req-803c9d63-1c09-47cb-ac09-48f41c684d05 ] Request (SecurityGroupRulesNegativeTestJSON:test_create_security_group_rule_with_invalid_from_port): 400 POST http://10.180.1.21/compute/v2.1/os-security-group-rules 2.028s
2025-06-27 19:28:32.602 62419 INFO tempest.lib.common.rest_client [req-044e4aa0-cf23-401d-9906-ac3b3587e35a req-044e4aa0-cf23-401d-9906-ac3b3587e35a ] Request (AttachInterfacesUnderV243Test:test_add_remove_fixed_ip): 200 GET http://10.180.1.21/compute/v2.1/servers/f836f443-77b5-41ae-a1c2-1ee5f80885fa 2.314s
2025-06-27 19:28:32.632 62403 INFO tempest.lib.common.rest_client [req-ffcea817-d22a-43a9-8a69-803c7049b301 req-ffcea817-d22a-43a9-8a69-803c7049b301 ] Request (ValidationResourcesFixture:setUp): 201 POST http://10.180.1.21:9696/networking/v2.0/security-group-rules 0.668s
2025-06-27 19:28:32.684 62433 INFO tempest.lib.common.rest_client [req-4ed08fcd-ae87-4a74-9f95-5821c6e1b67a req-4ed08fcd-ae87-4a74-9f95-5821c6e1b67a ] Request (FloatingIPsAssociationTestJSON:setUpClass): 200 GET http://10.180.1.21/compute/v2.1/servers/6c15201d-7373-4040-9256-84ff11fcfed2 2.129s
2025-06-27 19:28:32.707 62437 INFO tempest.lib.common.rest_client [req-88e1466a-c1ff-4b75-979c-ffe6037b39ff req-88e1466a-c1ff-4b75-979c-ffe6037b39ff ] Request (ServicesAdminNegativeV253TestJSON:test_get_service_by_invalid_service_and_valid_host): 200 GET http://10.180.1.21/compute/v2.1/os-services?host=devstack&binary=xxx 2.076s
2025-06-27 19:28:32.727 62399 INFO tempest.lib.common.rest_client [req-ea94811a-2940-421a-8504-20275208bf05 req-ea94811a-2940-421a-8504-20275208bf05 ] Request (AggregatesAdminNegativeTestJSON:test_aggregate_create_with_existent_aggregate_name): 409 POST http://10.180.1.21/compute/v2.1/os-aggregates 1.772s
2025-06-27 19:28:32.878 62425 INFO tempest.lib.common.rest_client [req-0d2f63c6-a174-4860-bb11-456d7615b9f0 req-0d2f63c6-a174-4860-bb11-456d7615b9f0 ] Request (ImagesMetadataTestJSON:test_set_image_metadata_item): 200 PUT http://10.180.1.21/compute/v2.1/images/c4333039-9a27-4364-bcf7-240de714bdbe/metadata/os_version 2.278s
2025-06-27 19:28:33.084 62439 INFO tempest.lib.common.rest_client [req-b1a0b634-28e8-4447-94be-6ee52304ef50 req-b1a0b634-28e8-4447-94be-6ee52304ef50 ] Request (DeleteServersAdminTestJSON:test_admin_delete_servers_of_others): 200 GET http://10.180.1.21/compute/v2.1/servers/0cacf291-e966-4c3e-8cf7-f664295c2f91 2.056s
2025-06-27 19:28:33.237 62449 INFO tempest.lib.common.rest_client [req-9e91daeb-5316-45d3-8c10-5d9f9fc50124 req-9e91daeb-5316-45d3-8c10-5d9f9fc50124 ] Request (VolumesTestJSON:tearDownClass): 404 GET http://10.180.1.21/volume/v3/351ec9304341442394c2b2fec5d271bb/volumes/024f0dfe-353b-489f-9998-9542aa5f9dc3 0.016s
2025-06-27 19:28:33.279 62449 INFO tempest.lib.common.rest_client [req-aebb3802-8925-4846-b362-32fb18be4cfc req-aebb3802-8925-4846-b362-32fb18be4cfc ] Request (VolumesTestJSON:tearDownClass): 202 DELETE http://10.180.1.21/volume/v3/351ec9304341442394c2b2fec5d271bb/volumes/394d3fab-8c74-4b26-90c7-653a195101ed 0.042s
2025-06-27 19:28:33.310 62449 INFO tempest.lib.common.rest_client [req-906ff957-2c63-4acf-9a36-2f833ac11c02 req-906ff957-2c63-4acf-9a36-2f833ac11c02 ] Request (VolumesTestJSON:tearDownClass): 200 GET http://10.180.1.21/volume/v3/351ec9304341442394c2b2fec5d271bb/volumes/394d3fab-8c74-4b26-90c7-653a195101ed 0.030s
2025-06-27 19:28:33.345 62441 INFO tempest.lib.common.rest_client [req-9bb89dda-9223-428e-9eb2-e57a5be2f9be req-9bb89dda-9223-428e-9eb2-e57a5be2f9be ] Request (MigrationsAdminTest:test_list_migrations_in_flavor_resize_situation): 200 GET http://10.180.1.21/compute/v2.1/servers/d0f9134e-2797-4265-86d8-d68b5d3beb7a 2.187s
2025-06-27 19:28:33.458 62397 INFO tempest.lib.common.rest_client [req-fee23876-81d6-4a79-bd06-f71cd947199a req-fee23876-81d6-4a79-bd06-f71cd947199a ] Request (FlavorsAccessNegativeTestJSON:test_flavor_non_admin_remove): 200 POST http://10.180.1.21/compute/v2.1/flavors/1244069777/action 2.131s
2025-06-27 19:28:33.534 62427 INFO tempest.lib.common.rest_client [req-2f925a3d-7914-422e-ba16-14845ba0eee0 req-2f925a3d-7914-422e-ba16-14845ba0eee0 ] Request (QuotasAdminNegativeTest:test_create_server_when_cpu_quota_is_full): 200 GET http://10.180.1.21/compute/v2.1/os-quota-sets/56d9f756f08143e18bdcf68310ddee09 1.872s
2025-06-27 19:28:33.609 62415 INFO tempest.lib.common.rest_client [req-9161fcea-8726-45d8-96ca-064aed422f4c req-9161fcea-8726-45d8-96ca-064aed422f4c ] Request (FlavorsAdminTestJSON:test_create_list_flavor_without_extra_data): 200 GET http://10.180.1.21/compute/v2.1/flavors/detail 1.890s
2025-06-27 19:28:33.619 62406 INFO tempest.lib.common.rest_client [req-386e014a-689a-4a6d-8c92-81c49b598945 req-386e014a-689a-4a6d-8c92-81c49b598945 ] Request (KeyPairsV22TestJSON:test_keypairsv22_create_list_show): 200 GET http://10.180.1.21/compute/v2.1/os-keypairs/tempest-keypair-2093183194 1.840s
2025-06-27 19:28:33.873 62395 INFO tempest.lib.common.rest_client [req-d06f1a40-c6c1-4474-9689-2b83ac643d6f req-d06f1a40-c6c1-4474-9689-2b83ac643d6f ] Request (ServersNegativeTestJSON:setUpClass): 201 POST http://10.180.1.21:9696/networking/v2.0/routers 2.971s
2025-06-27 19:28:33.881 62403 INFO tempest.lib.common.rest_client [req-9ff9ad2f-8575-490c-8fc2-e7ee9a503237 req-9ff9ad2f-8575-490c-8fc2-e7ee9a503237 ] Request (ValidationResourcesFixture:setUp): 201 POST http://10.180.1.21:9696/networking/v2.0/floatingips 1.248s
2025-06-27 19:28:33.887 62393 INFO tempest.lib.common.rest_client [req-6a91e38b-41d8-4024-9566-013f5474f639 req-6a91e38b-41d8-4024-9566-013f5474f639 ] Request (ServersAdminTestJSON:setUpClass): 200 GET http://10.180.1.21/compute/v2.1/servers/e21722cc-672b-4f8a-9f78-e50ac83071a5 1.951s
2025-06-27 19:28:33.907 62401 INFO tempest.lib.common.rest_client [req-ca1dbfe8-dcdf-454b-8a60-1727e1d1f7a8 req-ca1dbfe8-dcdf-454b-8a60-1727e1d1f7a8 ] Request (QuotasAdminTestJSON:test_delete_quota): 202 DELETE http://10.180.1.21/compute/v2.1/os-quota-sets/7303299076514c118c49f908e4c4297b 1.798s
2025-06-27 19:28:33.972 62403 INFO tempest.lib.common.rest_client [req-275c3dbc-5899-4cda-9804-a564e3f58a90 req-275c3dbc-5899-4cda-9804-a564e3f58a90 ] Request (ServersWithSpecificFlavorTestJSON:test_verify_created_server_ephemeral_disk): 201 POST http://10.180.1.21/identity/v3/auth/tokens 0.088s
2025-06-27 19:28:33.972 62403 INFO tempest.lib.common.fixed_network [-] (ServersWithSpecificFlavorTestJSON:test_verify_created_server_ephemeral_disk) Found network {'id': '02a23c26-db56-402e-8fd6-31fbd1125338', 'name': 'tempest-ServersWithSpecificFlavorTestJSON-548504621-network', 'tenant_id': '59ebea2bcd9f473eaf7c722760b83f75', 'admin_state_up': True, 'mtu': 8950, 'status': 'ACTIVE', 'subnets': [], 'shared': False, 'project_id': '59ebea2bcd9f473eaf7c722760b83f75', 'port_security_enabled': True, 'router:external': False, 'provider:network_type': 'vlan', 'provider:physical_network': 'default', 'provider:segmentation_id': 112, 'is_default': False, 'availability_zone_hints': [], 'availability_zones': [], 'ipv4_address_scope': None, 'ipv6_address_scope': None, 'description': '', 'tags': [], 'created_at': '2025-06-27T19:27:47Z', 'updated_at': '2025-06-27T19:27:47Z', 'revision_number': 1} available for tenant
2025-06-27 19:28:34.069 62391 INFO tempest.lib.common.rest_client [req-e0046183-1921-4b88-9e9c-bb6e0a815afa req-e0046183-1921-4b88-9e9c-bb6e0a815afa ] Request (ServerAddressesNegativeTestJSON:setUpClass): 201 POST http://10.180.1.21:9696/networking/v2.0/routers 3.132s
2025-06-27 19:28:34.101 62451 INFO tempest.lib.common.rest_client [req-ad126568-0325-44e0-a809-a7e6ea3c5052 req-ad126568-0325-44e0-a809-a7e6ea3c5052 ] Request (FloatingIPsTestJSON:test_delete_floating_ip): 202 DELETE http://10.180.1.21/compute/v2.1/os-floating-ips/966bab20-f8a2-4efe-9339-4badccf22009 2.794s
2025-06-27 19:28:34.243 62429 INFO tempest.lib.common.rest_client [req-056d16cc-38af-4fc1-9904-7c1b1e8dd19a req-056d16cc-38af-4fc1-9904-7c1b1e8dd19a ] Request (SecurityGroupsTestAdminJSON:_run_cleanups): 202 DELETE http://10.180.1.21/compute/v2.1/os-security-groups/eebed686-08aa-470b-9d97-3cc4fd884d5d 2.098s
2025-06-27 19:28:34.247 62447 INFO tempest.lib.common.rest_client [req-d4293db7-df50-46ed-a85f-be7ac41bbf52 req-d4293db7-df50-46ed-a85f-be7ac41bbf52 ] Request (SecurityGroupRulesNegativeTestJSON:test_create_security_group_rule_with_invalid_id): 400 POST http://10.180.1.21/compute/v2.1/os-security-group-rules 1.878s
2025-06-27 19:28:34.333 62431 INFO tempest.lib.common.rest_client [req-2bfec916-438d-46ad-a7e5-4ee5fc5ef746 req-2bfec916-438d-46ad-a7e5-4ee5fc5ef746 ] Request (VolumesAdminNegativeTest:test_update_attached_volume_with_nonexistent_volume_in_body): 200 GET http://10.180.1.21/compute/v2.1/servers/9b0b21f7-bdc0-488c-a7fc-234727c26b68 1.925s
2025-06-27 19:28:34.337 62449 INFO tempest.lib.common.rest_client [req-ac04fdea-a7ee-4297-bcfa-857b93c543cb req-ac04fdea-a7ee-4297-bcfa-857b93c543cb ] Request (VolumesTestJSON:tearDownClass): 404 GET http://10.180.1.21/volume/v3/351ec9304341442394c2b2fec5d271bb/volumes/394d3fab-8c74-4b26-90c7-653a195101ed 0.016s
2025-06-27 19:28:34.377 62417 INFO tempest.lib.common.rest_client [req-23254aa0-707c-4fd3-9055-27a7be3bcf4c req-23254aa0-707c-4fd3-9055-27a7be3bcf4c ] Request (SecurityGroupsTestJSON:test_list_security_groups_by_server): 200 GET http://10.180.1.21/compute/v2.1/servers/0519cba4-d9b1-4f54-b889-2c09d2d26b14 2.023s
2025-06-27 19:28:34.398 62429 INFO tempest.lib.common.rest_client [req-1549a5e8-0b6d-4875-8ef5-9bcedb5e495e req-1549a5e8-0b6d-4875-8ef5-9bcedb5e495e ] Request (SecurityGroupsTestAdminJSON:tearDownClass): 204 DELETE http://10.180.1.21/identity/v3/users/2360be7821db4ae0a155cd9f850621d5 0.154s
2025-06-27 19:28:34.471 62436 INFO tempest.lib.common.rest_client [req-444730ec-539e-425d-b2ac-c0851f513fe6 req-444730ec-539e-425d-b2ac-c0851f513fe6 ] Request (ServerGroup264TestJSON:setUpClass): 201 POST http://10.180.1.21:9696/networking/v2.0/routers 2.106s
2025-06-27 19:28:34.475 62449 INFO tempest.lib.common.rest_client [req-a474db35-c5bc-4917-a916-cb48d265f054 req-a474db35-c5bc-4917-a916-cb48d265f054 ] Request (VolumesTestJSON:tearDownClass): 204 DELETE http://10.180.1.21/identity/v3/users/cf093e4fe836464db91147e9521e9f33 0.137s
2025-06-27 19:28:34.475 62449 INFO tempest.lib.common.dynamic_creds [-] Deleting project and security group for project: 351ec9304341442394c2b2fec5d271bb
2025-06-27 19:28:34.531 62449 INFO tempest.lib.common.rest_client [req-37ac6815-923c-41e4-8734-8ecf7853015d req-37ac6815-923c-41e4-8734-8ecf7853015d ] Request (VolumesTestJSON:tearDownClass): 201 POST http://10.180.1.21/identity/v3/auth/tokens 0.056s
2025-06-27 19:28:34.554 62429 INFO tempest.lib.common.rest_client [req-d5bbc2ec-4cab-40fb-b6cb-35ca362d59cb req-d5bbc2ec-4cab-40fb-b6cb-35ca362d59cb ] Request (SecurityGroupsTestAdminJSON:tearDownClass): 204 DELETE http://10.180.1.21/identity/v3/users/6730e48556704cbeaae8f25175dd7bff 0.156s
2025-06-27 19:28:34.555 62429 INFO tempest.lib.common.dynamic_creds [-] Deleting project and security group for project: 207980e95a0e4c81ba1125735e9ce509
2025-06-27 19:28:34.588 62453 INFO tempest.lib.common.rest_client [req-865498f6-b40f-490e-b2c6-ddc98e666750 req-865498f6-b40f-490e-b2c6-ddc98e666750 ] Request (ServersTestJSON:setUpClass): 200 GET http://10.180.1.21/compute/v2.1/servers/311d492c-0093-4d64-a56f-80fce95b809a 1.913s
2025-06-27 19:28:34.621 62437 INFO tempest.lib.common.rest_client [req-bbd94c24-660c-4761-b83c-d811cffe3a56 req-bbd94c24-660c-4761-b83c-d811cffe3a56 ] Request (ServicesAdminNegativeV253TestJSON:test_get_service_with_valid_service_and_invalid_host): 200 GET http://10.180.1.21/compute/v2.1/os-services 1.910s
2025-06-27 19:28:34.622 62429 INFO tempest.lib.common.rest_client [req-c01c8047-f879-4874-8179-3ec7211f7e09 req-c01c8047-f879-4874-8179-3ec7211f7e09 ] Request (SecurityGroupsTestAdminJSON:tearDownClass): 201 POST http://10.180.1.21/identity/v3/auth/tokens 0.066s
2025-06-27 19:28:34.680 62423 INFO tempest.lib.common.rest_client [req-7a652510-e1b7-4916-80b8-820afdd25cd9 req-7a652510-e1b7-4916-80b8-820afdd25cd9 ] Request (ServersTestJSON:test_create_server_specify_multibyte_character_name): 200 GET http://10.180.1.21/compute/v2.1/servers/9c9d0334-be7e-466a-ab2c-cc3fbe82d756 1.964s
2025-06-27 19:28:34.702 62399 INFO tempest.lib.common.rest_client [req-a9647767-ae27-4b21-835f-4b86f32794b5 req-a9647767-ae27-4b21-835f-4b86f32794b5 ] Request (AggregatesAdminNegativeTestJSON:_run_cleanups): 200 DELETE http://10.180.1.21/compute/v2.1/os-aggregates/4 1.974s
2025-06-27 19:28:34.746 62429 INFO tempest.lib.common.rest_client [req-fc86d0f5-238e-4de2-b76d-ea14a2e5d961 req-fc86d0f5-238e-4de2-b76d-ea14a2e5d961 ] Request (SecurityGroupsTestAdminJSON:tearDownClass): 200 GET http://10.180.1.21:9696/networking/v2.0/security-groups?tenant_id=207980e95a0e4c81ba1125735e9ce509&name=default 0.123s
2025-06-27 19:28:34.777 62445 INFO tempest.lib.common.rest_client [req-bb5e0659-a427-446d-93b8-db70c4848cfc req-bb5e0659-a427-446d-93b8-db70c4848cfc ] Request (VolumesAssistedSnapshotsTest:test_volume_assisted_snapshot_create_delete): 200 GET http://10.180.1.21/compute/v2.1/servers/b979c065-ea7c-43bc-8701-fb77b4945ddf 2.018s
2025-06-27 19:28:34.778 62444 INFO tempest.lib.common.rest_client [req-58b2552a-751e-4ff9-baea-5da8389dd0bd req-58b2552a-751e-4ff9-baea-5da8389dd0bd ] Request (ServerDiagnosticsTest:test_get_server_diagnostics): 200 GET http://10.180.1.21/compute/v2.1/servers/f8c0e060-db09-4279-b39b-42549aa0614d 2.133s
2025-06-27 19:28:34.817 62425 INFO tempest.lib.common.rest_client [req-7cae147a-7470-4b7c-a2ef-df831828f1bd req-7cae147a-7470-4b7c-a2ef-df831828f1bd ] Request (ImagesMetadataTestJSON:test_set_image_metadata_item): 200 GET http://10.180.1.21/compute/v2.1/images/c4333039-9a27-4364-bcf7-240de714bdbe/metadata 1.937s
2025-06-27 19:28:34.880 62421 INFO tempest.lib.common.rest_client [req-e43f99bc-f222-4984-897f-233b29e159f1 req-e43f99bc-f222-4984-897f-233b29e159f1 ] Request (ServersAdmin275Test:test_rebuild_update_server_275): 200 GET http://10.180.1.21/compute/v2.1/servers/7b033766-5b47-417a-9d90-35b5657ceaef 1.973s
2025-06-27 19:28:34.925 62449 INFO tempest.lib.common.rest_client [req-c81b6712-8ba6-4a8c-83cd-6cae6ca20176 req-c81b6712-8ba6-4a8c-83cd-6cae6ca20176 ] Request (VolumesTestJSON:tearDownClass): 200 GET http://10.180.1.21:9696/networking/v2.0/security-groups?tenant_id=351ec9304341442394c2b2fec5d271bb&name=default 0.393s
2025-06-27 19:28:34.966 62409 INFO tempest.lib.common.rest_client [req-6227f60e-a8ff-4e42-8f15-2cc1a7f75455 req-6227f60e-a8ff-4e42-8f15-2cc1a7f75455 ] Request (ServerDiagnosticsNegativeTest:test_get_server_diagnostics_by_non_admin): 200 GET http://10.180.1.21/compute/v2.1/servers/3ae180bd-526d-481f-958b-ca3af96b4406 1.707s
2025-06-27 19:28:35.000 62429 INFO tempest.lib.common.rest_client [req-274beb99-2e31-4a0a-a7b2-af6dee942d9f req-274beb99-2e31-4a0a-a7b2-af6dee942d9f ] Request (SecurityGroupsTestAdminJSON:tearDownClass): 204 DELETE http://10.180.1.21:9696/networking/v2.0/security-groups/e1ae4d13-4e66-42bd-9468-dd122feb4f16 0.253s
2025-06-27 19:28:35.097 62429 INFO tempest.lib.common.rest_client [req-c26aaf5f-343a-4304-9968-12724e3e48a8 req-c26aaf5f-343a-4304-9968-12724e3e48a8 ] Request (SecurityGroupsTestAdminJSON:tearDownClass): 204 DELETE http://10.180.1.21/identity/v3/projects/207980e95a0e4c81ba1125735e9ce509 0.097s
2025-06-27 19:28:35.097 62429 INFO tempest.lib.common.dynamic_creds [-] Deleting project and security group for project: 2d4b7e6e79204439b9e12545d4efc631
2025-06-27 19:28:35.162 62411 INFO tempest.lib.common.rest_client [req-8408405f-8111-4c0e-9b93-c82fc3426eaf req-8408405f-8111-4c0e-9b93-c82fc3426eaf ] Request (ServerAddressesTestJSON:setUpClass): 200 GET http://10.180.1.21/compute/v2.1/servers/6e0adc99-63ad-4cca-b300-d67dc2928324 1.822s
2025-06-27 19:28:35.174 62397 INFO tempest.lib.common.rest_client [req-410c1e71-3271-4ff8-92fa-a60259b0c2ac req-410c1e71-3271-4ff8-92fa-a60259b0c2ac ] Request (FlavorsAccessNegativeTestJSON:test_flavor_non_admin_remove): 403 POST http://10.180.1.21/compute/v2.1/flavors/1244069777/action 1.716s
2025-06-27 19:28:35.177 62407 INFO tempest.lib.common.rest_client [req-321b4643-4218-4269-9e6d-ba4095855462 req-321b4643-4218-4269-9e6d-ba4095855462 ] Request (AttachInterfacesTestJSON:setUpClass): 201 POST http://10.180.1.21:9696/networking/v2.0/routers 2.903s
2025-06-27 19:28:35.266 62429 INFO tempest.lib.common.rest_client [req-c5690808-c292-4de7-9693-1d16fedf9af2 req-c5690808-c292-4de7-9693-1d16fedf9af2 ] Request (SecurityGroupsTestAdminJSON:tearDownClass): 200 GET http://10.180.1.21:9696/networking/v2.0/security-groups?tenant_id=2d4b7e6e79204439b9e12545d4efc631&name=default 0.169s
2025-06-27 19:28:35.317 62413 INFO tempest.lib.common.rest_client [req-54aca790-8158-40e7-93c3-a7c375e766aa req-54aca790-8158-40e7-93c3-a7c375e766aa ] Request (ImagesOneServerTestJSON:setUpClass): 200 GET http://10.180.1.21/compute/v2.1/servers/fa375b5c-bf96-4f57-a97c-73ef45bbef75 2.340s
2025-06-27 19:28:35.322 62449 INFO tempest.lib.common.rest_client [req-8a7a0162-5e30-4a20-b0f1-5ef1a2b3c1ac req-8a7a0162-5e30-4a20-b0f1-5ef1a2b3c1ac ] Request (VolumesTestJSON:tearDownClass): 204 DELETE http://10.180.1.21:9696/networking/v2.0/security-groups/3a386b7a-5ac0-4518-81ce-93538122df2d 0.397s
2025-06-27 19:28:35.343 62415 INFO tempest.lib.common.rest_client [req-0e39be88-8b89-41a9-acef-00838ed62318 req-0e39be88-8b89-41a9-acef-00838ed62318 ] Request (FlavorsAdminTestJSON:_run_cleanups): 202 DELETE http://10.180.1.21/compute/v2.1/flavors/1140633290 1.728s
2025-06-27 19:28:35.415 62419 INFO tempest.lib.common.rest_client [req-41d03e88-c348-49c8-b437-f5106d822778 req-41d03e88-c348-49c8-b437-f5106d822778 ] Request (AttachInterfacesUnderV243Test:test_add_remove_fixed_ip): 200 GET http://10.180.1.21/compute/v2.1/servers/f836f443-77b5-41ae-a1c2-1ee5f80885fa 1.799s
2025-06-27 19:28:35.428 62427 INFO tempest.lib.common.rest_client [req-241b09b0-f3ea-4719-96fd-566ed3f723e2 req-241b09b0-f3ea-4719-96fd-566ed3f723e2 ] Request (QuotasAdminNegativeTest:test_create_server_when_cpu_quota_is_full): 200 PUT http://10.180.1.21/compute/v2.1/os-quota-sets/56d9f756f08143e18bdcf68310ddee09 1.891s
2025-06-27 19:28:35.433 62406 INFO tempest.lib.common.rest_client [req-6352ca51-3522-4685-8807-0feb04b4c020 req-6352ca51-3522-4685-8807-0feb04b4c020 ] Request (KeyPairsV22TestJSON:test_keypairsv22_create_list_show): 200 GET http://10.180.1.21/compute/v2.1/os-keypairs 1.810s
2025-06-27 19:28:35.501 62449 INFO tempest.lib.common.rest_client [req-eb43fee7-b215-4722-a7a1-3d09c05d0f1b req-eb43fee7-b215-4722-a7a1-3d09c05d0f1b ] Request (VolumesTestJSON:tearDownClass): 204 DELETE http://10.180.1.21/identity/v3/projects/351ec9304341442394c2b2fec5d271bb 0.176s
2025-06-27 19:28:35.539 62427 INFO tempest.lib.common.rest_client [req-35c0045e-782e-4592-90f3-849c2cc0b3b1 req-35c0045e-782e-4592-90f3-849c2cc0b3b1 ] Request (QuotasAdminNegativeTest:test_create_server_when_cpu_quota_is_full): 201 POST http://10.180.1.21/identity/v3/auth/tokens 0.102s
2025-06-27 19:28:35.540 62427 INFO tempest.lib.common.fixed_network [-] (QuotasAdminNegativeTest:test_create_server_when_cpu_quota_is_full) Found network None available for tenant
2025-06-27 19:28:35.558 62429 INFO tempest.lib.common.rest_client [req-33ee4691-33cc-4cce-8b69-fd8778cc6853 req-33ee4691-33cc-4cce-8b69-fd8778cc6853 ] Request (SecurityGroupsTestAdminJSON:tearDownClass): 204 DELETE http://10.180.1.21:9696/networking/v2.0/security-groups/0cdac4c0-14d5-4363-baa0-8f17e9579ae4 0.291s
2025-06-27 19:28:35.666 62401 INFO tempest.lib.common.rest_client [req-30d96802-acdb-442f-9649-0bdfd30e176c req-30d96802-acdb-442f-9649-0bdfd30e176c ] Request (QuotasAdminTestJSON:test_delete_quota): 200 GET http://10.180.1.21/compute/v2.1/os-quota-sets/7303299076514c118c49f908e4c4297b 1.759s
2025-06-27 19:28:35.687 62429 INFO tempest.lib.common.rest_client [req-34b783c6-b34c-46f8-8bec-33111b3d6b20 req-34b783c6-b34c-46f8-8bec-33111b3d6b20 ] Request (SecurityGroupsTestAdminJSON:tearDownClass): 204 DELETE http://10.180.1.21/identity/v3/projects/2d4b7e6e79204439b9e12545d4efc631 0.128s
2025-06-27 19:28:35.770 62429 INFO tempest.lib.common.rest_client [req-a7c06333-4a29-4396-849d-1fca2980e48c req-a7c06333-4a29-4396-849d-1fca2980e48c ] Request (ServerExternalEventsTest:setUpClass): 201 POST http://10.180.1.21/identity/v3/auth/tokens 0.082s
2025-06-27 19:28:35.821 62401 INFO tempest.lib.common.rest_client [req-51fa14e2-8855-4d55-847b-3c107e49dd42 req-51fa14e2-8855-4d55-847b-3c107e49dd42 ] Request (QuotasAdminTestJSON:_run_cleanups): 204 DELETE http://10.180.1.21/identity/v3/projects/7303299076514c118c49f908e4c4297b 0.152s
2025-06-27 19:28:35.834 62433 INFO tempest.lib.common.rest_client [req-d41103a8-b5af-4fa6-9f78-fe4d07504f76 req-d41103a8-b5af-4fa6-9f78-fe4d07504f76 ] Request (FloatingIPsAssociationTestJSON:setUpClass): 200 GET http://10.180.1.21/compute/v2.1/servers/6c15201d-7373-4040-9256-84ff11fcfed2 2.133s
2025-06-27 19:28:35.850 62429 INFO tempest.lib.common.rest_client [req-77085bf4-1f9c-4239-b2f7-55b445402fd8 req-77085bf4-1f9c-4239-b2f7-55b445402fd8 ] Request (ServerExternalEventsTest:setUpClass): 201 POST http://10.180.1.21/identity/v3/auth/tokens 0.078s
2025-06-27 19:28:35.882 62429 INFO tempest.lib.common.rest_client [req-df4f5d29-7c38-48e0-b20b-f9a0bb21a7bb req-df4f5d29-7c38-48e0-b20b-f9a0bb21a7bb ] Request (ServerExternalEventsTest:setUpClass): 200 GET http://10.180.1.21/identity/v3/domains?name=Default 0.032s
2025-06-27 19:28:35.929 62429 INFO tempest.lib.common.rest_client [req-6db21f09-f3cd-477a-b663-d247e6097499 req-6db21f09-f3cd-477a-b663-d247e6097499 ] Request (ServerExternalEventsTest:setUpClass): 201 POST http://10.180.1.21/identity/v3/projects 0.046s
2025-06-27 19:28:36.009 62429 INFO tempest.lib.common.rest_client [req-2beb7b80-d4e9-4369-b2ff-dbe79b1326ca req-2beb7b80-d4e9-4369-b2ff-dbe79b1326ca ] Request (ServerExternalEventsTest:setUpClass): 201 POST http://10.180.1.21/identity/v3/users 0.080s
2025-06-27 19:28:36.034 62429 INFO tempest.lib.common.rest_client [req-0cb30239-d2b9-4461-a72b-3e0215fd0318 req-0cb30239-d2b9-4461-a72b-3e0215fd0318 ] Request (ServerExternalEventsTest:setUpClass): 200 GET http://10.180.1.21/identity/v3/roles 0.025s
2025-06-27 19:28:36.067 62429 INFO tempest.lib.common.rest_client [req-9da56c4e-859f-4fa5-87af-2623940fdb8c req-9da56c4e-859f-4fa5-87af-2623940fdb8c ] Request (ServerExternalEventsTest:setUpClass): 204 PUT http://10.180.1.21/identity/v3/projects/4ca099a115654b47afd6682060778015/users/4a025a09a5204d75be7c0e36e3922363/roles/dbf5cb5895594ca8b5bb0c198e1afc58 0.032s
2025-06-27 19:28:36.067 62429 INFO tempest.lib.common.dynamic_creds [-] Dynamic test user 4a025a09a5204d75be7c0e36e3922363 is created with scope project and roles: ['member']
2025-06-27 19:28:36.068 62429 INFO tempest.lib.common.dynamic_creds [-] Acquired dynamic creds: credentials: Credentials: {'domain_id': 'default', 'domain_name': 'Default', 'username': 'tempest-ServerExternalEventsTest-1224379416-project-member', 'project_domain_id': 'default', 'project_domain_name': 'Default', 'project_id': '4ca099a115654b47afd6682060778015', 'project_name': 'tempest-ServerExternalEventsTest-1224379416', 'tenant_id': '4ca099a115654b47afd6682060778015', 'tenant_name': 'tempest-ServerExternalEventsTest-1224379416', 'user_domain_id': 'default', 'user_domain_name': 'Default', 'user_id': '4a025a09a5204d75be7c0e36e3922363', 'system': None}, Network: None, Subnet: None, Router: None
2025-06-27 19:28:36.068 62429 INFO tempest.lib.common.dynamic_creds [-] Created isolated network resources for: credentials: Credentials: {'domain_id': 'default', 'domain_name': 'Default', 'username': 'tempest-ServerExternalEventsTest-1224379416-project-member', 'project_domain_id': 'default', 'project_domain_name': 'Default', 'project_id': '4ca099a115654b47afd6682060778015', 'project_name': 'tempest-ServerExternalEventsTest-1224379416', 'tenant_id': '4ca099a115654b47afd6682060778015', 'tenant_name': 'tempest-ServerExternalEventsTest-1224379416', 'user_domain_id': 'default', 'user_domain_name': 'Default', 'user_id': '4a025a09a5204d75be7c0e36e3922363', 'system': None}, Network: None, Subnet: None, Router: None
2025-06-27 19:28:36.171 62429 INFO tempest.lib.common.rest_client [req-368642ea-7b91-4d13-aefc-bb66519f89ac req-368642ea-7b91-4d13-aefc-bb66519f89ac ] Request (ServerExternalEventsTest:setUpClass): 201 POST http://10.180.1.21/identity/v3/auth/tokens 0.099s
2025-06-27 19:28:36.251 62429 INFO tempest.lib.common.rest_client [req-96be4766-cf5a-4ff6-a2ec-b5f8fe01a20a req-96be4766-cf5a-4ff6-a2ec-b5f8fe01a20a ] Request (ServerExternalEventsTest:setUpClass): 201 POST http://10.180.1.21/identity/v3/projects 0.079s
2025-06-27 19:28:36.266 62439 INFO tempest.lib.common.rest_client [req-09df9027-a4c9-4f0f-9611-49434ba20ef1 req-09df9027-a4c9-4f0f-9611-49434ba20ef1 ] Request (DeleteServersAdminTestJSON:test_admin_delete_servers_of_others): 200 GET http://10.180.1.21/compute/v2.1/servers/0cacf291-e966-4c3e-8cf7-f664295c2f91 2.173s
2025-06-27 19:28:36.318 62451 INFO tempest.lib.common.rest_client [req-78afbbbe-11f3-434f-8b23-bc6e82d10d6a req-78afbbbe-11f3-434f-8b23-bc6e82d10d6a ] Request (FloatingIPsTestJSON:test_delete_floating_ip): 404 GET http://10.180.1.21/compute/v2.1/os-floating-ips/966bab20-f8a2-4efe-9339-4badccf22009 2.216s
2025-06-27 19:28:36.340 62429 INFO tempest.lib.common.rest_client [req-25148355-03a9-450a-b1ce-0aa5785b3831 req-25148355-03a9-450a-b1ce-0aa5785b3831 ] Request (ServerExternalEventsTest:setUpClass): 201 POST http://10.180.1.21/identity/v3/users 0.088s
2025-06-27 19:28:36.362 62429 INFO tempest.lib.common.rest_client [req-62087d31-a0db-49aa-9403-f33bacf9329d req-62087d31-a0db-49aa-9403-f33bacf9329d ] Request (ServerExternalEventsTest:setUpClass): 200 GET http://10.180.1.21/identity/v3/roles 0.021s
2025-06-27 19:28:36.401 62429 INFO tempest.lib.common.rest_client [req-e0d32f20-05b2-40d5-8f96-93e587a64fb3 req-e0d32f20-05b2-40d5-8f96-93e587a64fb3 ] Request (ServerExternalEventsTest:setUpClass): 204 PUT http://10.180.1.21/identity/v3/projects/368c3525b4b941599f155c9fcf726da3/users/3161529ad48249dc97f1f133389fc80c/roles/84d2e68d17014f5fb3c970514e967288 0.039s
2025-06-27 19:28:36.454 62429 INFO tempest.lib.common.rest_client [req-841f394a-1f7f-40cf-bebb-0f562d42f7f0 req-841f394a-1f7f-40cf-bebb-0f562d42f7f0 ] Request (ServerExternalEventsTest:setUpClass): 200 GET http://10.180.1.21/identity/v3/roles 0.053s
2025-06-27 19:28:36.477 62429 INFO tempest.lib.common.rest_client [req-ecdb87c7-b6a8-4b5d-aa58-cb90b1cb622b req-ecdb87c7-b6a8-4b5d-aa58-cb90b1cb622b ] Request (ServerExternalEventsTest:setUpClass): 204 PUT http://10.180.1.21/identity/v3/projects/368c3525b4b941599f155c9fcf726da3/users/3161529ad48249dc97f1f133389fc80c/roles/84d2e68d17014f5fb3c970514e967288 0.022s
2025-06-27 19:28:36.477 62429 INFO tempest.lib.common.dynamic_creds [-] Dynamic test user 3161529ad48249dc97f1f133389fc80c is created with scope project and roles: ['admin']
2025-06-27 19:28:36.477 62429 INFO tempest.lib.common.dynamic_creds [-] Acquired dynamic creds: credentials: Credentials: {'domain_id': 'default', 'domain_name': 'Default', 'username': 'tempest-ServerExternalEventsTest-1664870574-project-admin', 'project_domain_id': 'default', 'project_domain_name': 'Default', 'project_id': '368c3525b4b941599f155c9fcf726da3', 'project_name': 'tempest-ServerExternalEventsTest-1664870574', 'tenant_id': '368c3525b4b941599f155c9fcf726da3', 'tenant_name': 'tempest-ServerExternalEventsTest-1664870574', 'user_domain_id': 'default', 'user_domain_name': 'Default', 'user_id': '3161529ad48249dc97f1f133389fc80c', 'system': None}, Network: None, Subnet: None, Router: None
2025-06-27 19:28:36.477 62429 INFO tempest.lib.common.dynamic_creds [-] Created isolated network resources for: credentials: Credentials: {'domain_id': 'default', 'domain_name': 'Default', 'username': 'tempest-ServerExternalEventsTest-1664870574-project-admin', 'project_domain_id': 'default', 'project_domain_name': 'Default', 'project_id': '368c3525b4b941599f155c9fcf726da3', 'project_name': 'tempest-ServerExternalEventsTest-1664870574', 'tenant_id': '368c3525b4b941599f155c9fcf726da3', 'tenant_name': 'tempest-ServerExternalEventsTest-1664870574', 'user_domain_id': 'default', 'user_domain_name': 'Default', 'user_id': '3161529ad48249dc97f1f133389fc80c', 'system': None}, Network: None, Subnet: None, Router: None
2025-06-27 19:28:36.597 62429 INFO tempest.lib.common.rest_client [req-cba20ed4-1c74-4fba-ae3f-7c10f64e9955 req-cba20ed4-1c74-4fba-ae3f-7c10f64e9955 ] Request (ServerExternalEventsTest:setUpClass): 201 POST http://10.180.1.21/identity/v3/auth/tokens 0.117s
2025-06-27 19:28:36.665 62447 INFO tempest.lib.common.rest_client [req-c0a142e2-48b2-45fc-aaa7-66434b43245e req-c0a142e2-48b2-45fc-aaa7-66434b43245e ] Request (SecurityGroupRulesNegativeTestJSON:test_create_security_group_rule_with_invalid_ip_protocol): 200 POST http://10.180.1.21/compute/v2.1/os-security-groups 2.417s
2025-06-27 19:28:36.689 62429 INFO tempest.lib.common.rest_client [req-8daa974e-bbd1-4ff4-b7d4-4d91b0353853 req-8daa974e-bbd1-4ff4-b7d4-4d91b0353853 ] Request (ServerExternalEventsTest:setUpClass): 201 POST http://10.180.1.21/identity/v3/projects 0.092s
2025-06-27 19:28:36.784 62403 INFO tempest.lib.common.rest_client [req-c255994d-1c8d-4a3b-aba6-efa461909568 req-c255994d-1c8d-4a3b-aba6-efa461909568 ] Request (ServersWithSpecificFlavorTestJSON:test_verify_created_server_ephemeral_disk): 202 POST http://10.180.1.21/compute/v2.1/servers 2.811s
2025-06-27 19:28:36.786 62429 INFO tempest.lib.common.rest_client [req-d28dd3c1-55fe-4b2e-8adc-f7d42481a5a8 req-d28dd3c1-55fe-4b2e-8adc-f7d42481a5a8 ] Request (ServerExternalEventsTest:setUpClass): 201 POST http://10.180.1.21/identity/v3/users 0.096s
2025-06-27 19:28:36.812 62437 INFO tempest.lib.common.rest_client [req-a51961f2-e474-44a0-8a0d-ccb19e2cdd7a req-a51961f2-e474-44a0-8a0d-ccb19e2cdd7a ] Request (ServicesAdminNegativeV253TestJSON:test_get_service_with_valid_service_and_invalid_host): 200 GET http://10.180.1.21/compute/v2.1/os-services?host=xxx&binary=nova-scheduler 2.189s
2025-06-27 19:28:36.824 62391 INFO tempest.lib.common.rest_client [req-23108c0d-a895-4542-970a-947f57610673 req-23108c0d-a895-4542-970a-947f57610673 ] Request (ServerAddressesNegativeTestJSON:setUpClass): 200 PUT http://10.180.1.21:9696/networking/v2.0/routers/2f9f4d00-7e14-41d4-a605-265f7c0eee0f/add_router_interface 2.754s
