2025-06-27 19:28:42.002 62436 INFO tempest.lib.common.rest_client [req-6a5a63a8-1a27-4146-9735-54ca0acf5a55 req-6a5a63a8-1a27-4146-9735-54ca0acf5a55 ] Request (ServerGroup264TestJSON:test_create_get_server_group): 200 GET http://10.180.1.21/compute/v2.1/os-server-groups 1.813s
2025-06-27 19:28:42.029 62451 INFO tempest.lib.common.rest_client [req-6b91c0b2-450b-4c13-8278-7a346b052657 req-6b91c0b2-450b-4c13-8278-7a346b052657 ] Request (ImagesMetadataNegativeTestJSON:setUpClass): 201 POST http://10.180.1.21/identity/v3/auth/tokens 0.031s
2025-06-27 19:28:42.057 62451 INFO tempest.lib.common.rest_client [req-16b1380f-e628-4663-9f4f-68dd545dcc46 req-16b1380f-e628-4663-9f4f-68dd545dcc46 ] Request (ImagesMetadataNegativeTestJSON:setUpClass): 200 GET http://10.180.1.21/identity/v3/domains?name=Default 0.026s
2025-06-27 19:28:42.096 62425 INFO tempest.lib.common.rest_client [req-6b103594-8e8e-4e5a-84b7-6ec833c99d35 req-6b103594-8e8e-4e5a-84b7-6ec833c99d35 ] Request (ImagesMetadataTestJSON:tearDownClass): 204 DELETE http://10.180.1.21/identity/v3/users/6befb4f05a4f4d14954eedc98d1f1334 0.145s
2025-06-27 19:28:42.097 62425 INFO tempest.lib.common.dynamic_creds [-] Deleting project and security group for project: 8aaebc42150b454f849d00c34343f5aa
2025-06-27 19:28:42.122 62451 INFO tempest.lib.common.rest_client [req-31e28b5f-0830-4141-880e-3c15536b977f req-31e28b5f-0830-4141-880e-3c15536b977f ] Request (ImagesMetadataNegativeTestJSON:setUpClass): 201 POST http://10.180.1.21/identity/v3/projects 0.064s
2025-06-27 19:28:42.126 62439 INFO tempest.lib.common.rest_client [req-e99e6bf5-6b17-4a54-b149-7f8dd5ded8f3 req-e99e6bf5-6b17-4a54-b149-7f8dd5ded8f3 ] Request (DeleteServersAdminTestJSON:test_admin_delete_servers_of_others): 200 GET http://10.180.1.21/compute/v2.1/servers/0cacf291-e966-4c3e-8cf7-f664295c2f91 1.666s
2025-06-27 19:28:42.136 62406 INFO tempest.lib.common.rest_client [req-4ad4e962-b8bc-4e90-a0c5-15114069e092 req-4ad4e962-b8bc-4e90-a0c5-15114069e092 ] Request (KeyPairsV22TestJSON:test_keypairsv22_create_list_show_with_type): 200 GET http://10.180.1.21/compute/v2.1/os-keypairs/tempest-keypair-1108381077 1.654s
2025-06-27 19:28:42.150 62433 INFO tempest.lib.common.rest_client [req-a4de6830-c9b7-4eac-a561-e8ffa2f06aca req-a4de6830-c9b7-4eac-a561-e8ffa2f06aca ] Request (FloatingIPsAssociationTestJSON:setUpClass): 200 GET http://10.180.1.21/compute/v2.1/servers/6c15201d-7373-4040-9256-84ff11fcfed2 2.580s
2025-06-27 19:28:42.159 62425 INFO tempest.lib.common.rest_client [req-12a48787-8cff-4f2a-bf28-8d8045de5ec7 req-12a48787-8cff-4f2a-bf28-8d8045de5ec7 ] Request (ImagesMetadataTestJSON:tearDownClass): 201 POST http://10.180.1.21/identity/v3/auth/tokens 0.062s
2025-06-27 19:28:42.180 62451 INFO tempest.lib.common.rest_client [req-a3d2e4db-7f56-4c38-b7b2-640f9fbdd124 req-a3d2e4db-7f56-4c38-b7b2-640f9fbdd124 ] Request (ImagesMetadataNegativeTestJSON:setUpClass): 201 POST http://10.180.1.21/identity/v3/users 0.057s
2025-06-27 19:28:42.272 62427 INFO tempest.lib.common.rest_client [req-f1b8a464-11f3-49a4-a398-56da99d3dde9 req-f1b8a464-11f3-49a4-a398-56da99d3dde9 ] Request (QuotasAdminNegativeTest:test_create_server_when_instances_quota_is_full): 200 GET http://10.180.1.21/compute/v2.1/os-quota-sets/56d9f756f08143e18bdcf68310ddee09 1.774s
2025-06-27 19:28:42.290 62451 INFO tempest.lib.common.rest_client [req-44b822b5-3882-4ace-95f0-f5e879ceeee7 req-44b822b5-3882-4ace-95f0-f5e879ceeee7 ] Request (ImagesMetadataNegativeTestJSON:setUpClass): 200 GET http://10.180.1.21/identity/v3/roles 0.110s
2025-06-27 19:28:42.295 62401 INFO tempest.lib.common.rest_client [req-dcacfd8a-bdcc-419b-be8f-2b984475e0ed req-dcacfd8a-bdcc-419b-be8f-2b984475e0ed ] Request (QuotasAdminTestJSON:test_get_updated_quotas): 200 GET http://10.180.1.21/compute/v2.1/os-quota-sets/6079eab054314a7c8f04285613ab70fd/detail 1.671s
2025-06-27 19:28:42.309 62447 INFO tempest.lib.common.rest_client [req-5d370dd7-62af-455e-ab63-c5469892fbee req-5d370dd7-62af-455e-ab63-c5469892fbee ] Request (SecurityGroupRulesNegativeTestJSON:test_create_security_group_rule_with_invalid_port_range): 400 POST http://10.180.1.21/compute/v2.1/os-security-group-rules 1.390s
2025-06-27 19:28:42.313 62399 INFO tempest.lib.common.rest_client [req-f9ab59f1-023a-422e-854d-e0a90e5733d8 req-f9ab59f1-023a-422e-854d-e0a90e5733d8 ] Request (AggregatesAdminNegativeTestJSON:test_aggregate_delete_with_invalid_id): 404 DELETE http://10.180.1.21/compute/v2.1/os-aggregates/-1 1.378s
2025-06-27 19:28:42.315 62451 INFO tempest.lib.common.rest_client [req-fa3b2537-a33b-4a99-9568-e72ac8a59952 req-fa3b2537-a33b-4a99-9568-e72ac8a59952 ] Request (ImagesMetadataNegativeTestJSON:setUpClass): 204 PUT http://10.180.1.21/identity/v3/projects/23212d07fb2c48e08b2fd2b015a2b283/users/d887cf6c3b954613b8da4dbc1a6d9b90/roles/dbf5cb5895594ca8b5bb0c198e1afc58 0.024s
2025-06-27 19:28:42.315 62451 INFO tempest.lib.common.dynamic_creds [-] Dynamic test user d887cf6c3b954613b8da4dbc1a6d9b90 is created with scope project and roles: ['member']
2025-06-27 19:28:42.315 62451 INFO tempest.lib.common.dynamic_creds [-] Acquired dynamic creds: credentials: Credentials: {'domain_id': 'default', 'domain_name': 'Default', 'username': 'tempest-ImagesMetadataNegativeTestJSON-1724417662-project-member', 'project_domain_id': 'default', 'project_domain_name': 'Default', 'project_id': '23212d07fb2c48e08b2fd2b015a2b283', 'project_name': 'tempest-ImagesMetadataNegativeTestJSON-1724417662', 'tenant_id': '23212d07fb2c48e08b2fd2b015a2b283', 'tenant_name': 'tempest-ImagesMetadataNegativeTestJSON-1724417662', 'user_domain_id': 'default', 'user_domain_name': 'Default', 'user_id': 'd887cf6c3b954613b8da4dbc1a6d9b90', 'system': None}, Network: None, Subnet: None, Router: None
2025-06-27 19:28:42.315 62451 INFO tempest.lib.common.dynamic_creds [-] Created isolated network resources for: credentials: Credentials: {'domain_id': 'default', 'domain_name': 'Default', 'username': 'tempest-ImagesMetadataNegativeTestJSON-1724417662-project-member', 'project_domain_id': 'default', 'project_domain_name': 'Default', 'project_id': '23212d07fb2c48e08b2fd2b015a2b283', 'project_name': 'tempest-ImagesMetadataNegativeTestJSON-1724417662', 'tenant_id': '23212d07fb2c48e08b2fd2b015a2b283', 'tenant_name': 'tempest-ImagesMetadataNegativeTestJSON-1724417662', 'user_domain_id': 'default', 'user_domain_name': 'Default', 'user_id': 'd887cf6c3b954613b8da4dbc1a6d9b90', 'system': None}, Network: None, Subnet: None, Router: None
2025-06-27 19:28:42.366 62401 INFO tempest.lib.common.rest_client [req-074a8054-5a88-40e2-bd87-aa9c2242e6d1 req-074a8054-5a88-40e2-bd87-aa9c2242e6d1 ] Request (QuotasAdminTestJSON:test_get_updated_quotas): 200 GET http://10.180.1.21/identity/v3/domains?name=Default 0.066s
2025-06-27 19:28:42.390 62451 INFO tempest.lib.common.rest_client [req-5ed19ac3-3781-40d7-87a8-fc669ad0c667 req-5ed19ac3-3781-40d7-87a8-fc669ad0c667 ] Request (ImagesMetadataNegativeTestJSON:setUpClass): 201 POST http://10.180.1.21/identity/v3/auth/tokens 0.067s
2025-06-27 19:28:42.397 62401 INFO tempest.lib.common.rest_client [req-48fbc4e9-16fb-43d9-b9bb-bb89c5d9aae2 req-48fbc4e9-16fb-43d9-b9bb-bb89c5d9aae2 ] Request (QuotasAdminTestJSON:test_get_updated_quotas): 201 POST http://10.180.1.21/identity/v3/users 0.030s
2025-06-27 19:28:42.415 62401 INFO tempest.lib.common.rest_client [req-496a7c89-d2a9-467c-8310-81809caf5182 req-496a7c89-d2a9-467c-8310-81809caf5182 ] Request (QuotasAdminTestJSON:test_get_updated_quotas): 200 GET http://10.180.1.21/identity/v3/domains?name=Default 0.017s
2025-06-27 19:28:42.426 62425 INFO tempest.lib.common.rest_client [req-d2594e5c-7f29-4a39-be4f-3fb7978471b0 req-d2594e5c-7f29-4a39-be4f-3fb7978471b0 ] Request (ImagesMetadataTestJSON:tearDownClass): 200 GET http://10.180.1.21:9696/networking/v2.0/security-groups?tenant_id=8aaebc42150b454f849d00c34343f5aa&name=default 0.267s
2025-06-27 19:28:42.596 62425 INFO tempest.lib.common.rest_client [req-b39acdb2-fef2-4a60-b9f5-0ddb92b9a620 req-b39acdb2-fef2-4a60-b9f5-0ddb92b9a620 ] Request (ImagesMetadataTestJSON:tearDownClass): 204 DELETE http://10.180.1.21:9696/networking/v2.0/security-groups/8b1da032-a9fd-46fc-95bf-9f9e3a1ca4b9 0.170s
2025-06-27 19:28:42.609 62441 INFO tempest.lib.common.rest_client [req-4777ad2d-add9-4132-9a85-98f3da6d5803 req-4777ad2d-add9-4132-9a85-98f3da6d5803 ] Request (MigrationsAdminTest:test_list_migrations_in_flavor_resize_situation): 200 GET http://10.180.1.21/compute/v2.1/servers/d0f9134e-2797-4265-86d8-d68b5d3beb7a 0.890s
2025-06-27 19:28:42.630 62397 INFO tempest.lib.common.rest_client [req-6eea243d-0b5e-4681-ae10-ffea1b058518 req-6eea243d-0b5e-4681-ae10-ffea1b058518 ] Request (FlavorsAccessNegativeTestJSON:test_remove_flavor_access_not_found): 200 POST http://10.180.1.21/compute/v2.1/flavors 0.743s
2025-06-27 19:28:42.640 62415 INFO tempest.lib.common.rest_client [req-61689a11-79d7-4dd6-b8f3-ac33901fff32 req-61689a11-79d7-4dd6-b8f3-ac33901fff32 ] Request (FlavorsAdminTestJSON:_run_cleanups): 202 DELETE http://10.180.1.21/compute/v2.1/flavors/1060859486 0.725s
2025-06-27 19:28:42.655 62436 INFO tempest.lib.common.rest_client [req-817da0fc-510b-49d2-b84a-9b6d2ca7a067 req-817da0fc-510b-49d2-b84a-9b6d2ca7a067 ] Request (ServerGroup264TestJSON:test_create_get_server_group): 200 GET http://10.180.1.21/compute/v2.1/os-server-groups/f9e81efb-bc1c-4af2-90f9-8fbd8e3690a4 0.651s
2025-06-27 19:28:42.692 62437 INFO tempest.lib.common.rest_client [req-546b16d2-6937-414c-9a62-59b8502f3d9c req-546b16d2-6937-414c-9a62-59b8502f3d9c ] Request (FloatingIPDetailsTestJSON:setUpClass): 201 POST http://10.180.1.21:9696/networking/v2.0/routers 1.420s
2025-06-27 19:28:42.735 62431 INFO tempest.lib.common.rest_client [req-1b2e36f1-90b7-4a84-8108-376478e763c8 req-1b2e36f1-90b7-4a84-8108-376478e763c8 ] Request (VolumesAdminNegativeTest:test_update_attached_volume_with_nonexistent_volume_in_body): 200 GET http://10.180.1.21/compute/v2.1/servers/9b0b21f7-bdc0-488c-a7fc-234727c26b68 0.725s
2025-06-27 19:28:42.754 62425 INFO tempest.lib.common.rest_client [req-af0e1e75-e1ac-46ae-ab00-10f96862763a req-af0e1e75-e1ac-46ae-ab00-10f96862763a ] Request (ImagesMetadataTestJSON:tearDownClass): 204 DELETE http://10.180.1.21/identity/v3/projects/8aaebc42150b454f849d00c34343f5aa 0.157s
2025-06-27 19:28:42.841 62425 INFO tempest.lib.common.rest_client [req-67588b1d-caec-4933-a33d-910270846af3 req-67588b1d-caec-4933-a33d-910270846af3 ] Request (ServerMetadataNegativeTestJSON:setUpClass): 201 POST http://10.180.1.21/identity/v3/auth/tokens 0.086s
2025-06-27 19:28:42.880 62425 INFO tempest.lib.common.rest_client [req-4a625a38-2fe8-4095-993a-b1a89ccd9a3e req-4a625a38-2fe8-4095-993a-b1a89ccd9a3e ] Request (ServerMetadataNegativeTestJSON:setUpClass): 201 POST http://10.180.1.21/identity/v3/auth/tokens 0.036s
2025-06-27 19:28:42.881 62407 INFO tempest.lib.common.rest_client [req-de874d95-09fc-456b-96a1-d61fc7389294 req-de874d95-09fc-456b-96a1-d61fc7389294 ] Request (AttachInterfacesTestJSON:test_create_list_show_delete_interfaces_by_fixed_ip): 202 POST http://10.180.1.21/compute/v2.1/servers 1.240s
2025-06-27 19:28:42.924 62425 INFO tempest.lib.common.rest_client [req-4c217672-0fd2-4a33-96db-43af46debf3f req-4c217672-0fd2-4a33-96db-43af46debf3f ] Request (ServerMetadataNegativeTestJSON:setUpClass): 200 GET http://10.180.1.21/identity/v3/domains?name=Default 0.044s
2025-06-27 19:28:42.945 62417 INFO tempest.lib.common.rest_client [req-ad61f542-0366-4628-ab74-755e034fe637 req-ad61f542-0366-4628-ab74-755e034fe637 ] Request (SecurityGroupsTestJSON:test_list_security_groups_by_server): 200 GET http://10.180.1.21/compute/v2.1/servers/0519cba4-d9b1-4f54-b889-2c09d2d26b14 0.868s
2025-06-27 19:28:42.959 62425 INFO tempest.lib.common.rest_client [req-b4096d75-1a4b-4e1f-b052-8f8bfb5fc6d7 req-b4096d75-1a4b-4e1f-b052-8f8bfb5fc6d7 ] Request (ServerMetadataNegativeTestJSON:setUpClass): 201 POST http://10.180.1.21/identity/v3/projects 0.034s
2025-06-27 19:28:42.982 62393 INFO tempest.lib.common.rest_client [req-f50efdd5-d164-42ce-860b-5fa96c35ef1e req-f50efdd5-d164-42ce-860b-5fa96c35ef1e ] Request (ServersAdminTestJSON:setUpClass): 200 GET http://10.180.1.21/compute/v2.1/servers/e21722cc-672b-4f8a-9f78-e50ac83071a5 0.971s
2025-06-27 19:28:42.993 62406 INFO tempest.lib.common.rest_client [req-b08b0c92-7573-42d4-83d6-2ac6778f44dd req-b08b0c92-7573-42d4-83d6-2ac6778f44dd ] Request (KeyPairsV22TestJSON:test_keypairsv22_create_list_show_with_type): 200 GET http://10.180.1.21/compute/v2.1/os-keypairs 0.855s
2025-06-27 19:28:43.000 62423 INFO tempest.lib.common.rest_client [req-3296a288-4262-44b1-9e02-0503c6d9ce0e req-3296a288-4262-44b1-9e02-0503c6d9ce0e ] Request (ServersTestJSON:test_create_server_specify_multibyte_character_name): 200 GET http://10.180.1.21/compute/v2.1/servers/9c9d0334-be7e-466a-ab2c-cc3fbe82d756 0.872s
2025-06-27 19:28:43.050 62425 INFO tempest.lib.common.rest_client [req-2c8bf3e5-107e-4127-8db0-a40affdf7ff0 req-2c8bf3e5-107e-4127-8db0-a40affdf7ff0 ] Request (ServerMetadataNegativeTestJSON:setUpClass): 201 POST http://10.180.1.21/identity/v3/users 0.091s
2025-06-27 19:28:43.069 62425 INFO tempest.lib.common.rest_client [req-4ec14ab1-63d9-4819-bed0-90893d34dc8a req-4ec14ab1-63d9-4819-bed0-90893d34dc8a ] Request (ServerMetadataNegativeTestJSON:setUpClass): 200 GET http://10.180.1.21/identity/v3/roles 0.018s
2025-06-27 19:28:43.100 62425 INFO tempest.lib.common.rest_client [req-b1805a7c-3208-45e2-b0cb-ee8bc1d2fd61 req-b1805a7c-3208-45e2-b0cb-ee8bc1d2fd61 ] Request (ServerMetadataNegativeTestJSON:setUpClass): 204 PUT http://10.180.1.21/identity/v3/projects/be0c282a8b4748b49377b714672e2cb7/users/03d9681ceb2a4fc3bb4568d21d9e05bf/roles/dbf5cb5895594ca8b5bb0c198e1afc58 0.030s
2025-06-27 19:28:43.100 62425 INFO tempest.lib.common.dynamic_creds [-] Dynamic test user 03d9681ceb2a4fc3bb4568d21d9e05bf is created with scope project and roles: ['member']
2025-06-27 19:28:43.100 62425 INFO tempest.lib.common.dynamic_creds [-] Acquired dynamic creds: credentials: Credentials: {'domain_id': 'default', 'domain_name': 'Default', 'username': 'tempest-ServerMetadataNegativeTestJSON-580405815-project-member', 'project_domain_id': 'default', 'project_domain_name': 'Default', 'project_id': 'be0c282a8b4748b49377b714672e2cb7', 'project_name': 'tempest-ServerMetadataNegativeTestJSON-580405815', 'tenant_id': 'be0c282a8b4748b49377b714672e2cb7', 'tenant_name': 'tempest-ServerMetadataNegativeTestJSON-580405815', 'user_domain_id': 'default', 'user_domain_name': 'Default', 'user_id': '03d9681ceb2a4fc3bb4568d21d9e05bf', 'system': None}, Network: None, Subnet: None, Router: None
2025-06-27 19:28:43.106 62447 INFO tempest.lib.common.rest_client [req-3df0850c-3760-45cb-8ed9-b24658e5702d req-3df0850c-3760-45cb-8ed9-b24658e5702d ] Request (SecurityGroupRulesNegativeTestJSON:test_create_security_group_rule_with_invalid_to_port): 200 POST http://10.180.1.21/compute/v2.1/os-security-groups 0.795s
2025-06-27 19:28:43.132 62399 INFO tempest.lib.common.rest_client [req-b300f5fc-3422-4e13-957b-e8082178ed59 req-b300f5fc-3422-4e13-957b-e8082178ed59 ] Request (AggregatesAdminNegativeTestJSON:test_aggregate_get_details_as_user): 200 POST http://10.180.1.21/compute/v2.1/os-aggregates 0.812s
2025-06-27 19:28:43.177 62425 INFO tempest.lib.common.rest_client [req-36856b22-0d35-4875-98f8-79242ff55f8e req-36856b22-0d35-4875-98f8-79242ff55f8e ] Request (ServerMetadataNegativeTestJSON:setUpClass): 201 POST http://10.180.1.21/identity/v3/auth/tokens 0.076s
2025-06-27 19:28:43.227 62427 INFO tempest.lib.common.rest_client [req-df27baf1-54f8-4183-8feb-21fe9c055a3f req-df27baf1-54f8-4183-8feb-21fe9c055a3f ] Request (QuotasAdminNegativeTest:test_create_server_when_instances_quota_is_full): 200 PUT http://10.180.1.21/compute/v2.1/os-quota-sets/56d9f756f08143e18bdcf68310ddee09 0.953s
2025-06-27 19:28:43.291 62445 INFO tempest.lib.common.rest_client [req-b8607959-71f4-43d3-9d8a-9e65ce340fc3 req-b8607959-71f4-43d3-9d8a-9e65ce340fc3 ] Request (VolumesAssistedSnapshotsTest:test_volume_assisted_snapshot_create_delete): 200 GET http://10.180.1.21/compute/v2.1/servers/b979c065-ea7c-43bc-8701-fb77b4945ddf 0.934s
2025-06-27 19:28:43.300 62427 INFO tempest.lib.common.rest_client [req-a1c2878a-98a3-4543-81b5-2cd9938ba337 req-a1c2878a-98a3-4543-81b5-2cd9938ba337 ] Request (QuotasAdminNegativeTest:test_create_server_when_instances_quota_is_full): 201 POST http://10.180.1.21/identity/v3/auth/tokens 0.065s
2025-06-27 19:28:43.300 62427 INFO tempest.lib.common.fixed_network [-] (QuotasAdminNegativeTest:test_create_server_when_instances_quota_is_full) Found network None available for tenant
2025-06-27 19:28:43.319 62453 INFO tempest.lib.common.rest_client [req-549935a8-1a6a-4f0d-9690-56224e2f7933 req-549935a8-1a6a-4f0d-9690-56224e2f7933 ] Request (ServersTestJSON:setUpClass): 200 GET http://10.180.1.21/compute/v2.1/servers/311d492c-0093-4d64-a56f-80fce95b809a 0.975s
2025-06-27 19:28:43.422 62451 INFO tempest.lib.common.rest_client [req-eca32f12-284c-4c09-9f11-79666de733f5 req-eca32f12-284c-4c09-9f11-79666de733f5 ] Request (ImagesMetadataNegativeTestJSON:test_delete_nonexistent_image_metadata_item): 404 DELETE http://10.180.1.21/compute/v2.1/images/ee779a62-f2ef-4ab1-be22-f9d2c9a67231/metadata/os_distro 1.030s
2025-06-27 19:28:43.517 62401 INFO tempest.lib.common.rest_client [req-9426b7ee-8c91-4ba9-bb83-2eccf4fb1caa req-9426b7ee-8c91-4ba9-bb83-2eccf4fb1caa ] Request (QuotasAdminTestJSON:test_get_updated_quotas): 200 PUT http://10.180.1.21/compute/v2.1/os-quota-sets/6079eab054314a7c8f04285613ab70fd?user_id=7ebd5336e5a64e6e8234a1c20999a8c4 1.102s
2025-06-27 19:28:43.521 62421 INFO tempest.lib.common.rest_client [req-ed950ed9-f3ab-4dfa-8c6d-0aaf29b30f75 req-ed950ed9-f3ab-4dfa-8c6d-0aaf29b30f75 ] Request (ServersAdmin275Test:test_rebuild_update_server_275): 200 GET http://10.180.1.21/compute/v2.1/servers/7b033766-5b47-417a-9d90-35b5657ceaef 1.104s
2025-06-27 19:28:43.571 62409 INFO tempest.lib.common.rest_client [req-3ae65e92-ea23-492c-bffc-409fb75ab0f8 req-3ae65e92-ea23-492c-bffc-409fb75ab0f8 ] Request (ServerDiagnosticsNegativeTest:test_get_server_diagnostics_by_non_admin): 200 GET http://10.180.1.21/compute/v2.1/servers/3ae180bd-526d-481f-958b-ca3af96b4406 1.065s
2025-06-27 19:28:43.604 62425 INFO tempest.lib.common.rest_client [req-8500db35-64bf-4493-8aea-b11227334a50 req-8500db35-64bf-4493-8aea-b11227334a50 ] Request (ServerMetadataNegativeTestJSON:setUpClass): 201 POST http://10.180.1.21:9696/networking/v2.0/networks 0.427s
2025-06-27 19:28:43.636 62391 INFO tempest.lib.common.rest_client [req-e18340ce-8fec-460f-8490-48eb0400d17d req-e18340ce-8fec-460f-8490-48eb0400d17d ] Request (ServerAddressesNegativeTestJSON:setUpClass): 200 GET http://10.180.1.21/compute/v2.1/servers/6e14a79e-f3fa-47f5-afff-8d159c6d8a88 1.067s
2025-06-27 19:28:43.684 62444 INFO tempest.lib.common.rest_client [req-4e7a62aa-fe31-4c17-ae2a-e0b57a2c45a4 req-4e7a62aa-fe31-4c17-ae2a-e0b57a2c45a4 ] Request (ServerDiagnosticsTest:test_get_server_diagnostics): 200 GET http://10.180.1.21/compute/v2.1/servers/f8c0e060-db09-4279-b39b-42549aa0614d 1.125s
2025-06-27 19:28:43.690 62419 INFO tempest.lib.common.rest_client [req-5ae71fbd-4a2d-4835-86f9-d11759104890 req-5ae71fbd-4a2d-4835-86f9-d11759104890 ] Request (AttachInterfacesUnderV243Test:test_add_remove_fixed_ip): 200 GET http://10.180.1.21/compute/v2.1/servers/f836f443-77b5-41ae-a1c2-1ee5f80885fa 1.070s
2025-06-27 19:28:43.707 62415 INFO tempest.lib.common.rest_client [req-586e8ff7-aebe-427c-a79b-e39dc4d81110 req-586e8ff7-aebe-427c-a79b-e39dc4d81110 ] Request (FlavorsAdminTestJSON:_run_cleanups): 200 GET http://10.180.1.21/compute/v2.1/flavors/detail 1.066s
2025-06-27 19:28:43.736 62436 INFO tempest.lib.common.rest_client [req-e7168509-4ab0-4f2b-a892-94d89fdf9a13 req-e7168509-4ab0-4f2b-a892-94d89fdf9a13 ] Request (ServerGroup264TestJSON:_run_cleanups): 204 DELETE http://10.180.1.21/compute/v2.1/os-server-groups/f9e81efb-bc1c-4af2-90f9-8fbd8e3690a4 1.080s
2025-06-27 19:28:43.767 62397 INFO tempest.lib.common.rest_client [req-d0d82d31-7df9-4f2f-bd8e-99ed0243760e req-d0d82d31-7df9-4f2f-bd8e-99ed0243760e ] Request (FlavorsAccessNegativeTestJSON:test_remove_flavor_access_not_found): 404 POST http://10.180.1.21/compute/v2.1/flavors/1210592571/action 1.135s
2025-06-27 19:28:43.817 62395 INFO tempest.lib.common.rest_client [req-1c0f5868-aa69-44f8-bbd9-44a5d10acbe5 req-1c0f5868-aa69-44f8-bbd9-44a5d10acbe5 ] Request (ServersNegativeTestJSON:setUpClass): 200 GET http://10.180.1.21/compute/v2.1/servers/e454739d-dd42-4cdb-90bb-2bf733688af7 1.144s
2025-06-27 19:28:43.846 62403 INFO tempest.lib.common.rest_client [req-8f217f6d-cdf2-4a97-8822-55dc62d4ec64 req-8f217f6d-cdf2-4a97-8822-55dc62d4ec64 ] Request (ServersWithSpecificFlavorTestJSON:test_verify_created_server_ephemeral_disk): 200 GET http://10.180.1.21/compute/v2.1/servers/d61ac621-8140-4a40-8e00-acc041e3e0b4 1.122s
2025-06-27 19:28:43.873 62425 INFO tempest.lib.common.rest_client [req-11ec49aa-74a7-4531-88be-1ea0c28dbd16 req-11ec49aa-74a7-4531-88be-1ea0c28dbd16 ] Request (ServerMetadataNegativeTestJSON:setUpClass): 201 POST http://10.180.1.21:9696/networking/v2.0/subnets 0.268s
2025-06-27 19:28:43.904 62407 INFO tempest.lib.common.rest_client [req-8dfec998-5e69-4906-b83c-e66d40f4bb39 req-8dfec998-5e69-4906-b83c-e66d40f4bb39 ] Request (AttachInterfacesTestJSON:test_create_list_show_delete_interfaces_by_fixed_ip): 200 GET http://10.180.1.21/compute/v2.1/servers/e3a48262-e571-4b12-8f5f-5c8f5f65e5eb 1.017s
2025-06-27 19:28:44.112 62411 INFO tempest.lib.common.rest_client [req-76e32ce4-dc9b-444a-9ca1-3d76a2bc0212 req-76e32ce4-dc9b-444a-9ca1-3d76a2bc0212 ] Request (ServerAddressesTestJSON:setUpClass): 200 GET http://10.180.1.21/compute/v2.1/servers/6e0adc99-63ad-4cca-b300-d67dc2928324 1.287s
2025-06-27 19:28:44.140 62413 INFO tempest.lib.common.rest_client [req-7cdbc9ad-ac3c-4b5d-b3dd-654ea728d116 req-7cdbc9ad-ac3c-4b5d-b3dd-654ea728d116 ] Request (ImagesOneServerTestJSON:setUpClass): 200 GET http://10.180.1.21/compute/v2.1/servers/fa375b5c-bf96-4f57-a97c-73ef45bbef75 1.234s
2025-06-27 19:28:44.153 62437 INFO tempest.lib.common.rest_client [req-1985cbc6-ba81-479c-935e-dd88db4d5630 req-1985cbc6-ba81-479c-935e-dd88db4d5630 ] Request (FloatingIPDetailsTestJSON:setUpClass): 200 PUT http://10.180.1.21:9696/networking/v2.0/routers/c8d12695-eed2-447f-948d-7b46076f0b85/add_router_interface 1.461s
2025-06-27 19:28:44.153 62437 INFO tempest.lib.common.dynamic_creds [-] Created isolated network resources for: credentials: Credentials: {'domain_id': 'default', 'domain_name': 'Default', 'username': 'tempest-FloatingIPDetailsTestJSON-686926807-project-member', 'project_domain_id': 'default', 'project_domain_name': 'Default', 'project_id': '9545ebefd3e5468e94e2a7c2a5943a8d', 'project_name': 'tempest-FloatingIPDetailsTestJSON-686926807', 'tenant_id': '9545ebefd3e5468e94e2a7c2a5943a8d', 'tenant_name': 'tempest-FloatingIPDetailsTestJSON-686926807', 'user_domain_id': 'default', 'user_domain_name': 'Default', 'user_id': '94df0d826ca3454eade094cecc5870c0', 'system': None}, Network: {'id': 'a6097f4f-678b-40cc-b5b8-2328192e7426', 'name': 'tempest-FloatingIPDetailsTestJSON-969913245-network', 'tenant_id': '9545ebefd3e5468e94e2a7c2a5943a8d', 'admin_state_up': True, 'mtu': 8950, 'status': 'ACTIVE', 'subnets': [], 'shared': False, 'project_id': '9545ebefd3e5468e94e2a7c2a5943a8d', 'port_security_enabled': True, 'router:external': False, 'provider:network_type': 'vlan', 'provider:physical_network': 'default', 'provider:segmentation_id': 116, 'is_default': False, 'availability_zone_hints': [], 'availability_zones': [], 'ipv4_address_scope': None, 'ipv6_address_scope': None, 'description': '', 'tags': [], 'created_at': '2025-06-27T19:28:40Z', 'updated_at': '2025-06-27T19:28:40Z', 'revision_number': 1}, Subnet: {'id': 'cc73da32-32b2-4aae-b339-bb4e5b3b61a0', 'name': 'tempest-FloatingIPDetailsTestJSON-969913245-subnet', 'tenant_id': '9545ebefd3e5468e94e2a7c2a5943a8d', 'network_id': 'a6097f4f-678b-40cc-b5b8-2328192e7426', 'ip_version': 4, 'subnetpool_id': None, 'enable_dhcp': True, 'ipv6_ra_mode': None, 'ipv6_address_mode': None, 'gateway_ip': '192.168.128.1', 'cidr': '192.168.128.0/28', 'allocation_pools': [{'start': '192.168.128.2', 'end': '192.168.128.14'}], 'host_routes': [], 'dns_nameservers': [], 'description': '', 'service_types': [], 'tags': [], 'created_at': '2025-06-27T19:28:40Z', 'updated_at': '2025-06-27T19:28:40Z', 'revision_number': 0, 'project_id': '9545ebefd3e5468e94e2a7c2a5943a8d'}, Router: {'id': 'c8d12695-eed2-447f-948d-7b46076f0b85', 'name': 'tempest-FloatingIPDetailsTestJSON-969913245-router', 'tenant_id': '9545ebefd3e5468e94e2a7c2a5943a8d', 'admin_state_up': True, 'status': 'ACTIVE', 'external_gateway_info': {'network_id': 'b00280ef-786f-4b68-a4f1-c2fb662e1ff0', 'external_fixed_ips': [{'subnet_id': '44afd567-b828-4b5e-af5b-5719d1357f6c', 'ip_address': '10.180.180.133'}], 'enable_snat': True}, 'description': '', 'availability_zones': [], 'distributed': False, 'ha': False, 'availability_zone_hints': [], 'routes': [], 'flavor_id': None, 'tags': [], 'created_at': '2025-06-27T19:28:41Z', 'updated_at': '2025-06-27T19:28:42Z', 'revision_number': 2, 'project_id': '9545ebefd3e5468e94e2a7c2a5943a8d'}
2025-06-27 19:28:44.168 62429 INFO tempest.lib.common.rest_client [req-47aaa5b0-a8a5-4262-b017-709e7b7fedce req-47aaa5b0-a8a5-4262-b017-709e7b7fedce ] Request (ServerExternalEventsTest:test_create_server_external_events): 200 GET http://10.180.1.21/compute/v2.1/servers/83531c89-23dd-47b8-82dd-f8ec7b95dd4d 1.178s
2025-06-27 19:28:44.171 62406 INFO tempest.lib.common.rest_client [req-c8c3137a-b330-4426-95c0-59f9aa7368bd req-c8c3137a-b330-4426-95c0-59f9aa7368bd ] Request (KeyPairsV22TestJSON:_run_cleanups): 204 DELETE http://10.180.1.21/compute/v2.1/os-keypairs/tempest-keypair-1108381077 1.176s
2025-06-27 19:28:44.181 62399 INFO tempest.lib.common.rest_client [req-84d39997-f188-4ef8-a0ca-24151493ca47 req-84d39997-f188-4ef8-a0ca-24151493ca47 ] Request (AggregatesAdminNegativeTestJSON:test_aggregate_get_details_as_user): 403 GET http://10.180.1.21/compute/v2.1/os-aggregates/6 1.046s
2025-06-27 19:28:44.215 62447 INFO tempest.lib.common.rest_client [req-6e1831fc-875a-41fb-bee1-90755248271f req-6e1831fc-875a-41fb-bee1-90755248271f ] Request (SecurityGroupRulesNegativeTestJSON:test_create_security_group_rule_with_invalid_to_port): 400 POST http://10.180.1.21/compute/v2.1/os-security-group-rules 1.105s
2025-06-27 19:28:44.276 62406 INFO tempest.lib.common.rest_client [req-16e406b6-8e9d-4f39-87c8-75fbd8280599 req-16e406b6-8e9d-4f39-87c8-75fbd8280599 ] Request (KeyPairsV22TestJSON:tearDownClass): 204 DELETE http://10.180.1.21/identity/v3/users/aab24fb96ab840dead8a3c99a069df29 0.103s
2025-06-27 19:28:44.277 62406 INFO tempest.lib.common.dynamic_creds [-] Deleting project and security group for project: 3859328da75a425ca66ae826cd33cfde
2025-06-27 19:28:44.277 62437 INFO tempest.lib.common.rest_client [req-042293d5-45cf-4c2d-96f3-ab1b4d3507b5 req-042293d5-45cf-4c2d-96f3-ab1b4d3507b5 ] Request (FloatingIPDetailsTestJSON:setUpClass): 201 POST http://10.180.1.21/identity/v3/auth/tokens 0.117s
2025-06-27 19:28:44.309 62439 INFO tempest.lib.common.rest_client [req-9b8d9d7b-8dbe-4ad3-bdb6-f1aafc15cf34 req-9b8d9d7b-8dbe-4ad3-bdb6-f1aafc15cf34 ] Request (DeleteServersAdminTestJSON:test_admin_delete_servers_of_others): 200 GET http://10.180.1.21/compute/v2.1/servers/0cacf291-e966-4c3e-8cf7-f664295c2f91 1.174s
2025-06-27 19:28:44.336 62406 INFO tempest.lib.common.rest_client [req-e0bcab78-61d8-44c0-a525-a96fdac50dc0 req-e0bcab78-61d8-44c0-a525-a96fdac50dc0 ] Request (KeyPairsV22TestJSON:tearDownClass): 201 POST http://10.180.1.21/identity/v3/auth/tokens 0.059s
2025-06-27 19:28:44.445 62433 INFO tempest.lib.common.rest_client [req-72c15ff8-2bc5-4358-8d43-43e6fc0e9a57 req-72c15ff8-2bc5-4358-8d43-43e6fc0e9a57 ] Request (FloatingIPsAssociationTestJSON:setUpClass): 200 GET http://10.180.1.21/compute/v2.1/servers/6c15201d-7373-4040-9256-84ff11fcfed2 1.285s
2025-06-27 19:28:44.464 62451 INFO tempest.lib.common.rest_client [req-e904b7b5-21c3-423a-be35-363cb4912231 req-e904b7b5-21c3-423a-be35-363cb4912231 ] Request (ImagesMetadataNegativeTestJSON:test_get_nonexistent_image_metadata_item): 404 GET http://10.180.1.21/compute/v2.1/images/2013e576-36d2-4d3f-b776-5b074b9d7f4c/metadata/os_version 1.041s
2025-06-27 19:28:44.571 62406 INFO tempest.lib.common.rest_client [req-65c1cd4e-c233-4030-8ac5-6b7417abca40 req-65c1cd4e-c233-4030-8ac5-6b7417abca40 ] Request (KeyPairsV22TestJSON:tearDownClass): 200 GET http://10.180.1.21:9696/networking/v2.0/security-groups?tenant_id=3859328da75a425ca66ae826cd33cfde&name=default 0.234s
2025-06-27 19:28:44.624 62401 INFO tempest.lib.common.rest_client [req-d6925818-19c2-4103-a855-795fe2e32c1e req-d6925818-19c2-4103-a855-795fe2e32c1e ] Request (QuotasAdminTestJSON:test_get_updated_quotas): 200 GET http://10.180.1.21/compute/v2.1/os-quota-sets/6079eab054314a7c8f04285613ab70fd?user_id=7ebd5336e5a64e6e8234a1c20999a8c4 1.103s
2025-06-27 19:28:44.675 62427 INFO tempest.lib.common.rest_client [req-e47469dc-d9b7-4bb8-a7ea-5622f9869e26 req-e47469dc-d9b7-4bb8-a7ea-5622f9869e26 ] Request (QuotasAdminNegativeTest:test_create_server_when_instances_quota_is_full): 403 POST http://10.180.1.21/compute/v2.1/servers 1.374s
2025-06-27 19:28:44.688 62415 INFO tempest.lib.common.rest_client [req-48412ad7-26ea-4fe0-a57f-822335fb7967 req-48412ad7-26ea-4fe0-a57f-822335fb7967 ] Request (FlavorsAdminTestJSON:test_is_public_string_variations): 200 POST http://10.180.1.21/compute/v2.1/flavors 0.971s
2025-06-27 19:28:44.695 62436 INFO tempest.lib.common.rest_client [req-408a3d1c-c33e-40a3-a36a-b3fb496aef40 req-408a3d1c-c33e-40a3-a36a-b3fb496aef40 ] Request (ServerGroup264TestJSON:tearDownClass): 404 DELETE http://10.180.1.21/compute/v2.1/os-server-groups/f9e81efb-bc1c-4af2-90f9-8fbd8e3690a4 0.957s
2025-06-27 19:28:44.719 62401 INFO tempest.lib.common.rest_client [req-82041267-5bb6-4f29-83d8-c05b0b1d7f54 req-82041267-5bb6-4f29-83d8-c05b0b1d7f54 ] Request (QuotasAdminTestJSON:_run_cleanups): 204 DELETE http://10.180.1.21/identity/v3/users/7ebd5336e5a64e6e8234a1c20999a8c4 0.093s
2025-06-27 19:28:44.766 62431 INFO tempest.lib.common.rest_client [req-8b7f58b1-b818-40f8-a45d-66d786d1bd9b req-8b7f58b1-b818-40f8-a45d-66d786d1bd9b ] Request (VolumesAdminNegativeTest:test_update_attached_volume_with_nonexistent_volume_in_body): 200 GET http://10.180.1.21/compute/v2.1/servers/9b0b21f7-bdc0-488c-a7fc-234727c26b68 1.017s
2025-06-27 19:28:44.792 62397 INFO tempest.lib.common.rest_client [req-3d057064-c123-445e-8e41-c372148c14fc req-3d057064-c123-445e-8e41-c372148c14fc ] Request (FlavorsAccessNegativeTestJSON:_run_cleanups): 202 DELETE http://10.180.1.21/compute/v2.1/flavors/1210592571 1.023s
2025-06-27 19:28:44.861 62401 INFO tempest.lib.common.rest_client [req-45a8c63d-75b7-4dfa-af18-7e63b7591f29 req-45a8c63d-75b7-4dfa-af18-7e63b7591f29 ] Request (QuotasAdminTestJSON:_run_cleanups): 204 DELETE http://10.180.1.21/identity/v3/projects/6079eab054314a7c8f04285613ab70fd 0.141s
2025-06-27 19:28:44.982 62406 INFO tempest.lib.common.rest_client [req-09fd0749-f87c-488d-b6d2-629f9784abf4 req-09fd0749-f87c-488d-b6d2-629f9784abf4 ] Request (KeyPairsV22TestJSON:tearDownClass): 204 DELETE http://10.180.1.21:9696/networking/v2.0/security-groups/0166a589-d1df-4ef0-b042-f45240b279a5 0.411s
2025-06-27 19:28:45.015 62441 INFO tempest.lib.common.rest_client [req-21a7478f-d34b-4d75-aca7-12fea3caa075 req-21a7478f-d34b-4d75-aca7-12fea3caa075 ] Request (MigrationsAdminTest:test_list_migrations_in_flavor_resize_situation): 200 GET http://10.180.1.21/compute/v2.1/servers/d0f9134e-2797-4265-86d8-d68b5d3beb7a 1.395s
2025-06-27 19:28:45.017 62417 INFO tempest.lib.common.rest_client [req-dc701283-b456-4b51-9a3a-82888e6674a2 req-dc701283-b456-4b51-9a3a-82888e6674a2 ] Request (SecurityGroupsTestJSON:test_list_security_groups_by_server): 200 GET http://10.180.1.21/compute/v2.1/servers/0519cba4-d9b1-4f54-b889-2c09d2d26b14 1.063s
2025-06-27 19:28:45.090 62423 INFO tempest.lib.common.rest_client [req-babb8413-f15e-425e-986d-b689ccffe2b9 req-babb8413-f15e-425e-986d-b689ccffe2b9 ] Request (ServersTestJSON:test_create_server_specify_multibyte_character_name): 200 GET http://10.180.1.21/compute/v2.1/servers/9c9d0334-be7e-466a-ab2c-cc3fbe82d756 1.078s
2025-06-27 19:28:45.112 62399 INFO tempest.lib.common.rest_client [req-31977bae-f519-4403-b027-7bf85caa52f8 req-31977bae-f519-4403-b027-7bf85caa52f8 ] Request (AggregatesAdminNegativeTestJSON:_run_cleanups): 200 DELETE http://10.180.1.21/compute/v2.1/os-aggregates/6 0.931s
2025-06-27 19:28:45.134 62447 INFO tempest.lib.common.rest_client [req-bf6ebedc-1dab-4c2b-ac37-bf0ed58944aa req-bf6ebedc-1dab-4c2b-ac37-bf0ed58944aa ] Request (SecurityGroupRulesNegativeTestJSON:test_create_security_group_rule_with_non_existent_id): 404 POST http://10.180.1.21/compute/v2.1/os-security-group-rules 0.918s
2025-06-27 19:28:45.148 62406 INFO tempest.lib.common.rest_client [req-891b291d-3040-4453-9234-3bd83bc6cd67 req-891b291d-3040-4453-9234-3bd83bc6cd67 ] Request (KeyPairsV22TestJSON:tearDownClass): 204 DELETE http://10.180.1.21/identity/v3/projects/3859328da75a425ca66ae826cd33cfde 0.166s
2025-06-27 19:28:45.184 62393 INFO tempest.lib.common.rest_client [req-d4a2309c-039d-4872-9a57-77da543af8e3 req-d4a2309c-039d-4872-9a57-77da543af8e3 ] Request (ServersAdminTestJSON:setUpClass): 200 GET http://10.180.1.21/compute/v2.1/servers/e21722cc-672b-4f8a-9f78-e50ac83071a5 1.194s
2025-06-27 19:28:45.223 62425 INFO tempest.lib.common.rest_client [req-6b6aa4f0-04e6-47db-a35f-7349223467a4 req-6b6aa4f0-04e6-47db-a35f-7349223467a4 ] Request (ServerMetadataNegativeTestJSON:setUpClass): 201 POST http://10.180.1.21:9696/networking/v2.0/routers 1.349s
2025-06-27 19:28:45.228 62406 INFO tempest.lib.common.rest_client [req-dd52d454-0110-4d3c-94bb-617a743ab9c9 req-dd52d454-0110-4d3c-94bb-617a743ab9c9 ] Request (ServersTestManualDisk:setUpClass): 201 POST http://10.180.1.21/identity/v3/auth/tokens 0.077s
2025-06-27 19:28:45.241 62445 INFO tempest.lib.common.rest_client [req-b18eb97b-18b0-4b4d-a116-dcff7040b4ec req-b18eb97b-18b0-4b4d-a116-dcff7040b4ec ] Request (VolumesAssistedSnapshotsTest:test_volume_assisted_snapshot_create_delete): 200 GET http://10.180.1.21/compute/v2.1/servers/b979c065-ea7c-43bc-8701-fb77b4945ddf 0.939s
2025-06-27 19:28:45.267 62406 INFO tempest.lib.common.rest_client [req-20286949-f69b-4018-b27f-5be8becdf760 req-20286949-f69b-4018-b27f-5be8becdf760 ] Request (ServersTestManualDisk:setUpClass): 201 POST http://10.180.1.21/identity/v3/auth/tokens 0.036s
2025-06-27 19:28:45.293 62406 INFO tempest.lib.common.rest_client [req-fcf98b14-f8f9-4b83-a51f-81802a3d2d05 req-fcf98b14-f8f9-4b83-a51f-81802a3d2d05 ] Request (ServersTestManualDisk:setUpClass): 200 GET http://10.180.1.21/identity/v3/domains?name=Default 0.026s
2025-06-27 19:28:45.321 62406 INFO tempest.lib.common.rest_client [req-a4801459-cf63-4e8c-b4c3-0768540ea6d1 req-a4801459-cf63-4e8c-b4c3-0768540ea6d1 ] Request (ServersTestManualDisk:setUpClass): 201 POST http://10.180.1.21/identity/v3/projects 0.028s
2025-06-27 19:28:45.342 62453 INFO tempest.lib.common.rest_client [req-e35dae85-c1cb-413a-b657-db319774579e req-e35dae85-c1cb-413a-b657-db319774579e ] Request (ServersTestJSON:setUpClass): 200 GET http://10.180.1.21/compute/v2.1/servers/311d492c-0093-4d64-a56f-80fce95b809a 1.012s
2025-06-27 19:28:45.359 62451 INFO tempest.lib.common.rest_client [req-3448ab47-9eae-471d-99ca-040808c4a3e8 req-3448ab47-9eae-471d-99ca-040808c4a3e8 ] Request (ImagesMetadataNegativeTestJSON:test_list_nonexistent_image_metadata): 404 GET http://10.180.1.21/compute/v2.1/images/39b527fd-d09b-4da0-ae49-1999b4e40035/metadata 0.892s
2025-06-27 19:28:45.377 62406 INFO tempest.lib.common.rest_client [req-468d166f-06d8-42bf-a6a4-0046fc9c620a req-468d166f-06d8-42bf-a6a4-0046fc9c620a ] Request (ServersTestManualDisk:setUpClass): 201 POST http://10.180.1.21/identity/v3/users 0.055s
2025-06-27 19:28:45.394 62406 INFO tempest.lib.common.rest_client [req-ab207392-0091-4891-9696-72e9027eedc1 req-ab207392-0091-4891-9696-72e9027eedc1 ] Request (ServersTestManualDisk:setUpClass): 200 GET http://10.180.1.21/identity/v3/roles 0.017s
2025-06-27 19:28:45.420 62421 INFO tempest.lib.common.rest_client [req-6692548a-d244-497b-a007-8d643c8dea85 req-6692548a-d244-497b-a007-8d643c8dea85 ] Request (ServersAdmin275Test:test_rebuild_update_server_275): 200 GET http://10.180.1.21/compute/v2.1/servers/7b033766-5b47-417a-9d90-35b5657ceaef 0.885s
2025-06-27 19:28:45.427 62406 INFO tempest.lib.common.rest_client [req-995f926e-1659-4b2a-bd53-c6b88c0a97fe req-995f926e-1659-4b2a-bd53-c6b88c0a97fe ] Request (ServersTestManualDisk:setUpClass): 204 PUT http://10.180.1.21/identity/v3/projects/c78de5cabac047c79b76450f0f4c6c64/users/018ece0c569c45bdbba7fba256027de8/roles/dbf5cb5895594ca8b5bb0c198e1afc58 0.032s
2025-06-27 19:28:45.427 62406 INFO tempest.lib.common.dynamic_creds [-] Dynamic test user 018ece0c569c45bdbba7fba256027de8 is created with scope project and roles: ['member']
2025-06-27 19:28:45.427 62406 INFO tempest.lib.common.dynamic_creds [-] Acquired dynamic creds: credentials: Credentials: {'domain_id': 'default', 'domain_name': 'Default', 'username': 'tempest-ServersTestManualDisk-1103417019-project-member', 'project_domain_id': 'default', 'project_domain_name': 'Default', 'project_id': 'c78de5cabac047c79b76450f0f4c6c64', 'project_name': 'tempest-ServersTestManualDisk-1103417019', 'tenant_id': 'c78de5cabac047c79b76450f0f4c6c64', 'tenant_name': 'tempest-ServersTestManualDisk-1103417019', 'user_domain_id': 'default', 'user_domain_name': 'Default', 'user_id': '018ece0c569c45bdbba7fba256027de8', 'system': None}, Network: None, Subnet: None, Router: None
2025-06-27 19:28:45.472 62409 INFO tempest.lib.common.rest_client [req-670969c2-ab9b-4ddb-ad77-9cd3701caf56 req-670969c2-ab9b-4ddb-ad77-9cd3701caf56 ] Request (ServerDiagnosticsNegativeTest:test_get_server_diagnostics_by_non_admin): 200 GET http://10.180.1.21/compute/v2.1/servers/3ae180bd-526d-481f-958b-ca3af96b4406 0.894s
2025-06-27 19:28:45.492 62406 INFO tempest.lib.common.rest_client [req-e6440ddd-b398-4c59-b90b-689679c76f45 req-e6440ddd-b398-4c59-b90b-689679c76f45 ] Request (ServersTestManualDisk:setUpClass): 201 POST http://10.180.1.21/identity/v3/auth/tokens 0.065s
2025-06-27 19:28:45.530 62391 INFO tempest.lib.common.rest_client [req-41765445-52e0-43f4-b2df-c77f6373654d req-41765445-52e0-43f4-b2df-c77f6373654d ] Request (ServerAddressesNegativeTestJSON:setUpClass): 200 GET http://10.180.1.21/compute/v2.1/servers/6e14a79e-f3fa-47f5-afff-8d159c6d8a88 0.886s
2025-06-27 19:28:45.732 62427 INFO tempest.lib.common.rest_client [req-60bd6b9d-0b90-4e95-adcd-4e8dba70f508 req-60bd6b9d-0b90-4e95-adcd-4e8dba70f508 ] Request (QuotasAdminNegativeTest:_run_cleanups): 200 PUT http://10.180.1.21/compute/v2.1/os-quota-sets/56d9f756f08143e18bdcf68310ddee09 1.057s
2025-06-27 19:28:45.741 62406 INFO tempest.lib.common.rest_client [req-b39ddc19-deb0-492b-bab2-f5ef236b7287 req-b39ddc19-deb0-492b-bab2-f5ef236b7287 ] Request (ServersTestManualDisk:setUpClass): 201 POST http://10.180.1.21:9696/networking/v2.0/networks 0.248s
2025-06-27 19:28:45.747 62415 INFO tempest.lib.common.rest_client [req-0e927713-6889-463b-ac62-dfd0eff65948 req-0e927713-6889-463b-ac62-dfd0eff65948 ] Request (FlavorsAdminTestJSON:test_is_public_string_variations): 200 POST http://10.180.1.21/compute/v2.1/flavors 1.057s
2025-06-27 19:28:45.913 62444 INFO tempest.lib.common.rest_client [req-1f2864dc-00fb-4b61-b553-6f76cb958f5c req-1f2864dc-00fb-4b61-b553-6f76cb958f5c ] Request (ServerDiagnosticsTest:test_get_server_diagnostics): 200 GET http://10.180.1.21/compute/v2.1/servers/f8c0e060-db09-4279-b39b-42549aa0614d 1.216s
2025-06-27 19:28:45.974 62419 INFO tempest.lib.common.rest_client [req-4228f4f0-4974-4fe5-8b8a-799cfe9355eb req-4228f4f0-4974-4fe5-8b8a-799cfe9355eb ] Request (AttachInterfacesUnderV243Test:test_add_remove_fixed_ip): 200 GET http://10.180.1.21/compute/v2.1/servers/f836f443-77b5-41ae-a1c2-1ee5f80885fa 1.273s
2025-06-27 19:28:45.992 62397 INFO tempest.lib.common.rest_client [req-58c89727-efe0-4dbc-ab58-86faa9d9b5cb req-58c89727-efe0-4dbc-ab58-86faa9d9b5cb ] Request (FlavorsAccessNegativeTestJSON:_run_cleanups): 200 GET http://10.180.1.21/compute/v2.1/flavors/detail 1.199s
2025-06-27 19:28:46.044 62395 INFO tempest.lib.common.rest_client [req-23bd78eb-7436-447c-9698-fa856f0e0625 req-23bd78eb-7436-447c-9698-fa856f0e0625 ] Request (ServersNegativeTestJSON:setUpClass): 200 GET http://10.180.1.21/compute/v2.1/servers/e454739d-dd42-4cdb-90bb-2bf733688af7 1.210s
2025-06-27 19:28:46.091 62397 INFO tempest.lib.common.rest_client [req-e87896dc-8d9a-4c39-8a55-52b6aa4ef93a req-e87896dc-8d9a-4c39-8a55-52b6aa4ef93a ] Request (FlavorsAccessNegativeTestJSON:tearDownClass): 204 DELETE http://10.180.1.21/identity/v3/users/edf64fe06d1a4f75ba5218a0b02eceb8 0.092s
2025-06-27 19:28:46.100 62403 INFO tempest.lib.common.rest_client [req-9b052bbe-8ac6-4d0b-a945-d9d9381a2ab2 req-9b052bbe-8ac6-4d0b-a945-d9d9381a2ab2 ] Request (ServersWithSpecificFlavorTestJSON:test_verify_created_server_ephemeral_disk): 200 GET http://10.180.1.21/compute/v2.1/servers/d61ac621-8140-4a40-8e00-acc041e3e0b4 1.245s
2025-06-27 19:28:46.222 62397 INFO tempest.lib.common.rest_client [req-4dbe5bb5-b013-48fc-ad7b-b473fe1241da req-4dbe5bb5-b013-48fc-ad7b-b473fe1241da ] Request (FlavorsAccessNegativeTestJSON:tearDownClass): 204 DELETE http://10.180.1.21/identity/v3/users/4f25c1a6bd4a43618c3cd1cd68085237 0.130s
2025-06-27 19:28:46.270 62401 INFO tempest.lib.common.rest_client [req-74b293ab-1005-437e-80d5-af900967f98b req-74b293ab-1005-437e-80d5-af900967f98b ] Request (QuotasAdminTestJSON:test_update_all_quota_resources_for_tenant): 200 GET http://10.180.1.21/compute/v2.1/os-quota-sets/3da6026e95bc41778085b6002c473174/defaults 1.407s
2025-06-27 19:28:46.331 62407 INFO tempest.lib.common.rest_client [req-867a37b9-72ff-4e38-9de3-50df91fac7cc req-867a37b9-72ff-4e38-9de3-50df91fac7cc ] Request (AttachInterfacesTestJSON:test_create_list_show_delete_interfaces_by_fixed_ip): 200 GET http://10.180.1.21/compute/v2.1/servers/e3a48262-e571-4b12-8f5f-5c8f5f65e5eb 1.419s
2025-06-27 19:28:46.332 62397 INFO tempest.lib.common.rest_client [req-bf3c9609-e46c-47b9-a707-c48db3f87cf6 req-bf3c9609-e46c-47b9-a707-c48db3f87cf6 ] Request (FlavorsAccessNegativeTestJSON:tearDownClass): 204 DELETE http://10.180.1.21/identity/v3/users/5025efca160c41c99e94f2e271d934dd 0.110s
2025-06-27 19:28:46.332 62397 INFO tempest.lib.common.dynamic_creds [-] Deleting project and security group for project: 66bcb951ddc549e0967390d132bd591d
2025-06-27 19:28:46.341 62399 INFO tempest.lib.common.rest_client [req-9df1e57c-9d6d-4d4d-bc8f-3d8aef062861 req-9df1e57c-9d6d-4d4d-bc8f-3d8aef062861 ] Request (AggregatesAdminNegativeTestJSON:test_aggregate_get_details_with_invalid_id): 404 GET http://10.180.1.21/compute/v2.1/os-aggregates/-1 1.225s
2025-06-27 19:28:46.406 62397 INFO tempest.lib.common.rest_client [req-93ab16ba-497e-43a1-ae70-66856169e263 req-93ab16ba-497e-43a1-ae70-66856169e263 ] Request (FlavorsAccessNegativeTestJSON:tearDownClass): 201 POST http://10.180.1.21/identity/v3/auth/tokens 0.073s
2025-06-27 19:28:46.448 62411 INFO tempest.lib.common.rest_client [req-ee1594f2-0582-4493-b562-763a679837db req-ee1594f2-0582-4493-b562-763a679837db ] Request (ServerAddressesTestJSON:setUpClass): 200 GET http://10.180.1.21/compute/v2.1/servers/6e0adc99-63ad-4cca-b300-d67dc2928324 1.328s
2025-06-27 19:28:46.466 62447 INFO tempest.lib.common.rest_client [req-d64dd522-5027-4d71-9e07-c86e19308994 req-d64dd522-5027-4d71-9e07-c86e19308994 ] Request (SecurityGroupRulesNegativeTestJSON:test_delete_security_group_rule_with_non_existent_id): 404 DELETE http://10.180.1.21/compute/v2.1/os-security-group-rules/2b62fd94-3905-4109-b5da-320e846f01b5 1.330s
2025-06-27 19:28:46.612 62406 INFO tempest.lib.common.rest_client [req-026caa4f-941e-4685-bd99-b348bec5f2b4 req-026caa4f-941e-4685-bd99-b348bec5f2b4 ] Request (ServersTestManualDisk:setUpClass): 201 POST http://10.180.1.21:9696/networking/v2.0/subnets 0.870s
2025-06-27 19:28:46.618 62413 INFO tempest.lib.common.rest_client [req-15aaa785-d575-49ff-a876-ff9e531d000c req-15aaa785-d575-49ff-a876-ff9e531d000c ] Request (ImagesOneServerTestJSON:setUpClass): 200 GET http://10.180.1.21/compute/v2.1/servers/fa375b5c-bf96-4f57-a97c-73ef45bbef75 1.465s
2025-06-27 19:28:46.636 62397 INFO tempest.lib.common.rest_client [req-984e709e-20d8-40cc-b4a6-a42f99341ca7 req-984e709e-20d8-40cc-b4a6-a42f99341ca7 ] Request (FlavorsAccessNegativeTestJSON:tearDownClass): 200 GET http://10.180.1.21:9696/networking/v2.0/security-groups?tenant_id=66bcb951ddc549e0967390d132bd591d&name=default 0.229s
2025-06-27 19:28:46.680 62429 INFO tempest.lib.common.rest_client [req-089444c1-2e16-42c1-9bb7-f47b0e251348 req-089444c1-2e16-42c1-9bb7-f47b0e251348 ] Request (ServerExternalEventsTest:test_create_server_external_events): 200 GET http://10.180.1.21/compute/v2.1/servers/83531c89-23dd-47b8-82dd-f8ec7b95dd4d 1.497s
2025-06-27 19:28:46.877 62439 INFO tempest.lib.common.rest_client [req-7233dafe-91b9-4348-918d-5ddcb88edcc9 req-7233dafe-91b9-4348-918d-5ddcb88edcc9 ] Request (DeleteServersAdminTestJSON:test_admin_delete_servers_of_others): 200 GET http://10.180.1.21/compute/v2.1/servers/0cacf291-e966-4c3e-8cf7-f664295c2f91 1.559s
2025-06-27 19:28:46.894 62451 INFO tempest.lib.common.rest_client [req-3cd7e40a-b3db-46aa-8a6c-637cf01ef868 req-3cd7e40a-b3db-46aa-8a6c-637cf01ef868 ] Request (ImagesMetadataNegativeTestJSON:test_set_nonexistent_image_metadata): 404 PUT http://10.180.1.21/compute/v2.1/images/e55c5d7f-1f60-4394-b501-f922de90cdab/metadata 1.531s
2025-06-27 19:28:47.008 62397 INFO tempest.lib.common.rest_client [req-c18abc9c-ad59-475c-8874-bc01f632cbde req-c18abc9c-ad59-475c-8874-bc01f632cbde ] Request (FlavorsAccessNegativeTestJSON:tearDownClass): 204 DELETE http://10.180.1.21:9696/networking/v2.0/security-groups/c3695aaf-928c-4b43-9ed4-7496d094ded4 0.372s
2025-06-27 19:28:47.051 62433 INFO tempest.lib.common.rest_client [req-d3a77d41-e04d-470a-966a-7263680bc317 req-d3a77d41-e04d-470a-966a-7263680bc317 ] Request (FloatingIPsAssociationTestJSON:setUpClass): 200 GET http://10.180.1.21/compute/v2.1/servers/6c15201d-7373-4040-9256-84ff11fcfed2 1.598s
2025-06-27 19:28:47.097 62397 INFO tempest.lib.common.rest_client [req-43c7aaec-5faa-4f40-8fb2-59fba5df43a7 req-43c7aaec-5faa-4f40-8fb2-59fba5df43a7 ] Request (FlavorsAccessNegativeTestJSON:tearDownClass): 204 DELETE http://10.180.1.21/identity/v3/projects/66bcb951ddc549e0967390d132bd591d 0.088s
2025-06-27 19:28:47.097 62397 INFO tempest.lib.common.dynamic_creds [-] Deleting project and security group for project: b6da6dc5aba4436fa232e5c2abce98a1
2025-06-27 19:28:47.164 62427 INFO tempest.lib.common.rest_client [req-c93e4a67-e685-45f4-aad0-cbbb3cb31b01 req-c93e4a67-e685-45f4-aad0-cbbb3cb31b01 ] Request (QuotasAdminNegativeTest:test_create_server_when_memory_quota_is_full): 200 GET http://10.180.1.21/compute/v2.1/os-quota-sets/56d9f756f08143e18bdcf68310ddee09 1.428s
2025-06-27 19:28:47.179 62436 INFO tempest.lib.common.rest_client [req-93d8b6cd-7f8f-4d6e-855a-d3549b033857 req-93d8b6cd-7f8f-4d6e-855a-d3549b033857 ] Request (ServerGroup264TestJSON:tearDownClass): 200 PUT http://10.180.1.21:9696/networking/v2.0/routers/802585d6-c22b-406d-ada4-0ecbfdc4a963/remove_router_interface 2.484s
2025-06-27 19:28:47.183 62415 INFO tempest.lib.common.rest_client [req-c3c00e90-7397-4a77-bb74-25b83e4c13b7 req-c3c00e90-7397-4a77-bb74-25b83e4c13b7 ] Request (FlavorsAdminTestJSON:test_is_public_string_variations): 200 GET http://10.180.1.21/compute/v2.1/flavors/detail?is_public=f 1.433s
2025-06-27 19:28:47.201 62437 INFO tempest.lib.common.rest_client [req-4bc29a6d-056f-4906-901f-9854bd950ce1 req-4bc29a6d-056f-4906-901f-9854bd950ce1 ] Request (FloatingIPDetailsTestJSON:setUpClass): 200 POST http://10.180.1.21/compute/v2.1/os-floating-ips 2.923s
2025-06-27 19:28:47.281 62431 INFO tempest.lib.common.rest_client [req-47c62f1d-c668-48ca-83d2-0fd3a8b08911 req-47c62f1d-c668-48ca-83d2-0fd3a8b08911 ] Request (VolumesAdminNegativeTest:test_update_attached_volume_with_nonexistent_volume_in_body): 200 GET http://10.180.1.21/compute/v2.1/servers/9b0b21f7-bdc0-488c-a7fc-234727c26b68 1.505s
2025-06-27 19:28:47.345 62417 INFO tempest.lib.common.rest_client [req-a5bb0aa8-4fac-4d17-acfa-5a6ffb4a25de req-a5bb0aa8-4fac-4d17-acfa-5a6ffb4a25de ] Request (SecurityGroupsTestJSON:test_list_security_groups_by_server): 200 GET http://10.180.1.21/compute/v2.1/servers/0519cba4-d9b1-4f54-b889-2c09d2d26b14 1.318s
2025-06-27 19:28:47.366 62397 INFO tempest.lib.common.rest_client [req-661dbb15-65cb-44f5-a800-70b6ca832406 req-661dbb15-65cb-44f5-a800-70b6ca832406 ] Request (FlavorsAccessNegativeTestJSON:tearDownClass): 200 GET http://10.180.1.21:9696/networking/v2.0/security-groups?tenant_id=b6da6dc5aba4436fa232e5c2abce98a1&name=default 0.268s
2025-06-27 19:28:47.437 62423 INFO tempest.lib.common.rest_client [req-1f858875-e355-41e9-b434-b267b1813bac req-1f858875-e355-41e9-b434-b267b1813bac ] Request (ServersTestJSON:test_create_server_specify_multibyte_character_name): 200 GET http://10.180.1.21/compute/v2.1/servers/9c9d0334-be7e-466a-ab2c-cc3fbe82d756 1.338s
2025-06-27 19:28:47.548 62441 INFO tempest.lib.common.rest_client [req-1d6ce8f4-10aa-4272-adf5-605b3b7fe171 req-1d6ce8f4-10aa-4272-adf5-605b3b7fe171 ] Request (MigrationsAdminTest:test_list_migrations_in_flavor_resize_situation): 200 GET http://10.180.1.21/compute/v2.1/servers/d0f9134e-2797-4265-86d8-d68b5d3beb7a 1.523s
2025-06-27 19:28:47.564 62397 INFO tempest.lib.common.rest_client [req-65c40a43-a10d-4564-879c-714f3c7fb41f req-65c40a43-a10d-4564-879c-714f3c7fb41f ] Request (FlavorsAccessNegativeTestJSON:tearDownClass): 204 DELETE http://10.180.1.21:9696/networking/v2.0/security-groups/44488ef0-2643-4a23-b9d4-a3f6138f0876 0.198s
