2025-06-27 19:30:27.637 62425 INFO tempest.lib.common.rest_client [req-29100d8c-23fb-49f3-a657-d92344f4b08b req-29100d8c-23fb-49f3-a657-d92344f4b08b ] Request (ServerMetadataNegativeTestJSON:setUpClass): 200 GET http://10.180.1.21/compute/v2.1/servers/0d6f9828-e93a-474d-af31-f0ee6cb2149f 0.046s
2025-06-27 19:30:27.684 62397 INFO tempest.lib.common.rest_client [req-3e0ecc57-fb80-4235-bbb6-abbda7205dfd req-3e0ecc57-fb80-4235-bbb6-abbda7205dfd ] Request (ServersAdminNegativeTestJSON:setUpClass): 200 GET http://10.180.1.21/compute/v2.1/servers/a2337e7e-3cc9-4427-99fc-b2990dca9cd0 0.047s
2025-06-27 19:30:27.729 62421 INFO tempest.lib.common.rest_client [req-68632772-79fa-4e62-a58f-452667ee92f3 req-68632772-79fa-4e62-a58f-452667ee92f3 ] Request (ServerActionsTestOtherB:setUpClass): 200 GET http://10.180.1.21/compute/v2.1/servers/5ae9308d-1e1f-49ab-aafc-022a936d2f15 0.047s
2025-06-27 19:30:27.778 62407 INFO tempest.lib.common.rest_client [req-31d37a52-981f-47ca-b43f-a9507ebe2b5e req-31d37a52-981f-47ca-b43f-a9507ebe2b5e ] Request (AttachInterfacesTestJSON:test_create_list_show_delete_interfaces_by_fixed_ip): 200 GET http://10.180.1.21/compute/v2.1/servers/e3a48262-e571-4b12-8f5f-5c8f5f65e5eb 0.046s
2025-06-27 19:30:27.831 62423 INFO tempest.lib.common.rest_client [req-963ab754-de80-49a0-a619-f4a916b0e469 req-963ab754-de80-49a0-a619-f4a916b0e469 ] Request (ServersTestJSON:test_create_server_specify_multibyte_character_name): 200 GET http://10.180.1.21/compute/v2.1/servers/9c9d0334-be7e-466a-ab2c-cc3fbe82d756 0.046s
2025-06-27 19:30:27.845 62431 INFO tempest.lib.common.rest_client [req-6db7ee83-6bf7-4181-9594-c17015c83234 req-6db7ee83-6bf7-4181-9594-c17015c83234 ] Request (VolumesAdminNegativeTest:test_update_attached_volume_with_nonexistent_volume_in_body): 200 GET http://10.180.1.21/compute/v2.1/servers/9b0b21f7-bdc0-488c-a7fc-234727c26b68 0.090s
2025-06-27 19:30:27.876 62444 INFO tempest.lib.common.rest_client [req-c1714a0d-a99b-4826-b148-7456bdd9913d req-c1714a0d-a99b-4826-b148-7456bdd9913d ] Request (ServerTagsTestJSON:setUpClass): 200 GET http://10.180.1.21/compute/v2.1/servers/29ae12b6-adc9-4a25-8a89-9a88470b3818 0.072s
2025-06-27 19:30:27.889 62445 INFO tempest.lib.common.rest_client [req-ca186e93-e482-424d-94c7-8f80c4b43b0f req-ca186e93-e482-424d-94c7-8f80c4b43b0f ] Request (VolumesAssistedSnapshotsTest:test_volume_assisted_snapshot_create_delete): 200 GET http://10.180.1.21/compute/v2.1/servers/b979c065-ea7c-43bc-8701-fb77b4945ddf 0.054s
2025-06-27 19:30:27.917 62427 INFO tempest.lib.common.rest_client [req-d6bac291-a842-4976-a941-65f71bbb01d4 req-d6bac291-a842-4976-a941-65f71bbb01d4 ] Request (ImagesOneServerNegativeTestJSON:setUpClass): 200 GET http://10.180.1.21/compute/v2.1/servers/b4b12e43-e240-4782-9041-8887334e6361 0.072s
2025-06-27 19:30:27.935 62399 INFO tempest.lib.common.rest_client [req-04bc3d72-990f-4157-af86-b87c78fbf829 req-04bc3d72-990f-4157-af86-b87c78fbf829 ] Request (ListImageFiltersTestJSON:setUpClass): 200 GET http://10.180.1.21/compute/v2.1/servers/00e8d25c-9c28-47ee-8fd7-8734df1a9a3a 0.045s
2025-06-27 19:30:27.978 62415 INFO tempest.lib.common.rest_client [req-a26470fd-30be-49e7-9f2c-513dad5fa051 req-a26470fd-30be-49e7-9f2c-513dad5fa051 ] Request (ImagesTestJSON:test_create_image_from_stopped_server): 200 GET http://10.180.1.21/compute/v2.1/servers/8fb8bacf-aca4-4696-971e-559f85c002b3 0.047s
2025-06-27 19:30:28.019 62451 INFO tempest.lib.common.rest_client [req-7f76460f-f74c-4a5d-ab01-2a48a47a3f65 req-7f76460f-f74c-4a5d-ab01-2a48a47a3f65 ] Request (ServersTestBootFromVolume:setUpClass): 200 GET http://10.180.1.21/compute/v2.1/servers/b78cec38-feba-4723-b735-1d9afc5edadc 0.046s
2025-06-27 19:30:28.054 62417 INFO tempest.lib.common.rest_client [req-9e918436-8335-479e-a74b-6c4e07d502a1 req-9e918436-8335-479e-a74b-6c4e07d502a1 ] Request (SecurityGroupsTestJSON:test_list_security_groups_by_server): 200 GET http://10.180.1.21/compute/v2.1/servers/0519cba4-d9b1-4f54-b889-2c09d2d26b14 0.090s
2025-06-27 19:30:28.062 62406 INFO tempest.lib.common.rest_client [req-c9f26e64-16c8-4171-9dbe-a3d96d43ec65 req-c9f26e64-16c8-4171-9dbe-a3d96d43ec65 ] Request (ServersTestManualDisk:setUpClass): 200 GET http://10.180.1.21/compute/v2.1/servers/0c391391-3357-41d5-995b-70accf3aa2a9 0.054s
2025-06-27 19:30:28.097 62419 INFO tempest.lib.common.rest_client [req-65212593-cb95-4657-8ad8-3ac9b4f0cf61 req-65212593-cb95-4657-8ad8-3ac9b4f0cf61 ] Request (AttachInterfacesUnderV243Test:test_add_remove_fixed_ip): 200 GET http://10.180.1.21/compute/v2.1/servers/f836f443-77b5-41ae-a1c2-1ee5f80885fa 0.079s
2025-06-27 19:30:28.106 62439 INFO tempest.lib.common.rest_client [req-75eeccec-9873-4aad-95dc-4cbca6c740c4 req-75eeccec-9873-4aad-95dc-4cbca6c740c4 ] Request (DeleteServersAdminTestJSON:test_delete_server_while_in_error_state): 200 GET http://10.180.1.21/compute/v2.1/servers/850493b3-7c3d-4b01-a807-bc4cacb0cb5f 0.053s
2025-06-27 19:30:28.145 62395 INFO tempest.lib.common.rest_client [req-8d205f68-c41c-4927-a07d-92e123c09cc7 req-8d205f68-c41c-4927-a07d-92e123c09cc7 ] Request (ServersNegativeTestJSON:setUpClass): 200 GET http://10.180.1.21/compute/v2.1/servers/e454739d-dd42-4cdb-90bb-2bf733688af7 0.083s
2025-06-27 19:30:28.317 62393 INFO tempest.lib.common.rest_client [req-1b6d9b66-4397-4dff-b0f3-74a8b7d99b2b req-1b6d9b66-4397-4dff-b0f3-74a8b7d99b2b ] Request (ServersAdminTestJSON:setUpClass): 200 GET http://10.180.1.21/compute/v2.1/servers/e21722cc-672b-4f8a-9f78-e50ac83071a5 0.145s
2025-06-27 19:30:28.407 62441 INFO tempest.lib.common.rest_client [req-4e81754f-94ee-4873-9f5e-650f5d1aff49 req-4e81754f-94ee-4873-9f5e-650f5d1aff49 ] Request (MigrationsAdminTest:test_list_migrations_in_flavor_resize_situation): 200 GET http://10.180.1.21/compute/v2.1/servers/d0f9134e-2797-4265-86d8-d68b5d3beb7a 0.229s
2025-06-27 19:30:28.427 62433 INFO tempest.lib.common.rest_client [req-6e1561e3-b557-4f60-90b2-79a75585c430 req-6e1561e3-b557-4f60-90b2-79a75585c430 ] Request (FloatingIPsAssociationTestJSON:setUpClass): 200 GET http://10.180.1.21/compute/v2.1/servers/6c15201d-7373-4040-9256-84ff11fcfed2 0.088s
2025-06-27 19:30:28.476 62436 INFO tempest.lib.common.rest_client [req-f7d9eb22-93bd-4074-bace-1ee3cf4071e1 req-f7d9eb22-93bd-4074-bace-1ee3cf4071e1 ] Request (AttachVolumeTestJSON:test_attach_detach_volume): 200 GET http://10.180.1.21/compute/v2.1/servers/21b0c6a6-05f7-4d92-9e2e-7ec332a4337a 0.048s
2025-06-27 19:30:28.504 62409 INFO tempest.lib.common.rest_client [req-fc3ce91a-f161-46c7-beda-f7848ceb1319 req-fc3ce91a-f161-46c7-beda-f7848ceb1319 ] Request (ServerDiagnosticsNegativeTest:test_get_server_diagnostics_by_non_admin): 200 GET http://10.180.1.21/compute/v2.1/servers/3ae180bd-526d-481f-958b-ca3af96b4406 0.160s
2025-06-27 19:30:28.560 62391 INFO tempest.lib.common.rest_client [req-e39c1d73-5583-40ec-ab89-8c8b35443d75 req-e39c1d73-5583-40ec-ab89-8c8b35443d75 ] Request (ServerAddressesNegativeTestJSON:setUpClass): 200 GET http://10.180.1.21/compute/v2.1/servers/6e14a79e-f3fa-47f5-afff-8d159c6d8a88 0.047s
2025-06-27 19:30:28.596 62413 INFO tempest.lib.common.rest_client [req-ce7e72cf-fa35-48d9-8639-afc6c1635094 req-ce7e72cf-fa35-48d9-8639-afc6c1635094 ] Request (ImagesOneServerTestJSON:setUpClass): 200 GET http://10.180.1.21/compute/v2.1/servers/fa375b5c-bf96-4f57-a97c-73ef45bbef75 0.127s
2025-06-27 19:30:28.641 62403 INFO tempest.lib.common.rest_client [req-b4138ad9-8ca2-4caf-b943-92712345b4dd req-b4138ad9-8ca2-4caf-b943-92712345b4dd ] Request (ServersWithSpecificFlavorTestJSON:test_verify_created_server_ephemeral_disk): 200 GET http://10.180.1.21/compute/v2.1/servers/d61ac621-8140-4a40-8e00-acc041e3e0b4 0.083s
2025-06-27 19:30:28.680 62411 INFO tempest.lib.common.rest_client [req-326547b6-6db3-4ad4-a0bf-d4146c5f6e38 req-326547b6-6db3-4ad4-a0bf-d4146c5f6e38 ] Request (ServerAddressesTestJSON:setUpClass): 200 GET http://10.180.1.21/compute/v2.1/servers/6e0adc99-63ad-4cca-b300-d67dc2928324 0.166s
2025-06-27 19:30:28.725 62429 INFO tempest.lib.common.rest_client [req-a7a84f56-b90f-4e20-9300-987855a0bda8 req-a7a84f56-b90f-4e20-9300-987855a0bda8 ] Request (ServerExternalEventsTest:test_create_server_external_events): 200 GET http://10.180.1.21/compute/v2.1/servers/83531c89-23dd-47b8-82dd-f8ec7b95dd4d 0.121s
2025-06-27 19:30:28.761 62453 INFO tempest.lib.common.rest_client [req-fe24d1fa-fdc6-478e-b7d5-4116ba6b805a req-fe24d1fa-fdc6-478e-b7d5-4116ba6b805a ] Request (ServersTestJSON:setUpClass): 200 GET http://10.180.1.21/compute/v2.1/servers/311d492c-0093-4d64-a56f-80fce95b809a 0.161s
2025-06-27 19:30:28.766 62425 INFO tempest.lib.common.rest_client [req-a915444e-dc2c-48af-99e5-0f5d89fa6e66 req-a915444e-dc2c-48af-99e5-0f5d89fa6e66 ] Request (ServerMetadataNegativeTestJSON:setUpClass): 200 GET http://10.180.1.21/compute/v2.1/servers/0d6f9828-e93a-474d-af31-f0ee6cb2149f 0.122s
2025-06-27 19:30:28.807 62397 INFO tempest.lib.common.rest_client [req-142b43f8-797b-46b0-b3da-abfdd755ee50 req-142b43f8-797b-46b0-b3da-abfdd755ee50 ] Request (ServersAdminNegativeTestJSON:setUpClass): 200 GET http://10.180.1.21/compute/v2.1/servers/a2337e7e-3cc9-4427-99fc-b2990dca9cd0 0.114s
2025-06-27 19:30:28.809 62421 INFO tempest.lib.common.rest_client [req-b8317590-6a76-49c1-b5dd-db7f4d177057 req-b8317590-6a76-49c1-b5dd-db7f4d177057 ] Request (ServerActionsTestOtherB:setUpClass): 200 GET http://10.180.1.21/compute/v2.1/servers/5ae9308d-1e1f-49ab-aafc-022a936d2f15 0.072s
2025-06-27 19:30:28.849 62407 INFO tempest.lib.common.rest_client [req-92213cab-6285-4182-90e1-a91352a3478b req-92213cab-6285-4182-90e1-a91352a3478b ] Request (AttachInterfacesTestJSON:test_create_list_show_delete_interfaces_by_fixed_ip): 200 GET http://10.180.1.21/compute/v2.1/servers/e3a48262-e571-4b12-8f5f-5c8f5f65e5eb 0.063s
2025-06-27 19:30:28.886 62423 INFO tempest.lib.common.rest_client [req-a786a351-d809-40ce-8791-f4cba20a02a6 req-a786a351-d809-40ce-8791-f4cba20a02a6 ] Request (ServersTestJSON:test_create_server_specify_multibyte_character_name): 200 GET http://10.180.1.21/compute/v2.1/servers/9c9d0334-be7e-466a-ab2c-cc3fbe82d756 0.047s
2025-06-27 19:30:28.931 62444 INFO tempest.lib.common.rest_client [req-9fef942a-b227-44f9-b81f-07c328a18713 req-9fef942a-b227-44f9-b81f-07c328a18713 ] Request (ServerTagsTestJSON:setUpClass): 200 GET http://10.180.1.21/compute/v2.1/servers/29ae12b6-adc9-4a25-8a89-9a88470b3818 0.046s
2025-06-27 19:30:28.938 62431 INFO tempest.lib.common.rest_client [req-ccb4e753-e45c-4a0b-bc81-b631d0e67cd1 req-ccb4e753-e45c-4a0b-bc81-b631d0e67cd1 ] Request (VolumesAdminNegativeTest:test_update_attached_volume_with_nonexistent_volume_in_body): 200 GET http://10.180.1.21/compute/v2.1/servers/9b0b21f7-bdc0-488c-a7fc-234727c26b68 0.085s
2025-06-27 19:30:28.974 62445 INFO tempest.lib.common.rest_client [req-b81efb14-b154-4b92-96b5-bcc20fd928c0 req-b81efb14-b154-4b92-96b5-bcc20fd928c0 ] Request (VolumesAssistedSnapshotsTest:test_volume_assisted_snapshot_create_delete): 200 GET http://10.180.1.21/compute/v2.1/servers/b979c065-ea7c-43bc-8701-fb77b4945ddf 0.078s
2025-06-27 19:30:28.982 62427 INFO tempest.lib.common.rest_client [req-277b369e-d442-4554-9324-f0da5b650fee req-277b369e-d442-4554-9324-f0da5b650fee ] Request (ImagesOneServerNegativeTestJSON:setUpClass): 200 GET http://10.180.1.21/compute/v2.1/servers/b4b12e43-e240-4782-9041-8887334e6361 0.056s
2025-06-27 19:30:29.018 62399 INFO tempest.lib.common.rest_client [req-75dce50a-515f-4b5e-8834-2e9fc5b0385b req-75dce50a-515f-4b5e-8834-2e9fc5b0385b ] Request (ListImageFiltersTestJSON:setUpClass): 200 GET http://10.180.1.21/compute/v2.1/servers/00e8d25c-9c28-47ee-8fd7-8734df1a9a3a 0.076s
2025-06-27 19:30:29.031 62415 INFO tempest.lib.common.rest_client [req-05abef44-4b33-4246-a07d-9919075d4c7d req-05abef44-4b33-4246-a07d-9919075d4c7d ] Request (ImagesTestJSON:test_create_image_from_stopped_server): 200 GET http://10.180.1.21/compute/v2.1/servers/8fb8bacf-aca4-4696-971e-559f85c002b3 0.046s
2025-06-27 19:30:29.069 62451 INFO tempest.lib.common.rest_client [req-bbfedb0c-b79c-4a22-8099-3f9c741c1993 req-bbfedb0c-b79c-4a22-8099-3f9c741c1993 ] Request (ServersTestBootFromVolume:setUpClass): 200 GET http://10.180.1.21/compute/v2.1/servers/b78cec38-feba-4723-b735-1d9afc5edadc 0.043s
2025-06-27 19:30:29.113 62406 INFO tempest.lib.common.rest_client [req-4777a6d7-456c-45de-b54d-6d9e9cfa0f19 req-4777a6d7-456c-45de-b54d-6d9e9cfa0f19 ] Request (ServersTestManualDisk:setUpClass): 200 GET http://10.180.1.21/compute/v2.1/servers/0c391391-3357-41d5-995b-70accf3aa2a9 0.042s
2025-06-27 19:30:29.151 62417 INFO tempest.lib.common.rest_client [req-8c1df69c-7e7c-47c2-ab0b-2abe9766e02d req-8c1df69c-7e7c-47c2-ab0b-2abe9766e02d ] Request (SecurityGroupsTestJSON:test_list_security_groups_by_server): 200 GET http://10.180.1.21/compute/v2.1/servers/0519cba4-d9b1-4f54-b889-2c09d2d26b14 0.088s
2025-06-27 19:30:29.154 62419 INFO tempest.lib.common.rest_client [req-dab7748e-7bb3-49d5-83eb-bb0eb77ef21c req-dab7748e-7bb3-49d5-83eb-bb0eb77ef21c ] Request (AttachInterfacesUnderV243Test:test_add_remove_fixed_ip): 200 GET http://10.180.1.21/compute/v2.1/servers/f836f443-77b5-41ae-a1c2-1ee5f80885fa 0.049s
2025-06-27 19:30:29.193 62439 INFO tempest.lib.common.rest_client [req-75eaa45a-7770-4f9c-aff4-3cefbd3c3975 req-75eaa45a-7770-4f9c-aff4-3cefbd3c3975 ] Request (DeleteServersAdminTestJSON:test_delete_server_while_in_error_state): 200 GET http://10.180.1.21/compute/v2.1/servers/850493b3-7c3d-4b01-a807-bc4cacb0cb5f 0.080s
2025-06-27 19:30:29.197 62395 INFO tempest.lib.common.rest_client [req-da8cc047-8092-47d5-bdba-f556e362e2de req-da8cc047-8092-47d5-bdba-f556e362e2de ] Request (ServersNegativeTestJSON:setUpClass): 200 GET http://10.180.1.21/compute/v2.1/servers/e454739d-dd42-4cdb-90bb-2bf733688af7 0.044s
2025-06-27 19:30:29.425 62393 INFO tempest.lib.common.rest_client [req-dc6837e3-7d0f-49de-86e1-9e2d9d929d5f req-dc6837e3-7d0f-49de-86e1-9e2d9d929d5f ] Request (ServersAdminTestJSON:setUpClass): 200 GET http://10.180.1.21/compute/v2.1/servers/e21722cc-672b-4f8a-9f78-e50ac83071a5 0.100s
2025-06-27 19:30:29.506 62441 INFO tempest.lib.common.rest_client [req-eec70504-a660-4580-92ff-b19a73541e91 req-eec70504-a660-4580-92ff-b19a73541e91 ] Request (MigrationsAdminTest:test_list_migrations_in_flavor_resize_situation): 200 GET http://10.180.1.21/compute/v2.1/servers/d0f9134e-2797-4265-86d8-d68b5d3beb7a 0.090s
2025-06-27 19:30:29.523 62433 INFO tempest.lib.common.rest_client [req-8822e131-08d7-4260-9298-4fd92d87cfc5 req-8822e131-08d7-4260-9298-4fd92d87cfc5 ] Request (FloatingIPsAssociationTestJSON:setUpClass): 200 GET http://10.180.1.21/compute/v2.1/servers/6c15201d-7373-4040-9256-84ff11fcfed2 0.088s
2025-06-27 19:30:29.553 62436 INFO tempest.lib.common.rest_client [req-85821daa-1642-426b-9893-058ea03f2643 req-85821daa-1642-426b-9893-058ea03f2643 ] Request (AttachVolumeTestJSON:test_attach_detach_volume): 200 GET http://10.180.1.21/compute/v2.1/servers/21b0c6a6-05f7-4d92-9e2e-7ec332a4337a 0.070s
2025-06-27 19:30:29.609 62409 INFO tempest.lib.common.rest_client [req-bc294678-a473-4ed4-85d5-93b33490f3f9 req-bc294678-a473-4ed4-85d5-93b33490f3f9 ] Request (ServerDiagnosticsNegativeTest:test_get_server_diagnostics_by_non_admin): 200 GET http://10.180.1.21/compute/v2.1/servers/3ae180bd-526d-481f-958b-ca3af96b4406 0.098s
2025-06-27 19:30:29.612 62391 INFO tempest.lib.common.rest_client [req-f8be17e3-09d2-4c4b-bd4e-8b68b48f0e38 req-f8be17e3-09d2-4c4b-bd4e-8b68b48f0e38 ] Request (ServerAddressesNegativeTestJSON:setUpClass): 200 GET http://10.180.1.21/compute/v2.1/servers/6e14a79e-f3fa-47f5-afff-8d159c6d8a88 0.045s
2025-06-27 19:30:29.693 62403 INFO tempest.lib.common.rest_client [req-39d359ce-2672-40db-a1ad-71a9eb38d5e9 req-39d359ce-2672-40db-a1ad-71a9eb38d5e9 ] Request (ServersWithSpecificFlavorTestJSON:test_verify_created_server_ephemeral_disk): 200 GET http://10.180.1.21/compute/v2.1/servers/d61ac621-8140-4a40-8e00-acc041e3e0b4 0.045s
2025-06-27 19:30:29.695 62413 INFO tempest.lib.common.rest_client [req-438ec083-e488-4a66-b69f-47479795daf6 req-438ec083-e488-4a66-b69f-47479795daf6 ] Request (ImagesOneServerTestJSON:setUpClass): 200 GET http://10.180.1.21/compute/v2.1/servers/fa375b5c-bf96-4f57-a97c-73ef45bbef75 0.091s
2025-06-27 19:30:29.777 62411 INFO tempest.lib.common.rest_client [req-33888bc6-3e8d-4a86-9d49-16877d4ed1c9 req-33888bc6-3e8d-4a86-9d49-16877d4ed1c9 ] Request (ServerAddressesTestJSON:setUpClass): 200 GET http://10.180.1.21/compute/v2.1/servers/6e0adc99-63ad-4cca-b300-d67dc2928324 0.089s
2025-06-27 19:30:29.778 62429 INFO tempest.lib.common.rest_client [req-c013cfb3-b31e-42be-9d79-e3b41e4a4f10 req-c013cfb3-b31e-42be-9d79-e3b41e4a4f10 ] Request (ServerExternalEventsTest:test_create_server_external_events): 200 GET http://10.180.1.21/compute/v2.1/servers/83531c89-23dd-47b8-82dd-f8ec7b95dd4d 0.045s
2025-06-27 19:30:29.821 62425 INFO tempest.lib.common.rest_client [req-f012ae49-6df1-4418-99e4-0fbb70ceb23b req-f012ae49-6df1-4418-99e4-0fbb70ceb23b ] Request (ServerMetadataNegativeTestJSON:setUpClass): 200 GET http://10.180.1.21/compute/v2.1/servers/0d6f9828-e93a-474d-af31-f0ee6cb2149f 0.047s
2025-06-27 19:30:29.862 62397 INFO tempest.lib.common.rest_client [req-eab44725-512c-4f8a-bfe8-767bef03c90c req-eab44725-512c-4f8a-bfe8-767bef03c90c ] Request (ServersAdminNegativeTestJSON:setUpClass): 200 GET http://10.180.1.21/compute/v2.1/servers/a2337e7e-3cc9-4427-99fc-b2990dca9cd0 0.047s
2025-06-27 19:30:29.900 62453 INFO tempest.lib.common.rest_client [req-1b38ba94-d7f3-480a-b2bb-fb2623440f52 req-1b38ba94-d7f3-480a-b2bb-fb2623440f52 ] Request (ServersTestJSON:setUpClass): 200 GET http://10.180.1.21/compute/v2.1/servers/311d492c-0093-4d64-a56f-80fce95b809a 0.130s
2025-06-27 19:30:29.903 62421 INFO tempest.lib.common.rest_client [req-78e8c538-bc39-4589-a83c-dbac09821900 req-78e8c538-bc39-4589-a83c-dbac09821900 ] Request (ServerActionsTestOtherB:setUpClass): 200 GET http://10.180.1.21/compute/v2.1/servers/5ae9308d-1e1f-49ab-aafc-022a936d2f15 0.085s
2025-06-27 19:30:29.943 62423 INFO tempest.lib.common.rest_client [req-a8734339-d732-4590-90ca-6e3e0c5b1a95 req-a8734339-d732-4590-90ca-6e3e0c5b1a95 ] Request (ServersTestJSON:test_create_server_specify_multibyte_character_name): 200 GET http://10.180.1.21/compute/v2.1/servers/9c9d0334-be7e-466a-ab2c-cc3fbe82d756 0.050s
2025-06-27 19:30:29.944 62407 INFO tempest.lib.common.rest_client [req-01a091f5-6346-4f35-af00-153712d1381f req-01a091f5-6346-4f35-af00-153712d1381f ] Request (AttachInterfacesTestJSON:test_create_list_show_delete_interfaces_by_fixed_ip): 200 GET http://10.180.1.21/compute/v2.1/servers/e3a48262-e571-4b12-8f5f-5c8f5f65e5eb 0.087s
2025-06-27 19:30:29.989 62444 INFO tempest.lib.common.rest_client [req-39d1d304-87ca-474d-935e-b16ab135fd9f req-39d1d304-87ca-474d-935e-b16ab135fd9f ] Request (ServerTagsTestJSON:setUpClass): 200 GET http://10.180.1.21/compute/v2.1/servers/29ae12b6-adc9-4a25-8a89-9a88470b3818 0.048s
2025-06-27 19:30:30.029 62445 INFO tempest.lib.common.rest_client [req-2ff4863b-2c39-4b7c-8f0e-a4681ef3e4ae req-2ff4863b-2c39-4b7c-8f0e-a4681ef3e4ae ] Request (VolumesAssistedSnapshotsTest:test_volume_assisted_snapshot_create_delete): 200 GET http://10.180.1.21/compute/v2.1/servers/b979c065-ea7c-43bc-8701-fb77b4945ddf 0.046s
2025-06-27 19:30:30.068 62431 INFO tempest.lib.common.rest_client [req-b20ff426-119c-4e55-ac5a-8ee358829ac8 req-b20ff426-119c-4e55-ac5a-8ee358829ac8 ] Request (VolumesAdminNegativeTest:test_update_attached_volume_with_nonexistent_volume_in_body): 200 GET http://10.180.1.21/compute/v2.1/servers/9b0b21f7-bdc0-488c-a7fc-234727c26b68 0.122s
2025-06-27 19:30:30.071 62427 INFO tempest.lib.common.rest_client [req-ec6c86e1-5dc8-411f-9a55-549e3066a797 req-ec6c86e1-5dc8-411f-9a55-549e3066a797 ] Request (ImagesOneServerNegativeTestJSON:setUpClass): 200 GET http://10.180.1.21/compute/v2.1/servers/b4b12e43-e240-4782-9041-8887334e6361 0.081s
2025-06-27 19:30:30.111 62415 INFO tempest.lib.common.rest_client [req-240383d9-7e79-4f58-a9ee-50119ac3a941 req-240383d9-7e79-4f58-a9ee-50119ac3a941 ] Request (ImagesTestJSON:test_create_image_from_stopped_server): 200 GET http://10.180.1.21/compute/v2.1/servers/8fb8bacf-aca4-4696-971e-559f85c002b3 0.071s
2025-06-27 19:30:30.112 62399 INFO tempest.lib.common.rest_client [req-8e2b1c2c-8ffb-43c2-acce-d5c770801b9e req-8e2b1c2c-8ffb-43c2-acce-d5c770801b9e ] Request (ListImageFiltersTestJSON:setUpClass): 200 GET http://10.180.1.21/compute/v2.1/servers/00e8d25c-9c28-47ee-8fd7-8734df1a9a3a 0.085s
2025-06-27 19:30:30.154 62451 INFO tempest.lib.common.rest_client [req-ec3c9948-ba0d-42d2-a8a6-74782775794c req-ec3c9948-ba0d-42d2-a8a6-74782775794c ] Request (ServersTestBootFromVolume:setUpClass): 200 GET http://10.180.1.21/compute/v2.1/servers/b78cec38-feba-4723-b735-1d9afc5edadc 0.078s
2025-06-27 19:30:30.166 62406 INFO tempest.lib.common.rest_client [req-c8194405-1931-4baf-bc63-057cde68006b req-c8194405-1931-4baf-bc63-057cde68006b ] Request (ServersTestManualDisk:setUpClass): 200 GET http://10.180.1.21/compute/v2.1/servers/0c391391-3357-41d5-995b-70accf3aa2a9 0.046s
2025-06-27 19:30:30.209 62419 INFO tempest.lib.common.rest_client [req-bd81d732-56a4-467c-836d-314520b90cc7 req-bd81d732-56a4-467c-836d-314520b90cc7 ] Request (AttachInterfacesUnderV243Test:test_add_remove_fixed_ip): 200 GET http://10.180.1.21/compute/v2.1/servers/f836f443-77b5-41ae-a1c2-1ee5f80885fa 0.047s
2025-06-27 19:30:30.246 62417 INFO tempest.lib.common.rest_client [req-3e679839-b4f0-4ab5-880c-24cfa5587d9e req-3e679839-b4f0-4ab5-880c-24cfa5587d9e ] Request (SecurityGroupsTestJSON:test_list_security_groups_by_server): 200 GET http://10.180.1.21/compute/v2.1/servers/0519cba4-d9b1-4f54-b889-2c09d2d26b14 0.087s
2025-06-27 19:30:30.251 62439 INFO tempest.lib.common.rest_client [req-6526e3a4-f254-4cc2-9364-1bfeec30def5 req-6526e3a4-f254-4cc2-9364-1bfeec30def5 ] Request (DeleteServersAdminTestJSON:test_delete_server_while_in_error_state): 200 GET http://10.180.1.21/compute/v2.1/servers/850493b3-7c3d-4b01-a807-bc4cacb0cb5f 0.051s
2025-06-27 19:30:30.291 62395 INFO tempest.lib.common.rest_client [req-8af09279-ba67-49fb-a720-d32381dd74b4 req-8af09279-ba67-49fb-a720-d32381dd74b4 ] Request (ServersNegativeTestJSON:setUpClass): 200 GET http://10.180.1.21/compute/v2.1/servers/e454739d-dd42-4cdb-90bb-2bf733688af7 0.087s
2025-06-27 19:30:30.559 62393 INFO tempest.lib.common.rest_client [req-9926206a-0c7d-4c64-b7b4-189b0064da98 req-9926206a-0c7d-4c64-b7b4-189b0064da98 ] Request (ServersAdminTestJSON:setUpClass): 200 GET http://10.180.1.21/compute/v2.1/servers/e21722cc-672b-4f8a-9f78-e50ac83071a5 0.127s
2025-06-27 19:30:30.640 62441 INFO tempest.lib.common.rest_client [req-946f2e41-68b0-42ef-8c5c-d6c929606139 req-946f2e41-68b0-42ef-8c5c-d6c929606139 ] Request (MigrationsAdminTest:test_list_migrations_in_flavor_resize_situation): 200 GET http://10.180.1.21/compute/v2.1/servers/d0f9134e-2797-4265-86d8-d68b5d3beb7a 0.126s
2025-06-27 19:30:30.680 62433 INFO tempest.lib.common.rest_client [req-afe2faf9-7aaa-4855-85a2-0c20aa84869b req-afe2faf9-7aaa-4855-85a2-0c20aa84869b ] Request (FloatingIPsAssociationTestJSON:setUpClass): 200 GET http://10.180.1.21/compute/v2.1/servers/6c15201d-7373-4040-9256-84ff11fcfed2 0.148s
2025-06-27 19:30:30.683 62436 INFO tempest.lib.common.rest_client [req-612df299-3137-423e-a4d0-068f51912c43 req-612df299-3137-423e-a4d0-068f51912c43 ] Request (AttachVolumeTestJSON:test_attach_detach_volume): 200 GET http://10.180.1.21/compute/v2.1/servers/21b0c6a6-05f7-4d92-9e2e-7ec332a4337a 0.122s
2025-06-27 19:30:30.724 62391 INFO tempest.lib.common.rest_client [req-991f28cd-7443-46cc-9237-30f485cc8a0e req-991f28cd-7443-46cc-9237-30f485cc8a0e ] Request (ServerAddressesNegativeTestJSON:setUpClass): 200 GET http://10.180.1.21/compute/v2.1/servers/6e14a79e-f3fa-47f5-afff-8d159c6d8a88 0.103s
2025-06-27 19:30:30.766 62409 INFO tempest.lib.common.rest_client [req-282f1d62-9f81-47a8-85fa-56c5338cca44 req-282f1d62-9f81-47a8-85fa-56c5338cca44 ] Request (ServerDiagnosticsNegativeTest:test_get_server_diagnostics_by_non_admin): 200 GET http://10.180.1.21/compute/v2.1/servers/3ae180bd-526d-481f-958b-ca3af96b4406 0.147s
2025-06-27 19:30:30.766 62403 INFO tempest.lib.common.rest_client [req-99f809c8-3543-4d36-95bc-172a8c1efd4b req-99f809c8-3543-4d36-95bc-172a8c1efd4b ] Request (ServersWithSpecificFlavorTestJSON:test_verify_created_server_ephemeral_disk): 200 GET http://10.180.1.21/compute/v2.1/servers/d61ac621-8140-4a40-8e00-acc041e3e0b4 0.064s
2025-06-27 19:30:30.853 62413 INFO tempest.lib.common.rest_client [req-b09edfb0-f91f-426d-9af1-2f011f88903e req-b09edfb0-f91f-426d-9af1-2f011f88903e ] Request (ImagesOneServerTestJSON:setUpClass): 200 GET http://10.180.1.21/compute/v2.1/servers/fa375b5c-bf96-4f57-a97c-73ef45bbef75 0.151s
2025-06-27 19:30:30.897 62429 INFO tempest.lib.common.rest_client [req-aad83454-d407-4019-9a53-d570c482c1ed req-aad83454-d407-4019-9a53-d570c482c1ed ] Request (ServerExternalEventsTest:test_create_server_external_events): 200 GET http://10.180.1.21/compute/v2.1/servers/83531c89-23dd-47b8-82dd-f8ec7b95dd4d 0.110s
2025-06-27 19:30:30.913 62411 INFO tempest.lib.common.rest_client [req-155712dd-2108-4f7a-af28-ce80459efb72 req-155712dd-2108-4f7a-af28-ce80459efb72 ] Request (ServerAddressesTestJSON:setUpClass): 200 GET http://10.180.1.21/compute/v2.1/servers/6e0adc99-63ad-4cca-b300-d67dc2928324 0.128s
2025-06-27 19:30:30.939 62425 INFO tempest.lib.common.rest_client [req-30659059-86e1-4bdb-a33c-473696b86965 req-30659059-86e1-4bdb-a33c-473696b86965 ] Request (ServerMetadataNegativeTestJSON:setUpClass): 200 GET http://10.180.1.21/compute/v2.1/servers/0d6f9828-e93a-474d-af31-f0ee6cb2149f 0.110s
2025-06-27 19:30:30.955 62397 INFO tempest.lib.common.rest_client [req-02bc5ae9-257b-4ffd-9163-b83fbdd93e6f req-02bc5ae9-257b-4ffd-9163-b83fbdd93e6f ] Request (ServersAdminNegativeTestJSON:setUpClass): 200 GET http://10.180.1.21/compute/v2.1/servers/a2337e7e-3cc9-4427-99fc-b2990dca9cd0 0.085s
2025-06-27 19:30:30.998 62421 INFO tempest.lib.common.rest_client [req-86173d86-9d69-4b35-aefe-6b7e2cdb00a6 req-86173d86-9d69-4b35-aefe-6b7e2cdb00a6 ] Request (ServerActionsTestOtherB:setUpClass): 200 GET http://10.180.1.21/compute/v2.1/servers/5ae9308d-1e1f-49ab-aafc-022a936d2f15 0.087s
2025-06-27 19:30:31.025 62453 INFO tempest.lib.common.rest_client [req-d643d12f-aeff-4ecf-a8b3-c9aa95fef6f4 req-d643d12f-aeff-4ecf-a8b3-c9aa95fef6f4 ] Request (ServersTestJSON:setUpClass): 200 GET http://10.180.1.21/compute/v2.1/servers/311d492c-0093-4d64-a56f-80fce95b809a 0.117s
2025-06-27 19:30:31.038 62423 INFO tempest.lib.common.rest_client [req-ac4417dd-0f40-4c58-a9f3-8243852f864c req-ac4417dd-0f40-4c58-a9f3-8243852f864c ] Request (ServersTestJSON:test_create_server_specify_multibyte_character_name): 200 GET http://10.180.1.21/compute/v2.1/servers/9c9d0334-be7e-466a-ab2c-cc3fbe82d756 0.086s
2025-06-27 19:30:31.068 62407 INFO tempest.lib.common.rest_client [req-a522bf27-3e1b-4dfb-be12-8e8678441540 req-a522bf27-3e1b-4dfb-be12-8e8678441540 ] Request (AttachInterfacesTestJSON:test_create_list_show_delete_interfaces_by_fixed_ip): 200 GET http://10.180.1.21/compute/v2.1/servers/e3a48262-e571-4b12-8f5f-5c8f5f65e5eb 0.116s
2025-06-27 19:30:31.081 62444 INFO tempest.lib.common.rest_client [req-a63e3436-b00a-43ab-b8dd-3a7ddb3e96bf req-a63e3436-b00a-43ab-b8dd-3a7ddb3e96bf ] Request (ServerTagsTestJSON:setUpClass): 200 GET http://10.180.1.21/compute/v2.1/servers/29ae12b6-adc9-4a25-8a89-9a88470b3818 0.084s
2025-06-27 19:30:31.112 62445 INFO tempest.lib.common.rest_client [req-66438499-5f9e-4292-a75a-151b74475ee3 req-66438499-5f9e-4292-a75a-151b74475ee3 ] Request (VolumesAssistedSnapshotsTest:test_volume_assisted_snapshot_create_delete): 200 GET http://10.180.1.21/compute/v2.1/servers/b979c065-ea7c-43bc-8701-fb77b4945ddf 0.075s
2025-06-27 19:30:31.154 62427 INFO tempest.lib.common.rest_client [req-661c5031-faf6-422b-8ea5-bde2f9f13756 req-661c5031-faf6-422b-8ea5-bde2f9f13756 ] Request (ImagesOneServerNegativeTestJSON:setUpClass): 200 GET http://10.180.1.21/compute/v2.1/servers/b4b12e43-e240-4782-9041-8887334e6361 0.075s
2025-06-27 19:30:31.196 62415 INFO tempest.lib.common.rest_client [req-e72bbdb4-94c4-48d5-84da-649c65968061 req-e72bbdb4-94c4-48d5-84da-649c65968061 ] Request (ImagesTestJSON:test_create_image_from_stopped_server): 200 GET http://10.180.1.21/compute/v2.1/servers/8fb8bacf-aca4-4696-971e-559f85c002b3 0.077s
2025-06-27 19:30:31.204 62431 INFO tempest.lib.common.rest_client [req-10d3faaf-1438-415a-91d4-ceea7d79cd80 req-10d3faaf-1438-415a-91d4-ceea7d79cd80 ] Request (VolumesAdminNegativeTest:test_update_attached_volume_with_nonexistent_volume_in_body): 200 GET http://10.180.1.21/compute/v2.1/servers/9b0b21f7-bdc0-488c-a7fc-234727c26b68 0.129s
2025-06-27 19:30:31.238 62399 INFO tempest.lib.common.rest_client [req-2bbee597-eae8-4e8d-824b-859c85ba86bb req-2bbee597-eae8-4e8d-824b-859c85ba86bb ] Request (ListImageFiltersTestJSON:setUpClass): 200 GET http://10.180.1.21/compute/v2.1/servers/00e8d25c-9c28-47ee-8fd7-8734df1a9a3a 0.118s
2025-06-27 19:30:31.245 62451 INFO tempest.lib.common.rest_client [req-9e327dc7-f775-44c5-8e83-5fc1787b6296 req-9e327dc7-f775-44c5-8e83-5fc1787b6296 ] Request (ServersTestBootFromVolume:setUpClass): 200 GET http://10.180.1.21/compute/v2.1/servers/b78cec38-feba-4723-b735-1d9afc5edadc 0.083s
2025-06-27 19:30:31.282 62406 INFO tempest.lib.common.rest_client [req-30843d91-90b4-47fd-b909-1d778f750197 req-30843d91-90b4-47fd-b909-1d778f750197 ] Request (ServersTestManualDisk:setUpClass): 200 GET http://10.180.1.21/compute/v2.1/servers/0c391391-3357-41d5-995b-70accf3aa2a9 0.108s
2025-06-27 19:30:31.292 62419 INFO tempest.lib.common.rest_client [req-c4906874-446a-4825-9e8b-acbbaa5673c6 req-c4906874-446a-4825-9e8b-acbbaa5673c6 ] Request (AttachInterfacesUnderV243Test:test_add_remove_fixed_ip): 200 GET http://10.180.1.21/compute/v2.1/servers/f836f443-77b5-41ae-a1c2-1ee5f80885fa 0.075s
2025-06-27 19:30:31.335 62439 INFO tempest.lib.common.rest_client [req-cc32c1a4-dd9a-4e82-a2ea-9c3d2f5a610b req-cc32c1a4-dd9a-4e82-a2ea-9c3d2f5a610b ] Request (DeleteServersAdminTestJSON:test_delete_server_while_in_error_state): 200 GET http://10.180.1.21/compute/v2.1/servers/850493b3-7c3d-4b01-a807-bc4cacb0cb5f 0.077s
2025-06-27 19:30:31.375 62417 INFO tempest.lib.common.rest_client [req-c8472502-e1f9-46ab-87c7-7f08e783dc6f req-c8472502-e1f9-46ab-87c7-7f08e783dc6f ] Request (SecurityGroupsTestJSON:test_list_security_groups_by_server): 200 GET http://10.180.1.21/compute/v2.1/servers/0519cba4-d9b1-4f54-b889-2c09d2d26b14 0.120s
2025-06-27 19:30:31.377 62395 INFO tempest.lib.common.rest_client [req-f2ecf97d-a4a3-424a-ac67-8bb40f2a9920 req-f2ecf97d-a4a3-424a-ac67-8bb40f2a9920 ] Request (ServersNegativeTestJSON:setUpClass): 200 GET http://10.180.1.21/compute/v2.1/servers/e454739d-dd42-4cdb-90bb-2bf733688af7 0.078s
2025-06-27 19:30:31.663 62393 INFO tempest.lib.common.rest_client [req-ed6a3147-b278-4667-8a28-b610739f7ffd req-ed6a3147-b278-4667-8a28-b610739f7ffd ] Request (ServersAdminTestJSON:setUpClass): 200 GET http://10.180.1.21/compute/v2.1/servers/e21722cc-672b-4f8a-9f78-e50ac83071a5 0.096s
2025-06-27 19:30:31.741 62441 INFO tempest.lib.common.rest_client [req-c2381da5-1e1e-4ee6-90be-057c30b6aff9 req-c2381da5-1e1e-4ee6-90be-057c30b6aff9 ] Request (MigrationsAdminTest:test_list_migrations_in_flavor_resize_situation): 200 GET http://10.180.1.21/compute/v2.1/servers/d0f9134e-2797-4265-86d8-d68b5d3beb7a 0.094s
2025-06-27 19:30:31.777 62433 INFO tempest.lib.common.rest_client [req-5a9e73eb-378c-4aa8-b0c4-67d072ccd89d req-5a9e73eb-378c-4aa8-b0c4-67d072ccd89d ] Request (FloatingIPsAssociationTestJSON:setUpClass): 200 GET http://10.180.1.21/compute/v2.1/servers/6c15201d-7373-4040-9256-84ff11fcfed2 0.091s
2025-06-27 19:30:31.789 62436 INFO tempest.lib.common.rest_client [req-10c736d8-b4da-4a57-b060-b946cd412bf7 req-10c736d8-b4da-4a57-b060-b946cd412bf7 ] Request (AttachVolumeTestJSON:test_attach_detach_volume): 200 GET http://10.180.1.21/compute/v2.1/servers/21b0c6a6-05f7-4d92-9e2e-7ec332a4337a 0.098s
2025-06-27 19:30:31.825 62391 INFO tempest.lib.common.rest_client [req-97b85c55-19ab-4d21-bcb1-8011ecc5e382 req-97b85c55-19ab-4d21-bcb1-8011ecc5e382 ] Request (ServerAddressesNegativeTestJSON:setUpClass): 200 GET http://10.180.1.21/compute/v2.1/servers/6e14a79e-f3fa-47f5-afff-8d159c6d8a88 0.092s
2025-06-27 19:30:31.873 62403 INFO tempest.lib.common.rest_client [req-cf8cc147-cbbc-4dd3-863a-1aad12ff337c req-cf8cc147-cbbc-4dd3-863a-1aad12ff337c ] Request (ServersWithSpecificFlavorTestJSON:test_verify_created_server_ephemeral_disk): 200 GET http://10.180.1.21/compute/v2.1/servers/d61ac621-8140-4a40-8e00-acc041e3e0b4 0.100s
2025-06-27 19:30:31.887 62409 INFO tempest.lib.common.rest_client [req-d51cd2af-5c01-4b0e-8518-9fce0eabc65f req-d51cd2af-5c01-4b0e-8518-9fce0eabc65f ] Request (ServerDiagnosticsNegativeTest:test_get_server_diagnostics_by_non_admin): 200 GET http://10.180.1.21/compute/v2.1/servers/3ae180bd-526d-481f-958b-ca3af96b4406 0.114s
2025-06-27 19:30:31.956 62429 INFO tempest.lib.common.rest_client [req-7a8a6bd8-3e07-4a49-8785-c65db49da2fa req-7a8a6bd8-3e07-4a49-8785-c65db49da2fa ] Request (ServerExternalEventsTest:test_create_server_external_events): 200 GET http://10.180.1.21/compute/v2.1/servers/83531c89-23dd-47b8-82dd-f8ec7b95dd4d 0.051s
2025-06-27 19:30:31.973 62413 INFO tempest.lib.common.rest_client [req-99fcc3c4-783b-4bd1-b2fc-630e29a6ef09 req-99fcc3c4-783b-4bd1-b2fc-630e29a6ef09 ] Request (ImagesOneServerTestJSON:setUpClass): 200 GET http://10.180.1.21/compute/v2.1/servers/fa375b5c-bf96-4f57-a97c-73ef45bbef75 0.112s
2025-06-27 19:30:32.019 62425 INFO tempest.lib.common.rest_client [req-ef6e848d-e2ba-4f6a-aaaf-2f7783a30d19 req-ef6e848d-e2ba-4f6a-aaaf-2f7783a30d19 ] Request (ServerMetadataNegativeTestJSON:setUpClass): 200 GET http://10.180.1.21/compute/v2.1/servers/0d6f9828-e93a-474d-af31-f0ee6cb2149f 0.072s
2025-06-27 19:30:32.051 62411 INFO tempest.lib.common.rest_client [req-be74880e-4875-47df-a5b9-387b135eea16 req-be74880e-4875-47df-a5b9-387b135eea16 ] Request (ServerAddressesTestJSON:setUpClass): 200 GET http://10.180.1.21/compute/v2.1/servers/6e0adc99-63ad-4cca-b300-d67dc2928324 0.131s
2025-06-27 19:30:32.069 62397 INFO tempest.lib.common.rest_client [req-627099dc-ebe8-4f1a-b6fe-cb504ec5a884 req-627099dc-ebe8-4f1a-b6fe-cb504ec5a884 ] Request (ServersAdminNegativeTestJSON:setUpClass): 200 GET http://10.180.1.21/compute/v2.1/servers/a2337e7e-3cc9-4427-99fc-b2990dca9cd0 0.105s
2025-06-27 19:30:32.107 62421 INFO tempest.lib.common.rest_client [req-fda99d7c-193e-4fe0-945d-6580e33aa98d req-fda99d7c-193e-4fe0-945d-6580e33aa98d ] Request (ServerActionsTestOtherB:setUpClass): 200 GET http://10.180.1.21/compute/v2.1/servers/5ae9308d-1e1f-49ab-aafc-022a936d2f15 0.101s
2025-06-27 19:30:32.156 62423 INFO tempest.lib.common.rest_client [req-1ab7cbf4-932a-4b79-bdda-1ba7d3491e6f req-1ab7cbf4-932a-4b79-bdda-1ba7d3491e6f ] Request (ServersTestJSON:test_create_server_specify_multibyte_character_name): 200 GET http://10.180.1.21/compute/v2.1/servers/9c9d0334-be7e-466a-ab2c-cc3fbe82d756 0.110s
2025-06-27 19:30:32.199 62407 INFO tempest.lib.common.rest_client [req-3fd4074f-3f76-4760-baa6-f05d06a94b37 req-3fd4074f-3f76-4760-baa6-f05d06a94b37 ] Request (AttachInterfacesTestJSON:test_create_list_show_delete_interfaces_by_fixed_ip): 200 GET http://10.180.1.21/compute/v2.1/servers/e3a48262-e571-4b12-8f5f-5c8f5f65e5eb 0.123s
2025-06-27 19:30:32.252 62444 INFO tempest.lib.common.rest_client [req-956b84a4-568e-4042-8993-1f96ff15e0e0 req-956b84a4-568e-4042-8993-1f96ff15e0e0 ] Request (ServerTagsTestJSON:setUpClass): 200 GET http://10.180.1.21/compute/v2.1/servers/29ae12b6-adc9-4a25-8a89-9a88470b3818 0.161s
2025-06-27 19:30:32.300 62445 INFO tempest.lib.common.rest_client [req-f87c309f-56d3-47db-8a48-caf3e2c4f4fd req-f87c309f-56d3-47db-8a48-caf3e2c4f4fd ] Request (VolumesAssistedSnapshotsTest:test_volume_assisted_snapshot_create_delete): 200 GET http://10.180.1.21/compute/v2.1/servers/b979c065-ea7c-43bc-8701-fb77b4945ddf 0.181s
2025-06-27 19:30:32.344 62427 INFO tempest.lib.common.rest_client [req-ddcf9a5f-0b0f-423a-8d3f-1d56995040b4 req-ddcf9a5f-0b0f-423a-8d3f-1d56995040b4 ] Request (ImagesOneServerNegativeTestJSON:setUpClass): 200 GET http://10.180.1.21/compute/v2.1/servers/b4b12e43-e240-4782-9041-8887334e6361 0.182s
2025-06-27 19:30:32.347 62453 INFO tempest.lib.common.rest_client [req-20f8e153-1b05-4f55-8d4a-ec2049cdaee4 req-20f8e153-1b05-4f55-8d4a-ec2049cdaee4 ] Request (ServersTestJSON:setUpClass): 200 GET http://10.180.1.21/compute/v2.1/servers/311d492c-0093-4d64-a56f-80fce95b809a 0.314s
2025-06-27 19:30:32.390 62415 INFO tempest.lib.common.rest_client [req-c23d9da2-cd4a-43e5-96ae-ba96c01d1792 req-c23d9da2-cd4a-43e5-96ae-ba96c01d1792 ] Request (ImagesTestJSON:test_create_image_from_stopped_server): 200 GET http://10.180.1.21/compute/v2.1/servers/8fb8bacf-aca4-4696-971e-559f85c002b3 0.187s
2025-06-27 19:30:32.434 62399 INFO tempest.lib.common.rest_client [req-a0b5983e-c7ac-402b-b1ee-f56b173e74a0 req-a0b5983e-c7ac-402b-b1ee-f56b173e74a0 ] Request (ListImageFiltersTestJSON:setUpClass): 200 GET http://10.180.1.21/compute/v2.1/servers/00e8d25c-9c28-47ee-8fd7-8734df1a9a3a 0.188s
2025-06-27 19:30:32.436 62431 INFO tempest.lib.common.rest_client [req-0ae5e502-e578-4923-bb23-ec17ac057ef2 req-0ae5e502-e578-4923-bb23-ec17ac057ef2 ] Request (VolumesAdminNegativeTest:test_update_attached_volume_with_nonexistent_volume_in_body): 200 GET http://10.180.1.21/compute/v2.1/servers/9b0b21f7-bdc0-488c-a7fc-234727c26b68 0.224s
2025-06-27 19:30:32.479 62451 INFO tempest.lib.common.rest_client [req-4b318c9d-53b4-4596-9021-fad865e2dbc4 req-4b318c9d-53b4-4596-9021-fad865e2dbc4 ] Request (ServersTestBootFromVolume:setUpClass): 200 GET http://10.180.1.21/compute/v2.1/servers/b78cec38-feba-4723-b735-1d9afc5edadc 0.226s
2025-06-27 19:30:32.480 62406 INFO tempest.lib.common.rest_client [req-8c543213-decb-405e-892a-5afe1f0c12ec req-8c543213-decb-405e-892a-5afe1f0c12ec ] Request (ServersTestManualDisk:setUpClass): 200 GET http://10.180.1.21/compute/v2.1/servers/0c391391-3357-41d5-995b-70accf3aa2a9 0.191s
2025-06-27 19:30:32.522 62419 INFO tempest.lib.common.rest_client [req-065639c8-5bf9-42c7-9e6e-891d582638d8 req-065639c8-5bf9-42c7-9e6e-891d582638d8 ] Request (AttachInterfacesUnderV243Test:test_add_remove_fixed_ip): 200 GET http://10.180.1.21/compute/v2.1/servers/f836f443-77b5-41ae-a1c2-1ee5f80885fa 0.222s
2025-06-27 19:30:32.525 62439 INFO tempest.lib.common.rest_client [req-87e42809-2dcd-4fab-a22b-2852afe58d9e req-87e42809-2dcd-4fab-a22b-2852afe58d9e ] Request (DeleteServersAdminTestJSON:test_delete_server_while_in_error_state): 200 GET http://10.180.1.21/compute/v2.1/servers/850493b3-7c3d-4b01-a807-bc4cacb0cb5f 0.179s
2025-06-27 19:30:32.570 62395 INFO tempest.lib.common.rest_client [req-1fa8eaf6-0ccf-43ca-ae34-e33646356046 req-1fa8eaf6-0ccf-43ca-ae34-e33646356046 ] Request (ServersNegativeTestJSON:setUpClass): 200 GET http://10.180.1.21/compute/v2.1/servers/e454739d-dd42-4cdb-90bb-2bf733688af7 0.184s
2025-06-27 19:30:32.648 62417 INFO tempest.lib.common.rest_client [req-d3ba282c-ff04-47b4-a4ea-58ffe59c2160 req-d3ba282c-ff04-47b4-a4ea-58ffe59c2160 ] Request (SecurityGroupsTestJSON:test_list_security_groups_by_server): 200 GET http://10.180.1.21/compute/v2.1/servers/0519cba4-d9b1-4f54-b889-2c09d2d26b14 0.266s
2025-06-27 19:30:32.758 62393 INFO tempest.lib.common.rest_client [req-fe2e1a66-c57d-4b1d-8485-5f34c340172a req-fe2e1a66-c57d-4b1d-8485-5f34c340172a ] Request (ServersAdminTestJSON:setUpClass): 200 GET http://10.180.1.21/compute/v2.1/servers/e21722cc-672b-4f8a-9f78-e50ac83071a5 0.087s
2025-06-27 19:30:32.839 62441 INFO tempest.lib.common.rest_client [req-63e22e27-cbde-45e5-8e79-11ad14b79ace req-63e22e27-cbde-45e5-8e79-11ad14b79ace ] Request (MigrationsAdminTest:test_list_migrations_in_flavor_resize_situation): 200 GET http://10.180.1.21/compute/v2.1/servers/d0f9134e-2797-4265-86d8-d68b5d3beb7a 0.091s
2025-06-27 19:30:32.876 62433 INFO tempest.lib.common.rest_client [req-758ae02f-32ee-49ec-a611-939edbb22cd2 req-758ae02f-32ee-49ec-a611-939edbb22cd2 ] Request (FloatingIPsAssociationTestJSON:setUpClass): 200 GET http://10.180.1.21/compute/v2.1/servers/6c15201d-7373-4040-9256-84ff11fcfed2 0.089s
2025-06-27 19:30:32.882 62436 INFO tempest.lib.common.rest_client [req-2ab41d05-f8f1-4758-824b-40d031b6cc6d req-2ab41d05-f8f1-4758-824b-40d031b6cc6d ] Request (AttachVolumeTestJSON:test_attach_detach_volume): 200 GET http://10.180.1.21/compute/v2.1/servers/21b0c6a6-05f7-4d92-9e2e-7ec332a4337a 0.080s
2025-06-27 19:30:32.921 62391 INFO tempest.lib.common.rest_client [req-01085581-d989-4aa7-a568-b646c5a14104 req-01085581-d989-4aa7-a568-b646c5a14104 ] Request (ServerAddressesNegativeTestJSON:setUpClass): 200 GET http://10.180.1.21/compute/v2.1/servers/6e14a79e-f3fa-47f5-afff-8d159c6d8a88 0.087s
2025-06-27 19:30:32.927 62403 INFO tempest.lib.common.rest_client [req-6c529f8e-66fa-4886-8f6d-953a6080f70c req-6c529f8e-66fa-4886-8f6d-953a6080f70c ] Request (ServersWithSpecificFlavorTestJSON:test_verify_created_server_ephemeral_disk): 200 GET http://10.180.1.21/compute/v2.1/servers/d61ac621-8140-4a40-8e00-acc041e3e0b4 0.046s
2025-06-27 19:30:33.009 62409 INFO tempest.lib.common.rest_client [req-a408c31a-81e3-470e-bf9e-4ddb833aaa58 req-a408c31a-81e3-470e-bf9e-4ddb833aaa58 ] Request (ServerDiagnosticsNegativeTest:test_get_server_diagnostics_by_non_admin): 200 GET http://10.180.1.21/compute/v2.1/servers/3ae180bd-526d-481f-958b-ca3af96b4406 0.113s
2025-06-27 19:30:33.011 62429 INFO tempest.lib.common.rest_client [req-372af480-2a3d-4804-b45b-41b1d96b2642 req-372af480-2a3d-4804-b45b-41b1d96b2642 ] Request (ServerExternalEventsTest:test_create_server_external_events): 200 GET http://10.180.1.21/compute/v2.1/servers/83531c89-23dd-47b8-82dd-f8ec7b95dd4d 0.046s
2025-06-27 19:30:33.075 62425 INFO tempest.lib.common.rest_client [req-54367623-0f29-4698-9df5-6faefd64fc8a req-54367623-0f29-4698-9df5-6faefd64fc8a ] Request (ServerMetadataNegativeTestJSON:setUpClass): 200 GET http://10.180.1.21/compute/v2.1/servers/0d6f9828-e93a-474d-af31-f0ee6cb2149f 0.045s
2025-06-27 19:30:33.133 62413 INFO tempest.lib.common.rest_client [req-1534f342-761b-473f-bfe0-b8c50f9e4ef2 req-1534f342-761b-473f-bfe0-b8c50f9e4ef2 ] Request (ImagesOneServerTestJSON:setUpClass): 200 GET http://10.180.1.21/compute/v2.1/servers/fa375b5c-bf96-4f57-a97c-73ef45bbef75 0.152s
2025-06-27 19:30:33.164 62411 INFO tempest.lib.common.rest_client [req-d101ce8b-b21b-4a98-85df-39873062b149 req-d101ce8b-b21b-4a98-85df-39873062b149 ] Request (ServerAddressesTestJSON:setUpClass): 200 GET http://10.180.1.21/compute/v2.1/servers/6e0adc99-63ad-4cca-b300-d67dc2928324 0.106s
2025-06-27 19:30:33.177 62397 INFO tempest.lib.common.rest_client [req-685cd16a-08dd-433b-ad80-fc506721492d req-685cd16a-08dd-433b-ad80-fc506721492d ] Request (ServersAdminNegativeTestJSON:setUpClass): 200 GET http://10.180.1.21/compute/v2.1/servers/a2337e7e-3cc9-4427-99fc-b2990dca9cd0 0.101s
2025-06-27 19:30:33.208 62421 INFO tempest.lib.common.rest_client [req-9e245d63-3e2f-46da-aba8-98899cb31243 req-9e245d63-3e2f-46da-aba8-98899cb31243 ] Request (ServerActionsTestOtherB:setUpClass): 200 GET http://10.180.1.21/compute/v2.1/servers/5ae9308d-1e1f-49ab-aafc-022a936d2f15 0.088s
2025-06-27 19:30:33.222 62423 INFO tempest.lib.common.rest_client [req-68ff3b28-2d9f-44ee-b974-b3619dad9cfe req-68ff3b28-2d9f-44ee-b974-b3619dad9cfe ] Request (ServersTestJSON:test_create_server_specify_multibyte_character_name): 200 GET http://10.180.1.21/compute/v2.1/servers/9c9d0334-be7e-466a-ab2c-cc3fbe82d756 0.054s
2025-06-27 19:30:33.255 62407 INFO tempest.lib.common.rest_client [req-f4b4dba3-7855-487a-8cfd-7153aaf7e5ad req-f4b4dba3-7855-487a-8cfd-7153aaf7e5ad ] Request (AttachInterfacesTestJSON:test_create_list_show_delete_interfaces_by_fixed_ip): 200 GET http://10.180.1.21/compute/v2.1/servers/e3a48262-e571-4b12-8f5f-5c8f5f65e5eb 0.043s
2025-06-27 19:30:33.310 62444 INFO tempest.lib.common.rest_client [req-b518a3a0-5f56-4d64-b0dd-955475f35362 req-b518a3a0-5f56-4d64-b0dd-955475f35362 ] Request (ServerTagsTestJSON:setUpClass): 200 GET http://10.180.1.21/compute/v2.1/servers/29ae12b6-adc9-4a25-8a89-9a88470b3818 0.048s
2025-06-27 19:30:33.356 62445 INFO tempest.lib.common.rest_client [req-1f7c5ea1-55ec-4bb6-93f7-71fef170fb43 req-1f7c5ea1-55ec-4bb6-93f7-71fef170fb43 ] Request (VolumesAssistedSnapshotsTest:test_volume_assisted_snapshot_create_delete): 200 GET http://10.180.1.21/compute/v2.1/servers/b979c065-ea7c-43bc-8701-fb77b4945ddf 0.047s
2025-06-27 19:30:33.402 62427 INFO tempest.lib.common.rest_client [req-9d776d29-f926-4556-bffa-858a46052c8b req-9d776d29-f926-4556-bffa-858a46052c8b ] Request (ImagesOneServerNegativeTestJSON:setUpClass): 200 GET http://10.180.1.21/compute/v2.1/servers/b4b12e43-e240-4782-9041-8887334e6361 0.049s
2025-06-27 19:30:33.446 62415 INFO tempest.lib.common.rest_client [req-17d0443c-7a32-4a71-9383-7f4e00852277 req-17d0443c-7a32-4a71-9383-7f4e00852277 ] Request (ImagesTestJSON:test_create_image_from_stopped_server): 200 GET http://10.180.1.21/compute/v2.1/servers/8fb8bacf-aca4-4696-971e-559f85c002b3 0.049s
2025-06-27 19:30:33.454 62453 INFO tempest.lib.common.rest_client [req-cb16e7e0-cea2-4e22-b557-c6a8fd86244c req-cb16e7e0-cea2-4e22-b557-c6a8fd86244c ] Request (ServersTestJSON:setUpClass): 200 GET http://10.180.1.21/compute/v2.1/servers/311d492c-0093-4d64-a56f-80fce95b809a 0.100s
2025-06-27 19:30:33.490 62399 INFO tempest.lib.common.rest_client [req-df62ac6e-39f1-48e6-9411-deb1e8fa2cba req-df62ac6e-39f1-48e6-9411-deb1e8fa2cba ] Request (ListImageFiltersTestJSON:setUpClass): 200 GET http://10.180.1.21/compute/v2.1/servers/00e8d25c-9c28-47ee-8fd7-8734df1a9a3a 0.047s
2025-06-27 19:30:33.534 62451 INFO tempest.lib.common.rest_client [req-6865a556-08d9-4d1a-aeee-d00f79403970 req-6865a556-08d9-4d1a-aeee-d00f79403970 ] Request (ServersTestBootFromVolume:setUpClass): 200 GET http://10.180.1.21/compute/v2.1/servers/b78cec38-feba-4723-b735-1d9afc5edadc 0.047s
2025-06-27 19:30:33.555 62431 INFO tempest.lib.common.rest_client [req-6efdde6e-367a-4b32-bd75-45b8365c0f2f req-6efdde6e-367a-4b32-bd75-45b8365c0f2f ] Request (VolumesAdminNegativeTest:test_update_attached_volume_with_nonexistent_volume_in_body): 200 GET http://10.180.1.21/compute/v2.1/servers/9b0b21f7-bdc0-488c-a7fc-234727c26b68 0.111s
2025-06-27 19:30:33.579 62406 INFO tempest.lib.common.rest_client [req-4c1c10f9-e4a4-4c90-89df-92c60964f680 req-4c1c10f9-e4a4-4c90-89df-92c60964f680 ] Request (ServersTestManualDisk:setUpClass): 200 GET http://10.180.1.21/compute/v2.1/servers/0c391391-3357-41d5-995b-70accf3aa2a9 0.090s
2025-06-27 19:30:33.600 62419 INFO tempest.lib.common.rest_client [req-5408ccac-1d7d-48b7-9ef3-356bb399d026 req-5408ccac-1d7d-48b7-9ef3-356bb399d026 ] Request (AttachInterfacesUnderV243Test:test_add_remove_fixed_ip): 200 GET http://10.180.1.21/compute/v2.1/servers/f836f443-77b5-41ae-a1c2-1ee5f80885fa 0.070s
2025-06-27 19:30:33.621 62439 INFO tempest.lib.common.rest_client [req-7de739c1-fbb1-474b-95ca-a0d7b3afe48b req-7de739c1-fbb1-474b-95ca-a0d7b3afe48b ] Request (DeleteServersAdminTestJSON:test_delete_server_while_in_error_state): 200 GET http://10.180.1.21/compute/v2.1/servers/850493b3-7c3d-4b01-a807-bc4cacb0cb5f 0.089s
2025-06-27 19:30:33.641 62395 INFO tempest.lib.common.rest_client [req-d2b1151e-cc07-45d1-b04f-9fa45a9b46f6 req-d2b1151e-cc07-45d1-b04f-9fa45a9b46f6 ] Request (ServersNegativeTestJSON:setUpClass): 200 GET http://10.180.1.21/compute/v2.1/servers/e454739d-dd42-4cdb-90bb-2bf733688af7 0.063s
2025-06-27 19:30:33.780 62417 INFO tempest.lib.common.rest_client [req-997128f3-0836-491f-81b5-fd717adfdabc req-997128f3-0836-491f-81b5-fd717adfdabc ] Request (SecurityGroupsTestJSON:test_list_security_groups_by_server): 200 GET http://10.180.1.21/compute/v2.1/servers/0519cba4-d9b1-4f54-b889-2c09d2d26b14 0.123s
2025-06-27 19:30:33.893 62393 INFO tempest.lib.common.rest_client [req-adb33681-6400-4405-9f77-178d1fce9879 req-adb33681-6400-4405-9f77-178d1fce9879 ] Request (ServersAdminTestJSON:setUpClass): 200 GET http://10.180.1.21/compute/v2.1/servers/e21722cc-672b-4f8a-9f78-e50ac83071a5 0.127s
2025-06-27 19:30:33.985 62441 INFO tempest.lib.common.rest_client [req-4a72fb5c-2abc-44f5-bd4f-c595dcbdb55e req-4a72fb5c-2abc-44f5-bd4f-c595dcbdb55e ] Request (MigrationsAdminTest:test_list_migrations_in_flavor_resize_situation): 200 GET http://10.180.1.21/compute/v2.1/servers/d0f9134e-2797-4265-86d8-d68b5d3beb7a 0.135s
2025-06-27 19:30:34.022 62433 INFO tempest.lib.common.rest_client [req-e842eaa4-ff61-4cc6-aac8-12044e5f609b req-e842eaa4-ff61-4cc6-aac8-12044e5f609b ] Request (FloatingIPsAssociationTestJSON:setUpClass): 200 GET http://10.180.1.21/compute/v2.1/servers/6c15201d-7373-4040-9256-84ff11fcfed2 0.138s
2025-06-27 19:30:34.030 62436 INFO tempest.lib.common.rest_client [req-ada9ad6a-691a-4318-b041-97b41fa64f36 req-ada9ad6a-691a-4318-b041-97b41fa64f36 ] Request (AttachVolumeTestJSON:test_attach_detach_volume): 200 GET http://10.180.1.21/compute/v2.1/servers/21b0c6a6-05f7-4d92-9e2e-7ec332a4337a 0.141s
2025-06-27 19:30:34.065 62391 INFO tempest.lib.common.rest_client [req-41af8620-44b7-4829-9ce3-378f0475e243 req-41af8620-44b7-4829-9ce3-378f0475e243 ] Request (ServerAddressesNegativeTestJSON:setUpClass): 200 GET http://10.180.1.21/compute/v2.1/servers/6e14a79e-f3fa-47f5-afff-8d159c6d8a88 0.135s
2025-06-27 19:30:34.073 62403 INFO tempest.lib.common.rest_client [req-a48999ec-f5c4-4122-8a8d-6c7274c11f63 req-a48999ec-f5c4-4122-8a8d-6c7274c11f63 ] Request (ServersWithSpecificFlavorTestJSON:test_verify_created_server_ephemeral_disk): 200 GET http://10.180.1.21/compute/v2.1/servers/d61ac621-8140-4a40-8e00-acc041e3e0b4 0.138s
2025-06-27 19:30:34.115 62429 INFO tempest.lib.common.rest_client [req-2b1a7e9d-be14-47e9-9d1e-52bb6bd82fd1 req-2b1a7e9d-be14-47e9-9d1e-52bb6bd82fd1 ] Request (ServerExternalEventsTest:test_create_server_external_events): 200 GET http://10.180.1.21/compute/v2.1/servers/83531c89-23dd-47b8-82dd-f8ec7b95dd4d 0.095s
