2025-06-27 18:42:50.125 61595 INFO tempest.lib.common.dynamic_creds [-] Created isolated network resources for: credentials: Credentials: {'domain_id': 'default', 'domain_name': 'Default', 'username': 'tempest-SecurityGroupRulesTestJSON-1486861245-project-member', 'project_domain_id': 'default', 'project_domain_name': 'Default', 'project_id': 'd51bb8e41b9542c8a7ad0fc47965ca24', 'project_name': 'tempest-SecurityGroupRulesTestJSON-1486861245', 'tenant_id': 'd51bb8e41b9542c8a7ad0fc47965ca24', 'tenant_name': 'tempest-SecurityGroupRulesTestJSON-1486861245', 'user_domain_id': 'default', 'user_domain_name': 'Default', 'user_id': 'bd0b3d76b7d64f188e9f102a635f63f9', 'system': None}, Network: {'id': '2e50acbd-7006-48db-8708-29ca305697ca', 'name': 'tempest-SecurityGroupRulesTestJSON-35517071-network', 'tenant_id': 'd51bb8e41b9542c8a7ad0fc47965ca24', 'admin_state_up': True, 'mtu': 8950, 'status': 'ACTIVE', 'subnets': [], 'shared': False, 'project_id': 'd51bb8e41b9542c8a7ad0fc47965ca24', 'port_security_enabled': True, 'router:external': False, 'provider:network_type': 'vlan', 'provider:physical_network': 'default', 'provider:segmentation_id': 584, 'is_default': False, 'availability_zone_hints': [], 'availability_zones': [], 'ipv4_address_scope': None, 'ipv6_address_scope': None, 'description': '', 'tags': [], 'created_at': '2025-06-27T18:42:41Z', 'updated_at': '2025-06-27T18:42:41Z', 'revision_number': 1}, Subnet: {'id': '01a7d409-9364-4a9f-b1cb-6dc35795adfa', 'name': 'tempest-SecurityGroupRulesTestJSON-35517071-subnet', 'tenant_id': 'd51bb8e41b9542c8a7ad0fc47965ca24', 'network_id': '2e50acbd-7006-48db-8708-29ca305697ca', 'ip_version': 4, 'subnetpool_id': None, 'enable_dhcp': True, 'ipv6_ra_mode': None, 'ipv6_address_mode': None, 'gateway_ip': '192.168.128.1', 'cidr': '192.168.128.0/28', 'allocation_pools': [{'start': '192.168.128.2', 'end': '192.168.128.14'}], 'host_routes': [], 'dns_nameservers': [], 'description': '', 'service_types': [], 'tags': [], 'created_at': '2025-06-27T18:42:42Z', 'updated_at': '2025-06-27T18:42:42Z', 'revision_number': 0, 'project_id': 'd51bb8e41b9542c8a7ad0fc47965ca24'}, Router: {'id': '3350db43-aa14-4c30-aa0f-5b8cf05443cd', 'name': 'tempest-SecurityGroupRulesTestJSON-35517071-router', 'tenant_id': 'd51bb8e41b9542c8a7ad0fc47965ca24', 'admin_state_up': True, 'status': 'ACTIVE', 'external_gateway_info': {'network_id': '4ce6a168-1b43-4b70-ab8e-eb467bb52bd8', 'external_fixed_ips': [{'subnet_id': 'd03fa495-820a-4118-9ce7-2589a151ea07', 'ip_address': '10.180.180.176'}], 'enable_snat': True}, 'description': '', 'availability_zones': [], 'distributed': False, 'ha': False, 'availability_zone_hints': [], 'routes': [], 'flavor_id': None, 'tags': [], 'created_at': '2025-06-27T18:42:43Z', 'updated_at': '2025-06-27T18:42:45Z', 'revision_number': 2, 'project_id': 'd51bb8e41b9542c8a7ad0fc47965ca24'}
2025-06-27 18:42:50.138 61617 INFO tempest.lib.common.rest_client [req-7fc341b9-520e-4dae-a809-c1c6fd69d9ef req-7fc341b9-520e-4dae-a809-c1c6fd69d9ef ] Request (ServersAdmin275Test:test_rebuild_update_server_275): 202 POST http://10.180.1.21/compute/v2.1/servers 4.121s
2025-06-27 18:42:50.235 61595 INFO tempest.lib.common.rest_client [req-a200b59d-0192-49aa-9c53-ddd5c526cfe8 req-a200b59d-0192-49aa-9c53-ddd5c526cfe8 ] Request (SecurityGroupRulesTestJSON:setUpClass): 201 POST http://10.180.1.21/identity/v3/auth/tokens 0.106s
2025-06-27 18:42:50.289 61597 INFO tempest.lib.common.rest_client [req-dec9e3df-cab1-4d90-a25d-7a90d7eb864b req-dec9e3df-cab1-4d90-a25d-7a90d7eb864b ] Request (MigrationsAdminTest:test_list_migrations_in_flavor_resize_situation): 200 GET http://10.180.1.21/compute/v2.1/servers/ef6025e6-dbaf-4cc1-a068-5e2ca1c40254 4.242s
2025-06-27 18:42:50.301 61603 INFO tempest.lib.common.rest_client [req-ec7cc41c-5fa8-435a-8dda-026db1f6560c req-ec7cc41c-5fa8-435a-8dda-026db1f6560c ] Request (ServersWithSpecificFlavorTestJSON:test_verify_created_server_ephemeral_disk): 200 GET http://10.180.1.21/compute/v2.1/flavors/42/os-extra_specs 3.704s
2025-06-27 18:42:50.306 61623 INFO tempest.lib.common.rest_client [req-ba1426c5-e22b-46f8-81d9-e89ab74c13da req-ba1426c5-e22b-46f8-81d9-e89ab74c13da ] Request (ExtensionsTest:test_list_extensions): 200 GET http://10.180.1.21/compute/v2.1/extensions 3.011s
2025-06-27 18:42:50.325 61599 INFO tempest.lib.common.rest_client [req-c3bfa078-d76b-4d61-a4b5-9ece5c70f713 req-c3bfa078-d76b-4d61-a4b5-9ece5c70f713 ] Request (ImagesOneServerNegativeTestJSON:setUpClass): 200 GET http://10.180.1.21/compute/v2.1/servers/8cfa7077-6dcb-49f3-b187-9ad9f7c418ab 4.027s
2025-06-27 18:42:50.369 61627 INFO tempest.lib.common.rest_client [req-fb86c401-d111-4fb4-bc7e-15efa22ef0b0 req-fb86c401-d111-4fb4-bc7e-15efa22ef0b0 ] Request (FloatingIPDetailsNegativeTestJSON:tearDownClass): 200 PUT http://10.180.1.21:9696/networking/v2.0/routers/9afe22a3-be0d-4528-99b1-6fad0fee32bc/remove_router_interface 2.931s
2025-06-27 18:42:50.479 61623 INFO tempest.lib.common.rest_client [req-0d1e1e14-e10d-447c-98a3-89817a0fffc0 req-0d1e1e14-e10d-447c-98a3-89817a0fffc0 ] Request (ExtensionsTest:tearDownClass): 204 DELETE http://10.180.1.21/identity/v3/users/9a5839048d5d43b49f657d12ac707570 0.154s
2025-06-27 18:42:50.479 61623 INFO tempest.lib.common.dynamic_creds [-] Deleting project and security group for project: 3f0ca1495da841aabd34f6d5fdfc309a
2025-06-27 18:42:50.485 61601 INFO tempest.lib.common.rest_client [req-1182c825-d214-42a5-b66b-7f193fd5dfeb req-1182c825-d214-42a5-b66b-7f193fd5dfeb ] Request (QuotasAdminTestJSON:test_delete_quota): 200 GET http://10.180.1.21/compute/v2.1/os-quota-sets/d1be820edfb9410b9fa01dbb2d9ca1a7 3.180s
2025-06-27 18:42:50.565 61623 INFO tempest.lib.common.rest_client [req-3ce7f52e-64e1-40ea-9ae6-9a19c8711dec req-3ce7f52e-64e1-40ea-9ae6-9a19c8711dec ] Request (ExtensionsTest:tearDownClass): 201 POST http://10.180.1.21/identity/v3/auth/tokens 0.085s
2025-06-27 18:42:50.596 61593 INFO tempest.lib.common.rest_client [req-8fd54394-0e35-4b6f-892a-6a9eb261d8fd req-8fd54394-0e35-4b6f-892a-6a9eb261d8fd ] Request (DeleteServersTestJSON:setUpClass): 201 POST http://10.180.1.21:9696/networking/v2.0/subnets 0.850s
2025-06-27 18:42:50.677 61609 INFO tempest.lib.common.rest_client [req-ed4bd7c1-baa7-4a94-aa78-be2410ec4945 req-ed4bd7c1-baa7-4a94-aa78-be2410ec4945 ] Request (VolumesAssistedSnapshotsTest:test_volume_assisted_snapshot_create_delete): 200 POST http://10.180.1.21/compute/v2.1/os-keypairs 3.189s
2025-06-27 18:42:50.683 61601 INFO tempest.lib.common.rest_client [req-bf26b402-721a-4315-b86d-854ea3e9a537 req-bf26b402-721a-4315-b86d-854ea3e9a537 ] Request (QuotasAdminTestJSON:_run_cleanups): 204 DELETE http://10.180.1.21/identity/v3/projects/d1be820edfb9410b9fa01dbb2d9ca1a7 0.196s
2025-06-27 18:42:50.758 61649 INFO tempest.lib.common.rest_client [req-ff2ad236-017d-488b-b3f4-0747337ec9c4 req-ff2ad236-017d-488b-b3f4-0747337ec9c4 ] Request (ServersTestJSON:setUpClass): 200 GET http://10.180.1.21/compute/v2.1/servers/9ca64659-93b6-4585-a7dc-f9152184144e 3.289s
2025-06-27 18:42:51.149 61631 INFO tempest.lib.common.rest_client [req-a4b88f92-23ec-4ce2-9fa0-5c81f0f5db44 req-a4b88f92-23ec-4ce2-9fa0-5c81f0f5db44 ] Request (ServerDiagnosticsTest:test_get_server_diagnostics): 200 GET http://10.180.1.21/compute/v2.1/servers/fce0ff0d-d055-422e-ae51-4989abff4b00 2.342s
2025-06-27 18:42:51.355 61645 INFO tempest.lib.common.rest_client [req-160234ae-8eb2-447b-95e3-33efd5f94394 req-160234ae-8eb2-447b-95e3-33efd5f94394 ] Request (ImagesTestJSON:test_create_image_from_stopped_server): 200 GET http://10.180.1.21/compute/v2.1/servers/63f196ce-f9ad-4120-a96a-fd6824af893b 3.183s
2025-06-27 18:42:51.467 61609 INFO tempest.lib.common.rest_client [req-b12689ab-315f-4339-ad77-b9f6349a766b req-b12689ab-315f-4339-ad77-b9f6349a766b ] Request (VolumesAssistedSnapshotsTest:test_volume_assisted_snapshot_create_delete): 201 POST http://10.180.1.21:9696/networking/v2.0/security-groups 0.788s
2025-06-27 18:42:51.581 61623 INFO tempest.lib.common.rest_client [req-98caef89-c144-418b-8c3f-a38638653455 req-98caef89-c144-418b-8c3f-a38638653455 ] Request (ExtensionsTest:tearDownClass): 200 GET http://10.180.1.21:9696/networking/v2.0/security-groups?tenant_id=3f0ca1495da841aabd34f6d5fdfc309a&name=default 1.015s
2025-06-27 18:42:51.912 61641 INFO tempest.lib.common.rest_client [req-81405bc6-f38b-4584-a6f3-8b9600e528e2 req-81405bc6-f38b-4584-a6f3-8b9600e528e2 ] Request (ServerExternalEventsTest:test_create_server_external_events): 200 GET http://10.180.1.21/compute/v2.1/servers/b35cffdf-8926-4a6b-8118-48535e8cb8c0 2.771s
2025-06-27 18:42:52.035 61623 INFO tempest.lib.common.rest_client [req-be6ba917-ccdb-410d-b938-8188629de24a req-be6ba917-ccdb-410d-b938-8188629de24a ] Request (ExtensionsTest:tearDownClass): 204 DELETE http://10.180.1.21:9696/networking/v2.0/security-groups/ae2d52db-afc5-466f-bcca-8cacd921fcc6 0.454s
2025-06-27 18:42:52.137 61609 INFO tempest.lib.common.rest_client [req-cc88056f-4739-4e79-a263-97bce60fa315 req-cc88056f-4739-4e79-a263-97bce60fa315 ] Request (VolumesAssistedSnapshotsTest:test_volume_assisted_snapshot_create_delete): 201 POST http://10.180.1.21:9696/networking/v2.0/security-group-rules 0.669s
2025-06-27 18:42:52.145 61623 INFO tempest.lib.common.rest_client [req-34e806dd-08f9-4cba-9a01-992e5dcdadec req-34e806dd-08f9-4cba-9a01-992e5dcdadec ] Request (ExtensionsTest:tearDownClass): 204 DELETE http://10.180.1.21/identity/v3/projects/3f0ca1495da841aabd34f6d5fdfc309a 0.109s
2025-06-27 18:42:52.283 61627 INFO tempest.lib.common.rest_client [req-1ca5de56-6dcd-4662-a3ad-cd2ee202803a req-1ca5de56-6dcd-4662-a3ad-cd2ee202803a ] Request (FloatingIPDetailsNegativeTestJSON:tearDownClass): 204 DELETE http://10.180.1.21:9696/networking/v2.0/routers/9afe22a3-be0d-4528-99b1-6fad0fee32bc 1.913s
2025-06-27 18:42:52.293 61619 INFO tempest.lib.common.rest_client [req-4e8ca5f6-720a-4795-a4c0-0f46ed3f11db req-4e8ca5f6-720a-4795-a4c0-0f46ed3f11db ] Request (SecurityGroupsTestAdminJSON:test_list_security_groups_list_all_tenants_filter): 200 POST http://10.180.1.21/compute/v2.1/os-security-groups 3.115s
2025-06-27 18:42:52.330 61655 INFO tempest.lib.common.rest_client [req-6ec167dd-945d-441c-9874-c231aa8fe98b req-6ec167dd-945d-441c-9874-c231aa8fe98b ] Request (ImagesDeleteNegativeTestJSON:test_delete_image_with_invalid_image_id): 404 DELETE http://10.180.1.21/compute/v2.1/images/tempest-invalid-119142913 3.125s
2025-06-27 18:42:52.352 61607 INFO tempest.lib.common.rest_client [req-fc9bf436-f4f4-43bc-b564-57d668d5f537 req-fc9bf436-f4f4-43bc-b564-57d668d5f537 ] Request (FlavorsExtraSpecsTestJSON:tearDownClass): 200 GET http://10.180.1.21/compute/v2.1/flavors/detail 3.119s
2025-06-27 18:42:52.391 61635 INFO tempest.lib.common.rest_client [req-b93b1077-5b39-4c1e-917f-62481aa218ab req-b93b1077-5b39-4c1e-917f-62481aa218ab ] Request (SecurityGroupRulesNegativeTestJSON:test_create_security_group_rule_with_invalid_from_port): 400 POST http://10.180.1.21/compute/v2.1/os-security-group-rules 2.787s
2025-06-27 18:42:52.533 61607 INFO tempest.lib.common.rest_client [req-e010f1c0-1598-40ac-9fe5-48e226f69449 req-e010f1c0-1598-40ac-9fe5-48e226f69449 ] Request (FlavorsExtraSpecsTestJSON:tearDownClass): 204 DELETE http://10.180.1.21/identity/v3/users/45ef14b3092f4e7bb8ea6a1b6048f8f0 0.175s
2025-06-27 18:42:52.629 61621 INFO tempest.lib.common.rest_client [req-0bc1cca8-c3b9-4c58-a881-bc03cfe99069 req-0bc1cca8-c3b9-4c58-a881-bc03cfe99069 ] Request (FlavorsAccessNegativeTestJSON:_run_cleanups): 200 POST http://10.180.1.21/compute/v2.1/flavors/1503037872/action 3.016s
2025-06-27 18:42:52.654 61637 INFO tempest.lib.common.rest_client [req-7c0926c7-4c56-451f-8c70-077efc41856b req-7c0926c7-4c56-451f-8c70-077efc41856b ] Request (ServerGroupTestJSON:test_create_delete_server_group_with_anti_affinity_policy): 204 DELETE http://10.180.1.21/compute/v2.1/os-server-groups/7543c384-a434-456d-99d2-4408d4918a6c 2.983s
2025-06-27 18:42:52.685 61647 INFO tempest.lib.common.rest_client [req-e135ff5e-9b27-471b-a40b-cd46cf8125c3 req-e135ff5e-9b27-471b-a40b-cd46cf8125c3 ] Request (FlavorsV2TestJSON:test_list_flavors_using_marker): 200 GET http://10.180.1.21/compute/v2.1/flavors?marker=42 3.002s
2025-06-27 18:42:52.696 61629 INFO tempest.lib.common.rest_client [req-7181d8eb-e958-4701-b58a-daeb1a640f98 req-7181d8eb-e958-4701-b58a-daeb1a640f98 ] Request (FlavorsAdminTestJSON:_run_cleanups): 202 DELETE http://10.180.1.21/compute/v2.1/flavors/4261a966-be81-4116-9af6-4e10f5b880b8 2.863s
2025-06-27 18:42:52.705 61613 INFO tempest.lib.common.rest_client [req-5a62218b-e82f-4ef2-a0ca-22bf6dba0417 req-5a62218b-e82f-4ef2-a0ca-22bf6dba0417 ] Request (FloatingIPDetailsTestJSON:test_get_floating_ip_details): 200 POST http://10.180.1.21/compute/v2.1/os-floating-ips 3.636s
2025-06-27 18:42:52.722 61625 INFO tempest.lib.common.rest_client [req-d4a1d369-76cf-4402-9e64-4779c108ef49 req-d4a1d369-76cf-4402-9e64-4779c108ef49 ] Request (AggregatesAdminNegativeTestJSON:test_aggregate_create_aggregate_name_length_less_than_1): 400 POST http://10.180.1.21/compute/v2.1/os-aggregates 2.859s
2025-06-27 18:42:52.726 61607 INFO tempest.lib.common.rest_client [req-11c827a3-cb78-4bfc-a5f3-222517a9393c req-11c827a3-cb78-4bfc-a5f3-222517a9393c ] Request (FlavorsExtraSpecsTestJSON:tearDownClass): 204 DELETE http://10.180.1.21/identity/v3/users/d07020becde2472484e461045885ab74 0.193s
2025-06-27 18:42:52.727 61607 INFO tempest.lib.common.dynamic_creds [-] Deleting project and security group for project: cf2ca727cbb7436d813a6f2574bfe560
2025-06-27 18:42:52.731 61615 INFO tempest.lib.common.rest_client [req-8f94014f-64e8-405e-b90b-27a96a5ba39f req-8f94014f-64e8-405e-b90b-27a96a5ba39f ] Request (HypervisorAdminNegativeTestJSON:test_show_hypervisor_with_non_admin_user): 403 GET http://10.180.1.21/compute/v2.1/os-hypervisors/1 2.850s
2025-06-27 18:42:52.764 61611 INFO tempest.lib.common.rest_client [req-0a8615df-145c-4255-9e64-1490110da9af req-0a8615df-145c-4255-9e64-1490110da9af ] Request (KeyPairsV22TestJSON:test_keypairs_create_list_delete): 201 POST http://10.180.1.21/compute/v2.1/os-keypairs 2.906s
2025-06-27 18:42:52.794 61643 INFO tempest.lib.common.rest_client [req-6332a03d-5a9c-4743-8932-a98baaec988c req-6332a03d-5a9c-4743-8932-a98baaec988c ] Request (ServersTestBootFromVolume:setUpClass): 201 POST http://10.180.1.21:9696/networking/v2.0/routers 3.692s
2025-06-27 18:42:52.811 61609 INFO tempest.lib.common.rest_client [req-86f8c2b2-e989-4b71-95d9-4365cc2981ad req-86f8c2b2-e989-4b71-95d9-4365cc2981ad ] Request (VolumesAssistedSnapshotsTest:test_volume_assisted_snapshot_create_delete): 201 POST http://10.180.1.21:9696/networking/v2.0/security-group-rules 0.673s
2025-06-27 18:42:52.815 61607 INFO tempest.lib.common.rest_client [req-5d01909c-9eef-47e9-b47a-292ccad1132a req-5d01909c-9eef-47e9-b47a-292ccad1132a ] Request (FlavorsExtraSpecsTestJSON:tearDownClass): 201 POST http://10.180.1.21/identity/v3/auth/tokens 0.088s
2025-06-27 18:42:52.855 61605 INFO tempest.lib.common.rest_client [req-a7876b9c-dac0-4c27-9319-ca6b5ffa96e2 req-a7876b9c-dac0-4c27-9319-ca6b5ffa96e2 ] Request (ServersAaction247Test:test_create_backup): 200 GET http://10.180.1.21/compute/v2.1/servers/314f39ce-68c4-4d78-bdb0-0aaeb15dfcee 2.642s
2025-06-27 18:42:52.872 61617 INFO tempest.lib.common.rest_client [req-7a6bad00-adf4-4bb7-86e8-b2ef24cb7307 req-7a6bad00-adf4-4bb7-86e8-b2ef24cb7307 ] Request (ServersAdmin275Test:test_rebuild_update_server_275): 200 PUT http://10.180.1.21/compute/v2.1/servers/cf1a71aa-f864-4fbe-be59-b47322f62a0b 2.730s
2025-06-27 18:42:52.896 61603 INFO tempest.lib.common.rest_client [req-eff9c2e2-925b-42e3-96ae-7f19dcbe3bb3 req-eff9c2e2-925b-42e3-96ae-7f19dcbe3bb3 ] Request (ServersWithSpecificFlavorTestJSON:test_verify_created_server_ephemeral_disk): 200 POST http://10.180.1.21/compute/v2.1/flavors/347422135/os-extra_specs 2.594s
2025-06-27 18:42:53.076 61627 INFO tempest.lib.common.rest_client [req-09c8b293-cfeb-4ff4-9575-ae085792e9e4 req-09c8b293-cfeb-4ff4-9575-ae085792e9e4 ] Request (FloatingIPDetailsNegativeTestJSON:tearDownClass): 204 DELETE http://10.180.1.21:9696/networking/v2.0/subnets/a7796a54-e172-45bd-afec-eb6b5af10f60 0.793s
2025-06-27 18:42:53.132 61633 INFO tempest.lib.common.rest_client [req-19dd244c-b095-43f9-9d5d-984805455641 req-19dd244c-b095-43f9-9d5d-984805455641 ] Request (TenantUsagesTestJSON:setUpClass): 200 GET http://10.180.1.21/compute/v2.1/servers/eed82b3f-6590-4677-a4a2-680d769400fd 2.552s
2025-06-27 18:42:53.221 61601 INFO tempest.lib.common.rest_client [req-71ae63fb-8216-41d9-b2aa-607e0998f70d req-71ae63fb-8216-41d9-b2aa-607e0998f70d ] Request (QuotasAdminTestJSON:test_get_default_quotas): 200 GET http://10.180.1.21/compute/v2.1/os-quota-sets/5341499ca9a8494680bd8a4b6976a536/defaults 2.536s
2025-06-27 18:42:53.239 61595 INFO tempest.lib.common.rest_client [req-c4fa27fd-c8ad-4406-9c83-e845134b563d req-c4fa27fd-c8ad-4406-9c83-e845134b563d ] Request (SecurityGroupRulesTestJSON:test_security_group_rules_create): 200 POST http://10.180.1.21/compute/v2.1/os-security-groups 3.003s
2025-06-27 18:42:53.257 61601 INFO tempest.lib.common.rest_client [req-a24b52fd-1354-4be7-a343-21df00ae50b4 req-a24b52fd-1354-4be7-a343-21df00ae50b4 ] Request (QuotasAdminTestJSON:test_get_updated_quotas): 200 GET http://10.180.1.21/identity/v3/domains?name=Default 0.031s
2025-06-27 18:42:53.291 61601 INFO tempest.lib.common.rest_client [req-ca06cc79-6742-41f7-81c1-7ddeb25dbd8d req-ca06cc79-6742-41f7-81c1-7ddeb25dbd8d ] Request (QuotasAdminTestJSON:test_get_updated_quotas): 201 POST http://10.180.1.21/identity/v3/projects 0.033s
2025-06-27 18:42:53.335 61607 INFO tempest.lib.common.rest_client [req-e76e61a4-5923-47ea-9d77-0f6646d7901c req-e76e61a4-5923-47ea-9d77-0f6646d7901c ] Request (FlavorsExtraSpecsTestJSON:tearDownClass): 200 GET http://10.180.1.21:9696/networking/v2.0/security-groups?tenant_id=cf2ca727cbb7436d813a6f2574bfe560&name=default 0.520s
2025-06-27 18:42:53.345 61601 INFO tempest.lib.common.rest_client [req-847143f9-c302-4578-8fdd-3f329dc295ed req-847143f9-c302-4578-8fdd-3f329dc295ed ] Request (QuotasAdminTestJSON:test_get_updated_quotas): 200 GET http://10.180.1.21/identity/v3/domains?name=Default 0.053s
2025-06-27 18:42:53.532 61639 INFO tempest.lib.common.rest_client [req-a4526a96-826f-47de-b8c1-9f1155280ac0 req-a4526a96-826f-47de-b8c1-9f1155280ac0 ] Request (DeleteServersAdminTestJSON:test_admin_delete_servers_of_others): 200 GET http://10.180.1.21/compute/v2.1/servers/bcf27023-1eb6-4846-9adc-2235c738cad6 2.709s
2025-06-27 18:42:53.539 61651 INFO tempest.lib.common.rest_client [req-aefe8489-9700-4a77-88a5-836c6f14b522 req-aefe8489-9700-4a77-88a5-836c6f14b522 ] Request (ServersTestMultiNic:test_verify_duplicate_network_nics): 200 GET http://10.180.1.21/compute/v2.1/servers/6a2bad10-6948-482a-803a-2da7cf733d49 2.451s
2025-06-27 18:42:53.945 61607 INFO tempest.lib.common.rest_client [req-c7ef1f44-35e5-497d-823d-4c46da1c2589 req-c7ef1f44-35e5-497d-823d-4c46da1c2589 ] Request (FlavorsExtraSpecsTestJSON:tearDownClass): 204 DELETE http://10.180.1.21:9696/networking/v2.0/security-groups/548b9588-d357-445b-8500-dd5fc59ce183 0.609s
2025-06-27 18:42:53.962 61653 INFO tempest.lib.common.rest_client [req-4df1cb06-d396-415c-a595-5e2e5452758b req-4df1cb06-d396-415c-a595-5e2e5452758b ] Request (VolumesAdminNegativeTest:setUpClass): 200 PUT http://10.180.1.21:9696/networking/v2.0/routers/c8e74016-7333-45b5-9bbe-effa67ac2304/add_router_interface 4.360s
2025-06-27 18:42:53.963 61653 INFO tempest.lib.common.dynamic_creds [-] Created isolated network resources for: credentials: Credentials: {'domain_id': 'default', 'domain_name': 'Default', 'username': 'tempest-VolumesAdminNegativeTest-1683973759-project-member', 'project_domain_id': 'default', 'project_domain_name': 'Default', 'project_id': '41238e1d762b430b92dc4b220759c2b7', 'project_name': 'tempest-VolumesAdminNegativeTest-1683973759', 'tenant_id': '41238e1d762b430b92dc4b220759c2b7', 'tenant_name': 'tempest-VolumesAdminNegativeTest-1683973759', 'user_domain_id': 'default', 'user_domain_name': 'Default', 'user_id': 'ad4d77a761b64f15b7d009f02e7c3372', 'system': None}, Network: {'id': '31576b77-b992-4126-8bc6-39bf54e39b76', 'name': 'tempest-VolumesAdminNegativeTest-555839202-network', 'tenant_id': '41238e1d762b430b92dc4b220759c2b7', 'admin_state_up': True, 'mtu': 8950, 'status': 'ACTIVE', 'subnets': [], 'shared': False, 'project_id': '41238e1d762b430b92dc4b220759c2b7', 'port_security_enabled': True, 'router:external': False, 'provider:network_type': 'vlan', 'provider:physical_network': 'default', 'provider:segmentation_id': 835, 'is_default': False, 'availability_zone_hints': [], 'availability_zones': [], 'ipv4_address_scope': None, 'ipv6_address_scope': None, 'description': '', 'tags': [], 'created_at': '2025-06-27T18:42:45Z', 'updated_at': '2025-06-27T18:42:45Z', 'revision_number': 1}, Subnet: {'id': 'a7040234-34e4-4d5a-91e8-d68432ea7cb5', 'name': 'tempest-VolumesAdminNegativeTest-555839202-subnet', 'tenant_id': '41238e1d762b430b92dc4b220759c2b7', 'network_id': '31576b77-b992-4126-8bc6-39bf54e39b76', 'ip_version': 4, 'subnetpool_id': None, 'enable_dhcp': True, 'ipv6_ra_mode': None, 'ipv6_address_mode': None, 'gateway_ip': '192.168.128.1', 'cidr': '192.168.128.0/28', 'allocation_pools': [{'start': '192.168.128.2', 'end': '192.168.128.14'}], 'host_routes': [], 'dns_nameservers': [], 'description': '', 'service_types': [], 'tags': [], 'created_at': '2025-06-27T18:42:46Z', 'updated_at': '2025-06-27T18:42:46Z', 'revision_number': 0, 'project_id': '41238e1d762b430b92dc4b220759c2b7'}, Router: {'id': 'c8e74016-7333-45b5-9bbe-effa67ac2304', 'name': 'tempest-VolumesAdminNegativeTest-555839202-router', 'tenant_id': '41238e1d762b430b92dc4b220759c2b7', 'admin_state_up': True, 'status': 'ACTIVE', 'external_gateway_info': {'network_id': '4ce6a168-1b43-4b70-ab8e-eb467bb52bd8', 'external_fixed_ips': [{'subnet_id': 'd03fa495-820a-4118-9ce7-2589a151ea07', 'ip_address': '10.180.180.245'}], 'enable_snat': True}, 'description': '', 'availability_zones': [], 'distributed': False, 'ha': False, 'availability_zone_hints': [], 'routes': [], 'flavor_id': None, 'tags': [], 'created_at': '2025-06-27T18:42:47Z', 'updated_at': '2025-06-27T18:42:48Z', 'revision_number': 2, 'project_id': '41238e1d762b430b92dc4b220759c2b7'}
2025-06-27 18:42:54.012 61593 INFO tempest.lib.common.rest_client [req-eabc053e-6f6e-45f6-bbff-9b2b64e1f5c6 req-eabc053e-6f6e-45f6-bbff-9b2b64e1f5c6 ] Request (DeleteServersTestJSON:setUpClass): 201 POST http://10.180.1.21:9696/networking/v2.0/routers 3.415s
2025-06-27 18:42:54.071 61653 INFO tempest.lib.common.rest_client [req-84b1209a-4386-4025-8112-ffcdf0afd6c5 req-84b1209a-4386-4025-8112-ffcdf0afd6c5 ] Request (VolumesAdminNegativeTest:setUpClass): 201 POST http://10.180.1.21/identity/v3/auth/tokens 0.103s
2025-06-27 18:42:54.077 61597 INFO tempest.lib.common.rest_client [req-a730f4cb-1a0c-47c4-86cd-58fd41b52a30 req-a730f4cb-1a0c-47c4-86cd-58fd41b52a30 ] Request (MigrationsAdminTest:test_list_migrations_in_flavor_resize_situation): 200 GET http://10.180.1.21/compute/v2.1/servers/ef6025e6-dbaf-4cc1-a068-5e2ca1c40254 2.776s
2025-06-27 18:42:54.097 61607 INFO tempest.lib.common.rest_client [req-7c546942-35b9-4b71-b1b6-8dcd167c43f4 req-7c546942-35b9-4b71-b1b6-8dcd167c43f4 ] Request (FlavorsExtraSpecsTestJSON:tearDownClass): 204 DELETE http://10.180.1.21/identity/v3/projects/cf2ca727cbb7436d813a6f2574bfe560 0.151s
2025-06-27 18:42:54.097 61607 INFO tempest.lib.common.dynamic_creds [-] Deleting project and security group for project: a83e919d9c3747ff9cb66a6c2e82ebb0
2025-06-27 18:42:54.153 61653 INFO tempest.lib.common.rest_client [req-5b86c114-7a66-417c-b2df-901b5169ec99 req-5b86c114-7a66-417c-b2df-901b5169ec99 ] Request (VolumesAdminNegativeTest:setUpClass): 201 POST http://10.180.1.21/identity/v3/projects 0.082s
2025-06-27 18:42:54.184 61599 INFO tempest.lib.common.rest_client [req-5dbe093a-ac89-4e0a-a714-8224af7ab952 req-5dbe093a-ac89-4e0a-a714-8224af7ab952 ] Request (ImagesOneServerNegativeTestJSON:setUpClass): 200 GET http://10.180.1.21/compute/v2.1/servers/8cfa7077-6dcb-49f3-b187-9ad9f7c418ab 2.841s
2025-06-27 18:42:54.223 61609 INFO tempest.lib.common.rest_client [req-e5e33b37-ac71-4313-8e0b-ac1faac69460 req-e5e33b37-ac71-4313-8e0b-ac1faac69460 ] Request (VolumesAssistedSnapshotsTest:test_volume_assisted_snapshot_create_delete): 201 POST http://10.180.1.21:9696/networking/v2.0/floatingips 1.411s
2025-06-27 18:42:54.238 61653 INFO tempest.lib.common.rest_client [req-ff98ffbd-a12d-4f19-93f1-2dcde73a8877 req-ff98ffbd-a12d-4f19-93f1-2dcde73a8877 ] Request (VolumesAdminNegativeTest:setUpClass): 201 POST http://10.180.1.21/identity/v3/users 0.085s
2025-06-27 18:42:54.281 61627 INFO tempest.lib.common.rest_client [req-514f49b6-258a-4dff-9fc6-81bc778d2260 req-514f49b6-258a-4dff-9fc6-81bc778d2260 ] Request (FloatingIPDetailsNegativeTestJSON:tearDownClass): 204 DELETE http://10.180.1.21:9696/networking/v2.0/networks/87594397-2d6a-4004-ac27-256bbacd5442 1.204s
2025-06-27 18:42:54.288 61653 INFO tempest.lib.common.rest_client [req-58200cf4-9a2e-4ec1-876e-244829e099d9 req-58200cf4-9a2e-4ec1-876e-244829e099d9 ] Request (VolumesAdminNegativeTest:setUpClass): 200 GET http://10.180.1.21/identity/v3/roles 0.049s
2025-06-27 18:42:54.292 61609 INFO tempest.lib.common.rest_client [req-ced91d5b-0d1d-4e65-b411-9f4706f0e335 req-ced91d5b-0d1d-4e65-b411-9f4706f0e335 ] Request (VolumesAssistedSnapshotsTest:test_volume_assisted_snapshot_create_delete): 201 POST http://10.180.1.21/identity/v3/auth/tokens 0.063s
2025-06-27 18:42:54.292 61609 INFO tempest.lib.common.fixed_network [-] (VolumesAssistedSnapshotsTest:test_volume_assisted_snapshot_create_delete) Found network {'id': 'f008c7e8-c8c9-4089-9c8b-a9f7903532f8', 'name': 'tempest-VolumesAssistedSnapshotsTest-1664201566-network', 'tenant_id': '51b1e97919f44f34b189f11dc6014553', 'admin_state_up': True, 'mtu': 8950, 'status': 'ACTIVE', 'subnets': [], 'shared': False, 'project_id': '51b1e97919f44f34b189f11dc6014553', 'port_security_enabled': True, 'router:external': False, 'provider:network_type': 'vlan', 'provider:physical_network': 'default', 'provider:segmentation_id': 599, 'is_default': False, 'availability_zone_hints': [], 'availability_zones': [], 'ipv4_address_scope': None, 'ipv6_address_scope': None, 'description': '', 'tags': [], 'created_at': '2025-06-27T18:42:13Z', 'updated_at': '2025-06-27T18:42:14Z', 'revision_number': 1} available for tenant
2025-06-27 18:42:54.329 61607 INFO tempest.lib.common.rest_client [req-fad273f9-d146-450b-9289-d88453d9c15e req-fad273f9-d146-450b-9289-d88453d9c15e ] Request (FlavorsExtraSpecsTestJSON:tearDownClass): 200 GET http://10.180.1.21:9696/networking/v2.0/security-groups?tenant_id=a83e919d9c3747ff9cb66a6c2e82ebb0&name=default 0.232s
2025-06-27 18:42:54.345 61653 INFO tempest.lib.common.rest_client [req-329967df-b1f9-4d51-bff7-d26ffd3421c9 req-329967df-b1f9-4d51-bff7-d26ffd3421c9 ] Request (VolumesAdminNegativeTest:setUpClass): 204 PUT http://10.180.1.21/identity/v3/projects/e1d6b11dfc87452e9c1dd5daeff49053/users/09c4dec8eef54fceb304a535e4cb4318/roles/cf2427678c584495b60f1925e565d4b5 0.057s
2025-06-27 18:42:54.360 61627 INFO tempest.lib.common.rest_client [req-2b70f9f0-ffd7-4aa4-8a7e-0e041441973d req-2b70f9f0-ffd7-4aa4-8a7e-0e041441973d ] Request (FloatingIPDetailsNegativeTestJSON:tearDownClass): 204 DELETE http://10.180.1.21/identity/v3/users/03411df655d24ddc814c6182650a9571 0.078s
2025-06-27 18:42:54.360 61627 INFO tempest.lib.common.dynamic_creds [-] Deleting project and security group for project: a0ee16f139024c87a9e88c2249c3a2fd
2025-06-27 18:42:54.420 61631 INFO tempest.lib.common.rest_client [req-d3c316dd-4dd0-44ca-83d2-ac1ce0caed4b req-d3c316dd-4dd0-44ca-83d2-ac1ce0caed4b ] Request (ServerDiagnosticsTest:test_get_server_diagnostics): 200 GET http://10.180.1.21/compute/v2.1/servers/fce0ff0d-d055-422e-ae51-4989abff4b00 2.260s
2025-06-27 18:42:54.423 61649 INFO tempest.lib.common.rest_client [req-a2fc8ae9-93ed-4d66-8b53-0d8ebba4d527 req-a2fc8ae9-93ed-4d66-8b53-0d8ebba4d527 ] Request (ServersTestJSON:setUpClass): 200 GET http://10.180.1.21/compute/v2.1/servers/9ca64659-93b6-4585-a7dc-f9152184144e 2.651s
2025-06-27 18:42:54.432 61627 INFO tempest.lib.common.rest_client [req-4b27c096-88d1-44a0-8c2e-b44e97906852 req-4b27c096-88d1-44a0-8c2e-b44e97906852 ] Request (FloatingIPDetailsNegativeTestJSON:tearDownClass): 200 GET http://10.180.1.21:9696/networking/v2.0/security-groups?tenant_id=a0ee16f139024c87a9e88c2249c3a2fd&name=default 0.072s
2025-06-27 18:42:54.445 61655 INFO tempest.lib.common.rest_client [req-3b06350c-ccba-4235-90be-1aeba336f7b2 req-3b06350c-ccba-4235-90be-1aeba336f7b2 ] Request (ImagesDeleteNegativeTestJSON:test_delete_non_existent_image): 404 DELETE http://10.180.1.21/compute/v2.1/images/69ae5364-4db5-4ddb-8bb8-6a2d1f4a5c96 2.114s
2025-06-27 18:42:54.454 61653 INFO tempest.lib.common.rest_client [req-7716b45f-c1ab-4db0-b7dd-3425a1b35c75 req-7716b45f-c1ab-4db0-b7dd-3425a1b35c75 ] Request (VolumesAdminNegativeTest:setUpClass): 200 GET http://10.180.1.21/identity/v3/roles 0.108s
2025-06-27 18:42:54.473 61653 INFO tempest.lib.common.rest_client [req-c906741f-1755-4bd5-b714-c0ae56c91371 req-c906741f-1755-4bd5-b714-c0ae56c91371 ] Request (VolumesAdminNegativeTest:setUpClass): 204 PUT http://10.180.1.21/identity/v3/projects/e1d6b11dfc87452e9c1dd5daeff49053/users/09c4dec8eef54fceb304a535e4cb4318/roles/cf2427678c584495b60f1925e565d4b5 0.018s
2025-06-27 18:42:54.473 61653 INFO tempest.lib.common.dynamic_creds [-] Dynamic test user 09c4dec8eef54fceb304a535e4cb4318 is created with scope project and roles: ['admin']
2025-06-27 18:42:54.473 61653 INFO tempest.lib.common.dynamic_creds [-] Acquired dynamic creds: credentials: Credentials: {'domain_id': 'default', 'domain_name': 'Default', 'username': 'tempest-VolumesAdminNegativeTest-1523728949-project-admin', 'project_domain_id': 'default', 'project_domain_name': 'Default', 'project_id': 'e1d6b11dfc87452e9c1dd5daeff49053', 'project_name': 'tempest-VolumesAdminNegativeTest-1523728949', 'tenant_id': 'e1d6b11dfc87452e9c1dd5daeff49053', 'tenant_name': 'tempest-VolumesAdminNegativeTest-1523728949', 'user_domain_id': 'default', 'user_domain_name': 'Default', 'user_id': '09c4dec8eef54fceb304a535e4cb4318', 'system': None}, Network: None, Subnet: None, Router: None
2025-06-27 18:42:54.554 61607 INFO tempest.lib.common.rest_client [req-3aed20b4-2f08-4356-a3f7-af531ab1ca9a req-3aed20b4-2f08-4356-a3f7-af531ab1ca9a ] Request (FlavorsExtraSpecsTestJSON:tearDownClass): 204 DELETE http://10.180.1.21:9696/networking/v2.0/security-groups/cbfee189-83f5-41cd-afa9-9941542751f1 0.224s
2025-06-27 18:42:54.608 61655 INFO tempest.lib.common.rest_client [req-5d9cbf67-c2ac-4445-a42c-4a5485b6567b req-5d9cbf67-c2ac-4445-a42c-4a5485b6567b ] Request (ImagesDeleteNegativeTestJSON:tearDownClass): 204 DELETE http://10.180.1.21/identity/v3/users/f6b566539dd943e69e090bcd87d69824 0.160s
2025-06-27 18:42:54.608 61655 INFO tempest.lib.common.dynamic_creds [-] Deleting project and security group for project: a8230c742e2c4c1a8715ef61fba772f5
2025-06-27 18:42:54.629 61627 INFO tempest.lib.common.rest_client [req-03949eae-ad0c-432e-94c6-03dbb4992c60 req-03949eae-ad0c-432e-94c6-03dbb4992c60 ] Request (FloatingIPDetailsNegativeTestJSON:tearDownClass): 204 DELETE http://10.180.1.21:9696/networking/v2.0/security-groups/faf47035-d64f-47df-910d-c0c987e5827d 0.196s
2025-06-27 18:42:54.697 61655 INFO tempest.lib.common.rest_client [req-d9645ee4-4623-4e58-8c70-28fc1ba81369 req-d9645ee4-4623-4e58-8c70-28fc1ba81369 ] Request (ImagesDeleteNegativeTestJSON:tearDownClass): 201 POST http://10.180.1.21/identity/v3/auth/tokens 0.088s
2025-06-27 18:42:54.754 61627 INFO tempest.lib.common.rest_client [req-37179a26-10c9-45d6-988a-47b571e8f4f8 req-37179a26-10c9-45d6-988a-47b571e8f4f8 ] Request (FloatingIPDetailsNegativeTestJSON:tearDownClass): 204 DELETE http://10.180.1.21/identity/v3/projects/a0ee16f139024c87a9e88c2249c3a2fd 0.125s
2025-06-27 18:42:54.755 61607 INFO tempest.lib.common.rest_client [req-e9a5998a-03b6-415e-8ec1-f113b117fb04 req-e9a5998a-03b6-415e-8ec1-f113b117fb04 ] Request (FlavorsExtraSpecsTestJSON:tearDownClass): 204 DELETE http://10.180.1.21/identity/v3/projects/a83e919d9c3747ff9cb66a6c2e82ebb0 0.200s
2025-06-27 18:42:54.785 61645 INFO tempest.lib.common.rest_client [req-0105be41-de8a-4804-8865-3d8997670ecb req-0105be41-de8a-4804-8865-3d8997670ecb ] Request (ImagesTestJSON:test_create_image_from_stopped_server): 200 GET http://10.180.1.21/compute/v2.1/servers/63f196ce-f9ad-4120-a96a-fd6824af893b 2.417s
2025-06-27 18:42:54.796 61635 INFO tempest.lib.common.rest_client [req-eed9813d-e4f7-4326-9e16-dc4446b14829 req-eed9813d-e4f7-4326-9e16-dc4446b14829 ] Request (SecurityGroupRulesNegativeTestJSON:test_create_security_group_rule_with_invalid_id): 400 POST http://10.180.1.21/compute/v2.1/os-security-group-rules 2.403s
2025-06-27 18:42:54.819 61621 INFO tempest.lib.common.rest_client [req-271f0e0a-d5ab-4e54-9dce-349dabc3b856 req-271f0e0a-d5ab-4e54-9dce-349dabc3b856 ] Request (FlavorsAccessNegativeTestJSON:_run_cleanups): 202 DELETE http://10.180.1.21/compute/v2.1/flavors/1503037872 2.188s
2025-06-27 18:42:54.826 61627 INFO tempest.lib.common.rest_client [req-18703303-04b3-4559-8d48-feb2535d42a7 req-18703303-04b3-4559-8d48-feb2535d42a7 ] Request (ImagesNegativeTestJSON:setUpClass): 201 POST http://10.180.1.21/identity/v3/auth/tokens 0.070s
2025-06-27 18:42:54.843 61637 INFO tempest.lib.common.rest_client [req-bb544019-7c00-4ca9-bacd-ab5cceef3e53 req-bb544019-7c00-4ca9-bacd-ab5cceef3e53 ] Request (ServerGroupTestJSON:test_create_delete_server_group_with_anti_affinity_policy): 200 GET http://10.180.1.21/compute/v2.1/os-server-groups 2.189s
2025-06-27 18:42:54.848 61607 INFO tempest.lib.common.rest_client [req-d4446491-485c-4129-b8aa-17fcbac7369a req-d4446491-485c-4129-b8aa-17fcbac7369a ] Request (FlavorsExtraSpecsNegativeTestJSON:setUpClass): 201 POST http://10.180.1.21/identity/v3/auth/tokens 0.088s
2025-06-27 18:42:54.862 61647 INFO tempest.lib.common.rest_client [req-a70e46c8-f143-4e28-8bb7-743bcf3317ee req-a70e46c8-f143-4e28-8bb7-743bcf3317ee ] Request (FlavorsV2TestJSON:test_list_flavors_with_detail): 200 GET http://10.180.1.21/compute/v2.1/flavors/detail 2.171s
2025-06-27 18:42:54.878 61627 INFO tempest.lib.common.rest_client [req-6b711096-1f07-4038-9648-7b68f79b28f0 req-6b711096-1f07-4038-9648-7b68f79b28f0 ] Request (ImagesNegativeTestJSON:setUpClass): 201 POST http://10.180.1.21/identity/v3/auth/tokens 0.050s
2025-06-27 18:42:54.879 61629 INFO tempest.lib.common.rest_client [req-dc792c89-55e0-4e7e-9d88-8dd72426912b req-dc792c89-55e0-4e7e-9d88-8dd72426912b ] Request (FlavorsAdminTestJSON:_run_cleanups): 200 GET http://10.180.1.21/compute/v2.1/flavors/detail 2.183s
2025-06-27 18:42:54.909 61607 INFO tempest.lib.common.rest_client [req-84a8da34-f288-4f45-b729-93e27c5a7603 req-84a8da34-f288-4f45-b729-93e27c5a7603 ] Request (FlavorsExtraSpecsNegativeTestJSON:setUpClass): 201 POST http://10.180.1.21/identity/v3/auth/tokens 0.058s
2025-06-27 18:42:54.920 61637 INFO tempest.lib.common.rest_client [req-80270797-607b-417f-9f2d-7fd167fcb45f req-80270797-607b-417f-9f2d-7fd167fcb45f ] Request (ServerGroupTestJSON:test_create_server_with_scheduler_hint_group): 201 POST http://10.180.1.21/identity/v3/auth/tokens 0.072s
2025-06-27 18:42:54.920 61637 INFO tempest.lib.common.fixed_network [-] (ServerGroupTestJSON:test_create_server_with_scheduler_hint_group) Found network {'id': '48bb52e4-82b2-4640-b9d8-aa374398f327', 'name': 'tempest-ServerGroupTestJSON-893914480-network', 'tenant_id': 'e63e0f0ca8c0442299eb42826987be07', 'admin_state_up': True, 'mtu': 8950, 'status': 'ACTIVE', 'subnets': [], 'shared': False, 'project_id': 'e63e0f0ca8c0442299eb42826987be07', 'port_security_enabled': True, 'router:external': False, 'provider:network_type': 'vlan', 'provider:physical_network': 'default', 'provider:segmentation_id': 964, 'is_default': False, 'availability_zone_hints': [], 'availability_zones': [], 'ipv4_address_scope': None, 'ipv6_address_scope': None, 'description': '', 'tags': [], 'created_at': '2025-06-27T18:42:12Z', 'updated_at': '2025-06-27T18:42:12Z', 'revision_number': 1} available for tenant
2025-06-27 18:42:54.928 61627 INFO tempest.lib.common.rest_client [req-a06b2f9a-c682-4799-835b-e469eda1dac5 req-a06b2f9a-c682-4799-835b-e469eda1dac5 ] Request (ImagesNegativeTestJSON:setUpClass): 200 GET http://10.180.1.21/identity/v3/domains?name=Default 0.049s
2025-06-27 18:42:54.949 61607 INFO tempest.lib.common.rest_client [req-85507324-e542-4258-a16c-3f7ea2ffded1 req-85507324-e542-4258-a16c-3f7ea2ffded1 ] Request (FlavorsExtraSpecsNegativeTestJSON:setUpClass): 200 GET http://10.180.1.21/identity/v3/domains?name=Default 0.040s
2025-06-27 18:42:54.964 61627 INFO tempest.lib.common.rest_client [req-8bc98238-a337-4cf5-b80d-9a642797ef17 req-8bc98238-a337-4cf5-b80d-9a642797ef17 ] Request (ImagesNegativeTestJSON:setUpClass): 201 POST http://10.180.1.21/identity/v3/projects 0.036s
2025-06-27 18:42:54.983 61607 INFO tempest.lib.common.rest_client [req-fd8a3e8c-5635-417c-9e95-ee313cdb695a req-fd8a3e8c-5635-417c-9e95-ee313cdb695a ] Request (FlavorsExtraSpecsNegativeTestJSON:setUpClass): 201 POST http://10.180.1.21/identity/v3/projects 0.033s
2025-06-27 18:42:55.060 61607 INFO tempest.lib.common.rest_client [req-12e24dfd-103e-446d-8dfe-704073aa0d49 req-12e24dfd-103e-446d-8dfe-704073aa0d49 ] Request (FlavorsExtraSpecsNegativeTestJSON:setUpClass): 201 POST http://10.180.1.21/identity/v3/users 0.075s
2025-06-27 18:42:55.069 61627 INFO tempest.lib.common.rest_client [req-92dc56e6-5732-47b9-ae0e-bf312da7ee98 req-92dc56e6-5732-47b9-ae0e-bf312da7ee98 ] Request (ImagesNegativeTestJSON:setUpClass): 201 POST http://10.180.1.21/identity/v3/users 0.104s
2025-06-27 18:42:55.088 61607 INFO tempest.lib.common.rest_client [req-e24885e2-6acb-4424-9413-9b4896910c04 req-e24885e2-6acb-4424-9413-9b4896910c04 ] Request (FlavorsExtraSpecsNegativeTestJSON:setUpClass): 200 GET http://10.180.1.21/identity/v3/roles 0.027s
2025-06-27 18:42:55.088 61627 INFO tempest.lib.common.rest_client [req-c9cc0405-453a-43b4-951c-3338482ff29e req-c9cc0405-453a-43b4-951c-3338482ff29e ] Request (ImagesNegativeTestJSON:setUpClass): 200 GET http://10.180.1.21/identity/v3/roles 0.019s
2025-06-27 18:42:55.116 61607 INFO tempest.lib.common.rest_client [req-268afffd-ca75-41c3-ac3b-589e3745c5d9 req-268afffd-ca75-41c3-ac3b-589e3745c5d9 ] Request (FlavorsExtraSpecsNegativeTestJSON:setUpClass): 204 PUT http://10.180.1.21/identity/v3/projects/43597d761f25473183fe19c40f8b35a4/users/28106229eedd4a2b9e85ee285b24f0ea/roles/4c2165d33cdc4d82a15123aacd976dac 0.028s
2025-06-27 18:42:55.116 61607 INFO tempest.lib.common.dynamic_creds [-] Dynamic test user 28106229eedd4a2b9e85ee285b24f0ea is created with scope project and roles: ['member']
2025-06-27 18:42:55.116 61607 INFO tempest.lib.common.dynamic_creds [-] Acquired dynamic creds: credentials: Credentials: {'domain_id': 'default', 'domain_name': 'Default', 'username': 'tempest-FlavorsExtraSpecsNegativeTestJSON-1726667636-project-member', 'project_domain_id': 'default', 'project_domain_name': 'Default', 'project_id': '43597d761f25473183fe19c40f8b35a4', 'project_name': 'tempest-FlavorsExtraSpecsNegativeTestJSON-1726667636', 'tenant_id': '43597d761f25473183fe19c40f8b35a4', 'tenant_name': 'tempest-FlavorsExtraSpecsNegativeTestJSON-1726667636', 'user_domain_id': 'default', 'user_domain_name': 'Default', 'user_id': '28106229eedd4a2b9e85ee285b24f0ea', 'system': None}, Network: None, Subnet: None, Router: None
2025-06-27 18:42:55.117 61607 INFO tempest.lib.common.dynamic_creds [-] Created isolated network resources for: credentials: Credentials: {'domain_id': 'default', 'domain_name': 'Default', 'username': 'tempest-FlavorsExtraSpecsNegativeTestJSON-1726667636-project-member', 'project_domain_id': 'default', 'project_domain_name': 'Default', 'project_id': '43597d761f25473183fe19c40f8b35a4', 'project_name': 'tempest-FlavorsExtraSpecsNegativeTestJSON-1726667636', 'tenant_id': '43597d761f25473183fe19c40f8b35a4', 'tenant_name': 'tempest-FlavorsExtraSpecsNegativeTestJSON-1726667636', 'user_domain_id': 'default', 'user_domain_name': 'Default', 'user_id': '28106229eedd4a2b9e85ee285b24f0ea', 'system': None}, Network: None, Subnet: None, Router: None
2025-06-27 18:42:55.117 61627 INFO tempest.lib.common.rest_client [req-6f87487c-bb62-412e-b030-a7ee5bf2a123 req-6f87487c-bb62-412e-b030-a7ee5bf2a123 ] Request (ImagesNegativeTestJSON:setUpClass): 204 PUT http://10.180.1.21/identity/v3/projects/ac8149e76f034ac2b98c1855f5d25c8a/users/ab5f1a6cc2424e448404fc83ba8373ad/roles/4c2165d33cdc4d82a15123aacd976dac 0.029s
2025-06-27 18:42:55.118 61627 INFO tempest.lib.common.dynamic_creds [-] Dynamic test user ab5f1a6cc2424e448404fc83ba8373ad is created with scope project and roles: ['member']
2025-06-27 18:42:55.118 61627 INFO tempest.lib.common.dynamic_creds [-] Acquired dynamic creds: credentials: Credentials: {'domain_id': 'default', 'domain_name': 'Default', 'username': 'tempest-ImagesNegativeTestJSON-986467572-project-member', 'project_domain_id': 'default', 'project_domain_name': 'Default', 'project_id': 'ac8149e76f034ac2b98c1855f5d25c8a', 'project_name': 'tempest-ImagesNegativeTestJSON-986467572', 'tenant_id': 'ac8149e76f034ac2b98c1855f5d25c8a', 'tenant_name': 'tempest-ImagesNegativeTestJSON-986467572', 'user_domain_id': 'default', 'user_domain_name': 'Default', 'user_id': 'ab5f1a6cc2424e448404fc83ba8373ad', 'system': None}, Network: None, Subnet: None, Router: None
2025-06-27 18:42:55.138 61655 INFO tempest.lib.common.rest_client [req-6baccade-9de1-4bd6-8c86-95a327f5e249 req-6baccade-9de1-4bd6-8c86-95a327f5e249 ] Request (ImagesDeleteNegativeTestJSON:tearDownClass): 200 GET http://10.180.1.21:9696/networking/v2.0/security-groups?tenant_id=a8230c742e2c4c1a8715ef61fba772f5&name=default 0.441s
2025-06-27 18:42:55.184 61613 INFO tempest.lib.common.rest_client [req-01b73325-475a-4aad-9cc8-8006f93fa1e2 req-01b73325-475a-4aad-9cc8-8006f93fa1e2 ] Request (FloatingIPDetailsTestJSON:test_get_floating_ip_details): 200 GET http://10.180.1.21/compute/v2.1/os-floating-ips/786485a7-f9f9-4034-a2c2-198f08d926e1 2.476s
2025-06-27 18:42:55.199 61607 INFO tempest.lib.common.rest_client [req-2cbffbe0-4c88-44a8-b7d1-f4c4cd6237c7 req-2cbffbe0-4c88-44a8-b7d1-f4c4cd6237c7 ] Request (FlavorsExtraSpecsNegativeTestJSON:setUpClass): 201 POST http://10.180.1.21/identity/v3/auth/tokens 0.075s
2025-06-27 18:42:55.199 61653 INFO tempest.lib.common.rest_client [req-0ed4594c-b9db-4df4-8dbb-bb0448991a7e req-0ed4594c-b9db-4df4-8dbb-bb0448991a7e ] Request (VolumesAdminNegativeTest:setUpClass): 201 POST http://10.180.1.21:9696/networking/v2.0/networks 0.725s
2025-06-27 18:42:55.207 61627 INFO tempest.lib.common.rest_client [req-e9c10ae3-66a4-4d2a-9722-3a0722f4e88b req-e9c10ae3-66a4-4d2a-9722-3a0722f4e88b ] Request (ImagesNegativeTestJSON:setUpClass): 201 POST http://10.180.1.21/identity/v3/auth/tokens 0.089s
2025-06-27 18:42:55.235 61625 INFO tempest.lib.common.rest_client [req-2fd43561-e0ad-4b6d-8275-2421aa86744d req-2fd43561-e0ad-4b6d-8275-2421aa86744d ] Request (AggregatesAdminNegativeTestJSON:test_aggregate_create_as_user): 403 POST http://10.180.1.21/compute/v2.1/os-aggregates 2.512s
2025-06-27 18:42:55.247 61615 INFO tempest.lib.common.rest_client [req-9d41a63d-a787-4f10-ab29-54594393b4a6 req-9d41a63d-a787-4f10-ab29-54594393b4a6 ] Request (HypervisorAdminNegativeTestJSON:test_show_nonexistent_hypervisor): 404 GET http://10.180.1.21/compute/v2.1/os-hypervisors/a5f4b95f-6d95-4bc7-9940-ecee1239241d 2.510s
2025-06-27 18:42:55.256 61607 INFO tempest.lib.common.rest_client [req-739840f5-96d1-4873-b69c-b14d753712d4 req-739840f5-96d1-4873-b69c-b14d753712d4 ] Request (FlavorsExtraSpecsNegativeTestJSON:setUpClass): 201 POST http://10.180.1.21/identity/v3/projects 0.057s
2025-06-27 18:42:55.291 61611 INFO tempest.lib.common.rest_client [req-d98b4707-3da8-4a42-9770-6730863bce5a req-d98b4707-3da8-4a42-9770-6730863bce5a ] Request (KeyPairsV22TestJSON:test_keypairs_create_list_delete): 201 POST http://10.180.1.21/compute/v2.1/os-keypairs 2.525s
2025-06-27 18:42:55.388 61615 INFO tempest.lib.common.rest_client [req-63007a82-0c04-4fc1-aa08-d0e70748420e req-63007a82-0c04-4fc1-aa08-d0e70748420e ] Request (HypervisorAdminNegativeTestJSON:tearDownClass): 204 DELETE http://10.180.1.21/identity/v3/users/03005779f7914796a3394cfe6f46e7b8 0.139s
2025-06-27 18:42:55.419 61617 INFO tempest.lib.common.rest_client [req-959bb425-36fd-4948-8dea-a6ef6e639129 req-959bb425-36fd-4948-8dea-a6ef6e639129 ] Request (ServersAdmin275Test:test_rebuild_update_server_275): 200 GET http://10.180.1.21/compute/v2.1/servers/cf1a71aa-f864-4fbe-be59-b47322f62a0b 2.533s
2025-06-27 18:42:55.433 61607 INFO tempest.lib.common.rest_client [req-d714b8c1-9d89-4b3a-bb2f-a750cfaff0c7 req-d714b8c1-9d89-4b3a-bb2f-a750cfaff0c7 ] Request (FlavorsExtraSpecsNegativeTestJSON:setUpClass): 201 POST http://10.180.1.21/identity/v3/users 0.175s
2025-06-27 18:42:55.436 61603 INFO tempest.lib.common.rest_client [req-1bd6f9c9-806d-4ade-b643-c5b83c321b67 req-1bd6f9c9-806d-4ade-b643-c5b83c321b67 ] Request (ServersWithSpecificFlavorTestJSON:test_verify_created_server_ephemeral_disk): 200 POST http://10.180.1.21/compute/v2.1/flavors 2.539s
2025-06-27 18:42:55.471 61607 INFO tempest.lib.common.rest_client [req-99d72871-4a63-468f-a24c-51f5bb218d82 req-99d72871-4a63-468f-a24c-51f5bb218d82 ] Request (FlavorsExtraSpecsNegativeTestJSON:setUpClass): 200 GET http://10.180.1.21/identity/v3/roles 0.037s
2025-06-27 18:42:55.504 61607 INFO tempest.lib.common.rest_client [req-a8f40f0b-b31d-422f-ae69-078f13f9ad72 req-a8f40f0b-b31d-422f-ae69-078f13f9ad72 ] Request (FlavorsExtraSpecsNegativeTestJSON:setUpClass): 204 PUT http://10.180.1.21/identity/v3/projects/b9b2a23c88b046c599865f7c443495d4/users/22d0db01f616424c8708f6e0355c865f/roles/cf2427678c584495b60f1925e565d4b5 0.033s
2025-06-27 18:42:55.533 61615 INFO tempest.lib.common.rest_client [req-2cf589dd-f4e6-43de-a1ae-4a4ae3c3a97f req-2cf589dd-f4e6-43de-a1ae-4a4ae3c3a97f ] Request (HypervisorAdminNegativeTestJSON:tearDownClass): 204 DELETE http://10.180.1.21/identity/v3/users/ca75981752a94b17ac490ea13c675f29 0.144s
2025-06-27 18:42:55.533 61615 INFO tempest.lib.common.dynamic_creds [-] Deleting project and security group for project: f56ea43cb6ef4a1fa17f6b63cfa9b380
2025-06-27 18:42:55.591 61655 INFO tempest.lib.common.rest_client [req-fbec2ac6-52dd-4bec-9348-04468f656fd6 req-fbec2ac6-52dd-4bec-9348-04468f656fd6 ] Request (ImagesDeleteNegativeTestJSON:tearDownClass): 204 DELETE http://10.180.1.21:9696/networking/v2.0/security-groups/5e015fc7-bd60-4db0-b0c9-02195469aae7 0.452s
2025-06-27 18:42:55.623 61607 INFO tempest.lib.common.rest_client [req-d6b44c8d-7e2b-4443-ab51-3ebdfd2ae416 req-d6b44c8d-7e2b-4443-ab51-3ebdfd2ae416 ] Request (FlavorsExtraSpecsNegativeTestJSON:setUpClass): 200 GET http://10.180.1.21/identity/v3/roles 0.118s
2025-06-27 18:42:55.626 61615 INFO tempest.lib.common.rest_client [req-17a58be9-fe0f-47da-8d14-90da967d1616 req-17a58be9-fe0f-47da-8d14-90da967d1616 ] Request (HypervisorAdminNegativeTestJSON:tearDownClass): 201 POST http://10.180.1.21/identity/v3/auth/tokens 0.092s
2025-06-27 18:42:55.646 61607 INFO tempest.lib.common.rest_client [req-535def0f-7b6d-4d49-bc5a-5cbcc5ea4a7e req-535def0f-7b6d-4d49-bc5a-5cbcc5ea4a7e ] Request (FlavorsExtraSpecsNegativeTestJSON:setUpClass): 204 PUT http://10.180.1.21/identity/v3/projects/b9b2a23c88b046c599865f7c443495d4/users/22d0db01f616424c8708f6e0355c865f/roles/cf2427678c584495b60f1925e565d4b5 0.022s
2025-06-27 18:42:55.646 61607 INFO tempest.lib.common.dynamic_creds [-] Dynamic test user 22d0db01f616424c8708f6e0355c865f is created with scope project and roles: ['admin']
2025-06-27 18:42:55.646 61607 INFO tempest.lib.common.dynamic_creds [-] Acquired dynamic creds: credentials: Credentials: {'domain_id': 'default', 'domain_name': 'Default', 'username': 'tempest-FlavorsExtraSpecsNegativeTestJSON-1952297152-project-admin', 'project_domain_id': 'default', 'project_domain_name': 'Default', 'project_id': 'b9b2a23c88b046c599865f7c443495d4', 'project_name': 'tempest-FlavorsExtraSpecsNegativeTestJSON-1952297152', 'tenant_id': 'b9b2a23c88b046c599865f7c443495d4', 'tenant_name': 'tempest-FlavorsExtraSpecsNegativeTestJSON-1952297152', 'user_domain_id': 'default', 'user_domain_name': 'Default', 'user_id': '22d0db01f616424c8708f6e0355c865f', 'system': None}, Network: None, Subnet: None, Router: None
2025-06-27 18:42:55.646 61607 INFO tempest.lib.common.dynamic_creds [-] Created isolated network resources for: credentials: Credentials: {'domain_id': 'default', 'domain_name': 'Default', 'username': 'tempest-FlavorsExtraSpecsNegativeTestJSON-1952297152-project-admin', 'project_domain_id': 'default', 'project_domain_name': 'Default', 'project_id': 'b9b2a23c88b046c599865f7c443495d4', 'project_name': 'tempest-FlavorsExtraSpecsNegativeTestJSON-1952297152', 'tenant_id': 'b9b2a23c88b046c599865f7c443495d4', 'tenant_name': 'tempest-FlavorsExtraSpecsNegativeTestJSON-1952297152', 'user_domain_id': 'default', 'user_domain_name': 'Default', 'user_id': '22d0db01f616424c8708f6e0355c865f', 'system': None}, Network: None, Subnet: None, Router: None
2025-06-27 18:42:55.721 61655 INFO tempest.lib.common.rest_client [req-3291b2a2-8995-4316-8348-637515241f3c req-3291b2a2-8995-4316-8348-637515241f3c ] Request (ImagesDeleteNegativeTestJSON:tearDownClass): 204 DELETE http://10.180.1.21/identity/v3/projects/a8230c742e2c4c1a8715ef61fba772f5 0.129s
2025-06-27 18:42:55.807 61655 INFO tempest.lib.common.rest_client [req-05dd320f-c2b9-467b-a5c5-67a01d09ba29 req-05dd320f-c2b9-467b-a5c5-67a01d09ba29 ] Request (SecurityGroupsTestJSON:setUpClass): 201 POST http://10.180.1.21/identity/v3/auth/tokens 0.084s
2025-06-27 18:42:55.813 61607 INFO tempest.lib.common.rest_client [req-f077f3a9-87b0-409b-896e-8b2ab6940647 req-f077f3a9-87b0-409b-896e-8b2ab6940647 ] Request (FlavorsExtraSpecsNegativeTestJSON:setUpClass): 201 POST http://10.180.1.21/identity/v3/auth/tokens 0.162s
