2025-06-27 18:42:43.630 61623 INFO tempest.lib.common.rest_client [req-d88dabe8-1d75-4b83-b18f-afa21ae3acab req-d88dabe8-1d75-4b83-b18f-afa21ae3acab ] Request (ExtensionsTest:setUpClass): 204 PUT http://10.180.1.21/identity/v3/projects/3f0ca1495da841aabd34f6d5fdfc309a/users/9a5839048d5d43b49f657d12ac707570/roles/4c2165d33cdc4d82a15123aacd976dac 0.047s
2025-06-27 18:42:43.630 61623 INFO tempest.lib.common.dynamic_creds [-] Dynamic test user 9a5839048d5d43b49f657d12ac707570 is created with scope project and roles: ['member']
2025-06-27 18:42:43.631 61623 INFO tempest.lib.common.dynamic_creds [-] Acquired dynamic creds: credentials: Credentials: {'domain_id': 'default', 'domain_name': 'Default', 'username': 'tempest-ExtensionsTest-1579092804-project-member', 'project_domain_id': 'default', 'project_domain_name': 'Default', 'project_id': '3f0ca1495da841aabd34f6d5fdfc309a', 'project_name': 'tempest-ExtensionsTest-1579092804', 'tenant_id': '3f0ca1495da841aabd34f6d5fdfc309a', 'tenant_name': 'tempest-ExtensionsTest-1579092804', 'user_domain_id': 'default', 'user_domain_name': 'Default', 'user_id': '9a5839048d5d43b49f657d12ac707570', 'system': None}, Network: None, Subnet: None, Router: None
2025-06-27 18:42:43.631 61623 INFO tempest.lib.common.dynamic_creds [-] Created isolated network resources for: credentials: Credentials: {'domain_id': 'default', 'domain_name': 'Default', 'username': 'tempest-ExtensionsTest-1579092804-project-member', 'project_domain_id': 'default', 'project_domain_name': 'Default', 'project_id': '3f0ca1495da841aabd34f6d5fdfc309a', 'project_name': 'tempest-ExtensionsTest-1579092804', 'tenant_id': '3f0ca1495da841aabd34f6d5fdfc309a', 'tenant_name': 'tempest-ExtensionsTest-1579092804', 'user_domain_id': 'default', 'user_domain_name': 'Default', 'user_id': '9a5839048d5d43b49f657d12ac707570', 'system': None}, Network: None, Subnet: None, Router: None
2025-06-27 18:42:43.724 61623 INFO tempest.lib.common.rest_client [req-d1433410-8f93-4127-aba7-0a7aa5b13a29 req-d1433410-8f93-4127-aba7-0a7aa5b13a29 ] Request (ExtensionsTest:setUpClass): 201 POST http://10.180.1.21/identity/v3/auth/tokens 0.088s
2025-06-27 18:42:43.803 61595 INFO tempest.lib.common.rest_client [req-b0f7cd67-e694-48b4-953f-f36e0b140ba5 req-b0f7cd67-e694-48b4-953f-f36e0b140ba5 ] Request (SecurityGroupRulesTestJSON:setUpClass): 201 POST http://10.180.1.21:9696/networking/v2.0/subnets 1.885s
2025-06-27 18:42:43.838 61631 INFO tempest.lib.common.rest_client [req-c4ae30ba-e0ef-4a2a-b844-0710e9b030a5 req-c4ae30ba-e0ef-4a2a-b844-0710e9b030a5 ] Request (ServerDiagnosticsTest:test_get_server_diagnostics): 200 GET http://10.180.1.21/compute/v2.1/servers/fce0ff0d-d055-422e-ae51-4989abff4b00 5.283s
2025-06-27 18:42:43.866 61641 INFO tempest.lib.common.rest_client [req-f84a4c30-7b5b-4579-a70d-74d164e42ae9 req-f84a4c30-7b5b-4579-a70d-74d164e42ae9 ] Request (ServerExternalEventsTest:test_create_server_external_events): 200 GET http://10.180.1.21/compute/v2.1/servers/b35cffdf-8926-4a6b-8118-48535e8cb8c0 5.135s
2025-06-27 18:42:44.007 61605 INFO tempest.lib.common.rest_client [req-5726e22d-fd44-4d9a-9137-70ac0f85eb8a req-5726e22d-fd44-4d9a-9137-70ac0f85eb8a ] Request (ServersAaction247Test:test_create_backup): 200 GET http://10.180.1.21/compute/v2.1/servers/314f39ce-68c4-4d78-bdb0-0aaeb15dfcee 5.137s
2025-06-27 18:42:44.025 61653 INFO tempest.lib.common.rest_client [req-af54360e-0751-40cc-b7c9-4fb4354de061 req-af54360e-0751-40cc-b7c9-4fb4354de061 ] Request (FlavorsAccessTestJSON:tearDownClass): 200 GET http://10.180.1.21:9696/networking/v2.0/security-groups?tenant_id=9ae5c4d593b94ee78e05821df06ad4db&name=default 0.595s
2025-06-27 18:42:44.078 61601 INFO tempest.lib.common.rest_client [req-db0796ae-868e-4702-91a9-3fa8c8426428 req-db0796ae-868e-4702-91a9-3fa8c8426428 ] Request (QuotasAdminTestJSON:test_delete_quota): 200 PUT http://10.180.1.21/compute/v2.1/os-quota-sets/d1be820edfb9410b9fa01dbb2d9ca1a7 5.227s
2025-06-27 18:42:44.188 61617 INFO tempest.lib.common.rest_client [req-d0d21971-9df5-4857-a7ca-b5cec43d6878 req-d0d21971-9df5-4857-a7ca-b5cec43d6878 ] Request (HypervisorAdminV228Test:tearDownClass): 200 GET http://10.180.1.21:9696/networking/v2.0/security-groups?tenant_id=bb082fca891c468f9e1096c6232995af&name=default 0.632s
2025-06-27 18:42:44.432 61633 INFO tempest.lib.common.rest_client [req-34c5042e-6b54-4128-a862-b00b474194ec req-34c5042e-6b54-4128-a862-b00b474194ec ] Request (TenantUsagesTestJSON:setUpClass): 200 GET http://10.180.1.21/compute/v2.1/servers/eed82b3f-6590-4677-a4a2-680d769400fd 5.361s
2025-06-27 18:42:44.624 61653 INFO tempest.lib.common.rest_client [req-2155c57f-f602-46b3-ba59-bc9ecfdebc5c req-2155c57f-f602-46b3-ba59-bc9ecfdebc5c ] Request (FlavorsAccessTestJSON:tearDownClass): 204 DELETE http://10.180.1.21:9696/networking/v2.0/security-groups/fe53a4e9-4634-4421-9af0-374689e1c724 0.598s
2025-06-27 18:42:44.646 61627 INFO tempest.lib.common.rest_client [req-39cf402b-2cb5-4adf-b982-39a17966dbc2 req-39cf402b-2cb5-4adf-b982-39a17966dbc2 ] Request (FloatingIPDetailsNegativeTestJSON:setUpClass): 200 PUT http://10.180.1.21:9696/networking/v2.0/routers/9afe22a3-be0d-4528-99b1-6fad0fee32bc/add_router_interface 5.831s
2025-06-27 18:42:44.646 61627 INFO tempest.lib.common.dynamic_creds [-] Created isolated network resources for: credentials: Credentials: {'domain_id': 'default', 'domain_name': 'Default', 'username': 'tempest-FloatingIPDetailsNegativeTestJSON-1518063923-project-member', 'project_domain_id': 'default', 'project_domain_name': 'Default', 'project_id': 'a0ee16f139024c87a9e88c2249c3a2fd', 'project_name': 'tempest-FloatingIPDetailsNegativeTestJSON-1518063923', 'tenant_id': 'a0ee16f139024c87a9e88c2249c3a2fd', 'tenant_name': 'tempest-FloatingIPDetailsNegativeTestJSON-1518063923', 'user_domain_id': 'default', 'user_domain_name': 'Default', 'user_id': '03411df655d24ddc814c6182650a9571', 'system': None}, Network: {'id': '87594397-2d6a-4004-ac27-256bbacd5442', 'name': 'tempest-FloatingIPDetailsNegativeTestJSON-850200858-network', 'tenant_id': 'a0ee16f139024c87a9e88c2249c3a2fd', 'admin_state_up': True, 'mtu': 8950, 'status': 'ACTIVE', 'subnets': [], 'shared': False, 'project_id': 'a0ee16f139024c87a9e88c2249c3a2fd', 'port_security_enabled': True, 'router:external': False, 'provider:network_type': 'vlan', 'provider:physical_network': 'default', 'provider:segmentation_id': 232, 'is_default': False, 'availability_zone_hints': [], 'availability_zones': [], 'ipv4_address_scope': None, 'ipv6_address_scope': None, 'description': '', 'tags': [], 'created_at': '2025-06-27T18:42:32Z', 'updated_at': '2025-06-27T18:42:32Z', 'revision_number': 1}, Subnet: {'id': 'a7796a54-e172-45bd-afec-eb6b5af10f60', 'name': 'tempest-FloatingIPDetailsNegativeTestJSON-850200858-subnet', 'tenant_id': 'a0ee16f139024c87a9e88c2249c3a2fd', 'network_id': '87594397-2d6a-4004-ac27-256bbacd5442', 'ip_version': 4, 'subnetpool_id': None, 'enable_dhcp': True, 'ipv6_ra_mode': None, 'ipv6_address_mode': None, 'gateway_ip': '192.168.128.1', 'cidr': '192.168.128.0/28', 'allocation_pools': [{'start': '192.168.128.2', 'end': '192.168.128.14'}], 'host_routes': [], 'dns_nameservers': [], 'description': '', 'service_types': [], 'tags': [], 'created_at': '2025-06-27T18:42:33Z', 'updated_at': '2025-06-27T18:42:33Z', 'revision_number': 0, 'project_id': 'a0ee16f139024c87a9e88c2249c3a2fd'}, Router: {'id': '9afe22a3-be0d-4528-99b1-6fad0fee32bc', 'name': 'tempest-FloatingIPDetailsNegativeTestJSON-850200858-router', 'tenant_id': 'a0ee16f139024c87a9e88c2249c3a2fd', 'admin_state_up': True, 'status': 'ACTIVE', 'external_gateway_info': {'network_id': '4ce6a168-1b43-4b70-ab8e-eb467bb52bd8', 'external_fixed_ips': [{'subnet_id': 'd03fa495-820a-4118-9ce7-2589a151ea07', 'ip_address': '10.180.180.175'}], 'enable_snat': True}, 'description': '', 'availability_zones': [], 'distributed': False, 'ha': False, 'availability_zone_hints': [], 'routes': [], 'flavor_id': None, 'tags': [], 'created_at': '2025-06-27T18:42:34Z', 'updated_at': '2025-06-27T18:42:37Z', 'revision_number': 2, 'project_id': 'a0ee16f139024c87a9e88c2249c3a2fd'}
2025-06-27 18:42:44.727 61617 INFO tempest.lib.common.rest_client [req-53827e92-6f71-4df2-8a4c-98387c72541f req-53827e92-6f71-4df2-8a4c-98387c72541f ] Request (HypervisorAdminV228Test:tearDownClass): 204 DELETE http://10.180.1.21:9696/networking/v2.0/security-groups/9c7fb0f6-2d75-4fa6-b2d8-242ba2b0cc5d 0.538s
2025-06-27 18:42:44.738 61639 INFO tempest.lib.common.rest_client [req-3c445605-66a7-4fb3-bcca-36c105e909b5 req-3c445605-66a7-4fb3-bcca-36c105e909b5 ] Request (DeleteServersAdminTestJSON:test_admin_delete_servers_of_others): 200 GET http://10.180.1.21/compute/v2.1/servers/bcf27023-1eb6-4846-9adc-2235c738cad6 5.222s
2025-06-27 18:42:44.765 61627 INFO tempest.lib.common.rest_client [req-35d610f6-a671-44f3-8f4f-01aceff78749 req-35d610f6-a671-44f3-8f4f-01aceff78749 ] Request (FloatingIPDetailsNegativeTestJSON:setUpClass): 201 POST http://10.180.1.21/identity/v3/auth/tokens 0.110s
2025-06-27 18:42:44.787 61653 INFO tempest.lib.common.rest_client [req-65e38336-676d-4640-a47f-a9c276040edd req-65e38336-676d-4640-a47f-a9c276040edd ] Request (FlavorsAccessTestJSON:tearDownClass): 204 DELETE http://10.180.1.21/identity/v3/projects/9ae5c4d593b94ee78e05821df06ad4db 0.162s
2025-06-27 18:42:44.795 61651 INFO tempest.lib.common.rest_client [req-d5b14acf-07c3-4a7a-9fd5-48d890cc8fec req-d5b14acf-07c3-4a7a-9fd5-48d890cc8fec ] Request (ServersTestMultiNic:test_verify_duplicate_network_nics): 200 GET http://10.180.1.21/compute/v2.1/servers/6a2bad10-6948-482a-803a-2da7cf733d49 5.720s
2025-06-27 18:42:44.866 61653 INFO tempest.lib.common.rest_client [req-bc4d43ad-25e9-47e1-8894-ee60c39e5215 req-bc4d43ad-25e9-47e1-8894-ee60c39e5215 ] Request (VolumesAdminNegativeTest:setUpClass): 201 POST http://10.180.1.21/identity/v3/auth/tokens 0.076s
2025-06-27 18:42:44.902 61617 INFO tempest.lib.common.rest_client [req-8e9bd52b-765d-4e2a-a836-74f79b13f504 req-8e9bd52b-765d-4e2a-a836-74f79b13f504 ] Request (HypervisorAdminV228Test:tearDownClass): 204 DELETE http://10.180.1.21/identity/v3/projects/bb082fca891c468f9e1096c6232995af 0.174s
2025-06-27 18:42:44.941 61619 INFO tempest.lib.common.rest_client [req-1109a879-bd24-462a-b264-b4b56b05d930 req-1109a879-bd24-462a-b264-b4b56b05d930 ] Request (SecurityGroupsTestAdminJSON:test_list_security_groups_list_all_tenants_filter): 200 POST http://10.180.1.21/compute/v2.1/os-security-groups 4.867s
2025-06-27 18:42:44.951 61653 INFO tempest.lib.common.rest_client [req-4d093c32-9f8c-47f8-99d2-16caa565f912 req-4d093c32-9f8c-47f8-99d2-16caa565f912 ] Request (VolumesAdminNegativeTest:setUpClass): 201 POST http://10.180.1.21/identity/v3/auth/tokens 0.081s
2025-06-27 18:42:44.959 61617 INFO tempest.lib.common.rest_client [req-b70cb71e-11c7-468c-a2ea-a106a267de29 req-b70cb71e-11c7-468c-a2ea-a106a267de29 ] Request (ServersAdmin275Test:setUpClass): 201 POST http://10.180.1.21/identity/v3/auth/tokens 0.056s
2025-06-27 18:42:44.979 61653 INFO tempest.lib.common.rest_client [req-70e057a1-db1f-4f4c-9066-ea8b8a85100b req-70e057a1-db1f-4f4c-9066-ea8b8a85100b ] Request (VolumesAdminNegativeTest:setUpClass): 200 GET http://10.180.1.21/identity/v3/domains?name=Default 0.028s
2025-06-27 18:42:44.994 61617 INFO tempest.lib.common.rest_client [req-821279ca-6443-443f-9946-7c1d4de9ef1f req-821279ca-6443-443f-9946-7c1d4de9ef1f ] Request (ServersAdmin275Test:setUpClass): 201 POST http://10.180.1.21/identity/v3/auth/tokens 0.031s
2025-06-27 18:42:45.026 61617 INFO tempest.lib.common.rest_client [req-b346147e-6a66-449d-8096-eb353fe45337 req-b346147e-6a66-449d-8096-eb353fe45337 ] Request (ServersAdmin275Test:setUpClass): 200 GET http://10.180.1.21/identity/v3/domains?name=Default 0.031s
2025-06-27 18:42:45.029 61653 INFO tempest.lib.common.rest_client [req-b48a2954-2348-4ce1-96fb-a8ba31c3ab9c req-b48a2954-2348-4ce1-96fb-a8ba31c3ab9c ] Request (VolumesAdminNegativeTest:setUpClass): 201 POST http://10.180.1.21/identity/v3/projects 0.050s
2025-06-27 18:42:45.032 61597 INFO tempest.lib.common.rest_client [req-84fba186-3a47-48b2-808a-9a0c379662fb req-84fba186-3a47-48b2-808a-9a0c379662fb ] Request (MigrationsAdminTest:test_list_migrations_in_flavor_resize_situation): 200 GET http://10.180.1.21/compute/v2.1/servers/ef6025e6-dbaf-4cc1-a068-5e2ca1c40254 4.695s
2025-06-27 18:42:45.056 61655 INFO tempest.lib.common.rest_client [req-c37b549b-73b2-4894-bbc3-a2dcf1b01af9 req-c37b549b-73b2-4894-bbc3-a2dcf1b01af9 ] Request (ImagesDeleteNegativeTestJSON:test_delete_image_non_hex_string_id): 404 DELETE http://10.180.1.21/compute/v2.1/images/61bb1ae8-142a-4dd0-b303-a114478675dj 4.062s
2025-06-27 18:42:45.066 61607 INFO tempest.lib.common.rest_client [req-e7bed5d5-78b8-4bb3-add0-557ed61d68ec req-e7bed5d5-78b8-4bb3-add0-557ed61d68ec ] Request (FlavorsExtraSpecsTestJSON:test_flavor_set_get_update_show_unset_keys): 200 GET http://10.180.1.21/compute/v2.1/flavors/1267758331/os-extra_specs 4.052s
2025-06-27 18:42:45.109 61653 INFO tempest.lib.common.rest_client [req-f73dcb7f-e84d-48b9-b175-b647cb65df30 req-f73dcb7f-e84d-48b9-b175-b647cb65df30 ] Request (VolumesAdminNegativeTest:setUpClass): 201 POST http://10.180.1.21/identity/v3/users 0.080s
2025-06-27 18:42:45.112 61617 INFO tempest.lib.common.rest_client [req-d6442e64-d34e-4919-9c95-9210881c540d req-d6442e64-d34e-4919-9c95-9210881c540d ] Request (ServersAdmin275Test:setUpClass): 201 POST http://10.180.1.21/identity/v3/projects 0.085s
2025-06-27 18:42:45.162 61653 INFO tempest.lib.common.rest_client [req-0738d296-cc6a-4685-9610-61c69c0238a2 req-0738d296-cc6a-4685-9610-61c69c0238a2 ] Request (VolumesAdminNegativeTest:setUpClass): 200 GET http://10.180.1.21/identity/v3/roles 0.052s
2025-06-27 18:42:45.184 61617 INFO tempest.lib.common.rest_client [req-5060edfc-03de-40aa-8b40-560fdf26cb8f req-5060edfc-03de-40aa-8b40-560fdf26cb8f ] Request (ServersAdmin275Test:setUpClass): 201 POST http://10.180.1.21/identity/v3/users 0.071s
2025-06-27 18:42:45.195 61653 INFO tempest.lib.common.rest_client [req-58927154-6a52-4277-a9b8-5c9505a5f4f0 req-58927154-6a52-4277-a9b8-5c9505a5f4f0 ] Request (VolumesAdminNegativeTest:setUpClass): 204 PUT http://10.180.1.21/identity/v3/projects/41238e1d762b430b92dc4b220759c2b7/users/ad4d77a761b64f15b7d009f02e7c3372/roles/4c2165d33cdc4d82a15123aacd976dac 0.032s
2025-06-27 18:42:45.196 61653 INFO tempest.lib.common.dynamic_creds [-] Dynamic test user ad4d77a761b64f15b7d009f02e7c3372 is created with scope project and roles: ['member']
2025-06-27 18:42:45.196 61653 INFO tempest.lib.common.dynamic_creds [-] Acquired dynamic creds: credentials: Credentials: {'domain_id': 'default', 'domain_name': 'Default', 'username': 'tempest-VolumesAdminNegativeTest-1683973759-project-member', 'project_domain_id': 'default', 'project_domain_name': 'Default', 'project_id': '41238e1d762b430b92dc4b220759c2b7', 'project_name': 'tempest-VolumesAdminNegativeTest-1683973759', 'tenant_id': '41238e1d762b430b92dc4b220759c2b7', 'tenant_name': 'tempest-VolumesAdminNegativeTest-1683973759', 'user_domain_id': 'default', 'user_domain_name': 'Default', 'user_id': 'ad4d77a761b64f15b7d009f02e7c3372', 'system': None}, Network: None, Subnet: None, Router: None
2025-06-27 18:42:45.226 61643 INFO tempest.lib.common.rest_client [req-7914dfd7-432a-4784-be95-0ff492809900 req-7914dfd7-432a-4784-be95-0ff492809900 ] Request (FlavorsV2NegativeTest:test_boot_with_low_ram): 400 POST http://10.180.1.21/compute/v2.1/servers 4.334s
2025-06-27 18:42:45.252 61617 INFO tempest.lib.common.rest_client [req-8bd5a9bf-9ca9-4c5a-8cc4-d1e32087a043 req-8bd5a9bf-9ca9-4c5a-8cc4-d1e32087a043 ] Request (ServersAdmin275Test:setUpClass): 200 GET http://10.180.1.21/identity/v3/roles 0.067s
2025-06-27 18:42:45.276 61653 INFO tempest.lib.common.rest_client [req-fa1871c6-3b81-4bd4-87e9-891f7fb76b23 req-fa1871c6-3b81-4bd4-87e9-891f7fb76b23 ] Request (VolumesAdminNegativeTest:setUpClass): 201 POST http://10.180.1.21/identity/v3/auth/tokens 0.078s
2025-06-27 18:42:45.296 61643 INFO tempest.lib.common.rest_client [req-fd95d202-10a1-4f24-b105-d51ef6aab5e9 req-fd95d202-10a1-4f24-b105-d51ef6aab5e9 ] Request (FlavorsV2NegativeTest:_run_cleanups): 204 DELETE http://10.180.1.21/image/v2/images/033417a1-586a-42fd-a246-dfcaec5c225c 0.069s
2025-06-27 18:42:45.302 61617 INFO tempest.lib.common.rest_client [req-7d2f369a-20cb-4990-9947-5249ce7eb70b req-7d2f369a-20cb-4990-9947-5249ce7eb70b ] Request (ServersAdmin275Test:setUpClass): 204 PUT http://10.180.1.21/identity/v3/projects/e40ecff1f1d143269b1bd988b2f50507/users/a73af3ba765b4f2ca313588530e05392/roles/4c2165d33cdc4d82a15123aacd976dac 0.049s
2025-06-27 18:42:45.302 61617 INFO tempest.lib.common.dynamic_creds [-] Dynamic test user a73af3ba765b4f2ca313588530e05392 is created with scope project and roles: ['member']
2025-06-27 18:42:45.302 61617 INFO tempest.lib.common.dynamic_creds [-] Acquired dynamic creds: credentials: Credentials: {'domain_id': 'default', 'domain_name': 'Default', 'username': 'tempest-ServersAdmin275Test-1499869652-project-member', 'project_domain_id': 'default', 'project_domain_name': 'Default', 'project_id': 'e40ecff1f1d143269b1bd988b2f50507', 'project_name': 'tempest-ServersAdmin275Test-1499869652', 'tenant_id': 'e40ecff1f1d143269b1bd988b2f50507', 'tenant_name': 'tempest-ServersAdmin275Test-1499869652', 'user_domain_id': 'default', 'user_domain_name': 'Default', 'user_id': 'a73af3ba765b4f2ca313588530e05392', 'system': None}, Network: None, Subnet: None, Router: None
2025-06-27 18:42:45.302 61617 INFO tempest.lib.common.dynamic_creds [-] Created isolated network resources for: credentials: Credentials: {'domain_id': 'default', 'domain_name': 'Default', 'username': 'tempest-ServersAdmin275Test-1499869652-project-member', 'project_domain_id': 'default', 'project_domain_name': 'Default', 'project_id': 'e40ecff1f1d143269b1bd988b2f50507', 'project_name': 'tempest-ServersAdmin275Test-1499869652', 'tenant_id': 'e40ecff1f1d143269b1bd988b2f50507', 'tenant_name': 'tempest-ServersAdmin275Test-1499869652', 'user_domain_id': 'default', 'user_domain_name': 'Default', 'user_id': 'a73af3ba765b4f2ca313588530e05392', 'system': None}, Network: None, Subnet: None, Router: None
2025-06-27 18:42:45.416 61643 INFO tempest.lib.common.rest_client [req-a18489f6-06bb-4ce8-8e39-e0b53069e834 req-a18489f6-06bb-4ce8-8e39-e0b53069e834 ] Request (FlavorsV2NegativeTest:tearDownClass): 204 DELETE http://10.180.1.21/identity/v3/users/baedd25ba8c54ace820ecea86f348f12 0.118s
2025-06-27 18:42:45.416 61643 INFO tempest.lib.common.dynamic_creds [-] Deleting project and security group for project: f07d48faf34140bea40f2a91ed4ad1f4
2025-06-27 18:42:45.495 61617 INFO tempest.lib.common.rest_client [req-de938418-7f88-470a-842e-20e9650ce8b8 req-de938418-7f88-470a-842e-20e9650ce8b8 ] Request (ServersAdmin275Test:setUpClass): 201 POST http://10.180.1.21/identity/v3/auth/tokens 0.188s
2025-06-27 18:42:45.579 61617 INFO tempest.lib.common.rest_client [req-b2afe939-d8d2-4f99-872f-f93a2246e387 req-b2afe939-d8d2-4f99-872f-f93a2246e387 ] Request (ServersAdmin275Test:setUpClass): 201 POST http://10.180.1.21/identity/v3/projects 0.083s
2025-06-27 18:42:45.581 61635 INFO tempest.lib.common.rest_client [req-cb59b700-4c02-4669-afb2-e1b56802f9ec req-cb59b700-4c02-4669-afb2-e1b56802f9ec ] Request (SecurityGroupRulesNegativeTestJSON:_run_cleanups): 202 DELETE http://10.180.1.21/compute/v2.1/os-security-group-rules/ac82f569-2441-4c60-8239-981792aba529 4.441s
2025-06-27 18:42:45.596 61643 INFO tempest.lib.common.rest_client [req-fc64a096-14a6-4296-8549-2b07a26ca26d req-fc64a096-14a6-4296-8549-2b07a26ca26d ] Request (FlavorsV2NegativeTest:tearDownClass): 201 POST http://10.180.1.21/identity/v3/auth/tokens 0.180s
2025-06-27 18:42:45.682 61617 INFO tempest.lib.common.rest_client [req-9e97449d-f42e-4396-be60-6f3c036bcfd6 req-9e97449d-f42e-4396-be60-6f3c036bcfd6 ] Request (ServersAdmin275Test:setUpClass): 201 POST http://10.180.1.21/identity/v3/users 0.103s
2025-06-27 18:42:45.739 61617 INFO tempest.lib.common.rest_client [req-94d0e6e5-8f0c-47e3-b20b-0309daf253d6 req-94d0e6e5-8f0c-47e3-b20b-0309daf253d6 ] Request (ServersAdmin275Test:setUpClass): 200 GET http://10.180.1.21/identity/v3/roles 0.056s
2025-06-27 18:42:45.757 61621 INFO tempest.lib.common.rest_client [req-9f6e7654-9a2d-45e5-9cb1-07cd91b3dc15 req-9f6e7654-9a2d-45e5-9cb1-07cd91b3dc15 ] Request (FlavorsAccessNegativeTestJSON:test_flavor_non_admin_remove): 200 POST http://10.180.1.21/compute/v2.1/flavors/1503037872/action 4.390s
2025-06-27 18:42:45.765 61637 INFO tempest.lib.common.rest_client [req-a7f1930a-2188-49e8-a5c7-fa9cec2e5d77 req-a7f1930a-2188-49e8-a5c7-fa9cec2e5d77 ] Request (ServerGroupTestJSON:test_create_delete_server_group_with_affinity_policy): 200 GET http://10.180.1.21/compute/v2.1/os-server-groups 4.277s
2025-06-27 18:42:45.779 61647 INFO tempest.lib.common.rest_client [req-cbc7c4f8-d0d7-4c5d-ab48-7b5a9a614a05 req-cbc7c4f8-d0d7-4c5d-ab48-7b5a9a614a05 ] Request (FlavorsV2TestJSON:test_list_flavors_limit_results): 200 GET http://10.180.1.21/compute/v2.1/flavors?limit=1 4.254s
2025-06-27 18:42:45.787 61617 INFO tempest.lib.common.rest_client [req-1d5ce91e-f270-41b7-aa09-a3a07ce3a1ca req-1d5ce91e-f270-41b7-aa09-a3a07ce3a1ca ] Request (ServersAdmin275Test:setUpClass): 204 PUT http://10.180.1.21/identity/v3/projects/7b1ecdc8ff5d497e815e43c3e7c08d2b/users/1e43cd757a394411a3072ef489573f08/roles/cf2427678c584495b60f1925e565d4b5 0.047s
2025-06-27 18:42:45.826 61609 INFO tempest.lib.common.rest_client [req-4346532c-f033-47d6-9fef-9c3edf73865b req-4346532c-f033-47d6-9fef-9c3edf73865b ] Request (VolumesAssistedSnapshotsTest:setUpClass): 200 PUT http://10.180.1.21:9696/networking/v2.0/routers/4ff7227d-c14c-4572-a538-ee13ec724dbb/add_router_interface 3.066s
2025-06-27 18:42:45.827 61609 INFO tempest.lib.common.dynamic_creds [-] Created isolated network resources for: credentials: Credentials: {'domain_id': 'default', 'domain_name': 'Default', 'username': 'tempest-VolumesAssistedSnapshotsTest-325791476-project', 'project_domain_id': 'default', 'project_domain_name': 'Default', 'project_id': 'b338411f6f4045ac8f722a00cf20edab', 'project_name': 'tempest-VolumesAssistedSnapshotsTest-325791476', 'tenant_id': 'b338411f6f4045ac8f722a00cf20edab', 'tenant_name': 'tempest-VolumesAssistedSnapshotsTest-325791476', 'user_domain_id': 'default', 'user_domain_name': 'Default', 'user_id': '30f9ad25167545799c34142ba3165859', 'system': None}, Network: {'id': 'e3aac029-a72d-4ac5-a493-f4b1ea2b066f', 'name': 'tempest-VolumesAssistedSnapshotsTest-1234985863-network', 'tenant_id': 'b338411f6f4045ac8f722a00cf20edab', 'admin_state_up': True, 'mtu': 8950, 'status': 'ACTIVE', 'subnets': [], 'shared': False, 'project_id': 'b338411f6f4045ac8f722a00cf20edab', 'port_security_enabled': True, 'router:external': False, 'provider:network_type': 'vlan', 'provider:physical_network': 'default', 'provider:segmentation_id': 703, 'is_default': False, 'availability_zone_hints': [], 'availability_zones': [], 'ipv4_address_scope': None, 'ipv6_address_scope': None, 'description': '', 'tags': [], 'created_at': '2025-06-27T18:42:37Z', 'updated_at': '2025-06-27T18:42:37Z', 'revision_number': 1}, Subnet: {'id': 'f464cc18-2a9b-4378-94df-b9e3aeeeb2f2', 'name': 'tempest-VolumesAssistedSnapshotsTest-1234985863-subnet', 'tenant_id': 'b338411f6f4045ac8f722a00cf20edab', 'network_id': 'e3aac029-a72d-4ac5-a493-f4b1ea2b066f', 'ip_version': 4, 'subnetpool_id': None, 'enable_dhcp': True, 'ipv6_ra_mode': None, 'ipv6_address_mode': None, 'gateway_ip': '192.168.128.1', 'cidr': '192.168.128.0/28', 'allocation_pools': [{'start': '192.168.128.2', 'end': '192.168.128.14'}], 'host_routes': [], 'dns_nameservers': [], 'description': '', 'service_types': [], 'tags': [], 'created_at': '2025-06-27T18:42:38Z', 'updated_at': '2025-06-27T18:42:38Z', 'revision_number': 0, 'project_id': 'b338411f6f4045ac8f722a00cf20edab'}, Router: {'id': '4ff7227d-c14c-4572-a538-ee13ec724dbb', 'name': 'tempest-VolumesAssistedSnapshotsTest-1234985863-router', 'tenant_id': 'b338411f6f4045ac8f722a00cf20edab', 'admin_state_up': True, 'status': 'ACTIVE', 'external_gateway_info': {'network_id': '4ce6a168-1b43-4b70-ab8e-eb467bb52bd8', 'external_fixed_ips': [{'subnet_id': 'd03fa495-820a-4118-9ce7-2589a151ea07', 'ip_address': '10.180.180.179'}], 'enable_snat': True}, 'description': '', 'availability_zones': [], 'distributed': False, 'ha': False, 'availability_zone_hints': [], 'routes': [], 'flavor_id': None, 'tags': [], 'created_at': '2025-06-27T18:42:39Z', 'updated_at': '2025-06-27T18:42:41Z', 'revision_number': 2, 'project_id': 'b338411f6f4045ac8f722a00cf20edab'}
2025-06-27 18:42:45.834 61629 INFO tempest.lib.common.rest_client [req-e4f3f820-9674-49fe-8763-770ac2427eb0 req-e4f3f820-9674-49fe-8763-770ac2427eb0 ] Request (FlavorsAdminTestJSON:_run_cleanups): 200 GET http://10.180.1.21/compute/v2.1/flavors/detail 4.274s
2025-06-27 18:42:45.849 61617 INFO tempest.lib.common.rest_client [req-d6ae1919-b97d-4255-b657-15d3f6e0c616 req-d6ae1919-b97d-4255-b657-15d3f6e0c616 ] Request (ServersAdmin275Test:setUpClass): 200 GET http://10.180.1.21/identity/v3/roles 0.062s
2025-06-27 18:42:45.873 61617 INFO tempest.lib.common.rest_client [req-9aa84b5d-9f5b-4553-8386-86cbd26e0ff6 req-9aa84b5d-9f5b-4553-8386-86cbd26e0ff6 ] Request (ServersAdmin275Test:setUpClass): 204 PUT http://10.180.1.21/identity/v3/projects/7b1ecdc8ff5d497e815e43c3e7c08d2b/users/1e43cd757a394411a3072ef489573f08/roles/cf2427678c584495b60f1925e565d4b5 0.021s
2025-06-27 18:42:45.873 61617 INFO tempest.lib.common.dynamic_creds [-] Dynamic test user 1e43cd757a394411a3072ef489573f08 is created with scope project and roles: ['admin']
2025-06-27 18:42:45.873 61617 INFO tempest.lib.common.dynamic_creds [-] Acquired dynamic creds: credentials: Credentials: {'domain_id': 'default', 'domain_name': 'Default', 'username': 'tempest-ServersAdmin275Test-1200911481-project-admin', 'project_domain_id': 'default', 'project_domain_name': 'Default', 'project_id': '7b1ecdc8ff5d497e815e43c3e7c08d2b', 'project_name': 'tempest-ServersAdmin275Test-1200911481', 'tenant_id': '7b1ecdc8ff5d497e815e43c3e7c08d2b', 'tenant_name': 'tempest-ServersAdmin275Test-1200911481', 'user_domain_id': 'default', 'user_domain_name': 'Default', 'user_id': '1e43cd757a394411a3072ef489573f08', 'system': None}, Network: None, Subnet: None, Router: None
2025-06-27 18:42:45.873 61617 INFO tempest.lib.common.dynamic_creds [-] Created isolated network resources for: credentials: Credentials: {'domain_id': 'default', 'domain_name': 'Default', 'username': 'tempest-ServersAdmin275Test-1200911481-project-admin', 'project_domain_id': 'default', 'project_domain_name': 'Default', 'project_id': '7b1ecdc8ff5d497e815e43c3e7c08d2b', 'project_name': 'tempest-ServersAdmin275Test-1200911481', 'tenant_id': '7b1ecdc8ff5d497e815e43c3e7c08d2b', 'tenant_name': 'tempest-ServersAdmin275Test-1200911481', 'user_domain_id': 'default', 'user_domain_name': 'Default', 'user_id': '1e43cd757a394411a3072ef489573f08', 'system': None}, Network: None, Subnet: None, Router: None
2025-06-27 18:42:45.897 61611 INFO tempest.lib.common.rest_client [req-2ca7651e-c728-4db0-8ae2-837ecdb4388d req-2ca7651e-c728-4db0-8ae2-837ecdb4388d ] Request (KeyPairsV22TestJSON:test_keypair_create_with_pub_key): 201 POST http://10.180.1.21/compute/v2.1/os-keypairs 4.273s
2025-06-27 18:42:45.916 61625 INFO tempest.lib.common.rest_client [req-d324ac1c-7eba-4aea-9bf3-573cb3a28cee req-d324ac1c-7eba-4aea-9bf3-573cb3a28cee ] Request (AggregatesAdminNegativeTestJSON:_run_cleanups): 200 DELETE http://10.180.1.21/compute/v2.1/os-aggregates/3 4.202s
2025-06-27 18:42:45.919 61615 INFO tempest.lib.common.rest_client [req-0ea93470-a0d9-49e4-a319-48f09eb41f45 req-0ea93470-a0d9-49e4-a319-48f09eb41f45 ] Request (HypervisorAdminNegativeTestJSON:test_get_nonexistent_hypervisor_uptime): 404 GET http://10.180.1.21/compute/v2.1/os-hypervisors/fc38b4ae-99b2-433c-951c-310c7ea4dea5/uptime 4.197s
2025-06-27 18:42:45.937 61609 INFO tempest.lib.common.rest_client [req-1fbe0ebd-680e-45a4-9b86-6ba7d2e46b24 req-1fbe0ebd-680e-45a4-9b86-6ba7d2e46b24 ] Request (VolumesAssistedSnapshotsTest:setUpClass): 201 POST http://10.180.1.21/identity/v3/auth/tokens 0.108s
2025-06-27 18:42:45.960 61617 INFO tempest.lib.common.rest_client [req-44e2718f-59b5-419e-a1c9-926d094c9dcc req-44e2718f-59b5-419e-a1c9-926d094c9dcc ] Request (ServersAdmin275Test:setUpClass): 201 POST http://10.180.1.21/identity/v3/auth/tokens 0.083s
2025-06-27 18:42:46.016 61617 INFO tempest.lib.common.rest_client [req-e13f3cf6-88d6-45ac-9de6-acf86ec71892 req-e13f3cf6-88d6-45ac-9de6-acf86ec71892 ] Request (ServersAdmin275Test:test_rebuild_update_server_275): 201 POST http://10.180.1.21/identity/v3/auth/tokens 0.053s
2025-06-27 18:42:46.016 61617 INFO tempest.lib.common.fixed_network [-] (ServersAdmin275Test:test_rebuild_update_server_275) Found network None available for tenant
2025-06-27 18:42:46.098 61643 INFO tempest.lib.common.rest_client [req-2433b1f6-246b-4286-a771-20a965799bb3 req-2433b1f6-246b-4286-a771-20a965799bb3 ] Request (FlavorsV2NegativeTest:tearDownClass): 200 GET http://10.180.1.21:9696/networking/v2.0/security-groups?tenant_id=f07d48faf34140bea40f2a91ed4ad1f4&name=default 0.500s
2025-06-27 18:42:46.103 61653 INFO tempest.lib.common.rest_client [req-51a717d2-37f8-4b89-a736-6c41d651fcf0 req-51a717d2-37f8-4b89-a736-6c41d651fcf0 ] Request (VolumesAdminNegativeTest:setUpClass): 201 POST http://10.180.1.21:9696/networking/v2.0/networks 0.827s
2025-06-27 18:42:46.295 61599 INFO tempest.lib.common.rest_client [req-96d91604-4cf7-475b-9e11-e9b77db943b6 req-96d91604-4cf7-475b-9e11-e9b77db943b6 ] Request (ImagesOneServerNegativeTestJSON:setUpClass): 202 POST http://10.180.1.21/compute/v2.1/servers 5.061s
2025-06-27 18:42:46.337 61609 INFO tempest.lib.common.rest_client [req-4aee5bc8-24cb-41a1-ad5d-df45679314c4 req-4aee5bc8-24cb-41a1-ad5d-df45679314c4 ] Request (VolumesAssistedSnapshotsTest:test_volume_assisted_snapshot_create_delete): 202 POST http://10.180.1.21/volume/v3/56105b3b1b46468c88f858f4d71ee778/volumes 0.398s
2025-06-27 18:42:46.429 61609 INFO tempest.lib.common.rest_client [req-d22e0d88-9274-4099-980b-1d009c99b228 req-d22e0d88-9274-4099-980b-1d009c99b228 ] Request (VolumesAssistedSnapshotsTest:test_volume_assisted_snapshot_create_delete): 200 GET http://10.180.1.21/volume/v3/56105b3b1b46468c88f858f4d71ee778/volumes/f29f1d47-9593-41d1-9155-3d36d25a88ef 0.082s
2025-06-27 18:42:46.451 61595 INFO tempest.lib.common.rest_client [req-9e8249d2-639d-4553-a1da-b3d73988ed86 req-9e8249d2-639d-4553-a1da-b3d73988ed86 ] Request (SecurityGroupRulesTestJSON:setUpClass): 201 POST http://10.180.1.21:9696/networking/v2.0/routers 2.648s
2025-06-27 18:42:46.460 61649 INFO tempest.lib.common.rest_client [req-7c9d4070-9eec-4b69-a74e-fc3d3f22f732 req-7c9d4070-9eec-4b69-a74e-fc3d3f22f732 ] Request (ServersTestJSON:setUpClass): 200 GET http://10.180.1.21/compute/v2.1/servers/9ca64659-93b6-4585-a7dc-f9152184144e 4.485s
2025-06-27 18:42:46.469 61593 INFO tempest.lib.common.rest_client [req-4f06eb66-3e60-429a-9a10-92087a89897b req-4f06eb66-3e60-429a-9a10-92087a89897b ] Request (TenantUsagesNegativeTestJSON:test_list_usage_all_tenants_with_non_admin_user): 403 GET http://10.180.1.21/compute/v2.1/os-simple-tenant-usage?start=2025-06-26T18%3A42%3A32.553124&end=2025-06-28T18%3A42%3A32.553124&detailed=1 3.790s
2025-06-27 18:42:46.543 61643 INFO tempest.lib.common.rest_client [req-8a7afc9c-28f3-45c7-ba9d-8bbad3b42ada req-8a7afc9c-28f3-45c7-ba9d-8bbad3b42ada ] Request (FlavorsV2NegativeTest:tearDownClass): 204 DELETE http://10.180.1.21:9696/networking/v2.0/security-groups/3af0729b-beee-4808-8bd6-a29ff698f30e 0.445s
2025-06-27 18:42:46.591 61603 INFO tempest.lib.common.rest_client [req-e4c2f59f-c2a0-48cb-88f2-2a56659bdd39 req-e4c2f59f-c2a0-48cb-88f2-2a56659bdd39 ] Request (ServersWithSpecificFlavorTestJSON:test_verify_created_server_ephemeral_disk): 200 POST http://10.180.1.21/compute/v2.1/flavors 3.770s
2025-06-27 18:42:46.660 61643 INFO tempest.lib.common.rest_client [req-30fa3bfc-0cf7-4668-8900-ffc9d49a8118 req-30fa3bfc-0cf7-4668-8900-ffc9d49a8118 ] Request (FlavorsV2NegativeTest:tearDownClass): 204 DELETE http://10.180.1.21/identity/v3/projects/f07d48faf34140bea40f2a91ed4ad1f4 0.116s
2025-06-27 18:42:46.665 61593 INFO tempest.lib.common.rest_client [req-e7a28ab2-f026-4fa3-b2d0-0c516ed45f2d req-e7a28ab2-f026-4fa3-b2d0-0c516ed45f2d ] Request (TenantUsagesNegativeTestJSON:tearDownClass): 204 DELETE http://10.180.1.21/identity/v3/users/4c42d06d6aa1463397c3ce78734f726d 0.193s
2025-06-27 18:42:46.743 61643 INFO tempest.lib.common.rest_client [req-f6cea544-f35a-4166-9c5a-1d2f86f4d546 req-f6cea544-f35a-4166-9c5a-1d2f86f4d546 ] Request (ServersTestBootFromVolume:setUpClass): 201 POST http://10.180.1.21/identity/v3/auth/tokens 0.082s
2025-06-27 18:42:46.777 61643 INFO tempest.lib.common.rest_client [req-8b90b532-d9b6-417e-9667-e0626bd6f493 req-8b90b532-d9b6-417e-9667-e0626bd6f493 ] Request (ServersTestBootFromVolume:setUpClass): 201 POST http://10.180.1.21/identity/v3/auth/tokens 0.031s
2025-06-27 18:42:46.803 61593 INFO tempest.lib.common.rest_client [req-16820f9a-b39a-4e19-b099-b128f1825f42 req-16820f9a-b39a-4e19-b099-b128f1825f42 ] Request (TenantUsagesNegativeTestJSON:tearDownClass): 204 DELETE http://10.180.1.21/identity/v3/users/6eeeafc8f9dc4d8aa8ed10be5575000b 0.137s
2025-06-27 18:42:46.803 61593 INFO tempest.lib.common.dynamic_creds [-] Deleting project and security group for project: f10ebd409f5c415d8f3fa70f21e837c3
2025-06-27 18:42:46.839 61643 INFO tempest.lib.common.rest_client [req-2c6c8c51-71f2-41db-bb1f-24ec4b4efa10 req-2c6c8c51-71f2-41db-bb1f-24ec4b4efa10 ] Request (ServersTestBootFromVolume:setUpClass): 200 GET http://10.180.1.21/identity/v3/domains?name=Default 0.061s
2025-06-27 18:42:46.871 61593 INFO tempest.lib.common.rest_client [req-b4a4dea1-3c6c-4ec8-93a9-685a117e90e0 req-b4a4dea1-3c6c-4ec8-93a9-685a117e90e0 ] Request (TenantUsagesNegativeTestJSON:tearDownClass): 201 POST http://10.180.1.21/identity/v3/auth/tokens 0.067s
2025-06-27 18:42:46.909 61643 INFO tempest.lib.common.rest_client [req-2c67d50b-e7be-46cd-8344-f59e362a5551 req-2c67d50b-e7be-46cd-8344-f59e362a5551 ] Request (ServersTestBootFromVolume:setUpClass): 201 POST http://10.180.1.21/identity/v3/projects 0.070s
2025-06-27 18:42:46.973 61643 INFO tempest.lib.common.rest_client [req-19c19340-9222-4613-bc5d-3fa1fdc13700 req-19c19340-9222-4613-bc5d-3fa1fdc13700 ] Request (ServersTestBootFromVolume:setUpClass): 201 POST http://10.180.1.21/identity/v3/users 0.063s
2025-06-27 18:42:47.003 61643 INFO tempest.lib.common.rest_client [req-8e918365-6af3-4514-9650-6f0cdc466020 req-8e918365-6af3-4514-9650-6f0cdc466020 ] Request (ServersTestBootFromVolume:setUpClass): 200 GET http://10.180.1.21/identity/v3/roles 0.028s
2025-06-27 18:42:47.036 61643 INFO tempest.lib.common.rest_client [req-c7717310-1bb8-454b-bfdc-8fa984011ae0 req-c7717310-1bb8-454b-bfdc-8fa984011ae0 ] Request (ServersTestBootFromVolume:setUpClass): 204 PUT http://10.180.1.21/identity/v3/projects/a9f8e2f499444150813db4b9a47fbd3c/users/bd0ebef6813f456c9ed58f8561b5133d/roles/4c2165d33cdc4d82a15123aacd976dac 0.033s
2025-06-27 18:42:47.037 61643 INFO tempest.lib.common.dynamic_creds [-] Dynamic test user bd0ebef6813f456c9ed58f8561b5133d is created with scope project and roles: ['member']
2025-06-27 18:42:47.037 61643 INFO tempest.lib.common.dynamic_creds [-] Acquired dynamic creds: credentials: Credentials: {'domain_id': 'default', 'domain_name': 'Default', 'username': 'tempest-ServersTestBootFromVolume-1579151348-project-member', 'project_domain_id': 'default', 'project_domain_name': 'Default', 'project_id': 'a9f8e2f499444150813db4b9a47fbd3c', 'project_name': 'tempest-ServersTestBootFromVolume-1579151348', 'tenant_id': 'a9f8e2f499444150813db4b9a47fbd3c', 'tenant_name': 'tempest-ServersTestBootFromVolume-1579151348', 'user_domain_id': 'default', 'user_domain_name': 'Default', 'user_id': 'bd0ebef6813f456c9ed58f8561b5133d', 'system': None}, Network: None, Subnet: None, Router: None
2025-06-27 18:42:47.105 61643 INFO tempest.lib.common.rest_client [req-5055d56b-d75d-4e72-b737-e308dd12da84 req-5055d56b-d75d-4e72-b737-e308dd12da84 ] Request (ServersTestBootFromVolume:setUpClass): 201 POST http://10.180.1.21/identity/v3/auth/tokens 0.068s
2025-06-27 18:42:47.137 61593 INFO tempest.lib.common.rest_client [req-54276bd0-3a7c-41b5-9dd4-bbc48aed851d req-54276bd0-3a7c-41b5-9dd4-bbc48aed851d ] Request (TenantUsagesNegativeTestJSON:tearDownClass): 200 GET http://10.180.1.21:9696/networking/v2.0/security-groups?tenant_id=f10ebd409f5c415d8f3fa70f21e837c3&name=default 0.265s
2025-06-27 18:42:47.162 61645 INFO tempest.lib.common.rest_client [req-e3ac6721-3c1b-43fb-b5b6-7ce211996ac7 req-e3ac6721-3c1b-43fb-b5b6-7ce211996ac7 ] Request (ImagesTestJSON:test_create_image_from_stopped_server): 200 GET http://10.180.1.21/compute/v2.1/servers/63f196ce-f9ad-4120-a96a-fd6824af893b 3.488s
2025-06-27 18:42:47.276 61653 INFO tempest.lib.common.rest_client [req-ed2613ba-91c3-42c9-a9ac-810e3474ca82 req-ed2613ba-91c3-42c9-a9ac-810e3474ca82 ] Request (VolumesAdminNegativeTest:setUpClass): 201 POST http://10.180.1.21:9696/networking/v2.0/subnets 1.172s
2025-06-27 18:42:47.294 61623 INFO tempest.lib.common.rest_client [req-1557d88d-bc82-4c8a-8caf-4166586958a3 req-1557d88d-bc82-4c8a-8caf-4166586958a3 ] Request (ExtensionsTest:test_get_extension): 200 GET http://10.180.1.21/compute/v2.1/extensions/os-consoles 3.569s
2025-06-27 18:42:47.305 61601 INFO tempest.lib.common.rest_client [req-c15495b5-d346-481e-8db6-4303f28e0c87 req-c15495b5-d346-481e-8db6-4303f28e0c87 ] Request (QuotasAdminTestJSON:test_delete_quota): 202 DELETE http://10.180.1.21/compute/v2.1/os-quota-sets/d1be820edfb9410b9fa01dbb2d9ca1a7 3.223s
2025-06-27 18:42:47.437 61627 INFO tempest.lib.common.rest_client [req-2948daa2-9991-47fd-9d13-ed3a60b8152b req-2948daa2-9991-47fd-9d13-ed3a60b8152b ] Request (FloatingIPDetailsNegativeTestJSON:test_get_nonexistent_floating_ip_details): 404 GET http://10.180.1.21/compute/v2.1/os-floating-ips/6be9af07-45c3-4f91-87c9-ffc57079a73e 2.670s
2025-06-27 18:42:47.476 61609 INFO tempest.lib.common.rest_client [req-156df647-e3f3-41e6-a26f-b03ae18282dc req-156df647-e3f3-41e6-a26f-b03ae18282dc ] Request (VolumesAssistedSnapshotsTest:test_volume_assisted_snapshot_create_delete): 200 GET http://10.180.1.21/volume/v3/56105b3b1b46468c88f858f4d71ee778/volumes/f29f1d47-9593-41d1-9155-3d36d25a88ef 0.037s
2025-06-27 18:42:47.478 61593 INFO tempest.lib.common.rest_client [req-e337c15e-e001-4184-905e-722c98616306 req-e337c15e-e001-4184-905e-722c98616306 ] Request (TenantUsagesNegativeTestJSON:tearDownClass): 204 DELETE http://10.180.1.21:9696/networking/v2.0/security-groups/f267b755-dff5-4e7a-bc87-f4333aad570a 0.340s
2025-06-27 18:42:47.485 61609 INFO tempest.common.waiters [-] volume f29f1d47-9593-41d1-9155-3d36d25a88ef reached available after waiting for 1.485785 seconds
2025-06-27 18:42:47.610 61593 INFO tempest.lib.common.rest_client [req-b190d9c4-cff7-47fd-be37-ed1f69096467 req-b190d9c4-cff7-47fd-be37-ed1f69096467 ] Request (TenantUsagesNegativeTestJSON:tearDownClass): 204 DELETE http://10.180.1.21/identity/v3/projects/f10ebd409f5c415d8f3fa70f21e837c3 0.131s
2025-06-27 18:42:47.610 61593 INFO tempest.lib.common.dynamic_creds [-] Deleting project and security group for project: df5a987344324d0bb7b4d4f2beffac84
2025-06-27 18:42:47.798 61631 INFO tempest.lib.common.rest_client [req-81cfc47c-f9f4-435a-8c4c-b255b63e481d req-81cfc47c-f9f4-435a-8c4c-b255b63e481d ] Request (ServerDiagnosticsTest:test_get_server_diagnostics): 200 GET http://10.180.1.21/compute/v2.1/servers/fce0ff0d-d055-422e-ae51-4989abff4b00 2.951s
2025-06-27 18:42:48.006 61643 INFO tempest.lib.common.rest_client [req-11e203ea-5ee2-4d73-bfcc-00c893d79c1d req-11e203ea-5ee2-4d73-bfcc-00c893d79c1d ] Request (ServersTestBootFromVolume:setUpClass): 201 POST http://10.180.1.21:9696/networking/v2.0/networks 0.901s
2025-06-27 18:42:48.017 61593 INFO tempest.lib.common.rest_client [req-7f5a11c5-d75d-4ee3-8233-170cf6b8f492 req-7f5a11c5-d75d-4ee3-8233-170cf6b8f492 ] Request (TenantUsagesNegativeTestJSON:tearDownClass): 200 GET http://10.180.1.21:9696/networking/v2.0/security-groups?tenant_id=df5a987344324d0bb7b4d4f2beffac84&name=default 0.407s
2025-06-27 18:42:48.127 61641 INFO tempest.lib.common.rest_client [req-b8fb339a-be1e-4e01-bd63-841302bd3318 req-b8fb339a-be1e-4e01-bd63-841302bd3318 ] Request (ServerExternalEventsTest:test_create_server_external_events): 200 GET http://10.180.1.21/compute/v2.1/servers/b35cffdf-8926-4a6b-8118-48535e8cb8c0 3.251s
2025-06-27 18:42:48.486 61593 INFO tempest.lib.common.rest_client [req-6ecbda53-ba54-4275-89bf-ee88775b8280 req-6ecbda53-ba54-4275-89bf-ee88775b8280 ] Request (TenantUsagesNegativeTestJSON:tearDownClass): 204 DELETE http://10.180.1.21:9696/networking/v2.0/security-groups/d19e0da9-6923-49db-8aef-c70589862698 0.468s
2025-06-27 18:42:48.637 61593 INFO tempest.lib.common.rest_client [req-90d6b7a4-4f2b-48fd-94c7-e7a3742f4e6c req-90d6b7a4-4f2b-48fd-94c7-e7a3742f4e6c ] Request (TenantUsagesNegativeTestJSON:tearDownClass): 204 DELETE http://10.180.1.21/identity/v3/projects/df5a987344324d0bb7b4d4f2beffac84 0.151s
2025-06-27 18:42:48.715 61593 INFO tempest.lib.common.rest_client [req-0e5a3bf4-bca6-410e-bf49-8f8bf8dd0dfe req-0e5a3bf4-bca6-410e-bf49-8f8bf8dd0dfe ] Request (DeleteServersTestJSON:setUpClass): 201 POST http://10.180.1.21/identity/v3/auth/tokens 0.076s
2025-06-27 18:42:48.749 61593 INFO tempest.lib.common.rest_client [req-aebd02cc-0821-42d3-b6b2-e587cae8e013 req-aebd02cc-0821-42d3-b6b2-e587cae8e013 ] Request (DeleteServersTestJSON:setUpClass): 201 POST http://10.180.1.21/identity/v3/auth/tokens 0.032s
2025-06-27 18:42:48.773 61593 INFO tempest.lib.common.rest_client [req-2c2b6a73-8918-4146-9f23-1b9c4474885e req-2c2b6a73-8918-4146-9f23-1b9c4474885e ] Request (DeleteServersTestJSON:setUpClass): 200 GET http://10.180.1.21/identity/v3/domains?name=Default 0.023s
2025-06-27 18:42:48.805 61593 INFO tempest.lib.common.rest_client [req-434fcc01-6cbc-497c-b214-b35e3bd2dd28 req-434fcc01-6cbc-497c-b214-b35e3bd2dd28 ] Request (DeleteServersTestJSON:setUpClass): 201 POST http://10.180.1.21/identity/v3/projects 0.031s
2025-06-27 18:42:48.866 61593 INFO tempest.lib.common.rest_client [req-e03dbddc-66ea-41e2-8c06-2800f93ce365 req-e03dbddc-66ea-41e2-8c06-2800f93ce365 ] Request (DeleteServersTestJSON:setUpClass): 201 POST http://10.180.1.21/identity/v3/users 0.061s
2025-06-27 18:42:48.892 61593 INFO tempest.lib.common.rest_client [req-bbe11769-ebd8-4446-a704-74c1b75e11cc req-bbe11769-ebd8-4446-a704-74c1b75e11cc ] Request (DeleteServersTestJSON:setUpClass): 200 GET http://10.180.1.21/identity/v3/roles 0.025s
2025-06-27 18:42:48.922 61593 INFO tempest.lib.common.rest_client [req-bbb2e39c-f7c9-4de3-8124-55a9e943b337 req-bbb2e39c-f7c9-4de3-8124-55a9e943b337 ] Request (DeleteServersTestJSON:setUpClass): 204 PUT http://10.180.1.21/identity/v3/projects/8a8faf03438643ad85e91c93c88ce86d/users/877bb82afe8d42ae8f54d1e963c0244b/roles/4c2165d33cdc4d82a15123aacd976dac 0.030s
2025-06-27 18:42:48.923 61593 INFO tempest.lib.common.dynamic_creds [-] Dynamic test user 877bb82afe8d42ae8f54d1e963c0244b is created with scope project and roles: ['member']
2025-06-27 18:42:48.923 61593 INFO tempest.lib.common.dynamic_creds [-] Acquired dynamic creds: credentials: Credentials: {'domain_id': 'default', 'domain_name': 'Default', 'username': 'tempest-DeleteServersTestJSON-1040658938-project-member', 'project_domain_id': 'default', 'project_domain_name': 'Default', 'project_id': '8a8faf03438643ad85e91c93c88ce86d', 'project_name': 'tempest-DeleteServersTestJSON-1040658938', 'tenant_id': '8a8faf03438643ad85e91c93c88ce86d', 'tenant_name': 'tempest-DeleteServersTestJSON-1040658938', 'user_domain_id': 'default', 'user_domain_name': 'Default', 'user_id': '877bb82afe8d42ae8f54d1e963c0244b', 'system': None}, Network: None, Subnet: None, Router: None
2025-06-27 18:42:48.985 61593 INFO tempest.lib.common.rest_client [req-7cec37bf-22cb-4405-abb3-17c02dbc9117 req-7cec37bf-22cb-4405-abb3-17c02dbc9117 ] Request (DeleteServersTestJSON:setUpClass): 201 POST http://10.180.1.21/identity/v3/auth/tokens 0.061s
2025-06-27 18:42:49.067 61613 INFO tempest.lib.common.rest_client [req-2bb8955a-e65c-4aba-a608-8e0c5adb8b66 req-2bb8955a-e65c-4aba-a608-8e0c5adb8b66 ] Request (FloatingIPDetailsTestJSON:setUpClass): 200 POST http://10.180.1.21/compute/v2.1/os-floating-ips 5.834s
2025-06-27 18:42:49.101 61643 INFO tempest.lib.common.rest_client [req-c2c4c55f-9bfa-4f98-b316-d963bc19b97b req-c2c4c55f-9bfa-4f98-b316-d963bc19b97b ] Request (ServersTestBootFromVolume:setUpClass): 201 POST http://10.180.1.21:9696/networking/v2.0/subnets 1.094s
2025-06-27 18:42:49.169 61619 INFO tempest.lib.common.rest_client [req-0adfe3ab-4c10-43f2-a0f0-e445b8a59c04 req-0adfe3ab-4c10-43f2-a0f0-e445b8a59c04 ] Request (SecurityGroupsTestAdminJSON:test_list_security_groups_list_all_tenants_filter): 200 POST http://10.180.1.21/compute/v2.1/os-security-groups 4.223s
2025-06-27 18:42:49.202 61605 INFO tempest.lib.common.rest_client [req-68d825bf-21fd-4fe1-bf23-403032c65b25 req-68d825bf-21fd-4fe1-bf23-403032c65b25 ] Request (ServersAaction247Test:test_create_backup): 200 GET http://10.180.1.21/compute/v2.1/servers/314f39ce-68c4-4d78-bdb0-0aaeb15dfcee 4.183s
2025-06-27 18:42:49.203 61655 INFO tempest.lib.common.rest_client [req-e6025042-1072-4ce1-9b7b-e9c090a31f04 req-e6025042-1072-4ce1-9b7b-e9c090a31f04 ] Request (ImagesDeleteNegativeTestJSON:test_delete_image_with_id_over_character_limit): 404 DELETE http://10.180.1.21/compute/v2.1/images/0818869d-7692-4206-829a-27cde459ae811 4.145s
2025-06-27 18:42:49.232 61607 INFO tempest.lib.common.rest_client [req-50ff5442-db25-4b26-bac6-4e6de3053e8d req-50ff5442-db25-4b26-bac6-4e6de3053e8d ] Request (FlavorsExtraSpecsTestJSON:tearDownClass): 202 DELETE http://10.180.1.21/compute/v2.1/flavors/1267758331 4.164s
2025-06-27 18:42:49.567 61633 INFO tempest.lib.common.rest_client [req-053eda09-85eb-484b-905f-7c2ee52ee79e req-053eda09-85eb-484b-905f-7c2ee52ee79e ] Request (TenantUsagesTestJSON:setUpClass): 200 GET http://10.180.1.21/compute/v2.1/servers/eed82b3f-6590-4677-a4a2-680d769400fd 4.125s
2025-06-27 18:42:49.601 61635 INFO tempest.lib.common.rest_client [req-88c62eeb-9a05-4276-8428-0cab5e421be6 req-88c62eeb-9a05-4276-8428-0cab5e421be6 ] Request (SecurityGroupRulesNegativeTestJSON:test_create_security_group_rule_with_invalid_from_port): 200 POST http://10.180.1.21/compute/v2.1/os-security-groups 4.017s
2025-06-27 18:42:49.602 61653 INFO tempest.lib.common.rest_client [req-cb30f7ba-87b5-4515-84bc-f43053b42b17 req-cb30f7ba-87b5-4515-84bc-f43053b42b17 ] Request (VolumesAdminNegativeTest:setUpClass): 201 POST http://10.180.1.21:9696/networking/v2.0/routers 2.325s
2025-06-27 18:42:49.612 61621 INFO tempest.lib.common.rest_client [req-d241839a-e0ec-45db-bbf2-9dc8b52129a5 req-d241839a-e0ec-45db-bbf2-9dc8b52129a5 ] Request (FlavorsAccessNegativeTestJSON:test_flavor_non_admin_remove): 403 POST http://10.180.1.21/compute/v2.1/flavors/1503037872/action 3.853s
2025-06-27 18:42:49.669 61637 INFO tempest.lib.common.rest_client [req-4bb26fd8-fa4c-4429-be05-d1d12a13b502 req-4bb26fd8-fa4c-4429-be05-d1d12a13b502 ] Request (ServerGroupTestJSON:test_create_delete_server_group_with_anti_affinity_policy): 200 POST http://10.180.1.21/compute/v2.1/os-server-groups 3.901s
2025-06-27 18:42:49.680 61647 INFO tempest.lib.common.rest_client [req-05207e7e-902a-40a4-9e3c-18f4fae156a8 req-05207e7e-902a-40a4-9e3c-18f4fae156a8 ] Request (FlavorsV2TestJSON:test_list_flavors_using_marker): 200 GET http://10.180.1.21/compute/v2.1/flavors/42 3.897s
2025-06-27 18:42:49.746 61593 INFO tempest.lib.common.rest_client [req-5f588186-8d2e-47a1-8b76-2b310aa57dbe req-5f588186-8d2e-47a1-8b76-2b310aa57dbe ] Request (DeleteServersTestJSON:setUpClass): 201 POST http://10.180.1.21:9696/networking/v2.0/networks 0.761s
2025-06-27 18:42:49.810 61639 INFO tempest.lib.common.rest_client [req-ffbd5544-9e97-42e0-9b6f-0ebd4d4b79ff req-ffbd5544-9e97-42e0-9b6f-0ebd4d4b79ff ] Request (DeleteServersAdminTestJSON:test_admin_delete_servers_of_others): 200 GET http://10.180.1.21/compute/v2.1/servers/bcf27023-1eb6-4846-9adc-2235c738cad6 4.058s
2025-06-27 18:42:49.830 61629 INFO tempest.lib.common.rest_client [req-e0abb72f-e55e-466a-bef4-6d444e74cf5a req-e0abb72f-e55e-466a-bef4-6d444e74cf5a ] Request (FlavorsAdminTestJSON:test_create_flavor_with_uuid_id): 200 POST http://10.180.1.21/compute/v2.1/flavors 3.991s
2025-06-27 18:42:49.856 61611 INFO tempest.lib.common.rest_client [req-2b55df24-2e53-428f-b3f8-dc1cdc71886c req-2b55df24-2e53-428f-b3f8-dc1cdc71886c ] Request (KeyPairsV22TestJSON:_run_cleanups): 204 DELETE http://10.180.1.21/compute/v2.1/os-keypairs/tempest-keypair-611846813 3.958s
2025-06-27 18:42:49.861 61625 INFO tempest.lib.common.rest_client [req-27f21738-0fe4-481a-a3fb-b08357eabcbb req-27f21738-0fe4-481a-a3fb-b08357eabcbb ] Request (AggregatesAdminNegativeTestJSON:test_aggregate_create_aggregate_name_length_exceeds_255): 400 POST http://10.180.1.21/compute/v2.1/os-aggregates 3.944s
2025-06-27 18:42:49.880 61615 INFO tempest.lib.common.rest_client [req-a165ccb1-6f45-4ffc-8d16-361e1a022b21 req-a165ccb1-6f45-4ffc-8d16-361e1a022b21 ] Request (HypervisorAdminNegativeTestJSON:test_show_hypervisor_with_non_admin_user): 200 GET http://10.180.1.21/compute/v2.1/os-hypervisors 3.959s
2025-06-27 18:42:50.079 61651 INFO tempest.lib.common.rest_client [req-2e601aee-fd69-4e58-9329-d090c3946fa3 req-2e601aee-fd69-4e58-9329-d090c3946fa3 ] Request (ServersTestMultiNic:test_verify_duplicate_network_nics): 200 GET http://10.180.1.21/compute/v2.1/servers/6a2bad10-6948-482a-803a-2da7cf733d49 4.274s
2025-06-27 18:42:50.125 61595 INFO tempest.lib.common.rest_client [req-1e023378-7620-4921-99d5-9c0cbe1816b3 req-1e023378-7620-4921-99d5-9c0cbe1816b3 ] Request (SecurityGroupRulesTestJSON:setUpClass): 200 PUT http://10.180.1.21:9696/networking/v2.0/routers/3350db43-aa14-4c30-aa0f-5b8cf05443cd/add_router_interface 3.673s
