2025-06-27 18:43:37.239 61595 INFO tempest.lib.common.rest_client [req-fa072955-8ddd-4e80-9ce8-df90a43a07ab req-fa072955-8ddd-4e80-9ce8-df90a43a07ab ] Request (SecurityGroupRulesTestJSON:tearDownClass): 202 DELETE http://10.180.1.21/compute/v2.1/os-security-groups/2e93fd04-e66a-4ae3-8750-4b19c560641a 0.714s
2025-06-27 18:43:37.239 61625 INFO tempest.lib.common.rest_client [req-7473db74-4a51-4066-a403-f8ef15169461 req-7473db74-4a51-4066-a403-f8ef15169461 ] Request (AggregatesAdminNegativeTestJSON:tearDownClass): 204 DELETE http://10.180.1.21:9696/networking/v2.0/security-groups/5a4d899e-7774-4a8d-978c-961c25739a40 0.173s
2025-06-27 18:43:37.268 61609 INFO tempest.lib.common.rest_client [req-7ce70f49-4909-4eba-aec9-a247dd5f96d5 req-7ce70f49-4909-4eba-aec9-a247dd5f96d5 ] Request (VolumesAssistedSnapshotsTest:test_volume_assisted_snapshot_create_delete): 200 GET http://10.180.1.21/compute/v2.1/servers/58e76dfc-e2f3-41ec-896a-faadb552c1ac 0.687s
2025-06-27 18:43:37.327 61625 INFO tempest.lib.common.rest_client [req-1e12a9c6-b99b-4e50-97a8-c8c34b94a70c req-1e12a9c6-b99b-4e50-97a8-c8c34b94a70c ] Request (AggregatesAdminNegativeTestJSON:tearDownClass): 204 DELETE http://10.180.1.21/identity/v3/projects/687960b95af84a97b3ef32e4b07a302c 0.087s
2025-06-27 18:43:37.333 61643 INFO tempest.lib.common.rest_client [req-5ccdecc9-d095-4a7f-be68-ba2245536aef req-5ccdecc9-d095-4a7f-be68-ba2245536aef ] Request (ServersTestBootFromVolume:setUpClass): 200 GET http://10.180.1.21/compute/v2.1/servers/ea6b8561-5072-4576-991c-034f106af2df 0.625s
2025-06-27 18:43:37.378 61613 INFO tempest.lib.common.rest_client [req-fa9badb0-c588-42c0-b349-81b325591f00 req-fa9badb0-c588-42c0-b349-81b325591f00 ] Request (KeyPairsV2TestJSON:tearDownClass): 200 GET http://10.180.1.21:9696/networking/v2.0/security-groups?tenant_id=c4959f1f854e4e63b83dceffd705f7d8&name=default 0.163s
2025-06-27 18:43:37.390 61641 INFO tempest.lib.common.rest_client [req-47bd62a8-0a97-49ad-a3f4-28ddde07ea0f req-47bd62a8-0a97-49ad-a3f4-28ddde07ea0f ] Request (ServerExternalEventsTest:test_create_server_external_events): 200 GET http://10.180.1.21/compute/v2.1/servers/b35cffdf-8926-4a6b-8118-48535e8cb8c0 0.748s
2025-06-27 18:43:37.393 61625 INFO tempest.lib.common.rest_client [req-a08d0f45-bd14-4fe1-99a2-7cc73ab55636 req-a08d0f45-bd14-4fe1-99a2-7cc73ab55636 ] Request (HostsAdminNegativeTestJSON:setUpClass): 201 POST http://10.180.1.21/identity/v3/auth/tokens 0.064s
2025-06-27 18:43:37.423 61625 INFO tempest.lib.common.rest_client [req-1a4bb6dd-b90d-49e3-b1ba-34ab0329a767 req-1a4bb6dd-b90d-49e3-b1ba-34ab0329a767 ] Request (HostsAdminNegativeTestJSON:setUpClass): 201 POST http://10.180.1.21/identity/v3/auth/tokens 0.026s
2025-06-27 18:43:37.442 61625 INFO tempest.lib.common.rest_client [req-bd4be9e5-766d-4bf1-a620-a65a06a15058 req-bd4be9e5-766d-4bf1-a620-a65a06a15058 ] Request (HostsAdminNegativeTestJSON:setUpClass): 200 GET http://10.180.1.21/identity/v3/domains?name=Default 0.019s
2025-06-27 18:43:37.444 61601 INFO tempest.lib.common.rest_client [req-315adc5a-c006-4441-b1dc-5e337ff0eab5 req-315adc5a-c006-4441-b1dc-5e337ff0eab5 ] Request (AttachVolumeNegativeTest:test_attach_attached_volume_to_different_server): 200 GET http://10.180.1.21/compute/v2.1/servers/dd4a25f1-b8f0-43a1-8187-56eaddfdd08c 0.679s
2025-06-27 18:43:37.476 61625 INFO tempest.lib.common.rest_client [req-a9295a42-77cb-48ef-b2d2-4a9420fca6f7 req-a9295a42-77cb-48ef-b2d2-4a9420fca6f7 ] Request (HostsAdminNegativeTestJSON:setUpClass): 201 POST http://10.180.1.21/identity/v3/projects 0.034s
2025-06-27 18:43:37.492 61613 INFO tempest.lib.common.rest_client [req-1a02b8ca-fcc3-4882-9d90-5f73ccabd0ea req-1a02b8ca-fcc3-4882-9d90-5f73ccabd0ea ] Request (KeyPairsV2TestJSON:tearDownClass): 204 DELETE http://10.180.1.21:9696/networking/v2.0/security-groups/8a4697d9-a8e6-4b28-b1fd-274e6dd2812f 0.112s
2025-06-27 18:43:37.499 61603 INFO tempest.lib.common.rest_client [req-342ad366-ac43-4af4-bc1f-e9e52e7e548b req-342ad366-ac43-4af4-bc1f-e9e52e7e548b ] Request (ServersWithSpecificFlavorTestJSON:test_verify_created_server_ephemeral_disk): 200 GET http://10.180.1.21/compute/v2.1/servers/669be123-adf8-4146-a79f-370347e642c9 0.684s
2025-06-27 18:43:37.512 61607 INFO tempest.lib.common.rest_client [req-1fde94de-30f3-439c-9e9d-3eb8513490e0 req-1fde94de-30f3-439c-9e9d-3eb8513490e0 ] Request (QuotasAdminNegativeTest:test_create_server_when_cpu_quota_is_full): 200 PUT http://10.180.1.21/compute/v2.1/os-quota-sets/cb4155f4b59e4eacab69dc79e54d4537 0.788s
2025-06-27 18:43:37.546 61625 INFO tempest.lib.common.rest_client [req-5aaa4ea4-8ed3-4501-a19a-92b707b7549a req-5aaa4ea4-8ed3-4501-a19a-92b707b7549a ] Request (HostsAdminNegativeTestJSON:setUpClass): 201 POST http://10.180.1.21/identity/v3/users 0.069s
2025-06-27 18:43:37.552 61647 INFO tempest.lib.common.rest_client [req-30af4fae-9b6c-4eb8-8dd5-fa1609aaca27 req-30af4fae-9b6c-4eb8-8dd5-fa1609aaca27 ] Request (FloatingIPsAssociationTestJSON:setUpClass): 200 GET http://10.180.1.21/compute/v2.1/servers/3bf420fa-ef3d-4d99-a0a8-379f59cafa1e 0.725s
2025-06-27 18:43:37.565 61615 INFO tempest.lib.common.rest_client [req-68b070ae-f8f2-4f5c-ac19-40bc01f70465 req-68b070ae-f8f2-4f5c-ac19-40bc01f70465 ] Request (ServerAddressesNegativeTestJSON:setUpClass): 200 GET http://10.180.1.21/compute/v2.1/servers/59b0bc79-1c06-441a-a114-5727e3dec5ef 0.704s
2025-06-27 18:43:37.611 61607 INFO tempest.lib.common.rest_client [req-b9e6f793-1a30-4963-96f3-1a16541b7cf8 req-b9e6f793-1a30-4963-96f3-1a16541b7cf8 ] Request (QuotasAdminNegativeTest:test_create_server_when_cpu_quota_is_full): 201 POST http://10.180.1.21/identity/v3/auth/tokens 0.089s
2025-06-27 18:43:37.613 61607 INFO tempest.lib.common.fixed_network [-] (QuotasAdminNegativeTest:test_create_server_when_cpu_quota_is_full) Found network None available for tenant
2025-06-27 18:43:37.613 61613 INFO tempest.lib.common.rest_client [req-907ec338-7695-43f5-90d1-40db1ef26bed req-907ec338-7695-43f5-90d1-40db1ef26bed ] Request (KeyPairsV2TestJSON:tearDownClass): 204 DELETE http://10.180.1.21/identity/v3/projects/c4959f1f854e4e63b83dceffd705f7d8 0.120s
2025-06-27 18:43:37.647 61653 INFO tempest.lib.common.rest_client [req-34b74f83-4faf-4046-8f7d-98da27a2bda4 req-34b74f83-4faf-4046-8f7d-98da27a2bda4 ] Request (VolumesAdminNegativeTest:test_update_attached_volume_with_nonexistent_volume_in_body): 200 GET http://10.180.1.21/compute/v2.1/servers/b8c9bec1-bf00-4e2f-b845-68bf3d75e9f6 0.724s
2025-06-27 18:43:37.664 61625 INFO tempest.lib.common.rest_client [req-4dbe5a6e-02b4-4175-93e2-d92670e70cee req-4dbe5a6e-02b4-4175-93e2-d92670e70cee ] Request (HostsAdminNegativeTestJSON:setUpClass): 200 GET http://10.180.1.21/identity/v3/roles 0.117s
2025-06-27 18:43:37.697 61625 INFO tempest.lib.common.rest_client [req-12406838-f121-4c47-ac4b-2571f18a99b3 req-12406838-f121-4c47-ac4b-2571f18a99b3 ] Request (HostsAdminNegativeTestJSON:setUpClass): 204 PUT http://10.180.1.21/identity/v3/projects/1fbdc032032c4ab5b0b94da70cf6d111/users/a18a5a0a6c5d4391956eb7b29776846e/roles/4c2165d33cdc4d82a15123aacd976dac 0.033s
2025-06-27 18:43:37.697 61625 INFO tempest.lib.common.dynamic_creds [-] Dynamic test user a18a5a0a6c5d4391956eb7b29776846e is created with scope project and roles: ['member']
2025-06-27 18:43:37.697 61613 INFO tempest.lib.common.rest_client [req-7235bea4-e2a9-4289-ac6f-56c815fe4338 req-7235bea4-e2a9-4289-ac6f-56c815fe4338 ] Request (KeyPairsNegativeTestJSON:setUpClass): 201 POST http://10.180.1.21/identity/v3/auth/tokens 0.082s
2025-06-27 18:43:37.697 61625 INFO tempest.lib.common.dynamic_creds [-] Acquired dynamic creds: credentials: Credentials: {'domain_id': 'default', 'domain_name': 'Default', 'username': 'tempest-HostsAdminNegativeTestJSON-1208819036-project-member', 'project_domain_id': 'default', 'project_domain_name': 'Default', 'project_id': '1fbdc032032c4ab5b0b94da70cf6d111', 'project_name': 'tempest-HostsAdminNegativeTestJSON-1208819036', 'tenant_id': '1fbdc032032c4ab5b0b94da70cf6d111', 'tenant_name': 'tempest-HostsAdminNegativeTestJSON-1208819036', 'user_domain_id': 'default', 'user_domain_name': 'Default', 'user_id': 'a18a5a0a6c5d4391956eb7b29776846e', 'system': None}, Network: None, Subnet: None, Router: None
2025-06-27 18:43:37.697 61625 INFO tempest.lib.common.dynamic_creds [-] Created isolated network resources for: credentials: Credentials: {'domain_id': 'default', 'domain_name': 'Default', 'username': 'tempest-HostsAdminNegativeTestJSON-1208819036-project-member', 'project_domain_id': 'default', 'project_domain_name': 'Default', 'project_id': '1fbdc032032c4ab5b0b94da70cf6d111', 'project_name': 'tempest-HostsAdminNegativeTestJSON-1208819036', 'tenant_id': '1fbdc032032c4ab5b0b94da70cf6d111', 'tenant_name': 'tempest-HostsAdminNegativeTestJSON-1208819036', 'user_domain_id': 'default', 'user_domain_name': 'Default', 'user_id': 'a18a5a0a6c5d4391956eb7b29776846e', 'system': None}, Network: None, Subnet: None, Router: None
2025-06-27 18:43:37.726 61611 INFO tempest.lib.common.rest_client [req-32fadb07-5d4a-45f1-93a1-9e4c78fb5f2a req-32fadb07-5d4a-45f1-93a1-9e4c78fb5f2a ] Request (AttachInterfacesV270Test:test_create_get_list_interfaces): 200 GET http://10.180.1.21/compute/v2.1/servers/b5e2c0eb-43ff-4e4d-ad2c-b1ce10b9a91e 0.746s
2025-06-27 18:43:37.747 61629 INFO tempest.lib.common.rest_client [req-dff79875-aae5-4e00-b874-134173458ad3 req-dff79875-aae5-4e00-b874-134173458ad3 ] Request (FlavorsAdminTestJSON:_run_cleanups): 202 DELETE http://10.180.1.21/compute/v2.1/flavors/523360687 0.740s
2025-06-27 18:43:37.759 61635 INFO tempest.lib.common.rest_client [req-76193567-b954-4e45-ad2f-98fc7a049915 req-76193567-b954-4e45-ad2f-98fc7a049915 ] Request (ServerGroup264TestJSON:test_create_get_server_group): 200 GET http://10.180.1.21/compute/v2.1/os-server-groups/c59d8ba2-8142-48dc-8cb7-6f1f4e645d21 0.729s
2025-06-27 18:43:37.783 61613 INFO tempest.lib.common.rest_client [req-23232569-aaad-4191-bf78-79b9e478a375 req-23232569-aaad-4191-bf78-79b9e478a375 ] Request (KeyPairsNegativeTestJSON:setUpClass): 201 POST http://10.180.1.21/identity/v3/auth/tokens 0.083s
2025-06-27 18:43:37.783 61625 INFO tempest.lib.common.rest_client [req-2a36a3bb-bbf0-44cb-be75-e3b94a7a2ada req-2a36a3bb-bbf0-44cb-be75-e3b94a7a2ada ] Request (HostsAdminNegativeTestJSON:setUpClass): 201 POST http://10.180.1.21/identity/v3/auth/tokens 0.082s
2025-06-27 18:43:37.792 61621 INFO tempest.lib.common.rest_client [req-228a8a87-5e8a-4378-a967-c64b28dc0225 req-228a8a87-5e8a-4378-a967-c64b28dc0225 ] Request (ImagesMetadataTestJSON:setUp): 200 PUT http://10.180.1.21/compute/v2.1/images/73708a72-9fb3-4cab-bfb7-1587c37dc6f9/metadata 0.918s
2025-06-27 18:43:37.807 61613 INFO tempest.lib.common.rest_client [req-9fb50b5b-3d3c-4440-ae7c-49e2539ad641 req-9fb50b5b-3d3c-4440-ae7c-49e2539ad641 ] Request (KeyPairsNegativeTestJSON:setUpClass): 200 GET http://10.180.1.21/identity/v3/domains?name=Default 0.023s
2025-06-27 18:43:37.815 61625 INFO tempest.lib.common.rest_client [req-f464966e-82d6-47cb-8be8-99bcc57a15aa req-f464966e-82d6-47cb-8be8-99bcc57a15aa ] Request (HostsAdminNegativeTestJSON:setUpClass): 201 POST http://10.180.1.21/identity/v3/projects 0.031s
2025-06-27 18:43:37.835 61613 INFO tempest.lib.common.rest_client [req-0e7d291e-0d67-4d1b-bc8a-a14a2dec50b9 req-0e7d291e-0d67-4d1b-bc8a-a14a2dec50b9 ] Request (KeyPairsNegativeTestJSON:setUpClass): 201 POST http://10.180.1.21/identity/v3/projects 0.026s
2025-06-27 18:43:37.846 61637 INFO tempest.lib.common.rest_client [req-afcad64f-cc84-460a-81bd-3b2bb743f096 req-afcad64f-cc84-460a-81bd-3b2bb743f096 ] Request (ServerGroupTestJSON:test_create_server_with_scheduler_hint_group): 200 GET http://10.180.1.21/compute/v2.1/servers/d1887728-4538-4639-a3e7-db235a2d4765 0.712s
2025-06-27 18:43:37.895 61613 INFO tempest.lib.common.rest_client [req-b0dc756c-9ddc-402d-92a1-17681e7a0c75 req-b0dc756c-9ddc-402d-92a1-17681e7a0c75 ] Request (KeyPairsNegativeTestJSON:setUpClass): 201 POST http://10.180.1.21/identity/v3/users 0.060s
2025-06-27 18:43:37.901 61627 INFO tempest.lib.common.rest_client [req-6d4f9922-d61e-47d9-8186-f335705dc464 req-6d4f9922-d61e-47d9-8186-f335705dc464 ] Request (ImagesNegativeTestJSON:test_create_image_from_deleted_server): 200 GET http://10.180.1.21/compute/v2.1/servers/0e648c1e-565d-44cd-a1f5-297b000e42cc 0.731s
2025-06-27 18:43:37.901 61625 INFO tempest.lib.common.rest_client [req-a5e19389-801a-4e41-ba3f-5b6ff8473788 req-a5e19389-801a-4e41-ba3f-5b6ff8473788 ] Request (HostsAdminNegativeTestJSON:setUpClass): 201 POST http://10.180.1.21/identity/v3/users 0.085s
2025-06-27 18:43:37.914 61613 INFO tempest.lib.common.rest_client [req-ca42a0c4-cca4-4653-98ac-a1c09db51dd3 req-ca42a0c4-cca4-4653-98ac-a1c09db51dd3 ] Request (KeyPairsNegativeTestJSON:setUpClass): 200 GET http://10.180.1.21/identity/v3/roles 0.018s
2025-06-27 18:43:37.914 61633 INFO tempest.lib.common.rest_client [req-82253870-a5bd-472f-a032-445b45751192 req-82253870-a5bd-472f-a032-445b45751192 ] Request (TenantUsagesTestJSON:setUpClass): 200 GET http://10.180.1.21/compute/v2.1/servers/eed82b3f-6590-4677-a4a2-680d769400fd 0.832s
2025-06-27 18:43:37.917 61625 INFO tempest.lib.common.rest_client [req-1997f134-c9ce-488b-af4c-2d02fda73be4 req-1997f134-c9ce-488b-af4c-2d02fda73be4 ] Request (HostsAdminNegativeTestJSON:setUpClass): 200 GET http://10.180.1.21/identity/v3/roles 0.015s
2025-06-27 18:43:37.938 61613 INFO tempest.lib.common.rest_client [req-fb834ce7-6f87-489d-89e0-cfa423172117 req-fb834ce7-6f87-489d-89e0-cfa423172117 ] Request (KeyPairsNegativeTestJSON:setUpClass): 204 PUT http://10.180.1.21/identity/v3/projects/52166f9975fa4658964261bea4b4bdf0/users/6963105b18f447c5b69712a3f954c960/roles/4c2165d33cdc4d82a15123aacd976dac 0.023s
2025-06-27 18:43:37.938 61613 INFO tempest.lib.common.dynamic_creds [-] Dynamic test user 6963105b18f447c5b69712a3f954c960 is created with scope project and roles: ['member']
2025-06-27 18:43:37.939 61613 INFO tempest.lib.common.dynamic_creds [-] Acquired dynamic creds: credentials: Credentials: {'domain_id': 'default', 'domain_name': 'Default', 'username': 'tempest-KeyPairsNegativeTestJSON-2025653786-project-member', 'project_domain_id': 'default', 'project_domain_name': 'Default', 'project_id': '52166f9975fa4658964261bea4b4bdf0', 'project_name': 'tempest-KeyPairsNegativeTestJSON-2025653786', 'tenant_id': '52166f9975fa4658964261bea4b4bdf0', 'tenant_name': 'tempest-KeyPairsNegativeTestJSON-2025653786', 'user_domain_id': 'default', 'user_domain_name': 'Default', 'user_id': '6963105b18f447c5b69712a3f954c960', 'system': None}, Network: None, Subnet: None, Router: None
2025-06-27 18:43:37.939 61613 INFO tempest.lib.common.dynamic_creds [-] Created isolated network resources for: credentials: Credentials: {'domain_id': 'default', 'domain_name': 'Default', 'username': 'tempest-KeyPairsNegativeTestJSON-2025653786-project-member', 'project_domain_id': 'default', 'project_domain_name': 'Default', 'project_id': '52166f9975fa4658964261bea4b4bdf0', 'project_name': 'tempest-KeyPairsNegativeTestJSON-2025653786', 'tenant_id': '52166f9975fa4658964261bea4b4bdf0', 'tenant_name': 'tempest-KeyPairsNegativeTestJSON-2025653786', 'user_domain_id': 'default', 'user_domain_name': 'Default', 'user_id': '6963105b18f447c5b69712a3f954c960', 'system': None}, Network: None, Subnet: None, Router: None
2025-06-27 18:43:37.942 61625 INFO tempest.lib.common.rest_client [req-6dcd22e4-3e6b-47c3-b988-a4fb2a77d8c8 req-6dcd22e4-3e6b-47c3-b988-a4fb2a77d8c8 ] Request (HostsAdminNegativeTestJSON:setUpClass): 204 PUT http://10.180.1.21/identity/v3/projects/68366380c5064ac48aeadfa687250358/users/72e0cb6b53e448548ffe87cc3c545922/roles/cf2427678c584495b60f1925e565d4b5 0.025s
2025-06-27 18:43:37.984 61625 INFO tempest.lib.common.rest_client [req-17a42364-1630-4afe-b05d-61c7c3de127c req-17a42364-1630-4afe-b05d-61c7c3de127c ] Request (HostsAdminNegativeTestJSON:setUpClass): 200 GET http://10.180.1.21/identity/v3/roles 0.042s
2025-06-27 18:43:38.000 61613 INFO tempest.lib.common.rest_client [req-22b25775-8cf4-4fc2-94ba-78f872a9635f req-22b25775-8cf4-4fc2-94ba-78f872a9635f ] Request (KeyPairsNegativeTestJSON:setUpClass): 201 POST http://10.180.1.21/identity/v3/auth/tokens 0.058s
2025-06-27 18:43:38.000 61625 INFO tempest.lib.common.rest_client [req-f00a4fc9-4804-4740-82d2-822de9cf51d6 req-f00a4fc9-4804-4740-82d2-822de9cf51d6 ] Request (HostsAdminNegativeTestJSON:setUpClass): 204 PUT http://10.180.1.21/identity/v3/projects/68366380c5064ac48aeadfa687250358/users/72e0cb6b53e448548ffe87cc3c545922/roles/cf2427678c584495b60f1925e565d4b5 0.015s
2025-06-27 18:43:38.000 61625 INFO tempest.lib.common.dynamic_creds [-] Dynamic test user 72e0cb6b53e448548ffe87cc3c545922 is created with scope project and roles: ['admin']
2025-06-27 18:43:38.000 61625 INFO tempest.lib.common.dynamic_creds [-] Acquired dynamic creds: credentials: Credentials: {'domain_id': 'default', 'domain_name': 'Default', 'username': 'tempest-HostsAdminNegativeTestJSON-151328688-project-admin', 'project_domain_id': 'default', 'project_domain_name': 'Default', 'project_id': '68366380c5064ac48aeadfa687250358', 'project_name': 'tempest-HostsAdminNegativeTestJSON-151328688', 'tenant_id': '68366380c5064ac48aeadfa687250358', 'tenant_name': 'tempest-HostsAdminNegativeTestJSON-151328688', 'user_domain_id': 'default', 'user_domain_name': 'Default', 'user_id': '72e0cb6b53e448548ffe87cc3c545922', 'system': None}, Network: None, Subnet: None, Router: None
2025-06-27 18:43:38.000 61625 INFO tempest.lib.common.dynamic_creds [-] Created isolated network resources for: credentials: Credentials: {'domain_id': 'default', 'domain_name': 'Default', 'username': 'tempest-HostsAdminNegativeTestJSON-151328688-project-admin', 'project_domain_id': 'default', 'project_domain_name': 'Default', 'project_id': '68366380c5064ac48aeadfa687250358', 'project_name': 'tempest-HostsAdminNegativeTestJSON-151328688', 'tenant_id': '68366380c5064ac48aeadfa687250358', 'tenant_name': 'tempest-HostsAdminNegativeTestJSON-151328688', 'user_domain_id': 'default', 'user_domain_name': 'Default', 'user_id': '72e0cb6b53e448548ffe87cc3c545922', 'system': None}, Network: None, Subnet: None, Router: None
2025-06-27 18:43:38.044 61597 INFO tempest.lib.common.rest_client [req-2f9417e1-b8ae-4238-b8dc-4a0b95a3eb3e req-2f9417e1-b8ae-4238-b8dc-4a0b95a3eb3e ] Request (MigrationsAdminTest:test_list_migrations_in_flavor_resize_situation): 200 GET http://10.180.1.21/compute/v2.1/servers/ef6025e6-dbaf-4cc1-a068-5e2ca1c40254 0.779s
2025-06-27 18:43:38.062 61595 INFO tempest.lib.common.rest_client [req-9386e5c4-f513-4a29-b4c3-49691195939b req-9386e5c4-f513-4a29-b4c3-49691195939b ] Request (SecurityGroupRulesTestJSON:tearDownClass): 202 DELETE http://10.180.1.21/compute/v2.1/os-security-groups/5f57e822-f4eb-4986-abf4-ab51903be98c 0.822s
2025-06-27 18:43:38.064 61625 INFO tempest.lib.common.rest_client [req-ef733939-9f22-4fd9-aa5a-d875675850b8 req-ef733939-9f22-4fd9-aa5a-d875675850b8 ] Request (HostsAdminNegativeTestJSON:setUpClass): 201 POST http://10.180.1.21/identity/v3/auth/tokens 0.061s
2025-06-27 18:43:38.122 61617 INFO tempest.lib.common.rest_client [req-16c7a18d-5181-4cb7-af33-dd570e46bd7e req-16c7a18d-5181-4cb7-af33-dd570e46bd7e ] Request (ServersAdmin275Test:test_rebuild_update_server_275): 200 GET http://10.180.1.21/compute/v2.1/servers/cf1a71aa-f864-4fbe-be59-b47322f62a0b 0.789s
2025-06-27 18:43:38.142 61639 INFO tempest.lib.common.rest_client [req-79bf515c-1860-466d-bd94-90a6c6868703 req-79bf515c-1860-466d-bd94-90a6c6868703 ] Request (DeleteServersAdminTestJSON:test_admin_delete_servers_of_others): 200 GET http://10.180.1.21/compute/v2.1/servers/bcf27023-1eb6-4846-9adc-2235c738cad6 0.862s
2025-06-27 18:43:38.232 61651 INFO tempest.lib.common.rest_client [req-53a7a0ea-9c50-437f-8ac3-acb09ae822ed req-53a7a0ea-9c50-437f-8ac3-acb09ae822ed ] Request (ServersTestMultiNic:test_verify_duplicate_network_nics): 200 GET http://10.180.1.21/compute/v2.1/servers/6a2bad10-6948-482a-803a-2da7cf733d49 0.569s
2025-06-27 18:43:38.292 61593 INFO tempest.lib.common.rest_client [req-8040ca74-faf8-4732-9b16-dd84c3490271 req-8040ca74-faf8-4732-9b16-dd84c3490271 ] Request (DeleteServersTestJSON:test_delete_active_server): 200 GET http://10.180.1.21/compute/v2.1/servers/2fb236e9-1c31-4bb9-91e8-cbe367e0a989 0.560s
2025-06-27 18:43:38.306 61629 INFO tempest.lib.common.rest_client [req-5a09e320-8ede-4c75-aab5-84a4b83f5be3 req-5a09e320-8ede-4c75-aab5-84a4b83f5be3 ] Request (FlavorsAdminTestJSON:_run_cleanups): 200 GET http://10.180.1.21/compute/v2.1/flavors/detail 0.559s
2025-06-27 18:43:38.326 61635 INFO tempest.lib.common.rest_client [req-33f7812f-2957-46b0-a834-89053799d470 req-33f7812f-2957-46b0-a834-89053799d470 ] Request (ServerGroup264TestJSON:_run_cleanups): 204 DELETE http://10.180.1.21/compute/v2.1/os-server-groups/c59d8ba2-8142-48dc-8cb7-6f1f4e645d21 0.566s
2025-06-27 18:43:38.393 61607 INFO tempest.lib.common.rest_client [req-7cb47a72-a1d4-4754-85f2-e180b7d89fcf req-7cb47a72-a1d4-4754-85f2-e180b7d89fcf ] Request (QuotasAdminNegativeTest:test_create_server_when_cpu_quota_is_full): 403 POST http://10.180.1.21/compute/v2.1/servers 0.779s
2025-06-27 18:43:38.473 61619 INFO tempest.lib.common.rest_client [req-c27e5f5c-3eac-4fc9-a0cc-0b89cf5f0d9a req-c27e5f5c-3eac-4fc9-a0cc-0b89cf5f0d9a ] Request (AttachInterfacesUnderV243Test:test_add_remove_fixed_ip): 200 GET http://10.180.1.21/compute/v2.1/servers/bdfedbb4-25a1-4941-afca-f325e489f9e3 0.680s
2025-06-27 18:43:38.537 61621 INFO tempest.lib.common.rest_client [req-492e4e8c-1685-437b-8f94-c7ba311863e8 req-492e4e8c-1685-437b-8f94-c7ba311863e8 ] Request (ImagesMetadataTestJSON:test_update_image_metadata): 200 POST http://10.180.1.21/compute/v2.1/images/73708a72-9fb3-4cab-bfb7-1587c37dc6f9/metadata 0.744s
2025-06-27 18:43:38.588 61655 INFO tempest.lib.common.rest_client [req-b2970ea8-ee62-48e1-bc92-e03358275a10 req-b2970ea8-ee62-48e1-bc92-e03358275a10 ] Request (SecurityGroupsTestJSON:test_list_security_groups_by_server): 200 GET http://10.180.1.21/compute/v2.1/servers/9f78f9fb-8733-42fe-beb0-9329bf154de8 0.729s
2025-06-27 18:43:38.595 61631 INFO tempest.lib.common.rest_client [req-a0be36da-00b6-42b0-95e7-fed7aec9be94 req-a0be36da-00b6-42b0-95e7-fed7aec9be94 ] Request (ServerDiagnosticsTest:test_get_server_diagnostics): 200 GET http://10.180.1.21/compute/v2.1/servers/fce0ff0d-d055-422e-ae51-4989abff4b00 0.747s
2025-06-27 18:43:38.676 61613 INFO tempest.lib.common.rest_client [req-7d560ff6-08a9-4ef4-a540-02a3844890f5 req-7d560ff6-08a9-4ef4-a540-02a3844890f5 ] Request (KeyPairsNegativeTestJSON:test_create_keypair_invalid_name): 400 POST http://10.180.1.21/compute/v2.1/os-keypairs 0.674s
2025-06-27 18:43:38.790 61649 INFO tempest.lib.common.rest_client [req-49e934a4-b1b0-4db4-a48e-4ffe43ae2482 req-49e934a4-b1b0-4db4-a48e-4ffe43ae2482 ] Request (ServersTestJSON:setUpClass): 200 GET http://10.180.1.21/compute/v2.1/servers/9ca64659-93b6-4585-a7dc-f9152184144e 0.797s
2025-06-27 18:43:38.861 61599 INFO tempest.lib.common.rest_client [req-e3e46d37-c86c-4b62-b02d-5a2e5ae621ae req-e3e46d37-c86c-4b62-b02d-5a2e5ae621ae ] Request (ImagesOneServerNegativeTestJSON:setUpClass): 200 GET http://10.180.1.21/compute/v2.1/servers/8cfa7077-6dcb-49f3-b187-9ad9f7c418ab 0.858s
2025-06-27 18:43:38.905 61625 INFO tempest.lib.common.rest_client [req-090a1d69-ebed-4488-95d0-f6fe27c72f9b req-090a1d69-ebed-4488-95d0-f6fe27c72f9b ] Request (HostsAdminNegativeTestJSON:setUpClass): 200 GET http://10.180.1.21/compute/v2.1/os-hosts 0.840s
2025-06-27 18:43:38.914 61595 INFO tempest.lib.common.rest_client [req-1bc01c1a-d125-4337-b396-99fee467f97c req-1bc01c1a-d125-4337-b396-99fee467f97c ] Request (SecurityGroupRulesTestJSON:tearDownClass): 202 DELETE http://10.180.1.21/compute/v2.1/os-security-groups/33b8b318-8073-4572-9d0d-ad5239cd7c19 0.852s
2025-06-27 18:43:38.985 61605 INFO tempest.lib.common.rest_client [req-b3c42e63-7695-4402-942d-385148fed884 req-b3c42e63-7695-4402-942d-385148fed884 ] Request (ServersListShow296Test:test_list_show_update_rebuild_server_296): 200 GET http://10.180.1.21/compute/v2.1/servers/1df51a6d-1303-4c89-b61e-95070acf0772 0.907s
2025-06-27 18:43:39.042 61609 INFO tempest.lib.common.rest_client [req-4992f267-5d19-4e5f-802a-48e06a435f2e req-4992f267-5d19-4e5f-802a-48e06a435f2e ] Request (VolumesAssistedSnapshotsTest:test_volume_assisted_snapshot_create_delete): 200 GET http://10.180.1.21/compute/v2.1/servers/58e76dfc-e2f3-41ec-896a-faadb552c1ac 0.765s
2025-06-27 18:43:39.057 61629 INFO tempest.lib.common.rest_client [req-c4002d2a-94f5-4bb5-b329-5fc2cecf8663 req-c4002d2a-94f5-4bb5-b329-5fc2cecf8663 ] Request (FlavorsAdminTestJSON:test_list_non_public_flavor): 200 POST http://10.180.1.21/compute/v2.1/flavors 0.745s
2025-06-27 18:43:39.068 61635 INFO tempest.lib.common.rest_client [req-c624144c-e464-41e6-8980-58bf9ed04856 req-c624144c-e464-41e6-8980-58bf9ed04856 ] Request (ServerGroup264TestJSON:tearDownClass): 404 DELETE http://10.180.1.21/compute/v2.1/os-server-groups/c59d8ba2-8142-48dc-8cb7-6f1f4e645d21 0.741s
2025-06-27 18:43:39.135 61643 INFO tempest.lib.common.rest_client [req-28e5ca8f-7447-4f55-adde-c8ae2ee13b8e req-28e5ca8f-7447-4f55-adde-c8ae2ee13b8e ] Request (ServersTestBootFromVolume:setUpClass): 200 GET http://10.180.1.21/compute/v2.1/servers/ea6b8561-5072-4576-991c-034f106af2df 0.787s
2025-06-27 18:43:39.168 61645 INFO tempest.lib.common.rest_client [req-ec01c7f7-6329-4dd5-8c29-880bec77f83e req-ec01c7f7-6329-4dd5-8c29-880bec77f83e ] Request (ImagesTestJSON:test_create_image_from_stopped_server): 200 GET http://10.180.1.21/compute/v2.1/servers/63f196ce-f9ad-4120-a96a-fd6824af893b 0.946s
2025-06-27 18:43:39.249 61607 INFO tempest.lib.common.rest_client [req-c938a1ef-003d-4d51-abb1-8e2f86c31797 req-c938a1ef-003d-4d51-abb1-8e2f86c31797 ] Request (QuotasAdminNegativeTest:_run_cleanups): 200 PUT http://10.180.1.21/compute/v2.1/os-quota-sets/cb4155f4b59e4eacab69dc79e54d4537 0.855s
2025-06-27 18:43:39.308 61601 INFO tempest.lib.common.rest_client [req-bcd80f7e-c6a7-41a3-b6d2-c265d34c90c4 req-bcd80f7e-c6a7-41a3-b6d2-c265d34c90c4 ] Request (AttachVolumeNegativeTest:test_attach_attached_volume_to_different_server): 200 GET http://10.180.1.21/compute/v2.1/servers/dd4a25f1-b8f0-43a1-8187-56eaddfdd08c 0.854s
2025-06-27 18:43:39.332 61641 INFO tempest.lib.common.rest_client [req-daa88e84-559f-4b2b-9e38-9721233c66c5 req-daa88e84-559f-4b2b-9e38-9721233c66c5 ] Request (ServerExternalEventsTest:test_create_server_external_events): 200 GET http://10.180.1.21/compute/v2.1/servers/b35cffdf-8926-4a6b-8118-48535e8cb8c0 0.931s
2025-06-27 18:43:39.361 61603 INFO tempest.lib.common.rest_client [req-90911652-51f8-4836-9f30-9dcdc6f43d00 req-90911652-51f8-4836-9f30-9dcdc6f43d00 ] Request (ServersWithSpecificFlavorTestJSON:test_verify_created_server_ephemeral_disk): 200 GET http://10.180.1.21/compute/v2.1/servers/669be123-adf8-4146-a79f-370347e642c9 0.851s
2025-06-27 18:43:39.365 61621 INFO tempest.lib.common.rest_client [req-9dcd368f-14d8-417b-9206-55a8aeefb8a3 req-9dcd368f-14d8-417b-9206-55a8aeefb8a3 ] Request (ImagesMetadataTestJSON:test_update_image_metadata): 200 GET http://10.180.1.21/compute/v2.1/images/73708a72-9fb3-4cab-bfb7-1587c37dc6f9/metadata 0.827s
2025-06-27 18:43:39.427 61621 INFO tempest.lib.common.rest_client [req-14940d78-0d8f-4b30-95d9-6c66f22246ab req-14940d78-0d8f-4b30-95d9-6c66f22246ab ] Request (ImagesMetadataTestJSON:tearDownClass): 204 DELETE http://10.180.1.21/image/v2/images/73708a72-9fb3-4cab-bfb7-1587c37dc6f9 0.060s
2025-06-27 18:43:39.520 61621 INFO tempest.lib.common.rest_client [req-6525e265-e30b-4b10-b8b7-5c8dd8dd190b req-6525e265-e30b-4b10-b8b7-5c8dd8dd190b ] Request (ImagesMetadataTestJSON:tearDownClass): 204 DELETE http://10.180.1.21/identity/v3/users/866c20217065447aae4453fcb0c3f085 0.092s
2025-06-27 18:43:39.520 61621 INFO tempest.lib.common.dynamic_creds [-] Deleting project and security group for project: 949d311c5da6424281a061bf0393e6d4
2025-06-27 18:43:39.580 61621 INFO tempest.lib.common.rest_client [req-8b87b1d5-2317-488f-baa2-9b5f06c25264 req-8b87b1d5-2317-488f-baa2-9b5f06c25264 ] Request (ImagesMetadataTestJSON:tearDownClass): 201 POST http://10.180.1.21/identity/v3/auth/tokens 0.060s
2025-06-27 18:43:39.603 61647 INFO tempest.lib.common.rest_client [req-b61f15c2-ec50-44b6-96a3-b14fb3aa9287 req-b61f15c2-ec50-44b6-96a3-b14fb3aa9287 ] Request (FloatingIPsAssociationTestJSON:setUpClass): 200 GET http://10.180.1.21/compute/v2.1/servers/3bf420fa-ef3d-4d99-a0a8-379f59cafa1e 1.041s
2025-06-27 18:43:39.609 61615 INFO tempest.lib.common.rest_client [req-fc69c11c-560c-41eb-818d-e7a84e21b38c req-fc69c11c-560c-41eb-818d-e7a84e21b38c ] Request (ServerAddressesNegativeTestJSON:setUpClass): 200 GET http://10.180.1.21/compute/v2.1/servers/59b0bc79-1c06-441a-a114-5727e3dec5ef 1.036s
2025-06-27 18:43:39.653 61613 INFO tempest.lib.common.rest_client [req-77f235f9-4c89-49ed-807e-70c56a38d4d8 req-77f235f9-4c89-49ed-807e-70c56a38d4d8 ] Request (KeyPairsNegativeTestJSON:test_create_keypair_when_public_key_bits_exceeds_maximum): 400 POST http://10.180.1.21/compute/v2.1/os-keypairs 0.975s
2025-06-27 18:43:39.686 61653 INFO tempest.lib.common.rest_client [req-41c447d5-e193-406f-a1ea-2642d2ec1c7d req-41c447d5-e193-406f-a1ea-2642d2ec1c7d ] Request (VolumesAdminNegativeTest:test_update_attached_volume_with_nonexistent_volume_in_body): 200 GET http://10.180.1.21/compute/v2.1/servers/b8c9bec1-bf00-4e2f-b845-68bf3d75e9f6 1.028s
2025-06-27 18:43:39.726 61611 INFO tempest.lib.common.rest_client [req-bf6f2347-58c7-44b6-8164-4dbdcbffc330 req-bf6f2347-58c7-44b6-8164-4dbdcbffc330 ] Request (AttachInterfacesV270Test:test_create_get_list_interfaces): 200 GET http://10.180.1.21/compute/v2.1/servers/b5e2c0eb-43ff-4e4d-ad2c-b1ce10b9a91e 0.987s
2025-06-27 18:43:39.748 61637 INFO tempest.lib.common.rest_client [req-28a0bb93-c4c8-4933-b150-41eb4547e8c7 req-28a0bb93-c4c8-4933-b150-41eb4547e8c7 ] Request (ServerGroupTestJSON:test_create_server_with_scheduler_hint_group): 200 GET http://10.180.1.21/compute/v2.1/servers/d1887728-4538-4639-a3e7-db235a2d4765 0.895s
2025-06-27 18:43:39.819 61627 INFO tempest.lib.common.rest_client [req-dd11bb46-9d65-4198-abae-0836a3bbc190 req-dd11bb46-9d65-4198-abae-0836a3bbc190 ] Request (ImagesNegativeTestJSON:test_create_image_from_deleted_server): 200 GET http://10.180.1.21/compute/v2.1/servers/0e648c1e-565d-44cd-a1f5-297b000e42cc 0.910s
2025-06-27 18:43:39.857 61625 INFO tempest.lib.common.rest_client [req-7e703d2e-71e8-4aa0-8ef9-1b0f8998473d req-7e703d2e-71e8-4aa0-8ef9-1b0f8998473d ] Request (HostsAdminNegativeTestJSON:test_list_hosts_with_non_admin_user): 403 GET http://10.180.1.21/compute/v2.1/os-hosts 0.950s
2025-06-27 18:43:39.934 61621 INFO tempest.lib.common.rest_client [req-b35e32ae-3ac5-4e8c-ab4b-f2626d133440 req-b35e32ae-3ac5-4e8c-ab4b-f2626d133440 ] Request (ImagesMetadataTestJSON:tearDownClass): 200 GET http://10.180.1.21:9696/networking/v2.0/security-groups?tenant_id=949d311c5da6424281a061bf0393e6d4&name=default 0.353s
2025-06-27 18:43:39.937 61635 INFO tempest.lib.common.rest_client [req-4d73f93f-09b6-4a9d-a4e5-d48caeedf92e req-4d73f93f-09b6-4a9d-a4e5-d48caeedf92e ] Request (ServerGroup264TestJSON:tearDownClass): 200 PUT http://10.180.1.21:9696/networking/v2.0/routers/bc2576ff-3377-4153-bd57-7207d5fefe9f/remove_router_interface 0.868s
2025-06-27 18:43:40.014 61621 INFO tempest.lib.common.rest_client [req-47235bb2-bb9b-415d-a177-df04abacae24 req-47235bb2-bb9b-415d-a177-df04abacae24 ] Request (ImagesMetadataTestJSON:tearDownClass): 204 DELETE http://10.180.1.21:9696/networking/v2.0/security-groups/a44b0737-15da-4e3b-ac47-4aa88d95be98 0.080s
2025-06-27 18:43:40.076 61621 INFO tempest.lib.common.rest_client [req-c9be942c-f7b4-4b49-ad78-ed1955343823 req-c9be942c-f7b4-4b49-ad78-ed1955343823 ] Request (ImagesMetadataTestJSON:tearDownClass): 204 DELETE http://10.180.1.21/identity/v3/projects/949d311c5da6424281a061bf0393e6d4 0.061s
2025-06-27 18:43:40.136 61621 INFO tempest.lib.common.rest_client [req-988a1e1f-543d-474f-8aa4-362b5b74bb2c req-988a1e1f-543d-474f-8aa4-362b5b74bb2c ] Request (ServerActionsV293TestJSON:setUpClass): 201 POST http://10.180.1.21/identity/v3/auth/tokens 0.057s
2025-06-27 18:43:40.165 61621 INFO tempest.lib.common.rest_client [req-b1e443ef-e22d-4f9c-a3f9-c095d44e77be req-b1e443ef-e22d-4f9c-a3f9-c095d44e77be ] Request (ServerActionsV293TestJSON:setUpClass): 201 POST http://10.180.1.21/identity/v3/auth/tokens 0.027s
2025-06-27 18:43:40.190 61621 INFO tempest.lib.common.rest_client [req-b67f31a3-6319-4a50-a154-158d9658c873 req-b67f31a3-6319-4a50-a154-158d9658c873 ] Request (ServerActionsV293TestJSON:setUpClass): 200 GET http://10.180.1.21/identity/v3/domains?name=Default 0.024s
2025-06-27 18:43:40.218 61621 INFO tempest.lib.common.rest_client [req-e322a7ab-5d9c-44a9-a6c8-8f288a6bed32 req-e322a7ab-5d9c-44a9-a6c8-8f288a6bed32 ] Request (ServerActionsV293TestJSON:setUpClass): 201 POST http://10.180.1.21/identity/v3/projects 0.027s
2025-06-27 18:43:40.226 61633 INFO tempest.lib.common.rest_client [req-97c7d74f-0da8-4fd7-97f8-0cefaa79fb32 req-97c7d74f-0da8-4fd7-97f8-0cefaa79fb32 ] Request (TenantUsagesTestJSON:setUpClass): 200 GET http://10.180.1.21/compute/v2.1/servers/eed82b3f-6590-4677-a4a2-680d769400fd 1.304s
2025-06-27 18:43:40.242 61629 INFO tempest.lib.common.rest_client [req-f90388c1-4c03-4264-a286-c7700718a68d req-f90388c1-4c03-4264-a286-c7700718a68d ] Request (FlavorsAdminTestJSON:test_list_non_public_flavor): 200 GET http://10.180.1.21/compute/v2.1/flavors/detail 1.182s
2025-06-27 18:43:40.263 61597 INFO tempest.lib.common.rest_client [req-3eeb38ca-7219-4d0c-82e8-c07bac3226fa req-3eeb38ca-7219-4d0c-82e8-c07bac3226fa ] Request (MigrationsAdminTest:test_list_migrations_in_flavor_resize_situation): 200 GET http://10.180.1.21/compute/v2.1/servers/ef6025e6-dbaf-4cc1-a068-5e2ca1c40254 1.211s
2025-06-27 18:43:40.279 61621 INFO tempest.lib.common.rest_client [req-95894139-73b2-4db8-a501-cffae0217bf2 req-95894139-73b2-4db8-a501-cffae0217bf2 ] Request (ServerActionsV293TestJSON:setUpClass): 201 POST http://10.180.1.21/identity/v3/users 0.061s
2025-06-27 18:43:40.296 61621 INFO tempest.lib.common.rest_client [req-479763f7-ed0c-4997-9e59-0a7b6e1e886f req-479763f7-ed0c-4997-9e59-0a7b6e1e886f ] Request (ServerActionsV293TestJSON:setUpClass): 200 GET http://10.180.1.21/identity/v3/roles 0.016s
2025-06-27 18:43:40.314 61617 INFO tempest.lib.common.rest_client [req-d996789f-8f58-4da5-9f71-1c2672b50a52 req-d996789f-8f58-4da5-9f71-1c2672b50a52 ] Request (ServersAdmin275Test:test_rebuild_update_server_275): 200 GET http://10.180.1.21/compute/v2.1/servers/cf1a71aa-f864-4fbe-be59-b47322f62a0b 1.182s
2025-06-27 18:43:40.342 61621 INFO tempest.lib.common.rest_client [req-3b7df6e0-59f8-42bc-9d01-43d9ee905c5f req-3b7df6e0-59f8-42bc-9d01-43d9ee905c5f ] Request (ServerActionsV293TestJSON:setUpClass): 204 PUT http://10.180.1.21/identity/v3/projects/02eda224b82b4f47a4c15497d3651bea/users/85e50c56d4754273b81dd39380750211/roles/4c2165d33cdc4d82a15123aacd976dac 0.045s
2025-06-27 18:43:40.342 61621 INFO tempest.lib.common.dynamic_creds [-] Dynamic test user 85e50c56d4754273b81dd39380750211 is created with scope project and roles: ['member']
2025-06-27 18:43:40.342 61621 INFO tempest.lib.common.dynamic_creds [-] Acquired dynamic creds: credentials: Credentials: {'domain_id': 'default', 'domain_name': 'Default', 'username': 'tempest-ServerActionsV293TestJSON-1779699484-project-member', 'project_domain_id': 'default', 'project_domain_name': 'Default', 'project_id': '02eda224b82b4f47a4c15497d3651bea', 'project_name': 'tempest-ServerActionsV293TestJSON-1779699484', 'tenant_id': '02eda224b82b4f47a4c15497d3651bea', 'tenant_name': 'tempest-ServerActionsV293TestJSON-1779699484', 'user_domain_id': 'default', 'user_domain_name': 'Default', 'user_id': '85e50c56d4754273b81dd39380750211', 'system': None}, Network: None, Subnet: None, Router: None
2025-06-27 18:43:40.417 61621 INFO tempest.lib.common.rest_client [req-1b562ca7-baef-4bbe-999a-6dfef5214a5f req-1b562ca7-baef-4bbe-999a-6dfef5214a5f ] Request (ServerActionsV293TestJSON:setUpClass): 201 POST http://10.180.1.21/identity/v3/auth/tokens 0.074s
2025-06-27 18:43:40.499 61639 INFO tempest.lib.common.rest_client [req-09bf2b60-bbd5-4098-a021-83f599d7c632 req-09bf2b60-bbd5-4098-a021-83f599d7c632 ] Request (DeleteServersAdminTestJSON:test_admin_delete_servers_of_others): 200 GET http://10.180.1.21/compute/v2.1/servers/bcf27023-1eb6-4846-9adc-2235c738cad6 1.349s
2025-06-27 18:43:40.570 61651 INFO tempest.lib.common.rest_client [req-d6cf75e2-891a-4e7e-90ad-d209e76ce698 req-d6cf75e2-891a-4e7e-90ad-d209e76ce698 ] Request (ServersTestMultiNic:test_verify_duplicate_network_nics): 200 GET http://10.180.1.21/compute/v2.1/servers/6a2bad10-6948-482a-803a-2da7cf733d49 1.329s
2025-06-27 18:43:40.641 61607 INFO tempest.lib.common.rest_client [req-7fb0f481-dcaa-4c83-8630-44c2ed6c1c1f req-7fb0f481-dcaa-4c83-8630-44c2ed6c1c1f ] Request (QuotasAdminNegativeTest:test_create_server_when_instances_quota_is_full): 200 GET http://10.180.1.21/compute/v2.1/os-quota-sets/cb4155f4b59e4eacab69dc79e54d4537 1.389s
2025-06-27 18:43:40.650 61593 INFO tempest.lib.common.rest_client [req-b7fde7a6-52d2-479b-9214-4a6563af78c3 req-b7fde7a6-52d2-479b-9214-4a6563af78c3 ] Request (DeleteServersTestJSON:test_delete_active_server): 200 GET http://10.180.1.21/compute/v2.1/servers/2fb236e9-1c31-4bb9-91e8-cbe367e0a989 1.349s
2025-06-27 18:43:40.697 61621 INFO tempest.lib.common.rest_client [req-cd05a207-346c-41e6-a6ab-73eba2b00f4b req-cd05a207-346c-41e6-a6ab-73eba2b00f4b ] Request (ServerActionsV293TestJSON:setUpClass): 201 POST http://10.180.1.21:9696/networking/v2.0/networks 0.280s
2025-06-27 18:43:40.740 61619 INFO tempest.lib.common.rest_client [req-ef06600d-75b8-4c60-b13b-0d51493aee07 req-ef06600d-75b8-4c60-b13b-0d51493aee07 ] Request (AttachInterfacesUnderV243Test:test_add_remove_fixed_ip): 200 GET http://10.180.1.21/compute/v2.1/servers/bdfedbb4-25a1-4941-afca-f325e489f9e3 1.260s
2025-06-27 18:43:40.748 61655 INFO tempest.lib.common.rest_client [req-3f2a8abd-9025-4b90-a3ea-baea7fe81c0e req-3f2a8abd-9025-4b90-a3ea-baea7fe81c0e ] Request (SecurityGroupsTestJSON:test_list_security_groups_by_server): 200 GET http://10.180.1.21/compute/v2.1/servers/9f78f9fb-8733-42fe-beb0-9329bf154de8 1.150s
2025-06-27 18:43:40.792 61613 INFO tempest.lib.common.rest_client [req-15aae7f9-2f56-42fc-8e0b-ab6d987de5f6 req-15aae7f9-2f56-42fc-8e0b-ab6d987de5f6 ] Request (KeyPairsNegativeTestJSON:test_create_keypair_with_duplicate_name): 200 POST http://10.180.1.21/compute/v2.1/os-keypairs 1.138s
2025-06-27 18:43:40.883 61621 INFO tempest.lib.common.rest_client [req-86e5b8c7-8f29-4685-ab28-eeb14166078f req-86e5b8c7-8f29-4685-ab28-eeb14166078f ] Request (ServerActionsV293TestJSON:setUpClass): 201 POST http://10.180.1.21:9696/networking/v2.0/subnets 0.185s
2025-06-27 18:43:41.166 61631 INFO tempest.lib.common.rest_client [req-fef17da8-6184-4e0f-8d33-15fe8e8079d1 req-fef17da8-6184-4e0f-8d33-15fe8e8079d1 ] Request (ServerDiagnosticsTest:test_get_server_diagnostics): 200 GET http://10.180.1.21/compute/v2.1/servers/fce0ff0d-d055-422e-ae51-4989abff4b00 1.564s
2025-06-27 18:43:41.172 61625 INFO tempest.lib.common.rest_client [req-122716ce-7955-4088-8115-bb5054175651 req-122716ce-7955-4088-8115-bb5054175651 ] Request (HostsAdminNegativeTestJSON:test_reboot_host_with_non_admin_user): 403 GET http://10.180.1.21/compute/v2.1/os-hosts/devstack/reboot 1.312s
2025-06-27 18:43:41.179 61649 INFO tempest.lib.common.rest_client [req-f81f6f06-48ed-45d7-aaae-8df8e4e4771a req-f81f6f06-48ed-45d7-aaae-8df8e4e4771a ] Request (ServersTestJSON:setUpClass): 200 GET http://10.180.1.21/compute/v2.1/servers/9ca64659-93b6-4585-a7dc-f9152184144e 1.381s
2025-06-27 18:43:41.244 61595 INFO tempest.lib.common.rest_client [req-9912c7ac-cf59-423e-b020-f04147f78810 req-9912c7ac-cf59-423e-b020-f04147f78810 ] Request (SecurityGroupRulesTestJSON:tearDownClass): 200 PUT http://10.180.1.21:9696/networking/v2.0/routers/3350db43-aa14-4c30-aa0f-5b8cf05443cd/remove_router_interface 2.329s
2025-06-27 18:43:41.283 61605 INFO tempest.lib.common.rest_client [req-0c6faf2f-658b-4772-b9d5-a89608a10783 req-0c6faf2f-658b-4772-b9d5-a89608a10783 ] Request (ServersListShow296Test:test_list_show_update_rebuild_server_296): 200 GET http://10.180.1.21/compute/v2.1/servers/1df51a6d-1303-4c89-b61e-95070acf0772 1.288s
2025-06-27 18:43:41.357 61609 INFO tempest.lib.common.rest_client [req-d2268711-6825-4d4e-b1e3-ddd1dc0b476d req-d2268711-6825-4d4e-b1e3-ddd1dc0b476d ] Request (VolumesAssistedSnapshotsTest:test_volume_assisted_snapshot_create_delete): 200 GET http://10.180.1.21/compute/v2.1/servers/58e76dfc-e2f3-41ec-896a-faadb552c1ac 1.306s
2025-06-27 18:43:41.371 61635 INFO tempest.lib.common.rest_client [req-34323dcb-2b74-4d66-8033-55b499f3f6bc req-34323dcb-2b74-4d66-8033-55b499f3f6bc ] Request (ServerGroup264TestJSON:tearDownClass): 204 DELETE http://10.180.1.21:9696/networking/v2.0/routers/bc2576ff-3377-4153-bd57-7207d5fefe9f 1.433s
2025-06-27 18:43:41.435 61643 INFO tempest.lib.common.rest_client [req-d1dd84d4-a02e-4d1c-b0f8-02eed1e8a16b req-d1dd84d4-a02e-4d1c-b0f8-02eed1e8a16b ] Request (ServersTestBootFromVolume:setUpClass): 200 GET http://10.180.1.21/compute/v2.1/servers/ea6b8561-5072-4576-991c-034f106af2df 1.292s
2025-06-27 18:43:41.445 61599 INFO tempest.lib.common.rest_client [req-cba89422-a7aa-4173-a38e-1e375d3c3bf8 req-cba89422-a7aa-4173-a38e-1e375d3c3bf8 ] Request (ImagesOneServerNegativeTestJSON:setUpClass): 200 GET http://10.180.1.21/compute/v2.1/servers/8cfa7077-6dcb-49f3-b187-9ad9f7c418ab 1.576s
2025-06-27 18:43:41.467 61629 INFO tempest.lib.common.rest_client [req-80bf7903-7e89-49f8-b2ae-5f6b88b6660f req-80bf7903-7e89-49f8-b2ae-5f6b88b6660f ] Request (FlavorsAdminTestJSON:test_list_non_public_flavor): 200 GET http://10.180.1.21/compute/v2.1/flavors/detail 1.219s
2025-06-27 18:43:41.552 61601 INFO tempest.lib.common.rest_client [req-e68cc4ce-0e88-45a1-9ead-614fc1ce7a2f req-e68cc4ce-0e88-45a1-9ead-614fc1ce7a2f ] Request (AttachVolumeNegativeTest:test_attach_attached_volume_to_different_server): 200 GET http://10.180.1.21/compute/v2.1/servers/dd4a25f1-b8f0-43a1-8187-56eaddfdd08c 1.236s
2025-06-27 18:43:41.725 61645 INFO tempest.lib.common.rest_client [req-5c4e86c2-5ba5-4c22-8694-228b28869ea5 req-5c4e86c2-5ba5-4c22-8694-228b28869ea5 ] Request (ImagesTestJSON:test_create_image_from_stopped_server): 200 GET http://10.180.1.21/compute/v2.1/servers/63f196ce-f9ad-4120-a96a-fd6824af893b 1.549s
2025-06-27 18:43:41.798 61641 INFO tempest.lib.common.rest_client [req-16d5e72c-af03-4e27-bf88-e609ba6b38c6 req-16d5e72c-af03-4e27-bf88-e609ba6b38c6 ] Request (ServerExternalEventsTest:test_create_server_external_events): 200 GET http://10.180.1.21/compute/v2.1/servers/b35cffdf-8926-4a6b-8118-48535e8cb8c0 1.458s
2025-06-27 18:43:41.815 61635 INFO tempest.lib.common.rest_client [req-1610b5ac-c508-484c-ac68-d332f06226f6 req-1610b5ac-c508-484c-ac68-d332f06226f6 ] Request (ServerGroup264TestJSON:tearDownClass): 204 DELETE http://10.180.1.21:9696/networking/v2.0/subnets/1bfd5364-5efb-4686-b12a-67906a8b847d 0.443s
2025-06-27 18:43:41.824 61603 INFO tempest.lib.common.rest_client [req-d7dcd459-3ba6-4f87-a7d8-65250e7acf0b req-d7dcd459-3ba6-4f87-a7d8-65250e7acf0b ] Request (ServersWithSpecificFlavorTestJSON:test_verify_created_server_ephemeral_disk): 200 GET http://10.180.1.21/compute/v2.1/servers/669be123-adf8-4146-a79f-370347e642c9 1.452s
2025-06-27 18:43:41.871 61647 INFO tempest.lib.common.rest_client [req-b8a696cf-c49c-4b67-9c54-8fc641fdab1d req-b8a696cf-c49c-4b67-9c54-8fc641fdab1d ] Request (FloatingIPsAssociationTestJSON:setUpClass): 200 GET http://10.180.1.21/compute/v2.1/servers/3bf420fa-ef3d-4d99-a0a8-379f59cafa1e 1.259s
2025-06-27 18:43:41.890 61615 INFO tempest.lib.common.rest_client [req-4aff7705-5a61-48e0-8138-70736065e3a5 req-4aff7705-5a61-48e0-8138-70736065e3a5 ] Request (ServerAddressesNegativeTestJSON:setUpClass): 200 GET http://10.180.1.21/compute/v2.1/servers/59b0bc79-1c06-441a-a114-5727e3dec5ef 1.272s
2025-06-27 18:43:41.942 61607 INFO tempest.lib.common.rest_client [req-e3f796b2-c36d-428e-bc4b-1e466fec2499 req-e3f796b2-c36d-428e-bc4b-1e466fec2499 ] Request (QuotasAdminNegativeTest:test_create_server_when_instances_quota_is_full): 200 PUT http://10.180.1.21/compute/v2.1/os-quota-sets/cb4155f4b59e4eacab69dc79e54d4537 1.298s
2025-06-27 18:43:41.957 61653 INFO tempest.lib.common.rest_client [req-65ebf819-47d8-4831-8736-51fdc5d0c7bd req-65ebf819-47d8-4831-8736-51fdc5d0c7bd ] Request (VolumesAdminNegativeTest:test_update_attached_volume_with_nonexistent_volume_in_body): 200 GET http://10.180.1.21/compute/v2.1/servers/b8c9bec1-bf00-4e2f-b845-68bf3d75e9f6 1.263s
2025-06-27 18:43:42.019 61611 INFO tempest.lib.common.rest_client [req-c1a7b102-f726-4859-ab50-e9e417d8322b req-c1a7b102-f726-4859-ab50-e9e417d8322b ] Request (AttachInterfacesV270Test:test_create_get_list_interfaces): 200 GET http://10.180.1.21/compute/v2.1/servers/b5e2c0eb-43ff-4e4d-ad2c-b1ce10b9a91e 1.281s
2025-06-27 18:43:42.020 61607 INFO tempest.lib.common.rest_client [req-3243d9f5-5d6a-4ecc-9166-ad45a353c4e8 req-3243d9f5-5d6a-4ecc-9166-ad45a353c4e8 ] Request (QuotasAdminNegativeTest:test_create_server_when_instances_quota_is_full): 201 POST http://10.180.1.21/identity/v3/auth/tokens 0.073s
2025-06-27 18:43:42.020 61607 INFO tempest.lib.common.fixed_network [-] (QuotasAdminNegativeTest:test_create_server_when_instances_quota_is_full) Found network None available for tenant
2025-06-27 18:43:42.030 61637 INFO tempest.lib.common.rest_client [req-af48af01-ec6a-4b88-897f-120af3187a97 req-af48af01-ec6a-4b88-897f-120af3187a97 ] Request (ServerGroupTestJSON:test_create_server_with_scheduler_hint_group): 200 GET http://10.180.1.21/compute/v2.1/servers/d1887728-4538-4639-a3e7-db235a2d4765 1.275s
2025-06-27 18:43:42.065 61613 INFO tempest.lib.common.rest_client [req-ae1fab19-3c78-4c46-8214-ebef496f42de req-ae1fab19-3c78-4c46-8214-ebef496f42de ] Request (KeyPairsNegativeTestJSON:test_create_keypair_with_duplicate_name): 409 POST http://10.180.1.21/compute/v2.1/os-keypairs 1.270s
2025-06-27 18:43:42.076 61625 INFO tempest.lib.common.rest_client [req-fb7315f0-2503-4c06-be85-22e94e07da97 req-fb7315f0-2503-4c06-be85-22e94e07da97 ] Request (HostsAdminNegativeTestJSON:test_reboot_nonexistent_host): 404 GET http://10.180.1.21/compute/v2.1/os-hosts/nonexistent_hostname/reboot 0.903s
2025-06-27 18:43:42.094 61627 INFO tempest.lib.common.rest_client [req-3b2a0850-0622-4d38-8d91-ee76abdca729 req-3b2a0850-0622-4d38-8d91-ee76abdca729 ] Request (ImagesNegativeTestJSON:test_create_image_from_deleted_server): 200 GET http://10.180.1.21/compute/v2.1/servers/0e648c1e-565d-44cd-a1f5-297b000e42cc 1.262s
2025-06-27 18:43:42.215 61621 INFO tempest.lib.common.rest_client [req-766d11c8-460d-4da0-b5f6-585f8b6f1fdc req-766d11c8-460d-4da0-b5f6-585f8b6f1fdc ] Request (ServerActionsV293TestJSON:setUpClass): 201 POST http://10.180.1.21:9696/networking/v2.0/routers 1.331s
2025-06-27 18:43:42.333 61635 INFO tempest.lib.common.rest_client [req-a3124622-1777-41bb-94c2-58ffa952fa5e req-a3124622-1777-41bb-94c2-58ffa952fa5e ] Request (ServerGroup264TestJSON:tearDownClass): 204 DELETE http://10.180.1.21:9696/networking/v2.0/networks/c28f9194-76b8-46a0-9eee-b0858eeaa6e2 0.518s
2025-06-27 18:43:42.432 61635 INFO tempest.lib.common.rest_client [req-fff2c0b3-abdd-479f-83d2-985b7068905a req-fff2c0b3-abdd-479f-83d2-985b7068905a ] Request (ServerGroup264TestJSON:tearDownClass): 204 DELETE http://10.180.1.21/identity/v3/users/bd0ae239464c46ccbbca859103649ba9 0.098s
2025-06-27 18:43:42.432 61635 INFO tempest.lib.common.dynamic_creds [-] Deleting project and security group for project: f18ff81440df4187886fc8bbc46bda61
2025-06-27 18:43:42.439 61595 INFO tempest.lib.common.rest_client [req-e8939f4b-c6b5-43d5-bd09-d8fcdb872565 req-e8939f4b-c6b5-43d5-bd09-d8fcdb872565 ] Request (SecurityGroupRulesTestJSON:tearDownClass): 204 DELETE http://10.180.1.21:9696/networking/v2.0/routers/3350db43-aa14-4c30-aa0f-5b8cf05443cd 1.195s
2025-06-27 18:43:42.484 61597 INFO tempest.lib.common.rest_client [req-5afac4b9-3c96-41f7-a02a-b553be950b3d req-5afac4b9-3c96-41f7-a02a-b553be950b3d ] Request (MigrationsAdminTest:test_list_migrations_in_flavor_resize_situation): 200 GET http://10.180.1.21/compute/v2.1/servers/ef6025e6-dbaf-4cc1-a068-5e2ca1c40254 1.212s
2025-06-27 18:43:42.488 61635 INFO tempest.lib.common.rest_client [req-b4252a8b-7b31-4197-a525-266444303c7b req-b4252a8b-7b31-4197-a525-266444303c7b ] Request (ServerGroup264TestJSON:tearDownClass): 200 GET http://10.180.1.21:9696/networking/v2.0/security-groups?tenant_id=f18ff81440df4187886fc8bbc46bda61&name=default 0.055s
2025-06-27 18:43:42.493 61633 INFO tempest.lib.common.rest_client [req-952f12db-a911-4d97-9682-b17a94a43f7e req-952f12db-a911-4d97-9682-b17a94a43f7e ] Request (TenantUsagesTestJSON:setUpClass): 200 GET http://10.180.1.21/compute/v2.1/servers/eed82b3f-6590-4677-a4a2-680d769400fd 1.259s
2025-06-27 18:43:42.513 61629 INFO tempest.lib.common.rest_client [req-47dc6381-7061-488b-b0e1-028b3a105c76 req-47dc6381-7061-488b-b0e1-028b3a105c76 ] Request (FlavorsAdminTestJSON:_run_cleanups): 202 DELETE http://10.180.1.21/compute/v2.1/flavors/940886613 1.040s
2025-06-27 18:43:42.608 61617 INFO tempest.lib.common.rest_client [req-89d6827f-d820-4072-a385-42b2ef0ea2ec req-89d6827f-d820-4072-a385-42b2ef0ea2ec ] Request (ServersAdmin275Test:test_rebuild_update_server_275): 200 GET http://10.180.1.21/compute/v2.1/servers/cf1a71aa-f864-4fbe-be59-b47322f62a0b 1.280s
2025-06-27 18:43:42.657 61635 INFO tempest.lib.common.rest_client [req-7bfa75ad-db0d-431e-aa02-2749262e92b5 req-7bfa75ad-db0d-431e-aa02-2749262e92b5 ] Request (ServerGroup264TestJSON:tearDownClass): 204 DELETE http://10.180.1.21:9696/networking/v2.0/security-groups/de2752be-b09b-475a-9f41-210c601c9971 0.169s
