2025-06-27 18:44:47.410 61645 INFO tempest.lib.common.rest_client [req-b080d6db-3c5b-4975-8331-b739220befee req-b080d6db-3c5b-4975-8331-b739220befee ] Request (ImagesTestJSON:test_create_image_from_stopped_server): 200 GET http://10.180.1.21/compute/v2.1/servers/63f196ce-f9ad-4120-a96a-fd6824af893b 0.098s
2025-06-27 18:44:47.441 61595 INFO tempest.lib.common.rest_client [req-0a727a3d-65f5-43ec-855c-ddd443346071 req-0a727a3d-65f5-43ec-855c-ddd443346071 ] Request (MultipleCreateTestJSON:test_multiple_create): 200 GET http://10.180.1.21/compute/v2.1/servers/35a37ff4-c3a4-404c-a6fa-934d5d2b3846 0.071s
2025-06-27 18:44:47.462 61603 INFO tempest.lib.common.rest_client [req-9a069142-7f6e-4eb8-adf6-a3341416f217 req-9a069142-7f6e-4eb8-adf6-a3341416f217 ] Request (ServersWithSpecificFlavorTestJSON:test_verify_created_server_ephemeral_disk): 200 GET http://10.180.1.21/compute/v2.1/servers/669be123-adf8-4146-a79f-370347e642c9 0.046s
2025-06-27 18:44:47.526 61597 INFO tempest.lib.common.rest_client [req-6d14a25e-d31c-4edd-bcbd-00e5eaedfced req-6d14a25e-d31c-4edd-bcbd-00e5eaedfced ] Request (MigrationsAdminTest:test_list_migrations_in_flavor_resize_situation): 200 GET http://10.180.1.21/compute/v2.1/servers/ef6025e6-dbaf-4cc1-a068-5e2ca1c40254 0.105s
2025-06-27 18:44:47.593 61639 INFO tempest.lib.common.rest_client [req-d8c37464-6c46-49da-9601-ac424adc589f req-d8c37464-6c46-49da-9601-ac424adc589f ] Request (DeleteServersAdminTestJSON:test_admin_delete_servers_of_others): 200 GET http://10.180.1.21/compute/v2.1/servers/bcf27023-1eb6-4846-9adc-2235c738cad6 0.091s
2025-06-27 18:44:47.606 61607 INFO tempest.lib.common.rest_client [req-5bc1a4c0-7826-4e04-8911-f9eaee7d1922 req-5bc1a4c0-7826-4e04-8911-f9eaee7d1922 ] Request (ImagesOneServerTestJSON:setUpClass): 200 GET http://10.180.1.21/compute/v2.1/servers/ba1b5aa0-1764-4ca3-b771-36ad0d765a24 0.044s
2025-06-27 18:44:47.680 61629 INFO tempest.lib.common.rest_client [req-3887541a-fcf0-443f-9fa4-463abe07dd9f req-3887541a-fcf0-443f-9fa4-463abe07dd9f ] Request (ServerDiagnosticsV248Test:test_get_server_diagnostics): 200 GET http://10.180.1.21/compute/v2.1/servers/4366b0b5-62ba-4681-9306-d2d9ff903c3a 0.049s
2025-06-27 18:44:47.688 61633 INFO tempest.lib.common.rest_client [req-9fac16e9-a217-418c-bef5-4eee9354a3f6 req-9fac16e9-a217-418c-bef5-4eee9354a3f6 ] Request (TenantUsagesTestJSON:setUpClass): 200 GET http://10.180.1.21/compute/v2.1/servers/eed82b3f-6590-4677-a4a2-680d769400fd 0.099s
2025-06-27 18:44:47.732 61647 INFO tempest.lib.common.rest_client [req-3c7dc20a-2af4-4fff-bed6-699847ecb610 req-3c7dc20a-2af4-4fff-bed6-699847ecb610 ] Request (FloatingIPsAssociationTestJSON:setUpClass): 200 GET http://10.180.1.21/compute/v2.1/servers/3bf420fa-ef3d-4d99-a0a8-379f59cafa1e 0.043s
2025-06-27 18:44:47.774 61631 INFO tempest.lib.common.rest_client [req-ebb80bc0-39c0-4cee-ac28-e57c0d7fb94d req-ebb80bc0-39c0-4cee-ac28-e57c0d7fb94d ] Request (AttachInterfacesTestJSON:test_create_list_show_delete_interfaces_by_fixed_ip): 200 GET http://10.180.1.21/compute/v2.1/servers/2d2dca63-8ab0-4420-90b0-38a330df8271 0.044s
2025-06-27 18:44:47.816 61653 INFO tempest.lib.common.rest_client [req-c6a9b1a0-605f-40c3-a390-5f50df5c9d97 req-c6a9b1a0-605f-40c3-a390-5f50df5c9d97 ] Request (VolumesAdminNegativeTest:test_update_attached_volume_with_nonexistent_volume_in_body): 200 GET http://10.180.1.21/compute/v2.1/servers/b8c9bec1-bf00-4e2f-b845-68bf3d75e9f6 0.046s
2025-06-27 18:44:47.860 61615 INFO tempest.lib.common.rest_client [req-c70bd8be-809c-457f-959b-a14a833ed83f req-c70bd8be-809c-457f-959b-a14a833ed83f ] Request (ServerAddressesNegativeTestJSON:setUpClass): 200 GET http://10.180.1.21/compute/v2.1/servers/59b0bc79-1c06-441a-a114-5727e3dec5ef 0.044s
2025-06-27 18:44:47.906 61637 INFO tempest.lib.common.rest_client [req-802c9467-ddc2-471d-807f-8f309165bc34 req-802c9467-ddc2-471d-807f-8f309165bc34 ] Request (ServerGroupTestJSON:test_create_server_with_scheduler_hint_group): 200 GET http://10.180.1.21/compute/v2.1/servers/d1887728-4538-4639-a3e7-db235a2d4765 0.047s
2025-06-27 18:44:47.944 61599 INFO tempest.lib.common.rest_client [req-fe10bc70-d26b-4efb-b5f6-7fcb51f5995c req-fe10bc70-d26b-4efb-b5f6-7fcb51f5995c ] Request (ImagesOneServerNegativeTestJSON:setUpClass): 200 GET http://10.180.1.21/compute/v2.1/servers/8cfa7077-6dcb-49f3-b187-9ad9f7c418ab 0.105s
2025-06-27 18:44:47.952 61611 INFO tempest.lib.common.rest_client [req-d5ecc63b-4c42-48be-9f4e-9f8b211e0bc2 req-d5ecc63b-4c42-48be-9f4e-9f8b211e0bc2 ] Request (AttachInterfacesV270Test:test_create_get_list_interfaces): 200 GET http://10.180.1.21/compute/v2.1/servers/b5e2c0eb-43ff-4e4d-ad2c-b1ce10b9a91e 0.067s
2025-06-27 18:44:47.985 61627 INFO tempest.lib.common.rest_client [req-dee06d22-cf09-4229-9df8-d5a0a135cc29 req-dee06d22-cf09-4229-9df8-d5a0a135cc29 ] Request (ImagesNegativeTestJSON:test_create_image_from_deleted_server): 200 GET http://10.180.1.21/compute/v2.1/servers/0e648c1e-565d-44cd-a1f5-297b000e42cc 0.052s
2025-06-27 18:44:48.037 61593 INFO tempest.lib.common.rest_client [req-f7d3f461-f71d-4293-9247-958524d6c7d8 req-f7d3f461-f71d-4293-9247-958524d6c7d8 ] Request (DeleteServersTestJSON:test_delete_active_server): 200 GET http://10.180.1.21/compute/v2.1/servers/2fb236e9-1c31-4bb9-91e8-cbe367e0a989 0.055s
2025-06-27 18:44:48.084 61655 INFO tempest.lib.common.rest_client [req-b8ec8b0c-0ed6-442d-b013-885318936114 req-b8ec8b0c-0ed6-442d-b013-885318936114 ] Request (SecurityGroupsTestJSON:test_list_security_groups_by_server): 200 GET http://10.180.1.21/compute/v2.1/servers/9f78f9fb-8733-42fe-beb0-9329bf154de8 0.057s
2025-06-27 18:44:48.129 61619 INFO tempest.lib.common.rest_client [req-389613e4-e28d-45f2-befd-be42301ca6d1 req-389613e4-e28d-45f2-befd-be42301ca6d1 ] Request (AttachInterfacesUnderV243Test:test_add_remove_fixed_ip): 200 GET http://10.180.1.21/compute/v2.1/servers/bdfedbb4-25a1-4941-afca-f325e489f9e3 0.093s
2025-06-27 18:44:48.142 61649 INFO tempest.lib.common.rest_client [req-8c3fd296-58b2-4f8d-b28e-74a68e39a276 req-8c3fd296-58b2-4f8d-b28e-74a68e39a276 ] Request (ServersTestJSON:setUpClass): 200 GET http://10.180.1.21/compute/v2.1/servers/9ca64659-93b6-4585-a7dc-f9152184144e 0.155s
2025-06-27 18:44:48.333 61617 INFO tempest.lib.common.rest_client [req-a67b90d3-182f-40c6-97a6-a7f86bce6720 req-a67b90d3-182f-40c6-97a6-a7f86bce6720 ] Request (ServersAdmin275Test:test_rebuild_update_server_275): 200 GET http://10.180.1.21/compute/v2.1/servers/cf1a71aa-f864-4fbe-be59-b47322f62a0b 0.234s
2025-06-27 18:44:48.341 61643 INFO tempest.lib.common.rest_client [req-17bb2b57-c672-41c5-9e59-b9b77c385e7e req-17bb2b57-c672-41c5-9e59-b9b77c385e7e ] Request (ServersTestBootFromVolume:setUpClass): 200 GET http://10.180.1.21/compute/v2.1/servers/ea6b8561-5072-4576-991c-034f106af2df 0.198s
2025-06-27 18:44:48.390 61601 INFO tempest.lib.common.rest_client [req-e2120e43-e7a7-48b5-9d49-6a0f746bff8f req-e2120e43-e7a7-48b5-9d49-6a0f746bff8f ] Request (AttachVolumeNegativeTest:test_attach_attached_volume_to_different_server): 200 GET http://10.180.1.21/compute/v2.1/servers/dd4a25f1-b8f0-43a1-8187-56eaddfdd08c 0.205s
2025-06-27 18:44:48.534 61641 INFO tempest.lib.common.rest_client [req-5b128e02-e028-45d5-9631-0b4b29b6e99c req-5b128e02-e028-45d5-9631-0b4b29b6e99c ] Request (ServerExternalEventsTest:test_create_server_external_events): 200 GET http://10.180.1.21/compute/v2.1/servers/b35cffdf-8926-4a6b-8118-48535e8cb8c0 0.278s
2025-06-27 18:44:48.552 61651 INFO tempest.lib.common.rest_client [req-861088a9-fcdd-41ff-ba12-170ab7482937 req-861088a9-fcdd-41ff-ba12-170ab7482937 ] Request (ServersTestMultiNic:test_verify_duplicate_network_nics): 200 GET http://10.180.1.21/compute/v2.1/servers/6a2bad10-6948-482a-803a-2da7cf733d49 0.392s
2025-06-27 18:44:48.581 61621 INFO tempest.lib.common.rest_client [req-4709953c-a3ce-49ac-968a-2bb2817348c3 req-4709953c-a3ce-49ac-968a-2bb2817348c3 ] Request (ServerActionsV293TestJSON:setUpClass): 200 GET http://10.180.1.21/compute/v2.1/servers/04b94227-4b90-4472-a367-39b8c5242558 0.323s
2025-06-27 18:44:48.593 61635 INFO tempest.lib.common.rest_client [req-d71ca723-7972-483b-85c2-44ea03e94428 req-d71ca723-7972-483b-85c2-44ea03e94428 ] Request (ServerRescueTestJSON:setUpClass): 200 GET http://10.180.1.21/compute/v2.1/servers/9f3ce44e-34b4-44b5-b2c9-25e66b715594 0.291s
2025-06-27 18:44:48.647 61605 INFO tempest.lib.common.rest_client [req-c64c9bd1-5036-44ab-8922-6569b551e76e req-c64c9bd1-5036-44ab-8922-6569b551e76e ] Request (ServersListShow296Test:test_list_show_update_rebuild_server_296): 200 GET http://10.180.1.21/compute/v2.1/servers/1df51a6d-1303-4c89-b61e-95070acf0772 0.237s
2025-06-27 18:44:48.676 61609 INFO tempest.lib.common.rest_client [req-52b25a61-96c1-4a61-a33f-49e78403cc06 req-52b25a61-96c1-4a61-a33f-49e78403cc06 ] Request (VolumesAssistedSnapshotsTest:test_volume_assisted_snapshot_create_delete): 200 GET http://10.180.1.21/compute/v2.1/servers/58e76dfc-e2f3-41ec-896a-faadb552c1ac 0.324s
2025-06-27 18:44:48.722 61595 INFO tempest.lib.common.rest_client [req-1ae10976-a2ad-4384-8873-bb096415fd4f req-1ae10976-a2ad-4384-8873-bb096415fd4f ] Request (MultipleCreateTestJSON:test_multiple_create): 200 GET http://10.180.1.21/compute/v2.1/servers/35a37ff4-c3a4-404c-a6fa-934d5d2b3846 0.272s
2025-06-27 18:44:48.767 61603 INFO tempest.lib.common.rest_client [req-72e7db4b-b844-4f2e-9c0b-6332c02d900f req-72e7db4b-b844-4f2e-9c0b-6332c02d900f ] Request (ServersWithSpecificFlavorTestJSON:test_verify_created_server_ephemeral_disk): 200 GET http://10.180.1.21/compute/v2.1/servers/669be123-adf8-4146-a79f-370347e642c9 0.297s
2025-06-27 18:44:48.792 61645 INFO tempest.lib.common.rest_client [req-8d12807e-4193-40e5-a39c-f027dc3d8f5f req-8d12807e-4193-40e5-a39c-f027dc3d8f5f ] Request (ImagesTestJSON:test_create_image_from_stopped_server): 200 GET http://10.180.1.21/compute/v2.1/servers/63f196ce-f9ad-4120-a96a-fd6824af893b 0.375s
2025-06-27 18:44:48.885 61597 INFO tempest.lib.common.rest_client [req-a1ab4f70-dd41-49a6-a787-036e034e1161 req-a1ab4f70-dd41-49a6-a787-036e034e1161 ] Request (MigrationsAdminTest:test_list_migrations_in_flavor_resize_situation): 200 GET http://10.180.1.21/compute/v2.1/servers/ef6025e6-dbaf-4cc1-a068-5e2ca1c40254 0.352s
2025-06-27 18:44:48.901 61639 INFO tempest.lib.common.rest_client [req-1b864b0b-316a-474a-99a3-4c4ed8361d04 req-1b864b0b-316a-474a-99a3-4c4ed8361d04 ] Request (DeleteServersAdminTestJSON:test_admin_delete_servers_of_others): 200 GET http://10.180.1.21/compute/v2.1/servers/bcf27023-1eb6-4846-9adc-2235c738cad6 0.300s
2025-06-27 18:44:48.934 61607 INFO tempest.lib.common.rest_client [req-b9577ca9-457f-4632-ae6f-cd6ac526b939 req-b9577ca9-457f-4632-ae6f-cd6ac526b939 ] Request (ImagesOneServerTestJSON:setUpClass): 200 GET http://10.180.1.21/compute/v2.1/servers/ba1b5aa0-1764-4ca3-b771-36ad0d765a24 0.320s
2025-06-27 18:44:48.943 61629 INFO tempest.lib.common.rest_client [req-aa75f010-3d4d-4375-8255-c9661771efeb req-aa75f010-3d4d-4375-8255-c9661771efeb ] Request (ServerDiagnosticsV248Test:test_get_server_diagnostics): 200 GET http://10.180.1.21/compute/v2.1/servers/4366b0b5-62ba-4681-9306-d2d9ff903c3a 0.254s
2025-06-27 18:44:48.991 61647 INFO tempest.lib.common.rest_client [req-1d6d8613-6e5f-40ce-801d-0442da6d639f req-1d6d8613-6e5f-40ce-801d-0442da6d639f ] Request (FloatingIPsAssociationTestJSON:setUpClass): 200 GET http://10.180.1.21/compute/v2.1/servers/3bf420fa-ef3d-4d99-a0a8-379f59cafa1e 0.249s
2025-06-27 18:44:49.039 61631 INFO tempest.lib.common.rest_client [req-c6e14ba2-cc31-4e7a-b105-581baeff2283 req-c6e14ba2-cc31-4e7a-b105-581baeff2283 ] Request (AttachInterfacesTestJSON:test_create_list_show_delete_interfaces_by_fixed_ip): 200 GET http://10.180.1.21/compute/v2.1/servers/2d2dca63-8ab0-4420-90b0-38a330df8271 0.257s
2025-06-27 18:44:49.044 61633 INFO tempest.lib.common.rest_client [req-bfc71ebd-0206-476d-8494-69c188ab254d req-bfc71ebd-0206-476d-8494-69c188ab254d ] Request (TenantUsagesTestJSON:setUpClass): 200 GET http://10.180.1.21/compute/v2.1/servers/eed82b3f-6590-4677-a4a2-680d769400fd 0.347s
2025-06-27 18:44:49.085 61653 INFO tempest.lib.common.rest_client [req-194e8f75-d90e-46c6-b241-556066a22d1e req-194e8f75-d90e-46c6-b241-556066a22d1e ] Request (VolumesAdminNegativeTest:test_update_attached_volume_with_nonexistent_volume_in_body): 200 GET http://10.180.1.21/compute/v2.1/servers/b8c9bec1-bf00-4e2f-b845-68bf3d75e9f6 0.260s
2025-06-27 18:44:49.092 61615 INFO tempest.lib.common.rest_client [req-002a745d-6969-4473-83b6-b7423933f2b6 req-002a745d-6969-4473-83b6-b7423933f2b6 ] Request (ServerAddressesNegativeTestJSON:setUpClass): 200 GET http://10.180.1.21/compute/v2.1/servers/59b0bc79-1c06-441a-a114-5727e3dec5ef 0.224s
2025-06-27 18:44:49.127 61637 INFO tempest.lib.common.rest_client [req-cc8e5f91-2c3c-41a8-9c97-77207eb797fe req-cc8e5f91-2c3c-41a8-9c97-77207eb797fe ] Request (ServerGroupTestJSON:test_create_server_with_scheduler_hint_group): 200 GET http://10.180.1.21/compute/v2.1/servers/d1887728-4538-4639-a3e7-db235a2d4765 0.212s
2025-06-27 18:44:49.176 61611 INFO tempest.lib.common.rest_client [req-3eebce1e-2f7d-4dee-8d74-a457dad4ed13 req-3eebce1e-2f7d-4dee-8d74-a457dad4ed13 ] Request (AttachInterfacesV270Test:test_create_get_list_interfaces): 200 GET http://10.180.1.21/compute/v2.1/servers/b5e2c0eb-43ff-4e4d-ad2c-b1ce10b9a91e 0.215s
2025-06-27 18:44:49.194 61599 INFO tempest.lib.common.rest_client [req-a3836539-6671-4614-8735-191008f91a27 req-a3836539-6671-4614-8735-191008f91a27 ] Request (ImagesOneServerNegativeTestJSON:setUpClass): 200 GET http://10.180.1.21/compute/v2.1/servers/8cfa7077-6dcb-49f3-b187-9ad9f7c418ab 0.243s
2025-06-27 18:44:49.216 61627 INFO tempest.lib.common.rest_client [req-aaf74f56-ec82-4393-aef7-ed0a1d502e5f req-aaf74f56-ec82-4393-aef7-ed0a1d502e5f ] Request (ImagesNegativeTestJSON:test_create_image_from_deleted_server): 200 GET http://10.180.1.21/compute/v2.1/servers/0e648c1e-565d-44cd-a1f5-297b000e42cc 0.224s
2025-06-27 18:44:49.234 61593 INFO tempest.lib.common.rest_client [req-9b2e1b36-0c4d-4e8e-a912-ed2760aea96b req-9b2e1b36-0c4d-4e8e-a912-ed2760aea96b ] Request (DeleteServersTestJSON:test_delete_active_server): 200 GET http://10.180.1.21/compute/v2.1/servers/2fb236e9-1c31-4bb9-91e8-cbe367e0a989 0.188s
2025-06-27 18:44:49.259 61655 INFO tempest.lib.common.rest_client [req-f7101a73-1c0f-4e4e-8b95-4e16f2a40770 req-f7101a73-1c0f-4e4e-8b95-4e16f2a40770 ] Request (SecurityGroupsTestJSON:test_list_security_groups_by_server): 200 GET http://10.180.1.21/compute/v2.1/servers/9f78f9fb-8733-42fe-beb0-9329bf154de8 0.166s
2025-06-27 18:44:49.274 61619 INFO tempest.lib.common.rest_client [req-7abdcca0-f7f6-4fbd-b109-5c808f3c2356 req-7abdcca0-f7f6-4fbd-b109-5c808f3c2356 ] Request (AttachInterfacesUnderV243Test:test_add_remove_fixed_ip): 200 GET http://10.180.1.21/compute/v2.1/servers/bdfedbb4-25a1-4941-afca-f325e489f9e3 0.137s
2025-06-27 18:44:49.340 61649 INFO tempest.lib.common.rest_client [req-91fa7406-a823-40d9-8a4a-2a1ebdfcb4e0 req-91fa7406-a823-40d9-8a4a-2a1ebdfcb4e0 ] Request (ServersTestJSON:setUpClass): 200 GET http://10.180.1.21/compute/v2.1/servers/9ca64659-93b6-4585-a7dc-f9152184144e 0.190s
2025-06-27 18:44:49.403 61643 INFO tempest.lib.common.rest_client [req-8baddeea-3883-474f-8540-79feb75dce6b req-8baddeea-3883-474f-8540-79feb75dce6b ] Request (ServersTestBootFromVolume:setUpClass): 200 GET http://10.180.1.21/compute/v2.1/servers/ea6b8561-5072-4576-991c-034f106af2df 0.056s
2025-06-27 18:44:49.406 61617 INFO tempest.lib.common.rest_client [req-2cd934e1-a0d3-4e43-a710-94c1ed5075c3 req-2cd934e1-a0d3-4e43-a710-94c1ed5075c3 ] Request (ServersAdmin275Test:test_rebuild_update_server_275): 200 GET http://10.180.1.21/compute/v2.1/servers/cf1a71aa-f864-4fbe-be59-b47322f62a0b 0.062s
2025-06-27 18:44:49.445 61601 INFO tempest.lib.common.rest_client [req-ba2dd4ad-a8a2-4db4-853d-43fb7ab801a7 req-ba2dd4ad-a8a2-4db4-853d-43fb7ab801a7 ] Request (AttachVolumeNegativeTest:test_attach_attached_volume_to_different_server): 200 GET http://10.180.1.21/compute/v2.1/servers/dd4a25f1-b8f0-43a1-8187-56eaddfdd08c 0.047s
2025-06-27 18:44:49.696 61651 INFO tempest.lib.common.rest_client [req-a7b236d7-6449-487c-ad33-753dd8e39507 req-a7b236d7-6449-487c-ad33-753dd8e39507 ] Request (ServersTestMultiNic:test_verify_duplicate_network_nics): 200 GET http://10.180.1.21/compute/v2.1/servers/6a2bad10-6948-482a-803a-2da7cf733d49 0.136s
2025-06-27 18:44:49.717 61641 INFO tempest.lib.common.rest_client [req-7fec2bf7-d711-4415-8b44-016281498938 req-7fec2bf7-d711-4415-8b44-016281498938 ] Request (ServerExternalEventsTest:test_create_server_external_events): 200 GET http://10.180.1.21/compute/v2.1/servers/b35cffdf-8926-4a6b-8118-48535e8cb8c0 0.175s
2025-06-27 18:44:49.741 61621 INFO tempest.lib.common.rest_client [req-e3f198b4-874d-4b81-8403-bae2b45b0df4 req-e3f198b4-874d-4b81-8403-bae2b45b0df4 ] Request (ServerActionsV293TestJSON:setUpClass): 200 GET http://10.180.1.21/compute/v2.1/servers/04b94227-4b90-4472-a367-39b8c5242558 0.149s
2025-06-27 18:44:49.760 61635 INFO tempest.lib.common.rest_client [req-4eed2c24-78f9-493b-ab0f-f62dcab05055 req-4eed2c24-78f9-493b-ab0f-f62dcab05055 ] Request (ServerRescueTestJSON:setUpClass): 200 GET http://10.180.1.21/compute/v2.1/servers/9f3ce44e-34b4-44b5-b2c9-25e66b715594 0.159s
2025-06-27 18:44:49.791 61605 INFO tempest.lib.common.rest_client [req-818c6cc2-ca5e-4a4d-9321-9a296f06d7b3 req-818c6cc2-ca5e-4a4d-9321-9a296f06d7b3 ] Request (ServersListShow296Test:test_list_show_update_rebuild_server_296): 200 GET http://10.180.1.21/compute/v2.1/servers/1df51a6d-1303-4c89-b61e-95070acf0772 0.133s
2025-06-27 18:44:49.834 61595 INFO tempest.lib.common.rest_client [req-5bc92832-50ac-4b4b-8a47-076dd63ac0f6 req-5bc92832-50ac-4b4b-8a47-076dd63ac0f6 ] Request (MultipleCreateTestJSON:test_multiple_create): 200 GET http://10.180.1.21/compute/v2.1/servers/35a37ff4-c3a4-404c-a6fa-934d5d2b3846 0.104s
2025-06-27 18:44:49.887 61603 INFO tempest.lib.common.rest_client [req-68340221-2226-41c7-9d14-1d61bfd2f29d req-68340221-2226-41c7-9d14-1d61bfd2f29d ] Request (ServersWithSpecificFlavorTestJSON:test_verify_created_server_ephemeral_disk): 200 GET http://10.180.1.21/compute/v2.1/servers/669be123-adf8-4146-a79f-370347e642c9 0.112s
2025-06-27 18:44:49.908 61609 INFO tempest.lib.common.rest_client [req-b727034f-566f-4e8c-90b6-bfadb9b6e395 req-b727034f-566f-4e8c-90b6-bfadb9b6e395 ] Request (VolumesAssistedSnapshotsTest:test_volume_assisted_snapshot_create_delete): 200 GET http://10.180.1.21/compute/v2.1/servers/58e76dfc-e2f3-41ec-896a-faadb552c1ac 0.224s
2025-06-27 18:44:50.008 61645 INFO tempest.lib.common.rest_client [req-1d7e7158-cd96-42d8-9850-23085ffdbb2b req-1d7e7158-cd96-42d8-9850-23085ffdbb2b ] Request (ImagesTestJSON:test_create_image_from_stopped_server): 200 GET http://10.180.1.21/compute/v2.1/servers/63f196ce-f9ad-4120-a96a-fd6824af893b 0.208s
2025-06-27 18:44:50.016 61597 INFO tempest.lib.common.rest_client [req-b1e3f8f2-5c81-4b90-8767-0d3d4df4092c req-b1e3f8f2-5c81-4b90-8767-0d3d4df4092c ] Request (MigrationsAdminTest:test_list_migrations_in_flavor_resize_situation): 200 GET http://10.180.1.21/compute/v2.1/servers/ef6025e6-dbaf-4cc1-a068-5e2ca1c40254 0.124s
2025-06-27 18:44:50.068 61607 INFO tempest.lib.common.rest_client [req-f3a84ac6-f137-485e-9106-30e42e41459d req-f3a84ac6-f137-485e-9106-30e42e41459d ] Request (ImagesOneServerTestJSON:setUpClass): 200 GET http://10.180.1.21/compute/v2.1/servers/ba1b5aa0-1764-4ca3-b771-36ad0d765a24 0.126s
2025-06-27 18:44:50.119 61629 INFO tempest.lib.common.rest_client [req-47db5f5c-69b0-422a-8d0b-d9cf6d8ed367 req-47db5f5c-69b0-422a-8d0b-d9cf6d8ed367 ] Request (ServerDiagnosticsV248Test:test_get_server_diagnostics): 200 GET http://10.180.1.21/compute/v2.1/servers/4366b0b5-62ba-4681-9306-d2d9ff903c3a 0.167s
2025-06-27 18:44:50.121 61639 INFO tempest.lib.common.rest_client [req-c1ef1f5f-2508-470e-b735-1e695d62919e req-c1ef1f5f-2508-470e-b735-1e695d62919e ] Request (DeleteServersAdminTestJSON:test_admin_delete_servers_of_others): 200 GET http://10.180.1.21/compute/v2.1/servers/bcf27023-1eb6-4846-9adc-2235c738cad6 0.212s
2025-06-27 18:44:50.167 61647 INFO tempest.lib.common.rest_client [req-92cd3c3a-0560-4545-9669-28d5b831fabf req-92cd3c3a-0560-4545-9669-28d5b831fabf ] Request (FloatingIPsAssociationTestJSON:setUpClass): 200 GET http://10.180.1.21/compute/v2.1/servers/3bf420fa-ef3d-4d99-a0a8-379f59cafa1e 0.168s
2025-06-27 18:44:50.176 61631 INFO tempest.lib.common.rest_client [req-4e239c02-68b7-44bf-ac13-cb8be8bd5c79 req-4e239c02-68b7-44bf-ac13-cb8be8bd5c79 ] Request (AttachInterfacesTestJSON:test_create_list_show_delete_interfaces_by_fixed_ip): 200 GET http://10.180.1.21/compute/v2.1/servers/2d2dca63-8ab0-4420-90b0-38a330df8271 0.129s
2025-06-27 18:44:50.230 61653 INFO tempest.lib.common.rest_client [req-7430205c-a8f6-455f-8b32-a5f3eceeda90 req-7430205c-a8f6-455f-8b32-a5f3eceeda90 ] Request (VolumesAdminNegativeTest:test_update_attached_volume_with_nonexistent_volume_in_body): 200 GET http://10.180.1.21/compute/v2.1/servers/b8c9bec1-bf00-4e2f-b845-68bf3d75e9f6 0.137s
2025-06-27 18:44:50.274 61615 INFO tempest.lib.common.rest_client [req-594de658-4b67-4cb7-ad55-a4af22f28782 req-594de658-4b67-4cb7-ad55-a4af22f28782 ] Request (ServerAddressesNegativeTestJSON:setUpClass): 200 GET http://10.180.1.21/compute/v2.1/servers/59b0bc79-1c06-441a-a114-5727e3dec5ef 0.174s
2025-06-27 18:44:50.278 61633 INFO tempest.lib.common.rest_client [req-0b0e71f2-0ce0-4d45-ba14-d603fb0d662b req-0b0e71f2-0ce0-4d45-ba14-d603fb0d662b ] Request (TenantUsagesTestJSON:setUpClass): 200 GET http://10.180.1.21/compute/v2.1/servers/eed82b3f-6590-4677-a4a2-680d769400fd 0.227s
2025-06-27 18:44:50.325 61637 INFO tempest.lib.common.rest_client [req-3403cacd-0dc7-400d-97b1-b57065e53a6c req-3403cacd-0dc7-400d-97b1-b57065e53a6c ] Request (ServerGroupTestJSON:test_create_server_with_scheduler_hint_group): 200 GET http://10.180.1.21/compute/v2.1/servers/d1887728-4538-4639-a3e7-db235a2d4765 0.191s
2025-06-27 18:44:50.334 61611 INFO tempest.lib.common.rest_client [req-9ae9c582-8e6f-47a4-910d-c4c7a1ad2b6e req-9ae9c582-8e6f-47a4-910d-c4c7a1ad2b6e ] Request (AttachInterfacesV270Test:test_create_get_list_interfaces): 200 GET http://10.180.1.21/compute/v2.1/servers/b5e2c0eb-43ff-4e4d-ad2c-b1ce10b9a91e 0.141s
2025-06-27 18:44:50.387 61627 INFO tempest.lib.common.rest_client [req-3ac0af97-bb4b-43cb-9654-383694a7326e req-3ac0af97-bb4b-43cb-9654-383694a7326e ] Request (ImagesNegativeTestJSON:test_create_image_from_deleted_server): 200 GET http://10.180.1.21/compute/v2.1/servers/0e648c1e-565d-44cd-a1f5-297b000e42cc 0.163s
2025-06-27 18:44:50.434 61593 INFO tempest.lib.common.rest_client [req-906a10ac-d80a-41d9-b2d5-55130a08456b req-906a10ac-d80a-41d9-b2d5-55130a08456b ] Request (DeleteServersTestJSON:test_delete_active_server): 200 GET http://10.180.1.21/compute/v2.1/servers/2fb236e9-1c31-4bb9-91e8-cbe367e0a989 0.191s
2025-06-27 18:44:50.437 61599 INFO tempest.lib.common.rest_client [req-1e25d4b4-8c0b-4604-be3f-66e715626f81 req-1e25d4b4-8c0b-4604-be3f-66e715626f81 ] Request (ImagesOneServerNegativeTestJSON:setUpClass): 200 GET http://10.180.1.21/compute/v2.1/servers/8cfa7077-6dcb-49f3-b187-9ad9f7c418ab 0.236s
2025-06-27 18:44:50.485 61655 INFO tempest.lib.common.rest_client [req-013cdd25-1552-42e8-af26-4677fb393f4b req-013cdd25-1552-42e8-af26-4677fb393f4b ] Request (SecurityGroupsTestJSON:test_list_security_groups_by_server): 200 GET http://10.180.1.21/compute/v2.1/servers/9f78f9fb-8733-42fe-beb0-9329bf154de8 0.219s
2025-06-27 18:44:50.492 61619 INFO tempest.lib.common.rest_client [req-efe650b8-ade8-40ac-8603-045ef96bb933 req-efe650b8-ade8-40ac-8603-045ef96bb933 ] Request (AttachInterfacesUnderV243Test:test_add_remove_fixed_ip): 200 GET http://10.180.1.21/compute/v2.1/servers/bdfedbb4-25a1-4941-afca-f325e489f9e3 0.211s
2025-06-27 18:44:50.544 61643 INFO tempest.lib.common.rest_client [req-554ce83d-df29-4a12-b584-9ed6c059b5ee req-554ce83d-df29-4a12-b584-9ed6c059b5ee ] Request (ServersTestBootFromVolume:setUpClass): 200 GET http://10.180.1.21/compute/v2.1/servers/ea6b8561-5072-4576-991c-034f106af2df 0.132s
2025-06-27 18:44:50.594 61649 INFO tempest.lib.common.rest_client [req-93f9bd33-60eb-42d9-bf68-e59fb3121593 req-93f9bd33-60eb-42d9-bf68-e59fb3121593 ] Request (ServersTestJSON:setUpClass): 200 GET http://10.180.1.21/compute/v2.1/servers/9ca64659-93b6-4585-a7dc-f9152184144e 0.248s
2025-06-27 18:44:50.595 61617 INFO tempest.lib.common.rest_client [req-b3981335-c979-475a-a33a-60acbb4ba96c req-b3981335-c979-475a-a33a-60acbb4ba96c ] Request (ServersAdmin275Test:test_rebuild_update_server_275): 200 GET http://10.180.1.21/compute/v2.1/servers/cf1a71aa-f864-4fbe-be59-b47322f62a0b 0.179s
2025-06-27 18:44:50.637 61601 INFO tempest.lib.common.rest_client [req-f32adc1f-a9ce-4785-8909-76ed993da317 req-f32adc1f-a9ce-4785-8909-76ed993da317 ] Request (AttachVolumeNegativeTest:test_attach_attached_volume_to_different_server): 200 GET http://10.180.1.21/compute/v2.1/servers/dd4a25f1-b8f0-43a1-8187-56eaddfdd08c 0.184s
2025-06-27 18:44:50.831 61651 INFO tempest.lib.common.rest_client [req-b883c0eb-1fbe-4c01-8be6-0227ed674dd3 req-b883c0eb-1fbe-4c01-8be6-0227ed674dd3 ] Request (ServersTestMultiNic:test_verify_duplicate_network_nics): 200 GET http://10.180.1.21/compute/v2.1/servers/6a2bad10-6948-482a-803a-2da7cf733d49 0.127s
2025-06-27 18:44:50.849 61641 INFO tempest.lib.common.rest_client [req-18db5a86-559c-49b6-b0e9-057b45f26e59 req-18db5a86-559c-49b6-b0e9-057b45f26e59 ] Request (ServerExternalEventsTest:test_create_server_external_events): 200 GET http://10.180.1.21/compute/v2.1/servers/b35cffdf-8926-4a6b-8118-48535e8cb8c0 0.123s
2025-06-27 18:44:50.878 61621 INFO tempest.lib.common.rest_client [req-e0a30cb2-e713-42c7-b387-f650e657bbe9 req-e0a30cb2-e713-42c7-b387-f650e657bbe9 ] Request (ServerActionsV293TestJSON:setUpClass): 200 GET http://10.180.1.21/compute/v2.1/servers/04b94227-4b90-4472-a367-39b8c5242558 0.127s
2025-06-27 18:44:50.890 61635 INFO tempest.lib.common.rest_client [req-d36fd4e7-8156-435b-b1db-73a4104d13d8 req-d36fd4e7-8156-435b-b1db-73a4104d13d8 ] Request (ServerRescueTestJSON:setUpClass): 200 GET http://10.180.1.21/compute/v2.1/servers/9f3ce44e-34b4-44b5-b2c9-25e66b715594 0.122s
2025-06-27 18:44:50.928 61605 INFO tempest.lib.common.rest_client [req-dd4e644d-1af2-44d2-926e-1ecc5d771268 req-dd4e644d-1af2-44d2-926e-1ecc5d771268 ] Request (ServersListShow296Test:test_list_show_update_rebuild_server_296): 200 GET http://10.180.1.21/compute/v2.1/servers/1df51a6d-1303-4c89-b61e-95070acf0772 0.126s
2025-06-27 18:44:50.938 61595 INFO tempest.lib.common.rest_client [req-1620902c-fa66-4345-9136-7ca4ee44a988 req-1620902c-fa66-4345-9136-7ca4ee44a988 ] Request (MultipleCreateTestJSON:test_multiple_create): 200 GET http://10.180.1.21/compute/v2.1/servers/35a37ff4-c3a4-404c-a6fa-934d5d2b3846 0.096s
2025-06-27 18:44:50.973 61603 INFO tempest.lib.common.rest_client [req-19b6be5d-35d3-4265-9545-32fc605b85df req-19b6be5d-35d3-4265-9545-32fc605b85df ] Request (ServersWithSpecificFlavorTestJSON:test_verify_created_server_ephemeral_disk): 200 GET http://10.180.1.21/compute/v2.1/servers/669be123-adf8-4146-a79f-370347e642c9 0.077s
2025-06-27 18:44:51.022 61609 INFO tempest.lib.common.rest_client [req-6adcedb4-4f0d-4dc0-baca-80740b3dee31 req-6adcedb4-4f0d-4dc0-baca-80740b3dee31 ] Request (VolumesAssistedSnapshotsTest:test_volume_assisted_snapshot_create_delete): 200 GET http://10.180.1.21/compute/v2.1/servers/58e76dfc-e2f3-41ec-896a-faadb552c1ac 0.105s
2025-06-27 18:44:51.145 61645 INFO tempest.lib.common.rest_client [req-9b521053-e750-4b37-ac6a-4d1ea9ba1503 req-9b521053-e750-4b37-ac6a-4d1ea9ba1503 ] Request (ImagesTestJSON:test_create_image_from_stopped_server): 200 GET http://10.180.1.21/compute/v2.1/servers/63f196ce-f9ad-4120-a96a-fd6824af893b 0.129s
2025-06-27 18:44:51.147 61597 INFO tempest.lib.common.rest_client [req-38266eab-c3c1-4ae7-a64c-4ff3c00f8d76 req-38266eab-c3c1-4ae7-a64c-4ff3c00f8d76 ] Request (MigrationsAdminTest:test_list_migrations_in_flavor_resize_situation): 200 GET http://10.180.1.21/compute/v2.1/servers/ef6025e6-dbaf-4cc1-a068-5e2ca1c40254 0.124s
2025-06-27 18:44:51.199 61607 INFO tempest.lib.common.rest_client [req-3efbd036-ad7d-4ddf-add1-f6e91d385fe1 req-3efbd036-ad7d-4ddf-add1-f6e91d385fe1 ] Request (ImagesOneServerTestJSON:setUpClass): 200 GET http://10.180.1.21/compute/v2.1/servers/ba1b5aa0-1764-4ca3-b771-36ad0d765a24 0.123s
2025-06-27 18:44:51.201 61629 INFO tempest.lib.common.rest_client [req-ad8f1bbf-3cab-4f92-b2de-bc865c6b9e9f req-ad8f1bbf-3cab-4f92-b2de-bc865c6b9e9f ] Request (ServerDiagnosticsV248Test:test_get_server_diagnostics): 200 GET http://10.180.1.21/compute/v2.1/servers/4366b0b5-62ba-4681-9306-d2d9ff903c3a 0.073s
2025-06-27 18:44:51.254 61647 INFO tempest.lib.common.rest_client [req-0afcb0aa-a475-4e22-8fa9-1953ed0fb8c9 req-0afcb0aa-a475-4e22-8fa9-1953ed0fb8c9 ] Request (FloatingIPsAssociationTestJSON:setUpClass): 200 GET http://10.180.1.21/compute/v2.1/servers/3bf420fa-ef3d-4d99-a0a8-379f59cafa1e 0.080s
2025-06-27 18:44:51.301 61631 INFO tempest.lib.common.rest_client [req-bc3afd94-140f-478f-9b1a-8242e8e42a41 req-bc3afd94-140f-478f-9b1a-8242e8e42a41 ] Request (AttachInterfacesTestJSON:test_create_list_show_delete_interfaces_by_fixed_ip): 200 GET http://10.180.1.21/compute/v2.1/servers/2d2dca63-8ab0-4420-90b0-38a330df8271 0.118s
2025-06-27 18:44:51.307 61639 INFO tempest.lib.common.rest_client [req-9f1fd3e2-aea5-40a7-aae3-3fdc181d97da req-9f1fd3e2-aea5-40a7-aae3-3fdc181d97da ] Request (DeleteServersAdminTestJSON:test_admin_delete_servers_of_others): 200 GET http://10.180.1.21/compute/v2.1/servers/bcf27023-1eb6-4846-9adc-2235c738cad6 0.178s
2025-06-27 18:44:51.362 61653 INFO tempest.lib.common.rest_client [req-6bf7057a-74a4-4706-ae38-70a95c8c1152 req-6bf7057a-74a4-4706-ae38-70a95c8c1152 ] Request (VolumesAdminNegativeTest:test_update_attached_volume_with_nonexistent_volume_in_body): 200 GET http://10.180.1.21/compute/v2.1/servers/b8c9bec1-bf00-4e2f-b845-68bf3d75e9f6 0.124s
2025-06-27 18:44:51.362 61615 INFO tempest.lib.common.rest_client [req-104c1f08-fc7d-41a1-9070-fac12412836b req-104c1f08-fc7d-41a1-9070-fac12412836b ] Request (ServerAddressesNegativeTestJSON:setUpClass): 200 GET http://10.180.1.21/compute/v2.1/servers/59b0bc79-1c06-441a-a114-5727e3dec5ef 0.080s
2025-06-27 18:44:51.409 61637 INFO tempest.lib.common.rest_client [req-160bef4d-0605-4f6d-aea9-5b0f728507b8 req-160bef4d-0605-4f6d-aea9-5b0f728507b8 ] Request (ServerGroupTestJSON:test_create_server_with_scheduler_hint_group): 200 GET http://10.180.1.21/compute/v2.1/servers/d1887728-4538-4639-a3e7-db235a2d4765 0.075s
2025-06-27 18:44:51.459 61611 INFO tempest.lib.common.rest_client [req-02829b8c-8fcf-48c1-9918-7fb56b5c895d req-02829b8c-8fcf-48c1-9918-7fb56b5c895d ] Request (AttachInterfacesV270Test:test_create_get_list_interfaces): 200 GET http://10.180.1.21/compute/v2.1/servers/b5e2c0eb-43ff-4e4d-ad2c-b1ce10b9a91e 0.116s
2025-06-27 18:44:51.471 61633 INFO tempest.lib.common.rest_client [req-1452cee2-e591-4027-bc95-1a95146a4e02 req-1452cee2-e591-4027-bc95-1a95146a4e02 ] Request (TenantUsagesTestJSON:setUpClass): 200 GET http://10.180.1.21/compute/v2.1/servers/eed82b3f-6590-4677-a4a2-680d769400fd 0.185s
2025-06-27 18:44:51.501 61627 INFO tempest.lib.common.rest_client [req-b389bde5-6151-4cc2-bc4a-1bcf3ec89e84 req-b389bde5-6151-4cc2-bc4a-1bcf3ec89e84 ] Request (ImagesNegativeTestJSON:test_create_image_from_deleted_server): 200 GET http://10.180.1.21/compute/v2.1/servers/0e648c1e-565d-44cd-a1f5-297b000e42cc 0.106s
2025-06-27 18:44:51.512 61593 INFO tempest.lib.common.rest_client [req-f18d774b-d86c-4356-8680-130ae221a93c req-f18d774b-d86c-4356-8680-130ae221a93c ] Request (DeleteServersTestJSON:test_delete_active_server): 200 GET http://10.180.1.21/compute/v2.1/servers/2fb236e9-1c31-4bb9-91e8-cbe367e0a989 0.070s
2025-06-27 18:44:51.557 61655 INFO tempest.lib.common.rest_client [req-baa897f1-90ef-4009-82d6-87ea6ea14609 req-baa897f1-90ef-4009-82d6-87ea6ea14609 ] Request (SecurityGroupsTestJSON:test_list_security_groups_by_server): 200 GET http://10.180.1.21/compute/v2.1/servers/9f78f9fb-8733-42fe-beb0-9329bf154de8 0.064s
2025-06-27 18:44:51.601 61619 INFO tempest.lib.common.rest_client [req-188b1631-62fb-4b64-938b-80502446886c req-188b1631-62fb-4b64-938b-80502446886c ] Request (AttachInterfacesUnderV243Test:test_add_remove_fixed_ip): 200 GET http://10.180.1.21/compute/v2.1/servers/bdfedbb4-25a1-4941-afca-f325e489f9e3 0.102s
2025-06-27 18:44:51.647 61643 INFO tempest.lib.common.rest_client [req-5760e19b-cc7e-4423-9012-02f11397b546 req-5760e19b-cc7e-4423-9012-02f11397b546 ] Request (ServersTestBootFromVolume:setUpClass): 200 GET http://10.180.1.21/compute/v2.1/servers/ea6b8561-5072-4576-991c-034f106af2df 0.095s
2025-06-27 18:44:51.657 61599 INFO tempest.lib.common.rest_client [req-d44ff006-fba9-49b4-bde5-71f8de700787 req-d44ff006-fba9-49b4-bde5-71f8de700787 ] Request (ImagesOneServerNegativeTestJSON:setUpClass): 200 GET http://10.180.1.21/compute/v2.1/servers/8cfa7077-6dcb-49f3-b187-9ad9f7c418ab 0.211s
2025-06-27 18:44:51.709 61617 INFO tempest.lib.common.rest_client [req-ce268883-c0fe-44c6-bd3f-b98f3920dbeb req-ce268883-c0fe-44c6-bd3f-b98f3920dbeb ] Request (ServersAdmin275Test:test_rebuild_update_server_275): 200 GET http://10.180.1.21/compute/v2.1/servers/cf1a71aa-f864-4fbe-be59-b47322f62a0b 0.103s
2025-06-27 18:44:51.754 61601 INFO tempest.lib.common.rest_client [req-cc0a0d73-d207-46d3-9374-fe600d4b93ef req-cc0a0d73-d207-46d3-9374-fe600d4b93ef ] Request (AttachVolumeNegativeTest:test_attach_attached_volume_to_different_server): 200 GET http://10.180.1.21/compute/v2.1/servers/dd4a25f1-b8f0-43a1-8187-56eaddfdd08c 0.109s
2025-06-27 18:44:51.757 61649 INFO tempest.lib.common.rest_client [req-42a63640-bf72-426b-a449-0f99aacff393 req-42a63640-bf72-426b-a449-0f99aacff393 ] Request (ServersTestJSON:setUpClass): 200 GET http://10.180.1.21/compute/v2.1/servers/9ca64659-93b6-4585-a7dc-f9152184144e 0.154s
2025-06-27 18:44:51.995 61651 INFO tempest.lib.common.rest_client [req-8f722d0b-43da-43ef-bd63-939f16a6e179 req-8f722d0b-43da-43ef-bd63-939f16a6e179 ] Request (ServersTestMultiNic:test_verify_duplicate_network_nics): 200 GET http://10.180.1.21/compute/v2.1/servers/6a2bad10-6948-482a-803a-2da7cf733d49 0.155s
2025-06-27 18:44:52.000 61641 INFO tempest.lib.common.rest_client [req-0618f07f-6a0f-4782-b2d0-2a7e218fabae req-0618f07f-6a0f-4782-b2d0-2a7e218fabae ] Request (ServerExternalEventsTest:test_create_server_external_events): 200 GET http://10.180.1.21/compute/v2.1/servers/b35cffdf-8926-4a6b-8118-48535e8cb8c0 0.142s
2025-06-27 18:44:52.049 61621 INFO tempest.lib.common.rest_client [req-dbd829ed-8561-4455-992e-527e6afcbf75 req-dbd829ed-8561-4455-992e-527e6afcbf75 ] Request (ServerActionsV293TestJSON:setUpClass): 200 GET http://10.180.1.21/compute/v2.1/servers/04b94227-4b90-4472-a367-39b8c5242558 0.161s
2025-06-27 18:44:52.052 61635 INFO tempest.lib.common.rest_client [req-ff4222de-a2a4-4de7-83e3-1022629ae52d req-ff4222de-a2a4-4de7-83e3-1022629ae52d ] Request (ServerRescueTestJSON:setUpClass): 200 GET http://10.180.1.21/compute/v2.1/servers/9f3ce44e-34b4-44b5-b2c9-25e66b715594 0.154s
2025-06-27 18:44:52.099 61595 INFO tempest.lib.common.rest_client [req-25670d41-e38a-421c-af2b-bddec5708c1f req-25670d41-e38a-421c-af2b-bddec5708c1f ] Request (MultipleCreateTestJSON:test_multiple_create): 200 GET http://10.180.1.21/compute/v2.1/servers/35a37ff4-c3a4-404c-a6fa-934d5d2b3846 0.153s
2025-06-27 18:44:52.110 61605 INFO tempest.lib.common.rest_client [req-a8dd0004-c3fd-4244-99ba-9278613c8942 req-a8dd0004-c3fd-4244-99ba-9278613c8942 ] Request (ServersListShow296Test:test_list_show_update_rebuild_server_296): 200 GET http://10.180.1.21/compute/v2.1/servers/1df51a6d-1303-4c89-b61e-95070acf0772 0.171s
2025-06-27 18:44:52.141 61603 INFO tempest.lib.common.rest_client [req-de26bb2c-4f40-4308-ace9-f8938e303eef req-de26bb2c-4f40-4308-ace9-f8938e303eef ] Request (ServersWithSpecificFlavorTestJSON:test_verify_created_server_ephemeral_disk): 200 GET http://10.180.1.21/compute/v2.1/servers/669be123-adf8-4146-a79f-370347e642c9 0.160s
2025-06-27 18:44:52.223 61609 INFO tempest.lib.common.rest_client [req-afa0d03c-18b8-4f17-949f-b9c78cc0f8a5 req-afa0d03c-18b8-4f17-949f-b9c78cc0f8a5 ] Request (VolumesAssistedSnapshotsTest:test_volume_assisted_snapshot_create_delete): 200 GET http://10.180.1.21/compute/v2.1/servers/58e76dfc-e2f3-41ec-896a-faadb552c1ac 0.193s
2025-06-27 18:44:52.243 61645 INFO tempest.lib.common.rest_client [req-9fbcc4d5-07e1-4f18-bd73-1bc9f17133a2 req-9fbcc4d5-07e1-4f18-bd73-1bc9f17133a2 ] Request (ImagesTestJSON:test_create_image_from_stopped_server): 200 GET http://10.180.1.21/compute/v2.1/servers/63f196ce-f9ad-4120-a96a-fd6824af893b 0.090s
2025-06-27 18:44:52.291 61607 INFO tempest.lib.common.rest_client [req-778abf8a-a1f0-4950-8ddc-026bd0276b01 req-778abf8a-a1f0-4950-8ddc-026bd0276b01 ] Request (ImagesOneServerTestJSON:setUpClass): 200 GET http://10.180.1.21/compute/v2.1/servers/ba1b5aa0-1764-4ca3-b771-36ad0d765a24 0.085s
2025-06-27 18:44:52.318 61597 INFO tempest.lib.common.rest_client [req-d27bf76f-2878-490b-b27d-ef2303d2265d req-d27bf76f-2878-490b-b27d-ef2303d2265d ] Request (MigrationsAdminTest:test_list_migrations_in_flavor_resize_situation): 200 GET http://10.180.1.21/compute/v2.1/servers/ef6025e6-dbaf-4cc1-a068-5e2ca1c40254 0.164s
2025-06-27 18:44:52.335 61629 INFO tempest.lib.common.rest_client [req-04c10da8-e462-4481-acdd-d1eae8c2786f req-04c10da8-e462-4481-acdd-d1eae8c2786f ] Request (ServerDiagnosticsV248Test:test_get_server_diagnostics): 200 GET http://10.180.1.21/compute/v2.1/servers/4366b0b5-62ba-4681-9306-d2d9ff903c3a 0.124s
2025-06-27 18:44:52.361 61647 INFO tempest.lib.common.rest_client [req-d2ccec64-712d-4b98-ae85-99ab77a9e9a2 req-d2ccec64-712d-4b98-ae85-99ab77a9e9a2 ] Request (FloatingIPsAssociationTestJSON:setUpClass): 200 GET http://10.180.1.21/compute/v2.1/servers/3bf420fa-ef3d-4d99-a0a8-379f59cafa1e 0.100s
2025-06-27 18:44:52.378 61631 INFO tempest.lib.common.rest_client [req-ceadfb02-5081-4f90-852a-30ee1eab48e9 req-ceadfb02-5081-4f90-852a-30ee1eab48e9 ] Request (AttachInterfacesTestJSON:test_create_list_show_delete_interfaces_by_fixed_ip): 200 GET http://10.180.1.21/compute/v2.1/servers/2d2dca63-8ab0-4420-90b0-38a330df8271 0.069s
2025-06-27 18:44:52.423 61653 INFO tempest.lib.common.rest_client [req-66cef2f5-991a-4eec-927b-5f51585c437f req-66cef2f5-991a-4eec-927b-5f51585c437f ] Request (VolumesAdminNegativeTest:test_update_attached_volume_with_nonexistent_volume_in_body): 200 GET http://10.180.1.21/compute/v2.1/servers/b8c9bec1-bf00-4e2f-b845-68bf3d75e9f6 0.054s
2025-06-27 18:44:52.473 61615 INFO tempest.lib.common.rest_client [req-6bd97740-18cc-4cae-ae2d-d75b7b245f24 req-6bd97740-18cc-4cae-ae2d-d75b7b245f24 ] Request (ServerAddressesNegativeTestJSON:setUpClass): 200 GET http://10.180.1.21/compute/v2.1/servers/59b0bc79-1c06-441a-a114-5727e3dec5ef 0.103s
2025-06-27 18:44:52.481 61639 INFO tempest.lib.common.rest_client [req-0bb70ff4-5198-4863-aeed-50d115a809f0 req-0bb70ff4-5198-4863-aeed-50d115a809f0 ] Request (DeleteServersAdminTestJSON:test_admin_delete_servers_of_others): 200 GET http://10.180.1.21/compute/v2.1/servers/bcf27023-1eb6-4846-9adc-2235c738cad6 0.166s
2025-06-27 18:44:52.530 61637 INFO tempest.lib.common.rest_client [req-ecfe26f9-5b32-4c19-8b4b-753e59bbc885 req-ecfe26f9-5b32-4c19-8b4b-753e59bbc885 ] Request (ServerGroupTestJSON:test_create_server_with_scheduler_hint_group): 200 GET http://10.180.1.21/compute/v2.1/servers/d1887728-4538-4639-a3e7-db235a2d4765 0.113s
2025-06-27 18:44:52.546 61611 INFO tempest.lib.common.rest_client [req-5f4c762b-9509-4198-8ea4-7035977c7800 req-5f4c762b-9509-4198-8ea4-7035977c7800 ] Request (AttachInterfacesV270Test:test_create_get_list_interfaces): 200 GET http://10.180.1.21/compute/v2.1/servers/b5e2c0eb-43ff-4e4d-ad2c-b1ce10b9a91e 0.077s
2025-06-27 18:44:52.599 61627 INFO tempest.lib.common.rest_client [req-765363cb-2e7d-458b-b495-9107a204ae47 req-765363cb-2e7d-458b-b495-9107a204ae47 ] Request (ImagesNegativeTestJSON:test_create_image_from_deleted_server): 200 GET http://10.180.1.21/compute/v2.1/servers/0e648c1e-565d-44cd-a1f5-297b000e42cc 0.091s
2025-06-27 18:44:52.647 61593 INFO tempest.lib.common.rest_client [req-9b94779b-dc7a-4c1f-b067-799cf8f10e24 req-9b94779b-dc7a-4c1f-b067-799cf8f10e24 ] Request (DeleteServersTestJSON:test_delete_active_server): 200 GET http://10.180.1.21/compute/v2.1/servers/2fb236e9-1c31-4bb9-91e8-cbe367e0a989 0.127s
2025-06-27 18:44:52.677 61633 INFO tempest.lib.common.rest_client [req-907502f4-2035-4d4d-afdc-f1863d9de567 req-907502f4-2035-4d4d-afdc-f1863d9de567 ] Request (TenantUsagesTestJSON:setUpClass): 200 GET http://10.180.1.21/compute/v2.1/servers/eed82b3f-6590-4677-a4a2-680d769400fd 0.199s
2025-06-27 18:44:52.689 61655 INFO tempest.lib.common.rest_client [req-e7962603-8a80-4bd9-9793-dcd55ce063f4 req-e7962603-8a80-4bd9-9793-dcd55ce063f4 ] Request (SecurityGroupsTestJSON:test_list_security_groups_by_server): 200 GET http://10.180.1.21/compute/v2.1/servers/9f78f9fb-8733-42fe-beb0-9329bf154de8 0.125s
2025-06-27 18:44:52.724 61619 INFO tempest.lib.common.rest_client [req-3876128a-73a6-4dc2-8a99-08c03c832d19 req-3876128a-73a6-4dc2-8a99-08c03c832d19 ] Request (AttachInterfacesUnderV243Test:test_add_remove_fixed_ip): 200 GET http://10.180.1.21/compute/v2.1/servers/bdfedbb4-25a1-4941-afca-f325e489f9e3 0.115s
2025-06-27 18:44:52.737 61643 INFO tempest.lib.common.rest_client [req-4e663e15-5317-4609-a5cf-4cd831bce5b6 req-4e663e15-5317-4609-a5cf-4cd831bce5b6 ] Request (ServersTestBootFromVolume:setUpClass): 200 GET http://10.180.1.21/compute/v2.1/servers/ea6b8561-5072-4576-991c-034f106af2df 0.082s
2025-06-27 18:44:52.790 61617 INFO tempest.lib.common.rest_client [req-4fd7f61e-31cf-44eb-b24c-478435100eef req-4fd7f61e-31cf-44eb-b24c-478435100eef ] Request (ServersAdmin275Test:test_rebuild_update_server_275): 200 GET http://10.180.1.21/compute/v2.1/servers/cf1a71aa-f864-4fbe-be59-b47322f62a0b 0.071s
2025-06-27 18:44:52.834 61599 INFO tempest.lib.common.rest_client [req-5f3ad551-6143-46da-9534-901de5993cc2 req-5f3ad551-6143-46da-9534-901de5993cc2 ] Request (ImagesOneServerNegativeTestJSON:setUpClass): 200 GET http://10.180.1.21/compute/v2.1/servers/8cfa7077-6dcb-49f3-b187-9ad9f7c418ab 0.170s
2025-06-27 18:44:52.842 61601 INFO tempest.lib.common.rest_client [req-c5182d62-9e9e-4ac9-9cc5-5ecebb414d18 req-c5182d62-9e9e-4ac9-9cc5-5ecebb414d18 ] Request (AttachVolumeNegativeTest:test_attach_attached_volume_to_different_server): 200 GET http://10.180.1.21/compute/v2.1/servers/dd4a25f1-b8f0-43a1-8187-56eaddfdd08c 0.080s
2025-06-27 18:44:52.919 61649 INFO tempest.lib.common.rest_client [req-89ef0ea8-937e-4580-ad20-26e251630c73 req-89ef0ea8-937e-4580-ad20-26e251630c73 ] Request (ServersTestJSON:setUpClass): 200 GET http://10.180.1.21/compute/v2.1/servers/9ca64659-93b6-4585-a7dc-f9152184144e 0.155s
2025-06-27 18:44:53.142 61651 INFO tempest.lib.common.rest_client [req-fa296d6c-aaed-4660-92bb-7d86f63b6088 req-fa296d6c-aaed-4660-92bb-7d86f63b6088 ] Request (ServersTestMultiNic:test_verify_duplicate_network_nics): 200 GET http://10.180.1.21/compute/v2.1/servers/6a2bad10-6948-482a-803a-2da7cf733d49 0.139s
2025-06-27 18:44:53.148 61641 INFO tempest.lib.common.rest_client [req-1b961dea-244d-405a-85e6-66b5e3243fca req-1b961dea-244d-405a-85e6-66b5e3243fca ] Request (ServerExternalEventsTest:test_create_server_external_events): 200 GET http://10.180.1.21/compute/v2.1/servers/b35cffdf-8926-4a6b-8118-48535e8cb8c0 0.140s
2025-06-27 18:44:53.197 61621 INFO tempest.lib.common.rest_client [req-36e653a8-d08b-441c-951f-587fd4110cd3 req-36e653a8-d08b-441c-951f-587fd4110cd3 ] Request (ServerActionsV293TestJSON:setUpClass): 200 GET http://10.180.1.21/compute/v2.1/servers/04b94227-4b90-4472-a367-39b8c5242558 0.138s
2025-06-27 18:44:53.208 61635 INFO tempest.lib.common.rest_client [req-fd889beb-ed8a-4bc7-9e8c-157b73fb4c38 req-fd889beb-ed8a-4bc7-9e8c-157b73fb4c38 ] Request (ServerRescueTestJSON:setUpClass): 200 GET http://10.180.1.21/compute/v2.1/servers/9f3ce44e-34b4-44b5-b2c9-25e66b715594 0.148s
2025-06-27 18:44:53.421 61595 INFO tempest.lib.common.rest_client [req-0ae229f0-0c35-494e-b06c-eb9eaf640853 req-0ae229f0-0c35-494e-b06c-eb9eaf640853 ] Request (MultipleCreateTestJSON:test_multiple_create): 200 GET http://10.180.1.21/compute/v2.1/servers/35a37ff4-c3a4-404c-a6fa-934d5d2b3846 0.314s
2025-06-27 18:44:53.436 61605 INFO tempest.lib.common.rest_client [req-f32cc345-2929-451e-8509-7391bb211488 req-f32cc345-2929-451e-8509-7391bb211488 ] Request (ServersListShow296Test:test_list_show_update_rebuild_server_296): 200 GET http://10.180.1.21/compute/v2.1/servers/1df51a6d-1303-4c89-b61e-95070acf0772 0.315s
2025-06-27 18:44:53.484 61603 INFO tempest.lib.common.rest_client [req-e1754ac6-eb31-44e2-890d-1f69b697ac4e req-e1754ac6-eb31-44e2-890d-1f69b697ac4e ] Request (ServersWithSpecificFlavorTestJSON:test_verify_created_server_ephemeral_disk): 200 GET http://10.180.1.21/compute/v2.1/servers/669be123-adf8-4146-a79f-370347e642c9 0.336s
2025-06-27 18:44:53.556 61609 INFO tempest.lib.common.rest_client [req-21fc5085-2767-455f-84f3-91236ac76205 req-21fc5085-2767-455f-84f3-91236ac76205 ] Request (VolumesAssistedSnapshotsTest:test_volume_assisted_snapshot_create_delete): 200 GET http://10.180.1.21/compute/v2.1/servers/58e76dfc-e2f3-41ec-896a-faadb552c1ac 0.325s
2025-06-27 18:44:53.611 61607 INFO tempest.lib.common.rest_client [req-0cbf3292-4e07-4af6-808c-9528cf3ffd9a req-0cbf3292-4e07-4af6-808c-9528cf3ffd9a ] Request (ImagesOneServerTestJSON:setUpClass): 200 GET http://10.180.1.21/compute/v2.1/servers/ba1b5aa0-1764-4ca3-b771-36ad0d765a24 0.312s
2025-06-27 18:44:53.618 61645 INFO tempest.lib.common.rest_client [req-6e965427-9c30-4a05-8624-8fb2a38656ff req-6e965427-9c30-4a05-8624-8fb2a38656ff ] Request (ImagesTestJSON:test_create_image_from_stopped_server): 200 GET http://10.180.1.21/compute/v2.1/servers/63f196ce-f9ad-4120-a96a-fd6824af893b 0.367s
2025-06-27 18:44:53.676 61629 INFO tempest.lib.common.rest_client [req-ebd22f00-f979-4e2f-b5b4-ea1da5df9576 req-ebd22f00-f979-4e2f-b5b4-ea1da5df9576 ] Request (ServerDiagnosticsV248Test:test_get_server_diagnostics): 200 GET http://10.180.1.21/compute/v2.1/servers/4366b0b5-62ba-4681-9306-d2d9ff903c3a 0.331s
2025-06-27 18:44:53.733 61647 INFO tempest.lib.common.rest_client [req-87add32c-2619-4452-b50c-53e7a5bea345 req-87add32c-2619-4452-b50c-53e7a5bea345 ] Request (FloatingIPsAssociationTestJSON:setUpClass): 200 GET http://10.180.1.21/compute/v2.1/servers/3bf420fa-ef3d-4d99-a0a8-379f59cafa1e 0.363s
2025-06-27 18:44:53.753 61597 INFO tempest.lib.common.rest_client [req-8136d3b7-284b-4a1a-b454-8554ffd65b28 req-8136d3b7-284b-4a1a-b454-8554ffd65b28 ] Request (MigrationsAdminTest:test_list_migrations_in_flavor_resize_situation): 200 GET http://10.180.1.21/compute/v2.1/servers/ef6025e6-dbaf-4cc1-a068-5e2ca1c40254 0.428s
2025-06-27 18:44:53.778 61631 INFO tempest.lib.common.rest_client [req-28539410-b18d-4e98-97b9-494bb9e61fb2 req-28539410-b18d-4e98-97b9-494bb9e61fb2 ] Request (AttachInterfacesTestJSON:test_create_list_show_delete_interfaces_by_fixed_ip): 200 GET http://10.180.1.21/compute/v2.1/servers/2d2dca63-8ab0-4420-90b0-38a330df8271 0.392s
2025-06-27 18:44:53.797 61653 INFO tempest.lib.common.rest_client [req-b94a602d-3cb7-43ed-b118-6a98e04324a8 req-b94a602d-3cb7-43ed-b118-6a98e04324a8 ] Request (VolumesAdminNegativeTest:test_update_attached_volume_with_nonexistent_volume_in_body): 200 GET http://10.180.1.21/compute/v2.1/servers/b8c9bec1-bf00-4e2f-b845-68bf3d75e9f6 0.367s
2025-06-27 18:44:53.826 61615 INFO tempest.lib.common.rest_client [req-8a80abf4-0689-4b4a-b981-ebe6a987d71e req-8a80abf4-0689-4b4a-b981-ebe6a987d71e ] Request (ServerAddressesNegativeTestJSON:setUpClass): 200 GET http://10.180.1.21/compute/v2.1/servers/59b0bc79-1c06-441a-a114-5727e3dec5ef 0.345s
2025-06-27 18:44:53.849 61639 INFO tempest.lib.common.rest_client [req-fb257d27-048e-4f8b-a05f-8cb9e818d385 req-fb257d27-048e-4f8b-a05f-8cb9e818d385 ] Request (DeleteServersAdminTestJSON:test_admin_delete_servers_of_others): 200 GET http://10.180.1.21/compute/v2.1/servers/bcf27023-1eb6-4846-9adc-2235c738cad6 0.360s
2025-06-27 18:44:53.857 61639 INFO tempest.common.waiters [-] State transition "BUILD/spawning" ==> "ERROR/None" after 151 second wait
2025-06-27 18:44:53.897 61637 INFO tempest.lib.common.rest_client [req-8685aa07-6fcb-4e63-b24f-2825462102e6 req-8685aa07-6fcb-4e63-b24f-2825462102e6 ] Request (ServerGroupTestJSON:test_create_server_with_scheduler_hint_group): 200 GET http://10.180.1.21/compute/v2.1/servers/d1887728-4538-4639-a3e7-db235a2d4765 0.355s
2025-06-27 18:44:53.904 61637 INFO tempest.common.waiters [-] State transition "BUILD/scheduling" ==> "BUILD/None" after 109 second wait
2025-06-27 18:44:53.906 61611 INFO tempest.lib.common.rest_client [req-7a6e24d9-f57f-40a1-abe8-f3de4722cdee req-7a6e24d9-f57f-40a1-abe8-f3de4722cdee ] Request (AttachInterfacesV270Test:test_create_get_list_interfaces): 200 GET http://10.180.1.21/compute/v2.1/servers/b5e2c0eb-43ff-4e4d-ad2c-b1ce10b9a91e 0.352s
2025-06-27 18:44:53.943 61627 INFO tempest.lib.common.rest_client [req-746e720f-d6a0-4e3a-8c04-6f5b1652b5a1 req-746e720f-d6a0-4e3a-8c04-6f5b1652b5a1 ] Request (ImagesNegativeTestJSON:test_create_image_from_deleted_server): 200 GET http://10.180.1.21/compute/v2.1/servers/0e648c1e-565d-44cd-a1f5-297b000e42cc 0.335s
2025-06-27 18:44:53.956 61593 INFO tempest.lib.common.rest_client [req-4607d246-e246-4e17-bca6-9ed3edcb70f7 req-4607d246-e246-4e17-bca6-9ed3edcb70f7 ] Request (DeleteServersTestJSON:test_delete_active_server): 200 GET http://10.180.1.21/compute/v2.1/servers/2fb236e9-1c31-4bb9-91e8-cbe367e0a989 0.297s
2025-06-27 18:44:54.011 61655 INFO tempest.lib.common.rest_client [req-6047e4c2-e3e4-4af9-833a-b2e1a418c31a req-6047e4c2-e3e4-4af9-833a-b2e1a418c31a ] Request (SecurityGroupsTestJSON:test_list_security_groups_by_server): 200 GET http://10.180.1.21/compute/v2.1/servers/9f78f9fb-8733-42fe-beb0-9329bf154de8 0.315s
