2025-07-21 14:40:59.362 63693 INFO tempest.lib.common.rest_client [req-ea0114ab-1ef7-49c1-b20a-59bbeaa38337 req-ea0114ab-1ef7-49c1-b20a-59bbeaa38337 ] Request (TenantUsagesTestJSON:tearDownClass): 200 GET http://10.180.1.21/compute/v2.1/servers/1d8c7a69-e54e-4d64-90c8-06f0e76e9613 0.978s
2025-07-21 14:40:59.576 63659 INFO tempest.lib.common.rest_client [req-203e39f7-2e99-41fb-a121-039ca5039c7b req-203e39f7-2e99-41fb-a121-039ca5039c7b ] Request (ServersWithSpecificFlavorTestJSON:test_verify_created_server_ephemeral_disk): 200 GET http://10.180.1.21/compute/v2.1/servers/42b8aa63-b37b-42b7-ad88-b01f3f441416 1.101s
2025-07-21 14:40:59.580 63625 INFO tempest.lib.common.rest_client [req-21b4bd78-597d-4d06-aff6-21c1c0a66ff1 req-21b4bd78-597d-4d06-aff6-21c1c0a66ff1 ] Request (AttachInterfacesUnderV243Test:setUpClass): 201 POST http://10.180.1.21:9696/networking/v2.0/networks 0.497s
2025-07-21 14:40:59.657 63711 INFO tempest.lib.common.rest_client [req-2a43c573-d176-42f1-a197-fff15bf12f57 req-2a43c573-d176-42f1-a197-fff15bf12f57 ] Request (ServersAaction247Test:test_create_backup): 200 GET http://10.180.1.21/compute/v2.1/servers/3aefd062-76d6-46d3-851d-2d03717c503d 1.091s
2025-07-21 14:40:59.661 63621 INFO tempest.lib.common.rest_client [req-bff36a49-3ab0-446e-820e-0d2f7df36fac req-bff36a49-3ab0-446e-820e-0d2f7df36fac ] Request (SecurityGroupsTestJSON:test_security_groups_create_list_delete): 200 POST http://10.180.1.21/compute/v2.1/os-security-groups 1.104s
2025-07-21 14:40:59.753 63635 INFO tempest.lib.common.rest_client [req-4498008e-b89d-40c0-bd99-0a0849c9f798 req-4498008e-b89d-40c0-bd99-0a0849c9f798 ] Request (ServerTagsTestJSON:setUpClass): 200 GET http://10.180.1.21/compute/v2.1/servers/fc50a5c0-b486-424c-af05-650f31d9595b 1.113s
2025-07-21 14:40:59.786 63701 INFO tempest.lib.common.rest_client [req-22cfae96-6b37-49d7-8da3-44816c85aea7 req-22cfae96-6b37-49d7-8da3-44816c85aea7 ] Request (ImagesNegativeTestJSON:setUpClass): 201 POST http://10.180.1.21:9696/networking/v2.0/networks 0.472s
2025-07-21 14:40:59.828 63633 INFO tempest.lib.common.rest_client [req-5e32e5d1-72be-40c0-a846-e07001ded530 req-5e32e5d1-72be-40c0-a846-e07001ded530 ] Request (ServersAdminNegativeTestJSON:test_migrate_server_invalid_state): 200 GET http://10.180.1.21/compute/v2.1/servers/d57768bf-d0e6-419d-80c5-060b3aacba5b 1.182s
2025-07-21 14:40:59.841 63633 INFO tempest.common.waiters [-] State transition "BUILD/None" ==> "BUILD/networking" after 49 second wait
2025-07-21 14:40:59.851 63655 INFO tempest.lib.common.rest_client [req-19b7b489-1467-43d2-bced-6b6b7fedf69a req-19b7b489-1467-43d2-bced-6b6b7fedf69a ] Request (ServerDiagnosticsNegativeTest:tearDownClass): 200 GET http://10.180.1.21/compute/v2.1/servers/fb2f6d4c-4099-4108-93f7-5e5c537f2a19 1.229s
2025-07-21 14:40:59.942 63721 INFO tempest.lib.common.rest_client [req-049e60b7-aac5-4a87-aaf8-2332cb84f481 req-049e60b7-aac5-4a87-aaf8-2332cb84f481 ] Request (ImagesOneServerTestJSON:setUpClass): 200 GET http://10.180.1.21/compute/v2.1/servers/ab6975de-1411-4af2-848e-fb957595f115 1.116s
2025-07-21 14:40:59.967 63695 INFO tempest.lib.common.rest_client [req-5e79e8d7-1e51-4d77-bb80-93cb20d168f3 req-5e79e8d7-1e51-4d77-bb80-93cb20d168f3 ] Request (AttachVolumeShelveTestJSON:test_attach_volume_shelved_or_offload_server): 200 GET http://10.180.1.21/compute/v2.1/servers/c32e2032-623b-4e2c-b1bd-cc44a0f6d5ab 1.224s
2025-07-21 14:41:00.026 63643 INFO tempest.lib.common.rest_client [req-96954bc9-8612-41ba-8f2e-4d4cd5c0cc45 req-96954bc9-8612-41ba-8f2e-4d4cd5c0cc45 ] Request (ServerDiagnosticsTest:test_get_server_diagnostics): 200 GET http://10.180.1.21/compute/v2.1/servers/8ce39460-37a3-442d-9bdc-a0542e86c2f1 1.134s
2025-07-21 14:41:00.035 63617 INFO tempest.lib.common.rest_client [req-fe3c6b0c-ad3d-49ce-892d-270aa1c414d1 req-fe3c6b0c-ad3d-49ce-892d-270aa1c414d1 ] Request (ServerAddressesNegativeTestJSON:setUpClass): 201 POST http://10.180.1.21:9696/networking/v2.0/routers 1.276s
2025-07-21 14:41:00.040 63625 INFO tempest.lib.common.rest_client [req-4b211b38-3add-43c0-8612-07cc6c9c2e71 req-4b211b38-3add-43c0-8612-07cc6c9c2e71 ] Request (AttachInterfacesUnderV243Test:setUpClass): 201 POST http://10.180.1.21:9696/networking/v2.0/subnets 0.459s
2025-07-21 14:41:00.055 63627 INFO tempest.lib.common.rest_client [req-3b278110-d1dd-4315-aa44-80744b726c3c req-3b278110-d1dd-4315-aa44-80744b726c3c ] Request (ServerDiagnosticsV248Test:tearDownClass): 200 GET http://10.180.1.21/compute/v2.1/servers/256fe9ec-78a1-48b3-8716-49e7922668c4 1.125s
2025-07-21 14:41:00.106 63648 INFO tempest.lib.common.rest_client [req-2b1667ed-f241-476e-b5c2-b3df52f755f1 req-2b1667ed-f241-476e-b5c2-b3df52f755f1 ] Request (DeleteServersAdminTestJSON:test_delete_server_while_in_error_state): 200 GET http://10.180.1.21/compute/v2.1/servers/1c272ef4-b27d-4f7e-8b08-a49f40a3cb3d 1.105s
2025-07-21 14:41:00.140 63638 INFO tempest.lib.common.rest_client [req-15b2821e-15ee-45f4-9666-5b9e9e089c03 req-15b2821e-15ee-45f4-9666-5b9e9e089c03 ] Request (ServerActionsTestOtherA:setUpClass): 200 GET http://10.180.1.21/compute/v2.1/servers/ef0f3bae-003a-4507-9a72-2c5e375a1f26 1.121s
2025-07-21 14:41:00.178 63657 INFO tempest.lib.common.rest_client [req-f8684af8-ae00-443e-beb0-43a651c166c8 req-f8684af8-ae00-443e-beb0-43a651c166c8 ] Request (ImagesOneServerNegativeTestJSON:test_create_second_image_when_first_image_is_being_saved): 409 POST http://10.180.1.21/compute/v2.1/servers/cc7f4540-dc8b-4b4a-90f2-9e7d29cd1f16/action 0.851s
2025-07-21 14:41:00.179 63619 INFO tempest.lib.common.rest_client [req-428800d5-e532-4191-94b3-47308b993b01 req-428800d5-e532-4191-94b3-47308b993b01 ] Request (ServersAdminTestJSON:setUpClass): 200 GET http://10.180.1.21/compute/v2.1/servers/380fd1a2-9007-4a4f-8bfb-aad5a9117008 1.090s
2025-07-21 14:41:00.280 63623 INFO tempest.lib.common.rest_client [req-5d14b268-228c-4c8c-912c-155eed5b2e1a req-5d14b268-228c-4c8c-912c-155eed5b2e1a ] Request (MultipleCreateTestJSON:test_multiple_create_with_reservation_return): 200 GET http://10.180.1.21/compute/v2.1/servers/5e43cd98-f6ad-4f80-948f-00fbff73b684 0.617s
2025-07-21 14:41:00.303 63701 INFO tempest.lib.common.rest_client [req-c77c542e-d30c-4967-860e-58882adacc6f req-c77c542e-d30c-4967-860e-58882adacc6f ] Request (ImagesNegativeTestJSON:setUpClass): 201 POST http://10.180.1.21:9696/networking/v2.0/subnets 0.516s
2025-07-21 14:41:00.551 63703 INFO tempest.lib.common.rest_client [req-230d75d2-4045-4599-992d-a9d724be4544 req-230d75d2-4045-4599-992d-a9d724be4544 ] Request (MigrationsAdminTest:test_list_migrations_in_flavor_resize_situation): 200 GET http://10.180.1.21/compute/v2.1/servers/e6243133-c513-4738-9813-780bf189cca5 1.051s
2025-07-21 14:41:00.659 63621 INFO tempest.lib.common.rest_client [req-dc00108f-f5c2-4ebb-acf3-826f234f849c req-dc00108f-f5c2-4ebb-acf3-826f234f849c ] Request (SecurityGroupsTestJSON:test_security_groups_create_list_delete): 200 GET http://10.180.1.21/compute/v2.1/os-security-groups 0.992s
2025-07-21 14:41:00.671 63719 INFO tempest.lib.common.rest_client [req-9d59fcf0-a115-46d4-94a2-ee490b55b319 req-9d59fcf0-a115-46d4-94a2-ee490b55b319 ] Request (VolumesAssistedSnapshotsTest:test_volume_assisted_snapshot_create_delete): 200 GET http://10.180.1.21/compute/v2.1/servers/39273104-66d6-4520-a1df-31d8f928931d 0.965s
2025-07-21 14:41:00.763 63672 INFO tempest.lib.common.rest_client [req-b1797031-f245-4ed5-acd6-01180e6ca512 req-b1797031-f245-4ed5-acd6-01180e6ca512 ] Request (AttachVolumeTestJSON:test_attach_detach_volume): 200 GET http://10.180.1.21/compute/v2.1/servers/ee3b53cc-1ac2-40bc-934d-89a25659d047 0.974s
2025-07-21 14:41:00.766 63709 INFO tempest.lib.common.rest_client [req-b1f75b99-ca10-4ee6-95f0-f4581a4e5cd7 req-b1f75b99-ca10-4ee6-95f0-f4581a4e5cd7 ] Request (ListServersNegativeTestJSON:setUpClass): 200 GET http://10.180.1.21/compute/v2.1/servers/53eaf6d8-ee6a-42bf-87b8-fe8198bd462a 0.866s
2025-07-21 14:41:00.875 63717 INFO tempest.lib.common.rest_client [req-668c2ff6-a2f8-4837-b4bc-c75b9e8eb4c3 req-668c2ff6-a2f8-4837-b4bc-c75b9e8eb4c3 ] Request (FloatingIPsAssociationTestJSON:test_associate_already_associated_floating_ip): 200 GET http://10.180.1.21/compute/v2.1/servers/c11326c5-1647-4273-a28a-f59801f853cd 0.895s
2025-07-21 14:41:00.878 63691 INFO tempest.lib.common.rest_client [req-201a508f-3c07-4ba8-a0bf-a4d2a5c7a403 req-201a508f-3c07-4ba8-a0bf-a4d2a5c7a403 ] Request (InstanceActionsV221TestJSON:test_get_list_deleted_instance_actions): 200 GET http://10.180.1.21/compute/v2.1/servers/140495d7-00d9-4ab5-86f9-59ef7c708555 0.831s
2025-07-21 14:41:00.983 63631 INFO tempest.lib.common.rest_client [req-d3fb386c-5375-4a94-b64f-886e9f30545f req-d3fb386c-5375-4a94-b64f-886e9f30545f ] Request (ImagesTestJSON:test_create_image_from_stopped_server): 200 GET http://10.180.1.21/compute/v2.1/servers/c158029b-a216-4e9e-b2b3-f73d34c41f5b 0.813s
2025-07-21 14:41:00.998 63713 INFO tempest.lib.common.rest_client [req-bd7908ff-f671-4883-89e0-5b12737c5ee1 req-bd7908ff-f671-4883-89e0-5b12737c5ee1 ] Request (ServerMetadataNegativeTestJSON:setUpClass): 200 GET http://10.180.1.21/compute/v2.1/servers/122f1c7e-ca09-4de2-a233-b2eed242e5c7 0.875s
2025-07-21 14:41:01.084 63715 INFO tempest.lib.common.rest_client [req-94b8018c-4ae8-4ad1-ba3b-1b04cf5d5284 req-94b8018c-4ae8-4ad1-ba3b-1b04cf5d5284 ] Request (AttachInterfacesTestJSON:test_create_list_show_delete_interfaces_by_fixed_ip): 200 GET http://10.180.1.21/compute/v2.1/servers/63fdefbc-a279-4c6c-9300-46d450da723b 0.860s
2025-07-21 14:41:01.130 63657 INFO tempest.lib.common.rest_client [req-bcb59b43-666c-4071-9240-5ccb4e57564b req-bcb59b43-666c-4071-9240-5ccb4e57564b ] Request (ImagesOneServerNegativeTestJSON:test_create_second_image_when_first_image_is_being_saved): 204 DELETE http://10.180.1.21/compute/v2.1/images/0c91cf7e-7af6-4cb0-a5c4-691ab9cd3cc4 0.950s
2025-07-21 14:41:01.217 63706 INFO tempest.lib.common.rest_client [req-f40d0e0d-51f5-49cd-8589-1a2b1cc19f37 req-f40d0e0d-51f5-49cd-8589-1a2b1cc19f37 ] Request (ServersAdmin275Test:tearDownClass): 200 GET http://10.180.1.21/compute/v2.1/servers/d0105121-3a59-4eac-ad1f-d31d6d268da0 0.906s
2025-07-21 14:41:01.237 63693 INFO tempest.lib.common.rest_client [req-cbaf076f-9649-45d8-b9a5-cbc96999346f req-cbaf076f-9649-45d8-b9a5-cbc96999346f ] Request (TenantUsagesTestJSON:tearDownClass): 200 GET http://10.180.1.21/compute/v2.1/servers/1d8c7a69-e54e-4d64-90c8-06f0e76e9613 0.863s
2025-07-21 14:41:01.440 63617 INFO tempest.lib.common.rest_client [req-11c659c7-82dc-4e95-a618-628e72bd362f req-11c659c7-82dc-4e95-a618-628e72bd362f ] Request (ServerAddressesNegativeTestJSON:setUpClass): 200 PUT http://10.180.1.21:9696/networking/v2.0/routers/81b612c9-6d22-44f8-aff2-1d2be335c108/add_router_interface 1.404s
2025-07-21 14:41:01.441 63617 INFO tempest.lib.common.dynamic_creds [-] Created isolated network resources for: credentials: Credentials: {'domain_id': 'default', 'domain_name': 'Default', 'username': 'tempest-ServerAddressesNegativeTestJSON-1788323214-project-member', 'project_domain_id': 'default', 'project_domain_name': 'Default', 'project_id': 'd11502cae6c14b109429786e7c70f05c', 'project_name': 'tempest-ServerAddressesNegativeTestJSON-1788323214', 'tenant_id': 'd11502cae6c14b109429786e7c70f05c', 'tenant_name': 'tempest-ServerAddressesNegativeTestJSON-1788323214', 'user_domain_id': 'default', 'user_domain_name': 'Default', 'user_id': 'e3adc3ecf4ce4c2ba189a303cb8e2ec9', 'system': None}, Network: {'id': 'fba11b27-8875-4b74-831e-49bca969750d', 'name': 'tempest-ServerAddressesNegativeTestJSON-885591468-network', 'tenant_id': 'd11502cae6c14b109429786e7c70f05c', 'admin_state_up': True, 'mtu': 8950, 'status': 'ACTIVE', 'subnets': [], 'shared': False, 'project_id': 'd11502cae6c14b109429786e7c70f05c', 'port_security_enabled': True, 'router:external': False, 'provider:network_type': 'vlan', 'provider:physical_network': 'default', 'provider:segmentation_id': 805, 'availability_zone_hints': [], 'availability_zones': [], 'ipv4_address_scope': None, 'ipv6_address_scope': None, 'description': '', 'tags': [], 'created_at': '2025-07-21T14:40:58Z', 'updated_at': '2025-07-21T14:40:58Z', 'revision_number': 1}, Subnet: {'id': 'b4552765-db69-4b53-a7b9-6f58d716a1e4', 'name': 'tempest-ServerAddressesNegativeTestJSON-885591468-subnet', 'tenant_id': 'd11502cae6c14b109429786e7c70f05c', 'network_id': 'fba11b27-8875-4b74-831e-49bca969750d', 'ip_version': 4, 'subnetpool_id': None, 'enable_dhcp': True, 'ipv6_ra_mode': None, 'ipv6_address_mode': None, 'gateway_ip': '192.168.128.1', 'cidr': '192.168.128.0/28', 'allocation_pools': [{'start': '192.168.128.2', 'end': '192.168.128.14'}], 'host_routes': [], 'dns_nameservers': [], 'description': '', 'router:external': False, 'service_types': [], 'tags': [], 'created_at': '2025-07-21T14:40:58Z', 'updated_at': '2025-07-21T14:40:58Z', 'revision_number': 0, 'project_id': 'd11502cae6c14b109429786e7c70f05c'}, Router: {'id': '81b612c9-6d22-44f8-aff2-1d2be335c108', 'name': 'tempest-ServerAddressesNegativeTestJSON-885591468-router', 'tenant_id': 'd11502cae6c14b109429786e7c70f05c', 'admin_state_up': True, 'status': 'ACTIVE', 'external_gateway_info': {'network_id': '4a59afe2-67dd-4c97-979c-11844fc1e730', 'external_fixed_ips': [{'subnet_id': '549e6df4-e53a-4cf1-b020-f25cab354ea7', 'ip_address': '10.180.180.145'}], 'enable_snat': True}, 'description': '', 'availability_zones': [], 'distributed': False, 'ha': False, 'availability_zone_hints': [], 'routes': [], 'flavor_id': None, 'tags': [], 'created_at': '2025-07-21T14:40:58Z', 'updated_at': '2025-07-21T14:40:59Z', 'revision_number': 2, 'project_id': 'd11502cae6c14b109429786e7c70f05c'}
2025-07-21 14:41:01.475 63659 INFO tempest.lib.common.rest_client [req-c51738ff-b716-447a-9489-1ea2dba260f5 req-c51738ff-b716-447a-9489-1ea2dba260f5 ] Request (ServersWithSpecificFlavorTestJSON:test_verify_created_server_ephemeral_disk): 200 GET http://10.180.1.21/compute/v2.1/servers/42b8aa63-b37b-42b7-ad88-b01f3f441416 0.887s
2025-07-21 14:41:01.550 63621 INFO tempest.lib.common.rest_client [req-3cec46e7-c3d0-4db3-94ce-322a86d9b531 req-3cec46e7-c3d0-4db3-94ce-322a86d9b531 ] Request (SecurityGroupsTestJSON:test_security_groups_create_list_delete): 202 DELETE http://10.180.1.21/compute/v2.1/os-security-groups/6c34485a-d3b2-4c44-87d4-dacd5d21cd52 0.884s
2025-07-21 14:41:01.574 63711 INFO tempest.lib.common.rest_client [req-41023f37-dae3-4fbe-a038-ebbb7f63b635 req-41023f37-dae3-4fbe-a038-ebbb7f63b635 ] Request (ServersAaction247Test:test_create_backup): 200 GET http://10.180.1.21/compute/v2.1/servers/3aefd062-76d6-46d3-851d-2d03717c503d 0.902s
2025-07-21 14:41:01.595 63617 INFO tempest.lib.common.rest_client [req-ee636a1c-6c5e-4d51-b323-cccfedb7c8a2 req-ee636a1c-6c5e-4d51-b323-cccfedb7c8a2 ] Request (ServerAddressesNegativeTestJSON:setUpClass): 201 POST http://10.180.1.21/identity/v3/auth/tokens 0.147s
2025-07-21 14:41:01.631 63617 INFO tempest.lib.common.rest_client [req-702ce6a3-bc9d-41e1-a436-a74e41ae2e67 req-702ce6a3-bc9d-41e1-a436-a74e41ae2e67 ] Request (ServerAddressesNegativeTestJSON:setUpClass): 201 POST http://10.180.1.21/identity/v3/auth/tokens 0.033s
2025-07-21 14:41:01.631 63617 INFO tempest.lib.common.fixed_network [-] (ServerAddressesNegativeTestJSON:setUpClass) Found network {'id': 'fba11b27-8875-4b74-831e-49bca969750d', 'name': 'tempest-ServerAddressesNegativeTestJSON-885591468-network', 'tenant_id': 'd11502cae6c14b109429786e7c70f05c', 'admin_state_up': True, 'mtu': 8950, 'status': 'ACTIVE', 'subnets': [], 'shared': False, 'project_id': 'd11502cae6c14b109429786e7c70f05c', 'port_security_enabled': True, 'router:external': False, 'provider:network_type': 'vlan', 'provider:physical_network': 'default', 'provider:segmentation_id': 805, 'availability_zone_hints': [], 'availability_zones': [], 'ipv4_address_scope': None, 'ipv6_address_scope': None, 'description': '', 'tags': [], 'created_at': '2025-07-21T14:40:58Z', 'updated_at': '2025-07-21T14:40:58Z', 'revision_number': 1} available for tenant
2025-07-21 14:41:01.658 63635 INFO tempest.lib.common.rest_client [req-39bfbe7c-85e6-4dfd-80ae-b06dc9513eae req-39bfbe7c-85e6-4dfd-80ae-b06dc9513eae ] Request (ServerTagsTestJSON:setUpClass): 200 GET http://10.180.1.21/compute/v2.1/servers/fc50a5c0-b486-424c-af05-650f31d9595b 0.893s
2025-07-21 14:41:01.744 63655 INFO tempest.lib.common.rest_client [req-f595ba4c-d721-4923-8a35-d3586288f4e5 req-f595ba4c-d721-4923-8a35-d3586288f4e5 ] Request (ServerDiagnosticsNegativeTest:tearDownClass): 200 GET http://10.180.1.21/compute/v2.1/servers/fb2f6d4c-4099-4108-93f7-5e5c537f2a19 0.881s
2025-07-21 14:41:01.772 63633 INFO tempest.lib.common.rest_client [req-b6a40420-e647-4934-9728-319e3188afcd req-b6a40420-e647-4934-9728-319e3188afcd ] Request (ServersAdminNegativeTestJSON:test_migrate_server_invalid_state): 200 GET http://10.180.1.21/compute/v2.1/servers/d57768bf-d0e6-419d-80c5-060b3aacba5b 0.930s
2025-07-21 14:41:01.778 63633 INFO tempest.common.waiters [-] State transition "BUILD/networking" ==> "BUILD/spawning" after 51 second wait
2025-07-21 14:41:01.806 63721 INFO tempest.lib.common.rest_client [req-a9beb0e8-2d00-42a3-be11-35dfb1cd7166 req-a9beb0e8-2d00-42a3-be11-35dfb1cd7166 ] Request (ImagesOneServerTestJSON:setUpClass): 200 GET http://10.180.1.21/compute/v2.1/servers/ab6975de-1411-4af2-848e-fb957595f115 0.841s
2025-07-21 14:41:01.864 63695 INFO tempest.lib.common.rest_client [req-ea7c843a-a53d-49a7-9f87-daadb7c994b5 req-ea7c843a-a53d-49a7-9f87-daadb7c994b5 ] Request (AttachVolumeShelveTestJSON:test_attach_volume_shelved_or_offload_server): 200 GET http://10.180.1.21/compute/v2.1/servers/c32e2032-623b-4e2c-b1bd-cc44a0f6d5ab 0.883s
2025-07-21 14:41:01.903 63643 INFO tempest.lib.common.rest_client [req-9d7588e1-018b-45fc-a64d-4a3827f0604e req-9d7588e1-018b-45fc-a64d-4a3827f0604e ] Request (ServerDiagnosticsTest:test_get_server_diagnostics): 200 GET http://10.180.1.21/compute/v2.1/servers/8ce39460-37a3-442d-9bdc-a0542e86c2f1 0.867s
2025-07-21 14:41:01.913 63643 INFO tempest.common.waiters [-] State transition "BUILD/None" ==> "BUILD/networking" after 51 second wait
2025-07-21 14:41:01.944 63627 INFO tempest.lib.common.rest_client [req-4fe0dc94-8922-439f-897d-3461cae97ebb req-4fe0dc94-8922-439f-897d-3461cae97ebb ] Request (ServerDiagnosticsV248Test:tearDownClass): 200 GET http://10.180.1.21/compute/v2.1/servers/256fe9ec-78a1-48b3-8716-49e7922668c4 0.876s
2025-07-21 14:41:01.982 63648 INFO tempest.lib.common.rest_client [req-a1216976-3af0-486e-b375-00759212e006 req-a1216976-3af0-486e-b375-00759212e006 ] Request (DeleteServersAdminTestJSON:test_delete_server_while_in_error_state): 200 GET http://10.180.1.21/compute/v2.1/servers/1c272ef4-b27d-4f7e-8b08-a49f40a3cb3d 0.864s
2025-07-21 14:41:02.067 63638 INFO tempest.lib.common.rest_client [req-c8d58c29-831b-4f45-9465-874ea8cd0fd4 req-c8d58c29-831b-4f45-9465-874ea8cd0fd4 ] Request (ServerActionsTestOtherA:setUpClass): 200 GET http://10.180.1.21/compute/v2.1/servers/ef0f3bae-003a-4507-9a72-2c5e375a1f26 0.919s
2025-07-21 14:41:02.400 63619 INFO tempest.lib.common.rest_client [req-bb7c9f73-94ba-4f7d-850f-c3d0abd8b3ac req-bb7c9f73-94ba-4f7d-850f-c3d0abd8b3ac ] Request (ServersAdminTestJSON:setUpClass): 200 GET http://10.180.1.21/compute/v2.1/servers/380fd1a2-9007-4a4f-8bfb-aad5a9117008 1.204s
2025-07-21 14:41:02.406 63625 INFO tempest.lib.common.rest_client [req-ca6c95ff-f223-433e-b63d-b0e73b85bb6e req-ca6c95ff-f223-433e-b63d-b0e73b85bb6e ] Request (AttachInterfacesUnderV243Test:setUpClass): 201 POST http://10.180.1.21:9696/networking/v2.0/routers 2.363s
2025-07-21 14:41:02.467 63657 INFO tempest.lib.common.rest_client [req-7528ce86-5b1c-47d7-8c19-5a9414bb008a req-7528ce86-5b1c-47d7-8c19-5a9414bb008a ] Request (ImagesOneServerNegativeTestJSON:tearDown): 200 GET http://10.180.1.21/compute/v2.1/servers/cc7f4540-dc8b-4b4a-90f2-9e7d29cd1f16 1.337s
2025-07-21 14:41:02.521 63623 INFO tempest.lib.common.rest_client [req-37be5a48-adde-4adc-95ff-9b09b8609645 req-37be5a48-adde-4adc-95ff-9b09b8609645 ] Request (MultipleCreateTestJSON:test_multiple_create_with_reservation_return): 200 GET http://10.180.1.21/compute/v2.1/servers/5e43cd98-f6ad-4f80-948f-00fbff73b684 1.231s
2025-07-21 14:41:02.536 63621 INFO tempest.lib.common.rest_client [req-9f6473b4-2009-41f4-93bd-f2118a8c3502 req-9f6473b4-2009-41f4-93bd-f2118a8c3502 ] Request (SecurityGroupsTestJSON:test_security_groups_create_list_delete): 404 GET http://10.180.1.21/compute/v2.1/os-security-groups/6c34485a-d3b2-4c44-87d4-dacd5d21cd52 0.983s
2025-07-21 14:41:02.589 63701 INFO tempest.lib.common.rest_client [req-4128d2b6-88d6-4dd0-810b-07a70a72b9cc req-4128d2b6-88d6-4dd0-810b-07a70a72b9cc ] Request (ImagesNegativeTestJSON:setUpClass): 201 POST http://10.180.1.21:9696/networking/v2.0/routers 2.286s
2025-07-21 14:41:02.681 63703 INFO tempest.lib.common.rest_client [req-ccccd37d-138f-48bd-8b89-d4aea1b54447 req-ccccd37d-138f-48bd-8b89-d4aea1b54447 ] Request (MigrationsAdminTest:test_list_migrations_in_flavor_resize_situation): 200 GET http://10.180.1.21/compute/v2.1/servers/e6243133-c513-4738-9813-780bf189cca5 1.117s
2025-07-21 14:41:02.771 63719 INFO tempest.lib.common.rest_client [req-32fc2cef-e36a-479e-ac02-1a637fc721eb req-32fc2cef-e36a-479e-ac02-1a637fc721eb ] Request (VolumesAssistedSnapshotsTest:test_volume_assisted_snapshot_create_delete): 200 GET http://10.180.1.21/compute/v2.1/servers/39273104-66d6-4520-a1df-31d8f928931d 1.086s
2025-07-21 14:41:02.833 63672 INFO tempest.lib.common.rest_client [req-aa51f615-cf7d-43e8-af36-8e1b0a634a57 req-aa51f615-cf7d-43e8-af36-8e1b0a634a57 ] Request (AttachVolumeTestJSON:test_attach_detach_volume): 200 GET http://10.180.1.21/compute/v2.1/servers/ee3b53cc-1ac2-40bc-934d-89a25659d047 1.062s
2025-07-21 14:41:02.925 63709 INFO tempest.lib.common.rest_client [req-70444df8-346f-447d-9a70-f08c9f49f6fa req-70444df8-346f-447d-9a70-f08c9f49f6fa ] Request (ListServersNegativeTestJSON:setUpClass): 200 GET http://10.180.1.21/compute/v2.1/servers/53eaf6d8-ee6a-42bf-87b8-fe8198bd462a 1.150s
2025-07-21 14:41:03.042 63717 INFO tempest.lib.common.rest_client [req-4cbed329-d933-4a93-ac33-2172348f0159 req-4cbed329-d933-4a93-ac33-2172348f0159 ] Request (FloatingIPsAssociationTestJSON:test_associate_already_associated_floating_ip): 200 GET http://10.180.1.21/compute/v2.1/servers/c11326c5-1647-4273-a28a-f59801f853cd 1.155s
2025-07-21 14:41:03.115 63691 INFO tempest.lib.common.rest_client [req-b33a1ea9-2d4f-4001-a1f9-918f1eec8332 req-b33a1ea9-2d4f-4001-a1f9-918f1eec8332 ] Request (InstanceActionsV221TestJSON:test_get_list_deleted_instance_actions): 200 GET http://10.180.1.21/compute/v2.1/servers/140495d7-00d9-4ab5-86f9-59ef7c708555 1.220s
2025-07-21 14:41:03.174 63629 WARNING tempest.lib.common.ssh [-] Failed to establish authenticated ssh connection to cirros@10.180.180.129 ([Errno None] Unable to connect to port 22 on 10.180.180.129). Number attempts: 3. Retry after 4 seconds.: paramiko.ssh_exception.NoValidConnectionsError: [Errno None] Unable to connect to port 22 on 10.180.180.129
2025-07-21 14:41:03.197 63617 INFO tempest.lib.common.rest_client [req-d038c883-8adf-4f81-88a3-cf8d0effe30b req-d038c883-8adf-4f81-88a3-cf8d0effe30b ] Request (ServerAddressesNegativeTestJSON:setUpClass): 202 POST http://10.180.1.21/compute/v2.1/servers 1.565s
2025-07-21 14:41:03.206 63631 INFO tempest.lib.common.rest_client [req-bb5b60b9-95a7-40b4-b52c-856af538e2c5 req-bb5b60b9-95a7-40b4-b52c-856af538e2c5 ] Request (ImagesTestJSON:test_create_image_from_stopped_server): 200 GET http://10.180.1.21/compute/v2.1/servers/c158029b-a216-4e9e-b2b3-f73d34c41f5b 1.210s
2025-07-21 14:41:03.278 63715 INFO tempest.lib.common.rest_client [req-d8b980d7-8bb3-47e6-b831-73e1c01f8d89 req-d8b980d7-8bb3-47e6-b831-73e1c01f8d89 ] Request (AttachInterfacesTestJSON:test_create_list_show_delete_interfaces_by_fixed_ip): 200 GET http://10.180.1.21/compute/v2.1/servers/63fdefbc-a279-4c6c-9300-46d450da723b 1.182s
2025-07-21 14:41:03.285 63713 INFO tempest.lib.common.rest_client [req-5d385c7b-9ad2-447c-90fb-c6a6ecaa11aa req-5d385c7b-9ad2-447c-90fb-c6a6ecaa11aa ] Request (ServerMetadataNegativeTestJSON:setUpClass): 200 GET http://10.180.1.21/compute/v2.1/servers/122f1c7e-ca09-4de2-a233-b2eed242e5c7 1.274s
2025-07-21 14:41:03.375 63693 INFO tempest.lib.common.rest_client [req-999b0edc-247e-4239-b7a0-4a6ab4b6599c req-999b0edc-247e-4239-b7a0-4a6ab4b6599c ] Request (TenantUsagesTestJSON:tearDownClass): 200 GET http://10.180.1.21/compute/v2.1/servers/1d8c7a69-e54e-4d64-90c8-06f0e76e9613 1.127s
2025-07-21 14:41:03.387 63706 INFO tempest.lib.common.rest_client [req-f45ac966-82d8-41d4-bef5-91ee84875b44 req-f45ac966-82d8-41d4-bef5-91ee84875b44 ] Request (ServersAdmin275Test:tearDownClass): 200 GET http://10.180.1.21/compute/v2.1/servers/d0105121-3a59-4eac-ad1f-d31d6d268da0 1.153s
2025-07-21 14:41:03.621 63621 INFO tempest.lib.common.rest_client [req-77e49155-fa51-4823-b39c-69e4203978d1 req-77e49155-fa51-4823-b39c-69e4203978d1 ] Request (SecurityGroupsTestJSON:test_security_groups_create_list_delete): 202 DELETE http://10.180.1.21/compute/v2.1/os-security-groups/9cb0e603-5fab-4edd-9ae5-419872f1b040 1.085s
2025-07-21 14:41:03.670 63659 INFO tempest.lib.common.rest_client [req-679ec15f-8874-4079-88ae-a5a88ff006a0 req-679ec15f-8874-4079-88ae-a5a88ff006a0 ] Request (ServersWithSpecificFlavorTestJSON:test_verify_created_server_ephemeral_disk): 200 GET http://10.180.1.21/compute/v2.1/servers/42b8aa63-b37b-42b7-ad88-b01f3f441416 1.180s
2025-07-21 14:41:03.707 63711 INFO tempest.lib.common.rest_client [req-8b94bd73-e165-4014-9291-048585f33dac req-8b94bd73-e165-4014-9291-048585f33dac ] Request (ServersAaction247Test:test_create_backup): 200 GET http://10.180.1.21/compute/v2.1/servers/3aefd062-76d6-46d3-851d-2d03717c503d 1.117s
2025-07-21 14:41:03.734 63635 INFO tempest.lib.common.rest_client [req-8ff0b316-296a-4656-a774-1ae846abd463 req-8ff0b316-296a-4656-a774-1ae846abd463 ] Request (ServerTagsTestJSON:setUpClass): 200 GET http://10.180.1.21/compute/v2.1/servers/fc50a5c0-b486-424c-af05-650f31d9595b 1.064s
2025-07-21 14:41:03.803 63655 INFO tempest.lib.common.rest_client [req-d747f0d6-cb02-406c-8a80-3bdcd78466bd req-d747f0d6-cb02-406c-8a80-3bdcd78466bd ] Request (ServerDiagnosticsNegativeTest:tearDownClass): 200 GET http://10.180.1.21/compute/v2.1/servers/fb2f6d4c-4099-4108-93f7-5e5c537f2a19 1.049s
2025-07-21 14:41:03.813 63655 INFO tempest.common.waiters [-] State transition "ACTIVE/deleting" ==> "DELETED/None" after 4 second wait
2025-07-21 14:41:03.892 63721 INFO tempest.lib.common.rest_client [req-f46119fa-ca48-499a-8499-bd4ebe6b38cf req-f46119fa-ca48-499a-8499-bd4ebe6b38cf ] Request (ImagesOneServerTestJSON:setUpClass): 200 GET http://10.180.1.21/compute/v2.1/servers/ab6975de-1411-4af2-848e-fb957595f115 1.072s
2025-07-21 14:41:03.936 63633 INFO tempest.lib.common.rest_client [req-4ba9cd3d-c069-4e21-af45-7d966be5f9ef req-4ba9cd3d-c069-4e21-af45-7d966be5f9ef ] Request (ServersAdminNegativeTestJSON:test_migrate_server_invalid_state): 200 GET http://10.180.1.21/compute/v2.1/servers/d57768bf-d0e6-419d-80c5-060b3aacba5b 1.157s
2025-07-21 14:41:04.010 63695 INFO tempest.lib.common.rest_client [req-8f9e5442-cb5a-412b-b70c-471bab0a6488 req-8f9e5442-cb5a-412b-b70c-471bab0a6488 ] Request (AttachVolumeShelveTestJSON:test_attach_volume_shelved_or_offload_server): 200 GET http://10.180.1.21/compute/v2.1/servers/c32e2032-623b-4e2c-b1bd-cc44a0f6d5ab 1.137s
2025-07-21 14:41:04.025 63695 INFO tempest.common.waiters [-] State transition "BUILD/scheduling" ==> "BUILD/None" after 26 second wait
2025-07-21 14:41:04.096 63627 INFO tempest.lib.common.rest_client [req-87f59547-393d-4775-bcf4-e4c7573dfd78 req-87f59547-393d-4775-bcf4-e4c7573dfd78 ] Request (ServerDiagnosticsV248Test:tearDownClass): 200 GET http://10.180.1.21/compute/v2.1/servers/256fe9ec-78a1-48b3-8716-49e7922668c4 1.137s
2025-07-21 14:41:04.110 63643 INFO tempest.lib.common.rest_client [req-fe70124d-e95e-4054-bb47-fab2c1c23c93 req-fe70124d-e95e-4054-bb47-fab2c1c23c93 ] Request (ServerDiagnosticsTest:test_get_server_diagnostics): 200 GET http://10.180.1.21/compute/v2.1/servers/8ce39460-37a3-442d-9bdc-a0542e86c2f1 1.196s
2025-07-21 14:41:04.122 63643 INFO tempest.common.waiters [-] State transition "BUILD/networking" ==> "BUILD/spawning" after 54 second wait
2025-07-21 14:41:04.146 63648 INFO tempest.lib.common.rest_client [req-81d20837-c83a-4736-bba9-11b936c06896 req-81d20837-c83a-4736-bba9-11b936c06896 ] Request (DeleteServersAdminTestJSON:test_delete_server_while_in_error_state): 200 GET http://10.180.1.21/compute/v2.1/servers/1c272ef4-b27d-4f7e-8b08-a49f40a3cb3d 1.149s
2025-07-21 14:41:04.162 63638 INFO tempest.lib.common.rest_client [req-7b3bc2af-73a2-4a3f-a428-826ebae55531 req-7b3bc2af-73a2-4a3f-a428-826ebae55531 ] Request (ServerActionsTestOtherA:setUpClass): 200 GET http://10.180.1.21/compute/v2.1/servers/ef0f3bae-003a-4507-9a72-2c5e375a1f26 1.087s
2025-07-21 14:41:04.217 63617 INFO tempest.lib.common.rest_client [req-5cd321a4-85a9-4822-a9a6-9ec90b3ff396 req-5cd321a4-85a9-4822-a9a6-9ec90b3ff396 ] Request (ServerAddressesNegativeTestJSON:setUpClass): 200 GET http://10.180.1.21/compute/v2.1/servers/9190b8ee-1921-4917-b6ba-d61a797e5ac7 1.015s
2025-07-21 14:41:04.226 63619 INFO tempest.lib.common.rest_client [req-5d20e9f2-69b6-45bb-9841-8279d3d57323 req-5d20e9f2-69b6-45bb-9841-8279d3d57323 ] Request (ServersAdminTestJSON:setUpClass): 200 GET http://10.180.1.21/compute/v2.1/servers/380fd1a2-9007-4a4f-8bfb-aad5a9117008 0.817s
2025-07-21 14:41:04.303 63623 INFO tempest.lib.common.rest_client [req-fa7db516-b429-4564-9b85-d45de0da9534 req-fa7db516-b429-4564-9b85-d45de0da9534 ] Request (MultipleCreateTestJSON:test_multiple_create_with_reservation_return): 200 GET http://10.180.1.21/compute/v2.1/servers/5e43cd98-f6ad-4f80-948f-00fbff73b684 0.767s
2025-07-21 14:41:04.347 63625 INFO tempest.lib.common.rest_client [req-19a6cd60-3ef8-4028-a8d5-7547d1ffbfbd req-19a6cd60-3ef8-4028-a8d5-7547d1ffbfbd ] Request (AttachInterfacesUnderV243Test:setUpClass): 200 PUT http://10.180.1.21:9696/networking/v2.0/routers/fb05ef29-2f11-45f7-8eb3-20bfaca6f991/add_router_interface 1.940s
2025-07-21 14:41:04.347 63625 INFO tempest.lib.common.dynamic_creds [-] Created isolated network resources for: credentials: Credentials: {'domain_id': 'default', 'domain_name': 'Default', 'username': 'tempest-AttachInterfacesUnderV243Test-884176968-project-member', 'project_domain_id': 'default', 'project_domain_name': 'Default', 'project_id': '4b0ff7231588491faef7def4c161e495', 'project_name': 'tempest-AttachInterfacesUnderV243Test-884176968', 'tenant_id': '4b0ff7231588491faef7def4c161e495', 'tenant_name': 'tempest-AttachInterfacesUnderV243Test-884176968', 'user_domain_id': 'default', 'user_domain_name': 'Default', 'user_id': '2731878fa95b453daf43b34b5fc9df94', 'system': None}, Network: {'id': 'c39a916e-3761-484f-9e48-a8ca9f7d6bbf', 'name': 'tempest-AttachInterfacesUnderV243Test-1745007791-network', 'tenant_id': '4b0ff7231588491faef7def4c161e495', 'admin_state_up': True, 'mtu': 8950, 'status': 'ACTIVE', 'subnets': [], 'shared': False, 'project_id': '4b0ff7231588491faef7def4c161e495', 'port_security_enabled': True, 'router:external': False, 'provider:network_type': 'vlan', 'provider:physical_network': 'default', 'provider:segmentation_id': 118, 'availability_zone_hints': [], 'availability_zones': [], 'ipv4_address_scope': None, 'ipv6_address_scope': None, 'description': '', 'tags': [], 'created_at': '2025-07-21T14:40:59Z', 'updated_at': '2025-07-21T14:40:59Z', 'revision_number': 1}, Subnet: {'id': 'ebde7fe5-d0ff-4cac-b962-1c10396a4091', 'name': 'tempest-AttachInterfacesUnderV243Test-1745007791-subnet', 'tenant_id': '4b0ff7231588491faef7def4c161e495', 'network_id': 'c39a916e-3761-484f-9e48-a8ca9f7d6bbf', 'ip_version': 4, 'subnetpool_id': None, 'enable_dhcp': True, 'ipv6_ra_mode': None, 'ipv6_address_mode': None, 'gateway_ip': '192.168.128.1', 'cidr': '192.168.128.0/28', 'allocation_pools': [{'start': '192.168.128.2', 'end': '192.168.128.14'}], 'host_routes': [], 'dns_nameservers': [], 'description': '', 'router:external': False, 'service_types': [], 'tags': [], 'created_at': '2025-07-21T14:40:59Z', 'updated_at': '2025-07-21T14:40:59Z', 'revision_number': 0, 'project_id': '4b0ff7231588491faef7def4c161e495'}, Router: {'id': 'fb05ef29-2f11-45f7-8eb3-20bfaca6f991', 'name': 'tempest-AttachInterfacesUnderV243Test-1745007791-router', 'tenant_id': '4b0ff7231588491faef7def4c161e495', 'admin_state_up': True, 'status': 'ACTIVE', 'external_gateway_info': {'network_id': '4a59afe2-67dd-4c97-979c-11844fc1e730', 'external_fixed_ips': [{'subnet_id': '549e6df4-e53a-4cf1-b020-f25cab354ea7', 'ip_address': '10.180.180.143'}], 'enable_snat': True}, 'description': '', 'availability_zones': [], 'distributed': False, 'ha': False, 'availability_zone_hints': [], 'routes': [], 'flavor_id': None, 'tags': [], 'created_at': '2025-07-21T14:41:00Z', 'updated_at': '2025-07-21T14:41:01Z', 'revision_number': 2, 'project_id': '4b0ff7231588491faef7def4c161e495'}
2025-07-21 14:41:04.353 63621 INFO tempest.lib.common.rest_client [req-6d74536a-9451-42c0-8a40-9e653c7b0fd6 req-6d74536a-9451-42c0-8a40-9e653c7b0fd6 ] Request (SecurityGroupsTestJSON:test_security_groups_create_list_delete): 404 GET http://10.180.1.21/compute/v2.1/os-security-groups/9cb0e603-5fab-4edd-9ae5-419872f1b040 0.729s
2025-07-21 14:41:04.384 63657 INFO tempest.lib.common.rest_client [req-4da48671-f155-45a0-98a1-277b14332b9c req-4da48671-f155-45a0-98a1-277b14332b9c ] Request (ImagesOneServerNegativeTestJSON:tearDown): 200 GET http://10.180.1.21/compute/v2.1/servers/cc7f4540-dc8b-4b4a-90f2-9e7d29cd1f16 0.906s
2025-07-21 14:41:04.398 63657 INFO tempest.common.waiters [-] State transition "ACTIVE/image_pending_upload" ==> "ACTIVE/image_uploading" after 2 second wait
2025-07-21 14:41:04.466 63719 INFO tempest.lib.common.rest_client [req-f00ed947-acfe-486f-a725-a100e713a4a2 req-f00ed947-acfe-486f-a725-a100e713a4a2 ] Request (VolumesAssistedSnapshotsTest:test_volume_assisted_snapshot_create_delete): 200 GET http://10.180.1.21/compute/v2.1/servers/39273104-66d6-4520-a1df-31d8f928931d 0.686s
2025-07-21 14:41:04.478 63625 INFO tempest.lib.common.rest_client [req-99d4eb68-2cfd-4aae-8676-93ab7b168fd7 req-99d4eb68-2cfd-4aae-8676-93ab7b168fd7 ] Request (AttachInterfacesUnderV243Test:setUpClass): 201 POST http://10.180.1.21/identity/v3/auth/tokens 0.127s
2025-07-21 14:41:04.489 63701 INFO tempest.lib.common.rest_client [req-287c1469-e6c9-4090-bae7-e774a6aa4995 req-287c1469-e6c9-4090-bae7-e774a6aa4995 ] Request (ImagesNegativeTestJSON:setUpClass): 200 PUT http://10.180.1.21:9696/networking/v2.0/routers/d7fe0a82-9065-4b49-b626-802a2e6969ee/add_router_interface 1.899s
2025-07-21 14:41:04.489 63701 INFO tempest.lib.common.dynamic_creds [-] Created isolated network resources for: credentials: Credentials: {'domain_id': 'default', 'domain_name': 'Default', 'username': 'tempest-ImagesNegativeTestJSON-1420884842-project-member', 'project_domain_id': 'default', 'project_domain_name': 'Default', 'project_id': 'c1b9c53edcd94154ae1bcaba6daf0fd8', 'project_name': 'tempest-ImagesNegativeTestJSON-1420884842', 'tenant_id': 'c1b9c53edcd94154ae1bcaba6daf0fd8', 'tenant_name': 'tempest-ImagesNegativeTestJSON-1420884842', 'user_domain_id': 'default', 'user_domain_name': 'Default', 'user_id': '7876fad7cc364c509967836227504d17', 'system': None}, Network: {'id': 'ab88802c-3e17-40e9-8ea5-e14efd2bc739', 'name': 'tempest-ImagesNegativeTestJSON-1962473282-network', 'tenant_id': 'c1b9c53edcd94154ae1bcaba6daf0fd8', 'admin_state_up': True, 'mtu': 8950, 'status': 'ACTIVE', 'subnets': [], 'shared': False, 'project_id': 'c1b9c53edcd94154ae1bcaba6daf0fd8', 'port_security_enabled': True, 'router:external': False, 'provider:network_type': 'vlan', 'provider:physical_network': 'default', 'provider:segmentation_id': 801, 'availability_zone_hints': [], 'availability_zones': [], 'ipv4_address_scope': None, 'ipv6_address_scope': None, 'description': '', 'tags': [], 'created_at': '2025-07-21T14:40:59Z', 'updated_at': '2025-07-21T14:40:59Z', 'revision_number': 1}, Subnet: {'id': '756dd0a2-7c0b-4da7-a418-f3eb934627db', 'name': 'tempest-ImagesNegativeTestJSON-1962473282-subnet', 'tenant_id': 'c1b9c53edcd94154ae1bcaba6daf0fd8', 'network_id': 'ab88802c-3e17-40e9-8ea5-e14efd2bc739', 'ip_version': 4, 'subnetpool_id': None, 'enable_dhcp': True, 'ipv6_ra_mode': None, 'ipv6_address_mode': None, 'gateway_ip': '192.168.128.1', 'cidr': '192.168.128.0/28', 'allocation_pools': [{'start': '192.168.128.2', 'end': '192.168.128.14'}], 'host_routes': [], 'dns_nameservers': [], 'description': '', 'router:external': False, 'service_types': [], 'tags': [], 'created_at': '2025-07-21T14:40:59Z', 'updated_at': '2025-07-21T14:40:59Z', 'revision_number': 0, 'project_id': 'c1b9c53edcd94154ae1bcaba6daf0fd8'}, Router: {'id': 'd7fe0a82-9065-4b49-b626-802a2e6969ee', 'name': 'tempest-ImagesNegativeTestJSON-1962473282-router', 'tenant_id': 'c1b9c53edcd94154ae1bcaba6daf0fd8', 'admin_state_up': True, 'status': 'ACTIVE', 'external_gateway_info': {'network_id': '4a59afe2-67dd-4c97-979c-11844fc1e730', 'external_fixed_ips': [{'subnet_id': '549e6df4-e53a-4cf1-b020-f25cab354ea7', 'ip_address': '10.180.180.240'}], 'enable_snat': True}, 'description': '', 'availability_zones': [], 'distributed': False, 'ha': False, 'availability_zone_hints': [], 'routes': [], 'flavor_id': None, 'tags': [], 'created_at': '2025-07-21T14:41:00Z', 'updated_at': '2025-07-21T14:41:01Z', 'revision_number': 2, 'project_id': 'c1b9c53edcd94154ae1bcaba6daf0fd8'}
2025-07-21 14:41:04.522 63703 INFO tempest.lib.common.rest_client [req-f9f7c654-e1a6-4667-9b87-96d7eb06359d req-f9f7c654-e1a6-4667-9b87-96d7eb06359d ] Request (MigrationsAdminTest:test_list_migrations_in_flavor_resize_situation): 200 GET http://10.180.1.21/compute/v2.1/servers/e6243133-c513-4738-9813-780bf189cca5 0.830s
2025-07-21 14:41:04.549 63672 INFO tempest.lib.common.rest_client [req-61163fac-3201-4134-a71c-e8c9566ec000 req-61163fac-3201-4134-a71c-e8c9566ec000 ] Request (AttachVolumeTestJSON:test_attach_detach_volume): 200 GET http://10.180.1.21/compute/v2.1/servers/ee3b53cc-1ac2-40bc-934d-89a25659d047 0.696s
2025-07-21 14:41:04.557 63709 INFO tempest.lib.common.rest_client [req-94262d97-6f94-4b3d-85a7-5677934f899a req-94262d97-6f94-4b3d-85a7-5677934f899a ] Request (ListServersNegativeTestJSON:setUpClass): 404 GET http://10.180.1.21/compute/v2.1/servers/53eaf6d8-ee6a-42bf-87b8-fe8198bd462a 0.623s
2025-07-21 14:41:04.580 63701 INFO tempest.lib.common.rest_client [req-9139d42b-1064-4065-82f1-393e0da35db3 req-9139d42b-1064-4065-82f1-393e0da35db3 ] Request (ImagesNegativeTestJSON:setUpClass): 201 POST http://10.180.1.21/identity/v3/auth/tokens 0.088s
2025-07-21 14:41:04.609 63717 INFO tempest.lib.common.rest_client [req-98067b6f-fb9a-46e6-87f1-621b448c9bf4 req-98067b6f-fb9a-46e6-87f1-621b448c9bf4 ] Request (FloatingIPsAssociationTestJSON:test_associate_already_associated_floating_ip): 200 GET http://10.180.1.21/compute/v2.1/servers/c11326c5-1647-4273-a28a-f59801f853cd 0.553s
2025-07-21 14:41:04.637 63691 INFO tempest.lib.common.rest_client [req-0e833887-c377-4e5b-8442-41d4da0ccb37 req-0e833887-c377-4e5b-8442-41d4da0ccb37 ] Request (InstanceActionsV221TestJSON:test_get_list_deleted_instance_actions): 200 GET http://10.180.1.21/compute/v2.1/servers/140495d7-00d9-4ab5-86f9-59ef7c708555 0.508s
2025-07-21 14:41:04.640 63701 INFO tempest.lib.common.rest_client [req-8764faad-f3aa-48b0-9d75-76e7301cef36 req-8764faad-f3aa-48b0-9d75-76e7301cef36 ] Request (ImagesNegativeTestJSON:test_create_image_from_deleted_server): 201 POST http://10.180.1.21/identity/v3/auth/tokens 0.051s
2025-07-21 14:41:04.641 63701 INFO tempest.lib.common.fixed_network [-] (ImagesNegativeTestJSON:test_create_image_from_deleted_server) Found network {'id': 'ab88802c-3e17-40e9-8ea5-e14efd2bc739', 'name': 'tempest-ImagesNegativeTestJSON-1962473282-network', 'tenant_id': 'c1b9c53edcd94154ae1bcaba6daf0fd8', 'admin_state_up': True, 'mtu': 8950, 'status': 'ACTIVE', 'subnets': [], 'shared': False, 'project_id': 'c1b9c53edcd94154ae1bcaba6daf0fd8', 'port_security_enabled': True, 'router:external': False, 'provider:network_type': 'vlan', 'provider:physical_network': 'default', 'provider:segmentation_id': 801, 'availability_zone_hints': [], 'availability_zones': [], 'ipv4_address_scope': None, 'ipv6_address_scope': None, 'description': '', 'tags': [], 'created_at': '2025-07-21T14:40:59Z', 'updated_at': '2025-07-21T14:40:59Z', 'revision_number': 1} available for tenant
2025-07-21 14:41:04.670 63631 INFO tempest.lib.common.rest_client [req-ec5563dc-4a2f-4740-a439-e1324ea8621d req-ec5563dc-4a2f-4740-a439-e1324ea8621d ] Request (ImagesTestJSON:test_create_image_from_stopped_server): 200 GET http://10.180.1.21/compute/v2.1/servers/c158029b-a216-4e9e-b2b3-f73d34c41f5b 0.452s
2025-07-21 14:41:04.712 63715 INFO tempest.lib.common.rest_client [req-4ddcb855-688f-4041-a4ef-edfa42bfc6cc req-4ddcb855-688f-4041-a4ef-edfa42bfc6cc ] Request (AttachInterfacesTestJSON:test_create_list_show_delete_interfaces_by_fixed_ip): 200 GET http://10.180.1.21/compute/v2.1/servers/63fdefbc-a279-4c6c-9300-46d450da723b 0.421s
2025-07-21 14:41:04.730 63713 INFO tempest.lib.common.rest_client [req-f2d3f1d4-5ce7-4b8a-ab93-dceef2815647 req-f2d3f1d4-5ce7-4b8a-ab93-dceef2815647 ] Request (ServerMetadataNegativeTestJSON:setUpClass): 200 GET http://10.180.1.21/compute/v2.1/servers/122f1c7e-ca09-4de2-a233-b2eed242e5c7 0.434s
2025-07-21 14:41:04.827 63693 INFO tempest.lib.common.rest_client [req-880ff911-034e-441f-ba65-9794fe377fb8 req-880ff911-034e-441f-ba65-9794fe377fb8 ] Request (TenantUsagesTestJSON:tearDownClass): 200 GET http://10.180.1.21/compute/v2.1/servers/1d8c7a69-e54e-4d64-90c8-06f0e76e9613 0.440s
2025-07-21 14:41:04.898 63621 INFO tempest.lib.common.rest_client [req-39fca7dd-8fa2-45ba-ad5f-dd615cfccb91 req-39fca7dd-8fa2-45ba-ad5f-dd615cfccb91 ] Request (SecurityGroupsTestJSON:test_security_groups_create_list_delete): 202 DELETE http://10.180.1.21/compute/v2.1/os-security-groups/f9df66c8-3574-4375-a84a-e045314dc6ee 0.544s
2025-07-21 14:41:04.922 63706 INFO tempest.lib.common.rest_client [req-f97e99e8-61b5-4752-b9ef-2dbe06ca8e16 req-f97e99e8-61b5-4752-b9ef-2dbe06ca8e16 ] Request (ServersAdmin275Test:tearDownClass): 200 GET http://10.180.1.21/compute/v2.1/servers/d0105121-3a59-4eac-ad1f-d31d6d268da0 0.519s
2025-07-21 14:41:05.000 63625 INFO tempest.lib.common.rest_client [req-c27d2bbc-43e8-4c7e-9678-4ddf7e27ab0d req-c27d2bbc-43e8-4c7e-9678-4ddf7e27ab0d ] Request (ValidationResourcesFixture:setUp): 200 POST http://10.180.1.21/compute/v2.1/os-keypairs 0.518s
2025-07-21 14:41:05.010 63709 INFO tempest.lib.common.rest_client [req-d9ea42fa-96ff-46f4-8111-9162bbd26346 req-d9ea42fa-96ff-46f4-8111-9162bbd26346 ] Request (ListServersNegativeTestJSON:setUpClass): 200 GET http://10.180.1.21/compute/v2.1/servers/6588d641-32ed-4469-a13f-44d2f5f699d6 0.453s
2025-07-21 14:41:05.167 63659 INFO tempest.lib.common.rest_client [req-f5e94906-b73a-4d8f-b9ab-0e83009d80fd req-f5e94906-b73a-4d8f-b9ab-0e83009d80fd ] Request (ServersWithSpecificFlavorTestJSON:test_verify_created_server_ephemeral_disk): 200 GET http://10.180.1.21/compute/v2.1/servers/42b8aa63-b37b-42b7-ad88-b01f3f441416 0.485s
2025-07-21 14:41:05.196 63625 INFO tempest.lib.common.rest_client [req-7ee40255-1581-4519-8b8c-14a08a10e42c req-7ee40255-1581-4519-8b8c-14a08a10e42c ] Request (ValidationResourcesFixture:setUp): 201 POST http://10.180.1.21:9696/networking/v2.0/security-groups 0.195s
2025-07-21 14:41:05.223 63699 WARNING tempest.lib.common.ssh [-] Failed to establish authenticated ssh connection to cirros@10.180.180.241 ([Errno None] Unable to connect to port 22 on 10.180.180.241). Number attempts: 4. Retry after 5 seconds.: paramiko.ssh_exception.NoValidConnectionsError: [Errno None] Unable to connect to port 22 on 10.180.180.241
2025-07-21 14:41:05.252 63711 INFO tempest.lib.common.rest_client [req-551c84a7-45d2-4da9-ad07-8b873d41349f req-551c84a7-45d2-4da9-ad07-8b873d41349f ] Request (ServersAaction247Test:test_create_backup): 200 GET http://10.180.1.21/compute/v2.1/servers/3aefd062-76d6-46d3-851d-2d03717c503d 0.534s
2025-07-21 14:41:05.338 63635 INFO tempest.lib.common.rest_client [req-1bcb1881-d43a-4bb2-a6e6-73153ebc06d8 req-1bcb1881-d43a-4bb2-a6e6-73153ebc06d8 ] Request (ServerTagsTestJSON:setUpClass): 200 GET http://10.180.1.21/compute/v2.1/servers/fc50a5c0-b486-424c-af05-650f31d9595b 0.583s
2025-07-21 14:41:05.417 63655 INFO tempest.lib.common.rest_client [req-53f84538-6717-462f-9f7f-5cafda098fbe req-53f84538-6717-462f-9f7f-5cafda098fbe ] Request (ServerDiagnosticsNegativeTest:tearDownClass): 200 GET http://10.180.1.21/compute/v2.1/servers/fb2f6d4c-4099-4108-93f7-5e5c537f2a19 0.600s
2025-07-21 14:41:05.426 63625 INFO tempest.lib.common.rest_client [req-4f007c59-6268-4a75-b433-452d9bad2a31 req-4f007c59-6268-4a75-b433-452d9bad2a31 ] Request (ValidationResourcesFixture:setUp): 201 POST http://10.180.1.21:9696/networking/v2.0/security-group-rules 0.229s
2025-07-21 14:41:05.442 63621 INFO tempest.lib.common.rest_client [req-6178b7c8-edd2-485d-87f2-7d523081eb3e req-6178b7c8-edd2-485d-87f2-7d523081eb3e ] Request (SecurityGroupsTestJSON:test_security_groups_create_list_delete): 404 GET http://10.180.1.21/compute/v2.1/os-security-groups/f9df66c8-3574-4375-a84a-e045314dc6ee 0.544s
2025-07-21 14:41:05.501 63721 INFO tempest.lib.common.rest_client [req-566b2b5c-7833-4abe-b0c2-8d30a9fddd15 req-566b2b5c-7833-4abe-b0c2-8d30a9fddd15 ] Request (ImagesOneServerTestJSON:setUpClass): 200 GET http://10.180.1.21/compute/v2.1/servers/ab6975de-1411-4af2-848e-fb957595f115 0.597s
2025-07-21 14:41:05.525 63625 INFO tempest.lib.common.rest_client [req-83e086a7-1ef6-418a-9772-e381864fb942 req-83e086a7-1ef6-418a-9772-e381864fb942 ] Request (ValidationResourcesFixture:setUp): 201 POST http://10.180.1.21:9696/networking/v2.0/security-group-rules 0.098s
2025-07-21 14:41:05.574 63701 INFO tempest.lib.common.rest_client [req-965359b3-3a06-4033-8ee2-1a29c2892411 req-965359b3-3a06-4033-8ee2-1a29c2892411 ] Request (ImagesNegativeTestJSON:test_create_image_from_deleted_server): 202 POST http://10.180.1.21/compute/v2.1/servers 0.933s
2025-07-21 14:41:05.637 63633 INFO tempest.lib.common.rest_client [req-03972004-8d9a-4b03-8fa9-d70cbe4ce357 req-03972004-8d9a-4b03-8fa9-d70cbe4ce357 ] Request (ServersAdminNegativeTestJSON:test_migrate_server_invalid_state): 200 GET http://10.180.1.21/compute/v2.1/servers/d57768bf-d0e6-419d-80c5-060b3aacba5b 0.686s
2025-07-21 14:41:05.679 63695 INFO tempest.lib.common.rest_client [req-02faeba8-c622-40f3-be47-aaa5a05b99ac req-02faeba8-c622-40f3-be47-aaa5a05b99ac ] Request (AttachVolumeShelveTestJSON:test_attach_volume_shelved_or_offload_server): 200 GET http://10.180.1.21/compute/v2.1/servers/c32e2032-623b-4e2c-b1bd-cc44a0f6d5ab 0.652s
2025-07-21 14:41:05.722 63627 INFO tempest.lib.common.rest_client [req-94d338b7-e5ae-4f3e-9aa7-071069b9157f req-94d338b7-e5ae-4f3e-9aa7-071069b9157f ] Request (ServerDiagnosticsV248Test:tearDownClass): 200 GET http://10.180.1.21/compute/v2.1/servers/256fe9ec-78a1-48b3-8716-49e7922668c4 0.607s
2025-07-21 14:41:05.814 63648 INFO tempest.lib.common.rest_client [req-b4a79f23-bdd7-4911-9933-24eac5ec276b req-b4a79f23-bdd7-4911-9933-24eac5ec276b ] Request (DeleteServersAdminTestJSON:test_delete_server_while_in_error_state): 200 GET http://10.180.1.21/compute/v2.1/servers/1c272ef4-b27d-4f7e-8b08-a49f40a3cb3d 0.660s
2025-07-21 14:41:05.833 63643 INFO tempest.lib.common.rest_client [req-bf90e4bc-9b29-4c72-8142-8c8d842812b2 req-bf90e4bc-9b29-4c72-8142-8c8d842812b2 ] Request (ServerDiagnosticsTest:test_get_server_diagnostics): 200 GET http://10.180.1.21/compute/v2.1/servers/8ce39460-37a3-442d-9bdc-a0542e86c2f1 0.710s
2025-07-21 14:41:05.890 63638 INFO tempest.lib.common.rest_client [req-feae30f6-8589-4664-a3c3-f333565a774f req-feae30f6-8589-4664-a3c3-f333565a774f ] Request (ServerActionsTestOtherA:setUpClass): 200 GET http://10.180.1.21/compute/v2.1/servers/ef0f3bae-003a-4507-9a72-2c5e375a1f26 0.719s
2025-07-21 14:41:05.911 63619 INFO tempest.lib.common.rest_client [req-c5d438f5-6736-4e89-8c0a-c483a8f3d370 req-c5d438f5-6736-4e89-8c0a-c483a8f3d370 ] Request (ServersAdminTestJSON:setUpClass): 200 GET http://10.180.1.21/compute/v2.1/servers/380fd1a2-9007-4a4f-8bfb-aad5a9117008 0.677s
2025-07-21 14:41:05.964 63617 INFO tempest.lib.common.rest_client [req-fa7f1b1a-d3f1-4afb-8d2f-e7315775c26c req-fa7f1b1a-d3f1-4afb-8d2f-e7315775c26c ] Request (ServerAddressesNegativeTestJSON:setUpClass): 200 GET http://10.180.1.21/compute/v2.1/servers/9190b8ee-1921-4917-b6ba-d61a797e5ac7 0.731s
2025-07-21 14:41:05.977 63623 INFO tempest.lib.common.rest_client [req-144797a8-d85d-4fd7-8bd7-8108059ff351 req-144797a8-d85d-4fd7-8bd7-8108059ff351 ] Request (MultipleCreateTestJSON:test_multiple_create_with_reservation_return): 200 GET http://10.180.1.21/compute/v2.1/servers/5e43cd98-f6ad-4f80-948f-00fbff73b684 0.658s
2025-07-21 14:41:06.059 63625 INFO tempest.lib.common.rest_client [req-444cf6e9-2325-4c24-8eb9-035ea7ed8729 req-444cf6e9-2325-4c24-8eb9-035ea7ed8729 ] Request (ValidationResourcesFixture:setUp): 201 POST http://10.180.1.21:9696/networking/v2.0/floatingips 0.534s
2025-07-21 14:41:06.104 63625 INFO tempest.lib.common.rest_client [req-73882c31-89b8-4c5d-9652-1f9cdcf4eefc req-73882c31-89b8-4c5d-9652-1f9cdcf4eefc ] Request (AttachInterfacesUnderV243Test:test_add_remove_fixed_ip): 201 POST http://10.180.1.21/identity/v3/auth/tokens 0.040s
