2025-07-21 14:40:16.417 63713 INFO tempest.lib.common.rest_client [req-45f39189-4a29-4c09-9be6-d8c6c5b54730 req-45f39189-4a29-4c09-9be6-d8c6c5b54730 ] Request (ServerGroup264TestJSON:test_create_get_server_group): 200 GET http://10.180.1.21/compute/v2.1/os-server-groups 1.503s
2025-07-21 14:40:16.437 63695 INFO tempest.lib.common.rest_client [req-34613d70-04e6-48e8-90fe-96ebd3e45392 req-34613d70-04e6-48e8-90fe-96ebd3e45392 ] Request (KeyPairsV2TestJSON:tearDownClass): 204 DELETE http://10.180.1.21/identity/v3/users/03ffd85784264c15add7a0de2066e92b 0.180s
2025-07-21 14:40:16.437 63695 INFO tempest.lib.common.dynamic_creds [-] Deleting project and security group for project: d4b6396a548b422a9974c2eb9df480bf
2025-07-21 14:40:16.467 63691 INFO tempest.lib.common.rest_client [req-6a838a67-3b6c-42f9-938e-5627dfc49ce7 req-6a838a67-3b6c-42f9-938e-5627dfc49ce7 ] Request (KeyPairsV22TestJSON:tearDownClass): 201 POST http://10.180.1.21/identity/v3/auth/tokens 0.173s
2025-07-21 14:40:16.525 63657 INFO tempest.lib.common.rest_client [req-40b343d5-173a-4a48-8c3d-b7a569cffaa5 req-40b343d5-173a-4a48-8c3d-b7a569cffaa5 ] Request (ImagesOneServerNegativeTestJSON:setUpClass): 200 GET http://10.180.1.21/compute/v2.1/servers/cc7f4540-dc8b-4b4a-90f2-9e7d29cd1f16 1.529s
2025-07-21 14:40:16.539 63617 INFO tempest.lib.common.rest_client [req-61de1b13-fe72-47cc-8cd6-42c8910e279a req-61de1b13-fe72-47cc-8cd6-42c8910e279a ] Request (QuotasAdminTestJSON:test_delete_quota): 202 DELETE http://10.180.1.21/compute/v2.1/os-quota-sets/cd68e06ae3fc432d851d0fd219a10834 1.111s
2025-07-21 14:40:16.559 63695 INFO tempest.lib.common.rest_client [req-1f5dff34-4cae-4516-a424-4bc53dd79b4c req-1f5dff34-4cae-4516-a424-4bc53dd79b4c ] Request (KeyPairsV2TestJSON:tearDownClass): 201 POST http://10.180.1.21/identity/v3/auth/tokens 0.122s
2025-07-21 14:40:16.575 63715 INFO tempest.lib.common.rest_client [req-bdc3abf9-99c7-4d65-9b10-5cc256c7015e req-bdc3abf9-99c7-4d65-9b10-5cc256c7015e ] Request (ImagesDeleteNegativeTestJSON:test_delete_image_negative_image_id): 404 DELETE http://10.180.1.21/compute/v2.1/images/-1 0.985s
2025-07-21 14:40:16.641 63631 INFO tempest.lib.common.rest_client [req-209d59a5-6a9a-468e-a157-04ccf153cf85 req-209d59a5-6a9a-468e-a157-04ccf153cf85 ] Request (ServicesAdminNegativeV253TestJSON:tearDownClass): 204 DELETE http://10.180.1.21/identity/v3/users/7a43a657cb1145649f5fbfbb36d444d6 0.249s
2025-07-21 14:40:16.707 63721 INFO tempest.lib.common.rest_client [req-da31e280-bee6-4ac1-b99c-07dd0d5f7df0 req-da31e280-bee6-4ac1-b99c-07dd0d5f7df0 ] Request (ImagesMetadataTestJSON:setUp): 200 PUT http://10.180.1.21/compute/v2.1/images/20b2cae9-1ac6-4d2e-a4e0-cc9789767371/metadata 1.689s
2025-07-21 14:40:16.898 63719 INFO tempest.lib.common.rest_client [req-0acc8128-489c-4267-bdd8-3f6699b298fc req-0acc8128-489c-4267-bdd8-3f6699b298fc ] Request (VolumesAssistedSnapshotsTest:test_volume_assisted_snapshot_create_delete): 200 GET http://10.180.1.21/compute/v2.1/servers/39273104-66d6-4520-a1df-31d8f928931d 1.182s
2025-07-21 14:40:16.904 63631 INFO tempest.lib.common.rest_client [req-192e50de-0a2a-440a-a003-15c87f7bc006 req-192e50de-0a2a-440a-a003-15c87f7bc006 ] Request (ServicesAdminNegativeV253TestJSON:tearDownClass): 204 DELETE http://10.180.1.21/identity/v3/users/b025d51f779e408eaf912aa9dc1b844b 0.263s
2025-07-21 14:40:16.905 63631 INFO tempest.lib.common.dynamic_creds [-] Deleting project and security group for project: 97cf0227a6314637b4a3a5607396a17c
2025-07-21 14:40:16.984 63631 INFO tempest.lib.common.rest_client [req-5a5f2e7d-52d1-4d3a-82dc-8a9f16ebea78 req-5a5f2e7d-52d1-4d3a-82dc-8a9f16ebea78 ] Request (ServicesAdminNegativeV253TestJSON:tearDownClass): 201 POST http://10.180.1.21/identity/v3/auth/tokens 0.079s
2025-07-21 14:40:16.996 63703 INFO tempest.lib.common.rest_client [req-c2a59a80-1f03-41b4-ba12-df078b41073a req-c2a59a80-1f03-41b4-ba12-df078b41073a ] Request (MigrationsAdminTest:test_list_migrations_in_flavor_resize_situation): 200 GET http://10.180.1.21/compute/v2.1/servers/e6243133-c513-4738-9813-780bf189cca5 1.336s
2025-07-21 14:40:17.040 63655 INFO tempest.lib.common.rest_client [req-c2a85048-3931-45ee-a961-b90eb5cb3020 req-c2a85048-3931-45ee-a961-b90eb5cb3020 ] Request (ServerDiagnosticsNegativeTest:test_get_server_diagnostics_by_non_admin): 200 GET http://10.180.1.21/compute/v2.1/servers/fb2f6d4c-4099-4108-93f7-5e5c537f2a19 1.236s
2025-07-21 14:40:17.096 63629 INFO tempest.lib.common.rest_client [req-21807bc7-ae64-49e6-9b86-aac1e86378ef req-21807bc7-ae64-49e6-9b86-aac1e86378ef ] Request (VolumesAdminNegativeTest:test_update_attached_volume_with_nonexistent_volume_in_body): 200 GET http://10.180.1.21/compute/v2.1/servers/870c6382-317a-4067-9e38-e0e1a8e09437 1.206s
2025-07-21 14:40:17.173 63709 INFO tempest.lib.common.rest_client [req-29636cd0-4f79-4485-9464-961af859c107 req-29636cd0-4f79-4485-9464-961af859c107 ] Request (ListServersNegativeTestJSON:setUpClass): 200 GET http://10.180.1.21/compute/v2.1/servers/021300e0-ee8a-412e-840b-f921befc04a4 1.183s
2025-07-21 14:40:17.183 63709 INFO tempest.common.waiters [-] State transition "BUILD/None" ==> "ERROR/None" after 22 second wait
2025-07-21 14:40:17.208 63627 INFO tempest.lib.common.rest_client [req-8c1b694a-aa80-4100-bc68-290ef8011c35 req-8c1b694a-aa80-4100-bc68-290ef8011c35 ] Request (ServerDiagnosticsV248Test:test_get_server_diagnostics): 200 GET http://10.180.1.21/compute/v2.1/servers/256fe9ec-78a1-48b3-8716-49e7922668c4 1.213s
2025-07-21 14:40:17.265 63659 INFO tempest.lib.common.rest_client [req-1ccc3933-9f7f-4000-9d89-cd267606c392 req-1ccc3933-9f7f-4000-9d89-cd267606c392 ] Request (ServersWithSpecificFlavorTestJSON:test_verify_created_server_ephemeral_disk): 200 GET http://10.180.1.21/compute/v2.1/servers/42b8aa63-b37b-42b7-ad88-b01f3f441416 1.220s
2025-07-21 14:40:17.285 63699 INFO tempest.lib.common.rest_client [req-f512f99f-5631-408a-8540-035f71a0a389 req-f512f99f-5631-408a-8540-035f71a0a389 ] Request (ServersTestFqdnHostnames:test_create_server_with_fqdn_name): 200 GET http://10.180.1.21/compute/v2.1/servers/eef7f93f-732f-42d5-bd76-cc760fba4f94 1.196s
2025-07-21 14:40:17.290 63695 INFO tempest.lib.common.rest_client [req-bc268168-060e-44a7-b263-4a56feca8a89 req-bc268168-060e-44a7-b263-4a56feca8a89 ] Request (KeyPairsV2TestJSON:tearDownClass): 200 GET http://10.180.1.21:9696/networking/v2.0/security-groups?tenant_id=d4b6396a548b422a9974c2eb9df480bf&name=default 0.730s
2025-07-21 14:40:17.294 63691 INFO tempest.lib.common.rest_client [req-7cde5951-d6c0-40fa-9342-74f24f691559 req-7cde5951-d6c0-40fa-9342-74f24f691559 ] Request (KeyPairsV22TestJSON:tearDownClass): 200 GET http://10.180.1.21:9696/networking/v2.0/security-groups?tenant_id=8f848e1f36fb4c8e8bc20ea1fbed3d1c&name=default 0.826s
2025-07-21 14:40:17.319 63701 INFO tempest.lib.common.rest_client [req-0633d18a-40a9-4ce3-b114-539c2a0ede49 req-0633d18a-40a9-4ce3-b114-539c2a0ede49 ] Request (AggregatesAdminNegativeTestJSON:test_aggregate_get_details_as_user): 200 POST http://10.180.1.21/compute/v2.1/os-aggregates 1.148s
2025-07-21 14:40:17.333 63711 INFO tempest.lib.common.rest_client [req-72ad4258-1ba6-49d5-93ac-67605126ac3b req-72ad4258-1ba6-49d5-93ac-67605126ac3b ] Request (ServerExternalEventsTest:tearDownClass): 200 GET http://10.180.1.21/compute/v2.1/servers/fdd97ec9-4a59-4194-84a6-b4c13f64fd3d 1.205s
2025-07-21 14:40:17.407 63706 INFO tempest.lib.common.rest_client [req-2cb9f7ba-4c37-4ee5-9055-5c701132e3d1 req-2cb9f7ba-4c37-4ee5-9055-5c701132e3d1 ] Request (ServersAdmin275Test:test_rebuild_update_server_275): 200 GET http://10.180.1.21/compute/v2.1/servers/d0105121-3a59-4eac-ad1f-d31d6d268da0 1.195s
2025-07-21 14:40:17.423 63706 INFO tempest.common.waiters [-] State transition "REBUILD/rebuild_spawning" ==> "ACTIVE/None" after 11 second wait
2025-07-21 14:40:17.437 63713 INFO tempest.lib.common.rest_client [req-6d0ac8b7-4ce7-457e-8625-620454d7cd0e req-6d0ac8b7-4ce7-457e-8625-620454d7cd0e ] Request (ServerGroup264TestJSON:test_create_get_server_group): 200 GET http://10.180.1.21/compute/v2.1/os-server-groups/45c6a0e5-a461-4647-8871-e11ba78eecdb 1.014s
2025-07-21 14:40:17.442 63631 INFO tempest.lib.common.rest_client [req-57f63e52-9036-420f-8955-ce82f792823f req-57f63e52-9036-420f-8955-ce82f792823f ] Request (ServicesAdminNegativeV253TestJSON:tearDownClass): 200 GET http://10.180.1.21:9696/networking/v2.0/security-groups?tenant_id=97cf0227a6314637b4a3a5607396a17c&name=default 0.458s
2025-07-21 14:40:17.537 63633 INFO tempest.lib.common.rest_client [req-4a764656-8bd9-41e1-95c4-be8ca3d4f9f4 req-4a764656-8bd9-41e1-95c4-be8ca3d4f9f4 ] Request (ServersAdminNegativeTestJSON:test_migrate_server_invalid_state): 200 GET http://10.180.1.21/compute/v2.1/servers/d57768bf-d0e6-419d-80c5-060b3aacba5b 1.021s
2025-07-21 14:40:17.590 63695 INFO tempest.lib.common.rest_client [req-35c81a31-6c4c-41c5-8162-ffd96b60aa80 req-35c81a31-6c4c-41c5-8162-ffd96b60aa80 ] Request (KeyPairsV2TestJSON:tearDownClass): 204 DELETE http://10.180.1.21:9696/networking/v2.0/security-groups/fdfccd0a-da89-4fdc-9c2b-0717879d5d28 0.300s
2025-07-21 14:40:17.595 63631 INFO tempest.lib.common.rest_client [req-38c87231-05a1-40fe-bf41-6ca3e7f25081 req-38c87231-05a1-40fe-bf41-6ca3e7f25081 ] Request (ServicesAdminNegativeV253TestJSON:tearDownClass): 204 DELETE http://10.180.1.21:9696/networking/v2.0/security-groups/ffcb578e-01fa-44e8-b2c6-f09f5d17923d 0.152s
2025-07-21 14:40:17.603 63691 INFO tempest.lib.common.rest_client [req-8c24cb49-b317-4816-82ca-b340dfcda964 req-8c24cb49-b317-4816-82ca-b340dfcda964 ] Request (KeyPairsV22TestJSON:tearDownClass): 204 DELETE http://10.180.1.21:9696/networking/v2.0/security-groups/8f5c9812-3b22-4472-b2c0-855c98571bfd 0.309s
2025-07-21 14:40:17.676 63695 INFO tempest.lib.common.rest_client [req-8e23e7e1-855b-4c0b-b7dc-be5ed7733726 req-8e23e7e1-855b-4c0b-b7dc-be5ed7733726 ] Request (KeyPairsV2TestJSON:tearDownClass): 204 DELETE http://10.180.1.21/identity/v3/projects/d4b6396a548b422a9974c2eb9df480bf 0.085s
2025-07-21 14:40:17.716 63697 INFO tempest.lib.common.rest_client [req-04f40252-0a83-4e49-8944-b40faf34b59e req-04f40252-0a83-4e49-8944-b40faf34b59e ] Request (ServersTestManualDisk:setUpClass): 200 PUT http://10.180.1.21:9696/networking/v2.0/floatingips/2602bb5f-fbbd-4dfc-8aad-42326beb1f09 1.296s
2025-07-21 14:40:17.761 63617 INFO tempest.lib.common.rest_client [req-b4bdb1d3-c9f3-4990-b6ce-a448af952dd9 req-b4bdb1d3-c9f3-4990-b6ce-a448af952dd9 ] Request (QuotasAdminTestJSON:test_delete_quota): 200 GET http://10.180.1.21/compute/v2.1/os-quota-sets/cd68e06ae3fc432d851d0fd219a10834 1.221s
2025-07-21 14:40:17.783 63715 INFO tempest.lib.common.rest_client [req-dff7bab0-b160-4f9d-ba31-1ce49da6d900 req-dff7bab0-b160-4f9d-ba31-1ce49da6d900 ] Request (ImagesDeleteNegativeTestJSON:test_delete_image_non_hex_string_id): 404 DELETE http://10.180.1.21/compute/v2.1/images/562dc233-b0d2-4a5d-a253-309bec6fda0j 1.205s
2025-07-21 14:40:17.798 63631 INFO tempest.lib.common.rest_client [req-3cfd7927-652b-4f70-be29-0d868c720c0f req-3cfd7927-652b-4f70-be29-0d868c720c0f ] Request (ServicesAdminNegativeV253TestJSON:tearDownClass): 204 DELETE http://10.180.1.21/identity/v3/projects/97cf0227a6314637b4a3a5607396a17c 0.203s
2025-07-21 14:40:17.798 63631 INFO tempest.lib.common.dynamic_creds [-] Deleting project and security group for project: 94eae95ea3b3476b90af1abbff4fbc94
2025-07-21 14:40:17.837 63691 INFO tempest.lib.common.rest_client [req-f3dc44de-f96a-4cdb-a9b3-cfe72d98bbd9 req-f3dc44de-f96a-4cdb-a9b3-cfe72d98bbd9 ] Request (KeyPairsV22TestJSON:tearDownClass): 204 DELETE http://10.180.1.21/identity/v3/projects/8f848e1f36fb4c8e8bc20ea1fbed3d1c 0.233s
2025-07-21 14:40:17.896 63695 INFO tempest.lib.common.rest_client [req-750349bc-efa2-4816-96d4-5a25dba633e4 req-750349bc-efa2-4816-96d4-5a25dba633e4 ] Request (AbsoluteLimitsTestJSON:setUpClass): 201 POST http://10.180.1.21/identity/v3/auth/tokens 0.219s
2025-07-21 14:40:17.900 63635 INFO tempest.lib.common.rest_client [req-c73e3b07-a0dd-4d19-b948-a12c30cf6182 req-c73e3b07-a0dd-4d19-b948-a12c30cf6182 ] Request (ServerTagsTestJSON:setUpClass): 200 GET http://10.180.1.21/compute/v2.1/servers/fc50a5c0-b486-424c-af05-650f31d9595b 1.234s
2025-07-21 14:40:17.931 63691 INFO tempest.lib.common.rest_client [req-cf2d2798-0145-4fee-970e-4f879cd5928f req-cf2d2798-0145-4fee-970e-4f879cd5928f ] Request (AZV2TestJSON:setUpClass): 201 POST http://10.180.1.21/identity/v3/auth/tokens 0.092s
2025-07-21 14:40:17.942 63717 INFO tempest.lib.common.rest_client [req-08517e18-f52f-4762-bbee-f466804150eb req-08517e18-f52f-4762-bbee-f466804150eb ] Request (FloatingIPsAssociationTestJSON:test_associate_already_associated_floating_ip): 202 POST http://10.180.1.21/compute/v2.1/servers 1.767s
2025-07-21 14:40:17.957 63625 INFO tempest.lib.common.rest_client [req-b2f7fa85-6a7c-4576-96ff-f570c2ca912a req-b2f7fa85-6a7c-4576-96ff-f570c2ca912a ] Request (FloatingIPDetailsTestJSON:setUpClass): 201 POST http://10.180.1.21:9696/networking/v2.0/routers 1.913s
2025-07-21 14:40:18.054 63631 INFO tempest.lib.common.rest_client [req-a3b15f02-e434-43cd-9f11-aff2dbb434be req-a3b15f02-e434-43cd-9f11-aff2dbb434be ] Request (ServicesAdminNegativeV253TestJSON:tearDownClass): 200 GET http://10.180.1.21:9696/networking/v2.0/security-groups?tenant_id=94eae95ea3b3476b90af1abbff4fbc94&name=default 0.255s
2025-07-21 14:40:18.084 63695 INFO tempest.lib.common.rest_client [req-9c0cdf58-99f9-4f7d-a579-afc44272e33b req-9c0cdf58-99f9-4f7d-a579-afc44272e33b ] Request (AbsoluteLimitsTestJSON:setUpClass): 201 POST http://10.180.1.21/identity/v3/auth/tokens 0.180s
2025-07-21 14:40:18.096 63621 INFO tempest.lib.common.rest_client [req-4fc039ab-0db7-4d30-8771-392a63de0755 req-4fc039ab-0db7-4d30-8771-392a63de0755 ] Request (SecurityGroupsTestJSON:test_list_security_groups_by_server): 200 GET http://10.180.1.21/compute/v2.1/servers/bf4b85bd-f649-4444-b057-fe6035bb8c2a 1.377s
2025-07-21 14:40:18.108 63617 INFO tempest.lib.common.rest_client [req-38cc9129-aaa3-41a3-b5bd-c3fac0e7df47 req-38cc9129-aaa3-41a3-b5bd-c3fac0e7df47 ] Request (QuotasAdminTestJSON:_run_cleanups): 204 DELETE http://10.180.1.21/identity/v3/projects/cd68e06ae3fc432d851d0fd219a10834 0.344s
2025-07-21 14:40:18.145 63691 INFO tempest.lib.common.rest_client [req-121e12d5-9567-43cf-8b0c-de64193224aa req-121e12d5-9567-43cf-8b0c-de64193224aa ] Request (AZV2TestJSON:setUpClass): 201 POST http://10.180.1.21/identity/v3/auth/tokens 0.211s
2025-07-21 14:40:18.170 63695 INFO tempest.lib.common.rest_client [req-0fd16801-ae55-4853-b690-1f3d82239dd8 req-0fd16801-ae55-4853-b690-1f3d82239dd8 ] Request (AbsoluteLimitsTestJSON:setUpClass): 200 GET http://10.180.1.21/identity/v3/domains?name=Default 0.085s
2025-07-21 14:40:18.186 63691 INFO tempest.lib.common.rest_client [req-06e0f30c-2a91-4c59-bc98-2f964e3cc08b req-06e0f30c-2a91-4c59-bc98-2f964e3cc08b ] Request (AZV2TestJSON:setUpClass): 200 GET http://10.180.1.21/identity/v3/domains?name=Default 0.041s
2025-07-21 14:40:18.202 63693 INFO tempest.lib.common.rest_client [req-544ab9a3-bda0-44ed-a8b7-e5b80b1bb8e6 req-544ab9a3-bda0-44ed-a8b7-e5b80b1bb8e6 ] Request (TenantUsagesTestJSON:setUpClass): 200 GET http://10.180.1.21/compute/v2.1/servers/1d8c7a69-e54e-4d64-90c8-06f0e76e9613 1.199s
2025-07-21 14:40:18.210 63695 INFO tempest.lib.common.rest_client [req-ac1bef44-ddc6-4860-bdf6-41c4304cdac7 req-ac1bef44-ddc6-4860-bdf6-41c4304cdac7 ] Request (AbsoluteLimitsTestJSON:setUpClass): 201 POST http://10.180.1.21/identity/v3/projects 0.039s
2025-07-21 14:40:18.228 63691 INFO tempest.lib.common.rest_client [req-9925b9f8-0a14-4297-859b-b91292f60e93 req-9925b9f8-0a14-4297-859b-b91292f60e93 ] Request (AZV2TestJSON:setUpClass): 201 POST http://10.180.1.21/identity/v3/projects 0.041s
2025-07-21 14:40:18.263 63721 INFO tempest.lib.common.rest_client [req-35a538bb-23e7-4924-b693-a2369325eee5 req-35a538bb-23e7-4924-b693-a2369325eee5 ] Request (ImagesMetadataTestJSON:test_set_image_metadata_item): 200 PUT http://10.180.1.21/compute/v2.1/images/20b2cae9-1ac6-4d2e-a4e0-cc9789767371/metadata/os_version 1.555s
2025-07-21 14:40:18.307 63648 INFO tempest.lib.common.rest_client [req-48edb16a-c72e-4889-b9d7-7597d8ff087b req-48edb16a-c72e-4889-b9d7-7597d8ff087b ] Request (DeleteServersAdminTestJSON:test_admin_delete_servers_of_others): 200 GET http://10.180.1.21/compute/v2.1/servers/32c2cdab-847b-405b-8fb1-2c6509b20552 1.166s
2025-07-21 14:40:18.340 63691 INFO tempest.lib.common.rest_client [req-17f226d6-a40d-4db5-98ae-29cdb4fd2136 req-17f226d6-a40d-4db5-98ae-29cdb4fd2136 ] Request (AZV2TestJSON:setUpClass): 201 POST http://10.180.1.21/identity/v3/users 0.111s
2025-07-21 14:40:18.340 63631 INFO tempest.lib.common.rest_client [req-b933f53c-a12f-40af-a3b6-1a6f2d1c8352 req-b933f53c-a12f-40af-a3b6-1a6f2d1c8352 ] Request (ServicesAdminNegativeV253TestJSON:tearDownClass): 204 DELETE http://10.180.1.21:9696/networking/v2.0/security-groups/4a744b67-78af-4110-8c11-731e3e69dc63 0.286s
2025-07-21 14:40:18.354 63695 INFO tempest.lib.common.rest_client [req-8b5b5497-5e56-44e3-86b5-91e21c2d456b req-8b5b5497-5e56-44e3-86b5-91e21c2d456b ] Request (AbsoluteLimitsTestJSON:setUpClass): 201 POST http://10.180.1.21/identity/v3/users 0.143s
2025-07-21 14:40:18.372 63691 INFO tempest.lib.common.rest_client [req-7cdd4415-7526-42e7-bc75-cfc6618232db req-7cdd4415-7526-42e7-bc75-cfc6618232db ] Request (AZV2TestJSON:setUpClass): 200 GET http://10.180.1.21/identity/v3/roles 0.031s
2025-07-21 14:40:18.392 63695 INFO tempest.lib.common.rest_client [req-cd6e8ca4-1506-42cd-a1ae-a3b963c1a038 req-cd6e8ca4-1506-42cd-a1ae-a3b963c1a038 ] Request (AbsoluteLimitsTestJSON:setUpClass): 200 GET http://10.180.1.21/identity/v3/roles 0.035s
2025-07-21 14:40:18.421 63691 INFO tempest.lib.common.rest_client [req-6d5612b6-e022-4bc1-954c-1c9381f259ef req-6d5612b6-e022-4bc1-954c-1c9381f259ef ] Request (AZV2TestJSON:setUpClass): 204 PUT http://10.180.1.21/identity/v3/projects/d09ef09f8f31441d821321e7b23da8a6/users/39b0cb4f29684eb7acf43b29bd9ef2b0/roles/134950a8f693437695eec691e5eab466 0.047s
2025-07-21 14:40:18.421 63691 INFO tempest.lib.common.dynamic_creds [-] Dynamic test user 39b0cb4f29684eb7acf43b29bd9ef2b0 is created with scope project and roles: ['member']
2025-07-21 14:40:18.421 63691 INFO tempest.lib.common.dynamic_creds [-] Acquired dynamic creds: credentials: Credentials: {'domain_id': 'default', 'domain_name': 'Default', 'username': 'tempest-AZV2TestJSON-563433036-project-member', 'project_domain_id': 'default', 'project_domain_name': 'Default', 'project_id': 'd09ef09f8f31441d821321e7b23da8a6', 'project_name': 'tempest-AZV2TestJSON-563433036', 'tenant_id': 'd09ef09f8f31441d821321e7b23da8a6', 'tenant_name': 'tempest-AZV2TestJSON-563433036', 'user_domain_id': 'default', 'user_domain_name': 'Default', 'user_id': '39b0cb4f29684eb7acf43b29bd9ef2b0', 'system': None}, Network: None, Subnet: None, Router: None
2025-07-21 14:40:18.421 63691 INFO tempest.lib.common.dynamic_creds [-] Created isolated network resources for: credentials: Credentials: {'domain_id': 'default', 'domain_name': 'Default', 'username': 'tempest-AZV2TestJSON-563433036-project-member', 'project_domain_id': 'default', 'project_domain_name': 'Default', 'project_id': 'd09ef09f8f31441d821321e7b23da8a6', 'project_name': 'tempest-AZV2TestJSON-563433036', 'tenant_id': 'd09ef09f8f31441d821321e7b23da8a6', 'tenant_name': 'tempest-AZV2TestJSON-563433036', 'user_domain_id': 'default', 'user_domain_name': 'Default', 'user_id': '39b0cb4f29684eb7acf43b29bd9ef2b0', 'system': None}, Network: None, Subnet: None, Router: None
2025-07-21 14:40:18.428 63623 INFO tempest.lib.common.rest_client [req-3d6ab640-1e2b-4203-87c4-ac988a1306b9 req-3d6ab640-1e2b-4203-87c4-ac988a1306b9 ] Request (MultipleCreateTestJSON:_run_cleanups): 200 GET http://10.180.1.21/compute/v2.1/servers/95eff2bc-3e47-4fe0-b758-20a8da8561b1 1.240s
2025-07-21 14:40:18.437 63672 INFO tempest.lib.common.rest_client [req-de6125d7-3ca2-456d-90a2-e525c91b2c6a req-de6125d7-3ca2-456d-90a2-e525c91b2c6a ] Request (FloatingIPsNegativeTestJSON:tearDownClass): 200 PUT http://10.180.1.21:9696/networking/v2.0/routers/faddcab0-4822-4ded-82e3-83ad003cbd94/remove_router_interface 2.277s
2025-07-21 14:40:18.461 63631 INFO tempest.lib.common.rest_client [req-01bca906-0089-4d1a-8605-ed452455365c req-01bca906-0089-4d1a-8605-ed452455365c ] Request (ServicesAdminNegativeV253TestJSON:tearDownClass): 204 DELETE http://10.180.1.21/identity/v3/projects/94eae95ea3b3476b90af1abbff4fbc94 0.121s
2025-07-21 14:40:18.519 63695 INFO tempest.lib.common.rest_client [req-1edf5971-d588-4dcd-bedd-44ea28be0b75 req-1edf5971-d588-4dcd-bedd-44ea28be0b75 ] Request (AbsoluteLimitsTestJSON:setUpClass): 204 PUT http://10.180.1.21/identity/v3/projects/66cf309fa29c4daeadcad06af1bb467f/users/32862c01f0f04b7a9cd622a2a1178a31/roles/134950a8f693437695eec691e5eab466 0.127s
2025-07-21 14:40:18.521 63695 INFO tempest.lib.common.dynamic_creds [-] Dynamic test user 32862c01f0f04b7a9cd622a2a1178a31 is created with scope project and roles: ['member']
2025-07-21 14:40:18.522 63695 INFO tempest.lib.common.dynamic_creds [-] Acquired dynamic creds: credentials: Credentials: {'domain_id': 'default', 'domain_name': 'Default', 'username': 'tempest-AbsoluteLimitsTestJSON-890012333-project-member', 'project_domain_id': 'default', 'project_domain_name': 'Default', 'project_id': '66cf309fa29c4daeadcad06af1bb467f', 'project_name': 'tempest-AbsoluteLimitsTestJSON-890012333', 'tenant_id': '66cf309fa29c4daeadcad06af1bb467f', 'tenant_name': 'tempest-AbsoluteLimitsTestJSON-890012333', 'user_domain_id': 'default', 'user_domain_name': 'Default', 'user_id': '32862c01f0f04b7a9cd622a2a1178a31', 'system': None}, Network: None, Subnet: None, Router: None
2025-07-21 14:40:18.522 63695 INFO tempest.lib.common.dynamic_creds [-] Created isolated network resources for: credentials: Credentials: {'domain_id': 'default', 'domain_name': 'Default', 'username': 'tempest-AbsoluteLimitsTestJSON-890012333-project-member', 'project_domain_id': 'default', 'project_domain_name': 'Default', 'project_id': '66cf309fa29c4daeadcad06af1bb467f', 'project_name': 'tempest-AbsoluteLimitsTestJSON-890012333', 'tenant_id': '66cf309fa29c4daeadcad06af1bb467f', 'tenant_name': 'tempest-AbsoluteLimitsTestJSON-890012333', 'user_domain_id': 'default', 'user_domain_name': 'Default', 'user_id': '32862c01f0f04b7a9cd622a2a1178a31', 'system': None}, Network: None, Subnet: None, Router: None
2025-07-21 14:40:18.542 63643 INFO tempest.lib.common.rest_client [req-321408bd-a653-4605-8909-f1a1fd5f392f req-321408bd-a653-4605-8909-f1a1fd5f392f ] Request (ServerDiagnosticsTest:test_get_server_diagnostics): 200 GET http://10.180.1.21/compute/v2.1/servers/8ce39460-37a3-442d-9bdc-a0542e86c2f1 1.308s
2025-07-21 14:40:18.565 63691 INFO tempest.lib.common.rest_client [req-ccb203a3-224d-45ce-a66b-96ea870da183 req-ccb203a3-224d-45ce-a66b-96ea870da183 ] Request (AZV2TestJSON:setUpClass): 201 POST http://10.180.1.21/identity/v3/auth/tokens 0.141s
2025-07-21 14:40:18.654 63709 INFO tempest.lib.common.rest_client [req-51b8161d-cf88-41e2-b8a7-6f7899a53d20 req-51b8161d-cf88-41e2-b8a7-6f7899a53d20 ] Request (ListServersNegativeTestJSON:setUpClass): 204 DELETE http://10.180.1.21/compute/v2.1/servers/021300e0-ee8a-412e-840b-f921befc04a4 1.470s
2025-07-21 14:40:18.657 63695 INFO tempest.lib.common.rest_client [req-ef71c0ed-25c5-45a6-909c-5cb46646eaf1 req-ef71c0ed-25c5-45a6-909c-5cb46646eaf1 ] Request (AbsoluteLimitsTestJSON:setUpClass): 201 POST http://10.180.1.21/identity/v3/auth/tokens 0.130s
2025-07-21 14:40:18.660 63701 INFO tempest.lib.common.rest_client [req-729a40c6-29f2-41c8-a077-b375db156eab req-729a40c6-29f2-41c8-a077-b375db156eab ] Request (AggregatesAdminNegativeTestJSON:test_aggregate_get_details_as_user): 403 GET http://10.180.1.21/compute/v2.1/os-aggregates/6 1.339s
2025-07-21 14:40:18.663 63631 INFO tempest.lib.common.rest_client [req-f15aa553-03a3-4862-a87f-010ea2ba2c76 req-f15aa553-03a3-4862-a87f-010ea2ba2c76 ] Request (FlavorsV2NegativeTest:setUpClass): 201 POST http://10.180.1.21/identity/v3/auth/tokens 0.200s
2025-07-21 14:40:18.681 63638 INFO tempest.lib.common.rest_client [req-71c55f96-7826-4bde-acad-14f81b7a09f4 req-71c55f96-7826-4bde-acad-14f81b7a09f4 ] Request (ServerActionsTestOtherA:setUpClass): 200 GET http://10.180.1.21/compute/v2.1/servers/ef0f3bae-003a-4507-9a72-2c5e375a1f26 1.417s
2025-07-21 14:40:18.728 63631 INFO tempest.lib.common.rest_client [req-13403052-a1b0-4ab8-8b09-be24eb540c9f req-13403052-a1b0-4ab8-8b09-be24eb540c9f ] Request (FlavorsV2NegativeTest:setUpClass): 201 POST http://10.180.1.21/identity/v3/auth/tokens 0.060s
2025-07-21 14:40:18.739 63619 INFO tempest.lib.common.rest_client [req-445abb1f-3548-4a6e-a906-b570dc74b168 req-445abb1f-3548-4a6e-a906-b570dc74b168 ] Request (ServersAdminTestJSON:setUpClass): 200 GET http://10.180.1.21/compute/v2.1/servers/380fd1a2-9007-4a4f-8bfb-aad5a9117008 1.414s
2025-07-21 14:40:18.823 63631 INFO tempest.lib.common.rest_client [req-3de42408-896e-464a-a381-c51c9475483a req-3de42408-896e-464a-a381-c51c9475483a ] Request (FlavorsV2NegativeTest:setUpClass): 200 GET http://10.180.1.21/identity/v3/domains?name=Default 0.094s
2025-07-21 14:40:18.828 63713 INFO tempest.lib.common.rest_client [req-aa812650-ae14-4a82-a130-61f4532f808c req-aa812650-ae14-4a82-a130-61f4532f808c ] Request (ServerGroup264TestJSON:_run_cleanups): 204 DELETE http://10.180.1.21/compute/v2.1/os-server-groups/45c6a0e5-a461-4647-8871-e11ba78eecdb 1.388s
2025-07-21 14:40:18.869 63631 INFO tempest.lib.common.rest_client [req-2fe45635-300e-47a2-a676-6f14846a0d76 req-2fe45635-300e-47a2-a676-6f14846a0d76 ] Request (FlavorsV2NegativeTest:setUpClass): 201 POST http://10.180.1.21/identity/v3/projects 0.046s
2025-07-21 14:40:18.956 63631 INFO tempest.lib.common.rest_client [req-11f1c577-fd01-474a-8016-6b9f5daa8687 req-11f1c577-fd01-474a-8016-6b9f5daa8687 ] Request (FlavorsV2NegativeTest:setUpClass): 201 POST http://10.180.1.21/identity/v3/users 0.086s
2025-07-21 14:40:18.987 63631 INFO tempest.lib.common.rest_client [req-9ca23608-1027-45fd-9023-501ec1fdf8ca req-9ca23608-1027-45fd-9023-501ec1fdf8ca ] Request (FlavorsV2NegativeTest:setUpClass): 200 GET http://10.180.1.21/identity/v3/roles 0.031s
2025-07-21 14:40:19.028 63631 INFO tempest.lib.common.rest_client [req-cbc31cd5-e976-4670-ad15-7892de23bce2 req-cbc31cd5-e976-4670-ad15-7892de23bce2 ] Request (FlavorsV2NegativeTest:setUpClass): 204 PUT http://10.180.1.21/identity/v3/projects/6d049ca3ff574263bcc60af93f30db65/users/3a208aac9e2949eaae956095ac1edb0b/roles/134950a8f693437695eec691e5eab466 0.039s
2025-07-21 14:40:19.028 63631 INFO tempest.lib.common.dynamic_creds [-] Dynamic test user 3a208aac9e2949eaae956095ac1edb0b is created with scope project and roles: ['member']
2025-07-21 14:40:19.028 63631 INFO tempest.lib.common.dynamic_creds [-] Acquired dynamic creds: credentials: Credentials: {'domain_id': 'default', 'domain_name': 'Default', 'username': 'tempest-FlavorsV2NegativeTest-1284490768-project-member', 'project_domain_id': 'default', 'project_domain_name': 'Default', 'project_id': '6d049ca3ff574263bcc60af93f30db65', 'project_name': 'tempest-FlavorsV2NegativeTest-1284490768', 'tenant_id': '6d049ca3ff574263bcc60af93f30db65', 'tenant_name': 'tempest-FlavorsV2NegativeTest-1284490768', 'user_domain_id': 'default', 'user_domain_name': 'Default', 'user_id': '3a208aac9e2949eaae956095ac1edb0b', 'system': None}, Network: None, Subnet: None, Router: None
2025-07-21 14:40:19.028 63631 INFO tempest.lib.common.dynamic_creds [-] Created isolated network resources for: credentials: Credentials: {'domain_id': 'default', 'domain_name': 'Default', 'username': 'tempest-FlavorsV2NegativeTest-1284490768-project-member', 'project_domain_id': 'default', 'project_domain_name': 'Default', 'project_id': '6d049ca3ff574263bcc60af93f30db65', 'project_name': 'tempest-FlavorsV2NegativeTest-1284490768', 'tenant_id': '6d049ca3ff574263bcc60af93f30db65', 'tenant_name': 'tempest-FlavorsV2NegativeTest-1284490768', 'user_domain_id': 'default', 'user_domain_name': 'Default', 'user_id': '3a208aac9e2949eaae956095ac1edb0b', 'system': None}, Network: None, Subnet: None, Router: None
2025-07-21 14:40:19.124 63631 INFO tempest.lib.common.rest_client [req-f7d183c3-2304-441a-ab1e-4023e4189146 req-f7d183c3-2304-441a-ab1e-4023e4189146 ] Request (FlavorsV2NegativeTest:setUpClass): 201 POST http://10.180.1.21/identity/v3/auth/tokens 0.091s
2025-07-21 14:40:19.145 63657 INFO tempest.lib.common.rest_client [req-058d6f18-95a0-49f9-acdb-8481ac07b154 req-058d6f18-95a0-49f9-acdb-8481ac07b154 ] Request (ImagesOneServerNegativeTestJSON:setUpClass): 200 GET http://10.180.1.21/compute/v2.1/servers/cc7f4540-dc8b-4b4a-90f2-9e7d29cd1f16 1.611s
2025-07-21 14:40:19.347 63706 INFO tempest.lib.common.rest_client [req-6223aff6-4d09-4991-b865-57e90232b4bb req-6223aff6-4d09-4991-b865-57e90232b4bb ] Request (ServersAdmin275Test:test_rebuild_update_server_275): 202 POST http://10.180.1.21/compute/v2.1/servers/d0105121-3a59-4eac-ad1f-d31d6d268da0/action 1.923s
2025-07-21 14:40:19.355 63715 INFO tempest.lib.common.rest_client [req-d07cb0fb-ddd7-4cff-8167-0f9e2666227e req-d07cb0fb-ddd7-4cff-8167-0f9e2666227e ] Request (ImagesDeleteNegativeTestJSON:test_delete_image_with_id_over_character_limit): 404 DELETE http://10.180.1.21/compute/v2.1/images/6fd87564-a456-4a6a-847d-076361ed98a31 1.570s
2025-07-21 14:40:19.395 63697 INFO tempest.lib.common.rest_client [req-534022d2-5392-43cc-8f57-58d8877148b4 req-534022d2-5392-43cc-8f57-58d8877148b4 ] Request (ServersTestManualDisk:setUpClass): 200 GET http://10.180.1.21/compute/v2.1/servers/fdfa7258-36c5-4d26-820b-b5389b9d4f6d 1.678s
2025-07-21 14:40:19.406 63697 INFO tempest.lib.common.ssh [-] Creating ssh connection to '10.180.180.250:22' as 'cirros' with public key authentication
2025-07-21 14:40:19.422 63719 INFO tempest.lib.common.rest_client [req-5eb04881-2d3d-4f24-9d1c-3fb00585a427 req-5eb04881-2d3d-4f24-9d1c-3fb00585a427 ] Request (VolumesAssistedSnapshotsTest:test_volume_assisted_snapshot_create_delete): 200 GET http://10.180.1.21/compute/v2.1/servers/39273104-66d6-4520-a1df-31d8f928931d 1.513s
2025-07-21 14:40:19.460 63717 INFO tempest.lib.common.rest_client [req-1be1f18d-5fef-4254-a263-e33870bae2d8 req-1be1f18d-5fef-4254-a263-e33870bae2d8 ] Request (FloatingIPsAssociationTestJSON:test_associate_already_associated_floating_ip): 200 GET http://10.180.1.21/compute/v2.1/servers/c11326c5-1647-4273-a28a-f59801f853cd 1.514s
2025-07-21 14:40:19.528 63655 INFO tempest.lib.common.rest_client [req-15b45a4e-d051-446e-9a73-dc37a11c54f7 req-15b45a4e-d051-446e-9a73-dc37a11c54f7 ] Request (ServerDiagnosticsNegativeTest:test_get_server_diagnostics_by_non_admin): 200 GET http://10.180.1.21/compute/v2.1/servers/fb2f6d4c-4099-4108-93f7-5e5c537f2a19 1.478s
2025-07-21 14:40:19.540 63672 INFO tempest.lib.common.rest_client [req-a08c2fd0-a013-40b9-b0f6-b3cb00a3f94e req-a08c2fd0-a013-40b9-b0f6-b3cb00a3f94e ] Request (FloatingIPsNegativeTestJSON:tearDownClass): 204 DELETE http://10.180.1.21:9696/networking/v2.0/routers/faddcab0-4822-4ded-82e3-83ad003cbd94 1.099s
2025-07-21 14:40:19.641 63703 INFO tempest.lib.common.rest_client [req-0fd77007-7913-4908-96ab-9d8685fdad2c req-0fd77007-7913-4908-96ab-9d8685fdad2c ] Request (MigrationsAdminTest:test_list_migrations_in_flavor_resize_situation): 200 GET http://10.180.1.21/compute/v2.1/servers/e6243133-c513-4738-9813-780bf189cca5 1.631s
2025-07-21 14:40:19.672 63672 INFO tempest.lib.common.rest_client [req-74519a27-2942-4a59-9abc-989e72f8e89f req-74519a27-2942-4a59-9abc-989e72f8e89f ] Request (FloatingIPsNegativeTestJSON:tearDownClass): 204 DELETE http://10.180.1.21:9696/networking/v2.0/subnets/f3aff1b5-5b39-4981-9be9-9a05b53e6a07 0.131s
2025-07-21 14:40:19.700 63617 INFO tempest.lib.common.rest_client [req-9bb03c7d-de92-475e-9b9b-d492680c34b8 req-9bb03c7d-de92-475e-9b9b-d492680c34b8 ] Request (QuotasAdminTestJSON:test_get_default_quotas): 200 GET http://10.180.1.21/compute/v2.1/os-quota-sets/436a16b4ed0d4618b6ca5db7f1ae32a1/defaults 1.590s
2025-07-21 14:40:19.735 63629 INFO tempest.lib.common.rest_client [req-b3e305bd-242c-41dc-aa3c-9ec91cfe4671 req-b3e305bd-242c-41dc-aa3c-9ec91cfe4671 ] Request (VolumesAdminNegativeTest:test_update_attached_volume_with_nonexistent_volume_in_body): 200 GET http://10.180.1.21/compute/v2.1/servers/870c6382-317a-4067-9e38-e0e1a8e09437 1.623s
2025-07-21 14:40:19.741 63617 INFO tempest.lib.common.rest_client [req-b0b4f478-6b76-49e8-8f52-88ff905ffd1b req-b0b4f478-6b76-49e8-8f52-88ff905ffd1b ] Request (QuotasAdminTestJSON:test_get_updated_quotas): 200 GET http://10.180.1.21/identity/v3/domains?name=Default 0.038s
2025-07-21 14:40:19.751 63625 INFO tempest.lib.common.rest_client [req-e3714913-1880-4457-8d63-a5c91e69d7e6 req-e3714913-1880-4457-8d63-a5c91e69d7e6 ] Request (FloatingIPDetailsTestJSON:setUpClass): 200 PUT http://10.180.1.21:9696/networking/v2.0/routers/eb84f792-76bf-470c-b1bc-bdb3fd6d9113/add_router_interface 1.794s
2025-07-21 14:40:19.752 63625 INFO tempest.lib.common.dynamic_creds [-] Created isolated network resources for: credentials: Credentials: {'domain_id': 'default', 'domain_name': 'Default', 'username': 'tempest-FloatingIPDetailsTestJSON-1754574910-project-member', 'project_domain_id': 'default', 'project_domain_name': 'Default', 'project_id': '07f9ebd937a349bea604efd7609dd956', 'project_name': 'tempest-FloatingIPDetailsTestJSON-1754574910', 'tenant_id': '07f9ebd937a349bea604efd7609dd956', 'tenant_name': 'tempest-FloatingIPDetailsTestJSON-1754574910', 'user_domain_id': 'default', 'user_domain_name': 'Default', 'user_id': '1c4013b8bc80405fbfb62ccfee28b34b', 'system': None}, Network: {'id': '8294a243-c8b5-40e2-9296-f62bc5544fd1', 'name': 'tempest-FloatingIPDetailsTestJSON-1377088482-network', 'tenant_id': '07f9ebd937a349bea604efd7609dd956', 'admin_state_up': True, 'mtu': 8950, 'status': 'ACTIVE', 'subnets': [], 'shared': False, 'project_id': '07f9ebd937a349bea604efd7609dd956', 'port_security_enabled': True, 'router:external': False, 'provider:network_type': 'vlan', 'provider:physical_network': 'default', 'provider:segmentation_id': 28, 'availability_zone_hints': [], 'availability_zones': [], 'ipv4_address_scope': None, 'ipv6_address_scope': None, 'description': '', 'tags': [], 'created_at': '2025-07-21T14:40:15Z', 'updated_at': '2025-07-21T14:40:15Z', 'revision_number': 1}, Subnet: {'id': 'fee65188-e0dd-4ca5-a78c-a4564e616f4f', 'name': 'tempest-FloatingIPDetailsTestJSON-1377088482-subnet', 'tenant_id': '07f9ebd937a349bea604efd7609dd956', 'network_id': '8294a243-c8b5-40e2-9296-f62bc5544fd1', 'ip_version': 4, 'subnetpool_id': None, 'enable_dhcp': True, 'ipv6_ra_mode': None, 'ipv6_address_mode': None, 'gateway_ip': '192.168.128.1', 'cidr': '192.168.128.0/28', 'allocation_pools': [{'start': '192.168.128.2', 'end': '192.168.128.14'}], 'host_routes': [], 'dns_nameservers': [], 'description': '', 'router:external': False, 'service_types': [], 'tags': [], 'created_at': '2025-07-21T14:40:15Z', 'updated_at': '2025-07-21T14:40:15Z', 'revision_number': 0, 'project_id': '07f9ebd937a349bea604efd7609dd956'}, Router: {'id': 'eb84f792-76bf-470c-b1bc-bdb3fd6d9113', 'name': 'tempest-FloatingIPDetailsTestJSON-1377088482-router', 'tenant_id': '07f9ebd937a349bea604efd7609dd956', 'admin_state_up': True, 'status': 'ACTIVE', 'external_gateway_info': {'network_id': '4a59afe2-67dd-4c97-979c-11844fc1e730', 'external_fixed_ips': [{'subnet_id': '549e6df4-e53a-4cf1-b020-f25cab354ea7', 'ip_address': '10.180.180.248'}], 'enable_snat': True}, 'description': '', 'availability_zones': [], 'distributed': False, 'ha': False, 'availability_zone_hints': [], 'routes': [], 'flavor_id': None, 'tags': [], 'created_at': '2025-07-21T14:40:16Z', 'updated_at': '2025-07-21T14:40:17Z', 'revision_number': 2, 'project_id': '07f9ebd937a349bea604efd7609dd956'}
2025-07-21 14:40:19.783 63721 INFO tempest.lib.common.rest_client [req-d2d0868d-9069-4a65-975d-5626b26eb7a9 req-d2d0868d-9069-4a65-975d-5626b26eb7a9 ] Request (ImagesMetadataTestJSON:test_set_image_metadata_item): 200 GET http://10.180.1.21/compute/v2.1/images/20b2cae9-1ac6-4d2e-a4e0-cc9789767371/metadata 1.519s
2025-07-21 14:40:19.800 63617 INFO tempest.lib.common.rest_client [req-724202d5-5706-49df-ab09-91bc79562d16 req-724202d5-5706-49df-ab09-91bc79562d16 ] Request (QuotasAdminTestJSON:test_get_updated_quotas): 201 POST http://10.180.1.21/identity/v3/projects 0.058s
2025-07-21 14:40:19.840 63627 INFO tempest.lib.common.rest_client [req-d8bdb193-87ed-4458-bee3-0d83f06bd1ab req-d8bdb193-87ed-4458-bee3-0d83f06bd1ab ] Request (ServerDiagnosticsV248Test:test_get_server_diagnostics): 200 GET http://10.180.1.21/compute/v2.1/servers/256fe9ec-78a1-48b3-8716-49e7922668c4 1.621s
2025-07-21 14:40:19.859 63627 INFO tempest.common.waiters [-] State transition "BUILD/spawning" ==> "ACTIVE/None" after 27 second wait
2025-07-21 14:40:19.889 63659 INFO tempest.lib.common.rest_client [req-fca9519b-6ed6-4d04-9cf7-4a270c87ea67 req-fca9519b-6ed6-4d04-9cf7-4a270c87ea67 ] Request (ServersWithSpecificFlavorTestJSON:test_verify_created_server_ephemeral_disk): 200 GET http://10.180.1.21/compute/v2.1/servers/42b8aa63-b37b-42b7-ad88-b01f3f441416 1.613s
2025-07-21 14:40:19.894 63625 INFO tempest.lib.common.rest_client [req-fed9a6ca-d8f7-454d-82dd-6635bf1b7020 req-fed9a6ca-d8f7-454d-82dd-6635bf1b7020 ] Request (FloatingIPDetailsTestJSON:setUpClass): 201 POST http://10.180.1.21/identity/v3/auth/tokens 0.138s
2025-07-21 14:40:19.897 63659 INFO tempest.common.waiters [-] State transition "BUILD/scheduling" ==> "BUILD/None" after 10 second wait
2025-07-21 14:40:19.910 63617 INFO tempest.lib.common.rest_client [req-e92cb59b-e547-47c8-84b9-d0898005876e req-e92cb59b-e547-47c8-84b9-d0898005876e ] Request (QuotasAdminTestJSON:test_get_updated_quotas): 200 GET http://10.180.1.21/identity/v3/domains?name=Default 0.110s
2025-07-21 14:40:19.943 63699 INFO tempest.lib.common.rest_client [req-fbd12411-3241-425b-80aa-ea7bf493aa6b req-fbd12411-3241-425b-80aa-ea7bf493aa6b ] Request (ServersTestFqdnHostnames:test_create_server_with_fqdn_name): 200 GET http://10.180.1.21/compute/v2.1/servers/eef7f93f-732f-42d5-bd76-cc760fba4f94 1.647s
2025-07-21 14:40:19.967 63711 INFO tempest.lib.common.rest_client [req-ad5a525d-c0b0-4362-8269-980b7ba6b98c req-ad5a525d-c0b0-4362-8269-980b7ba6b98c ] Request (ServerExternalEventsTest:tearDownClass): 200 GET http://10.180.1.21/compute/v2.1/servers/fdd97ec9-4a59-4194-84a6-b4c13f64fd3d 1.621s
2025-07-21 14:40:19.982 63672 INFO tempest.lib.common.rest_client [req-5ba8a696-863c-4c4e-b5b8-92741cdd77d8 req-5ba8a696-863c-4c4e-b5b8-92741cdd77d8 ] Request (FloatingIPsNegativeTestJSON:tearDownClass): 204 DELETE http://10.180.1.21:9696/networking/v2.0/networks/b8571a0d-087a-455b-997c-3c7764848d38 0.309s
2025-07-21 14:40:20.023 63633 INFO tempest.lib.common.rest_client [req-02a922b7-3f00-476e-9262-1f921b2aa0fa req-02a922b7-3f00-476e-9262-1f921b2aa0fa ] Request (ServersAdminNegativeTestJSON:test_migrate_server_invalid_state): 200 GET http://10.180.1.21/compute/v2.1/servers/d57768bf-d0e6-419d-80c5-060b3aacba5b 1.478s
2025-07-21 14:40:20.119 63709 INFO tempest.lib.common.rest_client [req-050b1e89-184d-4073-8276-e4cac283d4b1 req-050b1e89-184d-4073-8276-e4cac283d4b1 ] Request (ListServersNegativeTestJSON:setUpClass): 204 DELETE http://10.180.1.21/compute/v2.1/servers/53eaf6d8-ee6a-42bf-87b8-fe8198bd462a 1.465s
2025-07-21 14:40:20.143 63691 INFO tempest.lib.common.rest_client [req-c7e5785d-89c8-4548-a17e-98122ffceac0 req-c7e5785d-89c8-4548-a17e-98122ffceac0 ] Request (AZV2TestJSON:test_get_availability_zone_list_with_non_admin_user): 200 GET http://10.180.1.21/compute/v2.1/os-availability-zone 1.575s
2025-07-21 14:40:20.169 63701 INFO tempest.lib.common.rest_client [req-60b4441b-fdf6-4011-a078-46ee589fe726 req-60b4441b-fdf6-4011-a078-46ee589fe726 ] Request (AggregatesAdminNegativeTestJSON:_run_cleanups): 200 DELETE http://10.180.1.21/compute/v2.1/os-aggregates/6 1.507s
2025-07-21 14:40:20.183 63713 INFO tempest.lib.common.rest_client [req-fc6a6fb3-0193-42e3-a2af-5b479f1bbee0 req-fc6a6fb3-0193-42e3-a2af-5b479f1bbee0 ] Request (ServerGroup264TestJSON:tearDownClass): 404 DELETE http://10.180.1.21/compute/v2.1/os-server-groups/45c6a0e5-a461-4647-8871-e11ba78eecdb 1.355s
2025-07-21 14:40:20.188 63672 INFO tempest.lib.common.rest_client [req-c14c07af-a56c-4840-966a-28a2b5e85b1e req-c14c07af-a56c-4840-966a-28a2b5e85b1e ] Request (FloatingIPsNegativeTestJSON:tearDownClass): 204 DELETE http://10.180.1.21/identity/v3/users/bfa1b9660a1b42289b5114ee319d9d0f 0.205s
2025-07-21 14:40:20.188 63672 INFO tempest.lib.common.dynamic_creds [-] Deleting project and security group for project: 2cd87660656a47dcb98c4e6442f4f346
2025-07-21 14:40:20.230 63672 INFO tempest.lib.common.rest_client [req-49ec697e-54d7-44ca-8f4e-c63b39d4e486 req-49ec697e-54d7-44ca-8f4e-c63b39d4e486 ] Request (FloatingIPsNegativeTestJSON:tearDownClass): 200 GET http://10.180.1.21:9696/networking/v2.0/security-groups?tenant_id=2cd87660656a47dcb98c4e6442f4f346&name=default 0.041s
2025-07-21 14:40:20.263 63635 INFO tempest.lib.common.rest_client [req-d7e78f35-cf27-414d-92b9-6f2041b43d77 req-d7e78f35-cf27-414d-92b9-6f2041b43d77 ] Request (ServerTagsTestJSON:setUpClass): 200 GET http://10.180.1.21/compute/v2.1/servers/fc50a5c0-b486-424c-af05-650f31d9595b 1.353s
2025-07-21 14:40:20.290 63695 INFO tempest.lib.common.rest_client [req-d1021207-4d6e-424f-aab2-2e0b7fbfce33 req-d1021207-4d6e-424f-aab2-2e0b7fbfce33 ] Request (AbsoluteLimitsTestJSON:test_absLimits_get): 200 GET http://10.180.1.21/compute/v2.1/limits 1.631s
2025-07-21 14:40:20.306 63691 INFO tempest.lib.common.rest_client [req-a5c30055-b712-4991-8b1b-a141c764679f req-a5c30055-b712-4991-8b1b-a141c764679f ] Request (AZV2TestJSON:tearDownClass): 204 DELETE http://10.180.1.21/identity/v3/users/39b0cb4f29684eb7acf43b29bd9ef2b0 0.158s
2025-07-21 14:40:20.306 63691 INFO tempest.lib.common.dynamic_creds [-] Deleting project and security group for project: d09ef09f8f31441d821321e7b23da8a6
2025-07-21 14:40:20.343 63621 INFO tempest.lib.common.rest_client [req-2abc259b-72c8-4d7c-b277-4147ed21c072 req-2abc259b-72c8-4d7c-b277-4147ed21c072 ] Request (SecurityGroupsTestJSON:test_list_security_groups_by_server): 200 GET http://10.180.1.21/compute/v2.1/servers/bf4b85bd-f649-4444-b057-fe6035bb8c2a 1.238s
2025-07-21 14:40:20.389 63672 INFO tempest.lib.common.rest_client [req-79be7c11-0a1d-45a3-86b0-eda8a5559e66 req-79be7c11-0a1d-45a3-86b0-eda8a5559e66 ] Request (FloatingIPsNegativeTestJSON:tearDownClass): 204 DELETE http://10.180.1.21:9696/networking/v2.0/security-groups/d7b43d5f-24e1-42ae-82cc-e4f009564bbe 0.159s
2025-07-21 14:40:20.414 63631 INFO tempest.lib.common.rest_client [req-12ea1404-af8c-40a5-948f-51f3d13fcd37 req-12ea1404-af8c-40a5-948f-51f3d13fcd37 ] Request (FlavorsV2NegativeTest:test_boot_with_low_ram): 200 GET http://10.180.1.21/compute/v2.1/flavors/42 1.287s
2025-07-21 14:40:20.415 63693 INFO tempest.lib.common.rest_client [req-50706370-2817-41a0-8b94-0e03de35b62b req-50706370-2817-41a0-8b94-0e03de35b62b ] Request (TenantUsagesTestJSON:setUpClass): 200 GET http://10.180.1.21/compute/v2.1/servers/1d8c7a69-e54e-4d64-90c8-06f0e76e9613 1.199s
2025-07-21 14:40:20.421 63695 INFO tempest.lib.common.rest_client [req-728e157e-48dc-45c7-8aa7-b9e1a7d5daf9 req-728e157e-48dc-45c7-8aa7-b9e1a7d5daf9 ] Request (AbsoluteLimitsTestJSON:tearDownClass): 204 DELETE http://10.180.1.21/identity/v3/users/32862c01f0f04b7a9cd622a2a1178a31 0.124s
2025-07-21 14:40:20.422 63695 INFO tempest.lib.common.dynamic_creds [-] Deleting project and security group for project: 66cf309fa29c4daeadcad06af1bb467f
2025-07-21 14:40:20.438 63715 INFO tempest.lib.common.rest_client [req-1dc81c90-e7df-42ca-bff3-7424ccc63e83 req-1dc81c90-e7df-42ca-bff3-7424ccc63e83 ] Request (ImagesDeleteNegativeTestJSON:test_delete_image_with_invalid_image_id): 404 DELETE http://10.180.1.21/compute/v2.1/images/tempest-invalid-285523835 1.081s
2025-07-21 14:40:20.471 63691 INFO tempest.lib.common.rest_client [req-4101f83a-a773-466a-906a-a63e936df7e5 req-4101f83a-a773-466a-906a-a63e936df7e5 ] Request (AZV2TestJSON:tearDownClass): 201 POST http://10.180.1.21/identity/v3/auth/tokens 0.164s
2025-07-21 14:40:20.487 63648 INFO tempest.lib.common.rest_client [req-b409061c-cc36-42de-a13b-19cff2df73b2 req-b409061c-cc36-42de-a13b-19cff2df73b2 ] Request (DeleteServersAdminTestJSON:test_admin_delete_servers_of_others): 200 GET http://10.180.1.21/compute/v2.1/servers/32c2cdab-847b-405b-8fb1-2c6509b20552 1.169s
2025-07-21 14:40:20.495 63695 INFO tempest.lib.common.rest_client [req-22f7c418-d8eb-4bf7-9990-dd0df64fa72a req-22f7c418-d8eb-4bf7-9990-dd0df64fa72a ] Request (AbsoluteLimitsTestJSON:tearDownClass): 201 POST http://10.180.1.21/identity/v3/auth/tokens 0.073s
2025-07-21 14:40:20.496 63648 INFO tempest.common.waiters [-] State transition "ACTIVE/deleting" ==> "DELETED/None" after 4 second wait
2025-07-21 14:40:20.546 63672 INFO tempest.lib.common.rest_client [req-908ff372-f2f6-4e98-80df-9f27784d9d9f req-908ff372-f2f6-4e98-80df-9f27784d9d9f ] Request (FloatingIPsNegativeTestJSON:tearDownClass): 204 DELETE http://10.180.1.21/identity/v3/projects/2cd87660656a47dcb98c4e6442f4f346 0.156s
2025-07-21 14:40:20.551 63706 INFO tempest.lib.common.rest_client [req-9c704dde-ab30-414b-bb6e-0219130e6488 req-9c704dde-ab30-414b-bb6e-0219130e6488 ] Request (ServersAdmin275Test:_run_cleanups): 200 GET http://10.180.1.21/compute/v2.1/servers/d0105121-3a59-4eac-ad1f-d31d6d268da0 1.189s
2025-07-21 14:40:20.594 63623 INFO tempest.lib.common.rest_client [req-f0bb6b85-3c29-470f-a29e-9cdc266a8d5f req-f0bb6b85-3c29-470f-a29e-9cdc266a8d5f ] Request (MultipleCreateTestJSON:_run_cleanups): 200 GET http://10.180.1.21/compute/v2.1/servers/95eff2bc-3e47-4fe0-b758-20a8da8561b1 1.156s
2025-07-21 14:40:20.632 63643 INFO tempest.lib.common.rest_client [req-a2ef27f6-38ee-4513-b547-1f0074b5a7e2 req-a2ef27f6-38ee-4513-b547-1f0074b5a7e2 ] Request (ServerDiagnosticsTest:test_get_server_diagnostics): 200 GET http://10.180.1.21/compute/v2.1/servers/8ce39460-37a3-442d-9bdc-a0542e86c2f1 1.078s
2025-07-21 14:40:20.662 63638 INFO tempest.lib.common.rest_client [req-2043f152-b2d5-49fb-a475-e49d150a9d82 req-2043f152-b2d5-49fb-a475-e49d150a9d82 ] Request (ServerActionsTestOtherA:setUpClass): 200 GET http://10.180.1.21/compute/v2.1/servers/ef0f3bae-003a-4507-9a72-2c5e375a1f26 0.968s
2025-07-21 14:40:20.665 63672 INFO tempest.lib.common.rest_client [req-067dfb60-0703-4dcf-afc0-fe44b180e484 req-067dfb60-0703-4dcf-afc0-fe44b180e484 ] Request (ComputeTenantNetworksTest:setUpClass): 201 POST http://10.180.1.21/identity/v3/auth/tokens 0.117s
2025-07-21 14:40:20.700 63672 INFO tempest.lib.common.rest_client [req-78044816-96df-4a80-8fe8-d2a1d860a365 req-78044816-96df-4a80-8fe8-d2a1d860a365 ] Request (ComputeTenantNetworksTest:setUpClass): 201 POST http://10.180.1.21/identity/v3/auth/tokens 0.027s
2025-07-21 14:40:20.700 63619 INFO tempest.lib.common.rest_client [req-67fa55cb-17dc-493b-b336-993bc45fd6cb req-67fa55cb-17dc-493b-b336-993bc45fd6cb ] Request (ServersAdminTestJSON:setUpClass): 200 GET http://10.180.1.21/compute/v2.1/servers/380fd1a2-9007-4a4f-8bfb-aad5a9117008 0.940s
2025-07-21 14:40:20.726 63672 INFO tempest.lib.common.rest_client [req-c39fd496-4838-4cc3-ac47-3b57a54de996 req-c39fd496-4838-4cc3-ac47-3b57a54de996 ] Request (ComputeTenantNetworksTest:setUpClass): 200 GET http://10.180.1.21/identity/v3/domains?name=Default 0.026s
2025-07-21 14:40:20.819 63672 INFO tempest.lib.common.rest_client [req-45302f87-70bb-474e-ac4b-bb6ddcf9d7e6 req-45302f87-70bb-474e-ac4b-bb6ddcf9d7e6 ] Request (ComputeTenantNetworksTest:setUpClass): 201 POST http://10.180.1.21/identity/v3/projects 0.092s
2025-07-21 14:40:20.848 63691 INFO tempest.lib.common.rest_client [req-c2b5a733-f7fe-4b20-9f67-e6be7f059e9c req-c2b5a733-f7fe-4b20-9f67-e6be7f059e9c ] Request (AZV2TestJSON:tearDownClass): 200 GET http://10.180.1.21:9696/networking/v2.0/security-groups?tenant_id=d09ef09f8f31441d821321e7b23da8a6&name=default 0.375s
2025-07-21 14:40:20.964 63672 INFO tempest.lib.common.rest_client [req-74943dd1-f1e9-4c43-bcf8-ddb75558af9b req-74943dd1-f1e9-4c43-bcf8-ddb75558af9b ] Request (ComputeTenantNetworksTest:setUpClass): 201 POST http://10.180.1.21/identity/v3/users 0.144s
2025-07-21 14:40:20.981 63695 INFO tempest.lib.common.rest_client [req-2f41428a-f1e6-4c2a-a782-7658bf95b6d0 req-2f41428a-f1e6-4c2a-a782-7658bf95b6d0 ] Request (AbsoluteLimitsTestJSON:tearDownClass): 200 GET http://10.180.1.21:9696/networking/v2.0/security-groups?tenant_id=66cf309fa29c4daeadcad06af1bb467f&name=default 0.486s
2025-07-21 14:40:20.984 63721 INFO tempest.lib.common.rest_client [req-08bdb615-93bd-46df-bf7b-027091e2b002 req-08bdb615-93bd-46df-bf7b-027091e2b002 ] Request (ImagesMetadataTestJSON:setUp): 200 PUT http://10.180.1.21/compute/v2.1/images/20b2cae9-1ac6-4d2e-a4e0-cc9789767371/metadata 1.197s
2025-07-21 14:40:20.999 63672 INFO tempest.lib.common.rest_client [req-65dcd7ef-17aa-4335-bec7-0ef3327924c3 req-65dcd7ef-17aa-4335-bec7-0ef3327924c3 ] Request (ComputeTenantNetworksTest:setUpClass): 200 GET http://10.180.1.21/identity/v3/roles 0.034s
2025-07-21 14:40:20.999 63691 INFO tempest.lib.common.rest_client [req-d0a5fb33-a258-42fd-af9a-2311aec2a5ed req-d0a5fb33-a258-42fd-af9a-2311aec2a5ed ] Request (AZV2TestJSON:tearDownClass): 204 DELETE http://10.180.1.21:9696/networking/v2.0/security-groups/3023c740-b842-4e54-823e-919b4a93727d 0.151s
2025-07-21 14:40:21.042 63672 INFO tempest.lib.common.rest_client [req-790be45e-9413-490e-8cb4-8ca7f2ab991c req-790be45e-9413-490e-8cb4-8ca7f2ab991c ] Request (ComputeTenantNetworksTest:setUpClass): 204 PUT http://10.180.1.21/identity/v3/projects/bc27c118ad6e4312a3b2e5238e802150/users/4c9667a2ba5440c29be70d72aebae588/roles/134950a8f693437695eec691e5eab466 0.043s
2025-07-21 14:40:21.043 63672 INFO tempest.lib.common.dynamic_creds [-] Dynamic test user 4c9667a2ba5440c29be70d72aebae588 is created with scope project and roles: ['member']
