2025-07-21 14:41:17.098 63627 INFO tempest.lib.common.rest_client [req-98387abd-9a1d-4783-bfb7-a6a98f9c52ce req-98387abd-9a1d-4783-bfb7-a6a98f9c52ce ] Request (ListImagesTestJSON:test_get_image): 200 GET http://10.180.1.21/compute/v2.1/images/4aeb6a47-b7be-4ae0-8bb0-18b4257dcee8 0.721s
2025-07-21 14:41:17.149 63643 INFO tempest.lib.common.rest_client [req-1811bb38-bab0-43bd-8ed5-539a449ecaf4 req-1811bb38-bab0-43bd-8ed5-539a449ecaf4 ] Request (ServerDiagnosticsTest:tearDownClass): 204 DELETE http://10.180.1.21/compute/v2.1/servers/8ce39460-37a3-442d-9bdc-a0542e86c2f1 0.766s
2025-07-21 14:41:17.162 63631 INFO tempest.lib.common.rest_client [req-a077caa2-7d3a-4de1-8c3f-fadb72f6cc49 req-a077caa2-7d3a-4de1-8c3f-fadb72f6cc49 ] Request (ImagesTestJSON:test_create_image_from_stopped_server): 200 GET http://10.180.1.21/compute/v2.1/servers/c158029b-a216-4e9e-b2b3-f73d34c41f5b 0.768s
2025-07-21 14:41:17.169 63631 INFO tempest.common.waiters [-] State transition "BUILD/scheduling" ==> "BUILD/None" after 36 second wait
2025-07-21 14:41:17.200 63621 INFO tempest.lib.common.rest_client [req-dbbf62c9-65b6-4b00-ba87-20093e67cef6 req-dbbf62c9-65b6-4b00-ba87-20093e67cef6 ] Request (SecurityGroupsTestJSON:test_server_security_groups): 200 GET http://10.180.1.21/compute/v2.1/servers/a8b29def-4e67-41a1-8727-f7be343d6087 0.745s
2025-07-21 14:41:17.217 63713 INFO tempest.lib.common.rest_client [req-aa856e07-b962-4587-b130-d93696185924 req-aa856e07-b962-4587-b130-d93696185924 ] Request (ServerMetadataNegativeTestJSON:setUpClass): 200 GET http://10.180.1.21/compute/v2.1/servers/122f1c7e-ca09-4de2-a233-b2eed242e5c7 0.699s
2025-07-21 14:41:17.287 63715 INFO tempest.lib.common.rest_client [req-72fe8406-a8c9-4371-9671-ad3479919755 req-72fe8406-a8c9-4371-9671-ad3479919755 ] Request (AttachInterfacesTestJSON:test_create_list_show_delete_interfaces_by_fixed_ip): 200 GET http://10.180.1.21/compute/v2.1/servers/63fdefbc-a279-4c6c-9300-46d450da723b 0.445s
2025-07-21 14:41:17.350 63711 INFO tempest.lib.common.rest_client [req-ac32dbae-d6fe-4212-8dd5-dfecbb244b38 req-ac32dbae-d6fe-4212-8dd5-dfecbb244b38 ] Request (ServersAaction247Test:test_create_backup): 200 GET http://10.180.1.21/compute/v2.1/servers/3aefd062-76d6-46d3-851d-2d03717c503d 0.427s
2025-07-21 14:41:17.368 63703 INFO tempest.lib.common.rest_client [req-794b0b43-d070-4c28-8dd3-7ac237e23ff0 req-794b0b43-d070-4c28-8dd3-7ac237e23ff0 ] Request (MigrationsAdminTest:test_list_migrations_in_flavor_resize_situation): 200 GET http://10.180.1.21/compute/v2.1/servers/e6243133-c513-4738-9813-780bf189cca5 0.594s
2025-07-21 14:41:17.389 63709 INFO tempest.lib.common.rest_client [req-b8e62510-d7f5-4751-8057-cae45c2d57c1 req-b8e62510-d7f5-4751-8057-cae45c2d57c1 ] Request (ServerRescueTestJSON:setUpClass): 200 GET http://10.180.1.21/compute/v2.1/servers/59535977-6d53-43fc-95c4-f4409235f7ec 0.442s
2025-07-21 14:41:17.450 63693 INFO tempest.lib.common.rest_client [req-f66bde32-667d-4061-8bf8-9111c02df8c5 req-f66bde32-667d-4061-8bf8-9111c02df8c5 ] Request (TenantUsagesTestJSON:tearDownClass): 200 GET http://10.180.1.21/compute/v2.1/servers/1d8c7a69-e54e-4d64-90c8-06f0e76e9613 0.400s
2025-07-21 14:41:17.465 63633 INFO tempest.lib.common.rest_client [req-8f81545e-7098-4df6-895f-4dd176921dde req-8f81545e-7098-4df6-895f-4dd176921dde ] Request (ServersAdminNegativeTestJSON:test_resize_server_using_overlimit_vcpus): 200 GET http://10.180.1.21/compute/v2.1/os-quota-sets/094c4ea9d33f4f58bac15c73e19b5ff8 0.434s
2025-07-21 14:41:17.516 63627 INFO tempest.lib.common.rest_client [req-d4022700-813b-41d3-9cf9-54671d540de0 req-d4022700-813b-41d3-9cf9-54671d540de0 ] Request (ListImagesTestJSON:test_list_images): 200 GET http://10.180.1.21/compute/v2.1/images 0.413s
2025-07-21 14:41:17.544 63635 INFO tempest.lib.common.rest_client [req-9ad869cb-a420-4782-8598-a4917a19a583 req-9ad869cb-a420-4782-8598-a4917a19a583 ] Request (ServerTagsTestJSON:setUpClass): 200 GET http://10.180.1.21/compute/v2.1/servers/fc50a5c0-b486-424c-af05-650f31d9595b 0.422s
2025-07-21 14:41:17.605 63655 INFO tempest.lib.common.rest_client [req-f38f9db5-3456-4bab-8fcb-93722dd2cd1f req-f38f9db5-3456-4bab-8fcb-93722dd2cd1f ] Request (ServerDiagnosticsNegativeTest:tearDownClass): 200 GET http://10.180.1.21/compute/v2.1/servers/fb2f6d4c-4099-4108-93f7-5e5c537f2a19 0.415s
2025-07-21 14:41:17.622 63643 INFO tempest.lib.common.rest_client [req-38eef7ff-66fc-4eca-abbf-ac9365835669 req-38eef7ff-66fc-4eca-abbf-ac9365835669 ] Request (ServerDiagnosticsTest:tearDownClass): 200 GET http://10.180.1.21/compute/v2.1/servers/8ce39460-37a3-442d-9bdc-a0542e86c2f1 0.472s
2025-07-21 14:41:17.653 63721 INFO tempest.lib.common.rest_client [req-8d9af951-ba0b-49ca-8d95-705651747f98 req-8d9af951-ba0b-49ca-8d95-705651747f98 ] Request (ImagesOneServerTestJSON:setUpClass): 200 GET http://10.180.1.21/compute/v2.1/servers/ab6975de-1411-4af2-848e-fb957595f115 0.377s
2025-07-21 14:41:17.673 63695 INFO tempest.lib.common.rest_client [req-bed7d6e1-d7fb-4b1f-a575-c2fe179c5fb6 req-bed7d6e1-d7fb-4b1f-a575-c2fe179c5fb6 ] Request (AttachVolumeShelveTestJSON:test_attach_volume_shelved_or_offload_server): 200 GET http://10.180.1.21/compute/v2.1/servers/c32e2032-623b-4e2c-b1bd-cc44a0f6d5ab 0.338s
2025-07-21 14:41:17.704 63648 INFO tempest.lib.common.rest_client [req-bf96c6ba-c563-4edc-88e5-4b598d795efc req-bf96c6ba-c563-4edc-88e5-4b598d795efc ] Request (DeleteServersAdminTestJSON:test_delete_server_while_in_error_state): 200 GET http://10.180.1.21/compute/v2.1/servers/1c272ef4-b27d-4f7e-8b08-a49f40a3cb3d 0.292s
2025-07-21 14:41:17.723 63633 INFO tempest.lib.common.rest_client [req-019fdd99-48dd-4f1d-b4d4-849d3e3767a4 req-019fdd99-48dd-4f1d-b4d4-849d3e3767a4 ] Request (ServersAdminNegativeTestJSON:test_resize_server_using_overlimit_vcpus): 200 POST http://10.180.1.21/compute/v2.1/flavors 0.251s
2025-07-21 14:41:17.725 63638 INFO tempest.lib.common.rest_client [req-b81f1791-186e-4c50-9775-909ad536cf16 req-b81f1791-186e-4c50-9775-909ad536cf16 ] Request (ServerActionsTestOtherA:setUpClass): 200 GET http://10.180.1.21/compute/v2.1/servers/ef0f3bae-003a-4507-9a72-2c5e375a1f26 0.281s
2025-07-21 14:41:17.798 63623 INFO tempest.lib.common.rest_client [req-d13979c1-4c93-4bef-a41a-caa931586b54 req-d13979c1-4c93-4bef-a41a-caa931586b54 ] Request (MultipleCreateTestJSON:test_multiple_create_with_reservation_return): 200 GET http://10.180.1.21/compute/v2.1/servers/5e43cd98-f6ad-4f80-948f-00fbff73b684 0.325s
2025-07-21 14:41:17.798 63657 INFO tempest.lib.common.rest_client [req-f24388f0-894c-408b-abd3-9972cdcf65cb req-f24388f0-894c-408b-abd3-9972cdcf65cb ] Request (ImagesOneServerNegativeTestJSON:_run_cleanups): 200 GET http://10.180.1.21/compute/v2.1/servers/cc7f4540-dc8b-4b4a-90f2-9e7d29cd1f16 0.288s
2025-07-21 14:41:17.869 63627 INFO tempest.lib.common.rest_client [req-b4dee903-4067-4a81-8247-66ecdae776fa req-b4dee903-4067-4a81-8247-66ecdae776fa ] Request (ListImagesTestJSON:test_list_images_with_detail): 200 GET http://10.180.1.21/compute/v2.1/images/detail 0.350s
2025-07-21 14:41:17.947 63617 INFO tempest.lib.common.rest_client [req-3d2df6dc-82f7-45f9-8fc2-a8e593abe178 req-3d2df6dc-82f7-45f9-8fc2-a8e593abe178 ] Request (ServerAddressesNegativeTestJSON:setUpClass): 200 GET http://10.180.1.21/compute/v2.1/servers/9190b8ee-1921-4917-b6ba-d61a797e5ac7 0.279s
2025-07-21 14:41:18.024 63619 INFO tempest.lib.common.rest_client [req-ebb0208d-f406-440e-a65b-4f4156d717aa req-ebb0208d-f406-440e-a65b-4f4156d717aa ] Request (ServersAdminTestJSON:setUpClass): 200 GET http://10.180.1.21/compute/v2.1/servers/380fd1a2-9007-4a4f-8bfb-aad5a9117008 0.414s
2025-07-21 14:41:18.049 63627 INFO tempest.lib.common.rest_client [req-e957bb0a-c7d1-45b8-85ee-e29620bbb753 req-e957bb0a-c7d1-45b8-85ee-e29620bbb753 ] Request (ListImagesTestJSON:tearDownClass): 204 DELETE http://10.180.1.21/identity/v3/users/18c28d2469534080aae4edbbb255225b 0.170s
2025-07-21 14:41:18.050 63627 INFO tempest.lib.common.dynamic_creds [-] Deleting project and security group for project: b52808fda07944f99685255d6f69722f
2025-07-21 14:41:18.085 63633 INFO tempest.lib.common.rest_client [req-e43598fe-8ae4-487a-b6a6-bd19c186aa34 req-e43598fe-8ae4-487a-b6a6-bd19c186aa34 ] Request (ServersAdminNegativeTestJSON:test_resize_server_using_overlimit_vcpus): 403 POST http://10.180.1.21/compute/v2.1/servers/f6f459d0-99a4-4ea3-a032-6ecbbd5bae3c/action 0.360s
2025-07-21 14:41:18.107 63719 INFO tempest.lib.common.rest_client [req-aafa925c-00c7-498b-9b56-a8a47ee41c5a req-aafa925c-00c7-498b-9b56-a8a47ee41c5a ] Request (VolumesAssistedSnapshotsTest:test_volume_assisted_snapshot_create_delete): 200 GET http://10.180.1.21/compute/v2.1/servers/39273104-66d6-4520-a1df-31d8f928931d 0.368s
2025-07-21 14:41:18.115 63719 INFO tempest.common.waiters [-] State transition "BUILD/None" ==> "BUILD/networking" after 66 second wait
2025-07-21 14:41:18.117 63627 INFO tempest.lib.common.rest_client [req-82029dd5-1ef0-4b03-ab3b-c25b055f6b3e req-82029dd5-1ef0-4b03-ab3b-c25b055f6b3e ] Request (ListImagesTestJSON:tearDownClass): 201 POST http://10.180.1.21/identity/v3/auth/tokens 0.066s
2025-07-21 14:41:18.145 63706 INFO tempest.lib.common.rest_client [req-1cf43f9f-7d56-46a9-be2d-c5c955db2f27 req-1cf43f9f-7d56-46a9-be2d-c5c955db2f27 ] Request (AttachInterfacesV270Test:test_create_get_list_interfaces): 200 GET http://10.180.1.21/compute/v2.1/servers/562fe130-6f25-4af2-930b-c06e64de786e 0.322s
2025-07-21 14:41:18.157 63625 INFO tempest.lib.common.rest_client [req-c205a042-7835-4655-8f96-9121e05e3fc7 req-c205a042-7835-4655-8f96-9121e05e3fc7 ] Request (AttachInterfacesUnderV243Test:test_add_remove_fixed_ip): 200 GET http://10.180.1.21/compute/v2.1/servers/a5847616-58ea-4742-93f2-5c5e7a0f6a2b 0.277s
2025-07-21 14:41:18.204 63672 INFO tempest.lib.common.rest_client [req-2b8e8e53-2877-47f6-8700-f262fe993999 req-2b8e8e53-2877-47f6-8700-f262fe993999 ] Request (AttachVolumeTestJSON:test_attach_detach_volume): 200 GET http://10.180.1.21/compute/v2.1/servers/ee3b53cc-1ac2-40bc-934d-89a25659d047 0.267s
2025-07-21 14:41:18.222 63701 INFO tempest.lib.common.rest_client [req-aa7f1eda-acab-43dc-ab71-1fb96d272e5a req-aa7f1eda-acab-43dc-ab71-1fb96d272e5a ] Request (ImagesNegativeTestJSON:test_create_image_from_deleted_server): 200 GET http://10.180.1.21/compute/v2.1/servers/44732039-3298-4b19-af37-ea5a5bd6c181 0.227s
2025-07-21 14:41:18.258 63717 INFO tempest.lib.common.rest_client [req-cb1e95fb-535c-45d2-851f-885dd35a77cf req-cb1e95fb-535c-45d2-851f-885dd35a77cf ] Request (FloatingIPsAssociationTestJSON:test_associate_already_associated_floating_ip): 200 GET http://10.180.1.21/compute/v2.1/servers/c11326c5-1647-4273-a28a-f59801f853cd 0.253s
2025-07-21 14:41:18.280 63691 INFO tempest.lib.common.rest_client [req-059e0617-b165-4e3f-b5c3-f03c5af0dc12 req-059e0617-b165-4e3f-b5c3-f03c5af0dc12 ] Request (InstanceActionsV221TestJSON:test_get_list_deleted_instance_actions): 200 GET http://10.180.1.21/compute/v2.1/servers/140495d7-00d9-4ab5-86f9-59ef7c708555 0.207s
2025-07-21 14:41:18.283 63633 INFO tempest.lib.common.rest_client [req-8d5bcc57-6265-4f08-b413-585a88afb0c8 req-8d5bcc57-6265-4f08-b413-585a88afb0c8 ] Request (ServersAdminNegativeTestJSON:_run_cleanups): 202 DELETE http://10.180.1.21/compute/v2.1/flavors/1039487319 0.196s
2025-07-21 14:41:18.335 63627 INFO tempest.lib.common.rest_client [req-10fc0f66-0c4e-4b43-98fc-90d8765f7878 req-10fc0f66-0c4e-4b43-98fc-90d8765f7878 ] Request (ListImagesTestJSON:tearDownClass): 200 GET http://10.180.1.21:9696/networking/v2.0/security-groups?tenant_id=b52808fda07944f99685255d6f69722f&name=default 0.217s
2025-07-21 14:41:18.350 63621 INFO tempest.lib.common.rest_client [req-5622977c-f486-4e65-b0fe-434cc05905dd req-5622977c-f486-4e65-b0fe-434cc05905dd ] Request (SecurityGroupsTestJSON:test_server_security_groups): 200 GET http://10.180.1.21/compute/v2.1/servers/a8b29def-4e67-41a1-8727-f7be343d6087 0.142s
2025-07-21 14:41:18.353 63631 INFO tempest.lib.common.rest_client [req-d856a1d0-99c1-4f1e-96e1-f78f1e9b9002 req-d856a1d0-99c1-4f1e-96e1-f78f1e9b9002 ] Request (ImagesTestJSON:test_create_image_from_stopped_server): 200 GET http://10.180.1.21/compute/v2.1/servers/c158029b-a216-4e9e-b2b3-f73d34c41f5b 0.183s
2025-07-21 14:41:18.373 63633 INFO tempest.lib.common.rest_client [req-3c187d29-ba6a-47f2-8ae6-dbb5748cb146 req-3c187d29-ba6a-47f2-8ae6-dbb5748cb146 ] Request (ServersAdminNegativeTestJSON:_run_cleanups): 200 GET http://10.180.1.21/compute/v2.1/flavors/detail 0.090s
2025-07-21 14:41:18.414 63713 INFO tempest.lib.common.rest_client [req-a7bd02dd-afb7-49f1-8d4c-168fa6124b07 req-a7bd02dd-afb7-49f1-8d4c-168fa6124b07 ] Request (ServerMetadataNegativeTestJSON:setUpClass): 200 GET http://10.180.1.21/compute/v2.1/servers/122f1c7e-ca09-4de2-a233-b2eed242e5c7 0.188s
2025-07-21 14:41:18.436 63715 INFO tempest.lib.common.rest_client [req-482a728f-0cae-45c9-908e-afc6cc050735 req-482a728f-0cae-45c9-908e-afc6cc050735 ] Request (AttachInterfacesTestJSON:test_create_list_show_delete_interfaces_by_fixed_ip): 200 GET http://10.180.1.21/compute/v2.1/servers/63fdefbc-a279-4c6c-9300-46d450da723b 0.137s
2025-07-21 14:41:18.478 63711 INFO tempest.lib.common.rest_client [req-cd119efb-a2ef-475f-8668-893b4daece26 req-cd119efb-a2ef-475f-8668-893b4daece26 ] Request (ServersAaction247Test:test_create_backup): 200 GET http://10.180.1.21/compute/v2.1/servers/3aefd062-76d6-46d3-851d-2d03717c503d 0.115s
2025-07-21 14:41:18.495 63627 INFO tempest.lib.common.rest_client [req-f76c6ad2-2508-4195-ae64-e6c1d80036d3 req-f76c6ad2-2508-4195-ae64-e6c1d80036d3 ] Request (ListImagesTestJSON:tearDownClass): 204 DELETE http://10.180.1.21:9696/networking/v2.0/security-groups/100c628b-531f-45de-809e-36b4bc38a163 0.160s
2025-07-21 14:41:18.504 63633 INFO tempest.lib.common.rest_client [req-78703ca4-7f92-4ecc-91a7-27874a4fa01a req-78703ca4-7f92-4ecc-91a7-27874a4fa01a ] Request (ServersAdminNegativeTestJSON:test_restore_server_invalid_state): 409 POST http://10.180.1.21/compute/v2.1/servers/f6f459d0-99a4-4ea3-a032-6ecbbd5bae3c/action 0.123s
2025-07-21 14:41:18.538 63703 INFO tempest.lib.common.rest_client [req-d1cca602-5966-4027-bd0a-b8510f1a915f req-d1cca602-5966-4027-bd0a-b8510f1a915f ] Request (MigrationsAdminTest:test_list_migrations_in_flavor_resize_situation): 200 GET http://10.180.1.21/compute/v2.1/servers/e6243133-c513-4738-9813-780bf189cca5 0.161s
2025-07-21 14:41:18.573 63709 INFO tempest.lib.common.rest_client [req-1f120b9a-0407-43bc-bbb7-856920f24957 req-1f120b9a-0407-43bc-bbb7-856920f24957 ] Request (ServerRescueTestJSON:setUpClass): 200 GET http://10.180.1.21/compute/v2.1/servers/59535977-6d53-43fc-95c4-f4409235f7ec 0.176s
2025-07-21 14:41:18.612 63627 INFO tempest.lib.common.rest_client [req-6433abed-9060-4e74-9f5d-2cbd68d81eb5 req-6433abed-9060-4e74-9f5d-2cbd68d81eb5 ] Request (ListImagesTestJSON:tearDownClass): 204 DELETE http://10.180.1.21/identity/v3/projects/b52808fda07944f99685255d6f69722f 0.117s
2025-07-21 14:41:18.637 63693 INFO tempest.lib.common.rest_client [req-ace18666-ad03-4692-9017-0bad4dca1e57 req-ace18666-ad03-4692-9017-0bad4dca1e57 ] Request (TenantUsagesTestJSON:tearDownClass): 200 GET http://10.180.1.21/compute/v2.1/servers/1d8c7a69-e54e-4d64-90c8-06f0e76e9613 0.179s
2025-07-21 14:41:18.670 63633 INFO tempest.lib.common.rest_client [req-346c4e84-4a3f-4dc8-879e-0ba2a59aa01f req-346c4e84-4a3f-4dc8-879e-0ba2a59aa01f ] Request (ServersAdminNegativeTestJSON:tearDownClass): 204 DELETE http://10.180.1.21/compute/v2.1/servers/d57768bf-d0e6-419d-80c5-060b3aacba5b 0.164s
2025-07-21 14:41:18.695 63627 INFO tempest.lib.common.rest_client [req-45444265-b617-4756-919d-1a91e8c79aca req-45444265-b617-4756-919d-1a91e8c79aca ] Request (ServersTestMultiNic:setUpClass): 201 POST http://10.180.1.21/identity/v3/auth/tokens 0.081s
2025-07-21 14:41:18.699 63635 INFO tempest.lib.common.rest_client [req-e9ce7be0-997f-4760-9331-29b0672adddc req-e9ce7be0-997f-4760-9331-29b0672adddc ] Request (ServerTagsTestJSON:setUpClass): 200 GET http://10.180.1.21/compute/v2.1/servers/fc50a5c0-b486-424c-af05-650f31d9595b 0.144s
2025-07-21 14:41:18.731 63627 INFO tempest.lib.common.rest_client [req-24d57cb8-0405-475b-bcca-bd6fd2aa94e8 req-24d57cb8-0405-475b-bcca-bd6fd2aa94e8 ] Request (ServersTestMultiNic:setUpClass): 201 POST http://10.180.1.21/identity/v3/auth/tokens 0.032s
2025-07-21 14:41:18.737 63655 INFO tempest.lib.common.rest_client [req-0cf454ce-ef76-445a-8e55-a8bb51d6b1e8 req-0cf454ce-ef76-445a-8e55-a8bb51d6b1e8 ] Request (ServerDiagnosticsNegativeTest:tearDownClass): 200 GET http://10.180.1.21/compute/v2.1/servers/fb2f6d4c-4099-4108-93f7-5e5c537f2a19 0.123s
2025-07-21 14:41:18.758 63627 INFO tempest.lib.common.rest_client [req-e7356e64-52dd-4c09-b2cc-58d11549077a req-e7356e64-52dd-4c09-b2cc-58d11549077a ] Request (ServersTestMultiNic:setUpClass): 200 GET http://10.180.1.21/identity/v3/domains?name=Default 0.026s
2025-07-21 14:41:18.790 63627 INFO tempest.lib.common.rest_client [req-289402a5-be70-470f-8925-745fd062ab58 req-289402a5-be70-470f-8925-745fd062ab58 ] Request (ServersTestMultiNic:setUpClass): 201 POST http://10.180.1.21/identity/v3/projects 0.031s
2025-07-21 14:41:18.793 63721 INFO tempest.lib.common.rest_client [req-cc5353aa-fdbb-4cc7-8e01-7f80da520697 req-cc5353aa-fdbb-4cc7-8e01-7f80da520697 ] Request (ImagesOneServerTestJSON:setUpClass): 200 GET http://10.180.1.21/compute/v2.1/servers/ab6975de-1411-4af2-848e-fb957595f115 0.130s
2025-07-21 14:41:18.810 63643 INFO tempest.lib.common.rest_client [req-88a000b1-1568-4c1b-8a8a-ece890e759ba req-88a000b1-1568-4c1b-8a8a-ece890e759ba ] Request (ServerDiagnosticsTest:tearDownClass): 200 GET http://10.180.1.21/compute/v2.1/servers/8ce39460-37a3-442d-9bdc-a0542e86c2f1 0.179s
2025-07-21 14:41:18.863 63627 INFO tempest.lib.common.rest_client [req-286ad976-bee4-4596-997c-1a0cc95daa79 req-286ad976-bee4-4596-997c-1a0cc95daa79 ] Request (ServersTestMultiNic:setUpClass): 201 POST http://10.180.1.21/identity/v3/users 0.072s
2025-07-21 14:41:18.889 63695 INFO tempest.lib.common.rest_client [req-64dbfb60-7a3f-4bb7-af03-6ea998cc1d21 req-64dbfb60-7a3f-4bb7-af03-6ea998cc1d21 ] Request (AttachVolumeShelveTestJSON:test_attach_volume_shelved_or_offload_server): 200 GET http://10.180.1.21/compute/v2.1/servers/c32e2032-623b-4e2c-b1bd-cc44a0f6d5ab 0.208s
2025-07-21 14:41:18.892 63627 INFO tempest.lib.common.rest_client [req-6fd4126f-c1fe-4879-a893-8c2aa35b5d06 req-6fd4126f-c1fe-4879-a893-8c2aa35b5d06 ] Request (ServersTestMultiNic:setUpClass): 200 GET http://10.180.1.21/identity/v3/roles 0.029s
2025-07-21 14:41:18.933 63627 INFO tempest.lib.common.rest_client [req-358adc78-41aa-4cb4-9790-ff654e413452 req-358adc78-41aa-4cb4-9790-ff654e413452 ] Request (ServersTestMultiNic:setUpClass): 204 PUT http://10.180.1.21/identity/v3/projects/a4fd88e514484a74b76bbc28a963d611/users/4299e37d7651462da209b9eb1a76bec6/roles/134950a8f693437695eec691e5eab466 0.040s
2025-07-21 14:41:18.934 63627 INFO tempest.lib.common.dynamic_creds [-] Dynamic test user 4299e37d7651462da209b9eb1a76bec6 is created with scope project and roles: ['member']
2025-07-21 14:41:18.934 63627 INFO tempest.lib.common.dynamic_creds [-] Acquired dynamic creds: credentials: Credentials: {'domain_id': 'default', 'domain_name': 'Default', 'username': 'tempest-ServersTestMultiNic-671792501-project-member', 'project_domain_id': 'default', 'project_domain_name': 'Default', 'project_id': 'a4fd88e514484a74b76bbc28a963d611', 'project_name': 'tempest-ServersTestMultiNic-671792501', 'tenant_id': 'a4fd88e514484a74b76bbc28a963d611', 'tenant_name': 'tempest-ServersTestMultiNic-671792501', 'user_domain_id': 'default', 'user_domain_name': 'Default', 'user_id': '4299e37d7651462da209b9eb1a76bec6', 'system': None}, Network: None, Subnet: None, Router: None
2025-07-21 14:41:18.995 63627 INFO tempest.lib.common.rest_client [req-db4fdbca-7086-4206-bfa0-b9230eee278e req-db4fdbca-7086-4206-bfa0-b9230eee278e ] Request (ServersTestMultiNic:setUpClass): 201 POST http://10.180.1.21/identity/v3/auth/tokens 0.061s
2025-07-21 14:41:19.171 63648 INFO tempest.lib.common.rest_client [req-8cef4a52-e1c8-4734-b983-ef63f63c5791 req-8cef4a52-e1c8-4734-b983-ef63f63c5791 ] Request (DeleteServersAdminTestJSON:test_delete_server_while_in_error_state): 200 GET http://10.180.1.21/compute/v2.1/servers/1c272ef4-b27d-4f7e-8b08-a49f40a3cb3d 0.458s
2025-07-21 14:41:19.180 63633 INFO tempest.lib.common.rest_client [req-f5f46508-f9f0-4d6f-9144-6491855393fb req-f5f46508-f9f0-4d6f-9144-6491855393fb ] Request (ServersAdminNegativeTestJSON:tearDownClass): 200 GET http://10.180.1.21/compute/v2.1/servers/d57768bf-d0e6-419d-80c5-060b3aacba5b 0.509s
2025-07-21 14:41:19.233 63638 INFO tempest.lib.common.rest_client [req-d08a64e6-bd2e-42b7-9bc4-9e867b68c64e req-d08a64e6-bd2e-42b7-9bc4-9e867b68c64e ] Request (ServerActionsTestOtherA:setUpClass): 200 GET http://10.180.1.21/compute/v2.1/servers/ef0f3bae-003a-4507-9a72-2c5e375a1f26 0.500s
2025-07-21 14:41:19.237 63623 INFO tempest.lib.common.rest_client [req-e83c74ad-de49-406d-a6db-f41f9e93cd3d req-e83c74ad-de49-406d-a6db-f41f9e93cd3d ] Request (MultipleCreateTestJSON:test_multiple_create_with_reservation_return): 200 GET http://10.180.1.21/compute/v2.1/servers/5e43cd98-f6ad-4f80-948f-00fbff73b684 0.424s
2025-07-21 14:41:19.257 63627 INFO tempest.lib.common.rest_client [req-18c5830f-0c53-4b34-9917-1a1f46461b34 req-18c5830f-0c53-4b34-9917-1a1f46461b34 ] Request (ServersTestMultiNic:setUpClass): 201 POST http://10.180.1.21:9696/networking/v2.0/networks 0.261s
2025-07-21 14:41:19.328 63617 INFO tempest.lib.common.rest_client [req-68d5c416-fa91-41e9-a041-f5638312bd78 req-68d5c416-fa91-41e9-a041-f5638312bd78 ] Request (ServerAddressesNegativeTestJSON:setUpClass): 200 GET http://10.180.1.21/compute/v2.1/servers/9190b8ee-1921-4917-b6ba-d61a797e5ac7 0.372s
2025-07-21 14:41:19.332 63657 INFO tempest.lib.common.rest_client [req-3ae1e608-3943-4b39-992d-ed97d13cdea3 req-3ae1e608-3943-4b39-992d-ed97d13cdea3 ] Request (ImagesOneServerNegativeTestJSON:_run_cleanups): 200 GET http://10.180.1.21/compute/v2.1/servers/cc7f4540-dc8b-4b4a-90f2-9e7d29cd1f16 0.511s
2025-07-21 14:41:19.366 63629 WARNING tempest.lib.common.ssh [-] Failed to establish authenticated ssh connection to cirros@10.180.180.129 ([Errno None] Unable to connect to port 22 on 10.180.180.129). Number attempts: 5. Retry after 6 seconds.: paramiko.ssh_exception.NoValidConnectionsError: [Errno None] Unable to connect to port 22 on 10.180.180.129
2025-07-21 14:41:19.425 63627 INFO tempest.lib.common.rest_client [req-f1a0aa9a-0d99-41fa-9cf8-c7c4f6e2c942 req-f1a0aa9a-0d99-41fa-9cf8-c7c4f6e2c942 ] Request (ServersTestMultiNic:setUpClass): 201 POST http://10.180.1.21:9696/networking/v2.0/subnets 0.168s
2025-07-21 14:41:19.515 63619 INFO tempest.lib.common.rest_client [req-81694569-f85c-4b65-bcc2-3fc3748ecb01 req-81694569-f85c-4b65-bcc2-3fc3748ecb01 ] Request (ServersAdminTestJSON:setUpClass): 200 GET http://10.180.1.21/compute/v2.1/servers/380fd1a2-9007-4a4f-8bfb-aad5a9117008 0.483s
2025-07-21 14:41:19.587 63719 INFO tempest.lib.common.rest_client [req-fcb1f285-da67-4f65-900e-44b3159f4d85 req-fcb1f285-da67-4f65-900e-44b3159f4d85 ] Request (VolumesAssistedSnapshotsTest:test_volume_assisted_snapshot_create_delete): 200 GET http://10.180.1.21/compute/v2.1/servers/39273104-66d6-4520-a1df-31d8f928931d 0.471s
2025-07-21 14:41:19.594 63706 INFO tempest.lib.common.rest_client [req-47fa49d4-3d18-407e-b22d-0e17e4dd1bad req-47fa49d4-3d18-407e-b22d-0e17e4dd1bad ] Request (AttachInterfacesV270Test:test_create_get_list_interfaces): 200 GET http://10.180.1.21/compute/v2.1/servers/562fe130-6f25-4af2-930b-c06e64de786e 0.438s
2025-07-21 14:41:19.601 63719 INFO tempest.common.waiters [-] State transition "BUILD/networking" ==> "BUILD/spawning" after 67 second wait
2025-07-21 14:41:19.660 63625 INFO tempest.lib.common.rest_client [req-094f74f8-c4c4-4577-8d86-6335d7aaead5 req-094f74f8-c4c4-4577-8d86-6335d7aaead5 ] Request (AttachInterfacesUnderV243Test:test_add_remove_fixed_ip): 200 GET http://10.180.1.21/compute/v2.1/servers/a5847616-58ea-4742-93f2-5c5e7a0f6a2b 0.495s
2025-07-21 14:41:19.668 63672 INFO tempest.lib.common.rest_client [req-fe624adc-6edc-4b97-af51-d228f5e1efaa req-fe624adc-6edc-4b97-af51-d228f5e1efaa ] Request (AttachVolumeTestJSON:test_attach_detach_volume): 200 GET http://10.180.1.21/compute/v2.1/servers/ee3b53cc-1ac2-40bc-934d-89a25659d047 0.454s
2025-07-21 14:41:19.726 63717 INFO tempest.lib.common.rest_client [req-6d839298-cfa0-4071-b99f-42d611e4595f req-6d839298-cfa0-4071-b99f-42d611e4595f ] Request (FloatingIPsAssociationTestJSON:test_associate_already_associated_floating_ip): 200 GET http://10.180.1.21/compute/v2.1/servers/c11326c5-1647-4273-a28a-f59801f853cd 0.459s
2025-07-21 14:41:19.739 63701 INFO tempest.lib.common.rest_client [req-86cce9cc-929c-4d85-a0d4-35e39390ac6f req-86cce9cc-929c-4d85-a0d4-35e39390ac6f ] Request (ImagesNegativeTestJSON:test_create_image_from_deleted_server): 200 GET http://10.180.1.21/compute/v2.1/servers/44732039-3298-4b19-af37-ea5a5bd6c181 0.505s
2025-07-21 14:41:19.788 63691 INFO tempest.lib.common.rest_client [req-c72c5568-5f67-4546-8796-c485d6c30ead req-c72c5568-5f67-4546-8796-c485d6c30ead ] Request (InstanceActionsV221TestJSON:test_get_list_deleted_instance_actions): 200 GET http://10.180.1.21/compute/v2.1/servers/140495d7-00d9-4ab5-86f9-59ef7c708555 0.498s
2025-07-21 14:41:19.828 63621 INFO tempest.lib.common.rest_client [req-51550c99-2f9e-4001-a5ff-4bf0cdc1106c req-51550c99-2f9e-4001-a5ff-4bf0cdc1106c ] Request (SecurityGroupsTestJSON:test_server_security_groups): 200 GET http://10.180.1.21/compute/v2.1/servers/a8b29def-4e67-41a1-8727-f7be343d6087 0.468s
2025-07-21 14:41:19.868 63631 INFO tempest.lib.common.rest_client [req-979405c5-5d16-43ff-9210-080b006ce01d req-979405c5-5d16-43ff-9210-080b006ce01d ] Request (ImagesTestJSON:test_create_image_from_stopped_server): 200 GET http://10.180.1.21/compute/v2.1/servers/c158029b-a216-4e9e-b2b3-f73d34c41f5b 0.505s
2025-07-21 14:41:19.906 63713 INFO tempest.lib.common.rest_client [req-a828f088-d2df-41a0-a54f-828c0775e85a req-a828f088-d2df-41a0-a54f-828c0775e85a ] Request (ServerMetadataNegativeTestJSON:setUpClass): 200 GET http://10.180.1.21/compute/v2.1/servers/122f1c7e-ca09-4de2-a233-b2eed242e5c7 0.477s
2025-07-21 14:41:19.924 63715 INFO tempest.lib.common.rest_client [req-f8618274-540a-4f5c-8622-7466a45cd830 req-f8618274-540a-4f5c-8622-7466a45cd830 ] Request (AttachInterfacesTestJSON:test_create_list_show_delete_interfaces_by_fixed_ip): 200 GET http://10.180.1.21/compute/v2.1/servers/63fdefbc-a279-4c6c-9300-46d450da723b 0.480s
2025-07-21 14:41:19.942 63659 WARNING tempest.lib.common.ssh [-] Failed to establish authenticated ssh connection to cirros@10.180.180.225 ([Errno None] Unable to connect to port 22 on 10.180.180.225). Number attempts: 2. Retry after 3 seconds.: paramiko.ssh_exception.NoValidConnectionsError: [Errno None] Unable to connect to port 22 on 10.180.180.225
2025-07-21 14:41:19.976 63711 INFO tempest.lib.common.rest_client [req-52935db0-34b5-44af-8c39-57d40a89edb7 req-52935db0-34b5-44af-8c39-57d40a89edb7 ] Request (ServersAaction247Test:test_create_backup): 200 GET http://10.180.1.21/compute/v2.1/servers/3aefd062-76d6-46d3-851d-2d03717c503d 0.488s
2025-07-21 14:41:20.035 63709 INFO tempest.lib.common.rest_client [req-a263d62c-d8e1-4796-ad1b-72ef5ae4f750 req-a263d62c-d8e1-4796-ad1b-72ef5ae4f750 ] Request (ServerRescueTestJSON:setUpClass): 200 GET http://10.180.1.21/compute/v2.1/servers/59535977-6d53-43fc-95c4-f4409235f7ec 0.447s
2025-07-21 14:41:20.102 63703 INFO tempest.lib.common.rest_client [req-9b7edc5e-92b7-46bc-bffc-7c67d895fb0f req-9b7edc5e-92b7-46bc-bffc-7c67d895fb0f ] Request (MigrationsAdminTest:test_list_migrations_in_flavor_resize_situation): 200 GET http://10.180.1.21/compute/v2.1/servers/e6243133-c513-4738-9813-780bf189cca5 0.556s
2025-07-21 14:41:20.110 63693 INFO tempest.lib.common.rest_client [req-fcd8a53d-b6f6-49cb-b232-a6ac0432df7a req-fcd8a53d-b6f6-49cb-b232-a6ac0432df7a ] Request (TenantUsagesTestJSON:tearDownClass): 200 GET http://10.180.1.21/compute/v2.1/servers/1d8c7a69-e54e-4d64-90c8-06f0e76e9613 0.465s
2025-07-21 14:41:20.164 63635 INFO tempest.lib.common.rest_client [req-690815f6-db4a-4cf6-b875-7d8bfd9a6e40 req-690815f6-db4a-4cf6-b875-7d8bfd9a6e40 ] Request (ServerTagsTestJSON:setUpClass): 200 GET http://10.180.1.21/compute/v2.1/servers/fc50a5c0-b486-424c-af05-650f31d9595b 0.453s
2025-07-21 14:41:20.172 63635 INFO tempest.common.waiters [-] State transition "BUILD/None" ==> "BUILD/networking" after 67 second wait
2025-07-21 14:41:20.202 63655 INFO tempest.lib.common.rest_client [req-70fe9d09-cdcf-4f6b-a106-7a7b51ecaf57 req-70fe9d09-cdcf-4f6b-a106-7a7b51ecaf57 ] Request (ServerDiagnosticsNegativeTest:tearDownClass): 200 GET http://10.180.1.21/compute/v2.1/servers/fb2f6d4c-4099-4108-93f7-5e5c537f2a19 0.457s
2025-07-21 14:41:20.225 63721 INFO tempest.lib.common.rest_client [req-118fde2c-c371-44e6-bf7c-a0d54bb5d59c req-118fde2c-c371-44e6-bf7c-a0d54bb5d59c ] Request (ImagesOneServerTestJSON:setUpClass): 200 GET http://10.180.1.21/compute/v2.1/servers/ab6975de-1411-4af2-848e-fb957595f115 0.424s
2025-07-21 14:41:20.276 63643 INFO tempest.lib.common.rest_client [req-b184e111-672a-4695-acb5-378142fae641 req-b184e111-672a-4695-acb5-378142fae641 ] Request (ServerDiagnosticsTest:tearDownClass): 200 GET http://10.180.1.21/compute/v2.1/servers/8ce39460-37a3-442d-9bdc-a0542e86c2f1 0.454s
2025-07-21 14:41:20.295 63695 INFO tempest.lib.common.rest_client [req-3844026e-c001-4b1d-886b-0900bac32e82 req-3844026e-c001-4b1d-886b-0900bac32e82 ] Request (AttachVolumeShelveTestJSON:test_attach_volume_shelved_or_offload_server): 200 GET http://10.180.1.21/compute/v2.1/servers/c32e2032-623b-4e2c-b1bd-cc44a0f6d5ab 0.395s
2025-07-21 14:41:20.352 63648 INFO tempest.lib.common.rest_client [req-879e3e88-3af5-4f5b-89b4-9f858d548be0 req-879e3e88-3af5-4f5b-89b4-9f858d548be0 ] Request (DeleteServersAdminTestJSON:test_delete_server_while_in_error_state): 200 GET http://10.180.1.21/compute/v2.1/servers/1c272ef4-b27d-4f7e-8b08-a49f40a3cb3d 0.172s
2025-07-21 14:41:20.389 63633 INFO tempest.lib.common.rest_client [req-0af64787-6173-4738-ab4f-880715293af9 req-0af64787-6173-4738-ab4f-880715293af9 ] Request (ServersAdminNegativeTestJSON:tearDownClass): 200 GET http://10.180.1.21/compute/v2.1/servers/d57768bf-d0e6-419d-80c5-060b3aacba5b 0.198s
2025-07-21 14:41:20.404 63638 INFO tempest.lib.common.rest_client [req-fe5752ff-4574-4599-8a66-3d4f73376e92 req-fe5752ff-4574-4599-8a66-3d4f73376e92 ] Request (ServerActionsTestOtherA:setUpClass): 200 GET http://10.180.1.21/compute/v2.1/servers/ef0f3bae-003a-4507-9a72-2c5e375a1f26 0.162s
2025-07-21 14:41:20.449 63623 INFO tempest.lib.common.rest_client [req-ebf8b1f1-03e4-42cc-8e7d-1f2a759e3770 req-ebf8b1f1-03e4-42cc-8e7d-1f2a759e3770 ] Request (MultipleCreateTestJSON:test_multiple_create_with_reservation_return): 200 GET http://10.180.1.21/compute/v2.1/servers/5e43cd98-f6ad-4f80-948f-00fbff73b684 0.204s
2025-07-21 14:41:20.456 63617 INFO tempest.lib.common.rest_client [req-9fbdfffd-c77f-4217-9bcc-0e5be3d9791a req-9fbdfffd-c77f-4217-9bcc-0e5be3d9791a ] Request (ServerAddressesNegativeTestJSON:setUpClass): 200 GET http://10.180.1.21/compute/v2.1/servers/9190b8ee-1921-4917-b6ba-d61a797e5ac7 0.119s
2025-07-21 14:41:20.475 63627 INFO tempest.lib.common.rest_client [req-50cda8a7-e369-4be7-b106-ea7b363bce35 req-50cda8a7-e369-4be7-b106-ea7b363bce35 ] Request (ServersTestMultiNic:setUpClass): 201 POST http://10.180.1.21:9696/networking/v2.0/routers 1.049s
2025-07-21 14:41:20.506 63657 INFO tempest.lib.common.rest_client [req-f29e4e86-3804-4bfe-93ce-cd656d653ef3 req-f29e4e86-3804-4bfe-93ce-cd656d653ef3 ] Request (ImagesOneServerNegativeTestJSON:_run_cleanups): 200 GET http://10.180.1.21/compute/v2.1/servers/cc7f4540-dc8b-4b4a-90f2-9e7d29cd1f16 0.164s
2025-07-21 14:41:20.705 63619 INFO tempest.lib.common.rest_client [req-9e923212-9fa3-4e24-961a-7b6a4b5f463c req-9e923212-9fa3-4e24-961a-7b6a4b5f463c ] Request (ServersAdminTestJSON:setUpClass): 200 GET http://10.180.1.21/compute/v2.1/servers/380fd1a2-9007-4a4f-8bfb-aad5a9117008 0.181s
2025-07-21 14:41:20.739 63719 INFO tempest.lib.common.rest_client [req-93d1cd89-bae5-493a-b548-5fc898ecbb69 req-93d1cd89-bae5-493a-b548-5fc898ecbb69 ] Request (VolumesAssistedSnapshotsTest:test_volume_assisted_snapshot_create_delete): 200 GET http://10.180.1.21/compute/v2.1/servers/39273104-66d6-4520-a1df-31d8f928931d 0.137s
2025-07-21 14:41:20.783 63706 INFO tempest.lib.common.rest_client [req-617d40c4-8ec7-48b3-8240-a0782d78d47c req-617d40c4-8ec7-48b3-8240-a0782d78d47c ] Request (AttachInterfacesV270Test:test_create_get_list_interfaces): 200 GET http://10.180.1.21/compute/v2.1/servers/562fe130-6f25-4af2-930b-c06e64de786e 0.179s
2025-07-21 14:41:20.832 63625 INFO tempest.lib.common.rest_client [req-a26128c3-208a-4f1c-8a19-af4c5cb995fb req-a26128c3-208a-4f1c-8a19-af4c5cb995fb ] Request (AttachInterfacesUnderV243Test:test_add_remove_fixed_ip): 200 GET http://10.180.1.21/compute/v2.1/servers/a5847616-58ea-4742-93f2-5c5e7a0f6a2b 0.161s
2025-07-21 14:41:20.872 63672 INFO tempest.lib.common.rest_client [req-c5d94eab-3c26-4aa6-87e6-d69c57bcb3fd req-c5d94eab-3c26-4aa6-87e6-d69c57bcb3fd ] Request (AttachVolumeTestJSON:test_attach_detach_volume): 200 GET http://10.180.1.21/compute/v2.1/servers/ee3b53cc-1ac2-40bc-934d-89a25659d047 0.196s
2025-07-21 14:41:20.921 63717 INFO tempest.lib.common.rest_client [req-4a7d6dce-e56d-4788-b021-0e0a61f9d06c req-4a7d6dce-e56d-4788-b021-0e0a61f9d06c ] Request (FloatingIPsAssociationTestJSON:test_associate_already_associated_floating_ip): 200 GET http://10.180.1.21/compute/v2.1/servers/c11326c5-1647-4273-a28a-f59801f853cd 0.185s
2025-07-21 14:41:20.955 63701 INFO tempest.lib.common.rest_client [req-70285acb-98a4-4588-b1cf-207f31fcd158 req-70285acb-98a4-4588-b1cf-207f31fcd158 ] Request (ImagesNegativeTestJSON:test_create_image_from_deleted_server): 200 GET http://10.180.1.21/compute/v2.1/servers/44732039-3298-4b19-af37-ea5a5bd6c181 0.208s
2025-07-21 14:41:21.004 63691 INFO tempest.lib.common.rest_client [req-1569ca26-9d39-444b-87b8-7dfddea6060c req-1569ca26-9d39-444b-87b8-7dfddea6060c ] Request (InstanceActionsV221TestJSON:test_get_list_deleted_instance_actions): 200 GET http://10.180.1.21/compute/v2.1/servers/140495d7-00d9-4ab5-86f9-59ef7c708555 0.202s
2025-07-21 14:41:21.029 63621 INFO tempest.lib.common.rest_client [req-6afa276a-2b6e-44fd-abc2-9bbfe111537a req-6afa276a-2b6e-44fd-abc2-9bbfe111537a ] Request (SecurityGroupsTestJSON:test_server_security_groups): 200 GET http://10.180.1.21/compute/v2.1/servers/a8b29def-4e67-41a1-8727-f7be343d6087 0.189s
2025-07-21 14:41:21.072 63631 INFO tempest.lib.common.rest_client [req-01902f2e-7441-45b6-9ece-916ef9c5e25c req-01902f2e-7441-45b6-9ece-916ef9c5e25c ] Request (ImagesTestJSON:test_create_image_from_stopped_server): 200 GET http://10.180.1.21/compute/v2.1/servers/c158029b-a216-4e9e-b2b3-f73d34c41f5b 0.196s
2025-07-21 14:41:21.095 63697 WARNING tempest.lib.common.ssh [-] Failed to establish authenticated ssh connection to cirros@10.180.180.250 ([Errno None] Unable to connect to port 22 on 10.180.180.250). Number attempts: 8. Retry after 9 seconds.: paramiko.ssh_exception.NoValidConnectionsError: [Errno None] Unable to connect to port 22 on 10.180.180.250
2025-07-21 14:41:21.097 63713 INFO tempest.lib.common.rest_client [req-a6628948-4e56-4753-b338-d187f17ea13c req-a6628948-4e56-4753-b338-d187f17ea13c ] Request (ServerMetadataNegativeTestJSON:setUpClass): 200 GET http://10.180.1.21/compute/v2.1/servers/122f1c7e-ca09-4de2-a233-b2eed242e5c7 0.180s
2025-07-21 14:41:21.138 63715 INFO tempest.lib.common.rest_client [req-a4da846f-7661-4b82-ba0f-3da28c30244f req-a4da846f-7661-4b82-ba0f-3da28c30244f ] Request (AttachInterfacesTestJSON:test_create_list_show_delete_interfaces_by_fixed_ip): 200 GET http://10.180.1.21/compute/v2.1/servers/63fdefbc-a279-4c6c-9300-46d450da723b 0.205s
2025-07-21 14:41:21.167 63711 INFO tempest.lib.common.rest_client [req-6af3aac2-cd3c-4f5a-a669-41365316f528 req-6af3aac2-cd3c-4f5a-a669-41365316f528 ] Request (ServersAaction247Test:test_create_backup): 200 GET http://10.180.1.21/compute/v2.1/servers/3aefd062-76d6-46d3-851d-2d03717c503d 0.181s
2025-07-21 14:41:21.249 63709 INFO tempest.lib.common.rest_client [req-4c071847-f46f-4663-b6e4-4d849b90bedd req-4c071847-f46f-4663-b6e4-4d849b90bedd ] Request (ServerRescueTestJSON:setUpClass): 200 GET http://10.180.1.21/compute/v2.1/servers/59535977-6d53-43fc-95c4-f4409235f7ec 0.206s
2025-07-21 14:41:21.354 63699 WARNING tempest.lib.common.ssh [-] Failed to establish authenticated ssh connection to cirros@10.180.180.241 ([Errno None] Unable to connect to port 22 on 10.180.180.241). Number attempts: 6. Retry after 7 seconds.: paramiko.ssh_exception.NoValidConnectionsError: [Errno None] Unable to connect to port 22 on 10.180.180.241
2025-07-21 14:41:21.362 63703 INFO tempest.lib.common.rest_client [req-13d27101-465e-41c8-a674-9c75bd68b611 req-13d27101-465e-41c8-a674-9c75bd68b611 ] Request (MigrationsAdminTest:test_list_migrations_in_flavor_resize_situation): 200 GET http://10.180.1.21/compute/v2.1/servers/e6243133-c513-4738-9813-780bf189cca5 0.246s
2025-07-21 14:41:21.392 63693 INFO tempest.lib.common.rest_client [req-bdc695b6-a540-4247-b6e1-17cc63d727e6 req-bdc695b6-a540-4247-b6e1-17cc63d727e6 ] Request (TenantUsagesTestJSON:tearDownClass): 200 GET http://10.180.1.21/compute/v2.1/servers/1d8c7a69-e54e-4d64-90c8-06f0e76e9613 0.267s
2025-07-21 14:41:21.485 63655 INFO tempest.lib.common.rest_client [req-d63c078b-164b-4e49-a285-2c8d5e6ef13c req-d63c078b-164b-4e49-a285-2c8d5e6ef13c ] Request (ServerDiagnosticsNegativeTest:tearDownClass): 200 GET http://10.180.1.21/compute/v2.1/servers/fb2f6d4c-4099-4108-93f7-5e5c537f2a19 0.271s
2025-07-21 14:41:21.514 63635 INFO tempest.lib.common.rest_client [req-40be486b-b573-4753-9bd1-7f04cc43b946 req-40be486b-b573-4753-9bd1-7f04cc43b946 ] Request (ServerTagsTestJSON:setUpClass): 200 GET http://10.180.1.21/compute/v2.1/servers/fc50a5c0-b486-424c-af05-650f31d9595b 0.340s
2025-07-21 14:41:21.526 63635 INFO tempest.common.waiters [-] State transition "BUILD/networking" ==> "BUILD/block_device_mapping" after 68 second wait
2025-07-21 14:41:21.551 63721 INFO tempest.lib.common.rest_client [req-5109396e-c0c8-4328-aab4-47c7e467f972 req-5109396e-c0c8-4328-aab4-47c7e467f972 ] Request (ImagesOneServerTestJSON:setUpClass): 200 GET http://10.180.1.21/compute/v2.1/servers/ab6975de-1411-4af2-848e-fb957595f115 0.317s
2025-07-21 14:41:21.583 63643 INFO tempest.lib.common.rest_client [req-2d674867-780f-4761-b99e-b9b6171c7692 req-2d674867-780f-4761-b99e-b9b6171c7692 ] Request (ServerDiagnosticsTest:tearDownClass): 200 GET http://10.180.1.21/compute/v2.1/servers/8ce39460-37a3-442d-9bdc-a0542e86c2f1 0.297s
2025-07-21 14:41:21.593 63643 INFO tempest.common.waiters [-] State transition "ACTIVE/deleting" ==> "DELETED/None" after 4 second wait
2025-07-21 14:41:21.627 63695 INFO tempest.lib.common.rest_client [req-1ddc6959-0944-4d64-a654-c624d15c0282 req-1ddc6959-0944-4d64-a654-c624d15c0282 ] Request (AttachVolumeShelveTestJSON:test_attach_volume_shelved_or_offload_server): 200 GET http://10.180.1.21/compute/v2.1/servers/c32e2032-623b-4e2c-b1bd-cc44a0f6d5ab 0.316s
2025-07-21 14:41:21.661 63648 INFO tempest.lib.common.rest_client [req-7cc530ed-e77f-4348-a967-9c35ca8e2be8 req-7cc530ed-e77f-4348-a967-9c35ca8e2be8 ] Request (DeleteServersAdminTestJSON:test_delete_server_while_in_error_state): 200 GET http://10.180.1.21/compute/v2.1/servers/1c272ef4-b27d-4f7e-8b08-a49f40a3cb3d 0.300s
2025-07-21 14:41:21.690 63633 INFO tempest.lib.common.rest_client [req-f1f3d114-514f-4dd6-a2d5-2bf786a94fb4 req-f1f3d114-514f-4dd6-a2d5-2bf786a94fb4 ] Request (ServersAdminNegativeTestJSON:tearDownClass): 200 GET http://10.180.1.21/compute/v2.1/servers/d57768bf-d0e6-419d-80c5-060b3aacba5b 0.289s
2025-07-21 14:41:21.729 63638 INFO tempest.lib.common.rest_client [req-6876a253-ed48-4784-9ad5-6871149552ff req-6876a253-ed48-4784-9ad5-6871149552ff ] Request (ServerActionsTestOtherA:setUpClass): 200 GET http://10.180.1.21/compute/v2.1/servers/ef0f3bae-003a-4507-9a72-2c5e375a1f26 0.315s
2025-07-21 14:41:21.755 63623 INFO tempest.lib.common.rest_client [req-987b2d7d-0abc-42f9-8e4c-36de23bcd8d5 req-987b2d7d-0abc-42f9-8e4c-36de23bcd8d5 ] Request (MultipleCreateTestJSON:test_multiple_create_with_reservation_return): 200 GET http://10.180.1.21/compute/v2.1/servers/5e43cd98-f6ad-4f80-948f-00fbff73b684 0.292s
2025-07-21 14:41:21.794 63617 INFO tempest.lib.common.rest_client [req-b3483ce1-9f44-41c6-8448-d9bbb08d7a14 req-b3483ce1-9f44-41c6-8448-d9bbb08d7a14 ] Request (ServerAddressesNegativeTestJSON:setUpClass): 200 GET http://10.180.1.21/compute/v2.1/servers/9190b8ee-1921-4917-b6ba-d61a797e5ac7 0.330s
2025-07-21 14:41:21.808 63627 INFO tempest.lib.common.rest_client [req-7b32654e-b5ce-40d5-a79b-557dd7275933 req-7b32654e-b5ce-40d5-a79b-557dd7275933 ] Request (ServersTestMultiNic:setUpClass): 200 PUT http://10.180.1.21:9696/networking/v2.0/routers/613f7c7d-f680-4751-825d-6042bd0fdf20/add_router_interface 1.333s
2025-07-21 14:41:21.809 63627 INFO tempest.lib.common.dynamic_creds [-] Created isolated network resources for: credentials: Credentials: {'domain_id': 'default', 'domain_name': 'Default', 'username': 'tempest-ServersTestMultiNic-671792501-project-member', 'project_domain_id': 'default', 'project_domain_name': 'Default', 'project_id': 'a4fd88e514484a74b76bbc28a963d611', 'project_name': 'tempest-ServersTestMultiNic-671792501', 'tenant_id': 'a4fd88e514484a74b76bbc28a963d611', 'tenant_name': 'tempest-ServersTestMultiNic-671792501', 'user_domain_id': 'default', 'user_domain_name': 'Default', 'user_id': '4299e37d7651462da209b9eb1a76bec6', 'system': None}, Network: {'id': 'e22228fc-563c-4c95-b273-5d74e366382c', 'name': 'tempest-ServersTestMultiNic-2062677537-network', 'tenant_id': 'a4fd88e514484a74b76bbc28a963d611', 'admin_state_up': True, 'mtu': 8950, 'status': 'ACTIVE', 'subnets': [], 'shared': False, 'project_id': 'a4fd88e514484a74b76bbc28a963d611', 'port_security_enabled': True, 'router:external': False, 'provider:network_type': 'vlan', 'provider:physical_network': 'default', 'provider:segmentation_id': 501, 'availability_zone_hints': [], 'availability_zones': [], 'ipv4_address_scope': None, 'ipv6_address_scope': None, 'description': '', 'tags': [], 'created_at': '2025-07-21T14:41:19Z', 'updated_at': '2025-07-21T14:41:19Z', 'revision_number': 1}, Subnet: {'id': '0fefd5cb-0855-4ec5-a21e-ccec6d2f692f', 'name': 'tempest-ServersTestMultiNic-2062677537-subnet', 'tenant_id': 'a4fd88e514484a74b76bbc28a963d611', 'network_id': 'e22228fc-563c-4c95-b273-5d74e366382c', 'ip_version': 4, 'subnetpool_id': None, 'enable_dhcp': True, 'ipv6_ra_mode': None, 'ipv6_address_mode': None, 'gateway_ip': '192.168.128.1', 'cidr': '192.168.128.0/28', 'allocation_pools': [{'start': '192.168.128.2', 'end': '192.168.128.14'}], 'host_routes': [], 'dns_nameservers': [], 'description': '', 'router:external': False, 'service_types': [], 'tags': [], 'created_at': '2025-07-21T14:41:19Z', 'updated_at': '2025-07-21T14:41:19Z', 'revision_number': 0, 'project_id': 'a4fd88e514484a74b76bbc28a963d611'}, Router: {'id': '613f7c7d-f680-4751-825d-6042bd0fdf20', 'name': 'tempest-ServersTestMultiNic-2062677537-router', 'tenant_id': 'a4fd88e514484a74b76bbc28a963d611', 'admin_state_up': True, 'status': 'ACTIVE', 'external_gateway_info': {'network_id': '4a59afe2-67dd-4c97-979c-11844fc1e730', 'external_fixed_ips': [{'subnet_id': '549e6df4-e53a-4cf1-b020-f25cab354ea7', 'ip_address': '10.180.180.207'}], 'enable_snat': True}, 'description': '', 'availability_zones': [], 'distributed': False, 'ha': False, 'availability_zone_hints': [], 'routes': [], 'flavor_id': None, 'tags': [], 'created_at': '2025-07-21T14:41:19Z', 'updated_at': '2025-07-21T14:41:20Z', 'revision_number': 2, 'project_id': 'a4fd88e514484a74b76bbc28a963d611'}
2025-07-21 14:41:21.837 63657 INFO tempest.lib.common.rest_client [req-6e36ebac-5564-4720-8cee-4e078991c451 req-6e36ebac-5564-4720-8cee-4e078991c451 ] Request (ImagesOneServerNegativeTestJSON:_run_cleanups): 200 GET http://10.180.1.21/compute/v2.1/servers/cc7f4540-dc8b-4b4a-90f2-9e7d29cd1f16 0.321s
2025-07-21 14:41:21.941 63627 INFO tempest.lib.common.rest_client [req-264afef1-37bd-4467-9dd5-ba796b3fbdc0 req-264afef1-37bd-4467-9dd5-ba796b3fbdc0 ] Request (ServersTestMultiNic:setUpClass): 201 POST http://10.180.1.21/identity/v3/auth/tokens 0.126s
2025-07-21 14:41:21.965 63619 INFO tempest.lib.common.rest_client [req-46f9320b-c014-43ea-ab6d-4d775e7364f5 req-46f9320b-c014-43ea-ab6d-4d775e7364f5 ] Request (ServersAdminTestJSON:setUpClass): 200 GET http://10.180.1.21/compute/v2.1/servers/380fd1a2-9007-4a4f-8bfb-aad5a9117008 0.250s
2025-07-21 14:41:21.981 63719 INFO tempest.lib.common.rest_client [req-b9250d3c-d66f-4cd3-9290-21fc60e63e1e req-b9250d3c-d66f-4cd3-9290-21fc60e63e1e ] Request (VolumesAssistedSnapshotsTest:test_volume_assisted_snapshot_create_delete): 200 GET http://10.180.1.21/compute/v2.1/servers/39273104-66d6-4520-a1df-31d8f928931d 0.224s
2025-07-21 14:41:22.042 63625 INFO tempest.lib.common.rest_client [req-ec4a1035-f8ad-416b-874f-0050890faff8 req-ec4a1035-f8ad-416b-874f-0050890faff8 ] Request (AttachInterfacesUnderV243Test:test_add_remove_fixed_ip): 200 GET http://10.180.1.21/compute/v2.1/servers/a5847616-58ea-4742-93f2-5c5e7a0f6a2b 0.195s
2025-07-21 14:41:22.047 63706 INFO tempest.lib.common.rest_client [req-5275fd40-5a63-4527-9424-93f7a573c5dc req-5275fd40-5a63-4527-9424-93f7a573c5dc ] Request (AttachInterfacesV270Test:test_create_get_list_interfaces): 200 GET http://10.180.1.21/compute/v2.1/servers/562fe130-6f25-4af2-930b-c06e64de786e 0.250s
2025-07-21 14:41:22.113 63672 INFO tempest.lib.common.rest_client [req-6e7ff0e5-771e-4d41-8ff2-36561ed76bf4 req-6e7ff0e5-771e-4d41-8ff2-36561ed76bf4 ] Request (AttachVolumeTestJSON:test_attach_detach_volume): 200 GET http://10.180.1.21/compute/v2.1/servers/ee3b53cc-1ac2-40bc-934d-89a25659d047 0.227s
2025-07-21 14:41:22.123 63717 INFO tempest.lib.common.rest_client [req-4abd7284-8c47-4fae-9084-1586f5d564d3 req-4abd7284-8c47-4fae-9084-1586f5d564d3 ] Request (FloatingIPsAssociationTestJSON:test_associate_already_associated_floating_ip): 200 GET http://10.180.1.21/compute/v2.1/servers/c11326c5-1647-4273-a28a-f59801f853cd 0.193s
2025-07-21 14:41:22.155 63627 INFO tempest.lib.common.rest_client [req-a89aaf59-db95-42e9-8f4c-8e468c962325 req-a89aaf59-db95-42e9-8f4c-8e468c962325 ] Request (ServersTestMultiNic:test_verify_duplicate_network_nics): 201 POST http://10.180.1.21:9696/networking/v2.0/networks 0.213s
2025-07-21 14:41:22.193 63701 INFO tempest.lib.common.rest_client [req-7cf7c6bc-a172-45dd-8a28-7637408858c4 req-7cf7c6bc-a172-45dd-8a28-7637408858c4 ] Request (ImagesNegativeTestJSON:test_create_image_from_deleted_server): 200 GET http://10.180.1.21/compute/v2.1/servers/44732039-3298-4b19-af37-ea5a5bd6c181 0.222s
2025-07-21 14:41:22.209 63691 INFO tempest.lib.common.rest_client [req-1dd8dc06-d44e-44bf-ba37-f6c950108412 req-1dd8dc06-d44e-44bf-ba37-f6c950108412 ] Request (InstanceActionsV221TestJSON:test_get_list_deleted_instance_actions): 200 GET http://10.180.1.21/compute/v2.1/servers/140495d7-00d9-4ab5-86f9-59ef7c708555 0.195s
2025-07-21 14:41:22.246 63621 INFO tempest.lib.common.rest_client [req-95ab58c4-067f-4f42-b999-a2a97b4830fd req-95ab58c4-067f-4f42-b999-a2a97b4830fd ] Request (SecurityGroupsTestJSON:test_server_security_groups): 200 GET http://10.180.1.21/compute/v2.1/servers/a8b29def-4e67-41a1-8727-f7be343d6087 0.205s
2025-07-21 14:41:22.272 63631 INFO tempest.lib.common.rest_client [req-0ae178a0-0247-45b3-a668-519bc1751de2 req-0ae178a0-0247-45b3-a668-519bc1751de2 ] Request (ImagesTestJSON:test_create_image_from_stopped_server): 200 GET http://10.180.1.21/compute/v2.1/servers/c158029b-a216-4e9e-b2b3-f73d34c41f5b 0.181s
2025-07-21 14:41:22.305 63713 INFO tempest.lib.common.rest_client [req-8ca789c1-6337-4195-8ae4-1e1670c468a9 req-8ca789c1-6337-4195-8ae4-1e1670c468a9 ] Request (ServerMetadataNegativeTestJSON:setUpClass): 200 GET http://10.180.1.21/compute/v2.1/servers/122f1c7e-ca09-4de2-a233-b2eed242e5c7 0.200s
2025-07-21 14:41:22.328 63715 INFO tempest.lib.common.rest_client [req-9b1d1204-d5ed-436b-a3b5-805d81524599 req-9b1d1204-d5ed-436b-a3b5-805d81524599 ] Request (AttachInterfacesTestJSON:test_create_list_show_delete_interfaces_by_fixed_ip): 200 GET http://10.180.1.21/compute/v2.1/servers/63fdefbc-a279-4c6c-9300-46d450da723b 0.180s
2025-07-21 14:41:22.370 63711 INFO tempest.lib.common.rest_client [req-d62f13eb-6b6e-4e17-8a4c-5c72751c2beb req-d62f13eb-6b6e-4e17-8a4c-5c72751c2beb ] Request (ServersAaction247Test:test_create_backup): 200 GET http://10.180.1.21/compute/v2.1/servers/3aefd062-76d6-46d3-851d-2d03717c503d 0.192s
2025-07-21 14:41:22.391 63709 INFO tempest.lib.common.rest_client [req-6c124815-ece9-475c-b6ff-c2c1170ede31 req-6c124815-ece9-475c-b6ff-c2c1170ede31 ] Request (ServerRescueTestJSON:setUpClass): 200 GET http://10.180.1.21/compute/v2.1/servers/59535977-6d53-43fc-95c4-f4409235f7ec 0.126s
2025-07-21 14:41:22.401 63627 INFO tempest.lib.common.rest_client [req-bc03fa7c-288f-4016-8f07-e2ff0dea7edf req-bc03fa7c-288f-4016-8f07-e2ff0dea7edf ] Request (ServersTestMultiNic:test_verify_duplicate_network_nics): 201 POST http://10.180.1.21:9696/networking/v2.0/subnets 0.246s
2025-07-21 14:41:22.483 63693 INFO tempest.lib.common.rest_client [req-01488267-6490-44b5-9437-94d7f988eab0 req-01488267-6490-44b5-9437-94d7f988eab0 ] Request (TenantUsagesTestJSON:tearDownClass): 200 GET http://10.180.1.21/compute/v2.1/servers/1d8c7a69-e54e-4d64-90c8-06f0e76e9613 0.080s
2025-07-21 14:41:22.520 63627 INFO tempest.lib.common.rest_client [req-8d4a4d3c-0571-4df1-8cf4-641fc0478bd0 req-8d4a4d3c-0571-4df1-8cf4-641fc0478bd0 ] Request (ServersTestMultiNic:test_verify_duplicate_network_nics): 201 POST http://10.180.1.21:9696/networking/v2.0/networks 0.118s
