2025-07-21 14:41:22.542 63703 INFO tempest.lib.common.rest_client [req-e0df67ae-b229-42e6-b9d8-f02a8944d299 req-e0df67ae-b229-42e6-b9d8-f02a8944d299 ] Request (MigrationsAdminTest:test_list_migrations_in_flavor_resize_situation): 200 GET http://10.180.1.21/compute/v2.1/servers/e6243133-c513-4738-9813-780bf189cca5 0.172s
2025-07-21 14:41:22.560 63655 INFO tempest.lib.common.rest_client [req-294f1cab-8938-4def-a7c4-326ff319386e req-294f1cab-8938-4def-a7c4-326ff319386e ] Request (ServerDiagnosticsNegativeTest:tearDownClass): 200 GET http://10.180.1.21/compute/v2.1/servers/fb2f6d4c-4099-4108-93f7-5e5c537f2a19 0.065s
2025-07-21 14:41:22.638 63721 INFO tempest.lib.common.rest_client [req-7d4e2d83-c9d1-4ac2-9492-f9288dd7a588 req-7d4e2d83-c9d1-4ac2-9492-f9288dd7a588 ] Request (ImagesOneServerTestJSON:setUpClass): 200 GET http://10.180.1.21/compute/v2.1/servers/ab6975de-1411-4af2-848e-fb957595f115 0.079s
2025-07-21 14:41:22.663 63635 INFO tempest.lib.common.rest_client [req-091f3960-a3b6-411b-8a5e-2e10c353a8e5 req-091f3960-a3b6-411b-8a5e-2e10c353a8e5 ] Request (ServerTagsTestJSON:setUpClass): 200 GET http://10.180.1.21/compute/v2.1/servers/fc50a5c0-b486-424c-af05-650f31d9595b 0.136s
2025-07-21 14:41:22.671 63635 INFO tempest.common.waiters [-] State transition "BUILD/block_device_mapping" ==> "BUILD/spawning" after 69 second wait
2025-07-21 14:41:22.695 63643 INFO tempest.lib.common.rest_client [req-700a1c0a-cc1e-4f14-8b13-14a21dd6e0c6 req-700a1c0a-cc1e-4f14-8b13-14a21dd6e0c6 ] Request (ServerDiagnosticsTest:tearDownClass): 200 GET http://10.180.1.21/compute/v2.1/servers/8ce39460-37a3-442d-9bdc-a0542e86c2f1 0.101s
2025-07-21 14:41:22.724 63695 INFO tempest.lib.common.rest_client [req-11ff41cd-099d-48e2-82af-a3e337272c89 req-11ff41cd-099d-48e2-82af-a3e337272c89 ] Request (AttachVolumeShelveTestJSON:test_attach_volume_shelved_or_offload_server): 200 GET http://10.180.1.21/compute/v2.1/servers/c32e2032-623b-4e2c-b1bd-cc44a0f6d5ab 0.086s
2025-07-21 14:41:22.726 63627 INFO tempest.lib.common.rest_client [req-1b46a31d-e3f7-4df3-92c2-86d57a78b22e req-1b46a31d-e3f7-4df3-92c2-86d57a78b22e ] Request (ServersTestMultiNic:test_verify_duplicate_network_nics): 201 POST http://10.180.1.21:9696/networking/v2.0/subnets 0.206s
2025-07-21 14:41:22.757 63648 INFO tempest.lib.common.rest_client [req-5885ffac-68ea-4769-a02a-21d8f8c4d9b1 req-5885ffac-68ea-4769-a02a-21d8f8c4d9b1 ] Request (DeleteServersAdminTestJSON:test_delete_server_while_in_error_state): 200 GET http://10.180.1.21/compute/v2.1/servers/1c272ef4-b27d-4f7e-8b08-a49f40a3cb3d 0.088s
2025-07-21 14:41:22.765 63627 INFO tempest.lib.common.rest_client [req-92a5ba0c-f2e2-4048-8bd7-29550757b55e req-92a5ba0c-f2e2-4048-8bd7-29550757b55e ] Request (ServersTestMultiNic:test_verify_duplicate_network_nics): 201 POST http://10.180.1.21/identity/v3/auth/tokens 0.036s
2025-07-21 14:41:22.765 63627 INFO tempest.lib.common.fixed_network [-] (ServersTestMultiNic:test_verify_duplicate_network_nics) Found network {'id': 'e22228fc-563c-4c95-b273-5d74e366382c', 'name': 'tempest-ServersTestMultiNic-2062677537-network', 'tenant_id': 'a4fd88e514484a74b76bbc28a963d611', 'admin_state_up': True, 'mtu': 8950, 'status': 'ACTIVE', 'subnets': [], 'shared': False, 'project_id': 'a4fd88e514484a74b76bbc28a963d611', 'port_security_enabled': True, 'router:external': False, 'provider:network_type': 'vlan', 'provider:physical_network': 'default', 'provider:segmentation_id': 501, 'availability_zone_hints': [], 'availability_zones': [], 'ipv4_address_scope': None, 'ipv6_address_scope': None, 'description': '', 'tags': [], 'created_at': '2025-07-21T14:41:19Z', 'updated_at': '2025-07-21T14:41:19Z', 'revision_number': 1} available for tenant
2025-07-21 14:41:22.805 63633 INFO tempest.lib.common.rest_client [req-c689e0bd-d778-403a-907f-917a65d5b2a0 req-c689e0bd-d778-403a-907f-917a65d5b2a0 ] Request (ServersAdminNegativeTestJSON:tearDownClass): 200 GET http://10.180.1.21/compute/v2.1/servers/d57768bf-d0e6-419d-80c5-060b3aacba5b 0.104s
2025-07-21 14:41:22.812 63633 INFO tempest.common.waiters [-] State transition "SUSPENDED/deleting" ==> "DELETED/None" after 3 second wait
2025-07-21 14:41:22.813 63638 INFO tempest.lib.common.rest_client [req-4cc589eb-ffa1-4ffc-aca7-8837165a7577 req-4cc589eb-ffa1-4ffc-aca7-8837165a7577 ] Request (ServerActionsTestOtherA:setUpClass): 200 GET http://10.180.1.21/compute/v2.1/servers/ef0f3bae-003a-4507-9a72-2c5e375a1f26 0.075s
2025-07-21 14:41:22.859 63623 INFO tempest.lib.common.rest_client [req-a9cc8aa0-220f-4220-b0f1-96dade3c8f6b req-a9cc8aa0-220f-4220-b0f1-96dade3c8f6b ] Request (MultipleCreateTestJSON:test_multiple_create_with_reservation_return): 200 GET http://10.180.1.21/compute/v2.1/servers/5e43cd98-f6ad-4f80-948f-00fbff73b684 0.094s
2025-07-21 14:41:22.980 63617 INFO tempest.lib.common.rest_client [req-4f7a9094-2f00-43cd-816f-cf6e111020e4 req-4f7a9094-2f00-43cd-816f-cf6e111020e4 ] Request (ServerAddressesNegativeTestJSON:setUpClass): 200 GET http://10.180.1.21/compute/v2.1/servers/9190b8ee-1921-4917-b6ba-d61a797e5ac7 0.174s
2025-07-21 14:41:23.077 63657 INFO tempest.lib.common.rest_client [req-a2e52dad-6ecb-4d4e-8b43-77a70d38d81f req-a2e52dad-6ecb-4d4e-8b43-77a70d38d81f ] Request (ImagesOneServerNegativeTestJSON:_run_cleanups): 200 GET http://10.180.1.21/compute/v2.1/servers/cc7f4540-dc8b-4b4a-90f2-9e7d29cd1f16 0.230s
2025-07-21 14:41:23.301 63619 INFO tempest.lib.common.rest_client [req-38f4403e-2780-44d4-8483-8351d6bf6833 req-38f4403e-2780-44d4-8483-8351d6bf6833 ] Request (ServersAdminTestJSON:setUpClass): 200 GET http://10.180.1.21/compute/v2.1/servers/380fd1a2-9007-4a4f-8bfb-aad5a9117008 0.323s
2025-07-21 14:41:23.308 63619 INFO tempest.common.waiters [-] State transition "BUILD/spawning" ==> "ACTIVE/None" after 72 second wait
2025-07-21 14:41:23.453 63719 INFO tempest.lib.common.rest_client [req-12cb4d2b-74f5-4b4a-8be1-c61114d0fa44 req-12cb4d2b-74f5-4b4a-8be1-c61114d0fa44 ] Request (VolumesAssistedSnapshotsTest:test_volume_assisted_snapshot_create_delete): 200 GET http://10.180.1.21/compute/v2.1/servers/39273104-66d6-4520-a1df-31d8f928931d 0.464s
2025-07-21 14:41:23.523 63625 INFO tempest.lib.common.rest_client [req-9cc26df0-57a9-4e84-9649-657511a665a7 req-9cc26df0-57a9-4e84-9649-657511a665a7 ] Request (AttachInterfacesUnderV243Test:test_add_remove_fixed_ip): 200 GET http://10.180.1.21/compute/v2.1/servers/a5847616-58ea-4742-93f2-5c5e7a0f6a2b 0.471s
2025-07-21 14:41:23.585 63706 INFO tempest.lib.common.rest_client [req-32f7ecd2-d112-4bdc-b122-0873c28cb752 req-32f7ecd2-d112-4bdc-b122-0873c28cb752 ] Request (AttachInterfacesV270Test:test_create_get_list_interfaces): 200 GET http://10.180.1.21/compute/v2.1/servers/562fe130-6f25-4af2-930b-c06e64de786e 0.525s
2025-07-21 14:41:23.636 63672 INFO tempest.lib.common.rest_client [req-5592e45b-9fd2-4089-b06d-e05eb98c0408 req-5592e45b-9fd2-4089-b06d-e05eb98c0408 ] Request (AttachVolumeTestJSON:test_attach_detach_volume): 200 GET http://10.180.1.21/compute/v2.1/servers/ee3b53cc-1ac2-40bc-934d-89a25659d047 0.512s
2025-07-21 14:41:23.648 63627 INFO tempest.lib.common.rest_client [req-fc640608-430e-4adb-8ef1-3b112e0405e9 req-fc640608-430e-4adb-8ef1-3b112e0405e9 ] Request (ServersTestMultiNic:test_verify_duplicate_network_nics): 202 POST http://10.180.1.21/compute/v2.1/servers 0.882s
2025-07-21 14:41:23.693 63717 INFO tempest.lib.common.rest_client [req-0ede70d7-e5f8-4fef-9936-311162ec3279 req-0ede70d7-e5f8-4fef-9936-311162ec3279 ] Request (FloatingIPsAssociationTestJSON:test_associate_already_associated_floating_ip): 200 GET http://10.180.1.21/compute/v2.1/servers/c11326c5-1647-4273-a28a-f59801f853cd 0.554s
2025-07-21 14:41:23.707 63701 INFO tempest.lib.common.rest_client [req-c39f76bb-ab5b-4af4-88b5-da16dd266154 req-c39f76bb-ab5b-4af4-88b5-da16dd266154 ] Request (ImagesNegativeTestJSON:test_create_image_from_deleted_server): 200 GET http://10.180.1.21/compute/v2.1/servers/44732039-3298-4b19-af37-ea5a5bd6c181 0.504s
2025-07-21 14:41:23.753 63691 INFO tempest.lib.common.rest_client [req-53c37a10-7c38-4965-be6b-1446de7ddd61 req-53c37a10-7c38-4965-be6b-1446de7ddd61 ] Request (InstanceActionsV221TestJSON:test_get_list_deleted_instance_actions): 200 GET http://10.180.1.21/compute/v2.1/servers/140495d7-00d9-4ab5-86f9-59ef7c708555 0.535s
2025-07-21 14:41:23.798 63621 INFO tempest.lib.common.rest_client [req-f90a5a32-f291-4bb4-9f1d-d5bdec1aeeec req-f90a5a32-f291-4bb4-9f1d-d5bdec1aeeec ] Request (SecurityGroupsTestJSON:test_server_security_groups): 200 GET http://10.180.1.21/compute/v2.1/servers/a8b29def-4e67-41a1-8727-f7be343d6087 0.544s
2025-07-21 14:41:23.808 63631 INFO tempest.lib.common.rest_client [req-499bada7-396d-4969-a242-739dbe0d9150 req-499bada7-396d-4969-a242-739dbe0d9150 ] Request (ImagesTestJSON:test_create_image_from_stopped_server): 200 GET http://10.180.1.21/compute/v2.1/servers/c158029b-a216-4e9e-b2b3-f73d34c41f5b 0.528s
2025-07-21 14:41:23.867 63713 INFO tempest.lib.common.rest_client [req-736aa88f-f4c7-450b-871f-23b8bd4939f7 req-736aa88f-f4c7-450b-871f-23b8bd4939f7 ] Request (ServerMetadataNegativeTestJSON:setUpClass): 200 GET http://10.180.1.21/compute/v2.1/servers/122f1c7e-ca09-4de2-a233-b2eed242e5c7 0.551s
2025-07-21 14:41:23.948 63715 INFO tempest.lib.common.rest_client [req-2f6b3b1f-3820-43d0-9723-076d91612e11 req-2f6b3b1f-3820-43d0-9723-076d91612e11 ] Request (AttachInterfacesTestJSON:test_create_list_show_delete_interfaces_by_fixed_ip): 200 GET http://10.180.1.21/compute/v2.1/servers/63fdefbc-a279-4c6c-9300-46d450da723b 0.612s
2025-07-21 14:41:23.968 63619 INFO tempest.lib.common.rest_client [req-19775f0d-b140-4672-87b1-60b4da4724a7 req-19775f0d-b140-4672-87b1-60b4da4724a7 ] Request (ServersAdminTestJSON:setUpClass): 200 GET http://10.180.1.21/compute/v2.1/servers/2950ec52-a1f0-407f-816b-e3f91b7212c8 0.659s
2025-07-21 14:41:24.016 63711 INFO tempest.lib.common.rest_client [req-afd9cb76-941b-4251-b3c7-09f354772f8d req-afd9cb76-941b-4251-b3c7-09f354772f8d ] Request (ServersAaction247Test:test_create_backup): 200 GET http://10.180.1.21/compute/v2.1/servers/3aefd062-76d6-46d3-851d-2d03717c503d 0.634s
2025-07-21 14:41:24.031 63709 INFO tempest.lib.common.rest_client [req-1152f4c0-bb9d-4691-8225-7f21021525e4 req-1152f4c0-bb9d-4691-8225-7f21021525e4 ] Request (ServerRescueTestJSON:setUpClass): 200 GET http://10.180.1.21/compute/v2.1/servers/59535977-6d53-43fc-95c4-f4409235f7ec 0.628s
2025-07-21 14:41:24.072 63619 INFO tempest.lib.common.rest_client [req-fe821142-8717-4138-a788-427c944372f8 req-fe821142-8717-4138-a788-427c944372f8 ] Request (ServersAdminTestJSON:test_create_server_with_scheduling_hint): 201 POST http://10.180.1.21/identity/v3/auth/tokens 0.087s
2025-07-21 14:41:24.072 63619 INFO tempest.lib.common.fixed_network [-] (ServersAdminTestJSON:test_create_server_with_scheduling_hint) Found network {'id': 'f41b1fcf-5b8c-49c9-8d62-a07c2f99ebe9', 'name': 'tempest-ServersAdminTestJSON-1697689016-network', 'tenant_id': '88a4a10df9164e93b9aa5711f4e0ca17', 'admin_state_up': True, 'mtu': 8950, 'status': 'ACTIVE', 'subnets': [], 'shared': False, 'project_id': '88a4a10df9164e93b9aa5711f4e0ca17', 'port_security_enabled': True, 'router:external': False, 'provider:network_type': 'vlan', 'provider:physical_network': 'default', 'provider:segmentation_id': 849, 'availability_zone_hints': [], 'availability_zones': [], 'ipv4_address_scope': None, 'ipv6_address_scope': None, 'description': '', 'tags': [], 'created_at': '2025-07-21T14:39:41Z', 'updated_at': '2025-07-21T14:39:41Z', 'revision_number': 1} available for tenant
2025-07-21 14:41:24.109 63693 INFO tempest.lib.common.rest_client [req-31b2a64d-d886-4c1d-8833-c8aeee3d0061 req-31b2a64d-d886-4c1d-8833-c8aeee3d0061 ] Request (TenantUsagesTestJSON:tearDownClass): 200 GET http://10.180.1.21/compute/v2.1/servers/1d8c7a69-e54e-4d64-90c8-06f0e76e9613 0.617s
2025-07-21 14:41:24.156 63703 INFO tempest.lib.common.rest_client [req-4736fd7d-33fd-4033-8b46-cb5b6f7a53fe req-4736fd7d-33fd-4033-8b46-cb5b6f7a53fe ] Request (MigrationsAdminTest:test_list_migrations_in_flavor_resize_situation): 200 GET http://10.180.1.21/compute/v2.1/servers/e6243133-c513-4738-9813-780bf189cca5 0.607s
2025-07-21 14:41:24.174 63655 INFO tempest.lib.common.rest_client [req-816e5df4-550b-4d91-927d-af883667dbf5 req-816e5df4-550b-4d91-927d-af883667dbf5 ] Request (ServerDiagnosticsNegativeTest:tearDownClass): 200 GET http://10.180.1.21/compute/v2.1/servers/fb2f6d4c-4099-4108-93f7-5e5c537f2a19 0.602s
2025-07-21 14:41:24.212 63721 INFO tempest.lib.common.rest_client [req-fbb02f93-5368-4ba0-98cf-7885ec7ac46a req-fbb02f93-5368-4ba0-98cf-7885ec7ac46a ] Request (ImagesOneServerTestJSON:setUpClass): 200 GET http://10.180.1.21/compute/v2.1/servers/ab6975de-1411-4af2-848e-fb957595f115 0.564s
2025-07-21 14:41:24.220 63721 INFO tempest.common.waiters [-] State transition "BUILD/scheduling" ==> "BUILD/None" after 43 second wait
2025-07-21 14:41:24.224 63627 INFO tempest.lib.common.rest_client [req-6680be84-b32f-4a5b-85fb-62b4629bbb00 req-6680be84-b32f-4a5b-85fb-62b4629bbb00 ] Request (ServersTestMultiNic:test_verify_duplicate_network_nics): 200 GET http://10.180.1.21/compute/v2.1/servers/a7ebffc9-b9df-49a3-83aa-bb4436cffd95 0.574s
2025-07-21 14:41:24.307 63643 INFO tempest.lib.common.rest_client [req-211a9ce6-b3b8-41fa-907d-57d73c063c5e req-211a9ce6-b3b8-41fa-907d-57d73c063c5e ] Request (ServerDiagnosticsTest:tearDownClass): 200 GET http://10.180.1.21/compute/v2.1/servers/8ce39460-37a3-442d-9bdc-a0542e86c2f1 0.602s
2025-07-21 14:41:24.354 63635 INFO tempest.lib.common.rest_client [req-67dbb192-ed0c-4a9c-a4bf-59bb49957000 req-67dbb192-ed0c-4a9c-a4bf-59bb49957000 ] Request (ServerTagsTestJSON:setUpClass): 200 GET http://10.180.1.21/compute/v2.1/servers/fc50a5c0-b486-424c-af05-650f31d9595b 0.680s
2025-07-21 14:41:24.363 63695 INFO tempest.lib.common.rest_client [req-b33388eb-e6cb-44ef-bb19-ff96e0f87490 req-b33388eb-e6cb-44ef-bb19-ff96e0f87490 ] Request (AttachVolumeShelveTestJSON:test_attach_volume_shelved_or_offload_server): 200 GET http://10.180.1.21/compute/v2.1/servers/c32e2032-623b-4e2c-b1bd-cc44a0f6d5ab 0.625s
2025-07-21 14:41:24.403 63648 INFO tempest.lib.common.rest_client [req-bb31daa2-c781-444a-a000-8fe1708ec3a7 req-bb31daa2-c781-444a-a000-8fe1708ec3a7 ] Request (DeleteServersAdminTestJSON:test_delete_server_while_in_error_state): 200 GET http://10.180.1.21/compute/v2.1/servers/1c272ef4-b27d-4f7e-8b08-a49f40a3cb3d 0.638s
2025-07-21 14:41:24.417 63633 INFO tempest.lib.common.rest_client [req-bded395f-d1a9-4060-a762-195e1f206bc5 req-bded395f-d1a9-4060-a762-195e1f206bc5 ] Request (ServersAdminNegativeTestJSON:tearDownClass): 200 GET http://10.180.1.21/compute/v2.1/servers/d57768bf-d0e6-419d-80c5-060b3aacba5b 0.604s
2025-07-21 14:41:24.475 63623 INFO tempest.lib.common.rest_client [req-eaefe25b-1626-4491-a30f-6e2dd549e058 req-eaefe25b-1626-4491-a30f-6e2dd549e058 ] Request (MultipleCreateTestJSON:test_multiple_create_with_reservation_return): 200 GET http://10.180.1.21/compute/v2.1/servers/5e43cd98-f6ad-4f80-948f-00fbff73b684 0.607s
2025-07-21 14:41:24.531 63617 INFO tempest.lib.common.rest_client [req-55121dbf-c2b1-4ba2-8b1b-7f50f53facc3 req-55121dbf-c2b1-4ba2-8b1b-7f50f53facc3 ] Request (ServerAddressesNegativeTestJSON:setUpClass): 200 GET http://10.180.1.21/compute/v2.1/servers/9190b8ee-1921-4917-b6ba-d61a797e5ac7 0.542s
2025-07-21 14:41:24.563 63638 INFO tempest.lib.common.rest_client [req-f651e706-66f0-4f44-a195-93828d3e3801 req-f651e706-66f0-4f44-a195-93828d3e3801 ] Request (ServerActionsTestOtherA:setUpClass): 200 GET http://10.180.1.21/compute/v2.1/servers/ef0f3bae-003a-4507-9a72-2c5e375a1f26 0.742s
2025-07-21 14:41:24.570 63638 INFO tempest.common.waiters [-] State transition "BUILD/None" ==> "BUILD/block_device_mapping" after 68 second wait
2025-07-21 14:41:24.665 63657 INFO tempest.lib.common.rest_client [req-d47312a1-1814-422a-b980-93431bd1a7a7 req-d47312a1-1814-422a-b980-93431bd1a7a7 ] Request (ImagesOneServerNegativeTestJSON:_run_cleanups): 200 GET http://10.180.1.21/compute/v2.1/servers/cc7f4540-dc8b-4b4a-90f2-9e7d29cd1f16 0.576s
2025-07-21 14:41:24.921 63719 INFO tempest.lib.common.rest_client [req-85e55bab-d50d-4759-aaa3-58e36d4cc4c5 req-85e55bab-d50d-4759-aaa3-58e36d4cc4c5 ] Request (VolumesAssistedSnapshotsTest:test_volume_assisted_snapshot_create_delete): 200 GET http://10.180.1.21/compute/v2.1/servers/39273104-66d6-4520-a1df-31d8f928931d 0.456s
2025-07-21 14:41:24.986 63625 INFO tempest.lib.common.rest_client [req-17a5d17f-a89a-4469-9fd3-15a4cf9bf4d3 req-17a5d17f-a89a-4469-9fd3-15a4cf9bf4d3 ] Request (AttachInterfacesUnderV243Test:test_add_remove_fixed_ip): 200 GET http://10.180.1.21/compute/v2.1/servers/a5847616-58ea-4742-93f2-5c5e7a0f6a2b 0.454s
2025-07-21 14:41:25.021 63619 INFO tempest.lib.common.rest_client [req-adc21657-b0a0-4429-8a11-80432ab7ba1c req-adc21657-b0a0-4429-8a11-80432ab7ba1c ] Request (ServersAdminTestJSON:test_create_server_with_scheduling_hint): 202 POST http://10.180.1.21/compute/v2.1/servers 0.948s
2025-07-21 14:41:25.043 63706 INFO tempest.lib.common.rest_client [req-52c3ec5d-89e5-4935-84d4-e4073eb41ce0 req-52c3ec5d-89e5-4935-84d4-e4073eb41ce0 ] Request (AttachInterfacesV270Test:test_create_get_list_interfaces): 200 GET http://10.180.1.21/compute/v2.1/servers/562fe130-6f25-4af2-930b-c06e64de786e 0.448s
2025-07-21 14:41:25.080 63672 INFO tempest.lib.common.rest_client [req-63663faa-257c-4cb1-9f05-78e6a2e73f19 req-63663faa-257c-4cb1-9f05-78e6a2e73f19 ] Request (AttachVolumeTestJSON:test_attach_detach_volume): 200 GET http://10.180.1.21/compute/v2.1/servers/ee3b53cc-1ac2-40bc-934d-89a25659d047 0.436s
2025-07-21 14:41:25.096 63717 INFO tempest.lib.common.rest_client [req-5b6cfa86-88fc-4f0e-8728-de0fea4fa2a5 req-5b6cfa86-88fc-4f0e-8728-de0fea4fa2a5 ] Request (FloatingIPsAssociationTestJSON:test_associate_already_associated_floating_ip): 200 GET http://10.180.1.21/compute/v2.1/servers/c11326c5-1647-4273-a28a-f59801f853cd 0.394s
2025-07-21 14:41:25.136 63701 INFO tempest.lib.common.rest_client [req-eebc3291-40f0-4329-a2d4-04f21446c424 req-eebc3291-40f0-4329-a2d4-04f21446c424 ] Request (ImagesNegativeTestJSON:test_create_image_from_deleted_server): 200 GET http://10.180.1.21/compute/v2.1/servers/44732039-3298-4b19-af37-ea5a5bd6c181 0.420s
2025-07-21 14:41:25.145 63691 INFO tempest.lib.common.rest_client [req-57ecdf7e-34b5-4978-8f98-281209639819 req-57ecdf7e-34b5-4978-8f98-281209639819 ] Request (InstanceActionsV221TestJSON:test_get_list_deleted_instance_actions): 200 GET http://10.180.1.21/compute/v2.1/servers/140495d7-00d9-4ab5-86f9-59ef7c708555 0.382s
2025-07-21 14:41:25.195 63621 INFO tempest.lib.common.rest_client [req-8e01957b-dd51-4866-abef-d219fc0a2257 req-8e01957b-dd51-4866-abef-d219fc0a2257 ] Request (SecurityGroupsTestJSON:test_server_security_groups): 200 GET http://10.180.1.21/compute/v2.1/servers/a8b29def-4e67-41a1-8727-f7be343d6087 0.387s
2025-07-21 14:41:25.211 63631 INFO tempest.lib.common.rest_client [req-57392b8e-f331-45da-ad5c-6ec85f5ffb2a req-57392b8e-f331-45da-ad5c-6ec85f5ffb2a ] Request (ImagesTestJSON:test_create_image_from_stopped_server): 200 GET http://10.180.1.21/compute/v2.1/servers/c158029b-a216-4e9e-b2b3-f73d34c41f5b 0.395s
2025-07-21 14:41:25.253 63713 INFO tempest.lib.common.rest_client [req-f0bf131a-635d-4417-9c72-fe9728863894 req-f0bf131a-635d-4417-9c72-fe9728863894 ] Request (ServerMetadataNegativeTestJSON:setUpClass): 200 GET http://10.180.1.21/compute/v2.1/servers/122f1c7e-ca09-4de2-a233-b2eed242e5c7 0.376s
2025-07-21 14:41:25.259 63715 INFO tempest.lib.common.rest_client [req-28410ec5-cc40-4b8e-8cbb-61123f55e948 req-28410ec5-cc40-4b8e-8cbb-61123f55e948 ] Request (AttachInterfacesTestJSON:test_create_list_show_delete_interfaces_by_fixed_ip): 200 GET http://10.180.1.21/compute/v2.1/servers/63fdefbc-a279-4c6c-9300-46d450da723b 0.299s
2025-07-21 14:41:25.295 63619 INFO tempest.lib.common.rest_client [req-cd874d1d-9b87-42eb-b5ad-4330433b3ccd req-cd874d1d-9b87-42eb-b5ad-4330433b3ccd ] Request (ServersAdminTestJSON:test_create_server_with_scheduling_hint): 200 GET http://10.180.1.21/compute/v2.1/servers/a14a7775-1839-425f-956b-032f69e8318a 0.272s
2025-07-21 14:41:25.310 63711 INFO tempest.lib.common.rest_client [req-229917f6-14b4-46ca-8460-d4089915e8a6 req-229917f6-14b4-46ca-8460-d4089915e8a6 ] Request (ServersAaction247Test:test_create_backup): 200 GET http://10.180.1.21/compute/v2.1/servers/3aefd062-76d6-46d3-851d-2d03717c503d 0.281s
2025-07-21 14:41:25.329 63693 INFO tempest.lib.common.rest_client [req-0662cb21-3213-4c5b-8695-90980f0d9a1e req-0662cb21-3213-4c5b-8695-90980f0d9a1e ] Request (TenantUsagesTestJSON:tearDownClass): 404 GET http://10.180.1.21/compute/v2.1/servers/1d8c7a69-e54e-4d64-90c8-06f0e76e9613 0.211s
2025-07-21 14:41:25.346 63709 INFO tempest.lib.common.rest_client [req-6de8dfcc-a459-4f1a-b1c1-75e569906ede req-6de8dfcc-a459-4f1a-b1c1-75e569906ede ] Request (ServerRescueTestJSON:setUpClass): 200 GET http://10.180.1.21/compute/v2.1/servers/59535977-6d53-43fc-95c4-f4409235f7ec 0.301s
2025-07-21 14:41:25.405 63655 INFO tempest.lib.common.rest_client [req-2a843fcc-af96-47a5-b43b-229273f2c05a req-2a843fcc-af96-47a5-b43b-229273f2c05a ] Request (ServerDiagnosticsNegativeTest:tearDownClass): 200 GET http://10.180.1.21/compute/v2.1/servers/fb2f6d4c-4099-4108-93f7-5e5c537f2a19 0.223s
2025-07-21 14:41:25.431 63693 INFO tempest.lib.common.rest_client [req-b3deebc4-32de-4e16-ae7b-35c6daf4e19d req-b3deebc4-32de-4e16-ae7b-35c6daf4e19d ] Request (TenantUsagesTestJSON:tearDownClass): 204 DELETE http://10.180.1.21/identity/v3/users/9d0ff6c16abd4a27b2632823caa8ebbc 0.101s
2025-07-21 14:41:25.439 63703 INFO tempest.lib.common.rest_client [req-4a55e82f-e1bc-4555-a60d-3793b2859692 req-4a55e82f-e1bc-4555-a60d-3793b2859692 ] Request (MigrationsAdminTest:test_list_migrations_in_flavor_resize_situation): 200 GET http://10.180.1.21/compute/v2.1/servers/e6243133-c513-4738-9813-780bf189cca5 0.271s
2025-07-21 14:41:25.453 63721 INFO tempest.lib.common.rest_client [req-b133dece-c5c9-4257-bb14-38ebc522a737 req-b133dece-c5c9-4257-bb14-38ebc522a737 ] Request (ImagesOneServerTestJSON:setUpClass): 200 GET http://10.180.1.21/compute/v2.1/servers/ab6975de-1411-4af2-848e-fb957595f115 0.232s
2025-07-21 14:41:25.498 63627 INFO tempest.lib.common.rest_client [req-570fe399-4cf8-478c-b11e-66749cb7c2a7 req-570fe399-4cf8-478c-b11e-66749cb7c2a7 ] Request (ServersTestMultiNic:test_verify_duplicate_network_nics): 200 GET http://10.180.1.21/compute/v2.1/servers/a7ebffc9-b9df-49a3-83aa-bb4436cffd95 0.265s
2025-07-21 14:41:25.547 63643 INFO tempest.lib.common.rest_client [req-545449d5-cf30-4ca6-adee-277b418d9a07 req-545449d5-cf30-4ca6-adee-277b418d9a07 ] Request (ServerDiagnosticsTest:tearDownClass): 200 GET http://10.180.1.21/compute/v2.1/servers/8ce39460-37a3-442d-9bdc-a0542e86c2f1 0.232s
2025-07-21 14:41:25.554 63693 INFO tempest.lib.common.rest_client [req-18244545-b416-45aa-beb1-57641e203e89 req-18244545-b416-45aa-beb1-57641e203e89 ] Request (TenantUsagesTestJSON:tearDownClass): 204 DELETE http://10.180.1.21/identity/v3/users/bdfbeaf65b0548faa4cb0b166126ac13 0.123s
2025-07-21 14:41:25.554 63693 INFO tempest.lib.common.dynamic_creds [-] Deleting project and security group for project: 3b6e697d599d4ce388dc415cd22eeada
2025-07-21 14:41:25.599 63695 INFO tempest.lib.common.rest_client [req-78ee9cc0-ea62-48ab-8045-b2cde0afacdd req-78ee9cc0-ea62-48ab-8045-b2cde0afacdd ] Request (AttachVolumeShelveTestJSON:test_attach_volume_shelved_or_offload_server): 200 GET http://10.180.1.21/compute/v2.1/servers/c32e2032-623b-4e2c-b1bd-cc44a0f6d5ab 0.227s
2025-07-21 14:41:25.613 63693 INFO tempest.lib.common.rest_client [req-f9df3c73-fabd-4c78-9651-15cd48f60d90 req-f9df3c73-fabd-4c78-9651-15cd48f60d90 ] Request (TenantUsagesTestJSON:tearDownClass): 201 POST http://10.180.1.21/identity/v3/auth/tokens 0.058s
2025-07-21 14:41:25.650 63635 INFO tempest.lib.common.rest_client [req-d63b2270-858c-486c-b89a-04691b661618 req-d63b2270-858c-486c-b89a-04691b661618 ] Request (ServerTagsTestJSON:setUpClass): 200 GET http://10.180.1.21/compute/v2.1/servers/fc50a5c0-b486-424c-af05-650f31d9595b 0.284s
2025-07-21 14:41:25.653 63648 INFO tempest.lib.common.rest_client [req-9770069e-141b-4616-9ef7-6d165e414390 req-9770069e-141b-4616-9ef7-6d165e414390 ] Request (DeleteServersAdminTestJSON:test_delete_server_while_in_error_state): 200 GET http://10.180.1.21/compute/v2.1/servers/1c272ef4-b27d-4f7e-8b08-a49f40a3cb3d 0.240s
2025-07-21 14:41:25.701 63623 INFO tempest.lib.common.rest_client [req-b27b2d44-8bf2-44e6-9ec2-ae428cc0bde5 req-b27b2d44-8bf2-44e6-9ec2-ae428cc0bde5 ] Request (MultipleCreateTestJSON:test_multiple_create_with_reservation_return): 200 GET http://10.180.1.21/compute/v2.1/servers/5e43cd98-f6ad-4f80-948f-00fbff73b684 0.218s
2025-07-21 14:41:25.718 63633 INFO tempest.lib.common.rest_client [req-2ab8e0ab-a699-4fc3-9e53-6ac106031ec4 req-2ab8e0ab-a699-4fc3-9e53-6ac106031ec4 ] Request (ServersAdminNegativeTestJSON:tearDownClass): 200 GET http://10.180.1.21/compute/v2.1/servers/d57768bf-d0e6-419d-80c5-060b3aacba5b 0.293s
2025-07-21 14:41:25.767 63617 INFO tempest.lib.common.rest_client [req-147e67bf-0d7a-4769-8ae2-065f238a9c15 req-147e67bf-0d7a-4769-8ae2-065f238a9c15 ] Request (ServerAddressesNegativeTestJSON:setUpClass): 200 GET http://10.180.1.21/compute/v2.1/servers/9190b8ee-1921-4917-b6ba-d61a797e5ac7 0.223s
2025-07-21 14:41:25.802 63693 INFO tempest.lib.common.rest_client [req-cb5bfacd-7931-420c-bb91-427cea499883 req-cb5bfacd-7931-420c-bb91-427cea499883 ] Request (TenantUsagesTestJSON:tearDownClass): 200 GET http://10.180.1.21:9696/networking/v2.0/security-groups?tenant_id=3b6e697d599d4ce388dc415cd22eeada&name=default 0.189s
2025-07-21 14:41:25.850 63657 INFO tempest.lib.common.rest_client [req-f6df3890-e888-4317-b2d4-2944c70f992a req-f6df3890-e888-4317-b2d4-2944c70f992a ] Request (ImagesOneServerNegativeTestJSON:_run_cleanups): 200 GET http://10.180.1.21/compute/v2.1/servers/cc7f4540-dc8b-4b4a-90f2-9e7d29cd1f16 0.177s
2025-07-21 14:41:25.874 63638 INFO tempest.lib.common.rest_client [req-4eceeac7-31f3-4cbe-88b7-c3e0e55c5e83 req-4eceeac7-31f3-4cbe-88b7-c3e0e55c5e83 ] Request (ServerActionsTestOtherA:setUpClass): 200 GET http://10.180.1.21/compute/v2.1/servers/ef0f3bae-003a-4507-9a72-2c5e375a1f26 0.303s
2025-07-21 14:41:25.881 63638 INFO tempest.common.waiters [-] State transition "BUILD/block_device_mapping" ==> "BUILD/spawning" after 69 second wait
2025-07-21 14:41:25.927 63693 INFO tempest.lib.common.rest_client [req-4b1057da-3da1-47ea-bb38-07b4d8cc9c13 req-4b1057da-3da1-47ea-bb38-07b4d8cc9c13 ] Request (TenantUsagesTestJSON:tearDownClass): 204 DELETE http://10.180.1.21:9696/networking/v2.0/security-groups/27e8a3f0-75da-4a10-b58c-41790ac04683 0.125s
2025-07-21 14:41:26.012 63693 INFO tempest.lib.common.rest_client [req-898acb9e-132d-47b9-98be-abe843149743 req-898acb9e-132d-47b9-98be-abe843149743 ] Request (TenantUsagesTestJSON:tearDownClass): 204 DELETE http://10.180.1.21/identity/v3/projects/3b6e697d599d4ce388dc415cd22eeada 0.084s
2025-07-21 14:41:26.012 63693 INFO tempest.lib.common.dynamic_creds [-] Deleting project and security group for project: f375e314c7b34b4da6f85db3b5de67af
2025-07-21 14:41:26.043 63693 INFO tempest.lib.common.rest_client [req-6204cbe7-e4e0-47d1-940f-7679795318a4 req-6204cbe7-e4e0-47d1-940f-7679795318a4 ] Request (TenantUsagesTestJSON:tearDownClass): 200 GET http://10.180.1.21:9696/networking/v2.0/security-groups?tenant_id=f375e314c7b34b4da6f85db3b5de67af&name=default 0.031s
2025-07-21 14:41:26.062 63625 INFO tempest.lib.common.rest_client [req-298e6f42-d1a3-4439-86ac-795e8e4f0278 req-298e6f42-d1a3-4439-86ac-795e8e4f0278 ] Request (AttachInterfacesUnderV243Test:test_add_remove_fixed_ip): 200 GET http://10.180.1.21/compute/v2.1/servers/a5847616-58ea-4742-93f2-5c5e7a0f6a2b 0.066s
2025-07-21 14:41:26.078 63719 INFO tempest.lib.common.rest_client [req-da9833a9-c156-4440-8032-71439cb2b034 req-da9833a9-c156-4440-8032-71439cb2b034 ] Request (VolumesAssistedSnapshotsTest:test_volume_assisted_snapshot_create_delete): 200 GET http://10.180.1.21/compute/v2.1/servers/39273104-66d6-4520-a1df-31d8f928931d 0.144s
2025-07-21 14:41:26.118 63706 INFO tempest.lib.common.rest_client [req-95c0e857-4fb9-4a72-80c4-9acb9c638502 req-95c0e857-4fb9-4a72-80c4-9acb9c638502 ] Request (AttachInterfacesV270Test:test_create_get_list_interfaces): 200 GET http://10.180.1.21/compute/v2.1/servers/562fe130-6f25-4af2-930b-c06e64de786e 0.064s
2025-07-21 14:41:26.137 63693 INFO tempest.lib.common.rest_client [req-033541e8-d3c5-46d8-aa68-6a65e46f5e18 req-033541e8-d3c5-46d8-aa68-6a65e46f5e18 ] Request (TenantUsagesTestJSON:tearDownClass): 204 DELETE http://10.180.1.21:9696/networking/v2.0/security-groups/65c125d1-49e9-4af9-93ca-5252ee4f3c8b 0.093s
2025-07-21 14:41:26.147 63672 INFO tempest.lib.common.rest_client [req-2b03ea29-246f-4e0e-a809-cd4a9b64fe5b req-2b03ea29-246f-4e0e-a809-cd4a9b64fe5b ] Request (AttachVolumeTestJSON:test_attach_detach_volume): 200 GET http://10.180.1.21/compute/v2.1/servers/ee3b53cc-1ac2-40bc-934d-89a25659d047 0.059s
2025-07-21 14:41:26.174 63717 INFO tempest.lib.common.rest_client [req-5b47b01c-f2bd-473e-84c3-d196694aaf3e req-5b47b01c-f2bd-473e-84c3-d196694aaf3e ] Request (FloatingIPsAssociationTestJSON:test_associate_already_associated_floating_ip): 200 GET http://10.180.1.21/compute/v2.1/servers/c11326c5-1647-4273-a28a-f59801f853cd 0.070s
2025-07-21 14:41:26.208 63701 INFO tempest.lib.common.rest_client [req-91251444-c98b-4520-8bda-13d8baac2ace req-91251444-c98b-4520-8bda-13d8baac2ace ] Request (ImagesNegativeTestJSON:test_create_image_from_deleted_server): 200 GET http://10.180.1.21/compute/v2.1/servers/44732039-3298-4b19-af37-ea5a5bd6c181 0.064s
2025-07-21 14:41:26.227 63691 INFO tempest.lib.common.rest_client [req-f6860d3d-f91b-41c0-b117-f49415632d42 req-f6860d3d-f91b-41c0-b117-f49415632d42 ] Request (InstanceActionsV221TestJSON:test_get_list_deleted_instance_actions): 200 GET http://10.180.1.21/compute/v2.1/servers/140495d7-00d9-4ab5-86f9-59ef7c708555 0.073s
2025-07-21 14:41:26.242 63693 INFO tempest.lib.common.rest_client [req-8a3236e8-09ec-4e99-ba42-a4496d2bcef6 req-8a3236e8-09ec-4e99-ba42-a4496d2bcef6 ] Request (TenantUsagesTestJSON:tearDownClass): 204 DELETE http://10.180.1.21/identity/v3/projects/f375e314c7b34b4da6f85db3b5de67af 0.104s
2025-07-21 14:41:26.256 63621 INFO tempest.lib.common.rest_client [req-ac76671e-6df2-441f-8c2a-474a3ebb8699 req-ac76671e-6df2-441f-8c2a-474a3ebb8699 ] Request (SecurityGroupsTestJSON:test_server_security_groups): 200 GET http://10.180.1.21/compute/v2.1/servers/a8b29def-4e67-41a1-8727-f7be343d6087 0.052s
2025-07-21 14:41:26.278 63631 INFO tempest.lib.common.rest_client [req-ffa3036d-5880-4d4f-ae77-f7057568adc3 req-ffa3036d-5880-4d4f-ae77-f7057568adc3 ] Request (ImagesTestJSON:test_create_image_from_stopped_server): 200 GET http://10.180.1.21/compute/v2.1/servers/c158029b-a216-4e9e-b2b3-f73d34c41f5b 0.057s
2025-07-21 14:41:26.311 63693 INFO tempest.lib.common.rest_client [req-b4de9ba8-a3ca-4b95-854f-2aedc93bd569 req-b4de9ba8-a3ca-4b95-854f-2aedc93bd569 ] Request (SecurityGroupRulesNegativeTestJSON:setUpClass): 201 POST http://10.180.1.21/identity/v3/auth/tokens 0.067s
2025-07-21 14:41:26.324 63713 INFO tempest.lib.common.rest_client [req-a9ed24ed-c9a3-4fcb-82c6-75ed1252ecb4 req-a9ed24ed-c9a3-4fcb-82c6-75ed1252ecb4 ] Request (ServerMetadataNegativeTestJSON:setUpClass): 200 GET http://10.180.1.21/compute/v2.1/servers/122f1c7e-ca09-4de2-a233-b2eed242e5c7 0.062s
2025-07-21 14:41:26.344 63693 INFO tempest.lib.common.rest_client [req-06e76291-a06f-442e-a1d5-941fc987e52a req-06e76291-a06f-442e-a1d5-941fc987e52a ] Request (SecurityGroupRulesNegativeTestJSON:setUpClass): 201 POST http://10.180.1.21/identity/v3/auth/tokens 0.030s
2025-07-21 14:41:26.369 63693 INFO tempest.lib.common.rest_client [req-bf464b13-4b80-4376-ab8a-ae43ecdfb560 req-bf464b13-4b80-4376-ab8a-ae43ecdfb560 ] Request (SecurityGroupRulesNegativeTestJSON:setUpClass): 200 GET http://10.180.1.21/identity/v3/domains?name=Default 0.025s
2025-07-21 14:41:26.400 63693 INFO tempest.lib.common.rest_client [req-3c1fabe3-7d9a-4263-a831-18c44baf3425 req-3c1fabe3-7d9a-4263-a831-18c44baf3425 ] Request (SecurityGroupRulesNegativeTestJSON:setUpClass): 201 POST http://10.180.1.21/identity/v3/projects 0.030s
2025-07-21 14:41:26.463 63693 INFO tempest.lib.common.rest_client [req-6c2340c1-351a-41ab-848a-69a5ea0a20e5 req-6c2340c1-351a-41ab-848a-69a5ea0a20e5 ] Request (SecurityGroupRulesNegativeTestJSON:setUpClass): 201 POST http://10.180.1.21/identity/v3/users 0.062s
2025-07-21 14:41:26.490 63693 INFO tempest.lib.common.rest_client [req-e83dd9cc-5941-4397-80cd-05730ede88d0 req-e83dd9cc-5941-4397-80cd-05730ede88d0 ] Request (SecurityGroupRulesNegativeTestJSON:setUpClass): 200 GET http://10.180.1.21/identity/v3/roles 0.026s
2025-07-21 14:41:26.522 63693 INFO tempest.lib.common.rest_client [req-5f965772-6ff4-43cc-98fc-7e171742757d req-5f965772-6ff4-43cc-98fc-7e171742757d ] Request (SecurityGroupRulesNegativeTestJSON:setUpClass): 204 PUT http://10.180.1.21/identity/v3/projects/8b8ec3fbb09342efbe40aa068c45d20b/users/5edf4e0570604b2ba8753667e861b538/roles/134950a8f693437695eec691e5eab466 0.031s
2025-07-21 14:41:26.522 63693 INFO tempest.lib.common.dynamic_creds [-] Dynamic test user 5edf4e0570604b2ba8753667e861b538 is created with scope project and roles: ['member']
2025-07-21 14:41:26.523 63693 INFO tempest.lib.common.dynamic_creds [-] Acquired dynamic creds: credentials: Credentials: {'domain_id': 'default', 'domain_name': 'Default', 'username': 'tempest-SecurityGroupRulesNegativeTestJSON-115484154-project-member', 'project_domain_id': 'default', 'project_domain_name': 'Default', 'project_id': '8b8ec3fbb09342efbe40aa068c45d20b', 'project_name': 'tempest-SecurityGroupRulesNegativeTestJSON-115484154', 'tenant_id': '8b8ec3fbb09342efbe40aa068c45d20b', 'tenant_name': 'tempest-SecurityGroupRulesNegativeTestJSON-115484154', 'user_domain_id': 'default', 'user_domain_name': 'Default', 'user_id': '5edf4e0570604b2ba8753667e861b538', 'system': None}, Network: None, Subnet: None, Router: None
2025-07-21 14:41:26.535 63659 WARNING tempest.lib.common.ssh [-] Failed to establish authenticated ssh connection to cirros@10.180.180.225 ([Errno None] Unable to connect to port 22 on 10.180.180.225). Number attempts: 3. Retry after 4 seconds.: paramiko.ssh_exception.NoValidConnectionsError: [Errno None] Unable to connect to port 22 on 10.180.180.225
2025-07-21 14:41:26.590 63693 INFO tempest.lib.common.rest_client [req-3f372783-d385-4361-a3ed-26ce088aee62 req-3f372783-d385-4361-a3ed-26ce088aee62 ] Request (SecurityGroupRulesNegativeTestJSON:setUpClass): 201 POST http://10.180.1.21/identity/v3/auth/tokens 0.067s
2025-07-21 14:41:26.594 63715 INFO tempest.lib.common.rest_client [req-280adae8-6a9d-43bc-b40a-5c40e74ddb6d req-280adae8-6a9d-43bc-b40a-5c40e74ddb6d ] Request (AttachInterfacesTestJSON:test_create_list_show_delete_interfaces_by_fixed_ip): 200 GET http://10.180.1.21/compute/v2.1/servers/63fdefbc-a279-4c6c-9300-46d450da723b 0.321s
2025-07-21 14:41:26.596 63619 INFO tempest.lib.common.rest_client [req-24e50d12-4bf6-4ea1-ba74-89f0ea2061fa req-24e50d12-4bf6-4ea1-ba74-89f0ea2061fa ] Request (ServersAdminTestJSON:test_create_server_with_scheduling_hint): 200 GET http://10.180.1.21/compute/v2.1/servers/a14a7775-1839-425f-956b-032f69e8318a 0.292s
2025-07-21 14:41:26.669 63709 INFO tempest.lib.common.rest_client [req-7ccd5812-bbc8-43f5-ae75-ff5e40d18733 req-7ccd5812-bbc8-43f5-ae75-ff5e40d18733 ] Request (ServerRescueTestJSON:setUpClass): 200 GET http://10.180.1.21/compute/v2.1/servers/59535977-6d53-43fc-95c4-f4409235f7ec 0.315s
2025-07-21 14:41:26.686 63711 INFO tempest.lib.common.rest_client [req-452e3ebd-18c4-4f58-99ff-54508a6880e5 req-452e3ebd-18c4-4f58-99ff-54508a6880e5 ] Request (ServersAaction247Test:test_create_backup): 200 GET http://10.180.1.21/compute/v2.1/servers/3aefd062-76d6-46d3-851d-2d03717c503d 0.364s
2025-07-21 14:41:26.753 63655 INFO tempest.lib.common.rest_client [req-1ba3e63f-ae75-4112-a38b-d91747b377d4 req-1ba3e63f-ae75-4112-a38b-d91747b377d4 ] Request (ServerDiagnosticsNegativeTest:tearDownClass): 200 GET http://10.180.1.21/compute/v2.1/servers/fb2f6d4c-4099-4108-93f7-5e5c537f2a19 0.341s
2025-07-21 14:41:26.821 63721 INFO tempest.lib.common.rest_client [req-0714f6f7-cee0-445a-9211-940b277fecfb req-0714f6f7-cee0-445a-9211-940b277fecfb ] Request (ImagesOneServerTestJSON:setUpClass): 200 GET http://10.180.1.21/compute/v2.1/servers/ab6975de-1411-4af2-848e-fb957595f115 0.359s
2025-07-21 14:41:26.844 63703 INFO tempest.lib.common.rest_client [req-c08960e0-327b-4733-8116-638528cefb41 req-c08960e0-327b-4733-8116-638528cefb41 ] Request (MigrationsAdminTest:test_list_migrations_in_flavor_resize_situation): 200 GET http://10.180.1.21/compute/v2.1/servers/e6243133-c513-4738-9813-780bf189cca5 0.397s
2025-07-21 14:41:26.863 63693 INFO tempest.lib.common.rest_client [req-e837243d-7c87-4513-8f23-d76be9c9bbe9 req-e837243d-7c87-4513-8f23-d76be9c9bbe9 ] Request (SecurityGroupRulesNegativeTestJSON:setUpClass): 201 POST http://10.180.1.21:9696/networking/v2.0/networks 0.272s
2025-07-21 14:41:26.904 63627 INFO tempest.lib.common.rest_client [req-de709ecd-5a5d-4de8-ad3c-e29f34219734 req-de709ecd-5a5d-4de8-ad3c-e29f34219734 ] Request (ServersTestMultiNic:test_verify_duplicate_network_nics): 200 GET http://10.180.1.21/compute/v2.1/servers/a7ebffc9-b9df-49a3-83aa-bb4436cffd95 0.397s
2025-07-21 14:41:26.947 63643 INFO tempest.lib.common.rest_client [req-94877182-9314-4baf-a910-d4e3111d22a4 req-94877182-9314-4baf-a910-d4e3111d22a4 ] Request (ServerDiagnosticsTest:tearDownClass): 200 GET http://10.180.1.21/compute/v2.1/servers/8ce39460-37a3-442d-9bdc-a0542e86c2f1 0.391s
2025-07-21 14:41:26.967 63695 INFO tempest.lib.common.rest_client [req-406121f8-081e-42d4-b865-0aa9160ce1c3 req-406121f8-081e-42d4-b865-0aa9160ce1c3 ] Request (AttachVolumeShelveTestJSON:test_attach_volume_shelved_or_offload_server): 200 GET http://10.180.1.21/compute/v2.1/servers/c32e2032-623b-4e2c-b1bd-cc44a0f6d5ab 0.358s
2025-07-21 14:41:26.998 63648 INFO tempest.lib.common.rest_client [req-5ebf5938-f64f-4ad4-8683-321a701e6b44 req-5ebf5938-f64f-4ad4-8683-321a701e6b44 ] Request (DeleteServersAdminTestJSON:test_delete_server_while_in_error_state): 200 GET http://10.180.1.21/compute/v2.1/servers/1c272ef4-b27d-4f7e-8b08-a49f40a3cb3d 0.336s
2025-07-21 14:41:27.032 63693 INFO tempest.lib.common.rest_client [req-999cb46c-9d4a-4664-9d72-a7e290c5c86b req-999cb46c-9d4a-4664-9d72-a7e290c5c86b ] Request (SecurityGroupRulesNegativeTestJSON:setUpClass): 201 POST http://10.180.1.21:9696/networking/v2.0/subnets 0.168s
2025-07-21 14:41:27.050 63623 INFO tempest.lib.common.rest_client [req-94a48563-d116-4fb4-a24c-90be5bf77176 req-94a48563-d116-4fb4-a24c-90be5bf77176 ] Request (MultipleCreateTestJSON:test_multiple_create_with_reservation_return): 200 GET http://10.180.1.21/compute/v2.1/servers/5e43cd98-f6ad-4f80-948f-00fbff73b684 0.341s
2025-07-21 14:41:27.123 63633 INFO tempest.lib.common.rest_client [req-a6820e7e-34e1-43c0-a1a6-e1447c12be18 req-a6820e7e-34e1-43c0-a1a6-e1447c12be18 ] Request (ServersAdminNegativeTestJSON:tearDownClass): 200 GET http://10.180.1.21/compute/v2.1/servers/d57768bf-d0e6-419d-80c5-060b3aacba5b 0.395s
2025-07-21 14:41:27.126 63635 INFO tempest.lib.common.rest_client [req-fcd26267-cb33-4eb2-a0ae-7435dbee44ac req-fcd26267-cb33-4eb2-a0ae-7435dbee44ac ] Request (ServerTagsTestJSON:setUpClass): 200 GET http://10.180.1.21/compute/v2.1/servers/fc50a5c0-b486-424c-af05-650f31d9595b 0.460s
2025-07-21 14:41:27.183 63617 INFO tempest.lib.common.rest_client [req-d1483bee-f2dd-4579-b3db-df3d68e526bd req-d1483bee-f2dd-4579-b3db-df3d68e526bd ] Request (ServerAddressesNegativeTestJSON:setUpClass): 200 GET http://10.180.1.21/compute/v2.1/servers/9190b8ee-1921-4917-b6ba-d61a797e5ac7 0.406s
2025-07-21 14:41:27.191 63657 INFO tempest.lib.common.rest_client [req-49336e58-af73-4f80-8ccc-b9c127bf1a55 req-49336e58-af73-4f80-8ccc-b9c127bf1a55 ] Request (ImagesOneServerNegativeTestJSON:_run_cleanups): 200 GET http://10.180.1.21/compute/v2.1/servers/cc7f4540-dc8b-4b4a-90f2-9e7d29cd1f16 0.331s
2025-07-21 14:41:27.243 63625 INFO tempest.lib.common.rest_client [req-8498bee2-2005-425a-8095-e6276ae25082 req-8498bee2-2005-425a-8095-e6276ae25082 ] Request (AttachInterfacesUnderV243Test:test_add_remove_fixed_ip): 200 GET http://10.180.1.21/compute/v2.1/servers/a5847616-58ea-4742-93f2-5c5e7a0f6a2b 0.172s
2025-07-21 14:41:27.303 63638 INFO tempest.lib.common.rest_client [req-5b9832fe-aadc-4032-b8e8-3b7f77b72edd req-5b9832fe-aadc-4032-b8e8-3b7f77b72edd ] Request (ServerActionsTestOtherA:setUpClass): 200 GET http://10.180.1.21/compute/v2.1/servers/ef0f3bae-003a-4507-9a72-2c5e375a1f26 0.421s
2025-07-21 14:41:27.372 63706 INFO tempest.lib.common.rest_client [req-68e57404-bf63-4c15-b9d5-2ac4a227b174 req-68e57404-bf63-4c15-b9d5-2ac4a227b174 ] Request (AttachInterfacesV270Test:test_create_get_list_interfaces): 200 GET http://10.180.1.21/compute/v2.1/servers/562fe130-6f25-4af2-930b-c06e64de786e 0.243s
2025-07-21 14:41:27.382 63719 INFO tempest.lib.common.rest_client [req-1081ef94-768d-42fe-a3c7-1548e0604f79 req-1081ef94-768d-42fe-a3c7-1548e0604f79 ] Request (VolumesAssistedSnapshotsTest:test_volume_assisted_snapshot_create_delete): 200 GET http://10.180.1.21/compute/v2.1/servers/39273104-66d6-4520-a1df-31d8f928931d 0.295s
2025-07-21 14:41:27.441 63672 INFO tempest.lib.common.rest_client [req-99a6c9f3-07c9-4e2d-aeed-9238be5ea99a req-99a6c9f3-07c9-4e2d-aeed-9238be5ea99a ] Request (AttachVolumeTestJSON:test_attach_detach_volume): 200 GET http://10.180.1.21/compute/v2.1/servers/ee3b53cc-1ac2-40bc-934d-89a25659d047 0.284s
2025-07-21 14:41:27.449 63717 INFO tempest.lib.common.rest_client [req-4d87fa33-dd9d-4f94-b622-ae5574045f6a req-4d87fa33-dd9d-4f94-b622-ae5574045f6a ] Request (FloatingIPsAssociationTestJSON:test_associate_already_associated_floating_ip): 200 GET http://10.180.1.21/compute/v2.1/servers/c11326c5-1647-4273-a28a-f59801f853cd 0.266s
2025-07-21 14:41:27.497 63701 INFO tempest.lib.common.rest_client [req-ca1e24b7-f864-46f6-b958-f9ed5c0a5e80 req-ca1e24b7-f864-46f6-b958-f9ed5c0a5e80 ] Request (ImagesNegativeTestJSON:test_create_image_from_deleted_server): 200 GET http://10.180.1.21/compute/v2.1/servers/44732039-3298-4b19-af37-ea5a5bd6c181 0.281s
2025-07-21 14:41:27.508 63691 INFO tempest.lib.common.rest_client [req-57bac430-bd30-46c0-be20-9aee70f1e6a6 req-57bac430-bd30-46c0-be20-9aee70f1e6a6 ] Request (InstanceActionsV221TestJSON:test_get_list_deleted_instance_actions): 200 GET http://10.180.1.21/compute/v2.1/servers/140495d7-00d9-4ab5-86f9-59ef7c708555 0.271s
2025-07-21 14:41:27.552 63621 INFO tempest.lib.common.rest_client [req-62cd1e8b-8662-4a9d-977c-d6a2d830b28e req-62cd1e8b-8662-4a9d-977c-d6a2d830b28e ] Request (SecurityGroupsTestJSON:test_server_security_groups): 200 GET http://10.180.1.21/compute/v2.1/servers/a8b29def-4e67-41a1-8727-f7be343d6087 0.288s
2025-07-21 14:41:27.561 63631 INFO tempest.lib.common.rest_client [req-51f2b58e-f92d-4198-bd7f-23bf2d21d7ec req-51f2b58e-f92d-4198-bd7f-23bf2d21d7ec ] Request (ImagesTestJSON:test_create_image_from_stopped_server): 200 GET http://10.180.1.21/compute/v2.1/servers/c158029b-a216-4e9e-b2b3-f73d34c41f5b 0.275s
2025-07-21 14:41:27.610 63713 INFO tempest.lib.common.rest_client [req-96fbb67f-f1c6-4d73-af76-2a4ebfb1b592 req-96fbb67f-f1c6-4d73-af76-2a4ebfb1b592 ] Request (ServerMetadataNegativeTestJSON:setUpClass): 200 GET http://10.180.1.21/compute/v2.1/servers/122f1c7e-ca09-4de2-a233-b2eed242e5c7 0.277s
2025-07-21 14:41:27.672 63619 INFO tempest.lib.common.rest_client [req-09ed3efc-7d5e-49ee-b0d9-c8c29e485ae1 req-09ed3efc-7d5e-49ee-b0d9-c8c29e485ae1 ] Request (ServersAdminTestJSON:test_create_server_with_scheduling_hint): 200 GET http://10.180.1.21/compute/v2.1/servers/a14a7775-1839-425f-956b-032f69e8318a 0.068s
2025-07-21 14:41:27.677 63715 INFO tempest.lib.common.rest_client [req-17664ecf-347b-4c87-b013-a2fdb3deb1d7 req-17664ecf-347b-4c87-b013-a2fdb3deb1d7 ] Request (AttachInterfacesTestJSON:test_create_list_show_delete_interfaces_by_fixed_ip): 200 GET http://10.180.1.21/compute/v2.1/servers/63fdefbc-a279-4c6c-9300-46d450da723b 0.074s
2025-07-21 14:41:27.737 63693 INFO tempest.lib.common.rest_client [req-0fc2cbec-1690-4425-a3a9-8e16496b0c7d req-0fc2cbec-1690-4425-a3a9-8e16496b0c7d ] Request (SecurityGroupRulesNegativeTestJSON:setUpClass): 201 POST http://10.180.1.21:9696/networking/v2.0/routers 0.704s
2025-07-21 14:41:27.739 63709 INFO tempest.lib.common.rest_client [req-f093c027-c325-466a-a05b-a4e392a9e122 req-f093c027-c325-466a-a05b-a4e392a9e122 ] Request (ServerRescueTestJSON:setUpClass): 200 GET http://10.180.1.21/compute/v2.1/servers/59535977-6d53-43fc-95c4-f4409235f7ec 0.058s
2025-07-21 14:41:27.764 63711 INFO tempest.lib.common.rest_client [req-6884e4fa-c6ab-4d9e-b2cd-740595b0f93e req-6884e4fa-c6ab-4d9e-b2cd-740595b0f93e ] Request (ServersAaction247Test:test_create_backup): 200 GET http://10.180.1.21/compute/v2.1/servers/3aefd062-76d6-46d3-851d-2d03717c503d 0.067s
2025-07-21 14:41:27.837 63655 INFO tempest.lib.common.rest_client [req-e972db45-ccc1-40a4-9fbc-b216a1658833 req-e972db45-ccc1-40a4-9fbc-b216a1658833 ] Request (ServerDiagnosticsNegativeTest:tearDownClass): 200 GET http://10.180.1.21/compute/v2.1/servers/fb2f6d4c-4099-4108-93f7-5e5c537f2a19 0.076s
2025-07-21 14:41:27.905 63721 INFO tempest.lib.common.rest_client [req-df6f8bd1-698b-4bb4-97c8-05a70d8c89e5 req-df6f8bd1-698b-4bb4-97c8-05a70d8c89e5 ] Request (ImagesOneServerTestJSON:setUpClass): 200 GET http://10.180.1.21/compute/v2.1/servers/ab6975de-1411-4af2-848e-fb957595f115 0.072s
2025-07-21 14:41:28.005 63627 INFO tempest.lib.common.rest_client [req-95c9f4c1-9298-4728-8865-bc8502e638ea req-95c9f4c1-9298-4728-8865-bc8502e638ea ] Request (ServersTestMultiNic:test_verify_duplicate_network_nics): 200 GET http://10.180.1.21/compute/v2.1/servers/a7ebffc9-b9df-49a3-83aa-bb4436cffd95 0.091s
2025-07-21 14:41:28.054 63703 INFO tempest.lib.common.rest_client [req-8af623dd-ea22-4045-8458-67f0a779fd97 req-8af623dd-ea22-4045-8458-67f0a779fd97 ] Request (MigrationsAdminTest:test_list_migrations_in_flavor_resize_situation): 200 GET http://10.180.1.21/compute/v2.1/servers/e6243133-c513-4738-9813-780bf189cca5 0.199s
2025-07-21 14:41:28.089 63643 INFO tempest.lib.common.rest_client [req-0556e584-dfd6-4a7b-a208-9a16c2046e7f req-0556e584-dfd6-4a7b-a208-9a16c2046e7f ] Request (ServerDiagnosticsTest:tearDownClass): 200 GET http://10.180.1.21/compute/v2.1/servers/8ce39460-37a3-442d-9bdc-a0542e86c2f1 0.133s
2025-07-21 14:41:28.119 63695 INFO tempest.lib.common.rest_client [req-6d8f6515-8139-43dd-8568-36e39be6b2a1 req-6d8f6515-8139-43dd-8568-36e39be6b2a1 ] Request (AttachVolumeShelveTestJSON:test_attach_volume_shelved_or_offload_server): 200 GET http://10.180.1.21/compute/v2.1/servers/c32e2032-623b-4e2c-b1bd-cc44a0f6d5ab 0.142s
2025-07-21 14:41:28.165 63648 INFO tempest.lib.common.rest_client [req-d455f0a1-8547-44f7-afb8-1b4dbb9c0c22 req-d455f0a1-8547-44f7-afb8-1b4dbb9c0c22 ] Request (DeleteServersAdminTestJSON:test_delete_server_while_in_error_state): 200 GET http://10.180.1.21/compute/v2.1/servers/1c272ef4-b27d-4f7e-8b08-a49f40a3cb3d 0.159s
2025-07-21 14:41:28.188 63623 INFO tempest.lib.common.rest_client [req-5692178c-ba7e-4fb1-bb64-e0f81fc73e4f req-5692178c-ba7e-4fb1-bb64-e0f81fc73e4f ] Request (MultipleCreateTestJSON:test_multiple_create_with_reservation_return): 200 GET http://10.180.1.21/compute/v2.1/servers/5e43cd98-f6ad-4f80-948f-00fbff73b684 0.129s
2025-07-21 14:41:28.241 63633 INFO tempest.lib.common.rest_client [req-16f5dc6a-8b31-49c3-98e8-c65b754efca9 req-16f5dc6a-8b31-49c3-98e8-c65b754efca9 ] Request (ServersAdminNegativeTestJSON:tearDownClass): 200 GET http://10.180.1.21/compute/v2.1/servers/d57768bf-d0e6-419d-80c5-060b3aacba5b 0.106s
2025-07-21 14:41:28.309 63617 INFO tempest.lib.common.rest_client [req-8bba7028-45d1-41f3-9c0d-518eda6dd127 req-8bba7028-45d1-41f3-9c0d-518eda6dd127 ] Request (ServerAddressesNegativeTestJSON:setUpClass): 200 GET http://10.180.1.21/compute/v2.1/servers/9190b8ee-1921-4917-b6ba-d61a797e5ac7 0.118s
2025-07-21 14:41:28.348 63635 INFO tempest.lib.common.rest_client [req-50fc180c-cf1a-4959-af06-377f9dbaec00 req-50fc180c-cf1a-4959-af06-377f9dbaec00 ] Request (ServerTagsTestJSON:setUpClass): 200 GET http://10.180.1.21/compute/v2.1/servers/fc50a5c0-b486-424c-af05-650f31d9595b 0.213s
2025-07-21 14:41:28.388 63657 INFO tempest.lib.common.rest_client [req-cb75fd28-0536-4652-a240-7a1e2252649f req-cb75fd28-0536-4652-a240-7a1e2252649f ] Request (ImagesOneServerNegativeTestJSON:_run_cleanups): 200 GET http://10.180.1.21/compute/v2.1/servers/cc7f4540-dc8b-4b4a-90f2-9e7d29cd1f16 0.188s
2025-07-21 14:41:28.422 63625 INFO tempest.lib.common.rest_client [req-1cb7c4c9-e125-4a75-9c51-e734bf0b2098 req-1cb7c4c9-e125-4a75-9c51-e734bf0b2098 ] Request (AttachInterfacesUnderV243Test:test_add_remove_fixed_ip): 200 GET http://10.180.1.21/compute/v2.1/servers/a5847616-58ea-4742-93f2-5c5e7a0f6a2b 0.171s
2025-07-21 14:41:28.496 63706 INFO tempest.lib.common.rest_client [req-c0b536e0-486c-4bac-a3c8-de618f75d9ca req-c0b536e0-486c-4bac-a3c8-de618f75d9ca ] Request (AttachInterfacesV270Test:test_create_get_list_interfaces): 200 GET http://10.180.1.21/compute/v2.1/servers/562fe130-6f25-4af2-930b-c06e64de786e 0.111s
2025-07-21 14:41:28.554 63638 INFO tempest.lib.common.rest_client [req-1cb63bf4-8fb3-481e-9535-63d07cc8ebf3 req-1cb63bf4-8fb3-481e-9535-63d07cc8ebf3 ] Request (ServerActionsTestOtherA:setUpClass): 200 GET http://10.180.1.21/compute/v2.1/servers/ef0f3bae-003a-4507-9a72-2c5e375a1f26 0.243s
2025-07-21 14:41:28.616 63719 INFO tempest.lib.common.rest_client [req-10945a64-7696-4a70-8928-8464a9df0d5f req-10945a64-7696-4a70-8928-8464a9df0d5f ] Request (VolumesAssistedSnapshotsTest:test_volume_assisted_snapshot_create_delete): 200 GET http://10.180.1.21/compute/v2.1/servers/39273104-66d6-4520-a1df-31d8f928931d 0.219s
