2025-07-21 14:39:35.263 63648 INFO tempest.lib.common.fixed_network [-] (DeleteServersAdminTestJSON:test_admin_delete_servers_of_others) Found network None available for tenant
2025-07-21 14:39:35.289 63711 INFO tempest.lib.common.rest_client [req-723b048a-0d80-46a1-979e-b47e90a2bc72 req-723b048a-0d80-46a1-979e-b47e90a2bc72 ] Request (ServerExternalEventsTest:test_create_server_external_events): 200 GET http://10.180.1.21/compute/v2.1/servers/fdd97ec9-4a59-4194-84a6-b4c13f64fd3d 1.644s
2025-07-21 14:39:35.294 63691 INFO tempest.lib.common.rest_client [req-227ab4a1-e075-436d-9743-3b7ca6b89eaf req-227ab4a1-e075-436d-9743-3b7ca6b89eaf ] Request (HypervisorAdminTestJSON:tearDownClass): 204 DELETE http://10.180.1.21:9696/networking/v2.0/security-groups/ba58f58d-647b-4e91-94a4-b91640865625 0.162s
2025-07-21 14:39:35.332 63719 INFO tempest.lib.common.rest_client [req-b189b6fd-628d-4ef9-ab63-6d538b2fad93 req-b189b6fd-628d-4ef9-ab63-6d538b2fad93 ] Request (VolumesAssistedSnapshotsTest:setUpClass): 200 PUT http://10.180.1.21:9696/networking/v2.0/routers/c6f1867e-7afb-4d6e-80ba-e7648bf3f13f/add_router_interface 1.533s
2025-07-21 14:39:35.332 63719 INFO tempest.lib.common.dynamic_creds [-] Created isolated network resources for: credentials: Credentials: {'domain_id': 'default', 'domain_name': 'Default', 'username': 'tempest-VolumesAssistedSnapshotsTest-1803466514-project-member', 'project_domain_id': 'default', 'project_domain_name': 'Default', 'project_id': '5e15ede7cd3c4422b81f6ad0254b59b4', 'project_name': 'tempest-VolumesAssistedSnapshotsTest-1803466514', 'tenant_id': '5e15ede7cd3c4422b81f6ad0254b59b4', 'tenant_name': 'tempest-VolumesAssistedSnapshotsTest-1803466514', 'user_domain_id': 'default', 'user_domain_name': 'Default', 'user_id': '273668f525964ec28083f7f73409abfd', 'system': None}, Network: {'id': '05758b60-b2b6-42ba-a670-875014c581e5', 'name': 'tempest-VolumesAssistedSnapshotsTest-168943135-network', 'tenant_id': '5e15ede7cd3c4422b81f6ad0254b59b4', 'admin_state_up': True, 'mtu': 8950, 'status': 'ACTIVE', 'subnets': [], 'shared': False, 'project_id': '5e15ede7cd3c4422b81f6ad0254b59b4', 'port_security_enabled': True, 'router:external': False, 'provider:network_type': 'vlan', 'provider:physical_network': 'default', 'provider:segmentation_id': 509, 'availability_zone_hints': [], 'availability_zones': [], 'ipv4_address_scope': None, 'ipv6_address_scope': None, 'description': '', 'tags': [], 'created_at': '2025-07-21T14:39:30Z', 'updated_at': '2025-07-21T14:39:30Z', 'revision_number': 1}, Subnet: {'id': 'acb89627-5f7f-49d4-8693-793ef75f763b', 'name': 'tempest-VolumesAssistedSnapshotsTest-168943135-subnet', 'tenant_id': '5e15ede7cd3c4422b81f6ad0254b59b4', 'network_id': '05758b60-b2b6-42ba-a670-875014c581e5', 'ip_version': 4, 'subnetpool_id': None, 'enable_dhcp': True, 'ipv6_ra_mode': None, 'ipv6_address_mode': None, 'gateway_ip': '192.168.128.1', 'cidr': '192.168.128.0/28', 'allocation_pools': [{'start': '192.168.128.2', 'end': '192.168.128.14'}], 'host_routes': [], 'dns_nameservers': [], 'description': '', 'router:external': False, 'service_types': [], 'tags': [], 'created_at': '2025-07-21T14:39:30Z', 'updated_at': '2025-07-21T14:39:30Z', 'revision_number': 0, 'project_id': '5e15ede7cd3c4422b81f6ad0254b59b4'}, Router: {'id': 'c6f1867e-7afb-4d6e-80ba-e7648bf3f13f', 'name': 'tempest-VolumesAssistedSnapshotsTest-168943135-router', 'tenant_id': '5e15ede7cd3c4422b81f6ad0254b59b4', 'admin_state_up': True, 'status': 'ACTIVE', 'external_gateway_info': {'network_id': '4a59afe2-67dd-4c97-979c-11844fc1e730', 'external_fixed_ips': [{'subnet_id': '549e6df4-e53a-4cf1-b020-f25cab354ea7', 'ip_address': '10.180.180.219'}], 'enable_snat': True}, 'description': '', 'availability_zones': [], 'distributed': False, 'ha': False, 'availability_zone_hints': [], 'routes': [], 'flavor_id': None, 'tags': [], 'created_at': '2025-07-21T14:39:31Z', 'updated_at': '2025-07-21T14:39:32Z', 'revision_number': 2, 'project_id': '5e15ede7cd3c4422b81f6ad0254b59b4'}
2025-07-21 14:39:35.347 63709 INFO tempest.lib.common.rest_client [req-7a80c333-18a2-4a0c-b031-e24bf79cbcde req-7a80c333-18a2-4a0c-b031-e24bf79cbcde ] Request (ListServersNegativeTestJSON:setUpClass): 201 POST http://10.180.1.21/identity/v3/projects 0.558s
2025-07-21 14:39:35.348 63706 INFO tempest.lib.common.rest_client [req-1a8d094f-d382-4de6-b5ad-a54f80caa3b2 req-1a8d094f-d382-4de6-b5ad-a54f80caa3b2 ] Request (ServersAdmin275Test:test_rebuild_update_server_275): 201 POST http://10.180.1.21/identity/v3/auth/tokens 0.554s
2025-07-21 14:39:35.349 63706 INFO tempest.lib.common.fixed_network [-] (ServersAdmin275Test:test_rebuild_update_server_275) Found network None available for tenant
2025-07-21 14:39:35.429 63629 INFO tempest.lib.common.rest_client [req-40e61746-9483-44bc-a095-bee755bfc631 req-40e61746-9483-44bc-a095-bee755bfc631 ] Request (VolumesAdminNegativeTest:setUpClass): 200 GET http://10.180.1.21/identity/v3/roles 0.464s
2025-07-21 14:39:35.448 63635 INFO tempest.lib.common.rest_client [req-0804b943-b0d6-4ee2-80e6-5383eab32ddc req-0804b943-b0d6-4ee2-80e6-5383eab32ddc ] Request (QuotasAdminTestV257:setUpClass): 201 POST http://10.180.1.21/identity/v3/projects 0.498s
2025-07-21 14:39:35.485 63699 INFO tempest.lib.common.rest_client [req-9a0a3257-c676-4839-8b62-6c6172cb746a req-9a0a3257-c676-4839-8b62-6c6172cb746a ] Request (ServersTestFqdnHostnames:setUpClass): 201 POST http://10.180.1.21/identity/v3/auth/tokens 0.419s
2025-07-21 14:39:35.499 63717 INFO tempest.lib.common.rest_client [req-1003fd1d-c8cf-4169-9438-075e33f2df62 req-1003fd1d-c8cf-4169-9438-075e33f2df62 ] Request (FloatingIPsAssociationTestJSON:setUpClass): 201 POST http://10.180.1.21/identity/v3/auth/tokens 0.377s
2025-07-21 14:39:35.541 63657 INFO tempest.lib.common.rest_client [req-44937f67-f072-45ba-998a-eadc5e2ad719 req-44937f67-f072-45ba-998a-eadc5e2ad719 ] Request (QuotasAdminTestV236:test_get_updated_quotas): 201 POST http://10.180.1.21/identity/v3/projects 0.346s
2025-07-21 14:39:35.569 63659 INFO tempest.lib.common.rest_client [req-9675aa3b-6933-4f4f-9426-228baf15518c req-9675aa3b-6933-4f4f-9426-228baf15518c ] Request (ServersWithSpecificFlavorTestJSON:setUpClass): 200 PUT http://10.180.1.21:9696/networking/v2.0/routers/faa54dc9-9f81-4d91-91ee-dd981fe633df/add_router_interface 1.784s
2025-07-21 14:39:35.570 63659 INFO tempest.lib.common.dynamic_creds [-] Created isolated network resources for: credentials: Credentials: {'domain_id': 'default', 'domain_name': 'Default', 'username': 'tempest-ServersWithSpecificFlavorTestJSON-1622923635-project-member', 'project_domain_id': 'default', 'project_domain_name': 'Default', 'project_id': 'e244e0e2175647e6b16ca3bdd264ed3b', 'project_name': 'tempest-ServersWithSpecificFlavorTestJSON-1622923635', 'tenant_id': 'e244e0e2175647e6b16ca3bdd264ed3b', 'tenant_name': 'tempest-ServersWithSpecificFlavorTestJSON-1622923635', 'user_domain_id': 'default', 'user_domain_name': 'Default', 'user_id': 'a565583a5402433890b79e8f222946aa', 'system': None}, Network: {'id': 'c6267e15-9e3c-4a1c-b7ab-cedb3b19f57b', 'name': 'tempest-ServersWithSpecificFlavorTestJSON-1594058443-network', 'tenant_id': 'e244e0e2175647e6b16ca3bdd264ed3b', 'admin_state_up': True, 'mtu': 8950, 'status': 'ACTIVE', 'subnets': [], 'shared': False, 'project_id': 'e244e0e2175647e6b16ca3bdd264ed3b', 'port_security_enabled': True, 'router:external': False, 'provider:network_type': 'vlan', 'provider:physical_network': 'default', 'provider:segmentation_id': 186, 'availability_zone_hints': [], 'availability_zones': [], 'ipv4_address_scope': None, 'ipv6_address_scope': None, 'description': '', 'tags': [], 'created_at': '2025-07-21T14:39:30Z', 'updated_at': '2025-07-21T14:39:30Z', 'revision_number': 1}, Subnet: {'id': '779f8fcf-bb26-422c-95f4-37983c716dc0', 'name': 'tempest-ServersWithSpecificFlavorTestJSON-1594058443-subnet', 'tenant_id': 'e244e0e2175647e6b16ca3bdd264ed3b', 'network_id': 'c6267e15-9e3c-4a1c-b7ab-cedb3b19f57b', 'ip_version': 4, 'subnetpool_id': None, 'enable_dhcp': True, 'ipv6_ra_mode': None, 'ipv6_address_mode': None, 'gateway_ip': '192.168.128.1', 'cidr': '192.168.128.0/28', 'allocation_pools': [{'start': '192.168.128.2', 'end': '192.168.128.14'}], 'host_routes': [], 'dns_nameservers': [], 'description': '', 'router:external': False, 'service_types': [], 'tags': [], 'created_at': '2025-07-21T14:39:30Z', 'updated_at': '2025-07-21T14:39:30Z', 'revision_number': 0, 'project_id': 'e244e0e2175647e6b16ca3bdd264ed3b'}, Router: {'id': 'faa54dc9-9f81-4d91-91ee-dd981fe633df', 'name': 'tempest-ServersWithSpecificFlavorTestJSON-1594058443-router', 'tenant_id': 'e244e0e2175647e6b16ca3bdd264ed3b', 'admin_state_up': True, 'status': 'ACTIVE', 'external_gateway_info': {'network_id': '4a59afe2-67dd-4c97-979c-11844fc1e730', 'external_fixed_ips': [{'subnet_id': '549e6df4-e53a-4cf1-b020-f25cab354ea7', 'ip_address': '10.180.180.194'}], 'enable_snat': True}, 'description': '', 'availability_zones': [], 'distributed': False, 'ha': False, 'availability_zone_hints': [], 'routes': [], 'flavor_id': None, 'tags': [], 'created_at': '2025-07-21T14:39:31Z', 'updated_at': '2025-07-21T14:39:32Z', 'revision_number': 2, 'project_id': 'e244e0e2175647e6b16ca3bdd264ed3b'}
2025-07-21 14:39:35.605 63625 INFO tempest.lib.common.rest_client [req-08ce2988-907c-458c-9516-d22fc9f383e2 req-08ce2988-907c-458c-9516-d22fc9f383e2 ] Request (AZAdminV2TestJSON:test_get_availability_zone_list): 200 GET http://10.180.1.21/compute/v2.1/os-availability-zone 1.911s
2025-07-21 14:39:35.642 63691 INFO tempest.lib.common.rest_client [req-23237bba-02c6-4f0c-8ab0-7c2906f62f63 req-23237bba-02c6-4f0c-8ab0-7c2906f62f63 ] Request (HypervisorAdminTestJSON:tearDownClass): 204 DELETE http://10.180.1.21/identity/v3/projects/3fdc4497b3cb4a98afad1be06fde4c56 0.348s
2025-07-21 14:39:35.644 63691 INFO tempest.test [-] raised in LiveAutoBlockMigrationV225Test.setUpClass. Invoking tearDownClass.
2025-07-21 14:39:35.719 63709 INFO tempest.lib.common.rest_client [req-d18f7836-ce87-4c05-a369-ecfb140c16ef req-d18f7836-ce87-4c05-a369-ecfb140c16ef ] Request (ListServersNegativeTestJSON:setUpClass): 201 POST http://10.180.1.21/identity/v3/users 0.371s
2025-07-21 14:39:35.742 63695 INFO tempest.lib.common.rest_client [req-69b5d4d1-a6b1-4906-afa8-e6f47fbee963 req-69b5d4d1-a6b1-4906-afa8-e6f47fbee963 ] Request (FloatingIPDetailsNegativeTestJSON:setUpClass): 200 PUT http://10.180.1.21:9696/networking/v2.0/routers/c90b1cb0-0a54-4396-9ac1-a55830bddd49/add_router_interface 1.824s
2025-07-21 14:39:35.743 63695 INFO tempest.lib.common.dynamic_creds [-] Created isolated network resources for: credentials: Credentials: {'domain_id': 'default', 'domain_name': 'Default', 'username': 'tempest-FloatingIPDetailsNegativeTestJSON-427221975-project-member', 'project_domain_id': 'default', 'project_domain_name': 'Default', 'project_id': '749797cd24cd41c3bdaee8ec2dd89de9', 'project_name': 'tempest-FloatingIPDetailsNegativeTestJSON-427221975', 'tenant_id': '749797cd24cd41c3bdaee8ec2dd89de9', 'tenant_name': 'tempest-FloatingIPDetailsNegativeTestJSON-427221975', 'user_domain_id': 'default', 'user_domain_name': 'Default', 'user_id': 'b6e8bd27309749b3bbcfaf6b454a9684', 'system': None}, Network: {'id': '8eb7c16a-62a4-4b6f-b95e-8033ea643e66', 'name': 'tempest-FloatingIPDetailsNegativeTestJSON-233697523-network', 'tenant_id': '749797cd24cd41c3bdaee8ec2dd89de9', 'admin_state_up': True, 'mtu': 8950, 'status': 'ACTIVE', 'subnets': [], 'shared': False, 'project_id': '749797cd24cd41c3bdaee8ec2dd89de9', 'port_security_enabled': True, 'router:external': False, 'provider:network_type': 'vlan', 'provider:physical_network': 'default', 'provider:segmentation_id': 27, 'availability_zone_hints': [], 'availability_zones': [], 'ipv4_address_scope': None, 'ipv6_address_scope': None, 'description': '', 'tags': [], 'created_at': '2025-07-21T14:39:30Z', 'updated_at': '2025-07-21T14:39:30Z', 'revision_number': 1}, Subnet: {'id': '3462f472-ea30-40c0-b33d-3e69c331f8d8', 'name': 'tempest-FloatingIPDetailsNegativeTestJSON-233697523-subnet', 'tenant_id': '749797cd24cd41c3bdaee8ec2dd89de9', 'network_id': '8eb7c16a-62a4-4b6f-b95e-8033ea643e66', 'ip_version': 4, 'subnetpool_id': None, 'enable_dhcp': True, 'ipv6_ra_mode': None, 'ipv6_address_mode': None, 'gateway_ip': '192.168.128.1', 'cidr': '192.168.128.0/28', 'allocation_pools': [{'start': '192.168.128.2', 'end': '192.168.128.14'}], 'host_routes': [], 'dns_nameservers': [], 'description': '', 'router:external': False, 'service_types': [], 'tags': [], 'created_at': '2025-07-21T14:39:31Z', 'updated_at': '2025-07-21T14:39:31Z', 'revision_number': 0, 'project_id': '749797cd24cd41c3bdaee8ec2dd89de9'}, Router: {'id': 'c90b1cb0-0a54-4396-9ac1-a55830bddd49', 'name': 'tempest-FloatingIPDetailsNegativeTestJSON-233697523-router', 'tenant_id': '749797cd24cd41c3bdaee8ec2dd89de9', 'admin_state_up': True, 'status': 'ACTIVE', 'external_gateway_info': {'network_id': '4a59afe2-67dd-4c97-979c-11844fc1e730', 'external_fixed_ips': [{'subnet_id': '549e6df4-e53a-4cf1-b020-f25cab354ea7', 'ip_address': '10.180.180.222'}], 'enable_snat': True}, 'description': '', 'availability_zones': [], 'distributed': False, 'ha': False, 'availability_zone_hints': [], 'routes': [], 'flavor_id': None, 'tags': [], 'created_at': '2025-07-21T14:39:31Z', 'updated_at': '2025-07-21T14:39:32Z', 'revision_number': 2, 'project_id': '749797cd24cd41c3bdaee8ec2dd89de9'}
2025-07-21 14:39:35.776 63629 INFO tempest.lib.common.rest_client [req-962598ac-e902-4702-88fb-e8f411fbfa98 req-962598ac-e902-4702-88fb-e8f411fbfa98 ] Request (VolumesAdminNegativeTest:setUpClass): 204 PUT http://10.180.1.21/identity/v3/projects/0d215149cae844b28c60ae149212844b/users/f1821fa129834e568f742c6f5b8d52b9/roles/31b4dd0655684cab8e39570b11734e37 0.347s
2025-07-21 14:39:35.801 63719 INFO tempest.lib.common.rest_client [req-ad3b317d-04b7-46b8-a973-ff17d91dfc99 req-ad3b317d-04b7-46b8-a973-ff17d91dfc99 ] Request (VolumesAssistedSnapshotsTest:setUpClass): 201 POST http://10.180.1.21/identity/v3/auth/tokens 0.410s
2025-07-21 14:39:35.869 63635 INFO tempest.lib.common.rest_client [req-9a505f03-5e72-4076-a87e-3b9103d3615f req-9a505f03-5e72-4076-a87e-3b9103d3615f ] Request (QuotasAdminTestV257:setUpClass): 201 POST http://10.180.1.21/identity/v3/users 0.420s
2025-07-21 14:39:35.954 63657 INFO tempest.lib.common.rest_client [req-b16817cc-f4ec-4676-96b5-c0a7fe239d7c req-b16817cc-f4ec-4676-96b5-c0a7fe239d7c ] Request (QuotasAdminTestV236:test_get_updated_quotas): 200 GET http://10.180.1.21/identity/v3/domains?name=Default 0.413s
2025-07-21 14:39:35.970 63623 INFO tempest.lib.common.rest_client [req-b6e98512-b117-405a-9f81-d56455ca2ba9 req-b6e98512-b117-405a-9f81-d56455ca2ba9 ] Request (MultipleCreateTestJSON:test_multiple_create): 202 POST http://10.180.1.21/compute/v2.1/servers 3.246s
2025-07-21 14:39:36.088 63659 INFO tempest.lib.common.rest_client [req-21fbb465-f234-43a2-9a37-b5bd9f4d0fc3 req-21fbb465-f234-43a2-9a37-b5bd9f4d0fc3 ] Request (ServersWithSpecificFlavorTestJSON:setUpClass): 201 POST http://10.180.1.21/identity/v3/auth/tokens 0.468s
2025-07-21 14:39:36.099 63691 INFO tempest.lib.common.rest_client [req-5eef6e49-689a-4adf-abe4-e97713cacb80 req-5eef6e49-689a-4adf-abe4-e97713cacb80 ] Request (KeyPairsV22TestJSON:setUpClass): 201 POST http://10.180.1.21/identity/v3/auth/tokens 0.452s
2025-07-21 14:39:36.115 63713 INFO tempest.lib.common.rest_client [req-7a1e73da-2822-4ffc-a07d-1960e4ae5f96 req-7a1e73da-2822-4ffc-a07d-1960e4ae5f96 ] Request (HypervisorAdminUnderV252Test:test_get_hypervisor_show_servers): 200 GET http://10.180.1.21/compute/v2.1/os-hypervisors 2.298s
2025-07-21 14:39:36.117 63709 INFO tempest.lib.common.rest_client [req-f4c81e85-3924-4e10-a5b0-97b694406e43 req-f4c81e85-3924-4e10-a5b0-97b694406e43 ] Request (ListServersNegativeTestJSON:setUpClass): 200 GET http://10.180.1.21/identity/v3/roles 0.396s
2025-07-21 14:39:36.122 63629 INFO tempest.lib.common.rest_client [req-a4fe03a9-6d7d-4f81-9e61-3272395a78a6 req-a4fe03a9-6d7d-4f81-9e61-3272395a78a6 ] Request (VolumesAdminNegativeTest:setUpClass): 200 GET http://10.180.1.21/identity/v3/roles 0.345s
2025-07-21 14:39:36.176 63699 INFO tempest.lib.common.rest_client [req-148fb34a-339e-4675-a55d-348d9b92e524 req-148fb34a-339e-4675-a55d-348d9b92e524 ] Request (ServersTestFqdnHostnames:setUpClass): 201 POST http://10.180.1.21:9696/networking/v2.0/networks 0.691s
2025-07-21 14:39:36.177 63719 INFO tempest.lib.common.rest_client [req-8a3680cd-a3a7-49f0-8458-dde66cb9ede4 req-8a3680cd-a3a7-49f0-8458-dde66cb9ede4 ] Request (VolumesAssistedSnapshotsTest:setUpClass): 201 POST http://10.180.1.21/identity/v3/projects 0.375s
2025-07-21 14:39:36.187 63695 INFO tempest.lib.common.rest_client [req-ce7a6a9b-8281-4118-b7c6-23449db6bd2e req-ce7a6a9b-8281-4118-b7c6-23449db6bd2e ] Request (FloatingIPDetailsNegativeTestJSON:setUpClass): 201 POST http://10.180.1.21/identity/v3/auth/tokens 0.398s
2025-07-21 14:39:36.220 63717 INFO tempest.lib.common.rest_client [req-f7456570-5ff2-4fc5-841d-eff29b66d565 req-f7456570-5ff2-4fc5-841d-eff29b66d565 ] Request (FloatingIPsAssociationTestJSON:setUpClass): 201 POST http://10.180.1.21:9696/networking/v2.0/networks 0.720s
2025-07-21 14:39:36.252 63635 INFO tempest.lib.common.rest_client [req-6fc51690-5d2a-4c86-b39c-a2b37c9a1f3b req-6fc51690-5d2a-4c86-b39c-a2b37c9a1f3b ] Request (QuotasAdminTestV257:setUpClass): 200 GET http://10.180.1.21/identity/v3/roles 0.383s
2025-07-21 14:39:36.290 63659 INFO tempest.lib.common.rest_client [req-2228fdf2-0ba6-4cc4-ad4a-6c5aa8f3c169 req-2228fdf2-0ba6-4cc4-ad4a-6c5aa8f3c169 ] Request (ServersWithSpecificFlavorTestJSON:setUpClass): 201 POST http://10.180.1.21/identity/v3/projects 0.201s
2025-07-21 14:39:36.322 63619 INFO tempest.lib.common.rest_client [req-b28128d8-df1b-4530-86a6-b16f4de0d937 req-b28128d8-df1b-4530-86a6-b16f4de0d937 ] Request (AZAdminNegativeTestJSON:test_get_availability_zone_list_detail_with_non_admin_user): 403 GET http://10.180.1.21/compute/v2.1/os-availability-zone/detail 2.418s
2025-07-21 14:39:36.352 63691 INFO tempest.lib.common.rest_client [req-7213fbb7-bb65-4ec2-acfb-f47f1531c4a5 req-7213fbb7-bb65-4ec2-acfb-f47f1531c4a5 ] Request (KeyPairsV22TestJSON:setUpClass): 201 POST http://10.180.1.21/identity/v3/auth/tokens 0.249s
2025-07-21 14:39:36.384 63709 INFO tempest.lib.common.rest_client [req-0f3660e9-0c26-4985-a9fc-0a50ed97ec44 req-0f3660e9-0c26-4985-a9fc-0a50ed97ec44 ] Request (ListServersNegativeTestJSON:setUpClass): 204 PUT http://10.180.1.21/identity/v3/projects/2ad648c4d0f0485e93636cddec0e8744/users/7793cf1c930741b294a7d69f9ebb5d0c/roles/134950a8f693437695eec691e5eab466 0.267s
2025-07-21 14:39:36.385 63709 INFO tempest.lib.common.dynamic_creds [-] Dynamic test user 7793cf1c930741b294a7d69f9ebb5d0c is created with scope project and roles: ['member']
2025-07-21 14:39:36.385 63709 INFO tempest.lib.common.dynamic_creds [-] Acquired dynamic creds: credentials: Credentials: {'domain_id': 'default', 'domain_name': 'Default', 'username': 'tempest-ListServersNegativeTestJSON-1908226240-project-member', 'project_domain_id': 'default', 'project_domain_name': 'Default', 'project_id': '2ad648c4d0f0485e93636cddec0e8744', 'project_name': 'tempest-ListServersNegativeTestJSON-1908226240', 'tenant_id': '2ad648c4d0f0485e93636cddec0e8744', 'tenant_name': 'tempest-ListServersNegativeTestJSON-1908226240', 'user_domain_id': 'default', 'user_domain_name': 'Default', 'user_id': '7793cf1c930741b294a7d69f9ebb5d0c', 'system': None}, Network: None, Subnet: None, Router: None
2025-07-21 14:39:36.441 63627 INFO tempest.lib.common.rest_client [req-7f8a0e0e-65c4-4f54-8306-76035ba6ccd9 req-7f8a0e0e-65c4-4f54-8306-76035ba6ccd9 ] Request (HypervisorAdminV228Test:test_get_list_hypervisor_details): 200 GET http://10.180.1.21/compute/v2.1/os-hypervisors 2.375s
2025-07-21 14:39:36.443 63629 INFO tempest.lib.common.rest_client [req-c31f611c-f7b3-4ace-a7c3-986ca27df48e req-c31f611c-f7b3-4ace-a7c3-986ca27df48e ] Request (VolumesAdminNegativeTest:setUpClass): 204 PUT http://10.180.1.21/identity/v3/projects/0d215149cae844b28c60ae149212844b/users/f1821fa129834e568f742c6f5b8d52b9/roles/31b4dd0655684cab8e39570b11734e37 0.320s
2025-07-21 14:39:36.443 63629 INFO tempest.lib.common.dynamic_creds [-] Dynamic test user f1821fa129834e568f742c6f5b8d52b9 is created with scope project and roles: ['admin']
2025-07-21 14:39:36.443 63629 INFO tempest.lib.common.dynamic_creds [-] Acquired dynamic creds: credentials: Credentials: {'domain_id': 'default', 'domain_name': 'Default', 'username': 'tempest-VolumesAdminNegativeTest-1759501005-project-admin', 'project_domain_id': 'default', 'project_domain_name': 'Default', 'project_id': '0d215149cae844b28c60ae149212844b', 'project_name': 'tempest-VolumesAdminNegativeTest-1759501005', 'tenant_id': '0d215149cae844b28c60ae149212844b', 'tenant_name': 'tempest-VolumesAdminNegativeTest-1759501005', 'user_domain_id': 'default', 'user_domain_name': 'Default', 'user_id': 'f1821fa129834e568f742c6f5b8d52b9', 'system': None}, Network: None, Subnet: None, Router: None
2025-07-21 14:39:36.479 63717 INFO tempest.lib.common.rest_client [req-1bc0437c-19b0-41d9-88de-fd748e552718 req-1bc0437c-19b0-41d9-88de-fd748e552718 ] Request (FloatingIPsAssociationTestJSON:setUpClass): 201 POST http://10.180.1.21:9696/networking/v2.0/subnets 0.258s
2025-07-21 14:39:36.483 63719 INFO tempest.lib.common.rest_client [req-e67ed274-8065-4459-8eb6-59e8546b9457 req-e67ed274-8065-4459-8eb6-59e8546b9457 ] Request (VolumesAssistedSnapshotsTest:setUpClass): 201 POST http://10.180.1.21/identity/v3/users 0.303s
2025-07-21 14:39:36.484 63699 INFO tempest.lib.common.rest_client [req-0fb3ba0b-dffb-45fe-86c5-db5bcbd0a53d req-0fb3ba0b-dffb-45fe-86c5-db5bcbd0a53d ] Request (ServersTestFqdnHostnames:setUpClass): 201 POST http://10.180.1.21:9696/networking/v2.0/subnets 0.307s
2025-07-21 14:39:36.517 63635 INFO tempest.lib.common.rest_client [req-8c2c729b-503b-4686-bc15-5390f6f3811d req-8c2c729b-503b-4686-bc15-5390f6f3811d ] Request (QuotasAdminTestV257:setUpClass): 204 PUT http://10.180.1.21/identity/v3/projects/85614c6d871145d69d4f4bec9efcbd83/users/3b90d4b7ee394e149b1e056b9cf63cc2/roles/134950a8f693437695eec691e5eab466 0.264s
2025-07-21 14:39:36.517 63635 INFO tempest.lib.common.dynamic_creds [-] Dynamic test user 3b90d4b7ee394e149b1e056b9cf63cc2 is created with scope project and roles: ['member']
2025-07-21 14:39:36.517 63635 INFO tempest.lib.common.dynamic_creds [-] Acquired dynamic creds: credentials: Credentials: {'domain_id': 'default', 'domain_name': 'Default', 'username': 'tempest-QuotasAdminTestV257-738782747-project-member', 'project_domain_id': 'default', 'project_domain_name': 'Default', 'project_id': '85614c6d871145d69d4f4bec9efcbd83', 'project_name': 'tempest-QuotasAdminTestV257-738782747', 'tenant_id': '85614c6d871145d69d4f4bec9efcbd83', 'tenant_name': 'tempest-QuotasAdminTestV257-738782747', 'user_domain_id': 'default', 'user_domain_name': 'Default', 'user_id': '3b90d4b7ee394e149b1e056b9cf63cc2', 'system': None}, Network: None, Subnet: None, Router: None
2025-07-21 14:39:36.517 63635 INFO tempest.lib.common.dynamic_creds [-] Created isolated network resources for: credentials: Credentials: {'domain_id': 'default', 'domain_name': 'Default', 'username': 'tempest-QuotasAdminTestV257-738782747-project-member', 'project_domain_id': 'default', 'project_domain_name': 'Default', 'project_id': '85614c6d871145d69d4f4bec9efcbd83', 'project_name': 'tempest-QuotasAdminTestV257-738782747', 'tenant_id': '85614c6d871145d69d4f4bec9efcbd83', 'tenant_name': 'tempest-QuotasAdminTestV257-738782747', 'user_domain_id': 'default', 'user_domain_name': 'Default', 'user_id': '3b90d4b7ee394e149b1e056b9cf63cc2', 'system': None}, Network: None, Subnet: None, Router: None
2025-07-21 14:39:36.529 63659 INFO tempest.lib.common.rest_client [req-5327cf21-65c3-4934-94f2-d322fff33547 req-5327cf21-65c3-4934-94f2-d322fff33547 ] Request (ServersWithSpecificFlavorTestJSON:setUpClass): 201 POST http://10.180.1.21/identity/v3/users 0.238s
2025-07-21 14:39:36.654 63691 INFO tempest.lib.common.rest_client [req-e4b5e2cb-33a4-45f7-8d8c-308271178f79 req-e4b5e2cb-33a4-45f7-8d8c-308271178f79 ] Request (KeyPairsV22TestJSON:setUpClass): 200 GET http://10.180.1.21/identity/v3/domains?name=Default 0.301s
2025-07-21 14:39:36.689 63621 INFO tempest.lib.common.rest_client [req-86d3907b-e28a-4051-a2fd-f5daaf0cd7c3 req-86d3907b-e28a-4051-a2fd-f5daaf0cd7c3 ] Request (ServicesAdminTestJSON:test_get_service_by_host_name): 200 GET http://10.180.1.21/compute/v2.1/os-services 2.537s
2025-07-21 14:39:36.700 63709 INFO tempest.lib.common.rest_client [req-85e5a15d-3f8a-4784-9a4d-8b68a2dca239 req-85e5a15d-3f8a-4784-9a4d-8b68a2dca239 ] Request (ListServersNegativeTestJSON:setUpClass): 201 POST http://10.180.1.21/identity/v3/auth/tokens 0.315s
2025-07-21 14:39:36.785 63619 INFO tempest.lib.common.rest_client [req-3e2977a7-7d8e-4159-90dc-2c3db1124093 req-3e2977a7-7d8e-4159-90dc-2c3db1124093 ] Request (AZAdminNegativeTestJSON:tearDownClass): 204 DELETE http://10.180.1.21/identity/v3/users/313cddf1640449a2940b1ebb72518e3f 0.454s
2025-07-21 14:39:36.809 63638 INFO tempest.lib.common.rest_client [req-c4d5fa76-97ab-423b-8724-f33b426198e7 req-c4d5fa76-97ab-423b-8724-f33b426198e7 ] Request (FlavorMetadataValidation:test_flavor_update_with_custom_namespace): 200 POST http://10.180.1.21/compute/v2.1/flavors 2.626s
2025-07-21 14:39:36.874 63719 INFO tempest.lib.common.rest_client [req-3882a018-1e7c-4fa7-bb2d-5bc93a93f8dd req-3882a018-1e7c-4fa7-bb2d-5bc93a93f8dd ] Request (VolumesAssistedSnapshotsTest:setUpClass): 200 GET http://10.180.1.21/identity/v3/roles 0.390s
2025-07-21 14:39:36.933 63635 INFO tempest.lib.common.rest_client [req-6b9b0784-550b-461b-b810-d803ca99b399 req-6b9b0784-550b-461b-b810-d803ca99b399 ] Request (QuotasAdminTestV257:setUpClass): 201 POST http://10.180.1.21/identity/v3/auth/tokens 0.410s
2025-07-21 14:39:36.957 63659 INFO tempest.lib.common.rest_client [req-45e87167-ff41-4bf0-b8a4-b415cceacc3c req-45e87167-ff41-4bf0-b8a4-b415cceacc3c ] Request (ServersWithSpecificFlavorTestJSON:setUpClass): 200 GET http://10.180.1.21/identity/v3/roles 0.428s
2025-07-21 14:39:36.965 63691 INFO tempest.lib.common.rest_client [req-b5664cc1-9503-4089-a435-db307e60caed req-b5664cc1-9503-4089-a435-db307e60caed ] Request (KeyPairsV22TestJSON:setUpClass): 201 POST http://10.180.1.21/identity/v3/projects 0.308s
2025-07-21 14:39:36.981 63629 INFO tempest.lib.common.rest_client [req-e6878cfe-942a-4e2c-bac7-16b17aecd290 req-e6878cfe-942a-4e2c-bac7-16b17aecd290 ] Request (VolumesAdminNegativeTest:setUpClass): 201 POST http://10.180.1.21:9696/networking/v2.0/networks 0.538s
2025-07-21 14:39:37.147 63655 INFO tempest.lib.common.rest_client [req-ca0ce2ac-d5a2-4b5d-8563-4bd989097d9d req-ca0ce2ac-d5a2-4b5d-8563-4bd989097d9d ] Request (HostsAdminTestJSON:test_list_hosts): 200 GET http://10.180.1.21/compute/v2.1/os-hosts 2.877s
2025-07-21 14:39:37.152 63619 INFO tempest.lib.common.rest_client [req-c1d3568a-a70a-4448-ab82-53c3e6ca79dd req-c1d3568a-a70a-4448-ab82-53c3e6ca79dd ] Request (AZAdminNegativeTestJSON:tearDownClass): 204 DELETE http://10.180.1.21/identity/v3/users/d731e2763ff146b4a3c9defd0e8711b2 0.367s
2025-07-21 14:39:37.152 63619 INFO tempest.lib.common.dynamic_creds [-] Deleting project and security group for project: 1359147fb0cf415bb4f0ab981be23fc2
2025-07-21 14:39:37.232 63719 INFO tempest.lib.common.rest_client [req-45f2253c-a977-4017-94c3-d71d0f6de10c req-45f2253c-a977-4017-94c3-d71d0f6de10c ] Request (VolumesAssistedSnapshotsTest:setUpClass): 204 PUT http://10.180.1.21/identity/v3/projects/7829680b6abf4d33bc82cc5e923419a8/users/afaed32a11c14b45a5af28bb66871027/roles/31b4dd0655684cab8e39570b11734e37 0.357s
2025-07-21 14:39:37.272 63631 INFO tempest.lib.common.rest_client [req-853cbfd6-dbd9-40d4-b974-3999786a07e8 req-853cbfd6-dbd9-40d4-b974-3999786a07e8 ] Request (FlavorsAccessTestJSON:test_flavor_access_add_remove): 200 POST http://10.180.1.21/compute/v2.1/flavors 2.904s
2025-07-21 14:39:37.314 63635 INFO tempest.lib.common.rest_client [req-3a768207-f9e3-487b-985c-72ab65661f3f req-3a768207-f9e3-487b-985c-72ab65661f3f ] Request (QuotasAdminTestV257:setUpClass): 201 POST http://10.180.1.21/identity/v3/projects 0.380s
2025-07-21 14:39:37.340 63659 INFO tempest.lib.common.rest_client [req-b8ec889e-21c9-4ffd-8bf6-4702e4efe988 req-b8ec889e-21c9-4ffd-8bf6-4702e4efe988 ] Request (ServersWithSpecificFlavorTestJSON:setUpClass): 204 PUT http://10.180.1.21/identity/v3/projects/11fcaad3b8564cd2b6ccf42ddd0a030a/users/8639703263764dacb18b13ba70072467/roles/31b4dd0655684cab8e39570b11734e37 0.383s
2025-07-21 14:39:37.383 63629 INFO tempest.lib.common.rest_client [req-09ef6824-b216-481f-b127-6f1ddfd3aad2 req-09ef6824-b216-481f-b127-6f1ddfd3aad2 ] Request (VolumesAdminNegativeTest:setUpClass): 201 POST http://10.180.1.21:9696/networking/v2.0/subnets 0.401s
2025-07-21 14:39:37.418 63691 INFO tempest.lib.common.rest_client [req-f90404ca-fa66-45ec-a7f2-56b7f8f7ea93 req-f90404ca-fa66-45ec-a7f2-56b7f8f7ea93 ] Request (KeyPairsV22TestJSON:setUpClass): 201 POST http://10.180.1.21/identity/v3/users 0.452s
2025-07-21 14:39:37.465 63619 INFO tempest.lib.common.rest_client [req-a3e35bef-8b2b-4842-a4b1-82fce0e86b90 req-a3e35bef-8b2b-4842-a4b1-82fce0e86b90 ] Request (AZAdminNegativeTestJSON:tearDownClass): 201 POST http://10.180.1.21/identity/v3/auth/tokens 0.312s
2025-07-21 14:39:37.470 63699 INFO tempest.lib.common.rest_client [req-1c023e82-44a6-4e01-8bbd-33c1e6c9a920 req-1c023e82-44a6-4e01-8bbd-33c1e6c9a920 ] Request (ServersTestFqdnHostnames:setUpClass): 201 POST http://10.180.1.21:9696/networking/v2.0/routers 0.986s
2025-07-21 14:39:37.482 63719 INFO tempest.lib.common.rest_client [req-8d5cd20a-243b-441f-9450-bb2027dcdd3f req-8d5cd20a-243b-441f-9450-bb2027dcdd3f ] Request (VolumesAssistedSnapshotsTest:setUpClass): 200 GET http://10.180.1.21/identity/v3/roles 0.249s
2025-07-21 14:39:37.516 63635 INFO tempest.lib.common.rest_client [req-b1761400-c05b-43a1-b0b2-3a967d309d5c req-b1761400-c05b-43a1-b0b2-3a967d309d5c ] Request (QuotasAdminTestV257:setUpClass): 201 POST http://10.180.1.21/identity/v3/users 0.202s
2025-07-21 14:39:37.534 63659 INFO tempest.lib.common.rest_client [req-7bceb3a4-a274-40f6-86bc-8abd24b776e9 req-7bceb3a4-a274-40f6-86bc-8abd24b776e9 ] Request (ServersWithSpecificFlavorTestJSON:setUpClass): 200 GET http://10.180.1.21/identity/v3/roles 0.193s
2025-07-21 14:39:37.550 63691 INFO tempest.lib.common.rest_client [req-62da4e04-cecb-4515-9e66-e5e8d17aa1df req-62da4e04-cecb-4515-9e66-e5e8d17aa1df ] Request (KeyPairsV22TestJSON:setUpClass): 200 GET http://10.180.1.21/identity/v3/roles 0.132s
2025-07-21 14:39:37.555 63643 INFO tempest.lib.common.rest_client [req-d3fb6115-d092-4f92-97be-56f688e7669f req-d3fb6115-d092-4f92-97be-56f688e7669f ] Request (InstanceUsageAuditLogNegativeTestJSON:test_instance_usage_audit_logs_with_nonadmin_user): 403 GET http://10.180.1.21/compute/v2.1/os-instance_usage_audit_log 3.108s
2025-07-21 14:39:37.569 63719 INFO tempest.lib.common.rest_client [req-2709c8aa-ba57-49f5-a6d6-53f5ff1db645 req-2709c8aa-ba57-49f5-a6d6-53f5ff1db645 ] Request (VolumesAssistedSnapshotsTest:setUpClass): 204 PUT http://10.180.1.21/identity/v3/projects/7829680b6abf4d33bc82cc5e923419a8/users/afaed32a11c14b45a5af28bb66871027/roles/31b4dd0655684cab8e39570b11734e37 0.086s
2025-07-21 14:39:37.569 63719 INFO tempest.lib.common.dynamic_creds [-] Dynamic test user afaed32a11c14b45a5af28bb66871027 is created with scope project and roles: ['admin']
2025-07-21 14:39:37.569 63719 INFO tempest.lib.common.dynamic_creds [-] Acquired dynamic creds: credentials: Credentials: {'domain_id': 'default', 'domain_name': 'Default', 'username': 'tempest-VolumesAssistedSnapshotsTest-811519773-project-admin', 'project_domain_id': 'default', 'project_domain_name': 'Default', 'project_id': '7829680b6abf4d33bc82cc5e923419a8', 'project_name': 'tempest-VolumesAssistedSnapshotsTest-811519773', 'tenant_id': '7829680b6abf4d33bc82cc5e923419a8', 'tenant_name': 'tempest-VolumesAssistedSnapshotsTest-811519773', 'user_domain_id': 'default', 'user_domain_name': 'Default', 'user_id': 'afaed32a11c14b45a5af28bb66871027', 'system': None}, Network: None, Subnet: None, Router: None
2025-07-21 14:39:37.617 63709 INFO tempest.lib.common.rest_client [req-b88e8888-de61-40d9-9be8-3ec111d19903 req-b88e8888-de61-40d9-9be8-3ec111d19903 ] Request (ListServersNegativeTestJSON:setUpClass): 201 POST http://10.180.1.21:9696/networking/v2.0/networks 0.916s
2025-07-21 14:39:37.627 63635 INFO tempest.lib.common.rest_client [req-125704d7-7695-4cac-99a9-ef116e8206a3 req-125704d7-7695-4cac-99a9-ef116e8206a3 ] Request (QuotasAdminTestV257:setUpClass): 200 GET http://10.180.1.21/identity/v3/roles 0.110s
2025-07-21 14:39:37.647 63659 INFO tempest.lib.common.rest_client [req-5bf9b36c-8069-4278-8a4d-d9cbbe187b60 req-5bf9b36c-8069-4278-8a4d-d9cbbe187b60 ] Request (ServersWithSpecificFlavorTestJSON:setUpClass): 204 PUT http://10.180.1.21/identity/v3/projects/11fcaad3b8564cd2b6ccf42ddd0a030a/users/8639703263764dacb18b13ba70072467/roles/31b4dd0655684cab8e39570b11734e37 0.113s
2025-07-21 14:39:37.648 63659 INFO tempest.lib.common.dynamic_creds [-] Dynamic test user 8639703263764dacb18b13ba70072467 is created with scope project and roles: ['admin']
2025-07-21 14:39:37.648 63659 INFO tempest.lib.common.dynamic_creds [-] Acquired dynamic creds: credentials: Credentials: {'domain_id': 'default', 'domain_name': 'Default', 'username': 'tempest-ServersWithSpecificFlavorTestJSON-1679819621-project-admin', 'project_domain_id': 'default', 'project_domain_name': 'Default', 'project_id': '11fcaad3b8564cd2b6ccf42ddd0a030a', 'project_name': 'tempest-ServersWithSpecificFlavorTestJSON-1679819621', 'tenant_id': '11fcaad3b8564cd2b6ccf42ddd0a030a', 'tenant_name': 'tempest-ServersWithSpecificFlavorTestJSON-1679819621', 'user_domain_id': 'default', 'user_domain_name': 'Default', 'user_id': '8639703263764dacb18b13ba70072467', 'system': None}, Network: None, Subnet: None, Router: None
2025-07-21 14:39:37.751 63691 INFO tempest.lib.common.rest_client [req-d76c47fd-82cd-4748-8c82-99e0bef4a476 req-d76c47fd-82cd-4748-8c82-99e0bef4a476 ] Request (KeyPairsV22TestJSON:setUpClass): 204 PUT http://10.180.1.21/identity/v3/projects/8f848e1f36fb4c8e8bc20ea1fbed3d1c/users/6e1bf39f332f4ae9be37a9282aa60385/roles/134950a8f693437695eec691e5eab466 0.200s
2025-07-21 14:39:37.751 63691 INFO tempest.lib.common.dynamic_creds [-] Dynamic test user 6e1bf39f332f4ae9be37a9282aa60385 is created with scope project and roles: ['member']
2025-07-21 14:39:37.751 63691 INFO tempest.lib.common.dynamic_creds [-] Acquired dynamic creds: credentials: Credentials: {'domain_id': 'default', 'domain_name': 'Default', 'username': 'tempest-KeyPairsV22TestJSON-57055454-project-member', 'project_domain_id': 'default', 'project_domain_name': 'Default', 'project_id': '8f848e1f36fb4c8e8bc20ea1fbed3d1c', 'project_name': 'tempest-KeyPairsV22TestJSON-57055454', 'tenant_id': '8f848e1f36fb4c8e8bc20ea1fbed3d1c', 'tenant_name': 'tempest-KeyPairsV22TestJSON-57055454', 'user_domain_id': 'default', 'user_domain_name': 'Default', 'user_id': '6e1bf39f332f4ae9be37a9282aa60385', 'system': None}, Network: None, Subnet: None, Router: None
2025-07-21 14:39:37.751 63691 INFO tempest.lib.common.dynamic_creds [-] Created isolated network resources for: credentials: Credentials: {'domain_id': 'default', 'domain_name': 'Default', 'username': 'tempest-KeyPairsV22TestJSON-57055454-project-member', 'project_domain_id': 'default', 'project_domain_name': 'Default', 'project_id': '8f848e1f36fb4c8e8bc20ea1fbed3d1c', 'project_name': 'tempest-KeyPairsV22TestJSON-57055454', 'tenant_id': '8f848e1f36fb4c8e8bc20ea1fbed3d1c', 'tenant_name': 'tempest-KeyPairsV22TestJSON-57055454', 'user_domain_id': 'default', 'user_domain_name': 'Default', 'user_id': '6e1bf39f332f4ae9be37a9282aa60385', 'system': None}, Network: None, Subnet: None, Router: None
2025-07-21 14:39:37.814 63701 INFO tempest.lib.common.rest_client [req-162fcf5a-3a37-484c-9589-9d184c06f7d3 req-162fcf5a-3a37-484c-9589-9d184c06f7d3 ] Request (AggregatesAdminNegativeTestJSON:setUpClass): 200 GET http://10.180.1.21/compute/v2.1/os-services?binary=nova-compute 3.281s
2025-07-21 14:39:37.839 63635 INFO tempest.lib.common.rest_client [req-501d2624-4b45-4417-a972-93d8b0f84005 req-501d2624-4b45-4417-a972-93d8b0f84005 ] Request (QuotasAdminTestV257:setUpClass): 204 PUT http://10.180.1.21/identity/v3/projects/a4f1ede147b840a9b99d56debf7186cf/users/d9343a19fc234c099aad0f2b908ee28d/roles/31b4dd0655684cab8e39570b11734e37 0.211s
2025-07-21 14:39:37.895 63691 INFO tempest.lib.common.rest_client [req-f8771c18-f872-42f0-b746-07c1d9c9027f req-f8771c18-f872-42f0-b746-07c1d9c9027f ] Request (KeyPairsV22TestJSON:setUpClass): 201 POST http://10.180.1.21/identity/v3/auth/tokens 0.139s
2025-07-21 14:39:37.915 63703 INFO tempest.lib.common.rest_client [req-5992814d-5982-4e37-a9e7-1e1516620aa6 req-5992814d-5982-4e37-a9e7-1e1516620aa6 ] Request (MigrationsAdminTest:test_list_migrations_in_flavor_resize_situation): 202 POST http://10.180.1.21/compute/v2.1/servers 3.514s
2025-07-21 14:39:37.965 63619 INFO tempest.lib.common.rest_client [req-946fbbe3-279a-4b61-868f-cade191fa84d req-946fbbe3-279a-4b61-868f-cade191fa84d ] Request (AZAdminNegativeTestJSON:tearDownClass): 200 GET http://10.180.1.21:9696/networking/v2.0/security-groups?tenant_id=1359147fb0cf415bb4f0ab981be23fc2&name=default 0.497s
2025-07-21 14:39:37.975 63635 INFO tempest.lib.common.rest_client [req-cf902feb-cf94-441b-8b81-27dc0256c492 req-cf902feb-cf94-441b-8b81-27dc0256c492 ] Request (QuotasAdminTestV257:setUpClass): 200 GET http://10.180.1.21/identity/v3/roles 0.136s
2025-07-21 14:39:38.034 63693 INFO tempest.lib.common.rest_client [req-e2120a9b-6495-43b3-b0c7-6edad6c604e1 req-e2120a9b-6495-43b3-b0c7-6edad6c604e1 ] Request (ServicesAdminNegativeTestJSON:test_get_service_by_invalid_params): 200 GET http://10.180.1.21/compute/v2.1/os-services 3.387s
2025-07-21 14:39:38.067 63635 INFO tempest.lib.common.rest_client [req-a052add9-9671-4f8e-a57e-044c49cd51a8 req-a052add9-9671-4f8e-a57e-044c49cd51a8 ] Request (QuotasAdminTestV257:setUpClass): 204 PUT http://10.180.1.21/identity/v3/projects/a4f1ede147b840a9b99d56debf7186cf/users/d9343a19fc234c099aad0f2b908ee28d/roles/31b4dd0655684cab8e39570b11734e37 0.092s
2025-07-21 14:39:38.068 63635 INFO tempest.lib.common.dynamic_creds [-] Dynamic test user d9343a19fc234c099aad0f2b908ee28d is created with scope project and roles: ['admin']
2025-07-21 14:39:38.068 63635 INFO tempest.lib.common.dynamic_creds [-] Acquired dynamic creds: credentials: Credentials: {'domain_id': 'default', 'domain_name': 'Default', 'username': 'tempest-QuotasAdminTestV257-1115128773-project-admin', 'project_domain_id': 'default', 'project_domain_name': 'Default', 'project_id': 'a4f1ede147b840a9b99d56debf7186cf', 'project_name': 'tempest-QuotasAdminTestV257-1115128773', 'tenant_id': 'a4f1ede147b840a9b99d56debf7186cf', 'tenant_name': 'tempest-QuotasAdminTestV257-1115128773', 'user_domain_id': 'default', 'user_domain_name': 'Default', 'user_id': 'd9343a19fc234c099aad0f2b908ee28d', 'system': None}, Network: None, Subnet: None, Router: None
2025-07-21 14:39:38.068 63635 INFO tempest.lib.common.dynamic_creds [-] Created isolated network resources for: credentials: Credentials: {'domain_id': 'default', 'domain_name': 'Default', 'username': 'tempest-QuotasAdminTestV257-1115128773-project-admin', 'project_domain_id': 'default', 'project_domain_name': 'Default', 'project_id': 'a4f1ede147b840a9b99d56debf7186cf', 'project_name': 'tempest-QuotasAdminTestV257-1115128773', 'tenant_id': 'a4f1ede147b840a9b99d56debf7186cf', 'tenant_name': 'tempest-QuotasAdminTestV257-1115128773', 'user_domain_id': 'default', 'user_domain_name': 'Default', 'user_id': 'd9343a19fc234c099aad0f2b908ee28d', 'system': None}, Network: None, Subnet: None, Router: None
2025-07-21 14:39:38.073 63672 INFO tempest.lib.common.rest_client [req-57d07b19-1acf-4a0e-97a8-13ffef4d6dbf req-57d07b19-1acf-4a0e-97a8-13ffef4d6dbf ] Request (HostsAdminNegativeTestJSON:setUpClass): 200 GET http://10.180.1.21/compute/v2.1/os-hosts 3.377s
2025-07-21 14:39:38.221 63715 INFO tempest.lib.common.rest_client [req-f5af0d27-b8d1-4ac6-9b81-47e456483a50 req-f5af0d27-b8d1-4ac6-9b81-47e456483a50 ] Request (FlavorsV255TestJSON:test_crud_flavor): 200 POST http://10.180.1.21/compute/v2.1/flavors 3.351s
2025-07-21 14:39:38.230 63619 INFO tempest.lib.common.rest_client [req-a0567f3f-730e-4045-9c2c-becc94356048 req-a0567f3f-730e-4045-9c2c-becc94356048 ] Request (AZAdminNegativeTestJSON:tearDownClass): 204 DELETE http://10.180.1.21:9696/networking/v2.0/security-groups/fc013f79-5428-417b-aeb9-792a0ca7f5b3 0.264s
2025-07-21 14:39:38.236 63635 INFO tempest.lib.common.rest_client [req-7eafc23c-19a4-4dad-84f8-19e046db1290 req-7eafc23c-19a4-4dad-84f8-19e046db1290 ] Request (QuotasAdminTestV257:setUpClass): 201 POST http://10.180.1.21/identity/v3/auth/tokens 0.165s
2025-07-21 14:39:38.237 63635 WARNING tempest.lib.common.rest_client [-] Deprecated: "tenant_id" property is deprecated for removal, use "project_id" instead
2025-07-21 14:39:38.240 63719 INFO tempest.lib.common.rest_client [req-5734bd1a-edee-4f0e-bed1-4319859bb349 req-5734bd1a-edee-4f0e-bed1-4319859bb349 ] Request (VolumesAssistedSnapshotsTest:setUpClass): 201 POST http://10.180.1.21:9696/networking/v2.0/networks 0.671s
2025-07-21 14:39:38.301 63709 INFO tempest.lib.common.rest_client [req-cc2fb46b-0892-4e1f-9b0e-f73417ecc590 req-cc2fb46b-0892-4e1f-9b0e-f73417ecc590 ] Request (ListServersNegativeTestJSON:setUpClass): 201 POST http://10.180.1.21:9696/networking/v2.0/subnets 0.684s
2025-07-21 14:39:38.303 63659 INFO tempest.lib.common.rest_client [req-c4a4379e-5d65-4888-a1f8-674575249969 req-c4a4379e-5d65-4888-a1f8-674575249969 ] Request (ServersWithSpecificFlavorTestJSON:setUpClass): 201 POST http://10.180.1.21:9696/networking/v2.0/networks 0.655s
2025-07-21 14:39:38.313 63721 INFO tempest.lib.common.rest_client [req-72d11b1d-3b82-4f5a-b258-580a14e51f12 req-72d11b1d-3b82-4f5a-b258-580a14e51f12 ] Request (FlavorsV261TestJSON:test_crud_flavor): 200 POST http://10.180.1.21/compute/v2.1/flavors 3.292s
2025-07-21 14:39:38.345 63617 INFO tempest.lib.common.rest_client [req-53361869-a746-40c4-b4f8-63caa967ae89 req-53361869-a746-40c4-b4f8-63caa967ae89 ] Request (FlavorsExtraSpecsNegativeTestJSON:test_flavor_get_nonexistent_key): 404 GET http://10.180.1.21/compute/v2.1/flavors/178450608/os-extra_specs/hw:cpu_thread_policy 3.245s
2025-07-21 14:39:38.346 63717 INFO tempest.lib.common.rest_client [req-eb33ecb3-5c7b-41c4-a76b-8883baa191a5 req-eb33ecb3-5c7b-41c4-a76b-8883baa191a5 ] Request (FloatingIPsAssociationTestJSON:setUpClass): 201 POST http://10.180.1.21:9696/networking/v2.0/routers 1.866s
2025-07-21 14:39:38.420 63697 INFO tempest.lib.common.rest_client [req-b7714307-3045-40af-98de-8cf33c45dedd req-b7714307-3045-40af-98de-8cf33c45dedd ] Request (ServersTestManualDisk:setUpClass): 200 POST http://10.180.1.21/compute/v2.1/os-keypairs 3.221s
2025-07-21 14:39:38.427 63619 INFO tempest.lib.common.rest_client [req-747f21b6-72ec-4519-ad72-de8c9e333840 req-747f21b6-72ec-4519-ad72-de8c9e333840 ] Request (AZAdminNegativeTestJSON:tearDownClass): 204 DELETE http://10.180.1.21/identity/v3/projects/1359147fb0cf415bb4f0ab981be23fc2 0.197s
2025-07-21 14:39:38.428 63619 INFO tempest.lib.common.dynamic_creds [-] Deleting project and security group for project: 978dbb28227044c2a839d0018e9ed2b5
2025-07-21 14:39:38.718 63706 INFO tempest.lib.common.rest_client [req-e34868d9-e5ac-4254-9c2f-f9e988127ee6 req-e34868d9-e5ac-4254-9c2f-f9e988127ee6 ] Request (ServersAdmin275Test:test_rebuild_update_server_275): 202 POST http://10.180.1.21/compute/v2.1/servers 3.368s
2025-07-21 14:39:38.758 63625 INFO tempest.lib.common.rest_client [req-246f140d-bdfd-4f90-b8bb-eab28bccfa05 req-246f140d-bdfd-4f90-b8bb-eab28bccfa05 ] Request (AZAdminV2TestJSON:test_get_availability_zone_list_detail): 200 GET http://10.180.1.21/compute/v2.1/os-availability-zone/detail 3.141s
2025-07-21 14:39:38.825 63648 INFO tempest.lib.common.rest_client [req-cd501d7a-28f5-4321-a1a6-0bc43f9c559a req-cd501d7a-28f5-4321-a1a6-0bc43f9c559a ] Request (DeleteServersAdminTestJSON:test_admin_delete_servers_of_others): 202 POST http://10.180.1.21/compute/v2.1/servers 3.561s
2025-07-21 14:39:38.956 63623 INFO tempest.lib.common.rest_client [req-988c262e-aeed-4348-839f-ea6e88dfccd9 req-988c262e-aeed-4348-839f-ea6e88dfccd9 ] Request (MultipleCreateTestJSON:test_multiple_create): 200 GET http://10.180.1.21/compute/v2.1/servers 2.984s
2025-07-21 14:39:38.956 63625 INFO tempest.lib.common.rest_client [req-812d3b85-1d9d-481d-a788-3c1b3ea7f210 req-812d3b85-1d9d-481d-a788-3c1b3ea7f210 ] Request (AZAdminV2TestJSON:tearDownClass): 204 DELETE http://10.180.1.21/identity/v3/users/c992d11932cf437e9b28da8f942ab59c 0.193s
2025-07-21 14:39:38.988 63657 INFO tempest.lib.common.rest_client [req-886f0c35-eef5-4b41-be56-d5b5a340b050 req-886f0c35-eef5-4b41-be56-d5b5a340b050 ] Request (QuotasAdminTestV236:test_get_updated_quotas): 200 PUT http://10.180.1.21/compute/v2.1/os-quota-sets/7cfcd43ef91d4a4f846a0f68b3e67d54 3.033s
2025-07-21 14:39:39.016 63713 INFO tempest.lib.common.rest_client [req-f49c6403-4c64-417e-ab02-9a1bc04900ba req-f49c6403-4c64-417e-ab02-9a1bc04900ba ] Request (HypervisorAdminUnderV252Test:test_get_hypervisor_show_servers): 200 GET http://10.180.1.21/compute/v2.1/os-hypervisors/domain-c8.fc996f14-c53b-4953-92e3-bdfa48f5cc28/servers 2.895s
2025-07-21 14:39:39.033 63697 INFO tempest.lib.common.rest_client [req-336133d2-91a7-483e-8f6b-64ab9e666089 req-336133d2-91a7-483e-8f6b-64ab9e666089 ] Request (ServersTestManualDisk:setUpClass): 201 POST http://10.180.1.21:9696/networking/v2.0/security-groups 0.611s
2025-07-21 14:39:39.073 63625 INFO tempest.lib.common.rest_client [req-6ae30f59-eb60-4ee2-b520-6510042839c5 req-6ae30f59-eb60-4ee2-b520-6510042839c5 ] Request (AZAdminV2TestJSON:tearDownClass): 204 DELETE http://10.180.1.21/identity/v3/users/6bf6a0a411e34f7982b0bfa3c0b9c904 0.117s
2025-07-21 14:39:39.074 63625 INFO tempest.lib.common.dynamic_creds [-] Deleting project and security group for project: ba7bbb73b28648c2a5cd6d4566ebbd27
2025-07-21 14:39:39.132 63619 INFO tempest.lib.common.rest_client [req-55117d97-952b-4b8c-b830-8e2ebc699c11 req-55117d97-952b-4b8c-b830-8e2ebc699c11 ] Request (AZAdminNegativeTestJSON:tearDownClass): 200 GET http://10.180.1.21:9696/networking/v2.0/security-groups?tenant_id=978dbb28227044c2a839d0018e9ed2b5&name=default 0.704s
2025-07-21 14:39:39.140 63633 INFO tempest.lib.common.rest_client [req-bc916e33-b165-4db3-9dac-47a5d99c68ab req-bc916e33-b165-4db3-9dac-47a5d99c68ab ] Request (ServersAdminNegativeTestJSON:setUpClass): 200 GET http://10.180.1.21/compute/v2.1/servers/f6f459d0-99a4-4ea3-a032-6ecbbd5bae3c 2.899s
2025-07-21 14:39:39.146 63625 INFO tempest.lib.common.rest_client [req-58c8f1f4-3c57-46bf-a701-8852398b288d req-58c8f1f4-3c57-46bf-a701-8852398b288d ] Request (AZAdminV2TestJSON:tearDownClass): 201 POST http://10.180.1.21/identity/v3/auth/tokens 0.072s
2025-07-21 14:39:39.150 63633 INFO tempest.common.waiters [-] State transition "BUILD/None" ==> "BUILD/spawning" after 7 second wait
2025-07-21 14:39:39.249 63695 INFO tempest.lib.common.rest_client [req-673621d2-62a3-44a3-928a-2ba82c34861a req-673621d2-62a3-44a3-928a-2ba82c34861a ] Request (FloatingIPDetailsNegativeTestJSON:test_get_nonexistent_floating_ip_details): 404 GET http://10.180.1.21/compute/v2.1/os-floating-ips/b581efa6-4a9d-483f-9e09-e8a3f7c315aa 3.059s
2025-07-21 14:39:39.276 63627 INFO tempest.lib.common.rest_client [req-7c33c070-2f04-4b10-9b5a-66813f9fa7b1 req-7c33c070-2f04-4b10-9b5a-66813f9fa7b1 ] Request (HypervisorAdminV228Test:test_get_list_hypervisor_details): 200 GET http://10.180.1.21/compute/v2.1/os-hypervisors/1 2.832s
2025-07-21 14:39:39.300 63711 INFO tempest.lib.common.rest_client [req-b3152336-08d0-4f1c-b1de-bde4c4d95916 req-b3152336-08d0-4f1c-b1de-bde4c4d95916 ] Request (ServerExternalEventsTest:test_create_server_external_events): 200 GET http://10.180.1.21/compute/v2.1/servers/fdd97ec9-4a59-4194-84a6-b4c13f64fd3d 3.000s
2025-07-21 14:39:39.304 63621 INFO tempest.lib.common.rest_client [req-7d0afafe-b81d-422e-973e-69943eb16cb1 req-7d0afafe-b81d-422e-973e-69943eb16cb1 ] Request (ServicesAdminTestJSON:test_get_service_by_host_name): 200 GET http://10.180.1.21/compute/v2.1/os-services?host=devstack 2.612s
2025-07-21 14:39:39.322 63655 INFO tempest.lib.common.rest_client [req-c566133e-0c14-410f-ad5d-1a7405e92bd7 req-c566133e-0c14-410f-ad5d-1a7405e92bd7 ] Request (HostsAdminTestJSON:test_list_hosts_with_a_blank_zone): 200 GET http://10.180.1.21/compute/v2.1/os-hosts?zone= 2.163s
2025-07-21 14:39:39.433 63638 INFO tempest.lib.common.rest_client [req-9530c95c-3320-499d-a088-82a60aa072b7 req-9530c95c-3320-499d-a088-82a60aa072b7 ] Request (FlavorMetadataValidation:test_flavor_update_with_custom_namespace): 200 POST http://10.180.1.21/compute/v2.1/flavors/37720740/os-extra_specs 2.619s
2025-07-21 14:39:39.443 63643 INFO tempest.lib.common.rest_client [req-74567a47-b2f3-4c83-85a5-10b74c46fb9a req-74567a47-b2f3-4c83-85a5-10b74c46fb9a ] Request (InstanceUsageAuditLogNegativeTestJSON:test_instance_usage_audit_logs_with_nonadmin_user): 403 GET http://10.180.1.21/compute/v2.1/os-instance_usage_audit_log/2025-07-21%2014%3A39%3A37 1.887s
2025-07-21 14:39:39.460 63627 INFO tempest.lib.common.rest_client [req-cde0aede-6548-4145-b701-c01f08f5acc8 req-cde0aede-6548-4145-b701-c01f08f5acc8 ] Request (HypervisorAdminV228Test:tearDownClass): 204 DELETE http://10.180.1.21/identity/v3/users/89b4305c91dc410ea9d4eb1ffbd27358 0.172s
2025-07-21 14:39:39.478 63719 INFO tempest.lib.common.rest_client [req-1bf1ae44-7a3b-4f65-9045-02eb0d3c8b23 req-1bf1ae44-7a3b-4f65-9045-02eb0d3c8b23 ] Request (VolumesAssistedSnapshotsTest:setUpClass): 201 POST http://10.180.1.21:9696/networking/v2.0/subnets 1.237s
