2025-07-21 14:41:34.150 63659 WARNING tempest.lib.common.ssh [-] Failed to establish authenticated ssh connection to cirros@10.180.180.225 ([Errno None] Unable to connect to port 22 on 10.180.180.225). Number attempts: 4. Retry after 5 seconds.: paramiko.ssh_exception.NoValidConnectionsError: [Errno None] Unable to connect to port 22 on 10.180.180.225
2025-07-21 14:41:34.156 63713 INFO tempest.lib.common.rest_client [req-93a12c0b-39de-46a7-8eef-015956c7ad83 req-93a12c0b-39de-46a7-8eef-015956c7ad83 ] Request (ServerMetadataNegativeTestJSON:setUpClass): 200 GET http://10.180.1.21/compute/v2.1/servers/122f1c7e-ca09-4de2-a233-b2eed242e5c7 0.321s
2025-07-21 14:41:34.171 63703 INFO tempest.lib.common.rest_client [req-56cdaacf-85e1-4bb0-afcf-dd95cc121ee2 req-56cdaacf-85e1-4bb0-afcf-dd95cc121ee2 ] Request (MigrationsAdminTest:test_resize_server_revert_deleted_flavor): 200 GET http://10.180.1.21/compute/v2.1/flavors/42/os-extra_specs 0.308s
2025-07-21 14:41:34.183 63693 INFO tempest.lib.common.rest_client [req-3f431cb8-c5de-438f-bb98-e5916d086b4b req-3f431cb8-c5de-438f-bb98-e5916d086b4b ] Request (SecurityGroupRulesNegativeTestJSON:tearDownClass): 202 DELETE http://10.180.1.21/compute/v2.1/os-security-groups/cd062280-9c96-4edb-a4b5-48916eef7b58 0.349s
2025-07-21 14:41:34.229 63619 INFO tempest.lib.common.rest_client [req-33ea9594-625b-47d9-b76b-e22cf9642fa6 req-33ea9594-625b-47d9-b76b-e22cf9642fa6 ] Request (ServersAdminTestJSON:test_create_server_with_scheduling_hint): 200 GET http://10.180.1.21/compute/v2.1/servers/a14a7775-1839-425f-956b-032f69e8318a 0.361s
2025-07-21 14:41:34.237 63715 INFO tempest.lib.common.rest_client [req-1506d016-7525-44c8-84d1-e373d5b20a61 req-1506d016-7525-44c8-84d1-e373d5b20a61 ] Request (AttachInterfacesTestJSON:test_create_list_show_delete_interfaces_by_fixed_ip): 200 GET http://10.180.1.21/compute/v2.1/servers/63fdefbc-a279-4c6c-9300-46d450da723b 0.303s
2025-07-21 14:41:34.298 63635 INFO tempest.lib.common.rest_client [req-58ea55c2-f0ba-4c43-a8cf-baf607df97b0 req-58ea55c2-f0ba-4c43-a8cf-baf607df97b0 ] Request (ServerTagsTestJSON:test_create_delete_tag): 204 DELETE http://10.180.1.21/compute/v2.1/servers/fc50a5c0-b486-424c-af05-650f31d9595b/tags/tempest-tag-1568252885 0.311s
2025-07-21 14:41:34.300 63709 INFO tempest.lib.common.rest_client [req-36b4e775-ef69-4c68-a29c-081c0b7bbf8c req-36b4e775-ef69-4c68-a29c-081c0b7bbf8c ] Request (ServerRescueTestJSON:setUpClass): 200 GET http://10.180.1.21/compute/v2.1/servers/59535977-6d53-43fc-95c4-f4409235f7ec 0.301s
2025-07-21 14:41:34.349 63711 INFO tempest.lib.common.rest_client [req-7494b26d-ca4a-4e40-a937-b5e2a5aaee63 req-7494b26d-ca4a-4e40-a937-b5e2a5aaee63 ] Request (ServersAaction247Test:test_create_backup): 200 GET http://10.180.1.21/compute/v2.1/servers/3aefd062-76d6-46d3-851d-2d03717c503d 0.265s
2025-07-21 14:41:34.377 63655 INFO tempest.lib.common.rest_client [req-2b4c1f8b-d983-4baa-b365-8148de906944 req-2b4c1f8b-d983-4baa-b365-8148de906944 ] Request (ServerDiagnosticsNegativeTest:tearDownClass): 200 GET http://10.180.1.21/compute/v2.1/servers/fb2f6d4c-4099-4108-93f7-5e5c537f2a19 0.281s
2025-07-21 14:41:34.400 63721 INFO tempest.lib.common.rest_client [req-3c56e8e8-81a1-4a17-9d2d-3a07d13f9177 req-3c56e8e8-81a1-4a17-9d2d-3a07d13f9177 ] Request (ImagesOneServerTestJSON:setUpClass): 200 GET http://10.180.1.21/compute/v2.1/servers/ab6975de-1411-4af2-848e-fb957595f115 0.272s
2025-07-21 14:41:34.423 63703 INFO tempest.lib.common.rest_client [req-35cb79c7-6ff4-4610-8f23-cfd6e006624a req-35cb79c7-6ff4-4610-8f23-cfd6e006624a ] Request (MigrationsAdminTest:test_resize_server_revert_deleted_flavor): 200 POST http://10.180.1.21/compute/v2.1/flavors/62f9f39f-7f88-4fe5-b526-bb1b39010b2a/os-extra_specs 0.251s
2025-07-21 14:41:34.512 63703 INFO tempest.lib.common.rest_client [req-8b882f95-a73f-47de-8b4b-9ed973ed5460 req-8b882f95-a73f-47de-8b4b-9ed973ed5460 ] Request (MigrationsAdminTest:test_resize_server_revert_deleted_flavor): 201 POST http://10.180.1.21/identity/v3/auth/tokens 0.083s
2025-07-21 14:41:34.513 63703 INFO tempest.lib.common.fixed_network [-] (MigrationsAdminTest:test_resize_server_revert_deleted_flavor) Found network None available for tenant
2025-07-21 14:41:34.530 63693 INFO tempest.lib.common.rest_client [req-5ae49797-2a72-4392-8cda-fadcc786237a req-5ae49797-2a72-4392-8cda-fadcc786237a ] Request (SecurityGroupRulesNegativeTestJSON:tearDownClass): 202 DELETE http://10.180.1.21/compute/v2.1/os-security-groups/19a83b1c-a325-4ed1-b8e7-eacd35dcf232 0.347s
2025-07-21 14:41:34.601 63643 INFO tempest.lib.common.rest_client [req-2bfdc55d-3007-4945-86eb-1d82829d87b1 req-2bfdc55d-3007-4945-86eb-1d82829d87b1 ] Request (ServerDiagnosticsTest:tearDownClass): 200 GET http://10.180.1.21/compute/v2.1/servers/8ce39460-37a3-442d-9bdc-a0542e86c2f1 0.393s
2025-07-21 14:41:34.655 63695 INFO tempest.lib.common.rest_client [req-2ec68618-a18e-45bf-ae2a-34ee4b7e0fc8 req-2ec68618-a18e-45bf-ae2a-34ee4b7e0fc8 ] Request (AttachVolumeShelveTestJSON:test_attach_volume_shelved_or_offload_server): 200 GET http://10.180.1.21/compute/v2.1/servers/c32e2032-623b-4e2c-b1bd-cc44a0f6d5ab 0.363s
2025-07-21 14:41:34.672 63635 INFO tempest.lib.common.rest_client [req-151577be-082f-4fd0-942f-b63fb26054f8 req-151577be-082f-4fd0-942f-b63fb26054f8 ] Request (ServerTagsTestJSON:test_create_delete_tag): 200 GET http://10.180.1.21/compute/v2.1/servers/fc50a5c0-b486-424c-af05-650f31d9595b/tags 0.374s
2025-07-21 14:41:34.686 63627 INFO tempest.lib.common.rest_client [req-2bb66440-a9ae-4705-9e55-c1bfc71a6501 req-2bb66440-a9ae-4705-9e55-c1bfc71a6501 ] Request (ServersTestMultiNic:test_verify_duplicate_network_nics): 200 GET http://10.180.1.21/compute/v2.1/servers/a7ebffc9-b9df-49a3-83aa-bb4436cffd95 0.536s
2025-07-21 14:41:34.733 63648 INFO tempest.lib.common.rest_client [req-5a2eb7a8-d949-4b46-a59a-83f24cec1c2b req-5a2eb7a8-d949-4b46-a59a-83f24cec1c2b ] Request (DeleteServersAdminTestJSON:test_delete_server_while_in_error_state): 200 GET http://10.180.1.21/compute/v2.1/servers/1c272ef4-b27d-4f7e-8b08-a49f40a3cb3d 0.426s
2025-07-21 14:41:34.739 63623 INFO tempest.lib.common.rest_client [req-f1759d0f-a1c5-476d-835c-010b4c908f8c req-f1759d0f-a1c5-476d-835c-010b4c908f8c ] Request (MultipleCreateTestJSON:test_multiple_create_with_reservation_return): 200 GET http://10.180.1.21/compute/v2.1/servers/5e43cd98-f6ad-4f80-948f-00fbff73b684 0.392s
2025-07-21 14:41:34.791 63617 INFO tempest.lib.common.rest_client [req-4a0e96c3-0863-461a-b3c1-cc6937f97513 req-4a0e96c3-0863-461a-b3c1-cc6937f97513 ] Request (ServerAddressesNegativeTestJSON:setUpClass): 200 GET http://10.180.1.21/compute/v2.1/servers/9190b8ee-1921-4917-b6ba-d61a797e5ac7 0.429s
2025-07-21 14:41:34.801 63633 INFO tempest.lib.common.rest_client [req-59c39cb5-2641-4e23-b254-37f02cda3783 req-59c39cb5-2641-4e23-b254-37f02cda3783 ] Request (ServersAdminNegativeTestJSON:tearDownClass): 200 GET http://10.180.1.21/compute/v2.1/servers/d57768bf-d0e6-419d-80c5-060b3aacba5b 0.392s
2025-07-21 14:41:34.848 63625 INFO tempest.lib.common.rest_client [req-e11c27d0-1e3f-41e3-aed7-a84f149bbd62 req-e11c27d0-1e3f-41e3-aed7-a84f149bbd62 ] Request (AttachInterfacesUnderV243Test:test_add_remove_fixed_ip): 200 GET http://10.180.1.21/compute/v2.1/servers/a5847616-58ea-4742-93f2-5c5e7a0f6a2b 0.397s
2025-07-21 14:41:35.057 63693 INFO tempest.lib.common.rest_client [req-e7a57167-c365-4016-b4d3-3c2d8223336c req-e7a57167-c365-4016-b4d3-3c2d8223336c ] Request (SecurityGroupRulesNegativeTestJSON:tearDownClass): 202 DELETE http://10.180.1.21/compute/v2.1/os-security-groups/05e9c8fe-6f8c-40d3-a514-2887adff7067 0.526s
2025-07-21 14:41:35.134 63657 INFO tempest.lib.common.rest_client [req-39f2af9b-357f-48f0-8e31-6a63e1a44bb4 req-39f2af9b-357f-48f0-8e31-6a63e1a44bb4 ] Request (ImagesOneServerNegativeTestJSON:_run_cleanups): 200 GET http://10.180.1.21/compute/v2.1/servers/cc7f4540-dc8b-4b4a-90f2-9e7d29cd1f16 0.596s
2025-07-21 14:41:35.165 63703 INFO tempest.lib.common.rest_client [req-f5a48284-53d0-426b-9a8a-8a264bfde6da req-f5a48284-53d0-426b-9a8a-8a264bfde6da ] Request (MigrationsAdminTest:test_resize_server_revert_deleted_flavor): 202 POST http://10.180.1.21/compute/v2.1/servers 0.651s
2025-07-21 14:41:35.197 63706 INFO tempest.lib.common.rest_client [req-d55bad1b-fc87-41fc-9060-2f0df480ba86 req-d55bad1b-fc87-41fc-9060-2f0df480ba86 ] Request (AttachInterfacesV270Test:test_create_get_list_interfaces): 200 GET http://10.180.1.21/compute/v2.1/servers/562fe130-6f25-4af2-930b-c06e64de786e 0.539s
2025-07-21 14:41:35.207 63635 INFO tempest.lib.common.rest_client [req-654f3fdb-90a7-4ad1-beb2-0517724bf302 req-654f3fdb-90a7-4ad1-beb2-0517724bf302 ] Request (ServerTagsTestJSON:_run_cleanups): 204 DELETE http://10.180.1.21/compute/v2.1/servers/fc50a5c0-b486-424c-af05-650f31d9595b/tags 0.533s
2025-07-21 14:41:35.250 63672 INFO tempest.lib.common.rest_client [req-a78b7fbd-ef61-416b-a17e-031d11d5e4e2 req-a78b7fbd-ef61-416b-a17e-031d11d5e4e2 ] Request (AttachVolumeTestJSON:test_attach_detach_volume): 200 GET http://10.180.1.21/compute/v2.1/servers/ee3b53cc-1ac2-40bc-934d-89a25659d047 0.532s
2025-07-21 14:41:35.313 63701 INFO tempest.lib.common.rest_client [req-5d68cda6-6844-4332-9afd-9386affd8a22 req-5d68cda6-6844-4332-9afd-9386affd8a22 ] Request (ImagesNegativeTestJSON:test_create_image_from_deleted_server): 200 GET http://10.180.1.21/compute/v2.1/servers/44732039-3298-4b19-af37-ea5a5bd6c181 0.360s
2025-07-21 14:41:35.390 63638 INFO tempest.lib.common.rest_client [req-be0e1418-2839-449a-9daa-6585315c731c req-be0e1418-2839-449a-9daa-6585315c731c ] Request (ServerActionsTestOtherA:setUpClass): 200 GET http://10.180.1.21/compute/v2.1/servers/ef0f3bae-003a-4507-9a72-2c5e375a1f26 0.475s
2025-07-21 14:41:35.400 63638 INFO tempest.common.waiters [-] State transition "BUILD/spawning" ==> "ACTIVE/None" after 79 second wait
2025-07-21 14:41:35.451 63621 INFO tempest.lib.common.rest_client [req-961cd207-58ad-412a-ac3c-21efcbc428a9 req-961cd207-58ad-412a-ac3c-21efcbc428a9 ] Request (SecurityGroupsTestJSON:test_server_security_groups): 200 GET http://10.180.1.21/compute/v2.1/servers/a8b29def-4e67-41a1-8727-f7be343d6087 0.445s
2025-07-21 14:41:35.479 63691 INFO tempest.lib.common.rest_client [req-2eb7373f-3670-4ea8-ba4a-6c7cdb20d06d req-2eb7373f-3670-4ea8-ba4a-6c7cdb20d06d ] Request (InstanceActionsV221TestJSON:test_get_list_deleted_instance_actions): 200 GET http://10.180.1.21/compute/v2.1/servers/140495d7-00d9-4ab5-86f9-59ef7c708555 0.496s
2025-07-21 14:41:35.489 63691 INFO tempest.common.waiters [-] State transition "BUILD/networking" ==> "BUILD/spawning" after 63 second wait
2025-07-21 14:41:35.544 63631 INFO tempest.lib.common.rest_client [req-0d18ea01-69ae-4091-841d-d411185fd569 req-0d18ea01-69ae-4091-841d-d411185fd569 ] Request (ImagesTestJSON:test_create_image_from_stopped_server): 200 GET http://10.180.1.21/compute/v2.1/servers/c158029b-a216-4e9e-b2b3-f73d34c41f5b 0.482s
2025-07-21 14:41:35.605 63693 INFO tempest.lib.common.rest_client [req-6c836ec8-de29-4664-b51f-319d14a7f0a2 req-6c836ec8-de29-4664-b51f-319d14a7f0a2 ] Request (SecurityGroupRulesNegativeTestJSON:tearDownClass): 202 DELETE http://10.180.1.21/compute/v2.1/os-security-groups/386d7ab3-70c6-406a-9d67-668433de27c9 0.548s
2025-07-21 14:41:35.660 63713 INFO tempest.lib.common.rest_client [req-98c01392-ed37-4351-90c1-bccc795da424 req-98c01392-ed37-4351-90c1-bccc795da424 ] Request (ServerMetadataNegativeTestJSON:setUpClass): 200 GET http://10.180.1.21/compute/v2.1/servers/122f1c7e-ca09-4de2-a233-b2eed242e5c7 0.494s
2025-07-21 14:41:35.704 63703 INFO tempest.lib.common.rest_client [req-09081861-abad-46b4-9b52-787243fbf97e req-09081861-abad-46b4-9b52-787243fbf97e ] Request (MigrationsAdminTest:test_resize_server_revert_deleted_flavor): 200 GET http://10.180.1.21/compute/v2.1/servers/8d8956d2-9f0d-4e87-b1e4-13c4655cffd0 0.537s
2025-07-21 14:41:35.717 63717 INFO tempest.lib.common.rest_client [req-594f21cd-65a9-4332-b9a6-ad477cddf0a3 req-594f21cd-65a9-4332-b9a6-ad477cddf0a3 ] Request (FloatingIPsAssociationTestJSON:test_associate_already_associated_floating_ip): 200 GET http://10.180.1.21/compute/v2.1/servers/c11326c5-1647-4273-a28a-f59801f853cd 0.606s
2025-07-21 14:41:35.772 63619 INFO tempest.lib.common.rest_client [req-22f7ebb2-c9e5-4b8a-8154-33acf1aca186 req-22f7ebb2-c9e5-4b8a-8154-33acf1aca186 ] Request (ServersAdminTestJSON:test_create_server_with_scheduling_hint): 200 GET http://10.180.1.21/compute/v2.1/servers/a14a7775-1839-425f-956b-032f69e8318a 0.527s
2025-07-21 14:41:35.796 63635 INFO tempest.lib.common.rest_client [req-da711301-e79e-43d5-9a22-653d13f187b6 req-da711301-e79e-43d5-9a22-653d13f187b6 ] Request (ServerTagsTestJSON:test_delete_all_tags): 201 PUT http://10.180.1.21/compute/v2.1/servers/fc50a5c0-b486-424c-af05-650f31d9595b/tags/tempest-tag-2108353986 0.587s
2025-07-21 14:41:35.833 63715 INFO tempest.lib.common.rest_client [req-e82285e3-b681-406d-a7f0-d4124bf3e6d8 req-e82285e3-b681-406d-a7f0-d4124bf3e6d8 ] Request (AttachInterfacesTestJSON:test_create_list_show_delete_interfaces_by_fixed_ip): 200 GET http://10.180.1.21/compute/v2.1/servers/63fdefbc-a279-4c6c-9300-46d450da723b 0.588s
2025-07-21 14:41:35.858 63709 INFO tempest.lib.common.rest_client [req-4a726dae-ad44-496c-913d-43c6aa651b17 req-4a726dae-ad44-496c-913d-43c6aa651b17 ] Request (ServerRescueTestJSON:setUpClass): 200 GET http://10.180.1.21/compute/v2.1/servers/59535977-6d53-43fc-95c4-f4409235f7ec 0.550s
2025-07-21 14:41:36.166 63711 INFO tempest.lib.common.rest_client [req-4d7cb83d-a881-4615-b3bf-7f925aa33280 req-4d7cb83d-a881-4615-b3bf-7f925aa33280 ] Request (ServersAaction247Test:test_create_backup): 200 GET http://10.180.1.21/compute/v2.1/servers/3aefd062-76d6-46d3-851d-2d03717c503d 0.806s
2025-07-21 14:41:36.170 63655 INFO tempest.lib.common.rest_client [req-b9f56eeb-dba4-4164-9e57-95dd9de91a1b req-b9f56eeb-dba4-4164-9e57-95dd9de91a1b ] Request (ServerDiagnosticsNegativeTest:tearDownClass): 200 GET http://10.180.1.21/compute/v2.1/servers/fb2f6d4c-4099-4108-93f7-5e5c537f2a19 0.781s
2025-07-21 14:41:36.248 63721 INFO tempest.lib.common.rest_client [req-59b0d01c-01f6-4f97-928d-c3f383575303 req-59b0d01c-01f6-4f97-928d-c3f383575303 ] Request (ImagesOneServerTestJSON:setUpClass): 200 GET http://10.180.1.21/compute/v2.1/servers/ab6975de-1411-4af2-848e-fb957595f115 0.839s
2025-07-21 14:41:36.258 63638 INFO tempest.lib.common.rest_client [req-23bb0711-c583-46c8-865a-da104d35af8b req-23bb0711-c583-46c8-865a-da104d35af8b ] Request (ServerActionsTestOtherA:setUpClass): 200 GET http://10.180.1.21/compute/v2.1/servers/ef0f3bae-003a-4507-9a72-2c5e375a1f26/os-interface 0.858s
2025-07-21 14:41:36.341 63643 INFO tempest.lib.common.rest_client [req-f27cbb42-4fb6-4a11-a115-e3b8d07a2359 req-f27cbb42-4fb6-4a11-a115-e3b8d07a2359 ] Request (ServerDiagnosticsTest:tearDownClass): 200 GET http://10.180.1.21/compute/v2.1/servers/8ce39460-37a3-442d-9bdc-a0542e86c2f1 0.732s
2025-07-21 14:41:36.344 63695 INFO tempest.lib.common.rest_client [req-86858e5e-9efc-4327-866e-6fc5399fbc70 req-86858e5e-9efc-4327-866e-6fc5399fbc70 ] Request (AttachVolumeShelveTestJSON:test_attach_volume_shelved_or_offload_server): 200 GET http://10.180.1.21/compute/v2.1/servers/c32e2032-623b-4e2c-b1bd-cc44a0f6d5ab 0.677s
2025-07-21 14:41:36.416 63627 INFO tempest.lib.common.rest_client [req-cc0aedfe-36db-4ac0-baa9-5965f15b4717 req-cc0aedfe-36db-4ac0-baa9-5965f15b4717 ] Request (ServersTestMultiNic:test_verify_duplicate_network_nics): 200 GET http://10.180.1.21/compute/v2.1/servers/a7ebffc9-b9df-49a3-83aa-bb4436cffd95 0.721s
2025-07-21 14:41:36.425 63648 INFO tempest.lib.common.rest_client [req-524f95a4-3dc5-429a-acfd-692f2ed9f08b req-524f95a4-3dc5-429a-acfd-692f2ed9f08b ] Request (DeleteServersAdminTestJSON:test_delete_server_while_in_error_state): 200 GET http://10.180.1.21/compute/v2.1/servers/1c272ef4-b27d-4f7e-8b08-a49f40a3cb3d 0.682s
2025-07-21 14:41:36.483 63635 INFO tempest.lib.common.rest_client [req-d4282334-e137-4551-84b5-5d3d2b1beb16 req-d4282334-e137-4551-84b5-5d3d2b1beb16 ] Request (ServerTagsTestJSON:test_delete_all_tags): 201 PUT http://10.180.1.21/compute/v2.1/servers/fc50a5c0-b486-424c-af05-650f31d9595b/tags/tempest-tag-934546513 0.687s
2025-07-21 14:41:36.488 63623 INFO tempest.lib.common.rest_client [req-c39e5c27-ec46-4d64-a3d3-fbe066c4a35c req-c39e5c27-ec46-4d64-a3d3-fbe066c4a35c ] Request (MultipleCreateTestJSON:test_multiple_create_with_reservation_return): 200 GET http://10.180.1.21/compute/v2.1/servers/5e43cd98-f6ad-4f80-948f-00fbff73b684 0.738s
2025-07-21 14:41:36.496 63623 INFO tempest.common.waiters [-] State transition "BUILD/scheduling" ==> "BUILD/None" after 45 second wait
2025-07-21 14:41:36.531 63693 INFO tempest.lib.common.rest_client [req-46ea112d-611a-4432-8c05-5666fbf37977 req-46ea112d-611a-4432-8c05-5666fbf37977 ] Request (SecurityGroupRulesNegativeTestJSON:tearDownClass): 200 PUT http://10.180.1.21:9696/networking/v2.0/routers/c6166931-c1ad-4d2f-9a98-037c7658c85c/remove_router_interface 0.926s
2025-07-21 14:41:36.561 63617 INFO tempest.lib.common.rest_client [req-338d2ac1-94aa-41a3-9532-8cd207f61f8e req-338d2ac1-94aa-41a3-9532-8cd207f61f8e ] Request (ServerAddressesNegativeTestJSON:setUpClass): 200 GET http://10.180.1.21/compute/v2.1/servers/9190b8ee-1921-4917-b6ba-d61a797e5ac7 0.761s
2025-07-21 14:41:36.575 63633 INFO tempest.lib.common.rest_client [req-fad0f409-23b8-4d59-a229-66f99f006961 req-fad0f409-23b8-4d59-a229-66f99f006961 ] Request (ServersAdminNegativeTestJSON:tearDownClass): 200 GET http://10.180.1.21/compute/v2.1/servers/d57768bf-d0e6-419d-80c5-060b3aacba5b 0.763s
2025-07-21 14:41:36.629 63625 INFO tempest.lib.common.rest_client [req-34a38061-5487-4bf4-9723-ad87cf52a62e req-34a38061-5487-4bf4-9723-ad87cf52a62e ] Request (AttachInterfacesUnderV243Test:test_add_remove_fixed_ip): 200 GET http://10.180.1.21/compute/v2.1/servers/a5847616-58ea-4742-93f2-5c5e7a0f6a2b 0.769s
2025-07-21 14:41:36.650 63719 WARNING tempest.lib.common.ssh [-] Failed to establish authenticated ssh connection to cirros@10.180.180.251 ([Errno None] Unable to connect to port 22 on 10.180.180.251). Number attempts: 1. Retry after 2 seconds.: paramiko.ssh_exception.NoValidConnectionsError: [Errno None] Unable to connect to port 22 on 10.180.180.251
2025-07-21 14:41:36.669 63657 INFO tempest.lib.common.rest_client [req-2ef9e2c8-3d5d-4a0c-a1ed-902a64e35cd7 req-2ef9e2c8-3d5d-4a0c-a1ed-902a64e35cd7 ] Request (ImagesOneServerNegativeTestJSON:_run_cleanups): 200 GET http://10.180.1.21/compute/v2.1/servers/cc7f4540-dc8b-4b4a-90f2-9e7d29cd1f16 0.527s
2025-07-21 14:41:36.699 63706 INFO tempest.lib.common.rest_client [req-b05119a8-17b4-462a-966f-01405af2eb5b req-b05119a8-17b4-462a-966f-01405af2eb5b ] Request (AttachInterfacesV270Test:test_create_get_list_interfaces): 200 GET http://10.180.1.21/compute/v2.1/servers/562fe130-6f25-4af2-930b-c06e64de786e 0.488s
2025-07-21 14:41:36.733 63672 INFO tempest.lib.common.rest_client [req-c61ff9d4-6df0-4845-9e16-4503ec4a42c1 req-c61ff9d4-6df0-4845-9e16-4503ec4a42c1 ] Request (AttachVolumeTestJSON:test_attach_detach_volume): 200 GET http://10.180.1.21/compute/v2.1/servers/ee3b53cc-1ac2-40bc-934d-89a25659d047 0.475s
2025-07-21 14:41:36.750 63701 INFO tempest.lib.common.rest_client [req-a9b71677-8ea8-491a-8b52-ec9923be2516 req-a9b71677-8ea8-491a-8b52-ec9923be2516 ] Request (ImagesNegativeTestJSON:test_create_image_from_deleted_server): 200 GET http://10.180.1.21/compute/v2.1/servers/44732039-3298-4b19-af37-ea5a5bd6c181 0.425s
2025-07-21 14:41:36.796 63621 INFO tempest.lib.common.rest_client [req-f8237869-5b04-4704-a5fb-bea3d75d8f71 req-f8237869-5b04-4704-a5fb-bea3d75d8f71 ] Request (SecurityGroupsTestJSON:test_server_security_groups): 200 GET http://10.180.1.21/compute/v2.1/servers/a8b29def-4e67-41a1-8727-f7be343d6087 0.338s
2025-07-21 14:41:36.810 63635 INFO tempest.lib.common.rest_client [req-ef6161e2-9b5a-4c38-8724-24f1fd672188 req-ef6161e2-9b5a-4c38-8724-24f1fd672188 ] Request (ServerTagsTestJSON:test_delete_all_tags): 204 DELETE http://10.180.1.21/compute/v2.1/servers/fc50a5c0-b486-424c-af05-650f31d9595b/tags 0.325s
2025-07-21 14:41:36.888 63631 INFO tempest.lib.common.rest_client [req-b4e60d54-693e-44b2-a268-3f00df3f7d37 req-b4e60d54-693e-44b2-a268-3f00df3f7d37 ] Request (ImagesTestJSON:test_create_image_from_stopped_server): 200 GET http://10.180.1.21/compute/v2.1/servers/c158029b-a216-4e9e-b2b3-f73d34c41f5b 0.336s
2025-07-21 14:41:36.939 63693 INFO tempest.lib.common.rest_client [req-21db33b0-a1c4-491f-acce-8702501a2d96 req-21db33b0-a1c4-491f-acce-8702501a2d96 ] Request (SecurityGroupRulesNegativeTestJSON:tearDownClass): 204 DELETE http://10.180.1.21:9696/networking/v2.0/routers/c6166931-c1ad-4d2f-9a98-037c7658c85c 0.407s
2025-07-21 14:41:36.970 63713 INFO tempest.lib.common.rest_client [req-1e0732f8-afd9-40c6-90a2-e65bada274a6 req-1e0732f8-afd9-40c6-90a2-e65bada274a6 ] Request (ServerMetadataNegativeTestJSON:setUpClass): 200 GET http://10.180.1.21/compute/v2.1/servers/122f1c7e-ca09-4de2-a233-b2eed242e5c7 0.302s
2025-07-21 14:41:36.979 63691 INFO tempest.lib.common.rest_client [req-ee9dfc72-a7b4-4198-ae61-523785a22e17 req-ee9dfc72-a7b4-4198-ae61-523785a22e17 ] Request (InstanceActionsV221TestJSON:test_get_list_deleted_instance_actions): 200 GET http://10.180.1.21/compute/v2.1/servers/140495d7-00d9-4ab5-86f9-59ef7c708555 0.489s
2025-07-21 14:41:37.039 63703 INFO tempest.lib.common.rest_client [req-4c31a424-1d15-41a8-bfcc-4faa796e20b1 req-4c31a424-1d15-41a8-bfcc-4faa796e20b1 ] Request (MigrationsAdminTest:test_resize_server_revert_deleted_flavor): 200 GET http://10.180.1.21/compute/v2.1/servers/8d8956d2-9f0d-4e87-b1e4-13c4655cffd0 0.328s
2025-07-21 14:41:37.042 63638 INFO tempest.lib.common.rest_client [req-69ffd079-3fa9-48d5-8128-b32c298935b0 req-69ffd079-3fa9-48d5-8128-b32c298935b0 ] Request (ServerActionsTestOtherA:setUpClass): 200 PUT http://10.180.1.21:9696/networking/v2.0/floatingips/828a382d-e875-4fdb-9aa7-fab458d11bda 0.781s
2025-07-21 14:41:37.044 63638 INFO tempest.lib.common.ssh [-] Creating ssh connection to '10.180.180.134:22' as 'cirros' with public key authentication
2025-07-21 14:41:37.090 63693 INFO tempest.lib.common.rest_client [req-f19275b6-5653-491e-854b-b20d74762dca req-f19275b6-5653-491e-854b-b20d74762dca ] Request (SecurityGroupRulesNegativeTestJSON:tearDownClass): 204 DELETE http://10.180.1.21:9696/networking/v2.0/subnets/5ccb63a1-9bed-478f-ae11-ec0e35a90518 0.151s
2025-07-21 14:41:37.105 63619 INFO tempest.lib.common.rest_client [req-6ecae2ee-6767-46cc-afca-6d29977bf0d4 req-6ecae2ee-6767-46cc-afca-6d29977bf0d4 ] Request (ServersAdminTestJSON:test_create_server_with_scheduling_hint): 200 GET http://10.180.1.21/compute/v2.1/servers/a14a7775-1839-425f-956b-032f69e8318a 0.324s
2025-07-21 14:41:37.124 63635 INFO tempest.lib.common.rest_client [req-483bab24-d3ef-4ed7-a4a1-0910fb9bc5cb req-483bab24-d3ef-4ed7-a4a1-0910fb9bc5cb ] Request (ServerTagsTestJSON:test_delete_all_tags): 200 GET http://10.180.1.21/compute/v2.1/servers/fc50a5c0-b486-424c-af05-650f31d9595b/tags 0.314s
2025-07-21 14:41:37.131 63717 INFO tempest.lib.common.rest_client [req-96cc915a-7ee3-4d98-96b2-fef71d7b2846 req-96cc915a-7ee3-4d98-96b2-fef71d7b2846 ] Request (FloatingIPsAssociationTestJSON:test_associate_already_associated_floating_ip): 200 GET http://10.180.1.21/compute/v2.1/servers/c11326c5-1647-4273-a28a-f59801f853cd 0.401s
2025-07-21 14:41:37.192 63709 INFO tempest.lib.common.rest_client [req-afaaac34-91cf-4239-aada-776317d7c99b req-afaaac34-91cf-4239-aada-776317d7c99b ] Request (ServerRescueTestJSON:setUpClass): 200 GET http://10.180.1.21/compute/v2.1/servers/59535977-6d53-43fc-95c4-f4409235f7ec 0.320s
2025-07-21 14:41:37.194 63715 INFO tempest.lib.common.rest_client [req-63182abc-5bb2-4c49-baa1-0c0fc00d8851 req-63182abc-5bb2-4c49-baa1-0c0fc00d8851 ] Request (AttachInterfacesTestJSON:test_create_list_show_delete_interfaces_by_fixed_ip): 200 GET http://10.180.1.21/compute/v2.1/servers/63fdefbc-a279-4c6c-9300-46d450da723b 0.345s
2025-07-21 14:41:37.252 63635 INFO tempest.lib.common.rest_client [req-f90bfef1-ed8f-4061-862d-95dce230624c req-f90bfef1-ed8f-4061-862d-95dce230624c ] Request (ServerTagsTestJSON:_run_cleanups): 204 DELETE http://10.180.1.21/compute/v2.1/servers/fc50a5c0-b486-424c-af05-650f31d9595b/tags 0.125s
2025-07-21 14:41:37.275 63711 INFO tempest.lib.common.rest_client [req-75dffdb4-e528-4aaf-a916-a60b2dc52e8b req-75dffdb4-e528-4aaf-a916-a60b2dc52e8b ] Request (ServersAaction247Test:test_create_backup): 200 GET http://10.180.1.21/compute/v2.1/servers/3aefd062-76d6-46d3-851d-2d03717c503d 0.099s
2025-07-21 14:41:37.280 63655 INFO tempest.lib.common.rest_client [req-e95ae877-e9d8-4071-8e92-7fd8874d42bb req-e95ae877-e9d8-4071-8e92-7fd8874d42bb ] Request (ServerDiagnosticsNegativeTest:tearDownClass): 404 GET http://10.180.1.21/compute/v2.1/servers/fb2f6d4c-4099-4108-93f7-5e5c537f2a19 0.095s
2025-07-21 14:41:37.299 63693 INFO tempest.lib.common.rest_client [req-bffe5840-3595-46f4-b94a-e825c7074aab req-bffe5840-3595-46f4-b94a-e825c7074aab ] Request (SecurityGroupRulesNegativeTestJSON:tearDownClass): 204 DELETE http://10.180.1.21:9696/networking/v2.0/networks/43547e0c-6120-4ad4-9493-2fb8676e20fa 0.208s
2025-07-21 14:41:37.338 63721 INFO tempest.lib.common.rest_client [req-8cda71ea-e08e-4c08-9f74-b9e6387f1436 req-8cda71ea-e08e-4c08-9f74-b9e6387f1436 ] Request (ImagesOneServerTestJSON:setUpClass): 200 GET http://10.180.1.21/compute/v2.1/servers/ab6975de-1411-4af2-848e-fb957595f115 0.081s
2025-07-21 14:41:37.345 63635 INFO tempest.lib.common.rest_client [req-22e3657c-423f-4787-b0ed-d5a7001c235f req-22e3657c-423f-4787-b0ed-d5a7001c235f ] Request (ServerTagsTestJSON:test_update_all_tags): 201 PUT http://10.180.1.21/compute/v2.1/servers/fc50a5c0-b486-424c-af05-650f31d9595b/tags/tempest-tag-993891946 0.092s
2025-07-21 14:41:37.375 63699 WARNING tempest.lib.common.ssh [-] Failed to establish authenticated ssh connection to cirros@10.180.180.241 ([Errno None] Unable to connect to port 22 on 10.180.180.241). Number attempts: 8. Retry after 9 seconds.: paramiko.ssh_exception.NoValidConnectionsError: [Errno None] Unable to connect to port 22 on 10.180.180.241
2025-07-21 14:41:37.437 63635 INFO tempest.lib.common.rest_client [req-c38481cb-3c50-43ea-adcf-f0bfa36b33ce req-c38481cb-3c50-43ea-adcf-f0bfa36b33ce ] Request (ServerTagsTestJSON:test_update_all_tags): 201 PUT http://10.180.1.21/compute/v2.1/servers/fc50a5c0-b486-424c-af05-650f31d9595b/tags/tempest-tag-1311298826 0.092s
2025-07-21 14:41:37.439 63693 INFO tempest.lib.common.rest_client [req-19d33044-e45a-4aab-8b2b-c419d10ef3fb req-19d33044-e45a-4aab-8b2b-c419d10ef3fb ] Request (SecurityGroupRulesNegativeTestJSON:tearDownClass): 204 DELETE http://10.180.1.21/identity/v3/users/5edf4e0570604b2ba8753667e861b538 0.139s
2025-07-21 14:41:37.439 63693 INFO tempest.lib.common.dynamic_creds [-] Deleting project and security group for project: 8b8ec3fbb09342efbe40aa068c45d20b
2025-07-21 14:41:37.446 63643 INFO tempest.lib.common.rest_client [req-1c14bfeb-0351-42bf-bf97-123de7cb2fcd req-1c14bfeb-0351-42bf-bf97-123de7cb2fcd ] Request (ServerDiagnosticsTest:tearDownClass): 200 GET http://10.180.1.21/compute/v2.1/servers/8ce39460-37a3-442d-9bdc-a0542e86c2f1 0.094s
2025-07-21 14:41:37.449 63655 INFO tempest.lib.common.rest_client [req-39ef4170-886b-468e-81cf-8e857e9fd79a req-39ef4170-886b-468e-81cf-8e857e9fd79a ] Request (ServerDiagnosticsNegativeTest:tearDownClass): 204 DELETE http://10.180.1.21/identity/v3/users/30adc7162ec6496cb27ba8b3cefcc837 0.168s
2025-07-21 14:41:37.475 63693 INFO tempest.lib.common.rest_client [req-39203cf0-74ce-479d-9d48-3f024df0b804 req-39203cf0-74ce-479d-9d48-3f024df0b804 ] Request (SecurityGroupRulesNegativeTestJSON:tearDownClass): 200 GET http://10.180.1.21:9696/networking/v2.0/security-groups?tenant_id=8b8ec3fbb09342efbe40aa068c45d20b&name=default 0.035s
2025-07-21 14:41:37.504 63695 INFO tempest.lib.common.rest_client [req-f7c1aa25-37b4-4c71-85b8-dc0a442498b8 req-f7c1aa25-37b4-4c71-85b8-dc0a442498b8 ] Request (AttachVolumeShelveTestJSON:test_attach_volume_shelved_or_offload_server): 200 GET http://10.180.1.21/compute/v2.1/servers/c32e2032-623b-4e2c-b1bd-cc44a0f6d5ab 0.142s
2025-07-21 14:41:37.530 63627 INFO tempest.lib.common.rest_client [req-22e416a8-ae83-40a1-8894-7f7b70df7fd3 req-22e416a8-ae83-40a1-8894-7f7b70df7fd3 ] Request (ServersTestMultiNic:test_verify_duplicate_network_nics): 200 GET http://10.180.1.21/compute/v2.1/servers/a7ebffc9-b9df-49a3-83aa-bb4436cffd95 0.101s
2025-07-21 14:41:37.581 63648 INFO tempest.lib.common.rest_client [req-24b0d11b-8543-4005-a29b-2db6a2305c19 req-24b0d11b-8543-4005-a29b-2db6a2305c19 ] Request (DeleteServersAdminTestJSON:test_delete_server_while_in_error_state): 200 GET http://10.180.1.21/compute/v2.1/servers/1c272ef4-b27d-4f7e-8b08-a49f40a3cb3d 0.144s
2025-07-21 14:41:37.586 63635 INFO tempest.lib.common.rest_client [req-730894c5-8255-4ba5-a653-d00e9d28e6db req-730894c5-8255-4ba5-a653-d00e9d28e6db ] Request (ServerTagsTestJSON:test_update_all_tags): 200 PUT http://10.180.1.21/compute/v2.1/servers/fc50a5c0-b486-424c-af05-650f31d9595b/tags 0.147s
2025-07-21 14:41:37.661 63623 INFO tempest.lib.common.rest_client [req-da78bf7d-2b6b-4d88-8c9e-41269388b443 req-da78bf7d-2b6b-4d88-8c9e-41269388b443 ] Request (MultipleCreateTestJSON:test_multiple_create_with_reservation_return): 200 GET http://10.180.1.21/compute/v2.1/servers/5e43cd98-f6ad-4f80-948f-00fbff73b684 0.163s
2025-07-21 14:41:37.668 63617 INFO tempest.lib.common.rest_client [req-6b8c3b3e-4de6-4a4c-96d1-5c3c4baa9375 req-6b8c3b3e-4de6-4a4c-96d1-5c3c4baa9375 ] Request (ServerAddressesNegativeTestJSON:setUpClass): 200 GET http://10.180.1.21/compute/v2.1/servers/9190b8ee-1921-4917-b6ba-d61a797e5ac7 0.093s
2025-07-21 14:41:37.688 63635 INFO tempest.lib.common.rest_client [req-e3e25a73-232e-4442-9fdc-57a46b6d0e7f req-e3e25a73-232e-4442-9fdc-57a46b6d0e7f ] Request (ServerTagsTestJSON:test_update_all_tags): 200 GET http://10.180.1.21/compute/v2.1/servers/fc50a5c0-b486-424c-af05-650f31d9595b/tags 0.101s
2025-07-21 14:41:37.706 63693 INFO tempest.lib.common.rest_client [req-3955c36d-5861-4431-93e0-a73815b5a086 req-3955c36d-5861-4431-93e0-a73815b5a086 ] Request (SecurityGroupRulesNegativeTestJSON:tearDownClass): 204 DELETE http://10.180.1.21:9696/networking/v2.0/security-groups/a0692498-d981-45d4-8d90-4e7dc809119e 0.231s
2025-07-21 14:41:37.712 63655 INFO tempest.lib.common.rest_client [req-c62318d3-900c-4eb2-9bd6-3f0d7e0e4fec req-c62318d3-900c-4eb2-9bd6-3f0d7e0e4fec ] Request (ServerDiagnosticsNegativeTest:tearDownClass): 204 DELETE http://10.180.1.21/identity/v3/users/70cd88e50d20429991ebecb9952743d2 0.262s
2025-07-21 14:41:37.712 63655 INFO tempest.lib.common.dynamic_creds [-] Deleting project and security group for project: f5647dfa701a4e358a82ac932a46b70f
2025-07-21 14:41:37.768 63625 INFO tempest.lib.common.rest_client [req-9c3feac9-88c1-40cf-a382-8043ed23a00c req-9c3feac9-88c1-40cf-a382-8043ed23a00c ] Request (AttachInterfacesUnderV243Test:test_add_remove_fixed_ip): 200 GET http://10.180.1.21/compute/v2.1/servers/a5847616-58ea-4742-93f2-5c5e7a0f6a2b 0.129s
2025-07-21 14:41:37.791 63633 INFO tempest.lib.common.rest_client [req-25b7638f-b261-4a8d-9657-f30a04f982e9 req-25b7638f-b261-4a8d-9657-f30a04f982e9 ] Request (ServersAdminNegativeTestJSON:tearDownClass): 200 GET http://10.180.1.21/compute/v2.1/servers/d57768bf-d0e6-419d-80c5-060b3aacba5b 0.202s
2025-07-21 14:41:37.799 63655 INFO tempest.lib.common.rest_client [req-675adf15-57b4-4857-8a0f-543cfc1c4cbb req-675adf15-57b4-4857-8a0f-543cfc1c4cbb ] Request (ServerDiagnosticsNegativeTest:tearDownClass): 201 POST http://10.180.1.21/identity/v3/auth/tokens 0.086s
2025-07-21 14:41:37.834 63635 INFO tempest.lib.common.rest_client [req-a0ccaded-9229-47f8-93df-1ca2227be125 req-a0ccaded-9229-47f8-93df-1ca2227be125 ] Request (ServerTagsTestJSON:_run_cleanups): 204 DELETE http://10.180.1.21/compute/v2.1/servers/fc50a5c0-b486-424c-af05-650f31d9595b/tags 0.145s
2025-07-21 14:41:37.838 63693 INFO tempest.lib.common.rest_client [req-fcc6b496-314d-4c20-86db-dacd71fd16ec req-fcc6b496-314d-4c20-86db-dacd71fd16ec ] Request (SecurityGroupRulesNegativeTestJSON:tearDownClass): 204 DELETE http://10.180.1.21/identity/v3/projects/8b8ec3fbb09342efbe40aa068c45d20b 0.132s
2025-07-21 14:41:37.839 63693 INFO tempest.test [-] raised in ServerStableDeviceRescueTestIDE.setUpClass. Invoking tearDownClass.
2025-07-21 14:41:37.857 63657 INFO tempest.lib.common.rest_client [req-e03ee16f-2e45-42a4-91ea-e36b6ec52690 req-e03ee16f-2e45-42a4-91ea-e36b6ec52690 ] Request (ImagesOneServerNegativeTestJSON:_run_cleanups): 200 GET http://10.180.1.21/compute/v2.1/servers/cc7f4540-dc8b-4b4a-90f2-9e7d29cd1f16 0.176s
2025-07-21 14:41:37.918 63693 INFO tempest.lib.common.rest_client [req-cf1bb9b0-d29d-44eb-8221-71527810fa9b req-cf1bb9b0-d29d-44eb-8221-71527810fa9b ] Request (ServersListShow296Test:setUpClass): 201 POST http://10.180.1.21/identity/v3/auth/tokens 0.076s
2025-07-21 14:41:37.946 63706 INFO tempest.lib.common.rest_client [req-6c3d7538-74a2-456d-af4c-f23fee4e6bc2 req-6c3d7538-74a2-456d-af4c-f23fee4e6bc2 ] Request (AttachInterfacesV270Test:test_create_get_list_interfaces): 200 GET http://10.180.1.21/compute/v2.1/servers/562fe130-6f25-4af2-930b-c06e64de786e 0.236s
2025-07-21 14:41:37.952 63693 INFO tempest.lib.common.rest_client [req-8df216db-5283-4702-a60a-acbc80f49ed8 req-8df216db-5283-4702-a60a-acbc80f49ed8 ] Request (ServersListShow296Test:setUpClass): 201 POST http://10.180.1.21/identity/v3/auth/tokens 0.031s
2025-07-21 14:41:37.954 63672 INFO tempest.lib.common.rest_client [req-83486b09-38a6-4c18-b850-ff4f8a02e59f req-83486b09-38a6-4c18-b850-ff4f8a02e59f ] Request (AttachVolumeTestJSON:test_attach_detach_volume): 200 GET http://10.180.1.21/compute/v2.1/servers/ee3b53cc-1ac2-40bc-934d-89a25659d047 0.208s
2025-07-21 14:41:37.980 63693 INFO tempest.lib.common.rest_client [req-c238be45-622b-4452-91f2-80132c847482 req-c238be45-622b-4452-91f2-80132c847482 ] Request (ServersListShow296Test:setUpClass): 200 GET http://10.180.1.21/identity/v3/domains?name=Default 0.027s
2025-07-21 14:41:37.998 63655 INFO tempest.lib.common.rest_client [req-4ec2789a-7937-482f-95ac-0a9f1a41634b req-4ec2789a-7937-482f-95ac-0a9f1a41634b ] Request (ServerDiagnosticsNegativeTest:tearDownClass): 200 GET http://10.180.1.21:9696/networking/v2.0/security-groups?tenant_id=f5647dfa701a4e358a82ac932a46b70f&name=default 0.199s
2025-07-21 14:41:38.024 63693 INFO tempest.lib.common.rest_client [req-1ad59eba-0b51-4634-8c47-4902fad879fe req-1ad59eba-0b51-4634-8c47-4902fad879fe ] Request (ServersListShow296Test:setUpClass): 201 POST http://10.180.1.21/identity/v3/projects 0.043s
2025-07-21 14:41:38.025 63621 INFO tempest.lib.common.rest_client [req-47736d40-4338-4d8c-b57e-288a61386b79 req-47736d40-4338-4d8c-b57e-288a61386b79 ] Request (SecurityGroupsTestJSON:test_server_security_groups): 200 GET http://10.180.1.21/compute/v2.1/servers/a8b29def-4e67-41a1-8727-f7be343d6087 0.214s
2025-07-21 14:41:38.037 63701 INFO tempest.lib.common.rest_client [req-7b452c8f-2496-4f7c-a307-b5ba3668fd5a req-7b452c8f-2496-4f7c-a307-b5ba3668fd5a ] Request (ImagesNegativeTestJSON:test_create_image_from_deleted_server): 200 GET http://10.180.1.21/compute/v2.1/servers/44732039-3298-4b19-af37-ea5a5bd6c181 0.279s
2025-07-21 14:41:38.108 63631 INFO tempest.lib.common.rest_client [req-e8d6796d-8111-42c1-bdb5-b0d52507a446 req-e8d6796d-8111-42c1-bdb5-b0d52507a446 ] Request (ImagesTestJSON:test_create_image_from_stopped_server): 200 GET http://10.180.1.21/compute/v2.1/servers/c158029b-a216-4e9e-b2b3-f73d34c41f5b 0.208s
2025-07-21 14:41:38.118 63693 INFO tempest.lib.common.rest_client [req-47d903c4-9665-4d9c-a036-a74d848bedb6 req-47d903c4-9665-4d9c-a036-a74d848bedb6 ] Request (ServersListShow296Test:setUpClass): 201 POST http://10.180.1.21/identity/v3/users 0.094s
2025-07-21 14:41:38.125 63655 INFO tempest.lib.common.rest_client [req-0296395f-378c-4836-9ba0-ace9a8d0dfbe req-0296395f-378c-4836-9ba0-ace9a8d0dfbe ] Request (ServerDiagnosticsNegativeTest:tearDownClass): 204 DELETE http://10.180.1.21:9696/networking/v2.0/security-groups/6b53a905-2b1f-419b-a575-4c0309a672da 0.126s
2025-07-21 14:41:38.141 63635 INFO tempest.lib.common.rest_client [req-2d15939d-3e33-4885-b7c0-f795c37669f6 req-2d15939d-3e33-4885-b7c0-f795c37669f6 ] Request (ServerTagsTestJSON:tearDownClass): 204 DELETE http://10.180.1.21/compute/v2.1/servers/fc50a5c0-b486-424c-af05-650f31d9595b 0.301s
2025-07-21 14:41:38.156 63693 INFO tempest.lib.common.rest_client [req-9fd6011d-1fce-47e8-9681-4563c7be5534 req-9fd6011d-1fce-47e8-9681-4563c7be5534 ] Request (ServersListShow296Test:setUpClass): 200 GET http://10.180.1.21/identity/v3/roles 0.034s
2025-07-21 14:41:38.177 63713 INFO tempest.lib.common.rest_client [req-aee6005e-1c6a-4efd-a568-ec9c41692930 req-aee6005e-1c6a-4efd-a568-ec9c41692930 ] Request (ServerMetadataNegativeTestJSON:setUpClass): 200 GET http://10.180.1.21/compute/v2.1/servers/122f1c7e-ca09-4de2-a233-b2eed242e5c7 0.192s
2025-07-21 14:41:38.193 63693 INFO tempest.lib.common.rest_client [req-074b398f-19e9-4abf-b7ce-42bfbad2bea8 req-074b398f-19e9-4abf-b7ce-42bfbad2bea8 ] Request (ServersListShow296Test:setUpClass): 204 PUT http://10.180.1.21/identity/v3/projects/e70441b49a9447bda1a4efceedbdd165/users/a11ad19bca9d4c97917bfed160a66007/roles/134950a8f693437695eec691e5eab466 0.036s
2025-07-21 14:41:38.193 63693 INFO tempest.lib.common.dynamic_creds [-] Dynamic test user a11ad19bca9d4c97917bfed160a66007 is created with scope project and roles: ['member']
2025-07-21 14:41:38.193 63693 INFO tempest.lib.common.dynamic_creds [-] Acquired dynamic creds: credentials: Credentials: {'domain_id': 'default', 'domain_name': 'Default', 'username': 'tempest-ServersListShow296Test-1087533187-project-member', 'project_domain_id': 'default', 'project_domain_name': 'Default', 'project_id': 'e70441b49a9447bda1a4efceedbdd165', 'project_name': 'tempest-ServersListShow296Test-1087533187', 'tenant_id': 'e70441b49a9447bda1a4efceedbdd165', 'tenant_name': 'tempest-ServersListShow296Test-1087533187', 'user_domain_id': 'default', 'user_domain_name': 'Default', 'user_id': 'a11ad19bca9d4c97917bfed160a66007', 'system': None}, Network: None, Subnet: None, Router: None
2025-07-21 14:41:38.193 63693 INFO tempest.lib.common.dynamic_creds [-] Created isolated network resources for: credentials: Credentials: {'domain_id': 'default', 'domain_name': 'Default', 'username': 'tempest-ServersListShow296Test-1087533187-project-member', 'project_domain_id': 'default', 'project_domain_name': 'Default', 'project_id': 'e70441b49a9447bda1a4efceedbdd165', 'project_name': 'tempest-ServersListShow296Test-1087533187', 'tenant_id': 'e70441b49a9447bda1a4efceedbdd165', 'tenant_name': 'tempest-ServersListShow296Test-1087533187', 'user_domain_id': 'default', 'user_domain_name': 'Default', 'user_id': 'a11ad19bca9d4c97917bfed160a66007', 'system': None}, Network: None, Subnet: None, Router: None
2025-07-21 14:41:38.219 63655 INFO tempest.lib.common.rest_client [req-64471fe8-55e6-4b05-93da-b16b2b41c4e4 req-64471fe8-55e6-4b05-93da-b16b2b41c4e4 ] Request (ServerDiagnosticsNegativeTest:tearDownClass): 204 DELETE http://10.180.1.21/identity/v3/projects/f5647dfa701a4e358a82ac932a46b70f 0.093s
2025-07-21 14:41:38.219 63655 INFO tempest.lib.common.dynamic_creds [-] Deleting project and security group for project: 4e5e47ac76bc4ba09e134ec4b1be606f
2025-07-21 14:41:38.240 63703 INFO tempest.lib.common.rest_client [req-7259e2c4-08fa-46a4-8bac-41cce494dca4 req-7259e2c4-08fa-46a4-8bac-41cce494dca4 ] Request (MigrationsAdminTest:test_resize_server_revert_deleted_flavor): 200 GET http://10.180.1.21/compute/v2.1/servers/8d8956d2-9f0d-4e87-b1e4-13c4655cffd0 0.187s
2025-07-21 14:41:38.262 63691 INFO tempest.lib.common.rest_client [req-1c34f63f-4d17-428e-a150-27445ce50a77 req-1c34f63f-4d17-428e-a150-27445ce50a77 ] Request (InstanceActionsV221TestJSON:test_get_list_deleted_instance_actions): 200 GET http://10.180.1.21/compute/v2.1/servers/140495d7-00d9-4ab5-86f9-59ef7c708555 0.269s
2025-07-21 14:41:38.267 63693 INFO tempest.lib.common.rest_client [req-b77294d2-70cf-4f70-af83-3dbfa6521895 req-b77294d2-70cf-4f70-af83-3dbfa6521895 ] Request (ServersListShow296Test:setUpClass): 201 POST http://10.180.1.21/identity/v3/auth/tokens 0.069s
2025-07-21 14:41:38.287 63619 INFO tempest.lib.common.rest_client [req-c143b91f-98a1-49dc-9aef-5d9755a75fff req-c143b91f-98a1-49dc-9aef-5d9755a75fff ] Request (ServersAdminTestJSON:test_create_server_with_scheduling_hint): 200 GET http://10.180.1.21/compute/v2.1/servers/a14a7775-1839-425f-956b-032f69e8318a 0.174s
2025-07-21 14:41:38.312 63693 INFO tempest.lib.common.rest_client [req-96e60697-cbb4-45b6-ad7e-62cec3a73818 req-96e60697-cbb4-45b6-ad7e-62cec3a73818 ] Request (ServersListShow296Test:test_list_show_update_rebuild_server_296): 201 POST http://10.180.1.21/identity/v3/auth/tokens 0.037s
2025-07-21 14:41:38.313 63693 INFO tempest.lib.common.fixed_network [-] (ServersListShow296Test:test_list_show_update_rebuild_server_296) Found network None available for tenant
2025-07-21 14:41:38.329 63655 INFO tempest.lib.common.rest_client [req-110f0a04-cf07-42dd-820b-3e83158e3f4a req-110f0a04-cf07-42dd-820b-3e83158e3f4a ] Request (ServerDiagnosticsNegativeTest:tearDownClass): 200 GET http://10.180.1.21:9696/networking/v2.0/security-groups?tenant_id=4e5e47ac76bc4ba09e134ec4b1be606f&name=default 0.110s
2025-07-21 14:41:38.398 63717 INFO tempest.lib.common.rest_client [req-71efdeeb-2adf-4dde-91a3-7b834e455444 req-71efdeeb-2adf-4dde-91a3-7b834e455444 ] Request (FloatingIPsAssociationTestJSON:test_associate_already_associated_floating_ip): 200 GET http://10.180.1.21/compute/v2.1/servers/c11326c5-1647-4273-a28a-f59801f853cd 0.257s
2025-07-21 14:41:38.404 63655 INFO tempest.lib.common.rest_client [req-0258d04e-c21f-4f51-9af2-9a41a3eb2a66 req-0258d04e-c21f-4f51-9af2-9a41a3eb2a66 ] Request (ServerDiagnosticsNegativeTest:tearDownClass): 204 DELETE http://10.180.1.21:9696/networking/v2.0/security-groups/9f46d71b-6b5d-4434-862a-0f625c176ee3 0.074s
2025-07-21 14:41:38.437 63635 INFO tempest.lib.common.rest_client [req-eb649dc2-9f67-4133-b732-3c7baff14a3c req-eb649dc2-9f67-4133-b732-3c7baff14a3c ] Request (ServerTagsTestJSON:tearDownClass): 200 GET http://10.180.1.21/compute/v2.1/servers/fc50a5c0-b486-424c-af05-650f31d9595b 0.296s
2025-07-21 14:41:38.456 63715 INFO tempest.lib.common.rest_client [req-d8d69c83-32c4-473d-870d-0370308636f6 req-d8d69c83-32c4-473d-870d-0370308636f6 ] Request (AttachInterfacesTestJSON:test_create_list_show_delete_interfaces_by_fixed_ip): 200 GET http://10.180.1.21/compute/v2.1/servers/63fdefbc-a279-4c6c-9300-46d450da723b 0.254s
2025-07-21 14:41:38.489 63709 INFO tempest.lib.common.rest_client [req-9dd1ca0e-cd27-4f8e-a8d9-7bb9112d958d req-9dd1ca0e-cd27-4f8e-a8d9-7bb9112d958d ] Request (ServerRescueTestJSON:setUpClass): 200 GET http://10.180.1.21/compute/v2.1/servers/59535977-6d53-43fc-95c4-f4409235f7ec 0.285s
2025-07-21 14:41:38.516 63711 INFO tempest.lib.common.rest_client [req-54405f91-8ca3-47c9-abe5-a2a8df582cf4 req-54405f91-8ca3-47c9-abe5-a2a8df582cf4 ] Request (ServersAaction247Test:test_create_backup): 200 GET http://10.180.1.21/compute/v2.1/servers/3aefd062-76d6-46d3-851d-2d03717c503d 0.222s
2025-07-21 14:41:38.523 63655 INFO tempest.lib.common.rest_client [req-f5346912-0b38-4acf-abc8-baeef87d03bf req-f5346912-0b38-4acf-abc8-baeef87d03bf ] Request (ServerDiagnosticsNegativeTest:tearDownClass): 204 DELETE http://10.180.1.21/identity/v3/projects/4e5e47ac76bc4ba09e134ec4b1be606f 0.118s
2025-07-21 14:41:38.589 63721 INFO tempest.lib.common.rest_client [req-f0c18db7-c862-4c5e-96fb-058538c95a42 req-f0c18db7-c862-4c5e-96fb-058538c95a42 ] Request (ImagesOneServerTestJSON:setUpClass): 200 GET http://10.180.1.21/compute/v2.1/servers/ab6975de-1411-4af2-848e-fb957595f115 0.236s
2025-07-21 14:41:38.603 63655 INFO tempest.lib.common.rest_client [req-84ed6071-f7f8-4583-ab3d-0f5540e00991 req-84ed6071-f7f8-4583-ab3d-0f5540e00991 ] Request (ListImageFiltersTestJSON:setUpClass): 201 POST http://10.180.1.21/identity/v3/auth/tokens 0.076s
2025-07-21 14:41:38.637 63655 INFO tempest.lib.common.rest_client [req-a7c03ec7-c0c5-4dae-b722-7a81e7bf2c02 req-a7c03ec7-c0c5-4dae-b722-7a81e7bf2c02 ] Request (ListImageFiltersTestJSON:setUpClass): 201 POST http://10.180.1.21/identity/v3/auth/tokens 0.031s
2025-07-21 14:41:38.657 63643 INFO tempest.lib.common.rest_client [req-81c80d19-b745-461e-b998-4f03fbd5983d req-81c80d19-b745-461e-b998-4f03fbd5983d ] Request (ServerDiagnosticsTest:tearDownClass): 200 GET http://10.180.1.21/compute/v2.1/servers/8ce39460-37a3-442d-9bdc-a0542e86c2f1 0.196s
2025-07-21 14:41:38.663 63655 INFO tempest.lib.common.rest_client [req-ac3c17d1-887a-46f2-a030-b2760560846c req-ac3c17d1-887a-46f2-a030-b2760560846c ] Request (ListImageFiltersTestJSON:setUpClass): 200 GET http://10.180.1.21/identity/v3/domains?name=Default 0.025s
2025-07-21 14:41:38.702 63655 INFO tempest.lib.common.rest_client [req-c666a02a-9c34-4d97-8ff9-689bea2b5d10 req-c666a02a-9c34-4d97-8ff9-689bea2b5d10 ] Request (ListImageFiltersTestJSON:setUpClass): 201 POST http://10.180.1.21/identity/v3/projects 0.038s
2025-07-21 14:41:38.714 63695 INFO tempest.lib.common.rest_client [req-2bd1f29a-b37a-4eca-afea-fd1786817f18 req-2bd1f29a-b37a-4eca-afea-fd1786817f18 ] Request (AttachVolumeShelveTestJSON:test_attach_volume_shelved_or_offload_server): 200 GET http://10.180.1.21/compute/v2.1/servers/c32e2032-623b-4e2c-b1bd-cc44a0f6d5ab 0.200s
2025-07-21 14:41:38.770 63627 INFO tempest.lib.common.rest_client [req-9645a585-9340-40cb-b5c9-ae655714b933 req-9645a585-9340-40cb-b5c9-ae655714b933 ] Request (ServersTestMultiNic:test_verify_duplicate_network_nics): 200 GET http://10.180.1.21/compute/v2.1/servers/a7ebffc9-b9df-49a3-83aa-bb4436cffd95 0.226s
2025-07-21 14:41:38.775 63655 INFO tempest.lib.common.rest_client [req-13e66564-3f61-4f17-8e49-807bf5a2ed7c req-13e66564-3f61-4f17-8e49-807bf5a2ed7c ] Request (ListImageFiltersTestJSON:setUpClass): 201 POST http://10.180.1.21/identity/v3/users 0.072s
2025-07-21 14:41:38.783 63693 INFO tempest.lib.common.rest_client [req-6758d07b-c6cf-4188-8c9a-e8cfbcaaa04d req-6758d07b-c6cf-4188-8c9a-e8cfbcaaa04d ] Request (ServersListShow296Test:test_list_show_update_rebuild_server_296): 202 POST http://10.180.1.21/compute/v2.1/servers 0.470s
2025-07-21 14:41:38.806 63655 INFO tempest.lib.common.rest_client [req-b7380fd2-ca37-4435-9669-f887f87ac001 req-b7380fd2-ca37-4435-9669-f887f87ac001 ] Request (ListImageFiltersTestJSON:setUpClass): 200 GET http://10.180.1.21/identity/v3/roles 0.031s
2025-07-21 14:41:38.848 63648 INFO tempest.lib.common.rest_client [req-8f8bc518-a6fc-46db-8b8c-91764ee97ba3 req-8f8bc518-a6fc-46db-8b8c-91764ee97ba3 ] Request (DeleteServersAdminTestJSON:test_delete_server_while_in_error_state): 200 GET http://10.180.1.21/compute/v2.1/servers/1c272ef4-b27d-4f7e-8b08-a49f40a3cb3d 0.255s
2025-07-21 14:41:38.878 63655 INFO tempest.lib.common.rest_client [req-619988c2-c951-4495-bfce-67e509168839 req-619988c2-c951-4495-bfce-67e509168839 ] Request (ListImageFiltersTestJSON:setUpClass): 204 PUT http://10.180.1.21/identity/v3/projects/06517e0d07d94064b7e730ed6ea1ec37/users/381e7933923a4a208c9d6e24561f6c2e/roles/134950a8f693437695eec691e5eab466 0.071s
2025-07-21 14:41:38.878 63655 INFO tempest.lib.common.dynamic_creds [-] Dynamic test user 381e7933923a4a208c9d6e24561f6c2e is created with scope project and roles: ['member']
2025-07-21 14:41:38.879 63655 INFO tempest.lib.common.dynamic_creds [-] Acquired dynamic creds: credentials: Credentials: {'domain_id': 'default', 'domain_name': 'Default', 'username': 'tempest-ListImageFiltersTestJSON-271287105-project-member', 'project_domain_id': 'default', 'project_domain_name': 'Default', 'project_id': '06517e0d07d94064b7e730ed6ea1ec37', 'project_name': 'tempest-ListImageFiltersTestJSON-271287105', 'tenant_id': '06517e0d07d94064b7e730ed6ea1ec37', 'tenant_name': 'tempest-ListImageFiltersTestJSON-271287105', 'user_domain_id': 'default', 'user_domain_name': 'Default', 'user_id': '381e7933923a4a208c9d6e24561f6c2e', 'system': None}, Network: None, Subnet: None, Router: None
2025-07-21 14:41:38.879 63655 INFO tempest.lib.common.dynamic_creds [-] Created isolated network resources for: credentials: Credentials: {'domain_id': 'default', 'domain_name': 'Default', 'username': 'tempest-ListImageFiltersTestJSON-271287105-project-member', 'project_domain_id': 'default', 'project_domain_name': 'Default', 'project_id': '06517e0d07d94064b7e730ed6ea1ec37', 'project_name': 'tempest-ListImageFiltersTestJSON-271287105', 'tenant_id': '06517e0d07d94064b7e730ed6ea1ec37', 'tenant_name': 'tempest-ListImageFiltersTestJSON-271287105', 'user_domain_id': 'default', 'user_domain_name': 'Default', 'user_id': '381e7933923a4a208c9d6e24561f6c2e', 'system': None}, Network: None, Subnet: None, Router: None
2025-07-21 14:41:38.893 63623 INFO tempest.lib.common.rest_client [req-7d87d381-df63-49f9-b359-c502fd40186f req-7d87d381-df63-49f9-b359-c502fd40186f ] Request (MultipleCreateTestJSON:test_multiple_create_with_reservation_return): 200 GET http://10.180.1.21/compute/v2.1/servers/5e43cd98-f6ad-4f80-948f-00fbff73b684 0.223s
2025-07-21 14:41:38.921 63617 INFO tempest.lib.common.rest_client [req-d4585e3a-0c27-48fe-96ca-82eaa89ebda4 req-d4585e3a-0c27-48fe-96ca-82eaa89ebda4 ] Request (ServerAddressesNegativeTestJSON:setUpClass): 200 GET http://10.180.1.21/compute/v2.1/servers/9190b8ee-1921-4917-b6ba-d61a797e5ac7 0.244s
2025-07-21 14:41:38.959 63625 INFO tempest.lib.common.rest_client [req-020683ea-6b78-43e6-ba2f-60c69af6df78 req-020683ea-6b78-43e6-ba2f-60c69af6df78 ] Request (AttachInterfacesUnderV243Test:test_add_remove_fixed_ip): 200 GET http://10.180.1.21/compute/v2.1/servers/a5847616-58ea-4742-93f2-5c5e7a0f6a2b 0.180s
2025-07-21 14:41:38.994 63655 INFO tempest.lib.common.rest_client [req-7b28d2ba-ecfe-45c4-81ac-f6751f8b48f2 req-7b28d2ba-ecfe-45c4-81ac-f6751f8b48f2 ] Request (ListImageFiltersTestJSON:setUpClass): 201 POST http://10.180.1.21/identity/v3/auth/tokens 0.111s
