2025-07-18 15:34:12.458 62744 INFO tempest.lib.common.rest_client [req-8f1701c7-94b5-411d-b310-bf0e3d6f9f3a req-8f1701c7-94b5-411d-b310-bf0e3d6f9f3a ] Request (ServersTestFqdnHostnames:test_create_server_with_fqdn_name): 200 GET http://10.180.1.21/compute/v2.1/servers/a9eb98c9-73cd-453f-9d6f-f6fe5e0a6c0f 0.071s
2025-07-18 15:34:12.474 62718 INFO tempest.lib.common.rest_client [req-61088b89-413e-4c1a-89d6-6a8626ed012b req-61088b89-413e-4c1a-89d6-6a8626ed012b ] Request (ServerExternalEventsTest:test_create_server_external_events): 200 GET http://10.180.1.21/compute/v2.1/servers/e41d1a8c-ad7e-4151-9745-04318b007dfa 0.161s
2025-07-18 15:34:12.508 62754 INFO tempest.lib.common.rest_client [req-814f6fdd-2162-4b21-a3a6-09f041b9188d req-814f6fdd-2162-4b21-a3a6-09f041b9188d ] Request (MultipleCreateTestJSON:test_multiple_create): 200 GET http://10.180.1.21/compute/v2.1/servers/380bc9c3-8bba-4f26-b938-e4e74543261c 0.074s
2025-07-18 15:34:12.554 62766 INFO tempest.lib.common.rest_client [req-c7082327-51e2-4b13-90d2-c50c6502c370 req-c7082327-51e2-4b13-90d2-c50c6502c370 ] Request (FloatingIPsAssociationTestJSON:setUpClass): 200 GET http://10.180.1.21/compute/v2.1/servers/d271fa1d-d7f3-4abf-9b5f-69396c4c128c 0.073s
2025-07-18 15:34:12.578 62756 INFO tempest.lib.common.rest_client [req-ba0d8b47-64fb-458c-8809-afc997dbb4ab req-ba0d8b47-64fb-458c-8809-afc997dbb4ab ] Request (ServerAddressesTestJSON:setUpClass): 200 GET http://10.180.1.21/compute/v2.1/servers/1f9496b6-ff55-473d-8b82-d1e4e3afe0f1 0.132s
2025-07-18 15:34:12.600 62726 INFO tempest.lib.common.rest_client [req-eae55c9b-3676-4965-9507-7d391d16c5c8 req-eae55c9b-3676-4965-9507-7d391d16c5c8 ] Request (MigrationsAdminTest:test_list_migrations_in_flavor_resize_situation): 200 GET http://10.180.1.21/compute/v2.1/servers/ab7da5f4-9460-4d70-a0e5-5a690284d0e0 0.073s
2025-07-18 15:34:12.624 62734 INFO tempest.lib.common.rest_client [req-1e6e267d-83b3-4129-a22d-bb10560f4a12 req-1e6e267d-83b3-4129-a22d-bb10560f4a12 ] Request (VolumesAdminNegativeTest:test_update_attached_volume_with_nonexistent_volume_in_body): 200 GET http://10.180.1.21/compute/v2.1/servers/02f37f91-5ee0-46bb-a5e2-ec8256c1f22c 0.050s
2025-07-18 15:34:12.688 62720 INFO tempest.lib.common.rest_client [req-b7feee71-7651-48f0-b05b-3153840a4b5c req-b7feee71-7651-48f0-b05b-3153840a4b5c ] Request (DeleteServersTestJSON:test_delete_active_server): 200 GET http://10.180.1.21/compute/v2.1/servers/6c3f0540-a722-4a13-9982-f40c2d6ce9b1 0.109s
2025-07-18 15:34:12.769 62768 INFO tempest.lib.common.rest_client [req-43faf768-8a5b-463a-b2a5-01e54fc97980 req-43faf768-8a5b-463a-b2a5-01e54fc97980 ] Request (ImagesNegativeTestJSON:test_create_image_from_deleted_server): 200 GET http://10.180.1.21/compute/v2.1/servers/1323e67f-17c6-4432-8eea-98c285745766 0.101s
2025-07-18 15:34:12.779 62760 INFO tempest.lib.common.rest_client [req-098b24a7-378d-4a1c-ae62-0042ab39b8a5 req-098b24a7-378d-4a1c-ae62-0042ab39b8a5 ] Request (TenantUsagesTestJSON:setUpClass): 200 GET http://10.180.1.21/compute/v2.1/servers/adf2f380-84ad-480b-aa9a-16b19c05a3f3 0.109s
2025-07-18 15:34:12.814 62738 INFO tempest.lib.common.rest_client [req-8e9cb1e9-e3f7-45da-bf45-e10fa52e2a7c req-8e9cb1e9-e3f7-45da-bf45-e10fa52e2a7c ] Request (ServerRescueTestJSON:setUpClass): 200 GET http://10.180.1.21/compute/v2.1/servers/4770186f-8bd4-455c-a21d-f79e2230fa4e 0.102s
2025-07-18 15:34:12.826 62728 INFO tempest.lib.common.rest_client [req-42ae239d-4141-4853-b59b-d1af51a9edcc req-42ae239d-4141-4853-b59b-d1af51a9edcc ] Request (ServersAdminNegativeTestJSON:setUpClass): 200 GET http://10.180.1.21/compute/v2.1/servers/9ea6880c-469b-4c66-927e-442a41e22163 0.105s
2025-07-18 15:34:12.861 62712 INFO tempest.lib.common.rest_client [req-640f43f7-c8ed-47c4-b4d1-8f22d8dc7e30 req-640f43f7-c8ed-47c4-b4d1-8f22d8dc7e30 ] Request (VolumesAssistedSnapshotsTest:test_volume_assisted_snapshot_create_delete): 200 GET http://10.180.1.21/compute/v2.1/servers/0524dc08-ac1a-4f56-b44a-adbb5a0b5038 0.102s
2025-07-18 15:34:12.871 62758 INFO tempest.lib.common.rest_client [req-53ce4a74-e8aa-4fff-b01f-efeade4acf02 req-53ce4a74-e8aa-4fff-b01f-efeade4acf02 ] Request (ServerDiagnosticsTest:test_get_server_diagnostics): 200 GET http://10.180.1.21/compute/v2.1/servers/a0b1a835-21b9-4d9d-a5d7-35479a8c4b6d 0.101s
2025-07-18 15:34:12.958 62762 INFO tempest.lib.common.rest_client [req-55f040b9-5a30-4e3b-99e5-fd96b8562635 req-55f040b9-5a30-4e3b-99e5-fd96b8562635 ] Request (ImagesOneServerTestJSON:setUpClass): 200 GET http://10.180.1.21/compute/v2.1/servers/187242f5-934b-4c1d-b8ac-2ce8c347351a 0.095s
2025-07-18 15:34:13.150 62752 INFO tempest.lib.common.rest_client [req-9d964a94-03ac-4260-8389-e5e69ea63807 req-9d964a94-03ac-4260-8389-e5e69ea63807 ] Request (AttachInterfacesV270Test:test_create_get_list_interfaces): 200 GET http://10.180.1.21/compute/v2.1/servers/760f3c9b-044d-4593-bc97-535ac09c3f3b 0.136s
2025-07-18 15:34:13.223 62736 INFO tempest.lib.common.rest_client [req-200515d8-b866-43a5-82b2-f0699bf3a2ac req-200515d8-b866-43a5-82b2-f0699bf3a2ac ] Request (ServersAdminTestJSON:setUpClass): 200 GET http://10.180.1.21/compute/v2.1/servers/ebd0c337-82cd-4d0a-9089-b9e2c72c417d 0.097s
2025-07-18 15:34:13.254 62748 INFO tempest.lib.common.rest_client [req-0ba119b8-b384-4ce2-af78-82b17b1ab11a req-0ba119b8-b384-4ce2-af78-82b17b1ab11a ] Request (SecurityGroupsTestJSON:test_list_security_groups_by_server): 200 GET http://10.180.1.21/compute/v2.1/servers/a918c107-526d-4cb7-a7dd-735a7d6420a4 0.112s
2025-07-18 15:34:13.270 62716 INFO tempest.lib.common.rest_client [req-9c699e95-15ed-4397-bd33-edcf7fc5fe20 req-9c699e95-15ed-4397-bd33-edcf7fc5fe20 ] Request (ServerDiagnosticsNegativeTest:test_get_server_diagnostics_by_non_admin): 200 GET http://10.180.1.21/compute/v2.1/servers/7620aead-4244-47ac-be0a-6614d03ec2c6 0.097s
2025-07-18 15:34:13.303 62714 INFO tempest.lib.common.rest_client [req-968b46af-95fd-4857-9721-c8a61f2e9e68 req-968b46af-95fd-4857-9721-c8a61f2e9e68 ] Request (ServerDiagnosticsV248Test:test_get_server_diagnostics): 200 GET http://10.180.1.21/compute/v2.1/servers/7c661fb6-abb7-486b-9188-f8d4dd6bb1a0 0.111s
2025-07-18 15:34:13.320 62732 INFO tempest.lib.common.rest_client [req-0d5cbc0f-049d-4a9c-9d6d-36a488bb8ff6 req-0d5cbc0f-049d-4a9c-9d6d-36a488bb8ff6 ] Request (InstanceActionsV221TestJSON:test_get_list_deleted_instance_actions): 200 GET http://10.180.1.21/compute/v2.1/servers/8ce40d44-062c-47cf-be36-d8ed6d924094 0.101s
2025-07-18 15:34:13.348 62764 INFO tempest.lib.common.rest_client [req-09974531-8d5a-4ea2-8a0d-94652fd78977 req-09974531-8d5a-4ea2-8a0d-94652fd78977 ] Request (ImagesTestJSON:test_create_image_from_stopped_server): 200 GET http://10.180.1.21/compute/v2.1/servers/0561164b-f3f9-446f-b597-4b6d16a32a00 0.110s
2025-07-18 15:34:13.367 62730 INFO tempest.lib.common.rest_client [req-5731763e-bde3-42d1-b1b7-e358a8a170b1 req-5731763e-bde3-42d1-b1b7-e358a8a170b1 ] Request (DeleteServersAdminTestJSON:test_delete_server_while_in_error_state): 200 GET http://10.180.1.21/compute/v2.1/servers/1e005b4d-7f94-4263-ba5d-303af209c408 0.104s
2025-07-18 15:34:13.394 62750 INFO tempest.lib.common.rest_client [req-3053e724-bd1e-42cb-9f81-ae274a37b07d req-3053e724-bd1e-42cb-9f81-ae274a37b07d ] Request (ImagesOneServerNegativeTestJSON:setUpClass): 200 GET http://10.180.1.21/compute/v2.1/servers/c60488a7-7d3b-49af-8b4d-9aad718a37a4 0.112s
2025-07-18 15:34:13.413 62740 INFO tempest.lib.common.rest_client [req-a368fe1c-b44c-4fd9-86bf-f7cd6477741e req-a368fe1c-b44c-4fd9-86bf-f7cd6477741e ] Request (AttachInterfacesUnderV243Test:test_add_remove_fixed_ip): 200 GET http://10.180.1.21/compute/v2.1/servers/327a282e-b502-4644-a152-0e77ec399fe7 0.106s
2025-07-18 15:34:13.445 62724 INFO tempest.lib.common.rest_client [req-85979556-3fe7-4d8b-b705-552e561f142d req-85979556-3fe7-4d8b-b705-552e561f142d ] Request (ServersAdmin275Test:test_rebuild_update_server_275): 200 GET http://10.180.1.21/compute/v2.1/servers/029e3122-7587-4675-b9d9-47cf8ffdbd1d 0.111s
2025-07-18 15:34:13.459 62742 INFO tempest.lib.common.rest_client [req-29fd7dd4-3481-4878-a664-43e74b828194 req-29fd7dd4-3481-4878-a664-43e74b828194 ] Request (ServerActionsTestJSON:setUpClass): 200 GET http://10.180.1.21/compute/v2.1/servers/da5c9742-9dba-4691-9bda-25858915857b 0.107s
2025-07-18 15:34:13.491 62746 INFO tempest.lib.common.rest_client [req-c95fbeb1-702c-453c-9e36-1fc75782eb60 req-c95fbeb1-702c-453c-9e36-1fc75782eb60 ] Request (ServersWithSpecificFlavorTestJSON:test_verify_created_server_ephemeral_disk): 200 GET http://10.180.1.21/compute/v2.1/servers/3d2bc5b9-cef1-4c45-a493-00a89bd2dfcf 0.113s
2025-07-18 15:34:13.507 62722 INFO tempest.lib.common.rest_client [req-8b8b7a4f-5444-4674-8f61-53902c7f4a28 req-8b8b7a4f-5444-4674-8f61-53902c7f4a28 ] Request (ServersTestBootFromVolume:setUpClass): 200 GET http://10.180.1.21/compute/v2.1/servers/a2008090-914b-448c-8c60-776d4032e091 0.086s
2025-07-18 15:34:13.539 62744 INFO tempest.lib.common.rest_client [req-80b9cfeb-a361-4fa3-8aa0-712dd2ebd174 req-80b9cfeb-a361-4fa3-8aa0-712dd2ebd174 ] Request (ServersTestFqdnHostnames:test_create_server_with_fqdn_name): 200 GET http://10.180.1.21/compute/v2.1/servers/a9eb98c9-73cd-453f-9d6f-f6fe5e0a6c0f 0.073s
2025-07-18 15:34:13.584 62754 INFO tempest.lib.common.rest_client [req-108862be-b88f-400a-b178-7531bfae887c req-108862be-b88f-400a-b178-7531bfae887c ] Request (MultipleCreateTestJSON:test_multiple_create): 200 GET http://10.180.1.21/compute/v2.1/servers/380bc9c3-8bba-4f26-b938-e4e74543261c 0.069s
2025-07-18 15:34:13.604 62718 INFO tempest.lib.common.rest_client [req-07665145-9602-471c-853b-1d72cf229c97 req-07665145-9602-471c-853b-1d72cf229c97 ] Request (ServerExternalEventsTest:test_create_server_external_events): 200 GET http://10.180.1.21/compute/v2.1/servers/e41d1a8c-ad7e-4151-9745-04318b007dfa 0.122s
2025-07-18 15:34:13.630 62766 INFO tempest.lib.common.rest_client [req-403da66d-5370-4329-99a0-417ef8b6ea44 req-403da66d-5370-4329-99a0-417ef8b6ea44 ] Request (FloatingIPsAssociationTestJSON:setUpClass): 200 GET http://10.180.1.21/compute/v2.1/servers/d271fa1d-d7f3-4abf-9b5f-69396c4c128c 0.068s
2025-07-18 15:34:13.674 62726 INFO tempest.lib.common.rest_client [req-c767b3b6-faa4-4f3c-904a-bdcc4210d95a req-c767b3b6-faa4-4f3c-904a-bdcc4210d95a ] Request (MigrationsAdminTest:test_list_migrations_in_flavor_resize_situation): 200 GET http://10.180.1.21/compute/v2.1/servers/ab7da5f4-9460-4d70-a0e5-5a690284d0e0 0.067s
2025-07-18 15:34:13.719 62734 INFO tempest.lib.common.rest_client [req-9ad3ecfb-8f3f-42a7-a1f2-0b06e982cde6 req-9ad3ecfb-8f3f-42a7-a1f2-0b06e982cde6 ] Request (VolumesAdminNegativeTest:test_update_attached_volume_with_nonexistent_volume_in_body): 200 GET http://10.180.1.21/compute/v2.1/servers/02f37f91-5ee0-46bb-a5e2-ec8256c1f22c 0.087s
2025-07-18 15:34:13.733 62756 INFO tempest.lib.common.rest_client [req-b2f78174-5727-4746-aa29-08095188ed52 req-b2f78174-5727-4746-aa29-08095188ed52 ] Request (ServerAddressesTestJSON:setUpClass): 200 GET http://10.180.1.21/compute/v2.1/servers/1f9496b6-ff55-473d-8b82-d1e4e3afe0f1 0.148s
2025-07-18 15:34:13.808 62720 INFO tempest.lib.common.rest_client [req-681d8cba-350b-41f0-8502-e43cd95008da req-681d8cba-350b-41f0-8502-e43cd95008da ] Request (DeleteServersTestJSON:test_delete_active_server): 200 GET http://10.180.1.21/compute/v2.1/servers/6c3f0540-a722-4a13-9982-f40c2d6ce9b1 0.111s
2025-07-18 15:34:13.870 62768 INFO tempest.lib.common.rest_client [req-bc75fdea-00be-4980-9a17-8808ef5253ee req-bc75fdea-00be-4980-9a17-8808ef5253ee ] Request (ImagesNegativeTestJSON:test_create_image_from_deleted_server): 200 GET http://10.180.1.21/compute/v2.1/servers/1323e67f-17c6-4432-8eea-98c285745766 0.094s
2025-07-18 15:34:13.917 62738 INFO tempest.lib.common.rest_client [req-15440f88-3af6-4039-bf06-28729e7420b3 req-15440f88-3af6-4039-bf06-28729e7420b3 ] Request (ServerRescueTestJSON:setUpClass): 200 GET http://10.180.1.21/compute/v2.1/servers/4770186f-8bd4-455c-a21d-f79e2230fa4e 0.095s
2025-07-18 15:34:13.942 62760 INFO tempest.lib.common.rest_client [req-fd66d91f-aa7d-49a4-a8eb-a236d644f95d req-fd66d91f-aa7d-49a4-a8eb-a236d644f95d ] Request (TenantUsagesTestJSON:setUpClass): 200 GET http://10.180.1.21/compute/v2.1/servers/adf2f380-84ad-480b-aa9a-16b19c05a3f3 0.155s
2025-07-18 15:34:13.966 62728 INFO tempest.lib.common.rest_client [req-f496a5e8-f448-4c76-a6a1-38d4d8860d94 req-f496a5e8-f448-4c76-a6a1-38d4d8860d94 ] Request (ServersAdminNegativeTestJSON:setUpClass): 200 GET http://10.180.1.21/compute/v2.1/servers/9ea6880c-469b-4c66-927e-442a41e22163 0.132s
2025-07-18 15:34:13.998 62712 INFO tempest.lib.common.rest_client [req-3c040da9-c93a-43ef-bd29-0c0ef9cadf51 req-3c040da9-c93a-43ef-bd29-0c0ef9cadf51 ] Request (VolumesAssistedSnapshotsTest:test_volume_assisted_snapshot_create_delete): 200 GET http://10.180.1.21/compute/v2.1/servers/0524dc08-ac1a-4f56-b44a-adbb5a0b5038 0.129s
2025-07-18 15:34:14.015 62758 INFO tempest.lib.common.rest_client [req-18a4ab05-795e-4025-827f-d07eb47145cd req-18a4ab05-795e-4025-827f-d07eb47145cd ] Request (ServerDiagnosticsTest:test_get_server_diagnostics): 200 GET http://10.180.1.21/compute/v2.1/servers/a0b1a835-21b9-4d9d-a5d7-35479a8c4b6d 0.135s
2025-07-18 15:34:14.089 62762 INFO tempest.lib.common.rest_client [req-080e587b-8f0a-4fdc-bebf-5061d7052822 req-080e587b-8f0a-4fdc-bebf-5061d7052822 ] Request (ImagesOneServerTestJSON:setUpClass): 200 GET http://10.180.1.21/compute/v2.1/servers/187242f5-934b-4c1d-b8ac-2ce8c347351a 0.123s
2025-07-18 15:34:14.301 62752 INFO tempest.lib.common.rest_client [req-b3db189f-c44b-44a4-9658-c9c5777887a5 req-b3db189f-c44b-44a4-9658-c9c5777887a5 ] Request (AttachInterfacesV270Test:test_create_get_list_interfaces): 200 GET http://10.180.1.21/compute/v2.1/servers/760f3c9b-044d-4593-bc97-535ac09c3f3b 0.141s
2025-07-18 15:34:14.365 62736 INFO tempest.lib.common.rest_client [req-cea79fa9-6723-42e3-90ae-66aa83a51c02 req-cea79fa9-6723-42e3-90ae-66aa83a51c02 ] Request (ServersAdminTestJSON:setUpClass): 200 GET http://10.180.1.21/compute/v2.1/servers/ebd0c337-82cd-4d0a-9089-b9e2c72c417d 0.134s
2025-07-18 15:34:14.411 62716 INFO tempest.lib.common.rest_client [req-f07b45b3-c8f7-4b29-96ce-62a8a94930c2 req-f07b45b3-c8f7-4b29-96ce-62a8a94930c2 ] Request (ServerDiagnosticsNegativeTest:test_get_server_diagnostics_by_non_admin): 200 GET http://10.180.1.21/compute/v2.1/servers/7620aead-4244-47ac-be0a-6614d03ec2c6 0.134s
2025-07-18 15:34:14.430 62748 INFO tempest.lib.common.rest_client [req-f7034e04-2cea-46bf-98ed-a21ddb431612 req-f7034e04-2cea-46bf-98ed-a21ddb431612 ] Request (SecurityGroupsTestJSON:test_list_security_groups_by_server): 200 GET http://10.180.1.21/compute/v2.1/servers/a918c107-526d-4cb7-a7dd-735a7d6420a4 0.168s
2025-07-18 15:34:14.457 62714 INFO tempest.lib.common.rest_client [req-ab6b7477-90c2-480c-b1d1-647dd27397b7 req-ab6b7477-90c2-480c-b1d1-647dd27397b7 ] Request (ServerDiagnosticsV248Test:test_get_server_diagnostics): 200 GET http://10.180.1.21/compute/v2.1/servers/7c661fb6-abb7-486b-9188-f8d4dd6bb1a0 0.145s
2025-07-18 15:34:14.477 62732 INFO tempest.lib.common.rest_client [req-58deab71-8f96-4ae5-bd8f-c175ce74994a req-58deab71-8f96-4ae5-bd8f-c175ce74994a ] Request (InstanceActionsV221TestJSON:test_get_list_deleted_instance_actions): 200 GET http://10.180.1.21/compute/v2.1/servers/8ce40d44-062c-47cf-be36-d8ed6d924094 0.148s
2025-07-18 15:34:14.503 62764 INFO tempest.lib.common.rest_client [req-97db0e77-00c7-4eeb-91e1-c3cc874d6ef6 req-97db0e77-00c7-4eeb-91e1-c3cc874d6ef6 ] Request (ImagesTestJSON:test_create_image_from_stopped_server): 200 GET http://10.180.1.21/compute/v2.1/servers/0561164b-f3f9-446f-b597-4b6d16a32a00 0.147s
2025-07-18 15:34:14.526 62730 INFO tempest.lib.common.rest_client [req-0a60ff4b-43b5-4cb0-8f99-22330f6de796 req-0a60ff4b-43b5-4cb0-8f99-22330f6de796 ] Request (DeleteServersAdminTestJSON:test_delete_server_while_in_error_state): 200 GET http://10.180.1.21/compute/v2.1/servers/1e005b4d-7f94-4263-ba5d-303af209c408 0.152s
2025-07-18 15:34:14.551 62750 INFO tempest.lib.common.rest_client [req-3f2b877a-9c44-4a06-8270-4e58a48a492e req-3f2b877a-9c44-4a06-8270-4e58a48a492e ] Request (ImagesOneServerNegativeTestJSON:setUpClass): 200 GET http://10.180.1.21/compute/v2.1/servers/c60488a7-7d3b-49af-8b4d-9aad718a37a4 0.149s
2025-07-18 15:34:14.572 62740 INFO tempest.lib.common.rest_client [req-f013afdd-8f2a-45bc-bf67-005f8398712b req-f013afdd-8f2a-45bc-bf67-005f8398712b ] Request (AttachInterfacesUnderV243Test:test_add_remove_fixed_ip): 200 GET http://10.180.1.21/compute/v2.1/servers/327a282e-b502-4644-a152-0e77ec399fe7 0.151s
2025-07-18 15:34:14.600 62724 INFO tempest.lib.common.rest_client [req-0672dfa6-c740-45d0-b843-9c3a81065fcf req-0672dfa6-c740-45d0-b843-9c3a81065fcf ] Request (ServersAdmin275Test:test_rebuild_update_server_275): 200 GET http://10.180.1.21/compute/v2.1/servers/029e3122-7587-4675-b9d9-47cf8ffdbd1d 0.145s
2025-07-18 15:34:14.617 62742 INFO tempest.lib.common.rest_client [req-8cc8d6de-e38b-4a76-ae42-067a61b51085 req-8cc8d6de-e38b-4a76-ae42-067a61b51085 ] Request (ServerActionsTestJSON:setUpClass): 200 GET http://10.180.1.21/compute/v2.1/servers/da5c9742-9dba-4691-9bda-25858915857b 0.149s
2025-07-18 15:34:14.646 62746 INFO tempest.lib.common.rest_client [req-606c86a3-a697-4db1-a6fa-430d30e48d6e req-606c86a3-a697-4db1-a6fa-430d30e48d6e ] Request (ServersWithSpecificFlavorTestJSON:test_verify_created_server_ephemeral_disk): 200 GET http://10.180.1.21/compute/v2.1/servers/3d2bc5b9-cef1-4c45-a493-00a89bd2dfcf 0.147s
2025-07-18 15:34:14.666 62722 INFO tempest.lib.common.rest_client [req-d2e75773-6def-4712-9271-cdb47fb6b937 req-d2e75773-6def-4712-9271-cdb47fb6b937 ] Request (ServersTestBootFromVolume:setUpClass): 200 GET http://10.180.1.21/compute/v2.1/servers/a2008090-914b-448c-8c60-776d4032e091 0.151s
2025-07-18 15:34:14.699 62744 INFO tempest.lib.common.rest_client [req-b0ac51f5-f184-42b5-b96f-0ecc4a34adc6 req-b0ac51f5-f184-42b5-b96f-0ecc4a34adc6 ] Request (ServersTestFqdnHostnames:test_create_server_with_fqdn_name): 200 GET http://10.180.1.21/compute/v2.1/servers/a9eb98c9-73cd-453f-9d6f-f6fe5e0a6c0f 0.153s
2025-07-18 15:34:14.712 62754 INFO tempest.lib.common.rest_client [req-d79c6df1-702c-4558-9987-0bc0c36646c9 req-d79c6df1-702c-4558-9987-0bc0c36646c9 ] Request (MultipleCreateTestJSON:test_multiple_create): 200 GET http://10.180.1.21/compute/v2.1/servers/380bc9c3-8bba-4f26-b938-e4e74543261c 0.120s
2025-07-18 15:34:14.761 62766 INFO tempest.lib.common.rest_client [req-ce8f5a45-88db-4484-9dcb-c80cefeb6987 req-ce8f5a45-88db-4484-9dcb-c80cefeb6987 ] Request (FloatingIPsAssociationTestJSON:setUpClass): 200 GET http://10.180.1.21/compute/v2.1/servers/d271fa1d-d7f3-4abf-9b5f-69396c4c128c 0.123s
2025-07-18 15:34:14.804 62718 INFO tempest.lib.common.rest_client [req-9b0b5de4-6666-49cb-a35d-56c647194d7e req-9b0b5de4-6666-49cb-a35d-56c647194d7e ] Request (ServerExternalEventsTest:test_create_server_external_events): 200 GET http://10.180.1.21/compute/v2.1/servers/e41d1a8c-ad7e-4151-9745-04318b007dfa 0.192s
2025-07-18 15:34:14.814 62726 INFO tempest.lib.common.rest_client [req-6ad098d6-73d6-45c5-920c-ab3b2dfccae5 req-6ad098d6-73d6-45c5-920c-ab3b2dfccae5 ] Request (MigrationsAdminTest:test_list_migrations_in_flavor_resize_situation): 200 GET http://10.180.1.21/compute/v2.1/servers/ab7da5f4-9460-4d70-a0e5-5a690284d0e0 0.132s
2025-07-18 15:34:14.851 62734 INFO tempest.lib.common.rest_client [req-b866caba-9c1c-4df4-bbfe-c57a562d1f5e req-b866caba-9c1c-4df4-bbfe-c57a562d1f5e ] Request (VolumesAdminNegativeTest:test_update_attached_volume_with_nonexistent_volume_in_body): 200 GET http://10.180.1.21/compute/v2.1/servers/02f37f91-5ee0-46bb-a5e2-ec8256c1f22c 0.125s
2025-07-18 15:34:14.905 62756 INFO tempest.lib.common.rest_client [req-33546af6-6cda-4f1d-94a1-dbe2d0a7411a req-33546af6-6cda-4f1d-94a1-dbe2d0a7411a ] Request (ServerAddressesTestJSON:setUpClass): 200 GET http://10.180.1.21/compute/v2.1/servers/1f9496b6-ff55-473d-8b82-d1e4e3afe0f1 0.163s
2025-07-18 15:34:14.949 62720 INFO tempest.lib.common.rest_client [req-4b97f9d3-8805-4d72-9caa-d7a6ff41dce7 req-4b97f9d3-8805-4d72-9caa-d7a6ff41dce7 ] Request (DeleteServersTestJSON:test_delete_active_server): 200 GET http://10.180.1.21/compute/v2.1/servers/6c3f0540-a722-4a13-9982-f40c2d6ce9b1 0.132s
2025-07-18 15:34:15.037 62768 INFO tempest.lib.common.rest_client [req-c81c219c-f75f-4c1f-a230-59198e70beb9 req-c81c219c-f75f-4c1f-a230-59198e70beb9 ] Request (ImagesNegativeTestJSON:test_create_image_from_deleted_server): 200 GET http://10.180.1.21/compute/v2.1/servers/1323e67f-17c6-4432-8eea-98c285745766 0.159s
2025-07-18 15:34:15.129 62760 INFO tempest.lib.common.rest_client [req-79cfe95e-b153-4305-97b8-5493435de30e req-79cfe95e-b153-4305-97b8-5493435de30e ] Request (TenantUsagesTestJSON:setUpClass): 200 GET http://10.180.1.21/compute/v2.1/servers/adf2f380-84ad-480b-aa9a-16b19c05a3f3 0.179s
2025-07-18 15:34:15.177 62728 INFO tempest.lib.common.rest_client [req-49982f93-4ce6-4ad6-a961-f3e4b02bbefc req-49982f93-4ce6-4ad6-a961-f3e4b02bbefc ] Request (ServersAdminNegativeTestJSON:setUpClass): 200 GET http://10.180.1.21/compute/v2.1/servers/9ea6880c-469b-4c66-927e-442a41e22163 0.197s
2025-07-18 15:34:15.185 62738 INFO tempest.lib.common.rest_client [req-d61203ef-a9c5-417b-9de8-73c66a95e8df req-d61203ef-a9c5-417b-9de8-73c66a95e8df ] Request (ServerRescueTestJSON:setUpClass): 200 GET http://10.180.1.21/compute/v2.1/servers/4770186f-8bd4-455c-a21d-f79e2230fa4e 0.260s
2025-07-18 15:34:15.223 62712 INFO tempest.lib.common.rest_client [req-bc32b72e-1fbd-4852-b2c2-1fdfd4958946 req-bc32b72e-1fbd-4852-b2c2-1fdfd4958946 ] Request (VolumesAssistedSnapshotsTest:test_volume_assisted_snapshot_create_delete): 200 GET http://10.180.1.21/compute/v2.1/servers/0524dc08-ac1a-4f56-b44a-adbb5a0b5038 0.216s
2025-07-18 15:34:15.233 62758 INFO tempest.lib.common.rest_client [req-03b3a97f-a327-4e30-89f0-80b959c6ef3d req-03b3a97f-a327-4e30-89f0-80b959c6ef3d ] Request (ServerDiagnosticsTest:test_get_server_diagnostics): 200 GET http://10.180.1.21/compute/v2.1/servers/a0b1a835-21b9-4d9d-a5d7-35479a8c4b6d 0.209s
2025-07-18 15:34:15.373 62762 INFO tempest.lib.common.rest_client [req-444f6a27-80d7-4c6f-aba5-c07d24c346f9 req-444f6a27-80d7-4c6f-aba5-c07d24c346f9 ] Request (ImagesOneServerTestJSON:setUpClass): 200 GET http://10.180.1.21/compute/v2.1/servers/187242f5-934b-4c1d-b8ac-2ce8c347351a 0.276s
2025-07-18 15:34:15.430 62752 INFO tempest.lib.common.rest_client [req-01221be6-e99a-490c-a5c5-48080a0cde03 req-01221be6-e99a-490c-a5c5-48080a0cde03 ] Request (AttachInterfacesV270Test:test_create_get_list_interfaces): 200 GET http://10.180.1.21/compute/v2.1/servers/760f3c9b-044d-4593-bc97-535ac09c3f3b 0.120s
2025-07-18 15:34:15.477 62736 INFO tempest.lib.common.rest_client [req-935f0bca-f48f-4d06-bd02-3a9d6251e6ee req-935f0bca-f48f-4d06-bd02-3a9d6251e6ee ] Request (ServersAdminTestJSON:setUpClass): 200 GET http://10.180.1.21/compute/v2.1/servers/ebd0c337-82cd-4d0a-9089-b9e2c72c417d 0.104s
2025-07-18 15:34:15.483 62716 INFO tempest.lib.common.rest_client [req-8540c06c-c3ea-4be2-8ba6-21636dc96925 req-8540c06c-c3ea-4be2-8ba6-21636dc96925 ] Request (ServerDiagnosticsNegativeTest:test_get_server_diagnostics_by_non_admin): 200 GET http://10.180.1.21/compute/v2.1/servers/7620aead-4244-47ac-be0a-6614d03ec2c6 0.064s
2025-07-18 15:34:15.537 62714 INFO tempest.lib.common.rest_client [req-9a64dd5f-b026-4733-adfd-f2f76836f366 req-9a64dd5f-b026-4733-adfd-f2f76836f366 ] Request (ServerDiagnosticsV248Test:test_get_server_diagnostics): 200 GET http://10.180.1.21/compute/v2.1/servers/7c661fb6-abb7-486b-9188-f8d4dd6bb1a0 0.071s
2025-07-18 15:34:15.574 62748 INFO tempest.lib.common.rest_client [req-9d193276-fe8b-449c-a2c8-1d904427e130 req-9d193276-fe8b-449c-a2c8-1d904427e130 ] Request (SecurityGroupsTestJSON:test_list_security_groups_by_server): 200 GET http://10.180.1.21/compute/v2.1/servers/a918c107-526d-4cb7-a7dd-735a7d6420a4 0.135s
2025-07-18 15:34:15.588 62732 INFO tempest.lib.common.rest_client [req-a9daee5a-de85-477d-b4a3-8e6c033f83e4 req-a9daee5a-de85-477d-b4a3-8e6c033f83e4 ] Request (InstanceActionsV221TestJSON:test_get_list_deleted_instance_actions): 200 GET http://10.180.1.21/compute/v2.1/servers/8ce40d44-062c-47cf-be36-d8ed6d924094 0.101s
2025-07-18 15:34:15.622 62764 INFO tempest.lib.common.rest_client [req-70ed5ec3-cb58-4a7d-b981-445a08755337 req-70ed5ec3-cb58-4a7d-b981-445a08755337 ] Request (ImagesTestJSON:test_create_image_from_stopped_server): 200 GET http://10.180.1.21/compute/v2.1/servers/0561164b-f3f9-446f-b597-4b6d16a32a00 0.108s
2025-07-18 15:34:15.637 62730 INFO tempest.lib.common.rest_client [req-5d79d559-d4ee-4d95-b1e0-639c51dd631e req-5d79d559-d4ee-4d95-b1e0-639c51dd631e ] Request (DeleteServersAdminTestJSON:test_delete_server_while_in_error_state): 200 GET http://10.180.1.21/compute/v2.1/servers/1e005b4d-7f94-4263-ba5d-303af209c408 0.102s
2025-07-18 15:34:15.672 62750 INFO tempest.lib.common.rest_client [req-fe89495f-f9f1-4815-a5ed-1ace7cead61d req-fe89495f-f9f1-4815-a5ed-1ace7cead61d ] Request (ImagesOneServerNegativeTestJSON:setUpClass): 200 GET http://10.180.1.21/compute/v2.1/servers/c60488a7-7d3b-49af-8b4d-9aad718a37a4 0.113s
2025-07-18 15:34:15.688 62740 INFO tempest.lib.common.rest_client [req-e243f972-ccc7-4cdf-a98c-e0abcb84d8ab req-e243f972-ccc7-4cdf-a98c-e0abcb84d8ab ] Request (AttachInterfacesUnderV243Test:test_add_remove_fixed_ip): 200 GET http://10.180.1.21/compute/v2.1/servers/327a282e-b502-4644-a152-0e77ec399fe7 0.109s
2025-07-18 15:34:15.726 62724 INFO tempest.lib.common.rest_client [req-44952055-a379-4872-ae6f-48554818641c req-44952055-a379-4872-ae6f-48554818641c ] Request (ServersAdmin275Test:test_rebuild_update_server_275): 200 GET http://10.180.1.21/compute/v2.1/servers/029e3122-7587-4675-b9d9-47cf8ffdbd1d 0.116s
2025-07-18 15:34:15.738 62742 INFO tempest.lib.common.rest_client [req-552ccbc9-bdaa-47db-a253-2bb4fc927908 req-552ccbc9-bdaa-47db-a253-2bb4fc927908 ] Request (ServerActionsTestJSON:setUpClass): 200 GET http://10.180.1.21/compute/v2.1/servers/da5c9742-9dba-4691-9bda-25858915857b 0.107s
2025-07-18 15:34:15.770 62746 INFO tempest.lib.common.rest_client [req-155618f1-2abd-4b88-a155-100e523f9596 req-155618f1-2abd-4b88-a155-100e523f9596 ] Request (ServersWithSpecificFlavorTestJSON:test_verify_created_server_ephemeral_disk): 200 GET http://10.180.1.21/compute/v2.1/servers/3d2bc5b9-cef1-4c45-a493-00a89bd2dfcf 0.117s
2025-07-18 15:34:15.786 62722 INFO tempest.lib.common.rest_client [req-2fe9e1eb-1bf0-460b-8efd-36530aa97478 req-2fe9e1eb-1bf0-460b-8efd-36530aa97478 ] Request (ServersTestBootFromVolume:setUpClass): 200 GET http://10.180.1.21/compute/v2.1/servers/a2008090-914b-448c-8c60-776d4032e091 0.108s
2025-07-18 15:34:15.817 62744 INFO tempest.lib.common.rest_client [req-f0a093b3-37c5-4582-aa67-d2631f83d917 req-f0a093b3-37c5-4582-aa67-d2631f83d917 ] Request (ServersTestFqdnHostnames:test_create_server_with_fqdn_name): 200 GET http://10.180.1.21/compute/v2.1/servers/a9eb98c9-73cd-453f-9d6f-f6fe5e0a6c0f 0.108s
2025-07-18 15:34:15.838 62754 INFO tempest.lib.common.rest_client [req-77674147-26db-4b68-9e9a-81c26792c4c2 req-77674147-26db-4b68-9e9a-81c26792c4c2 ] Request (MultipleCreateTestJSON:test_multiple_create): 200 GET http://10.180.1.21/compute/v2.1/servers/380bc9c3-8bba-4f26-b938-e4e74543261c 0.117s
2025-07-18 15:34:15.863 62766 INFO tempest.lib.common.rest_client [req-9d1c9b21-a265-48eb-b10c-3c451cde1aeb req-9d1c9b21-a265-48eb-b10c-3c451cde1aeb ] Request (FloatingIPsAssociationTestJSON:setUpClass): 200 GET http://10.180.1.21/compute/v2.1/servers/d271fa1d-d7f3-4abf-9b5f-69396c4c128c 0.094s
2025-07-18 15:34:15.909 62726 INFO tempest.lib.common.rest_client [req-5ea4b9ea-48cd-45ea-bddb-314b1a8f1962 req-5ea4b9ea-48cd-45ea-bddb-314b1a8f1962 ] Request (MigrationsAdminTest:test_list_migrations_in_flavor_resize_situation): 200 GET http://10.180.1.21/compute/v2.1/servers/ab7da5f4-9460-4d70-a0e5-5a690284d0e0 0.087s
2025-07-18 15:34:15.956 62734 INFO tempest.lib.common.rest_client [req-908cc2d0-9e64-4bf6-9bd1-4c2f65b4db79 req-908cc2d0-9e64-4bf6-9bd1-4c2f65b4db79 ] Request (VolumesAdminNegativeTest:test_update_attached_volume_with_nonexistent_volume_in_body): 200 GET http://10.180.1.21/compute/v2.1/servers/02f37f91-5ee0-46bb-a5e2-ec8256c1f22c 0.097s
2025-07-18 15:34:15.971 62718 INFO tempest.lib.common.rest_client [req-5bd4395c-5a43-4bf5-b468-98c5c33a3866 req-5bd4395c-5a43-4bf5-b468-98c5c33a3866 ] Request (ServerExternalEventsTest:test_create_server_external_events): 200 GET http://10.180.1.21/compute/v2.1/servers/e41d1a8c-ad7e-4151-9745-04318b007dfa 0.158s
2025-07-18 15:34:16.073 62756 INFO tempest.lib.common.rest_client [req-c894fe09-2759-4fd1-87a1-9b53b1a30763 req-c894fe09-2759-4fd1-87a1-9b53b1a30763 ] Request (ServerAddressesTestJSON:setUpClass): 200 GET http://10.180.1.21/compute/v2.1/servers/1f9496b6-ff55-473d-8b82-d1e4e3afe0f1 0.160s
2025-07-18 15:34:16.112 62720 INFO tempest.lib.common.rest_client [req-08d1d5d4-4776-4c37-9f8e-6a0f50a4c85b req-08d1d5d4-4776-4c37-9f8e-6a0f50a4c85b ] Request (DeleteServersTestJSON:test_delete_active_server): 200 GET http://10.180.1.21/compute/v2.1/servers/6c3f0540-a722-4a13-9982-f40c2d6ce9b1 0.156s
2025-07-18 15:34:16.182 62768 INFO tempest.lib.common.rest_client [req-0e61673b-ceb6-4d08-b346-2a587ad2a661 req-0e61673b-ceb6-4d08-b346-2a587ad2a661 ] Request (ImagesNegativeTestJSON:test_create_image_from_deleted_server): 200 GET http://10.180.1.21/compute/v2.1/servers/1323e67f-17c6-4432-8eea-98c285745766 0.138s
2025-07-18 15:34:16.238 62728 INFO tempest.lib.common.rest_client [req-eb8e9ccc-9a79-4f48-8296-108ccf70909f req-eb8e9ccc-9a79-4f48-8296-108ccf70909f ] Request (ServersAdminNegativeTestJSON:setUpClass): 200 GET http://10.180.1.21/compute/v2.1/servers/9ea6880c-469b-4c66-927e-442a41e22163 0.053s
2025-07-18 15:34:16.299 62738 INFO tempest.lib.common.rest_client [req-e1550789-1314-4d1b-be25-36746fb32121 req-e1550789-1314-4d1b-be25-36746fb32121 ] Request (ServerRescueTestJSON:setUpClass): 200 GET http://10.180.1.21/compute/v2.1/servers/4770186f-8bd4-455c-a21d-f79e2230fa4e 0.105s
2025-07-18 15:34:16.307 62760 INFO tempest.lib.common.rest_client [req-eb23f822-2444-4e23-802f-506423051a24 req-eb23f822-2444-4e23-802f-506423051a24 ] Request (TenantUsagesTestJSON:setUpClass): 200 GET http://10.180.1.21/compute/v2.1/servers/adf2f380-84ad-480b-aa9a-16b19c05a3f3 0.170s
2025-07-18 15:34:16.347 62712 INFO tempest.lib.common.rest_client [req-fd80ad2e-d292-4f95-8562-d115eaf956af req-fd80ad2e-d292-4f95-8562-d115eaf956af ] Request (VolumesAssistedSnapshotsTest:test_volume_assisted_snapshot_create_delete): 200 GET http://10.180.1.21/compute/v2.1/servers/0524dc08-ac1a-4f56-b44a-adbb5a0b5038 0.116s
2025-07-18 15:34:16.355 62758 INFO tempest.lib.common.rest_client [req-b4032ecf-bc78-4de4-a3e2-eeab952fc82e req-b4032ecf-bc78-4de4-a3e2-eeab952fc82e ] Request (ServerDiagnosticsTest:test_get_server_diagnostics): 200 GET http://10.180.1.21/compute/v2.1/servers/a0b1a835-21b9-4d9d-a5d7-35479a8c4b6d 0.115s
2025-07-18 15:34:16.541 62762 INFO tempest.lib.common.rest_client [req-bb30dada-dc97-47e8-a617-9a9360dd16b6 req-bb30dada-dc97-47e8-a617-9a9360dd16b6 ] Request (ImagesOneServerTestJSON:setUpClass): 200 GET http://10.180.1.21/compute/v2.1/servers/187242f5-934b-4c1d-b8ac-2ce8c347351a 0.159s
2025-07-18 15:34:16.547 62752 INFO tempest.lib.common.rest_client [req-ca71297b-c3ee-4ded-aee2-7997e7aff4ec req-ca71297b-c3ee-4ded-aee2-7997e7aff4ec ] Request (AttachInterfacesV270Test:test_create_get_list_interfaces): 200 GET http://10.180.1.21/compute/v2.1/servers/760f3c9b-044d-4593-bc97-535ac09c3f3b 0.105s
2025-07-18 15:34:16.599 62716 INFO tempest.lib.common.rest_client [req-b160bf3a-1245-4263-8e3a-3408a2f95ef7 req-b160bf3a-1245-4263-8e3a-3408a2f95ef7 ] Request (ServerDiagnosticsNegativeTest:test_get_server_diagnostics_by_non_admin): 200 GET http://10.180.1.21/compute/v2.1/servers/7620aead-4244-47ac-be0a-6614d03ec2c6 0.105s
2025-07-18 15:34:16.644 62736 INFO tempest.lib.common.rest_client [req-c0d88c70-22a2-41d3-8e9f-c33d61b2be16 req-c0d88c70-22a2-41d3-8e9f-c33d61b2be16 ] Request (ServersAdminTestJSON:setUpClass): 200 GET http://10.180.1.21/compute/v2.1/servers/ebd0c337-82cd-4d0a-9089-b9e2c72c417d 0.159s
2025-07-18 15:34:16.649 62714 INFO tempest.lib.common.rest_client [req-68c1c296-0a57-4c69-aabb-8e4bdccf6ce2 req-68c1c296-0a57-4c69-aabb-8e4bdccf6ce2 ] Request (ServerDiagnosticsV248Test:test_get_server_diagnostics): 200 GET http://10.180.1.21/compute/v2.1/servers/7c661fb6-abb7-486b-9188-f8d4dd6bb1a0 0.102s
2025-07-18 15:34:16.701 62732 INFO tempest.lib.common.rest_client [req-e141e47b-ff46-4a78-aa2e-c0b50a66e2ed req-e141e47b-ff46-4a78-aa2e-c0b50a66e2ed ] Request (InstanceActionsV221TestJSON:test_get_list_deleted_instance_actions): 200 GET http://10.180.1.21/compute/v2.1/servers/8ce40d44-062c-47cf-be36-d8ed6d924094 0.103s
2025-07-18 15:34:16.749 62764 INFO tempest.lib.common.rest_client [req-2287e80a-feb3-48d8-978c-dd5307a510b5 req-2287e80a-feb3-48d8-978c-dd5307a510b5 ] Request (ImagesTestJSON:test_create_image_from_stopped_server): 200 GET http://10.180.1.21/compute/v2.1/servers/0561164b-f3f9-446f-b597-4b6d16a32a00 0.119s
2025-07-18 15:34:16.785 62748 INFO tempest.lib.common.rest_client [req-44fe0837-7d44-441c-92cc-ca1c63de84c3 req-44fe0837-7d44-441c-92cc-ca1c63de84c3 ] Request (SecurityGroupsTestJSON:test_list_security_groups_by_server): 200 GET http://10.180.1.21/compute/v2.1/servers/a918c107-526d-4cb7-a7dd-735a7d6420a4 0.203s
2025-07-18 15:34:16.795 62730 INFO tempest.lib.common.rest_client [req-669ecdea-07cb-4c58-be2f-766df425f3ff req-669ecdea-07cb-4c58-be2f-766df425f3ff ] Request (DeleteServersAdminTestJSON:test_delete_server_while_in_error_state): 200 GET http://10.180.1.21/compute/v2.1/servers/1e005b4d-7f94-4263-ba5d-303af209c408 0.148s
2025-07-18 15:34:16.834 62750 INFO tempest.lib.common.rest_client [req-e5ab650e-03bf-43a5-b5de-589920e48ded req-e5ab650e-03bf-43a5-b5de-589920e48ded ] Request (ImagesOneServerNegativeTestJSON:setUpClass): 200 GET http://10.180.1.21/compute/v2.1/servers/c60488a7-7d3b-49af-8b4d-9aad718a37a4 0.144s
2025-07-18 15:34:16.844 62740 INFO tempest.lib.common.rest_client [req-c8aff71f-f8ae-4e87-a20c-b9b4bb2fdc35 req-c8aff71f-f8ae-4e87-a20c-b9b4bb2fdc35 ] Request (AttachInterfacesUnderV243Test:test_add_remove_fixed_ip): 200 GET http://10.180.1.21/compute/v2.1/servers/327a282e-b502-4644-a152-0e77ec399fe7 0.144s
2025-07-18 15:34:16.887 62724 INFO tempest.lib.common.rest_client [req-63a5176a-e73e-4901-ada8-3ac8126a7862 req-63a5176a-e73e-4901-ada8-3ac8126a7862 ] Request (ServersAdmin275Test:test_rebuild_update_server_275): 200 GET http://10.180.1.21/compute/v2.1/servers/029e3122-7587-4675-b9d9-47cf8ffdbd1d 0.148s
2025-07-18 15:34:16.894 62742 INFO tempest.lib.common.rest_client [req-eefca1fc-5958-46ee-8621-e131ecb8dc3f req-eefca1fc-5958-46ee-8621-e131ecb8dc3f ] Request (ServerActionsTestJSON:setUpClass): 200 GET http://10.180.1.21/compute/v2.1/servers/da5c9742-9dba-4691-9bda-25858915857b 0.148s
2025-07-18 15:34:16.900 62724 INFO tempest.common.waiters [-] State transition "BUILD/scheduling" ==> "BUILD/None" after 115 second wait
2025-07-18 15:34:16.949 62746 INFO tempest.lib.common.rest_client [req-66e97570-4115-411b-a1e0-2f7162aa82b1 req-66e97570-4115-411b-a1e0-2f7162aa82b1 ] Request (ServersWithSpecificFlavorTestJSON:test_verify_created_server_ephemeral_disk): 200 GET http://10.180.1.21/compute/v2.1/servers/3d2bc5b9-cef1-4c45-a493-00a89bd2dfcf 0.171s
2025-07-18 15:34:16.949 62722 INFO tempest.lib.common.rest_client [req-cdfd6e3d-4da5-48f3-93a3-5b2c6ece4751 req-cdfd6e3d-4da5-48f3-93a3-5b2c6ece4751 ] Request (ServersTestBootFromVolume:setUpClass): 200 GET http://10.180.1.21/compute/v2.1/servers/a2008090-914b-448c-8c60-776d4032e091 0.155s
2025-07-18 15:34:17.002 62754 INFO tempest.lib.common.rest_client [req-66d089c9-22e4-42de-a537-cf82eeca53f9 req-66d089c9-22e4-42de-a537-cf82eeca53f9 ] Request (MultipleCreateTestJSON:test_multiple_create): 200 GET http://10.180.1.21/compute/v2.1/servers/380bc9c3-8bba-4f26-b938-e4e74543261c 0.157s
2025-07-18 15:34:17.002 62744 INFO tempest.lib.common.rest_client [req-914c3f8b-9596-42d3-8fad-1d611a71262c req-914c3f8b-9596-42d3-8fad-1d611a71262c ] Request (ServersTestFqdnHostnames:test_create_server_with_fqdn_name): 200 GET http://10.180.1.21/compute/v2.1/servers/a9eb98c9-73cd-453f-9d6f-f6fe5e0a6c0f 0.178s
2025-07-18 15:34:17.050 62726 INFO tempest.lib.common.rest_client [req-71ae86e6-6360-4563-893f-68ea741ac42e req-71ae86e6-6360-4563-893f-68ea741ac42e ] Request (MigrationsAdminTest:test_list_migrations_in_flavor_resize_situation): 200 GET http://10.180.1.21/compute/v2.1/servers/ab7da5f4-9460-4d70-a0e5-5a690284d0e0 0.133s
2025-07-18 15:34:17.051 62766 INFO tempest.lib.common.rest_client [req-b12ee6db-0e3a-43c2-8d06-4d4c0dc46ba5 req-b12ee6db-0e3a-43c2-8d06-4d4c0dc46ba5 ] Request (FloatingIPsAssociationTestJSON:setUpClass): 200 GET http://10.180.1.21/compute/v2.1/servers/d271fa1d-d7f3-4abf-9b5f-69396c4c128c 0.180s
2025-07-18 15:34:17.097 62734 INFO tempest.lib.common.rest_client [req-bae104f1-094d-4cd6-b773-57b72024baa7 req-bae104f1-094d-4cd6-b773-57b72024baa7 ] Request (VolumesAdminNegativeTest:test_update_attached_volume_with_nonexistent_volume_in_body): 200 GET http://10.180.1.21/compute/v2.1/servers/02f37f91-5ee0-46bb-a5e2-ec8256c1f22c 0.134s
2025-07-18 15:34:17.164 62718 INFO tempest.lib.common.rest_client [req-5a686fe9-b660-46a5-bd36-3092f13710c8 req-5a686fe9-b660-46a5-bd36-3092f13710c8 ] Request (ServerExternalEventsTest:test_create_server_external_events): 200 GET http://10.180.1.21/compute/v2.1/servers/e41d1a8c-ad7e-4151-9745-04318b007dfa 0.184s
2025-07-18 15:34:17.266 62756 INFO tempest.lib.common.rest_client [req-df4cd804-e306-454b-8488-22763e39170c req-df4cd804-e306-454b-8488-22763e39170c ] Request (ServerAddressesTestJSON:setUpClass): 200 GET http://10.180.1.21/compute/v2.1/servers/1f9496b6-ff55-473d-8b82-d1e4e3afe0f1 0.185s
2025-07-18 15:34:17.300 62720 INFO tempest.lib.common.rest_client [req-1a9035cf-bb2e-4326-aa7b-8381e5ef09c6 req-1a9035cf-bb2e-4326-aa7b-8381e5ef09c6 ] Request (DeleteServersTestJSON:test_delete_active_server): 200 GET http://10.180.1.21/compute/v2.1/servers/6c3f0540-a722-4a13-9982-f40c2d6ce9b1 0.181s
2025-07-18 15:34:17.350 62728 INFO tempest.lib.common.rest_client [req-1a3c73de-bdbc-4b08-8f8f-50a8a908fc83 req-1a3c73de-bdbc-4b08-8f8f-50a8a908fc83 ] Request (ServersAdminNegativeTestJSON:setUpClass): 200 GET http://10.180.1.21/compute/v2.1/servers/9ea6880c-469b-4c66-927e-442a41e22163 0.104s
2025-07-18 15:34:17.404 62738 INFO tempest.lib.common.rest_client [req-ad55f01b-a34d-45ea-833e-25d8a336ac16 req-ad55f01b-a34d-45ea-833e-25d8a336ac16 ] Request (ServerRescueTestJSON:setUpClass): 200 GET http://10.180.1.21/compute/v2.1/servers/4770186f-8bd4-455c-a21d-f79e2230fa4e 0.098s
2025-07-18 15:34:17.411 62768 INFO tempest.lib.common.rest_client [req-1af5c289-3940-428b-82c4-765baecbf481 req-1af5c289-3940-428b-82c4-765baecbf481 ] Request (ImagesNegativeTestJSON:test_create_image_from_deleted_server): 200 GET http://10.180.1.21/compute/v2.1/servers/1323e67f-17c6-4432-8eea-98c285745766 0.220s
2025-07-18 15:34:17.458 62760 INFO tempest.lib.common.rest_client [req-0790cbdf-858d-4520-8a96-5eb00d8d7f37 req-0790cbdf-858d-4520-8a96-5eb00d8d7f37 ] Request (TenantUsagesTestJSON:setUpClass): 200 GET http://10.180.1.21/compute/v2.1/servers/adf2f380-84ad-480b-aa9a-16b19c05a3f3 0.142s
2025-07-18 15:34:17.459 62712 INFO tempest.lib.common.rest_client [req-f43b4b5c-3c06-41e4-a6cc-ec019ad19cc3 req-f43b4b5c-3c06-41e4-a6cc-ec019ad19cc3 ] Request (VolumesAssistedSnapshotsTest:test_volume_assisted_snapshot_create_delete): 200 GET http://10.180.1.21/compute/v2.1/servers/0524dc08-ac1a-4f56-b44a-adbb5a0b5038 0.104s
2025-07-18 15:34:17.464 62760 INFO tempest.common.waiters [-] State transition "BUILD/spawning" ==> "ERROR/None" after 152 second wait
2025-07-18 15:34:17.509 62758 INFO tempest.lib.common.rest_client [req-e8673cdd-b632-42da-87bb-35699a727375 req-e8673cdd-b632-42da-87bb-35699a727375 ] Request (ServerDiagnosticsTest:test_get_server_diagnostics): 200 GET http://10.180.1.21/compute/v2.1/servers/a0b1a835-21b9-4d9d-a5d7-35479a8c4b6d 0.145s
2025-07-18 15:34:17.646 62762 INFO tempest.lib.common.rest_client [req-55c6617b-5d29-4c5d-84e5-377b6d7967e5 req-55c6617b-5d29-4c5d-84e5-377b6d7967e5 ] Request (ImagesOneServerTestJSON:setUpClass): 200 GET http://10.180.1.21/compute/v2.1/servers/187242f5-934b-4c1d-b8ac-2ce8c347351a 0.097s
2025-07-18 15:34:17.652 62760 INFO tempest.lib.common.rest_client [req-704660d0-c759-4c72-aca2-accf04636bbd req-704660d0-c759-4c72-aca2-accf04636bbd ] Request (TenantUsagesTestJSON:setUpClass): 204 DELETE http://10.180.1.21/compute/v2.1/servers/adf2f380-84ad-480b-aa9a-16b19c05a3f3 0.187s
2025-07-18 15:34:17.699 62716 INFO tempest.lib.common.rest_client [req-9b65b21d-46dc-4ac0-8cfd-cc90bcd36e7f req-9b65b21d-46dc-4ac0-8cfd-cc90bcd36e7f ] Request (ServerDiagnosticsNegativeTest:test_get_server_diagnostics_by_non_admin): 200 GET http://10.180.1.21/compute/v2.1/servers/7620aead-4244-47ac-be0a-6614d03ec2c6 0.086s
2025-07-18 15:34:17.743 62752 INFO tempest.lib.common.rest_client [req-bd49c6a1-036f-44cc-ab7e-c9aa7f2517c9 req-bd49c6a1-036f-44cc-ab7e-c9aa7f2517c9 ] Request (AttachInterfacesV270Test:test_create_get_list_interfaces): 200 GET http://10.180.1.21/compute/v2.1/servers/760f3c9b-044d-4593-bc97-535ac09c3f3b 0.186s
2025-07-18 15:34:17.760 62760 INFO tempest.lib.common.rest_client [req-cdbbcc7f-4b05-41d3-9562-d8244a69ae29 req-cdbbcc7f-4b05-41d3-9562-d8244a69ae29 ] Request (TenantUsagesTestJSON:setUpClass): 404 GET http://10.180.1.21/compute/v2.1/servers/adf2f380-84ad-480b-aa9a-16b19c05a3f3 0.108s
2025-07-18 15:34:17.761 62760 INFO tempest.test [-] raised in TenantUsagesTestJSON.setUpClass. Invoking tearDownClass.
2025-07-18 15:34:17.798 62736 INFO tempest.lib.common.rest_client [req-539c11af-48b8-47f1-b62b-28b58ed33643 req-539c11af-48b8-47f1-b62b-28b58ed33643 ] Request (ServersAdminTestJSON:setUpClass): 200 GET http://10.180.1.21/compute/v2.1/servers/ebd0c337-82cd-4d0a-9089-b9e2c72c417d 0.147s
2025-07-18 15:34:17.813 62714 INFO tempest.lib.common.rest_client [req-b1f49ef4-a335-41d3-b441-5cc2f91a04f0 req-b1f49ef4-a335-41d3-b441-5cc2f91a04f0 ] Request (ServerDiagnosticsV248Test:test_get_server_diagnostics): 200 GET http://10.180.1.21/compute/v2.1/servers/7c661fb6-abb7-486b-9188-f8d4dd6bb1a0 0.154s
2025-07-18 15:34:17.849 62732 INFO tempest.lib.common.rest_client [req-e1a7688b-f038-49ea-9ca0-ab3835c0b823 req-e1a7688b-f038-49ea-9ca0-ab3835c0b823 ] Request (InstanceActionsV221TestJSON:test_get_list_deleted_instance_actions): 200 GET http://10.180.1.21/compute/v2.1/servers/8ce40d44-062c-47cf-be36-d8ed6d924094 0.138s
2025-07-18 15:34:17.863 62764 INFO tempest.lib.common.rest_client [req-c48e9c4c-f95a-489e-8a21-6a46eace8fa0 req-c48e9c4c-f95a-489e-8a21-6a46eace8fa0 ] Request (ImagesTestJSON:test_create_image_from_stopped_server): 200 GET http://10.180.1.21/compute/v2.1/servers/0561164b-f3f9-446f-b597-4b6d16a32a00 0.104s
2025-07-18 15:34:17.884 62760 INFO tempest.lib.common.rest_client [req-bcd1b770-8228-48af-8ae1-18c5e5708cca req-bcd1b770-8228-48af-8ae1-18c5e5708cca ] Request (TenantUsagesTestJSON:tearDownClass): 204 DELETE http://10.180.1.21/identity/v3/users/3fd247a8a8a74a29b12551aae697a339 0.123s
2025-07-18 15:34:17.911 62730 INFO tempest.lib.common.rest_client [req-0bb4a5bd-303d-4787-813a-71f9a7875f68 req-0bb4a5bd-303d-4787-813a-71f9a7875f68 ] Request (DeleteServersAdminTestJSON:test_delete_server_while_in_error_state): 200 GET http://10.180.1.21/compute/v2.1/servers/1e005b4d-7f94-4263-ba5d-303af209c408 0.108s
2025-07-18 15:34:17.963 62748 INFO tempest.lib.common.rest_client [req-404260b8-8e28-4b45-b241-a4468d7bf7f6 req-404260b8-8e28-4b45-b241-a4468d7bf7f6 ] Request (SecurityGroupsTestJSON:test_list_security_groups_by_server): 200 GET http://10.180.1.21/compute/v2.1/servers/a918c107-526d-4cb7-a7dd-735a7d6420a4 0.171s
2025-07-18 15:34:17.973 62750 INFO tempest.lib.common.rest_client [req-1d2a83b4-d3f7-4fa4-998a-0a9a7700ff97 req-1d2a83b4-d3f7-4fa4-998a-0a9a7700ff97 ] Request (ImagesOneServerNegativeTestJSON:setUpClass): 200 GET http://10.180.1.21/compute/v2.1/servers/c60488a7-7d3b-49af-8b4d-9aad718a37a4 0.132s
2025-07-18 15:34:17.984 62760 INFO tempest.lib.common.rest_client [req-9d915a8f-4c44-47fa-a9fc-449ab220ff24 req-9d915a8f-4c44-47fa-a9fc-449ab220ff24 ] Request (TenantUsagesTestJSON:tearDownClass): 204 DELETE http://10.180.1.21/identity/v3/users/0cd865bf7c454201b12092619d0f2f18 0.099s
2025-07-18 15:34:17.984 62760 INFO tempest.lib.common.dynamic_creds [-] Deleting project and security group for project: 3f5f5240654243b5b7ce589990344287
2025-07-18 15:34:18.015 62740 INFO tempest.lib.common.rest_client [req-dff0b4f1-2894-4582-9ef0-1d63756d3c72 req-dff0b4f1-2894-4582-9ef0-1d63756d3c72 ] Request (AttachInterfacesUnderV243Test:test_add_remove_fixed_ip): 200 GET http://10.180.1.21/compute/v2.1/servers/327a282e-b502-4644-a152-0e77ec399fe7 0.163s
2025-07-18 15:34:18.030 62724 INFO tempest.lib.common.rest_client [req-c3bc2fad-cf0e-45a3-bd1e-d7ea407cf04e req-c3bc2fad-cf0e-45a3-bd1e-d7ea407cf04e ] Request (ServersAdmin275Test:test_rebuild_update_server_275): 200 GET http://10.180.1.21/compute/v2.1/servers/029e3122-7587-4675-b9d9-47cf8ffdbd1d 0.129s
2025-07-18 15:34:18.039 62724 INFO tempest.common.waiters [-] State transition "BUILD/None" ==> "BUILD/spawning" after 117 second wait
2025-07-18 15:34:18.046 62760 INFO tempest.lib.common.rest_client [req-deec9769-7d35-4053-a4c9-0d3d4c1b9212 req-deec9769-7d35-4053-a4c9-0d3d4c1b9212 ] Request (TenantUsagesTestJSON:tearDownClass): 201 POST http://10.180.1.21/identity/v3/auth/tokens 0.062s
2025-07-18 15:34:18.064 62742 INFO tempest.lib.common.rest_client [req-464af9b2-c96d-4d22-9caa-a9bc369183ed req-464af9b2-c96d-4d22-9caa-a9bc369183ed ] Request (ServerActionsTestJSON:setUpClass): 200 GET http://10.180.1.21/compute/v2.1/servers/da5c9742-9dba-4691-9bda-25858915857b 0.160s
2025-07-18 15:34:18.077 62746 INFO tempest.lib.common.rest_client [req-099c4b56-4ade-4a13-a300-accf7915a1c5 req-099c4b56-4ade-4a13-a300-accf7915a1c5 ] Request (ServersWithSpecificFlavorTestJSON:test_verify_created_server_ephemeral_disk): 200 GET http://10.180.1.21/compute/v2.1/servers/3d2bc5b9-cef1-4c45-a493-00a89bd2dfcf 0.121s
2025-07-18 15:34:18.111 62722 INFO tempest.lib.common.rest_client [req-fb348fd2-6f5d-408c-93ad-58917bbc043a req-fb348fd2-6f5d-408c-93ad-58917bbc043a ] Request (ServersTestBootFromVolume:setUpClass): 200 GET http://10.180.1.21/compute/v2.1/servers/a2008090-914b-448c-8c60-776d4032e091 0.154s
2025-07-18 15:34:18.132 62754 INFO tempest.lib.common.rest_client [req-54c1421e-8889-4df3-93e5-0c1df1b2636b req-54c1421e-8889-4df3-93e5-0c1df1b2636b ] Request (MultipleCreateTestJSON:test_multiple_create): 200 GET http://10.180.1.21/compute/v2.1/servers/380bc9c3-8bba-4f26-b938-e4e74543261c 0.122s
2025-07-18 15:34:18.176 62744 INFO tempest.lib.common.rest_client [req-c0079947-b06a-4200-ad0f-7d5c1ad902f1 req-c0079947-b06a-4200-ad0f-7d5c1ad902f1 ] Request (ServersTestFqdnHostnames:test_create_server_with_fqdn_name): 200 GET http://10.180.1.21/compute/v2.1/servers/a9eb98c9-73cd-453f-9d6f-f6fe5e0a6c0f 0.166s
2025-07-18 15:34:18.185 62726 INFO tempest.lib.common.rest_client [req-2a35843e-7e24-415d-93eb-8dd5adb256de req-2a35843e-7e24-415d-93eb-8dd5adb256de ] Request (MigrationsAdminTest:test_list_migrations_in_flavor_resize_situation): 200 GET http://10.180.1.21/compute/v2.1/servers/ab7da5f4-9460-4d70-a0e5-5a690284d0e0 0.128s
2025-07-18 15:34:18.242 62766 INFO tempest.lib.common.rest_client [req-83055d68-7720-41c5-affb-0c7b4d8f6cb8 req-83055d68-7720-41c5-affb-0c7b4d8f6cb8 ] Request (FloatingIPsAssociationTestJSON:setUpClass): 200 GET http://10.180.1.21/compute/v2.1/servers/d271fa1d-d7f3-4abf-9b5f-69396c4c128c 0.183s
2025-07-18 15:34:18.242 62734 INFO tempest.lib.common.rest_client [req-a4dff85f-6a67-45d7-9652-2e40fe3a99ea req-a4dff85f-6a67-45d7-9652-2e40fe3a99ea ] Request (VolumesAdminNegativeTest:test_update_attached_volume_with_nonexistent_volume_in_body): 200 GET http://10.180.1.21/compute/v2.1/servers/02f37f91-5ee0-46bb-a5e2-ec8256c1f22c 0.137s
2025-07-18 15:34:18.281 62760 INFO tempest.lib.common.rest_client [req-1d7c2f32-b666-43df-9380-d984d1cc0661 req-1d7c2f32-b666-43df-9380-d984d1cc0661 ] Request (TenantUsagesTestJSON:tearDownClass): 200 GET http://10.180.1.21:9696/networking/v2.0/security-groups?tenant_id=3f5f5240654243b5b7ce589990344287&name=default 0.235s
2025-07-18 15:34:18.373 62756 INFO tempest.lib.common.rest_client [req-9927c32c-9e8e-4125-8ed8-43b48865867d req-9927c32c-9e8e-4125-8ed8-43b48865867d ] Request (ServerAddressesTestJSON:setUpClass): 200 GET http://10.180.1.21/compute/v2.1/servers/1f9496b6-ff55-473d-8b82-d1e4e3afe0f1 0.099s
2025-07-18 15:34:18.396 62718 INFO tempest.lib.common.rest_client [req-86fb98c7-ee1f-4b47-844a-add2e4a4203e req-86fb98c7-ee1f-4b47-844a-add2e4a4203e ] Request (ServerExternalEventsTest:test_create_server_external_events): 200 GET http://10.180.1.21/compute/v2.1/servers/e41d1a8c-ad7e-4151-9745-04318b007dfa 0.222s
2025-07-18 15:34:18.415 62760 INFO tempest.lib.common.rest_client [req-1a6c4459-15c6-4d8b-8aa4-1cd49171da7e req-1a6c4459-15c6-4d8b-8aa4-1cd49171da7e ] Request (TenantUsagesTestJSON:tearDownClass): 204 DELETE http://10.180.1.21:9696/networking/v2.0/security-groups/82fabec1-edd9-4e17-b5b6-c9073c3e0823 0.132s
2025-07-18 15:34:18.457 62728 INFO tempest.lib.common.rest_client [req-c27c826a-d305-4c78-92f8-5c8535a4c3ee req-c27c826a-d305-4c78-92f8-5c8535a4c3ee ] Request (ServersAdminNegativeTestJSON:setUpClass): 200 GET http://10.180.1.21/compute/v2.1/servers/9ea6880c-469b-4c66-927e-442a41e22163 0.099s
2025-07-18 15:34:18.476 62720 INFO tempest.lib.common.rest_client [req-c7b47a41-b64f-4b3f-8b67-f9f4b1884531 req-c7b47a41-b64f-4b3f-8b67-f9f4b1884531 ] Request (DeleteServersTestJSON:test_delete_active_server): 200 GET http://10.180.1.21/compute/v2.1/servers/6c3f0540-a722-4a13-9982-f40c2d6ce9b1 0.167s
