2025-07-18 15:34:18.478 62760 INFO tempest.lib.common.rest_client [req-efea4faf-6dbf-4c4e-b3fc-bc5bb40b2f10 req-efea4faf-6dbf-4c4e-b3fc-bc5bb40b2f10 ] Request (TenantUsagesTestJSON:tearDownClass): 204 DELETE http://10.180.1.21/identity/v3/projects/3f5f5240654243b5b7ce589990344287 0.063s
2025-07-18 15:34:18.478 62760 INFO tempest.lib.common.dynamic_creds [-] Deleting project and security group for project: 45114e21979046538f506b9e505aa754
2025-07-18 15:34:18.503 62738 INFO tempest.lib.common.rest_client [req-ad4683bc-6b63-4fef-b8da-d6ac75501361 req-ad4683bc-6b63-4fef-b8da-d6ac75501361 ] Request (ServerRescueTestJSON:setUpClass): 200 GET http://10.180.1.21/compute/v2.1/servers/4770186f-8bd4-455c-a21d-f79e2230fa4e 0.091s
2025-07-18 15:34:18.528 62760 INFO tempest.lib.common.rest_client [req-051b1187-e5e5-4592-83e3-21d52b759d86 req-051b1187-e5e5-4592-83e3-21d52b759d86 ] Request (TenantUsagesTestJSON:tearDownClass): 200 GET http://10.180.1.21:9696/networking/v2.0/security-groups?tenant_id=45114e21979046538f506b9e505aa754&name=default 0.049s
2025-07-18 15:34:18.551 62712 INFO tempest.lib.common.rest_client [req-8e98fc0a-2e6c-4fcd-bb1d-aeda586757fd req-8e98fc0a-2e6c-4fcd-bb1d-aeda586757fd ] Request (VolumesAssistedSnapshotsTest:test_volume_assisted_snapshot_create_delete): 200 GET http://10.180.1.21/compute/v2.1/servers/0524dc08-ac1a-4f56-b44a-adbb5a0b5038 0.083s
2025-07-18 15:34:18.598 62758 INFO tempest.lib.common.rest_client [req-acc06194-8073-4d08-8181-9360acc82965 req-acc06194-8073-4d08-8181-9360acc82965 ] Request (ServerDiagnosticsTest:test_get_server_diagnostics): 200 GET http://10.180.1.21/compute/v2.1/servers/a0b1a835-21b9-4d9d-a5d7-35479a8c4b6d 0.082s
2025-07-18 15:34:18.601 62768 INFO tempest.lib.common.rest_client [req-5175a88a-a761-485f-b9aa-af4b2628720c req-5175a88a-a761-485f-b9aa-af4b2628720c ] Request (ImagesNegativeTestJSON:test_create_image_from_deleted_server): 200 GET http://10.180.1.21/compute/v2.1/servers/1323e67f-17c6-4432-8eea-98c285745766 0.181s
2025-07-18 15:34:18.643 62760 INFO tempest.lib.common.rest_client [req-4ee7695e-8bfb-4d51-9cfb-40ec6fb0a14a req-4ee7695e-8bfb-4d51-9cfb-40ec6fb0a14a ] Request (TenantUsagesTestJSON:tearDownClass): 204 DELETE http://10.180.1.21:9696/networking/v2.0/security-groups/f81ceb37-e1b8-4184-8c89-5e53094274cc 0.115s
2025-07-18 15:34:18.729 62760 INFO tempest.lib.common.rest_client [req-93854d21-437b-42b9-81a1-72019940cc48 req-93854d21-437b-42b9-81a1-72019940cc48 ] Request (TenantUsagesTestJSON:tearDownClass): 204 DELETE http://10.180.1.21/identity/v3/projects/45114e21979046538f506b9e505aa754 0.085s
2025-07-18 15:34:18.748 62762 INFO tempest.lib.common.rest_client [req-920ac6c3-7104-4dd9-87a7-44ec242ab881 req-920ac6c3-7104-4dd9-87a7-44ec242ab881 ] Request (ImagesOneServerTestJSON:setUpClass): 200 GET http://10.180.1.21/compute/v2.1/servers/187242f5-934b-4c1d-b8ac-2ce8c347351a 0.093s
2025-07-18 15:34:18.756 62716 INFO tempest.lib.common.rest_client [req-fdade481-6214-4463-b008-4a46e327e509 req-fdade481-6214-4463-b008-4a46e327e509 ] Request (ServerDiagnosticsNegativeTest:test_get_server_diagnostics_by_non_admin): 200 GET http://10.180.1.21/compute/v2.1/servers/7620aead-4244-47ac-be0a-6614d03ec2c6 0.050s
2025-07-18 15:34:18.793 62760 INFO tempest.lib.common.rest_client [req-74f79231-1d1e-44bb-9d88-44bc5bbc4542 req-74f79231-1d1e-44bb-9d88-44bc5bbc4542 ] Request (ListImageFiltersTestJSON:setUpClass): 201 POST http://10.180.1.21/identity/v3/auth/tokens 0.056s
2025-07-18 15:34:18.821 62760 INFO tempest.lib.common.rest_client [req-96d3ca66-b464-4844-9188-da6c9424239f req-96d3ca66-b464-4844-9188-da6c9424239f ] Request (ListImageFiltersTestJSON:setUpClass): 201 POST http://10.180.1.21/identity/v3/auth/tokens 0.025s
2025-07-18 15:34:18.842 62760 INFO tempest.lib.common.rest_client [req-6a5cd97a-bede-4e6e-8ace-1dd6a901271c req-6a5cd97a-bede-4e6e-8ace-1dd6a901271c ] Request (ListImageFiltersTestJSON:setUpClass): 200 GET http://10.180.1.21/identity/v3/domains?name=Default 0.020s
2025-07-18 15:34:18.866 62760 INFO tempest.lib.common.rest_client [req-2e65ec3f-0ec2-4998-a28e-845d795edaf6 req-2e65ec3f-0ec2-4998-a28e-845d795edaf6 ] Request (ListImageFiltersTestJSON:setUpClass): 201 POST http://10.180.1.21/identity/v3/projects 0.024s
2025-07-18 15:34:18.905 62752 INFO tempest.lib.common.rest_client [req-dbf8d027-2ea1-433c-97ba-3a2fd355f59d req-dbf8d027-2ea1-433c-97ba-3a2fd355f59d ] Request (AttachInterfacesV270Test:test_create_get_list_interfaces): 200 GET http://10.180.1.21/compute/v2.1/servers/760f3c9b-044d-4593-bc97-535ac09c3f3b 0.151s
2025-07-18 15:34:18.917 62760 INFO tempest.lib.common.rest_client [req-5a4a86c8-5cc1-47b8-8d99-0084eba38b10 req-5a4a86c8-5cc1-47b8-8d99-0084eba38b10 ] Request (ListImageFiltersTestJSON:setUpClass): 201 POST http://10.180.1.21/identity/v3/users 0.051s
2025-07-18 15:34:18.937 62760 INFO tempest.lib.common.rest_client [req-08655b5e-2931-4831-94bd-8155f431f96c req-08655b5e-2931-4831-94bd-8155f431f96c ] Request (ListImageFiltersTestJSON:setUpClass): 200 GET http://10.180.1.21/identity/v3/roles 0.019s
2025-07-18 15:34:18.957 62736 INFO tempest.lib.common.rest_client [req-7044a2f5-1d19-46cb-ac8b-162c7d4896ea req-7044a2f5-1d19-46cb-ac8b-162c7d4896ea ] Request (ServersAdminTestJSON:setUpClass): 200 GET http://10.180.1.21/compute/v2.1/servers/ebd0c337-82cd-4d0a-9089-b9e2c72c417d 0.149s
2025-07-18 15:34:18.966 62760 INFO tempest.lib.common.rest_client [req-7701d47d-73f3-4724-a02a-b8f2ee6f5e40 req-7701d47d-73f3-4724-a02a-b8f2ee6f5e40 ] Request (ListImageFiltersTestJSON:setUpClass): 204 PUT http://10.180.1.21/identity/v3/projects/b5c72ad8ddb4466bb06b7bf4b8669248/users/6cd3a757654146328dda1c922c3d8537/roles/cdd45eebd3724ee6aea40016693a59f1 0.029s
2025-07-18 15:34:18.966 62760 INFO tempest.lib.common.dynamic_creds [-] Dynamic test user 6cd3a757654146328dda1c922c3d8537 is created with scope project and roles: ['member']
2025-07-18 15:34:18.967 62760 INFO tempest.lib.common.dynamic_creds [-] Acquired dynamic creds: credentials: Credentials: {'domain_id': 'default', 'domain_name': 'Default', 'username': 'tempest-ListImageFiltersTestJSON-1669522138-project-member', 'project_domain_id': 'default', 'project_domain_name': 'Default', 'project_id': 'b5c72ad8ddb4466bb06b7bf4b8669248', 'project_name': 'tempest-ListImageFiltersTestJSON-1669522138', 'tenant_id': 'b5c72ad8ddb4466bb06b7bf4b8669248', 'tenant_name': 'tempest-ListImageFiltersTestJSON-1669522138', 'user_domain_id': 'default', 'user_domain_name': 'Default', 'user_id': '6cd3a757654146328dda1c922c3d8537', 'system': None}, Network: None, Subnet: None, Router: None
2025-07-18 15:34:18.967 62760 INFO tempest.lib.common.dynamic_creds [-] Created isolated network resources for: credentials: Credentials: {'domain_id': 'default', 'domain_name': 'Default', 'username': 'tempest-ListImageFiltersTestJSON-1669522138-project-member', 'project_domain_id': 'default', 'project_domain_name': 'Default', 'project_id': 'b5c72ad8ddb4466bb06b7bf4b8669248', 'project_name': 'tempest-ListImageFiltersTestJSON-1669522138', 'tenant_id': 'b5c72ad8ddb4466bb06b7bf4b8669248', 'tenant_name': 'tempest-ListImageFiltersTestJSON-1669522138', 'user_domain_id': 'default', 'user_domain_name': 'Default', 'user_id': '6cd3a757654146328dda1c922c3d8537', 'system': None}, Network: None, Subnet: None, Router: None
2025-07-18 15:34:18.972 62714 INFO tempest.lib.common.rest_client [req-a8739e37-ebce-49c9-9eb4-5c33e4842001 req-a8739e37-ebce-49c9-9eb4-5c33e4842001 ] Request (ServerDiagnosticsV248Test:test_get_server_diagnostics): 200 GET http://10.180.1.21/compute/v2.1/servers/7c661fb6-abb7-486b-9188-f8d4dd6bb1a0 0.150s
2025-07-18 15:34:19.006 62732 INFO tempest.lib.common.rest_client [req-671e12ed-3765-4f17-9056-17959cb407d1 req-671e12ed-3765-4f17-9056-17959cb407d1 ] Request (InstanceActionsV221TestJSON:test_get_list_deleted_instance_actions): 200 GET http://10.180.1.21/compute/v2.1/servers/8ce40d44-062c-47cf-be36-d8ed6d924094 0.148s
2025-07-18 15:34:19.021 62764 INFO tempest.lib.common.rest_client [req-712f012f-f724-4861-90af-0c1274041702 req-712f012f-f724-4861-90af-0c1274041702 ] Request (ImagesTestJSON:test_create_image_from_stopped_server): 200 GET http://10.180.1.21/compute/v2.1/servers/0561164b-f3f9-446f-b597-4b6d16a32a00 0.150s
2025-07-18 15:34:19.039 62760 INFO tempest.lib.common.rest_client [req-e0e5c257-3bb9-45e8-86a7-35ff67fafac3 req-e0e5c257-3bb9-45e8-86a7-35ff67fafac3 ] Request (ListImageFiltersTestJSON:setUpClass): 201 POST http://10.180.1.21/identity/v3/auth/tokens 0.069s
2025-07-18 15:34:19.056 62730 INFO tempest.lib.common.rest_client [req-681ac554-7a26-46be-b7ef-0f45185e5d42 req-681ac554-7a26-46be-b7ef-0f45185e5d42 ] Request (DeleteServersAdminTestJSON:test_delete_server_while_in_error_state): 200 GET http://10.180.1.21/compute/v2.1/servers/1e005b4d-7f94-4263-ba5d-303af209c408 0.136s
2025-07-18 15:34:19.114 62750 INFO tempest.lib.common.rest_client [req-8ca4d02a-99be-4aee-b6c4-87cb6a532d7f req-8ca4d02a-99be-4aee-b6c4-87cb6a532d7f ] Request (ImagesOneServerNegativeTestJSON:setUpClass): 200 GET http://10.180.1.21/compute/v2.1/servers/c60488a7-7d3b-49af-8b4d-9aad718a37a4 0.132s
2025-07-18 15:34:19.144 62748 INFO tempest.lib.common.rest_client [req-61c6850f-b654-4300-a115-3a91d4f5ea5c req-61c6850f-b654-4300-a115-3a91d4f5ea5c ] Request (SecurityGroupsTestJSON:test_list_security_groups_by_server): 200 GET http://10.180.1.21/compute/v2.1/servers/a918c107-526d-4cb7-a7dd-735a7d6420a4 0.174s
2025-07-18 15:34:19.163 62740 INFO tempest.lib.common.rest_client [req-d241abc7-dda0-41bc-a6b0-554a7c9b9e1f req-d241abc7-dda0-41bc-a6b0-554a7c9b9e1f ] Request (AttachInterfacesUnderV243Test:test_add_remove_fixed_ip): 200 GET http://10.180.1.21/compute/v2.1/servers/327a282e-b502-4644-a152-0e77ec399fe7 0.141s
2025-07-18 15:34:19.195 62724 INFO tempest.lib.common.rest_client [req-87c702f5-4848-46b6-a4b2-5c27a2210c50 req-87c702f5-4848-46b6-a4b2-5c27a2210c50 ] Request (ServersAdmin275Test:test_rebuild_update_server_275): 200 GET http://10.180.1.21/compute/v2.1/servers/029e3122-7587-4675-b9d9-47cf8ffdbd1d 0.155s
2025-07-18 15:34:19.209 62742 INFO tempest.lib.common.rest_client [req-715c8e19-762c-427c-9ee8-ad19726f1cda req-715c8e19-762c-427c-9ee8-ad19726f1cda ] Request (ServerActionsTestJSON:setUpClass): 200 GET http://10.180.1.21/compute/v2.1/servers/da5c9742-9dba-4691-9bda-25858915857b 0.138s
2025-07-18 15:34:19.241 62746 INFO tempest.lib.common.rest_client [req-72d63834-ef96-44ea-9fb2-a43d0f0b6a4a req-72d63834-ef96-44ea-9fb2-a43d0f0b6a4a ] Request (ServersWithSpecificFlavorTestJSON:test_verify_created_server_ephemeral_disk): 200 GET http://10.180.1.21/compute/v2.1/servers/3d2bc5b9-cef1-4c45-a493-00a89bd2dfcf 0.156s
2025-07-18 15:34:19.256 62722 INFO tempest.lib.common.rest_client [req-531510d2-4a4a-43ad-a6ff-d73e89fb1ac9 req-531510d2-4a4a-43ad-a6ff-d73e89fb1ac9 ] Request (ServersTestBootFromVolume:setUpClass): 200 GET http://10.180.1.21/compute/v2.1/servers/a2008090-914b-448c-8c60-776d4032e091 0.138s
2025-07-18 15:34:19.290 62754 INFO tempest.lib.common.rest_client [req-3cd89f3a-b700-4e40-9fc6-a58456bf48c8 req-3cd89f3a-b700-4e40-9fc6-a58456bf48c8 ] Request (MultipleCreateTestJSON:test_multiple_create): 200 GET http://10.180.1.21/compute/v2.1/servers/380bc9c3-8bba-4f26-b938-e4e74543261c 0.149s
2025-07-18 15:34:19.303 62744 INFO tempest.lib.common.rest_client [req-9970a182-e1bb-4414-8ac2-fcb5e824eb0c req-9970a182-e1bb-4414-8ac2-fcb5e824eb0c ] Request (ServersTestFqdnHostnames:test_create_server_with_fqdn_name): 200 GET http://10.180.1.21/compute/v2.1/servers/a9eb98c9-73cd-453f-9d6f-f6fe5e0a6c0f 0.117s
2025-07-18 15:34:19.336 62726 INFO tempest.lib.common.rest_client [req-6c6438f3-df97-4700-8993-fa45f749dca2 req-6c6438f3-df97-4700-8993-fa45f749dca2 ] Request (MigrationsAdminTest:test_list_migrations_in_flavor_resize_situation): 200 GET http://10.180.1.21/compute/v2.1/servers/ab7da5f4-9460-4d70-a0e5-5a690284d0e0 0.143s
2025-07-18 15:34:19.347 62766 INFO tempest.lib.common.rest_client [req-321f98a2-2218-44e9-bf6a-9395c40c0279 req-321f98a2-2218-44e9-bf6a-9395c40c0279 ] Request (FloatingIPsAssociationTestJSON:setUpClass): 200 GET http://10.180.1.21/compute/v2.1/servers/d271fa1d-d7f3-4abf-9b5f-69396c4c128c 0.097s
2025-07-18 15:34:19.382 62734 INFO tempest.lib.common.rest_client [req-61595ce3-b976-450f-bdce-18147dd753e5 req-61595ce3-b976-450f-bdce-18147dd753e5 ] Request (VolumesAdminNegativeTest:test_update_attached_volume_with_nonexistent_volume_in_body): 200 GET http://10.180.1.21/compute/v2.1/servers/02f37f91-5ee0-46bb-a5e2-ec8256c1f22c 0.131s
2025-07-18 15:34:19.510 62760 INFO tempest.lib.common.rest_client [req-ea81041b-562d-44d0-bcd1-38b36f821aa1 req-ea81041b-562d-44d0-bcd1-38b36f821aa1 ] Request (ListImageFiltersTestJSON:setUpClass): 201 POST http://10.180.1.21/image/v2/images 0.470s
2025-07-18 15:34:19.537 62756 INFO tempest.lib.common.rest_client [req-d0996868-3528-4463-8773-da5cb3a86510 req-d0996868-3528-4463-8773-da5cb3a86510 ] Request (ServerAddressesTestJSON:setUpClass): 200 GET http://10.180.1.21/compute/v2.1/servers/1f9496b6-ff55-473d-8b82-d1e4e3afe0f1 0.155s
2025-07-18 15:34:19.544 62718 INFO tempest.lib.common.rest_client [req-be4727d5-328f-4863-be9b-2305de211e32 req-be4727d5-328f-4863-be9b-2305de211e32 ] Request (ServerExternalEventsTest:test_create_server_external_events): 200 GET http://10.180.1.21/compute/v2.1/servers/e41d1a8c-ad7e-4151-9745-04318b007dfa 0.140s
2025-07-18 15:34:19.581 62728 INFO tempest.lib.common.rest_client [req-8fbdfc59-d525-4e03-b94e-acf43ba1a099 req-8fbdfc59-d525-4e03-b94e-acf43ba1a099 ] Request (ServersAdminNegativeTestJSON:setUpClass): 200 GET http://10.180.1.21/compute/v2.1/servers/9ea6880c-469b-4c66-927e-442a41e22163 0.115s
2025-07-18 15:34:19.628 62738 INFO tempest.lib.common.rest_client [req-3045193a-f788-465e-8683-2da17473ede9 req-3045193a-f788-465e-8683-2da17473ede9 ] Request (ServerRescueTestJSON:setUpClass): 200 GET http://10.180.1.21/compute/v2.1/servers/4770186f-8bd4-455c-a21d-f79e2230fa4e 0.117s
2025-07-18 15:34:19.674 62712 INFO tempest.lib.common.rest_client [req-b49bfba2-c7c3-4600-ab88-1e3bbc83a072 req-b49bfba2-c7c3-4600-ab88-1e3bbc83a072 ] Request (VolumesAssistedSnapshotsTest:test_volume_assisted_snapshot_create_delete): 200 GET http://10.180.1.21/compute/v2.1/servers/0524dc08-ac1a-4f56-b44a-adbb5a0b5038 0.116s
2025-07-18 15:34:19.675 62720 INFO tempest.lib.common.rest_client [req-964ba073-5cbd-46b5-8cb3-b3d88c48769b req-964ba073-5cbd-46b5-8cb3-b3d88c48769b ] Request (DeleteServersTestJSON:test_delete_active_server): 200 GET http://10.180.1.21/compute/v2.1/servers/6c3f0540-a722-4a13-9982-f40c2d6ce9b1 0.191s
2025-07-18 15:34:19.724 62758 INFO tempest.lib.common.rest_client [req-5e4be7e8-61b2-4879-a8b2-aa778272b30d req-5e4be7e8-61b2-4879-a8b2-aa778272b30d ] Request (ServerDiagnosticsTest:test_get_server_diagnostics): 200 GET http://10.180.1.21/compute/v2.1/servers/a0b1a835-21b9-4d9d-a5d7-35479a8c4b6d 0.118s
2025-07-18 15:34:19.769 62768 INFO tempest.lib.common.rest_client [req-0ca0ad4f-8c42-42fc-861d-3fca8f2dfcd3 req-0ca0ad4f-8c42-42fc-861d-3fca8f2dfcd3 ] Request (ImagesNegativeTestJSON:test_create_image_from_deleted_server): 200 GET http://10.180.1.21/compute/v2.1/servers/1323e67f-17c6-4432-8eea-98c285745766 0.161s
2025-07-18 15:34:19.820 62716 INFO tempest.lib.common.rest_client [req-adb76c85-7fe8-4eaa-8733-44aedd8e20ba req-adb76c85-7fe8-4eaa-8733-44aedd8e20ba ] Request (ServerDiagnosticsNegativeTest:test_get_server_diagnostics_by_non_admin): 200 GET http://10.180.1.21/compute/v2.1/servers/7620aead-4244-47ac-be0a-6614d03ec2c6 0.057s
2025-07-18 15:34:19.852 62762 INFO tempest.lib.common.rest_client [req-3e21f3d3-c2cb-442c-a3c1-3410fd81945c req-3e21f3d3-c2cb-442c-a3c1-3410fd81945c ] Request (ImagesOneServerTestJSON:setUpClass): 200 GET http://10.180.1.21/compute/v2.1/servers/187242f5-934b-4c1d-b8ac-2ce8c347351a 0.096s
2025-07-18 15:34:20.043 62752 INFO tempest.lib.common.rest_client [req-7d968108-46c8-4a20-82c7-609e3c1200b2 req-7d968108-46c8-4a20-82c7-609e3c1200b2 ] Request (AttachInterfacesV270Test:test_create_get_list_interfaces): 200 GET http://10.180.1.21/compute/v2.1/servers/760f3c9b-044d-4593-bc97-535ac09c3f3b 0.128s
2025-07-18 15:34:20.071 62736 INFO tempest.lib.common.rest_client [req-34f6bf7c-9305-4640-ba67-54c6560ff1a8 req-34f6bf7c-9305-4640-ba67-54c6560ff1a8 ] Request (ServersAdminTestJSON:setUpClass): 200 GET http://10.180.1.21/compute/v2.1/servers/ebd0c337-82cd-4d0a-9089-b9e2c72c417d 0.106s
2025-07-18 15:34:20.096 62714 INFO tempest.lib.common.rest_client [req-536f0468-9083-428e-98c5-845b871496f8 req-536f0468-9083-428e-98c5-845b871496f8 ] Request (ServerDiagnosticsV248Test:test_get_server_diagnostics): 200 GET http://10.180.1.21/compute/v2.1/servers/7c661fb6-abb7-486b-9188-f8d4dd6bb1a0 0.115s
2025-07-18 15:34:20.119 62732 INFO tempest.lib.common.rest_client [req-f61c2293-30c6-4580-935b-3b20ccc99ee5 req-f61c2293-30c6-4580-935b-3b20ccc99ee5 ] Request (InstanceActionsV221TestJSON:test_get_list_deleted_instance_actions): 200 GET http://10.180.1.21/compute/v2.1/servers/8ce40d44-062c-47cf-be36-d8ed6d924094 0.104s
2025-07-18 15:34:20.142 62764 INFO tempest.lib.common.rest_client [req-af23c842-eefc-4c7f-9b22-bcea3f5df764 req-af23c842-eefc-4c7f-9b22-bcea3f5df764 ] Request (ImagesTestJSON:test_create_image_from_stopped_server): 200 GET http://10.180.1.21/compute/v2.1/servers/0561164b-f3f9-446f-b597-4b6d16a32a00 0.114s
2025-07-18 15:34:20.168 62730 INFO tempest.lib.common.rest_client [req-e07e5caa-4e64-486f-a448-33204027f70b req-e07e5caa-4e64-486f-a448-33204027f70b ] Request (DeleteServersAdminTestJSON:test_delete_server_while_in_error_state): 200 GET http://10.180.1.21/compute/v2.1/servers/1e005b4d-7f94-4263-ba5d-303af209c408 0.104s
2025-07-18 15:34:20.189 62750 INFO tempest.lib.common.rest_client [req-eb29e2f1-fb61-44bf-983c-b959a90c60fa req-eb29e2f1-fb61-44bf-983c-b959a90c60fa ] Request (ImagesOneServerNegativeTestJSON:setUpClass): 200 GET http://10.180.1.21/compute/v2.1/servers/c60488a7-7d3b-49af-8b4d-9aad718a37a4 0.066s
2025-07-18 15:34:20.235 62740 INFO tempest.lib.common.rest_client [req-ddf673b1-0f35-4e71-860a-3b3f1adf04c6 req-ddf673b1-0f35-4e71-860a-3b3f1adf04c6 ] Request (AttachInterfacesUnderV243Test:test_add_remove_fixed_ip): 200 GET http://10.180.1.21/compute/v2.1/servers/327a282e-b502-4644-a152-0e77ec399fe7 0.063s
2025-07-18 15:34:20.289 62724 INFO tempest.lib.common.rest_client [req-5036c6bf-3e16-410c-a764-a1b631f5a7d7 req-5036c6bf-3e16-410c-a764-a1b631f5a7d7 ] Request (ServersAdmin275Test:test_rebuild_update_server_275): 200 GET http://10.180.1.21/compute/v2.1/servers/029e3122-7587-4675-b9d9-47cf8ffdbd1d 0.084s
2025-07-18 15:34:20.308 62748 INFO tempest.lib.common.rest_client [req-9fdd2212-6d06-4777-b29d-00242bfc2c4f req-9fdd2212-6d06-4777-b29d-00242bfc2c4f ] Request (SecurityGroupsTestJSON:test_list_security_groups_by_server): 200 GET http://10.180.1.21/compute/v2.1/servers/a918c107-526d-4cb7-a7dd-735a7d6420a4 0.155s
2025-07-18 15:34:20.337 62742 INFO tempest.lib.common.rest_client [req-90622cce-9fec-480a-abe8-a8efb8a11865 req-90622cce-9fec-480a-abe8-a8efb8a11865 ] Request (ServerActionsTestJSON:setUpClass): 200 GET http://10.180.1.21/compute/v2.1/servers/da5c9742-9dba-4691-9bda-25858915857b 0.119s
2025-07-18 15:34:20.354 62746 INFO tempest.lib.common.rest_client [req-c64f7f73-49a1-4bfb-bf13-b52ac996b29c req-c64f7f73-49a1-4bfb-bf13-b52ac996b29c ] Request (ServersWithSpecificFlavorTestJSON:test_verify_created_server_ephemeral_disk): 200 GET http://10.180.1.21/compute/v2.1/servers/3d2bc5b9-cef1-4c45-a493-00a89bd2dfcf 0.102s
2025-07-18 15:34:20.383 62722 INFO tempest.lib.common.rest_client [req-b432fae8-9ba1-4fc5-a64e-597da6dfc1e5 req-b432fae8-9ba1-4fc5-a64e-597da6dfc1e5 ] Request (ServersTestBootFromVolume:setUpClass): 200 GET http://10.180.1.21/compute/v2.1/servers/a2008090-914b-448c-8c60-776d4032e091 0.119s
2025-07-18 15:34:20.398 62754 INFO tempest.lib.common.rest_client [req-b93d13d7-86df-49af-a97a-5b17a2c75919 req-b93d13d7-86df-49af-a97a-5b17a2c75919 ] Request (MultipleCreateTestJSON:test_multiple_create): 200 GET http://10.180.1.21/compute/v2.1/servers/380bc9c3-8bba-4f26-b938-e4e74543261c 0.100s
2025-07-18 15:34:20.427 62744 INFO tempest.lib.common.rest_client [req-042814a1-3a38-4514-b5c1-f746f18a998f req-042814a1-3a38-4514-b5c1-f746f18a998f ] Request (ServersTestFqdnHostnames:test_create_server_with_fqdn_name): 200 GET http://10.180.1.21/compute/v2.1/servers/a9eb98c9-73cd-453f-9d6f-f6fe5e0a6c0f 0.115s
2025-07-18 15:34:20.443 62726 INFO tempest.lib.common.rest_client [req-2dc5106e-c9be-4b91-b63d-4281e76fb181 req-2dc5106e-c9be-4b91-b63d-4281e76fb181 ] Request (MigrationsAdminTest:test_list_migrations_in_flavor_resize_situation): 200 GET http://10.180.1.21/compute/v2.1/servers/ab7da5f4-9460-4d70-a0e5-5a690284d0e0 0.100s
2025-07-18 15:34:20.471 62766 INFO tempest.lib.common.rest_client [req-353d24b4-a7f5-4ac7-8f26-6a1eae15a014 req-353d24b4-a7f5-4ac7-8f26-6a1eae15a014 ] Request (FloatingIPsAssociationTestJSON:setUpClass): 200 GET http://10.180.1.21/compute/v2.1/servers/d271fa1d-d7f3-4abf-9b5f-69396c4c128c 0.117s
2025-07-18 15:34:20.488 62734 INFO tempest.lib.common.rest_client [req-72bd3cc0-6b86-4208-8934-3545b7849dbf req-72bd3cc0-6b86-4208-8934-3545b7849dbf ] Request (VolumesAdminNegativeTest:test_update_attached_volume_with_nonexistent_volume_in_body): 200 GET http://10.180.1.21/compute/v2.1/servers/02f37f91-5ee0-46bb-a5e2-ec8256c1f22c 0.096s
2025-07-18 15:34:20.657 62756 INFO tempest.lib.common.rest_client [req-95cb9da9-fe17-4622-ba7c-55c8f799537d req-95cb9da9-fe17-4622-ba7c-55c8f799537d ] Request (ServerAddressesTestJSON:setUpClass): 200 GET http://10.180.1.21/compute/v2.1/servers/1f9496b6-ff55-473d-8b82-d1e4e3afe0f1 0.112s
2025-07-18 15:34:20.697 62718 INFO tempest.lib.common.rest_client [req-5458cbbc-fa59-4ae7-869a-d498ce8996e2 req-5458cbbc-fa59-4ae7-869a-d498ce8996e2 ] Request (ServerExternalEventsTest:test_create_server_external_events): 200 GET http://10.180.1.21/compute/v2.1/servers/e41d1a8c-ad7e-4151-9745-04318b007dfa 0.144s
2025-07-18 15:34:20.706 62728 INFO tempest.lib.common.rest_client [req-645d8f25-0775-41bf-baae-ea637255d1fe req-645d8f25-0775-41bf-baae-ea637255d1fe ] Request (ServersAdminNegativeTestJSON:setUpClass): 200 GET http://10.180.1.21/compute/v2.1/servers/9ea6880c-469b-4c66-927e-442a41e22163 0.117s
2025-07-18 15:34:20.747 62738 INFO tempest.lib.common.rest_client [req-01982513-b3e5-4236-a252-c58aee428ab7 req-01982513-b3e5-4236-a252-c58aee428ab7 ] Request (ServerRescueTestJSON:setUpClass): 200 GET http://10.180.1.21/compute/v2.1/servers/4770186f-8bd4-455c-a21d-f79e2230fa4e 0.111s
2025-07-18 15:34:20.752 62712 INFO tempest.lib.common.rest_client [req-6a5be38c-3f42-4a35-8443-492474538647 req-6a5be38c-3f42-4a35-8443-492474538647 ] Request (VolumesAssistedSnapshotsTest:test_volume_assisted_snapshot_create_delete): 200 GET http://10.180.1.21/compute/v2.1/servers/0524dc08-ac1a-4f56-b44a-adbb5a0b5038 0.069s
2025-07-18 15:34:20.798 62758 INFO tempest.lib.common.rest_client [req-292f77d7-d7a1-4f9f-9800-9396f8809b78 req-292f77d7-d7a1-4f9f-9800-9396f8809b78 ] Request (ServerDiagnosticsTest:test_get_server_diagnostics): 200 GET http://10.180.1.21/compute/v2.1/servers/a0b1a835-21b9-4d9d-a5d7-35479a8c4b6d 0.066s
2025-07-18 15:34:20.852 62720 INFO tempest.lib.common.rest_client [req-67ff0e3f-9295-4e40-90f7-a26538e30689 req-67ff0e3f-9295-4e40-90f7-a26538e30689 ] Request (DeleteServersTestJSON:test_delete_active_server): 200 GET http://10.180.1.21/compute/v2.1/servers/6c3f0540-a722-4a13-9982-f40c2d6ce9b1 0.169s
2025-07-18 15:34:20.901 62716 INFO tempest.lib.common.rest_client [req-7075fd67-6169-488c-bf47-06c1f683f1c2 req-7075fd67-6169-488c-bf47-06c1f683f1c2 ] Request (ServerDiagnosticsNegativeTest:test_get_server_diagnostics_by_non_admin): 200 GET http://10.180.1.21/compute/v2.1/servers/7620aead-4244-47ac-be0a-6614d03ec2c6 0.074s
2025-07-18 15:34:20.907 62768 INFO tempest.lib.common.rest_client [req-49ae2cab-60bc-4e96-ace6-2b33d7eba0bf req-49ae2cab-60bc-4e96-ace6-2b33d7eba0bf ] Request (ImagesNegativeTestJSON:test_create_image_from_deleted_server): 200 GET http://10.180.1.21/compute/v2.1/servers/1323e67f-17c6-4432-8eea-98c285745766 0.128s
2025-07-18 15:34:21.032 62762 INFO tempest.lib.common.rest_client [req-f0cbff86-9ff3-4f3a-957a-99f8e8127809 req-f0cbff86-9ff3-4f3a-957a-99f8e8127809 ] Request (ImagesOneServerTestJSON:setUpClass): 200 GET http://10.180.1.21/compute/v2.1/servers/187242f5-934b-4c1d-b8ac-2ce8c347351a 0.173s
2025-07-18 15:34:21.073 62760 INFO tempest.lib.common.rest_client [req-1b155478-fcd3-4e70-8e97-95e1666de96b req-1b155478-fcd3-4e70-8e97-95e1666de96b ] Request (ListImageFiltersTestJSON:setUpClass): 204 PUT http://10.180.1.21/image/v2/images/c6aeaf01-37d6-488f-8356-53a6fb59eed0/file 0.561s
2025-07-18 15:34:21.102 62760 INFO tempest.lib.common.rest_client [req-7d85ca1c-52de-450d-becf-bfeff7d617a1 req-7d85ca1c-52de-450d-becf-bfeff7d617a1 ] Request (ListImageFiltersTestJSON:setUpClass): 200 GET http://10.180.1.21/compute/v2.1/images/c6aeaf01-37d6-488f-8356-53a6fb59eed0 0.029s
2025-07-18 15:34:21.182 62752 INFO tempest.lib.common.rest_client [req-58a99b22-75de-4485-90c4-6ffbcf50b9ea req-58a99b22-75de-4485-90c4-6ffbcf50b9ea ] Request (AttachInterfacesV270Test:test_create_get_list_interfaces): 200 GET http://10.180.1.21/compute/v2.1/servers/760f3c9b-044d-4593-bc97-535ac09c3f3b 0.128s
2025-07-18 15:34:21.195 62736 INFO tempest.lib.common.rest_client [req-9b099e9e-53f7-4b05-abcb-ed5e68b1e2ac req-9b099e9e-53f7-4b05-abcb-ed5e68b1e2ac ] Request (ServersAdminTestJSON:setUpClass): 200 GET http://10.180.1.21/compute/v2.1/servers/ebd0c337-82cd-4d0a-9089-b9e2c72c417d 0.116s
2025-07-18 15:34:21.208 62760 INFO tempest.lib.common.rest_client [req-679d9819-dc94-49d6-a5fd-dd82b30e9fe9 req-679d9819-dc94-49d6-a5fd-dd82b30e9fe9 ] Request (ListImageFiltersTestJSON:setUpClass): 200 GET http://10.180.1.21/compute/v2.1/images/c6aeaf01-37d6-488f-8356-53a6fb59eed0 0.102s
2025-07-18 15:34:21.246 62714 INFO tempest.lib.common.rest_client [req-198d3668-3b58-4dda-bf50-64a3a12a3037 req-198d3668-3b58-4dda-bf50-64a3a12a3037 ] Request (ServerDiagnosticsV248Test:test_get_server_diagnostics): 200 GET http://10.180.1.21/compute/v2.1/servers/7c661fb6-abb7-486b-9188-f8d4dd6bb1a0 0.140s
2025-07-18 15:34:21.256 62732 INFO tempest.lib.common.rest_client [req-d7914ddf-7395-4d2f-aae3-5dbb85862016 req-d7914ddf-7395-4d2f-aae3-5dbb85862016 ] Request (InstanceActionsV221TestJSON:test_get_list_deleted_instance_actions): 200 GET http://10.180.1.21/compute/v2.1/servers/8ce40d44-062c-47cf-be36-d8ed6d924094 0.126s
2025-07-18 15:34:21.293 62764 INFO tempest.lib.common.rest_client [req-075e5d36-a043-4002-954e-fe8910229eb3 req-075e5d36-a043-4002-954e-fe8910229eb3 ] Request (ImagesTestJSON:test_create_image_from_stopped_server): 200 GET http://10.180.1.21/compute/v2.1/servers/0561164b-f3f9-446f-b597-4b6d16a32a00 0.143s
2025-07-18 15:34:21.303 62730 INFO tempest.lib.common.rest_client [req-0a616925-991b-4d6b-bea6-892358c22fdb req-0a616925-991b-4d6b-bea6-892358c22fdb ] Request (DeleteServersAdminTestJSON:test_delete_server_while_in_error_state): 200 GET http://10.180.1.21/compute/v2.1/servers/1e005b4d-7f94-4263-ba5d-303af209c408 0.127s
2025-07-18 15:34:21.343 62750 INFO tempest.lib.common.rest_client [req-a4be72cb-b8a4-4549-8cd1-e8f02de187db req-a4be72cb-b8a4-4549-8cd1-e8f02de187db ] Request (ImagesOneServerNegativeTestJSON:setUpClass): 200 GET http://10.180.1.21/compute/v2.1/servers/c60488a7-7d3b-49af-8b4d-9aad718a37a4 0.145s
2025-07-18 15:34:21.351 62740 INFO tempest.lib.common.rest_client [req-5fcad583-b8a9-4ef6-8024-1b1667c4cb65 req-5fcad583-b8a9-4ef6-8024-1b1667c4cb65 ] Request (AttachInterfacesUnderV243Test:test_add_remove_fixed_ip): 200 GET http://10.180.1.21/compute/v2.1/servers/327a282e-b502-4644-a152-0e77ec399fe7 0.108s
2025-07-18 15:34:21.393 62724 INFO tempest.lib.common.rest_client [req-865164b8-620d-4d9a-a83f-fef05be61379 req-865164b8-620d-4d9a-a83f-fef05be61379 ] Request (ServersAdmin275Test:test_rebuild_update_server_275): 200 GET http://10.180.1.21/compute/v2.1/servers/029e3122-7587-4675-b9d9-47cf8ffdbd1d 0.092s
2025-07-18 15:34:21.437 62742 INFO tempest.lib.common.rest_client [req-5fe977e2-bf66-4067-9068-db984a7d711f req-5fe977e2-bf66-4067-9068-db984a7d711f ] Request (ServerActionsTestJSON:setUpClass): 200 GET http://10.180.1.21/compute/v2.1/servers/da5c9742-9dba-4691-9bda-25858915857b 0.093s
2025-07-18 15:34:21.440 62748 INFO tempest.lib.common.rest_client [req-89a67a4e-76b3-44b0-b7ce-f2bbc2a86188 req-89a67a4e-76b3-44b0-b7ce-f2bbc2a86188 ] Request (SecurityGroupsTestJSON:test_list_security_groups_by_server): 200 GET http://10.180.1.21/compute/v2.1/servers/a918c107-526d-4cb7-a7dd-735a7d6420a4 0.123s
2025-07-18 15:34:21.480 62760 INFO tempest.lib.common.rest_client [req-4fcafe2a-bd84-4fe0-bde4-5695028349a1 req-4fcafe2a-bd84-4fe0-bde4-5695028349a1 ] Request (ListImageFiltersTestJSON:setUpClass): 201 POST http://10.180.1.21/image/v2/images 0.269s
2025-07-18 15:34:21.483 62746 INFO tempest.lib.common.rest_client [req-99c6dbd4-c23c-449b-b8e6-40df345b3677 req-99c6dbd4-c23c-449b-b8e6-40df345b3677 ] Request (ServersWithSpecificFlavorTestJSON:test_verify_created_server_ephemeral_disk): 200 GET http://10.180.1.21/compute/v2.1/servers/3d2bc5b9-cef1-4c45-a493-00a89bd2dfcf 0.121s
2025-07-18 15:34:21.488 62722 INFO tempest.lib.common.rest_client [req-4a03a289-0d05-4463-8c27-87048b5c1dda req-4a03a289-0d05-4463-8c27-87048b5c1dda ] Request (ServersTestBootFromVolume:setUpClass): 200 GET http://10.180.1.21/compute/v2.1/servers/a2008090-914b-448c-8c60-776d4032e091 0.097s
2025-07-18 15:34:21.530 62754 INFO tempest.lib.common.rest_client [req-ae840d5c-a876-4f03-96ef-eb31afa05c96 req-ae840d5c-a876-4f03-96ef-eb31afa05c96 ] Request (MultipleCreateTestJSON:test_multiple_create): 200 GET http://10.180.1.21/compute/v2.1/servers/380bc9c3-8bba-4f26-b938-e4e74543261c 0.123s
2025-07-18 15:34:21.530 62744 INFO tempest.lib.common.rest_client [req-5286c461-454d-496f-bfab-bed0d9df01a6 req-5286c461-454d-496f-bfab-bed0d9df01a6 ] Request (ServersTestFqdnHostnames:test_create_server_with_fqdn_name): 200 GET http://10.180.1.21/compute/v2.1/servers/a9eb98c9-73cd-453f-9d6f-f6fe5e0a6c0f 0.096s
2025-07-18 15:34:21.573 62726 INFO tempest.lib.common.rest_client [req-b9b6a215-db48-4dcb-a4f1-c2ea9cc247c9 req-b9b6a215-db48-4dcb-a4f1-c2ea9cc247c9 ] Request (MigrationsAdminTest:test_list_migrations_in_flavor_resize_situation): 200 GET http://10.180.1.21/compute/v2.1/servers/ab7da5f4-9460-4d70-a0e5-5a690284d0e0 0.122s
2025-07-18 15:34:21.575 62766 INFO tempest.lib.common.rest_client [req-95091449-7d0a-42c7-b32c-b38106e0897d req-95091449-7d0a-42c7-b32c-b38106e0897d ] Request (FloatingIPsAssociationTestJSON:setUpClass): 200 GET http://10.180.1.21/compute/v2.1/servers/d271fa1d-d7f3-4abf-9b5f-69396c4c128c 0.097s
2025-07-18 15:34:21.615 62734 INFO tempest.lib.common.rest_client [req-c2517a9d-4c56-4412-aa99-34199b5cd721 req-c2517a9d-4c56-4412-aa99-34199b5cd721 ] Request (VolumesAdminNegativeTest:test_update_attached_volume_with_nonexistent_volume_in_body): 200 GET http://10.180.1.21/compute/v2.1/servers/02f37f91-5ee0-46bb-a5e2-ec8256c1f22c 0.119s
2025-07-18 15:34:21.762 62756 INFO tempest.lib.common.rest_client [req-00c7df0a-3f0f-4178-a45c-0945f57a4599 req-00c7df0a-3f0f-4178-a45c-0945f57a4599 ] Request (ServerAddressesTestJSON:setUpClass): 200 GET http://10.180.1.21/compute/v2.1/servers/1f9496b6-ff55-473d-8b82-d1e4e3afe0f1 0.097s
2025-07-18 15:34:21.797 62718 INFO tempest.lib.common.rest_client [req-e6601755-caf6-4d17-b634-e7a484aa0230 req-e6601755-caf6-4d17-b634-e7a484aa0230 ] Request (ServerExternalEventsTest:test_create_server_external_events): 200 GET http://10.180.1.21/compute/v2.1/servers/e41d1a8c-ad7e-4151-9745-04318b007dfa 0.092s
2025-07-18 15:34:21.808 62728 INFO tempest.lib.common.rest_client [req-64750022-eeeb-41d1-9269-5807f28b17ab req-64750022-eeeb-41d1-9269-5807f28b17ab ] Request (ServersAdminNegativeTestJSON:setUpClass): 200 GET http://10.180.1.21/compute/v2.1/servers/9ea6880c-469b-4c66-927e-442a41e22163 0.093s
2025-07-18 15:34:21.844 62738 INFO tempest.lib.common.rest_client [req-addff3f1-ba4f-4b1e-b904-f8076cee83c9 req-addff3f1-ba4f-4b1e-b904-f8076cee83c9 ] Request (ServerRescueTestJSON:setUpClass): 200 GET http://10.180.1.21/compute/v2.1/servers/4770186f-8bd4-455c-a21d-f79e2230fa4e 0.089s
2025-07-18 15:34:21.856 62712 INFO tempest.lib.common.rest_client [req-b15f7455-87d8-47f5-a50b-9c8c03f999d2 req-b15f7455-87d8-47f5-a50b-9c8c03f999d2 ] Request (VolumesAssistedSnapshotsTest:test_volume_assisted_snapshot_create_delete): 200 GET http://10.180.1.21/compute/v2.1/servers/0524dc08-ac1a-4f56-b44a-adbb5a0b5038 0.096s
2025-07-18 15:34:21.889 62758 INFO tempest.lib.common.rest_client [req-b9f55a6f-9f95-4742-b8c5-384389273752 req-b9f55a6f-9f95-4742-b8c5-384389273752 ] Request (ServerDiagnosticsTest:test_get_server_diagnostics): 200 GET http://10.180.1.21/compute/v2.1/servers/a0b1a835-21b9-4d9d-a5d7-35479a8c4b6d 0.082s
2025-07-18 15:34:21.965 62720 INFO tempest.lib.common.rest_client [req-081492d0-0423-4b36-9420-eef66e27d426 req-081492d0-0423-4b36-9420-eef66e27d426 ] Request (DeleteServersTestJSON:test_delete_active_server): 200 GET http://10.180.1.21/compute/v2.1/servers/6c3f0540-a722-4a13-9982-f40c2d6ce9b1 0.104s
2025-07-18 15:34:21.966 62716 INFO tempest.lib.common.rest_client [req-9ebfc40c-c98f-45a9-be55-2f07221ab289 req-9ebfc40c-c98f-45a9-be55-2f07221ab289 ] Request (ServerDiagnosticsNegativeTest:test_get_server_diagnostics_by_non_admin): 200 GET http://10.180.1.21/compute/v2.1/servers/7620aead-4244-47ac-be0a-6614d03ec2c6 0.056s
2025-07-18 15:34:22.075 62768 INFO tempest.lib.common.rest_client [req-0c77514b-b6e8-4344-8660-ed4b998cfcf2 req-0c77514b-b6e8-4344-8660-ed4b998cfcf2 ] Request (ImagesNegativeTestJSON:test_create_image_from_deleted_server): 200 GET http://10.180.1.21/compute/v2.1/servers/1323e67f-17c6-4432-8eea-98c285745766 0.161s
2025-07-18 15:34:22.132 62762 INFO tempest.lib.common.rest_client [req-5d6275a3-6d14-4da2-808f-ede8cef379c6 req-5d6275a3-6d14-4da2-808f-ede8cef379c6 ] Request (ImagesOneServerTestJSON:setUpClass): 200 GET http://10.180.1.21/compute/v2.1/servers/187242f5-934b-4c1d-b8ac-2ce8c347351a 0.093s
2025-07-18 15:34:22.299 62736 INFO tempest.lib.common.rest_client [req-88447f41-a937-41bb-a2f9-53d232a01553 req-88447f41-a937-41bb-a2f9-53d232a01553 ] Request (ServersAdminTestJSON:setUpClass): 200 GET http://10.180.1.21/compute/v2.1/servers/ebd0c337-82cd-4d0a-9089-b9e2c72c417d 0.096s
2025-07-18 15:34:22.304 62752 INFO tempest.lib.common.rest_client [req-ba3a0329-d7cc-4937-9c63-2569d438d632 req-ba3a0329-d7cc-4937-9c63-2569d438d632 ] Request (AttachInterfacesV270Test:test_create_get_list_interfaces): 200 GET http://10.180.1.21/compute/v2.1/servers/760f3c9b-044d-4593-bc97-535ac09c3f3b 0.111s
2025-07-18 15:34:22.346 62714 INFO tempest.lib.common.rest_client [req-316a4636-1dfe-45b8-9275-79acda19f48a req-316a4636-1dfe-45b8-9275-79acda19f48a ] Request (ServerDiagnosticsV248Test:test_get_server_diagnostics): 200 GET http://10.180.1.21/compute/v2.1/servers/7c661fb6-abb7-486b-9188-f8d4dd6bb1a0 0.088s
2025-07-18 15:34:22.350 62732 INFO tempest.lib.common.rest_client [req-b721d5fc-b55d-46c5-931b-3a0229245106 req-b721d5fc-b55d-46c5-931b-3a0229245106 ] Request (InstanceActionsV221TestJSON:test_get_list_deleted_instance_actions): 200 GET http://10.180.1.21/compute/v2.1/servers/8ce40d44-062c-47cf-be36-d8ed6d924094 0.085s
2025-07-18 15:34:22.391 62764 INFO tempest.lib.common.rest_client [req-eb83c42e-4a81-48bd-9145-877979ceb858 req-eb83c42e-4a81-48bd-9145-877979ceb858 ] Request (ImagesTestJSON:test_create_image_from_stopped_server): 200 GET http://10.180.1.21/compute/v2.1/servers/0561164b-f3f9-446f-b597-4b6d16a32a00 0.090s
2025-07-18 15:34:22.394 62730 INFO tempest.lib.common.rest_client [req-a01d6297-6aab-419e-aaaa-2aee46a8dbec req-a01d6297-6aab-419e-aaaa-2aee46a8dbec ] Request (DeleteServersAdminTestJSON:test_delete_server_while_in_error_state): 200 GET http://10.180.1.21/compute/v2.1/servers/1e005b4d-7f94-4263-ba5d-303af209c408 0.080s
2025-07-18 15:34:22.437 62750 INFO tempest.lib.common.rest_client [req-35d8d3a9-e632-4390-b8b5-f2cfe6e34c63 req-35d8d3a9-e632-4390-b8b5-f2cfe6e34c63 ] Request (ImagesOneServerNegativeTestJSON:setUpClass): 200 GET http://10.180.1.21/compute/v2.1/servers/c60488a7-7d3b-49af-8b4d-9aad718a37a4 0.086s
2025-07-18 15:34:22.437 62740 INFO tempest.lib.common.rest_client [req-6f67dbac-914c-4ab2-9216-8c8b1bb06e4e req-6f67dbac-914c-4ab2-9216-8c8b1bb06e4e ] Request (AttachInterfacesUnderV243Test:test_add_remove_fixed_ip): 200 GET http://10.180.1.21/compute/v2.1/servers/327a282e-b502-4644-a152-0e77ec399fe7 0.077s
2025-07-18 15:34:22.490 62724 INFO tempest.lib.common.rest_client [req-535f7a9f-8f20-4f0d-8fa5-3111d2443b43 req-535f7a9f-8f20-4f0d-8fa5-3111d2443b43 ] Request (ServersAdmin275Test:test_rebuild_update_server_275): 200 GET http://10.180.1.21/compute/v2.1/servers/029e3122-7587-4675-b9d9-47cf8ffdbd1d 0.086s
2025-07-18 15:34:22.494 62742 INFO tempest.lib.common.rest_client [req-7790209b-6f3f-4404-8ae9-225b5413a1a0 req-7790209b-6f3f-4404-8ae9-225b5413a1a0 ] Request (ServerActionsTestJSON:setUpClass): 200 GET http://10.180.1.21/compute/v2.1/servers/da5c9742-9dba-4691-9bda-25858915857b 0.049s
2025-07-18 15:34:22.539 62746 INFO tempest.lib.common.rest_client [req-72dfbf56-f33a-40ca-aa38-a474b5c382b8 req-72dfbf56-f33a-40ca-aa38-a474b5c382b8 ] Request (ServersWithSpecificFlavorTestJSON:test_verify_created_server_ephemeral_disk): 200 GET http://10.180.1.21/compute/v2.1/servers/3d2bc5b9-cef1-4c45-a493-00a89bd2dfcf 0.047s
2025-07-18 15:34:22.585 62748 INFO tempest.lib.common.rest_client [req-6a73f0c7-ac37-4185-94ba-3473eca2003c req-6a73f0c7-ac37-4185-94ba-3473eca2003c ] Request (SecurityGroupsTestJSON:test_list_security_groups_by_server): 200 GET http://10.180.1.21/compute/v2.1/servers/a918c107-526d-4cb7-a7dd-735a7d6420a4 0.138s
2025-07-18 15:34:22.588 62722 INFO tempest.lib.common.rest_client [req-eb1d0f5b-66d2-4a85-9c79-5758d8c12b61 req-eb1d0f5b-66d2-4a85-9c79-5758d8c12b61 ] Request (ServersTestBootFromVolume:setUpClass): 200 GET http://10.180.1.21/compute/v2.1/servers/a2008090-914b-448c-8c60-776d4032e091 0.092s
2025-07-18 15:34:22.634 62754 INFO tempest.lib.common.rest_client [req-a86d5846-dfa4-4074-8db4-6edba7a6aea1 req-a86d5846-dfa4-4074-8db4-6edba7a6aea1 ] Request (MultipleCreateTestJSON:test_multiple_create): 200 GET http://10.180.1.21/compute/v2.1/servers/380bc9c3-8bba-4f26-b938-e4e74543261c 0.096s
2025-07-18 15:34:22.637 62744 INFO tempest.lib.common.rest_client [req-bbff8d82-7938-4818-b1b4-c50842896a41 req-bbff8d82-7938-4818-b1b4-c50842896a41 ] Request (ServersTestFqdnHostnames:test_create_server_with_fqdn_name): 200 GET http://10.180.1.21/compute/v2.1/servers/a9eb98c9-73cd-453f-9d6f-f6fe5e0a6c0f 0.099s
2025-07-18 15:34:22.677 62726 INFO tempest.lib.common.rest_client [req-41b4e00d-bd54-45fe-a394-cbb8e8239559 req-41b4e00d-bd54-45fe-a394-cbb8e8239559 ] Request (MigrationsAdminTest:test_list_migrations_in_flavor_resize_situation): 200 GET http://10.180.1.21/compute/v2.1/servers/ab7da5f4-9460-4d70-a0e5-5a690284d0e0 0.096s
2025-07-18 15:34:22.685 62766 INFO tempest.lib.common.rest_client [req-29bc0b09-7348-413b-b46e-1b468792f31e req-29bc0b09-7348-413b-b46e-1b468792f31e ] Request (FloatingIPsAssociationTestJSON:setUpClass): 200 GET http://10.180.1.21/compute/v2.1/servers/d271fa1d-d7f3-4abf-9b5f-69396c4c128c 0.102s
2025-07-18 15:34:22.725 62734 INFO tempest.lib.common.rest_client [req-4b726cb3-34a7-4383-8fbf-dcf4739bb33c req-4b726cb3-34a7-4383-8fbf-dcf4739bb33c ] Request (VolumesAdminNegativeTest:test_update_attached_volume_with_nonexistent_volume_in_body): 200 GET http://10.180.1.21/compute/v2.1/servers/02f37f91-5ee0-46bb-a5e2-ec8256c1f22c 0.102s
2025-07-18 15:34:22.912 62718 INFO tempest.lib.common.rest_client [req-434412ba-3c0a-484c-bfd0-b03e6b875e94 req-434412ba-3c0a-484c-bfd0-b03e6b875e94 ] Request (ServerExternalEventsTest:test_create_server_external_events): 200 GET http://10.180.1.21/compute/v2.1/servers/e41d1a8c-ad7e-4151-9745-04318b007dfa 0.106s
2025-07-18 15:34:22.935 62756 INFO tempest.lib.common.rest_client [req-c5697c40-a61c-4b79-95bd-06a5228e857e req-c5697c40-a61c-4b79-95bd-06a5228e857e ] Request (ServerAddressesTestJSON:setUpClass): 200 GET http://10.180.1.21/compute/v2.1/servers/1f9496b6-ff55-473d-8b82-d1e4e3afe0f1 0.165s
2025-07-18 15:34:22.969 62728 INFO tempest.lib.common.rest_client [req-0683cd0f-7944-4017-b57e-971a0f6c9835 req-0683cd0f-7944-4017-b57e-971a0f6c9835 ] Request (ServersAdminNegativeTestJSON:setUpClass): 200 GET http://10.180.1.21/compute/v2.1/servers/9ea6880c-469b-4c66-927e-442a41e22163 0.153s
2025-07-18 15:34:22.981 62738 INFO tempest.lib.common.rest_client [req-9536931b-6d1e-413a-8c46-bbe10d4bbb83 req-9536931b-6d1e-413a-8c46-bbe10d4bbb83 ] Request (ServerRescueTestJSON:setUpClass): 200 GET http://10.180.1.21/compute/v2.1/servers/4770186f-8bd4-455c-a21d-f79e2230fa4e 0.130s
2025-07-18 15:34:23.019 62712 INFO tempest.lib.common.rest_client [req-d37c9453-7f52-4b3b-96f4-90e9c7e3e08f req-d37c9453-7f52-4b3b-96f4-90e9c7e3e08f ] Request (VolumesAssistedSnapshotsTest:test_volume_assisted_snapshot_create_delete): 200 GET http://10.180.1.21/compute/v2.1/servers/0524dc08-ac1a-4f56-b44a-adbb5a0b5038 0.155s
2025-07-18 15:34:23.022 62760 INFO tempest.lib.common.rest_client [req-a975a036-4d24-4283-a261-f24e3e739274 req-a975a036-4d24-4283-a261-f24e3e739274 ] Request (ListImageFiltersTestJSON:setUpClass): 204 PUT http://10.180.1.21/image/v2/images/470499b9-4f47-4c28-9463-0068eb9ecf5f/file 0.540s
2025-07-18 15:34:23.033 62758 INFO tempest.lib.common.rest_client [req-53c2017e-1928-4b88-9796-99e6694758d4 req-53c2017e-1928-4b88-9796-99e6694758d4 ] Request (ServerDiagnosticsTest:test_get_server_diagnostics): 200 GET http://10.180.1.21/compute/v2.1/servers/a0b1a835-21b9-4d9d-a5d7-35479a8c4b6d 0.136s
2025-07-18 15:34:23.083 62716 INFO tempest.lib.common.rest_client [req-81e2edd0-e467-43cd-9ab6-84e0e4d59d19 req-81e2edd0-e467-43cd-9ab6-84e0e4d59d19 ] Request (ServerDiagnosticsNegativeTest:test_get_server_diagnostics_by_non_admin): 200 GET http://10.180.1.21/compute/v2.1/servers/7620aead-4244-47ac-be0a-6614d03ec2c6 0.108s
2025-07-18 15:34:23.109 62760 INFO tempest.lib.common.rest_client [req-76fc0788-8a9e-4d2a-a29e-5ec47cf46264 req-76fc0788-8a9e-4d2a-a29e-5ec47cf46264 ] Request (ListImageFiltersTestJSON:setUpClass): 200 GET http://10.180.1.21/compute/v2.1/images/470499b9-4f47-4c28-9463-0068eb9ecf5f 0.086s
2025-07-18 15:34:23.184 62720 INFO tempest.lib.common.rest_client [req-4f9ffcf5-c4e9-4505-9297-689f420610a8 req-4f9ffcf5-c4e9-4505-9297-689f420610a8 ] Request (DeleteServersTestJSON:test_delete_active_server): 200 GET http://10.180.1.21/compute/v2.1/servers/6c3f0540-a722-4a13-9982-f40c2d6ce9b1 0.211s
2025-07-18 15:34:23.210 62760 INFO tempest.lib.common.rest_client [req-06870cea-aa10-4e3b-9e64-15d98795d5c2 req-06870cea-aa10-4e3b-9e64-15d98795d5c2 ] Request (ListImageFiltersTestJSON:setUpClass): 200 GET http://10.180.1.21/compute/v2.1/images/470499b9-4f47-4c28-9463-0068eb9ecf5f 0.098s
2025-07-18 15:34:23.249 62768 INFO tempest.lib.common.rest_client [req-0c66a64d-32bc-4bb9-964c-eca4ba631c1e req-0c66a64d-32bc-4bb9-964c-eca4ba631c1e ] Request (ImagesNegativeTestJSON:test_create_image_from_deleted_server): 200 GET http://10.180.1.21/compute/v2.1/servers/1323e67f-17c6-4432-8eea-98c285745766 0.167s
2025-07-18 15:34:23.307 62762 INFO tempest.lib.common.rest_client [req-fd09b60b-06c1-4dc2-bcc5-3703a0f830eb req-fd09b60b-06c1-4dc2-bcc5-3703a0f830eb ] Request (ImagesOneServerTestJSON:setUpClass): 200 GET http://10.180.1.21/compute/v2.1/servers/187242f5-934b-4c1d-b8ac-2ce8c347351a 0.165s
2025-07-18 15:34:23.444 62736 INFO tempest.lib.common.rest_client [req-4157fec3-8e7a-4082-a221-d0591922483c req-4157fec3-8e7a-4082-a221-d0591922483c ] Request (ServersAdminTestJSON:setUpClass): 200 GET http://10.180.1.21/compute/v2.1/servers/ebd0c337-82cd-4d0a-9089-b9e2c72c417d 0.138s
2025-07-18 15:34:23.485 62760 INFO tempest.lib.common.rest_client [req-ad021061-c327-4bac-be8c-ad67f2b758af req-ad021061-c327-4bac-be8c-ad67f2b758af ] Request (ListImageFiltersTestJSON:setUpClass): 201 POST http://10.180.1.21/image/v2/images 0.271s
2025-07-18 15:34:23.501 62714 INFO tempest.lib.common.rest_client [req-473db265-47f3-4432-aa68-cbf4d0005da4 req-473db265-47f3-4432-aa68-cbf4d0005da4 ] Request (ServerDiagnosticsV248Test:test_get_server_diagnostics): 200 GET http://10.180.1.21/compute/v2.1/servers/7c661fb6-abb7-486b-9188-f8d4dd6bb1a0 0.145s
2025-07-18 15:34:23.551 62732 INFO tempest.lib.common.rest_client [req-1e271e44-033c-40f9-b16f-508028e27e54 req-1e271e44-033c-40f9-b16f-508028e27e54 ] Request (InstanceActionsV221TestJSON:test_get_list_deleted_instance_actions): 200 GET http://10.180.1.21/compute/v2.1/servers/8ce40d44-062c-47cf-be36-d8ed6d924094 0.192s
2025-07-18 15:34:23.602 62764 INFO tempest.lib.common.rest_client [req-01b5fc62-2e8b-431c-8ade-6e67f1834f41 req-01b5fc62-2e8b-431c-8ade-6e67f1834f41 ] Request (ImagesTestJSON:test_create_image_from_stopped_server): 200 GET http://10.180.1.21/compute/v2.1/servers/0561164b-f3f9-446f-b597-4b6d16a32a00 0.203s
2025-07-18 15:34:23.623 62752 INFO tempest.lib.common.rest_client [req-6184c3eb-624c-466a-9c7d-4827a742f35e req-6184c3eb-624c-466a-9c7d-4827a742f35e ] Request (AttachInterfacesV270Test:test_create_get_list_interfaces): 200 GET http://10.180.1.21/compute/v2.1/servers/760f3c9b-044d-4593-bc97-535ac09c3f3b 0.307s
2025-07-18 15:34:23.647 62730 INFO tempest.lib.common.rest_client [req-ec704dc5-28fc-4e58-8f9e-b3d874dbabf6 req-ec704dc5-28fc-4e58-8f9e-b3d874dbabf6 ] Request (DeleteServersAdminTestJSON:test_delete_server_while_in_error_state): 200 GET http://10.180.1.21/compute/v2.1/servers/1e005b4d-7f94-4263-ba5d-303af209c408 0.245s
2025-07-18 15:34:23.669 62750 INFO tempest.lib.common.rest_client [req-129a1fe8-0172-4f1b-864f-dd5bc5da0c3c req-129a1fe8-0172-4f1b-864f-dd5bc5da0c3c ] Request (ImagesOneServerNegativeTestJSON:setUpClass): 200 GET http://10.180.1.21/compute/v2.1/servers/c60488a7-7d3b-49af-8b4d-9aad718a37a4 0.225s
2025-07-18 15:34:23.696 62740 INFO tempest.lib.common.rest_client [req-e5d0430a-0d66-4cda-8753-e622678f4a87 req-e5d0430a-0d66-4cda-8753-e622678f4a87 ] Request (AttachInterfacesUnderV243Test:test_add_remove_fixed_ip): 200 GET http://10.180.1.21/compute/v2.1/servers/327a282e-b502-4644-a152-0e77ec399fe7 0.249s
2025-07-18 15:34:23.713 62742 INFO tempest.lib.common.rest_client [req-d2d69579-a3e5-4fe9-b907-ae3e833a612d req-d2d69579-a3e5-4fe9-b907-ae3e833a612d ] Request (ServerActionsTestJSON:setUpClass): 200 GET http://10.180.1.21/compute/v2.1/servers/da5c9742-9dba-4691-9bda-25858915857b 0.210s
2025-07-18 15:34:23.751 62724 INFO tempest.lib.common.rest_client [req-0f437267-a56f-4512-8245-0502353dda7d req-0f437267-a56f-4512-8245-0502353dda7d ] Request (ServersAdmin275Test:test_rebuild_update_server_275): 200 GET http://10.180.1.21/compute/v2.1/servers/029e3122-7587-4675-b9d9-47cf8ffdbd1d 0.247s
2025-07-18 15:34:23.755 62746 INFO tempest.lib.common.rest_client [req-6818f051-0735-42cb-bdc9-a7b162377d26 req-6818f051-0735-42cb-bdc9-a7b162377d26 ] Request (ServersWithSpecificFlavorTestJSON:test_verify_created_server_ephemeral_disk): 200 GET http://10.180.1.21/compute/v2.1/servers/3d2bc5b9-cef1-4c45-a493-00a89bd2dfcf 0.209s
2025-07-18 15:34:23.801 62722 INFO tempest.lib.common.rest_client [req-f502af0b-9b95-471a-8d09-e9bfa78e849c req-f502af0b-9b95-471a-8d09-e9bfa78e849c ] Request (ServersTestBootFromVolume:setUpClass): 200 GET http://10.180.1.21/compute/v2.1/servers/a2008090-914b-448c-8c60-776d4032e091 0.205s
2025-07-18 15:34:23.844 62754 INFO tempest.lib.common.rest_client [req-e6713252-428f-43ab-9303-608d528a4809 req-e6713252-428f-43ab-9303-608d528a4809 ] Request (MultipleCreateTestJSON:test_multiple_create): 200 GET http://10.180.1.21/compute/v2.1/servers/380bc9c3-8bba-4f26-b938-e4e74543261c 0.203s
2025-07-18 15:34:23.882 62748 INFO tempest.lib.common.rest_client [req-f71838bf-a67d-488a-bd52-5cdeace546f7 req-f71838bf-a67d-488a-bd52-5cdeace546f7 ] Request (SecurityGroupsTestJSON:test_list_security_groups_by_server): 200 GET http://10.180.1.21/compute/v2.1/servers/a918c107-526d-4cb7-a7dd-735a7d6420a4 0.288s
2025-07-18 15:34:23.890 62744 INFO tempest.lib.common.rest_client [req-60ffc047-7823-4c0d-a58f-557278652c71 req-60ffc047-7823-4c0d-a58f-557278652c71 ] Request (ServersTestFqdnHostnames:test_create_server_with_fqdn_name): 200 GET http://10.180.1.21/compute/v2.1/servers/a9eb98c9-73cd-453f-9d6f-f6fe5e0a6c0f 0.243s
2025-07-18 15:34:23.930 62726 INFO tempest.lib.common.rest_client [req-6b0de8c8-5d08-47c2-a5fb-64368056fe35 req-6b0de8c8-5d08-47c2-a5fb-64368056fe35 ] Request (MigrationsAdminTest:test_list_migrations_in_flavor_resize_situation): 200 GET http://10.180.1.21/compute/v2.1/servers/ab7da5f4-9460-4d70-a0e5-5a690284d0e0 0.243s
2025-07-18 15:34:23.938 62766 INFO tempest.lib.common.rest_client [req-6f780ca3-aa7e-4384-99ec-49d81d41ef63 req-6f780ca3-aa7e-4384-99ec-49d81d41ef63 ] Request (FloatingIPsAssociationTestJSON:setUpClass): 200 GET http://10.180.1.21/compute/v2.1/servers/d271fa1d-d7f3-4abf-9b5f-69396c4c128c 0.245s
2025-07-18 15:34:23.986 62734 INFO tempest.lib.common.rest_client [req-1942a362-c142-4ee7-86a0-7e8c02f424ac req-1942a362-c142-4ee7-86a0-7e8c02f424ac ] Request (VolumesAdminNegativeTest:test_update_attached_volume_with_nonexistent_volume_in_body): 200 GET http://10.180.1.21/compute/v2.1/servers/02f37f91-5ee0-46bb-a5e2-ec8256c1f22c 0.253s
2025-07-18 15:34:24.051 62718 INFO tempest.lib.common.rest_client [req-d1170ee6-7371-46b8-a929-e0e02bc4fc61 req-d1170ee6-7371-46b8-a929-e0e02bc4fc61 ] Request (ServerExternalEventsTest:test_create_server_external_events): 200 GET http://10.180.1.21/compute/v2.1/servers/e41d1a8c-ad7e-4151-9745-04318b007dfa 0.132s
2025-07-18 15:34:24.078 62756 INFO tempest.lib.common.rest_client [req-e2abb182-d276-4f22-95fd-19b4198b3489 req-e2abb182-d276-4f22-95fd-19b4198b3489 ] Request (ServerAddressesTestJSON:setUpClass): 200 GET http://10.180.1.21/compute/v2.1/servers/1f9496b6-ff55-473d-8b82-d1e4e3afe0f1 0.134s
