2025-07-18 15:33:34.922 62746 INFO tempest.lib.common.rest_client [req-f6a3a9cd-9e1a-45ad-a9b9-78a897257e6c req-f6a3a9cd-9e1a-45ad-a9b9-78a897257e6c ] Request (ServersWithSpecificFlavorTestJSON:test_verify_created_server_ephemeral_disk): 200 GET http://10.180.1.21/compute/v2.1/servers/3d2bc5b9-cef1-4c45-a493-00a89bd2dfcf 0.048s
2025-07-18 15:33:34.966 62722 INFO tempest.lib.common.rest_client [req-c31b49f9-19eb-4670-833e-649706964532 req-c31b49f9-19eb-4670-833e-649706964532 ] Request (ServersTestBootFromVolume:setUpClass): 200 GET http://10.180.1.21/compute/v2.1/servers/a2008090-914b-448c-8c60-776d4032e091 0.046s
2025-07-18 15:33:34.979 62768 INFO tempest.lib.common.rest_client [req-736f3c4b-1469-4c9e-a97f-767f13c1e9dd req-736f3c4b-1469-4c9e-a97f-767f13c1e9dd ] Request (ImagesNegativeTestJSON:test_create_image_from_deleted_server): 200 GET http://10.180.1.21/compute/v2.1/servers/1323e67f-17c6-4432-8eea-98c285745766 0.098s
2025-07-18 15:33:35.013 62744 INFO tempest.lib.common.rest_client [req-c1a94c3e-1516-4200-aa50-489a93f818d6 req-c1a94c3e-1516-4200-aa50-489a93f818d6 ] Request (ServersTestFqdnHostnames:test_create_server_with_fqdn_name): 200 GET http://10.180.1.21/compute/v2.1/servers/a9eb98c9-73cd-453f-9d6f-f6fe5e0a6c0f 0.046s
2025-07-18 15:33:35.059 62766 INFO tempest.lib.common.rest_client [req-0d721af4-832e-412c-8102-2dca9c8d7745 req-0d721af4-832e-412c-8102-2dca9c8d7745 ] Request (FloatingIPsAssociationTestJSON:setUpClass): 200 GET http://10.180.1.21/compute/v2.1/servers/d271fa1d-d7f3-4abf-9b5f-69396c4c128c 0.045s
2025-07-18 15:33:35.070 62720 INFO tempest.lib.common.rest_client [req-7a04b6f5-4ed5-47fa-be48-feb505ee7b48 req-7a04b6f5-4ed5-47fa-be48-feb505ee7b48 ] Request (DeleteServersTestJSON:test_delete_active_server): 200 GET http://10.180.1.21/compute/v2.1/servers/6c3f0540-a722-4a13-9982-f40c2d6ce9b1 0.099s
2025-07-18 15:33:35.106 62754 INFO tempest.lib.common.rest_client [req-bc59c178-3dcd-40e1-946e-9f9bcfe1a29d req-bc59c178-3dcd-40e1-946e-9f9bcfe1a29d ] Request (MultipleCreateTestJSON:test_multiple_create): 200 GET http://10.180.1.21/compute/v2.1/servers/380bc9c3-8bba-4f26-b938-e4e74543261c 0.090s
2025-07-18 15:33:35.117 62726 INFO tempest.lib.common.rest_client [req-abc757f1-03fd-45bf-b0b3-b3b8ce752699 req-abc757f1-03fd-45bf-b0b3-b3b8ce752699 ] Request (MigrationsAdminTest:test_list_migrations_in_flavor_resize_situation): 200 GET http://10.180.1.21/compute/v2.1/servers/ab7da5f4-9460-4d70-a0e5-5a690284d0e0 0.057s
2025-07-18 15:33:35.154 62728 INFO tempest.lib.common.rest_client [req-44054833-e6b3-4976-8a0d-0a42f6c4d7b0 req-44054833-e6b3-4976-8a0d-0a42f6c4d7b0 ] Request (ServersAdminNegativeTestJSON:setUpClass): 200 GET http://10.180.1.21/compute/v2.1/servers/9ea6880c-469b-4c66-927e-442a41e22163 0.082s
2025-07-18 15:33:35.175 62734 INFO tempest.lib.common.rest_client [req-2b19b19d-7888-4357-b901-72982e2e1de6 req-2b19b19d-7888-4357-b901-72982e2e1de6 ] Request (VolumesAdminNegativeTest:test_update_attached_volume_with_nonexistent_volume_in_body): 200 GET http://10.180.1.21/compute/v2.1/servers/02f37f91-5ee0-46bb-a5e2-ec8256c1f22c 0.048s
2025-07-18 15:33:35.239 62714 INFO tempest.lib.common.rest_client [req-3fe828a2-0ece-4335-b55c-78563dd313e5 req-3fe828a2-0ece-4335-b55c-78563dd313e5 ] Request (ServerDiagnosticsV248Test:test_get_server_diagnostics): 200 GET http://10.180.1.21/compute/v2.1/servers/7c661fb6-abb7-486b-9188-f8d4dd6bb1a0 0.051s
2025-07-18 15:33:35.277 62738 INFO tempest.lib.common.rest_client [req-6eab6ef0-e69e-41eb-ab35-2f0c357df9e8 req-6eab6ef0-e69e-41eb-ab35-2f0c357df9e8 ] Request (ServerRescueTestJSON:setUpClass): 200 GET http://10.180.1.21/compute/v2.1/servers/4770186f-8bd4-455c-a21d-f79e2230fa4e 0.047s
2025-07-18 15:33:35.346 62762 INFO tempest.lib.common.rest_client [req-4f0a1bdf-67a3-483c-a32e-75f76f35a4d8 req-4f0a1bdf-67a3-483c-a32e-75f76f35a4d8 ] Request (ImagesOneServerTestJSON:setUpClass): 200 GET http://10.180.1.21/compute/v2.1/servers/187242f5-934b-4c1d-b8ac-2ce8c347351a 0.090s
2025-07-18 15:33:35.522 62760 INFO tempest.lib.common.rest_client [req-4c056d62-e5b6-4c4c-822d-8464ebb050b2 req-4c056d62-e5b6-4c4c-822d-8464ebb050b2 ] Request (TenantUsagesTestJSON:setUpClass): 200 GET http://10.180.1.21/compute/v2.1/servers/adf2f380-84ad-480b-aa9a-16b19c05a3f3 0.095s
2025-07-18 15:33:35.551 62748 INFO tempest.lib.common.rest_client [req-6a2f207e-c7fd-4f32-bae9-15ed1017d8b5 req-6a2f207e-c7fd-4f32-bae9-15ed1017d8b5 ] Request (SecurityGroupsTestJSON:test_list_security_groups_by_server): 200 GET http://10.180.1.21/compute/v2.1/servers/a918c107-526d-4cb7-a7dd-735a7d6420a4 0.095s
2025-07-18 15:33:35.670 62752 INFO tempest.lib.common.rest_client [req-1962ffd1-3cf3-42c2-a938-c725080bf146 req-1962ffd1-3cf3-42c2-a938-c725080bf146 ] Request (AttachInterfacesV270Test:test_create_get_list_interfaces): 200 GET http://10.180.1.21/compute/v2.1/servers/760f3c9b-044d-4593-bc97-535ac09c3f3b 0.135s
2025-07-18 15:33:35.682 62736 INFO tempest.lib.common.rest_client [req-5ae3e409-12c0-41fa-b21b-8ff9453cbc54 req-5ae3e409-12c0-41fa-b21b-8ff9453cbc54 ] Request (ServersAdminTestJSON:setUpClass): 200 GET http://10.180.1.21/compute/v2.1/servers/ebd0c337-82cd-4d0a-9089-b9e2c72c417d 0.131s
2025-07-18 15:33:35.715 62712 INFO tempest.lib.common.rest_client [req-ffc3590c-c2fe-48be-ab7d-2e6c7f45e64e req-ffc3590c-c2fe-48be-ab7d-2e6c7f45e64e ] Request (VolumesAssistedSnapshotsTest:test_volume_assisted_snapshot_create_delete): 200 GET http://10.180.1.21/compute/v2.1/servers/0524dc08-ac1a-4f56-b44a-adbb5a0b5038 0.131s
2025-07-18 15:33:35.729 62758 INFO tempest.lib.common.rest_client [req-1493dcb1-bbcd-4928-8168-1fd86b48cd65 req-1493dcb1-bbcd-4928-8168-1fd86b48cd65 ] Request (ServerDiagnosticsTest:test_get_server_diagnostics): 200 GET http://10.180.1.21/compute/v2.1/servers/a0b1a835-21b9-4d9d-a5d7-35479a8c4b6d 0.131s
2025-07-18 15:33:35.762 62732 INFO tempest.lib.common.rest_client [req-a4dc5b33-2c29-4646-9c63-5a587c33ec36 req-a4dc5b33-2c29-4646-9c63-5a587c33ec36 ] Request (InstanceActionsV221TestJSON:test_get_list_deleted_instance_actions): 200 GET http://10.180.1.21/compute/v2.1/servers/8ce40d44-062c-47cf-be36-d8ed6d924094 0.130s
2025-07-18 15:33:35.775 62716 INFO tempest.lib.common.rest_client [req-e5714074-7c06-43bf-8476-6151a8413213 req-e5714074-7c06-43bf-8476-6151a8413213 ] Request (ServerDiagnosticsNegativeTest:test_get_server_diagnostics_by_non_admin): 200 GET http://10.180.1.21/compute/v2.1/servers/7620aead-4244-47ac-be0a-6614d03ec2c6 0.128s
2025-07-18 15:33:35.807 62764 INFO tempest.lib.common.rest_client [req-f239dd6a-523a-474e-b8bc-36dc51f147e5 req-f239dd6a-523a-474e-b8bc-36dc51f147e5 ] Request (ImagesTestJSON:test_create_image_from_stopped_server): 200 GET http://10.180.1.21/compute/v2.1/servers/0561164b-f3f9-446f-b597-4b6d16a32a00 0.131s
2025-07-18 15:33:35.824 62730 INFO tempest.lib.common.rest_client [req-e63e11a5-371b-4d95-b72f-fa63dfc259b2 req-e63e11a5-371b-4d95-b72f-fa63dfc259b2 ] Request (DeleteServersAdminTestJSON:test_delete_server_while_in_error_state): 200 GET http://10.180.1.21/compute/v2.1/servers/1e005b4d-7f94-4263-ba5d-303af209c408 0.132s
2025-07-18 15:33:35.852 62750 INFO tempest.lib.common.rest_client [req-94ec6207-bb4a-46e4-9392-6752b490ab8e req-94ec6207-bb4a-46e4-9392-6752b490ab8e ] Request (ImagesOneServerNegativeTestJSON:setUpClass): 200 GET http://10.180.1.21/compute/v2.1/servers/c60488a7-7d3b-49af-8b4d-9aad718a37a4 0.129s
2025-07-18 15:33:35.873 62724 INFO tempest.lib.common.rest_client [req-48db0106-a5e0-4871-8ea0-6d118e02beed req-48db0106-a5e0-4871-8ea0-6d118e02beed ] Request (ServersAdmin275Test:test_rebuild_update_server_275): 200 GET http://10.180.1.21/compute/v2.1/servers/029e3122-7587-4675-b9d9-47cf8ffdbd1d 0.128s
2025-07-18 15:33:35.946 62718 INFO tempest.lib.common.rest_client [req-6b94cfdc-6583-4c19-8f56-e2a3efcf91ed req-6b94cfdc-6583-4c19-8f56-e2a3efcf91ed ] Request (ServerExternalEventsTest:test_create_server_external_events): 200 GET http://10.180.1.21/compute/v2.1/servers/e41d1a8c-ad7e-4151-9745-04318b007dfa 0.109s
2025-07-18 15:33:35.965 62756 INFO tempest.lib.common.rest_client [req-deb04657-dd8e-4a3f-9d5e-0a0980f85891 req-deb04657-dd8e-4a3f-9d5e-0a0980f85891 ] Request (ServerAddressesTestJSON:setUpClass): 200 GET http://10.180.1.21/compute/v2.1/servers/1f9496b6-ff55-473d-8b82-d1e4e3afe0f1 0.116s
2025-07-18 15:33:35.993 62742 INFO tempest.lib.common.rest_client [req-bba769e2-ce1a-4c48-948f-ccdfb04d9b5f req-bba769e2-ce1a-4c48-948f-ccdfb04d9b5f ] Request (ServerActionsTestJSON:setUpClass): 200 GET http://10.180.1.21/compute/v2.1/servers/da5c9742-9dba-4691-9bda-25858915857b 0.112s
2025-07-18 15:33:36.012 62740 INFO tempest.lib.common.rest_client [req-23516343-62c6-40c1-8361-2b32cd2561d1 req-23516343-62c6-40c1-8361-2b32cd2561d1 ] Request (AttachInterfacesUnderV243Test:test_add_remove_fixed_ip): 200 GET http://10.180.1.21/compute/v2.1/servers/327a282e-b502-4644-a152-0e77ec399fe7 0.116s
2025-07-18 15:33:36.040 62746 INFO tempest.lib.common.rest_client [req-49a8a3f8-eb44-4392-8e77-46bbad60d774 req-49a8a3f8-eb44-4392-8e77-46bbad60d774 ] Request (ServersWithSpecificFlavorTestJSON:test_verify_created_server_ephemeral_disk): 200 GET http://10.180.1.21/compute/v2.1/servers/3d2bc5b9-cef1-4c45-a493-00a89bd2dfcf 0.111s
2025-07-18 15:33:36.060 62722 INFO tempest.lib.common.rest_client [req-c57dfc53-329c-44e9-877c-ca830cc98143 req-c57dfc53-329c-44e9-877c-ca830cc98143 ] Request (ServersTestBootFromVolume:setUpClass): 200 GET http://10.180.1.21/compute/v2.1/servers/a2008090-914b-448c-8c60-776d4032e091 0.086s
2025-07-18 15:33:36.104 62744 INFO tempest.lib.common.rest_client [req-e28041ae-baaa-4c0b-965b-8ca8c39a4643 req-e28041ae-baaa-4c0b-965b-8ca8c39a4643 ] Request (ServersTestFqdnHostnames:test_create_server_with_fqdn_name): 200 GET http://10.180.1.21/compute/v2.1/servers/a9eb98c9-73cd-453f-9d6f-f6fe5e0a6c0f 0.084s
2025-07-18 15:33:36.134 62768 INFO tempest.lib.common.rest_client [req-e420c6ae-6303-40c8-beb5-1d35d27c61e9 req-e420c6ae-6303-40c8-beb5-1d35d27c61e9 ] Request (ImagesNegativeTestJSON:test_create_image_from_deleted_server): 200 GET http://10.180.1.21/compute/v2.1/servers/1323e67f-17c6-4432-8eea-98c285745766 0.148s
2025-07-18 15:33:36.150 62766 INFO tempest.lib.common.rest_client [req-a5ba21b6-b3ac-4bcc-b8c5-b3427d44c372 req-a5ba21b6-b3ac-4bcc-b8c5-b3427d44c372 ] Request (FloatingIPsAssociationTestJSON:setUpClass): 200 GET http://10.180.1.21/compute/v2.1/servers/d271fa1d-d7f3-4abf-9b5f-69396c4c128c 0.084s
2025-07-18 15:33:36.197 62754 INFO tempest.lib.common.rest_client [req-d6dbb284-ba04-4a85-a394-19fa6a4a6ea0 req-d6dbb284-ba04-4a85-a394-19fa6a4a6ea0 ] Request (MultipleCreateTestJSON:test_multiple_create): 200 GET http://10.180.1.21/compute/v2.1/servers/380bc9c3-8bba-4f26-b938-e4e74543261c 0.081s
2025-07-18 15:33:36.242 62726 INFO tempest.lib.common.rest_client [req-72350e39-6ca4-4ba0-ae6c-17bb9b9ab33a req-72350e39-6ca4-4ba0-ae6c-17bb9b9ab33a ] Request (MigrationsAdminTest:test_list_migrations_in_flavor_resize_situation): 200 GET http://10.180.1.21/compute/v2.1/servers/ab7da5f4-9460-4d70-a0e5-5a690284d0e0 0.118s
2025-07-18 15:33:36.267 62720 INFO tempest.lib.common.rest_client [req-09fbe27f-cf1e-4262-b747-081f2e6866b5 req-09fbe27f-cf1e-4262-b747-081f2e6866b5 ] Request (DeleteServersTestJSON:test_delete_active_server): 200 GET http://10.180.1.21/compute/v2.1/servers/6c3f0540-a722-4a13-9982-f40c2d6ce9b1 0.190s
2025-07-18 15:33:36.287 62728 INFO tempest.lib.common.rest_client [req-8a2efda8-d3ae-48e1-8a30-8bc9a01d076d req-8a2efda8-d3ae-48e1-8a30-8bc9a01d076d ] Request (ServersAdminNegativeTestJSON:setUpClass): 200 GET http://10.180.1.21/compute/v2.1/servers/9ea6880c-469b-4c66-927e-442a41e22163 0.126s
2025-07-18 15:33:36.313 62734 INFO tempest.lib.common.rest_client [req-ae40cdce-547a-4ab4-9e49-d36f8f3a37d7 req-ae40cdce-547a-4ab4-9e49-d36f8f3a37d7 ] Request (VolumesAdminNegativeTest:test_update_attached_volume_with_nonexistent_volume_in_body): 200 GET http://10.180.1.21/compute/v2.1/servers/02f37f91-5ee0-46bb-a5e2-ec8256c1f22c 0.130s
2025-07-18 15:33:36.335 62714 INFO tempest.lib.common.rest_client [req-e6a2d06e-c540-4ee0-9cbb-1e3e5fe89f02 req-e6a2d06e-c540-4ee0-9cbb-1e3e5fe89f02 ] Request (ServerDiagnosticsV248Test:test_get_server_diagnostics): 200 GET http://10.180.1.21/compute/v2.1/servers/7c661fb6-abb7-486b-9188-f8d4dd6bb1a0 0.085s
2025-07-18 15:33:36.359 62738 INFO tempest.lib.common.rest_client [req-463adcaa-9f69-4bc5-acc0-ab0b6bf115ac req-463adcaa-9f69-4bc5-acc0-ab0b6bf115ac ] Request (ServerRescueTestJSON:setUpClass): 200 GET http://10.180.1.21/compute/v2.1/servers/4770186f-8bd4-455c-a21d-f79e2230fa4e 0.074s
2025-07-18 15:33:36.450 62762 INFO tempest.lib.common.rest_client [req-a40b0090-a4f7-4ea4-af12-1c762b4ef6f4 req-a40b0090-a4f7-4ea4-af12-1c762b4ef6f4 ] Request (ImagesOneServerTestJSON:setUpClass): 200 GET http://10.180.1.21/compute/v2.1/servers/187242f5-934b-4c1d-b8ac-2ce8c347351a 0.096s
2025-07-18 15:33:36.628 62760 INFO tempest.lib.common.rest_client [req-d6d4ac66-233d-444c-a1c0-787f713bd02f req-d6d4ac66-233d-444c-a1c0-787f713bd02f ] Request (TenantUsagesTestJSON:setUpClass): 200 GET http://10.180.1.21/compute/v2.1/servers/adf2f380-84ad-480b-aa9a-16b19c05a3f3 0.097s
2025-07-18 15:33:36.655 62748 INFO tempest.lib.common.rest_client [req-675fa809-b5fb-40f7-a371-98c1aefbf5ee req-675fa809-b5fb-40f7-a371-98c1aefbf5ee ] Request (SecurityGroupsTestJSON:test_list_security_groups_by_server): 200 GET http://10.180.1.21/compute/v2.1/servers/a918c107-526d-4cb7-a7dd-735a7d6420a4 0.097s
2025-07-18 15:33:36.782 62752 INFO tempest.lib.common.rest_client [req-c6a0fc4c-8b77-457c-9267-c3d8a4667fb7 req-c6a0fc4c-8b77-457c-9267-c3d8a4667fb7 ] Request (AttachInterfacesV270Test:test_create_get_list_interfaces): 200 GET http://10.180.1.21/compute/v2.1/servers/760f3c9b-044d-4593-bc97-535ac09c3f3b 0.102s
2025-07-18 15:33:36.786 62736 INFO tempest.lib.common.rest_client [req-44e5688d-05f1-4292-8578-6fa510f007b1 req-44e5688d-05f1-4292-8578-6fa510f007b1 ] Request (ServersAdminTestJSON:setUpClass): 200 GET http://10.180.1.21/compute/v2.1/servers/ebd0c337-82cd-4d0a-9089-b9e2c72c417d 0.096s
2025-07-18 15:33:36.827 62712 INFO tempest.lib.common.rest_client [req-46e703bf-be72-4ae0-9cce-dd1c20aefee9 req-46e703bf-be72-4ae0-9cce-dd1c20aefee9 ] Request (VolumesAssistedSnapshotsTest:test_volume_assisted_snapshot_create_delete): 200 GET http://10.180.1.21/compute/v2.1/servers/0524dc08-ac1a-4f56-b44a-adbb5a0b5038 0.105s
2025-07-18 15:33:36.832 62758 INFO tempest.lib.common.rest_client [req-00dfa826-9a4e-4174-8b93-c9f275f7d95a req-00dfa826-9a4e-4174-8b93-c9f275f7d95a ] Request (ServerDiagnosticsTest:test_get_server_diagnostics): 200 GET http://10.180.1.21/compute/v2.1/servers/a0b1a835-21b9-4d9d-a5d7-35479a8c4b6d 0.096s
2025-07-18 15:33:36.875 62732 INFO tempest.lib.common.rest_client [req-194ed93d-58d8-4a73-9a7d-7639a7e76ec1 req-194ed93d-58d8-4a73-9a7d-7639a7e76ec1 ] Request (InstanceActionsV221TestJSON:test_get_list_deleted_instance_actions): 200 GET http://10.180.1.21/compute/v2.1/servers/8ce40d44-062c-47cf-be36-d8ed6d924094 0.104s
2025-07-18 15:33:36.879 62716 INFO tempest.lib.common.rest_client [req-53bded6f-9c80-48bb-9316-02ec1d428563 req-53bded6f-9c80-48bb-9316-02ec1d428563 ] Request (ServerDiagnosticsNegativeTest:test_get_server_diagnostics_by_non_admin): 200 GET http://10.180.1.21/compute/v2.1/servers/7620aead-4244-47ac-be0a-6614d03ec2c6 0.095s
2025-07-18 15:33:36.925 62764 INFO tempest.lib.common.rest_client [req-b75f50db-be3c-40fe-b4ea-024c9eca690c req-b75f50db-be3c-40fe-b4ea-024c9eca690c ] Request (ImagesTestJSON:test_create_image_from_stopped_server): 200 GET http://10.180.1.21/compute/v2.1/servers/0561164b-f3f9-446f-b597-4b6d16a32a00 0.110s
2025-07-18 15:33:36.938 62730 INFO tempest.lib.common.rest_client [req-ade3f779-ffbd-4b3d-a864-04f08bc1cf33 req-ade3f779-ffbd-4b3d-a864-04f08bc1cf33 ] Request (DeleteServersAdminTestJSON:test_delete_server_while_in_error_state): 200 GET http://10.180.1.21/compute/v2.1/servers/1e005b4d-7f94-4263-ba5d-303af209c408 0.106s
2025-07-18 15:33:36.973 62750 INFO tempest.lib.common.rest_client [req-898ff4aa-b207-417a-8459-91b843771cd7 req-898ff4aa-b207-417a-8459-91b843771cd7 ] Request (ImagesOneServerNegativeTestJSON:setUpClass): 200 GET http://10.180.1.21/compute/v2.1/servers/c60488a7-7d3b-49af-8b4d-9aad718a37a4 0.112s
2025-07-18 15:33:36.996 62724 INFO tempest.lib.common.rest_client [req-c1293578-cbb8-4d66-a55a-ee7f7705c749 req-c1293578-cbb8-4d66-a55a-ee7f7705c749 ] Request (ServersAdmin275Test:test_rebuild_update_server_275): 200 GET http://10.180.1.21/compute/v2.1/servers/029e3122-7587-4675-b9d9-47cf8ffdbd1d 0.112s
2025-07-18 15:33:37.067 62718 INFO tempest.lib.common.rest_client [req-e300dab8-433d-446c-9165-eccf6d53188b req-e300dab8-433d-446c-9165-eccf6d53188b ] Request (ServerExternalEventsTest:test_create_server_external_events): 200 GET http://10.180.1.21/compute/v2.1/servers/e41d1a8c-ad7e-4151-9745-04318b007dfa 0.113s
2025-07-18 15:33:37.087 62756 INFO tempest.lib.common.rest_client [req-88111592-2625-4319-8724-ae73e5be8c5d req-88111592-2625-4319-8724-ae73e5be8c5d ] Request (ServerAddressesTestJSON:setUpClass): 200 GET http://10.180.1.21/compute/v2.1/servers/1f9496b6-ff55-473d-8b82-d1e4e3afe0f1 0.114s
2025-07-18 15:33:37.119 62742 INFO tempest.lib.common.rest_client [req-96eba85d-0c87-4ea5-9670-c6980be9a8c2 req-96eba85d-0c87-4ea5-9670-c6980be9a8c2 ] Request (ServerActionsTestJSON:setUpClass): 200 GET http://10.180.1.21/compute/v2.1/servers/da5c9742-9dba-4691-9bda-25858915857b 0.118s
2025-07-18 15:33:37.134 62740 INFO tempest.lib.common.rest_client [req-28a4c515-fb15-40ec-8ddd-c76a3ff0b6d7 req-28a4c515-fb15-40ec-8ddd-c76a3ff0b6d7 ] Request (AttachInterfacesUnderV243Test:test_add_remove_fixed_ip): 200 GET http://10.180.1.21/compute/v2.1/servers/327a282e-b502-4644-a152-0e77ec399fe7 0.113s
2025-07-18 15:33:37.164 62746 INFO tempest.lib.common.rest_client [req-5775066b-3390-45f8-b8dc-ea84f481af6f req-5775066b-3390-45f8-b8dc-ea84f481af6f ] Request (ServersWithSpecificFlavorTestJSON:test_verify_created_server_ephemeral_disk): 200 GET http://10.180.1.21/compute/v2.1/servers/3d2bc5b9-cef1-4c45-a493-00a89bd2dfcf 0.114s
2025-07-18 15:33:37.178 62722 INFO tempest.lib.common.rest_client [req-94de91d0-cfd7-468f-aaa1-365f4fe61587 req-94de91d0-cfd7-468f-aaa1-365f4fe61587 ] Request (ServersTestBootFromVolume:setUpClass): 200 GET http://10.180.1.21/compute/v2.1/servers/a2008090-914b-448c-8c60-776d4032e091 0.111s
2025-07-18 15:33:37.213 62744 INFO tempest.lib.common.rest_client [req-cb062b5e-f442-4b44-8fdb-269f0b8d0730 req-cb062b5e-f442-4b44-8fdb-269f0b8d0730 ] Request (ServersTestFqdnHostnames:test_create_server_with_fqdn_name): 200 GET http://10.180.1.21/compute/v2.1/servers/a9eb98c9-73cd-453f-9d6f-f6fe5e0a6c0f 0.101s
2025-07-18 15:33:37.261 62766 INFO tempest.lib.common.rest_client [req-a7db750e-5cf8-4b08-997c-46decc3b59fc req-a7db750e-5cf8-4b08-997c-46decc3b59fc ] Request (FloatingIPsAssociationTestJSON:setUpClass): 200 GET http://10.180.1.21/compute/v2.1/servers/d271fa1d-d7f3-4abf-9b5f-69396c4c128c 0.103s
2025-07-18 15:33:37.308 62754 INFO tempest.lib.common.rest_client [req-7f3ceaae-2d78-479c-bad5-24e4d1062494 req-7f3ceaae-2d78-479c-bad5-24e4d1062494 ] Request (MultipleCreateTestJSON:test_multiple_create): 200 GET http://10.180.1.21/compute/v2.1/servers/380bc9c3-8bba-4f26-b938-e4e74543261c 0.103s
2025-07-18 15:33:37.311 62768 INFO tempest.lib.common.rest_client [req-7eda01c4-1464-4228-acce-9d4ebab80d6a req-7eda01c4-1464-4228-acce-9d4ebab80d6a ] Request (ImagesNegativeTestJSON:test_create_image_from_deleted_server): 200 GET http://10.180.1.21/compute/v2.1/servers/1323e67f-17c6-4432-8eea-98c285745766 0.169s
2025-07-18 15:33:37.355 62726 INFO tempest.lib.common.rest_client [req-6bbbbc42-eb9c-4286-95a9-a42f025c278d req-6bbbbc42-eb9c-4286-95a9-a42f025c278d ] Request (MigrationsAdminTest:test_list_migrations_in_flavor_resize_situation): 200 GET http://10.180.1.21/compute/v2.1/servers/ab7da5f4-9460-4d70-a0e5-5a690284d0e0 0.105s
2025-07-18 15:33:37.400 62728 INFO tempest.lib.common.rest_client [req-d556bb1c-f93e-44cc-baaa-9e5f0398d26c req-d556bb1c-f93e-44cc-baaa-9e5f0398d26c ] Request (ServersAdminNegativeTestJSON:setUpClass): 200 GET http://10.180.1.21/compute/v2.1/servers/9ea6880c-469b-4c66-927e-442a41e22163 0.104s
2025-07-18 15:33:37.405 62720 INFO tempest.lib.common.rest_client [req-09487ec4-5137-429c-a65b-66878d63138c req-09487ec4-5137-429c-a65b-66878d63138c ] Request (DeleteServersTestJSON:test_delete_active_server): 200 GET http://10.180.1.21/compute/v2.1/servers/6c3f0540-a722-4a13-9982-f40c2d6ce9b1 0.129s
2025-07-18 15:33:37.444 62734 INFO tempest.lib.common.rest_client [req-bce875ea-109b-45f0-be15-cf91529a54bb req-bce875ea-109b-45f0-be15-cf91529a54bb ] Request (VolumesAdminNegativeTest:test_update_attached_volume_with_nonexistent_volume_in_body): 200 GET http://10.180.1.21/compute/v2.1/servers/02f37f91-5ee0-46bb-a5e2-ec8256c1f22c 0.123s
2025-07-18 15:33:37.452 62714 INFO tempest.lib.common.rest_client [req-28450948-0784-4aec-acc6-08dfea498b88 req-28450948-0784-4aec-acc6-08dfea498b88 ] Request (ServerDiagnosticsV248Test:test_get_server_diagnostics): 200 GET http://10.180.1.21/compute/v2.1/servers/7c661fb6-abb7-486b-9188-f8d4dd6bb1a0 0.107s
2025-07-18 15:33:37.490 62738 INFO tempest.lib.common.rest_client [req-de7d5406-83a5-4d7e-94c9-2b4885ff5b4d req-de7d5406-83a5-4d7e-94c9-2b4885ff5b4d ] Request (ServerRescueTestJSON:setUpClass): 200 GET http://10.180.1.21/compute/v2.1/servers/4770186f-8bd4-455c-a21d-f79e2230fa4e 0.120s
2025-07-18 15:33:37.595 62762 INFO tempest.lib.common.rest_client [req-6ec81270-4b7a-42fc-8a01-784630f90cdb req-6ec81270-4b7a-42fc-8a01-784630f90cdb ] Request (ImagesOneServerTestJSON:setUpClass): 200 GET http://10.180.1.21/compute/v2.1/servers/187242f5-934b-4c1d-b8ac-2ce8c347351a 0.137s
2025-07-18 15:33:37.771 62760 INFO tempest.lib.common.rest_client [req-02e7c0e6-15db-4c78-935e-81344d2aa265 req-02e7c0e6-15db-4c78-935e-81344d2aa265 ] Request (TenantUsagesTestJSON:setUpClass): 200 GET http://10.180.1.21/compute/v2.1/servers/adf2f380-84ad-480b-aa9a-16b19c05a3f3 0.135s
2025-07-18 15:33:37.796 62748 INFO tempest.lib.common.rest_client [req-91d3fe11-0152-4498-afed-670931095da7 req-91d3fe11-0152-4498-afed-670931095da7 ] Request (SecurityGroupsTestJSON:test_list_security_groups_by_server): 200 GET http://10.180.1.21/compute/v2.1/servers/a918c107-526d-4cb7-a7dd-735a7d6420a4 0.133s
2025-07-18 15:33:37.888 62736 INFO tempest.lib.common.rest_client [req-812c134e-1a0c-4711-81ac-939399acf6aa req-812c134e-1a0c-4711-81ac-939399acf6aa ] Request (ServersAdminTestJSON:setUpClass): 200 GET http://10.180.1.21/compute/v2.1/servers/ebd0c337-82cd-4d0a-9089-b9e2c72c417d 0.093s
2025-07-18 15:33:37.891 62752 INFO tempest.lib.common.rest_client [req-f5f6cb5a-a4d4-46e1-9039-fc0dc70f450f req-f5f6cb5a-a4d4-46e1-9039-fc0dc70f450f ] Request (AttachInterfacesV270Test:test_create_get_list_interfaces): 200 GET http://10.180.1.21/compute/v2.1/servers/760f3c9b-044d-4593-bc97-535ac09c3f3b 0.099s
2025-07-18 15:33:37.933 62712 INFO tempest.lib.common.rest_client [req-b07e2d2a-9744-454e-9aa7-d0ca359015f4 req-b07e2d2a-9744-454e-9aa7-d0ca359015f4 ] Request (VolumesAssistedSnapshotsTest:test_volume_assisted_snapshot_create_delete): 200 GET http://10.180.1.21/compute/v2.1/servers/0524dc08-ac1a-4f56-b44a-adbb5a0b5038 0.099s
2025-07-18 15:33:37.937 62758 INFO tempest.lib.common.rest_client [req-4dd4ad0d-ab71-44f2-a68f-2bb4d70a4460 req-4dd4ad0d-ab71-44f2-a68f-2bb4d70a4460 ] Request (ServerDiagnosticsTest:test_get_server_diagnostics): 200 GET http://10.180.1.21/compute/v2.1/servers/a0b1a835-21b9-4d9d-a5d7-35479a8c4b6d 0.097s
2025-07-18 15:33:37.981 62716 INFO tempest.lib.common.rest_client [req-eee6f15c-9846-40d9-bb2d-c9834c86c078 req-eee6f15c-9846-40d9-bb2d-c9834c86c078 ] Request (ServerDiagnosticsNegativeTest:test_get_server_diagnostics_by_non_admin): 200 GET http://10.180.1.21/compute/v2.1/servers/7620aead-4244-47ac-be0a-6614d03ec2c6 0.092s
2025-07-18 15:33:37.986 62732 INFO tempest.lib.common.rest_client [req-6e58a036-b484-4799-bba2-e2035b8f69bb req-6e58a036-b484-4799-bba2-e2035b8f69bb ] Request (InstanceActionsV221TestJSON:test_get_list_deleted_instance_actions): 200 GET http://10.180.1.21/compute/v2.1/servers/8ce40d44-062c-47cf-be36-d8ed6d924094 0.096s
2025-07-18 15:33:38.026 62764 INFO tempest.lib.common.rest_client [req-793df61f-5053-4adf-aca5-b10d0a887129 req-793df61f-5053-4adf-aca5-b10d0a887129 ] Request (ImagesTestJSON:test_create_image_from_stopped_server): 200 GET http://10.180.1.21/compute/v2.1/servers/0561164b-f3f9-446f-b597-4b6d16a32a00 0.091s
2025-07-18 15:33:38.033 62730 INFO tempest.lib.common.rest_client [req-6164be35-02c9-4b5b-80da-4e42ce0c1c3d req-6164be35-02c9-4b5b-80da-4e42ce0c1c3d ] Request (DeleteServersAdminTestJSON:test_delete_server_while_in_error_state): 200 GET http://10.180.1.21/compute/v2.1/servers/1e005b4d-7f94-4263-ba5d-303af209c408 0.082s
2025-07-18 15:33:38.072 62750 INFO tempest.lib.common.rest_client [req-21573149-dc07-4f1f-9699-387f1dd23ead req-21573149-dc07-4f1f-9699-387f1dd23ead ] Request (ImagesOneServerNegativeTestJSON:setUpClass): 200 GET http://10.180.1.21/compute/v2.1/servers/c60488a7-7d3b-49af-8b4d-9aad718a37a4 0.091s
2025-07-18 15:33:38.079 62724 INFO tempest.lib.common.rest_client [req-cb489a64-8b8f-4971-897d-e1b57e251792 req-cb489a64-8b8f-4971-897d-e1b57e251792 ] Request (ServersAdmin275Test:test_rebuild_update_server_275): 200 GET http://10.180.1.21/compute/v2.1/servers/029e3122-7587-4675-b9d9-47cf8ffdbd1d 0.072s
2025-07-18 15:33:38.198 62756 INFO tempest.lib.common.rest_client [req-92ebaa02-1cde-443e-acbb-8b033a0b59b1 req-92ebaa02-1cde-443e-acbb-8b033a0b59b1 ] Request (ServerAddressesTestJSON:setUpClass): 200 GET http://10.180.1.21/compute/v2.1/servers/1f9496b6-ff55-473d-8b82-d1e4e3afe0f1 0.096s
2025-07-18 15:33:38.210 62718 INFO tempest.lib.common.rest_client [req-f9a5de80-2538-4858-9f96-a91d94395c5a req-f9a5de80-2538-4858-9f96-a91d94395c5a ] Request (ServerExternalEventsTest:test_create_server_external_events): 200 GET http://10.180.1.21/compute/v2.1/servers/e41d1a8c-ad7e-4151-9745-04318b007dfa 0.132s
2025-07-18 15:33:38.248 62742 INFO tempest.lib.common.rest_client [req-1f0e0ee6-0ddc-4bb0-83ef-f1ffbafed2c7 req-1f0e0ee6-0ddc-4bb0-83ef-f1ffbafed2c7 ] Request (ServerActionsTestJSON:setUpClass): 200 GET http://10.180.1.21/compute/v2.1/servers/da5c9742-9dba-4691-9bda-25858915857b 0.121s
2025-07-18 15:33:38.258 62740 INFO tempest.lib.common.rest_client [req-900cdd98-919b-42c1-b91d-6d8fa7039f24 req-900cdd98-919b-42c1-b91d-6d8fa7039f24 ] Request (AttachInterfacesUnderV243Test:test_add_remove_fixed_ip): 200 GET http://10.180.1.21/compute/v2.1/servers/327a282e-b502-4644-a152-0e77ec399fe7 0.117s
2025-07-18 15:33:38.293 62746 INFO tempest.lib.common.rest_client [req-4b7a13f5-79fc-4471-a6f3-e7a1644526aa req-4b7a13f5-79fc-4471-a6f3-e7a1644526aa ] Request (ServersWithSpecificFlavorTestJSON:test_verify_created_server_ephemeral_disk): 200 GET http://10.180.1.21/compute/v2.1/servers/3d2bc5b9-cef1-4c45-a493-00a89bd2dfcf 0.122s
2025-07-18 15:33:38.307 62722 INFO tempest.lib.common.rest_client [req-56bea71a-547d-4baa-8276-f8668871bbe4 req-56bea71a-547d-4baa-8276-f8668871bbe4 ] Request (ServersTestBootFromVolume:setUpClass): 200 GET http://10.180.1.21/compute/v2.1/servers/a2008090-914b-448c-8c60-776d4032e091 0.121s
2025-07-18 15:33:38.338 62744 INFO tempest.lib.common.rest_client [req-6abcfc11-88f8-426c-8fda-28e462d36e46 req-6abcfc11-88f8-426c-8fda-28e462d36e46 ] Request (ServersTestFqdnHostnames:test_create_server_with_fqdn_name): 200 GET http://10.180.1.21/compute/v2.1/servers/a9eb98c9-73cd-453f-9d6f-f6fe5e0a6c0f 0.117s
2025-07-18 15:33:38.352 62766 INFO tempest.lib.common.rest_client [req-5d5ce474-0f27-4768-b99f-15970077ffe6 req-5d5ce474-0f27-4768-b99f-15970077ffe6 ] Request (FloatingIPsAssociationTestJSON:setUpClass): 200 GET http://10.180.1.21/compute/v2.1/servers/d271fa1d-d7f3-4abf-9b5f-69396c4c128c 0.082s
2025-07-18 15:33:38.383 62754 INFO tempest.lib.common.rest_client [req-1a58030e-a6f5-4192-b528-c05e90cf1c74 req-1a58030e-a6f5-4192-b528-c05e90cf1c74 ] Request (MultipleCreateTestJSON:test_multiple_create): 200 GET http://10.180.1.21/compute/v2.1/servers/380bc9c3-8bba-4f26-b938-e4e74543261c 0.065s
2025-07-18 15:33:38.429 62726 INFO tempest.lib.common.rest_client [req-cb172833-a2da-4b50-92ae-e81221d637be req-cb172833-a2da-4b50-92ae-e81221d637be ] Request (MigrationsAdminTest:test_list_migrations_in_flavor_resize_situation): 200 GET http://10.180.1.21/compute/v2.1/servers/ab7da5f4-9460-4d70-a0e5-5a690284d0e0 0.064s
2025-07-18 15:33:38.443 62768 INFO tempest.lib.common.rest_client [req-b8ade4b5-43c2-4126-a230-922f4f16e5b6 req-b8ade4b5-43c2-4126-a230-922f4f16e5b6 ] Request (ImagesNegativeTestJSON:test_create_image_from_deleted_server): 200 GET http://10.180.1.21/compute/v2.1/servers/1323e67f-17c6-4432-8eea-98c285745766 0.125s
2025-07-18 15:33:38.475 62728 INFO tempest.lib.common.rest_client [req-57c4d9c1-d2d2-40f0-963f-80546f7ceba8 req-57c4d9c1-d2d2-40f0-963f-80546f7ceba8 ] Request (ServersAdminNegativeTestJSON:setUpClass): 200 GET http://10.180.1.21/compute/v2.1/servers/9ea6880c-469b-4c66-927e-442a41e22163 0.067s
2025-07-18 15:33:38.520 62734 INFO tempest.lib.common.rest_client [req-42988a8f-72a6-4827-ae58-a7b680471dde req-42988a8f-72a6-4827-ae58-a7b680471dde ] Request (VolumesAdminNegativeTest:test_update_attached_volume_with_nonexistent_volume_in_body): 200 GET http://10.180.1.21/compute/v2.1/servers/02f37f91-5ee0-46bb-a5e2-ec8256c1f22c 0.067s
2025-07-18 15:33:38.566 62714 INFO tempest.lib.common.rest_client [req-2ec09f83-9132-40e9-aec1-2be3f976ad0b req-2ec09f83-9132-40e9-aec1-2be3f976ad0b ] Request (ServerDiagnosticsV248Test:test_get_server_diagnostics): 200 GET http://10.180.1.21/compute/v2.1/servers/7c661fb6-abb7-486b-9188-f8d4dd6bb1a0 0.105s
2025-07-18 15:33:38.577 62720 INFO tempest.lib.common.rest_client [req-abb84049-7349-4acc-965d-aa916cfbed01 req-abb84049-7349-4acc-965d-aa916cfbed01 ] Request (DeleteServersTestJSON:test_delete_active_server): 200 GET http://10.180.1.21/compute/v2.1/servers/6c3f0540-a722-4a13-9982-f40c2d6ce9b1 0.164s
2025-07-18 15:33:38.611 62738 INFO tempest.lib.common.rest_client [req-7dcd8b38-69e9-49fd-81ce-a60b062685b1 req-7dcd8b38-69e9-49fd-81ce-a60b062685b1 ] Request (ServerRescueTestJSON:setUpClass): 200 GET http://10.180.1.21/compute/v2.1/servers/4770186f-8bd4-455c-a21d-f79e2230fa4e 0.113s
2025-07-18 15:33:38.696 62762 INFO tempest.lib.common.rest_client [req-2d0a4e98-6b70-45ff-bef6-0bf9e113b67b req-2d0a4e98-6b70-45ff-bef6-0bf9e113b67b ] Request (ImagesOneServerTestJSON:setUpClass): 200 GET http://10.180.1.21/compute/v2.1/servers/187242f5-934b-4c1d-b8ac-2ce8c347351a 0.092s
2025-07-18 15:33:38.876 62760 INFO tempest.lib.common.rest_client [req-b5f42c73-0cb7-4b1e-a193-e5c8d4969946 req-b5f42c73-0cb7-4b1e-a193-e5c8d4969946 ] Request (TenantUsagesTestJSON:setUpClass): 200 GET http://10.180.1.21/compute/v2.1/servers/adf2f380-84ad-480b-aa9a-16b19c05a3f3 0.097s
2025-07-18 15:33:38.897 62748 INFO tempest.lib.common.rest_client [req-f5d5fb02-14d8-429b-8a81-e41b92e5a840 req-f5d5fb02-14d8-429b-8a81-e41b92e5a840 ] Request (SecurityGroupsTestJSON:test_list_security_groups_by_server): 200 GET http://10.180.1.21/compute/v2.1/servers/a918c107-526d-4cb7-a7dd-735a7d6420a4 0.092s
2025-07-18 15:33:39.043 62736 INFO tempest.lib.common.rest_client [req-aaea5407-916b-47c9-ad3e-05df283089ca req-aaea5407-916b-47c9-ad3e-05df283089ca ] Request (ServersAdminTestJSON:setUpClass): 200 GET http://10.180.1.21/compute/v2.1/servers/ebd0c337-82cd-4d0a-9089-b9e2c72c417d 0.147s
2025-07-18 15:33:39.044 62752 INFO tempest.lib.common.rest_client [req-0e945844-d1d9-4a1e-a657-d39d783814c2 req-0e945844-d1d9-4a1e-a657-d39d783814c2 ] Request (AttachInterfacesV270Test:test_create_get_list_interfaces): 200 GET http://10.180.1.21/compute/v2.1/servers/760f3c9b-044d-4593-bc97-535ac09c3f3b 0.143s
2025-07-18 15:33:39.089 62712 INFO tempest.lib.common.rest_client [req-482613d7-3d7c-4fd8-b79c-29985f4ee05f req-482613d7-3d7c-4fd8-b79c-29985f4ee05f ] Request (VolumesAssistedSnapshotsTest:test_volume_assisted_snapshot_create_delete): 200 GET http://10.180.1.21/compute/v2.1/servers/0524dc08-ac1a-4f56-b44a-adbb5a0b5038 0.147s
2025-07-18 15:33:39.090 62758 INFO tempest.lib.common.rest_client [req-afd51be7-9851-4f7d-95d9-c7f6b2b07538 req-afd51be7-9851-4f7d-95d9-c7f6b2b07538 ] Request (ServerDiagnosticsTest:test_get_server_diagnostics): 200 GET http://10.180.1.21/compute/v2.1/servers/a0b1a835-21b9-4d9d-a5d7-35479a8c4b6d 0.144s
2025-07-18 15:33:39.135 62716 INFO tempest.lib.common.rest_client [req-15fadb2b-947a-4d8f-8f05-8e34636de3ff req-15fadb2b-947a-4d8f-8f05-8e34636de3ff ] Request (ServerDiagnosticsNegativeTest:test_get_server_diagnostics_by_non_admin): 200 GET http://10.180.1.21/compute/v2.1/servers/7620aead-4244-47ac-be0a-6614d03ec2c6 0.146s
2025-07-18 15:33:39.136 62732 INFO tempest.lib.common.rest_client [req-be38654a-20fa-4023-843f-78c90007396c req-be38654a-20fa-4023-843f-78c90007396c ] Request (InstanceActionsV221TestJSON:test_get_list_deleted_instance_actions): 200 GET http://10.180.1.21/compute/v2.1/servers/8ce40d44-062c-47cf-be36-d8ed6d924094 0.140s
2025-07-18 15:33:39.180 62764 INFO tempest.lib.common.rest_client [req-1508e33e-a021-4e5d-aabf-31950a74ca60 req-1508e33e-a021-4e5d-aabf-31950a74ca60 ] Request (ImagesTestJSON:test_create_image_from_stopped_server): 200 GET http://10.180.1.21/compute/v2.1/servers/0561164b-f3f9-446f-b597-4b6d16a32a00 0.145s
2025-07-18 15:33:39.181 62730 INFO tempest.lib.common.rest_client [req-4dc6124e-87b9-43e2-9e95-29d7273676d9 req-4dc6124e-87b9-43e2-9e95-29d7273676d9 ] Request (DeleteServersAdminTestJSON:test_delete_server_while_in_error_state): 200 GET http://10.180.1.21/compute/v2.1/servers/1e005b4d-7f94-4263-ba5d-303af209c408 0.141s
2025-07-18 15:33:39.225 62750 INFO tempest.lib.common.rest_client [req-719fe657-487f-4f2c-9ef8-abfaac2f7508 req-719fe657-487f-4f2c-9ef8-abfaac2f7508 ] Request (ImagesOneServerNegativeTestJSON:setUpClass): 200 GET http://10.180.1.21/compute/v2.1/servers/c60488a7-7d3b-49af-8b4d-9aad718a37a4 0.146s
2025-07-18 15:33:39.233 62724 INFO tempest.lib.common.rest_client [req-990aadad-6cb0-4793-bbb6-b225f69448f7 req-990aadad-6cb0-4793-bbb6-b225f69448f7 ] Request (ServersAdmin275Test:test_rebuild_update_server_275): 200 GET http://10.180.1.21/compute/v2.1/servers/029e3122-7587-4675-b9d9-47cf8ffdbd1d 0.144s
2025-07-18 15:33:39.325 62718 INFO tempest.lib.common.rest_client [req-97c5f4e3-3831-4ddf-b696-366c4b7a02f1 req-97c5f4e3-3831-4ddf-b696-366c4b7a02f1 ] Request (ServerExternalEventsTest:test_create_server_external_events): 200 GET http://10.180.1.21/compute/v2.1/servers/e41d1a8c-ad7e-4151-9745-04318b007dfa 0.107s
2025-07-18 15:33:39.357 62756 INFO tempest.lib.common.rest_client [req-faa21f97-c35d-43fc-aeac-f4e07a8fb881 req-faa21f97-c35d-43fc-aeac-f4e07a8fb881 ] Request (ServerAddressesTestJSON:setUpClass): 200 GET http://10.180.1.21/compute/v2.1/servers/1f9496b6-ff55-473d-8b82-d1e4e3afe0f1 0.150s
2025-07-18 15:33:39.373 62742 INFO tempest.lib.common.rest_client [req-e3ea4395-bc22-43a1-8f00-a2322a4b97bf req-e3ea4395-bc22-43a1-8f00-a2322a4b97bf ] Request (ServerActionsTestJSON:setUpClass): 200 GET http://10.180.1.21/compute/v2.1/servers/da5c9742-9dba-4691-9bda-25858915857b 0.117s
2025-07-18 15:33:39.402 62740 INFO tempest.lib.common.rest_client [req-2b95cfc2-832d-43b0-ae16-39fdce10be93 req-2b95cfc2-832d-43b0-ae16-39fdce10be93 ] Request (AttachInterfacesUnderV243Test:test_add_remove_fixed_ip): 200 GET http://10.180.1.21/compute/v2.1/servers/327a282e-b502-4644-a152-0e77ec399fe7 0.135s
2025-07-18 15:33:39.420 62746 INFO tempest.lib.common.rest_client [req-78919f5e-2a3e-49c8-a8c2-1391f1470e17 req-78919f5e-2a3e-49c8-a8c2-1391f1470e17 ] Request (ServersWithSpecificFlavorTestJSON:test_verify_created_server_ephemeral_disk): 200 GET http://10.180.1.21/compute/v2.1/servers/3d2bc5b9-cef1-4c45-a493-00a89bd2dfcf 0.119s
2025-07-18 15:33:39.448 62722 INFO tempest.lib.common.rest_client [req-2ccba3ce-6e52-4418-9f76-0471d4c05880 req-2ccba3ce-6e52-4418-9f76-0471d4c05880 ] Request (ServersTestBootFromVolume:setUpClass): 200 GET http://10.180.1.21/compute/v2.1/servers/a2008090-914b-448c-8c60-776d4032e091 0.134s
2025-07-18 15:33:39.465 62744 INFO tempest.lib.common.rest_client [req-3e7124b5-114c-49cd-bd5d-b9bfd8414763 req-3e7124b5-114c-49cd-bd5d-b9bfd8414763 ] Request (ServersTestFqdnHostnames:test_create_server_with_fqdn_name): 200 GET http://10.180.1.21/compute/v2.1/servers/a9eb98c9-73cd-453f-9d6f-f6fe5e0a6c0f 0.118s
2025-07-18 15:33:39.499 62766 INFO tempest.lib.common.rest_client [req-7ba45885-42a4-410a-b24e-72892b91a341 req-7ba45885-42a4-410a-b24e-72892b91a341 ] Request (FloatingIPsAssociationTestJSON:setUpClass): 200 GET http://10.180.1.21/compute/v2.1/servers/d271fa1d-d7f3-4abf-9b5f-69396c4c128c 0.140s
2025-07-18 15:33:39.511 62754 INFO tempest.lib.common.rest_client [req-c0ab87b9-8d04-4b11-a5f1-d84adc936296 req-c0ab87b9-8d04-4b11-a5f1-d84adc936296 ] Request (MultipleCreateTestJSON:test_multiple_create): 200 GET http://10.180.1.21/compute/v2.1/servers/380bc9c3-8bba-4f26-b938-e4e74543261c 0.119s
2025-07-18 15:33:39.544 62726 INFO tempest.lib.common.rest_client [req-7f9da31e-bb84-4c20-b1ec-fdfa59669718 req-7f9da31e-bb84-4c20-b1ec-fdfa59669718 ] Request (MigrationsAdminTest:test_list_migrations_in_flavor_resize_situation): 200 GET http://10.180.1.21/compute/v2.1/servers/ab7da5f4-9460-4d70-a0e5-5a690284d0e0 0.108s
2025-07-18 15:33:39.588 62728 INFO tempest.lib.common.rest_client [req-ab205f3c-ddf5-40ea-8978-36dfcf8c8a04 req-ab205f3c-ddf5-40ea-8978-36dfcf8c8a04 ] Request (ServersAdminNegativeTestJSON:setUpClass): 200 GET http://10.180.1.21/compute/v2.1/servers/9ea6880c-469b-4c66-927e-442a41e22163 0.104s
2025-07-18 15:33:39.603 62768 INFO tempest.lib.common.rest_client [req-7824f8dd-b2bf-4ebd-a9b1-7bba9835b730 req-7824f8dd-b2bf-4ebd-a9b1-7bba9835b730 ] Request (ImagesNegativeTestJSON:test_create_image_from_deleted_server): 200 GET http://10.180.1.21/compute/v2.1/servers/1323e67f-17c6-4432-8eea-98c285745766 0.153s
2025-07-18 15:33:39.633 62734 INFO tempest.lib.common.rest_client [req-c6c8544f-cc8a-44f0-8d33-c62392c55aff req-c6c8544f-cc8a-44f0-8d33-c62392c55aff ] Request (VolumesAdminNegativeTest:test_update_attached_volume_with_nonexistent_volume_in_body): 200 GET http://10.180.1.21/compute/v2.1/servers/02f37f91-5ee0-46bb-a5e2-ec8256c1f22c 0.106s
2025-07-18 15:33:39.653 62714 INFO tempest.lib.common.rest_client [req-604e7b69-4dc2-4ca6-aece-c0fe82e9fcd7 req-604e7b69-4dc2-4ca6-aece-c0fe82e9fcd7 ] Request (ServerDiagnosticsV248Test:test_get_server_diagnostics): 200 GET http://10.180.1.21/compute/v2.1/servers/7c661fb6-abb7-486b-9188-f8d4dd6bb1a0 0.078s
2025-07-18 15:33:39.701 62738 INFO tempest.lib.common.rest_client [req-5a456c8d-06ea-49bc-ae6e-84c923df0fe1 req-5a456c8d-06ea-49bc-ae6e-84c923df0fe1 ] Request (ServerRescueTestJSON:setUpClass): 200 GET http://10.180.1.21/compute/v2.1/servers/4770186f-8bd4-455c-a21d-f79e2230fa4e 0.082s
2025-07-18 15:33:39.727 62720 INFO tempest.lib.common.rest_client [req-36edd262-5ac0-4238-95fc-1fe4555238cc req-36edd262-5ac0-4238-95fc-1fe4555238cc ] Request (DeleteServersTestJSON:test_delete_active_server): 200 GET http://10.180.1.21/compute/v2.1/servers/6c3f0540-a722-4a13-9982-f40c2d6ce9b1 0.142s
2025-07-18 15:33:39.796 62762 INFO tempest.lib.common.rest_client [req-65247da4-6f5f-45bc-8305-0bfe437bb1ed req-65247da4-6f5f-45bc-8305-0bfe437bb1ed ] Request (ImagesOneServerTestJSON:setUpClass): 200 GET http://10.180.1.21/compute/v2.1/servers/187242f5-934b-4c1d-b8ac-2ce8c347351a 0.092s
2025-07-18 15:33:39.981 62760 INFO tempest.lib.common.rest_client [req-55ff9b7d-65ea-4bbc-8900-d913cfff6662 req-55ff9b7d-65ea-4bbc-8900-d913cfff6662 ] Request (TenantUsagesTestJSON:setUpClass): 200 GET http://10.180.1.21/compute/v2.1/servers/adf2f380-84ad-480b-aa9a-16b19c05a3f3 0.098s
2025-07-18 15:33:40.010 62748 INFO tempest.lib.common.rest_client [req-154c73b5-1b15-4915-8aa2-a22223f83f21 req-154c73b5-1b15-4915-8aa2-a22223f83f21 ] Request (SecurityGroupsTestJSON:test_list_security_groups_by_server): 200 GET http://10.180.1.21/compute/v2.1/servers/a918c107-526d-4cb7-a7dd-735a7d6420a4 0.105s
2025-07-18 15:33:40.171 62752 INFO tempest.lib.common.rest_client [req-c532bc0a-c1c1-4405-b8d0-6a8904733c08 req-c532bc0a-c1c1-4405-b8d0-6a8904733c08 ] Request (AttachInterfacesV270Test:test_create_get_list_interfaces): 200 GET http://10.180.1.21/compute/v2.1/servers/760f3c9b-044d-4593-bc97-535ac09c3f3b 0.117s
2025-07-18 15:33:40.176 62736 INFO tempest.lib.common.rest_client [req-57280ba8-2feb-4cae-b397-3861e5a66e97 req-57280ba8-2feb-4cae-b397-3861e5a66e97 ] Request (ServersAdminTestJSON:setUpClass): 200 GET http://10.180.1.21/compute/v2.1/servers/ebd0c337-82cd-4d0a-9089-b9e2c72c417d 0.125s
2025-07-18 15:33:40.222 62712 INFO tempest.lib.common.rest_client [req-ee65fb1b-f817-4191-8a67-1055385581ba req-ee65fb1b-f817-4191-8a67-1055385581ba ] Request (VolumesAssistedSnapshotsTest:test_volume_assisted_snapshot_create_delete): 200 GET http://10.180.1.21/compute/v2.1/servers/0524dc08-ac1a-4f56-b44a-adbb5a0b5038 0.125s
2025-07-18 15:33:40.225 62758 INFO tempest.lib.common.rest_client [req-28d41a9d-deb5-49eb-b6a2-1b1ad2946386 req-28d41a9d-deb5-49eb-b6a2-1b1ad2946386 ] Request (ServerDiagnosticsTest:test_get_server_diagnostics): 200 GET http://10.180.1.21/compute/v2.1/servers/a0b1a835-21b9-4d9d-a5d7-35479a8c4b6d 0.127s
2025-07-18 15:33:40.276 62716 INFO tempest.lib.common.rest_client [req-19e4d904-338b-4d3f-b058-f3fb8b00ffcd req-19e4d904-338b-4d3f-b058-f3fb8b00ffcd ] Request (ServerDiagnosticsNegativeTest:test_get_server_diagnostics_by_non_admin): 200 GET http://10.180.1.21/compute/v2.1/servers/7620aead-4244-47ac-be0a-6614d03ec2c6 0.133s
2025-07-18 15:33:40.277 62732 INFO tempest.lib.common.rest_client [req-8eadee48-ea50-4979-8806-1ae626f3abb9 req-8eadee48-ea50-4979-8806-1ae626f3abb9 ] Request (InstanceActionsV221TestJSON:test_get_list_deleted_instance_actions): 200 GET http://10.180.1.21/compute/v2.1/servers/8ce40d44-062c-47cf-be36-d8ed6d924094 0.131s
2025-07-18 15:33:40.324 62730 INFO tempest.lib.common.rest_client [req-f366a9e7-9d02-4f6f-ade4-59ef085ca994 req-f366a9e7-9d02-4f6f-ade4-59ef085ca994 ] Request (DeleteServersAdminTestJSON:test_delete_server_while_in_error_state): 200 GET http://10.180.1.21/compute/v2.1/servers/1e005b4d-7f94-4263-ba5d-303af209c408 0.134s
2025-07-18 15:33:40.324 62764 INFO tempest.lib.common.rest_client [req-f97fe373-3c0e-4449-b1f2-dcfaec008a3d req-f97fe373-3c0e-4449-b1f2-dcfaec008a3d ] Request (ImagesTestJSON:test_create_image_from_stopped_server): 200 GET http://10.180.1.21/compute/v2.1/servers/0561164b-f3f9-446f-b597-4b6d16a32a00 0.136s
2025-07-18 15:33:40.375 62750 INFO tempest.lib.common.rest_client [req-100a6e51-c83d-4517-bf73-ab4f6eac4d6f req-100a6e51-c83d-4517-bf73-ab4f6eac4d6f ] Request (ImagesOneServerNegativeTestJSON:setUpClass): 200 GET http://10.180.1.21/compute/v2.1/servers/c60488a7-7d3b-49af-8b4d-9aad718a37a4 0.143s
2025-07-18 15:33:40.382 62724 INFO tempest.lib.common.rest_client [req-1b884e86-09de-4523-864d-a6ed0527f66c req-1b884e86-09de-4523-864d-a6ed0527f66c ] Request (ServersAdmin275Test:test_rebuild_update_server_275): 200 GET http://10.180.1.21/compute/v2.1/servers/029e3122-7587-4675-b9d9-47cf8ffdbd1d 0.140s
2025-07-18 15:33:40.474 62718 INFO tempest.lib.common.rest_client [req-63329dc1-bcaf-4414-8304-c731520177df req-63329dc1-bcaf-4414-8304-c731520177df ] Request (ServerExternalEventsTest:test_create_server_external_events): 200 GET http://10.180.1.21/compute/v2.1/servers/e41d1a8c-ad7e-4151-9745-04318b007dfa 0.138s
2025-07-18 15:33:40.478 62756 INFO tempest.lib.common.rest_client [req-07c46e4e-09b8-4100-bb16-f09dde32c465 req-07c46e4e-09b8-4100-bb16-f09dde32c465 ] Request (ServerAddressesTestJSON:setUpClass): 200 GET http://10.180.1.21/compute/v2.1/servers/1f9496b6-ff55-473d-8b82-d1e4e3afe0f1 0.112s
2025-07-18 15:33:40.525 62740 INFO tempest.lib.common.rest_client [req-ef2778cf-745b-42cc-9c39-0f9c5c75ec07 req-ef2778cf-745b-42cc-9c39-0f9c5c75ec07 ] Request (AttachInterfacesUnderV243Test:test_add_remove_fixed_ip): 200 GET http://10.180.1.21/compute/v2.1/servers/327a282e-b502-4644-a152-0e77ec399fe7 0.115s
2025-07-18 15:33:40.525 62742 INFO tempest.lib.common.rest_client [req-27500a6a-aaa1-4d09-97e4-52ee5c611201 req-27500a6a-aaa1-4d09-97e4-52ee5c611201 ] Request (ServerActionsTestJSON:setUpClass): 200 GET http://10.180.1.21/compute/v2.1/servers/da5c9742-9dba-4691-9bda-25858915857b 0.144s
2025-07-18 15:33:40.574 62746 INFO tempest.lib.common.rest_client [req-8f9b90b3-dc56-4625-ba88-b4c5035a7c52 req-8f9b90b3-dc56-4625-ba88-b4c5035a7c52 ] Request (ServersWithSpecificFlavorTestJSON:test_verify_created_server_ephemeral_disk): 200 GET http://10.180.1.21/compute/v2.1/servers/3d2bc5b9-cef1-4c45-a493-00a89bd2dfcf 0.145s
2025-07-18 15:33:40.581 62722 INFO tempest.lib.common.rest_client [req-99c20285-f5fe-49d0-ba5f-0490dfb258dc req-99c20285-f5fe-49d0-ba5f-0490dfb258dc ] Request (ServersTestBootFromVolume:setUpClass): 200 GET http://10.180.1.21/compute/v2.1/servers/a2008090-914b-448c-8c60-776d4032e091 0.126s
2025-07-18 15:33:40.621 62744 INFO tempest.lib.common.rest_client [req-4ce76673-1b40-481e-977a-f43e2c922dcd req-4ce76673-1b40-481e-977a-f43e2c922dcd ] Request (ServersTestFqdnHostnames:test_create_server_with_fqdn_name): 200 GET http://10.180.1.21/compute/v2.1/servers/a9eb98c9-73cd-453f-9d6f-f6fe5e0a6c0f 0.149s
2025-07-18 15:33:40.626 62766 INFO tempest.lib.common.rest_client [req-1f881b13-0a3d-4dd2-82ea-481c65aecf1e req-1f881b13-0a3d-4dd2-82ea-481c65aecf1e ] Request (FloatingIPsAssociationTestJSON:setUpClass): 200 GET http://10.180.1.21/compute/v2.1/servers/d271fa1d-d7f3-4abf-9b5f-69396c4c128c 0.120s
2025-07-18 15:33:40.666 62754 INFO tempest.lib.common.rest_client [req-bc1d106f-0d76-4912-b301-d83a74b84e31 req-bc1d106f-0d76-4912-b301-d83a74b84e31 ] Request (MultipleCreateTestJSON:test_multiple_create): 200 GET http://10.180.1.21/compute/v2.1/servers/380bc9c3-8bba-4f26-b938-e4e74543261c 0.148s
2025-07-18 15:33:40.675 62726 INFO tempest.lib.common.rest_client [req-4f10f2f9-5802-48dd-a08d-c62774d00928 req-4f10f2f9-5802-48dd-a08d-c62774d00928 ] Request (MigrationsAdminTest:test_list_migrations_in_flavor_resize_situation): 200 GET http://10.180.1.21/compute/v2.1/servers/ab7da5f4-9460-4d70-a0e5-5a690284d0e0 0.124s
2025-07-18 15:33:40.714 62728 INFO tempest.lib.common.rest_client [req-a9e2afd4-e47e-4692-a252-c1070ce77541 req-a9e2afd4-e47e-4692-a252-c1070ce77541 ] Request (ServersAdminNegativeTestJSON:setUpClass): 200 GET http://10.180.1.21/compute/v2.1/servers/9ea6880c-469b-4c66-927e-442a41e22163 0.118s
2025-07-18 15:33:40.762 62734 INFO tempest.lib.common.rest_client [req-8b6e22ca-26cd-4a98-b6d0-241743d0f071 req-8b6e22ca-26cd-4a98-b6d0-241743d0f071 ] Request (VolumesAdminNegativeTest:test_update_attached_volume_with_nonexistent_volume_in_body): 200 GET http://10.180.1.21/compute/v2.1/servers/02f37f91-5ee0-46bb-a5e2-ec8256c1f22c 0.121s
2025-07-18 15:33:40.774 62768 INFO tempest.lib.common.rest_client [req-cce4176e-f194-4599-8570-2eb8336c74ec req-cce4176e-f194-4599-8570-2eb8336c74ec ] Request (ImagesNegativeTestJSON:test_create_image_from_deleted_server): 200 GET http://10.180.1.21/compute/v2.1/servers/1323e67f-17c6-4432-8eea-98c285745766 0.163s
2025-07-18 15:33:40.813 62714 INFO tempest.lib.common.rest_client [req-744dc92b-1c82-41ed-a12c-120407b075fe req-744dc92b-1c82-41ed-a12c-120407b075fe ] Request (ServerDiagnosticsV248Test:test_get_server_diagnostics): 200 GET http://10.180.1.21/compute/v2.1/servers/7c661fb6-abb7-486b-9188-f8d4dd6bb1a0 0.150s
2025-07-18 15:33:40.821 62738 INFO tempest.lib.common.rest_client [req-8ae45c29-01b5-4d62-8930-6ad5244a5b06 req-8ae45c29-01b5-4d62-8930-6ad5244a5b06 ] Request (ServerRescueTestJSON:setUpClass): 200 GET http://10.180.1.21/compute/v2.1/servers/4770186f-8bd4-455c-a21d-f79e2230fa4e 0.112s
2025-07-18 15:33:40.902 62720 INFO tempest.lib.common.rest_client [req-03dc53b6-ce3a-4b01-9e54-8c3da5bb40ce req-03dc53b6-ce3a-4b01-9e54-8c3da5bb40ce ] Request (DeleteServersTestJSON:test_delete_active_server): 200 GET http://10.180.1.21/compute/v2.1/servers/6c3f0540-a722-4a13-9982-f40c2d6ce9b1 0.168s
2025-07-18 15:33:40.912 62762 INFO tempest.lib.common.rest_client [req-7241f97b-ea4c-4e11-bc77-53981b9ecb91 req-7241f97b-ea4c-4e11-bc77-53981b9ecb91 ] Request (ImagesOneServerTestJSON:setUpClass): 200 GET http://10.180.1.21/compute/v2.1/servers/187242f5-934b-4c1d-b8ac-2ce8c347351a 0.108s
2025-07-18 15:33:41.089 62760 INFO tempest.lib.common.rest_client [req-b6dd9770-2e58-44d0-89c0-f79d6e16e2cb req-b6dd9770-2e58-44d0-89c0-f79d6e16e2cb ] Request (TenantUsagesTestJSON:setUpClass): 200 GET http://10.180.1.21/compute/v2.1/servers/adf2f380-84ad-480b-aa9a-16b19c05a3f3 0.100s
2025-07-18 15:33:41.114 62748 INFO tempest.lib.common.rest_client [req-5acd7452-f2a5-457c-af9f-f3f12c23abf9 req-5acd7452-f2a5-457c-af9f-f3f12c23abf9 ] Request (SecurityGroupsTestJSON:test_list_security_groups_by_server): 200 GET http://10.180.1.21/compute/v2.1/servers/a918c107-526d-4cb7-a7dd-735a7d6420a4 0.096s
2025-07-18 15:33:41.343 62736 INFO tempest.lib.common.rest_client [req-2235501f-6c16-4b76-9850-482d67c0b8df req-2235501f-6c16-4b76-9850-482d67c0b8df ] Request (ServersAdminTestJSON:setUpClass): 200 GET http://10.180.1.21/compute/v2.1/servers/ebd0c337-82cd-4d0a-9089-b9e2c72c417d 0.160s
2025-07-18 15:33:41.347 62752 INFO tempest.lib.common.rest_client [req-f74d391b-f15a-458a-b10b-7789141866e3 req-f74d391b-f15a-458a-b10b-7789141866e3 ] Request (AttachInterfacesV270Test:test_create_get_list_interfaces): 200 GET http://10.180.1.21/compute/v2.1/servers/760f3c9b-044d-4593-bc97-535ac09c3f3b 0.166s
2025-07-18 15:33:41.402 62712 INFO tempest.lib.common.rest_client [req-14c0a418-b478-438a-af70-3eeae0144bd8 req-14c0a418-b478-438a-af70-3eeae0144bd8 ] Request (VolumesAssistedSnapshotsTest:test_volume_assisted_snapshot_create_delete): 200 GET http://10.180.1.21/compute/v2.1/servers/0524dc08-ac1a-4f56-b44a-adbb5a0b5038 0.171s
