2025-07-18 15:32:31.631 62718 INFO tempest.lib.common.rest_client [req-43e3a000-efae-4657-894c-97025820c993 req-43e3a000-efae-4657-894c-97025820c993 ] Request (ServerExternalEventsTest:test_create_server_external_events): 200 GET http://10.180.1.21/compute/v2.1/servers/e41d1a8c-ad7e-4151-9745-04318b007dfa 2.199s
2025-07-18 15:32:31.693 62744 INFO tempest.lib.common.rest_client [req-85ad1ce9-2f33-47de-b896-238e343a9360 req-85ad1ce9-2f33-47de-b896-238e343a9360 ] Request (ServersTestFqdnHostnames:test_create_server_with_fqdn_name): 200 GET http://10.180.1.21/compute/v2.1/servers/a9eb98c9-73cd-453f-9d6f-f6fe5e0a6c0f 2.189s
2025-07-18 15:32:31.723 62716 INFO tempest.lib.common.rest_client [req-1282f31d-ce1b-47ba-80b0-bb735fb019a9 req-1282f31d-ce1b-47ba-80b0-bb735fb019a9 ] Request (AggregatesAdminNegativeTestJSON:test_aggregate_delete_as_user): 200 POST http://10.180.1.21/compute/v2.1/os-aggregates 2.186s
2025-07-18 15:32:31.744 62732 INFO tempest.lib.common.rest_client [req-4a578c20-224f-4d9d-887b-01b8b1baf1e0 req-4a578c20-224f-4d9d-887b-01b8b1baf1e0 ] Request (FlavorsAdminTestJSON:test_create_list_flavor_without_extra_data): 200 GET http://10.180.1.21/compute/v2.1/flavors/101794874 2.189s
2025-07-18 15:32:31.978 62730 INFO tempest.lib.common.rest_client [req-58878f65-db88-4fcb-9517-99d8ed07084d req-58878f65-db88-4fcb-9517-99d8ed07084d ] Request (DeleteServersAdminTestJSON:test_admin_delete_servers_of_others): 200 GET http://10.180.1.21/compute/v2.1/servers/ae5723f6-0107-46e8-971d-fca307ce67c8 2.420s
2025-07-18 15:32:31.985 62734 INFO tempest.lib.common.rest_client [req-409966bf-a38e-4590-9201-6fa74241e585 req-409966bf-a38e-4590-9201-6fa74241e585 ] Request (HypervisorAdminNegativeUnderV252Test:test_show_servers_with_non_admin_user): 403 GET http://10.180.1.21/compute/v2.1/os-hypervisors/1/servers 2.412s
2025-07-18 15:32:32.108 62764 INFO tempest.lib.common.rest_client [req-edb27f8d-8648-4074-9b2e-ebf8d771d577 req-edb27f8d-8648-4074-9b2e-ebf8d771d577 ] Request (FloatingIPDetailsTestJSON:tearDownClass): 204 DELETE http://10.180.1.21:9696/networking/v2.0/networks/50efb10a-4701-41c8-a38e-91a2c4d69a31 0.752s
2025-07-18 15:32:32.164 62760 INFO tempest.lib.common.rest_client [req-5a8e8af5-5a19-45cc-be3f-fa538f59ef63 req-5a8e8af5-5a19-45cc-be3f-fa538f59ef63 ] Request (TenantUsagesTestJSON:setUpClass): 200 GET http://10.180.1.21/compute/v2.1/servers/adf2f380-84ad-480b-aa9a-16b19c05a3f3 2.492s
2025-07-18 15:32:32.231 62726 INFO tempest.lib.common.rest_client [req-5eb169f5-e9c7-4ce3-a546-2e0a0a4f77f0 req-5eb169f5-e9c7-4ce3-a546-2e0a0a4f77f0 ] Request (MigrationsAdminTest:test_list_migrations_in_flavor_resize_situation): 200 GET http://10.180.1.21/compute/v2.1/servers/ab7da5f4-9460-4d70-a0e5-5a690284d0e0 2.525s
2025-07-18 15:32:32.232 62764 INFO tempest.lib.common.rest_client [req-51750fd3-971f-48d2-a457-aed3e282fb55 req-51750fd3-971f-48d2-a457-aed3e282fb55 ] Request (FloatingIPDetailsTestJSON:tearDownClass): 204 DELETE http://10.180.1.21/identity/v3/users/449ca9659183493ba03d376f38357369 0.124s
2025-07-18 15:32:32.233 62764 INFO tempest.lib.common.dynamic_creds [-] Deleting project and security group for project: f4f32f85b3ed4079bce77c4678b65dfa
2025-07-18 15:32:32.247 62740 INFO tempest.lib.common.rest_client [req-df24b3f9-9227-482c-9bc2-f351632ac2e1 req-df24b3f9-9227-482c-9bc2-f351632ac2e1 ] Request (AttachInterfacesUnderV243Test:setUpClass): 201 POST http://10.180.1.21:9696/networking/v2.0/routers 1.543s
2025-07-18 15:32:32.286 62764 INFO tempest.lib.common.rest_client [req-9a46eecf-7135-4a94-94c0-0bba3c0d8d7a req-9a46eecf-7135-4a94-94c0-0bba3c0d8d7a ] Request (FloatingIPDetailsTestJSON:tearDownClass): 200 GET http://10.180.1.21:9696/networking/v2.0/security-groups?tenant_id=f4f32f85b3ed4079bce77c4678b65dfa&name=default 0.051s
2025-07-18 15:32:32.631 62764 INFO tempest.lib.common.rest_client [req-3f71bfc8-2d1c-447f-a62e-406de85ace3a req-3f71bfc8-2d1c-447f-a62e-406de85ace3a ] Request (FloatingIPDetailsTestJSON:tearDownClass): 204 DELETE http://10.180.1.21:9696/networking/v2.0/security-groups/c696fcfd-2237-4f8c-b74e-a8db5368b141 0.345s
2025-07-18 15:32:32.653 62756 INFO tempest.lib.common.rest_client [req-17662f3f-ea38-4d89-9ae4-9c16f9b60768 req-17662f3f-ea38-4d89-9ae4-9c16f9b60768 ] Request (ServerAddressesTestJSON:setUpClass): 200 GET http://10.180.1.21/compute/v2.1/servers/1f9496b6-ff55-473d-8b82-d1e4e3afe0f1 2.903s
2025-07-18 15:32:32.670 62750 INFO tempest.lib.common.rest_client [req-dee7bd9a-ebd7-4cc0-821e-1cf8249716bc req-dee7bd9a-ebd7-4cc0-821e-1cf8249716bc ] Request (SecurityGroupsTestAdminJSON:test_list_security_groups_list_all_tenants_filter): 200 GET http://10.180.1.21/compute/v2.1/os-security-groups?all_tenants=true 3.864s
2025-07-18 15:32:32.737 62748 INFO tempest.lib.common.rest_client [req-334cbe74-b726-4dd7-a8c8-1975f15021f0 req-334cbe74-b726-4dd7-a8c8-1975f15021f0 ] Request (SecurityGroupsTestJSON:test_list_security_groups_by_server): 200 GET http://10.180.1.21/compute/v2.1/servers/a918c107-526d-4cb7-a7dd-735a7d6420a4 2.597s
2025-07-18 15:32:32.781 62764 INFO tempest.lib.common.rest_client [req-a4ea3eb3-aac9-47fe-b92b-99c7884df1cb req-a4ea3eb3-aac9-47fe-b92b-99c7884df1cb ] Request (FloatingIPDetailsTestJSON:tearDownClass): 204 DELETE http://10.180.1.21/identity/v3/projects/f4f32f85b3ed4079bce77c4678b65dfa 0.149s
2025-07-18 15:32:32.877 62764 INFO tempest.lib.common.rest_client [req-e037a7e7-1c81-4903-83c5-26d4a1026295 req-e037a7e7-1c81-4903-83c5-26d4a1026295 ] Request (ImagesTestJSON:setUpClass): 201 POST http://10.180.1.21/identity/v3/auth/tokens 0.092s
2025-07-18 15:32:32.932 62764 INFO tempest.lib.common.rest_client [req-67e9af2a-7fae-421e-82a5-e5020af2018e req-67e9af2a-7fae-421e-82a5-e5020af2018e ] Request (ImagesTestJSON:setUpClass): 201 POST http://10.180.1.21/identity/v3/auth/tokens 0.052s
2025-07-18 15:32:32.938 62720 INFO tempest.lib.common.rest_client [req-96a734c2-1435-4e46-82f2-54cc64d86d71 req-96a734c2-1435-4e46-82f2-54cc64d86d71 ] Request (DeleteServersTestJSON:test_delete_active_server): 200 GET http://10.180.1.21/compute/v2.1/servers/6c3f0540-a722-4a13-9982-f40c2d6ce9b1 2.767s
2025-07-18 15:32:32.966 62764 INFO tempest.lib.common.rest_client [req-9fdc4bbb-6342-40bd-8cf6-7480c30efe7f req-9fdc4bbb-6342-40bd-8cf6-7480c30efe7f ] Request (ImagesTestJSON:setUpClass): 200 GET http://10.180.1.21/identity/v3/domains?name=Default 0.033s
2025-07-18 15:32:33.002 62764 INFO tempest.lib.common.rest_client [req-f1e73f99-ad4a-4bc3-9872-8eb9064c5010 req-f1e73f99-ad4a-4bc3-9872-8eb9064c5010 ] Request (ImagesTestJSON:setUpClass): 201 POST http://10.180.1.21/identity/v3/projects 0.034s
2025-07-18 15:32:33.091 62764 INFO tempest.lib.common.rest_client [req-61806a1f-2621-4eec-b2eb-c760933492cb req-61806a1f-2621-4eec-b2eb-c760933492cb ] Request (ImagesTestJSON:setUpClass): 201 POST http://10.180.1.21/identity/v3/users 0.088s
2025-07-18 15:32:33.113 62764 INFO tempest.lib.common.rest_client [req-f1123976-bf61-4bd3-96a1-af7794be1e0d req-f1123976-bf61-4bd3-96a1-af7794be1e0d ] Request (ImagesTestJSON:setUpClass): 200 GET http://10.180.1.21/identity/v3/roles 0.021s
2025-07-18 15:32:33.159 62722 INFO tempest.lib.common.rest_client [req-be4ac680-2277-4941-b562-499d610708a8 req-be4ac680-2277-4941-b562-499d610708a8 ] Request (FloatingIPsAssociationNegativeTestJSON:setUpClass): 200 GET http://10.180.1.21/compute/v2.1/servers/5f15094d-b066-4025-af5d-4ed35af2dfee 2.641s
2025-07-18 15:32:33.159 62764 INFO tempest.lib.common.rest_client [req-957a1bb1-f5e3-412a-85c7-9eae2108daa7 req-957a1bb1-f5e3-412a-85c7-9eae2108daa7 ] Request (ImagesTestJSON:setUpClass): 204 PUT http://10.180.1.21/identity/v3/projects/16d034f4180f4aeaa8f880c3e6767730/users/f9e4673294b1477d93bdae5dfef42927/roles/cdd45eebd3724ee6aea40016693a59f1 0.044s
2025-07-18 15:32:33.159 62764 INFO tempest.lib.common.dynamic_creds [-] Dynamic test user f9e4673294b1477d93bdae5dfef42927 is created with scope project and roles: ['member']
2025-07-18 15:32:33.160 62764 INFO tempest.lib.common.dynamic_creds [-] Acquired dynamic creds: credentials: Credentials: {'domain_id': 'default', 'domain_name': 'Default', 'username': 'tempest-ImagesTestJSON-1877863561-project-member', 'project_domain_id': 'default', 'project_domain_name': 'Default', 'project_id': '16d034f4180f4aeaa8f880c3e6767730', 'project_name': 'tempest-ImagesTestJSON-1877863561', 'tenant_id': '16d034f4180f4aeaa8f880c3e6767730', 'tenant_name': 'tempest-ImagesTestJSON-1877863561', 'user_domain_id': 'default', 'user_domain_name': 'Default', 'user_id': 'f9e4673294b1477d93bdae5dfef42927', 'system': None}, Network: None, Subnet: None, Router: None
2025-07-18 15:32:33.167 62762 INFO tempest.lib.common.rest_client [req-b45ea537-1744-44dd-8ef8-d08b9ba9ee41 req-b45ea537-1744-44dd-8ef8-d08b9ba9ee41 ] Request (ImagesOneServerTestJSON:setUpClass): 200 GET http://10.180.1.21/compute/v2.1/servers/187242f5-934b-4c1d-b8ac-2ce8c347351a 3.115s
2025-07-18 15:32:33.188 62714 INFO tempest.lib.common.rest_client [req-73629abf-634d-4a67-87c1-c3e9a910a4e0 req-73629abf-634d-4a67-87c1-c3e9a910a4e0 ] Request (FlavorsAccessNegativeTestJSON:test_flavor_access_list_with_public_flavor): 200 POST http://10.180.1.21/compute/v2.1/flavors 2.453s
2025-07-18 15:32:33.236 62736 INFO tempest.lib.common.rest_client [req-041af41d-9bad-4e1f-8a15-829faecded8a req-041af41d-9bad-4e1f-8a15-829faecded8a ] Request (ServersAdminTestJSON:setUpClass): 200 GET http://10.180.1.21/compute/v2.1/servers/ebd0c337-82cd-4d0a-9089-b9e2c72c417d 2.552s
2025-07-18 15:32:33.240 62764 INFO tempest.lib.common.rest_client [req-98fdd9ba-3239-4cec-afaf-5dcddbc287f2 req-98fdd9ba-3239-4cec-afaf-5dcddbc287f2 ] Request (ImagesTestJSON:setUpClass): 201 POST http://10.180.1.21/identity/v3/auth/tokens 0.080s
2025-07-18 15:32:33.273 62758 INFO tempest.lib.common.rest_client [req-bad9023e-e81d-4ffe-8ee2-7164aa9c23d7 req-bad9023e-e81d-4ffe-8ee2-7164aa9c23d7 ] Request (ServerDiagnosticsTest:test_get_server_diagnostics): 200 GET http://10.180.1.21/compute/v2.1/servers/a0b1a835-21b9-4d9d-a5d7-35479a8c4b6d 2.521s
2025-07-18 15:32:33.304 62754 INFO tempest.lib.common.rest_client [req-e178e616-d200-4994-a386-b24493b87dfe req-e178e616-d200-4994-a386-b24493b87dfe ] Request (MultipleCreateTestJSON:setUpClass): 200 PUT http://10.180.1.21:9696/networking/v2.0/routers/ec83a88c-8c2e-46a7-ba6d-eab91ce5b44b/add_router_interface 2.516s
2025-07-18 15:32:33.304 62754 INFO tempest.lib.common.dynamic_creds [-] Created isolated network resources for: credentials: Credentials: {'domain_id': 'default', 'domain_name': 'Default', 'username': 'tempest-MultipleCreateTestJSON-1551640296-project-member', 'project_domain_id': 'default', 'project_domain_name': 'Default', 'project_id': '8110e3a440894c78929977d03690e4c4', 'project_name': 'tempest-MultipleCreateTestJSON-1551640296', 'tenant_id': '8110e3a440894c78929977d03690e4c4', 'tenant_name': 'tempest-MultipleCreateTestJSON-1551640296', 'user_domain_id': 'default', 'user_domain_name': 'Default', 'user_id': '73b14417754f45e7ae53f4765e3e454f', 'system': None}, Network: {'id': '4b66ccce-f5b8-4186-91e8-194f9dfd2cc6', 'name': 'tempest-MultipleCreateTestJSON-1018339814-network', 'tenant_id': '8110e3a440894c78929977d03690e4c4', 'admin_state_up': True, 'mtu': 8950, 'status': 'ACTIVE', 'subnets': [], 'shared': False, 'project_id': '8110e3a440894c78929977d03690e4c4', 'port_security_enabled': True, 'router:external': False, 'provider:network_type': 'vlan', 'provider:physical_network': 'default', 'provider:segmentation_id': 986, 'is_default': False, 'availability_zone_hints': [], 'availability_zones': [], 'ipv4_address_scope': None, 'ipv6_address_scope': None, 'description': '', 'tags': [], 'created_at': '2025-07-18T15:32:28Z', 'updated_at': '2025-07-18T15:32:28Z', 'revision_number': 1}, Subnet: {'id': 'ab2c2312-c5d2-4f3a-8edb-6cc0071ee99c', 'name': 'tempest-MultipleCreateTestJSON-1018339814-subnet', 'tenant_id': '8110e3a440894c78929977d03690e4c4', 'network_id': '4b66ccce-f5b8-4186-91e8-194f9dfd2cc6', 'ip_version': 4, 'subnetpool_id': None, 'enable_dhcp': True, 'ipv6_ra_mode': None, 'ipv6_address_mode': None, 'gateway_ip': '192.168.128.1', 'cidr': '192.168.128.0/28', 'allocation_pools': [{'start': '192.168.128.2', 'end': '192.168.128.14'}], 'host_routes': [], 'dns_nameservers': [], 'description': '', 'service_types': [], 'tags': [], 'created_at': '2025-07-18T15:32:28Z', 'updated_at': '2025-07-18T15:32:28Z', 'revision_number': 0, 'project_id': '8110e3a440894c78929977d03690e4c4'}, Router: {'id': 'ec83a88c-8c2e-46a7-ba6d-eab91ce5b44b', 'name': 'tempest-MultipleCreateTestJSON-1018339814-router', 'tenant_id': '8110e3a440894c78929977d03690e4c4', 'admin_state_up': True, 'status': 'ACTIVE', 'external_gateway_info': {'network_id': '16f7199b-0fe0-4abd-8039-7045daa71dd5', 'external_fixed_ips': [{'subnet_id': '4f60ee1c-9ee9-4ad7-89fa-93a65b430663', 'ip_address': '10.180.180.137'}], 'enable_snat': True}, 'description': '', 'availability_zones': [], 'distributed': False, 'ha': False, 'availability_zone_hints': [], 'routes': [], 'flavor_id': None, 'tags': [], 'created_at': '2025-07-18T15:32:28Z', 'updated_at': '2025-07-18T15:32:29Z', 'revision_number': 2, 'project_id': '8110e3a440894c78929977d03690e4c4'}
2025-07-18 15:32:33.309 62712 INFO tempest.lib.common.rest_client [req-1ddf9f69-bb0b-4727-b198-79635ab5dfa1 req-1ddf9f69-bb0b-4727-b198-79635ab5dfa1 ] Request (VolumesAssistedSnapshotsTest:test_volume_assisted_snapshot_create_delete): 200 GET http://10.180.1.21/compute/v2.1/servers/0524dc08-ac1a-4f56-b44a-adbb5a0b5038 2.454s
2025-07-18 15:32:33.322 62738 INFO tempest.lib.common.rest_client [req-16404fa1-034d-4d21-aacd-0568f7ea2987 req-16404fa1-034d-4d21-aacd-0568f7ea2987 ] Request (ServerGroup264TestJSON:tearDownClass): 404 DELETE http://10.180.1.21/compute/v2.1/os-server-groups/81f65072-6833-4523-a5f4-5e421a032d46 2.187s
2025-07-18 15:32:33.335 62774 INFO tempest.lib.common.rest_client [req-aacb1dfc-62dc-478d-954e-f9ac1a7581ca req-aacb1dfc-62dc-478d-954e-f9ac1a7581ca ] Request (FlavorsV2TestJSON:test_list_flavors_using_marker): 200 GET http://10.180.1.21/compute/v2.1/flavors/42 2.186s
2025-07-18 15:32:33.415 62754 INFO tempest.lib.common.rest_client [req-d9bd41cb-392e-4b62-a32d-11241753d5f5 req-d9bd41cb-392e-4b62-a32d-11241753d5f5 ] Request (MultipleCreateTestJSON:setUpClass): 201 POST http://10.180.1.21/identity/v3/auth/tokens 0.106s
2025-07-18 15:32:33.452 62754 INFO tempest.lib.common.rest_client [req-e12c13c8-183d-4956-850e-5dcac85582cc req-e12c13c8-183d-4956-850e-5dcac85582cc ] Request (MultipleCreateTestJSON:test_multiple_create): 201 POST http://10.180.1.21/identity/v3/auth/tokens 0.032s
2025-07-18 15:32:33.452 62754 INFO tempest.lib.common.fixed_network [-] (MultipleCreateTestJSON:test_multiple_create) Found network {'id': '4b66ccce-f5b8-4186-91e8-194f9dfd2cc6', 'name': 'tempest-MultipleCreateTestJSON-1018339814-network', 'tenant_id': '8110e3a440894c78929977d03690e4c4', 'admin_state_up': True, 'mtu': 8950, 'status': 'ACTIVE', 'subnets': [], 'shared': False, 'project_id': '8110e3a440894c78929977d03690e4c4', 'port_security_enabled': True, 'router:external': False, 'provider:network_type': 'vlan', 'provider:physical_network': 'default', 'provider:segmentation_id': 986, 'is_default': False, 'availability_zone_hints': [], 'availability_zones': [], 'ipv4_address_scope': None, 'ipv6_address_scope': None, 'description': '', 'tags': [], 'created_at': '2025-07-18T15:32:28Z', 'updated_at': '2025-07-18T15:32:28Z', 'revision_number': 1} available for tenant
2025-07-18 15:32:33.498 62770 INFO tempest.lib.common.rest_client [req-1ca32b30-7812-4014-a258-2f13dba81c5e req-1ca32b30-7812-4014-a258-2f13dba81c5e ] Request (QuotasAdminTestJSON:test_get_updated_quotas): 200 PUT http://10.180.1.21/compute/v2.1/os-quota-sets/ba39af0202a94b3ca5e1700925f09fb1?user_id=ca4f5a44ab9f432eabc2f299a05805cd 2.387s
2025-07-18 15:32:33.549 62768 INFO tempest.lib.common.rest_client [req-867a0cd8-03c9-44ca-bf10-3dfcce026249 req-867a0cd8-03c9-44ca-bf10-3dfcce026249 ] Request (ImagesNegativeTestJSON:test_create_image_from_deleted_server): 200 GET http://10.180.1.21/compute/v2.1/servers/1323e67f-17c6-4432-8eea-98c285745766 2.246s
2025-07-18 15:32:33.619 62724 INFO tempest.lib.common.rest_client [req-6f3967f5-061f-4cae-bbc3-c96f5db04dcd req-6f3967f5-061f-4cae-bbc3-c96f5db04dcd ] Request (ServersAdmin275Test:test_rebuild_update_server_275): 200 GET http://10.180.1.21/compute/v2.1/servers/029e3122-7587-4675-b9d9-47cf8ffdbd1d 1.892s
2025-07-18 15:32:33.627 62716 INFO tempest.lib.common.rest_client [req-fd9dfb61-5d58-4303-91bf-05133892535e req-fd9dfb61-5d58-4303-91bf-05133892535e ] Request (AggregatesAdminNegativeTestJSON:test_aggregate_delete_as_user): 403 DELETE http://10.180.1.21/compute/v2.1/os-aggregates/5 1.899s
2025-07-18 15:32:33.641 62764 INFO tempest.lib.common.rest_client [req-a62f0ce5-3f5e-4698-b8e8-e99341fef105 req-a62f0ce5-3f5e-4698-b8e8-e99341fef105 ] Request (ImagesTestJSON:setUpClass): 201 POST http://10.180.1.21:9696/networking/v2.0/networks 0.400s
2025-07-18 15:32:33.751 62752 INFO tempest.lib.common.rest_client [req-aa3b855a-da93-420e-b671-3472e6ae2cab req-aa3b855a-da93-420e-b671-3472e6ae2cab ] Request (AttachInterfacesV270Test:test_create_get_list_interfaces): 200 GET http://10.180.1.21/compute/v2.1/servers/760f3c9b-044d-4593-bc97-535ac09c3f3b 2.126s
2025-07-18 15:32:33.767 62732 INFO tempest.lib.common.rest_client [req-6195d472-1ecd-4906-8272-af396ab6e89a req-6195d472-1ecd-4906-8272-af396ab6e89a ] Request (FlavorsAdminTestJSON:test_create_list_flavor_without_extra_data): 200 GET http://10.180.1.21/compute/v2.1/flavors/detail 2.019s
2025-07-18 15:32:33.779 62734 INFO tempest.lib.common.rest_client [req-b6436b81-c2d1-4d6a-b20a-ef5653ca4f17 req-b6436b81-c2d1-4d6a-b20a-ef5653ca4f17 ] Request (HypervisorAdminNegativeUnderV252Test:test_show_servers_with_nonexistent_hypervisor): 404 GET http://10.180.1.21/compute/v2.1/os-hypervisors/a390af78-5864-4802-b358-b84cc8021ebb/servers 1.792s
2025-07-18 15:32:33.829 62742 INFO tempest.lib.common.rest_client [req-6038abba-7677-45ce-915e-564d938a4e8f req-6038abba-7677-45ce-915e-564d938a4e8f ] Request (ServerActionsTestJSON:setUpClass): 200 GET http://10.180.1.21/compute/v2.1/servers/da5c9742-9dba-4691-9bda-25858915857b 1.722s
2025-07-18 15:32:33.863 62766 INFO tempest.lib.common.rest_client [req-2c72369c-6da7-4d9e-97d1-57d8e4ef38b2 req-2c72369c-6da7-4d9e-97d1-57d8e4ef38b2 ] Request (FloatingIPsAssociationTestJSON:setUpClass): 200 GET http://10.180.1.21/compute/v2.1/servers/d271fa1d-d7f3-4abf-9b5f-69396c4c128c 2.044s
2025-07-18 15:32:33.892 62734 INFO tempest.lib.common.rest_client [req-737f96a1-b629-45de-90a0-c865672f58ac req-737f96a1-b629-45de-90a0-c865672f58ac ] Request (HypervisorAdminNegativeUnderV252Test:tearDownClass): 204 DELETE http://10.180.1.21/identity/v3/users/f6be3792b9af489ea04574285689b3cb 0.105s
2025-07-18 15:32:33.928 62746 INFO tempest.lib.common.rest_client [req-b5313def-ac80-4aa0-bc33-4c0468339549 req-b5313def-ac80-4aa0-bc33-4c0468339549 ] Request (ServersWithSpecificFlavorTestJSON:test_verify_created_server_ephemeral_disk): 200 GET http://10.180.1.21/compute/v2.1/servers/3d2bc5b9-cef1-4c45-a493-00a89bd2dfcf 1.584s
2025-07-18 15:32:34.024 62734 INFO tempest.lib.common.rest_client [req-dcde0242-856e-4c5c-b690-a3873fade207 req-dcde0242-856e-4c5c-b690-a3873fade207 ] Request (HypervisorAdminNegativeUnderV252Test:tearDownClass): 204 DELETE http://10.180.1.21/identity/v3/users/e42240ebd70745c19ca167e01d2c2890 0.131s
2025-07-18 15:32:34.024 62734 INFO tempest.lib.common.dynamic_creds [-] Deleting project and security group for project: d4a323f37a5c400088625cef368294b2
2025-07-18 15:32:34.032 62750 INFO tempest.lib.common.rest_client [req-113da1aa-d730-4b93-b6f2-fe042b9c2bde req-113da1aa-d730-4b93-b6f2-fe042b9c2bde ] Request (SecurityGroupsTestAdminJSON:test_list_security_groups_list_all_tenants_filter): 200 GET http://10.180.1.21/compute/v2.1/os-security-groups?all_tenants=true 1.343s
2025-07-18 15:32:34.110 62734 INFO tempest.lib.common.rest_client [req-44e6389a-f8ff-44f7-987f-d75547d9e752 req-44e6389a-f8ff-44f7-987f-d75547d9e752 ] Request (HypervisorAdminNegativeUnderV252Test:tearDownClass): 201 POST http://10.180.1.21/identity/v3/auth/tokens 0.086s
2025-07-18 15:32:34.122 62744 INFO tempest.lib.common.rest_client [req-150752d4-915d-4802-847a-cfc638d23458 req-150752d4-915d-4802-847a-cfc638d23458 ] Request (ServersTestFqdnHostnames:test_create_server_with_fqdn_name): 200 GET http://10.180.1.21/compute/v2.1/servers/a9eb98c9-73cd-453f-9d6f-f6fe5e0a6c0f 1.419s
2025-07-18 15:32:34.123 62718 INFO tempest.lib.common.rest_client [req-76a6e28f-2e32-4989-b23f-10beac32d9f0 req-76a6e28f-2e32-4989-b23f-10beac32d9f0 ] Request (ServerExternalEventsTest:test_create_server_external_events): 200 GET http://10.180.1.21/compute/v2.1/servers/e41d1a8c-ad7e-4151-9745-04318b007dfa 1.483s
2025-07-18 15:32:34.324 62730 INFO tempest.lib.common.rest_client [req-d2e4c12b-6631-445b-83d7-e031533751f5 req-d2e4c12b-6631-445b-83d7-e031533751f5 ] Request (DeleteServersAdminTestJSON:test_admin_delete_servers_of_others): 200 GET http://10.180.1.21/compute/v2.1/servers/ae5723f6-0107-46e8-971d-fca307ce67c8 1.337s
2025-07-18 15:32:34.328 62734 INFO tempest.lib.common.rest_client [req-c8709d8e-ed9c-4192-866c-9fac25c5ae5e req-c8709d8e-ed9c-4192-866c-9fac25c5ae5e ] Request (HypervisorAdminNegativeUnderV252Test:tearDownClass): 200 GET http://10.180.1.21:9696/networking/v2.0/security-groups?tenant_id=d4a323f37a5c400088625cef368294b2&name=default 0.217s
2025-07-18 15:32:34.337 62760 INFO tempest.lib.common.rest_client [req-74e47b20-b798-4846-8641-4b13b376d460 req-74e47b20-b798-4846-8641-4b13b376d460 ] Request (TenantUsagesTestJSON:setUpClass): 200 GET http://10.180.1.21/compute/v2.1/servers/adf2f380-84ad-480b-aa9a-16b19c05a3f3 1.165s
2025-07-18 15:32:34.340 62714 INFO tempest.lib.common.rest_client [req-8d3e4a66-4cb5-4474-ac7c-16e9e5bce509 req-8d3e4a66-4cb5-4474-ac7c-16e9e5bce509 ] Request (FlavorsAccessNegativeTestJSON:test_flavor_access_list_with_public_flavor): 404 GET http://10.180.1.21/compute/v2.1/flavors/155139788/os-flavor-access 1.149s
2025-07-18 15:32:34.344 62764 INFO tempest.lib.common.rest_client [req-0477674d-43fe-47e3-bbfd-aa31a4da56df req-0477674d-43fe-47e3-bbfd-aa31a4da56df ] Request (ImagesTestJSON:setUpClass): 201 POST http://10.180.1.21:9696/networking/v2.0/subnets 0.702s
2025-07-18 15:32:34.366 62774 INFO tempest.lib.common.rest_client [req-5a609efc-05bd-4171-a134-664e103fc5f2 req-5a609efc-05bd-4171-a134-664e103fc5f2 ] Request (FlavorsV2TestJSON:test_list_flavors_using_marker): 200 GET http://10.180.1.21/compute/v2.1/flavors?marker=42 1.028s
2025-07-18 15:32:34.425 62734 INFO tempest.lib.common.rest_client [req-36df9c79-950a-465f-9c93-01a6b73b8df9 req-36df9c79-950a-465f-9c93-01a6b73b8df9 ] Request (HypervisorAdminNegativeUnderV252Test:tearDownClass): 204 DELETE http://10.180.1.21:9696/networking/v2.0/security-groups/1ac58c9c-5bee-4a05-b60e-5c3089903086 0.096s
2025-07-18 15:32:34.508 62734 INFO tempest.lib.common.rest_client [req-2174f728-feeb-4c15-819a-d8883795fbcc req-2174f728-feeb-4c15-819a-d8883795fbcc ] Request (HypervisorAdminNegativeUnderV252Test:tearDownClass): 204 DELETE http://10.180.1.21/identity/v3/projects/d4a323f37a5c400088625cef368294b2 0.082s
2025-07-18 15:32:34.508 62734 INFO tempest.lib.common.dynamic_creds [-] Deleting project and security group for project: a13c01261a744133bbd394225a27e550
2025-07-18 15:32:34.588 62726 INFO tempest.lib.common.rest_client [req-af41c162-439b-4943-8b3e-a1d9729ce938 req-af41c162-439b-4943-8b3e-a1d9729ce938 ] Request (MigrationsAdminTest:test_list_migrations_in_flavor_resize_situation): 200 GET http://10.180.1.21/compute/v2.1/servers/ab7da5f4-9460-4d70-a0e5-5a690284d0e0 1.345s
2025-07-18 15:32:34.690 62734 INFO tempest.lib.common.rest_client [req-afa403b2-a233-4fd7-84c8-a1a38036fb01 req-afa403b2-a233-4fd7-84c8-a1a38036fb01 ] Request (HypervisorAdminNegativeUnderV252Test:tearDownClass): 200 GET http://10.180.1.21:9696/networking/v2.0/security-groups?tenant_id=a13c01261a744133bbd394225a27e550&name=default 0.181s
2025-07-18 15:32:34.756 62770 INFO tempest.lib.common.rest_client [req-e9c717e5-39ce-481e-a283-de41d9955dfe req-e9c717e5-39ce-481e-a283-de41d9955dfe ] Request (QuotasAdminTestJSON:test_get_updated_quotas): 200 GET http://10.180.1.21/compute/v2.1/os-quota-sets/ba39af0202a94b3ca5e1700925f09fb1?user_id=ca4f5a44ab9f432eabc2f299a05805cd 1.256s
2025-07-18 15:32:34.784 62716 INFO tempest.lib.common.rest_client [req-948a28b6-5049-4128-95ae-10378d7fc3f0 req-948a28b6-5049-4128-95ae-10378d7fc3f0 ] Request (AggregatesAdminNegativeTestJSON:_run_cleanups): 200 DELETE http://10.180.1.21/compute/v2.1/os-aggregates/5 1.156s
2025-07-18 15:32:34.876 62734 INFO tempest.lib.common.rest_client [req-91c4144a-23f5-456a-b44e-acd6052a8c4f req-91c4144a-23f5-456a-b44e-acd6052a8c4f ] Request (HypervisorAdminNegativeUnderV252Test:tearDownClass): 204 DELETE http://10.180.1.21:9696/networking/v2.0/security-groups/806c3edd-a153-4696-9b03-528ef262ca8b 0.185s
2025-07-18 15:32:34.901 62770 INFO tempest.lib.common.rest_client [req-6d566cd4-8143-4168-9ce3-20c1e5578dbf req-6d566cd4-8143-4168-9ce3-20c1e5578dbf ] Request (QuotasAdminTestJSON:_run_cleanups): 204 DELETE http://10.180.1.21/identity/v3/users/ca4f5a44ab9f432eabc2f299a05805cd 0.142s
2025-07-18 15:32:35.023 62770 INFO tempest.lib.common.rest_client [req-b7115c9c-ec4a-4c7a-9b3d-f7a17f931cbe req-b7115c9c-ec4a-4c7a-9b3d-f7a17f931cbe ] Request (QuotasAdminTestJSON:_run_cleanups): 204 DELETE http://10.180.1.21/identity/v3/projects/ba39af0202a94b3ca5e1700925f09fb1 0.121s
2025-07-18 15:32:35.055 62734 INFO tempest.lib.common.rest_client [req-7f63795f-b8e1-404a-937f-0ba93efeda96 req-7f63795f-b8e1-404a-937f-0ba93efeda96 ] Request (HypervisorAdminNegativeUnderV252Test:tearDownClass): 204 DELETE http://10.180.1.21/identity/v3/projects/a13c01261a744133bbd394225a27e550 0.179s
2025-07-18 15:32:35.061 62754 INFO tempest.lib.common.rest_client [req-ae344a3a-18e6-4e18-a5f0-9a20e91179db req-ae344a3a-18e6-4e18-a5f0-9a20e91179db ] Request (MultipleCreateTestJSON:test_multiple_create): 202 POST http://10.180.1.21/compute/v2.1/servers 1.607s
2025-07-18 15:32:35.102 62756 INFO tempest.lib.common.rest_client [req-ed9a3671-f795-4540-8349-3d3082beebf8 req-ed9a3671-f795-4540-8349-3d3082beebf8 ] Request (ServerAddressesTestJSON:setUpClass): 200 GET http://10.180.1.21/compute/v2.1/servers/1f9496b6-ff55-473d-8b82-d1e4e3afe0f1 1.433s
2025-07-18 15:32:35.117 62732 INFO tempest.lib.common.rest_client [req-d6add990-7f5f-4dc2-b16a-b34e152cb93c req-d6add990-7f5f-4dc2-b16a-b34e152cb93c ] Request (FlavorsAdminTestJSON:_run_cleanups): 202 DELETE http://10.180.1.21/compute/v2.1/flavors/101794874 1.344s
2025-07-18 15:32:35.135 62734 INFO tempest.lib.common.rest_client [req-066ca380-61c7-498d-abaf-00f56b80892a req-066ca380-61c7-498d-abaf-00f56b80892a ] Request (VolumesAdminNegativeTest:setUpClass): 201 POST http://10.180.1.21/identity/v3/auth/tokens 0.078s
2025-07-18 15:32:35.156 62748 INFO tempest.lib.common.rest_client [req-4bbb82da-51af-403a-9082-b971919c7c94 req-4bbb82da-51af-403a-9082-b971919c7c94 ] Request (SecurityGroupsTestJSON:test_list_security_groups_by_server): 200 GET http://10.180.1.21/compute/v2.1/servers/a918c107-526d-4cb7-a7dd-735a7d6420a4 1.409s
2025-07-18 15:32:35.175 62734 INFO tempest.lib.common.rest_client [req-cb52a3bb-f71d-4592-876c-5a6f5c904060 req-cb52a3bb-f71d-4592-876c-5a6f5c904060 ] Request (VolumesAdminNegativeTest:setUpClass): 201 POST http://10.180.1.21/identity/v3/auth/tokens 0.037s
2025-07-18 15:32:35.198 62734 INFO tempest.lib.common.rest_client [req-be42a3be-d6f1-48bf-9d13-34bc85ec0cb4 req-be42a3be-d6f1-48bf-9d13-34bc85ec0cb4 ] Request (VolumesAdminNegativeTest:setUpClass): 200 GET http://10.180.1.21/identity/v3/domains?name=Default 0.023s
2025-07-18 15:32:35.224 62734 INFO tempest.lib.common.rest_client [req-7c27fa1d-2efe-419d-a456-bead5efdfdbf req-7c27fa1d-2efe-419d-a456-bead5efdfdbf ] Request (VolumesAdminNegativeTest:setUpClass): 201 POST http://10.180.1.21/identity/v3/projects 0.025s
2025-07-18 15:32:35.302 62734 INFO tempest.lib.common.rest_client [req-9a1eb6ae-a26b-410f-af0d-ebe58b204a95 req-9a1eb6ae-a26b-410f-af0d-ebe58b204a95 ] Request (VolumesAdminNegativeTest:setUpClass): 201 POST http://10.180.1.21/identity/v3/users 0.077s
2025-07-18 15:32:35.322 62734 INFO tempest.lib.common.rest_client [req-8bac1339-0daa-466c-b906-e1dd8030ba7a req-8bac1339-0daa-466c-b906-e1dd8030ba7a ] Request (VolumesAdminNegativeTest:setUpClass): 200 GET http://10.180.1.21/identity/v3/roles 0.020s
2025-07-18 15:32:35.343 62750 INFO tempest.lib.common.rest_client [req-57fb7659-efd6-4e31-9f5d-5a994028d2f2 req-57fb7659-efd6-4e31-9f5d-5a994028d2f2 ] Request (SecurityGroupsTestAdminJSON:_run_cleanups): 202 DELETE http://10.180.1.21/compute/v2.1/os-security-groups/552f67c3-d90a-4144-b9c5-cb2d5f8833ff 1.307s
2025-07-18 15:32:35.354 62734 INFO tempest.lib.common.rest_client [req-72d1a31e-a3e4-4469-a049-bf46fd14785d req-72d1a31e-a3e4-4469-a049-bf46fd14785d ] Request (VolumesAdminNegativeTest:setUpClass): 204 PUT http://10.180.1.21/identity/v3/projects/c50941cd600d44668dff3c05eea4d29f/users/2f831738d4984187946e83b12a9e02af/roles/cdd45eebd3724ee6aea40016693a59f1 0.031s
2025-07-18 15:32:35.355 62734 INFO tempest.lib.common.dynamic_creds [-] Dynamic test user 2f831738d4984187946e83b12a9e02af is created with scope project and roles: ['member']
2025-07-18 15:32:35.355 62734 INFO tempest.lib.common.dynamic_creds [-] Acquired dynamic creds: credentials: Credentials: {'domain_id': 'default', 'domain_name': 'Default', 'username': 'tempest-VolumesAdminNegativeTest-1065309950-project-member', 'project_domain_id': 'default', 'project_domain_name': 'Default', 'project_id': 'c50941cd600d44668dff3c05eea4d29f', 'project_name': 'tempest-VolumesAdminNegativeTest-1065309950', 'tenant_id': 'c50941cd600d44668dff3c05eea4d29f', 'tenant_name': 'tempest-VolumesAdminNegativeTest-1065309950', 'user_domain_id': 'default', 'user_domain_name': 'Default', 'user_id': '2f831738d4984187946e83b12a9e02af', 'system': None}, Network: None, Subnet: None, Router: None
2025-07-18 15:32:35.411 62734 INFO tempest.lib.common.rest_client [req-39a74773-2d20-4f70-b066-a2a0a6052600 req-39a74773-2d20-4f70-b066-a2a0a6052600 ] Request (VolumesAdminNegativeTest:setUpClass): 201 POST http://10.180.1.21/identity/v3/auth/tokens 0.056s
2025-07-18 15:32:35.477 62722 INFO tempest.lib.common.rest_client [req-05a9723d-e677-4c86-966f-5cf1cbf993fa req-05a9723d-e677-4c86-966f-5cf1cbf993fa ] Request (FloatingIPsAssociationNegativeTestJSON:setUpClass): 200 GET http://10.180.1.21/compute/v2.1/servers/5f15094d-b066-4025-af5d-4ed35af2dfee 1.310s
2025-07-18 15:32:35.708 62740 INFO tempest.lib.common.rest_client [req-38256629-f7b7-4974-8ef9-7a6a60817d41 req-38256629-f7b7-4974-8ef9-7a6a60817d41 ] Request (AttachInterfacesUnderV243Test:setUpClass): 200 PUT http://10.180.1.21:9696/networking/v2.0/routers/ce353023-7a1a-4958-ab70-c26914f1f7cb/add_router_interface 3.460s
2025-07-18 15:32:35.708 62740 INFO tempest.lib.common.dynamic_creds [-] Created isolated network resources for: credentials: Credentials: {'domain_id': 'default', 'domain_name': 'Default', 'username': 'tempest-AttachInterfacesUnderV243Test-1728856832-project-member', 'project_domain_id': 'default', 'project_domain_name': 'Default', 'project_id': '9998782b89cb457eb3baf4a2f24c12e1', 'project_name': 'tempest-AttachInterfacesUnderV243Test-1728856832', 'tenant_id': '9998782b89cb457eb3baf4a2f24c12e1', 'tenant_name': 'tempest-AttachInterfacesUnderV243Test-1728856832', 'user_domain_id': 'default', 'user_domain_name': 'Default', 'user_id': '4431553b21b44b3db8aaa93a5856236e', 'system': None}, Network: {'id': '94b96c3e-910a-4a46-9373-ba791cf2486e', 'name': 'tempest-AttachInterfacesUnderV243Test-696197563-network', 'tenant_id': '9998782b89cb457eb3baf4a2f24c12e1', 'admin_state_up': True, 'mtu': 8950, 'status': 'ACTIVE', 'subnets': [], 'shared': False, 'project_id': '9998782b89cb457eb3baf4a2f24c12e1', 'port_security_enabled': True, 'router:external': False, 'provider:network_type': 'vlan', 'provider:physical_network': 'default', 'provider:segmentation_id': 967, 'is_default': False, 'availability_zone_hints': [], 'availability_zones': [], 'ipv4_address_scope': None, 'ipv6_address_scope': None, 'description': '', 'tags': [], 'created_at': '2025-07-18T15:32:30Z', 'updated_at': '2025-07-18T15:32:30Z', 'revision_number': 1}, Subnet: {'id': 'ea30faa3-2692-48fa-8b62-6cc6ff0c2c34', 'name': 'tempest-AttachInterfacesUnderV243Test-696197563-subnet', 'tenant_id': '9998782b89cb457eb3baf4a2f24c12e1', 'network_id': '94b96c3e-910a-4a46-9373-ba791cf2486e', 'ip_version': 4, 'subnetpool_id': None, 'enable_dhcp': True, 'ipv6_ra_mode': None, 'ipv6_address_mode': None, 'gateway_ip': '192.168.128.1', 'cidr': '192.168.128.0/28', 'allocation_pools': [{'start': '192.168.128.2', 'end': '192.168.128.14'}], 'host_routes': [], 'dns_nameservers': [], 'description': '', 'service_types': [], 'tags': [], 'created_at': '2025-07-18T15:32:30Z', 'updated_at': '2025-07-18T15:32:30Z', 'revision_number': 0, 'project_id': '9998782b89cb457eb3baf4a2f24c12e1'}, Router: {'id': 'ce353023-7a1a-4958-ab70-c26914f1f7cb', 'name': 'tempest-AttachInterfacesUnderV243Test-696197563-router', 'tenant_id': '9998782b89cb457eb3baf4a2f24c12e1', 'admin_state_up': True, 'status': 'ACTIVE', 'external_gateway_info': {'network_id': '16f7199b-0fe0-4abd-8039-7045daa71dd5', 'external_fixed_ips': [{'subnet_id': '4f60ee1c-9ee9-4ad7-89fa-93a65b430663', 'ip_address': '10.180.180.227'}], 'enable_snat': True}, 'description': '', 'availability_zones': [], 'distributed': False, 'ha': False, 'availability_zone_hints': [], 'routes': [], 'flavor_id': None, 'tags': [], 'created_at': '2025-07-18T15:32:30Z', 'updated_at': '2025-07-18T15:32:31Z', 'revision_number': 2, 'project_id': '9998782b89cb457eb3baf4a2f24c12e1'}
2025-07-18 15:32:35.731 62762 INFO tempest.lib.common.rest_client [req-b869ebb2-56f2-4b4e-9e9e-feca0a6dac55 req-b869ebb2-56f2-4b4e-9e9e-feca0a6dac55 ] Request (ImagesOneServerTestJSON:setUpClass): 200 GET http://10.180.1.21/compute/v2.1/servers/187242f5-934b-4c1d-b8ac-2ce8c347351a 1.555s
2025-07-18 15:32:35.746 62720 INFO tempest.lib.common.rest_client [req-a5f4fd79-69b1-401f-ad62-6d42de4e9fd7 req-a5f4fd79-69b1-401f-ad62-6d42de4e9fd7 ] Request (DeleteServersTestJSON:test_delete_active_server): 200 GET http://10.180.1.21/compute/v2.1/servers/6c3f0540-a722-4a13-9982-f40c2d6ce9b1 1.798s
2025-07-18 15:32:35.764 62734 INFO tempest.lib.common.rest_client [req-924f43bf-b609-4874-87c8-2af9ef7caa12 req-924f43bf-b609-4874-87c8-2af9ef7caa12 ] Request (VolumesAdminNegativeTest:setUpClass): 201 POST http://10.180.1.21:9696/networking/v2.0/networks 0.353s
2025-07-18 15:32:35.805 62740 INFO tempest.lib.common.rest_client [req-a41c942a-866a-448e-8915-f9d524243265 req-a41c942a-866a-448e-8915-f9d524243265 ] Request (AttachInterfacesUnderV243Test:setUpClass): 201 POST http://10.180.1.21/identity/v3/auth/tokens 0.094s
2025-07-18 15:32:35.820 62736 INFO tempest.lib.common.rest_client [req-aa068506-3b8f-40da-9366-9a28278d3173 req-aa068506-3b8f-40da-9366-9a28278d3173 ] Request (ServersAdminTestJSON:setUpClass): 200 GET http://10.180.1.21/compute/v2.1/servers/ebd0c337-82cd-4d0a-9089-b9e2c72c417d 1.574s
2025-07-18 15:32:35.829 62758 INFO tempest.lib.common.rest_client [req-ce5253c5-1378-45b3-b2f7-ac62332d0784 req-ce5253c5-1378-45b3-b2f7-ac62332d0784 ] Request (ServerDiagnosticsTest:test_get_server_diagnostics): 200 GET http://10.180.1.21/compute/v2.1/servers/a0b1a835-21b9-4d9d-a5d7-35479a8c4b6d 1.542s
2025-07-18 15:32:35.847 62714 INFO tempest.lib.common.rest_client [req-71f72694-2ea1-425a-b392-9c3c995d24b7 req-71f72694-2ea1-425a-b392-9c3c995d24b7 ] Request (FlavorsAccessNegativeTestJSON:_run_cleanups): 202 DELETE http://10.180.1.21/compute/v2.1/flavors/155139788 1.506s
2025-07-18 15:32:35.863 62774 INFO tempest.lib.common.rest_client [req-547ab17a-e386-4429-a991-ffa129644548 req-547ab17a-e386-4429-a991-ffa129644548 ] Request (FlavorsV2TestJSON:test_list_flavors_with_detail): 200 GET http://10.180.1.21/compute/v2.1/flavors/detail 1.493s
2025-07-18 15:32:35.901 62712 INFO tempest.lib.common.rest_client [req-31ea7f7f-4c60-43aa-a9ca-73953336958b req-31ea7f7f-4c60-43aa-a9ca-73953336958b ] Request (VolumesAssistedSnapshotsTest:test_volume_assisted_snapshot_create_delete): 200 GET http://10.180.1.21/compute/v2.1/servers/0524dc08-ac1a-4f56-b44a-adbb5a0b5038 1.583s
2025-07-18 15:32:35.995 62724 INFO tempest.lib.common.rest_client [req-eb733a39-b07f-4ebd-bd06-c92d77215d9e req-eb733a39-b07f-4ebd-bd06-c92d77215d9e ] Request (ServersAdmin275Test:test_rebuild_update_server_275): 200 GET http://10.180.1.21/compute/v2.1/servers/029e3122-7587-4675-b9d9-47cf8ffdbd1d 1.365s
2025-07-18 15:32:36.022 62738 INFO tempest.lib.common.rest_client [req-147eb81e-8fc5-4904-a287-7e14b57b7b97 req-147eb81e-8fc5-4904-a287-7e14b57b7b97 ] Request (ServerGroup264TestJSON:tearDownClass): 200 PUT http://10.180.1.21:9696/networking/v2.0/routers/4b9dd9bf-3f3e-451f-a668-11e63cad3111/remove_router_interface 2.699s
2025-07-18 15:32:36.162 62768 INFO tempest.lib.common.rest_client [req-597ad8ad-2a69-4503-a78a-3e74f778b7c0 req-597ad8ad-2a69-4503-a78a-3e74f778b7c0 ] Request (ImagesNegativeTestJSON:test_create_image_from_deleted_server): 200 GET http://10.180.1.21/compute/v2.1/servers/1323e67f-17c6-4432-8eea-98c285745766 1.603s
2025-07-18 15:32:36.178 62716 INFO tempest.lib.common.rest_client [req-1f0360d4-3d82-4e0e-8307-936d8bef2014 req-1f0360d4-3d82-4e0e-8307-936d8bef2014 ] Request (AggregatesAdminNegativeTestJSON:test_aggregate_delete_with_invalid_id): 404 DELETE http://10.180.1.21/compute/v2.1/os-aggregates/-1 1.392s
2025-07-18 15:32:36.219 62734 INFO tempest.lib.common.rest_client [req-5959fc02-c077-44be-a996-f3287ca95e56 req-5959fc02-c077-44be-a996-f3287ca95e56 ] Request (VolumesAdminNegativeTest:setUpClass): 201 POST http://10.180.1.21:9696/networking/v2.0/subnets 0.454s
2025-07-18 15:32:36.238 62742 INFO tempest.lib.common.rest_client [req-34c48364-94c7-4e37-a0f8-b756f043d813 req-34c48364-94c7-4e37-a0f8-b756f043d813 ] Request (ServerActionsTestJSON:setUpClass): 200 GET http://10.180.1.21/compute/v2.1/servers/da5c9742-9dba-4691-9bda-25858915857b 1.398s
2025-07-18 15:32:36.294 62752 INFO tempest.lib.common.rest_client [req-4556d868-818b-426b-a2a1-379ecb99a71f req-4556d868-818b-426b-a2a1-379ecb99a71f ] Request (AttachInterfacesV270Test:test_create_get_list_interfaces): 200 GET http://10.180.1.21/compute/v2.1/servers/760f3c9b-044d-4593-bc97-535ac09c3f3b 1.528s
2025-07-18 15:32:36.310 62766 INFO tempest.lib.common.rest_client [req-472a8e74-1ae1-45be-9ea4-60aa70275380 req-472a8e74-1ae1-45be-9ea4-60aa70275380 ] Request (FloatingIPsAssociationTestJSON:setUpClass): 200 GET http://10.180.1.21/compute/v2.1/servers/d271fa1d-d7f3-4abf-9b5f-69396c4c128c 1.438s
2025-07-18 15:32:36.363 62746 INFO tempest.lib.common.rest_client [req-300efada-b93f-47cf-9496-22161fd2b0a6 req-300efada-b93f-47cf-9496-22161fd2b0a6 ] Request (ServersWithSpecificFlavorTestJSON:test_verify_created_server_ephemeral_disk): 200 GET http://10.180.1.21/compute/v2.1/servers/3d2bc5b9-cef1-4c45-a493-00a89bd2dfcf 1.420s
2025-07-18 15:32:36.445 62770 INFO tempest.lib.common.rest_client [req-ba257672-de13-4e5c-949e-6ae3088278ad req-ba257672-de13-4e5c-949e-6ae3088278ad ] Request (QuotasAdminTestJSON:test_update_all_quota_resources_for_tenant): 200 GET http://10.180.1.21/compute/v2.1/os-quota-sets/9841267721a3426f971fdac25dd89645/defaults 1.420s
2025-07-18 15:32:36.471 62732 INFO tempest.lib.common.rest_client [req-273e119e-709f-41e6-a652-d1e8ffaf8ec0 req-273e119e-709f-41e6-a652-d1e8ffaf8ec0 ] Request (FlavorsAdminTestJSON:_run_cleanups): 200 GET http://10.180.1.21/compute/v2.1/flavors/detail 1.353s
2025-07-18 15:32:36.498 62754 INFO tempest.lib.common.rest_client [req-38aa9a6c-84da-40a2-8534-13d7aea1a835 req-38aa9a6c-84da-40a2-8534-13d7aea1a835 ] Request (MultipleCreateTestJSON:test_multiple_create): 200 GET http://10.180.1.21/compute/v2.1/servers 1.435s
2025-07-18 15:32:36.544 62744 INFO tempest.lib.common.rest_client [req-49e86bda-dd56-40bd-be9b-259c5742dc99 req-49e86bda-dd56-40bd-be9b-259c5742dc99 ] Request (ServersTestFqdnHostnames:test_create_server_with_fqdn_name): 200 GET http://10.180.1.21/compute/v2.1/servers/a9eb98c9-73cd-453f-9d6f-f6fe5e0a6c0f 1.412s
2025-07-18 15:32:36.677 62764 INFO tempest.lib.common.rest_client [req-603fd91e-8585-4339-830b-de2fd63987a1 req-603fd91e-8585-4339-830b-de2fd63987a1 ] Request (ImagesTestJSON:setUpClass): 201 POST http://10.180.1.21:9696/networking/v2.0/routers 2.333s
2025-07-18 15:32:36.880 62718 INFO tempest.lib.common.rest_client [req-e59a3ec9-b454-460b-ab4b-98bee697d3c8 req-e59a3ec9-b454-460b-ab4b-98bee697d3c8 ] Request (ServerExternalEventsTest:test_create_server_external_events): 200 GET http://10.180.1.21/compute/v2.1/servers/e41d1a8c-ad7e-4151-9745-04318b007dfa 1.742s
2025-07-18 15:32:36.898 62738 INFO tempest.lib.common.rest_client [req-43690f42-bd7c-4454-8ae9-54cc2c065d7b req-43690f42-bd7c-4454-8ae9-54cc2c065d7b ] Request (ServerGroup264TestJSON:tearDownClass): 204 DELETE http://10.180.1.21:9696/networking/v2.0/routers/4b9dd9bf-3f3e-451f-a668-11e63cad3111 0.875s
2025-07-18 15:32:37.079 62750 INFO tempest.lib.common.rest_client [req-fe89035d-a7c4-4fc7-a522-1807251e2a6e req-fe89035d-a7c4-4fc7-a522-1807251e2a6e ] Request (SecurityGroupsTestAdminJSON:_run_cleanups): 202 DELETE http://10.180.1.21/compute/v2.1/os-security-groups/8f8abd05-b048-45d3-92db-46b1c86d2570 1.736s
2025-07-18 15:32:37.079 62730 INFO tempest.lib.common.rest_client [req-37e3ba97-65d7-44e7-a579-0dbdb7d6e5e4 req-37e3ba97-65d7-44e7-a579-0dbdb7d6e5e4 ] Request (DeleteServersAdminTestJSON:test_admin_delete_servers_of_others): 200 GET http://10.180.1.21/compute/v2.1/servers/ae5723f6-0107-46e8-971d-fca307ce67c8 1.743s
2025-07-18 15:32:37.133 62738 INFO tempest.lib.common.rest_client [req-7558a4cd-4615-4d13-8427-5846f3acd906 req-7558a4cd-4615-4d13-8427-5846f3acd906 ] Request (ServerGroup264TestJSON:tearDownClass): 204 DELETE http://10.180.1.21:9696/networking/v2.0/subnets/71c197a7-c83c-4337-9fff-a1562f96b8e9 0.234s
2025-07-18 15:32:37.165 62726 INFO tempest.lib.common.rest_client [req-1a45d22e-71e2-4257-8d64-fb0363b50e62 req-1a45d22e-71e2-4257-8d64-fb0363b50e62 ] Request (MigrationsAdminTest:test_list_migrations_in_flavor_resize_situation): 200 GET http://10.180.1.21/compute/v2.1/servers/ab7da5f4-9460-4d70-a0e5-5a690284d0e0 1.568s
2025-07-18 15:32:37.241 62740 INFO tempest.lib.common.rest_client [req-743b6520-c014-44f3-b016-3e0aebf55d9b req-743b6520-c014-44f3-b016-3e0aebf55d9b ] Request (ValidationResourcesFixture:setUp): 200 POST http://10.180.1.21/compute/v2.1/os-keypairs 1.430s
2025-07-18 15:32:37.257 62714 INFO tempest.lib.common.rest_client [req-d14b491b-6acf-4031-80eb-8d25834f6da1 req-d14b491b-6acf-4031-80eb-8d25834f6da1 ] Request (FlavorsAccessNegativeTestJSON:_run_cleanups): 200 GET http://10.180.1.21/compute/v2.1/flavors/detail 1.409s
2025-07-18 15:32:37.269 62760 INFO tempest.lib.common.rest_client [req-6588a049-bac4-4458-9090-eff8fc7dfa57 req-6588a049-bac4-4458-9090-eff8fc7dfa57 ] Request (TenantUsagesTestJSON:setUpClass): 200 GET http://10.180.1.21/compute/v2.1/servers/adf2f380-84ad-480b-aa9a-16b19c05a3f3 1.922s
2025-07-18 15:32:37.274 62774 INFO tempest.lib.common.rest_client [req-d0da1f6f-cba6-45d8-ae81-2183c08b6f23 req-d0da1f6f-cba6-45d8-ae81-2183c08b6f23 ] Request (FlavorsV2TestJSON:test_list_flavors_with_detail): 200 GET http://10.180.1.21/compute/v2.1/flavors/42 1.406s
2025-07-18 15:32:37.378 62774 INFO tempest.lib.common.rest_client [req-e70bd663-4a44-40af-81ba-e002c81c923a req-e70bd663-4a44-40af-81ba-e002c81c923a ] Request (FlavorsV2TestJSON:tearDownClass): 204 DELETE http://10.180.1.21/identity/v3/users/1b344ab136ef4f39b8efe099c904d809 0.100s
2025-07-18 15:32:37.378 62774 INFO tempest.lib.common.dynamic_creds [-] Deleting project and security group for project: 0675da49e9e947149895059d67376dde
2025-07-18 15:32:37.385 62748 INFO tempest.lib.common.rest_client [req-344556d8-53de-4a35-a7e1-57225b494808 req-344556d8-53de-4a35-a7e1-57225b494808 ] Request (SecurityGroupsTestJSON:test_list_security_groups_by_server): 200 GET http://10.180.1.21/compute/v2.1/servers/a918c107-526d-4cb7-a7dd-735a7d6420a4 1.222s
2025-07-18 15:32:37.416 62716 INFO tempest.lib.common.rest_client [req-5e6f1f63-2e1b-44ec-a38c-0754edd7c9c2 req-5e6f1f63-2e1b-44ec-a38c-0754edd7c9c2 ] Request (AggregatesAdminNegativeTestJSON:test_aggregate_get_details_as_user): 200 POST http://10.180.1.21/compute/v2.1/os-aggregates 1.237s
2025-07-18 15:32:37.493 62774 INFO tempest.lib.common.rest_client [req-bdaefca8-c4b1-4c03-868a-8e3819f04ba8 req-bdaefca8-c4b1-4c03-868a-8e3819f04ba8 ] Request (FlavorsV2TestJSON:tearDownClass): 201 POST http://10.180.1.21/identity/v3/auth/tokens 0.114s
2025-07-18 15:32:37.552 62756 INFO tempest.lib.common.rest_client [req-0d604bb2-241b-42cf-96a1-2e94093e90a6 req-0d604bb2-241b-42cf-96a1-2e94093e90a6 ] Request (ServerAddressesTestJSON:setUpClass): 200 GET http://10.180.1.21/compute/v2.1/servers/1f9496b6-ff55-473d-8b82-d1e4e3afe0f1 1.443s
2025-07-18 15:32:37.561 62738 INFO tempest.lib.common.rest_client [req-e89141f8-3a8d-4ce8-9cad-8f237020694d req-e89141f8-3a8d-4ce8-9cad-8f237020694d ] Request (ServerGroup264TestJSON:tearDownClass): 204 DELETE http://10.180.1.21:9696/networking/v2.0/networks/5f27ceba-5e3a-490b-9868-a075ce10aab6 0.427s
2025-07-18 15:32:37.580 62732 INFO tempest.lib.common.rest_client [req-1ba33213-05a4-46ac-b639-0bb35b0560aa req-1ba33213-05a4-46ac-b639-0bb35b0560aa ] Request (FlavorsAdminTestJSON:test_create_server_with_non_public_flavor): 200 POST http://10.180.1.21/compute/v2.1/flavors 1.103s
2025-07-18 15:32:37.663 62738 INFO tempest.lib.common.rest_client [req-dd94bf7c-c78d-420d-b54c-87cf700407ad req-dd94bf7c-c78d-420d-b54c-87cf700407ad ] Request (ServerGroup264TestJSON:tearDownClass): 204 DELETE http://10.180.1.21/identity/v3/users/7382f4313c1b4de7a81f657cd5c88b76 0.102s
2025-07-18 15:32:37.663 62738 INFO tempest.lib.common.dynamic_creds [-] Deleting project and security group for project: 5aa457342a254afc8f28c38d9df083ff
2025-07-18 15:32:37.667 62740 INFO tempest.lib.common.rest_client [req-69c33024-1521-4439-916f-0b0fbb35547e req-69c33024-1521-4439-916f-0b0fbb35547e ] Request (ValidationResourcesFixture:setUp): 201 POST http://10.180.1.21:9696/networking/v2.0/security-groups 0.424s
2025-07-18 15:32:37.736 62774 INFO tempest.lib.common.rest_client [req-252dcf7e-404e-4c09-8615-d0b221d9d71c req-252dcf7e-404e-4c09-8615-d0b221d9d71c ] Request (FlavorsV2TestJSON:tearDownClass): 200 GET http://10.180.1.21:9696/networking/v2.0/security-groups?tenant_id=0675da49e9e947149895059d67376dde&name=default 0.242s
2025-07-18 15:32:37.747 62770 INFO tempest.lib.common.rest_client [req-e6bb6f6c-dcc7-4cce-a45a-edf0604be24d req-e6bb6f6c-dcc7-4cce-a45a-edf0604be24d ] Request (QuotasAdminTestJSON:test_update_all_quota_resources_for_tenant): 200 PUT http://10.180.1.21/compute/v2.1/os-quota-sets/9841267721a3426f971fdac25dd89645 1.299s
2025-07-18 15:32:37.779 62738 INFO tempest.lib.common.rest_client [req-472d11f1-45c0-4742-89fb-127b4c1f15dd req-472d11f1-45c0-4742-89fb-127b4c1f15dd ] Request (ServerGroup264TestJSON:tearDownClass): 200 GET http://10.180.1.21:9696/networking/v2.0/security-groups?tenant_id=5aa457342a254afc8f28c38d9df083ff&name=default 0.116s
2025-07-18 15:32:37.826 62754 INFO tempest.lib.common.rest_client [req-572ff9e7-93fe-4bad-a404-a6ff3fe4a303 req-572ff9e7-93fe-4bad-a404-a6ff3fe4a303 ] Request (MultipleCreateTestJSON:test_multiple_create): 200 GET http://10.180.1.21/compute/v2.1/servers/380bc9c3-8bba-4f26-b938-e4e74543261c 1.326s
2025-07-18 15:32:37.974 62740 INFO tempest.lib.common.rest_client [req-1d1dcf06-deed-43b3-8ea0-8dc77cc1e564 req-1d1dcf06-deed-43b3-8ea0-8dc77cc1e564 ] Request (ValidationResourcesFixture:setUp): 201 POST http://10.180.1.21:9696/networking/v2.0/security-group-rules 0.307s
2025-07-18 15:32:37.980 62774 INFO tempest.lib.common.rest_client [req-45e52310-e131-428a-873a-a88f52219230 req-45e52310-e131-428a-873a-a88f52219230 ] Request (FlavorsV2TestJSON:tearDownClass): 204 DELETE http://10.180.1.21:9696/networking/v2.0/security-groups/320ecdd7-7ee3-44b8-845c-ce5b86e6c937 0.243s
2025-07-18 15:32:38.014 62722 INFO tempest.lib.common.rest_client [req-1591a310-dc55-4247-9776-1466fa903f01 req-1591a310-dc55-4247-9776-1466fa903f01 ] Request (FloatingIPsAssociationNegativeTestJSON:setUpClass): 200 GET http://10.180.1.21/compute/v2.1/servers/5f15094d-b066-4025-af5d-4ed35af2dfee 1.524s
2025-07-18 15:32:38.040 62762 INFO tempest.lib.common.rest_client [req-2462b384-b237-4be3-844a-c50d4ad0e37e req-2462b384-b237-4be3-844a-c50d4ad0e37e ] Request (ImagesOneServerTestJSON:setUpClass): 200 GET http://10.180.1.21/compute/v2.1/servers/187242f5-934b-4c1d-b8ac-2ce8c347351a 1.294s
2025-07-18 15:32:38.106 62738 INFO tempest.lib.common.rest_client [req-af4bb6cb-7a30-4d16-a8ad-826d6b73860e req-af4bb6cb-7a30-4d16-a8ad-826d6b73860e ] Request (ServerGroup264TestJSON:tearDownClass): 204 DELETE http://10.180.1.21:9696/networking/v2.0/security-groups/a2892aa8-7e41-448e-be85-645e080564f1 0.326s
2025-07-18 15:32:38.110 62736 INFO tempest.lib.common.rest_client [req-eb74e131-a20b-487c-81e6-f9319d2dcb9c req-eb74e131-a20b-487c-81e6-f9319d2dcb9c ] Request (ServersAdminTestJSON:setUpClass): 200 GET http://10.180.1.21/compute/v2.1/servers/ebd0c337-82cd-4d0a-9089-b9e2c72c417d 1.279s
2025-07-18 15:32:38.120 62740 INFO tempest.lib.common.rest_client [req-e5e9849a-5a6f-4d48-a8d6-18cbba045123 req-e5e9849a-5a6f-4d48-a8d6-18cbba045123 ] Request (ValidationResourcesFixture:setUp): 201 POST http://10.180.1.21:9696/networking/v2.0/security-group-rules 0.145s
2025-07-18 15:32:38.144 62774 INFO tempest.lib.common.rest_client [req-7a9f069f-e40d-4696-b640-fbd58014b4ea req-7a9f069f-e40d-4696-b640-fbd58014b4ea ] Request (FlavorsV2TestJSON:tearDownClass): 204 DELETE http://10.180.1.21/identity/v3/projects/0675da49e9e947149895059d67376dde 0.164s
