2025-07-18 15:33:00.309 62716 INFO tempest.lib.common.rest_client [req-73d39fe1-f305-4497-9dbf-a97264c969ed req-73d39fe1-f305-4497-9dbf-a97264c969ed ] Request (ServerDiagnosticsNegativeTest:setUpClass): 201 POST http://10.180.1.21/identity/v3/auth/tokens 0.064s
2025-07-18 15:33:00.336 62716 INFO tempest.lib.common.rest_client [req-d802b9f8-87f3-41a9-99f8-6c4e51e42e69 req-d802b9f8-87f3-41a9-99f8-6c4e51e42e69 ] Request (ServerDiagnosticsNegativeTest:setUpClass): 201 POST http://10.180.1.21/identity/v3/auth/tokens 0.025s
2025-07-18 15:33:00.337 62728 INFO tempest.lib.common.rest_client [req-f9042989-fb1c-4579-b61f-4cdd95a8e7ac req-f9042989-fb1c-4579-b61f-4cdd95a8e7ac ] Request (ServersAdminNegativeTestJSON:setUpClass): 200 GET http://10.180.1.21/compute/v2.1/servers/9ea6880c-469b-4c66-927e-442a41e22163 0.580s
2025-07-18 15:33:00.360 62716 INFO tempest.lib.common.rest_client [req-69df5a70-f974-4b74-a43a-99327f0899b1 req-69df5a70-f974-4b74-a43a-99327f0899b1 ] Request (ServerDiagnosticsNegativeTest:setUpClass): 200 GET http://10.180.1.21/identity/v3/domains?name=Default 0.023s
2025-07-18 15:33:00.378 62714 INFO tempest.lib.common.rest_client [req-edb568b8-7782-451a-9fab-e5cbfece48c9 req-edb568b8-7782-451a-9fab-e5cbfece48c9 ] Request (ServerDiagnosticsV248Test:test_get_server_diagnostics): 200 GET http://10.180.1.21/compute/v2.1/servers/7c661fb6-abb7-486b-9188-f8d4dd6bb1a0 0.585s
2025-07-18 15:33:00.387 62734 INFO tempest.lib.common.rest_client [req-ec9a4786-4889-4349-beeb-ce97c6e88851 req-ec9a4786-4889-4349-beeb-ce97c6e88851 ] Request (VolumesAdminNegativeTest:test_update_attached_volume_with_nonexistent_volume_in_body): 200 GET http://10.180.1.21/compute/v2.1/servers/02f37f91-5ee0-46bb-a5e2-ec8256c1f22c 0.576s
2025-07-18 15:33:00.396 62716 INFO tempest.lib.common.rest_client [req-d25efe3c-18b1-4e73-b8ef-84edb08b61e5 req-d25efe3c-18b1-4e73-b8ef-84edb08b61e5 ] Request (ServerDiagnosticsNegativeTest:setUpClass): 201 POST http://10.180.1.21/identity/v3/projects 0.035s
2025-07-18 15:33:00.426 62738 INFO tempest.lib.common.rest_client [req-121c6df7-729d-4c0c-9dce-63cfc30b60b0 req-121c6df7-729d-4c0c-9dce-63cfc30b60b0 ] Request (ServerRescueTestJSON:setUpClass): 200 GET http://10.180.1.21/compute/v2.1/servers/4770186f-8bd4-455c-a21d-f79e2230fa4e 0.565s
2025-07-18 15:33:00.448 62716 INFO tempest.lib.common.rest_client [req-8d1fa677-be7a-4fd5-9570-e182dc1b3e72 req-8d1fa677-be7a-4fd5-9570-e182dc1b3e72 ] Request (ServerDiagnosticsNegativeTest:setUpClass): 201 POST http://10.180.1.21/identity/v3/users 0.052s
2025-07-18 15:33:00.467 62716 INFO tempest.lib.common.rest_client [req-492d2ec5-620f-487b-9968-bb7dcae231b1 req-492d2ec5-620f-487b-9968-bb7dcae231b1 ] Request (ServerDiagnosticsNegativeTest:setUpClass): 200 GET http://10.180.1.21/identity/v3/roles 0.018s
2025-07-18 15:33:00.476 62736 INFO tempest.lib.common.rest_client [req-d3f01111-d083-49c2-ab73-baaad8e30526 req-d3f01111-d083-49c2-ab73-baaad8e30526 ] Request (ServersAdminTestJSON:setUpClass): 200 GET http://10.180.1.21/compute/v2.1/servers/ebd0c337-82cd-4d0a-9089-b9e2c72c417d 0.543s
2025-07-18 15:33:00.483 62722 INFO tempest.lib.common.rest_client [req-df36fc1e-857d-4777-912d-09babf8697c7 req-df36fc1e-857d-4777-912d-09babf8697c7 ] Request (ServersTestBootFromVolume:setUpClass): 200 GET http://10.180.1.21/volume/v3/1634742b934f4e8c8d5110665876eefb/volumes/4a6678aa-f656-4aad-b93a-da8580f79661 0.030s
2025-07-18 15:33:00.489 62752 INFO tempest.lib.common.rest_client [req-c2a18368-29df-4b77-bca0-cecc1d93e0bc req-c2a18368-29df-4b77-bca0-cecc1d93e0bc ] Request (AttachInterfacesV270Test:test_create_get_list_interfaces): 200 GET http://10.180.1.21/compute/v2.1/servers/760f3c9b-044d-4593-bc97-535ac09c3f3b 0.621s
2025-07-18 15:33:00.496 62716 INFO tempest.lib.common.rest_client [req-bb8ee75a-4922-46f9-80e3-13a5c657cf81 req-bb8ee75a-4922-46f9-80e3-13a5c657cf81 ] Request (ServerDiagnosticsNegativeTest:setUpClass): 204 PUT http://10.180.1.21/identity/v3/projects/f77b3b2664b54dc4b85144d475b41a38/users/52dcc9bb813146b38cd142258841a9ac/roles/cdd45eebd3724ee6aea40016693a59f1 0.028s
2025-07-18 15:33:00.496 62716 INFO tempest.lib.common.dynamic_creds [-] Dynamic test user 52dcc9bb813146b38cd142258841a9ac is created with scope project and roles: ['member']
2025-07-18 15:33:00.496 62716 INFO tempest.lib.common.dynamic_creds [-] Acquired dynamic creds: credentials: Credentials: {'domain_id': 'default', 'domain_name': 'Default', 'username': 'tempest-ServerDiagnosticsNegativeTest-163132470-project-member', 'project_domain_id': 'default', 'project_domain_name': 'Default', 'project_id': 'f77b3b2664b54dc4b85144d475b41a38', 'project_name': 'tempest-ServerDiagnosticsNegativeTest-163132470', 'tenant_id': 'f77b3b2664b54dc4b85144d475b41a38', 'tenant_name': 'tempest-ServerDiagnosticsNegativeTest-163132470', 'user_domain_id': 'default', 'user_domain_name': 'Default', 'user_id': '52dcc9bb813146b38cd142258841a9ac', 'system': None}, Network: None, Subnet: None, Router: None
2025-07-18 15:33:00.496 62716 INFO tempest.lib.common.dynamic_creds [-] Created isolated network resources for: credentials: Credentials: {'domain_id': 'default', 'domain_name': 'Default', 'username': 'tempest-ServerDiagnosticsNegativeTest-163132470-project-member', 'project_domain_id': 'default', 'project_domain_name': 'Default', 'project_id': 'f77b3b2664b54dc4b85144d475b41a38', 'project_name': 'tempest-ServerDiagnosticsNegativeTest-163132470', 'tenant_id': 'f77b3b2664b54dc4b85144d475b41a38', 'tenant_name': 'tempest-ServerDiagnosticsNegativeTest-163132470', 'user_domain_id': 'default', 'user_domain_name': 'Default', 'user_id': '52dcc9bb813146b38cd142258841a9ac', 'system': None}, Network: None, Subnet: None, Router: None
2025-07-18 15:33:00.532 62758 INFO tempest.lib.common.rest_client [req-65339574-250e-4db7-a965-2b193b2d6ecd req-65339574-250e-4db7-a965-2b193b2d6ecd ] Request (ServerDiagnosticsTest:test_get_server_diagnostics): 200 GET http://10.180.1.21/compute/v2.1/servers/a0b1a835-21b9-4d9d-a5d7-35479a8c4b6d 0.521s
2025-07-18 15:33:00.581 62716 INFO tempest.lib.common.rest_client [req-e3ee3b6a-c203-4648-bdbe-b7453c48f358 req-e3ee3b6a-c203-4648-bdbe-b7453c48f358 ] Request (ServerDiagnosticsNegativeTest:setUpClass): 201 POST http://10.180.1.21/identity/v3/auth/tokens 0.081s
2025-07-18 15:33:00.631 62770 INFO tempest.lib.common.rest_client [req-7d3559c3-0359-4d1f-8b64-ec97702c49f4 req-7d3559c3-0359-4d1f-8b64-ec97702c49f4 ] Request (SecurityGroupRulesTestJSON:test_security_group_rules_delete_when_peer_group_deleted): 202 DELETE http://10.180.1.21/compute/v2.1/os-security-groups/d2047203-7ada-434f-915f-b78fe147c7b2 0.575s
2025-07-18 15:33:00.641 62716 INFO tempest.lib.common.rest_client [req-cfafff3d-bcfd-4e57-a9c9-6fdfb093203e req-cfafff3d-bcfd-4e57-a9c9-6fdfb093203e ] Request (ServerDiagnosticsNegativeTest:setUpClass): 201 POST http://10.180.1.21/identity/v3/projects 0.059s
2025-07-18 15:33:00.648 62732 INFO tempest.lib.common.rest_client [req-9eed4a57-3737-408f-969c-5b21d5e61df6 req-9eed4a57-3737-408f-969c-5b21d5e61df6 ] Request (FlavorsAdminTestJSON:_run_cleanups): 202 DELETE http://10.180.1.21/compute/v2.1/flavors/1896747775 0.562s
2025-07-18 15:33:00.651 62760 INFO tempest.lib.common.rest_client [req-b11560ff-9e67-4123-a127-ef38b38ebcdc req-b11560ff-9e67-4123-a127-ef38b38ebcdc ] Request (TenantUsagesTestJSON:setUpClass): 200 GET http://10.180.1.21/compute/v2.1/servers/adf2f380-84ad-480b-aa9a-16b19c05a3f3 0.583s
2025-07-18 15:33:00.694 62716 INFO tempest.lib.common.rest_client [req-c6455251-bf76-40f3-b195-c3c5b9f53122 req-c6455251-bf76-40f3-b195-c3c5b9f53122 ] Request (ServerDiagnosticsNegativeTest:setUpClass): 201 POST http://10.180.1.21/identity/v3/users 0.052s
2025-07-18 15:33:00.701 62712 INFO tempest.lib.common.rest_client [req-be008d26-a23a-46bf-9500-fd9f0121f7c6 req-be008d26-a23a-46bf-9500-fd9f0121f7c6 ] Request (VolumesAssistedSnapshotsTest:test_volume_assisted_snapshot_create_delete): 200 GET http://10.180.1.21/compute/v2.1/servers/0524dc08-ac1a-4f56-b44a-adbb5a0b5038 0.560s
2025-07-18 15:33:00.712 62716 INFO tempest.lib.common.rest_client [req-431ca455-5552-47af-8d09-28814d11c26c req-431ca455-5552-47af-8d09-28814d11c26c ] Request (ServerDiagnosticsNegativeTest:setUpClass): 200 GET http://10.180.1.21/identity/v3/roles 0.017s
2025-07-18 15:33:00.738 62716 INFO tempest.lib.common.rest_client [req-3aef0004-b7e7-4bbc-89b8-313becd908ed req-3aef0004-b7e7-4bbc-89b8-313becd908ed ] Request (ServerDiagnosticsNegativeTest:setUpClass): 204 PUT http://10.180.1.21/identity/v3/projects/05f8dc8b4cd346f6af2e63dc61db2818/users/0b6b5c98dfd24710abbb9fdbdb771fd2/roles/69647cfb25174640adefd4676ad18905 0.026s
2025-07-18 15:33:00.783 62716 INFO tempest.lib.common.rest_client [req-2f366bc7-0b3d-4c46-acbc-157ea59d65f8 req-2f366bc7-0b3d-4c46-acbc-157ea59d65f8 ] Request (ServerDiagnosticsNegativeTest:setUpClass): 200 GET http://10.180.1.21/identity/v3/roles 0.045s
2025-07-18 15:33:00.794 62748 INFO tempest.lib.common.rest_client [req-98e00001-12cc-443c-9fa6-a30d015cad39 req-98e00001-12cc-443c-9fa6-a30d015cad39 ] Request (SecurityGroupsTestJSON:test_list_security_groups_by_server): 200 GET http://10.180.1.21/compute/v2.1/servers/a918c107-526d-4cb7-a7dd-735a7d6420a4 0.671s
2025-07-18 15:33:00.795 62730 INFO tempest.lib.common.rest_client [req-1c374994-0e19-44b1-9d6a-26bdf5016d46 req-1c374994-0e19-44b1-9d6a-26bdf5016d46 ] Request (DeleteServersAdminTestJSON:test_admin_delete_servers_of_others): 200 GET http://10.180.1.21/compute/v2.1/servers/ae5723f6-0107-46e8-971d-fca307ce67c8 0.557s
2025-07-18 15:33:00.801 62716 INFO tempest.lib.common.rest_client [req-04c9e3d0-81c2-4bbf-a63f-48bae72746ce req-04c9e3d0-81c2-4bbf-a63f-48bae72746ce ] Request (ServerDiagnosticsNegativeTest:setUpClass): 204 PUT http://10.180.1.21/identity/v3/projects/05f8dc8b4cd346f6af2e63dc61db2818/users/0b6b5c98dfd24710abbb9fdbdb771fd2/roles/69647cfb25174640adefd4676ad18905 0.017s
2025-07-18 15:33:00.801 62716 INFO tempest.lib.common.dynamic_creds [-] Dynamic test user 0b6b5c98dfd24710abbb9fdbdb771fd2 is created with scope project and roles: ['admin']
2025-07-18 15:33:00.801 62716 INFO tempest.lib.common.dynamic_creds [-] Acquired dynamic creds: credentials: Credentials: {'domain_id': 'default', 'domain_name': 'Default', 'username': 'tempest-ServerDiagnosticsNegativeTest-1690712408-project-admin', 'project_domain_id': 'default', 'project_domain_name': 'Default', 'project_id': '05f8dc8b4cd346f6af2e63dc61db2818', 'project_name': 'tempest-ServerDiagnosticsNegativeTest-1690712408', 'tenant_id': '05f8dc8b4cd346f6af2e63dc61db2818', 'tenant_name': 'tempest-ServerDiagnosticsNegativeTest-1690712408', 'user_domain_id': 'default', 'user_domain_name': 'Default', 'user_id': '0b6b5c98dfd24710abbb9fdbdb771fd2', 'system': None}, Network: None, Subnet: None, Router: None
2025-07-18 15:33:00.802 62716 INFO tempest.lib.common.dynamic_creds [-] Created isolated network resources for: credentials: Credentials: {'domain_id': 'default', 'domain_name': 'Default', 'username': 'tempest-ServerDiagnosticsNegativeTest-1690712408-project-admin', 'project_domain_id': 'default', 'project_domain_name': 'Default', 'project_id': '05f8dc8b4cd346f6af2e63dc61db2818', 'project_name': 'tempest-ServerDiagnosticsNegativeTest-1690712408', 'tenant_id': '05f8dc8b4cd346f6af2e63dc61db2818', 'tenant_name': 'tempest-ServerDiagnosticsNegativeTest-1690712408', 'user_domain_id': 'default', 'user_domain_name': 'Default', 'user_id': '0b6b5c98dfd24710abbb9fdbdb771fd2', 'system': None}, Network: None, Subnet: None, Router: None
2025-07-18 15:33:00.802 62774 INFO tempest.lib.common.rest_client [req-f4d546bf-d71e-4d49-aaba-41ae37c434fb req-f4d546bf-d71e-4d49-aaba-41ae37c434fb ] Request (KeyPairsV22TestJSON:test_keypairsv22_create_list_show_with_type): 200 GET http://10.180.1.21/compute/v2.1/os-keypairs/tempest-keypair-1366538041 0.564s
2025-07-18 15:33:00.847 62764 INFO tempest.lib.common.rest_client [req-f771b7ff-66ca-493e-817d-d85f8e841d6d req-f771b7ff-66ca-493e-817d-d85f8e841d6d ] Request (ImagesTestJSON:test_create_image_from_stopped_server): 200 GET http://10.180.1.21/compute/v2.1/servers/0561164b-f3f9-446f-b597-4b6d16a32a00 0.558s
2025-07-18 15:33:00.895 62716 INFO tempest.lib.common.rest_client [req-bdb73e7b-b575-4e58-bcd3-995e9b86687b req-bdb73e7b-b575-4e58-bcd3-995e9b86687b ] Request (ServerDiagnosticsNegativeTest:setUpClass): 201 POST http://10.180.1.21/identity/v3/auth/tokens 0.091s
2025-07-18 15:33:00.908 62724 INFO tempest.lib.common.rest_client [req-473a7de0-d645-428d-a157-af05850fdd4e req-473a7de0-d645-428d-a157-af05850fdd4e ] Request (ServersAdmin275Test:test_rebuild_update_server_275): 200 GET http://10.180.1.21/compute/v2.1/servers/029e3122-7587-4675-b9d9-47cf8ffdbd1d 0.561s
2025-07-18 15:33:00.971 62716 INFO tempest.lib.common.rest_client [req-c8f96ed6-03aa-45af-b3d7-22c3eece93ff req-c8f96ed6-03aa-45af-b3d7-22c3eece93ff ] Request (ServerDiagnosticsNegativeTest:test_get_server_diagnostics_by_non_admin): 201 POST http://10.180.1.21/identity/v3/auth/tokens 0.072s
2025-07-18 15:33:00.971 62716 INFO tempest.lib.common.fixed_network [-] (ServerDiagnosticsNegativeTest:test_get_server_diagnostics_by_non_admin) Found network None available for tenant
2025-07-18 15:33:00.974 62750 INFO tempest.lib.common.rest_client [req-146bb802-be28-4a69-b925-e86b9d89ddff req-146bb802-be28-4a69-b925-e86b9d89ddff ] Request (ImagesOneServerNegativeTestJSON:setUpClass): 200 GET http://10.180.1.21/compute/v2.1/servers/c60488a7-7d3b-49af-8b4d-9aad718a37a4 0.575s
2025-07-18 15:33:00.986 62756 INFO tempest.lib.common.rest_client [req-c9cb7c0e-c871-4f0a-8a4c-307fd6d4817d req-c9cb7c0e-c871-4f0a-8a4c-307fd6d4817d ] Request (ServerAddressesTestJSON:setUpClass): 200 GET http://10.180.1.21/compute/v2.1/servers/1f9496b6-ff55-473d-8b82-d1e4e3afe0f1 0.639s
2025-07-18 15:33:01.031 62740 INFO tempest.lib.common.rest_client [req-52ae3175-79d9-4ff2-bffd-ee762822db3e req-52ae3175-79d9-4ff2-bffd-ee762822db3e ] Request (AttachInterfacesUnderV243Test:test_add_remove_fixed_ip): 200 GET http://10.180.1.21/compute/v2.1/servers/327a282e-b502-4644-a152-0e77ec399fe7 0.628s
2025-07-18 15:33:01.034 62742 INFO tempest.lib.common.rest_client [req-e53abdde-f142-4f44-b4f2-541d8aa3b91f req-e53abdde-f142-4f44-b4f2-541d8aa3b91f ] Request (ServerActionsTestJSON:setUpClass): 200 GET http://10.180.1.21/compute/v2.1/servers/da5c9742-9dba-4691-9bda-25858915857b 0.570s
2025-07-18 15:33:01.078 62766 INFO tempest.lib.common.rest_client [req-a4258754-6b54-4731-8563-b4041d020c70 req-a4258754-6b54-4731-8563-b4041d020c70 ] Request (FloatingIPsAssociationTestJSON:setUpClass): 200 GET http://10.180.1.21/compute/v2.1/servers/d271fa1d-d7f3-4abf-9b5f-69396c4c128c 0.560s
2025-07-18 15:33:01.109 62770 INFO tempest.lib.common.rest_client [req-fb7a78f7-751f-4eeb-9030-cae6a850fbec req-fb7a78f7-751f-4eeb-9030-cae6a850fbec ] Request (SecurityGroupRulesTestJSON:test_security_group_rules_delete_when_peer_group_deleted): 200 GET http://10.180.1.21/compute/v2.1/os-security-groups/84accf54-de02-4d32-85f1-a906d8a37665 0.478s
2025-07-18 15:33:01.125 62732 INFO tempest.lib.common.rest_client [req-71408538-109c-43b2-ab55-ca80f81d9363 req-71408538-109c-43b2-ab55-ca80f81d9363 ] Request (FlavorsAdminTestJSON:_run_cleanups): 200 GET http://10.180.1.21/compute/v2.1/flavors/detail 0.476s
2025-07-18 15:33:01.197 62720 INFO tempest.lib.common.rest_client [req-487caba3-4160-4f16-9efd-0ed207bc248b req-487caba3-4160-4f16-9efd-0ed207bc248b ] Request (DeleteServersTestJSON:test_delete_active_server): 200 GET http://10.180.1.21/compute/v2.1/servers/6c3f0540-a722-4a13-9982-f40c2d6ce9b1 0.609s
2025-07-18 15:33:01.245 62746 INFO tempest.lib.common.rest_client [req-9837e70f-75a2-44e3-a197-4dfcd11f68e6 req-9837e70f-75a2-44e3-a197-4dfcd11f68e6 ] Request (ServersWithSpecificFlavorTestJSON:test_verify_created_server_ephemeral_disk): 200 GET http://10.180.1.21/compute/v2.1/servers/3d2bc5b9-cef1-4c45-a493-00a89bd2dfcf 0.518s
2025-07-18 15:33:01.281 62762 INFO tempest.lib.common.rest_client [req-6d05bd91-cd0e-4f5f-9b16-6bdba9a07df0 req-6d05bd91-cd0e-4f5f-9b16-6bdba9a07df0 ] Request (ImagesOneServerTestJSON:setUpClass): 200 GET http://10.180.1.21/compute/v2.1/servers/187242f5-934b-4c1d-b8ac-2ce8c347351a 0.610s
2025-07-18 15:33:01.291 62774 INFO tempest.lib.common.rest_client [req-cbf86b3e-af25-46d1-8ee1-961a7c0b8933 req-cbf86b3e-af25-46d1-8ee1-961a7c0b8933 ] Request (KeyPairsV22TestJSON:test_keypairsv22_create_list_show_with_type): 200 GET http://10.180.1.21/compute/v2.1/os-keypairs 0.487s
2025-07-18 15:33:01.293 62744 INFO tempest.lib.common.rest_client [req-c5047323-4da1-44a6-a21f-c7b6e4bc9cb9 req-c5047323-4da1-44a6-a21f-c7b6e4bc9cb9 ] Request (ServersTestFqdnHostnames:test_create_server_with_fqdn_name): 200 GET http://10.180.1.21/compute/v2.1/servers/a9eb98c9-73cd-453f-9d6f-f6fe5e0a6c0f 0.517s
2025-07-18 15:33:01.338 62726 INFO tempest.lib.common.rest_client [req-a89b9108-799b-40a7-8e91-2ce7994a799e req-a89b9108-799b-40a7-8e91-2ce7994a799e ] Request (MigrationsAdminTest:test_list_migrations_in_flavor_resize_situation): 200 GET http://10.180.1.21/compute/v2.1/servers/ab7da5f4-9460-4d70-a0e5-5a690284d0e0 0.512s
2025-07-18 15:33:01.439 62770 INFO tempest.lib.common.rest_client [req-2fa579f5-e05d-4ac5-8274-0365d11c27a6 req-2fa579f5-e05d-4ac5-8274-0365d11c27a6 ] Request (SecurityGroupRulesTestJSON:test_security_group_rules_list): 200 POST http://10.180.1.21/compute/v2.1/os-security-groups 0.326s
2025-07-18 15:33:01.454 62732 INFO tempest.lib.common.rest_client [req-5eae0ae9-97d4-4179-b0e0-f0fd57fd13bd req-5eae0ae9-97d4-4179-b0e0-f0fd57fd13bd ] Request (FlavorsAdminTestJSON:test_list_public_flavor_with_other_user): 200 POST http://10.180.1.21/compute/v2.1/flavors 0.324s
2025-07-18 15:33:01.521 62722 INFO tempest.lib.common.rest_client [req-9bd38be5-5075-4734-b6e9-a4fca9ef9cdb req-9bd38be5-5075-4734-b6e9-a4fca9ef9cdb ] Request (ServersTestBootFromVolume:setUpClass): 200 GET http://10.180.1.21/volume/v3/1634742b934f4e8c8d5110665876eefb/volumes/4a6678aa-f656-4aad-b93a-da8580f79661 0.029s
2025-07-18 15:33:01.548 62768 INFO tempest.lib.common.rest_client [req-6bae9b90-abf0-4156-a4ca-78c8ccd95e12 req-6bae9b90-abf0-4156-a4ca-78c8ccd95e12 ] Request (ImagesNegativeTestJSON:test_create_image_from_deleted_server): 200 GET http://10.180.1.21/compute/v2.1/servers/1323e67f-17c6-4432-8eea-98c285745766 0.340s
2025-07-18 15:33:01.568 62774 INFO tempest.lib.common.rest_client [req-eb757132-c9d5-4dc9-b744-50b173a85064 req-eb757132-c9d5-4dc9-b744-50b173a85064 ] Request (KeyPairsV22TestJSON:_run_cleanups): 204 DELETE http://10.180.1.21/compute/v2.1/os-keypairs/tempest-keypair-1366538041 0.276s
2025-07-18 15:33:01.574 62716 INFO tempest.lib.common.rest_client [req-387d0014-0337-49ad-845e-0d4112a73d6f req-387d0014-0337-49ad-845e-0d4112a73d6f ] Request (ServerDiagnosticsNegativeTest:test_get_server_diagnostics_by_non_admin): 202 POST http://10.180.1.21/compute/v2.1/servers 0.602s
2025-07-18 15:33:01.617 62754 INFO tempest.lib.common.rest_client [req-d82ea52f-d6ef-4650-9c29-9fcde59847b1 req-d82ea52f-d6ef-4650-9c29-9fcde59847b1 ] Request (MultipleCreateTestJSON:test_multiple_create): 200 GET http://10.180.1.21/compute/v2.1/servers/380bc9c3-8bba-4f26-b938-e4e74543261c 0.320s
2025-07-18 15:33:01.672 62774 INFO tempest.lib.common.rest_client [req-bea48bef-db44-4e5e-95c8-2e66ac1748f9 req-bea48bef-db44-4e5e-95c8-2e66ac1748f9 ] Request (KeyPairsV22TestJSON:tearDownClass): 204 DELETE http://10.180.1.21/identity/v3/users/146060a8a45b412ebe7f36b9e4b96198 0.098s
2025-07-18 15:33:01.672 62774 INFO tempest.lib.common.dynamic_creds [-] Deleting project and security group for project: 94047b57e68a405d987cc23f095a2274
2025-07-18 15:33:01.677 62728 INFO tempest.lib.common.rest_client [req-aab36b8e-4de3-4e64-ba58-e5e2645d5aee req-aab36b8e-4de3-4e64-ba58-e5e2645d5aee ] Request (ServersAdminNegativeTestJSON:setUpClass): 200 GET http://10.180.1.21/compute/v2.1/servers/9ea6880c-469b-4c66-927e-442a41e22163 0.332s
2025-07-18 15:33:01.730 62718 INFO tempest.lib.common.rest_client [req-e753f88b-ca66-48ff-be4f-39a2341794d7 req-e753f88b-ca66-48ff-be4f-39a2341794d7 ] Request (ServerExternalEventsTest:test_create_server_external_events): 200 GET http://10.180.1.21/compute/v2.1/servers/e41d1a8c-ad7e-4151-9745-04318b007dfa 0.420s
2025-07-18 15:33:01.741 62774 INFO tempest.lib.common.rest_client [req-8d4caa00-3537-461b-8f67-6e63176c152b req-8d4caa00-3537-461b-8f67-6e63176c152b ] Request (KeyPairsV22TestJSON:tearDownClass): 201 POST http://10.180.1.21/identity/v3/auth/tokens 0.069s
2025-07-18 15:33:01.745 62714 INFO tempest.lib.common.rest_client [req-9d999c61-0051-48c5-a7ba-3479b94094de req-9d999c61-0051-48c5-a7ba-3479b94094de ] Request (ServerDiagnosticsV248Test:test_get_server_diagnostics): 200 GET http://10.180.1.21/compute/v2.1/servers/7c661fb6-abb7-486b-9188-f8d4dd6bb1a0 0.356s
2025-07-18 15:33:01.786 62734 INFO tempest.lib.common.rest_client [req-e581afb2-3428-4bf6-9657-8155a59fa6f5 req-e581afb2-3428-4bf6-9657-8155a59fa6f5 ] Request (VolumesAdminNegativeTest:test_update_attached_volume_with_nonexistent_volume_in_body): 200 GET http://10.180.1.21/compute/v2.1/servers/02f37f91-5ee0-46bb-a5e2-ec8256c1f22c 0.389s
2025-07-18 15:33:01.798 62738 INFO tempest.lib.common.rest_client [req-931a73bd-37ab-4a27-b691-beb2bef32537 req-931a73bd-37ab-4a27-b691-beb2bef32537 ] Request (ServerRescueTestJSON:setUpClass): 200 GET http://10.180.1.21/compute/v2.1/servers/4770186f-8bd4-455c-a21d-f79e2230fa4e 0.362s
2025-07-18 15:33:01.815 62732 INFO tempest.lib.common.rest_client [req-6e25065e-71d5-45e0-bf7d-38736da68238 req-6e25065e-71d5-45e0-bf7d-38736da68238 ] Request (FlavorsAdminTestJSON:test_list_public_flavor_with_other_user): 200 GET http://10.180.1.21/compute/v2.1/flavors/detail 0.358s
2025-07-18 15:33:01.867 62736 INFO tempest.lib.common.rest_client [req-7c2a34fc-6983-49c5-a6d6-3af769554281 req-7c2a34fc-6983-49c5-a6d6-3af769554281 ] Request (ServersAdminTestJSON:setUpClass): 200 GET http://10.180.1.21/compute/v2.1/servers/ebd0c337-82cd-4d0a-9089-b9e2c72c417d 0.382s
2025-07-18 15:33:01.955 62770 INFO tempest.lib.common.rest_client [req-52739b1a-f802-40b7-b518-9a17719ad63e req-52739b1a-f802-40b7-b518-9a17719ad63e ] Request (SecurityGroupRulesTestJSON:test_security_group_rules_list): 200 POST http://10.180.1.21/compute/v2.1/os-security-group-rules 0.513s
2025-07-18 15:33:01.961 62774 INFO tempest.lib.common.rest_client [req-481a4ab5-5cac-4aeb-b40d-6aed1cbf1e3d req-481a4ab5-5cac-4aeb-b40d-6aed1cbf1e3d ] Request (KeyPairsV22TestJSON:tearDownClass): 200 GET http://10.180.1.21:9696/networking/v2.0/security-groups?tenant_id=94047b57e68a405d987cc23f095a2274&name=default 0.219s
2025-07-18 15:33:02.033 62758 INFO tempest.lib.common.rest_client [req-9b924be3-fb9c-40d3-871f-f3b6e8c7f868 req-9b924be3-fb9c-40d3-871f-f3b6e8c7f868 ] Request (ServerDiagnosticsTest:test_get_server_diagnostics): 200 GET http://10.180.1.21/compute/v2.1/servers/a0b1a835-21b9-4d9d-a5d7-35479a8c4b6d 0.490s
2025-07-18 15:33:02.079 62752 INFO tempest.lib.common.rest_client [req-83d3fd62-8d8c-46b5-b225-34df0d99c9d4 req-83d3fd62-8d8c-46b5-b225-34df0d99c9d4 ] Request (AttachInterfacesV270Test:test_create_get_list_interfaces): 200 GET http://10.180.1.21/compute/v2.1/servers/760f3c9b-044d-4593-bc97-535ac09c3f3b 0.576s
2025-07-18 15:33:02.099 62774 INFO tempest.lib.common.rest_client [req-497a4e0c-92bf-4781-9d10-31be5041ce81 req-497a4e0c-92bf-4781-9d10-31be5041ce81 ] Request (KeyPairsV22TestJSON:tearDownClass): 204 DELETE http://10.180.1.21:9696/networking/v2.0/security-groups/8b3c3782-5012-453e-bfd0-fe1fe87a82cb 0.138s
2025-07-18 15:33:02.100 62716 INFO tempest.lib.common.rest_client [req-d30a7e2e-60d9-4b2f-a8d9-5361efcae340 req-d30a7e2e-60d9-4b2f-a8d9-5361efcae340 ] Request (ServerDiagnosticsNegativeTest:test_get_server_diagnostics_by_non_admin): 200 GET http://10.180.1.21/compute/v2.1/servers/7620aead-4244-47ac-be0a-6614d03ec2c6 0.524s
2025-07-18 15:33:02.154 62712 INFO tempest.lib.common.rest_client [req-2ba88c84-ac2d-492c-8933-6b4a6c1b653c req-2ba88c84-ac2d-492c-8933-6b4a6c1b653c ] Request (VolumesAssistedSnapshotsTest:test_volume_assisted_snapshot_create_delete): 200 GET http://10.180.1.21/compute/v2.1/servers/0524dc08-ac1a-4f56-b44a-adbb5a0b5038 0.445s
2025-07-18 15:33:02.183 62774 INFO tempest.lib.common.rest_client [req-81d70b90-4e80-48e3-9b88-3cfd52d8ca14 req-81d70b90-4e80-48e3-9b88-3cfd52d8ca14 ] Request (KeyPairsV22TestJSON:tearDownClass): 204 DELETE http://10.180.1.21/identity/v3/projects/94047b57e68a405d987cc23f095a2274 0.083s
2025-07-18 15:33:02.205 62760 INFO tempest.lib.common.rest_client [req-6a1188f4-58d7-4fb5-a2db-3f643069b57f req-6a1188f4-58d7-4fb5-a2db-3f643069b57f ] Request (TenantUsagesTestJSON:setUpClass): 200 GET http://10.180.1.21/compute/v2.1/servers/adf2f380-84ad-480b-aa9a-16b19c05a3f3 0.545s
2025-07-18 15:33:02.260 62748 INFO tempest.lib.common.rest_client [req-94f3192b-12f3-4275-82be-a94683e8616c req-94f3192b-12f3-4275-82be-a94683e8616c ] Request (SecurityGroupsTestJSON:test_list_security_groups_by_server): 200 GET http://10.180.1.21/compute/v2.1/servers/a918c107-526d-4cb7-a7dd-735a7d6420a4 0.458s
2025-07-18 15:33:02.276 62732 INFO tempest.lib.common.rest_client [req-fbab2fc8-b36c-4ed1-babb-8d0986cbfdae req-fbab2fc8-b36c-4ed1-babb-8d0986cbfdae ] Request (FlavorsAdminTestJSON:_run_cleanups): 202 DELETE http://10.180.1.21/compute/v2.1/flavors/683188404 0.456s
2025-07-18 15:33:02.305 62730 INFO tempest.lib.common.rest_client [req-9328b840-4e38-4d40-818c-aaaa8166ab25 req-9328b840-4e38-4d40-818c-aaaa8166ab25 ] Request (DeleteServersAdminTestJSON:test_admin_delete_servers_of_others): 200 GET http://10.180.1.21/compute/v2.1/servers/ae5723f6-0107-46e8-971d-fca307ce67c8 0.502s
2025-07-18 15:33:02.324 62764 INFO tempest.lib.common.rest_client [req-719a1fab-f848-4efa-8595-3351d36f52a9 req-719a1fab-f848-4efa-8595-3351d36f52a9 ] Request (ImagesTestJSON:test_create_image_from_stopped_server): 200 GET http://10.180.1.21/compute/v2.1/servers/0561164b-f3f9-446f-b597-4b6d16a32a00 0.469s
2025-07-18 15:33:02.360 62724 INFO tempest.lib.common.rest_client [req-86425de9-72fc-4478-8ed1-6e266631d9f6 req-86425de9-72fc-4478-8ed1-6e266631d9f6 ] Request (ServersAdmin275Test:test_rebuild_update_server_275): 200 GET http://10.180.1.21/compute/v2.1/servers/029e3122-7587-4675-b9d9-47cf8ffdbd1d 0.435s
2025-07-18 15:33:02.407 62750 INFO tempest.lib.common.rest_client [req-af44d6c4-bf5a-413f-a05e-ab40e1ae7ce6 req-af44d6c4-bf5a-413f-a05e-ab40e1ae7ce6 ] Request (ImagesOneServerNegativeTestJSON:setUpClass): 200 GET http://10.180.1.21/compute/v2.1/servers/c60488a7-7d3b-49af-8b4d-9aad718a37a4 0.424s
2025-07-18 15:33:02.438 62770 INFO tempest.lib.common.rest_client [req-f46152a5-7cb2-4810-9940-e05e4f97b57a req-f46152a5-7cb2-4810-9940-e05e4f97b57a ] Request (SecurityGroupRulesTestJSON:test_security_group_rules_list): 200 POST http://10.180.1.21/compute/v2.1/os-security-group-rules 0.480s
2025-07-18 15:33:02.489 62740 INFO tempest.lib.common.rest_client [req-034efa00-bd04-49eb-88a4-9634ea8f7235 req-034efa00-bd04-49eb-88a4-9634ea8f7235 ] Request (AttachInterfacesUnderV243Test:test_add_remove_fixed_ip): 200 GET http://10.180.1.21/compute/v2.1/servers/327a282e-b502-4644-a152-0e77ec399fe7 0.450s
2025-07-18 15:33:02.545 62742 INFO tempest.lib.common.rest_client [req-056781cc-fd69-4c90-ad29-12b3721dae40 req-056781cc-fd69-4c90-ad29-12b3721dae40 ] Request (ServerActionsTestJSON:setUpClass): 200 GET http://10.180.1.21/compute/v2.1/servers/da5c9742-9dba-4691-9bda-25858915857b 0.501s
2025-07-18 15:33:02.578 62756 INFO tempest.lib.common.rest_client [req-b731c37b-41a5-43c8-8bd3-e19292a01d64 req-b731c37b-41a5-43c8-8bd3-e19292a01d64 ] Request (ServerAddressesTestJSON:setUpClass): 200 GET http://10.180.1.21/compute/v2.1/servers/1f9496b6-ff55-473d-8b82-d1e4e3afe0f1 0.584s
2025-07-18 15:33:02.609 62766 INFO tempest.lib.common.rest_client [req-ecf1393f-43b1-4da2-8c4e-b28846eea666 req-ecf1393f-43b1-4da2-8c4e-b28846eea666 ] Request (FloatingIPsAssociationTestJSON:setUpClass): 200 GET http://10.180.1.21/compute/v2.1/servers/d271fa1d-d7f3-4abf-9b5f-69396c4c128c 0.524s
2025-07-18 15:33:02.661 62746 INFO tempest.lib.common.rest_client [req-e28dd0f1-7865-4021-b7de-7df2b7755040 req-e28dd0f1-7865-4021-b7de-7df2b7755040 ] Request (ServersWithSpecificFlavorTestJSON:test_verify_created_server_ephemeral_disk): 200 GET http://10.180.1.21/compute/v2.1/servers/3d2bc5b9-cef1-4c45-a493-00a89bd2dfcf 0.408s
2025-07-18 15:33:02.676 62732 INFO tempest.lib.common.rest_client [req-92197b40-a300-4598-b864-eadecd912586 req-92197b40-a300-4598-b864-eadecd912586 ] Request (FlavorsAdminTestJSON:_run_cleanups): 200 GET http://10.180.1.21/compute/v2.1/flavors/detail 0.400s
2025-07-18 15:33:02.689 62722 INFO tempest.lib.common.rest_client [req-3d7992cb-cbbe-4f50-b3cb-1dff1f0d8a7a req-3d7992cb-cbbe-4f50-b3cb-1dff1f0d8a7a ] Request (ServersTestBootFromVolume:setUpClass): 200 GET http://10.180.1.21/volume/v3/1634742b934f4e8c8d5110665876eefb/volumes/4a6678aa-f656-4aad-b93a-da8580f79661 0.159s
2025-07-18 15:33:02.693 62720 INFO tempest.lib.common.rest_client [req-fbd70658-52da-4075-9c11-920663b232c2 req-fbd70658-52da-4075-9c11-920663b232c2 ] Request (DeleteServersTestJSON:test_delete_active_server): 200 GET http://10.180.1.21/compute/v2.1/servers/6c3f0540-a722-4a13-9982-f40c2d6ce9b1 0.489s
2025-07-18 15:33:02.742 62744 INFO tempest.lib.common.rest_client [req-8ea217e4-0a2b-474b-aac2-0b2fa73b92d5 req-8ea217e4-0a2b-474b-aac2-0b2fa73b92d5 ] Request (ServersTestFqdnHostnames:test_create_server_with_fqdn_name): 200 GET http://10.180.1.21/compute/v2.1/servers/a9eb98c9-73cd-453f-9d6f-f6fe5e0a6c0f 0.438s
2025-07-18 15:33:02.773 62762 INFO tempest.lib.common.rest_client [req-8d0bd0ee-53be-4188-b1c0-d44d7516f8f6 req-8d0bd0ee-53be-4188-b1c0-d44d7516f8f6 ] Request (ImagesOneServerTestJSON:setUpClass): 200 GET http://10.180.1.21/compute/v2.1/servers/187242f5-934b-4c1d-b8ac-2ce8c347351a 0.483s
2025-07-18 15:33:02.795 62726 INFO tempest.lib.common.rest_client [req-fa7dad80-b2de-4b47-af8e-987204771b21 req-fa7dad80-b2de-4b47-af8e-987204771b21 ] Request (MigrationsAdminTest:test_list_migrations_in_flavor_resize_situation): 200 GET http://10.180.1.21/compute/v2.1/servers/ab7da5f4-9460-4d70-a0e5-5a690284d0e0 0.449s
2025-07-18 15:33:02.806 62732 INFO tempest.lib.common.rest_client [req-c2266f71-0354-43cd-8e6d-fe92a413fe47 req-c2266f71-0354-43cd-8e6d-fe92a413fe47 ] Request (FlavorsAdminTestJSON:tearDownClass): 204 DELETE http://10.180.1.21/identity/v3/users/6c95e2338be04991abf708a2446ed300 0.123s
2025-07-18 15:33:02.808 62770 INFO tempest.lib.common.rest_client [req-871f187b-750d-4481-b153-e07a455d9605 req-871f187b-750d-4481-b153-e07a455d9605 ] Request (SecurityGroupRulesTestJSON:test_security_group_rules_list): 200 GET http://10.180.1.21/compute/v2.1/os-security-groups/02d015e5-7fe1-442d-938b-d90bc280d102 0.368s
2025-07-18 15:33:02.859 62754 INFO tempest.lib.common.rest_client [req-79cd507c-9afc-48d6-b1a8-d473cede081b req-79cd507c-9afc-48d6-b1a8-d473cede081b ] Request (MultipleCreateTestJSON:test_multiple_create): 200 GET http://10.180.1.21/compute/v2.1/servers/380bc9c3-8bba-4f26-b938-e4e74543261c 0.232s
2025-07-18 15:33:02.892 62768 INFO tempest.lib.common.rest_client [req-998c7179-b001-4b57-a128-582b482230d5 req-998c7179-b001-4b57-a128-582b482230d5 ] Request (ImagesNegativeTestJSON:test_create_image_from_deleted_server): 200 GET http://10.180.1.21/compute/v2.1/servers/1323e67f-17c6-4432-8eea-98c285745766 0.337s
2025-07-18 15:33:02.918 62732 INFO tempest.lib.common.rest_client [req-280e034b-d2b6-4a0e-ac9f-e6a7e3651b96 req-280e034b-d2b6-4a0e-ac9f-e6a7e3651b96 ] Request (FlavorsAdminTestJSON:tearDownClass): 204 DELETE http://10.180.1.21/identity/v3/users/54ca11121bc14225989ea1b635bf8b20 0.112s
2025-07-18 15:33:02.918 62732 INFO tempest.lib.common.dynamic_creds [-] Deleting project and security group for project: b3cea367b79b41b19d074e78dccdc8a3
2025-07-18 15:33:02.926 62728 INFO tempest.lib.common.rest_client [req-8745db4d-9734-4f89-9954-7c7a9218fced req-8745db4d-9734-4f89-9954-7c7a9218fced ] Request (ServersAdminNegativeTestJSON:setUpClass): 200 GET http://10.180.1.21/compute/v2.1/servers/9ea6880c-469b-4c66-927e-442a41e22163 0.241s
2025-07-18 15:33:02.996 62732 INFO tempest.lib.common.rest_client [req-5c171267-666d-4e54-a19c-7ce4657abe37 req-5c171267-666d-4e54-a19c-7ce4657abe37 ] Request (FlavorsAdminTestJSON:tearDownClass): 201 POST http://10.180.1.21/identity/v3/auth/tokens 0.077s
2025-07-18 15:33:03.016 62714 INFO tempest.lib.common.rest_client [req-9cb35cfe-3370-4fb9-8944-67c54e330990 req-9cb35cfe-3370-4fb9-8944-67c54e330990 ] Request (ServerDiagnosticsV248Test:test_get_server_diagnostics): 200 GET http://10.180.1.21/compute/v2.1/servers/7c661fb6-abb7-486b-9188-f8d4dd6bb1a0 0.262s
2025-07-18 15:33:03.050 62718 INFO tempest.lib.common.rest_client [req-e0e5692e-95c3-442e-adca-880eb158299c req-e0e5692e-95c3-442e-adca-880eb158299c ] Request (ServerExternalEventsTest:test_create_server_external_events): 200 GET http://10.180.1.21/compute/v2.1/servers/e41d1a8c-ad7e-4151-9745-04318b007dfa 0.311s
2025-07-18 15:33:03.073 62734 INFO tempest.lib.common.rest_client [req-b0e84b3f-bd72-4470-92bd-17f586df4257 req-b0e84b3f-bd72-4470-92bd-17f586df4257 ] Request (VolumesAdminNegativeTest:test_update_attached_volume_with_nonexistent_volume_in_body): 200 GET http://10.180.1.21/compute/v2.1/servers/02f37f91-5ee0-46bb-a5e2-ec8256c1f22c 0.280s
2025-07-18 15:33:03.106 62738 INFO tempest.lib.common.rest_client [req-fe3405bb-042b-4e6a-9f44-161b3344946b req-fe3405bb-042b-4e6a-9f44-161b3344946b ] Request (ServerRescueTestJSON:setUpClass): 200 GET http://10.180.1.21/compute/v2.1/servers/4770186f-8bd4-455c-a21d-f79e2230fa4e 0.300s
2025-07-18 15:33:03.163 62736 INFO tempest.lib.common.rest_client [req-7adcffd7-b251-4461-ad2a-8dd4a7ec660b req-7adcffd7-b251-4461-ad2a-8dd4a7ec660b ] Request (ServersAdminTestJSON:setUpClass): 200 GET http://10.180.1.21/compute/v2.1/servers/ebd0c337-82cd-4d0a-9089-b9e2c72c417d 0.287s
2025-07-18 15:33:03.202 62770 INFO tempest.lib.common.rest_client [req-3ec82afe-a1f0-409f-9633-ac026f61e26d req-3ec82afe-a1f0-409f-9633-ac026f61e26d ] Request (SecurityGroupRulesTestJSON:_run_cleanups): 202 DELETE http://10.180.1.21/compute/v2.1/os-security-group-rules/8732ad49-0816-43fc-8bf0-fde101c4e916 0.390s
2025-07-18 15:33:03.209 62732 INFO tempest.lib.common.rest_client [req-f6314e90-8b78-49dc-84dc-41003497454b req-f6314e90-8b78-49dc-84dc-41003497454b ] Request (FlavorsAdminTestJSON:tearDownClass): 200 GET http://10.180.1.21:9696/networking/v2.0/security-groups?tenant_id=b3cea367b79b41b19d074e78dccdc8a3&name=default 0.213s
2025-07-18 15:33:03.228 62758 INFO tempest.lib.common.rest_client [req-2a29e3e3-929c-405b-af4f-df6713f4c91f req-2a29e3e3-929c-405b-af4f-df6713f4c91f ] Request (ServerDiagnosticsTest:test_get_server_diagnostics): 200 GET http://10.180.1.21/compute/v2.1/servers/a0b1a835-21b9-4d9d-a5d7-35479a8c4b6d 0.185s
2025-07-18 15:33:03.289 62716 INFO tempest.lib.common.rest_client [req-9c51578c-63df-42bf-b58b-fb2ee0e20d4e req-9c51578c-63df-42bf-b58b-fb2ee0e20d4e ] Request (ServerDiagnosticsNegativeTest:test_get_server_diagnostics_by_non_admin): 200 GET http://10.180.1.21/compute/v2.1/servers/7620aead-4244-47ac-be0a-6614d03ec2c6 0.179s
2025-07-18 15:33:03.334 62732 INFO tempest.lib.common.rest_client [req-dd5a2916-5ad1-4750-b0cf-97b8b6b51783 req-dd5a2916-5ad1-4750-b0cf-97b8b6b51783 ] Request (FlavorsAdminTestJSON:tearDownClass): 204 DELETE http://10.180.1.21:9696/networking/v2.0/security-groups/beabe4ab-df6b-4ee4-be2b-b01da1d1ee0c 0.124s
2025-07-18 15:33:03.343 62712 INFO tempest.lib.common.rest_client [req-663cb324-70fb-4e7e-bc83-3d7e66222a05 req-663cb324-70fb-4e7e-bc83-3d7e66222a05 ] Request (VolumesAssistedSnapshotsTest:test_volume_assisted_snapshot_create_delete): 200 GET http://10.180.1.21/compute/v2.1/servers/0524dc08-ac1a-4f56-b44a-adbb5a0b5038 0.181s
2025-07-18 15:33:03.397 62732 INFO tempest.lib.common.rest_client [req-36c98870-e583-4ff4-a6ff-e3931e79857e req-36c98870-e583-4ff4-a6ff-e3931e79857e ] Request (FlavorsAdminTestJSON:tearDownClass): 204 DELETE http://10.180.1.21/identity/v3/projects/b3cea367b79b41b19d074e78dccdc8a3 0.063s
2025-07-18 15:33:03.397 62732 INFO tempest.lib.common.dynamic_creds [-] Deleting project and security group for project: bf8313e5f3744aae8767b13d0129a345
2025-07-18 15:33:03.402 62752 INFO tempest.lib.common.rest_client [req-aa561c66-9ef8-4a37-a24f-b399ce39e6a6 req-aa561c66-9ef8-4a37-a24f-b399ce39e6a6 ] Request (AttachInterfacesV270Test:test_create_get_list_interfaces): 200 GET http://10.180.1.21/compute/v2.1/servers/760f3c9b-044d-4593-bc97-535ac09c3f3b 0.310s
2025-07-18 15:33:03.444 62770 INFO tempest.lib.common.rest_client [req-8ff50c3a-dc1c-49e1-a7aa-5790b20a40fc req-8ff50c3a-dc1c-49e1-a7aa-5790b20a40fc ] Request (SecurityGroupRulesTestJSON:tearDownClass): 202 DELETE http://10.180.1.21/compute/v2.1/os-security-groups/02d015e5-7fe1-442d-938b-d90bc280d102 0.240s
2025-07-18 15:33:03.524 62732 INFO tempest.lib.common.rest_client [req-a6e4ccd7-1d07-4b0f-97c6-03706bd14d5b req-a6e4ccd7-1d07-4b0f-97c6-03706bd14d5b ] Request (FlavorsAdminTestJSON:tearDownClass): 200 GET http://10.180.1.21:9696/networking/v2.0/security-groups?tenant_id=bf8313e5f3744aae8767b13d0129a345&name=default 0.126s
2025-07-18 15:33:03.535 62760 INFO tempest.lib.common.rest_client [req-98305f72-cf30-4b6b-bfcb-91bcac43a79b req-98305f72-cf30-4b6b-bfcb-91bcac43a79b ] Request (TenantUsagesTestJSON:setUpClass): 200 GET http://10.180.1.21/compute/v2.1/servers/adf2f380-84ad-480b-aa9a-16b19c05a3f3 0.323s
2025-07-18 15:33:03.577 62748 INFO tempest.lib.common.rest_client [req-839a387c-b5d9-49ea-9e7f-f6907201d1fd req-839a387c-b5d9-49ea-9e7f-f6907201d1fd ] Request (SecurityGroupsTestJSON:test_list_security_groups_by_server): 200 GET http://10.180.1.21/compute/v2.1/servers/a918c107-526d-4cb7-a7dd-735a7d6420a4 0.309s
2025-07-18 15:33:03.631 62764 INFO tempest.lib.common.rest_client [req-dc05de9f-5d20-41cf-a09c-51890c9537cb req-dc05de9f-5d20-41cf-a09c-51890c9537cb ] Request (ImagesTestJSON:test_create_image_from_stopped_server): 200 GET http://10.180.1.21/compute/v2.1/servers/0561164b-f3f9-446f-b597-4b6d16a32a00 0.299s
2025-07-18 15:33:03.648 62732 INFO tempest.lib.common.rest_client [req-d395ee58-e68f-4585-b54a-bd39fd4b8220 req-d395ee58-e68f-4585-b54a-bd39fd4b8220 ] Request (FlavorsAdminTestJSON:tearDownClass): 204 DELETE http://10.180.1.21:9696/networking/v2.0/security-groups/4094f114-9485-4bc5-89f4-b6a4ebaf93a9 0.124s
2025-07-18 15:33:03.653 62730 INFO tempest.lib.common.rest_client [req-cfc817cc-9066-4a6d-a0dd-1ec0ff1e5fe4 req-cfc817cc-9066-4a6d-a0dd-1ec0ff1e5fe4 ] Request (DeleteServersAdminTestJSON:test_admin_delete_servers_of_others): 200 GET http://10.180.1.21/compute/v2.1/servers/ae5723f6-0107-46e8-971d-fca307ce67c8 0.338s
2025-07-18 15:33:03.685 62724 INFO tempest.lib.common.rest_client [req-8736a7b8-cfe3-40d7-9bee-45812bee583c req-8736a7b8-cfe3-40d7-9bee-45812bee583c ] Request (ServersAdmin275Test:test_rebuild_update_server_275): 200 GET http://10.180.1.21/compute/v2.1/servers/029e3122-7587-4675-b9d9-47cf8ffdbd1d 0.314s
2025-07-18 15:33:03.702 62750 INFO tempest.lib.common.rest_client [req-b571d969-282b-4287-a4f1-7c0ff8ab7b7e req-b571d969-282b-4287-a4f1-7c0ff8ab7b7e ] Request (ImagesOneServerNegativeTestJSON:setUpClass): 200 GET http://10.180.1.21/compute/v2.1/servers/c60488a7-7d3b-49af-8b4d-9aad718a37a4 0.287s
2025-07-18 15:33:03.706 62770 INFO tempest.lib.common.rest_client [req-5c75a31b-637c-4a2f-ac96-d8f6dae55cc1 req-5c75a31b-637c-4a2f-ac96-d8f6dae55cc1 ] Request (SecurityGroupRulesTestJSON:tearDownClass): 404 DELETE http://10.180.1.21/compute/v2.1/os-security-groups/d2047203-7ada-434f-915f-b78fe147c7b2 0.262s
2025-07-18 15:33:03.726 62722 INFO tempest.lib.common.rest_client [req-760fb6f7-8e45-4c10-89ca-2eee8969cb58 req-760fb6f7-8e45-4c10-89ca-2eee8969cb58 ] Request (ServersTestBootFromVolume:setUpClass): 200 GET http://10.180.1.21/volume/v3/1634742b934f4e8c8d5110665876eefb/volumes/4a6678aa-f656-4aad-b93a-da8580f79661 0.030s
2025-07-18 15:33:03.740 62732 INFO tempest.lib.common.rest_client [req-ec3831e6-3c33-454e-b09e-09883d351641 req-ec3831e6-3c33-454e-b09e-09883d351641 ] Request (FlavorsAdminTestJSON:tearDownClass): 204 DELETE http://10.180.1.21/identity/v3/projects/bf8313e5f3744aae8767b13d0129a345 0.091s
2025-07-18 15:33:03.749 62740 INFO tempest.lib.common.rest_client [req-378856da-fa94-4138-b9b4-a8eee3b412b1 req-378856da-fa94-4138-b9b4-a8eee3b412b1 ] Request (AttachInterfacesUnderV243Test:test_add_remove_fixed_ip): 200 GET http://10.180.1.21/compute/v2.1/servers/327a282e-b502-4644-a152-0e77ec399fe7 0.253s
2025-07-18 15:33:03.752 62742 INFO tempest.lib.common.rest_client [req-f7eefa31-8b3b-44ec-aa45-53933edec418 req-f7eefa31-8b3b-44ec-aa45-53933edec418 ] Request (ServerActionsTestJSON:setUpClass): 200 GET http://10.180.1.21/compute/v2.1/servers/da5c9742-9dba-4691-9bda-25858915857b 0.197s
2025-07-18 15:33:03.797 62766 INFO tempest.lib.common.rest_client [req-10f5133c-2f93-419d-954c-4bd78214a57d req-10f5133c-2f93-419d-954c-4bd78214a57d ] Request (FloatingIPsAssociationTestJSON:setUpClass): 200 GET http://10.180.1.21/compute/v2.1/servers/d271fa1d-d7f3-4abf-9b5f-69396c4c128c 0.180s
2025-07-18 15:33:03.797 62732 INFO tempest.lib.common.rest_client [req-c780b362-3770-419a-be39-66debb3d4ba6 req-c780b362-3770-419a-be39-66debb3d4ba6 ] Request (InstanceActionsV221TestJSON:setUpClass): 201 POST http://10.180.1.21/identity/v3/auth/tokens 0.056s
2025-07-18 15:33:03.825 62732 INFO tempest.lib.common.rest_client [req-791e57f8-f5e1-4ada-b85f-f1abe6713e76 req-791e57f8-f5e1-4ada-b85f-f1abe6713e76 ] Request (InstanceActionsV221TestJSON:setUpClass): 201 POST http://10.180.1.21/identity/v3/auth/tokens 0.025s
2025-07-18 15:33:03.840 62756 INFO tempest.lib.common.rest_client [req-81555ee4-f44b-4f58-a1d7-9bb30a21f1a6 req-81555ee4-f44b-4f58-a1d7-9bb30a21f1a6 ] Request (ServerAddressesTestJSON:setUpClass): 200 GET http://10.180.1.21/compute/v2.1/servers/1f9496b6-ff55-473d-8b82-d1e4e3afe0f1 0.253s
2025-07-18 15:33:03.842 62746 INFO tempest.lib.common.rest_client [req-3b28f5cd-e188-4333-8f33-b67f12a0e37a req-3b28f5cd-e188-4333-8f33-b67f12a0e37a ] Request (ServersWithSpecificFlavorTestJSON:test_verify_created_server_ephemeral_disk): 200 GET http://10.180.1.21/compute/v2.1/servers/3d2bc5b9-cef1-4c45-a493-00a89bd2dfcf 0.174s
2025-07-18 15:33:03.847 62732 INFO tempest.lib.common.rest_client [req-cf556082-f926-435c-a3f8-793750c324e4 req-cf556082-f926-435c-a3f8-793750c324e4 ] Request (InstanceActionsV221TestJSON:setUpClass): 200 GET http://10.180.1.21/identity/v3/domains?name=Default 0.022s
2025-07-18 15:33:03.876 62732 INFO tempest.lib.common.rest_client [req-05d62170-3e42-4e15-a15d-0df92dfc0161 req-05d62170-3e42-4e15-a15d-0df92dfc0161 ] Request (InstanceActionsV221TestJSON:setUpClass): 201 POST http://10.180.1.21/identity/v3/projects 0.028s
2025-07-18 15:33:03.942 62720 INFO tempest.lib.common.rest_client [req-b0ec3685-52b4-42f4-ae79-7777afa7a040 req-b0ec3685-52b4-42f4-ae79-7777afa7a040 ] Request (DeleteServersTestJSON:test_delete_active_server): 200 GET http://10.180.1.21/compute/v2.1/servers/6c3f0540-a722-4a13-9982-f40c2d6ce9b1 0.240s
2025-07-18 15:33:03.943 62770 INFO tempest.lib.common.rest_client [req-27090f21-f5ef-4fd9-9377-31f0cc2f7da7 req-27090f21-f5ef-4fd9-9377-31f0cc2f7da7 ] Request (SecurityGroupRulesTestJSON:tearDownClass): 202 DELETE http://10.180.1.21/compute/v2.1/os-security-groups/84accf54-de02-4d32-85f1-a906d8a37665 0.236s
2025-07-18 15:33:03.944 62732 INFO tempest.lib.common.rest_client [req-aa9664fd-03c2-43bd-acc0-df93127ab614 req-aa9664fd-03c2-43bd-acc0-df93127ab614 ] Request (InstanceActionsV221TestJSON:setUpClass): 201 POST http://10.180.1.21/identity/v3/users 0.068s
2025-07-18 15:33:03.962 62732 INFO tempest.lib.common.rest_client [req-3e3da3ec-bca0-4ee6-8a2d-d3dc73e8854b req-3e3da3ec-bca0-4ee6-8a2d-d3dc73e8854b ] Request (InstanceActionsV221TestJSON:setUpClass): 200 GET http://10.180.1.21/identity/v3/roles 0.018s
2025-07-18 15:33:03.988 62732 INFO tempest.lib.common.rest_client [req-b8779349-7d3a-4ed0-8deb-76b42be989c6 req-b8779349-7d3a-4ed0-8deb-76b42be989c6 ] Request (InstanceActionsV221TestJSON:setUpClass): 204 PUT http://10.180.1.21/identity/v3/projects/ae301ce14be849e1a92a4948191326cc/users/41778d55dddb419687ef4e98a2768d25/roles/cdd45eebd3724ee6aea40016693a59f1 0.025s
2025-07-18 15:33:03.988 62732 INFO tempest.lib.common.dynamic_creds [-] Dynamic test user 41778d55dddb419687ef4e98a2768d25 is created with scope project and roles: ['member']
2025-07-18 15:33:03.988 62732 INFO tempest.lib.common.dynamic_creds [-] Acquired dynamic creds: credentials: Credentials: {'domain_id': 'default', 'domain_name': 'Default', 'username': 'tempest-InstanceActionsV221TestJSON-386317821-project-member', 'project_domain_id': 'default', 'project_domain_name': 'Default', 'project_id': 'ae301ce14be849e1a92a4948191326cc', 'project_name': 'tempest-InstanceActionsV221TestJSON-386317821', 'tenant_id': 'ae301ce14be849e1a92a4948191326cc', 'tenant_name': 'tempest-InstanceActionsV221TestJSON-386317821', 'user_domain_id': 'default', 'user_domain_name': 'Default', 'user_id': '41778d55dddb419687ef4e98a2768d25', 'system': None}, Network: None, Subnet: None, Router: None
2025-07-18 15:33:04.003 62744 INFO tempest.lib.common.rest_client [req-fd14950f-1340-4257-804e-2e3c70854c23 req-fd14950f-1340-4257-804e-2e3c70854c23 ] Request (ServersTestFqdnHostnames:test_create_server_with_fqdn_name): 200 GET http://10.180.1.21/compute/v2.1/servers/a9eb98c9-73cd-453f-9d6f-f6fe5e0a6c0f 0.254s
2025-07-18 15:33:04.054 62732 INFO tempest.lib.common.rest_client [req-8e34cfaa-acd1-4815-afba-c612c4926214 req-8e34cfaa-acd1-4815-afba-c612c4926214 ] Request (InstanceActionsV221TestJSON:setUpClass): 201 POST http://10.180.1.21/identity/v3/auth/tokens 0.065s
2025-07-18 15:33:04.064 62726 INFO tempest.lib.common.rest_client [req-d9f04a23-3787-4c5a-85d9-163020114552 req-d9f04a23-3787-4c5a-85d9-163020114552 ] Request (MigrationsAdminTest:test_list_migrations_in_flavor_resize_situation): 200 GET http://10.180.1.21/compute/v2.1/servers/ab7da5f4-9460-4d70-a0e5-5a690284d0e0 0.258s
2025-07-18 15:33:04.065 62762 INFO tempest.lib.common.rest_client [req-fad5d33a-0f55-4757-906e-11c2f2686c22 req-fad5d33a-0f55-4757-906e-11c2f2686c22 ] Request (ImagesOneServerTestJSON:setUpClass): 200 GET http://10.180.1.21/compute/v2.1/servers/187242f5-934b-4c1d-b8ac-2ce8c347351a 0.283s
2025-07-18 15:33:04.110 62754 INFO tempest.lib.common.rest_client [req-766ca5e5-2ba2-44ca-80dd-cb4e9bedee1c req-766ca5e5-2ba2-44ca-80dd-cb4e9bedee1c ] Request (MultipleCreateTestJSON:test_multiple_create): 200 GET http://10.180.1.21/compute/v2.1/servers/380bc9c3-8bba-4f26-b938-e4e74543261c 0.242s
2025-07-18 15:33:04.157 62728 INFO tempest.lib.common.rest_client [req-b3de4a56-b96b-496a-a01a-7055034eb315 req-b3de4a56-b96b-496a-a01a-7055034eb315 ] Request (ServersAdminNegativeTestJSON:setUpClass): 200 GET http://10.180.1.21/compute/v2.1/servers/9ea6880c-469b-4c66-927e-442a41e22163 0.222s
2025-07-18 15:33:04.267 62770 INFO tempest.lib.common.rest_client [req-e5dbc26e-9568-47d1-b073-fbeed3bd6840 req-e5dbc26e-9568-47d1-b073-fbeed3bd6840 ] Request (SecurityGroupRulesTestJSON:tearDownClass): 202 DELETE http://10.180.1.21/compute/v2.1/os-security-groups/c2f3e00e-c5c2-4a02-89c2-9e87e4c68519 0.323s
2025-07-18 15:33:04.274 62768 INFO tempest.lib.common.rest_client [req-17a6df3e-6ba1-4af4-a597-c4566a44084f req-17a6df3e-6ba1-4af4-a597-c4566a44084f ] Request (ImagesNegativeTestJSON:test_create_image_from_deleted_server): 200 GET http://10.180.1.21/compute/v2.1/servers/1323e67f-17c6-4432-8eea-98c285745766 0.371s
2025-07-18 15:33:04.324 62714 INFO tempest.lib.common.rest_client [req-a05b3d66-2a21-4eca-870f-584b3d1dc74d req-a05b3d66-2a21-4eca-870f-584b3d1dc74d ] Request (ServerDiagnosticsV248Test:test_get_server_diagnostics): 200 GET http://10.180.1.21/compute/v2.1/servers/7c661fb6-abb7-486b-9188-f8d4dd6bb1a0 0.298s
2025-07-18 15:33:04.370 62732 INFO tempest.lib.common.rest_client [req-f629ee84-e402-4260-a872-2a0773b40e3b req-f629ee84-e402-4260-a872-2a0773b40e3b ] Request (InstanceActionsV221TestJSON:setUpClass): 201 POST http://10.180.1.21:9696/networking/v2.0/networks 0.315s
2025-07-18 15:33:04.380 62734 INFO tempest.lib.common.rest_client [req-0207a425-8ebd-4588-98af-adf422e1292a req-0207a425-8ebd-4588-98af-adf422e1292a ] Request (VolumesAdminNegativeTest:test_update_attached_volume_with_nonexistent_volume_in_body): 200 GET http://10.180.1.21/compute/v2.1/servers/02f37f91-5ee0-46bb-a5e2-ec8256c1f22c 0.298s
2025-07-18 15:33:04.436 62738 INFO tempest.lib.common.rest_client [req-5eb64f29-90b1-42fe-b4ee-c06f1b5b20dc req-5eb64f29-90b1-42fe-b4ee-c06f1b5b20dc ] Request (ServerRescueTestJSON:setUpClass): 200 GET http://10.180.1.21/compute/v2.1/servers/4770186f-8bd4-455c-a21d-f79e2230fa4e 0.322s
2025-07-18 15:33:04.470 62718 INFO tempest.lib.common.rest_client [req-27dad9bf-3924-44a2-bd1a-ba411694cf62 req-27dad9bf-3924-44a2-bd1a-ba411694cf62 ] Request (ServerExternalEventsTest:test_create_server_external_events): 200 GET http://10.180.1.21/compute/v2.1/servers/e41d1a8c-ad7e-4151-9745-04318b007dfa 0.412s
2025-07-18 15:33:04.495 62736 INFO tempest.lib.common.rest_client [req-96707d4d-ee49-4c60-a8a1-f0c43427a56c req-96707d4d-ee49-4c60-a8a1-f0c43427a56c ] Request (ServersAdminTestJSON:setUpClass): 200 GET http://10.180.1.21/compute/v2.1/servers/ebd0c337-82cd-4d0a-9089-b9e2c72c417d 0.324s
2025-07-18 15:33:04.521 62758 INFO tempest.lib.common.rest_client [req-2d687936-551e-4715-98ef-a9b835fe26b3 req-2d687936-551e-4715-98ef-a9b835fe26b3 ] Request (ServerDiagnosticsTest:test_get_server_diagnostics): 200 GET http://10.180.1.21/compute/v2.1/servers/a0b1a835-21b9-4d9d-a5d7-35479a8c4b6d 0.285s
2025-07-18 15:33:04.571 62716 INFO tempest.lib.common.rest_client [req-2dadf7ec-c30b-48ff-886d-1c19afad4732 req-2dadf7ec-c30b-48ff-886d-1c19afad4732 ] Request (ServerDiagnosticsNegativeTest:test_get_server_diagnostics_by_non_admin): 200 GET http://10.180.1.21/compute/v2.1/servers/7620aead-4244-47ac-be0a-6614d03ec2c6 0.269s
