2025-07-22 11:11:45.006 60822 INFO tempest.lib.common.rest_client [req-0c7f9094-ba96-4214-b760-377d6b9794f1 req-0c7f9094-ba96-4214-b760-377d6b9794f1 ] Request (ServerMetadataNegativeTestJSON:setUpClass): 200 GET http://10.180.1.21/compute/v2.1/servers/deffd52b-d708-4c46-a168-18e80b05b133 0.149s
2025-07-22 11:11:45.032 60782 INFO tempest.lib.common.rest_client [req-ff9f2e9c-4c33-4042-8214-26c6e73371de req-ff9f2e9c-4c33-4042-8214-26c6e73371de ] Request (VolumesAdminNegativeTest:test_update_attached_volume_with_nonexistent_volume_in_body): 200 GET http://10.180.1.21/compute/v2.1/servers/afb2cdc1-74ec-4d08-85cb-e96b4071f661 0.208s
2025-07-22 11:11:45.201 60786 INFO tempest.lib.common.rest_client [req-949d8b60-424e-4122-8c2d-06bb63f47180 req-949d8b60-424e-4122-8c2d-06bb63f47180 ] Request (SecurityGroupsTestJSON:test_list_security_groups_by_server): 200 GET http://10.180.1.21/compute/v2.1/servers/be11788c-634f-40c0-8c8c-d6253d0e68ad 0.190s
2025-07-22 11:11:45.227 60794 INFO tempest.lib.common.rest_client [req-a2698699-a331-47ba-a4c5-a37987fdc091 req-a2698699-a331-47ba-a4c5-a37987fdc091 ] Request (ServersV294TestFqdnHostnames:setUpClass): 200 GET http://10.180.1.21/compute/v2.1/servers/83ecd8bb-ba2b-4151-986b-26f50b54e8e2 0.201s
2025-07-22 11:11:45.296 60836 INFO tempest.lib.common.rest_client [req-0719b135-1bb4-4cd2-b903-bbe1a1596146 req-0719b135-1bb4-4cd2-b903-bbe1a1596146 ] Request (InstanceActionsV221TestJSON:test_get_list_deleted_instance_actions): 200 GET http://10.180.1.21/compute/v2.1/servers/2751bdfb-2f28-48e0-98c2-f232ed6da6df 0.156s
2025-07-22 11:11:45.370 60802 INFO tempest.lib.common.rest_client [req-65016ec4-d70d-4cdb-a0e9-20cec8c0222c req-65016ec4-d70d-4cdb-a0e9-20cec8c0222c ] Request (MultipleCreateTestJSON:test_multiple_create): 200 GET http://10.180.1.21/compute/v2.1/servers/81c71aa0-9c68-407a-9bef-708c2cb70b12 0.057s
2025-07-22 11:11:45.373 60838 INFO tempest.lib.common.rest_client [req-b2d2341e-97a1-4454-b244-bbca226dabf7 req-b2d2341e-97a1-4454-b244-bbca226dabf7 ] Request (DeleteServersAdminTestJSON:test_admin_delete_servers_of_others): 200 GET http://10.180.1.21/compute/v2.1/servers/3a7076f4-fc00-4f82-804b-4dac0de9ab3d 0.108s
2025-07-22 11:11:45.426 60818 INFO tempest.lib.common.rest_client [req-21136a1f-d2d0-4805-8ba5-670641c5141c req-21136a1f-d2d0-4805-8ba5-670641c5141c ] Request (ListImageFiltersTestJSON:setUpClass): 200 GET http://10.180.1.21/compute/v2.1/servers/306f3cb9-3028-4ff2-8090-2c9c1c72efc1 0.057s
2025-07-22 11:11:45.481 60808 INFO tempest.lib.common.rest_client [req-d488f771-b9e8-4cef-bc9c-12709382c977 req-d488f771-b9e8-4cef-bc9c-12709382c977 ] Request (DeleteServersTestJSON:test_delete_active_server): 200 GET http://10.180.1.21/compute/v2.1/servers/46737200-2da8-41ee-b33e-3bb6cc3e4618 0.093s
2025-07-22 11:11:45.495 60816 INFO tempest.lib.common.rest_client [req-b254bd71-3fdc-440d-ab4d-b1e96f01c8f7 req-b254bd71-3fdc-440d-ab4d-b1e96f01c8f7 ] Request (TenantUsagesTestJSON:setUpClass): 200 GET http://10.180.1.21/compute/v2.1/servers/386edc81-5f27-4e44-af7a-f5e47ded1327 0.155s
2025-07-22 11:11:45.541 60801 INFO tempest.lib.common.rest_client [req-7d671714-501b-45a7-b4dc-2e244c2c7e21 req-7d671714-501b-45a7-b4dc-2e244c2c7e21 ] Request (ServerGroupTestJSON:test_create_server_with_scheduler_hint_group): 200 GET http://10.180.1.21/compute/v2.1/servers/67cbaf5c-e743-4e07-8f74-c51e4f57914d 0.122s
2025-07-22 11:11:45.596 60778 INFO tempest.lib.common.rest_client [req-5374dd39-1008-4b02-8906-b2b177437d89 req-5374dd39-1008-4b02-8906-b2b177437d89 ] Request (ImagesNegativeTestJSON:test_create_image_from_deleted_server): 200 GET http://10.180.1.21/compute/v2.1/servers/6774e2f5-99d0-4dc9-9ac0-188b35bd68a2 0.122s
2025-07-22 11:11:45.649 60790 INFO tempest.lib.common.rest_client [req-c9f89565-75f7-4fb1-bac3-b0aea94d0dac req-c9f89565-75f7-4fb1-bac3-b0aea94d0dac ] Request (ServerActionsV293TestJSON:setUpClass): 200 GET http://10.180.1.21/compute/v2.1/servers/c1b6b578-1bed-4e6c-8e7a-34c2e469cd80 0.149s
2025-07-22 11:11:45.714 60776 INFO tempest.lib.common.rest_client [req-888092b9-e58f-497f-98fd-4fe1d8748821 req-888092b9-e58f-497f-98fd-4fe1d8748821 ] Request (ServersTestBootFromVolume:setUpClass): 201 POST http://10.180.1.21:9696/networking/v2.0/routers 0.926s
2025-07-22 11:11:45.751 60833 INFO tempest.lib.common.rest_client [req-101e52fc-de5f-4e64-a7cc-1c28ae996f65 req-101e52fc-de5f-4e64-a7cc-1c28ae996f65 ] Request (ServerTagsTestJSON:setUpClass): 200 GET http://10.180.1.21/compute/v2.1/servers/bf1694f2-6ad0-4e15-b05d-c73c24e0e955 0.301s
2025-07-22 11:11:45.794 60834 INFO tempest.lib.common.rest_client [req-65210aaa-e43c-42cf-83c7-722fcb4a00a0 req-65210aaa-e43c-42cf-83c7-722fcb4a00a0 ] Request (ServersAdmin275Test:test_rebuild_update_server_275): 200 GET http://10.180.1.21/compute/v2.1/servers/b2a1b0c6-91cd-437d-b5bf-ca618b008c23 0.064s
2025-07-22 11:11:45.797 60830 INFO tempest.lib.common.rest_client [req-47a1708b-dca5-43a7-905a-7aeab8146cfb req-47a1708b-dca5-43a7-905a-7aeab8146cfb ] Request (ServersNegativeTestMultiTenantJSON:setUpClass): 200 GET http://10.180.1.21/compute/v2.1/servers/a878722d-7e36-4f15-8c5f-bd473375dd9b 0.058s
2025-07-22 11:11:45.847 60780 INFO tempest.lib.common.rest_client [req-3cd242b9-46a1-47f4-91c9-c13fe8b50099 req-3cd242b9-46a1-47f4-91c9-c13fe8b50099 ] Request (ServersTestJSON:test_create_server_specify_multibyte_character_name): 200 GET http://10.180.1.21/compute/v2.1/servers/fd3e6440-74fc-4425-9b7e-571245ddc379 0.052s
2025-07-22 11:11:46.069 60821 INFO tempest.lib.common.rest_client [req-5f6fa86c-e808-4810-bab2-71eaf684c4b0 req-5f6fa86c-e808-4810-bab2-71eaf684c4b0 ] Request (ImagesTestJSON:test_create_image_from_stopped_server): 200 GET http://10.180.1.21/compute/v2.1/servers/9a14b9d0-876b-45c6-825e-103caac6bef9 0.189s
2025-07-22 11:11:46.075 60824 INFO tempest.lib.common.rest_client [req-ee1851b0-cfd8-4d19-9077-58e764746b34 req-ee1851b0-cfd8-4d19-9077-58e764746b34 ] Request (ServersTestMultiNic:test_verify_duplicate_network_nics): 200 GET http://10.180.1.21/compute/v2.1/servers/b14d8d3f-9253-4e5f-a5b8-09a2f43888a6 0.174s
2025-07-22 11:11:46.117 60792 INFO tempest.lib.common.rest_client [req-bdbf73db-b533-4a3f-bd14-25a43200fef9 req-bdbf73db-b533-4a3f-bd14-25a43200fef9 ] Request (ServerActionsTestOtherB:setUpClass): 200 GET http://10.180.1.21/compute/v2.1/servers/ecc4262d-6133-4541-aec8-fbee05180701 0.187s
2025-07-22 11:11:46.133 60798 INFO tempest.lib.common.rest_client [req-2ca1c531-dfac-411d-8624-3fe7a7dadce4 req-2ca1c531-dfac-411d-8624-3fe7a7dadce4 ] Request (ServerRescueNegativeTestJSON:setUpClass): 200 GET http://10.180.1.21/compute/v2.1/servers/3a0515f1-e61a-48d4-980d-49c7189dca2d 0.180s
2025-07-22 11:11:46.177 60822 INFO tempest.lib.common.rest_client [req-bfe6b06a-bdca-42ce-9771-a71ff774fbc6 req-bfe6b06a-bdca-42ce-9771-a71ff774fbc6 ] Request (ServerMetadataNegativeTestJSON:setUpClass): 200 GET http://10.180.1.21/compute/v2.1/servers/deffd52b-d708-4c46-a168-18e80b05b133 0.164s
2025-07-22 11:11:46.235 60782 INFO tempest.lib.common.rest_client [req-392a2d4d-80f9-4418-bc2e-320285106d7b req-392a2d4d-80f9-4418-bc2e-320285106d7b ] Request (VolumesAdminNegativeTest:test_update_attached_volume_with_nonexistent_volume_in_body): 200 GET http://10.180.1.21/compute/v2.1/servers/afb2cdc1-74ec-4d08-85cb-e96b4071f661 0.195s
2025-07-22 11:11:46.357 60786 INFO tempest.lib.common.rest_client [req-319fe2c4-c88b-48b5-b894-52032027f491 req-319fe2c4-c88b-48b5-b894-52032027f491 ] Request (SecurityGroupsTestJSON:test_list_security_groups_by_server): 200 GET http://10.180.1.21/compute/v2.1/servers/be11788c-634f-40c0-8c8c-d6253d0e68ad 0.150s
2025-07-22 11:11:46.366 60794 INFO tempest.lib.common.rest_client [req-caf9119d-6222-4e5c-b82d-f12b05359e37 req-caf9119d-6222-4e5c-b82d-f12b05359e37 ] Request (ServersV294TestFqdnHostnames:setUpClass): 200 GET http://10.180.1.21/compute/v2.1/servers/83ecd8bb-ba2b-4151-986b-26f50b54e8e2 0.131s
2025-07-22 11:11:46.444 60802 INFO tempest.lib.common.rest_client [req-3112f0c3-2d04-45f9-a5e3-70223b0b1910 req-3112f0c3-2d04-45f9-a5e3-70223b0b1910 ] Request (MultipleCreateTestJSON:test_multiple_create): 200 GET http://10.180.1.21/compute/v2.1/servers/81c71aa0-9c68-407a-9bef-708c2cb70b12 0.064s
2025-07-22 11:11:46.465 60836 INFO tempest.lib.common.rest_client [req-96907e98-f87c-4b1f-82f3-c413d5dc2963 req-96907e98-f87c-4b1f-82f3-c413d5dc2963 ] Request (InstanceActionsV221TestJSON:test_get_list_deleted_instance_actions): 200 GET http://10.180.1.21/compute/v2.1/servers/2751bdfb-2f28-48e0-98c2-f232ed6da6df 0.161s
2025-07-22 11:11:46.527 60818 INFO tempest.lib.common.rest_client [req-a6857979-35ec-4483-b207-7e44c4278834 req-a6857979-35ec-4483-b207-7e44c4278834 ] Request (ListImageFiltersTestJSON:setUpClass): 200 GET http://10.180.1.21/compute/v2.1/servers/306f3cb9-3028-4ff2-8090-2c9c1c72efc1 0.090s
2025-07-22 11:11:46.553 60838 INFO tempest.lib.common.rest_client [req-3c60506c-32f7-4a01-9765-f2afaa18de03 req-3c60506c-32f7-4a01-9765-f2afaa18de03 ] Request (DeleteServersAdminTestJSON:test_admin_delete_servers_of_others): 200 GET http://10.180.1.21/compute/v2.1/servers/3a7076f4-fc00-4f82-804b-4dac0de9ab3d 0.170s
2025-07-22 11:11:46.580 60808 INFO tempest.lib.common.rest_client [req-898d7ffc-c9e2-4bb5-8132-325afee3944f req-898d7ffc-c9e2-4bb5-8132-325afee3944f ] Request (DeleteServersTestJSON:test_delete_active_server): 200 GET http://10.180.1.21/compute/v2.1/servers/46737200-2da8-41ee-b33e-3bb6cc3e4618 0.092s
2025-07-22 11:11:46.591 60776 INFO tempest.lib.common.rest_client [req-7aecf0db-6495-4707-a2b4-ff86728fdf1e req-7aecf0db-6495-4707-a2b4-ff86728fdf1e ] Request (ServersTestBootFromVolume:setUpClass): 200 PUT http://10.180.1.21:9696/networking/v2.0/routers/b53a4c1c-d691-4631-ab76-1f56568bc6a1/add_router_interface 0.877s
2025-07-22 11:11:46.591 60776 INFO tempest.lib.common.dynamic_creds [-] Created isolated network resources for: credentials: Credentials: {'domain_id': 'default', 'domain_name': 'Default', 'username': 'tempest-ServersTestBootFromVolume-1288516819-project-member', 'project_domain_id': 'default', 'project_domain_name': 'Default', 'project_id': 'a9dfb3d737dc4a8a9750677b383ab56f', 'project_name': 'tempest-ServersTestBootFromVolume-1288516819', 'tenant_id': 'a9dfb3d737dc4a8a9750677b383ab56f', 'tenant_name': 'tempest-ServersTestBootFromVolume-1288516819', 'user_domain_id': 'default', 'user_domain_name': 'Default', 'user_id': '6f8e479c13284f7c9449239df035240d', 'system': None}, Network: {'id': '950cab8a-533b-499e-bde4-91518c05aeb1', 'name': 'tempest-ServersTestBootFromVolume-1580555504-network', 'tenant_id': 'a9dfb3d737dc4a8a9750677b383ab56f', 'admin_state_up': True, 'mtu': 8950, 'status': 'ACTIVE', 'subnets': [], 'shared': False, 'project_id': 'a9dfb3d737dc4a8a9750677b383ab56f', 'port_security_enabled': True, 'router:external': False, 'provider:network_type': 'vlan', 'provider:physical_network': 'default', 'provider:segmentation_id': 176, 'is_default': False, 'availability_zone_hints': [], 'availability_zones': [], 'ipv4_address_scope': None, 'ipv6_address_scope': None, 'description': '', 'tags': [], 'created_at': '2025-07-22T11:11:44Z', 'updated_at': '2025-07-22T11:11:44Z', 'revision_number': 1}, Subnet: {'id': 'cdd2095d-75a9-4c23-8060-71109f7bf5eb', 'name': 'tempest-ServersTestBootFromVolume-1580555504-subnet', 'tenant_id': 'a9dfb3d737dc4a8a9750677b383ab56f', 'network_id': '950cab8a-533b-499e-bde4-91518c05aeb1', 'ip_version': 4, 'subnetpool_id': None, 'enable_dhcp': True, 'ipv6_ra_mode': None, 'ipv6_address_mode': None, 'gateway_ip': '192.168.128.1', 'cidr': '192.168.128.0/28', 'allocation_pools': [{'start': '192.168.128.2', 'end': '192.168.128.14'}], 'host_routes': [], 'dns_nameservers': [], 'description': '', 'service_types': [], 'tags': [], 'created_at': '2025-07-22T11:11:44Z', 'updated_at': '2025-07-22T11:11:44Z', 'revision_number': 0, 'project_id': 'a9dfb3d737dc4a8a9750677b383ab56f'}, Router: {'id': 'b53a4c1c-d691-4631-ab76-1f56568bc6a1', 'name': 'tempest-ServersTestBootFromVolume-1580555504-router', 'tenant_id': 'a9dfb3d737dc4a8a9750677b383ab56f', 'admin_state_up': True, 'status': 'ACTIVE', 'external_gateway_info': {'network_id': '1ac7946f-950a-4c74-bbb0-3356701b6296', 'external_fixed_ips': [{'subnet_id': '0cdafa28-84dc-40ad-ab53-4c5845dfa8bd', 'ip_address': '10.180.180.162'}], 'enable_snat': True}, 'description': '', 'availability_zones': [], 'distributed': False, 'ha': False, 'availability_zone_hints': [], 'routes': [], 'flavor_id': None, 'tags': [], 'created_at': '2025-07-22T11:11:44Z', 'updated_at': '2025-07-22T11:11:45Z', 'revision_number': 2, 'project_id': 'a9dfb3d737dc4a8a9750677b383ab56f'}
2025-07-22 11:11:46.632 60801 INFO tempest.lib.common.rest_client [req-1e88d1ad-8b6c-4866-bb32-be16a1835598 req-1e88d1ad-8b6c-4866-bb32-be16a1835598 ] Request (ServerGroupTestJSON:test_create_server_with_scheduler_hint_group): 200 GET http://10.180.1.21/compute/v2.1/servers/67cbaf5c-e743-4e07-8f74-c51e4f57914d 0.084s
2025-07-22 11:11:46.673 60776 INFO tempest.lib.common.rest_client [req-2b78e4c3-5937-4bab-93eb-b34c4ae1a8d7 req-2b78e4c3-5937-4bab-93eb-b34c4ae1a8d7 ] Request (ServersTestBootFromVolume:setUpClass): 201 POST http://10.180.1.21/identity/v3/auth/tokens 0.077s
2025-07-22 11:11:46.678 60816 INFO tempest.lib.common.rest_client [req-9f128585-5222-4fcf-a8e6-53657d68440e req-9f128585-5222-4fcf-a8e6-53657d68440e ] Request (TenantUsagesTestJSON:setUpClass): 200 GET http://10.180.1.21/compute/v2.1/servers/386edc81-5f27-4e44-af7a-f5e47ded1327 0.175s
2025-07-22 11:11:46.685 60778 INFO tempest.lib.common.rest_client [req-878bed10-0136-419b-aadb-344c1f9185e7 req-878bed10-0136-419b-aadb-344c1f9185e7 ] Request (ImagesNegativeTestJSON:test_create_image_from_deleted_server): 200 GET http://10.180.1.21/compute/v2.1/servers/6774e2f5-99d0-4dc9-9ac0-188b35bd68a2 0.083s
2025-07-22 11:11:46.743 60790 INFO tempest.lib.common.rest_client [req-23dc7754-ded2-4486-8108-7ead7a559871 req-23dc7754-ded2-4486-8108-7ead7a559871 ] Request (ServerActionsV293TestJSON:setUpClass): 200 GET http://10.180.1.21/compute/v2.1/servers/c1b6b578-1bed-4e6c-8e7a-34c2e469cd80 0.086s
2025-07-22 11:11:46.800 60776 INFO tempest.lib.common.rest_client [req-62e89087-8e59-4424-bc66-edeb86385f24 req-62e89087-8e59-4424-bc66-edeb86385f24 ] Request (ServersTestBootFromVolume:setUpClass): 200 POST http://10.180.1.21/compute/v2.1/os-keypairs 0.124s
2025-07-22 11:11:46.815 60833 INFO tempest.lib.common.rest_client [req-bc6318c7-793f-41fc-a8ca-aacb378abeb6 req-bc6318c7-793f-41fc-a8ca-aacb378abeb6 ] Request (ServerTagsTestJSON:setUpClass): 200 GET http://10.180.1.21/compute/v2.1/servers/bf1694f2-6ad0-4e15-b05d-c73c24e0e955 0.053s
2025-07-22 11:11:46.873 60834 INFO tempest.lib.common.rest_client [req-ed41d9c2-270a-4361-9c57-2c3459f93f27 req-ed41d9c2-270a-4361-9c57-2c3459f93f27 ] Request (ServersAdmin275Test:test_rebuild_update_server_275): 200 GET http://10.180.1.21/compute/v2.1/servers/b2a1b0c6-91cd-437d-b5bf-ca618b008c23 0.071s
2025-07-22 11:11:46.874 60830 INFO tempest.lib.common.rest_client [req-189ad0d3-71ed-40e3-8ce2-2e78b628a050 req-189ad0d3-71ed-40e3-8ce2-2e78b628a050 ] Request (ServersNegativeTestMultiTenantJSON:setUpClass): 200 GET http://10.180.1.21/compute/v2.1/servers/a878722d-7e36-4f15-8c5f-bd473375dd9b 0.070s
2025-07-22 11:11:46.900 60776 INFO tempest.lib.common.rest_client [req-3556c56e-947d-4a09-80f7-e4810d1a57ac req-3556c56e-947d-4a09-80f7-e4810d1a57ac ] Request (ServersTestBootFromVolume:setUpClass): 201 POST http://10.180.1.21:9696/networking/v2.0/security-groups 0.098s
2025-07-22 11:11:46.940 60780 INFO tempest.lib.common.rest_client [req-d62f7eb0-66bd-45ae-84c4-f78fde514f38 req-d62f7eb0-66bd-45ae-84c4-f78fde514f38 ] Request (ServersTestJSON:test_create_server_specify_multibyte_character_name): 200 GET http://10.180.1.21/compute/v2.1/servers/fd3e6440-74fc-4425-9b7e-571245ddc379 0.087s
2025-07-22 11:11:46.975 60776 INFO tempest.lib.common.rest_client [req-dddd2705-e96f-4995-9f42-535c0d488723 req-dddd2705-e96f-4995-9f42-535c0d488723 ] Request (ServersTestBootFromVolume:setUpClass): 201 POST http://10.180.1.21:9696/networking/v2.0/security-group-rules 0.075s
2025-07-22 11:11:47.047 60776 INFO tempest.lib.common.rest_client [req-9d509ddc-9578-419e-83e6-33d5d64a690e req-9d509ddc-9578-419e-83e6-33d5d64a690e ] Request (ServersTestBootFromVolume:setUpClass): 201 POST http://10.180.1.21:9696/networking/v2.0/security-group-rules 0.071s
2025-07-22 11:11:47.220 60821 INFO tempest.lib.common.rest_client [req-4774dbcf-7493-46da-9d80-3ee9a356bb31 req-4774dbcf-7493-46da-9d80-3ee9a356bb31 ] Request (ImagesTestJSON:test_create_image_from_stopped_server): 200 GET http://10.180.1.21/compute/v2.1/servers/9a14b9d0-876b-45c6-825e-103caac6bef9 0.140s
2025-07-22 11:11:47.224 60824 INFO tempest.lib.common.rest_client [req-ea4b78c5-c366-4423-a032-174e6643a099 req-ea4b78c5-c366-4423-a032-174e6643a099 ] Request (ServersTestMultiNic:test_verify_duplicate_network_nics): 200 GET http://10.180.1.21/compute/v2.1/servers/b14d8d3f-9253-4e5f-a5b8-09a2f43888a6 0.140s
2025-07-22 11:11:47.283 60792 INFO tempest.lib.common.rest_client [req-b3caddb7-f75c-45f4-bbe4-623f9288d299 req-b3caddb7-f75c-45f4-bbe4-623f9288d299 ] Request (ServerActionsTestOtherB:setUpClass): 200 GET http://10.180.1.21/compute/v2.1/servers/ecc4262d-6133-4541-aec8-fbee05180701 0.159s
2025-07-22 11:11:47.285 60798 INFO tempest.lib.common.rest_client [req-1d5f69ff-bd34-4399-9bba-a171fd88ef89 req-1d5f69ff-bd34-4399-9bba-a171fd88ef89 ] Request (ServerRescueNegativeTestJSON:setUpClass): 200 GET http://10.180.1.21/compute/v2.1/servers/3a0515f1-e61a-48d4-980d-49c7189dca2d 0.141s
2025-07-22 11:11:47.342 60822 INFO tempest.lib.common.rest_client [req-d455aeb9-6204-48d3-9b35-1d785e6554e1 req-d455aeb9-6204-48d3-9b35-1d785e6554e1 ] Request (ServerMetadataNegativeTestJSON:setUpClass): 200 GET http://10.180.1.21/compute/v2.1/servers/deffd52b-d708-4c46-a168-18e80b05b133 0.158s
2025-07-22 11:11:47.391 60782 INFO tempest.lib.common.rest_client [req-df436c77-a70d-4979-9fa1-7206c0f20101 req-df436c77-a70d-4979-9fa1-7206c0f20101 ] Request (VolumesAdminNegativeTest:test_update_attached_volume_with_nonexistent_volume_in_body): 200 GET http://10.180.1.21/compute/v2.1/servers/afb2cdc1-74ec-4d08-85cb-e96b4071f661 0.146s
2025-07-22 11:11:47.462 60776 INFO tempest.lib.common.rest_client [req-45c8944e-5524-4bdb-84d0-3c8d3789c208 req-45c8944e-5524-4bdb-84d0-3c8d3789c208 ] Request (ServersTestBootFromVolume:setUpClass): 201 POST http://10.180.1.21:9696/networking/v2.0/floatingips 0.414s
2025-07-22 11:11:47.493 60786 INFO tempest.lib.common.rest_client [req-58a6696e-9100-434f-9a62-2444874a4dbc req-58a6696e-9100-434f-9a62-2444874a4dbc ] Request (SecurityGroupsTestJSON:test_list_security_groups_by_server): 200 GET http://10.180.1.21/compute/v2.1/servers/be11788c-634f-40c0-8c8c-d6253d0e68ad 0.129s
2025-07-22 11:11:47.504 60776 INFO tempest.lib.common.rest_client [req-c9d3393c-cb11-438e-a956-8e59564561ab req-c9d3393c-cb11-438e-a956-8e59564561ab ] Request (ServersTestBootFromVolume:setUpClass): 201 POST http://10.180.1.21/identity/v3/auth/tokens 0.039s
2025-07-22 11:11:47.505 60776 INFO tempest.lib.common.fixed_network [-] (ServersTestBootFromVolume:setUpClass) Found network {'id': '950cab8a-533b-499e-bde4-91518c05aeb1', 'name': 'tempest-ServersTestBootFromVolume-1580555504-network', 'tenant_id': 'a9dfb3d737dc4a8a9750677b383ab56f', 'admin_state_up': True, 'mtu': 8950, 'status': 'ACTIVE', 'subnets': [], 'shared': False, 'project_id': 'a9dfb3d737dc4a8a9750677b383ab56f', 'port_security_enabled': True, 'router:external': False, 'provider:network_type': 'vlan', 'provider:physical_network': 'default', 'provider:segmentation_id': 176, 'is_default': False, 'availability_zone_hints': [], 'availability_zones': [], 'ipv4_address_scope': None, 'ipv6_address_scope': None, 'description': '', 'tags': [], 'created_at': '2025-07-22T11:11:44Z', 'updated_at': '2025-07-22T11:11:44Z', 'revision_number': 1} available for tenant
2025-07-22 11:11:47.512 60794 INFO tempest.lib.common.rest_client [req-c895b99b-28b0-4018-ad53-546e56ab5bcf req-c895b99b-28b0-4018-ad53-546e56ab5bcf ] Request (ServersV294TestFqdnHostnames:setUpClass): 200 GET http://10.180.1.21/compute/v2.1/servers/83ecd8bb-ba2b-4151-986b-26f50b54e8e2 0.133s
2025-07-22 11:11:47.545 60802 INFO tempest.lib.common.rest_client [req-ff356ecf-621e-4a18-95f4-e41587a8a776 req-ff356ecf-621e-4a18-95f4-e41587a8a776 ] Request (MultipleCreateTestJSON:test_multiple_create): 200 GET http://10.180.1.21/compute/v2.1/servers/81c71aa0-9c68-407a-9bef-708c2cb70b12 0.089s
2025-07-22 11:11:47.601 60818 INFO tempest.lib.common.rest_client [req-5fed0147-b6d0-4a2b-a078-f98db7c8277e req-5fed0147-b6d0-4a2b-a078-f98db7c8277e ] Request (ListImageFiltersTestJSON:setUpClass): 200 GET http://10.180.1.21/compute/v2.1/servers/306f3cb9-3028-4ff2-8090-2c9c1c72efc1 0.063s
2025-07-22 11:11:47.634 60836 INFO tempest.lib.common.rest_client [req-6239f331-48d3-472b-869f-7901dedf0520 req-6239f331-48d3-472b-869f-7901dedf0520 ] Request (InstanceActionsV221TestJSON:test_get_list_deleted_instance_actions): 200 GET http://10.180.1.21/compute/v2.1/servers/2751bdfb-2f28-48e0-98c2-f232ed6da6df 0.161s
2025-07-22 11:11:47.690 60808 INFO tempest.lib.common.rest_client [req-c1ab9bff-ec93-4ffb-8f8b-47349ca94b39 req-c1ab9bff-ec93-4ffb-8f8b-47349ca94b39 ] Request (DeleteServersTestJSON:test_delete_active_server): 200 GET http://10.180.1.21/compute/v2.1/servers/46737200-2da8-41ee-b33e-3bb6cc3e4618 0.099s
2025-07-22 11:11:47.727 60776 INFO tempest.lib.common.rest_client [req-7403b233-8a07-4460-b757-0380e234ca0b req-7403b233-8a07-4460-b757-0380e234ca0b ] Request (ServersTestBootFromVolume:setUpClass): 202 POST http://10.180.1.21/volume/v3/a9dfb3d737dc4a8a9750677b383ab56f/volumes 0.221s
2025-07-22 11:11:47.740 60801 INFO tempest.lib.common.rest_client [req-e203c81c-7f8a-424c-827a-a326361fd0b2 req-e203c81c-7f8a-424c-827a-a326361fd0b2 ] Request (ServerGroupTestJSON:test_create_server_with_scheduler_hint_group): 200 GET http://10.180.1.21/compute/v2.1/servers/67cbaf5c-e743-4e07-8f74-c51e4f57914d 0.102s
2025-07-22 11:11:47.754 60776 INFO tempest.lib.common.rest_client [req-eab425fd-b2e5-41f1-8518-8663561f4b10 req-eab425fd-b2e5-41f1-8518-8663561f4b10 ] Request (ServersTestBootFromVolume:setUpClass): 200 GET http://10.180.1.21/volume/v3/a9dfb3d737dc4a8a9750677b383ab56f/volumes/a176bf39-2e73-40b7-9177-0aeb6053ad0e 0.022s
2025-07-22 11:11:47.755 60838 INFO tempest.lib.common.rest_client [req-212367fb-aefc-4648-a961-bb8edf56b4cc req-212367fb-aefc-4648-a961-bb8edf56b4cc ] Request (DeleteServersAdminTestJSON:test_admin_delete_servers_of_others): 200 GET http://10.180.1.21/compute/v2.1/servers/3a7076f4-fc00-4f82-804b-4dac0de9ab3d 0.195s
2025-07-22 11:11:47.812 60778 INFO tempest.lib.common.rest_client [req-da8e9501-8b58-4002-b33d-4c17f7f49ea6 req-da8e9501-8b58-4002-b33d-4c17f7f49ea6 ] Request (ImagesNegativeTestJSON:test_create_image_from_deleted_server): 200 GET http://10.180.1.21/compute/v2.1/servers/6774e2f5-99d0-4dc9-9ac0-188b35bd68a2 0.120s
2025-07-22 11:11:47.862 60816 INFO tempest.lib.common.rest_client [req-b091f5ab-de2c-4cab-8edf-88840d74ab0a req-b091f5ab-de2c-4cab-8edf-88840d74ab0a ] Request (TenantUsagesTestJSON:setUpClass): 200 GET http://10.180.1.21/compute/v2.1/servers/386edc81-5f27-4e44-af7a-f5e47ded1327 0.178s
2025-07-22 11:11:47.873 60790 INFO tempest.lib.common.rest_client [req-6b3e99ef-85be-4cea-b81d-43538aaf0b50 req-6b3e99ef-85be-4cea-b81d-43538aaf0b50 ] Request (ServerActionsV293TestJSON:setUpClass): 200 GET http://10.180.1.21/compute/v2.1/servers/c1b6b578-1bed-4e6c-8e7a-34c2e469cd80 0.114s
2025-07-22 11:11:47.920 60833 INFO tempest.lib.common.rest_client [req-ae588f06-bf12-4597-a471-a9b4f117fa0c req-ae588f06-bf12-4597-a471-a9b4f117fa0c ] Request (ServerTagsTestJSON:setUpClass): 200 GET http://10.180.1.21/compute/v2.1/servers/bf1694f2-6ad0-4e15-b05d-c73c24e0e955 0.097s
2025-07-22 11:11:47.931 60830 INFO tempest.lib.common.rest_client [req-24888a5c-d861-441a-9105-c6c199a0b601 req-24888a5c-d861-441a-9105-c6c199a0b601 ] Request (ServersNegativeTestMultiTenantJSON:setUpClass): 200 GET http://10.180.1.21/compute/v2.1/servers/a878722d-7e36-4f15-8c5f-bd473375dd9b 0.049s
2025-07-22 11:11:47.975 60834 INFO tempest.lib.common.rest_client [req-739f19a7-dff1-4738-909c-fe6cdf0147dd req-739f19a7-dff1-4738-909c-fe6cdf0147dd ] Request (ServersAdmin275Test:test_rebuild_update_server_275): 200 GET http://10.180.1.21/compute/v2.1/servers/b2a1b0c6-91cd-437d-b5bf-ca618b008c23 0.088s
2025-07-22 11:11:48.002 60780 INFO tempest.lib.common.rest_client [req-ffa2901b-1d79-4ad4-a90b-75b06751780a req-ffa2901b-1d79-4ad4-a90b-75b06751780a ] Request (ServersTestJSON:test_create_server_specify_multibyte_character_name): 200 GET http://10.180.1.21/compute/v2.1/servers/fd3e6440-74fc-4425-9b7e-571245ddc379 0.056s
2025-07-22 11:11:48.389 60821 INFO tempest.lib.common.rest_client [req-8f83f7d5-5de8-4ff5-a1ff-653f18bdf577 req-8f83f7d5-5de8-4ff5-a1ff-653f18bdf577 ] Request (ImagesTestJSON:test_create_image_from_stopped_server): 200 GET http://10.180.1.21/compute/v2.1/servers/9a14b9d0-876b-45c6-825e-103caac6bef9 0.162s
2025-07-22 11:11:48.403 60824 INFO tempest.lib.common.rest_client [req-918472f8-3c2a-44e2-96f8-bd8e5bf1b6d0 req-918472f8-3c2a-44e2-96f8-bd8e5bf1b6d0 ] Request (ServersTestMultiNic:test_verify_duplicate_network_nics): 200 GET http://10.180.1.21/compute/v2.1/servers/b14d8d3f-9253-4e5f-a5b8-09a2f43888a6 0.173s
2025-07-22 11:11:48.457 60798 INFO tempest.lib.common.rest_client [req-c0276af8-4713-41d7-9e94-541bc9dd7e6e req-c0276af8-4713-41d7-9e94-541bc9dd7e6e ] Request (ServerRescueNegativeTestJSON:setUpClass): 200 GET http://10.180.1.21/compute/v2.1/servers/3a0515f1-e61a-48d4-980d-49c7189dca2d 0.166s
2025-07-22 11:11:48.468 60792 INFO tempest.lib.common.rest_client [req-72183468-07dc-4c45-8604-2eca38d65f5d req-72183468-07dc-4c45-8604-2eca38d65f5d ] Request (ServerActionsTestOtherB:setUpClass): 200 GET http://10.180.1.21/compute/v2.1/servers/ecc4262d-6133-4541-aec8-fbee05180701 0.177s
2025-07-22 11:11:48.506 60822 INFO tempest.lib.common.rest_client [req-55acb69f-0bde-4c38-ba84-8bf088cc9cbc req-55acb69f-0bde-4c38-ba84-8bf088cc9cbc ] Request (ServerMetadataNegativeTestJSON:setUpClass): 200 GET http://10.180.1.21/compute/v2.1/servers/deffd52b-d708-4c46-a168-18e80b05b133 0.158s
2025-07-22 11:11:48.586 60782 INFO tempest.lib.common.rest_client [req-19fa3d22-deee-4c95-9ac6-adfcb081a849 req-19fa3d22-deee-4c95-9ac6-adfcb081a849 ] Request (VolumesAdminNegativeTest:test_update_attached_volume_with_nonexistent_volume_in_body): 200 GET http://10.180.1.21/compute/v2.1/servers/afb2cdc1-74ec-4d08-85cb-e96b4071f661 0.189s
2025-07-22 11:11:48.670 60786 INFO tempest.lib.common.rest_client [req-3ef7704f-06e1-4422-9af1-3f6d7bb9c1f6 req-3ef7704f-06e1-4422-9af1-3f6d7bb9c1f6 ] Request (SecurityGroupsTestJSON:test_list_security_groups_by_server): 200 GET http://10.180.1.21/compute/v2.1/servers/be11788c-634f-40c0-8c8c-d6253d0e68ad 0.168s
2025-07-22 11:11:48.716 60794 INFO tempest.lib.common.rest_client [req-7303f5fd-98e4-4fa5-a46a-fb4b194462a1 req-7303f5fd-98e4-4fa5-a46a-fb4b194462a1 ] Request (ServersV294TestFqdnHostnames:setUpClass): 200 GET http://10.180.1.21/compute/v2.1/servers/83ecd8bb-ba2b-4151-986b-26f50b54e8e2 0.197s
2025-07-22 11:11:48.721 60802 INFO tempest.lib.common.rest_client [req-1774dedf-0b35-4c16-b4b1-535ea8b44c19 req-1774dedf-0b35-4c16-b4b1-535ea8b44c19 ] Request (MultipleCreateTestJSON:test_multiple_create): 200 GET http://10.180.1.21/compute/v2.1/servers/81c71aa0-9c68-407a-9bef-708c2cb70b12 0.169s
2025-07-22 11:11:48.777 60818 INFO tempest.lib.common.rest_client [req-a8e9e2d5-32e6-4b6b-b7d2-dcf06672edbe req-a8e9e2d5-32e6-4b6b-b7d2-dcf06672edbe ] Request (ListImageFiltersTestJSON:setUpClass): 200 GET http://10.180.1.21/compute/v2.1/servers/306f3cb9-3028-4ff2-8090-2c9c1c72efc1 0.170s
2025-07-22 11:11:48.794 60776 INFO tempest.lib.common.rest_client [req-3e96717a-1282-4408-9b14-764015c01414 req-3e96717a-1282-4408-9b14-764015c01414 ] Request (ServersTestBootFromVolume:setUpClass): 200 GET http://10.180.1.21/volume/v3/a9dfb3d737dc4a8a9750677b383ab56f/volumes/a176bf39-2e73-40b7-9177-0aeb6053ad0e 0.033s
2025-07-22 11:11:48.843 60808 INFO tempest.lib.common.rest_client [req-2a59a907-f7b5-433a-af17-b21ce3e1022a req-2a59a907-f7b5-433a-af17-b21ce3e1022a ] Request (DeleteServersTestJSON:test_delete_active_server): 200 GET http://10.180.1.21/compute/v2.1/servers/46737200-2da8-41ee-b33e-3bb6cc3e4618 0.147s
2025-07-22 11:11:48.893 60801 INFO tempest.lib.common.rest_client [req-9b9513f3-6e9d-4543-890d-9394cb4f863d req-9b9513f3-6e9d-4543-890d-9394cb4f863d ] Request (ServerGroupTestJSON:test_create_server_with_scheduler_hint_group): 200 GET http://10.180.1.21/compute/v2.1/servers/67cbaf5c-e743-4e07-8f74-c51e4f57914d 0.147s
2025-07-22 11:11:48.906 60836 INFO tempest.lib.common.rest_client [req-14aedcf2-5ead-4ab3-b2fb-455be49e793a req-14aedcf2-5ead-4ab3-b2fb-455be49e793a ] Request (InstanceActionsV221TestJSON:test_get_list_deleted_instance_actions): 200 GET http://10.180.1.21/compute/v2.1/servers/2751bdfb-2f28-48e0-98c2-f232ed6da6df 0.263s
2025-07-22 11:11:48.959 60778 INFO tempest.lib.common.rest_client [req-56abb0fd-ee73-4a01-b224-8d269cc82039 req-56abb0fd-ee73-4a01-b224-8d269cc82039 ] Request (ImagesNegativeTestJSON:test_create_image_from_deleted_server): 200 GET http://10.180.1.21/compute/v2.1/servers/6774e2f5-99d0-4dc9-9ac0-188b35bd68a2 0.141s
2025-07-22 11:11:49.019 60838 INFO tempest.lib.common.rest_client [req-cb7b4863-7548-477b-90ef-9a0008a75e61 req-cb7b4863-7548-477b-90ef-9a0008a75e61 ] Request (DeleteServersAdminTestJSON:test_admin_delete_servers_of_others): 200 GET http://10.180.1.21/compute/v2.1/servers/3a7076f4-fc00-4f82-804b-4dac0de9ab3d 0.255s
2025-07-22 11:11:49.072 60816 INFO tempest.lib.common.rest_client [req-7030bb13-7125-491e-ad83-170cec3fd345 req-7030bb13-7125-491e-ad83-170cec3fd345 ] Request (TenantUsagesTestJSON:setUpClass): 200 GET http://10.180.1.21/compute/v2.1/servers/386edc81-5f27-4e44-af7a-f5e47ded1327 0.202s
2025-07-22 11:11:49.074 60790 INFO tempest.lib.common.rest_client [req-40968e5f-a2d7-46ba-a902-f9d45820af6a req-40968e5f-a2d7-46ba-a902-f9d45820af6a ] Request (ServerActionsV293TestJSON:setUpClass): 200 GET http://10.180.1.21/compute/v2.1/servers/c1b6b578-1bed-4e6c-8e7a-34c2e469cd80 0.192s
2025-07-22 11:11:49.126 60830 INFO tempest.lib.common.rest_client [req-1a0ff06e-10f6-4cfb-85e7-7b17fa33183b req-1a0ff06e-10f6-4cfb-85e7-7b17fa33183b ] Request (ServersNegativeTestMultiTenantJSON:setUpClass): 200 GET http://10.180.1.21/compute/v2.1/servers/a878722d-7e36-4f15-8c5f-bd473375dd9b 0.189s
2025-07-22 11:11:49.135 60833 INFO tempest.lib.common.rest_client [req-77f06a12-d037-4a1a-b945-8d763591c344 req-77f06a12-d037-4a1a-b945-8d763591c344 ] Request (ServerTagsTestJSON:setUpClass): 200 GET http://10.180.1.21/compute/v2.1/servers/bf1694f2-6ad0-4e15-b05d-c73c24e0e955 0.206s
2025-07-22 11:11:49.189 60834 INFO tempest.lib.common.rest_client [req-13689fd2-9ca9-4cba-a509-ff3e80be22db req-13689fd2-9ca9-4cba-a509-ff3e80be22db ] Request (ServersAdmin275Test:test_rebuild_update_server_275): 200 GET http://10.180.1.21/compute/v2.1/servers/b2a1b0c6-91cd-437d-b5bf-ca618b008c23 0.206s
2025-07-22 11:11:49.191 60780 INFO tempest.lib.common.rest_client [req-ee9a3d62-3ddd-4044-b54d-065807888627 req-ee9a3d62-3ddd-4044-b54d-065807888627 ] Request (ServersTestJSON:test_create_server_specify_multibyte_character_name): 200 GET http://10.180.1.21/compute/v2.1/servers/fd3e6440-74fc-4425-9b7e-571245ddc379 0.182s
2025-07-22 11:11:49.603 60824 INFO tempest.lib.common.rest_client [req-f60418de-f4a9-4795-b8eb-7d804a591257 req-f60418de-f4a9-4795-b8eb-7d804a591257 ] Request (ServersTestMultiNic:test_verify_duplicate_network_nics): 200 GET http://10.180.1.21/compute/v2.1/servers/b14d8d3f-9253-4e5f-a5b8-09a2f43888a6 0.193s
2025-07-22 11:11:49.626 60821 INFO tempest.lib.common.rest_client [req-7795ad45-229b-4e00-b6d8-f7a8d092eb8a req-7795ad45-229b-4e00-b6d8-f7a8d092eb8a ] Request (ImagesTestJSON:test_create_image_from_stopped_server): 200 GET http://10.180.1.21/compute/v2.1/servers/9a14b9d0-876b-45c6-825e-103caac6bef9 0.229s
2025-07-22 11:11:49.649 60798 INFO tempest.lib.common.rest_client [req-4bd724df-2214-467c-8d40-020ecc96e263 req-4bd724df-2214-467c-8d40-020ecc96e263 ] Request (ServerRescueNegativeTestJSON:setUpClass): 200 GET http://10.180.1.21/compute/v2.1/servers/3a0515f1-e61a-48d4-980d-49c7189dca2d 0.185s
2025-07-22 11:11:49.676 60792 INFO tempest.lib.common.rest_client [req-c08cc4bc-e19e-4ac8-a06c-898c0f33d6d6 req-c08cc4bc-e19e-4ac8-a06c-898c0f33d6d6 ] Request (ServerActionsTestOtherB:setUpClass): 200 GET http://10.180.1.21/compute/v2.1/servers/ecc4262d-6133-4541-aec8-fbee05180701 0.199s
2025-07-22 11:11:49.694 60822 INFO tempest.lib.common.rest_client [req-4abef162-c0de-48c6-af89-ed648da41c1f req-4abef162-c0de-48c6-af89-ed648da41c1f ] Request (ServerMetadataNegativeTestJSON:setUpClass): 200 GET http://10.180.1.21/compute/v2.1/servers/deffd52b-d708-4c46-a168-18e80b05b133 0.181s
2025-07-22 11:11:49.819 60786 INFO tempest.lib.common.rest_client [req-69f3ba2c-17cd-4fe4-b925-e109c2956d78 req-69f3ba2c-17cd-4fe4-b925-e109c2956d78 ] Request (SecurityGroupsTestJSON:test_list_security_groups_by_server): 200 GET http://10.180.1.21/compute/v2.1/servers/be11788c-634f-40c0-8c8c-d6253d0e68ad 0.142s
2025-07-22 11:11:49.825 60776 INFO tempest.lib.common.rest_client [req-13b0c858-019b-4a6d-8dd9-035e055eff05 req-13b0c858-019b-4a6d-8dd9-035e055eff05 ] Request (ServersTestBootFromVolume:setUpClass): 200 GET http://10.180.1.21/volume/v3/a9dfb3d737dc4a8a9750677b383ab56f/volumes/a176bf39-2e73-40b7-9177-0aeb6053ad0e 0.025s
2025-07-22 11:11:49.849 60782 INFO tempest.lib.common.rest_client [req-2376de05-7116-4f42-af39-e2e7b2e62a9c req-2376de05-7116-4f42-af39-e2e7b2e62a9c ] Request (VolumesAdminNegativeTest:test_update_attached_volume_with_nonexistent_volume_in_body): 200 GET http://10.180.1.21/compute/v2.1/servers/afb2cdc1-74ec-4d08-85cb-e96b4071f661 0.256s
2025-07-22 11:11:49.910 60802 INFO tempest.lib.common.rest_client [req-e9cfe776-63c1-435b-bea3-b1615fe7e598 req-e9cfe776-63c1-435b-bea3-b1615fe7e598 ] Request (MultipleCreateTestJSON:test_multiple_create): 200 GET http://10.180.1.21/compute/v2.1/servers/81c71aa0-9c68-407a-9bef-708c2cb70b12 0.182s
2025-07-22 11:11:49.926 60794 INFO tempest.lib.common.rest_client [req-adc67a55-2a7f-4ccd-8d31-5e3926d6c60d req-adc67a55-2a7f-4ccd-8d31-5e3926d6c60d ] Request (ServersV294TestFqdnHostnames:setUpClass): 200 GET http://10.180.1.21/compute/v2.1/servers/83ecd8bb-ba2b-4151-986b-26f50b54e8e2 0.201s
2025-07-22 11:11:49.955 60818 INFO tempest.lib.common.rest_client [req-a5962755-8148-4191-a782-44d3b4fbc42f req-a5962755-8148-4191-a782-44d3b4fbc42f ] Request (ListImageFiltersTestJSON:setUpClass): 200 GET http://10.180.1.21/compute/v2.1/servers/306f3cb9-3028-4ff2-8090-2c9c1c72efc1 0.170s
2025-07-22 11:11:49.969 60808 INFO tempest.lib.common.rest_client [req-c919e032-e54f-40db-899b-6cb48ff2282a req-c919e032-e54f-40db-899b-6cb48ff2282a ] Request (DeleteServersTestJSON:test_delete_active_server): 200 GET http://10.180.1.21/compute/v2.1/servers/46737200-2da8-41ee-b33e-3bb6cc3e4618 0.114s
2025-07-22 11:11:50.010 60801 INFO tempest.lib.common.rest_client [req-062e02e6-bbe2-4a7a-a337-462664399d97 req-062e02e6-bbe2-4a7a-a337-462664399d97 ] Request (ServerGroupTestJSON:test_create_server_with_scheduler_hint_group): 200 GET http://10.180.1.21/compute/v2.1/servers/67cbaf5c-e743-4e07-8f74-c51e4f57914d 0.109s
2025-07-22 11:11:50.057 60778 INFO tempest.lib.common.rest_client [req-d14681ab-935c-4388-b98d-7f8d19324a1a req-d14681ab-935c-4388-b98d-7f8d19324a1a ] Request (ImagesNegativeTestJSON:test_create_image_from_deleted_server): 200 GET http://10.180.1.21/compute/v2.1/servers/6774e2f5-99d0-4dc9-9ac0-188b35bd68a2 0.091s
2025-07-22 11:11:50.073 60836 INFO tempest.lib.common.rest_client [req-ec820432-3000-4d4a-8fb1-091929333b1e req-ec820432-3000-4d4a-8fb1-091929333b1e ] Request (InstanceActionsV221TestJSON:test_get_list_deleted_instance_actions): 200 GET http://10.180.1.21/compute/v2.1/servers/2751bdfb-2f28-48e0-98c2-f232ed6da6df 0.161s
2025-07-22 11:11:50.182 60838 INFO tempest.lib.common.rest_client [req-42a56f3e-7e11-4454-b3a3-6a2f45e8c1bc req-42a56f3e-7e11-4454-b3a3-6a2f45e8c1bc ] Request (DeleteServersAdminTestJSON:test_admin_delete_servers_of_others): 200 GET http://10.180.1.21/compute/v2.1/servers/3a7076f4-fc00-4f82-804b-4dac0de9ab3d 0.156s
2025-07-22 11:11:50.201 60816 INFO tempest.lib.common.rest_client [req-f4d5dc53-6bad-4517-a046-031d8b74f196 req-f4d5dc53-6bad-4517-a046-031d8b74f196 ] Request (TenantUsagesTestJSON:setUpClass): 200 GET http://10.180.1.21/compute/v2.1/servers/386edc81-5f27-4e44-af7a-f5e47ded1327 0.121s
2025-07-22 11:11:50.232 60790 INFO tempest.lib.common.rest_client [req-4046afc8-475c-4650-8f15-76bcc5313623 req-4046afc8-475c-4650-8f15-76bcc5313623 ] Request (ServerActionsV293TestJSON:setUpClass): 200 GET http://10.180.1.21/compute/v2.1/servers/c1b6b578-1bed-4e6c-8e7a-34c2e469cd80 0.149s
2025-07-22 11:11:50.247 60830 INFO tempest.lib.common.rest_client [req-1aac5dbb-9fd3-4da6-8687-30dfa95494c1 req-1aac5dbb-9fd3-4da6-8687-30dfa95494c1 ] Request (ServersNegativeTestMultiTenantJSON:setUpClass): 200 GET http://10.180.1.21/compute/v2.1/servers/a878722d-7e36-4f15-8c5f-bd473375dd9b 0.114s
2025-07-22 11:11:50.305 60780 INFO tempest.lib.common.rest_client [req-3ec3cf67-e970-4f4f-9312-9feb0000cde0 req-3ec3cf67-e970-4f4f-9312-9feb0000cde0 ] Request (ServersTestJSON:test_create_server_specify_multibyte_character_name): 200 GET http://10.180.1.21/compute/v2.1/servers/fd3e6440-74fc-4425-9b7e-571245ddc379 0.108s
2025-07-22 11:11:50.308 60833 INFO tempest.lib.common.rest_client [req-76303d02-9b00-4e61-a786-e9cf9f929f87 req-76303d02-9b00-4e61-a786-e9cf9f929f87 ] Request (ServerTagsTestJSON:setUpClass): 200 GET http://10.180.1.21/compute/v2.1/servers/bf1694f2-6ad0-4e15-b05d-c73c24e0e955 0.167s
2025-07-22 11:11:50.371 60834 INFO tempest.lib.common.rest_client [req-1bc2175e-c1c3-4ae4-9e52-847341992383 req-1bc2175e-c1c3-4ae4-9e52-847341992383 ] Request (ServersAdmin275Test:test_rebuild_update_server_275): 200 GET http://10.180.1.21/compute/v2.1/servers/b2a1b0c6-91cd-437d-b5bf-ca618b008c23 0.173s
2025-07-22 11:11:50.859 60776 INFO tempest.lib.common.rest_client [req-588b0b98-41c9-432c-b97b-f4353c124fc1 req-588b0b98-41c9-432c-b97b-f4353c124fc1 ] Request (ServersTestBootFromVolume:setUpClass): 200 GET http://10.180.1.21/volume/v3/a9dfb3d737dc4a8a9750677b383ab56f/volumes/a176bf39-2e73-40b7-9177-0aeb6053ad0e 0.028s
2025-07-22 11:11:50.981 60824 INFO tempest.lib.common.rest_client [req-4e704672-7276-4bc7-a9fa-dcd92b409952 req-4e704672-7276-4bc7-a9fa-dcd92b409952 ] Request (ServersTestMultiNic:test_verify_duplicate_network_nics): 200 GET http://10.180.1.21/compute/v2.1/servers/b14d8d3f-9253-4e5f-a5b8-09a2f43888a6 0.372s
2025-07-22 11:11:50.992 60821 INFO tempest.lib.common.rest_client [req-3157d612-bbcf-4027-922b-060933fe8668 req-3157d612-bbcf-4027-922b-060933fe8668 ] Request (ImagesTestJSON:test_create_image_from_stopped_server): 200 GET http://10.180.1.21/compute/v2.1/servers/9a14b9d0-876b-45c6-825e-103caac6bef9 0.360s
2025-07-22 11:11:51.034 60798 INFO tempest.lib.common.rest_client [req-a81397cf-7a3e-46d5-a818-24eef1dd09a0 req-a81397cf-7a3e-46d5-a818-24eef1dd09a0 ] Request (ServerRescueNegativeTestJSON:setUpClass): 200 GET http://10.180.1.21/compute/v2.1/servers/3a0515f1-e61a-48d4-980d-49c7189dca2d 0.379s
2025-07-22 11:11:51.046 60792 INFO tempest.lib.common.rest_client [req-e7049573-34b6-42a7-8d84-a58f4e36561b req-e7049573-34b6-42a7-8d84-a58f4e36561b ] Request (ServerActionsTestOtherB:setUpClass): 200 GET http://10.180.1.21/compute/v2.1/servers/ecc4262d-6133-4541-aec8-fbee05180701 0.364s
2025-07-22 11:11:51.088 60822 INFO tempest.lib.common.rest_client [req-477f6b1e-3c9e-4fd0-851d-02b86084d87c req-477f6b1e-3c9e-4fd0-851d-02b86084d87c ] Request (ServerMetadataNegativeTestJSON:setUpClass): 200 GET http://10.180.1.21/compute/v2.1/servers/deffd52b-d708-4c46-a168-18e80b05b133 0.388s
2025-07-22 11:11:51.208 60782 INFO tempest.lib.common.rest_client [req-17546f60-7587-47e7-8791-cb4196b0a9e0 req-17546f60-7587-47e7-8791-cb4196b0a9e0 ] Request (VolumesAdminNegativeTest:test_update_attached_volume_with_nonexistent_volume_in_body): 200 GET http://10.180.1.21/compute/v2.1/servers/afb2cdc1-74ec-4d08-85cb-e96b4071f661 0.347s
2025-07-22 11:11:51.224 60786 INFO tempest.lib.common.rest_client [req-1d661907-0670-41e2-96aa-8cc717593f84 req-1d661907-0670-41e2-96aa-8cc717593f84 ] Request (SecurityGroupsTestJSON:test_list_security_groups_by_server): 200 GET http://10.180.1.21/compute/v2.1/servers/be11788c-634f-40c0-8c8c-d6253d0e68ad 0.399s
2025-07-22 11:11:51.262 60802 INFO tempest.lib.common.rest_client [req-159debea-3ee5-4d6e-82d4-8e56c8cba0d0 req-159debea-3ee5-4d6e-82d4-8e56c8cba0d0 ] Request (MultipleCreateTestJSON:test_multiple_create): 200 GET http://10.180.1.21/compute/v2.1/servers/81c71aa0-9c68-407a-9bef-708c2cb70b12 0.345s
2025-07-22 11:11:51.370 60794 INFO tempest.lib.common.rest_client [req-ccd967e9-720d-451f-8ba6-8ee642a6e943 req-ccd967e9-720d-451f-8ba6-8ee642a6e943 ] Request (ServersV294TestFqdnHostnames:setUpClass): 200 GET http://10.180.1.21/compute/v2.1/servers/83ecd8bb-ba2b-4151-986b-26f50b54e8e2 0.432s
2025-07-22 11:11:51.420 60808 INFO tempest.lib.common.rest_client [req-b2d7fadd-a2bc-42eb-b702-4e5265755e21 req-b2d7fadd-a2bc-42eb-b702-4e5265755e21 ] Request (DeleteServersTestJSON:test_delete_active_server): 200 GET http://10.180.1.21/compute/v2.1/servers/46737200-2da8-41ee-b33e-3bb6cc3e4618 0.444s
2025-07-22 11:11:51.470 60801 INFO tempest.lib.common.rest_client [req-027279ca-b1f7-49f2-b998-9780a0e8feb8 req-027279ca-b1f7-49f2-b998-9780a0e8feb8 ] Request (ServerGroupTestJSON:test_create_server_with_scheduler_hint_group): 200 GET http://10.180.1.21/compute/v2.1/servers/67cbaf5c-e743-4e07-8f74-c51e4f57914d 0.454s
2025-07-22 11:11:51.506 60818 INFO tempest.lib.common.rest_client [req-6006bd2d-d223-44dc-b946-2af90fe38fb2 req-6006bd2d-d223-44dc-b946-2af90fe38fb2 ] Request (ListImageFiltersTestJSON:setUpClass): 200 GET http://10.180.1.21/compute/v2.1/servers/306f3cb9-3028-4ff2-8090-2c9c1c72efc1 0.543s
2025-07-22 11:11:51.523 60778 INFO tempest.lib.common.rest_client [req-273d3762-d874-48dc-90df-8433783be51e req-273d3762-d874-48dc-90df-8433783be51e ] Request (ImagesNegativeTestJSON:test_create_image_from_deleted_server): 200 GET http://10.180.1.21/compute/v2.1/servers/6774e2f5-99d0-4dc9-9ac0-188b35bd68a2 0.459s
2025-07-22 11:11:51.638 60836 INFO tempest.lib.common.rest_client [req-1dff12c7-94c5-4350-97ab-3b822c04ea42 req-1dff12c7-94c5-4350-97ab-3b822c04ea42 ] Request (InstanceActionsV221TestJSON:test_get_list_deleted_instance_actions): 200 GET http://10.180.1.21/compute/v2.1/servers/2751bdfb-2f28-48e0-98c2-f232ed6da6df 0.558s
2025-07-22 11:11:51.641 60838 INFO tempest.lib.common.rest_client [req-0ae4a0f6-87fd-499c-92a1-c8e22b78b4f5 req-0ae4a0f6-87fd-499c-92a1-c8e22b78b4f5 ] Request (DeleteServersAdminTestJSON:test_admin_delete_servers_of_others): 200 GET http://10.180.1.21/compute/v2.1/servers/3a7076f4-fc00-4f82-804b-4dac0de9ab3d 0.453s
2025-07-22 11:11:51.704 60790 INFO tempest.lib.common.rest_client [req-d144c1e3-0edd-4c60-bd07-11c80e7a6ade req-d144c1e3-0edd-4c60-bd07-11c80e7a6ade ] Request (ServerActionsV293TestJSON:setUpClass): 200 GET http://10.180.1.21/compute/v2.1/servers/c1b6b578-1bed-4e6c-8e7a-34c2e469cd80 0.464s
2025-07-22 11:11:51.742 60816 INFO tempest.lib.common.rest_client [req-7d0493fc-6afe-4968-b4fa-af35a9390c85 req-7d0493fc-6afe-4968-b4fa-af35a9390c85 ] Request (TenantUsagesTestJSON:setUpClass): 200 GET http://10.180.1.21/compute/v2.1/servers/386edc81-5f27-4e44-af7a-f5e47ded1327 0.535s
2025-07-22 11:11:51.750 60830 INFO tempest.lib.common.rest_client [req-de746895-9e28-42fc-a6a0-b9d8c29c0e00 req-de746895-9e28-42fc-a6a0-b9d8c29c0e00 ] Request (ServersNegativeTestMultiTenantJSON:setUpClass): 200 GET http://10.180.1.21/compute/v2.1/servers/a878722d-7e36-4f15-8c5f-bd473375dd9b 0.497s
2025-07-22 11:11:51.790 60780 INFO tempest.lib.common.rest_client [req-bc726950-6e8e-41a3-9f51-bc02fd2746d7 req-bc726950-6e8e-41a3-9f51-bc02fd2746d7 ] Request (ServersTestJSON:test_create_server_specify_multibyte_character_name): 200 GET http://10.180.1.21/compute/v2.1/servers/fd3e6440-74fc-4425-9b7e-571245ddc379 0.476s
2025-07-22 11:11:51.801 60833 INFO tempest.lib.common.rest_client [req-89e36af8-042f-4bb4-8334-e9ccee1ad9d7 req-89e36af8-042f-4bb4-8334-e9ccee1ad9d7 ] Request (ServerTagsTestJSON:setUpClass): 200 GET http://10.180.1.21/compute/v2.1/servers/bf1694f2-6ad0-4e15-b05d-c73c24e0e955 0.484s
2025-07-22 11:11:51.844 60834 INFO tempest.lib.common.rest_client [req-dfe8a51f-5e96-4c7b-8026-52b1c3546186 req-dfe8a51f-5e96-4c7b-8026-52b1c3546186 ] Request (ServersAdmin275Test:test_rebuild_update_server_275): 200 GET http://10.180.1.21/compute/v2.1/servers/b2a1b0c6-91cd-437d-b5bf-ca618b008c23 0.463s
2025-07-22 11:11:51.888 60776 INFO tempest.lib.common.rest_client [req-b859618a-41a7-46ab-a6c0-41eebf2eb6ed req-b859618a-41a7-46ab-a6c0-41eebf2eb6ed ] Request (ServersTestBootFromVolume:setUpClass): 200 GET http://10.180.1.21/volume/v3/a9dfb3d737dc4a8a9750677b383ab56f/volumes/a176bf39-2e73-40b7-9177-0aeb6053ad0e 0.022s
2025-07-22 11:11:52.125 60821 INFO tempest.lib.common.rest_client [req-ab5919aa-a192-4244-8935-663263f07e63 req-ab5919aa-a192-4244-8935-663263f07e63 ] Request (ImagesTestJSON:test_create_image_from_stopped_server): 200 GET http://10.180.1.21/compute/v2.1/servers/9a14b9d0-876b-45c6-825e-103caac6bef9 0.126s
2025-07-22 11:11:52.170 60798 INFO tempest.lib.common.rest_client [req-a05aa988-abce-4e9d-b36d-ed807ce25594 req-a05aa988-abce-4e9d-b36d-ed807ce25594 ] Request (ServerRescueNegativeTestJSON:setUpClass): 200 GET http://10.180.1.21/compute/v2.1/servers/3a0515f1-e61a-48d4-980d-49c7189dca2d 0.128s
2025-07-22 11:11:52.179 60824 INFO tempest.lib.common.rest_client [req-3115a71c-dd7e-4cae-bea8-ef308402d96f req-3115a71c-dd7e-4cae-bea8-ef308402d96f ] Request (ServersTestMultiNic:test_verify_duplicate_network_nics): 200 GET http://10.180.1.21/compute/v2.1/servers/b14d8d3f-9253-4e5f-a5b8-09a2f43888a6 0.190s
2025-07-22 11:11:52.215 60792 INFO tempest.lib.common.rest_client [req-f72461a5-88de-4d05-a664-34666a8b9297 req-f72461a5-88de-4d05-a664-34666a8b9297 ] Request (ServerActionsTestOtherB:setUpClass): 200 GET http://10.180.1.21/compute/v2.1/servers/ecc4262d-6133-4541-aec8-fbee05180701 0.163s
2025-07-22 11:11:52.227 60822 INFO tempest.lib.common.rest_client [req-2283f507-f37e-4a6e-8412-c0c30de2aed3 req-2283f507-f37e-4a6e-8412-c0c30de2aed3 ] Request (ServerMetadataNegativeTestJSON:setUpClass): 200 GET http://10.180.1.21/compute/v2.1/servers/deffd52b-d708-4c46-a168-18e80b05b133 0.133s
2025-07-22 11:11:52.323 60782 INFO tempest.lib.common.rest_client [req-38707d8b-0111-4e1e-b0c0-6692b54d1df0 req-38707d8b-0111-4e1e-b0c0-6692b54d1df0 ] Request (VolumesAdminNegativeTest:test_update_attached_volume_with_nonexistent_volume_in_body): 200 GET http://10.180.1.21/compute/v2.1/servers/afb2cdc1-74ec-4d08-85cb-e96b4071f661 0.109s
2025-07-22 11:11:52.339 60786 INFO tempest.lib.common.rest_client [req-cec241cd-50d4-48c0-b4f0-96d029ce7ef4 req-cec241cd-50d4-48c0-b4f0-96d029ce7ef4 ] Request (SecurityGroupsTestJSON:test_list_security_groups_by_server): 200 GET http://10.180.1.21/compute/v2.1/servers/be11788c-634f-40c0-8c8c-d6253d0e68ad 0.108s
2025-07-22 11:11:52.366 60802 INFO tempest.lib.common.rest_client [req-b3984e1d-0b09-4878-8501-276145dd03cd req-b3984e1d-0b09-4878-8501-276145dd03cd ] Request (MultipleCreateTestJSON:test_multiple_create): 200 GET http://10.180.1.21/compute/v2.1/servers/81c71aa0-9c68-407a-9bef-708c2cb70b12 0.098s
2025-07-22 11:11:52.477 60808 INFO tempest.lib.common.rest_client [req-49e7b079-b039-442a-a137-4f45cff8b681 req-49e7b079-b039-442a-a137-4f45cff8b681 ] Request (DeleteServersTestJSON:test_delete_active_server): 200 GET http://10.180.1.21/compute/v2.1/servers/46737200-2da8-41ee-b33e-3bb6cc3e4618 0.050s
2025-07-22 11:11:52.485 60794 INFO tempest.lib.common.rest_client [req-d511a8a7-96b0-42fa-a7eb-119626ce5af5 req-d511a8a7-96b0-42fa-a7eb-119626ce5af5 ] Request (ServersV294TestFqdnHostnames:setUpClass): 200 GET http://10.180.1.21/compute/v2.1/servers/83ecd8bb-ba2b-4151-986b-26f50b54e8e2 0.106s
2025-07-22 11:11:52.523 60801 INFO tempest.lib.common.rest_client [req-19133b95-127a-4ab2-8719-1c3341b4dfc1 req-19133b95-127a-4ab2-8719-1c3341b4dfc1 ] Request (ServerGroupTestJSON:test_create_server_with_scheduler_hint_group): 200 GET http://10.180.1.21/compute/v2.1/servers/67cbaf5c-e743-4e07-8f74-c51e4f57914d 0.046s
2025-07-22 11:11:52.564 60818 INFO tempest.lib.common.rest_client [req-ba1ce3d5-a950-459f-928b-e0e06613de14 req-ba1ce3d5-a950-459f-928b-e0e06613de14 ] Request (ListImageFiltersTestJSON:setUpClass): 200 GET http://10.180.1.21/compute/v2.1/servers/306f3cb9-3028-4ff2-8090-2c9c1c72efc1 0.051s
2025-07-22 11:11:52.579 60778 INFO tempest.lib.common.rest_client [req-d55c6f83-5931-4f5e-bbd6-ca2673fa12c0 req-d55c6f83-5931-4f5e-bbd6-ca2673fa12c0 ] Request (ImagesNegativeTestJSON:test_create_image_from_deleted_server): 200 GET http://10.180.1.21/compute/v2.1/servers/6774e2f5-99d0-4dc9-9ac0-188b35bd68a2 0.049s
2025-07-22 11:11:52.774 60836 INFO tempest.lib.common.rest_client [req-79fccfa4-872a-4c15-aacf-88a6ff48b8a3 req-79fccfa4-872a-4c15-aacf-88a6ff48b8a3 ] Request (InstanceActionsV221TestJSON:test_get_list_deleted_instance_actions): 200 GET http://10.180.1.21/compute/v2.1/servers/2751bdfb-2f28-48e0-98c2-f232ed6da6df 0.128s
2025-07-22 11:11:52.816 60838 INFO tempest.lib.common.rest_client [req-6e622bf9-800c-405b-b109-bc6197ddc660 req-6e622bf9-800c-405b-b109-bc6197ddc660 ] Request (DeleteServersAdminTestJSON:test_admin_delete_servers_of_others): 200 GET http://10.180.1.21/compute/v2.1/servers/3a7076f4-fc00-4f82-804b-4dac0de9ab3d 0.168s
