2025-07-22 11:09:30.724 60816 INFO tempest.lib.common.rest_client [req-01d4e8f1-33f0-402d-a6b1-eae728d8c567 req-01d4e8f1-33f0-402d-a6b1-eae728d8c567 ] Request (TenantUsagesTestJSON:setUpClass): 200 GET http://10.180.1.21/compute/v2.1/servers/386edc81-5f27-4e44-af7a-f5e47ded1327 0.952s
2025-07-22 11:09:30.740 60784 INFO tempest.lib.common.rest_client [req-2b94035c-5822-4b82-b581-152eb26a0ba0 req-2b94035c-5822-4b82-b581-152eb26a0ba0 ] Request (QuotasAdminNegativeTest:_run_cleanups): 200 PUT http://10.180.1.21/compute/v2.1/os-quota-sets/d6d30ae2cd454bda8d49e499607148a8 1.035s
2025-07-22 11:09:30.747 60822 INFO tempest.lib.common.rest_client [req-2a59deda-91bf-43ad-b518-9e7ee5aafd4d req-2a59deda-91bf-43ad-b518-9e7ee5aafd4d ] Request (FlavorsAccessNegativeTestJSON:_run_cleanups): 202 DELETE http://10.180.1.21/compute/v2.1/flavors/1799188341 0.907s
2025-07-22 11:09:30.761 60808 INFO tempest.lib.common.rest_client [req-e8d2c838-9940-4e0b-9ecb-56ccb034bcdb req-e8d2c838-9940-4e0b-9ecb-56ccb034bcdb ] Request (AggregatesAdminNegativeTestJSON:test_aggregate_delete_with_invalid_id): 404 DELETE http://10.180.1.21/compute/v2.1/os-aggregates/-1 0.903s
2025-07-22 11:09:30.783 60780 INFO tempest.lib.common.rest_client [req-543b206c-c859-42c5-a3cc-89c4fc6edf8b req-543b206c-c859-42c5-a3cc-89c4fc6edf8b ] Request (ServicesAdminNegativeV253TestJSON:test_get_service_by_invalid_service_and_valid_host): 200 GET http://10.180.1.21/compute/v2.1/os-services?host=devstack&binary=xxx 0.916s
2025-07-22 11:09:30.783 60833 INFO tempest.lib.common.rest_client [req-94909893-7a77-44c7-8aee-7c3becf73f39 req-94909893-7a77-44c7-8aee-7c3becf73f39 ] Request (FlavorsV255TestJSON:tearDownClass): 200 GET http://10.180.1.21:9696/networking/v2.0/security-groups?tenant_id=322337a695bf4ddfa296695e4911ccad&name=default 0.246s
2025-07-22 11:09:30.805 60786 INFO tempest.lib.common.rest_client [req-3eb7ed35-e4af-4e16-8cd3-abd8c55a52a5 req-3eb7ed35-e4af-4e16-8cd3-abd8c55a52a5 ] Request (ServersWithSpecificFlavorTestJSON:_run_cleanups): 200 GET http://10.180.1.21/compute/v2.1/flavors/detail 0.932s
2025-07-22 11:09:30.951 60778 INFO tempest.lib.common.rest_client [req-4ea4f620-a29a-4c69-8367-d683208b2b6c req-4ea4f620-a29a-4c69-8367-d683208b2b6c ] Request (QuotasAdminTestV236:tearDownClass): 200 GET http://10.180.1.21:9696/networking/v2.0/security-groups?tenant_id=e8f017de2e9f4cd69694105cb8e0d13c&name=default 0.339s
2025-07-22 11:09:30.970 60814 INFO tempest.lib.common.rest_client [req-da941966-5a2a-45bf-a848-d9253859e0d0 req-da941966-5a2a-45bf-a848-d9253859e0d0 ] Request (ServerAddressesTestJSON:setUpClass): 204 DELETE http://10.180.1.21/compute/v2.1/servers/1c64f49e-c014-42e1-9529-98151229cd38 1.121s
2025-07-22 11:09:30.987 60802 INFO tempest.lib.common.rest_client [req-7c39edc3-0e50-4a93-bc00-2b8e4f4a5ff9 req-7c39edc3-0e50-4a93-bc00-2b8e4f4a5ff9 ] Request (FlavorsAdminTestJSON:_run_cleanups): 200 GET http://10.180.1.21/compute/v2.1/flavors/detail 0.935s
2025-07-22 11:09:30.992 60788 INFO tempest.lib.common.rest_client [req-1c9901dd-e4d1-451e-95b1-f2dcbb2e0c4e req-1c9901dd-e4d1-451e-95b1-f2dcbb2e0c4e ] Request (InstanceActionsNegativeTestJSON:tearDownClass): 200 PUT http://10.180.1.21:9696/networking/v2.0/routers/93ed0fa6-027e-461e-8d54-aef1dbbf9bb9/remove_router_interface 1.230s
2025-07-22 11:09:31.009 60804 INFO tempest.lib.common.rest_client [req-5b3997e9-b369-43b0-ac22-9acad58e125c req-5b3997e9-b369-43b0-ac22-9acad58e125c ] Request (FloatingIPsAssociationNegativeTestJSON:setUpClass): 404 GET http://10.180.1.21/compute/v2.1/servers/cf1588aa-8049-471e-baa3-f57992edf320 0.933s
2025-07-22 11:09:31.009 60804 INFO tempest.test [-] raised in FloatingIPsAssociationNegativeTestJSON.setUpClass. Invoking tearDownClass.
2025-07-22 11:09:31.035 60801 INFO tempest.lib.common.rest_client [req-475d69b9-cb96-4ad7-b312-6a19b5b7841d req-475d69b9-cb96-4ad7-b312-6a19b5b7841d ] Request (InstanceActionsTestJSON:setUpClass): 204 DELETE http://10.180.1.21/compute/v2.1/servers/b7a1b58d-a07a-46cb-a35c-dbfdcaa70a9c 1.095s
2025-07-22 11:09:31.101 60828 INFO tempest.lib.common.rest_client [req-298b3178-d026-4b19-92be-83ccf5aba66b req-298b3178-d026-4b19-92be-83ccf5aba66b ] Request (ServerGroup264TestJSON:_run_cleanups): 204 DELETE http://10.180.1.21/compute/v2.1/os-server-groups/3cf156d2-00ea-4715-baec-53eda340a818 1.008s
2025-07-22 11:09:31.114 60826 INFO tempest.lib.common.rest_client [req-2d6d80d2-55f2-48fa-aa49-582490bb9a62 req-2d6d80d2-55f2-48fa-aa49-582490bb9a62 ] Request (KeyPairsNegativeTestJSON:test_create_keypair_with_empty_name_string): 400 POST http://10.180.1.21/compute/v2.1/os-keypairs 1.012s
2025-07-22 11:09:31.219 60818 INFO tempest.lib.common.rest_client [req-d2407e95-2ba2-4a6e-a87a-c0ed6cb67802 req-d2407e95-2ba2-4a6e-a87a-c0ed6cb67802 ] Request (VolumesAssistedSnapshotsTest:_run_cleanups): 404 GET http://10.180.1.21/volume/v3/294ebdcf5d7a4c88b38f0484b6036f3c/volumes/471d7ce8-f1ea-4c3e-8009-7843354d7c9f 0.018s
2025-07-22 11:09:31.304 60833 INFO tempest.lib.common.rest_client [req-bc0db9da-a459-49dc-b360-f91cd771ebdc req-bc0db9da-a459-49dc-b360-f91cd771ebdc ] Request (FlavorsV255TestJSON:tearDownClass): 204 DELETE http://10.180.1.21:9696/networking/v2.0/security-groups/4472ff42-1e50-4eaa-82ec-7554470a8af2 0.516s
2025-07-22 11:09:31.373 60833 INFO tempest.lib.common.rest_client [req-cda51bdd-534e-4dc7-887d-4b41d7d16bfd req-cda51bdd-534e-4dc7-887d-4b41d7d16bfd ] Request (FlavorsV255TestJSON:tearDownClass): 204 DELETE http://10.180.1.21/identity/v3/projects/322337a695bf4ddfa296695e4911ccad 0.068s
2025-07-22 11:09:31.443 60833 INFO tempest.lib.common.rest_client [req-d6abd737-36e4-4a64-b322-9fb8050cada7 req-d6abd737-36e4-4a64-b322-9fb8050cada7 ] Request (FloatingIPDetailsTestJSON:setUpClass): 201 POST http://10.180.1.21/identity/v3/auth/tokens 0.069s
2025-07-22 11:09:31.463 60778 INFO tempest.lib.common.rest_client [req-74096951-951f-4c11-bfed-1b867c1a485c req-74096951-951f-4c11-bfed-1b867c1a485c ] Request (QuotasAdminTestV236:tearDownClass): 204 DELETE http://10.180.1.21:9696/networking/v2.0/security-groups/88cfed24-81eb-43de-9882-8df771242bd0 0.512s
2025-07-22 11:09:31.476 60776 INFO tempest.lib.common.rest_client [req-b2e34e1d-373d-40b6-ad1b-aa376f1b51b6 req-b2e34e1d-373d-40b6-ad1b-aa376f1b51b6 ] Request (ServerExternalEventsTest:test_create_server_external_events): 200 GET http://10.180.1.21/compute/v2.1/servers/b974272a-5c32-4ed2-99db-1b1ac744d08c 1.395s
2025-07-22 11:09:31.490 60833 INFO tempest.lib.common.rest_client [req-352c33a6-fc00-4cfd-a8e0-aee50548c955 req-352c33a6-fc00-4cfd-a8e0-aee50548c955 ] Request (FloatingIPDetailsTestJSON:setUpClass): 201 POST http://10.180.1.21/identity/v3/auth/tokens 0.042s
2025-07-22 11:09:31.494 60821 INFO tempest.lib.common.rest_client [req-156c556d-ac6b-4b94-b8d2-e2683b36602c req-156c556d-ac6b-4b94-b8d2-e2683b36602c ] Request (ImagesTestJSON:test_create_image_from_stopped_server): 200 GET http://10.180.1.21/compute/v2.1/servers/9a14b9d0-876b-45c6-825e-103caac6bef9 1.277s
2025-07-22 11:09:31.540 60778 INFO tempest.lib.common.rest_client [req-be4d6126-370a-4d96-b8cb-16f514a94179 req-be4d6126-370a-4d96-b8cb-16f514a94179 ] Request (QuotasAdminTestV236:tearDownClass): 204 DELETE http://10.180.1.21/identity/v3/projects/e8f017de2e9f4cd69694105cb8e0d13c 0.076s
2025-07-22 11:09:31.540 60778 INFO tempest.lib.common.dynamic_creds [-] Deleting project and security group for project: 925b531afaa14c8da1b065ce60ed17da
2025-07-22 11:09:31.571 60836 INFO tempest.lib.common.rest_client [req-1e618200-70b8-42fa-93f8-f2dbd28c0322 req-1e618200-70b8-42fa-93f8-f2dbd28c0322 ] Request (ServersAdminTestJSON:setUpClass): 200 GET http://10.180.1.21/compute/v2.1/servers/3c1b98d0-69c5-4b2b-bea1-a047ecb7c47b 1.297s
2025-07-22 11:09:31.588 60792 INFO tempest.lib.common.rest_client [req-53c3e8bb-096f-4aa2-ac3e-9d3c6bde6bd5 req-53c3e8bb-096f-4aa2-ac3e-9d3c6bde6bd5 ] Request (AttachInterfacesV270Test:test_create_get_list_interfaces): 404 GET http://10.180.1.21/compute/v2.1/servers/abe82cc4-1648-4372-bc5e-899c315e9fff 1.235s
2025-07-22 11:09:31.596 60833 INFO tempest.lib.common.rest_client [req-064550e9-ecbb-4a6e-8b57-30a2f9b2dd53 req-064550e9-ecbb-4a6e-8b57-30a2f9b2dd53 ] Request (FloatingIPDetailsTestJSON:setUpClass): 200 GET http://10.180.1.21/identity/v3/domains?name=Default 0.105s
2025-07-22 11:09:31.607 60796 INFO tempest.lib.common.rest_client [req-9f33a211-d21e-4cac-b4d9-e5769b012ec9 req-9f33a211-d21e-4cac-b4d9-e5769b012ec9 ] Request (MigrationsAdminTest:test_resize_server_revert_deleted_flavor): 200 POST http://10.180.1.21/compute/v2.1/flavors/e21e14f4-31e6-48e0-83ce-f790310372dd/os-extra_specs 1.225s
2025-07-22 11:09:31.626 60833 INFO tempest.lib.common.rest_client [req-39571d1d-3613-41c6-90b4-f0797083dc52 req-39571d1d-3613-41c6-90b4-f0797083dc52 ] Request (FloatingIPDetailsTestJSON:setUpClass): 201 POST http://10.180.1.21/identity/v3/projects 0.029s
2025-07-22 11:09:31.679 60796 INFO tempest.lib.common.rest_client [req-936ec57a-d857-49cf-b974-a05ea9d498f3 req-936ec57a-d857-49cf-b974-a05ea9d498f3 ] Request (MigrationsAdminTest:test_resize_server_revert_deleted_flavor): 201 POST http://10.180.1.21/identity/v3/auth/tokens 0.066s
2025-07-22 11:09:31.680 60796 INFO tempest.lib.common.fixed_network [-] (MigrationsAdminTest:test_resize_server_revert_deleted_flavor) Found network None available for tenant
2025-07-22 11:09:31.704 60794 INFO tempest.lib.common.rest_client [req-3c364c98-9d3e-4fdf-ad50-7e810866e7d6 req-3c364c98-9d3e-4fdf-ad50-7e810866e7d6 ] Request (SecurityGroupsNegativeTestJSON:test_delete_nonexistent_security_group): 404 DELETE http://10.180.1.21/compute/v2.1/os-security-groups/451d2e39-508e-4da4-b97f-636b62c90b00 1.386s
2025-07-22 11:09:31.722 60833 INFO tempest.lib.common.rest_client [req-4b63d64a-92d7-4ef1-afcf-48a7c03b3960 req-4b63d64a-92d7-4ef1-afcf-48a7c03b3960 ] Request (FloatingIPDetailsTestJSON:setUpClass): 201 POST http://10.180.1.21/identity/v3/users 0.095s
2025-07-22 11:09:31.740 60833 INFO tempest.lib.common.rest_client [req-19eea7ac-b807-4b84-906c-38748c7cae6b req-19eea7ac-b807-4b84-906c-38748c7cae6b ] Request (FloatingIPDetailsTestJSON:setUpClass): 200 GET http://10.180.1.21/identity/v3/roles 0.018s
2025-07-22 11:09:31.771 60833 INFO tempest.lib.common.rest_client [req-215f5461-1fc9-4cb4-8253-263285729a22 req-215f5461-1fc9-4cb4-8253-263285729a22 ] Request (FloatingIPDetailsTestJSON:setUpClass): 204 PUT http://10.180.1.21/identity/v3/projects/b4536e09575742f1ba1e8c78d4b21752/users/3a526b8f14224d829ea5d1263c3c6ce3/roles/69acb4f40e0241e1a76eb5bd23b4773a 0.030s
2025-07-22 11:09:31.772 60833 INFO tempest.lib.common.dynamic_creds [-] Dynamic test user 3a526b8f14224d829ea5d1263c3c6ce3 is created with scope project and roles: ['member']
2025-07-22 11:09:31.772 60833 INFO tempest.lib.common.dynamic_creds [-] Acquired dynamic creds: credentials: Credentials: {'domain_id': 'default', 'domain_name': 'Default', 'username': 'tempest-FloatingIPDetailsTestJSON-1058038555-project-member', 'project_domain_id': 'default', 'project_domain_name': 'Default', 'project_id': 'b4536e09575742f1ba1e8c78d4b21752', 'project_name': 'tempest-FloatingIPDetailsTestJSON-1058038555', 'tenant_id': 'b4536e09575742f1ba1e8c78d4b21752', 'tenant_name': 'tempest-FloatingIPDetailsTestJSON-1058038555', 'user_domain_id': 'default', 'user_domain_name': 'Default', 'user_id': '3a526b8f14224d829ea5d1263c3c6ce3', 'system': None}, Network: None, Subnet: None, Router: None
2025-07-22 11:09:31.830 60833 INFO tempest.lib.common.rest_client [req-d9777181-e29f-42e4-a305-a9a29a6523bb req-d9777181-e29f-42e4-a305-a9a29a6523bb ] Request (FloatingIPDetailsTestJSON:setUpClass): 201 POST http://10.180.1.21/identity/v3/auth/tokens 0.058s
2025-07-22 11:09:31.861 60778 INFO tempest.lib.common.rest_client [req-d5d4fd00-a797-40ae-83c5-51c7c7835624 req-d5d4fd00-a797-40ae-83c5-51c7c7835624 ] Request (QuotasAdminTestV236:tearDownClass): 200 GET http://10.180.1.21:9696/networking/v2.0/security-groups?tenant_id=925b531afaa14c8da1b065ce60ed17da&name=default 0.321s
2025-07-22 11:09:31.980 60798 INFO tempest.lib.common.rest_client [req-8a5c73d9-5337-43db-9878-c5dd9fdbf222 req-8a5c73d9-5337-43db-9878-c5dd9fdbf222 ] Request (ServerDiagnosticsTest:test_get_server_diagnostics): 200 GET http://10.180.1.21/compute/v2.1/servers/31e48a76-ffbc-4bd2-a01f-2a69df2de5f5 1.467s
2025-07-22 11:09:32.130 60812 INFO tempest.lib.common.rest_client [req-86e065a2-ca41-438f-8e47-4de6e612383d req-86e065a2-ca41-438f-8e47-4de6e612383d ] Request (FloatingIPsAssociationTestJSON:tearDownClass): 200 PUT http://10.180.1.21:9696/networking/v2.0/routers/6931c7ef-39f0-4696-9f23-e75fae079a87/remove_router_interface 2.387s
2025-07-22 11:09:32.179 60838 INFO tempest.lib.common.rest_client [req-37baeadc-6ddd-44b5-8a32-b99c5f5840ff req-37baeadc-6ddd-44b5-8a32-b99c5f5840ff ] Request (DeleteServersAdminTestJSON:test_admin_delete_servers_of_others): 200 GET http://10.180.1.21/compute/v2.1/servers/3a7076f4-fc00-4f82-804b-4dac0de9ab3d 1.664s
2025-07-22 11:09:32.192 60778 INFO tempest.lib.common.rest_client [req-db77df7e-1b7c-483a-880d-ceef0dc2462d req-db77df7e-1b7c-483a-880d-ceef0dc2462d ] Request (QuotasAdminTestV236:tearDownClass): 204 DELETE http://10.180.1.21:9696/networking/v2.0/security-groups/4c8b4e7b-d149-43af-9bb8-914dcab2862e 0.330s
2025-07-22 11:09:32.232 60788 INFO tempest.lib.common.rest_client [req-6da2e299-bfaf-46e0-a490-ef21b2a68727 req-6da2e299-bfaf-46e0-a490-ef21b2a68727 ] Request (InstanceActionsNegativeTestJSON:tearDownClass): 204 DELETE http://10.180.1.21:9696/networking/v2.0/routers/93ed0fa6-027e-461e-8d54-aef1dbbf9bb9 1.239s
2025-07-22 11:09:32.306 60778 INFO tempest.lib.common.rest_client [req-2bebc9cb-d1af-488a-a0df-bb42b4a3acf7 req-2bebc9cb-d1af-488a-a0df-bb42b4a3acf7 ] Request (QuotasAdminTestV236:tearDownClass): 204 DELETE http://10.180.1.21/identity/v3/projects/925b531afaa14c8da1b065ce60ed17da 0.114s
2025-07-22 11:09:32.309 60807 INFO tempest.lib.common.rest_client [req-f2d62900-f93f-4b52-bf3c-823e785b91fe req-f2d62900-f93f-4b52-bf3c-823e785b91fe ] Request (ServersTestManualDisk:setUpClass): 204 DELETE http://10.180.1.21/compute/v2.1/servers/6a6cd40b-0157-403d-b7db-38e04707fbf3 1.769s
2025-07-22 11:09:32.377 60778 INFO tempest.lib.common.rest_client [req-3ca5caff-395e-4885-afaf-7be34ed3ce9f req-3ca5caff-395e-4885-afaf-7be34ed3ce9f ] Request (FloatingIPsTestJSON:setUpClass): 201 POST http://10.180.1.21/identity/v3/auth/tokens 0.069s
2025-07-22 11:09:32.408 60778 INFO tempest.lib.common.rest_client [req-6447015d-8676-4b23-bae4-f6098ff5c8ee req-6447015d-8676-4b23-bae4-f6098ff5c8ee ] Request (FloatingIPsTestJSON:setUpClass): 201 POST http://10.180.1.21/identity/v3/auth/tokens 0.028s
2025-07-22 11:09:32.420 60810 INFO tempest.lib.common.rest_client [req-c5ddcc00-c2dd-4857-a33a-f15c53758a05 req-c5ddcc00-c2dd-4857-a33a-f15c53758a05 ] Request (ListServerFiltersTestJSON:setUpClass): 200 GET http://10.180.1.21/compute/v2.1/servers/2c86426a-8bb8-470f-a762-ec46506ebe80 1.724s
2025-07-22 11:09:32.428 60784 INFO tempest.lib.common.rest_client [req-42f0cdc7-d2a4-4447-b75b-d3f0b57eee15 req-42f0cdc7-d2a4-4447-b75b-d3f0b57eee15 ] Request (QuotasAdminNegativeTest:test_update_quota_normal_user): 403 PUT http://10.180.1.21/compute/v2.1/os-quota-sets/d6d30ae2cd454bda8d49e499607148a8 1.685s
2025-07-22 11:09:32.434 60778 INFO tempest.lib.common.rest_client [req-7326908d-4cb9-476f-96d1-ff2b2b90b33e req-7326908d-4cb9-476f-96d1-ff2b2b90b33e ] Request (FloatingIPsTestJSON:setUpClass): 200 GET http://10.180.1.21/identity/v3/domains?name=Default 0.026s
2025-07-22 11:09:32.443 60822 INFO tempest.lib.common.rest_client [req-211bc5fe-c8ff-489b-be15-da6fec938041 req-211bc5fe-c8ff-489b-be15-da6fec938041 ] Request (FlavorsAccessNegativeTestJSON:_run_cleanups): 200 GET http://10.180.1.21/compute/v2.1/flavors/detail 1.694s
2025-07-22 11:09:32.473 60790 INFO tempest.lib.common.rest_client [req-60bea625-1029-4851-9874-5f61de445eac req-60bea625-1029-4851-9874-5f61de445eac ] Request (QuotasAdminTestJSON:test_delete_quota): 200 GET http://10.180.1.21/compute/v2.1/os-quota-sets/95f3c64b57d14dfb9b3d6a2a35ca4ea1 1.781s
2025-07-22 11:09:32.480 60808 INFO tempest.lib.common.rest_client [req-4db62ff1-d62c-4a5b-b8a9-5ba04e98edac req-4db62ff1-d62c-4a5b-b8a9-5ba04e98edac ] Request (AggregatesAdminNegativeTestJSON:test_aggregate_get_details_as_user): 200 POST http://10.180.1.21/compute/v2.1/os-aggregates 1.717s
2025-07-22 11:09:32.495 60778 INFO tempest.lib.common.rest_client [req-1a719818-de0c-4367-940f-2e89d01921b4 req-1a719818-de0c-4367-940f-2e89d01921b4 ] Request (FloatingIPsTestJSON:setUpClass): 201 POST http://10.180.1.21/identity/v3/projects 0.060s
2025-07-22 11:09:32.497 60786 INFO tempest.lib.common.rest_client [req-0a41ac2c-b436-46bd-aeb7-4be826b725f7 req-0a41ac2c-b436-46bd-aeb7-4be826b725f7 ] Request (ServersWithSpecificFlavorTestJSON:_run_cleanups): 202 DELETE http://10.180.1.21/compute/v2.1/flavors/270197070 1.687s
2025-07-22 11:09:32.501 60780 INFO tempest.lib.common.rest_client [req-ce4bb6f1-1943-41fb-833c-63abb04edbea req-ce4bb6f1-1943-41fb-833c-63abb04edbea ] Request (ServicesAdminNegativeV253TestJSON:test_get_service_with_valid_service_and_invalid_host): 200 GET http://10.180.1.21/compute/v2.1/os-services 1.715s
2025-07-22 11:09:32.516 60784 INFO tempest.lib.common.rest_client [req-116b7866-7a62-44a5-b456-bd03aa5415b4 req-116b7866-7a62-44a5-b456-bd03aa5415b4 ] Request (QuotasAdminNegativeTest:tearDownClass): 204 DELETE http://10.180.1.21/identity/v3/users/42fef906d9a74da5acbe68c1e15fca93 0.087s
2025-07-22 11:09:32.519 60802 INFO tempest.lib.common.rest_client [req-f46f52fa-265b-4f7e-9cf7-8deb5661ce3d req-f46f52fa-265b-4f7e-9cf7-8deb5661ce3d ] Request (FlavorsAdminTestJSON:test_create_server_with_non_public_flavor): 200 POST http://10.180.1.21/compute/v2.1/flavors 1.528s
2025-07-22 11:09:32.531 60814 INFO tempest.lib.common.rest_client [req-29d4be4f-2c21-43f5-abe5-943be1426171 req-29d4be4f-2c21-43f5-abe5-943be1426171 ] Request (ServerAddressesTestJSON:setUpClass): 404 GET http://10.180.1.21/compute/v2.1/servers/1c64f49e-c014-42e1-9529-98151229cd38 1.560s
2025-07-22 11:09:32.531 60814 INFO tempest.test [-] raised in ServerAddressesTestJSON.setUpClass. Invoking tearDownClass.
2025-07-22 11:09:32.543 60828 INFO tempest.lib.common.rest_client [req-9bcb9d1d-bf5c-4c73-a6a9-5ea4c0c3e396 req-9bcb9d1d-bf5c-4c73-a6a9-5ea4c0c3e396 ] Request (ServerGroup264TestJSON:tearDownClass): 404 DELETE http://10.180.1.21/compute/v2.1/os-server-groups/3cf156d2-00ea-4715-baec-53eda340a818 1.436s
2025-07-22 11:09:32.545 60801 INFO tempest.lib.common.rest_client [req-b49c07fd-d9cb-4656-bc71-26668fdce26e req-b49c07fd-d9cb-4656-bc71-26668fdce26e ] Request (InstanceActionsTestJSON:setUpClass): 404 GET http://10.180.1.21/compute/v2.1/servers/b7a1b58d-a07a-46cb-a35c-dbfdcaa70a9c 1.510s
2025-07-22 11:09:32.545 60801 INFO tempest.test [-] raised in InstanceActionsTestJSON.setUpClass. Invoking tearDownClass.
2025-07-22 11:09:32.560 60818 INFO tempest.lib.common.rest_client [req-162290d6-02b3-486b-8516-5193fa1a2ae3 req-162290d6-02b3-486b-8516-5193fa1a2ae3 ] Request (VolumesAssistedSnapshotsTest:tearDownClass): 202 DELETE http://10.180.1.21/compute/v2.1/os-keypairs/tempest-keypair-118323272 1.339s
2025-07-22 11:09:32.575 60826 INFO tempest.lib.common.rest_client [req-075d2d35-7bb5-4b14-80f4-e904456db4dd req-075d2d35-7bb5-4b14-80f4-e904456db4dd ] Request (KeyPairsNegativeTestJSON:test_create_keypair_with_empty_public_key): 400 POST http://10.180.1.21/compute/v2.1/os-keypairs 1.460s
2025-07-22 11:09:32.576 60778 INFO tempest.lib.common.rest_client [req-54d4df48-a8b3-43b8-8058-dadaf38985d3 req-54d4df48-a8b3-43b8-8058-dadaf38985d3 ] Request (FloatingIPsTestJSON:setUpClass): 201 POST http://10.180.1.21/identity/v3/users 0.079s
2025-07-22 11:09:32.618 60784 INFO tempest.lib.common.rest_client [req-3cfb11d4-1988-4801-a6ad-bc8b7ef06d63 req-3cfb11d4-1988-4801-a6ad-bc8b7ef06d63 ] Request (QuotasAdminNegativeTest:tearDownClass): 204 DELETE http://10.180.1.21/identity/v3/users/fc42b29fdc564355bcedd4a4257160f5 0.101s
2025-07-22 11:09:32.618 60784 INFO tempest.lib.common.dynamic_creds [-] Deleting project and security group for project: d6d30ae2cd454bda8d49e499607148a8
2025-07-22 11:09:32.633 60788 INFO tempest.lib.common.rest_client [req-1ccffc3a-502a-43bd-8f98-227ee80108e1 req-1ccffc3a-502a-43bd-8f98-227ee80108e1 ] Request (InstanceActionsNegativeTestJSON:tearDownClass): 204 DELETE http://10.180.1.21:9696/networking/v2.0/subnets/008947ef-c198-4ff8-86c3-1c44a5954531 0.401s
2025-07-22 11:09:32.653 60778 INFO tempest.lib.common.rest_client [req-50f96b19-3728-4f52-9f15-ce7132bf8e6d req-50f96b19-3728-4f52-9f15-ce7132bf8e6d ] Request (FloatingIPsTestJSON:setUpClass): 200 GET http://10.180.1.21/identity/v3/roles 0.076s
2025-07-22 11:09:32.679 60784 INFO tempest.lib.common.rest_client [req-2b20d1f4-3a1d-46b4-8fc4-68ba5bad5639 req-2b20d1f4-3a1d-46b4-8fc4-68ba5bad5639 ] Request (QuotasAdminNegativeTest:tearDownClass): 201 POST http://10.180.1.21/identity/v3/auth/tokens 0.060s
2025-07-22 11:09:32.720 60778 INFO tempest.lib.common.rest_client [req-a0283541-3860-41f4-b243-1c9b84eac818 req-a0283541-3860-41f4-b243-1c9b84eac818 ] Request (FloatingIPsTestJSON:setUpClass): 204 PUT http://10.180.1.21/identity/v3/projects/0f2d56f8c91e4e75898a33f10dbda43a/users/4e2a482216744580bbcd803ab849187f/roles/69acb4f40e0241e1a76eb5bd23b4773a 0.067s
2025-07-22 11:09:32.720 60778 INFO tempest.lib.common.dynamic_creds [-] Dynamic test user 4e2a482216744580bbcd803ab849187f is created with scope project and roles: ['member']
2025-07-22 11:09:32.721 60778 INFO tempest.lib.common.dynamic_creds [-] Acquired dynamic creds: credentials: Credentials: {'domain_id': 'default', 'domain_name': 'Default', 'username': 'tempest-FloatingIPsTestJSON-727084023-project-member', 'project_domain_id': 'default', 'project_domain_name': 'Default', 'project_id': '0f2d56f8c91e4e75898a33f10dbda43a', 'project_name': 'tempest-FloatingIPsTestJSON-727084023', 'tenant_id': '0f2d56f8c91e4e75898a33f10dbda43a', 'tenant_name': 'tempest-FloatingIPsTestJSON-727084023', 'user_domain_id': 'default', 'user_domain_name': 'Default', 'user_id': '4e2a482216744580bbcd803ab849187f', 'system': None}, Network: None, Subnet: None, Router: None
2025-07-22 11:09:32.777 60778 INFO tempest.lib.common.rest_client [req-af8ff1be-928e-42ca-b537-70d731d0d8e4 req-af8ff1be-928e-42ca-b537-70d731d0d8e4 ] Request (FloatingIPsTestJSON:setUpClass): 201 POST http://10.180.1.21/identity/v3/auth/tokens 0.057s
2025-07-22 11:09:32.845 60782 INFO tempest.lib.common.rest_client [req-3353150b-9d07-47ba-8fce-e2964309743f req-3353150b-9d07-47ba-8fce-e2964309743f ] Request (ServerDiagnosticsV248Test:test_get_server_diagnostics): 200 GET http://10.180.1.21/compute/v2.1/servers/d76e8d11-53d3-417d-b6a6-08bdff8165d5 1.461s
2025-07-22 11:09:32.932 60834 INFO tempest.lib.common.rest_client [req-d5e04dd3-d778-49c6-9cee-caf586a0c460 req-d5e04dd3-d778-49c6-9cee-caf586a0c460 ] Request (ServersAdmin275Test:test_rebuild_update_server_275): 200 GET http://10.180.1.21/compute/v2.1/servers/b2a1b0c6-91cd-437d-b5bf-ca618b008c23 1.468s
2025-07-22 11:09:33.071 60833 INFO tempest.lib.common.rest_client [req-78d53fca-fcdb-4782-bc33-6d18b11ea7e6 req-78d53fca-fcdb-4782-bc33-6d18b11ea7e6 ] Request (FloatingIPDetailsTestJSON:setUpClass): 201 POST http://10.180.1.21:9696/networking/v2.0/networks 1.240s
2025-07-22 11:09:33.172 60836 INFO tempest.lib.common.rest_client [req-dfae91e6-9697-4b89-80fd-48962e656ff1 req-dfae91e6-9697-4b89-80fd-48962e656ff1 ] Request (ServersAdminTestJSON:setUpClass): 204 DELETE http://10.180.1.21/compute/v2.1/servers/3c1b98d0-69c5-4b2b-bea1-a047ecb7c47b 1.592s
2025-07-22 11:09:33.313 60824 INFO tempest.lib.common.rest_client [req-f5cac21f-2481-45f5-857e-e71fd1b22c3f req-f5cac21f-2481-45f5-857e-e71fd1b22c3f ] Request (ServersTestMultiNic:test_verify_duplicate_network_nics): 200 GET http://10.180.1.21/compute/v2.1/servers/b14d8d3f-9253-4e5f-a5b8-09a2f43888a6 2.016s
2025-07-22 11:09:33.319 60794 INFO tempest.lib.common.rest_client [req-7630cc49-2c0a-4a38-970a-3fedcf98c6df req-7630cc49-2c0a-4a38-970a-3fedcf98c6df ] Request (SecurityGroupsNegativeTestJSON:test_delete_security_group_without_passing_id): 404 DELETE http://10.180.1.21/compute/v2.1/os-security-groups/ 1.613s
2025-07-22 11:09:33.590 60818 INFO tempest.lib.common.rest_client [req-af4f1ec5-e4c6-4548-8167-ed0c595f110b req-af4f1ec5-e4c6-4548-8167-ed0c595f110b ] Request (VolumesAssistedSnapshotsTest:tearDownClass): 204 DELETE http://10.180.1.21:9696/networking/v2.0/security-groups/1e7e4857-1feb-40ed-bec0-b7bf0efd1449 1.029s
2025-07-22 11:09:33.664 60818 INFO tempest.lib.common.rest_client [req-b93c85c3-fd8c-48f0-a776-2bae8608e528 req-b93c85c3-fd8c-48f0-a776-2bae8608e528 ] Request (VolumesAssistedSnapshotsTest:tearDownClass): 404 GET http://10.180.1.21:9696/networking/v2.0/security-groups/1e7e4857-1feb-40ed-bec0-b7bf0efd1449 0.073s
2025-07-22 11:09:33.665 60784 INFO tempest.lib.common.rest_client [req-a9daa16e-a7d6-443a-a50d-820ed73f0651 req-a9daa16e-a7d6-443a-a50d-820ed73f0651 ] Request (QuotasAdminNegativeTest:tearDownClass): 200 GET http://10.180.1.21:9696/networking/v2.0/security-groups?tenant_id=d6d30ae2cd454bda8d49e499607148a8&name=default 0.984s
2025-07-22 11:09:33.668 60816 INFO tempest.lib.common.rest_client [req-a9d3c5a0-393e-44ba-aa61-00364fe16686 req-a9d3c5a0-393e-44ba-aa61-00364fe16686 ] Request (TenantUsagesTestJSON:setUpClass): 200 GET http://10.180.1.21/compute/v2.1/servers/386edc81-5f27-4e44-af7a-f5e47ded1327 1.934s
2025-07-22 11:09:33.693 60807 INFO tempest.lib.common.rest_client [req-acf55055-6242-4426-bcd8-028b2486bb3f req-acf55055-6242-4426-bcd8-028b2486bb3f ] Request (ServersTestManualDisk:setUpClass): 404 GET http://10.180.1.21/compute/v2.1/servers/6a6cd40b-0157-403d-b7db-38e04707fbf3 1.384s
2025-07-22 11:09:33.694 60807 INFO tempest.test [-] raised in ServersTestManualDisk.setUpClass. Invoking tearDownClass.
2025-07-22 11:09:33.728 60788 INFO tempest.lib.common.rest_client [req-fb2a51ec-7dde-49a8-b7e7-1f9b03cfce02 req-fb2a51ec-7dde-49a8-b7e7-1f9b03cfce02 ] Request (InstanceActionsNegativeTestJSON:tearDownClass): 204 DELETE http://10.180.1.21:9696/networking/v2.0/networks/9b68063c-bf5f-49e5-9e42-d435b42efb2b 1.095s
2025-07-22 11:09:33.780 60796 INFO tempest.lib.common.rest_client [req-861b027f-fd07-4df7-9c7f-7b4cf4c17923 req-861b027f-fd07-4df7-9c7f-7b4cf4c17923 ] Request (MigrationsAdminTest:test_resize_server_revert_deleted_flavor): 202 POST http://10.180.1.21/compute/v2.1/servers 2.099s
2025-07-22 11:09:33.797 60822 INFO tempest.lib.common.rest_client [req-e55eb219-7372-4deb-9ff3-dd057c80026c req-e55eb219-7372-4deb-9ff3-dd057c80026c ] Request (FlavorsAccessNegativeTestJSON:test_remove_flavor_access_not_found): 200 POST http://10.180.1.21/compute/v2.1/flavors 1.344s
2025-07-22 11:09:33.798 60788 INFO tempest.lib.common.rest_client [req-ce4f696b-403d-4203-aa13-cad6525b14ac req-ce4f696b-403d-4203-aa13-cad6525b14ac ] Request (InstanceActionsNegativeTestJSON:tearDownClass): 204 DELETE http://10.180.1.21/identity/v3/users/7756f127dddf4dc498a76f6293d035ac 0.070s
2025-07-22 11:09:33.799 60788 INFO tempest.lib.common.dynamic_creds [-] Deleting project and security group for project: 16cabd9887574d60bc7b861920f44be8
2025-07-22 11:09:33.927 60788 INFO tempest.lib.common.rest_client [req-fbb100da-5e60-4a07-8d5c-f2e11e904e29 req-fbb100da-5e60-4a07-8d5c-f2e11e904e29 ] Request (InstanceActionsNegativeTestJSON:tearDownClass): 200 GET http://10.180.1.21:9696/networking/v2.0/security-groups?tenant_id=16cabd9887574d60bc7b861920f44be8&name=default 0.127s
2025-07-22 11:09:33.934 60790 INFO tempest.lib.common.rest_client [req-f41ce170-55ef-45bc-adba-af83ad46a587 req-f41ce170-55ef-45bc-adba-af83ad46a587 ] Request (QuotasAdminTestJSON:test_delete_quota): 200 PUT http://10.180.1.21/compute/v2.1/os-quota-sets/95f3c64b57d14dfb9b3d6a2a35ca4ea1 1.458s
2025-07-22 11:09:33.937 60808 INFO tempest.lib.common.rest_client [req-8f9f644d-be06-4570-859c-7dd0082b2cd6 req-8f9f644d-be06-4570-859c-7dd0082b2cd6 ] Request (AggregatesAdminNegativeTestJSON:test_aggregate_get_details_as_user): 403 GET http://10.180.1.21/compute/v2.1/os-aggregates/6 1.455s
2025-07-22 11:09:33.937 60810 INFO tempest.lib.common.rest_client [req-489b4f59-d33d-40e6-90cd-bccd03b26f54 req-489b4f59-d33d-40e6-90cd-bccd03b26f54 ] Request (ListServerFiltersTestJSON:setUpClass): 204 DELETE http://10.180.1.21/compute/v2.1/servers/2c86426a-8bb8-470f-a762-ec46506ebe80 1.511s
2025-07-22 11:09:33.952 60786 INFO tempest.lib.common.rest_client [req-a1493b73-4908-4821-86c9-e65b1fdb81c9 req-a1493b73-4908-4821-86c9-e65b1fdb81c9 ] Request (ServersWithSpecificFlavorTestJSON:_run_cleanups): 200 GET http://10.180.1.21/compute/v2.1/flavors/detail 1.455s
2025-07-22 11:09:34.017 60792 INFO tempest.lib.common.rest_client [req-8d880cae-2374-4b2d-81a1-733b08b3731f req-8d880cae-2374-4b2d-81a1-733b08b3731f ] Request (AttachInterfacesV270Test:tearDownClass): 200 PUT http://10.180.1.21:9696/networking/v2.0/routers/ced3012d-a44d-4e2c-9dd6-11b994f58e17/remove_router_interface 2.426s
2025-07-22 11:09:34.031 60784 INFO tempest.lib.common.rest_client [req-9abb1300-1af1-4bea-807b-dc354ec139b1 req-9abb1300-1af1-4bea-807b-dc354ec139b1 ] Request (QuotasAdminNegativeTest:tearDownClass): 204 DELETE http://10.180.1.21:9696/networking/v2.0/security-groups/5b90efe9-e616-42f3-b968-aee71c249673 0.365s
2025-07-22 11:09:34.046 60833 INFO tempest.lib.common.rest_client [req-4958316f-39a1-4754-b833-edcf93d997e1 req-4958316f-39a1-4754-b833-edcf93d997e1 ] Request (FloatingIPDetailsTestJSON:setUpClass): 201 POST http://10.180.1.21:9696/networking/v2.0/subnets 0.975s
2025-07-22 11:09:34.136 60784 INFO tempest.lib.common.rest_client [req-3ff2ba84-e1ac-4314-9dea-2f59e634fbe6 req-3ff2ba84-e1ac-4314-9dea-2f59e634fbe6 ] Request (QuotasAdminNegativeTest:tearDownClass): 204 DELETE http://10.180.1.21/identity/v3/projects/d6d30ae2cd454bda8d49e499607148a8 0.105s
2025-07-22 11:09:34.136 60784 INFO tempest.lib.common.dynamic_creds [-] Deleting project and security group for project: 61229c60e8834d2e8c87f7946afbc90b
2025-07-22 11:09:34.480 60776 INFO tempest.lib.common.rest_client [req-11c26346-e8fd-4caf-864c-d113f92d2ded req-11c26346-e8fd-4caf-864c-d113f92d2ded ] Request (ServerExternalEventsTest:test_create_server_external_events): 200 GET http://10.180.1.21/compute/v2.1/servers/b974272a-5c32-4ed2-99db-1b1ac744d08c 1.996s
2025-07-22 11:09:34.488 60778 INFO tempest.lib.common.rest_client [req-f416b69f-8bf7-4801-9b66-8462a58c2940 req-f416b69f-8bf7-4801-9b66-8462a58c2940 ] Request (FloatingIPsTestJSON:setUpClass): 201 POST http://10.180.1.21:9696/networking/v2.0/networks 1.710s
2025-07-22 11:09:34.491 60830 INFO tempest.lib.common.rest_client [req-6753af7b-9378-4ead-b6f6-7d4fcdf88e9a req-6753af7b-9378-4ead-b6f6-7d4fcdf88e9a ] Request (ServerActionsTestJSON:tearDownClass): 200 PUT http://10.180.1.21:9696/networking/v2.0/routers/21f57ba2-5d61-4e92-878e-507a29ec4547/remove_router_interface 3.814s
2025-07-22 11:09:34.497 60780 INFO tempest.lib.common.rest_client [req-559ee987-3ce1-4c8d-a82e-06ba4695d95f req-559ee987-3ce1-4c8d-a82e-06ba4695d95f ] Request (ServicesAdminNegativeV253TestJSON:test_get_service_with_valid_service_and_invalid_host): 200 GET http://10.180.1.21/compute/v2.1/os-services?host=xxx&binary=nova-scheduler 1.994s
2025-07-22 11:09:34.510 60802 INFO tempest.lib.common.rest_client [req-0a27ddf4-65cb-43de-974b-e907472563ee req-0a27ddf4-65cb-43de-974b-e907472563ee ] Request (FlavorsAdminTestJSON:test_create_server_with_non_public_flavor): 400 POST http://10.180.1.21/compute/v2.1/servers 1.985s
2025-07-22 11:09:34.518 60826 INFO tempest.lib.common.rest_client [req-a6b1ef9f-ba15-4da1-9d5e-7da2d85a662f req-a6b1ef9f-ba15-4da1-9d5e-7da2d85a662f ] Request (KeyPairsNegativeTestJSON:test_create_keypair_with_long_keynames): 400 POST http://10.180.1.21/compute/v2.1/os-keypairs 1.940s
2025-07-22 11:09:34.553 60788 INFO tempest.lib.common.rest_client [req-bdf47d91-8f42-4fb8-8b26-267d8869c378 req-bdf47d91-8f42-4fb8-8b26-267d8869c378 ] Request (InstanceActionsNegativeTestJSON:tearDownClass): 204 DELETE http://10.180.1.21:9696/networking/v2.0/security-groups/059128e2-6889-4df4-9cbc-0bcf28d55995 0.626s
2025-07-22 11:09:34.671 60788 INFO tempest.lib.common.rest_client [req-3e28e45a-acf1-4b70-9379-10322f4b93b2 req-3e28e45a-acf1-4b70-9379-10322f4b93b2 ] Request (InstanceActionsNegativeTestJSON:tearDownClass): 204 DELETE http://10.180.1.21/identity/v3/projects/16cabd9887574d60bc7b861920f44be8 0.118s
2025-07-22 11:09:34.752 60788 INFO tempest.lib.common.rest_client [req-b65f672f-170b-4a34-852c-7c3c5b869e7b req-b65f672f-170b-4a34-852c-7c3c5b869e7b ] Request (VolumesGetTestJSON:setUpClass): 201 POST http://10.180.1.21/identity/v3/auth/tokens 0.071s
2025-07-22 11:09:34.778 60821 INFO tempest.lib.common.rest_client [req-8c93fed8-52d7-47b2-933e-ec07fee18885 req-8c93fed8-52d7-47b2-933e-ec07fee18885 ] Request (ImagesTestJSON:test_create_image_from_stopped_server): 200 GET http://10.180.1.21/compute/v2.1/servers/9a14b9d0-876b-45c6-825e-103caac6bef9 2.277s
2025-07-22 11:09:34.795 60788 INFO tempest.lib.common.rest_client [req-0a75f6e3-3431-4c1d-a83f-c9b8e8f06edd req-0a75f6e3-3431-4c1d-a83f-c9b8e8f06edd ] Request (VolumesGetTestJSON:setUpClass): 201 POST http://10.180.1.21/identity/v3/auth/tokens 0.040s
2025-07-22 11:09:34.806 60836 INFO tempest.lib.common.rest_client [req-e810435c-0909-4134-ab38-cc906b7e5d65 req-e810435c-0909-4134-ab38-cc906b7e5d65 ] Request (ServersAdminTestJSON:setUpClass): 404 GET http://10.180.1.21/compute/v2.1/servers/3c1b98d0-69c5-4b2b-bea1-a047ecb7c47b 1.634s
2025-07-22 11:09:34.807 60836 INFO tempest.test [-] raised in ServersAdminTestJSON.setUpClass. Invoking tearDownClass.
2025-07-22 11:09:34.829 60788 INFO tempest.lib.common.rest_client [req-a896d288-2652-484b-aa2f-42890249ac33 req-a896d288-2652-484b-aa2f-42890249ac33 ] Request (VolumesGetTestJSON:setUpClass): 200 GET http://10.180.1.21/identity/v3/domains?name=Default 0.034s
2025-07-22 11:09:34.854 60798 INFO tempest.lib.common.rest_client [req-62f42139-378f-419a-a435-f5826f984fb0 req-62f42139-378f-419a-a435-f5826f984fb0 ] Request (ServerDiagnosticsTest:test_get_server_diagnostics): 200 GET http://10.180.1.21/compute/v2.1/servers/31e48a76-ffbc-4bd2-a01f-2a69df2de5f5 1.868s
2025-07-22 11:09:34.865 60788 INFO tempest.lib.common.rest_client [req-7335ba18-9832-40ea-b68a-2bddd11246e5 req-7335ba18-9832-40ea-b68a-2bddd11246e5 ] Request (VolumesGetTestJSON:setUpClass): 201 POST http://10.180.1.21/identity/v3/projects 0.035s
2025-07-22 11:09:34.927 60788 INFO tempest.lib.common.rest_client [req-7b2eb314-01c3-4723-9f55-00efd8fc1f6b req-7b2eb314-01c3-4723-9f55-00efd8fc1f6b ] Request (VolumesGetTestJSON:setUpClass): 201 POST http://10.180.1.21/identity/v3/users 0.061s
2025-07-22 11:09:34.949 60788 INFO tempest.lib.common.rest_client [req-74dbe745-69e3-4382-af41-22103428db85 req-74dbe745-69e3-4382-af41-22103428db85 ] Request (VolumesGetTestJSON:setUpClass): 200 GET http://10.180.1.21/identity/v3/roles 0.022s
2025-07-22 11:09:34.981 60818 INFO tempest.lib.common.rest_client [req-ef6608e8-5290-4e09-8e97-13b6f4746659 req-ef6608e8-5290-4e09-8e97-13b6f4746659 ] Request (VolumesAssistedSnapshotsTest:tearDownClass): 204 DELETE http://10.180.1.21:9696/networking/v2.0/floatingips/124c0cb2-2dfc-40c8-b7e7-844640092794 1.316s
2025-07-22 11:09:34.996 60818 INFO tempest.lib.common.rest_client [req-5be64440-046f-4f99-9b23-f59662dd8575 req-5be64440-046f-4f99-9b23-f59662dd8575 ] Request (VolumesAssistedSnapshotsTest:tearDownClass): 404 DELETE http://10.180.1.21/volume/v3/294ebdcf5d7a4c88b38f0484b6036f3c/volumes/471d7ce8-f1ea-4c3e-8009-7843354d7c9f 0.014s
2025-07-22 11:09:35.000 60788 INFO tempest.lib.common.rest_client [req-e8e8a577-956d-4268-a27f-1e5aff3bc921 req-e8e8a577-956d-4268-a27f-1e5aff3bc921 ] Request (VolumesGetTestJSON:setUpClass): 204 PUT http://10.180.1.21/identity/v3/projects/22a2bde2c7b14232861fbc819ede1a83/users/c4a69b4ac5db4f4c994d4a97be1958da/roles/69acb4f40e0241e1a76eb5bd23b4773a 0.051s
2025-07-22 11:09:35.001 60788 INFO tempest.lib.common.dynamic_creds [-] Dynamic test user c4a69b4ac5db4f4c994d4a97be1958da is created with scope project and roles: ['member']
2025-07-22 11:09:35.001 60788 INFO tempest.lib.common.dynamic_creds [-] Acquired dynamic creds: credentials: Credentials: {'domain_id': 'default', 'domain_name': 'Default', 'username': 'tempest-VolumesGetTestJSON-39299916-project-member', 'project_domain_id': 'default', 'project_domain_name': 'Default', 'project_id': '22a2bde2c7b14232861fbc819ede1a83', 'project_name': 'tempest-VolumesGetTestJSON-39299916', 'tenant_id': '22a2bde2c7b14232861fbc819ede1a83', 'tenant_name': 'tempest-VolumesGetTestJSON-39299916', 'user_domain_id': 'default', 'user_domain_name': 'Default', 'user_id': 'c4a69b4ac5db4f4c994d4a97be1958da', 'system': None}, Network: None, Subnet: None, Router: None
2025-07-22 11:09:35.001 60788 INFO tempest.lib.common.dynamic_creds [-] Created isolated network resources for: credentials: Credentials: {'domain_id': 'default', 'domain_name': 'Default', 'username': 'tempest-VolumesGetTestJSON-39299916-project-member', 'project_domain_id': 'default', 'project_domain_name': 'Default', 'project_id': '22a2bde2c7b14232861fbc819ede1a83', 'project_name': 'tempest-VolumesGetTestJSON-39299916', 'tenant_id': '22a2bde2c7b14232861fbc819ede1a83', 'tenant_name': 'tempest-VolumesGetTestJSON-39299916', 'user_domain_id': 'default', 'user_domain_name': 'Default', 'user_id': 'c4a69b4ac5db4f4c994d4a97be1958da', 'system': None}, Network: None, Subnet: None, Router: None
2025-07-22 11:09:35.010 60818 INFO tempest.lib.common.rest_client [req-609ef58d-7d7d-409e-a7c5-72fa904fd561 req-609ef58d-7d7d-409e-a7c5-72fa904fd561 ] Request (VolumesAssistedSnapshotsTest:tearDownClass): 404 GET http://10.180.1.21/volume/v3/294ebdcf5d7a4c88b38f0484b6036f3c/volumes/471d7ce8-f1ea-4c3e-8009-7843354d7c9f 0.014s
2025-07-22 11:09:35.075 60784 INFO tempest.lib.common.rest_client [req-a3689f4a-805a-4124-aba9-ac775097732b req-a3689f4a-805a-4124-aba9-ac775097732b ] Request (QuotasAdminNegativeTest:tearDownClass): 200 GET http://10.180.1.21:9696/networking/v2.0/security-groups?tenant_id=61229c60e8834d2e8c87f7946afbc90b&name=default 0.938s
2025-07-22 11:09:35.087 60788 INFO tempest.lib.common.rest_client [req-2eb0d22f-6792-4f44-a42b-07fb62004a8f req-2eb0d22f-6792-4f44-a42b-07fb62004a8f ] Request (VolumesGetTestJSON:setUpClass): 201 POST http://10.180.1.21/identity/v3/auth/tokens 0.081s
2025-07-22 11:09:35.117 60838 INFO tempest.lib.common.rest_client [req-7ac2154c-de70-4cf4-b2ce-26fc51202cda req-7ac2154c-de70-4cf4-b2ce-26fc51202cda ] Request (DeleteServersAdminTestJSON:test_admin_delete_servers_of_others): 200 GET http://10.180.1.21/compute/v2.1/servers/3a7076f4-fc00-4f82-804b-4dac0de9ab3d 1.931s
2025-07-22 11:09:35.134 60807 INFO tempest.lib.common.rest_client [req-b7dbc9da-c065-40cd-a971-48e472f3c0fb req-b7dbc9da-c065-40cd-a971-48e472f3c0fb ] Request (ServersTestManualDisk:tearDownClass): 202 DELETE http://10.180.1.21/compute/v2.1/os-keypairs/tempest-keypair-928403053 1.440s
2025-07-22 11:09:35.171 60812 INFO tempest.lib.common.rest_client [req-dc9701d8-279e-49d2-b55f-fdc9d2173bac req-dc9701d8-279e-49d2-b55f-fdc9d2173bac ] Request (FloatingIPsAssociationTestJSON:tearDownClass): 204 DELETE http://10.180.1.21:9696/networking/v2.0/routers/6931c7ef-39f0-4696-9f23-e75fae079a87 3.040s
2025-07-22 11:09:35.294 60796 INFO tempest.lib.common.rest_client [req-ced52658-3438-41b8-baf4-7a7283b6e86e req-ced52658-3438-41b8-baf4-7a7283b6e86e ] Request (MigrationsAdminTest:test_resize_server_revert_deleted_flavor): 200 GET http://10.180.1.21/compute/v2.1/servers/f40a697f-9ce4-4e79-8008-e4652b9d10f9 1.512s
2025-07-22 11:09:35.423 60822 INFO tempest.lib.common.rest_client [req-b62225b9-60a4-497a-ad62-947569d29b8c req-b62225b9-60a4-497a-ad62-947569d29b8c ] Request (FlavorsAccessNegativeTestJSON:test_remove_flavor_access_not_found): 404 POST http://10.180.1.21/compute/v2.1/flavors/1744462429/action 1.624s
2025-07-22 11:09:35.617 60794 INFO tempest.lib.common.rest_client [req-a93f9758-ef2f-4aa5-a196-f055bd7487aa req-a93f9758-ef2f-4aa5-a196-f055bd7487aa ] Request (SecurityGroupsNegativeTestJSON:test_delete_the_default_security_group): 200 GET http://10.180.1.21/compute/v2.1/os-security-groups 2.295s
2025-07-22 11:09:35.621 60782 INFO tempest.lib.common.rest_client [req-e4d56724-c5bc-4966-bb8d-ca71b5cf66c4 req-e4d56724-c5bc-4966-bb8d-ca71b5cf66c4 ] Request (ServerDiagnosticsV248Test:test_get_server_diagnostics): 200 GET http://10.180.1.21/compute/v2.1/servers/d76e8d11-53d3-417d-b6a6-08bdff8165d5 1.769s
2025-07-22 11:09:35.630 60790 INFO tempest.lib.common.rest_client [req-5053f468-499a-4830-bcfd-46f4c14a5818 req-5053f468-499a-4830-bcfd-46f4c14a5818 ] Request (QuotasAdminTestJSON:test_delete_quota): 202 DELETE http://10.180.1.21/compute/v2.1/os-quota-sets/95f3c64b57d14dfb9b3d6a2a35ca4ea1 1.694s
2025-07-22 11:09:35.648 60808 INFO tempest.lib.common.rest_client [req-6d7aabe8-21c0-43f1-84b7-f178ed7577cf req-6d7aabe8-21c0-43f1-84b7-f178ed7577cf ] Request (AggregatesAdminNegativeTestJSON:_run_cleanups): 200 DELETE http://10.180.1.21/compute/v2.1/os-aggregates/6 1.709s
2025-07-22 11:09:35.651 60810 INFO tempest.lib.common.rest_client [req-758ea7c2-18c0-476c-8716-cf3ea4a53900 req-758ea7c2-18c0-476c-8716-cf3ea4a53900 ] Request (ListServerFiltersTestJSON:setUpClass): 404 GET http://10.180.1.21/compute/v2.1/servers/2c86426a-8bb8-470f-a762-ec46506ebe80 1.713s
2025-07-22 11:09:35.651 60810 INFO tempest.test [-] raised in ListServerFiltersTestJSON.setUpClass. Invoking tearDownClass.
2025-07-22 11:09:35.750 60804 INFO tempest.lib.common.rest_client [req-8e400555-e175-45e9-a739-210a479a3e62 req-8e400555-e175-45e9-a739-210a479a3e62 ] Request (FloatingIPsAssociationNegativeTestJSON:tearDownClass): 200 PUT http://10.180.1.21:9696/networking/v2.0/routers/6cb8a527-fad5-40bc-a0cf-fc5ac3bf085c/remove_router_interface 4.741s
2025-07-22 11:09:35.786 60834 INFO tempest.lib.common.rest_client [req-5502ac87-a2b6-488a-8a16-ef7644ef1780 req-5502ac87-a2b6-488a-8a16-ef7644ef1780 ] Request (ServersAdmin275Test:test_rebuild_update_server_275): 200 GET http://10.180.1.21/compute/v2.1/servers/b2a1b0c6-91cd-437d-b5bf-ca618b008c23 1.844s
2025-07-22 11:09:35.798 60778 INFO tempest.lib.common.rest_client [req-286f2030-cc6d-4c55-a3a1-3a744a22bca1 req-286f2030-cc6d-4c55-a3a1-3a744a22bca1 ] Request (FloatingIPsTestJSON:setUpClass): 201 POST http://10.180.1.21:9696/networking/v2.0/subnets 1.309s
2025-07-22 11:09:35.815 60784 INFO tempest.lib.common.rest_client [req-ce779949-ee94-4c96-a93b-84b863b847e3 req-ce779949-ee94-4c96-a93b-84b863b847e3 ] Request (QuotasAdminNegativeTest:tearDownClass): 204 DELETE http://10.180.1.21:9696/networking/v2.0/security-groups/513f6cfa-2ae2-430e-bc8c-ff1a3f714962 0.739s
2025-07-22 11:09:35.852 60807 INFO tempest.lib.common.rest_client [req-85b6c540-ce91-43a5-b795-05c3b235aa52 req-85b6c540-ce91-43a5-b795-05c3b235aa52 ] Request (ServersTestManualDisk:tearDownClass): 204 DELETE http://10.180.1.21:9696/networking/v2.0/security-groups/01f0b908-eb6b-4b7a-8f6b-6ee688cefcf7 0.718s
2025-07-22 11:09:35.878 60780 INFO tempest.lib.common.rest_client [req-2e400331-4745-4f6f-b86e-c8d28e390aa5 req-2e400331-4745-4f6f-b86e-c8d28e390aa5 ] Request (ServicesAdminNegativeV253TestJSON:test_list_services_with_non_admin_user): 403 GET http://10.180.1.21/compute/v2.1/os-services 1.379s
2025-07-22 11:09:35.891 60802 INFO tempest.lib.common.rest_client [req-f05f8f84-8fbd-4a3d-8f2d-00984bf4bf0a req-f05f8f84-8fbd-4a3d-8f2d-00984bf4bf0a ] Request (FlavorsAdminTestJSON:_run_cleanups): 202 DELETE http://10.180.1.21/compute/v2.1/flavors/697142981 1.380s
2025-07-22 11:09:35.913 60807 INFO tempest.lib.common.rest_client [req-3b343337-5494-4cfb-a91a-69e92a39f436 req-3b343337-5494-4cfb-a91a-69e92a39f436 ] Request (ServersTestManualDisk:tearDownClass): 404 GET http://10.180.1.21:9696/networking/v2.0/security-groups/01f0b908-eb6b-4b7a-8f6b-6ee688cefcf7 0.060s
2025-07-22 11:09:35.920 60826 INFO tempest.lib.common.rest_client [req-9488b5bf-cd98-4709-94c5-e8b62989a685 req-9488b5bf-cd98-4709-94c5-e8b62989a685 ] Request (KeyPairsNegativeTestJSON:test_keypair_create_with_invalid_pub_key): 400 POST http://10.180.1.21/compute/v2.1/os-keypairs 1.401s
2025-07-22 11:09:35.936 60784 INFO tempest.lib.common.rest_client [req-2bc628f3-c458-4af2-9201-3164085f573e req-2bc628f3-c458-4af2-9201-3164085f573e ] Request (QuotasAdminNegativeTest:tearDownClass): 204 DELETE http://10.180.1.21/identity/v3/projects/61229c60e8834d2e8c87f7946afbc90b 0.120s
2025-07-22 11:09:35.937 60784 INFO tempest.test [-] raised in NoVNCConsoleTestJSON.setUpClass. Invoking tearDownClass.
2025-07-22 11:09:35.967 60780 INFO tempest.lib.common.rest_client [req-f69ed9e0-6178-4288-8719-df83cdd199a9 req-f69ed9e0-6178-4288-8719-df83cdd199a9 ] Request (ServicesAdminNegativeV253TestJSON:tearDownClass): 204 DELETE http://10.180.1.21/identity/v3/users/73b6ecea235b4e2bba97906741d7f81b 0.085s
2025-07-22 11:09:35.999 60784 INFO tempest.lib.common.rest_client [req-97c56985-d1c4-4da9-9e13-8e8ff3933217 req-97c56985-d1c4-4da9-9e13-8e8ff3933217 ] Request (ServerPasswordTestJSON:setUpClass): 201 POST http://10.180.1.21/identity/v3/auth/tokens 0.060s
2025-07-22 11:09:36.030 60824 INFO tempest.lib.common.rest_client [req-e1b24f2c-b2c0-4274-b079-e50415e328b5 req-e1b24f2c-b2c0-4274-b079-e50415e328b5 ] Request (ServersTestMultiNic:test_verify_duplicate_network_nics): 200 GET http://10.180.1.21/compute/v2.1/servers/b14d8d3f-9253-4e5f-a5b8-09a2f43888a6 1.711s
2025-07-22 11:09:36.036 60784 INFO tempest.lib.common.rest_client [req-cdf7cca0-af64-4697-ab1f-3e945c418756 req-cdf7cca0-af64-4697-ab1f-3e945c418756 ] Request (ServerPasswordTestJSON:setUpClass): 201 POST http://10.180.1.21/identity/v3/auth/tokens 0.034s
2025-07-22 11:09:36.061 60784 INFO tempest.lib.common.rest_client [req-b251fae6-cdcd-45cf-b81f-6f5403bef70d req-b251fae6-cdcd-45cf-b81f-6f5403bef70d ] Request (ServerPasswordTestJSON:setUpClass): 200 GET http://10.180.1.21/identity/v3/domains?name=Default 0.024s
2025-07-22 11:09:36.086 60780 INFO tempest.lib.common.rest_client [req-3b1ed958-1a34-433d-bfe6-5e6f076c5153 req-3b1ed958-1a34-433d-bfe6-5e6f076c5153 ] Request (ServicesAdminNegativeV253TestJSON:tearDownClass): 204 DELETE http://10.180.1.21/identity/v3/users/ee7f231668124f21a21f2bbb2522bc9a 0.119s
2025-07-22 11:09:36.086 60780 INFO tempest.lib.common.dynamic_creds [-] Deleting project and security group for project: 54652a508eda4868911ee7662648286b
2025-07-22 11:09:36.132 60784 INFO tempest.lib.common.rest_client [req-14da31ff-6e1f-480a-896b-76e7baeceaed req-14da31ff-6e1f-480a-896b-76e7baeceaed ] Request (ServerPasswordTestJSON:setUpClass): 201 POST http://10.180.1.21/identity/v3/projects 0.071s
2025-07-22 11:09:36.159 60780 INFO tempest.lib.common.rest_client [req-277e2c3a-8643-4188-be9d-300718383e39 req-277e2c3a-8643-4188-be9d-300718383e39 ] Request (ServicesAdminNegativeV253TestJSON:tearDownClass): 201 POST http://10.180.1.21/identity/v3/auth/tokens 0.072s
2025-07-22 11:09:36.177 60812 INFO tempest.lib.common.rest_client [req-164fd4f1-eb72-4ae4-9279-bef4d5aa79dd req-164fd4f1-eb72-4ae4-9279-bef4d5aa79dd ] Request (FloatingIPsAssociationTestJSON:tearDownClass): 204 DELETE http://10.180.1.21:9696/networking/v2.0/subnets/39619271-862b-4352-8bdc-fb971a95a215 1.005s
2025-07-22 11:09:36.197 60784 INFO tempest.lib.common.rest_client [req-337c575c-4713-4090-8405-fc9335c94c55 req-337c575c-4713-4090-8405-fc9335c94c55 ] Request (ServerPasswordTestJSON:setUpClass): 201 POST http://10.180.1.21/identity/v3/users 0.063s
2025-07-22 11:09:36.217 60784 INFO tempest.lib.common.rest_client [req-b000f6fc-9294-4cef-ad8d-d0a1d08d0898 req-b000f6fc-9294-4cef-ad8d-d0a1d08d0898 ] Request (ServerPasswordTestJSON:setUpClass): 200 GET http://10.180.1.21/identity/v3/roles 0.020s
2025-07-22 11:09:36.258 60784 INFO tempest.lib.common.rest_client [req-e92ccfd9-bf5f-4135-b4e7-e151a4529ed1 req-e92ccfd9-bf5f-4135-b4e7-e151a4529ed1 ] Request (ServerPasswordTestJSON:setUpClass): 204 PUT http://10.180.1.21/identity/v3/projects/3364296f08224e248542a3148fdff8b2/users/d227c0ac588d4ad49a559c4a7e43b76b/roles/69acb4f40e0241e1a76eb5bd23b4773a 0.040s
2025-07-22 11:09:36.258 60784 INFO tempest.lib.common.dynamic_creds [-] Dynamic test user d227c0ac588d4ad49a559c4a7e43b76b is created with scope project and roles: ['member']
2025-07-22 11:09:36.258 60784 INFO tempest.lib.common.dynamic_creds [-] Acquired dynamic creds: credentials: Credentials: {'domain_id': 'default', 'domain_name': 'Default', 'username': 'tempest-ServerPasswordTestJSON-1466621771-project-member', 'project_domain_id': 'default', 'project_domain_name': 'Default', 'project_id': '3364296f08224e248542a3148fdff8b2', 'project_name': 'tempest-ServerPasswordTestJSON-1466621771', 'tenant_id': '3364296f08224e248542a3148fdff8b2', 'tenant_name': 'tempest-ServerPasswordTestJSON-1466621771', 'user_domain_id': 'default', 'user_domain_name': 'Default', 'user_id': 'd227c0ac588d4ad49a559c4a7e43b76b', 'system': None}, Network: None, Subnet: None, Router: None
2025-07-22 11:09:36.332 60784 INFO tempest.lib.common.rest_client [req-8e93d79b-87d7-42f7-9f5c-d8a724ad9384 req-8e93d79b-87d7-42f7-9f5c-d8a724ad9384 ] Request (ServerPasswordTestJSON:setUpClass): 201 POST http://10.180.1.21/identity/v3/auth/tokens 0.073s
2025-07-22 11:09:36.346 60836 INFO tempest.lib.common.rest_client [req-f8807a84-dfaa-4ff1-99c7-a7e33e8c01ba req-f8807a84-dfaa-4ff1-99c7-a7e33e8c01ba ] Request (ServersAdminTestJSON:tearDownClass): 204 DELETE http://10.180.1.21/compute/v2.1/servers/daee27c3-7e1f-47cc-b143-e1361c3f8527 1.539s
2025-07-22 11:09:36.375 60816 INFO tempest.lib.common.rest_client [req-0be6ebb5-4732-4155-90e2-2553abbf5c62 req-0be6ebb5-4732-4155-90e2-2553abbf5c62 ] Request (TenantUsagesTestJSON:setUpClass): 200 GET http://10.180.1.21/compute/v2.1/servers/386edc81-5f27-4e44-af7a-f5e47ded1327 1.700s
