2025-11-12 20:17:00.630 66062 INFO tempest.lib.common.rest_client [req-412fa2b4-bc17-46d0-8669-d48bb38b89f5 req-412fa2b4-bc17-46d0-8669-d48bb38b89f5 ] Request (ImagesMetadataNegativeTestJSON:setUpClass): 200 GET http://10.180.1.21/identity/v3/roles 0.042s
2025-11-12 20:17:00.671 66062 INFO tempest.lib.common.rest_client [req-608311e1-da95-44ef-b891-3cd2f2ac333c req-608311e1-da95-44ef-b891-3cd2f2ac333c ] Request (ImagesMetadataNegativeTestJSON:setUpClass): 204 PUT http://10.180.1.21/identity/v3/projects/203a50e2777d477093c636bc304020c1/users/daf974fed69a4cd1998674b205be0371/roles/a74d27dc91184b498eda6bc79d846ae4 0.040s
2025-11-12 20:17:00.671 66062 INFO tempest.lib.common.dynamic_creds [-] Dynamic test user daf974fed69a4cd1998674b205be0371 is created with scope project and roles: ['member']
2025-11-12 20:17:00.672 66062 INFO tempest.lib.common.dynamic_creds [-] Acquired dynamic creds: credentials: Credentials: {'domain_id': 'default', 'domain_name': 'Default', 'username': 'tempest-ImagesMetadataNegativeTestJSON-1845157912-project-member', 'project_domain_id': 'default', 'project_domain_name': 'Default', 'project_id': '203a50e2777d477093c636bc304020c1', 'project_name': 'tempest-ImagesMetadataNegativeTestJSON-1845157912', 'tenant_id': '203a50e2777d477093c636bc304020c1', 'tenant_name': 'tempest-ImagesMetadataNegativeTestJSON-1845157912', 'user_domain_id': 'default', 'user_domain_name': 'Default', 'user_id': 'daf974fed69a4cd1998674b205be0371', 'system': None}, Network: None, Subnet: None, Router: None
2025-11-12 20:17:00.672 66062 INFO tempest.lib.common.dynamic_creds [-] Created isolated network resources for: credentials: Credentials: {'domain_id': 'default', 'domain_name': 'Default', 'username': 'tempest-ImagesMetadataNegativeTestJSON-1845157912-project-member', 'project_domain_id': 'default', 'project_domain_name': 'Default', 'project_id': '203a50e2777d477093c636bc304020c1', 'project_name': 'tempest-ImagesMetadataNegativeTestJSON-1845157912', 'tenant_id': '203a50e2777d477093c636bc304020c1', 'tenant_name': 'tempest-ImagesMetadataNegativeTestJSON-1845157912', 'user_domain_id': 'default', 'user_domain_name': 'Default', 'user_id': 'daf974fed69a4cd1998674b205be0371', 'system': None}, Network: None, Subnet: None, Router: None
2025-11-12 20:17:00.767 66062 INFO tempest.lib.common.rest_client [req-63a3f380-860b-4bc2-9c64-b9a5de9a46fe req-63a3f380-860b-4bc2-9c64-b9a5de9a46fe ] Request (ImagesMetadataNegativeTestJSON:setUpClass): 201 POST http://10.180.1.21/identity/v3/auth/tokens 0.089s
2025-11-12 20:17:00.810 66068 INFO tempest.lib.common.rest_client [req-4a0e182b-edf5-4aab-92e8-7b27555bf9a0 req-4a0e182b-edf5-4aab-92e8-7b27555bf9a0 ] Request (ServersAdminTestJSON:test_inject_network_info): 202 POST http://10.180.1.21/compute/v2.1/servers 2.342s
2025-11-12 20:17:00.878 66038 INFO tempest.lib.common.rest_client [req-112179f2-6fe8-4e1b-b6eb-100071b84896 req-112179f2-6fe8-4e1b-b6eb-100071b84896 ] Request (ServerDiagnosticsTest:test_get_server_diagnostics): 200 GET http://10.180.1.21/compute/v2.1/servers/8aa06b72-0274-43b1-9e81-5f5ed48b6b6b 2.373s
2025-11-12 20:17:01.004 66056 INFO tempest.lib.common.rest_client [req-a9296e75-e57a-445c-a77e-a57f37e4f60e req-a9296e75-e57a-445c-a77e-a57f37e4f60e ] Request (TenantUsagesTestJSON:setUpClass): 200 GET http://10.180.1.21/compute/v2.1/servers/4e1ea887-30cc-4aef-a356-0c2d6ee255ad 2.327s
2025-11-12 20:17:01.176 66060 INFO tempest.lib.common.rest_client [req-a5b712c5-21e8-4cf1-bb7e-59ff9faf7298 req-a5b712c5-21e8-4cf1-bb7e-59ff9faf7298 ] Request (TenantUsagesNegativeTestJSON:test_get_usage_tenant_with_empty_tenant_id): 404 GET http://10.180.1.21/compute/v2.1/os-simple-tenant-usage/?start=2025-11-11T20%3A16%3A58.868614&end=2025-11-13T20%3A16%3A58.868614 2.307s
2025-11-12 20:17:01.177 66060 WARNING tempest.lib.common.rest_client [-] Deprecated: "tenant_id" property is deprecated for removal, use "project_id" instead
2025-11-12 20:17:01.459 66026 INFO tempest.lib.common.rest_client [req-f3dfcdbd-88bc-4120-a8da-731e3e16c15c req-f3dfcdbd-88bc-4120-a8da-731e3e16c15c ] Request (FloatingIPsAssociationTestJSON:_run_cleanups): 202 POST http://10.180.1.21/compute/v2.1/servers/21be7c7e-7a6f-41b0-9783-ec9e43246e59/action 3.744s
2025-11-12 20:17:01.524 66022 INFO tempest.lib.common.rest_client [req-a6f6d9d1-e5a4-437b-8f27-2f76fe9395c5 req-a6f6d9d1-e5a4-437b-8f27-2f76fe9395c5 ] Request (ImagesMetadataTestJSON:test_get_image_metadata_item): 200 GET http://10.180.1.21/compute/v2.1/images/5c0eb986-5c00-49ce-b7db-3d1e80079e5d/metadata/os_distro 2.608s
2025-11-12 20:17:01.863 66070 INFO tempest.lib.common.rest_client [req-efde1a86-9531-41b1-a304-7eac27c0ba05 req-efde1a86-9531-41b1-a304-7eac27c0ba05 ] Request (FloatingIPDetailsTestJSON:tearDownClass): 202 DELETE http://10.180.1.21/compute/v2.1/os-floating-ips/e8b13421-da65-4512-bf99-704c164cf2a8 2.982s
2025-11-12 20:17:01.894 66064 INFO tempest.lib.common.rest_client [req-c10d7a8e-7edf-4aa0-a1af-84a630c92929 req-c10d7a8e-7edf-4aa0-a1af-84a630c92929 ] Request (ImagesNegativeTestJSON:test_create_image_from_deleted_server): 200 GET http://10.180.1.21/compute/v2.1/servers/e1430e70-290e-41d9-af8d-288e06ca398f 2.899s
2025-11-12 20:17:02.007 66036 INFO tempest.lib.common.rest_client [req-5a0445df-cc02-4220-bf15-a1a7a4675154 req-5a0445df-cc02-4220-bf15-a1a7a4675154 ] Request (ServerDiskConfigTestJSON:_run_cleanups): 204 DELETE http://10.180.1.21/compute/v2.1/servers/afdd2163-e5f5-438e-9be6-57d21911e97a 2.771s
2025-11-12 20:17:02.029 66042 INFO tempest.lib.common.rest_client [req-6fe80d55-5d44-4f1d-a166-e7baf0890a0e req-6fe80d55-5d44-4f1d-a166-e7baf0890a0e ] Request (SecurityGroupsTestJSON:test_security_groups_create_list_delete): 200 POST http://10.180.1.21/compute/v2.1/os-security-groups 3.004s
2025-11-12 20:17:02.040 66082 INFO tempest.lib.common.rest_client [req-27c1c72b-79ed-4848-ac8e-6828431da366 req-27c1c72b-79ed-4848-ac8e-6828431da366 ] Request (KeyPairsV22TestJSON:_run_cleanups): 204 DELETE http://10.180.1.21/compute/v2.1/os-keypairs/tempest-keypair-477271641 2.784s
2025-11-12 20:17:02.067 66030 INFO tempest.lib.common.rest_client [req-4ac7a54d-38fe-46db-86d0-a2df32ae22e1 req-4ac7a54d-38fe-46db-86d0-a2df32ae22e1 ] Request (FlavorsAdminTestJSON:_run_cleanups): 202 DELETE http://10.180.1.21/compute/v2.1/flavors/896727895 2.773s
2025-11-12 20:17:02.074 66054 INFO tempest.lib.common.rest_client [req-fa490967-ebcb-4d9b-b984-9c57e636f9d7 req-fa490967-ebcb-4d9b-b984-9c57e636f9d7 ] Request (AggregatesAdminNegativeTestJSON:test_aggregate_get_details_as_user): 200 POST http://10.180.1.21/compute/v2.1/os-aggregates 2.800s
2025-11-12 20:17:02.084 66048 INFO tempest.lib.common.rest_client [req-b0f10d89-d25c-4e54-99d4-fbb9c045aee3 req-b0f10d89-d25c-4e54-99d4-fbb9c045aee3 ] Request (ServersAdminNegativeTestJSON:test_reset_state_server_invalid_type): 400 POST http://10.180.1.21/compute/v2.1/servers/1c30d555-3318-4ac3-ae2b-330e1774a3cd/action 2.711s
2025-11-12 20:17:02.113 66046 INFO tempest.lib.common.rest_client [req-f5fd9eea-4dd1-4dcd-b19e-1418b34bc156 req-f5fd9eea-4dd1-4dcd-b19e-1418b34bc156 ] Request (FlavorsV2TestJSON:test_list_flavors_using_marker): 200 GET http://10.180.1.21/compute/v2.1/flavors?marker=42 2.719s
2025-11-12 20:17:02.129 66036 INFO tempest.lib.common.rest_client [req-a12fc942-484e-47f2-b82c-a3bcaaf2bd98 req-a12fc942-484e-47f2-b82c-a3bcaaf2bd98 ] Request (ServerDiskConfigTestJSON:test_rebuild_server_with_manual_disk_config): 201 POST http://10.180.1.21/identity/v3/auth/tokens 0.113s
2025-11-12 20:17:02.129 66036 INFO tempest.lib.common.fixed_network [-] (ServerDiskConfigTestJSON:test_rebuild_server_with_manual_disk_config) Found network {'id': '58d78eca-6938-43ca-8c76-36d941e80811', 'name': 'tempest-ServerDiskConfigTestJSON-1222663826-network', 'tenant_id': '47635d8b426f4eb09754ee2be6e202c4', 'project_id': '47635d8b426f4eb09754ee2be6e202c4', 'admin_state_up': True, 'mtu': 8950, 'status': 'ACTIVE', 'subnets': [], 'shared': False, 'port_security_enabled': True, 'router:external': False, 'provider:network_type': 'vlan', 'provider:physical_network': 'default', 'provider:segmentation_id': 806, 'availability_zone_hints': [], 'availability_zones': [], 'ipv4_address_scope': None, 'ipv6_address_scope': None, 'description': '', 'tags': [], 'created_at': '2025-11-12T20:15:58Z', 'updated_at': '2025-11-12T20:15:58Z', 'revision_number': 1} available for tenant
2025-11-12 20:17:02.156 66052 INFO tempest.lib.common.rest_client [req-2c1b7824-e626-490b-96f7-c7cb8642c955 req-2c1b7824-e626-490b-96f7-c7cb8642c955 ] Request (ListServersNegativeTestJSON:test_list_servers_by_limits_greater_than_actual_count): 200 GET http://10.180.1.21/compute/v2.1/servers?limit=102 2.788s
2025-11-12 20:17:02.215 66082 INFO tempest.lib.common.rest_client [req-686a25a3-0918-4e4a-b521-af43c7dc868f req-686a25a3-0918-4e4a-b521-af43c7dc868f ] Request (KeyPairsV22TestJSON:tearDownClass): 204 DELETE http://10.180.1.21/identity/v3/users/90365639c3ce4a82a58dd21df689e693 0.174s
2025-11-12 20:17:02.215 66082 INFO tempest.lib.common.dynamic_creds [-] Deleting project and security group for project: 3bdb72aae62f46bcba5b48853cf67352
2025-11-12 20:17:02.253 66044 INFO tempest.lib.common.rest_client [req-5bb96e50-5d11-434d-acc9-6a5def573348 req-5bb96e50-5d11-434d-acc9-6a5def573348 ] Request (InstanceActionsV221TestJSON:test_get_list_deleted_instance_actions): 200 GET http://10.180.1.21/compute/v2.1/servers/9b148295-a767-4449-9485-b3eb760ae257 2.688s
2025-11-12 20:17:02.262 66032 INFO tempest.lib.common.rest_client [req-268cc662-5b69-47b8-b326-564c2e853e91 req-268cc662-5b69-47b8-b326-564c2e853e91 ] Request (FlavorsAccessNegativeTestJSON:test_remove_flavor_access_not_found): 404 POST http://10.180.1.21/compute/v2.1/flavors/2099873644/action 2.847s
2025-11-12 20:17:02.304 66082 INFO tempest.lib.common.rest_client [req-6abacdc9-d91e-45db-9b62-f629fd92c056 req-6abacdc9-d91e-45db-9b62-f629fd92c056 ] Request (KeyPairsV22TestJSON:tearDownClass): 201 POST http://10.180.1.21/identity/v3/auth/tokens 0.088s
2025-11-12 20:17:02.406 66040 INFO tempest.lib.common.rest_client [req-f1614547-e576-4157-8f58-aca234e45c2f req-f1614547-e576-4157-8f58-aca234e45c2f ] Request (MigrationsAdminTest:test_list_migrations_in_flavor_resize_situation): 200 GET http://10.180.1.21/compute/v2.1/servers/b4033c80-be9c-4753-a7d8-d3edd36dd31e 2.827s
2025-11-12 20:17:02.429 66024 INFO tempest.lib.common.rest_client [req-5dc96e54-9f46-449a-b69c-ab0f96701873 req-5dc96e54-9f46-449a-b69c-ab0f96701873 ] Request (DeleteServersAdminTestJSON:test_delete_server_while_in_error_state): 200 GET http://10.180.1.21/compute/v2.1/servers/4ba05e21-99c4-4519-be86-d8eb63470422 2.755s
2025-11-12 20:17:02.455 66034 INFO tempest.lib.common.rest_client [req-3da7b445-4c16-44c1-ae27-e961e363da48 req-3da7b445-4c16-44c1-ae27-e961e363da48 ] Request (ImagesOneServerTestJSON:test_create_delete_image): 200 GET http://10.180.1.21/compute/v2.1/images/d86e9e98-d4e7-4de1-92c2-950a8a23615e 2.446s
2025-11-12 20:17:02.476 66076 WARNING tempest.lib.common.ssh [-] Failed to establish authenticated ssh connection to cirros@10.180.180.251 ([Errno None] Unable to connect to port 22 on 10.180.180.251). Number attempts: 2. Retry after 3 seconds.: paramiko.ssh_exception.NoValidConnectionsError: [Errno None] Unable to connect to port 22 on 10.180.180.251
2025-11-12 20:17:02.511 66050 INFO tempest.lib.common.rest_client [req-ad6e3a08-5c46-4491-8bf6-809cce124f7e req-ad6e3a08-5c46-4491-8bf6-809cce124f7e ] Request (ServerDiagnosticsNegativeTest:test_get_server_diagnostics_by_non_admin): 200 GET http://10.180.1.21/compute/v2.1/servers/97c6779e-1af0-4e3f-9997-c079168d9e5e 1.778s
2025-11-12 20:17:02.571 66068 INFO tempest.lib.common.rest_client [req-982e2fec-86f1-4303-9254-4376308d2e3b req-982e2fec-86f1-4303-9254-4376308d2e3b ] Request (ServersAdminTestJSON:test_inject_network_info): 200 GET http://10.180.1.21/compute/v2.1/servers/afd60b9b-71fe-4133-ad15-26b625cd05a4 1.759s
2025-11-12 20:17:02.610 66062 INFO tempest.lib.common.rest_client [req-27ff232a-c237-4dd4-9e94-76468bf71af8 req-27ff232a-c237-4dd4-9e94-76468bf71af8 ] Request (ImagesMetadataNegativeTestJSON:test_delete_nonexistent_image_metadata_item): 404 DELETE http://10.180.1.21/compute/v2.1/images/0bf66180-06c9-4a0e-8e73-e3394c1eeb81/metadata/os_distro 1.841s
2025-11-12 20:17:02.616 66082 INFO tempest.lib.common.rest_client [req-b4c17d0b-d264-4673-b32b-d055554f92b9 req-b4c17d0b-d264-4673-b32b-d055554f92b9 ] Request (KeyPairsV22TestJSON:tearDownClass): 200 GET http://10.180.1.21/networking/v2.0/security-groups?tenant_id=3bdb72aae62f46bcba5b48853cf67352&name=default 0.312s
2025-11-12 20:17:02.619 66060 INFO tempest.lib.common.rest_client [req-be2e329a-cb4c-49b5-892c-a3ab51f6fd76 req-be2e329a-cb4c-49b5-892c-a3ab51f6fd76 ] Request (TenantUsagesNegativeTestJSON:test_get_usage_tenant_with_invalid_date): 400 GET http://10.180.1.21/compute/v2.1/os-simple-tenant-usage/9c6f4bd13738471882be9a701e34dc3a?start=2025-11-13T20%3A16%3A58.868614&end=2025-11-11T20%3A16%3A58.868614 1.441s
2025-11-12 20:17:02.668 66058 INFO tempest.lib.common.rest_client [req-2cd10fed-8690-45f5-a54c-89ae949293fa req-2cd10fed-8690-45f5-a54c-89ae949293fa ] Request (FloatingIPsAssociationNegativeTestJSON:tearDownClass): 200 GET http://10.180.1.21/compute/v2.1/servers/6eb9227e-dcd3-4d76-9ede-f11d0803bd09 1.547s
2025-11-12 20:17:02.717 66072 INFO tempest.lib.common.rest_client [req-b16c7ace-e3bb-4178-830c-2cebd8794b47 req-b16c7ace-e3bb-4178-830c-2cebd8794b47 ] Request (ServerDiagnosticsV248Test:test_get_server_diagnostics): 200 GET http://10.180.1.21/compute/v2.1/servers/91966869-e4e6-4778-badb-831ccac1b143 1.432s
2025-11-12 20:17:02.724 66082 INFO tempest.lib.common.rest_client [req-0683e76a-c5d6-416a-8fae-cf5ec3c71c25 req-0683e76a-c5d6-416a-8fae-cf5ec3c71c25 ] Request (KeyPairsV22TestJSON:tearDownClass): 204 DELETE http://10.180.1.21/networking/v2.0/security-groups/c0dbb12d-1534-4d81-8777-b34816f8b598 0.107s
2025-11-12 20:17:02.779 66078 WARNING tempest.lib.common.ssh [-] Failed to establish authenticated ssh connection to cirros@10.180.180.189 ([Errno None] Unable to connect to port 22 on 10.180.180.189). Number attempts: 1. Retry after 2 seconds.: paramiko.ssh_exception.NoValidConnectionsError: [Errno None] Unable to connect to port 22 on 10.180.180.189
2025-11-12 20:17:02.798 66082 INFO tempest.lib.common.rest_client [req-b417a578-734a-48ba-b3ae-909f5bc2c405 req-b417a578-734a-48ba-b3ae-909f5bc2c405 ] Request (KeyPairsV22TestJSON:tearDownClass): 204 DELETE http://10.180.1.21/identity/v3/projects/3bdb72aae62f46bcba5b48853cf67352 0.074s
2025-11-12 20:17:02.801 66026 INFO tempest.lib.common.rest_client [req-88db40b1-6b9e-4152-ae00-ddf2ae85a5e6 req-88db40b1-6b9e-4152-ae00-ddf2ae85a5e6 ] Request (FloatingIPsAssociationTestJSON:_run_cleanups): 204 DELETE http://10.180.1.21/compute/v2.1/servers/21be7c7e-7a6f-41b0-9783-ec9e43246e59 1.341s
2025-11-12 20:17:02.858 66022 INFO tempest.lib.common.rest_client [req-00f77948-77ce-474a-a525-73cc73a49d1e req-00f77948-77ce-474a-a525-73cc73a49d1e ] Request (ImagesMetadataTestJSON:setUp): 200 PUT http://10.180.1.21/compute/v2.1/images/5c0eb986-5c00-49ce-b7db-3d1e80079e5d/metadata 1.332s
2025-11-12 20:17:02.871 66082 INFO tempest.lib.common.rest_client [req-b2ea982d-e4b5-4602-9d1c-d6152109f740 req-b2ea982d-e4b5-4602-9d1c-d6152109f740 ] Request (SecurityGroupRulesTestJSON:setUpClass): 201 POST http://10.180.1.21/identity/v3/auth/tokens 0.071s
2025-11-12 20:17:02.905 66082 INFO tempest.lib.common.rest_client [req-61bed1ee-7cf2-4426-ab43-9c839e4d4c7a req-61bed1ee-7cf2-4426-ab43-9c839e4d4c7a ] Request (SecurityGroupRulesTestJSON:setUpClass): 201 POST http://10.180.1.21/identity/v3/auth/tokens 0.031s
2025-11-12 20:17:02.912 66038 INFO tempest.lib.common.rest_client [req-01bad00d-914a-4ccf-8b9e-b3d48c5d7eaf req-01bad00d-914a-4ccf-8b9e-b3d48c5d7eaf ] Request (ServerDiagnosticsTest:test_get_server_diagnostics): 200 GET http://10.180.1.21/compute/v2.1/servers/8aa06b72-0274-43b1-9e81-5f5ed48b6b6b 1.024s
2025-11-12 20:17:02.930 66082 INFO tempest.lib.common.rest_client [req-facc4299-16ef-42e1-aa3d-54c15f227ef9 req-facc4299-16ef-42e1-aa3d-54c15f227ef9 ] Request (SecurityGroupRulesTestJSON:setUpClass): 200 GET http://10.180.1.21/identity/v3/domains?name=Default 0.025s
2025-11-12 20:17:02.959 66082 INFO tempest.lib.common.rest_client [req-7e42a6af-d762-4275-8591-3b17c760eb0d req-7e42a6af-d762-4275-8591-3b17c760eb0d ] Request (SecurityGroupRulesTestJSON:setUpClass): 201 POST http://10.180.1.21/identity/v3/projects 0.028s
2025-11-12 20:17:03.022 66082 INFO tempest.lib.common.rest_client [req-3fe02bff-94dd-4716-9c7c-6596382ddf8e req-3fe02bff-94dd-4716-9c7c-6596382ddf8e ] Request (SecurityGroupRulesTestJSON:setUpClass): 201 POST http://10.180.1.21/identity/v3/users 0.063s
2025-11-12 20:17:03.037 66056 INFO tempest.lib.common.rest_client [req-a31da373-6f94-4535-9947-ee2caa71cf10 req-a31da373-6f94-4535-9947-ee2caa71cf10 ] Request (TenantUsagesTestJSON:setUpClass): 200 GET http://10.180.1.21/compute/v2.1/servers/4e1ea887-30cc-4aef-a356-0c2d6ee255ad 1.023s
2025-11-12 20:17:03.061 66082 INFO tempest.lib.common.rest_client [req-ccab86d1-5583-421c-b97e-9a86d7688965 req-ccab86d1-5583-421c-b97e-9a86d7688965 ] Request (SecurityGroupRulesTestJSON:setUpClass): 200 GET http://10.180.1.21/identity/v3/roles 0.038s
2025-11-12 20:17:03.110 66082 INFO tempest.lib.common.rest_client [req-468443da-15aa-45f7-834b-e2488d4b21ec req-468443da-15aa-45f7-834b-e2488d4b21ec ] Request (SecurityGroupRulesTestJSON:setUpClass): 204 PUT http://10.180.1.21/identity/v3/projects/4d3263feeae348f6aeec352990f0ddba/users/84ef7f5b089a44bbb865637a28726d9f/roles/a74d27dc91184b498eda6bc79d846ae4 0.046s
2025-11-12 20:17:03.110 66082 INFO tempest.lib.common.dynamic_creds [-] Dynamic test user 84ef7f5b089a44bbb865637a28726d9f is created with scope project and roles: ['member']
2025-11-12 20:17:03.110 66082 INFO tempest.lib.common.dynamic_creds [-] Acquired dynamic creds: credentials: Credentials: {'domain_id': 'default', 'domain_name': 'Default', 'username': 'tempest-SecurityGroupRulesTestJSON-1655998520-project-member', 'project_domain_id': 'default', 'project_domain_name': 'Default', 'project_id': '4d3263feeae348f6aeec352990f0ddba', 'project_name': 'tempest-SecurityGroupRulesTestJSON-1655998520', 'tenant_id': '4d3263feeae348f6aeec352990f0ddba', 'tenant_name': 'tempest-SecurityGroupRulesTestJSON-1655998520', 'user_domain_id': 'default', 'user_domain_name': 'Default', 'user_id': '84ef7f5b089a44bbb865637a28726d9f', 'system': None}, Network: None, Subnet: None, Router: None
2025-11-12 20:17:03.162 66028 WARNING tempest.lib.common.ssh [-] Failed to establish authenticated ssh connection to cirros@10.180.180.176 ([Errno None] Unable to connect to port 22 on 10.180.180.176). Number attempts: 2. Retry after 3 seconds.: paramiko.ssh_exception.NoValidConnectionsError: [Errno None] Unable to connect to port 22 on 10.180.180.176
2025-11-12 20:17:03.195 66082 INFO tempest.lib.common.rest_client [req-599cb2d7-a5db-48b6-a016-8499ead5d1f0 req-599cb2d7-a5db-48b6-a016-8499ead5d1f0 ] Request (SecurityGroupRulesTestJSON:setUpClass): 201 POST http://10.180.1.21/identity/v3/auth/tokens 0.085s
2025-11-12 20:17:03.233 66070 INFO tempest.lib.common.rest_client [req-f8241b86-c621-4fe9-a413-600370107f28 req-f8241b86-c621-4fe9-a413-600370107f28 ] Request (FloatingIPDetailsTestJSON:tearDownClass): 202 DELETE http://10.180.1.21/compute/v2.1/os-floating-ips/60d5e1b4-7ed7-4d11-af30-a4f9ab0212d0 1.370s
2025-11-12 20:17:03.258 66042 INFO tempest.lib.common.rest_client [req-707f0b9a-5d67-49ab-bbb0-7b5f8ac3a59f req-707f0b9a-5d67-49ab-bbb0-7b5f8ac3a59f ] Request (SecurityGroupsTestJSON:test_security_groups_create_list_delete): 200 POST http://10.180.1.21/compute/v2.1/os-security-groups 1.226s
2025-11-12 20:17:03.263 66030 INFO tempest.lib.common.rest_client [req-bba58b76-8676-442c-a65c-b6f37b11e5d0 req-bba58b76-8676-442c-a65c-b6f37b11e5d0 ] Request (FlavorsAdminTestJSON:_run_cleanups): 200 GET http://10.180.1.21/compute/v2.1/flavors/detail 1.195s
2025-11-12 20:17:03.264 66054 INFO tempest.lib.common.rest_client [req-4ab57b9a-101d-41fd-a9cc-21452b0e9cb8 req-4ab57b9a-101d-41fd-a9cc-21452b0e9cb8 ] Request (AggregatesAdminNegativeTestJSON:test_aggregate_get_details_as_user): 403 GET http://10.180.1.21/compute/v2.1/os-aggregates/6 1.188s
2025-11-12 20:17:03.270 66048 INFO tempest.lib.common.rest_client [req-dc052240-4884-49e1-9190-742e79a63457 req-dc052240-4884-49e1-9190-742e79a63457 ] Request (ServersAdminNegativeTestJSON:test_reset_state_server_nonexistent_server): 404 POST http://10.180.1.21/compute/v2.1/servers/999/action 1.185s
2025-11-12 20:17:03.290 66066 WARNING tempest.lib.common.ssh [-] Failed to establish authenticated ssh connection to cirros@10.180.180.202 ([Errno None] Unable to connect to port 22 on 10.180.180.202). Number attempts: 5. Retry after 6 seconds.: paramiko.ssh_exception.NoValidConnectionsError: [Errno None] Unable to connect to port 22 on 10.180.180.202
2025-11-12 20:17:03.291 66046 INFO tempest.lib.common.rest_client [req-da3ae9d2-8925-4d13-b2f1-e4e429266cda req-da3ae9d2-8925-4d13-b2f1-e4e429266cda ] Request (FlavorsV2TestJSON:test_list_flavors_with_detail): 200 GET http://10.180.1.21/compute/v2.1/flavors/detail 1.172s
2025-11-12 20:17:03.297 66052 INFO tempest.lib.common.rest_client [req-92b74abe-3e9e-4ebc-992a-3cc220a15c39 req-92b74abe-3e9e-4ebc-992a-3cc220a15c39 ] Request (ListServersNegativeTestJSON:test_list_servers_by_limits_pass_negative_value): 400 GET http://10.180.1.21/compute/v2.1/servers?limit=-1 1.138s
2025-11-12 20:17:03.313 66032 INFO tempest.lib.common.rest_client [req-add18c80-7e5e-414d-a46f-7f89599c2424 req-add18c80-7e5e-414d-a46f-7f89599c2424 ] Request (FlavorsAccessNegativeTestJSON:_run_cleanups): 202 DELETE http://10.180.1.21/compute/v2.1/flavors/2099873644 1.050s
2025-11-12 20:17:03.327 66034 INFO tempest.lib.common.rest_client [req-63b73a77-b9b6-434a-83cd-fce80fa63b7f req-63b73a77-b9b6-434a-83cd-fce80fa63b7f ] Request (ImagesOneServerTestJSON:test_create_delete_image): 200 GET http://10.180.1.21/compute/v2.1/flavors/42 0.868s
2025-11-12 20:17:03.346 66062 INFO tempest.lib.common.rest_client [req-1a235512-92a2-4128-8584-ec6a0ef5e94f req-1a235512-92a2-4128-8584-ec6a0ef5e94f ] Request (ImagesMetadataNegativeTestJSON:test_get_nonexistent_image_metadata_item): 404 GET http://10.180.1.21/compute/v2.1/images/d41656b1-4ce9-466e-9b66-6d28cef776bc/metadata/os_version 0.734s
2025-11-12 20:17:03.448 66060 INFO tempest.lib.common.rest_client [req-d7d340ee-f0fe-448d-a00d-1495afb9a1f6 req-d7d340ee-f0fe-448d-a00d-1495afb9a1f6 ] Request (TenantUsagesNegativeTestJSON:test_list_usage_all_tenants_with_non_admin_user): 403 GET http://10.180.1.21/compute/v2.1/os-simple-tenant-usage?start=2025-11-11T20%3A16%3A58.868614&end=2025-11-13T20%3A16%3A58.868614&detailed=1 0.825s
2025-11-12 20:17:03.522 66060 INFO tempest.lib.common.rest_client [req-e06e4782-e8ae-4ad7-9ce2-498f5dd35060 req-e06e4782-e8ae-4ad7-9ce2-498f5dd35060 ] Request (TenantUsagesNegativeTestJSON:tearDownClass): 204 DELETE http://10.180.1.21/identity/v3/users/3e194e88a6c540d0bbd66ca3c79273b4 0.072s
2025-11-12 20:17:03.523 66082 INFO tempest.lib.common.rest_client [req-6291bd9d-54c1-486d-9633-9e1c4cf6714b req-6291bd9d-54c1-486d-9633-9e1c4cf6714b ] Request (SecurityGroupRulesTestJSON:setUpClass): 201 POST http://10.180.1.21/networking/v2.0/networks 0.327s
2025-11-12 20:17:03.683 66060 INFO tempest.lib.common.rest_client [req-13f95b44-e077-4c23-a473-e14e2a7bd629 req-13f95b44-e077-4c23-a473-e14e2a7bd629 ] Request (TenantUsagesNegativeTestJSON:tearDownClass): 204 DELETE http://10.180.1.21/identity/v3/users/4af9020a619f4afa81ef5e1babf360f9 0.161s
2025-11-12 20:17:03.685 66060 INFO tempest.lib.common.dynamic_creds [-] Deleting project and security group for project: 81b9437cbb6c40a2b57524cb9a3eb33c
2025-11-12 20:17:03.774 66060 INFO tempest.lib.common.rest_client [req-a5e04ef1-4ec5-4d86-8495-6e0ae00bed55 req-a5e04ef1-4ec5-4d86-8495-6e0ae00bed55 ] Request (TenantUsagesNegativeTestJSON:tearDownClass): 201 POST http://10.180.1.21/identity/v3/auth/tokens 0.089s
2025-11-12 20:17:03.826 66082 INFO tempest.lib.common.rest_client [req-480631de-6fb3-4e88-b2b6-6da718c9743b req-480631de-6fb3-4e88-b2b6-6da718c9743b ] Request (SecurityGroupRulesTestJSON:setUpClass): 201 POST http://10.180.1.21/networking/v2.0/subnets 0.302s
2025-11-12 20:17:04.053 66060 INFO tempest.lib.common.rest_client [req-7af337d3-b76a-449b-a23f-b73e07420f2a req-7af337d3-b76a-449b-a23f-b73e07420f2a ] Request (TenantUsagesNegativeTestJSON:tearDownClass): 200 GET http://10.180.1.21/networking/v2.0/security-groups?tenant_id=81b9437cbb6c40a2b57524cb9a3eb33c&name=default 0.278s
2025-11-12 20:17:04.734 66082 INFO tempest.lib.common.rest_client [req-4b31b7b7-3477-4a9b-bbd4-0d04e37ec8da req-4b31b7b7-3477-4a9b-bbd4-0d04e37ec8da ] Request (SecurityGroupRulesTestJSON:setUpClass): 201 POST http://10.180.1.21/networking/v2.0/routers 0.907s
2025-11-12 20:17:04.853 66036 INFO tempest.lib.common.rest_client [req-147bdd95-e40f-4213-b6d4-f094765f35f1 req-147bdd95-e40f-4213-b6d4-f094765f35f1 ] Request (ServerDiskConfigTestJSON:test_rebuild_server_with_manual_disk_config): 202 POST http://10.180.1.21/compute/v2.1/servers 2.723s
2025-11-12 20:17:04.894 66022 INFO tempest.lib.common.rest_client [req-ee7b11eb-7690-42a7-9036-682fd462cd87 req-ee7b11eb-7690-42a7-9036-682fd462cd87 ] Request (ImagesMetadataTestJSON:test_list_image_metadata): 200 GET http://10.180.1.21/compute/v2.1/images/5c0eb986-5c00-49ce-b7db-3d1e80079e5d/metadata 2.034s
2025-11-12 20:17:04.917 66060 INFO tempest.lib.common.rest_client [req-ea020593-5a50-4c7d-a100-1e2e7895e14b req-ea020593-5a50-4c7d-a100-1e2e7895e14b ] Request (TenantUsagesNegativeTestJSON:tearDownClass): 204 DELETE http://10.180.1.21/networking/v2.0/security-groups/ecb22612-ce44-4b5d-b56d-4276b5ce7c37 0.864s
2025-11-12 20:17:05.003 66060 INFO tempest.lib.common.rest_client [req-a343ac73-872d-43c4-8307-a72e0701a719 req-a343ac73-872d-43c4-8307-a72e0701a719 ] Request (TenantUsagesNegativeTestJSON:tearDownClass): 204 DELETE http://10.180.1.21/identity/v3/projects/81b9437cbb6c40a2b57524cb9a3eb33c 0.085s
2025-11-12 20:17:05.003 66060 INFO tempest.lib.common.dynamic_creds [-] Deleting project and security group for project: 9c6f4bd13738471882be9a701e34dc3a
2025-11-12 20:17:05.126 66064 INFO tempest.lib.common.rest_client [req-82179ab7-b746-46fc-bc52-803f3418fec1 req-82179ab7-b746-46fc-bc52-803f3418fec1 ] Request (ImagesNegativeTestJSON:test_create_image_from_deleted_server): 200 GET http://10.180.1.21/compute/v2.1/servers/e1430e70-290e-41d9-af8d-288e06ca398f 2.224s
2025-11-12 20:17:05.142 66064 INFO tempest.common.waiters [-] State transition "ACTIVE/deleting" ==> "DELETED/None" after 4 second wait
2025-11-12 20:17:05.550 66060 INFO tempest.lib.common.rest_client [req-0dad6aa3-7f49-4093-ac54-7fdc6d956875 req-0dad6aa3-7f49-4093-ac54-7fdc6d956875 ] Request (TenantUsagesNegativeTestJSON:tearDownClass): 200 GET http://10.180.1.21/networking/v2.0/security-groups?tenant_id=9c6f4bd13738471882be9a701e34dc3a&name=default 0.546s
2025-11-12 20:17:05.555 66080 INFO paramiko.transport [-] Connected (version 2.0, client dropbear_2020.81)
2025-11-12 20:17:05.621 66080 INFO paramiko.transport [-] Authentication (publickey) successful!
2025-11-12 20:17:05.624 66080 INFO tempest.lib.common.ssh [-] ssh connection to cirros@10.180.180.244 successfully created
2025-11-12 20:17:05.633 66080 INFO tempest.lib.common.ssh [-] Creating ssh connection to '10.180.180.244:22' as 'cirros' with public key authentication
2025-11-12 20:17:05.636 66080 INFO paramiko.transport [-] Connected (version 2.0, client dropbear_2020.81)
2025-11-12 20:17:05.651 66078 WARNING tempest.lib.common.ssh [-] Failed to establish authenticated ssh connection to cirros@10.180.180.189 ([Errno None] Unable to connect to port 22 on 10.180.180.189). Number attempts: 2. Retry after 3 seconds.: paramiko.ssh_exception.NoValidConnectionsError: [Errno None] Unable to connect to port 22 on 10.180.180.189
2025-11-12 20:17:05.740 66080 INFO paramiko.transport [-] Authentication (publickey) successful!
2025-11-12 20:17:05.741 66080 INFO tempest.lib.common.ssh [-] ssh connection to cirros@10.180.180.244 successfully created
2025-11-12 20:17:05.981 66076 WARNING tempest.lib.common.ssh [-] Failed to establish authenticated ssh connection to cirros@10.180.180.251 ([Errno None] Unable to connect to port 22 on 10.180.180.251). Number attempts: 3. Retry after 4 seconds.: paramiko.ssh_exception.NoValidConnectionsError: [Errno None] Unable to connect to port 22 on 10.180.180.251
2025-11-12 20:17:06.075 66082 INFO tempest.lib.common.rest_client [req-bb15e395-c5c2-4afa-80cf-865afa5bfbea req-bb15e395-c5c2-4afa-80cf-865afa5bfbea ] Request (SecurityGroupRulesTestJSON:setUpClass): 200 PUT http://10.180.1.21/networking/v2.0/routers/4fc51ec1-d74a-4ca3-bad2-58516d8759ac/add_router_interface 1.340s
2025-11-12 20:17:06.075 66082 INFO tempest.lib.common.dynamic_creds [-] Created isolated network resources for: credentials: Credentials: {'domain_id': 'default', 'domain_name': 'Default', 'username': 'tempest-SecurityGroupRulesTestJSON-1655998520-project-member', 'project_domain_id': 'default', 'project_domain_name': 'Default', 'project_id': '4d3263feeae348f6aeec352990f0ddba', 'project_name': 'tempest-SecurityGroupRulesTestJSON-1655998520', 'tenant_id': '4d3263feeae348f6aeec352990f0ddba', 'tenant_name': 'tempest-SecurityGroupRulesTestJSON-1655998520', 'user_domain_id': 'default', 'user_domain_name': 'Default', 'user_id': '84ef7f5b089a44bbb865637a28726d9f', 'system': None}, Network: {'id': '6d6e685f-4bfd-4564-ad8b-b1daeec48ab6', 'name': 'tempest-SecurityGroupRulesTestJSON-478376005-network', 'tenant_id': '4d3263feeae348f6aeec352990f0ddba', 'project_id': '4d3263feeae348f6aeec352990f0ddba', 'admin_state_up': True, 'mtu': 8950, 'status': 'ACTIVE', 'subnets': [], 'shared': False, 'port_security_enabled': True, 'router:external': False, 'provider:network_type': 'vlan', 'provider:physical_network': 'default', 'provider:segmentation_id': 492, 'availability_zone_hints': [], 'availability_zones': [], 'ipv4_address_scope': None, 'ipv6_address_scope': None, 'description': '', 'tags': [], 'created_at': '2025-11-12T20:17:03Z', 'updated_at': '2025-11-12T20:17:03Z', 'revision_number': 1}, Subnet: {'id': '0aab61b6-4d8a-4eea-80eb-2dfe2f1033cc', 'name': 'tempest-SecurityGroupRulesTestJSON-478376005-subnet', 'tenant_id': '4d3263feeae348f6aeec352990f0ddba', 'network_id': '6d6e685f-4bfd-4564-ad8b-b1daeec48ab6', 'ip_version': 4, 'subnetpool_id': None, 'enable_dhcp': True, 'ipv6_ra_mode': None, 'ipv6_address_mode': None, 'gateway_ip': '192.168.128.1', 'cidr': '192.168.128.0/28', 'allocation_pools': [{'start': '192.168.128.2', 'end': '192.168.128.14'}], 'host_routes': [], 'dns_nameservers': [], 'description': '', 'router:external': False, 'service_types': [], 'tags': [], 'created_at': '2025-11-12T20:17:03Z', 'updated_at': '2025-11-12T20:17:03Z', 'revision_number': 0, 'project_id': '4d3263feeae348f6aeec352990f0ddba'}, Router: {'id': '4fc51ec1-d74a-4ca3-bad2-58516d8759ac', 'name': 'tempest-SecurityGroupRulesTestJSON-478376005-router', 'tenant_id': '4d3263feeae348f6aeec352990f0ddba', 'admin_state_up': True, 'status': 'ACTIVE', 'external_gateway_info': {'network_id': '8cb7b8ee-36c3-4d67-8862-c6830d288307', 'external_fixed_ips': [{'subnet_id': 'fd271b62-b538-4031-8db8-bfb92a7f0d79', 'ip_address': '10.180.180.215'}], 'enable_snat': True}, 'description': '', 'availability_zones': [], 'distributed': False, 'ha': False, 'availability_zone_hints': [], 'routes': [], 'flavor_id': None, 'tags': [], 'created_at': '2025-11-12T20:17:03Z', 'updated_at': '2025-11-12T20:17:04Z', 'revision_number': 2, 'project_id': '4d3263feeae348f6aeec352990f0ddba'}
2025-11-12 20:17:06.187 66082 INFO tempest.lib.common.rest_client [req-2f833794-d881-4e68-8169-dbd9609872c9 req-2f833794-d881-4e68-8169-dbd9609872c9 ] Request (SecurityGroupRulesTestJSON:setUpClass): 201 POST http://10.180.1.21/identity/v3/auth/tokens 0.106s
2025-11-12 20:17:06.192 66060 INFO tempest.lib.common.rest_client [req-c1312a1b-397a-46c8-9329-5a6616c814a7 req-c1312a1b-397a-46c8-9329-5a6616c814a7 ] Request (TenantUsagesNegativeTestJSON:tearDownClass): 204 DELETE http://10.180.1.21/networking/v2.0/security-groups/c9ccf8be-fc8e-40a2-a02a-82d29ce7ea94 0.642s
2025-11-12 20:17:06.354 66060 INFO tempest.lib.common.rest_client [req-0ce6eb71-d8d6-44a9-af22-2557089e663d req-0ce6eb71-d8d6-44a9-af22-2557089e663d ] Request (TenantUsagesNegativeTestJSON:tearDownClass): 204 DELETE http://10.180.1.21/identity/v3/projects/9c6f4bd13738471882be9a701e34dc3a 0.161s
2025-11-12 20:17:06.434 66060 INFO tempest.lib.common.rest_client [req-4f3ac671-54aa-4231-a293-b1adbfc965ae req-4f3ac671-54aa-4231-a293-b1adbfc965ae ] Request (KeyPairsV2TestJSON:setUpClass): 201 POST http://10.180.1.21/identity/v3/auth/tokens 0.078s
2025-11-12 20:17:06.482 66060 INFO tempest.lib.common.rest_client [req-0c6d8897-ba85-4fd3-b77e-d16106bcfd8e req-0c6d8897-ba85-4fd3-b77e-d16106bcfd8e ] Request (KeyPairsV2TestJSON:setUpClass): 201 POST http://10.180.1.21/identity/v3/auth/tokens 0.042s
2025-11-12 20:17:06.511 66060 INFO tempest.lib.common.rest_client [req-accf3d4c-41cb-4969-8b89-89b642a5679f req-accf3d4c-41cb-4969-8b89-89b642a5679f ] Request (KeyPairsV2TestJSON:setUpClass): 200 GET http://10.180.1.21/identity/v3/domains?name=Default 0.029s
2025-11-12 20:17:06.546 66060 INFO tempest.lib.common.rest_client [req-750a3e7a-1217-4581-83c4-9f92473165cc req-750a3e7a-1217-4581-83c4-9f92473165cc ] Request (KeyPairsV2TestJSON:setUpClass): 201 POST http://10.180.1.21/identity/v3/projects 0.034s
2025-11-12 20:17:06.625 66060 INFO tempest.lib.common.rest_client [req-b8470837-acb9-419b-a680-975f356597ae req-b8470837-acb9-419b-a680-975f356597ae ] Request (KeyPairsV2TestJSON:setUpClass): 201 POST http://10.180.1.21/identity/v3/users 0.078s
2025-11-12 20:17:06.652 66060 INFO tempest.lib.common.rest_client [req-b6a48cd3-256b-4072-8204-bfcca19d251c req-b6a48cd3-256b-4072-8204-bfcca19d251c ] Request (KeyPairsV2TestJSON:setUpClass): 200 GET http://10.180.1.21/identity/v3/roles 0.027s
2025-11-12 20:17:06.686 66060 INFO tempest.lib.common.rest_client [req-ba457301-dd32-4be8-be69-afae1442b5c1 req-ba457301-dd32-4be8-be69-afae1442b5c1 ] Request (KeyPairsV2TestJSON:setUpClass): 204 PUT http://10.180.1.21/identity/v3/projects/4b0a3decd8574ff1a9a14135ff584882/users/f3ff4638a729479e9822b361aec9e6ca/roles/a74d27dc91184b498eda6bc79d846ae4 0.033s
2025-11-12 20:17:06.686 66060 INFO tempest.lib.common.dynamic_creds [-] Dynamic test user f3ff4638a729479e9822b361aec9e6ca is created with scope project and roles: ['member']
2025-11-12 20:17:06.686 66060 INFO tempest.lib.common.dynamic_creds [-] Acquired dynamic creds: credentials: Credentials: {'domain_id': 'default', 'domain_name': 'Default', 'username': 'tempest-KeyPairsV2TestJSON-111845230-project-member', 'project_domain_id': 'default', 'project_domain_name': 'Default', 'project_id': '4b0a3decd8574ff1a9a14135ff584882', 'project_name': 'tempest-KeyPairsV2TestJSON-111845230', 'tenant_id': '4b0a3decd8574ff1a9a14135ff584882', 'tenant_name': 'tempest-KeyPairsV2TestJSON-111845230', 'user_domain_id': 'default', 'user_domain_name': 'Default', 'user_id': 'f3ff4638a729479e9822b361aec9e6ca', 'system': None}, Network: None, Subnet: None, Router: None
2025-11-12 20:17:06.686 66060 INFO tempest.lib.common.dynamic_creds [-] Created isolated network resources for: credentials: Credentials: {'domain_id': 'default', 'domain_name': 'Default', 'username': 'tempest-KeyPairsV2TestJSON-111845230-project-member', 'project_domain_id': 'default', 'project_domain_name': 'Default', 'project_id': '4b0a3decd8574ff1a9a14135ff584882', 'project_name': 'tempest-KeyPairsV2TestJSON-111845230', 'tenant_id': '4b0a3decd8574ff1a9a14135ff584882', 'tenant_name': 'tempest-KeyPairsV2TestJSON-111845230', 'user_domain_id': 'default', 'user_domain_name': 'Default', 'user_id': 'f3ff4638a729479e9822b361aec9e6ca', 'system': None}, Network: None, Subnet: None, Router: None
2025-11-12 20:17:06.760 66060 INFO tempest.lib.common.rest_client [req-d59f0dd4-077e-4193-9b79-86ebb392d856 req-d59f0dd4-077e-4193-9b79-86ebb392d856 ] Request (KeyPairsV2TestJSON:setUpClass): 201 POST http://10.180.1.21/identity/v3/auth/tokens 0.070s
2025-11-12 20:17:06.800 66070 INFO tempest.lib.common.rest_client [req-4cd30e4a-8378-4a59-b2a4-e74bcf8c6bb6 req-4cd30e4a-8378-4a59-b2a4-e74bcf8c6bb6 ] Request (FloatingIPDetailsTestJSON:tearDownClass): 202 DELETE http://10.180.1.21/compute/v2.1/os-floating-ips/572cb7e2-43ae-48a6-a523-8b4effa746f7 3.567s
2025-11-12 20:17:07.519 66070 INFO tempest.lib.common.rest_client [req-d0765133-3121-42a4-a003-ab0959b9be08 req-d0765133-3121-42a4-a003-ab0959b9be08 ] Request (FloatingIPDetailsTestJSON:tearDownClass): 200 PUT http://10.180.1.21/networking/v2.0/routers/bb7076ff-cd3c-4b17-b537-6841494b09dd/remove_router_interface 0.718s
2025-11-12 20:17:07.571 66026 INFO tempest.lib.common.rest_client [req-de5a23de-0b00-43ca-86df-2152a3d6b4d5 req-de5a23de-0b00-43ca-86df-2152a3d6b4d5 ] Request (FloatingIPsAssociationTestJSON:test_associate_disassociate_floating_ip): 202 POST http://10.180.1.21/compute/v2.1/servers/9d789683-0656-48e3-b86c-747a7bc697a7/action 4.769s
2025-11-12 20:17:07.588 66044 INFO tempest.lib.common.rest_client [req-b254ac0d-16f4-41d6-b0a6-f93ff1cbaa83 req-b254ac0d-16f4-41d6-b0a6-f93ff1cbaa83 ] Request (InstanceActionsV221TestJSON:test_get_list_deleted_instance_actions): 200 GET http://10.180.1.21/compute/v2.1/servers/9b148295-a767-4449-9485-b3eb760ae257 4.326s
2025-11-12 20:17:07.613 66054 INFO tempest.lib.common.rest_client [req-c2be4415-0b65-4c7e-9295-13b06dbbca85 req-c2be4415-0b65-4c7e-9295-13b06dbbca85 ] Request (AggregatesAdminNegativeTestJSON:_run_cleanups): 200 DELETE http://10.180.1.21/compute/v2.1/os-aggregates/6 4.348s
2025-11-12 20:17:07.641 66030 INFO tempest.lib.common.rest_client [req-bc5354ee-0066-4e04-911b-810c49b3eba7 req-bc5354ee-0066-4e04-911b-810c49b3eba7 ] Request (FlavorsAdminTestJSON:test_is_public_string_variations): 200 POST http://10.180.1.21/compute/v2.1/flavors 4.371s
2025-11-12 20:17:07.787 66048 INFO tempest.lib.common.rest_client [req-815b1e0a-a140-482c-9516-7dcc30e1ae38 req-815b1e0a-a140-482c-9516-7dcc30e1ae38 ] Request (ServersAdminNegativeTestJSON:test_resize_server_using_overlimit_ram): 200 GET http://10.180.1.21/compute/v2.1/os-quota-sets/d98f42be1e5e43998bf8f4f4c0f2e119 4.514s
2025-11-12 20:17:07.802 66046 INFO tempest.lib.common.rest_client [req-40827fb4-6191-4698-98f2-a3470fafadce req-40827fb4-6191-4698-98f2-a3470fafadce ] Request (FlavorsV2TestJSON:test_list_flavors_with_detail): 200 GET http://10.180.1.21/compute/v2.1/flavors/42 4.503s
2025-11-12 20:17:07.807 66052 INFO tempest.lib.common.rest_client [req-1f393894-351b-47f9-8a14-74d9cbbe2f07 req-1f393894-351b-47f9-8a14-74d9cbbe2f07 ] Request (ListServersNegativeTestJSON:test_list_servers_by_limits_pass_string): 400 GET http://10.180.1.21/compute/v2.1/servers?limit=testing 4.506s
2025-11-12 20:17:07.831 66032 INFO tempest.lib.common.rest_client [req-7d64a13b-8e8f-4dec-bf97-2715377cba2c req-7d64a13b-8e8f-4dec-bf97-2715377cba2c ] Request (FlavorsAccessNegativeTestJSON:_run_cleanups): 200 GET http://10.180.1.21/compute/v2.1/flavors/detail 4.518s
2025-11-12 20:17:07.975 66046 INFO tempest.lib.common.rest_client [req-dec0d7b1-64e4-4e9e-908e-2b089e2526c9 req-dec0d7b1-64e4-4e9e-908e-2b089e2526c9 ] Request (FlavorsV2TestJSON:tearDownClass): 204 DELETE http://10.180.1.21/identity/v3/users/833246dab17a4c88b7f667d017f03067 0.169s
2025-11-12 20:17:07.975 66032 INFO tempest.lib.common.rest_client [req-595b1752-ddcd-4c8f-8b5c-17f98c47686b req-595b1752-ddcd-4c8f-8b5c-17f98c47686b ] Request (FlavorsAccessNegativeTestJSON:tearDownClass): 204 DELETE http://10.180.1.21/identity/v3/users/d8712df60caf4b749309aaac67b86cf3 0.136s
2025-11-12 20:17:07.975 66046 INFO tempest.lib.common.dynamic_creds [-] Deleting project and security group for project: bfe7702bea9c487d99ab35a59731afa1
2025-11-12 20:17:08.011 66034 INFO tempest.lib.common.rest_client [req-100a25ff-10cd-4e10-8469-213e050b77bb req-100a25ff-10cd-4e10-8469-213e050b77bb ] Request (ImagesOneServerTestJSON:test_create_delete_image): 204 DELETE http://10.180.1.21/compute/v2.1/images/99a7cc33-a1f9-44c1-a973-41d8c2f6e004 4.682s
2025-11-12 20:17:08.029 66042 INFO tempest.lib.common.rest_client [req-fe5aca48-4541-4719-980b-761b99633870 req-fe5aca48-4541-4719-980b-761b99633870 ] Request (SecurityGroupsTestJSON:test_security_groups_create_list_delete): 200 POST http://10.180.1.21/compute/v2.1/os-security-groups 4.766s
2025-11-12 20:17:08.041 66062 INFO tempest.lib.common.rest_client [req-cc569064-d518-4730-8195-166b72e865f6 req-cc569064-d518-4730-8195-166b72e865f6 ] Request (ImagesMetadataNegativeTestJSON:test_list_nonexistent_image_metadata): 404 GET http://10.180.1.21/compute/v2.1/images/ad1a8455-8456-4e49-b464-c42fa2d30491/metadata 4.694s
2025-11-12 20:17:08.064 66046 INFO tempest.lib.common.rest_client [req-037a0ff9-c2f9-4fd0-9950-e75b8b45587a req-037a0ff9-c2f9-4fd0-9950-e75b8b45587a ] Request (FlavorsV2TestJSON:tearDownClass): 201 POST http://10.180.1.21/identity/v3/auth/tokens 0.088s
2025-11-12 20:17:08.138 66070 INFO tempest.lib.common.rest_client [req-9e5b90af-78f3-4052-bf20-fbe474c54809 req-9e5b90af-78f3-4052-bf20-fbe474c54809 ] Request (FloatingIPDetailsTestJSON:tearDownClass): 204 DELETE http://10.180.1.21/networking/v2.0/routers/bb7076ff-cd3c-4b17-b537-6841494b09dd 0.618s
2025-11-12 20:17:08.175 66032 INFO tempest.lib.common.rest_client [req-99ba0522-ed39-4f89-8664-c259e98a9fa3 req-99ba0522-ed39-4f89-8664-c259e98a9fa3 ] Request (FlavorsAccessNegativeTestJSON:tearDownClass): 204 DELETE http://10.180.1.21/identity/v3/users/40c65e6ea69749b78f55a8c5bc6ff2cb 0.199s
2025-11-12 20:17:08.277 66032 INFO tempest.lib.common.rest_client [req-62918afa-7097-44d7-993a-0bdd89e33f33 req-62918afa-7097-44d7-993a-0bdd89e33f33 ] Request (FlavorsAccessNegativeTestJSON:tearDownClass): 204 DELETE http://10.180.1.21/identity/v3/users/e0419af64394468da5c9bff7eeb65b18 0.101s
2025-11-12 20:17:08.278 66032 INFO tempest.lib.common.dynamic_creds [-] Deleting project and security group for project: 2b9a4a1b96e04af5afad3bac2140c6c1
2025-11-12 20:17:08.356 66032 INFO tempest.lib.common.rest_client [req-81cf97b3-23f6-4939-ae2c-a8eea6acac91 req-81cf97b3-23f6-4939-ae2c-a8eea6acac91 ] Request (FlavorsAccessNegativeTestJSON:tearDownClass): 201 POST http://10.180.1.21/identity/v3/auth/tokens 0.078s
2025-11-12 20:17:08.373 66046 INFO tempest.lib.common.rest_client [req-3c21c9ae-6b7c-4539-a4a8-8113eaa3badc req-3c21c9ae-6b7c-4539-a4a8-8113eaa3badc ] Request (FlavorsV2TestJSON:tearDownClass): 200 GET http://10.180.1.21/networking/v2.0/security-groups?tenant_id=bfe7702bea9c487d99ab35a59731afa1&name=default 0.308s
2025-11-12 20:17:08.416 66070 INFO tempest.lib.common.rest_client [req-e03dc900-ab74-4f10-8300-bf52714da32d req-e03dc900-ab74-4f10-8300-bf52714da32d ] Request (FloatingIPDetailsTestJSON:tearDownClass): 204 DELETE http://10.180.1.21/networking/v2.0/subnets/6400cefc-ca5b-4bf2-b305-c6820920e2da 0.278s
2025-11-12 20:17:08.426 66040 INFO tempest.lib.common.rest_client [req-a9d5f52b-24f5-4b65-b4b2-d7ea6c03e179 req-a9d5f52b-24f5-4b65-b4b2-d7ea6c03e179 ] Request (MigrationsAdminTest:test_list_migrations_in_flavor_resize_situation): 200 GET http://10.180.1.21/compute/v2.1/servers/b4033c80-be9c-4753-a7d8-d3edd36dd31e 5.011s
2025-11-12 20:17:08.438 66040 INFO tempest.common.waiters [-] State transition "BUILD/spawning" ==> "ACTIVE/None" after 26 second wait
2025-11-12 20:17:08.448 66024 INFO tempest.lib.common.rest_client [req-c5795007-950c-47ed-8cd2-567bca8b6996 req-c5795007-950c-47ed-8cd2-567bca8b6996 ] Request (DeleteServersAdminTestJSON:test_delete_server_while_in_error_state): 200 GET http://10.180.1.21/compute/v2.1/servers/4ba05e21-99c4-4519-be86-d8eb63470422 5.009s
2025-11-12 20:17:08.456 66024 INFO tempest.common.waiters [-] State transition "BUILD/spawning" ==> "ACTIVE/None" after 34 second wait
2025-11-12 20:17:08.535 66046 INFO tempest.lib.common.rest_client [req-3c04eaf6-931e-467a-a16c-eed2dd648b56 req-3c04eaf6-931e-467a-a16c-eed2dd648b56 ] Request (FlavorsV2TestJSON:tearDownClass): 204 DELETE http://10.180.1.21/networking/v2.0/security-groups/863e872b-4654-4a0b-9c93-5d9ce4ef60ca 0.162s
2025-11-12 20:17:08.610 66046 INFO tempest.lib.common.rest_client [req-fb6adf39-88d7-465f-acce-c1264cd8f006 req-fb6adf39-88d7-465f-acce-c1264cd8f006 ] Request (FlavorsV2TestJSON:tearDownClass): 204 DELETE http://10.180.1.21/identity/v3/projects/bfe7702bea9c487d99ab35a59731afa1 0.074s
2025-11-12 20:17:08.616 66032 INFO tempest.lib.common.rest_client [req-6b9a90af-0150-4a69-abc0-c6e10e565364 req-6b9a90af-0150-4a69-abc0-c6e10e565364 ] Request (FlavorsAccessNegativeTestJSON:tearDownClass): 200 GET http://10.180.1.21/networking/v2.0/security-groups?tenant_id=2b9a4a1b96e04af5afad3bac2140c6c1&name=default 0.259s
2025-11-12 20:17:08.692 66046 INFO tempest.lib.common.rest_client [req-06412762-ecf9-48df-a0d4-72e5ad75c922 req-06412762-ecf9-48df-a0d4-72e5ad75c922 ] Request (AttachInterfacesUnderV243Test:setUpClass): 201 POST http://10.180.1.21/identity/v3/auth/tokens 0.080s
2025-11-12 20:17:08.697 66068 INFO tempest.lib.common.rest_client [req-382c2425-a2ac-435d-b379-b0b5ecb31e22 req-382c2425-a2ac-435d-b379-b0b5ecb31e22 ] Request (ServersAdminTestJSON:test_inject_network_info): 200 GET http://10.180.1.21/compute/v2.1/servers/afd60b9b-71fe-4133-ad15-26b625cd05a4 5.111s
2025-11-12 20:17:08.726 66058 INFO tempest.lib.common.rest_client [req-34d3f0df-4a38-410d-b7ea-c2ebbbb65608 req-34d3f0df-4a38-410d-b7ea-c2ebbbb65608 ] Request (FloatingIPsAssociationNegativeTestJSON:tearDownClass): 404 GET http://10.180.1.21/compute/v2.1/servers/6eb9227e-dcd3-4d76-9ede-f11d0803bd09 5.049s
2025-11-12 20:17:08.738 66046 INFO tempest.lib.common.rest_client [req-b355b64f-7263-4312-bfc6-23677c5b3841 req-b355b64f-7263-4312-bfc6-23677c5b3841 ] Request (AttachInterfacesUnderV243Test:setUpClass): 201 POST http://10.180.1.21/identity/v3/auth/tokens 0.042s
2025-11-12 20:17:08.779 66046 INFO tempest.lib.common.rest_client [req-3378c419-6f01-44e1-b031-4779d22c017e req-3378c419-6f01-44e1-b031-4779d22c017e ] Request (AttachInterfacesUnderV243Test:setUpClass): 200 GET http://10.180.1.21/identity/v3/domains?name=Default 0.041s
2025-11-12 20:17:08.821 66046 INFO tempest.lib.common.rest_client [req-b8c6eeb8-fe21-465f-a28b-ce892793343c req-b8c6eeb8-fe21-465f-a28b-ce892793343c ] Request (AttachInterfacesUnderV243Test:setUpClass): 201 POST http://10.180.1.21/identity/v3/projects 0.041s
2025-11-12 20:17:08.824 66032 INFO tempest.lib.common.rest_client [req-b10c5901-28bb-4452-9a91-08c26af6b18d req-b10c5901-28bb-4452-9a91-08c26af6b18d ] Request (FlavorsAccessNegativeTestJSON:tearDownClass): 204 DELETE http://10.180.1.21/networking/v2.0/security-groups/05316bab-c2fa-4eaf-b39f-912d4bf6fb00 0.207s
2025-11-12 20:17:08.854 66050 INFO tempest.lib.common.rest_client [req-bf914e0f-8377-437a-8e92-ba7401bf0276 req-bf914e0f-8377-437a-8e92-ba7401bf0276 ] Request (ServerDiagnosticsNegativeTest:test_get_server_diagnostics_by_non_admin): 200 GET http://10.180.1.21/compute/v2.1/servers/97c6779e-1af0-4e3f-9997-c079168d9e5e 5.330s
2025-11-12 20:17:08.862 66070 INFO tempest.lib.common.rest_client [req-b334cabc-b942-4012-b138-0dfb704a9016 req-b334cabc-b942-4012-b138-0dfb704a9016 ] Request (FloatingIPDetailsTestJSON:tearDownClass): 204 DELETE http://10.180.1.21/networking/v2.0/networks/e5d040e5-9fa5-438f-a19a-9f4d733f35c2 0.445s
2025-11-12 20:17:08.862 66050 INFO tempest.common.waiters [-] State transition "BUILD/None" ==> "BUILD/spawning" after 18 second wait
2025-11-12 20:17:08.890 66072 INFO tempest.lib.common.rest_client [req-a1a892fd-ec47-4b66-b7b6-fd18d73f3cd3 req-a1a892fd-ec47-4b66-b7b6-fd18d73f3cd3 ] Request (ServerDiagnosticsV248Test:test_get_server_diagnostics): 200 GET http://10.180.1.21/compute/v2.1/servers/91966869-e4e6-4778-badb-831ccac1b143 5.155s
2025-11-12 20:17:08.895 66046 INFO tempest.lib.common.rest_client [req-bec5c522-b50c-4d9d-ab24-bb9f329c7fc0 req-bec5c522-b50c-4d9d-ab24-bb9f329c7fc0 ] Request (AttachInterfacesUnderV243Test:setUpClass): 201 POST http://10.180.1.21/identity/v3/users 0.073s
2025-11-12 20:17:08.941 66032 INFO tempest.lib.common.rest_client [req-6a04a472-14f8-4312-81a2-5121a32a16aa req-6a04a472-14f8-4312-81a2-5121a32a16aa ] Request (FlavorsAccessNegativeTestJSON:tearDownClass): 204 DELETE http://10.180.1.21/identity/v3/projects/2b9a4a1b96e04af5afad3bac2140c6c1 0.117s
2025-11-12 20:17:08.942 66032 INFO tempest.lib.common.dynamic_creds [-] Deleting project and security group for project: 4ecae17512544e53afbe7bcbc965cb02
2025-11-12 20:17:08.951 66038 INFO tempest.lib.common.rest_client [req-e65baee1-ce70-4d83-adf8-d8cbde453cdc req-e65baee1-ce70-4d83-adf8-d8cbde453cdc ] Request (ServerDiagnosticsTest:test_get_server_diagnostics): 200 GET http://10.180.1.21/compute/v2.1/servers/8aa06b72-0274-43b1-9e81-5f5ed48b6b6b 5.031s
2025-11-12 20:17:08.984 66070 INFO tempest.lib.common.rest_client [req-dc209751-ca3f-497a-a8c8-ffcaef90960a req-dc209751-ca3f-497a-a8c8-ffcaef90960a ] Request (FloatingIPDetailsTestJSON:tearDownClass): 204 DELETE http://10.180.1.21/identity/v3/users/f71e9aeab85e4b42a76ca2bc91807582 0.122s
2025-11-12 20:17:08.984 66070 INFO tempest.lib.common.dynamic_creds [-] Deleting project and security group for project: 8b80e0ef6d6b474caff916db04f3c278
2025-11-12 20:17:09.041 66046 INFO tempest.lib.common.rest_client [req-c3f68e49-0fa1-4e0b-9643-722456fe76b7 req-c3f68e49-0fa1-4e0b-9643-722456fe76b7 ] Request (AttachInterfacesUnderV243Test:setUpClass): 200 GET http://10.180.1.21/identity/v3/roles 0.145s
