2025-11-12 20:17:40.660 66034 INFO tempest.lib.common.rest_client [req-6b4eff12-30ae-49f5-9f33-b93a9e930da0 req-6b4eff12-30ae-49f5-9f33-b93a9e930da0 ] Request (ImagesOneServerTestJSON:test_create_image_specify_multibyte_character_image_name): 200 GET http://10.180.1.21/compute/v2.1/images/45295e20-4fb9-49ce-83fe-dd11b5d6576c 3.083s
2025-11-12 20:17:40.737 66064 INFO tempest.lib.common.rest_client [req-0f44bcc0-dd54-48d5-bc27-9329bdf826c0 req-0f44bcc0-dd54-48d5-bc27-9329bdf826c0 ] Request (ImagesNegativeTestJSON:tearDownClass): 204 DELETE http://10.180.1.21/identity/v3/users/7e7baab13a1a483ba24fee1bb1d7fb6a 0.214s
2025-11-12 20:17:40.737 66064 INFO tempest.lib.common.dynamic_creds [-] Deleting project and security group for project: 88dd4e92fcca4d989340e9631684d7a5
2025-11-12 20:17:40.747 66054 INFO tempest.lib.common.rest_client [req-c5f09009-0fd3-41ef-b296-b7633bce7d25 req-c5f09009-0fd3-41ef-b296-b7633bce7d25 ] Request (AZAdminNegativeTestJSON:tearDownClass): 204 DELETE http://10.180.1.21/identity/v3/users/965b3328c2994afe87222b6201d58980 0.142s
2025-11-12 20:17:40.838 66064 INFO tempest.lib.common.rest_client [req-c12730b4-7eb7-40e7-9fe8-8d3e8460938a req-c12730b4-7eb7-40e7-9fe8-8d3e8460938a ] Request (ImagesNegativeTestJSON:tearDownClass): 200 GET http://10.180.1.21/networking/v2.0/security-groups?tenant_id=88dd4e92fcca4d989340e9631684d7a5&name=default 0.101s
2025-11-12 20:17:40.877 66040 INFO tempest.lib.common.rest_client [req-11c61364-28e0-45c0-ba15-f139a3984bb0 req-11c61364-28e0-45c0-ba15-f139a3984bb0 ] Request (MigrationsAdminTest:test_list_migrations_in_flavor_resize_situation): 200 GET http://10.180.1.21/compute/v2.1/servers/b4033c80-be9c-4753-a7d8-d3edd36dd31e 2.769s
2025-11-12 20:17:40.885 66040 INFO tempest.common.waiters [-] State transition "RESIZE/resize_migrating" ==> "RESIZE/resize_migrated" after 24 second wait
2025-11-12 20:17:41.005 66064 INFO tempest.lib.common.rest_client [req-4ab58a25-1799-40a8-a7b8-747a8b20b650 req-4ab58a25-1799-40a8-a7b8-747a8b20b650 ] Request (ImagesNegativeTestJSON:tearDownClass): 204 DELETE http://10.180.1.21/networking/v2.0/security-groups/ed5cbe0d-89c0-4a60-a0bb-34e4ed72e9d3 0.166s
2025-11-12 20:17:41.028 66054 INFO tempest.lib.common.rest_client [req-43fb27f1-c082-4787-a6bd-e225c877fc08 req-43fb27f1-c082-4787-a6bd-e225c877fc08 ] Request (AZAdminNegativeTestJSON:tearDownClass): 204 DELETE http://10.180.1.21/identity/v3/users/e43e882487e542e9a50b6e1c2da095c2 0.280s
2025-11-12 20:17:41.028 66054 INFO tempest.lib.common.dynamic_creds [-] Deleting project and security group for project: 531b1c17670b455ab5d41695f662ab45
2025-11-12 20:17:41.078 66046 INFO tempest.lib.common.rest_client [req-5f142550-c21d-47ae-b1be-a48fb764ded9 req-5f142550-c21d-47ae-b1be-a48fb764ded9 ] Request (AttachInterfacesUnderV243Test:test_add_remove_fixed_ip): 200 GET http://10.180.1.21/compute/v2.1/servers/f71f64a0-cd74-43a2-b75e-6d0892e28992 2.952s
2025-11-12 20:17:41.104 66054 INFO tempest.lib.common.rest_client [req-928bcb5b-5e97-433c-b5b4-e7e0b3c3a63f req-928bcb5b-5e97-433c-b5b4-e7e0b3c3a63f ] Request (AZAdminNegativeTestJSON:tearDownClass): 201 POST http://10.180.1.21/identity/v3/auth/tokens 0.075s
2025-11-12 20:17:41.148 66064 INFO tempest.lib.common.rest_client [req-39e6777b-bd7d-48ae-be19-e8a49c59920e req-39e6777b-bd7d-48ae-be19-e8a49c59920e ] Request (ImagesNegativeTestJSON:tearDownClass): 204 DELETE http://10.180.1.21/identity/v3/projects/88dd4e92fcca4d989340e9631684d7a5 0.142s
2025-11-12 20:17:41.218 66064 INFO tempest.lib.common.rest_client [req-7173367c-22a9-48e5-ab69-ad42b6a2c34f req-7173367c-22a9-48e5-ab69-ad42b6a2c34f ] Request (ServerGroup264TestJSON:setUpClass): 201 POST http://10.180.1.21/identity/v3/auth/tokens 0.069s
2025-11-12 20:17:41.253 66064 INFO tempest.lib.common.rest_client [req-1aabdebd-90d4-43e0-b38e-205711863a48 req-1aabdebd-90d4-43e0-b38e-205711863a48 ] Request (ServerGroup264TestJSON:setUpClass): 201 POST http://10.180.1.21/identity/v3/auth/tokens 0.030s
2025-11-12 20:17:41.258 66080 INFO tempest.lib.common.rest_client [req-6f29ea79-f28d-4625-8745-ad27168a86b8 req-6f29ea79-f28d-4625-8745-ad27168a86b8 ] Request (ServersTestMultiNic:test_verify_duplicate_network_nics): 202 POST http://10.180.1.21/compute/v2.1/servers 4.231s
2025-11-12 20:17:41.291 66064 INFO tempest.lib.common.rest_client [req-a3a3c290-5deb-4c1a-9951-61678ef4158b req-a3a3c290-5deb-4c1a-9951-61678ef4158b ] Request (ServerGroup264TestJSON:setUpClass): 200 GET http://10.180.1.21/identity/v3/domains?name=Default 0.038s
2025-11-12 20:17:41.334 66064 INFO tempest.lib.common.rest_client [req-44b5d11d-9b6e-4fbc-ad4e-2caad27c6bc1 req-44b5d11d-9b6e-4fbc-ad4e-2caad27c6bc1 ] Request (ServerGroup264TestJSON:setUpClass): 201 POST http://10.180.1.21/identity/v3/projects 0.043s
2025-11-12 20:17:41.353 66062 INFO tempest.lib.common.rest_client [req-261ff180-8888-4381-80b8-45d010a3085a req-261ff180-8888-4381-80b8-45d010a3085a ] Request (ImagesOneServerNegativeTestJSON:setUpClass): 200 GET http://10.180.1.21/compute/v2.1/servers/ba573e86-38ae-4d22-bb45-f1b78c266a19 2.826s
2025-11-12 20:17:41.384 66056 INFO tempest.lib.common.rest_client [req-eb8a6f31-a63c-4f52-b7f4-dacb314b3850 req-eb8a6f31-a63c-4f52-b7f4-dacb314b3850 ] Request (TenantUsagesTestJSON:tearDownClass): 404 GET http://10.180.1.21/compute/v2.1/servers/4e1ea887-30cc-4aef-a356-0c2d6ee255ad 2.839s
2025-11-12 20:17:41.395 66054 INFO tempest.lib.common.rest_client [req-32df9ef3-ed1f-41c1-9af6-2fdfc72e999e req-32df9ef3-ed1f-41c1-9af6-2fdfc72e999e ] Request (AZAdminNegativeTestJSON:tearDownClass): 200 GET http://10.180.1.21/networking/v2.0/security-groups?tenant_id=531b1c17670b455ab5d41695f662ab45&name=default 0.291s
2025-11-12 20:17:41.427 66064 INFO tempest.lib.common.rest_client [req-ac1e60db-3ce9-4798-b172-2f2684be7c47 req-ac1e60db-3ce9-4798-b172-2f2684be7c47 ] Request (ServerGroup264TestJSON:setUpClass): 201 POST http://10.180.1.21/identity/v3/users 0.092s
2025-11-12 20:17:41.501 66054 INFO tempest.lib.common.rest_client [req-f9510b5c-9dc8-43bf-a2c2-b8a924f1cef4 req-f9510b5c-9dc8-43bf-a2c2-b8a924f1cef4 ] Request (AZAdminNegativeTestJSON:tearDownClass): 204 DELETE http://10.180.1.21/networking/v2.0/security-groups/fb3de05b-9f31-4541-a51b-ad9bacfe4bf9 0.105s
2025-11-12 20:17:41.522 66042 INFO tempest.lib.common.rest_client [req-90fa4e3b-1e7d-420c-a29b-612362eee3cf req-90fa4e3b-1e7d-420c-a29b-612362eee3cf ] Request (SecurityGroupsTestJSON:test_server_security_groups): 202 POST http://10.180.1.21/compute/v2.1/servers 3.282s
2025-11-12 20:17:41.526 66056 INFO tempest.lib.common.rest_client [req-ad996411-e543-4c21-ac14-661092ee281b req-ad996411-e543-4c21-ac14-661092ee281b ] Request (TenantUsagesTestJSON:tearDownClass): 204 DELETE http://10.180.1.21/identity/v3/users/a3ebe62f2d23498587e49a6471c7dc40 0.141s
2025-11-12 20:17:41.544 66024 INFO tempest.lib.common.rest_client [req-24c6a52c-5ce2-43e9-88a7-f80eb31a7a99 req-24c6a52c-5ce2-43e9-88a7-f80eb31a7a99 ] Request (DeleteServersAdminTestJSON:tearDownClass): 404 DELETE http://10.180.1.21/compute/v2.1/servers/1221f226-ead3-4d79-9688-e6e3a3e582c4 2.891s
2025-11-12 20:17:41.592 66064 INFO tempest.lib.common.rest_client [req-f79c60b5-b45b-4b70-93fd-6cba6a1f9304 req-f79c60b5-b45b-4b70-93fd-6cba6a1f9304 ] Request (ServerGroup264TestJSON:setUpClass): 200 GET http://10.180.1.21/identity/v3/roles 0.165s
2025-11-12 20:17:41.625 66068 INFO tempest.lib.common.rest_client [req-73c52192-5d2c-4d88-a146-f1c53f4a2bdc req-73c52192-5d2c-4d88-a146-f1c53f4a2bdc ] Request (ServersAdminTestJSON:test_inject_network_info): 202 POST http://10.180.1.21/compute/v2.1/servers/afd60b9b-71fe-4133-ad15-26b625cd05a4/action 3.044s
2025-11-12 20:17:41.633 66050 INFO tempest.lib.common.rest_client [req-7dc8845f-93e4-41d7-a5bd-05949729e2d6 req-7dc8845f-93e4-41d7-a5bd-05949729e2d6 ] Request (ServerDiagnosticsNegativeTest:tearDownClass): 200 GET http://10.180.1.21/compute/v2.1/servers/97c6779e-1af0-4e3f-9997-c079168d9e5e 2.449s
2025-11-12 20:17:41.662 66060 INFO tempest.lib.common.rest_client [req-afcd0c54-fea9-40be-a693-edeab13cadc4 req-afcd0c54-fea9-40be-a693-edeab13cadc4 ] Request (KeyPairsV2TestJSON:_run_cleanups): 202 DELETE http://10.180.1.21/compute/v2.1/os-keypairs/tempest-KeyPairsV2TestJSON-keypair-271451857 2.140s
2025-11-12 20:17:41.739 66056 INFO tempest.lib.common.rest_client [req-e3cdd797-33f7-4c72-a706-538acb093fc4 req-e3cdd797-33f7-4c72-a706-538acb093fc4 ] Request (TenantUsagesTestJSON:tearDownClass): 204 DELETE http://10.180.1.21/identity/v3/users/f933a089bf0e472fb6d06fb63303d789 0.212s
2025-11-12 20:17:41.739 66056 INFO tempest.lib.common.dynamic_creds [-] Deleting project and security group for project: 197d6539b36b4d4d8b4d101e518bdb8c
2025-11-12 20:17:41.745 66044 INFO tempest.lib.common.rest_client [req-1431b902-1af4-41b0-a106-2b8ce2ca0f56 req-1431b902-1af4-41b0-a106-2b8ce2ca0f56 ] Request (InstanceActionsV221TestJSON:test_get_list_deleted_instance_actions): 200 GET http://10.180.1.21/compute/v2.1/servers/9b148295-a767-4449-9485-b3eb760ae257 2.408s
2025-11-12 20:17:41.796 66076 INFO tempest.lib.common.rest_client [req-64147190-4716-4804-b4e9-5159bfb5bfe2 req-64147190-4716-4804-b4e9-5159bfb5bfe2 ] Request (ServersTestJSON:tearDownClass): 200 GET http://10.180.1.21/compute/v2.1/servers/b6360b81-754a-4858-acf5-8cc6f25a1e3a 2.203s
2025-11-12 20:17:41.825 66054 INFO tempest.lib.common.rest_client [req-02edd796-c966-4d02-a779-44ddf8cc7264 req-02edd796-c966-4d02-a779-44ddf8cc7264 ] Request (AZAdminNegativeTestJSON:tearDownClass): 204 DELETE http://10.180.1.21/identity/v3/projects/531b1c17670b455ab5d41695f662ab45 0.323s
2025-11-12 20:17:41.826 66054 INFO tempest.lib.common.dynamic_creds [-] Deleting project and security group for project: 62cee4e78c65445a8a23c498501219ac
2025-11-12 20:17:41.863 66056 INFO tempest.lib.common.rest_client [req-d0bfc148-08da-4750-b933-3448d9df8c5b req-d0bfc148-08da-4750-b933-3448d9df8c5b ] Request (TenantUsagesTestJSON:tearDownClass): 201 POST http://10.180.1.21/identity/v3/auth/tokens 0.123s
2025-11-12 20:17:41.863 66072 INFO tempest.lib.common.rest_client [req-38cf32a9-2593-44bd-ae7a-fd6029154fa0 req-38cf32a9-2593-44bd-ae7a-fd6029154fa0 ] Request (ServerDiagnosticsV248Test:tearDownClass): 204 DELETE http://10.180.1.21/compute/v2.1/servers/91966869-e4e6-4778-badb-831ccac1b143 1.752s
2025-11-12 20:17:41.863 66022 INFO tempest.lib.common.rest_client [req-bb39e60d-4465-49d8-b33c-5c370c7e3ac2 req-bb39e60d-4465-49d8-b33c-5c370c7e3ac2 ] Request (MultipleCreateTestJSON:test_multiple_create): 200 GET http://10.180.1.21/compute/v2.1/servers 1.682s
2025-11-12 20:17:41.880 66064 INFO tempest.lib.common.rest_client [req-d7bef0d5-4e39-4c2d-9569-c6e0f6db32fa req-d7bef0d5-4e39-4c2d-9569-c6e0f6db32fa ] Request (ServerGroup264TestJSON:setUpClass): 204 PUT http://10.180.1.21/identity/v3/projects/a6b3fad521104d3abd29868a856f43f8/users/5c3e020e754c419b8b51f71e562b8dff/roles/a74d27dc91184b498eda6bc79d846ae4 0.286s
2025-11-12 20:17:41.880 66064 INFO tempest.lib.common.dynamic_creds [-] Dynamic test user 5c3e020e754c419b8b51f71e562b8dff is created with scope project and roles: ['member']
2025-11-12 20:17:41.880 66064 INFO tempest.lib.common.dynamic_creds [-] Acquired dynamic creds: credentials: Credentials: {'domain_id': 'default', 'domain_name': 'Default', 'username': 'tempest-ServerGroup264TestJSON-64035261-project-member', 'project_domain_id': 'default', 'project_domain_name': 'Default', 'project_id': 'a6b3fad521104d3abd29868a856f43f8', 'project_name': 'tempest-ServerGroup264TestJSON-64035261', 'tenant_id': 'a6b3fad521104d3abd29868a856f43f8', 'tenant_name': 'tempest-ServerGroup264TestJSON-64035261', 'user_domain_id': 'default', 'user_domain_name': 'Default', 'user_id': '5c3e020e754c419b8b51f71e562b8dff', 'system': None}, Network: None, Subnet: None, Router: None
2025-11-12 20:17:41.892 66030 INFO tempest.lib.common.rest_client [req-400ec0e1-efd6-4219-900b-f8dfe9e02f20 req-400ec0e1-efd6-4219-900b-f8dfe9e02f20 ] Request (FlavorsAdminTestJSON:_run_cleanups): 200 GET http://10.180.1.21/compute/v2.1/flavors/detail 1.672s
2025-11-12 20:17:41.949 66070 INFO tempest.lib.common.rest_client [req-c32be6dd-c3cc-49f1-867f-d10500323332 req-c32be6dd-c3cc-49f1-867f-d10500323332 ] Request (ServerGroupTestJSON:test_create_delete_server_group_with_anti_affinity_policy): 200 POST http://10.180.1.21/compute/v2.1/os-server-groups 1.602s
2025-11-12 20:17:41.952 66064 INFO tempest.lib.common.rest_client [req-5f6d8d87-d578-4a84-87d6-d212e4966094 req-5f6d8d87-d578-4a84-87d6-d212e4966094 ] Request (ServerGroup264TestJSON:setUpClass): 201 POST http://10.180.1.21/identity/v3/auth/tokens 0.071s
2025-11-12 20:17:41.982 66054 INFO tempest.lib.common.rest_client [req-12eef4d3-9f78-41c4-be9d-7a4fc40d08b0 req-12eef4d3-9f78-41c4-be9d-7a4fc40d08b0 ] Request (AZAdminNegativeTestJSON:tearDownClass): 200 GET http://10.180.1.21/networking/v2.0/security-groups?tenant_id=62cee4e78c65445a8a23c498501219ac&name=default 0.156s
2025-11-12 20:17:42.003 66082 INFO tempest.lib.common.rest_client [req-65fbfb8d-f78a-4573-8664-77dc09317447 req-65fbfb8d-f78a-4573-8664-77dc09317447 ] Request (SecurityGroupRulesTestJSON:test_security_group_rules_delete_when_peer_group_deleted): 200 GET http://10.180.1.21/compute/v2.1/os-security-groups/3eeb22d9-7287-4eb2-a905-1e1360db01fa 1.679s
2025-11-12 20:17:42.100 66056 INFO tempest.lib.common.rest_client [req-768597be-d999-421b-845f-283d73ed6fbd req-768597be-d999-421b-845f-283d73ed6fbd ] Request (TenantUsagesTestJSON:tearDownClass): 200 GET http://10.180.1.21/networking/v2.0/security-groups?tenant_id=197d6539b36b4d4d8b4d101e518bdb8c&name=default 0.237s
2025-11-12 20:17:42.206 66054 INFO tempest.lib.common.rest_client [req-d07072eb-d5f5-4a40-92c3-da4b2e00b6f0 req-d07072eb-d5f5-4a40-92c3-da4b2e00b6f0 ] Request (AZAdminNegativeTestJSON:tearDownClass): 204 DELETE http://10.180.1.21/networking/v2.0/security-groups/a0279d00-3106-4993-b40b-2e68d54b435b 0.223s
2025-11-12 20:17:42.232 66026 INFO tempest.lib.common.rest_client [req-b6174b53-c11b-40f6-9ddc-f9673c228f72 req-b6174b53-c11b-40f6-9ddc-f9673c228f72 ] Request (FloatingIPsAssociationTestJSON:tearDownClass): 200 GET http://10.180.1.21/compute/v2.1/servers/9d789683-0656-48e3-b86c-747a7bc697a7 1.848s
2025-11-12 20:17:42.240 66026 INFO tempest.common.waiters [-] State transition "ACTIVE/deleting" ==> "DELETED/None" after 3 second wait
2025-11-12 20:17:42.278 66054 INFO tempest.lib.common.rest_client [req-4bfb853f-b37c-4cd4-ac7a-9072e2bc0649 req-4bfb853f-b37c-4cd4-ac7a-9072e2bc0649 ] Request (AZAdminNegativeTestJSON:tearDownClass): 204 DELETE http://10.180.1.21/identity/v3/projects/62cee4e78c65445a8a23c498501219ac 0.072s
2025-11-12 20:17:42.279 66054 INFO tempest.test [-] raised in UpdateMultiattachVolumeNegativeTest.setUpClass. Invoking tearDownClass.
2025-11-12 20:17:42.343 66064 INFO tempest.lib.common.rest_client [req-82066e8e-7a83-40a6-979d-6f587d85d136 req-82066e8e-7a83-40a6-979d-6f587d85d136 ] Request (ServerGroup264TestJSON:setUpClass): 201 POST http://10.180.1.21/networking/v2.0/networks 0.391s
2025-11-12 20:17:42.358 66054 INFO tempest.lib.common.rest_client [req-c4ca34ac-4f90-4582-9ad8-f14b92d05c25 req-c4ca34ac-4f90-4582-9ad8-f14b92d05c25 ] Request (MultipleCreateNegativeTestJSON:setUpClass): 201 POST http://10.180.1.21/identity/v3/auth/tokens 0.075s
2025-11-12 20:17:42.400 66054 INFO tempest.lib.common.rest_client [req-f644db34-b03b-4168-b898-a08a69c895b1 req-f644db34-b03b-4168-b898-a08a69c895b1 ] Request (MultipleCreateNegativeTestJSON:setUpClass): 201 POST http://10.180.1.21/identity/v3/auth/tokens 0.037s
2025-11-12 20:17:42.435 66054 INFO tempest.lib.common.rest_client [req-e77f0b9d-fd10-44e2-9be4-74e4981350e9 req-e77f0b9d-fd10-44e2-9be4-74e4981350e9 ] Request (MultipleCreateNegativeTestJSON:setUpClass): 200 GET http://10.180.1.21/identity/v3/domains?name=Default 0.035s
2025-11-12 20:17:42.478 66054 INFO tempest.lib.common.rest_client [req-c424c695-6767-4d94-998f-52b6502a5c44 req-c424c695-6767-4d94-998f-52b6502a5c44 ] Request (MultipleCreateNegativeTestJSON:setUpClass): 201 POST http://10.180.1.21/identity/v3/projects 0.043s
2025-11-12 20:17:42.478 66056 INFO tempest.lib.common.rest_client [req-66bcc914-c987-43c5-8add-b53bd4d6cbe6 req-66bcc914-c987-43c5-8add-b53bd4d6cbe6 ] Request (TenantUsagesTestJSON:tearDownClass): 204 DELETE http://10.180.1.21/networking/v2.0/security-groups/82d6d8a5-e080-4260-82ea-2855daa511e4 0.378s
2025-11-12 20:17:42.553 66054 INFO tempest.lib.common.rest_client [req-1ccc1c52-467c-41d8-9d76-dc24a9d2d82e req-1ccc1c52-467c-41d8-9d76-dc24a9d2d82e ] Request (MultipleCreateNegativeTestJSON:setUpClass): 201 POST http://10.180.1.21/identity/v3/users 0.075s
2025-11-12 20:17:42.576 66058 INFO tempest.lib.common.rest_client [req-6efc6b1b-98b5-454c-b677-8e7039abbd80 req-6efc6b1b-98b5-454c-b677-8e7039abbd80 ] Request (AttachVolumeTestJSON:test_attach_detach_volume): 200 GET http://10.180.1.21/compute/v2.1/servers/30e623cb-6217-4232-a11a-e2adfd0e2a22 2.156s
2025-11-12 20:17:42.577 66054 INFO tempest.lib.common.rest_client [req-bec82575-59ff-4be8-bd64-b0fb0f787f5c req-bec82575-59ff-4be8-bd64-b0fb0f787f5c ] Request (MultipleCreateNegativeTestJSON:setUpClass): 200 GET http://10.180.1.21/identity/v3/roles 0.023s
2025-11-12 20:17:42.595 66078 INFO tempest.lib.common.rest_client [req-941235e8-52f9-4b92-941b-56115ce61372 req-941235e8-52f9-4b92-941b-56115ce61372 ] Request (ServersTestManualDisk:tearDownClass): 200 GET http://10.180.1.21/compute/v2.1/servers/ceec1f79-5018-4ff7-a76c-4843a8a7f5da 2.116s
2025-11-12 20:17:42.595 66056 INFO tempest.lib.common.rest_client [req-da313194-581b-47e4-bde9-d5640103720a req-da313194-581b-47e4-bde9-d5640103720a ] Request (TenantUsagesTestJSON:tearDownClass): 204 DELETE http://10.180.1.21/identity/v3/projects/197d6539b36b4d4d8b4d101e518bdb8c 0.116s
2025-11-12 20:17:42.596 66056 INFO tempest.lib.common.dynamic_creds [-] Deleting project and security group for project: cf03120b998a405ba3628869696a0ccc
2025-11-12 20:17:42.651 66054 INFO tempest.lib.common.rest_client [req-f96ef8b8-eb7b-4bc8-8515-fc0333a57a11 req-f96ef8b8-eb7b-4bc8-8515-fc0333a57a11 ] Request (MultipleCreateNegativeTestJSON:setUpClass): 204 PUT http://10.180.1.21/identity/v3/projects/152a0e51ebfc4e48ad26518bb19f9519/users/838cef7b86614c529b8badb1288ae4da/roles/a74d27dc91184b498eda6bc79d846ae4 0.073s
2025-11-12 20:17:42.651 66054 INFO tempest.lib.common.dynamic_creds [-] Dynamic test user 838cef7b86614c529b8badb1288ae4da is created with scope project and roles: ['member']
2025-11-12 20:17:42.652 66054 INFO tempest.lib.common.dynamic_creds [-] Acquired dynamic creds: credentials: Credentials: {'domain_id': 'default', 'domain_name': 'Default', 'username': 'tempest-MultipleCreateNegativeTestJSON-1894553630-project-member', 'project_domain_id': 'default', 'project_domain_name': 'Default', 'project_id': '152a0e51ebfc4e48ad26518bb19f9519', 'project_name': 'tempest-MultipleCreateNegativeTestJSON-1894553630', 'tenant_id': '152a0e51ebfc4e48ad26518bb19f9519', 'tenant_name': 'tempest-MultipleCreateNegativeTestJSON-1894553630', 'user_domain_id': 'default', 'user_domain_name': 'Default', 'user_id': '838cef7b86614c529b8badb1288ae4da', 'system': None}, Network: None, Subnet: None, Router: None
2025-11-12 20:17:42.652 66054 INFO tempest.lib.common.dynamic_creds [-] Created isolated network resources for: credentials: Credentials: {'domain_id': 'default', 'domain_name': 'Default', 'username': 'tempest-MultipleCreateNegativeTestJSON-1894553630-project-member', 'project_domain_id': 'default', 'project_domain_name': 'Default', 'project_id': '152a0e51ebfc4e48ad26518bb19f9519', 'project_name': 'tempest-MultipleCreateNegativeTestJSON-1894553630', 'tenant_id': '152a0e51ebfc4e48ad26518bb19f9519', 'tenant_name': 'tempest-MultipleCreateNegativeTestJSON-1894553630', 'user_domain_id': 'default', 'user_domain_name': 'Default', 'user_id': '838cef7b86614c529b8badb1288ae4da', 'system': None}, Network: None, Subnet: None, Router: None
2025-11-12 20:17:42.677 66036 INFO tempest.lib.common.rest_client [req-1dd933bd-8314-49c4-bcc3-c34c61079b76 req-1dd933bd-8314-49c4-bcc3-c34c61079b76 ] Request (ServerDiskConfigTestJSON:test_rebuild_server_with_manual_disk_config): 200 PUT http://10.180.1.21/compute/v2.1/servers/6432cee9-eaca-4684-8251-20bbfbc7c987 2.120s
2025-11-12 20:17:42.776 66054 INFO tempest.lib.common.rest_client [req-d0f919a9-4b7d-4470-af39-daa9bab89f90 req-d0f919a9-4b7d-4470-af39-daa9bab89f90 ] Request (MultipleCreateNegativeTestJSON:setUpClass): 201 POST http://10.180.1.21/identity/v3/auth/tokens 0.119s
2025-11-12 20:17:42.807 66064 INFO tempest.lib.common.rest_client [req-ec1fc828-528a-4f40-ae6c-a69d0244e442 req-ec1fc828-528a-4f40-ae6c-a69d0244e442 ] Request (ServerGroup264TestJSON:setUpClass): 201 POST http://10.180.1.21/networking/v2.0/subnets 0.463s
2025-11-12 20:17:42.807 66054 INFO tempest.lib.common.rest_client [req-9ef6d539-574d-462b-a965-c44fad01eeda req-9ef6d539-574d-462b-a965-c44fad01eeda ] Request (MultipleCreateNegativeTestJSON:test_max_count_less_than_min_count): 201 POST http://10.180.1.21/identity/v3/auth/tokens 0.028s
2025-11-12 20:17:42.808 66054 INFO tempest.lib.common.fixed_network [-] (MultipleCreateNegativeTestJSON:test_max_count_less_than_min_count) Found network None available for tenant
2025-11-12 20:17:42.838 66038 INFO tempest.lib.common.rest_client [req-39e0043c-55cc-4bc9-8c78-c39138e22e76 req-39e0043c-55cc-4bc9-8c78-c39138e22e76 ] Request (ServerDiagnosticsTest:tearDownClass): 200 GET http://10.180.1.21/compute/v2.1/servers/8aa06b72-0274-43b1-9e81-5f5ed48b6b6b 2.329s
2025-11-12 20:17:42.847 66056 INFO tempest.lib.common.rest_client [req-16955d2a-d3a5-4cb9-876c-33df842b9b89 req-16955d2a-d3a5-4cb9-876c-33df842b9b89 ] Request (TenantUsagesTestJSON:tearDownClass): 200 GET http://10.180.1.21/networking/v2.0/security-groups?tenant_id=cf03120b998a405ba3628869696a0ccc&name=default 0.251s
2025-11-12 20:17:42.871 66032 INFO tempest.lib.common.rest_client [req-62098a02-ef8c-4d89-bc1a-32f66a83512a req-62098a02-ef8c-4d89-bc1a-32f66a83512a ] Request (ServersTestJSON:test_create_server_specify_multibyte_character_name): 200 GET http://10.180.1.21/compute/v2.1/servers/c3deb464-849c-4aef-88df-efd9df3c4e0f 2.306s
2025-11-12 20:17:43.655 66064 INFO tempest.lib.common.rest_client [req-9708dc1e-81c3-4fdb-9b4f-336e16e7a918 req-9708dc1e-81c3-4fdb-9b4f-336e16e7a918 ] Request (ServerGroup264TestJSON:setUpClass): 201 POST http://10.180.1.21/networking/v2.0/routers 0.848s
2025-11-12 20:17:43.772 66056 INFO tempest.lib.common.rest_client [req-9c6e33ff-0708-4d49-aec6-ea70626b2487 req-9c6e33ff-0708-4d49-aec6-ea70626b2487 ] Request (TenantUsagesTestJSON:tearDownClass): 204 DELETE http://10.180.1.21/networking/v2.0/security-groups/eaad6ace-a281-4634-9b07-2d5d10a0cdd6 0.925s
2025-11-12 20:17:43.889 66056 INFO tempest.lib.common.rest_client [req-f53e8d7e-9947-4fd8-902e-72b0919eae68 req-f53e8d7e-9947-4fd8-902e-72b0919eae68 ] Request (TenantUsagesTestJSON:tearDownClass): 204 DELETE http://10.180.1.21/identity/v3/projects/cf03120b998a405ba3628869696a0ccc 0.117s
2025-11-12 20:17:43.891 66056 INFO tempest.test [-] raised in TestVolumeSwap.setUpClass. Invoking tearDownClass.
2025-11-12 20:17:43.899 66052 INFO tempest.lib.common.rest_client [req-bec17fc1-e2e4-4e16-a6e9-96b8c5a59ded req-bec17fc1-e2e4-4e16-a6e9-96b8c5a59ded ] Request (ListServersNegativeTestJSON:tearDownClass): 200 GET http://10.180.1.21/compute/v2.1/servers/b5ed2d00-1d28-4478-bee4-564ec6f945c5 3.259s
2025-11-12 20:17:43.977 66056 INFO tempest.lib.common.rest_client [req-d245bd3a-3efe-4255-ba57-9c79627439b8 req-d245bd3a-3efe-4255-ba57-9c79627439b8 ] Request (ImagesTestJSON:setUpClass): 201 POST http://10.180.1.21/identity/v3/auth/tokens 0.084s
2025-11-12 20:17:44.006 66056 INFO tempest.lib.common.rest_client [req-ca931d70-8275-4707-9d59-1c37ff6d935d req-ca931d70-8275-4707-9d59-1c37ff6d935d ] Request (ImagesTestJSON:setUpClass): 201 POST http://10.180.1.21/identity/v3/auth/tokens 0.027s
2025-11-12 20:17:44.034 66056 INFO tempest.lib.common.rest_client [req-479fc76e-0f30-4e97-8e0e-09adfbff5415 req-479fc76e-0f30-4e97-8e0e-09adfbff5415 ] Request (ImagesTestJSON:setUpClass): 200 GET http://10.180.1.21/identity/v3/domains?name=Default 0.028s
2025-11-12 20:17:44.071 66056 INFO tempest.lib.common.rest_client [req-f944dfa7-24c0-4be8-8f3c-3eec804653fe req-f944dfa7-24c0-4be8-8f3c-3eec804653fe ] Request (ImagesTestJSON:setUpClass): 201 POST http://10.180.1.21/identity/v3/projects 0.037s
2025-11-12 20:17:44.134 66056 INFO tempest.lib.common.rest_client [req-c647aa42-8059-4ccc-9346-28e44f92a291 req-c647aa42-8059-4ccc-9346-28e44f92a291 ] Request (ImagesTestJSON:setUpClass): 201 POST http://10.180.1.21/identity/v3/users 0.062s
2025-11-12 20:17:44.165 66056 INFO tempest.lib.common.rest_client [req-4ccf76fd-48ea-4905-a9b6-ab381cf2e2d2 req-4ccf76fd-48ea-4905-a9b6-ab381cf2e2d2 ] Request (ImagesTestJSON:setUpClass): 200 GET http://10.180.1.21/identity/v3/roles 0.030s
2025-11-12 20:17:44.201 66056 INFO tempest.lib.common.rest_client [req-aaf377ce-a5d2-4443-be3e-d587dbb8ab9a req-aaf377ce-a5d2-4443-be3e-d587dbb8ab9a ] Request (ImagesTestJSON:setUpClass): 204 PUT http://10.180.1.21/identity/v3/projects/1e1399a836b44dda93cdd9bcd4a37b31/users/67997ec766e3472a90f477f90dbbc72a/roles/a74d27dc91184b498eda6bc79d846ae4 0.035s
2025-11-12 20:17:44.201 66056 INFO tempest.lib.common.dynamic_creds [-] Dynamic test user 67997ec766e3472a90f477f90dbbc72a is created with scope project and roles: ['member']
2025-11-12 20:17:44.201 66056 INFO tempest.lib.common.dynamic_creds [-] Acquired dynamic creds: credentials: Credentials: {'domain_id': 'default', 'domain_name': 'Default', 'username': 'tempest-ImagesTestJSON-1099420598-project-member', 'project_domain_id': 'default', 'project_domain_name': 'Default', 'project_id': '1e1399a836b44dda93cdd9bcd4a37b31', 'project_name': 'tempest-ImagesTestJSON-1099420598', 'tenant_id': '1e1399a836b44dda93cdd9bcd4a37b31', 'tenant_name': 'tempest-ImagesTestJSON-1099420598', 'user_domain_id': 'default', 'user_domain_name': 'Default', 'user_id': '67997ec766e3472a90f477f90dbbc72a', 'system': None}, Network: None, Subnet: None, Router: None
2025-11-12 20:17:44.265 66056 INFO tempest.lib.common.rest_client [req-2fe217f3-5818-42d7-846c-93af618591d2 req-2fe217f3-5818-42d7-846c-93af618591d2 ] Request (ImagesTestJSON:setUpClass): 201 POST http://10.180.1.21/identity/v3/auth/tokens 0.063s
2025-11-12 20:17:44.550 66066 WARNING tempest.lib.common.ssh [-] Failed to establish authenticated ssh connection to cirros@10.180.180.202 ([Errno None] Unable to connect to port 22 on 10.180.180.202). Number attempts: 9. Retry after 10 seconds.: paramiko.ssh_exception.NoValidConnectionsError: [Errno None] Unable to connect to port 22 on 10.180.180.202
2025-11-12 20:17:44.552 66034 INFO tempest.lib.common.rest_client [req-258d470f-f8ba-45f8-b9d1-59197feb58f2 req-258d470f-f8ba-45f8-b9d1-59197feb58f2 ] Request (ImagesOneServerTestJSON:test_create_image_specify_multibyte_character_image_name): 200 GET http://10.180.1.21/compute/v2.1/servers/c412415d-810b-4780-9d06-4dd2f04281ec 3.888s
2025-11-12 20:17:44.596 66080 INFO tempest.lib.common.rest_client [req-352a374c-624a-4fa1-8185-24a402e66e52 req-352a374c-624a-4fa1-8185-24a402e66e52 ] Request (ServersTestMultiNic:test_verify_duplicate_network_nics): 200 GET http://10.180.1.21/compute/v2.1/servers/7a24931f-1f11-4759-b6f9-0e6afdd24a75 3.335s
2025-11-12 20:17:44.831 66064 INFO tempest.lib.common.rest_client [req-3400e7b1-f6aa-4a5a-ab1b-1d352e16a39e req-3400e7b1-f6aa-4a5a-ab1b-1d352e16a39e ] Request (ServerGroup264TestJSON:setUpClass): 200 PUT http://10.180.1.21/networking/v2.0/routers/1d041b3c-5804-436d-9003-d2de0cdb0af9/add_router_interface 1.175s
2025-11-12 20:17:44.831 66064 INFO tempest.lib.common.dynamic_creds [-] Created isolated network resources for: credentials: Credentials: {'domain_id': 'default', 'domain_name': 'Default', 'username': 'tempest-ServerGroup264TestJSON-64035261-project-member', 'project_domain_id': 'default', 'project_domain_name': 'Default', 'project_id': 'a6b3fad521104d3abd29868a856f43f8', 'project_name': 'tempest-ServerGroup264TestJSON-64035261', 'tenant_id': 'a6b3fad521104d3abd29868a856f43f8', 'tenant_name': 'tempest-ServerGroup264TestJSON-64035261', 'user_domain_id': 'default', 'user_domain_name': 'Default', 'user_id': '5c3e020e754c419b8b51f71e562b8dff', 'system': None}, Network: {'id': 'd9247ac4-d27a-4ae0-97f5-c68017c7a7b4', 'name': 'tempest-ServerGroup264TestJSON-1636180788-network', 'tenant_id': 'a6b3fad521104d3abd29868a856f43f8', 'project_id': 'a6b3fad521104d3abd29868a856f43f8', 'admin_state_up': True, 'mtu': 8950, 'status': 'ACTIVE', 'subnets': [], 'shared': False, 'port_security_enabled': True, 'router:external': False, 'provider:network_type': 'vlan', 'provider:physical_network': 'default', 'provider:segmentation_id': 267, 'availability_zone_hints': [], 'availability_zones': [], 'ipv4_address_scope': None, 'ipv6_address_scope': None, 'description': '', 'tags': [], 'created_at': '2025-11-12T20:17:42Z', 'updated_at': '2025-11-12T20:17:42Z', 'revision_number': 1}, Subnet: {'id': 'f9e33562-3ac4-46ec-8613-0decc2537a23', 'name': 'tempest-ServerGroup264TestJSON-1636180788-subnet', 'tenant_id': 'a6b3fad521104d3abd29868a856f43f8', 'network_id': 'd9247ac4-d27a-4ae0-97f5-c68017c7a7b4', 'ip_version': 4, 'subnetpool_id': None, 'enable_dhcp': True, 'ipv6_ra_mode': None, 'ipv6_address_mode': None, 'gateway_ip': '192.168.128.1', 'cidr': '192.168.128.0/28', 'allocation_pools': [{'start': '192.168.128.2', 'end': '192.168.128.14'}], 'host_routes': [], 'dns_nameservers': [], 'description': '', 'router:external': False, 'service_types': [], 'tags': [], 'created_at': '2025-11-12T20:17:42Z', 'updated_at': '2025-11-12T20:17:42Z', 'revision_number': 0, 'project_id': 'a6b3fad521104d3abd29868a856f43f8'}, Router: {'id': '1d041b3c-5804-436d-9003-d2de0cdb0af9', 'name': 'tempest-ServerGroup264TestJSON-1636180788-router', 'tenant_id': 'a6b3fad521104d3abd29868a856f43f8', 'admin_state_up': True, 'status': 'ACTIVE', 'external_gateway_info': {'network_id': '8cb7b8ee-36c3-4d67-8862-c6830d288307', 'external_fixed_ips': [{'subnet_id': 'fd271b62-b538-4031-8db8-bfb92a7f0d79', 'ip_address': '10.180.180.172'}], 'enable_snat': True}, 'description': '', 'availability_zones': [], 'distributed': False, 'ha': False, 'availability_zone_hints': [], 'routes': [], 'flavor_id': None, 'tags': [], 'created_at': '2025-11-12T20:17:42Z', 'updated_at': '2025-11-12T20:17:43Z', 'revision_number': 2, 'project_id': 'a6b3fad521104d3abd29868a856f43f8'}
2025-11-12 20:17:44.907 66056 INFO tempest.lib.common.rest_client [req-b4c98708-934c-4557-bd84-6be35ff9e421 req-b4c98708-934c-4557-bd84-6be35ff9e421 ] Request (ImagesTestJSON:setUpClass): 201 POST http://10.180.1.21/networking/v2.0/networks 0.641s
2025-11-12 20:17:44.944 66064 INFO tempest.lib.common.rest_client [req-eaada7fe-861a-45a4-933b-90e55a810b52 req-eaada7fe-861a-45a4-933b-90e55a810b52 ] Request (ServerGroup264TestJSON:setUpClass): 201 POST http://10.180.1.21/identity/v3/auth/tokens 0.110s
2025-11-12 20:17:44.956 66048 INFO tempest.lib.common.rest_client [req-cb7f6a4c-2762-41f4-9bcf-bd030b1a5653 req-cb7f6a4c-2762-41f4-9bcf-bd030b1a5653 ] Request (ServersAdminNegativeTestJSON:tearDownClass): 200 GET http://10.180.1.21/compute/v2.1/servers/c09447b3-1638-4d4a-9271-c5514100e51c 3.433s
2025-11-12 20:17:44.984 66042 INFO tempest.lib.common.rest_client [req-7b0a7af9-10ca-4add-ac2f-98a3b48388d9 req-7b0a7af9-10ca-4add-ac2f-98a3b48388d9 ] Request (SecurityGroupsTestJSON:test_server_security_groups): 200 GET http://10.180.1.21/compute/v2.1/servers/8f21ea05-999c-4296-8a8d-dab2a7a8dab5 3.459s
2025-11-12 20:17:44.988 66024 INFO tempest.lib.common.rest_client [req-f71503a6-2f1b-4cd4-bd63-8af434c5f231 req-f71503a6-2f1b-4cd4-bd63-8af434c5f231 ] Request (DeleteServersAdminTestJSON:tearDownClass): 404 GET http://10.180.1.21/compute/v2.1/servers/1221f226-ead3-4d79-9688-e6e3a3e582c4 3.444s
2025-11-12 20:17:45.016 66060 INFO tempest.lib.common.rest_client [req-e0eb19f6-2a0e-41b9-ba67-2442d9f5b3be req-e0eb19f6-2a0e-41b9-ba67-2442d9f5b3be ] Request (KeyPairsV2TestJSON:_run_cleanups): 202 DELETE http://10.180.1.21/compute/v2.1/os-keypairs/tempest-KeyPairsV2TestJSON-keypair-1160000768 3.353s
2025-11-12 20:17:45.064 66068 INFO tempest.lib.common.rest_client [req-77d306b0-c105-4ac6-b039-6e0614f15e33 req-77d306b0-c105-4ac6-b039-6e0614f15e33 ] Request (ServersAdminTestJSON:test_list_servers_by_admin): 200 GET http://10.180.1.21/compute/v2.1/servers/detail 3.438s
2025-11-12 20:17:45.093 66024 INFO tempest.lib.common.rest_client [req-49eae05f-4e02-4a7b-b4db-2454ace5d6e2 req-49eae05f-4e02-4a7b-b4db-2454ace5d6e2 ] Request (DeleteServersAdminTestJSON:tearDownClass): 204 DELETE http://10.180.1.21/identity/v3/users/20ec1964fb084de5bfed42fc9b3ffa1a 0.104s
2025-11-12 20:17:45.121 66060 INFO tempest.lib.common.rest_client [req-73aef65c-a7db-4166-a60f-bc582d3c30d5 req-73aef65c-a7db-4166-a60f-bc582d3c30d5 ] Request (KeyPairsV2TestJSON:tearDownClass): 204 DELETE http://10.180.1.21/identity/v3/users/f3ff4638a729479e9822b361aec9e6ca 0.098s
2025-11-12 20:17:45.122 66060 INFO tempest.lib.common.dynamic_creds [-] Deleting project and security group for project: 4b0a3decd8574ff1a9a14135ff584882
2025-11-12 20:17:45.165 66072 INFO tempest.lib.common.rest_client [req-819139a3-9418-4c9b-b0bb-0f7551d1b7e6 req-819139a3-9418-4c9b-b0bb-0f7551d1b7e6 ] Request (ServerDiagnosticsV248Test:tearDownClass): 200 GET http://10.180.1.21/compute/v2.1/servers/91966869-e4e6-4778-badb-831ccac1b143 3.302s
2025-11-12 20:17:45.188 66056 INFO tempest.lib.common.rest_client [req-e2064120-be70-4b71-b877-e9c411da7d53 req-e2064120-be70-4b71-b877-e9c411da7d53 ] Request (ImagesTestJSON:setUpClass): 201 POST http://10.180.1.21/networking/v2.0/subnets 0.281s
2025-11-12 20:17:45.217 66022 INFO tempest.lib.common.rest_client [req-7ae58906-ff4d-473e-841b-629b6306cc3a req-7ae58906-ff4d-473e-841b-629b6306cc3a ] Request (MultipleCreateTestJSON:test_multiple_create): 200 GET http://10.180.1.21/compute/v2.1/servers/28a5c21d-6801-4232-a503-ed4bb53d467b 3.347s
2025-11-12 20:17:45.222 66060 INFO tempest.lib.common.rest_client [req-518c4b2c-d758-47db-bff4-b0fd1c1f0aaf req-518c4b2c-d758-47db-bff4-b0fd1c1f0aaf ] Request (KeyPairsV2TestJSON:tearDownClass): 201 POST http://10.180.1.21/identity/v3/auth/tokens 0.100s
2025-11-12 20:17:45.243 66030 INFO tempest.lib.common.rest_client [req-7053d57a-51a8-4cd0-a363-12057841da1f req-7053d57a-51a8-4cd0-a363-12057841da1f ] Request (FlavorsAdminTestJSON:test_list_non_public_flavor): 200 POST http://10.180.1.21/compute/v2.1/flavors 3.344s
2025-11-12 20:17:45.267 66024 INFO tempest.lib.common.rest_client [req-ea07ad1b-a945-441b-bf6f-6706fa08cd14 req-ea07ad1b-a945-441b-bf6f-6706fa08cd14 ] Request (DeleteServersAdminTestJSON:tearDownClass): 204 DELETE http://10.180.1.21/identity/v3/users/54300e4fc68e459aaa9cd710efb8c574 0.173s
2025-11-12 20:17:45.267 66024 INFO tempest.lib.common.dynamic_creds [-] Deleting project and security group for project: 9fa9ee4bfc9d4a25a97a89afe5ca881b
2025-11-12 20:17:45.275 66070 INFO tempest.lib.common.rest_client [req-93cfd74b-332e-46ee-a158-588c1b099b64 req-93cfd74b-332e-46ee-a158-588c1b099b64 ] Request (ServerGroupTestJSON:test_create_delete_server_group_with_anti_affinity_policy): 204 DELETE http://10.180.1.21/compute/v2.1/os-server-groups/e3c46521-f0f8-4f1f-86f3-109e69cdebbb 3.324s
2025-11-12 20:17:45.354 66024 INFO tempest.lib.common.rest_client [req-19a24191-3235-403b-9c6d-f043bf1d9a93 req-19a24191-3235-403b-9c6d-f043bf1d9a93 ] Request (DeleteServersAdminTestJSON:tearDownClass): 201 POST http://10.180.1.21/identity/v3/auth/tokens 0.086s
2025-11-12 20:17:45.521 66060 INFO tempest.lib.common.rest_client [req-f68c98fb-2c1d-4164-ae10-1a0ce58a8c70 req-f68c98fb-2c1d-4164-ae10-1a0ce58a8c70 ] Request (KeyPairsV2TestJSON:tearDownClass): 200 GET http://10.180.1.21/networking/v2.0/security-groups?tenant_id=4b0a3decd8574ff1a9a14135ff584882&name=default 0.298s
2025-11-12 20:17:45.729 66082 INFO tempest.lib.common.rest_client [req-00ce5cf8-682d-4cd8-9071-b8bf33d108c3 req-00ce5cf8-682d-4cd8-9071-b8bf33d108c3 ] Request (SecurityGroupRulesTestJSON:test_security_group_rules_list): 200 POST http://10.180.1.21/compute/v2.1/os-security-groups 3.719s
2025-11-12 20:17:45.766 66040 INFO tempest.lib.common.rest_client [req-7e7cc96c-412f-494f-addf-9e797ce79d70 req-7e7cc96c-412f-494f-addf-9e797ce79d70 ] Request (MigrationsAdminTest:test_list_migrations_in_flavor_resize_situation): 200 GET http://10.180.1.21/compute/v2.1/servers/b4033c80-be9c-4753-a7d8-d3edd36dd31e 3.880s
2025-11-12 20:17:45.899 66024 INFO tempest.lib.common.rest_client [req-c7627fee-e1e1-4511-a276-9140001287e1 req-c7627fee-e1e1-4511-a276-9140001287e1 ] Request (DeleteServersAdminTestJSON:tearDownClass): 200 GET http://10.180.1.21/networking/v2.0/security-groups?tenant_id=9fa9ee4bfc9d4a25a97a89afe5ca881b&name=default 0.544s
2025-11-12 20:17:46.013 66056 INFO tempest.lib.common.rest_client [req-7e391ecc-62e6-4529-8a1a-1fe3cfae7fff req-7e391ecc-62e6-4529-8a1a-1fe3cfae7fff ] Request (ImagesTestJSON:setUpClass): 201 POST http://10.180.1.21/networking/v2.0/routers 0.824s
2025-11-12 20:17:46.015 66060 INFO tempest.lib.common.rest_client [req-d565a526-fa55-4fd8-bb9e-82ed46873fe4 req-d565a526-fa55-4fd8-bb9e-82ed46873fe4 ] Request (KeyPairsV2TestJSON:tearDownClass): 204 DELETE http://10.180.1.21/networking/v2.0/security-groups/d3ba9734-b6e5-44aa-a530-b36dddd0b188 0.494s
2025-11-12 20:17:46.104 66060 INFO tempest.lib.common.rest_client [req-888670f5-73be-42ea-8e48-6832a9810826 req-888670f5-73be-42ea-8e48-6832a9810826 ] Request (KeyPairsV2TestJSON:tearDownClass): 204 DELETE http://10.180.1.21/identity/v3/projects/4b0a3decd8574ff1a9a14135ff584882 0.088s
2025-11-12 20:17:46.141 66024 INFO tempest.lib.common.rest_client [req-9062dfd8-1b8e-4f8e-b8f6-b2e6006ef994 req-9062dfd8-1b8e-4f8e-b8f6-b2e6006ef994 ] Request (DeleteServersAdminTestJSON:tearDownClass): 204 DELETE http://10.180.1.21/networking/v2.0/security-groups/545fa68e-39a7-44ae-b826-1326350f7cdd 0.241s
2025-11-12 20:17:46.186 66062 INFO tempest.lib.common.rest_client [req-3af6bbfd-327b-4043-997e-4324c3e5f1d1 req-3af6bbfd-327b-4043-997e-4324c3e5f1d1 ] Request (ImagesOneServerNegativeTestJSON:setUpClass): 200 GET http://10.180.1.21/compute/v2.1/servers/ba573e86-38ae-4d22-bb45-f1b78c266a19 3.824s
2025-11-12 20:17:46.197 66062 INFO tempest.common.waiters [-] State transition "BUILD/None" ==> "BUILD/spawning" after 20 second wait
2025-11-12 20:17:46.218 66046 INFO tempest.lib.common.rest_client [req-65209b43-f804-4285-9aed-262c2596d8a3 req-65209b43-f804-4285-9aed-262c2596d8a3 ] Request (AttachInterfacesUnderV243Test:test_add_remove_fixed_ip): 200 GET http://10.180.1.21/compute/v2.1/servers/f71f64a0-cd74-43a2-b75e-6d0892e28992 4.131s
2025-11-12 20:17:46.234 66050 INFO tempest.lib.common.rest_client [req-853f3d99-dddd-4724-b99e-0d6b906f2d71 req-853f3d99-dddd-4724-b99e-0d6b906f2d71 ] Request (ServerDiagnosticsNegativeTest:tearDownClass): 404 GET http://10.180.1.21/compute/v2.1/servers/97c6779e-1af0-4e3f-9997-c079168d9e5e 3.585s
2025-11-12 20:17:46.297 66024 INFO tempest.lib.common.rest_client [req-39b4bd7e-0e7e-4e79-9ea0-d835e501d263 req-39b4bd7e-0e7e-4e79-9ea0-d835e501d263 ] Request (DeleteServersAdminTestJSON:tearDownClass): 204 DELETE http://10.180.1.21/identity/v3/projects/9fa9ee4bfc9d4a25a97a89afe5ca881b 0.156s
2025-11-12 20:17:46.298 66024 INFO tempest.lib.common.dynamic_creds [-] Deleting project and security group for project: ccc1345e145a4ded9c1a78c6833e1aff
2025-11-12 20:17:46.370 66050 INFO tempest.lib.common.rest_client [req-8d03abf4-bf6c-461e-85ed-5332f0f714f8 req-8d03abf4-bf6c-461e-85ed-5332f0f714f8 ] Request (ServerDiagnosticsNegativeTest:tearDownClass): 204 DELETE http://10.180.1.21/identity/v3/users/7381d9890fa6457592b5ecce3d188b65 0.133s
2025-11-12 20:17:46.392 66044 INFO tempest.lib.common.rest_client [req-db78c44b-eaa9-4b83-bb22-4cbd1077e532 req-db78c44b-eaa9-4b83-bb22-4cbd1077e532 ] Request (InstanceActionsV221TestJSON:test_get_list_deleted_instance_actions): 200 GET http://10.180.1.21/compute/v2.1/servers/9b148295-a767-4449-9485-b3eb760ae257 3.637s
2025-11-12 20:17:46.454 66024 INFO tempest.lib.common.rest_client [req-d7209602-e862-4434-a915-941e67252707 req-d7209602-e862-4434-a915-941e67252707 ] Request (DeleteServersAdminTestJSON:tearDownClass): 200 GET http://10.180.1.21/networking/v2.0/security-groups?tenant_id=ccc1345e145a4ded9c1a78c6833e1aff&name=default 0.156s
2025-11-12 20:17:46.490 66036 INFO tempest.lib.common.rest_client [req-aabfe8d4-d424-404e-bd3b-836b1a28565d req-aabfe8d4-d424-404e-bd3b-836b1a28565d ] Request (ServerDiskConfigTestJSON:test_rebuild_server_with_manual_disk_config): 200 GET http://10.180.1.21/compute/v2.1/servers/6432cee9-eaca-4684-8251-20bbfbc7c987 3.804s
2025-11-12 20:17:46.510 66076 INFO tempest.lib.common.rest_client [req-b50cfbe8-4ff4-4374-8cdc-e9e3dcd1aa3d req-b50cfbe8-4ff4-4374-8cdc-e9e3dcd1aa3d ] Request (ServersTestJSON:tearDownClass): 200 GET http://10.180.1.21/compute/v2.1/servers/b6360b81-754a-4858-acf5-8cc6f25a1e3a 3.704s
2025-11-12 20:17:46.600 66050 INFO tempest.lib.common.rest_client [req-716d5a9b-40b4-4e1c-b831-37b247185bc5 req-716d5a9b-40b4-4e1c-b831-37b247185bc5 ] Request (ServerDiagnosticsNegativeTest:tearDownClass): 204 DELETE http://10.180.1.21/identity/v3/users/65f7e65352d446eeb38c1a1f6933bdc5 0.230s
2025-11-12 20:17:46.600 66050 INFO tempest.lib.common.dynamic_creds [-] Deleting project and security group for project: 5276132b7dd7435a910459748d58138e
2025-11-12 20:17:46.697 66050 INFO tempest.lib.common.rest_client [req-00a96f21-42e3-4b1f-be87-7643a962f1d7 req-00a96f21-42e3-4b1f-be87-7643a962f1d7 ] Request (ServerDiagnosticsNegativeTest:tearDownClass): 201 POST http://10.180.1.21/identity/v3/auth/tokens 0.097s
2025-11-12 20:17:46.699 66024 INFO tempest.lib.common.rest_client [req-77a9a399-8ecd-481d-a609-06e6b78d8800 req-77a9a399-8ecd-481d-a609-06e6b78d8800 ] Request (DeleteServersAdminTestJSON:tearDownClass): 204 DELETE http://10.180.1.21/networking/v2.0/security-groups/7839afac-b9a1-45be-9b15-dd28531df997 0.244s
2025-11-12 20:17:46.759 66026 INFO tempest.lib.common.rest_client [req-090e09a3-c65e-41e4-9a6b-72cd92c63e35 req-090e09a3-c65e-41e4-9a6b-72cd92c63e35 ] Request (FloatingIPsAssociationTestJSON:tearDownClass): 200 GET http://10.180.1.21/compute/v2.1/servers/9d789683-0656-48e3-b86c-747a7bc697a7 3.518s
2025-11-12 20:17:46.779 66054 INFO tempest.lib.common.rest_client [req-65ac5fdd-eed7-42ea-bf44-7a078032e071 req-65ac5fdd-eed7-42ea-bf44-7a078032e071 ] Request (MultipleCreateNegativeTestJSON:test_max_count_less_than_min_count): 400 POST http://10.180.1.21/compute/v2.1/servers 3.971s
2025-11-12 20:17:46.801 66024 INFO tempest.lib.common.rest_client [req-c01d068a-7f93-482f-a7cb-5059647e14fb req-c01d068a-7f93-482f-a7cb-5059647e14fb ] Request (DeleteServersAdminTestJSON:tearDownClass): 204 DELETE http://10.180.1.21/identity/v3/projects/ccc1345e145a4ded9c1a78c6833e1aff 0.102s
2025-11-12 20:17:46.867 66054 INFO tempest.lib.common.rest_client [req-ad721ee7-1a23-46b8-bb81-7ae279b66bcd req-ad721ee7-1a23-46b8-bb81-7ae279b66bcd ] Request (MultipleCreateNegativeTestJSON:test_max_count_less_than_one): 201 POST http://10.180.1.21/identity/v3/auth/tokens 0.082s
2025-11-12 20:17:46.868 66054 INFO tempest.lib.common.fixed_network [-] (MultipleCreateNegativeTestJSON:test_max_count_less_than_one) Found network None available for tenant
2025-11-12 20:17:46.924 66024 INFO tempest.lib.common.rest_client [req-703c7f76-8610-4287-8639-1935a5868208 req-703c7f76-8610-4287-8639-1935a5868208 ] Request (QuotasAdminTestJSON:setUpClass): 201 POST http://10.180.1.21/identity/v3/auth/tokens 0.121s
2025-11-12 20:17:46.959 66024 INFO tempest.lib.common.rest_client [req-d1883ddc-5aad-4f55-b172-111a60dbe54e req-d1883ddc-5aad-4f55-b172-111a60dbe54e ] Request (QuotasAdminTestJSON:setUpClass): 201 POST http://10.180.1.21/identity/v3/auth/tokens 0.032s
2025-11-12 20:17:46.988 66024 INFO tempest.lib.common.rest_client [req-fab524bd-0f71-47f0-8adf-f12b2de88cc0 req-fab524bd-0f71-47f0-8adf-f12b2de88cc0 ] Request (QuotasAdminTestJSON:setUpClass): 200 GET http://10.180.1.21/identity/v3/domains?name=Default 0.029s
2025-11-12 20:17:47.043 66024 INFO tempest.lib.common.rest_client [req-70044501-ba3a-4249-9094-aa0114ac4c3b req-70044501-ba3a-4249-9094-aa0114ac4c3b ] Request (QuotasAdminTestJSON:setUpClass): 201 POST http://10.180.1.21/identity/v3/projects 0.054s
2025-11-12 20:17:47.057 66050 INFO tempest.lib.common.rest_client [req-abd1a153-b7a9-4fa3-b4cf-80ec56c05cac req-abd1a153-b7a9-4fa3-b4cf-80ec56c05cac ] Request (ServerDiagnosticsNegativeTest:tearDownClass): 200 GET http://10.180.1.21/networking/v2.0/security-groups?tenant_id=5276132b7dd7435a910459748d58138e&name=default 0.360s
2025-11-12 20:17:47.129 66024 INFO tempest.lib.common.rest_client [req-d8cd3aa4-58e2-47f6-af08-870cafc6edad req-d8cd3aa4-58e2-47f6-af08-870cafc6edad ] Request (QuotasAdminTestJSON:setUpClass): 201 POST http://10.180.1.21/identity/v3/users 0.085s
2025-11-12 20:17:47.172 66024 INFO tempest.lib.common.rest_client [req-01a9106f-a850-4178-b0be-e9d9540b4bd4 req-01a9106f-a850-4178-b0be-e9d9540b4bd4 ] Request (QuotasAdminTestJSON:setUpClass): 200 GET http://10.180.1.21/identity/v3/roles 0.040s
2025-11-12 20:17:47.184 66078 INFO tempest.lib.common.rest_client [req-24512fee-932b-43d7-b3dc-e450d460e2cb req-24512fee-932b-43d7-b3dc-e450d460e2cb ] Request (ServersTestManualDisk:tearDownClass): 200 GET http://10.180.1.21/compute/v2.1/servers/ceec1f79-5018-4ff7-a76c-4843a8a7f5da 3.581s
2025-11-12 20:17:47.218 66024 INFO tempest.lib.common.rest_client [req-4663c190-4053-441e-9b70-37b2965ffa0c req-4663c190-4053-441e-9b70-37b2965ffa0c ] Request (QuotasAdminTestJSON:setUpClass): 204 PUT http://10.180.1.21/identity/v3/projects/72f16aa791b44a9ca6c940526507c4cd/users/2e7fb51ae25342b6b31ff53f27cba873/roles/a74d27dc91184b498eda6bc79d846ae4 0.045s
2025-11-12 20:17:47.218 66024 INFO tempest.lib.common.dynamic_creds [-] Dynamic test user 2e7fb51ae25342b6b31ff53f27cba873 is created with scope project and roles: ['member']
2025-11-12 20:17:47.218 66024 INFO tempest.lib.common.dynamic_creds [-] Acquired dynamic creds: credentials: Credentials: {'domain_id': 'default', 'domain_name': 'Default', 'username': 'tempest-QuotasAdminTestJSON-1921477703-project-member', 'project_domain_id': 'default', 'project_domain_name': 'Default', 'project_id': '72f16aa791b44a9ca6c940526507c4cd', 'project_name': 'tempest-QuotasAdminTestJSON-1921477703', 'tenant_id': '72f16aa791b44a9ca6c940526507c4cd', 'tenant_name': 'tempest-QuotasAdminTestJSON-1921477703', 'user_domain_id': 'default', 'user_domain_name': 'Default', 'user_id': '2e7fb51ae25342b6b31ff53f27cba873', 'system': None}, Network: None, Subnet: None, Router: None
2025-11-12 20:17:47.218 66024 INFO tempest.lib.common.dynamic_creds [-] Created isolated network resources for: credentials: Credentials: {'domain_id': 'default', 'domain_name': 'Default', 'username': 'tempest-QuotasAdminTestJSON-1921477703-project-member', 'project_domain_id': 'default', 'project_domain_name': 'Default', 'project_id': '72f16aa791b44a9ca6c940526507c4cd', 'project_name': 'tempest-QuotasAdminTestJSON-1921477703', 'tenant_id': '72f16aa791b44a9ca6c940526507c4cd', 'tenant_name': 'tempest-QuotasAdminTestJSON-1921477703', 'user_domain_id': 'default', 'user_domain_name': 'Default', 'user_id': '2e7fb51ae25342b6b31ff53f27cba873', 'system': None}, Network: None, Subnet: None, Router: None
2025-11-12 20:17:47.268 66056 INFO tempest.lib.common.rest_client [req-81d059a1-c78f-4756-b17e-752a5acb8409 req-81d059a1-c78f-4756-b17e-752a5acb8409 ] Request (ImagesTestJSON:setUpClass): 200 PUT http://10.180.1.21/networking/v2.0/routers/cea1d9be-b694-4f42-93e9-03fdda5783d3/add_router_interface 1.255s
