2025-11-12 20:18:54.702 66026 INFO tempest.lib.common.rest_client [req-1cb4e1b4-0fbc-4eeb-a1b8-96fba165c9ce req-1cb4e1b4-0fbc-4eeb-a1b8-96fba165c9ce ] Request (ServerRescueNegativeTestJSON:setUpClass): 201 POST http://10.180.1.21/networking/v2.0/routers 1.221s
2025-11-12 20:18:54.776 66072 INFO tempest.lib.common.rest_client [req-38106642-a309-4808-9a7d-d438dc9b40f0 req-38106642-a309-4808-9a7d-d438dc9b40f0 ] Request (ServerAddressesTestJSON:setUpClass): 200 GET http://10.180.1.21/compute/v2.1/servers/808085f5-4073-46e4-957c-16e02fc5140e 1.827s
2025-11-12 20:18:54.861 66046 INFO tempest.lib.common.rest_client [req-ab5cfbfb-30c8-4266-94b9-840cd0dcc450 req-ab5cfbfb-30c8-4266-94b9-840cd0dcc450 ] Request (AttachInterfacesUnderV243Test:test_add_remove_fixed_ip): 202 POST http://10.180.1.21/compute/v2.1/servers/f71f64a0-cd74-43a2-b75e-6d0892e28992/action 1.910s
2025-11-12 20:18:55.392 66034 INFO tempest.lib.common.rest_client [req-487e5dcb-0a08-42bf-a532-1a97c72ace50 req-487e5dcb-0a08-42bf-a532-1a97c72ace50 ] Request (ServerActionsV293TestJSON:setUpClass): 200 GET http://10.180.1.21/volume/v3/volumes/0f15d0d1-f7d6-40da-b021-04b34f8cd0f8 0.035s
2025-11-12 20:18:55.405 66066 INFO tempest.lib.common.rest_client [req-b89464ab-d61c-4fa2-b213-f4409a1c2cd4 req-b89464ab-d61c-4fa2-b213-f4409a1c2cd4 ] Request (VolumesAssistedSnapshotsTest:tearDownClass): 200 GET http://10.180.1.21/compute/v2.1/servers/b85c8e1d-b732-4090-be38-c1986ded31c0 2.404s
2025-11-12 20:18:55.580 66032 INFO tempest.lib.common.rest_client [req-42bf0973-9fdb-4507-ad18-9641ed6721a5 req-42bf0973-9fdb-4507-ad18-9641ed6721a5 ] Request (ServersTestJSON:test_create_server_with_ipv6_addr_only): 200 GET http://10.180.1.21/compute/v2.1/servers/ef3938d6-8b92-4a55-b212-368346a82867 2.496s
2025-11-12 20:18:55.757 66026 INFO tempest.lib.common.rest_client [req-f7dfb57f-75eb-455c-8cdf-13ee79b10417 req-f7dfb57f-75eb-455c-8cdf-13ee79b10417 ] Request (ServerRescueNegativeTestJSON:setUpClass): 200 PUT http://10.180.1.21/networking/v2.0/routers/f1f5c8db-09dc-48d5-b744-0923c8410a89/add_router_interface 1.054s
2025-11-12 20:18:55.757 66026 INFO tempest.lib.common.dynamic_creds [-] Created isolated network resources for: credentials: Credentials: {'domain_id': 'default', 'domain_name': 'Default', 'username': 'tempest-ServerRescueNegativeTestJSON-2000436508-project-member', 'project_domain_id': 'default', 'project_domain_name': 'Default', 'project_id': '57cc861d593842ae9c093dcacc4d3bab', 'project_name': 'tempest-ServerRescueNegativeTestJSON-2000436508', 'tenant_id': '57cc861d593842ae9c093dcacc4d3bab', 'tenant_name': 'tempest-ServerRescueNegativeTestJSON-2000436508', 'user_domain_id': 'default', 'user_domain_name': 'Default', 'user_id': 'e09caa085a704d159a2136416c1cb388', 'system': None}, Network: {'id': 'aae481a1-4f62-4db5-99cf-4ad54ccc1af9', 'name': 'tempest-ServerRescueNegativeTestJSON-781499314-network', 'tenant_id': '57cc861d593842ae9c093dcacc4d3bab', 'project_id': '57cc861d593842ae9c093dcacc4d3bab', 'admin_state_up': True, 'mtu': 8950, 'status': 'ACTIVE', 'subnets': [], 'shared': False, 'port_security_enabled': True, 'router:external': False, 'provider:network_type': 'vlan', 'provider:physical_network': 'default', 'provider:segmentation_id': 430, 'availability_zone_hints': [], 'availability_zones': [], 'ipv4_address_scope': None, 'ipv6_address_scope': None, 'description': '', 'tags': [], 'created_at': '2025-11-12T20:18:53Z', 'updated_at': '2025-11-12T20:18:53Z', 'revision_number': 1}, Subnet: {'id': '3b148f35-7a4e-4dd9-9a7f-c5a0e5a13821', 'name': 'tempest-ServerRescueNegativeTestJSON-781499314-subnet', 'tenant_id': '57cc861d593842ae9c093dcacc4d3bab', 'network_id': 'aae481a1-4f62-4db5-99cf-4ad54ccc1af9', 'ip_version': 4, 'subnetpool_id': None, 'enable_dhcp': True, 'ipv6_ra_mode': None, 'ipv6_address_mode': None, 'gateway_ip': '192.168.128.1', 'cidr': '192.168.128.0/28', 'allocation_pools': [{'start': '192.168.128.2', 'end': '192.168.128.14'}], 'host_routes': [], 'dns_nameservers': [], 'description': '', 'router:external': False, 'service_types': [], 'tags': [], 'created_at': '2025-11-12T20:18:53Z', 'updated_at': '2025-11-12T20:18:53Z', 'revision_number': 0, 'project_id': '57cc861d593842ae9c093dcacc4d3bab'}, Router: {'id': 'f1f5c8db-09dc-48d5-b744-0923c8410a89', 'name': 'tempest-ServerRescueNegativeTestJSON-781499314-router', 'tenant_id': '57cc861d593842ae9c093dcacc4d3bab', 'admin_state_up': True, 'status': 'ACTIVE', 'external_gateway_info': {'network_id': '8cb7b8ee-36c3-4d67-8862-c6830d288307', 'external_fixed_ips': [{'subnet_id': 'fd271b62-b538-4031-8db8-bfb92a7f0d79', 'ip_address': '10.180.180.214'}], 'enable_snat': True}, 'description': '', 'availability_zones': [], 'distributed': False, 'ha': False, 'availability_zone_hints': [], 'routes': [], 'flavor_id': None, 'tags': [], 'created_at': '2025-11-12T20:18:53Z', 'updated_at': '2025-11-12T20:18:54Z', 'revision_number': 2, 'project_id': '57cc861d593842ae9c093dcacc4d3bab'}
2025-11-12 20:18:55.824 66050 INFO tempest.lib.common.rest_client [req-7ea09449-b320-4d2f-9116-abde1bbc4f9e req-7ea09449-b320-4d2f-9116-abde1bbc4f9e ] Request (ListImageFiltersTestJSON:setUpClass): 200 GET http://10.180.1.21/compute/v2.1/servers/d6398fea-9c96-4022-95ac-a1c7ac1dea8e 2.673s
2025-11-12 20:18:55.877 66026 INFO tempest.lib.common.rest_client [req-480e4935-5cf4-48df-ac12-c9cfd0dc3794 req-480e4935-5cf4-48df-ac12-c9cfd0dc3794 ] Request (ServerRescueNegativeTestJSON:setUpClass): 201 POST http://10.180.1.21/identity/v3/auth/tokens 0.115s
2025-11-12 20:18:55.916 66026 INFO tempest.lib.common.rest_client [req-ccece925-77a7-48d5-ae9a-5e0f5a7fb386 req-ccece925-77a7-48d5-ae9a-5e0f5a7fb386 ] Request (ServerRescueNegativeTestJSON:setUpClass): 201 POST http://10.180.1.21/identity/v3/auth/tokens 0.032s
2025-11-12 20:18:55.916 66026 INFO tempest.lib.common.fixed_network [-] (ServerRescueNegativeTestJSON:setUpClass) Found network {'id': 'aae481a1-4f62-4db5-99cf-4ad54ccc1af9', 'name': 'tempest-ServerRescueNegativeTestJSON-781499314-network', 'tenant_id': '57cc861d593842ae9c093dcacc4d3bab', 'project_id': '57cc861d593842ae9c093dcacc4d3bab', 'admin_state_up': True, 'mtu': 8950, 'status': 'ACTIVE', 'subnets': [], 'shared': False, 'port_security_enabled': True, 'router:external': False, 'provider:network_type': 'vlan', 'provider:physical_network': 'default', 'provider:segmentation_id': 430, 'availability_zone_hints': [], 'availability_zones': [], 'ipv4_address_scope': None, 'ipv6_address_scope': None, 'description': '', 'tags': [], 'created_at': '2025-11-12T20:18:53Z', 'updated_at': '2025-11-12T20:18:53Z', 'revision_number': 1} available for tenant
2025-11-12 20:18:55.940 66030 INFO tempest.lib.common.rest_client [req-4dd864ee-4f78-4c7b-9b57-c3f16fee1f32 req-4dd864ee-4f78-4c7b-9b57-c3f16fee1f32 ] Request (ServerMetadataNegativeTestJSON:setUpClass): 200 GET http://10.180.1.21/compute/v2.1/servers/45018df0-cae6-4ccd-9c36-bc60f8fa37c8 2.670s
2025-11-12 20:18:55.947 66030 INFO tempest.common.waiters [-] State transition "BUILD/scheduling" ==> "BUILD/None" after 16 second wait
2025-11-12 20:18:56.078 66024 INFO tempest.lib.common.rest_client [req-96912f73-3c78-4665-ae76-6c9a4603ef96 req-96912f73-3c78-4665-ae76-6c9a4603ef96 ] Request (ServersTestBootFromVolume:setUpClass): 202 POST http://10.180.1.21/compute/v2.1/servers 3.202s
2025-11-12 20:18:56.098 66048 INFO tempest.lib.common.rest_client [req-13fd433c-ab2b-4172-8137-a86b0af1ffb2 req-13fd433c-ab2b-4172-8137-a86b0af1ffb2 ] Request (ServicesAdminTestJSON:test_list_services): 200 GET http://10.180.1.21/compute/v2.1/os-services 2.766s
2025-11-12 20:18:56.155 66068 INFO tempest.lib.common.rest_client [req-78b03a59-3459-43b2-b7f3-298517c53c90 req-78b03a59-3459-43b2-b7f3-298517c53c90 ] Request (ServersAdminTestJSON:_run_cleanups): 200 GET http://10.180.1.21/compute/v2.1/servers/6bad53bf-fb39-496d-9704-10e17d0af6ae 2.862s
2025-11-12 20:18:56.163 66068 INFO tempest.common.waiters [-] State transition "REBUILD/rebuild_spawning" ==> "ACTIVE/None" after 14 second wait
2025-11-12 20:18:56.186 66028 INFO tempest.lib.common.rest_client [req-7a435376-b52c-4f7f-a5f9-d99d0c47be22 req-7a435376-b52c-4f7f-a5f9-d99d0c47be22 ] Request (ServersWithSpecificFlavorTestJSON:test_verify_created_server_ephemeral_disk): 200 GET http://10.180.1.21/compute/v2.1/servers/f4a710b5-4410-4915-b8f3-32131972100f/os-interface 2.850s
2025-11-12 20:18:56.223 66056 INFO tempest.lib.common.rest_client [req-8d21ee2f-7037-445f-a818-30aed872b8ee req-8d21ee2f-7037-445f-a818-30aed872b8ee ] Request (ImagesTestJSON:test_create_image_from_stopped_server): 200 GET http://10.180.1.21/compute/v2.1/images/38a4c67c-4a32-45f4-a071-86745e66f8ba 2.886s
2025-11-12 20:18:56.240 66048 INFO tempest.lib.common.rest_client [req-529154d0-ce8b-4f9f-aa95-828ab82f4ee4 req-529154d0-ce8b-4f9f-aa95-828ab82f4ee4 ] Request (ServicesAdminTestJSON:tearDownClass): 204 DELETE http://10.180.1.21/identity/v3/users/5ffdc31f4eff4f5db1976cd5f4b80077 0.138s
2025-11-12 20:18:56.364 66048 INFO tempest.lib.common.rest_client [req-b42f80f7-9aae-4240-a002-f70a29dcdebe req-b42f80f7-9aae-4240-a002-f70a29dcdebe ] Request (ServicesAdminTestJSON:tearDownClass): 204 DELETE http://10.180.1.21/identity/v3/users/5c05a7fea60b4df98478df0f57083df9 0.124s
2025-11-12 20:18:56.365 66048 INFO tempest.lib.common.dynamic_creds [-] Deleting project and security group for project: 037dfc829c544671a495a67d025c7057
2025-11-12 20:18:56.367 66022 INFO tempest.lib.common.rest_client [req-0bd56e39-763a-4a22-904f-5de887802ffd req-0bd56e39-763a-4a22-904f-5de887802ffd ] Request (MultipleCreateTestJSON:_run_cleanups): 200 GET http://10.180.1.21/compute/v2.1/servers/ebb2c981-b6ad-46a2-95a6-6d2c4b185df7 2.928s
2025-11-12 20:18:56.446 66034 INFO tempest.lib.common.rest_client [req-49cd97ff-da5a-4461-8591-02bbfd1ea05a req-49cd97ff-da5a-4461-8591-02bbfd1ea05a ] Request (ServerActionsV293TestJSON:setUpClass): 200 GET http://10.180.1.21/volume/v3/volumes/0f15d0d1-f7d6-40da-b021-04b34f8cd0f8 0.043s
2025-11-12 20:18:56.454 66034 INFO tempest.common.waiters [-] volume 0f15d0d1-f7d6-40da-b021-04b34f8cd0f8 reached available after waiting for 19.454699 seconds
2025-11-12 20:18:56.460 66048 INFO tempest.lib.common.rest_client [req-2bc0d51a-8a34-4abb-8eef-d2927f22078c req-2bc0d51a-8a34-4abb-8eef-d2927f22078c ] Request (ServicesAdminTestJSON:tearDownClass): 201 POST http://10.180.1.21/identity/v3/auth/tokens 0.095s
2025-11-12 20:18:56.884 66028 INFO tempest.lib.common.rest_client [req-b5d84125-5730-4069-b016-d1907126d843 req-b5d84125-5730-4069-b016-d1907126d843 ] Request (ServersWithSpecificFlavorTestJSON:test_verify_created_server_ephemeral_disk): 200 PUT http://10.180.1.21/networking/v2.0/floatingips/865b426a-0037-45e5-8e2a-e12f5faf51b9 0.696s
2025-11-12 20:18:57.006 66052 INFO tempest.lib.common.rest_client [req-c1016f11-3789-460a-9ab5-b20a78e72443 req-c1016f11-3789-460a-9ab5-b20a78e72443 ] Request (ServerActionsTestOtherA:setUpClass): 200 GET http://10.180.1.21/compute/v2.1/servers/1f5b1e21-b1dc-4304-8dee-204743d69a11 3.537s
2025-11-12 20:18:57.016 66052 INFO tempest.common.waiters [-] State transition "BUILD/spawning" ==> "ACTIVE/None" after 45 second wait
2025-11-12 20:18:57.223 66048 INFO tempest.lib.common.rest_client [req-67a1b86e-006c-4582-b5e5-e0a24c3aa478 req-67a1b86e-006c-4582-b5e5-e0a24c3aa478 ] Request (ServicesAdminTestJSON:tearDownClass): 200 GET http://10.180.1.21/networking/v2.0/security-groups?tenant_id=037dfc829c544671a495a67d025c7057&name=default 0.762s
2025-11-12 20:18:57.318 66044 INFO tempest.lib.common.rest_client [req-9ad56157-779c-4339-8a45-87375a641455 req-9ad56157-779c-4339-8a45-87375a641455 ] Request (ServerMetadataTestJSON:setUpClass): 200 GET http://10.180.1.21/compute/v2.1/servers/c5475260-99e2-402f-b96a-462dce8b5510 3.803s
2025-11-12 20:18:57.329 66044 INFO tempest.common.waiters [-] State transition "BUILD/None" ==> "BUILD/spawning" after 44 second wait
2025-11-12 20:18:57.330 66070 INFO tempest.lib.common.rest_client [req-00fe8559-87ee-46a0-aec2-6ad05f610617 req-00fe8559-87ee-46a0-aec2-6ad05f610617 ] Request (ServerGroupTestJSON:_run_cleanups): 200 GET http://10.180.1.21/compute/v2.1/servers/f8f48f18-e47f-4fd5-858c-a94a5dea8b1a 3.792s
2025-11-12 20:18:57.430 66048 INFO tempest.lib.common.rest_client [req-6a789adc-fe53-424c-ae9f-2a6bcfebeffd req-6a789adc-fe53-424c-ae9f-2a6bcfebeffd ] Request (ServicesAdminTestJSON:tearDownClass): 204 DELETE http://10.180.1.21/networking/v2.0/security-groups/3ffbd9c5-a2c5-40f3-a340-879d0b43cc7a 0.207s
2025-11-12 20:18:57.511 66048 INFO tempest.lib.common.rest_client [req-9f2c2085-05a9-42dc-ae91-f0be9a638dcb req-9f2c2085-05a9-42dc-ae91-f0be9a638dcb ] Request (ServicesAdminTestJSON:tearDownClass): 204 DELETE http://10.180.1.21/identity/v3/projects/037dfc829c544671a495a67d025c7057 0.080s
2025-11-12 20:18:57.512 66048 INFO tempest.lib.common.dynamic_creds [-] Deleting project and security group for project: adeefd22595f4462b6204ab91a15b16c
2025-11-12 20:18:57.533 66040 INFO tempest.lib.common.rest_client [req-9d28ba10-47ce-43be-a669-fac49ea860a5 req-9d28ba10-47ce-43be-a669-fac49ea860a5 ] Request (MigrationsAdminTest:test_resize_server_revert_deleted_flavor): 200 GET http://10.180.1.21/compute/v2.1/servers/97f01620-eb70-4b9e-ba19-7197d7f3cfa0 3.943s
2025-11-12 20:18:57.542 66040 INFO tempest.common.waiters [-] State transition "BUILD/scheduling" ==> "BUILD/None" after 10 second wait
2025-11-12 20:18:57.547 66062 INFO tempest.lib.common.rest_client [req-176b7125-a858-406e-a620-8ca23afd8ae9 req-176b7125-a858-406e-a620-8ca23afd8ae9 ] Request (ImagesOneServerNegativeTestJSON:_run_cleanups): 200 GET http://10.180.1.21/compute/v2.1/servers/ba573e86-38ae-4d22-bb45-f1b78c266a19 3.969s
2025-11-12 20:18:57.554 66062 INFO tempest.common.waiters [-] State transition "ACTIVE/deleting" ==> "DELETED/None" after 7 second wait
2025-11-12 20:18:57.719 66048 INFO tempest.lib.common.rest_client [req-7ec596f3-0d4a-45b7-9d88-467f1aa71c8a req-7ec596f3-0d4a-45b7-9d88-467f1aa71c8a ] Request (ServicesAdminTestJSON:tearDownClass): 200 GET http://10.180.1.21/networking/v2.0/security-groups?tenant_id=adeefd22595f4462b6204ab91a15b16c&name=default 0.207s
2025-11-12 20:18:57.870 66042 INFO tempest.lib.common.rest_client [req-6c5d1a49-582c-47dd-abf8-904f641f3c82 req-6c5d1a49-582c-47dd-abf8-904f641f3c82 ] Request (SecurityGroupsTestJSON:test_server_security_groups): 200 GET http://10.180.1.21/compute/v2.1/servers/8f21ea05-999c-4296-8a8d-dab2a7a8dab5 4.231s
2025-11-12 20:18:57.966 66048 INFO tempest.lib.common.rest_client [req-57705530-df80-49d6-ba71-974c6f0d15ea req-57705530-df80-49d6-ba71-974c6f0d15ea ] Request (ServicesAdminTestJSON:tearDownClass): 204 DELETE http://10.180.1.21/networking/v2.0/security-groups/580054ab-6c77-4341-b83f-dfb1ac0bc21e 0.246s
2025-11-12 20:18:58.085 66076 INFO tempest.lib.common.rest_client [req-4958f0c7-69b8-46b2-b53c-b574ec0cf6f2 req-4958f0c7-69b8-46b2-b53c-b574ec0cf6f2 ] Request (DeleteServersTestJSON:test_delete_active_server): 200 GET http://10.180.1.21/compute/v2.1/servers/fffe8553-cc73-4fe7-b8ef-cace589959a3 4.310s
2025-11-12 20:18:58.093 66076 INFO tempest.common.waiters [-] State transition "BUILD/None" ==> "BUILD/spawning" after 45 second wait
2025-11-12 20:18:58.102 66048 INFO tempest.lib.common.rest_client [req-bd209b77-8268-46c7-ae55-0469d85547e8 req-bd209b77-8268-46c7-ae55-0469d85547e8 ] Request (ServicesAdminTestJSON:tearDownClass): 204 DELETE http://10.180.1.21/identity/v3/projects/adeefd22595f4462b6204ab91a15b16c 0.136s
2025-11-12 20:18:58.180 66048 INFO tempest.lib.common.rest_client [req-9a59ae08-d0dc-4504-abc1-ceef247df62f req-9a59ae08-d0dc-4504-abc1-ceef247df62f ] Request (FloatingIPsNegativeTestJSON:setUpClass): 201 POST http://10.180.1.21/identity/v3/auth/tokens 0.076s
2025-11-12 20:18:58.197 66080 INFO tempest.lib.common.rest_client [req-4a9880e6-6cd9-4aa7-a4e8-7a1fe2d9c445 req-4a9880e6-6cd9-4aa7-a4e8-7a1fe2d9c445 ] Request (ServersTestMultiNic:_run_cleanups): 200 GET http://10.180.1.21/compute/v2.1/servers/7a24931f-1f11-4759-b6f9-0e6afdd24a75 4.275s
2025-11-12 20:18:58.213 66058 INFO tempest.lib.common.rest_client [req-dd5ed841-bc30-480d-8e1c-242394297beb req-dd5ed841-bc30-480d-8e1c-242394297beb ] Request (AttachVolumeTestJSON:test_attach_detach_volume): 200 GET http://10.180.1.21/compute/v2.1/servers/30e623cb-6217-4232-a11a-e2adfd0e2a22 4.388s
2025-11-12 20:18:58.223 66048 INFO tempest.lib.common.rest_client [req-ce30404a-4157-498e-a3cb-088b607db0b7 req-ce30404a-4157-498e-a3cb-088b607db0b7 ] Request (FloatingIPsNegativeTestJSON:setUpClass): 201 POST http://10.180.1.21/identity/v3/auth/tokens 0.040s
2025-11-12 20:18:58.226 66058 INFO tempest.common.waiters [-] State transition "SHUTOFF/powering-on" ==> "ACTIVE/None" after 9 second wait
2025-11-12 20:18:58.226 66058 INFO tempest.lib.common.ssh [-] Creating ssh connection to '10.180.180.170:22' as 'cirros' with public key authentication
2025-11-12 20:18:58.257 66048 INFO tempest.lib.common.rest_client [req-2198588e-295a-49c6-8142-5a4990cef32a req-2198588e-295a-49c6-8142-5a4990cef32a ] Request (FloatingIPsNegativeTestJSON:setUpClass): 200 GET http://10.180.1.21/identity/v3/domains?name=Default 0.033s
2025-11-12 20:18:58.260 66038 INFO tempest.lib.common.rest_client [req-049c5339-a94b-4322-8ccb-3fc452814a05 req-049c5339-a94b-4322-8ccb-3fc452814a05 ] Request (AttachVolumeNegativeTest:test_attach_attached_volume_to_different_server): 200 GET http://10.180.1.21/compute/v2.1/servers/60a3376e-2bda-4fbb-b0d6-e54a8db83d3d 4.279s
2025-11-12 20:18:58.272 66036 INFO tempest.lib.common.rest_client [req-343e23ff-1a3b-44b6-ac42-df197aaff892 req-343e23ff-1a3b-44b6-ac42-df197aaff892 ] Request (ServerDiskConfigTestJSON:test_resize_server_from_auto_to_manual): 200 GET http://10.180.1.21/compute/v2.1/servers/3fbf2f2d-be0b-4dfb-86a9-c4de1dcbeb35 4.265s
2025-11-12 20:18:58.282 66036 INFO tempest.common.waiters [-] State transition "BUILD/None" ==> "BUILD/networking" after 35 second wait
2025-11-12 20:18:58.293 66048 INFO tempest.lib.common.rest_client [req-94e59ce0-d935-4bc2-92af-b4727bd416c2 req-94e59ce0-d935-4bc2-92af-b4727bd416c2 ] Request (FloatingIPsNegativeTestJSON:setUpClass): 201 POST http://10.180.1.21/identity/v3/projects 0.035s
2025-11-12 20:18:58.347 66054 INFO tempest.lib.common.rest_client [req-69de8eb8-b28d-4687-9a0d-794c53f7623f req-69de8eb8-b28d-4687-9a0d-794c53f7623f ] Request (ServersListShow2100Test:test_list_show_rebuild_update_server_2100): 200 GET http://10.180.1.21/compute/v2.1/servers/3c22ce76-9fd6-4eb3-900c-e3d2f9f26664 3.791s
2025-11-12 20:18:58.366 66048 INFO tempest.lib.common.rest_client [req-2bd8f791-48f0-46a4-86a9-dd342b1e5538 req-2bd8f791-48f0-46a4-86a9-dd342b1e5538 ] Request (FloatingIPsNegativeTestJSON:setUpClass): 201 POST http://10.180.1.21/identity/v3/users 0.072s
2025-11-12 20:18:58.395 66048 INFO tempest.lib.common.rest_client [req-7f0540c0-1283-45a6-bea7-2fbb1b99004a req-7f0540c0-1283-45a6-bea7-2fbb1b99004a ] Request (FloatingIPsNegativeTestJSON:setUpClass): 200 GET http://10.180.1.21/identity/v3/roles 0.029s
2025-11-12 20:18:58.408 66046 INFO tempest.lib.common.rest_client [req-6d99c18d-86ad-4990-a11c-e0cac00dbbb9 req-6d99c18d-86ad-4990-a11c-e0cac00dbbb9 ] Request (AttachInterfacesUnderV243Test:test_add_remove_fixed_ip): 200 GET http://10.180.1.21/compute/v2.1/servers/f71f64a0-cd74-43a2-b75e-6d0892e28992/ips 3.547s
2025-11-12 20:18:58.410 66064 INFO tempest.lib.common.rest_client [req-a8a86b9d-dd2d-4336-a661-0dba2d91db8a req-a8a86b9d-dd2d-4336-a661-0dba2d91db8a ] Request (ServerRescueTestJSON:setUpClass): 200 GET http://10.180.1.21/compute/v2.1/servers/87c93584-9d1b-42cb-a6c3-feec0307c9c3 4.112s
2025-11-12 20:18:58.438 66048 INFO tempest.lib.common.rest_client [req-9952ee97-440a-4370-ba8e-c208c0b5e589 req-9952ee97-440a-4370-ba8e-c208c0b5e589 ] Request (FloatingIPsNegativeTestJSON:setUpClass): 204 PUT http://10.180.1.21/identity/v3/projects/1dcf1c9771484f8aa7a2b8564fed73c2/users/a1110b99eaa84476bf0d86feb4fb7868/roles/a74d27dc91184b498eda6bc79d846ae4 0.042s
2025-11-12 20:18:58.439 66048 INFO tempest.lib.common.dynamic_creds [-] Dynamic test user a1110b99eaa84476bf0d86feb4fb7868 is created with scope project and roles: ['member']
2025-11-12 20:18:58.439 66048 INFO tempest.lib.common.dynamic_creds [-] Acquired dynamic creds: credentials: Credentials: {'domain_id': 'default', 'domain_name': 'Default', 'username': 'tempest-FloatingIPsNegativeTestJSON-40562386-project-member', 'project_domain_id': 'default', 'project_domain_name': 'Default', 'project_id': '1dcf1c9771484f8aa7a2b8564fed73c2', 'project_name': 'tempest-FloatingIPsNegativeTestJSON-40562386', 'tenant_id': '1dcf1c9771484f8aa7a2b8564fed73c2', 'tenant_name': 'tempest-FloatingIPsNegativeTestJSON-40562386', 'user_domain_id': 'default', 'user_domain_name': 'Default', 'user_id': 'a1110b99eaa84476bf0d86feb4fb7868', 'system': None}, Network: None, Subnet: None, Router: None
2025-11-12 20:18:58.477 66072 INFO tempest.lib.common.rest_client [req-f791634b-d36b-43e8-94b7-c8be84e054de req-f791634b-d36b-43e8-94b7-c8be84e054de ] Request (ServerAddressesTestJSON:setUpClass): 200 GET http://10.180.1.21/compute/v2.1/servers/808085f5-4073-46e4-957c-16e02fc5140e 2.684s
2025-11-12 20:18:58.515 66048 INFO tempest.lib.common.rest_client [req-8064c7a8-f9e0-4183-8d27-48c0221b4e8f req-8064c7a8-f9e0-4183-8d27-48c0221b4e8f ] Request (FloatingIPsNegativeTestJSON:setUpClass): 201 POST http://10.180.1.21/identity/v3/auth/tokens 0.076s
2025-11-12 20:18:58.543 66024 INFO tempest.lib.common.rest_client [req-1a934e4f-f078-4e11-af3e-03c2e98f989b req-1a934e4f-f078-4e11-af3e-03c2e98f989b ] Request (ServersTestBootFromVolume:setUpClass): 200 GET http://10.180.1.21/compute/v2.1/servers/3c4e475a-ea3b-47b4-b1c8-924fe4737594 2.462s
2025-11-12 20:18:58.627 66068 INFO tempest.lib.common.rest_client [req-570e350c-774f-4abc-b437-2dfc7bd5a8f3 req-570e350c-774f-4abc-b437-2dfc7bd5a8f3 ] Request (ServersAdminTestJSON:test_reset_state_server): 202 POST http://10.180.1.21/compute/v2.1/servers/6bad53bf-fb39-496d-9704-10e17d0af6ae/action 2.463s
2025-11-12 20:18:58.868 66048 INFO tempest.lib.common.rest_client [req-b56e497f-a2bb-43be-9c3d-62e15a1880a5 req-b56e497f-a2bb-43be-9c3d-62e15a1880a5 ] Request (FloatingIPsNegativeTestJSON:setUpClass): 201 POST http://10.180.1.21/networking/v2.0/networks 0.352s
2025-11-12 20:18:58.948 66066 INFO tempest.lib.common.rest_client [req-b398d8e5-7bfe-4ce3-9057-ed1e717cc35a req-b398d8e5-7bfe-4ce3-9057-ed1e717cc35a ] Request (VolumesAssistedSnapshotsTest:tearDownClass): 200 GET http://10.180.1.21/compute/v2.1/servers/b85c8e1d-b732-4090-be38-c1986ded31c0 2.535s
2025-11-12 20:18:59.132 66048 INFO tempest.lib.common.rest_client [req-a76b285e-0031-474e-bbb2-bc686c8ce8f8 req-a76b285e-0031-474e-bbb2-bc686c8ce8f8 ] Request (FloatingIPsNegativeTestJSON:setUpClass): 201 POST http://10.180.1.21/networking/v2.0/subnets 0.263s
2025-11-12 20:18:59.963 66048 INFO tempest.lib.common.rest_client [req-a99684d0-85d2-430e-a9f5-62900da0d41f req-a99684d0-85d2-430e-a9f5-62900da0d41f ] Request (FloatingIPsNegativeTestJSON:setUpClass): 201 POST http://10.180.1.21/networking/v2.0/routers 0.830s
2025-11-12 20:19:00.889 66026 INFO tempest.lib.common.rest_client [req-69f784bf-a0a6-4268-a420-1feafea2e172 req-69f784bf-a0a6-4268-a420-1feafea2e172 ] Request (ServerRescueNegativeTestJSON:setUpClass): 202 POST http://10.180.1.21/compute/v2.1/servers 4.972s
2025-11-12 20:19:00.981 66032 INFO tempest.lib.common.rest_client [req-90381b99-5e6d-42c5-91c8-0ff956b27ab7 req-90381b99-5e6d-42c5-91c8-0ff956b27ab7 ] Request (ServersTestJSON:test_create_server_with_ipv6_addr_only): 200 GET http://10.180.1.21/compute/v2.1/servers/ef3938d6-8b92-4a55-b212-368346a82867 4.394s
2025-11-12 20:19:01.033 66048 INFO tempest.lib.common.rest_client [req-65830ea0-2e46-4dab-bf56-5c5ad2ae4b80 req-65830ea0-2e46-4dab-bf56-5c5ad2ae4b80 ] Request (FloatingIPsNegativeTestJSON:setUpClass): 200 PUT http://10.180.1.21/networking/v2.0/routers/a5e40819-b65c-4e16-9521-246748a77a95/add_router_interface 1.070s
2025-11-12 20:19:01.034 66048 INFO tempest.lib.common.dynamic_creds [-] Created isolated network resources for: credentials: Credentials: {'domain_id': 'default', 'domain_name': 'Default', 'username': 'tempest-FloatingIPsNegativeTestJSON-40562386-project-member', 'project_domain_id': 'default', 'project_domain_name': 'Default', 'project_id': '1dcf1c9771484f8aa7a2b8564fed73c2', 'project_name': 'tempest-FloatingIPsNegativeTestJSON-40562386', 'tenant_id': '1dcf1c9771484f8aa7a2b8564fed73c2', 'tenant_name': 'tempest-FloatingIPsNegativeTestJSON-40562386', 'user_domain_id': 'default', 'user_domain_name': 'Default', 'user_id': 'a1110b99eaa84476bf0d86feb4fb7868', 'system': None}, Network: {'id': '954dfbba-131a-4e12-a52d-749cedb1d277', 'name': 'tempest-FloatingIPsNegativeTestJSON-370367223-network', 'tenant_id': '1dcf1c9771484f8aa7a2b8564fed73c2', 'project_id': '1dcf1c9771484f8aa7a2b8564fed73c2', 'admin_state_up': True, 'mtu': 8950, 'status': 'ACTIVE', 'subnets': [], 'shared': False, 'port_security_enabled': True, 'router:external': False, 'provider:network_type': 'vlan', 'provider:physical_network': 'default', 'provider:segmentation_id': 621, 'availability_zone_hints': [], 'availability_zones': [], 'ipv4_address_scope': None, 'ipv6_address_scope': None, 'description': '', 'tags': [], 'created_at': '2025-11-12T20:18:58Z', 'updated_at': '2025-11-12T20:18:58Z', 'revision_number': 1}, Subnet: {'id': 'de281f2b-3647-4409-a725-ffa7c6166b34', 'name': 'tempest-FloatingIPsNegativeTestJSON-370367223-subnet', 'tenant_id': '1dcf1c9771484f8aa7a2b8564fed73c2', 'network_id': '954dfbba-131a-4e12-a52d-749cedb1d277', 'ip_version': 4, 'subnetpool_id': None, 'enable_dhcp': True, 'ipv6_ra_mode': None, 'ipv6_address_mode': None, 'gateway_ip': '192.168.128.1', 'cidr': '192.168.128.0/28', 'allocation_pools': [{'start': '192.168.128.2', 'end': '192.168.128.14'}], 'host_routes': [], 'dns_nameservers': [], 'description': '', 'router:external': False, 'service_types': [], 'tags': [], 'created_at': '2025-11-12T20:18:58Z', 'updated_at': '2025-11-12T20:18:58Z', 'revision_number': 0, 'project_id': '1dcf1c9771484f8aa7a2b8564fed73c2'}, Router: {'id': 'a5e40819-b65c-4e16-9521-246748a77a95', 'name': 'tempest-FloatingIPsNegativeTestJSON-370367223-router', 'tenant_id': '1dcf1c9771484f8aa7a2b8564fed73c2', 'admin_state_up': True, 'status': 'ACTIVE', 'external_gateway_info': {'network_id': '8cb7b8ee-36c3-4d67-8862-c6830d288307', 'external_fixed_ips': [{'subnet_id': 'fd271b62-b538-4031-8db8-bfb92a7f0d79', 'ip_address': '10.180.180.150'}], 'enable_snat': True}, 'description': '', 'availability_zones': [], 'distributed': False, 'ha': False, 'availability_zone_hints': [], 'routes': [], 'flavor_id': None, 'tags': [], 'created_at': '2025-11-12T20:18:59Z', 'updated_at': '2025-11-12T20:18:59Z', 'revision_number': 2, 'project_id': '1dcf1c9771484f8aa7a2b8564fed73c2'}
2025-11-12 20:19:01.071 66050 INFO tempest.lib.common.rest_client [req-b905a592-ad8f-40f9-8894-734467a413a6 req-b905a592-ad8f-40f9-8894-734467a413a6 ] Request (ListImageFiltersTestJSON:setUpClass): 200 GET http://10.180.1.21/compute/v2.1/servers/d6398fea-9c96-4022-95ac-a1c7ac1dea8e 4.239s
2025-11-12 20:19:01.177 66048 INFO tempest.lib.common.rest_client [req-c28c4240-f5ee-4424-9811-d217c68b7f2c req-c28c4240-f5ee-4424-9811-d217c68b7f2c ] Request (FloatingIPsNegativeTestJSON:setUpClass): 201 POST http://10.180.1.21/identity/v3/auth/tokens 0.137s
2025-11-12 20:19:01.221 66034 INFO tempest.lib.common.rest_client [req-53961053-f8f7-428f-98e4-63ec938c2fcb req-53961053-f8f7-428f-98e4-63ec938c2fcb ] Request (ServerActionsV293TestJSON:setUpClass): 202 POST http://10.180.1.21/compute/v2.1/servers 4.766s
2025-11-12 20:19:01.271 66028 INFO tempest.lib.common.rest_client [req-fd8eca80-35a9-4b95-ae8d-b14ca2a581fd req-fd8eca80-35a9-4b95-ae8d-b14ca2a581fd ] Request (ServersWithSpecificFlavorTestJSON:test_verify_created_server_ephemeral_disk): 200 GET http://10.180.1.21/compute/v2.1/servers/f4a710b5-4410-4915-b8f3-32131972100f 4.387s
2025-11-12 20:19:01.280 66028 INFO tempest.lib.common.ssh [-] Creating ssh connection to '10.180.180.176:22' as 'cirros' with public key authentication
2025-11-12 20:19:01.296 66030 INFO tempest.lib.common.rest_client [req-32104189-09dd-4af7-adf7-7772db3e4a3e req-32104189-09dd-4af7-adf7-7772db3e4a3e ] Request (ServerMetadataNegativeTestJSON:setUpClass): 200 GET http://10.180.1.21/compute/v2.1/servers/45018df0-cae6-4ccd-9c36-bc60f8fa37c8 4.347s
2025-11-12 20:19:01.352 66056 INFO tempest.lib.common.rest_client [req-dc4d1be4-c578-4b8f-a0c9-032155597662 req-dc4d1be4-c578-4b8f-a0c9-032155597662 ] Request (ImagesTestJSON:test_create_image_from_stopped_server): 200 GET http://10.180.1.21/compute/v2.1/images/38a4c67c-4a32-45f4-a071-86745e66f8ba 4.123s
2025-11-12 20:19:01.375 66052 INFO tempest.lib.common.rest_client [req-b2b6ddf8-c1f5-472c-83a7-581e527499ab req-b2b6ddf8-c1f5-472c-83a7-581e527499ab ] Request (ServerActionsTestOtherA:setUpClass): 200 GET http://10.180.1.21/compute/v2.1/servers/1f5b1e21-b1dc-4304-8dee-204743d69a11/os-interface 4.358s
2025-11-12 20:19:02.056 66022 INFO tempest.lib.common.rest_client [req-b290bf42-8be5-4915-8b6c-b6660d755dfa req-b290bf42-8be5-4915-8b6c-b6660d755dfa ] Request (MultipleCreateTestJSON:_run_cleanups): 200 GET http://10.180.1.21/compute/v2.1/servers/ebb2c981-b6ad-46a2-95a6-6d2c4b185df7 4.671s
2025-11-12 20:19:02.208 66052 INFO tempest.lib.common.rest_client [req-ca49d3e6-6062-4138-8262-4920b7c4e649 req-ca49d3e6-6062-4138-8262-4920b7c4e649 ] Request (ServerActionsTestOtherA:setUpClass): 200 PUT http://10.180.1.21/networking/v2.0/floatingips/c615a700-306f-4ce7-8d49-c351e5139787 0.829s
2025-11-12 20:19:02.210 66052 INFO tempest.lib.common.ssh [-] Creating ssh connection to '10.180.180.154:22' as 'cirros' with public key authentication
2025-11-12 20:19:02.242 66070 INFO tempest.lib.common.rest_client [req-e196a764-4573-4917-9182-088c34ca2070 req-e196a764-4573-4917-9182-088c34ca2070 ] Request (ServerGroupTestJSON:_run_cleanups): 200 GET http://10.180.1.21/compute/v2.1/servers/f8f48f18-e47f-4fd5-858c-a94a5dea8b1a 3.897s
2025-11-12 20:19:02.267 66044 INFO tempest.lib.common.rest_client [req-dde67855-6136-4cf1-889e-97d45698794a req-dde67855-6136-4cf1-889e-97d45698794a ] Request (ServerMetadataTestJSON:setUpClass): 200 GET http://10.180.1.21/compute/v2.1/servers/c5475260-99e2-402f-b96a-462dce8b5510 3.937s
2025-11-12 20:19:02.356 66046 INFO tempest.lib.common.rest_client [req-3dfc6d5d-4917-4363-9da4-856e75a81a69 req-3dfc6d5d-4917-4363-9da4-856e75a81a69 ] Request (AttachInterfacesUnderV243Test:_run_cleanups): 204 DELETE http://10.180.1.21/compute/v2.1/servers/f71f64a0-cd74-43a2-b75e-6d0892e28992 3.945s
2025-11-12 20:19:02.361 66040 INFO tempest.lib.common.rest_client [req-f9ed478e-51dc-4f5c-bdbc-762948d3cae7 req-f9ed478e-51dc-4f5c-bdbc-762948d3cae7 ] Request (MigrationsAdminTest:test_resize_server_revert_deleted_flavor): 200 GET http://10.180.1.21/compute/v2.1/servers/97f01620-eb70-4b9e-ba19-7197d7f3cfa0 3.818s
2025-11-12 20:19:02.480 66062 INFO tempest.lib.common.rest_client [req-731cfaa7-0d87-4f70-96a1-fabbc3e6ae51 req-731cfaa7-0d87-4f70-96a1-fabbc3e6ae51 ] Request (ImagesOneServerNegativeTestJSON:_run_cleanups): 200 GET http://10.180.1.21/compute/v2.1/servers/ba573e86-38ae-4d22-bb45-f1b78c266a19 3.925s
2025-11-12 20:19:02.567 66068 INFO tempest.lib.common.rest_client [req-5fee5c86-73ff-4690-8137-5f5819c95b78 req-5fee5c86-73ff-4690-8137-5f5819c95b78 ] Request (ServersAdminTestJSON:test_reset_state_server): 200 GET http://10.180.1.21/compute/v2.1/servers/6bad53bf-fb39-496d-9704-10e17d0af6ae 3.939s
2025-11-12 20:19:02.588 66042 INFO tempest.lib.common.rest_client [req-0ca535db-0688-4196-ab9d-c3d2acc74802 req-0ca535db-0688-4196-ab9d-c3d2acc74802 ] Request (SecurityGroupsTestJSON:test_server_security_groups): 200 GET http://10.180.1.21/compute/v2.1/servers/8f21ea05-999c-4296-8a8d-dab2a7a8dab5 3.708s
2025-11-12 20:19:02.699 66080 INFO tempest.lib.common.rest_client [req-15c2b88f-d0b5-4c56-bdb9-fa474d2105f0 req-15c2b88f-d0b5-4c56-bdb9-fa474d2105f0 ] Request (ServersTestMultiNic:_run_cleanups): 200 GET http://10.180.1.21/compute/v2.1/servers/7a24931f-1f11-4759-b6f9-0e6afdd24a75 3.492s
2025-11-12 20:19:02.730 66076 INFO tempest.lib.common.rest_client [req-b598b967-8e99-4a14-ac56-599b5a774523 req-b598b967-8e99-4a14-ac56-599b5a774523 ] Request (DeleteServersTestJSON:test_delete_active_server): 200 GET http://10.180.1.21/compute/v2.1/servers/fffe8553-cc73-4fe7-b8ef-cace589959a3 3.636s
2025-11-12 20:19:02.767 66038 INFO tempest.lib.common.rest_client [req-f0507854-20c1-4f1b-a2f2-a5c8e12a59ff req-f0507854-20c1-4f1b-a2f2-a5c8e12a59ff ] Request (AttachVolumeNegativeTest:test_attach_attached_volume_to_different_server): 200 GET http://10.180.1.21/compute/v2.1/servers/60a3376e-2bda-4fbb-b0d6-e54a8db83d3d 3.495s
2025-11-12 20:19:02.876 66054 INFO tempest.lib.common.rest_client [req-342af852-0e8c-44ab-97b5-edb6a066a258 req-342af852-0e8c-44ab-97b5-edb6a066a258 ] Request (ServersListShow2100Test:test_list_show_rebuild_update_server_2100): 200 GET http://10.180.1.21/compute/v2.1/servers/3c22ce76-9fd6-4eb3-900c-e3d2f9f26664 3.515s
2025-11-12 20:19:02.888 66054 INFO tempest.common.waiters [-] State transition "REBUILD/rebuild_spawning" ==> "ACTIVE/None" after 14 second wait
2025-11-12 20:19:02.899 66036 INFO tempest.lib.common.rest_client [req-9606540a-a2fa-43c4-970b-f61e0d974e83 req-9606540a-a2fa-43c4-970b-f61e0d974e83 ] Request (ServerDiskConfigTestJSON:test_resize_server_from_auto_to_manual): 200 GET http://10.180.1.21/compute/v2.1/servers/3fbf2f2d-be0b-4dfb-86a9-c4de1dcbeb35 3.616s
2025-11-12 20:19:02.906 66036 INFO tempest.common.waiters [-] State transition "BUILD/networking" ==> "BUILD/spawning" after 39 second wait
2025-11-12 20:19:02.975 66072 INFO tempest.lib.common.rest_client [req-b9c66e85-bc40-4ca9-913f-735c2d455294 req-b9c66e85-bc40-4ca9-913f-735c2d455294 ] Request (ServerAddressesTestJSON:setUpClass): 200 GET http://10.180.1.21/compute/v2.1/servers/808085f5-4073-46e4-957c-16e02fc5140e 3.487s
2025-11-12 20:19:03.001 66064 INFO tempest.lib.common.rest_client [req-67aa8fef-24d4-4cc3-bf93-16320caecd41 req-67aa8fef-24d4-4cc3-bf93-16320caecd41 ] Request (ServerRescueTestJSON:setUpClass): 200 GET http://10.180.1.21/compute/v2.1/servers/87c93584-9d1b-42cb-a6c3-feec0307c9c3 3.580s
2025-11-12 20:19:03.038 66024 INFO tempest.lib.common.rest_client [req-f9c6658a-3388-4109-b7f3-7b26364c76e6 req-f9c6658a-3388-4109-b7f3-7b26364c76e6 ] Request (ServersTestBootFromVolume:setUpClass): 200 GET http://10.180.1.21/compute/v2.1/servers/3c4e475a-ea3b-47b4-b1c8-924fe4737594 3.486s
2025-11-12 20:19:03.097 66066 INFO tempest.lib.common.rest_client [req-03ab5277-6985-4299-b0c8-3bf490342035 req-03ab5277-6985-4299-b0c8-3bf490342035 ] Request (VolumesAssistedSnapshotsTest:tearDownClass): 200 GET http://10.180.1.21/compute/v2.1/servers/b85c8e1d-b732-4090-be38-c1986ded31c0 3.139s
2025-11-12 20:19:03.171 66026 INFO tempest.lib.common.rest_client [req-fb2557bb-0cbc-4449-a44c-2bfe2a6ebe8c req-fb2557bb-0cbc-4449-a44c-2bfe2a6ebe8c ] Request (ServerRescueNegativeTestJSON:setUpClass): 200 GET http://10.180.1.21/compute/v2.1/servers/2564cbff-4c12-4be4-95b7-a2195bdd89cf 2.280s
2025-11-12 20:19:03.222 66048 INFO tempest.lib.common.rest_client [req-5b1251d4-e4c0-48a7-bfae-8e529d6fd1ef req-5b1251d4-e4c0-48a7-bfae-8e529d6fd1ef ] Request (FloatingIPsNegativeTestJSON:setUpClass): 200 GET http://10.180.1.21/compute/v2.1/os-floating-ips 2.044s
2025-11-12 20:19:03.235 66026 INFO tempest.lib.common.rest_client [req-e48bdc63-b6b2-43dc-9064-f6fd0b869db8 req-e48bdc63-b6b2-43dc-9064-f6fd0b869db8 ] Request (ServerRescueNegativeTestJSON:setUpClass): 201 POST http://10.180.1.21/identity/v3/auth/tokens 0.053s
2025-11-12 20:19:03.235 66026 INFO tempest.lib.common.fixed_network [-] (ServerRescueNegativeTestJSON:setUpClass) Found network {'id': 'aae481a1-4f62-4db5-99cf-4ad54ccc1af9', 'name': 'tempest-ServerRescueNegativeTestJSON-781499314-network', 'tenant_id': '57cc861d593842ae9c093dcacc4d3bab', 'project_id': '57cc861d593842ae9c093dcacc4d3bab', 'admin_state_up': True, 'mtu': 8950, 'status': 'ACTIVE', 'subnets': [], 'shared': False, 'port_security_enabled': True, 'router:external': False, 'provider:network_type': 'vlan', 'provider:physical_network': 'default', 'provider:segmentation_id': 430, 'availability_zone_hints': [], 'availability_zones': [], 'ipv4_address_scope': None, 'ipv6_address_scope': None, 'description': '', 'tags': [], 'created_at': '2025-11-12T20:18:53Z', 'updated_at': '2025-11-12T20:18:53Z', 'revision_number': 1} available for tenant
2025-11-12 20:19:03.250 66034 INFO tempest.lib.common.rest_client [req-b448a1b3-e447-42f6-8877-dd4b3a55daea req-b448a1b3-e447-42f6-8877-dd4b3a55daea ] Request (ServerActionsV293TestJSON:setUpClass): 200 GET http://10.180.1.21/compute/v2.1/servers/cc7c15c8-ee79-435d-88ae-d067cf2fa6db 2.027s
2025-11-12 20:19:03.288 66056 INFO tempest.lib.common.rest_client [req-0992316d-0443-4b13-bf31-fd01189e0783 req-0992316d-0443-4b13-bf31-fd01189e0783 ] Request (ImagesTestJSON:test_create_image_from_stopped_server): 200 GET http://10.180.1.21/compute/v2.1/images/38a4c67c-4a32-45f4-a071-86745e66f8ba 1.930s
2025-11-12 20:19:03.325 66032 INFO tempest.lib.common.rest_client [req-5e96eb07-810a-4eba-aede-e75344f35759 req-5e96eb07-810a-4eba-aede-e75344f35759 ] Request (ServersTestJSON:test_create_server_with_ipv6_addr_only): 200 GET http://10.180.1.21/compute/v2.1/servers/ef3938d6-8b92-4a55-b212-368346a82867 1.331s
2025-11-12 20:19:03.343 66056 INFO tempest.lib.common.rest_client [req-c4c89da0-5179-43e2-8317-5a90cd576f3e req-c4c89da0-5179-43e2-8317-5a90cd576f3e ] Request (ImagesTestJSON:test_create_image_from_stopped_server): 200 GET http://10.180.1.21/image/v2/images/38a4c67c-4a32-45f4-a071-86745e66f8ba/tasks 0.051s
2025-11-12 20:19:03.382 66050 INFO tempest.lib.common.rest_client [req-1c83a895-57de-406e-8301-bd9629737469 req-1c83a895-57de-406e-8301-bd9629737469 ] Request (ListImageFiltersTestJSON:setUpClass): 200 GET http://10.180.1.21/compute/v2.1/servers/d6398fea-9c96-4022-95ac-a1c7ac1dea8e 1.300s
2025-11-12 20:19:03.420 66030 INFO tempest.lib.common.rest_client [req-220116fa-0259-4505-b35b-b0d7f6a7b766 req-220116fa-0259-4505-b35b-b0d7f6a7b766 ] Request (ServerMetadataNegativeTestJSON:setUpClass): 200 GET http://10.180.1.21/compute/v2.1/servers/45018df0-cae6-4ccd-9c36-bc60f8fa37c8 1.115s
2025-11-12 20:19:03.500 66068 INFO tempest.lib.common.rest_client [req-7af79827-034c-4b0f-b64a-b5d47730307e req-7af79827-034c-4b0f-b64a-b5d47730307e ] Request (ServersAdminTestJSON:test_reset_state_server): 202 POST http://10.180.1.21/compute/v2.1/servers/6bad53bf-fb39-496d-9704-10e17d0af6ae/action 0.921s
2025-11-12 20:19:03.560 66046 INFO tempest.lib.common.rest_client [req-919a4d53-6e8b-4fc4-a3c1-589c53d59d57 req-919a4d53-6e8b-4fc4-a3c1-589c53d59d57 ] Request (AttachInterfacesUnderV243Test:_run_cleanups): 200 GET http://10.180.1.21/compute/v2.1/servers/f71f64a0-cd74-43a2-b75e-6d0892e28992 1.203s
2025-11-12 20:19:03.620 66054 INFO tempest.lib.common.rest_client [req-6301e1be-4605-4da1-aa46-49fe5a9164d8 req-6301e1be-4605-4da1-aa46-49fe5a9164d8 ] Request (ServersListShow2100Test:tearDownClass): 204 DELETE http://10.180.1.21/compute/v2.1/servers/3c22ce76-9fd6-4eb3-900c-e3d2f9f26664 0.727s
2025-11-12 20:19:03.702 66022 INFO tempest.lib.common.rest_client [req-d6703935-e1dc-4b11-aa53-60431a21681e req-d6703935-e1dc-4b11-aa53-60431a21681e ] Request (MultipleCreateTestJSON:_run_cleanups): 200 GET http://10.180.1.21/compute/v2.1/servers/ebb2c981-b6ad-46a2-95a6-6d2c4b185df7 0.636s
2025-11-12 20:19:03.717 66048 INFO tempest.lib.common.rest_client [req-ed759538-5f5d-4ec3-a66c-f682f6caf7ba req-ed759538-5f5d-4ec3-a66c-f682f6caf7ba ] Request (FloatingIPsNegativeTestJSON:test_allocate_floating_ip_from_nonexistent_pool): 404 POST http://10.180.1.21/compute/v2.1/os-floating-ips 0.492s
2025-11-12 20:19:03.934 66070 INFO tempest.lib.common.rest_client [req-97201405-39b1-4aac-80b0-2b9230256ec4 req-97201405-39b1-4aac-80b0-2b9230256ec4 ] Request (ServerGroupTestJSON:_run_cleanups): 200 GET http://10.180.1.21/compute/v2.1/servers/f8f48f18-e47f-4fd5-858c-a94a5dea8b1a 0.681s
2025-11-12 20:19:04.149 66044 INFO tempest.lib.common.rest_client [req-5e5cb137-b5d0-419e-9d32-6243a029ae46 req-5e5cb137-b5d0-419e-9d32-6243a029ae46 ] Request (ServerMetadataTestJSON:setUpClass): 200 GET http://10.180.1.21/compute/v2.1/servers/c5475260-99e2-402f-b96a-462dce8b5510 0.867s
2025-11-12 20:19:04.252 66026 INFO tempest.lib.common.rest_client [req-0e1af9a6-fcee-49bc-b31b-f6f12226dc46 req-0e1af9a6-fcee-49bc-b31b-f6f12226dc46 ] Request (ServerRescueNegativeTestJSON:setUpClass): 202 POST http://10.180.1.21/compute/v2.1/servers 1.015s
2025-11-12 20:19:04.265 66056 INFO tempest.lib.common.rest_client [req-c3822f9f-ed88-4662-a8dd-b08643e3ee36 req-c3822f9f-ed88-4662-a8dd-b08643e3ee36 ] Request (ImagesTestJSON:_run_cleanups): 204 DELETE http://10.180.1.21/compute/v2.1/images/38a4c67c-4a32-45f4-a071-86745e66f8ba 0.922s
2025-11-12 20:19:04.307 66040 INFO tempest.lib.common.rest_client [req-d0c593d5-4b8b-45b3-9bd0-8ffa5c50a000 req-d0c593d5-4b8b-45b3-9bd0-8ffa5c50a000 ] Request (MigrationsAdminTest:test_resize_server_revert_deleted_flavor): 200 GET http://10.180.1.21/compute/v2.1/servers/97f01620-eb70-4b9e-ba19-7197d7f3cfa0 0.934s
2025-11-12 20:19:04.332 66062 INFO tempest.lib.common.rest_client [req-1d7e45d8-e74a-4565-a393-aac0469d2a38 req-1d7e45d8-e74a-4565-a393-aac0469d2a38 ] Request (ImagesOneServerNegativeTestJSON:_run_cleanups): 200 GET http://10.180.1.21/compute/v2.1/servers/ba573e86-38ae-4d22-bb45-f1b78c266a19 0.842s
2025-11-12 20:19:04.378 66028 WARNING tempest.lib.common.ssh [-] Failed to establish authenticated ssh connection to cirros@10.180.180.176 ([Errno None] Unable to connect to port 22 on 10.180.180.176). Number attempts: 1. Retry after 2 seconds.: paramiko.ssh_exception.NoValidConnectionsError: [Errno None] Unable to connect to port 22 on 10.180.180.176
2025-11-12 20:19:04.404 66042 INFO tempest.lib.common.rest_client [req-f53256b2-f128-4516-b728-693a2d3d92ce req-f53256b2-f128-4516-b728-693a2d3d92ce ] Request (SecurityGroupsTestJSON:test_server_security_groups): 200 GET http://10.180.1.21/compute/v2.1/servers/8f21ea05-999c-4296-8a8d-dab2a7a8dab5 0.803s
2025-11-12 20:19:04.429 66068 INFO tempest.lib.common.rest_client [req-53120839-2e2e-4ab0-a4ff-b84569b76fb1 req-53120839-2e2e-4ab0-a4ff-b84569b76fb1 ] Request (ServersAdminTestJSON:test_reset_state_server): 200 GET http://10.180.1.21/compute/v2.1/servers/6bad53bf-fb39-496d-9704-10e17d0af6ae 0.928s
2025-11-12 20:19:04.472 66054 INFO tempest.lib.common.rest_client [req-4d5f04c7-3dc7-449e-8289-07fb4be2ee42 req-4d5f04c7-3dc7-449e-8289-07fb4be2ee42 ] Request (ServersListShow2100Test:tearDownClass): 200 GET http://10.180.1.21/compute/v2.1/servers/3c22ce76-9fd6-4eb3-900c-e3d2f9f26664 0.851s
2025-11-12 20:19:04.487 66080 INFO tempest.lib.common.rest_client [req-8692bdca-82d2-4a54-8ea4-3cf84821413e req-8692bdca-82d2-4a54-8ea4-3cf84821413e ] Request (ServersTestMultiNic:_run_cleanups): 200 GET http://10.180.1.21/compute/v2.1/servers/7a24931f-1f11-4759-b6f9-0e6afdd24a75 0.775s
2025-11-12 20:19:04.497 66048 INFO tempest.lib.common.rest_client [req-a9ceaa47-da63-42d3-bcfe-30ea3c60127a req-a9ceaa47-da63-42d3-bcfe-30ea3c60127a ] Request (FloatingIPsNegativeTestJSON:test_delete_nonexistent_floating_ip): 404 DELETE http://10.180.1.21/compute/v2.1/os-floating-ips/08796e88-866e-4c3f-a0b3-586837aa7fcb 0.778s
2025-11-12 20:19:04.578 66038 INFO tempest.lib.common.rest_client [req-f4811830-d640-4be8-ad44-b14ce3f81739 req-f4811830-d640-4be8-ad44-b14ce3f81739 ] Request (AttachVolumeNegativeTest:test_attach_attached_volume_to_different_server): 200 GET http://10.180.1.21/compute/v2.1/servers/60a3376e-2bda-4fbb-b0d6-e54a8db83d3d 0.802s
2025-11-12 20:19:04.608 66076 INFO tempest.lib.common.rest_client [req-dd593194-5c02-464c-8369-b23c81d8d785 req-dd593194-5c02-464c-8369-b23c81d8d785 ] Request (DeleteServersTestJSON:test_delete_active_server): 200 GET http://10.180.1.21/compute/v2.1/servers/fffe8553-cc73-4fe7-b8ef-cace589959a3 0.865s
2025-11-12 20:19:05.174 66072 INFO tempest.lib.common.rest_client [req-78df1b0c-91d2-4c97-a3a8-0ccf98b77700 req-78df1b0c-91d2-4c97-a3a8-0ccf98b77700 ] Request (ServerAddressesTestJSON:setUpClass): 200 GET http://10.180.1.21/compute/v2.1/servers/808085f5-4073-46e4-957c-16e02fc5140e 1.191s
2025-11-12 20:19:05.202 66036 INFO tempest.lib.common.rest_client [req-9ed670a7-895d-4489-88ec-788907dd3002 req-9ed670a7-895d-4489-88ec-788907dd3002 ] Request (ServerDiskConfigTestJSON:test_resize_server_from_auto_to_manual): 200 GET http://10.180.1.21/compute/v2.1/servers/3fbf2f2d-be0b-4dfb-86a9-c4de1dcbeb35 1.294s
2025-11-12 20:19:05.284 66048 INFO tempest.lib.common.rest_client [req-d68576d1-10dd-4b33-a2eb-1c0708eac712 req-d68576d1-10dd-4b33-a2eb-1c0708eac712 ] Request (FloatingIPsNegativeTestJSON:tearDownClass): 200 PUT http://10.180.1.21/networking/v2.0/routers/a5e40819-b65c-4e16-9521-246748a77a95/remove_router_interface 0.785s
2025-11-12 20:19:05.347 66024 INFO tempest.lib.common.rest_client [req-65e3b161-ab91-420a-a297-4b07198d8d9a req-65e3b161-ab91-420a-a297-4b07198d8d9a ] Request (ServersTestBootFromVolume:setUpClass): 200 GET http://10.180.1.21/compute/v2.1/servers/3c4e475a-ea3b-47b4-b1c8-924fe4737594 1.297s
2025-11-12 20:19:05.386 66064 INFO tempest.lib.common.rest_client [req-030ad80b-dd64-4b3f-8c8f-c7b2b3d568a7 req-030ad80b-dd64-4b3f-8c8f-c7b2b3d568a7 ] Request (ServerRescueTestJSON:setUpClass): 200 GET http://10.180.1.21/compute/v2.1/servers/87c93584-9d1b-42cb-a6c3-feec0307c9c3 1.374s
2025-11-12 20:19:05.401 66064 INFO tempest.common.waiters [-] State transition "ACTIVE/rescuing" ==> "RESCUE/None" after 12 second wait
2025-11-12 20:19:05.502 66066 INFO tempest.lib.common.rest_client [req-90263d46-4c55-4d83-988d-96f115cf8ccc req-90263d46-4c55-4d83-988d-96f115cf8ccc ] Request (VolumesAssistedSnapshotsTest:tearDownClass): 200 GET http://10.180.1.21/compute/v2.1/servers/b85c8e1d-b732-4090-be38-c1986ded31c0 1.393s
2025-11-12 20:19:05.503 66064 INFO tempest.lib.common.rest_client [req-559521c4-5853-4a37-b685-e73303073597 req-559521c4-5853-4a37-b685-e73303073597 ] Request (ServerRescueTestJSON:test_rescue_unrescue_instance): 201 POST http://10.180.1.21/identity/v3/auth/tokens 0.098s
2025-11-12 20:19:05.503 66064 INFO tempest.lib.common.fixed_network [-] (ServerRescueTestJSON:test_rescue_unrescue_instance) Found network {'id': 'a6f2d5b1-d0c4-4396-8aca-a3f6cad94ff2', 'name': 'tempest-ServerRescueTestJSON-1639596175-network', 'tenant_id': '548b1a32de444d339d1080c40d190bdb', 'project_id': '548b1a32de444d339d1080c40d190bdb', 'admin_state_up': True, 'mtu': 8950, 'status': 'ACTIVE', 'subnets': [], 'shared': False, 'port_security_enabled': True, 'router:external': False, 'provider:network_type': 'vlan', 'provider:physical_network': 'default', 'provider:segmentation_id': 480, 'availability_zone_hints': [], 'availability_zones': [], 'ipv4_address_scope': None, 'ipv6_address_scope': None, 'description': '', 'tags': [], 'created_at': '2025-11-12T20:17:55Z', 'updated_at': '2025-11-12T20:17:55Z', 'revision_number': 1} available for tenant
2025-11-12 20:19:05.552 66026 INFO tempest.lib.common.rest_client [req-2a3d1412-3729-49f4-b46c-25c34dff2e11 req-2a3d1412-3729-49f4-b46c-25c34dff2e11 ] Request (ServerRescueNegativeTestJSON:setUpClass): 200 GET http://10.180.1.21/compute/v2.1/servers/34a3eae2-4cf3-4503-a280-d9c6c2a236d4 1.297s
2025-11-12 20:19:05.610 66034 INFO tempest.lib.common.rest_client [req-2341c6de-4d00-4775-b784-b30cd19f5556 req-2341c6de-4d00-4775-b784-b30cd19f5556 ] Request (ServerActionsV293TestJSON:setUpClass): 200 GET http://10.180.1.21/compute/v2.1/servers/cc7c15c8-ee79-435d-88ae-d067cf2fa6db 1.344s
2025-11-12 20:19:05.645 66056 INFO tempest.lib.common.rest_client [req-4dfbb195-5f65-45e4-b502-07b5f8427cdb req-4dfbb195-5f65-45e4-b502-07b5f8427cdb ] Request (ImagesTestJSON:_run_cleanups): 204 DELETE http://10.180.1.21/compute/v2.1/servers/f16530fd-2c87-4dc6-a88d-135dbf49375e 1.379s
2025-11-12 20:19:05.674 66032 INFO tempest.lib.common.rest_client [req-a8f100af-b33b-4e26-9cb7-e1967eb9e05c req-a8f100af-b33b-4e26-9cb7-e1967eb9e05c ] Request (ServersTestJSON:test_create_server_with_ipv6_addr_only): 200 GET http://10.180.1.21/compute/v2.1/servers/ef3938d6-8b92-4a55-b212-368346a82867 1.332s
2025-11-12 20:19:05.731 66050 INFO tempest.lib.common.rest_client [req-5b2599fb-86dc-4f0e-bf32-40e1ff755125 req-5b2599fb-86dc-4f0e-bf32-40e1ff755125 ] Request (ListImageFiltersTestJSON:setUpClass): 200 GET http://10.180.1.21/compute/v2.1/servers/d6398fea-9c96-4022-95ac-a1c7ac1dea8e 1.332s
2025-11-12 20:19:05.743 66056 INFO tempest.lib.common.rest_client [req-629fecc4-aa6b-4c39-8687-5bb25c09a8d7 req-629fecc4-aa6b-4c39-8687-5bb25c09a8d7 ] Request (ImagesTestJSON:test_create_image_from_suspended_server): 201 POST http://10.180.1.21/identity/v3/auth/tokens 0.093s
2025-11-12 20:19:05.743 66056 INFO tempest.lib.common.fixed_network [-] (ImagesTestJSON:test_create_image_from_suspended_server) Found network {'id': '9840b3aa-86af-468d-ad01-5f05503a1eee', 'name': 'tempest-ImagesTestJSON-635097348-network', 'tenant_id': '1e1399a836b44dda93cdd9bcd4a37b31', 'project_id': '1e1399a836b44dda93cdd9bcd4a37b31', 'admin_state_up': True, 'mtu': 8950, 'status': 'ACTIVE', 'subnets': [], 'shared': False, 'port_security_enabled': True, 'router:external': False, 'provider:network_type': 'vlan', 'provider:physical_network': 'default', 'provider:segmentation_id': 586, 'availability_zone_hints': [], 'availability_zones': [], 'ipv4_address_scope': None, 'ipv6_address_scope': None, 'description': '', 'tags': [], 'created_at': '2025-11-12T20:17:44Z', 'updated_at': '2025-11-12T20:17:44Z', 'revision_number': 1} available for tenant
2025-11-12 20:19:05.747 66030 INFO tempest.lib.common.rest_client [req-8f3568c6-ad05-4a4b-bf17-af0f57e36df9 req-8f3568c6-ad05-4a4b-bf17-af0f57e36df9 ] Request (ServerMetadataNegativeTestJSON:setUpClass): 200 GET http://10.180.1.21/compute/v2.1/servers/45018df0-cae6-4ccd-9c36-bc60f8fa37c8 1.314s
