2025-11-12 20:18:37.477 66042 INFO tempest.lib.common.rest_client [req-e5127777-648b-449d-8a7b-40acec2ce94f req-e5127777-648b-449d-8a7b-40acec2ce94f ] Request (SecurityGroupsTestJSON:test_server_security_groups): 202 POST http://10.180.1.21/compute/v2.1/servers/8f21ea05-999c-4296-8a8d-dab2a7a8dab5/action 1.272s
2025-11-12 20:18:37.532 66034 INFO tempest.lib.common.rest_client [req-a2c18180-ba57-4e66-9235-b334cae3f69c req-a2c18180-ba57-4e66-9235-b334cae3f69c ] Request (ServerActionsV293TestJSON:setUpClass): 200 GET http://10.180.1.21/volume/v3/volumes/0f15d0d1-f7d6-40da-b021-04b34f8cd0f8 0.041s
2025-11-12 20:18:37.573 66078 INFO tempest.lib.common.rest_client [req-5e7f6a00-7e9a-4950-870e-c2197d3360dc req-5e7f6a00-7e9a-4950-870e-c2197d3360dc ] Request (QuotasTestJSON:test_get_quotas): 200 GET http://10.180.1.21/compute/v2.1/os-quota-sets/baea0e536545420a81f702e8f81dc010?user_id=07b5216b746446d0bf809b391f24fd8e 1.262s
2025-11-12 20:18:37.733 66078 INFO tempest.lib.common.rest_client [req-e702f145-935c-4714-abc0-e10784e936a4 req-e702f145-935c-4714-abc0-e10784e936a4 ] Request (QuotasTestJSON:tearDownClass): 204 DELETE http://10.180.1.21/identity/v3/users/07b5216b746446d0bf809b391f24fd8e 0.149s
2025-11-12 20:18:37.734 66078 INFO tempest.lib.common.dynamic_creds [-] Deleting project and security group for project: baea0e536545420a81f702e8f81dc010
2025-11-12 20:18:37.737 66044 INFO tempest.lib.common.rest_client [req-017a8a43-c3ac-42de-85c5-bbc0ead58de2 req-017a8a43-c3ac-42de-85c5-bbc0ead58de2 ] Request (ServerMetadataTestJSON:setUpClass): 200 GET http://10.180.1.21/compute/v2.1/servers/c5475260-99e2-402f-b96a-462dce8b5510 1.397s
2025-11-12 20:18:37.807 66078 INFO tempest.lib.common.rest_client [req-e1867c62-1359-4856-8507-444aa0333515 req-e1867c62-1359-4856-8507-444aa0333515 ] Request (QuotasTestJSON:tearDownClass): 201 POST http://10.180.1.21/identity/v3/auth/tokens 0.072s
2025-11-12 20:18:37.860 66054 INFO tempest.lib.common.rest_client [req-e97eee8b-243e-4049-988c-3bdef418873e req-e97eee8b-243e-4049-988c-3bdef418873e ] Request (ServersListShow2100Test:test_list_show_rebuild_update_server_2100): 200 GET http://10.180.1.21/compute/v2.1/servers/3c22ce76-9fd6-4eb3-900c-e3d2f9f26664 1.496s
2025-11-12 20:18:37.872 66054 INFO tempest.common.waiters [-] State transition "BUILD/spawning" ==> "ACTIVE/None" after 40 second wait
2025-11-12 20:18:37.874 66040 INFO tempest.lib.common.rest_client [req-d48dd492-57ef-4d03-b985-ac3a6584af05 req-d48dd492-57ef-4d03-b985-ac3a6584af05 ] Request (MigrationsAdminTest:test_resize_server_revert_deleted_flavor): 200 GET http://10.180.1.21/compute/v2.1/flavors/42 1.497s
2025-11-12 20:18:38.048 66078 INFO tempest.lib.common.rest_client [req-9e701010-1172-49d0-b36d-1270c0810318 req-9e701010-1172-49d0-b36d-1270c0810318 ] Request (QuotasTestJSON:tearDownClass): 200 GET http://10.180.1.21/networking/v2.0/security-groups?tenant_id=baea0e536545420a81f702e8f81dc010&name=default 0.241s
2025-11-12 20:18:38.117 66048 INFO tempest.lib.common.rest_client [req-c8e04ad1-458b-49b5-a908-2572165e2f7e req-c8e04ad1-458b-49b5-a908-2572165e2f7e ] Request (ServersAdminNegativeTestJSON:tearDownClass): 200 GET http://10.180.1.21/compute/v2.1/servers/1c30d555-3318-4ac3-ae2b-330e1774a3cd 1.646s
2025-11-12 20:18:38.202 66078 INFO tempest.lib.common.rest_client [req-e92e12fc-e1d7-4b02-9298-8f0a1d90a801 req-e92e12fc-e1d7-4b02-9298-8f0a1d90a801 ] Request (QuotasTestJSON:tearDownClass): 204 DELETE http://10.180.1.21/networking/v2.0/security-groups/62a5000a-6254-4801-8acf-02ba1d244045 0.153s
2025-11-12 20:18:38.214 66024 INFO tempest.lib.common.rest_client [req-68c7b1fc-662b-4431-b266-1fdc60220ec3 req-68c7b1fc-662b-4431-b266-1fdc60220ec3 ] Request (ServersTestBootFromVolume:setUpClass): 200 GET http://10.180.1.21/volume/v3/volumes/9717a2c1-6cf1-436b-863c-ac35ef0dde80 0.043s
2025-11-12 20:18:38.262 66058 INFO tempest.lib.common.rest_client [req-34cfca07-b441-4c7f-8149-88fd4535062b req-34cfca07-b441-4c7f-8149-88fd4535062b ] Request (AttachVolumeTestJSON:test_attach_detach_volume): 200 GET http://10.180.1.21/volume/v3/volumes/3dfee67a-c8e8-4f32-925a-954cc48af727 0.049s
2025-11-12 20:18:38.315 66078 INFO tempest.lib.common.rest_client [req-543fd4d0-a96d-4827-8375-ba57fbd7db81 req-543fd4d0-a96d-4827-8375-ba57fbd7db81 ] Request (QuotasTestJSON:tearDownClass): 204 DELETE http://10.180.1.21/identity/v3/projects/baea0e536545420a81f702e8f81dc010 0.113s
2025-11-12 20:18:38.345 66026 INFO tempest.lib.common.rest_client [req-6277b068-5af1-4621-a2e7-fd726b96cea4 req-6277b068-5af1-4621-a2e7-fd726b96cea4 ] Request (FloatingIPsTestJSON:test_delete_floating_ip): 404 GET http://10.180.1.21/compute/v2.1/os-floating-ips/800f8fbd-a42e-4aae-b6ee-c30e7af30340 1.830s
2025-11-12 20:18:38.352 66030 INFO tempest.lib.common.rest_client [req-78873663-d885-423e-abd2-555ccaedc2bf req-78873663-d885-423e-abd2-555ccaedc2bf ] Request (ServerMetadataNegativeTestJSON:setUpClass): 202 POST http://10.180.1.21/compute/v2.1/servers 2.128s
2025-11-12 20:18:38.580 66034 INFO tempest.lib.common.rest_client [req-013801e4-179c-4337-b6fb-05ce6c1c6cbf req-013801e4-179c-4337-b6fb-05ce6c1c6cbf ] Request (ServerActionsV293TestJSON:setUpClass): 200 GET http://10.180.1.21/volume/v3/volumes/0f15d0d1-f7d6-40da-b021-04b34f8cd0f8 0.035s
2025-11-12 20:18:38.622 66076 INFO tempest.lib.common.rest_client [req-df0f1e9a-13f3-4c60-afe0-b9f135165eaf req-df0f1e9a-13f3-4c60-afe0-b9f135165eaf ] Request (DeleteServersTestJSON:test_delete_active_server): 200 GET http://10.180.1.21/compute/v2.1/servers/fffe8553-cc73-4fe7-b8ef-cace589959a3 2.045s
2025-11-12 20:18:38.705 66038 INFO tempest.lib.common.rest_client [req-9cfedf9c-2a30-4876-9969-31b5351fb6c5 req-9cfedf9c-2a30-4876-9969-31b5351fb6c5 ] Request (AttachVolumeNegativeTest:test_attach_attached_volume_to_different_server): 200 GET http://10.180.1.21/compute/v2.1/servers/60a3376e-2bda-4fbb-b0d6-e54a8db83d3d 2.086s
2025-11-12 20:18:38.728 66064 INFO tempest.lib.common.rest_client [req-3f288f97-18b0-470c-9a1b-165f36f2a2cd req-3f288f97-18b0-470c-9a1b-165f36f2a2cd ] Request (ServerRescueTestJSON:setUpClass): 200 GET http://10.180.1.21/compute/v2.1/servers/87c93584-9d1b-42cb-a6c3-feec0307c9c3 2.167s
2025-11-12 20:18:38.742 66064 INFO tempest.common.waiters [-] State transition "BUILD/None" ==> "BUILD/spawning" after 31 second wait
2025-11-12 20:18:38.801 66028 INFO tempest.lib.common.rest_client [req-0aed5a15-3636-4603-a1fb-d625b0ad8947 req-0aed5a15-3636-4603-a1fb-d625b0ad8947 ] Request (ServersWithSpecificFlavorTestJSON:test_verify_created_server_ephemeral_disk): 200 GET http://10.180.1.21/compute/v2.1/servers/f4a710b5-4410-4915-b8f3-32131972100f 2.162s
2025-11-12 20:18:38.825 66070 INFO tempest.lib.common.rest_client [req-4ab58720-9744-470a-89da-0e1f02c09525 req-4ab58720-9744-470a-89da-0e1f02c09525 ] Request (ServerGroupTestJSON:_run_cleanups): 204 DELETE http://10.180.1.21/compute/v2.1/servers/f8f48f18-e47f-4fd5-858c-a94a5dea8b1a 2.203s
2025-11-12 20:18:38.879 66036 INFO tempest.lib.common.rest_client [req-f00503da-1423-4bc7-ad95-8683f2b9a618 req-f00503da-1423-4bc7-ad95-8683f2b9a618 ] Request (ServerDiskConfigTestJSON:test_resize_server_from_auto_to_manual): 200 GET http://10.180.1.21/compute/v2.1/servers/3fbf2f2d-be0b-4dfb-86a9-c4de1dcbeb35 1.844s
2025-11-12 20:18:38.934 66072 INFO tempest.lib.common.rest_client [req-96fac3a6-fc2f-42f5-a14e-5d09208ba3a6 req-96fac3a6-fc2f-42f5-a14e-5d09208ba3a6 ] Request (ServerAddressesTestJSON:setUpClass): 200 GET http://10.180.1.21/compute/v2.1/servers/808085f5-4073-46e4-957c-16e02fc5140e 1.809s
2025-11-12 20:18:38.948 66072 INFO tempest.common.waiters [-] State transition "BUILD/scheduling" ==> "BUILD/None" after 6 second wait
2025-11-12 20:18:38.967 66066 INFO tempest.lib.common.rest_client [req-285a3a99-6a60-4c70-8f99-719349cecbd5 req-285a3a99-6a60-4c70-8f99-719349cecbd5 ] Request (VolumesAssistedSnapshotsTest:_run_cleanups): 200 GET http://10.180.1.21/compute/v2.1/servers/b85c8e1d-b732-4090-be38-c1986ded31c0/os-volume_attachments 1.607s
2025-11-12 20:18:39.015 66066 INFO tempest.lib.common.rest_client [req-793f2831-e873-4f67-adb7-4af79adf986d req-793f2831-e873-4f67-adb7-4af79adf986d ] Request (VolumesAssistedSnapshotsTest:_run_cleanups): 200 GET http://10.180.1.21/volume/v3/volumes/4a405393-f198-44c1-9964-61754c7ec367 0.046s
2025-11-12 20:18:39.023 66066 INFO tempest.common.waiters [-] volume 4a405393-f198-44c1-9964-61754c7ec367 reached available after waiting for 0.023638 seconds
2025-11-12 20:18:39.066 66066 INFO tempest.lib.common.rest_client [req-706aac9d-3e11-4769-9434-1060f7be5a4f req-706aac9d-3e11-4769-9434-1060f7be5a4f ] Request (VolumesAssistedSnapshotsTest:_run_cleanups): 202 DELETE http://10.180.1.21/volume/v3/volumes/4a405393-f198-44c1-9964-61754c7ec367 0.042s
2025-11-12 20:18:39.088 66080 INFO tempest.lib.common.rest_client [req-717a7114-07cd-4f85-b5f0-c61c33488b99 req-717a7114-07cd-4f85-b5f0-c61c33488b99 ] Request (ServersTestMultiNic:_run_cleanups): 204 DELETE http://10.180.1.21/compute/v2.1/servers/7a24931f-1f11-4759-b6f9-0e6afdd24a75 1.714s
2025-11-12 20:18:39.105 66066 INFO tempest.lib.common.rest_client [req-08973e08-3ea4-49ff-9995-40a871f4aab9 req-08973e08-3ea4-49ff-9995-40a871f4aab9 ] Request (VolumesAssistedSnapshotsTest:_run_cleanups): 200 GET http://10.180.1.21/volume/v3/volumes/4a405393-f198-44c1-9964-61754c7ec367 0.038s
2025-11-12 20:18:39.204 66068 INFO tempest.lib.common.rest_client [req-37bfd413-b375-41fe-ad08-7a7f64364131 req-37bfd413-b375-41fe-ad08-7a7f64364131 ] Request (ServersAdminTestJSON:test_rebuild_server_in_error_state): 200 GET http://10.180.1.21/compute/v2.1/servers/6bad53bf-fb39-496d-9704-10e17d0af6ae 1.807s
2025-11-12 20:18:39.255 66024 INFO tempest.lib.common.rest_client [req-4b579562-aaf3-45b6-9e69-bbb77e88f392 req-4b579562-aaf3-45b6-9e69-bbb77e88f392 ] Request (ServersTestBootFromVolume:setUpClass): 200 GET http://10.180.1.21/volume/v3/volumes/9717a2c1-6cf1-436b-863c-ac35ef0dde80 0.025s
2025-11-12 20:18:39.303 66058 INFO tempest.lib.common.rest_client [req-f8936093-8f37-4f2d-9266-50ca90d31411 req-f8936093-8f37-4f2d-9266-50ca90d31411 ] Request (AttachVolumeTestJSON:test_attach_detach_volume): 200 GET http://10.180.1.21/volume/v3/volumes/3dfee67a-c8e8-4f32-925a-954cc48af727 0.032s
2025-11-12 20:18:39.377 66042 INFO tempest.lib.common.rest_client [req-4c5808b7-dc1b-4bd0-a13c-2bc6504b54a6 req-4c5808b7-dc1b-4bd0-a13c-2bc6504b54a6 ] Request (SecurityGroupsTestJSON:test_server_security_groups): 200 GET http://10.180.1.21/compute/v2.1/servers/8f21ea05-999c-4296-8a8d-dab2a7a8dab5 1.900s
2025-11-12 20:18:39.419 66062 INFO tempest.lib.common.rest_client [req-9df5a826-b16f-4658-a196-cd3ec5f4d2cc req-9df5a826-b16f-4658-a196-cd3ec5f4d2cc ] Request (ImagesOneServerNegativeTestJSON:test_create_second_image_when_first_image_is_being_saved): 202 POST http://10.180.1.21/compute/v2.1/servers/ba573e86-38ae-4d22-bb45-f1b78c266a19/action 2.636s
2025-11-12 20:18:39.446 66032 INFO tempest.lib.common.rest_client [req-d846fb32-cfcb-4e2f-9a77-1c7ad94782d6 req-d846fb32-cfcb-4e2f-9a77-1c7ad94782d6 ] Request (ServersTestJSON:test_create_server_with_ipv6_addr_only): 200 GET http://10.180.1.21/compute/v2.1/servers/ef3938d6-8b92-4a55-b212-368346a82867 1.855s
2025-11-12 20:18:39.471 66040 INFO tempest.lib.common.rest_client [req-63a898ce-82ad-4a59-a22e-78670d30c523 req-63a898ce-82ad-4a59-a22e-78670d30c523 ] Request (MigrationsAdminTest:test_resize_server_revert_deleted_flavor): 200 POST http://10.180.1.21/compute/v2.1/flavors 1.594s
2025-11-12 20:18:39.523 66050 INFO tempest.lib.common.rest_client [req-d59f374b-3212-4003-8056-7d33382ef0cb req-d59f374b-3212-4003-8056-7d33382ef0cb ] Request (ListImageFiltersTestJSON:setUpClass): 200 GET http://10.180.1.21/compute/v2.1/servers/d6398fea-9c96-4022-95ac-a1c7ac1dea8e 1.530s
2025-11-12 20:18:39.616 66034 INFO tempest.lib.common.rest_client [req-408b728e-a49a-419f-ae8a-291cfce71796 req-408b728e-a49a-419f-ae8a-291cfce71796 ] Request (ServerActionsV293TestJSON:setUpClass): 200 GET http://10.180.1.21/volume/v3/volumes/0f15d0d1-f7d6-40da-b021-04b34f8cd0f8 0.028s
2025-11-12 20:18:39.625 66054 INFO tempest.lib.common.rest_client [req-80621d11-0717-4328-88fe-41fb23d29e10 req-80621d11-0717-4328-88fe-41fb23d29e10 ] Request (ServersListShow2100Test:test_list_show_rebuild_update_server_2100): 200 GET http://10.180.1.21/compute/v2.1/servers/detail 1.752s
2025-11-12 20:18:39.659 66056 INFO tempest.lib.common.rest_client [req-b6fbee6a-04cf-4d8b-9be8-ca44dc9c25b2 req-b6fbee6a-04cf-4d8b-9be8-ca44dc9c25b2 ] Request (ImagesTestJSON:test_create_image_from_stopped_server): 200 GET http://10.180.1.21/compute/v2.1/servers/f16530fd-2c87-4dc6-a88d-135dbf49375e 1.613s
2025-11-12 20:18:39.674 66056 INFO tempest.common.waiters [-] State transition "ACTIVE/powering-off" ==> "SHUTOFF/None" after 2 second wait
2025-11-12 20:18:39.695 66052 INFO tempest.lib.common.rest_client [req-6ae9acec-f229-4fcf-83db-0a3d755d2ad8 req-6ae9acec-f229-4fcf-83db-0a3d755d2ad8 ] Request (ServerActionsTestOtherA:setUpClass): 200 GET http://10.180.1.21/compute/v2.1/servers/1f5b1e21-b1dc-4304-8dee-204743d69a11 1.536s
2025-11-12 20:18:39.732 66026 INFO tempest.lib.common.rest_client [req-6cb3e298-34eb-4cf1-8c15-bc28e754f018 req-6cb3e298-34eb-4cf1-8c15-bc28e754f018 ] Request (FloatingIPsTestJSON:_run_cleanups): 404 DELETE http://10.180.1.21/compute/v2.1/os-floating-ips/800f8fbd-a42e-4aae-b6ee-c30e7af30340 1.385s
2025-11-12 20:18:39.810 66022 INFO tempest.lib.common.rest_client [req-827b5b55-9567-4de2-a3f0-9e0210753648 req-827b5b55-9567-4de2-a3f0-9e0210753648 ] Request (MultipleCreateTestJSON:_run_cleanups): 200 GET http://10.180.1.21/compute/v2.1/servers/ebb2c981-b6ad-46a2-95a6-6d2c4b185df7 1.476s
2025-11-12 20:18:39.836 66030 INFO tempest.lib.common.rest_client [req-cf271f87-11ee-4f35-9a1d-8f57f76dc66d req-cf271f87-11ee-4f35-9a1d-8f57f76dc66d ] Request (ServerMetadataNegativeTestJSON:setUpClass): 200 GET http://10.180.1.21/compute/v2.1/servers/45018df0-cae6-4ccd-9c36-bc60f8fa37c8 1.481s
2025-11-12 20:18:39.896 66044 INFO tempest.lib.common.rest_client [req-1829a10e-f87f-47df-beca-9afdd17ce5b9 req-1829a10e-f87f-47df-beca-9afdd17ce5b9 ] Request (ServerMetadataTestJSON:setUpClass): 200 GET http://10.180.1.21/compute/v2.1/servers/c5475260-99e2-402f-b96a-462dce8b5510 1.150s
2025-11-12 20:18:40.026 66070 INFO tempest.lib.common.rest_client [req-d0b0f127-06f1-4b97-bb4c-da0ca2a46751 req-d0b0f127-06f1-4b97-bb4c-da0ca2a46751 ] Request (ServerGroupTestJSON:_run_cleanups): 200 GET http://10.180.1.21/compute/v2.1/servers/f8f48f18-e47f-4fd5-858c-a94a5dea8b1a 1.200s
2025-11-12 20:18:40.064 66080 INFO tempest.lib.common.rest_client [req-5eb515ea-f9e4-44aa-91a0-0f973ccd4ea9 req-5eb515ea-f9e4-44aa-91a0-0f973ccd4ea9 ] Request (ServersTestMultiNic:_run_cleanups): 200 GET http://10.180.1.21/compute/v2.1/servers/7a24931f-1f11-4759-b6f9-0e6afdd24a75 0.976s
2025-11-12 20:18:40.075 66046 INFO paramiko.transport [-] Connected (version 2.0, client dropbear_2020.81)
2025-11-12 20:18:40.105 66048 INFO tempest.lib.common.rest_client [req-0355c8cd-c598-407b-b66a-54cf029918c5 req-0355c8cd-c598-407b-b66a-54cf029918c5 ] Request (ServersAdminNegativeTestJSON:tearDownClass): 200 GET http://10.180.1.21/compute/v2.1/servers/1c30d555-3318-4ac3-ae2b-330e1774a3cd 0.980s
2025-11-12 20:18:40.147 66046 INFO paramiko.transport [-] Authentication (publickey) successful!
2025-11-12 20:18:40.147 66062 INFO tempest.lib.common.rest_client [req-59ab6a17-8da4-44c4-8653-2933352f5f3c req-59ab6a17-8da4-44c4-8653-2933352f5f3c ] Request (ImagesOneServerNegativeTestJSON:test_create_second_image_when_first_image_is_being_saved): 409 POST http://10.180.1.21/compute/v2.1/servers/ba573e86-38ae-4d22-bb45-f1b78c266a19/action 0.726s
2025-11-12 20:18:40.147 66046 INFO tempest.lib.common.ssh [-] ssh connection to cirros@10.180.180.185 successfully created
2025-11-12 20:18:40.161 66066 INFO tempest.lib.common.rest_client [req-5831f313-d922-4c1b-8d80-1faec0874386 req-5831f313-d922-4c1b-8d80-1faec0874386 ] Request (VolumesAssistedSnapshotsTest:_run_cleanups): 200 GET http://10.180.1.21/volume/v3/volumes/4a405393-f198-44c1-9964-61754c7ec367 0.042s
2025-11-12 20:18:40.165 66040 INFO tempest.lib.common.rest_client [req-793c3cd6-f430-4b4c-98f7-1513361d30f1 req-793c3cd6-f430-4b4c-98f7-1513361d30f1 ] Request (MigrationsAdminTest:test_resize_server_revert_deleted_flavor): 200 GET http://10.180.1.21/compute/v2.1/flavors/42/os-extra_specs 0.689s
2025-11-12 20:18:40.232 66076 INFO tempest.lib.common.rest_client [req-d7bd1101-0364-4dcf-bff4-fa135e1f58a7 req-d7bd1101-0364-4dcf-bff4-fa135e1f58a7 ] Request (DeleteServersTestJSON:test_delete_active_server): 200 GET http://10.180.1.21/compute/v2.1/servers/fffe8553-cc73-4fe7-b8ef-cace589959a3 0.600s
2025-11-12 20:18:40.307 66024 INFO tempest.lib.common.rest_client [req-af61ab29-39b1-4885-b1f0-f851bb5622d9 req-af61ab29-39b1-4885-b1f0-f851bb5622d9 ] Request (ServersTestBootFromVolume:setUpClass): 200 GET http://10.180.1.21/volume/v3/volumes/9717a2c1-6cf1-436b-863c-ac35ef0dde80 0.041s
2025-11-12 20:18:40.332 66068 INFO tempest.lib.common.rest_client [req-005fa93e-f8fc-4f3e-8eaa-765492c885d3 req-005fa93e-f8fc-4f3e-8eaa-765492c885d3 ] Request (ServersAdminTestJSON:_run_cleanups): 202 POST http://10.180.1.21/compute/v2.1/servers/6bad53bf-fb39-496d-9704-10e17d0af6ae/action 1.114s
2025-11-12 20:18:40.346 66054 INFO tempest.lib.common.rest_client [req-5f9ac065-415e-4edf-b053-5dbc7b9751d3 req-5f9ac065-415e-4edf-b053-5dbc7b9751d3 ] Request (ServersListShow2100Test:test_list_show_rebuild_update_server_2100): 200 GET http://10.180.1.21/compute/v2.1/servers/3c22ce76-9fd6-4eb3-900c-e3d2f9f26664 0.708s
2025-11-12 20:18:40.371 66058 INFO tempest.lib.common.rest_client [req-5c76ce7b-38f3-4dcb-9803-420a872ada21 req-5c76ce7b-38f3-4dcb-9803-420a872ada21 ] Request (AttachVolumeTestJSON:test_attach_detach_volume): 200 GET http://10.180.1.21/volume/v3/volumes/3dfee67a-c8e8-4f32-925a-954cc48af727 0.054s
2025-11-12 20:18:40.385 66058 INFO tempest.common.waiters [-] Attachment 5e530325-f251-4140-b738-b43cd7c65bb7 created for volume 3dfee67a-c8e8-4f32-925a-954cc48af727 to server 30e623cb-6217-4232-a11a-e2adfd0e2a22 after waiting for 9.385427 seconds
2025-11-12 20:18:40.438 66058 INFO tempest.lib.common.rest_client [req-bf802baf-4483-4cad-92e7-e7b1163e7ace req-bf802baf-4483-4cad-92e7-e7b1163e7ace ] Request (AttachVolumeTestJSON:test_attach_detach_volume): 200 GET http://10.180.1.21/volume/v3/volumes/3dfee67a-c8e8-4f32-925a-954cc48af727 0.052s
2025-11-12 20:18:40.448 66058 INFO tempest.common.waiters [-] volume 3dfee67a-c8e8-4f32-925a-954cc48af727 reached in-use after waiting for 0.448256 seconds
2025-11-12 20:18:40.661 66034 INFO tempest.lib.common.rest_client [req-f4c49596-fb26-4da7-8686-e711f4f1c82f req-f4c49596-fb26-4da7-8686-e711f4f1c82f ] Request (ServerActionsV293TestJSON:setUpClass): 200 GET http://10.180.1.21/volume/v3/volumes/0f15d0d1-f7d6-40da-b021-04b34f8cd0f8 0.036s
2025-11-12 20:18:40.784 66026 INFO tempest.lib.common.rest_client [req-6fb9faea-668c-4560-8597-8bb331d6fb35 req-6fb9faea-668c-4560-8597-8bb331d6fb35 ] Request (FloatingIPsTestJSON:tearDownClass): 200 PUT http://10.180.1.21/networking/v2.0/routers/15a360b2-1a6f-4e9c-a1c5-85805287dc10/remove_router_interface 1.050s
2025-11-12 20:18:40.825 66038 INFO tempest.lib.common.rest_client [req-d0b68d3b-c122-4642-9bee-26e2787e8c9b req-d0b68d3b-c122-4642-9bee-26e2787e8c9b ] Request (AttachVolumeNegativeTest:test_attach_attached_volume_to_different_server): 200 GET http://10.180.1.21/compute/v2.1/servers/60a3376e-2bda-4fbb-b0d6-e54a8db83d3d 1.111s
2025-11-12 20:18:41.036 66056 INFO tempest.lib.common.rest_client [req-aca76df9-57df-468b-bd9d-140d095ed90b req-aca76df9-57df-468b-bd9d-140d095ed90b ] Request (ImagesTestJSON:test_create_image_from_stopped_server): 202 POST http://10.180.1.21/compute/v2.1/servers/f16530fd-2c87-4dc6-a88d-135dbf49375e/action 1.361s
2025-11-12 20:18:41.202 66066 INFO tempest.lib.common.rest_client [req-45fef9d5-0ba0-42a2-85f6-33b21d6509d9 req-45fef9d5-0ba0-42a2-85f6-33b21d6509d9 ] Request (VolumesAssistedSnapshotsTest:_run_cleanups): 200 GET http://10.180.1.21/volume/v3/volumes/4a405393-f198-44c1-9964-61754c7ec367 0.032s
2025-11-12 20:18:41.356 66024 INFO tempest.lib.common.rest_client [req-45b96af1-9992-4445-9cae-ba6d665e3487 req-45b96af1-9992-4445-9cae-ba6d665e3487 ] Request (ServersTestBootFromVolume:setUpClass): 200 GET http://10.180.1.21/volume/v3/volumes/9717a2c1-6cf1-436b-863c-ac35ef0dde80 0.041s
2025-11-12 20:18:41.711 66034 INFO tempest.lib.common.rest_client [req-32726369-f5d8-42da-80f6-9e5ed9c3e31b req-32726369-f5d8-42da-80f6-9e5ed9c3e31b ] Request (ServerActionsV293TestJSON:setUpClass): 200 GET http://10.180.1.21/volume/v3/volumes/0f15d0d1-f7d6-40da-b021-04b34f8cd0f8 0.039s
2025-11-12 20:18:41.756 66026 INFO tempest.lib.common.rest_client [req-5048c0e6-efa0-441f-ae6f-6f95cb64cc89 req-5048c0e6-efa0-441f-ae6f-6f95cb64cc89 ] Request (FloatingIPsTestJSON:tearDownClass): 204 DELETE http://10.180.1.21/networking/v2.0/routers/15a360b2-1a6f-4e9c-a1c5-85805287dc10 0.971s
2025-11-12 20:18:42.023 66026 INFO tempest.lib.common.rest_client [req-48935d5d-8d84-47ab-a3d8-d3371c61ffc4 req-48935d5d-8d84-47ab-a3d8-d3371c61ffc4 ] Request (FloatingIPsTestJSON:tearDownClass): 204 DELETE http://10.180.1.21/networking/v2.0/subnets/00c8136b-eee0-4737-aa9d-5e295365358a 0.267s
2025-11-12 20:18:42.084 66064 INFO tempest.lib.common.rest_client [req-08de3a8b-df24-45e7-bae7-dacfa23bd7ac req-08de3a8b-df24-45e7-bae7-dacfa23bd7ac ] Request (ServerRescueTestJSON:setUpClass): 200 GET http://10.180.1.21/compute/v2.1/servers/87c93584-9d1b-42cb-a6c3-feec0307c9c3 2.340s
2025-11-12 20:18:42.118 66028 INFO tempest.lib.common.rest_client [req-1eda9995-8ea4-4eaf-893a-8b6953f850eb req-1eda9995-8ea4-4eaf-893a-8b6953f850eb ] Request (ServersWithSpecificFlavorTestJSON:test_verify_created_server_ephemeral_disk): 200 GET http://10.180.1.21/compute/v2.1/servers/f4a710b5-4410-4915-b8f3-32131972100f 2.309s
2025-11-12 20:18:42.130 66028 INFO tempest.common.waiters [-] State transition "BUILD/None" ==> "BUILD/block_device_mapping" after 33 second wait
2025-11-12 20:18:42.204 66036 INFO tempest.lib.common.rest_client [req-2a2c3f09-37a7-4475-a4b3-72e488d81503 req-2a2c3f09-37a7-4475-a4b3-72e488d81503 ] Request (ServerDiskConfigTestJSON:test_resize_server_from_auto_to_manual): 200 GET http://10.180.1.21/compute/v2.1/servers/3fbf2f2d-be0b-4dfb-86a9-c4de1dcbeb35 2.313s
2025-11-12 20:18:42.227 66066 INFO tempest.lib.common.rest_client [req-a1ded207-9f60-4fad-9a79-af7fb05f658c req-a1ded207-9f60-4fad-9a79-af7fb05f658c ] Request (VolumesAssistedSnapshotsTest:_run_cleanups): 404 GET http://10.180.1.21/volume/v3/volumes/4a405393-f198-44c1-9964-61754c7ec367 0.019s
2025-11-12 20:18:42.266 66026 INFO tempest.lib.common.rest_client [req-0c540f50-265d-40fe-9210-d15705f16f84 req-0c540f50-265d-40fe-9210-d15705f16f84 ] Request (FloatingIPsTestJSON:tearDownClass): 204 DELETE http://10.180.1.21/networking/v2.0/networks/3984d68d-e353-4085-b917-1dffaf4fa724 0.243s
2025-11-12 20:18:42.294 66072 INFO tempest.lib.common.rest_client [req-2306d4cd-4a78-482a-a5aa-09c89bbc39bb req-2306d4cd-4a78-482a-a5aa-09c89bbc39bb ] Request (ServerAddressesTestJSON:setUpClass): 200 GET http://10.180.1.21/compute/v2.1/servers/808085f5-4073-46e4-957c-16e02fc5140e 2.346s
2025-11-12 20:18:42.306 66062 INFO tempest.lib.common.rest_client [req-d5e56ae1-3205-4e77-965e-2af5e3992ee2 req-d5e56ae1-3205-4e77-965e-2af5e3992ee2 ] Request (ImagesOneServerNegativeTestJSON:test_create_second_image_when_first_image_is_being_saved): 204 DELETE http://10.180.1.21/compute/v2.1/images/1f028605-ef43-4c93-8ac9-f91adfee1339 2.158s
2025-11-12 20:18:42.335 66040 INFO tempest.lib.common.rest_client [req-17873d67-5405-43b8-81ac-c695d49cddc7 req-17873d67-5405-43b8-81ac-c695d49cddc7 ] Request (MigrationsAdminTest:test_resize_server_revert_deleted_flavor): 200 POST http://10.180.1.21/compute/v2.1/flavors/b81859ab-321a-4d38-ab9e-34cf03787daf/os-extra_specs 2.168s
2025-11-12 20:18:42.398 66024 INFO tempest.lib.common.rest_client [req-ce9fa18c-0e76-447c-915e-4745f20c4bb8 req-ce9fa18c-0e76-447c-915e-4745f20c4bb8 ] Request (ServersTestBootFromVolume:setUpClass): 200 GET http://10.180.1.21/volume/v3/volumes/9717a2c1-6cf1-436b-863c-ac35ef0dde80 0.033s
2025-11-12 20:18:42.426 66040 INFO tempest.lib.common.rest_client [req-074a680b-6cf4-4fab-bc95-d116ecff97ec req-074a680b-6cf4-4fab-bc95-d116ecff97ec ] Request (MigrationsAdminTest:test_resize_server_revert_deleted_flavor): 201 POST http://10.180.1.21/identity/v3/auth/tokens 0.086s
2025-11-12 20:18:42.426 66040 INFO tempest.lib.common.fixed_network [-] (MigrationsAdminTest:test_resize_server_revert_deleted_flavor) Found network None available for tenant
2025-11-12 20:18:42.444 66026 INFO tempest.lib.common.rest_client [req-2a5482ef-8b65-4c5f-8fea-c61f928ba1aa req-2a5482ef-8b65-4c5f-8fea-c61f928ba1aa ] Request (FloatingIPsTestJSON:tearDownClass): 204 DELETE http://10.180.1.21/identity/v3/users/9b91d95dc23f42f4965195c68d212e61 0.176s
2025-11-12 20:18:42.444 66026 INFO tempest.lib.common.dynamic_creds [-] Deleting project and security group for project: ce816fd52edc441fb9f32f14e5c329cc
2025-11-12 20:18:42.457 66046 INFO tempest.lib.common.rest_client [req-e59cc3af-e0b1-47ee-92a8-01bcc5c8b24a req-e59cc3af-e0b1-47ee-92a8-01bcc5c8b24a ] Request (AttachInterfacesUnderV243Test:test_add_remove_fixed_ip): 200 GET http://10.180.1.21/compute/v2.1/servers/f71f64a0-cd74-43a2-b75e-6d0892e28992/os-interface 2.309s
2025-11-12 20:18:42.506 66026 INFO tempest.lib.common.rest_client [req-e0b2d218-f3a6-4ff5-aa2c-6f863b59ad29 req-e0b2d218-f3a6-4ff5-aa2c-6f863b59ad29 ] Request (FloatingIPsTestJSON:tearDownClass): 200 GET http://10.180.1.21/networking/v2.0/security-groups?tenant_id=ce816fd52edc441fb9f32f14e5c329cc&name=default 0.061s
2025-11-12 20:18:42.536 66054 INFO tempest.lib.common.rest_client [req-31b8467b-debf-46f5-b582-13b35f1cba35 req-31b8467b-debf-46f5-b582-13b35f1cba35 ] Request (ServersListShow2100Test:test_list_show_rebuild_update_server_2100): 200 PUT http://10.180.1.21/compute/v2.1/servers/3c22ce76-9fd6-4eb3-900c-e3d2f9f26664 2.169s
2025-11-12 20:18:42.554 66068 INFO tempest.lib.common.rest_client [req-c2c7d20b-93d9-4409-8bac-3f201a170e5c req-c2c7d20b-93d9-4409-8bac-3f201a170e5c ] Request (ServersAdminTestJSON:_run_cleanups): 200 GET http://10.180.1.21/compute/v2.1/servers/6bad53bf-fb39-496d-9704-10e17d0af6ae 2.210s
2025-11-12 20:18:42.581 66026 INFO tempest.lib.common.rest_client [req-b7d92264-7e93-48cc-91c5-fa14bfc7c922 req-b7d92264-7e93-48cc-91c5-fa14bfc7c922 ] Request (FloatingIPsTestJSON:tearDownClass): 204 DELETE http://10.180.1.21/networking/v2.0/security-groups/a214d340-1a9f-42ef-86f3-ad4573e5ad38 0.075s
2025-11-12 20:18:42.621 66058 INFO tempest.lib.common.rest_client [req-3d95b01d-9113-4291-965f-dce101381259 req-3d95b01d-9113-4291-965f-dce101381259 ] Request (AttachVolumeTestJSON:test_attach_detach_volume): 202 POST http://10.180.1.21/compute/v2.1/servers/30e623cb-6217-4232-a11a-e2adfd0e2a22/action 2.173s
2025-11-12 20:18:42.709 66042 INFO tempest.lib.common.rest_client [req-8b00a3ae-bdb7-42fc-9d40-1ac09205a837 req-8b00a3ae-bdb7-42fc-9d40-1ac09205a837 ] Request (SecurityGroupsTestJSON:test_server_security_groups): 200 GET http://10.180.1.21/compute/v2.1/servers/8f21ea05-999c-4296-8a8d-dab2a7a8dab5 2.322s
2025-11-12 20:18:42.730 66032 INFO tempest.lib.common.rest_client [req-a6ecd449-3976-41e3-b083-9976795a2ae4 req-a6ecd449-3976-41e3-b083-9976795a2ae4 ] Request (ServersTestJSON:test_create_server_with_ipv6_addr_only): 200 GET http://10.180.1.21/compute/v2.1/servers/ef3938d6-8b92-4a55-b212-368346a82867 2.271s
2025-11-12 20:18:42.735 66042 INFO tempest.common.waiters [-] State transition "HARD_REBOOT/rebooting_hard" ==> "ACTIVE/None" after 3 second wait
2025-11-12 20:18:42.747 66026 INFO tempest.lib.common.rest_client [req-61be1b55-56c8-4d52-8ce0-4faf8c4c3d42 req-61be1b55-56c8-4d52-8ce0-4faf8c4c3d42 ] Request (FloatingIPsTestJSON:tearDownClass): 204 DELETE http://10.180.1.21/identity/v3/projects/ce816fd52edc441fb9f32f14e5c329cc 0.165s
2025-11-12 20:18:42.770 66034 INFO tempest.lib.common.rest_client [req-fb14719b-8852-4a37-8c4c-afb4f2de8eff req-fb14719b-8852-4a37-8c4c-afb4f2de8eff ] Request (ServerActionsV293TestJSON:setUpClass): 200 GET http://10.180.1.21/volume/v3/volumes/0f15d0d1-f7d6-40da-b021-04b34f8cd0f8 0.048s
2025-11-12 20:18:42.817 66052 INFO tempest.lib.common.rest_client [req-dc0b17cb-24da-44ed-b72e-9c95bf44a640 req-dc0b17cb-24da-44ed-b72e-9c95bf44a640 ] Request (ServerActionsTestOtherA:setUpClass): 200 GET http://10.180.1.21/compute/v2.1/servers/1f5b1e21-b1dc-4304-8dee-204743d69a11 2.107s
2025-11-12 20:18:42.827 66026 INFO tempest.lib.common.rest_client [req-b94c13ab-7974-43a4-b28f-05f3f066e8c4 req-b94c13ab-7974-43a4-b28f-05f3f066e8c4 ] Request (SecurityGroupsNegativeTestJSON:setUpClass): 201 POST http://10.180.1.21/identity/v3/auth/tokens 0.078s
2025-11-12 20:18:42.828 66050 INFO tempest.lib.common.rest_client [req-23a2510f-8888-4b7c-8435-6222c57533af req-23a2510f-8888-4b7c-8435-6222c57533af ] Request (ListImageFiltersTestJSON:setUpClass): 200 GET http://10.180.1.21/compute/v2.1/servers/d6398fea-9c96-4022-95ac-a1c7ac1dea8e 2.295s
2025-11-12 20:18:42.868 66026 INFO tempest.lib.common.rest_client [req-1a413c5c-2bcf-49ee-a541-df5e792131f1 req-1a413c5c-2bcf-49ee-a541-df5e792131f1 ] Request (SecurityGroupsNegativeTestJSON:setUpClass): 201 POST http://10.180.1.21/identity/v3/auth/tokens 0.036s
2025-11-12 20:18:42.892 66026 INFO tempest.lib.common.rest_client [req-6323c282-d3d0-426c-a408-50cd5112ce48 req-6323c282-d3d0-426c-a408-50cd5112ce48 ] Request (SecurityGroupsNegativeTestJSON:setUpClass): 200 GET http://10.180.1.21/identity/v3/domains?name=Default 0.024s
2025-11-12 20:18:42.895 66030 INFO tempest.lib.common.rest_client [req-380b4b36-f537-4426-99ff-47f2f6b89ca4 req-380b4b36-f537-4426-99ff-47f2f6b89ca4 ] Request (ServerMetadataNegativeTestJSON:setUpClass): 200 GET http://10.180.1.21/compute/v2.1/servers/45018df0-cae6-4ccd-9c36-bc60f8fa37c8 2.049s
2025-11-12 20:18:42.909 66022 INFO tempest.lib.common.rest_client [req-0c42a342-4fc2-4ea2-be68-a2928c8c7097 req-0c42a342-4fc2-4ea2-be68-a2928c8c7097 ] Request (MultipleCreateTestJSON:_run_cleanups): 200 GET http://10.180.1.21/compute/v2.1/servers/ebb2c981-b6ad-46a2-95a6-6d2c4b185df7 2.090s
2025-11-12 20:18:42.929 66026 INFO tempest.lib.common.rest_client [req-ef97113c-6a38-48ef-8652-3ac81bff5ff8 req-ef97113c-6a38-48ef-8652-3ac81bff5ff8 ] Request (SecurityGroupsNegativeTestJSON:setUpClass): 201 POST http://10.180.1.21/identity/v3/projects 0.036s
2025-11-12 20:18:42.977 66056 INFO tempest.lib.common.rest_client [req-19203792-008d-445f-b557-3f0c925dd17e req-19203792-008d-445f-b557-3f0c925dd17e ] Request (ImagesTestJSON:test_create_image_from_stopped_server): 200 GET http://10.180.1.21/compute/v2.1/images/38a4c67c-4a32-45f4-a071-86745e66f8ba 1.939s
2025-11-12 20:18:42.999 66044 INFO tempest.lib.common.rest_client [req-dc1af051-a6d2-4afa-8b28-07b1d6b91ded req-dc1af051-a6d2-4afa-8b28-07b1d6b91ded ] Request (ServerMetadataTestJSON:setUpClass): 200 GET http://10.180.1.21/compute/v2.1/servers/c5475260-99e2-402f-b96a-462dce8b5510 2.089s
2025-11-12 20:18:43.012 66026 INFO tempest.lib.common.rest_client [req-a0dcc96b-4463-4b93-9762-af8eef99140e req-a0dcc96b-4463-4b93-9762-af8eef99140e ] Request (SecurityGroupsNegativeTestJSON:setUpClass): 201 POST http://10.180.1.21/identity/v3/users 0.083s
2025-11-12 20:18:43.037 66026 INFO tempest.lib.common.rest_client [req-7a3bcfc2-f897-4f15-99a1-6831728106e2 req-7a3bcfc2-f897-4f15-99a1-6831728106e2 ] Request (SecurityGroupsNegativeTestJSON:setUpClass): 200 GET http://10.180.1.21/identity/v3/roles 0.024s
2025-11-12 20:18:43.059 66070 INFO tempest.lib.common.rest_client [req-0bf1d416-e0c3-4aa2-be2a-a84d1df924e4 req-0bf1d416-e0c3-4aa2-be2a-a84d1df924e4 ] Request (ServerGroupTestJSON:_run_cleanups): 200 GET http://10.180.1.21/compute/v2.1/servers/f8f48f18-e47f-4fd5-858c-a94a5dea8b1a 2.018s
2025-11-12 20:18:43.069 66026 INFO tempest.lib.common.rest_client [req-6fd3fb86-c9d1-48e1-a7bd-276c279712d3 req-6fd3fb86-c9d1-48e1-a7bd-276c279712d3 ] Request (SecurityGroupsNegativeTestJSON:setUpClass): 204 PUT http://10.180.1.21/identity/v3/projects/829d2868e5fc437faf19ea912b77c93f/users/1bc2a4b8ff7a446fa1ed6a8b795d0711/roles/a74d27dc91184b498eda6bc79d846ae4 0.032s
2025-11-12 20:18:43.070 66026 INFO tempest.lib.common.dynamic_creds [-] Dynamic test user 1bc2a4b8ff7a446fa1ed6a8b795d0711 is created with scope project and roles: ['member']
2025-11-12 20:18:43.070 66026 INFO tempest.lib.common.dynamic_creds [-] Acquired dynamic creds: credentials: Credentials: {'domain_id': 'default', 'domain_name': 'Default', 'username': 'tempest-SecurityGroupsNegativeTestJSON-1156245885-project-member', 'project_domain_id': 'default', 'project_domain_name': 'Default', 'project_id': '829d2868e5fc437faf19ea912b77c93f', 'project_name': 'tempest-SecurityGroupsNegativeTestJSON-1156245885', 'tenant_id': '829d2868e5fc437faf19ea912b77c93f', 'tenant_name': 'tempest-SecurityGroupsNegativeTestJSON-1156245885', 'user_domain_id': 'default', 'user_domain_name': 'Default', 'user_id': '1bc2a4b8ff7a446fa1ed6a8b795d0711', 'system': None}, Network: None, Subnet: None, Router: None
2025-11-12 20:18:43.137 66048 INFO tempest.lib.common.rest_client [req-6d03d4a4-0dd6-4849-a2e8-687e05cf002e req-6d03d4a4-0dd6-4849-a2e8-687e05cf002e ] Request (ServersAdminNegativeTestJSON:tearDownClass): 200 GET http://10.180.1.21/compute/v2.1/servers/1c30d555-3318-4ac3-ae2b-330e1774a3cd 2.018s
2025-11-12 20:18:43.148 66026 INFO tempest.lib.common.rest_client [req-e6144256-3551-4010-98f0-239487c05b1e req-e6144256-3551-4010-98f0-239487c05b1e ] Request (SecurityGroupsNegativeTestJSON:setUpClass): 201 POST http://10.180.1.21/identity/v3/auth/tokens 0.078s
2025-11-12 20:18:43.380 66080 INFO tempest.lib.common.rest_client [req-ac08c64a-8309-4d2e-965f-4b9bf0d6bee9 req-ac08c64a-8309-4d2e-965f-4b9bf0d6bee9 ] Request (ServersTestMultiNic:_run_cleanups): 200 GET http://10.180.1.21/compute/v2.1/servers/7a24931f-1f11-4759-b6f9-0e6afdd24a75 2.302s
2025-11-12 20:18:43.392 66076 INFO tempest.lib.common.rest_client [req-0aeaf592-d0ef-4ca1-b0a6-bdafdbfd46db req-0aeaf592-d0ef-4ca1-b0a6-bdafdbfd46db ] Request (DeleteServersTestJSON:test_delete_active_server): 200 GET http://10.180.1.21/compute/v2.1/servers/fffe8553-cc73-4fe7-b8ef-cace589959a3 2.145s
2025-11-12 20:18:43.438 66024 INFO tempest.lib.common.rest_client [req-2085a56f-3336-406c-b102-4b5aa5ea60b9 req-2085a56f-3336-406c-b102-4b5aa5ea60b9 ] Request (ServersTestBootFromVolume:setUpClass): 200 GET http://10.180.1.21/volume/v3/volumes/9717a2c1-6cf1-436b-863c-ac35ef0dde80 0.031s
2025-11-12 20:18:43.476 66026 INFO tempest.lib.common.rest_client [req-3a9359eb-3ace-4455-b19d-69866456fe8a req-3a9359eb-3ace-4455-b19d-69866456fe8a ] Request (SecurityGroupsNegativeTestJSON:setUpClass): 201 POST http://10.180.1.21/networking/v2.0/networks 0.326s
2025-11-12 20:18:43.506 66038 INFO tempest.lib.common.rest_client [req-345459ed-4b63-4d11-8691-4da2558a0a94 req-345459ed-4b63-4d11-8691-4da2558a0a94 ] Request (AttachVolumeNegativeTest:test_attach_attached_volume_to_different_server): 200 GET http://10.180.1.21/compute/v2.1/servers/60a3376e-2bda-4fbb-b0d6-e54a8db83d3d 1.670s
2025-11-12 20:18:43.531 66066 INFO tempest.lib.common.rest_client [req-c6c87931-91db-4fbf-b351-493dcdfa6657 req-c6c87931-91db-4fbf-b351-493dcdfa6657 ] Request (VolumesAssistedSnapshotsTest:tearDownClass): 204 DELETE http://10.180.1.21/compute/v2.1/servers/b85c8e1d-b732-4090-be38-c1986ded31c0 1.297s
2025-11-12 20:18:43.687 66026 INFO tempest.lib.common.rest_client [req-748e873d-0aed-411b-aa77-0056fcacb201 req-748e873d-0aed-411b-aa77-0056fcacb201 ] Request (SecurityGroupsNegativeTestJSON:setUpClass): 201 POST http://10.180.1.21/networking/v2.0/subnets 0.211s
2025-11-12 20:18:43.774 66062 INFO tempest.lib.common.rest_client [req-d62293ec-98b8-444c-90b8-50a2b5df8269 req-d62293ec-98b8-444c-90b8-50a2b5df8269 ] Request (ImagesOneServerNegativeTestJSON:tearDown): 200 GET http://10.180.1.21/compute/v2.1/servers/ba573e86-38ae-4d22-bb45-f1b78c266a19 1.468s
2025-11-12 20:18:43.821 66034 INFO tempest.lib.common.rest_client [req-ccbbc755-748b-4880-9866-cbbed4b53d38 req-ccbbc755-748b-4880-9866-cbbed4b53d38 ] Request (ServerActionsV293TestJSON:setUpClass): 200 GET http://10.180.1.21/volume/v3/volumes/0f15d0d1-f7d6-40da-b021-04b34f8cd0f8 0.035s
2025-11-12 20:18:43.899 66046 INFO tempest.lib.common.rest_client [req-90baa7e9-a9f9-4292-bcb5-97764fce5fbf req-90baa7e9-a9f9-4292-bcb5-97764fce5fbf ] Request (AttachInterfacesUnderV243Test:test_add_remove_fixed_ip): 200 GET http://10.180.1.21/compute/v2.1/servers/f71f64a0-cd74-43a2-b75e-6d0892e28992/os-interface/91c88514-a1a9-4ef9-ad8c-af699b7648df 1.440s
2025-11-12 20:18:44.048 66054 INFO tempest.lib.common.rest_client [req-80e16c54-ec11-4388-924b-bc83157f9636 req-80e16c54-ec11-4388-924b-bc83157f9636 ] Request (ServersListShow2100Test:test_list_show_rebuild_update_server_2100): 200 GET http://10.180.1.21/compute/v2.1/servers/3c22ce76-9fd6-4eb3-900c-e3d2f9f26664 1.499s
2025-11-12 20:18:44.080 66040 INFO tempest.lib.common.rest_client [req-523d2315-5d8c-45cd-a7e8-18de20598038 req-523d2315-5d8c-45cd-a7e8-18de20598038 ] Request (MigrationsAdminTest:test_resize_server_revert_deleted_flavor): 202 POST http://10.180.1.21/compute/v2.1/servers 1.653s
2025-11-12 20:18:44.481 66024 INFO tempest.lib.common.rest_client [req-ca063372-b5e1-40cf-8b92-b85ce865e10d req-ca063372-b5e1-40cf-8b92-b85ce865e10d ] Request (ServersTestBootFromVolume:setUpClass): 200 GET http://10.180.1.21/volume/v3/volumes/9717a2c1-6cf1-436b-863c-ac35ef0dde80 0.035s
2025-11-12 20:18:44.594 66026 INFO tempest.lib.common.rest_client [req-8012d1a8-a5d3-4c5c-97bf-7c3be40c8d32 req-8012d1a8-a5d3-4c5c-97bf-7c3be40c8d32 ] Request (SecurityGroupsNegativeTestJSON:setUpClass): 201 POST http://10.180.1.21/networking/v2.0/routers 0.906s
2025-11-12 20:18:44.633 66058 INFO tempest.lib.common.rest_client [req-9e4b25fe-45fb-4a00-8bef-eba266b839c6 req-9e4b25fe-45fb-4a00-8bef-eba266b839c6 ] Request (AttachVolumeTestJSON:test_attach_detach_volume): 200 GET http://10.180.1.21/compute/v2.1/servers/30e623cb-6217-4232-a11a-e2adfd0e2a22 2.011s
2025-11-12 20:18:44.867 66034 INFO tempest.lib.common.rest_client [req-7fa60a77-3a78-4811-92ba-4fc64f364855 req-7fa60a77-3a78-4811-92ba-4fc64f364855 ] Request (ServerActionsV293TestJSON:setUpClass): 200 GET http://10.180.1.21/volume/v3/volumes/0f15d0d1-f7d6-40da-b021-04b34f8cd0f8 0.033s
2025-11-12 20:18:45.124 66042 INFO tempest.lib.common.rest_client [req-cb301c12-ca8c-4db2-b55c-5daf98cf7b16 req-cb301c12-ca8c-4db2-b55c-5daf98cf7b16 ] Request (SecurityGroupsTestJSON:test_server_security_groups): 202 POST http://10.180.1.21/compute/v2.1/servers/8f21ea05-999c-4296-8a8d-dab2a7a8dab5/action 2.389s
2025-11-12 20:18:45.523 66024 INFO tempest.lib.common.rest_client [req-858e1dfa-179b-4096-9425-85e53e314586 req-858e1dfa-179b-4096-9425-85e53e314586 ] Request (ServersTestBootFromVolume:setUpClass): 200 GET http://10.180.1.21/volume/v3/volumes/9717a2c1-6cf1-436b-863c-ac35ef0dde80 0.033s
2025-11-12 20:18:45.763 66026 INFO tempest.lib.common.rest_client [req-dc50ee89-a57e-4c30-a4af-79315fcd5b03 req-dc50ee89-a57e-4c30-a4af-79315fcd5b03 ] Request (SecurityGroupsNegativeTestJSON:setUpClass): 200 PUT http://10.180.1.21/networking/v2.0/routers/91000206-22c6-4a9e-809c-a8a317266434/add_router_interface 1.168s
2025-11-12 20:18:45.763 66026 INFO tempest.lib.common.dynamic_creds [-] Created isolated network resources for: credentials: Credentials: {'domain_id': 'default', 'domain_name': 'Default', 'username': 'tempest-SecurityGroupsNegativeTestJSON-1156245885-project-member', 'project_domain_id': 'default', 'project_domain_name': 'Default', 'project_id': '829d2868e5fc437faf19ea912b77c93f', 'project_name': 'tempest-SecurityGroupsNegativeTestJSON-1156245885', 'tenant_id': '829d2868e5fc437faf19ea912b77c93f', 'tenant_name': 'tempest-SecurityGroupsNegativeTestJSON-1156245885', 'user_domain_id': 'default', 'user_domain_name': 'Default', 'user_id': '1bc2a4b8ff7a446fa1ed6a8b795d0711', 'system': None}, Network: {'id': '6c31c47e-92a5-4859-bae4-b157224cf095', 'name': 'tempest-SecurityGroupsNegativeTestJSON-1860563457-network', 'tenant_id': '829d2868e5fc437faf19ea912b77c93f', 'project_id': '829d2868e5fc437faf19ea912b77c93f', 'admin_state_up': True, 'mtu': 8950, 'status': 'ACTIVE', 'subnets': [], 'shared': False, 'port_security_enabled': True, 'router:external': False, 'provider:network_type': 'vlan', 'provider:physical_network': 'default', 'provider:segmentation_id': 724, 'availability_zone_hints': [], 'availability_zones': [], 'ipv4_address_scope': None, 'ipv6_address_scope': None, 'description': '', 'tags': [], 'created_at': '2025-11-12T20:18:43Z', 'updated_at': '2025-11-12T20:18:43Z', 'revision_number': 1}, Subnet: {'id': 'c4f218b4-505c-4a32-a2b4-d49f106788a4', 'name': 'tempest-SecurityGroupsNegativeTestJSON-1860563457-subnet', 'tenant_id': '829d2868e5fc437faf19ea912b77c93f', 'network_id': '6c31c47e-92a5-4859-bae4-b157224cf095', 'ip_version': 4, 'subnetpool_id': None, 'enable_dhcp': True, 'ipv6_ra_mode': None, 'ipv6_address_mode': None, 'gateway_ip': '192.168.128.1', 'cidr': '192.168.128.0/28', 'allocation_pools': [{'start': '192.168.128.2', 'end': '192.168.128.14'}], 'host_routes': [], 'dns_nameservers': [], 'description': '', 'router:external': False, 'service_types': [], 'tags': [], 'created_at': '2025-11-12T20:18:43Z', 'updated_at': '2025-11-12T20:18:43Z', 'revision_number': 0, 'project_id': '829d2868e5fc437faf19ea912b77c93f'}, Router: {'id': '91000206-22c6-4a9e-809c-a8a317266434', 'name': 'tempest-SecurityGroupsNegativeTestJSON-1860563457-router', 'tenant_id': '829d2868e5fc437faf19ea912b77c93f', 'admin_state_up': True, 'status': 'ACTIVE', 'external_gateway_info': {'network_id': '8cb7b8ee-36c3-4d67-8862-c6830d288307', 'external_fixed_ips': [{'subnet_id': 'fd271b62-b538-4031-8db8-bfb92a7f0d79', 'ip_address': '10.180.180.218'}], 'enable_snat': True}, 'description': '', 'availability_zones': [], 'distributed': False, 'ha': False, 'availability_zone_hints': [], 'routes': [], 'flavor_id': None, 'tags': [], 'created_at': '2025-11-12T20:18:43Z', 'updated_at': '2025-11-12T20:18:44Z', 'revision_number': 2, 'project_id': '829d2868e5fc437faf19ea912b77c93f'}
2025-11-12 20:18:45.813 66064 INFO tempest.lib.common.rest_client [req-a67b0f97-ac14-4e88-a5e5-6c5ea91aa33b req-a67b0f97-ac14-4e88-a5e5-6c5ea91aa33b ] Request (ServerRescueTestJSON:setUpClass): 200 GET http://10.180.1.21/compute/v2.1/servers/87c93584-9d1b-42cb-a6c3-feec0307c9c3 2.714s
2025-11-12 20:18:45.885 66026 INFO tempest.lib.common.rest_client [req-1b4147ce-74d8-4cbe-88f3-842b5680c10a req-1b4147ce-74d8-4cbe-88f3-842b5680c10a ] Request (SecurityGroupsNegativeTestJSON:setUpClass): 201 POST http://10.180.1.21/identity/v3/auth/tokens 0.115s
2025-11-12 20:18:45.916 66034 INFO tempest.lib.common.rest_client [req-e5dee5e3-18b3-4e30-83da-be2898cfe0a5 req-e5dee5e3-18b3-4e30-83da-be2898cfe0a5 ] Request (ServerActionsV293TestJSON:setUpClass): 200 GET http://10.180.1.21/volume/v3/volumes/0f15d0d1-f7d6-40da-b021-04b34f8cd0f8 0.039s
2025-11-12 20:18:46.014 66036 INFO tempest.lib.common.rest_client [req-d69f2045-b372-4b32-8115-23a65031003c req-d69f2045-b372-4b32-8115-23a65031003c ] Request (ServerDiskConfigTestJSON:test_resize_server_from_auto_to_manual): 200 GET http://10.180.1.21/compute/v2.1/servers/3fbf2f2d-be0b-4dfb-86a9-c4de1dcbeb35 2.800s
2025-11-12 20:18:46.095 66028 INFO tempest.lib.common.rest_client [req-b486fd7a-ce7f-48a0-8029-62e10aa51e10 req-b486fd7a-ce7f-48a0-8029-62e10aa51e10 ] Request (ServersWithSpecificFlavorTestJSON:test_verify_created_server_ephemeral_disk): 200 GET http://10.180.1.21/compute/v2.1/servers/f4a710b5-4410-4915-b8f3-32131972100f 2.963s
2025-11-12 20:18:46.108 66028 INFO tempest.common.waiters [-] State transition "BUILD/block_device_mapping" ==> "BUILD/spawning" after 37 second wait
2025-11-12 20:18:46.558 66024 INFO tempest.lib.common.rest_client [req-d8d3c6c9-f348-444e-b25f-a9e9762b6fd5 req-d8d3c6c9-f348-444e-b25f-a9e9762b6fd5 ] Request (ServersTestBootFromVolume:setUpClass): 200 GET http://10.180.1.21/volume/v3/volumes/9717a2c1-6cf1-436b-863c-ac35ef0dde80 0.027s
2025-11-12 20:18:46.644 66072 INFO tempest.lib.common.rest_client [req-8e9e1cee-0625-4dba-a23a-b71f66a1b53b req-8e9e1cee-0625-4dba-a23a-b71f66a1b53b ] Request (ServerAddressesTestJSON:setUpClass): 200 GET http://10.180.1.21/compute/v2.1/servers/808085f5-4073-46e4-957c-16e02fc5140e 3.337s
2025-11-12 20:18:46.673 66066 INFO tempest.lib.common.rest_client [req-f86014af-de73-4a01-869d-8638e342e249 req-f86014af-de73-4a01-869d-8638e342e249 ] Request (VolumesAssistedSnapshotsTest:tearDownClass): 200 GET http://10.180.1.21/compute/v2.1/servers/b85c8e1d-b732-4090-be38-c1986ded31c0 3.142s
2025-11-12 20:18:46.776 66032 INFO tempest.lib.common.rest_client [req-b95ab624-8775-43b6-aa2c-ac469d7b5b38 req-b95ab624-8775-43b6-aa2c-ac469d7b5b38 ] Request (ServersTestJSON:test_create_server_with_ipv6_addr_only): 200 GET http://10.180.1.21/compute/v2.1/servers/ef3938d6-8b92-4a55-b212-368346a82867 3.035s
2025-11-12 20:18:46.807 66068 INFO tempest.lib.common.rest_client [req-4a995fcf-bd15-4ecf-83f2-c02c3eb5fe74 req-4a995fcf-bd15-4ecf-83f2-c02c3eb5fe74 ] Request (ServersAdminTestJSON:_run_cleanups): 200 GET http://10.180.1.21/compute/v2.1/servers/6bad53bf-fb39-496d-9704-10e17d0af6ae 3.245s
2025-11-12 20:18:46.820 66068 INFO tempest.common.waiters [-] State transition "REBUILD/rebuilding" ==> "REBUILD/rebuild_spawning" after 4 second wait
2025-11-12 20:18:46.941 66050 INFO tempest.lib.common.rest_client [req-dcce63c2-5ae3-4e8c-b5e3-2bcd1896353b req-dcce63c2-5ae3-4e8c-b5e3-2bcd1896353b ] Request (ListImageFiltersTestJSON:setUpClass): 200 GET http://10.180.1.21/compute/v2.1/servers/d6398fea-9c96-4022-95ac-a1c7ac1dea8e 3.104s
2025-11-12 20:18:46.985 66034 INFO tempest.lib.common.rest_client [req-71446705-4fe4-40db-9900-aa9e88ddee3a req-71446705-4fe4-40db-9900-aa9e88ddee3a ] Request (ServerActionsV293TestJSON:setUpClass): 200 GET http://10.180.1.21/volume/v3/volumes/0f15d0d1-f7d6-40da-b021-04b34f8cd0f8 0.055s
2025-11-12 20:18:46.985 66052 INFO tempest.lib.common.rest_client [req-cde6820d-37da-4b99-a191-77d2598bad51 req-cde6820d-37da-4b99-a191-77d2598bad51 ] Request (ServerActionsTestOtherA:setUpClass): 200 GET http://10.180.1.21/compute/v2.1/servers/1f5b1e21-b1dc-4304-8dee-204743d69a11 3.161s
2025-11-12 20:18:46.993 66052 INFO tempest.common.waiters [-] State transition "BUILD/None" ==> "BUILD/spawning" after 34 second wait
2025-11-12 20:18:46.994 66046 INFO tempest.lib.common.rest_client [req-8ca4d7a2-9757-4bdf-a3b0-51272b4aeb52 req-8ca4d7a2-9757-4bdf-a3b0-51272b4aeb52 ] Request (AttachInterfacesUnderV243Test:test_add_remove_fixed_ip): 200 GET http://10.180.1.21/compute/v2.1/servers/f71f64a0-cd74-43a2-b75e-6d0892e28992/ips 3.093s
2025-11-12 20:18:47.046 66030 INFO tempest.lib.common.rest_client [req-5736e8b8-396e-4e22-abc5-4e9d101ec0c9 req-5736e8b8-396e-4e22-abc5-4e9d101ec0c9 ] Request (ServerMetadataNegativeTestJSON:setUpClass): 200 GET http://10.180.1.21/compute/v2.1/servers/45018df0-cae6-4ccd-9c36-bc60f8fa37c8 3.141s
2025-11-12 20:18:47.063 66022 INFO tempest.lib.common.rest_client [req-0791e224-5ef4-411a-9f96-812608fb5eb7 req-0791e224-5ef4-411a-9f96-812608fb5eb7 ] Request (MultipleCreateTestJSON:_run_cleanups): 200 GET http://10.180.1.21/compute/v2.1/servers/ebb2c981-b6ad-46a2-95a6-6d2c4b185df7 3.146s
2025-11-12 20:18:47.084 66056 INFO tempest.lib.common.rest_client [req-8d50da06-51d6-4f86-8fcc-78a00189e601 req-8d50da06-51d6-4f86-8fcc-78a00189e601 ] Request (ImagesTestJSON:test_create_image_from_stopped_server): 200 GET http://10.180.1.21/compute/v2.1/images/38a4c67c-4a32-45f4-a071-86745e66f8ba 3.103s
2025-11-12 20:18:47.117 66044 INFO tempest.lib.common.rest_client [req-6c19bdb1-2c0f-49c7-903a-b6e4e5f71c57 req-6c19bdb1-2c0f-49c7-903a-b6e4e5f71c57 ] Request (ServerMetadataTestJSON:setUpClass): 200 GET http://10.180.1.21/compute/v2.1/servers/c5475260-99e2-402f-b96a-462dce8b5510 3.108s
2025-11-12 20:18:47.191 66070 INFO tempest.lib.common.rest_client [req-dbdd3c18-fd6c-4e33-911f-48bf85c96e68 req-dbdd3c18-fd6c-4e33-911f-48bf85c96e68 ] Request (ServerGroupTestJSON:_run_cleanups): 200 GET http://10.180.1.21/compute/v2.1/servers/f8f48f18-e47f-4fd5-858c-a94a5dea8b1a 3.122s
2025-11-12 20:18:47.200 66070 INFO tempest.common.waiters [-] State transition "ACTIVE/deleting" ==> "DELETED/None" after 7 second wait
2025-11-12 20:18:47.262 66040 INFO tempest.lib.common.rest_client [req-47d8ee79-b76a-4bbf-8396-b76a3b58ea15 req-47d8ee79-b76a-4bbf-8396-b76a3b58ea15 ] Request (MigrationsAdminTest:test_resize_server_revert_deleted_flavor): 200 GET http://10.180.1.21/compute/v2.1/servers/97f01620-eb70-4b9e-ba19-7197d7f3cfa0 3.179s
2025-11-12 20:18:47.351 66054 INFO tempest.lib.common.rest_client [req-d0c39dbb-fa56-423c-a934-c8208307390d req-d0c39dbb-fa56-423c-a934-c8208307390d ] Request (ServersListShow2100Test:test_list_show_rebuild_update_server_2100): 202 POST http://10.180.1.21/compute/v2.1/servers/3c22ce76-9fd6-4eb3-900c-e3d2f9f26664/action 3.284s
2025-11-12 20:18:47.352 66048 INFO tempest.lib.common.rest_client [req-75d56c5f-8f9f-4407-9923-1dd69fbdac4d req-75d56c5f-8f9f-4407-9923-1dd69fbdac4d ] Request (ServersAdminNegativeTestJSON:tearDownClass): 200 GET http://10.180.1.21/compute/v2.1/servers/1c30d555-3318-4ac3-ae2b-330e1774a3cd 3.198s
2025-11-12 20:18:47.442 66076 INFO tempest.lib.common.rest_client [req-ec7a37f8-72fc-4517-a8a7-39203204e7a3 req-ec7a37f8-72fc-4517-a8a7-39203204e7a3 ] Request (DeleteServersTestJSON:test_delete_active_server): 200 GET http://10.180.1.21/compute/v2.1/servers/fffe8553-cc73-4fe7-b8ef-cace589959a3 3.041s
2025-11-12 20:18:47.452 66080 INFO tempest.lib.common.rest_client [req-c558d382-14c7-4e86-969e-ee3cef41c95a req-c558d382-14c7-4e86-969e-ee3cef41c95a ] Request (ServersTestMultiNic:_run_cleanups): 200 GET http://10.180.1.21/compute/v2.1/servers/7a24931f-1f11-4759-b6f9-0e6afdd24a75 3.059s
