2025-11-17 14:35:20.306 66349 INFO tempest.lib.common.rest_client [req-22c667ac-2089-46ec-9ecd-9ea728e4a1e3 req-22c667ac-2089-46ec-9ecd-9ea728e4a1e3 ] Request (HypervisorAdminV228Test:tearDownClass): 204 DELETE http://10.180.1.21/identity/v3/projects/0e646a6aec364d37b3b0f58706ce6de5 0.080s
2025-11-17 14:35:20.306 66349 INFO tempest.lib.common.dynamic_creds [-] Deleting project and security group for project: 3d5545503efb4f3a8d6f2cba8b853e37
2025-11-17 14:35:20.343 66311 INFO tempest.lib.common.rest_client [req-9a452621-5364-4153-afdd-14af760afebb req-9a452621-5364-4153-afdd-14af760afebb ] Request (ServersAdminNegativeTestJSON:test_resize_server_using_overlimit_vcpus): 200 GET http://10.180.1.21/compute/v2.1/os-quota-sets/3c370fae9c824255b6013bb9ceddc3e0 1.284s
2025-11-17 14:35:20.388 66315 INFO tempest.lib.common.rest_client [req-6e12d4e0-9ee9-492d-b9c0-95474ad055ac req-6e12d4e0-9ee9-492d-b9c0-95474ad055ac ] Request (ListImageFiltersTestJSON:setUpClass): 200 GET http://10.180.1.21/compute/v2.1/images/057e32b2-05b6-48d1-8a17-a4c010a53d56 1.063s
2025-11-17 14:35:20.414 66321 INFO tempest.lib.common.rest_client [req-d8858194-2493-4b36-9fc0-708f3749f698 req-d8858194-2493-4b36-9fc0-708f3749f698 ] Request (ImagesOneServerTestJSON:tearDownClass): 404 DELETE http://10.180.1.21/compute/v2.1/images/1705e2af-7e24-4f95-8205-f357448301e6 1.082s
2025-11-17 14:35:20.437 66349 INFO tempest.lib.common.rest_client [req-64fc682f-264f-4af4-a434-df846b6fd8f7 req-64fc682f-264f-4af4-a434-df846b6fd8f7 ] Request (HypervisorAdminV228Test:tearDownClass): 200 GET http://10.180.1.21/networking/v2.0/security-groups?tenant_id=3d5545503efb4f3a8d6f2cba8b853e37&name=default 0.130s
2025-11-17 14:35:20.471 66337 INFO tempest.lib.common.rest_client [req-cee8570a-7ddd-4074-a8d6-8130e716755f req-cee8570a-7ddd-4074-a8d6-8130e716755f ] Request (MigrationsAdminTest:test_list_migrations_in_flavor_resize_situation): 200 GET http://10.180.1.21/compute/v2.1/servers/abc18c43-9ef2-4c48-93d9-36c42dfd5178 1.384s
2025-11-17 14:35:20.481 66337 INFO tempest.common.waiters [-] State transition "VERIFY_RESIZE/None" ==> "ACTIVE/None" after 18 second wait
2025-11-17 14:35:20.491 66307 INFO tempest.lib.common.rest_client [req-c6470d61-5ab3-4bb4-9541-1785c7ee1aad req-c6470d61-5ab3-4bb4-9541-1785c7ee1aad ] Request (SecurityGroupRulesTestJSON:test_security_group_rules_list): 200 GET http://10.180.1.21/compute/v2.1/os-security-groups/31a593e6-d77f-4658-a8b4-367680a75910 1.160s
2025-11-17 14:35:20.517 66309 INFO tempest.lib.common.rest_client [req-c0659f3b-8755-407e-b998-e4dd2dbd6e86 req-c0659f3b-8755-407e-b998-e4dd2dbd6e86 ] Request (KeyPairsV2TestJSON:test_keypairs_create_list_delete): 200 POST http://10.180.1.21/compute/v2.1/os-keypairs 0.968s
2025-11-17 14:35:20.622 66349 INFO tempest.lib.common.rest_client [req-883856b9-9263-43f8-ba10-8c3154f2f126 req-883856b9-9263-43f8-ba10-8c3154f2f126 ] Request (HypervisorAdminV228Test:tearDownClass): 204 DELETE http://10.180.1.21/networking/v2.0/security-groups/e65b0a22-dd70-44ce-8b6b-0a86ac5725df 0.184s
2025-11-17 14:35:20.802 66349 INFO tempest.lib.common.rest_client [req-e7189f60-d253-4aca-abb5-4036b12d701d req-e7189f60-d253-4aca-abb5-4036b12d701d ] Request (HypervisorAdminV228Test:tearDownClass): 204 DELETE http://10.180.1.21/identity/v3/projects/3d5545503efb4f3a8d6f2cba8b853e37 0.180s
2025-11-17 14:35:20.803 66349 INFO tempest.test [-] raised in LiveMigrationTest.setUpClass. Invoking tearDownClass.
2025-11-17 14:35:20.814 66325 INFO tempest.lib.common.rest_client [req-c83c1aa1-429b-4099-95bc-0b8dab6e68ae req-c83c1aa1-429b-4099-95bc-0b8dab6e68ae ] Request (ImagesMetadataTestJSON:setUp): 200 PUT http://10.180.1.21/compute/v2.1/images/27ed6f6b-c948-409b-a8ec-002c245cf4a7/metadata 1.227s
2025-11-17 14:35:20.829 66341 INFO tempest.lib.common.rest_client [req-75a2d31f-feca-4c3b-bb6b-6c50a22cb80e req-75a2d31f-feca-4c3b-bb6b-6c50a22cb80e ] Request (ListServersNegativeTestJSON:test_list_servers_by_non_existing_flavor): 200 GET http://10.180.1.21/compute/v2.1/servers?flavor=non_existing_flavor 0.931s
2025-11-17 14:35:20.916 66349 INFO tempest.lib.common.rest_client [req-2f8fb50a-74ab-463d-93fb-711d568177d7 req-2f8fb50a-74ab-463d-93fb-711d568177d7 ] Request (ListServerFiltersTestJSON:setUpClass): 201 POST http://10.180.1.21/identity/v3/auth/tokens 0.107s
2025-11-17 14:35:20.969 66349 INFO tempest.lib.common.rest_client [req-d685c2d7-acae-4d8c-b963-1ef8cbe1283f req-d685c2d7-acae-4d8c-b963-1ef8cbe1283f ] Request (ListServerFiltersTestJSON:setUpClass): 201 POST http://10.180.1.21/identity/v3/auth/tokens 0.051s
2025-11-17 14:35:20.974 66305 INFO tempest.lib.common.rest_client [req-7ca770e0-9261-4406-b5ee-882bfe29bf9a req-7ca770e0-9261-4406-b5ee-882bfe29bf9a ] Request (ServerDiagnosticsTest:test_get_server_diagnostics): 200 GET http://10.180.1.21/compute/v2.1/servers/e2027a8c-5d49-4342-9b67-4c7592339c9a 1.047s
2025-11-17 14:35:21.024 66349 INFO tempest.lib.common.rest_client [req-b8d7a7da-e99b-4dda-846b-d8dd8aa11647 req-b8d7a7da-e99b-4dda-846b-d8dd8aa11647 ] Request (ListServerFiltersTestJSON:setUpClass): 200 GET http://10.180.1.21/identity/v3/domains?name=Default 0.054s
2025-11-17 14:35:21.048 66313 INFO tempest.lib.common.rest_client [req-c06c2bc8-799a-4473-96b6-77b7987b825f req-c06c2bc8-799a-4473-96b6-77b7987b825f ] Request (ServerPasswordTestJSON:setUpClass): 200 GET http://10.180.1.21/compute/v2.1/servers/7a0d4eac-9919-41b0-bc79-985db03ddaeb 1.023s
2025-11-17 14:35:21.063 66349 INFO tempest.lib.common.rest_client [req-c8b04e05-fe9b-471b-a4ed-41d2dd7f9ca7 req-c8b04e05-fe9b-471b-a4ed-41d2dd7f9ca7 ] Request (ListServerFiltersTestJSON:setUpClass): 201 POST http://10.180.1.21/identity/v3/projects 0.038s
2025-11-17 14:35:21.110 66331 INFO tempest.lib.common.rest_client [req-93796a2a-399c-48b1-a74c-67f01a018e51 req-93796a2a-399c-48b1-a74c-67f01a018e51 ] Request (ServersAdmin275Test:_run_cleanups): 200 GET http://10.180.1.21/compute/v2.1/servers/376c3de8-3d51-4257-ba8f-a2e5b77b7355 0.936s
2025-11-17 14:35:21.127 66303 INFO tempest.lib.common.rest_client [req-95dc6850-cbfa-4fae-be19-3386d8a81b98 req-95dc6850-cbfa-4fae-be19-3386d8a81b98 ] Request (FlavorsAdminTestJSON:test_is_public_string_variations): 200 GET http://10.180.1.21/compute/v2.1/flavors/detail?is_public=no 0.928s
2025-11-17 14:35:21.149 66349 INFO tempest.lib.common.rest_client [req-70705313-64f5-4a06-b00e-392bc7630002 req-70705313-64f5-4a06-b00e-392bc7630002 ] Request (ListServerFiltersTestJSON:setUpClass): 201 POST http://10.180.1.21/identity/v3/users 0.085s
2025-11-17 14:35:21.183 66349 INFO tempest.lib.common.rest_client [req-87291c79-46d6-46b5-b12a-9a5b79c66ea9 req-87291c79-46d6-46b5-b12a-9a5b79c66ea9 ] Request (ListServerFiltersTestJSON:setUpClass): 200 GET http://10.180.1.21/identity/v3/roles 0.033s
2025-11-17 14:35:21.194 66345 INFO tempest.lib.common.rest_client [req-93c2d1ed-b9da-44bb-a381-8768662a34d2 req-93c2d1ed-b9da-44bb-a381-8768662a34d2 ] Request (ServerDiagnosticsNegativeTest:tearDownClass): 200 GET http://10.180.1.21/compute/v2.1/servers/77ec82d6-2097-447f-b88c-462704777479 0.992s
2025-11-17 14:35:21.198 66347 INFO tempest.lib.common.rest_client [req-b49acc43-98d0-454d-bc04-0e31659d0a24 req-b49acc43-98d0-454d-bc04-0e31659d0a24 ] Request (ServerMetadataNegativeTestJSON:test_set_server_metadata_missing_metadata): 400 PUT http://10.180.1.21/compute/v2.1/servers/864398b7-5b6d-486e-8190-46f930718874/metadata 0.996s
2025-11-17 14:35:21.214 66349 INFO tempest.lib.common.rest_client [req-0894abf7-23dd-4805-91c4-41b16a2c4920 req-0894abf7-23dd-4805-91c4-41b16a2c4920 ] Request (ListServerFiltersTestJSON:setUpClass): 204 PUT http://10.180.1.21/identity/v3/projects/cb8e5780e4a641b7a7b0232a01d43b71/users/bce5605e6a4f4c378f5770257a42eb1e/roles/f90f3b9106134b4b80ef4af5c4f707ec 0.031s
2025-11-17 14:35:21.214 66349 INFO tempest.lib.common.dynamic_creds [-] Dynamic test user bce5605e6a4f4c378f5770257a42eb1e is created with scope project and roles: ['member']
2025-11-17 14:35:21.215 66349 INFO tempest.lib.common.dynamic_creds [-] Acquired dynamic creds: credentials: Credentials: {'domain_id': 'default', 'domain_name': 'Default', 'username': 'tempest-ListServerFiltersTestJSON-1243477577-project-member', 'project_domain_id': 'default', 'project_domain_name': 'Default', 'project_id': 'cb8e5780e4a641b7a7b0232a01d43b71', 'project_name': 'tempest-ListServerFiltersTestJSON-1243477577', 'tenant_id': 'cb8e5780e4a641b7a7b0232a01d43b71', 'tenant_name': 'tempest-ListServerFiltersTestJSON-1243477577', 'user_domain_id': 'default', 'user_domain_name': 'Default', 'user_id': 'bce5605e6a4f4c378f5770257a42eb1e', 'system': None}, Network: None, Subnet: None, Router: None
2025-11-17 14:35:21.225 66335 INFO tempest.lib.common.rest_client [req-58b3859d-d5e7-446b-bde3-69eeba366ae4 req-58b3859d-d5e7-446b-bde3-69eeba366ae4 ] Request (FlavorsV2TestJSON:test_list_flavors_detailed_filter_by_min_ram): 200 GET http://10.180.1.21/compute/v2.1/flavors/detail?minRam=193 1.006s
2025-11-17 14:35:21.232 66333 INFO tempest.lib.common.rest_client [req-b6c97637-8688-4122-acd5-b4a166ef553e req-b6c97637-8688-4122-acd5-b4a166ef553e ] Request (AggregatesAdminNegativeTestJSON:test_aggregate_remove_host_as_user): 403 POST http://10.180.1.21/compute/v2.1/os-aggregates/7/action 0.985s
2025-11-17 14:35:21.246 66311 INFO tempest.lib.common.rest_client [req-927d4de4-d936-4796-9009-d309393f5350 req-927d4de4-d936-4796-9009-d309393f5350 ] Request (ServersAdminNegativeTestJSON:test_resize_server_using_overlimit_vcpus): 200 POST http://10.180.1.21/compute/v2.1/flavors 0.901s
2025-11-17 14:35:21.274 66349 INFO tempest.lib.common.rest_client [req-3a0c65e9-8da5-45c1-bc85-aa2d526d2917 req-3a0c65e9-8da5-45c1-bc85-aa2d526d2917 ] Request (ListServerFiltersTestJSON:setUpClass): 201 POST http://10.180.1.21/identity/v3/auth/tokens 0.059s
2025-11-17 14:35:21.279 66315 INFO tempest.lib.common.rest_client [req-5bd3e2d2-bddb-4771-9c7b-d02db13a2c78 req-5bd3e2d2-bddb-4771-9c7b-d02db13a2c78 ] Request (ListImageFiltersTestJSON:setUpClass): 200 GET http://10.180.1.21/compute/v2.1/images/057e32b2-05b6-48d1-8a17-a4c010a53d56 0.885s
2025-11-17 14:35:21.358 66321 INFO tempest.lib.common.rest_client [req-282bb83e-2ccf-4f96-b457-087bac24942e req-282bb83e-2ccf-4f96-b457-087bac24942e ] Request (ImagesOneServerTestJSON:tearDownClass): 204 DELETE http://10.180.1.21/compute/v2.1/servers/347c9a1e-b3ff-4ae7-af85-d0b2c90b5aae 0.943s
2025-11-17 14:35:21.440 66323 INFO tempest.lib.common.rest_client [req-1b6cd0bd-464d-4c44-b094-e05617b89795 req-1b6cd0bd-464d-4c44-b094-e05617b89795 ] Request (VolumesAdminNegativeTest:tearDownClass): 200 GET http://10.180.1.21/compute/v2.1/servers/0311ff28-2238-4150-83a8-e0cc5d28736b 1.019s
2025-11-17 14:35:21.537 66339 INFO tempest.lib.common.rest_client [req-0e61ff50-eaab-4882-bd85-25f6a3273bd3 req-0e61ff50-eaab-4882-bd85-25f6a3273bd3 ] Request (ServersTestMultiNic:test_verify_multiple_nics_order): 200 GET http://10.180.1.21/compute/v2.1/servers/5afa0e61-7e7b-487d-87bd-1d26c6017fbf 1.105s
2025-11-17 14:35:21.578 66349 INFO tempest.lib.common.rest_client [req-39f2eca4-ae96-4781-a66b-d592656c75ce req-39f2eca4-ae96-4781-a66b-d592656c75ce ] Request (ListServerFiltersTestJSON:setUpClass): 201 POST http://10.180.1.21/networking/v2.0/networks 0.303s
2025-11-17 14:35:21.670 66315 INFO tempest.lib.common.rest_client [req-692c042f-15d2-4f58-9327-fe2a5d4d2b24 req-692c042f-15d2-4f58-9327-fe2a5d4d2b24 ] Request (ListImageFiltersTestJSON:setUpClass): 201 POST http://10.180.1.21/image/v2/images 0.386s
2025-11-17 14:35:21.759 66337 INFO tempest.lib.common.rest_client [req-7192256b-178d-4004-a6ed-38ebcbf618e4 req-7192256b-178d-4004-a6ed-38ebcbf618e4 ] Request (MigrationsAdminTest:test_list_migrations_in_flavor_resize_situation): 200 GET http://10.180.1.21/compute/v2.1/servers/abc18c43-9ef2-4c48-93d9-36c42dfd5178 1.278s
2025-11-17 14:35:21.801 66363 INFO tempest.lib.common.rest_client [req-70e87178-2bc3-4341-b710-200f0f5a01b6 req-70e87178-2bc3-4341-b710-200f0f5a01b6 ] Request (VolumesAssistedSnapshotsTest:_run_cleanups): 200 GET http://10.180.1.21/compute/v2.1/servers/4f12a59e-86bb-42a6-908c-3469b9e476d1/os-volume_attachments 1.315s
2025-11-17 14:35:21.841 66329 INFO tempest.lib.common.rest_client [req-841a731f-4e83-4a52-a76c-1d81b8439a16 req-841a731f-4e83-4a52-a76c-1d81b8439a16 ] Request (FloatingIPsAssociationTestJSON:test_associate_disassociate_floating_ip): 202 POST http://10.180.1.21/compute/v2.1/servers/c827472c-405c-4df1-8c05-b139c8b3ebce/action 1.949s
2025-11-17 14:35:21.841 66363 INFO tempest.lib.common.rest_client [req-e9e12409-6aad-4a94-8e94-261f97dbd45e req-e9e12409-6aad-4a94-8e94-261f97dbd45e ] Request (VolumesAssistedSnapshotsTest:_run_cleanups): 200 GET http://10.180.1.21/volume/v3/volumes/f8e1856b-f8fe-42cf-b428-58a95478336d 0.039s
2025-11-17 14:35:21.851 66363 INFO tempest.common.waiters [-] volume f8e1856b-f8fe-42cf-b428-58a95478336d reached available after waiting for 0.850888 seconds
2025-11-17 14:35:21.879 66349 INFO tempest.lib.common.rest_client [req-4bcfc3ab-ce34-4ad1-b877-b0b8144632ab req-4bcfc3ab-ce34-4ad1-b877-b0b8144632ab ] Request (ListServerFiltersTestJSON:setUpClass): 201 POST http://10.180.1.21/networking/v2.0/subnets 0.300s
2025-11-17 14:35:21.879 66349 INFO tempest.lib.common.dynamic_creds [-] Created isolated network resources for: credentials: Credentials: {'domain_id': 'default', 'domain_name': 'Default', 'username': 'tempest-ListServerFiltersTestJSON-1243477577-project-member', 'project_domain_id': 'default', 'project_domain_name': 'Default', 'project_id': 'cb8e5780e4a641b7a7b0232a01d43b71', 'project_name': 'tempest-ListServerFiltersTestJSON-1243477577', 'tenant_id': 'cb8e5780e4a641b7a7b0232a01d43b71', 'tenant_name': 'tempest-ListServerFiltersTestJSON-1243477577', 'user_domain_id': 'default', 'user_domain_name': 'Default', 'user_id': 'bce5605e6a4f4c378f5770257a42eb1e', 'system': None}, Network: {'id': 'a72525ec-7d18-4a7c-9b54-92a208002dfb', 'name': 'tempest-ListServerFiltersTestJSON-95525058-network', 'tenant_id': 'cb8e5780e4a641b7a7b0232a01d43b71', 'project_id': 'cb8e5780e4a641b7a7b0232a01d43b71', 'admin_state_up': True, 'mtu': 8950, 'status': 'ACTIVE', 'subnets': [], 'shared': False, 'port_security_enabled': True, 'router:external': False, 'provider:network_type': 'vlan', 'provider:physical_network': 'default', 'provider:segmentation_id': 435, 'availability_zone_hints': [], 'availability_zones': [], 'ipv4_address_scope': None, 'ipv6_address_scope': None, 'description': '', 'tags': [], 'created_at': '2025-11-17T14:35:21Z', 'updated_at': '2025-11-17T14:35:21Z', 'revision_number': 1}, Subnet: {'id': 'f208b3a9-f086-4c07-86dd-4effe981ff4f', 'name': 'tempest-ListServerFiltersTestJSON-95525058-subnet', 'tenant_id': 'cb8e5780e4a641b7a7b0232a01d43b71', 'network_id': 'a72525ec-7d18-4a7c-9b54-92a208002dfb', 'ip_version': 4, 'subnetpool_id': None, 'enable_dhcp': True, 'ipv6_ra_mode': None, 'ipv6_address_mode': None, 'gateway_ip': '192.168.128.1', 'cidr': '192.168.128.0/28', 'allocation_pools': [{'start': '192.168.128.2', 'end': '192.168.128.14'}], 'host_routes': [], 'dns_nameservers': [], 'description': '', 'router:external': False, 'service_types': [], 'tags': [], 'created_at': '2025-11-17T14:35:21Z', 'updated_at': '2025-11-17T14:35:21Z', 'revision_number': 0, 'project_id': 'cb8e5780e4a641b7a7b0232a01d43b71'}, Router: None
2025-11-17 14:35:21.914 66363 INFO tempest.lib.common.rest_client [req-a4c18573-a76d-427c-ab8e-9a927df2dba9 req-a4c18573-a76d-427c-ab8e-9a927df2dba9 ] Request (VolumesAssistedSnapshotsTest:_run_cleanups): 202 DELETE http://10.180.1.21/volume/v3/volumes/f8e1856b-f8fe-42cf-b428-58a95478336d 0.063s
2025-11-17 14:35:21.946 66361 WARNING tempest.lib.common.ssh [-] Failed to establish authenticated ssh connection to cirros@10.180.180.194 ([Errno None] Unable to connect to port 22 on 10.180.180.194). Number attempts: 6. Retry after 7 seconds.: paramiko.ssh_exception.NoValidConnectionsError: [Errno None] Unable to connect to port 22 on 10.180.180.194
2025-11-17 14:35:21.953 66363 INFO tempest.lib.common.rest_client [req-b54e3070-236e-4df8-ba97-d42e8c2dd71b req-b54e3070-236e-4df8-ba97-d42e8c2dd71b ] Request (VolumesAssistedSnapshotsTest:_run_cleanups): 200 GET http://10.180.1.21/volume/v3/volumes/f8e1856b-f8fe-42cf-b428-58a95478336d 0.038s
2025-11-17 14:35:21.972 66359 INFO tempest.lib.common.rest_client [req-4b814d76-f6a6-4a8c-af91-cab84f8350d4 req-4b814d76-f6a6-4a8c-af91-cab84f8350d4 ] Request (DeleteServersTestJSON:test_delete_active_server): 200 GET http://10.180.1.21/compute/v2.1/servers/7233422c-ef9a-49c4-ad2a-e1089e493161 1.465s
2025-11-17 14:35:21.983 66309 INFO tempest.lib.common.rest_client [req-2c81ef88-0fb8-46fb-ac95-129036326a82 req-2c81ef88-0fb8-46fb-ac95-129036326a82 ] Request (KeyPairsV2TestJSON:test_keypairs_create_list_delete): 200 GET http://10.180.1.21/compute/v2.1/os-keypairs 1.464s
2025-11-17 14:35:21.999 66349 INFO tempest.lib.common.rest_client [req-aa660a46-d87e-4d15-a0c2-df7923d0a639 req-aa660a46-d87e-4d15-a0c2-df7923d0a639 ] Request (ListServerFiltersTestJSON:setUpClass): 201 POST http://10.180.1.21/identity/v3/auth/tokens 0.116s
2025-11-17 14:35:22.047 66349 INFO tempest.lib.common.rest_client [req-a57aa97d-b19f-42fb-8da7-a2d81ae4ee4f req-a57aa97d-b19f-42fb-8da7-a2d81ae4ee4f ] Request (ListServerFiltersTestJSON:setUpClass): 201 POST http://10.180.1.21/identity/v3/auth/tokens 0.039s
2025-11-17 14:35:22.047 66349 INFO tempest.lib.common.fixed_network [-] (ListServerFiltersTestJSON:setUpClass) Found network {'id': 'a72525ec-7d18-4a7c-9b54-92a208002dfb', 'name': 'tempest-ListServerFiltersTestJSON-95525058-network', 'tenant_id': 'cb8e5780e4a641b7a7b0232a01d43b71', 'project_id': 'cb8e5780e4a641b7a7b0232a01d43b71', 'admin_state_up': True, 'mtu': 8950, 'status': 'ACTIVE', 'subnets': [], 'shared': False, 'port_security_enabled': True, 'router:external': False, 'provider:network_type': 'vlan', 'provider:physical_network': 'default', 'provider:segmentation_id': 435, 'availability_zone_hints': [], 'availability_zones': [], 'ipv4_address_scope': None, 'ipv6_address_scope': None, 'description': '', 'tags': [], 'created_at': '2025-11-17T14:35:21Z', 'updated_at': '2025-11-17T14:35:21Z', 'revision_number': 1} available for tenant
2025-11-17 14:35:22.050 66307 INFO tempest.lib.common.rest_client [req-708c2232-353d-4238-9edd-54ad777e2e63 req-708c2232-353d-4238-9edd-54ad777e2e63 ] Request (SecurityGroupRulesTestJSON:_run_cleanups): 202 DELETE http://10.180.1.21/compute/v2.1/os-security-group-rules/da0b789c-c75b-44e0-b522-8d02b8d6a004 1.554s
2025-11-17 14:35:22.076 66327 INFO tempest.lib.common.rest_client [req-6bbd182f-bdb0-47f1-9d21-88cd4723e53f req-6bbd182f-bdb0-47f1-9d21-88cd4723e53f ] Request (ServerAddressesTestJSON:setUpClass): 200 GET http://10.180.1.21/compute/v2.1/servers/979b028d-389e-4831-9879-c183a18fc304 1.523s
2025-11-17 14:35:22.097 66349 INFO tempest.lib.common.rest_client [req-e6ed8b19-149f-4692-9664-de640cd02aea req-e6ed8b19-149f-4692-9664-de640cd02aea ] Request (ListServerFiltersTestJSON:setUpClass): 201 POST http://10.180.1.21/identity/v3/auth/tokens 0.047s
2025-11-17 14:35:22.097 66349 INFO tempest.lib.common.fixed_network [-] (ListServerFiltersTestJSON:setUpClass) Found network {'id': 'a72525ec-7d18-4a7c-9b54-92a208002dfb', 'name': 'tempest-ListServerFiltersTestJSON-95525058-network', 'tenant_id': 'cb8e5780e4a641b7a7b0232a01d43b71', 'project_id': 'cb8e5780e4a641b7a7b0232a01d43b71', 'admin_state_up': True, 'mtu': 8950, 'status': 'ACTIVE', 'subnets': [], 'shared': False, 'port_security_enabled': True, 'router:external': False, 'provider:network_type': 'vlan', 'provider:physical_network': 'default', 'provider:segmentation_id': 435, 'availability_zone_hints': [], 'availability_zones': [], 'ipv4_address_scope': None, 'ipv6_address_scope': None, 'description': '', 'tags': [], 'created_at': '2025-11-17T14:35:21Z', 'updated_at': '2025-11-17T14:35:21Z', 'revision_number': 1} available for tenant
2025-11-17 14:35:22.127 66343 INFO tempest.lib.common.rest_client [req-e4927e59-b87e-4ef6-b5a6-3e51658ea13c req-e4927e59-b87e-4ef6-b5a6-3e51658ea13c ] Request (DeleteServersAdminTestJSON:test_delete_server_while_in_error_state): 200 GET http://10.180.1.21/compute/v2.1/servers/52c4ce60-3353-405c-b9f9-7f511680cc41 1.499s
2025-11-17 14:35:22.152 66317 INFO tempest.lib.common.rest_client [req-5fdff9db-ec84-4ccd-bc18-ea95da5fe19a req-5fdff9db-ec84-4ccd-bc18-ea95da5fe19a ] Request (ServersV294TestFqdnHostnames:setUpClass): 200 GET http://10.180.1.21/compute/v2.1/servers/f5166917-734f-4c86-84ec-3b63ea129c5c 1.452s
2025-11-17 14:35:22.197 66351 WARNING tempest.lib.common.ssh [-] Failed to establish authenticated ssh connection to cirros@10.180.180.154 ([Errno None] Unable to connect to port 22 on 10.180.180.154). Number attempts: 4. Retry after 5 seconds.: paramiko.ssh_exception.NoValidConnectionsError: [Errno None] Unable to connect to port 22 on 10.180.180.154
2025-11-17 14:35:22.247 66358 INFO tempest.lib.common.rest_client [req-e230a810-50b0-4b3e-a1f1-16b7db2618fc req-e230a810-50b0-4b3e-a1f1-16b7db2618fc ] Request (ImagesTestJSON:test_create_image_from_suspended_server): 200 GET http://10.180.1.21/compute/v2.1/servers/b5815a1e-0a5c-48eb-9a03-c048c3a8323c 1.461s
2025-11-17 14:35:22.257 66358 INFO tempest.common.waiters [-] State transition "BUILD/scheduling" ==> "BUILD/None" after 3 second wait
2025-11-17 14:35:22.280 66319 INFO tempest.lib.common.rest_client [req-ac8ff6a6-1915-468f-9ad3-ceb08e9ff9b8 req-ac8ff6a6-1915-468f-9ad3-ceb08e9ff9b8 ] Request (ImagesOneServerNegativeTestJSON:setUpClass): 200 GET http://10.180.1.21/compute/v2.1/servers/9fb369af-202c-4d49-9d32-cbc411f8267a 1.564s
2025-11-17 14:35:22.350 66341 INFO tempest.lib.common.rest_client [req-377a2efb-da70-49d1-822b-509b96f393a7 req-377a2efb-da70-49d1-822b-509b96f393a7 ] Request (ListServersNegativeTestJSON:test_list_servers_by_non_existing_image): 200 GET http://10.180.1.21/compute/v2.1/servers?image=non_existing_image 1.516s
2025-11-17 14:35:22.507 66325 INFO tempest.lib.common.rest_client [req-72905778-060d-4df6-9a31-4c0add314e3b req-72905778-060d-4df6-9a31-4c0add314e3b ] Request (ImagesMetadataTestJSON:test_set_image_metadata_item): 200 PUT http://10.180.1.21/compute/v2.1/images/27ed6f6b-c948-409b-a8ec-002c245cf4a7/metadata/os_version 1.692s
2025-11-17 14:35:22.527 66303 INFO tempest.lib.common.rest_client [req-cd7ca3fc-c2d2-48d6-af13-49f7799beed5 req-cd7ca3fc-c2d2-48d6-af13-49f7799beed5 ] Request (FlavorsAdminTestJSON:test_is_public_string_variations): 200 GET http://10.180.1.21/compute/v2.1/flavors/detail?is_public=0 1.395s
2025-11-17 14:35:22.547 66353 INFO tempest.lib.common.rest_client [req-5e5908b6-1fd3-4244-be7b-ae9d95ca5dd9 req-5e5908b6-1fd3-4244-be7b-ae9d95ca5dd9 ] Request (AttachInterfacesV270Test:test_create_get_list_interfaces): 200 GET http://10.180.1.21/compute/v2.1/servers/4f61eecb-95df-4bb2-b3ce-71ee686558d3 1.619s
2025-11-17 14:35:22.559 66347 INFO tempest.lib.common.rest_client [req-d6e2cce0-d67f-46e3-9c7b-905d848a0e18 req-d6e2cce0-d67f-46e3-9c7b-905d848a0e18 ] Request (ServerMetadataNegativeTestJSON:test_update_metadata_non_existent_server): 404 POST http://10.180.1.21/compute/v2.1/servers/0a4f004e-8de6-4eee-a135-2744faaa29a9/metadata 1.360s
2025-11-17 14:35:22.579 66335 INFO tempest.lib.common.rest_client [req-6c002383-ee47-457c-a0b4-81c389d8a9af req-6c002383-ee47-457c-a0b4-81c389d8a9af ] Request (FlavorsV2TestJSON:test_list_flavors_detailed_limit_results): 200 GET http://10.180.1.21/compute/v2.1/flavors/detail?limit=1 1.348s
2025-11-17 14:35:22.662 66355 INFO tempest.lib.common.rest_client [req-effeed13-da5b-40bd-a054-ab69f0648c4b req-effeed13-da5b-40bd-a054-ab69f0648c4b ] Request (ServerActionsTestOtherA:setUpClass): 200 GET http://10.180.1.21/compute/v2.1/servers/5446e063-a2b0-45ee-ac8b-a5e7fc6c77a8 1.480s
2025-11-17 14:35:22.671 66355 INFO tempest.common.waiters [-] State transition "BUILD/spawning" ==> "ACTIVE/None" after 32 second wait
2025-11-17 14:35:22.773 66333 INFO tempest.lib.common.rest_client [req-078cfbcc-5fae-484f-80ca-52a2523de242 req-078cfbcc-5fae-484f-80ca-52a2523de242 ] Request (AggregatesAdminNegativeTestJSON:_run_cleanups): 200 POST http://10.180.1.21/compute/v2.1/os-aggregates/7/action 1.539s
2025-11-17 14:35:22.860 66311 INFO tempest.lib.common.rest_client [req-d9c79e9f-fa51-468b-8afc-aea8fa96cc80 req-d9c79e9f-fa51-468b-8afc-aea8fa96cc80 ] Request (ServersAdminNegativeTestJSON:test_resize_server_using_overlimit_vcpus): 403 POST http://10.180.1.21/compute/v2.1/servers/2f6d4f72-e713-4422-9e72-ca261477d545/action 1.612s
2025-11-17 14:35:22.946 66337 INFO tempest.lib.common.rest_client [req-34dce2f4-ec78-4926-b14c-34b43b14413b req-34dce2f4-ec78-4926-b14c-34b43b14413b ] Request (MigrationsAdminTest:test_list_migrations_in_flavor_resize_situation): 200 POST http://10.180.1.21/compute/v2.1/os-keypairs 1.178s
2025-11-17 14:35:22.962 66321 INFO tempest.lib.common.rest_client [req-1d29ccff-006a-4891-8171-ec41b74ad94d req-1d29ccff-006a-4891-8171-ec41b74ad94d ] Request (ImagesOneServerTestJSON:tearDownClass): 200 GET http://10.180.1.21/compute/v2.1/servers/347c9a1e-b3ff-4ae7-af85-d0b2c90b5aae 1.604s
2025-11-17 14:35:23.014 66363 INFO tempest.lib.common.rest_client [req-51b6e657-6e0a-418e-968a-35d1984aaaf3 req-51b6e657-6e0a-418e-968a-35d1984aaaf3 ] Request (VolumesAssistedSnapshotsTest:_run_cleanups): 200 GET http://10.180.1.21/volume/v3/volumes/f8e1856b-f8fe-42cf-b428-58a95478336d 0.044s
2025-11-17 14:35:23.061 66337 INFO tempest.lib.common.rest_client [req-cb56ba65-96f5-48b2-838c-79c72d74f95f req-cb56ba65-96f5-48b2-838c-79c72d74f95f ] Request (MigrationsAdminTest:test_list_migrations_in_flavor_resize_situation): 201 POST http://10.180.1.21/networking/v2.0/security-groups 0.113s
2025-11-17 14:35:23.238 66337 INFO tempest.lib.common.rest_client [req-89b9f262-136c-4ad5-9517-4575bf6d3a40 req-89b9f262-136c-4ad5-9517-4575bf6d3a40 ] Request (MigrationsAdminTest:test_list_migrations_in_flavor_resize_situation): 201 POST http://10.180.1.21/networking/v2.0/security-group-rules 0.176s
2025-11-17 14:35:23.334 66305 INFO tempest.lib.common.rest_client [req-811625fd-c3a0-4a36-860b-ee054f0401ef req-811625fd-c3a0-4a36-860b-ee054f0401ef ] Request (ServerDiagnosticsTest:test_get_server_diagnostics): 200 GET http://10.180.1.21/compute/v2.1/servers/e2027a8c-5d49-4342-9b67-4c7592339c9a 1.350s
2025-11-17 14:35:23.348 66305 INFO tempest.common.waiters [-] State transition "BUILD/spawning" ==> "ACTIVE/None" after 32 second wait
2025-11-17 14:35:23.358 66309 INFO tempest.lib.common.rest_client [req-3436a197-9008-4d2f-9548-146d163ef00b req-3436a197-9008-4d2f-9548-146d163ef00b ] Request (KeyPairsV2TestJSON:_run_cleanups): 202 DELETE http://10.180.1.21/compute/v2.1/os-keypairs/tempest-KeyPairsV2TestJSON-keypair-1628981228 1.373s
2025-11-17 14:35:23.406 66337 INFO tempest.lib.common.rest_client [req-72086b9c-0311-4a3b-a3a5-064027492f84 req-72086b9c-0311-4a3b-a3a5-064027492f84 ] Request (MigrationsAdminTest:test_list_migrations_in_flavor_resize_situation): 201 POST http://10.180.1.21/networking/v2.0/security-group-rules 0.167s
2025-11-17 14:35:23.412 66329 INFO tempest.lib.common.rest_client [req-926c728c-62bd-4fdd-a7f1-fe410087f765 req-926c728c-62bd-4fdd-a7f1-fe410087f765 ] Request (FloatingIPsAssociationTestJSON:test_associate_disassociate_floating_ip): 200 GET http://10.180.1.21/compute/v2.1/os-floating-ips/1e0874eb-9f82-4b04-a57e-05d0a3b1f482 1.570s
2025-11-17 14:35:23.448 66315 INFO tempest.lib.common.rest_client [req-88b3cb97-d94b-4dcd-8544-846bf55087ab req-88b3cb97-d94b-4dcd-8544-846bf55087ab ] Request (ListImageFiltersTestJSON:setUpClass): 204 PUT http://10.180.1.21/image/v2/images/501378f2-f648-4415-a826-b3e9dbf94458/file 0.778s
2025-11-17 14:35:23.649 66307 INFO tempest.lib.common.rest_client [req-f45385d2-5165-4af4-aaa3-6ae16fc61727 req-f45385d2-5165-4af4-aaa3-6ae16fc61727 ] Request (SecurityGroupRulesTestJSON:tearDownClass): 202 DELETE http://10.180.1.21/compute/v2.1/os-security-groups/31a593e6-d77f-4658-a8b4-367680a75910 1.598s
2025-11-17 14:35:23.693 66313 INFO tempest.lib.common.rest_client [req-b7853775-ce21-434a-ae75-a5049c09e87f req-b7853775-ce21-434a-ae75-a5049c09e87f ] Request (ServerPasswordTestJSON:setUpClass): 200 GET http://10.180.1.21/compute/v2.1/servers/7a0d4eac-9919-41b0-bc79-985db03ddaeb 1.636s
2025-11-17 14:35:23.951 66337 INFO tempest.lib.common.rest_client [req-22746a87-b814-41fb-85c5-1ce647507f8d req-22746a87-b814-41fb-85c5-1ce647507f8d ] Request (MigrationsAdminTest:test_list_migrations_in_flavor_resize_situation): 201 POST http://10.180.1.21/networking/v2.0/floatingips 0.544s
2025-11-17 14:35:24.025 66331 INFO tempest.lib.common.rest_client [req-1ced48f7-c0c7-4579-8cb0-3f103fdae8e4 req-1ced48f7-c0c7-4579-8cb0-3f103fdae8e4 ] Request (ServersAdmin275Test:_run_cleanups): 200 GET http://10.180.1.21/compute/v2.1/servers/376c3de8-3d51-4257-ba8f-a2e5b77b7355 1.901s
2025-11-17 14:35:24.047 66363 INFO tempest.lib.common.rest_client [req-8bcac12b-bdbe-4e8c-b56d-678c6399cb6a req-8bcac12b-bdbe-4e8c-b56d-678c6399cb6a ] Request (VolumesAssistedSnapshotsTest:_run_cleanups): 404 GET http://10.180.1.21/volume/v3/volumes/f8e1856b-f8fe-42cf-b428-58a95478336d 0.026s
2025-11-17 14:35:24.306 66345 INFO tempest.lib.common.rest_client [req-ff398a5d-6ba8-43b4-a968-f78659561e52 req-ff398a5d-6ba8-43b4-a968-f78659561e52 ] Request (ServerDiagnosticsNegativeTest:tearDownClass): 200 GET http://10.180.1.21/compute/v2.1/servers/77ec82d6-2097-447f-b88c-462704777479 2.105s
2025-11-17 14:35:24.317 66345 INFO tempest.common.waiters [-] State transition "ACTIVE/deleting" ==> "DELETED/None" after 5 second wait
2025-11-17 14:35:24.366 66341 INFO tempest.lib.common.rest_client [req-9cd73981-6c20-464d-bea3-b40c68731087 req-9cd73981-6c20-464d-bea3-b40c68731087 ] Request (ListServersNegativeTestJSON:test_list_servers_by_non_existing_server_name): 200 GET http://10.180.1.21/compute/v2.1/servers?name=non_existing_server_name 2.013s
2025-11-17 14:35:24.521 66323 INFO tempest.lib.common.rest_client [req-22dbd86f-019c-489c-8496-3bbff89f9c79 req-22dbd86f-019c-489c-8496-3bbff89f9c79 ] Request (VolumesAdminNegativeTest:tearDownClass): 200 GET http://10.180.1.21/compute/v2.1/servers/0311ff28-2238-4150-83a8-e0cc5d28736b 2.072s
2025-11-17 14:35:24.556 66325 INFO tempest.lib.common.rest_client [req-0b766241-e5d0-45ae-b5cd-524a791be005 req-0b766241-e5d0-45ae-b5cd-524a791be005 ] Request (ImagesMetadataTestJSON:test_set_image_metadata_item): 200 GET http://10.180.1.21/compute/v2.1/images/27ed6f6b-c948-409b-a8ec-002c245cf4a7/metadata 2.048s
2025-11-17 14:35:24.567 66349 INFO tempest.lib.common.rest_client [req-3ed36032-7b34-485a-9fc0-2691c30825e3 req-3ed36032-7b34-485a-9fc0-2691c30825e3 ] Request (ListServerFiltersTestJSON:setUpClass): 202 POST http://10.180.1.21/compute/v2.1/servers 2.466s
2025-11-17 14:35:24.580 66303 INFO tempest.lib.common.rest_client [req-40bfb346-0325-4cc8-877c-41676e6226bf req-40bfb346-0325-4cc8-877c-41676e6226bf ] Request (FlavorsAdminTestJSON:test_is_public_string_variations): 200 GET http://10.180.1.21/compute/v2.1/flavors/detail?is_public=t 2.046s
2025-11-17 14:35:24.585 66347 INFO tempest.lib.common.rest_client [req-66ba6410-c40b-4851-939d-231012e580cb req-66ba6410-c40b-4851-939d-231012e580cb ] Request (ServerMetadataNegativeTestJSON:test_update_metadata_with_blank_key): 400 POST http://10.180.1.21/compute/v2.1/servers/864398b7-5b6d-486e-8190-46f930718874/metadata 2.023s
2025-11-17 14:35:24.598 66335 INFO tempest.lib.common.rest_client [req-99ff00d8-0e7b-4f52-996c-d8300224ed7d req-99ff00d8-0e7b-4f52-996c-d8300224ed7d ] Request (FlavorsV2TestJSON:test_list_flavors_detailed_using_marker): 200 GET http://10.180.1.21/compute/v2.1/flavors/42 2.012s
2025-11-17 14:35:24.607 66349 INFO tempest.lib.common.rest_client [req-2b5afa3e-c148-4b40-8e17-87eba448d32a req-2b5afa3e-c148-4b40-8e17-87eba448d32a ] Request (ListServerFiltersTestJSON:setUpClass): 201 POST http://10.180.1.21/identity/v3/auth/tokens 0.036s
2025-11-17 14:35:24.608 66349 INFO tempest.lib.common.fixed_network [-] (ListServerFiltersTestJSON:setUpClass) Found network {'id': 'a72525ec-7d18-4a7c-9b54-92a208002dfb', 'name': 'tempest-ListServerFiltersTestJSON-95525058-network', 'tenant_id': 'cb8e5780e4a641b7a7b0232a01d43b71', 'project_id': 'cb8e5780e4a641b7a7b0232a01d43b71', 'admin_state_up': True, 'mtu': 8950, 'status': 'ACTIVE', 'subnets': [], 'shared': False, 'port_security_enabled': True, 'router:external': False, 'provider:network_type': 'vlan', 'provider:physical_network': 'default', 'provider:segmentation_id': 435, 'availability_zone_hints': [], 'availability_zones': [], 'ipv4_address_scope': None, 'ipv6_address_scope': None, 'description': '', 'tags': [], 'created_at': '2025-11-17T14:35:21Z', 'updated_at': '2025-11-17T14:35:21Z', 'revision_number': 1} available for tenant
2025-11-17 14:35:24.934 66355 INFO tempest.lib.common.rest_client [req-fd55aec7-8519-4959-beaf-ec1903d11251 req-fd55aec7-8519-4959-beaf-ec1903d11251 ] Request (ServerActionsTestOtherA:setUpClass): 200 GET http://10.180.1.21/compute/v2.1/servers/5446e063-a2b0-45ee-ac8b-a5e7fc6c77a8/os-interface 2.262s
2025-11-17 14:35:24.955 66333 INFO tempest.lib.common.rest_client [req-790b54b0-258f-4e9f-a6a4-52c1aedc7893 req-790b54b0-258f-4e9f-a6a4-52c1aedc7893 ] Request (AggregatesAdminNegativeTestJSON:_run_cleanups): 200 DELETE http://10.180.1.21/compute/v2.1/os-aggregates/7 2.179s
2025-11-17 14:35:24.996 66339 INFO tempest.lib.common.rest_client [req-a0818fb2-43b3-4d8f-a878-9212ffd78cc8 req-a0818fb2-43b3-4d8f-a878-9212ffd78cc8 ] Request (ServersTestMultiNic:test_verify_multiple_nics_order): 200 GET http://10.180.1.21/compute/v2.1/servers/5afa0e61-7e7b-487d-87bd-1d26c6017fbf 2.450s
2025-11-17 14:35:25.008 66339 INFO tempest.common.waiters [-] State transition "BUILD/None" ==> "BUILD/spawning" after 23 second wait
2025-11-17 14:35:25.014 66311 INFO tempest.lib.common.rest_client [req-c3b4a2ae-7d1d-4139-b19b-a9d469ab53d3 req-c3b4a2ae-7d1d-4139-b19b-a9d469ab53d3 ] Request (ServersAdminNegativeTestJSON:_run_cleanups): 202 DELETE http://10.180.1.21/compute/v2.1/flavors/1442185615 2.152s
2025-11-17 14:35:25.320 66327 INFO tempest.lib.common.rest_client [req-c75b6de9-8499-4f2a-ab1e-a81853a4a676 req-c75b6de9-8499-4f2a-ab1e-a81853a4a676 ] Request (ServerAddressesTestJSON:setUpClass): 200 GET http://10.180.1.21/compute/v2.1/servers/979b028d-389e-4831-9879-c183a18fc304 2.235s
2025-11-17 14:35:25.330 66327 INFO tempest.common.waiters [-] State transition "BUILD/None" ==> "BUILD/networking" after 16 second wait
2025-11-17 14:35:25.347 66359 INFO tempest.lib.common.rest_client [req-9ccc69ae-b50e-4f74-9b26-c274437091db req-9ccc69ae-b50e-4f74-9b26-c274437091db ] Request (DeleteServersTestJSON:test_delete_active_server): 200 GET http://10.180.1.21/compute/v2.1/servers/7233422c-ef9a-49c4-ad2a-e1089e493161 2.363s
2025-11-17 14:35:25.353 66343 INFO tempest.lib.common.rest_client [req-236eb60e-9709-48e3-86d4-dac05f0bbbc0 req-236eb60e-9709-48e3-86d4-dac05f0bbbc0 ] Request (DeleteServersAdminTestJSON:test_delete_server_while_in_error_state): 404 GET http://10.180.1.21/compute/v2.1/servers/52c4ce60-3353-405c-b9f9-7f511680cc41 2.217s
2025-11-17 14:35:25.410 66317 INFO tempest.lib.common.rest_client [req-ec50e805-faca-4d94-bc36-3a3cfce3fa29 req-ec50e805-faca-4d94-bc36-3a3cfce3fa29 ] Request (ServersV294TestFqdnHostnames:setUpClass): 200 GET http://10.180.1.21/compute/v2.1/servers/f5166917-734f-4c86-84ec-3b63ea129c5c 2.241s
2025-11-17 14:35:25.419 66358 INFO tempest.lib.common.rest_client [req-9ddd8807-bb6c-4541-97e5-c699043899a9 req-9ddd8807-bb6c-4541-97e5-c699043899a9 ] Request (ImagesTestJSON:test_create_image_from_suspended_server): 200 GET http://10.180.1.21/compute/v2.1/servers/b5815a1e-0a5c-48eb-9a03-c048c3a8323c 2.162s
2025-11-17 14:35:25.551 66355 INFO tempest.lib.common.rest_client [req-55e4da1a-578e-4d58-b5cb-7e8196ecfb26 req-55e4da1a-578e-4d58-b5cb-7e8196ecfb26 ] Request (ServerActionsTestOtherA:setUpClass): 200 PUT http://10.180.1.21/networking/v2.0/floatingips/f9f43e2a-3044-49f9-a9db-efaf20cb789e 0.615s
2025-11-17 14:35:25.553 66355 INFO tempest.lib.common.ssh [-] Creating ssh connection to '10.180.180.192:22' as 'cirros' with public key authentication
2025-11-17 14:35:25.654 66319 INFO tempest.lib.common.rest_client [req-ae5b5c43-1cc7-4a9c-bee9-33f9897e6a61 req-ae5b5c43-1cc7-4a9c-bee9-33f9897e6a61 ] Request (ImagesOneServerNegativeTestJSON:setUpClass): 200 GET http://10.180.1.21/compute/v2.1/servers/9fb369af-202c-4d49-9d32-cbc411f8267a 2.365s
2025-11-17 14:35:25.664 66319 INFO tempest.common.waiters [-] State transition "BUILD/spawning" ==> "ACTIVE/None" after 32 second wait
2025-11-17 14:35:25.685 66309 INFO tempest.lib.common.rest_client [req-5b13def3-07cc-47a3-80b2-6aa14ebb031d req-5b13def3-07cc-47a3-80b2-6aa14ebb031d ] Request (KeyPairsV2TestJSON:_run_cleanups): 202 DELETE http://10.180.1.21/compute/v2.1/os-keypairs/tempest-KeyPairsV2TestJSON-keypair-1029538335 2.326s
2025-11-17 14:35:26.052 66305 INFO tempest.lib.common.rest_client [req-c8b11cb2-cf6c-4b2a-99d1-e0c56d53b8c8 req-c8b11cb2-cf6c-4b2a-99d1-e0c56d53b8c8 ] Request (ServerDiagnosticsTest:test_get_server_diagnostics): 200 GET http://10.180.1.21/compute/v2.1/servers/e2027a8c-5d49-4342-9b67-4c7592339c9a/diagnostics 2.703s
2025-11-17 14:35:26.097 66315 INFO tempest.lib.common.rest_client [req-0cf02bfe-82d8-4902-8973-5e62d55685b6 req-0cf02bfe-82d8-4902-8973-5e62d55685b6 ] Request (ListImageFiltersTestJSON:setUpClass): 200 GET http://10.180.1.21/compute/v2.1/images/501378f2-f648-4415-a826-b3e9dbf94458 2.648s
2025-11-17 14:35:27.525 66353 INFO tempest.lib.common.rest_client [req-287468f2-1be1-40e1-81d2-9aeb40d7487b req-287468f2-1be1-40e1-81d2-9aeb40d7487b ] Request (AttachInterfacesV270Test:test_create_get_list_interfaces): 200 GET http://10.180.1.21/compute/v2.1/servers/4f61eecb-95df-4bb2-b3ce-71ee686558d3 3.965s
2025-11-17 14:35:27.545 66307 INFO tempest.lib.common.rest_client [req-97ac18db-0388-469c-9de2-1b6e62b9628f req-97ac18db-0388-469c-9de2-1b6e62b9628f ] Request (SecurityGroupRulesTestJSON:tearDownClass): 404 DELETE http://10.180.1.21/compute/v2.1/os-security-groups/f4f0355a-cccb-4af5-8382-f14f298d1b02 3.895s
2025-11-17 14:35:27.559 66337 INFO tempest.lib.common.rest_client [req-2a2f1983-9261-44cf-aebe-383791e9f3eb req-2a2f1983-9261-44cf-aebe-383791e9f3eb ] Request (MigrationsAdminTest:test_list_migrations_in_flavor_resize_situation): 200 GET http://10.180.1.21/compute/v2.1/os-migrations 3.608s
2025-11-17 14:35:27.625 66321 INFO tempest.lib.common.rest_client [req-1efe3063-36e3-4d96-8389-2c8e79c49c34 req-1efe3063-36e3-4d96-8389-2c8e79c49c34 ] Request (ImagesOneServerTestJSON:tearDownClass): 200 GET http://10.180.1.21/compute/v2.1/servers/347c9a1e-b3ff-4ae7-af85-d0b2c90b5aae 3.654s
2025-11-17 14:35:27.632 66321 INFO tempest.common.waiters [-] State transition "ACTIVE/deleting" ==> "DELETED/None" after 5 second wait
2025-11-17 14:35:27.715 66363 INFO tempest.lib.common.rest_client [req-6efc0e3b-8357-4061-a0ea-d90e073b0da3 req-6efc0e3b-8357-4061-a0ea-d90e073b0da3 ] Request (VolumesAssistedSnapshotsTest:tearDownClass): 204 DELETE http://10.180.1.21/compute/v2.1/servers/4f12a59e-86bb-42a6-908c-3469b9e476d1 3.661s
2025-11-17 14:35:27.991 66341 INFO tempest.lib.common.rest_client [req-9026a09c-059b-42b8-a877-cdffc34668d8 req-9026a09c-059b-42b8-a877-cdffc34668d8 ] Request (ListServersNegativeTestJSON:test_list_servers_detail_server_is_deleted): 200 GET http://10.180.1.21/compute/v2.1/servers/detail 3.621s
2025-11-17 14:35:28.162 66329 INFO tempest.lib.common.rest_client [req-941c8491-bab9-41cb-989c-bdb41e457f5c req-941c8491-bab9-41cb-989c-bdb41e457f5c ] Request (FloatingIPsAssociationTestJSON:test_associate_disassociate_floating_ip): 202 POST http://10.180.1.21/compute/v2.1/servers/c827472c-405c-4df1-8c05-b139c8b3ebce/action 4.742s
2025-11-17 14:35:28.185 66325 INFO tempest.lib.common.rest_client [req-695f49fc-7554-440d-879c-d71d4f3a63f0 req-695f49fc-7554-440d-879c-d71d4f3a63f0 ] Request (ImagesMetadataTestJSON:setUp): 200 PUT http://10.180.1.21/compute/v2.1/images/27ed6f6b-c948-409b-a8ec-002c245cf4a7/metadata 3.627s
2025-11-17 14:35:28.187 66303 INFO tempest.lib.common.rest_client [req-ad8f9d7f-e122-4698-b259-ef2949e4550f req-ad8f9d7f-e122-4698-b259-ef2949e4550f ] Request (FlavorsAdminTestJSON:test_is_public_string_variations): 200 GET http://10.180.1.21/compute/v2.1/flavors/detail?is_public=true 3.603s
2025-11-17 14:35:28.222 66335 INFO tempest.lib.common.rest_client [req-c28d8e0d-f5fd-4adf-9ec4-837c12227faf req-c28d8e0d-f5fd-4adf-9ec4-837c12227faf ] Request (FlavorsV2TestJSON:test_list_flavors_detailed_using_marker): 200 GET http://10.180.1.21/compute/v2.1/flavors/detail?marker=42 3.622s
2025-11-17 14:35:28.269 66347 INFO tempest.lib.common.rest_client [req-782cbb23-ca95-46e9-a1a1-52113f32f355 req-782cbb23-ca95-46e9-a1a1-52113f32f355 ] Request (ServerMetadataNegativeTestJSON:tearDownClass): 204 DELETE http://10.180.1.21/compute/v2.1/servers/864398b7-5b6d-486e-8190-46f930718874 3.683s
2025-11-17 14:35:28.322 66313 INFO tempest.lib.common.rest_client [req-4031e1ac-c0ff-4d3c-8e16-7471f788cb18 req-4031e1ac-c0ff-4d3c-8e16-7471f788cb18 ] Request (ServerPasswordTestJSON:setUpClass): 200 GET http://10.180.1.21/compute/v2.1/servers/7a0d4eac-9919-41b0-bc79-985db03ddaeb 3.615s
2025-11-17 14:35:28.330 66313 INFO tempest.common.waiters [-] State transition "BUILD/None" ==> "BUILD/networking" after 12 second wait
2025-11-17 14:35:28.367 66333 INFO tempest.lib.common.rest_client [req-a5bc52ac-6e20-4fef-b49f-5cc56717f40d req-a5bc52ac-6e20-4fef-b49f-5cc56717f40d ] Request (AggregatesAdminNegativeTestJSON:test_aggregate_remove_nonexistent_host): 200 POST http://10.180.1.21/compute/v2.1/os-aggregates 3.411s
2025-11-17 14:35:28.392 66311 INFO tempest.lib.common.rest_client [req-5271b3ac-6a5a-4edd-8cdd-5e062828d049 req-5271b3ac-6a5a-4edd-8cdd-5e062828d049 ] Request (ServersAdminNegativeTestJSON:_run_cleanups): 200 GET http://10.180.1.21/compute/v2.1/flavors/detail 3.378s
2025-11-17 14:35:28.478 66331 INFO tempest.lib.common.rest_client [req-abf76647-442b-4504-a7c9-6410b2902fd6 req-abf76647-442b-4504-a7c9-6410b2902fd6 ] Request (ServersAdmin275Test:_run_cleanups): 200 GET http://10.180.1.21/compute/v2.1/servers/376c3de8-3d51-4257-ba8f-a2e5b77b7355 3.441s
2025-11-17 14:35:28.491 66331 INFO tempest.common.waiters [-] State transition "REBUILD/rebuild_spawning" ==> "ACTIVE/None" after 12 second wait
2025-11-17 14:35:28.531 66349 INFO tempest.lib.common.rest_client [req-b610b977-d9f7-40da-889b-6dbc8c6523d1 req-b610b977-d9f7-40da-889b-6dbc8c6523d1 ] Request (ListServerFiltersTestJSON:setUpClass): 202 POST http://10.180.1.21/compute/v2.1/servers 3.922s
2025-11-17 14:35:28.553 66345 INFO tempest.lib.common.rest_client [req-154ef3e3-02c7-4282-8c51-7b9a7cd5eec5 req-154ef3e3-02c7-4282-8c51-7b9a7cd5eec5 ] Request (ServerDiagnosticsNegativeTest:tearDownClass): 200 GET http://10.180.1.21/compute/v2.1/servers/77ec82d6-2097-447f-b88c-462704777479 3.235s
2025-11-17 14:35:28.561 66343 INFO tempest.lib.common.rest_client [req-67d67493-e98b-497c-b2cb-f4a886af7746 req-67d67493-e98b-497c-b2cb-f4a886af7746 ] Request (DeleteServersAdminTestJSON:tearDownClass): 404 DELETE http://10.180.1.21/compute/v2.1/servers/52c4ce60-3353-405c-b9f9-7f511680cc41 3.206s
2025-11-17 14:35:28.594 66349 INFO tempest.lib.common.rest_client [req-c4c2dfcd-d17a-44b3-b4ca-e2bee317b1ac req-c4c2dfcd-d17a-44b3-b4ca-e2bee317b1ac ] Request (ListServerFiltersTestJSON:setUpClass): 201 POST http://10.180.1.21/identity/v3/auth/tokens 0.059s
2025-11-17 14:35:28.595 66349 INFO tempest.lib.common.fixed_network [-] (ListServerFiltersTestJSON:setUpClass) Found network {'id': 'a72525ec-7d18-4a7c-9b54-92a208002dfb', 'name': 'tempest-ListServerFiltersTestJSON-95525058-network', 'tenant_id': 'cb8e5780e4a641b7a7b0232a01d43b71', 'project_id': 'cb8e5780e4a641b7a7b0232a01d43b71', 'admin_state_up': True, 'mtu': 8950, 'status': 'ACTIVE', 'subnets': [], 'shared': False, 'port_security_enabled': True, 'router:external': False, 'provider:network_type': 'vlan', 'provider:physical_network': 'default', 'provider:segmentation_id': 435, 'availability_zone_hints': [], 'availability_zones': [], 'ipv4_address_scope': None, 'ipv6_address_scope': None, 'description': '', 'tags': [], 'created_at': '2025-11-17T14:35:21Z', 'updated_at': '2025-11-17T14:35:21Z', 'revision_number': 1} available for tenant
2025-11-17 14:35:28.691 66323 INFO tempest.lib.common.rest_client [req-1e5817fa-c2ac-4f2d-926b-542fbbf77c0b req-1e5817fa-c2ac-4f2d-926b-542fbbf77c0b ] Request (VolumesAdminNegativeTest:tearDownClass): 200 GET http://10.180.1.21/compute/v2.1/servers/0311ff28-2238-4150-83a8-e0cc5d28736b 3.163s
2025-11-17 14:35:28.719 66309 INFO tempest.lib.common.rest_client [req-ba996558-60f3-4796-9262-33274217dacb req-ba996558-60f3-4796-9262-33274217dacb ] Request (KeyPairsV2TestJSON:_run_cleanups): 202 DELETE http://10.180.1.21/compute/v2.1/os-keypairs/tempest-KeyPairsV2TestJSON-keypair-1441694058 3.033s
2025-11-17 14:35:28.815 66319 INFO tempest.lib.common.rest_client [req-8c5923aa-8436-4629-8fce-47b70b0e316d req-8c5923aa-8436-4629-8fce-47b70b0e316d ] Request (ImagesOneServerNegativeTestJSON:setUp): 200 GET http://10.180.1.21/compute/v2.1/servers/9fb369af-202c-4d49-9d32-cbc411f8267a 3.150s
2025-11-17 14:35:28.846 66309 INFO tempest.lib.common.rest_client [req-65746ed1-2485-4a24-a560-d7aeccdd2e3c req-65746ed1-2485-4a24-a560-d7aeccdd2e3c ] Request (KeyPairsV2TestJSON:tearDownClass): 204 DELETE http://10.180.1.21/identity/v3/users/30247fb0b8054403ad13bda1042b66a6 0.125s
2025-11-17 14:35:28.846 66309 INFO tempest.lib.common.dynamic_creds [-] Deleting project and security group for project: a91a1168d84945049e874a0206bbb9a8
2025-11-17 14:35:28.923 66305 INFO tempest.lib.common.rest_client [req-e9f1f4ae-77bb-4187-83e7-a754e6a4faf2 req-e9f1f4ae-77bb-4187-83e7-a754e6a4faf2 ] Request (ServerDiagnosticsTest:tearDownClass): 204 DELETE http://10.180.1.21/compute/v2.1/servers/e2027a8c-5d49-4342-9b67-4c7592339c9a 2.870s
2025-11-17 14:35:28.934 66309 INFO tempest.lib.common.rest_client [req-45df8416-b4e4-4c18-b9fa-6ad2289ae4e7 req-45df8416-b4e4-4c18-b9fa-6ad2289ae4e7 ] Request (KeyPairsV2TestJSON:tearDownClass): 201 POST http://10.180.1.21/identity/v3/auth/tokens 0.087s
2025-11-17 14:35:28.977 66315 INFO tempest.lib.common.rest_client [req-e613852b-189c-4714-8a76-23c9cf923a86 req-e613852b-189c-4714-8a76-23c9cf923a86 ] Request (ListImageFiltersTestJSON:setUpClass): 200 GET http://10.180.1.21/compute/v2.1/images/501378f2-f648-4415-a826-b3e9dbf94458 2.876s
2025-11-17 14:35:29.048 66315 INFO tempest.lib.common.rest_client [req-68189b3f-60c9-4291-bc20-3739dc86afc0 req-68189b3f-60c9-4291-bc20-3739dc86afc0 ] Request (ListImageFiltersTestJSON:setUpClass): 201 POST http://10.180.1.21/identity/v3/auth/tokens 0.064s
2025-11-17 14:35:29.049 66315 INFO tempest.lib.common.fixed_network [-] (ListImageFiltersTestJSON:setUpClass) Found network None available for tenant
2025-11-17 14:35:29.192 66309 INFO tempest.lib.common.rest_client [req-022f6345-55b1-423e-bfad-71089a80112e req-022f6345-55b1-423e-bfad-71089a80112e ] Request (KeyPairsV2TestJSON:tearDownClass): 200 GET http://10.180.1.21/networking/v2.0/security-groups?tenant_id=a91a1168d84945049e874a0206bbb9a8&name=default 0.257s
2025-11-17 14:35:29.227 66339 INFO tempest.lib.common.rest_client [req-a60ad999-1644-4474-a26c-c1799d4181f7 req-a60ad999-1644-4474-a26c-c1799d4181f7 ] Request (ServersTestMultiNic:test_verify_multiple_nics_order): 200 GET http://10.180.1.21/compute/v2.1/servers/5afa0e61-7e7b-487d-87bd-1d26c6017fbf 3.218s
2025-11-17 14:35:29.293 66327 INFO tempest.lib.common.rest_client [req-ae822719-f963-4243-88e4-db9e2b902293 req-ae822719-f963-4243-88e4-db9e2b902293 ] Request (ServerAddressesTestJSON:setUpClass): 200 GET http://10.180.1.21/compute/v2.1/servers/979b028d-389e-4831-9879-c183a18fc304 2.961s
2025-11-17 14:35:29.299 66327 INFO tempest.common.waiters [-] State transition "BUILD/networking" ==> "BUILD/spawning" after 20 second wait
2025-11-17 14:35:29.311 66359 INFO tempest.lib.common.rest_client [req-306ba71d-5d53-4718-a6c8-c7af13318476 req-306ba71d-5d53-4718-a6c8-c7af13318476 ] Request (DeleteServersTestJSON:test_delete_active_server): 200 GET http://10.180.1.21/compute/v2.1/servers/7233422c-ef9a-49c4-ad2a-e1089e493161 2.954s
2025-11-17 14:35:29.352 66309 INFO tempest.lib.common.rest_client [req-4bc27378-ac92-4ba7-9537-43929e654c5f req-4bc27378-ac92-4ba7-9537-43929e654c5f ] Request (KeyPairsV2TestJSON:tearDownClass): 204 DELETE http://10.180.1.21/networking/v2.0/security-groups/1e414c6e-85de-4765-a88a-e103097e0f78 0.160s
2025-11-17 14:35:29.391 66358 INFO tempest.lib.common.rest_client [req-8c5585e9-abd0-4580-9673-2180f6942b8d req-8c5585e9-abd0-4580-9673-2180f6942b8d ] Request (ImagesTestJSON:test_create_image_from_suspended_server): 200 GET http://10.180.1.21/compute/v2.1/servers/b5815a1e-0a5c-48eb-9a03-c048c3a8323c 2.963s
2025-11-17 14:35:29.391 66317 INFO tempest.lib.common.rest_client [req-2f36716f-0d2c-47f1-918f-bcb7e701fb30 req-2f36716f-0d2c-47f1-918f-bcb7e701fb30 ] Request (ServersV294TestFqdnHostnames:setUpClass): 200 GET http://10.180.1.21/compute/v2.1/servers/f5166917-734f-4c86-84ec-3b63ea129c5c 2.964s
2025-11-17 14:35:29.409 66337 INFO tempest.lib.common.rest_client [req-6ad9952d-229f-4683-8554-026b7086df3a req-6ad9952d-229f-4683-8554-026b7086df3a ] Request (MigrationsAdminTest:test_resize_server_revert_deleted_flavor): 200 GET http://10.180.1.21/compute/v2.1/flavors/42 1.845s
2025-11-17 14:35:29.457 66361 INFO paramiko.transport [-] Connected (version 2.0, client dropbear_2020.81)
2025-11-17 14:35:29.459 66309 INFO tempest.lib.common.rest_client [req-b167c53b-cc0f-4c9b-b9ce-9400790e9fa4 req-b167c53b-cc0f-4c9b-b9ce-9400790e9fa4 ] Request (KeyPairsV2TestJSON:tearDownClass): 204 DELETE http://10.180.1.21/identity/v3/projects/a91a1168d84945049e874a0206bbb9a8 0.107s
