2025-11-17 14:34:34.127 66345 INFO tempest.lib.common.rest_client [req-f80c5b7e-c12e-498a-b588-a0689c439b11 req-f80c5b7e-c12e-498a-b588-a0689c439b11 ] Request (ServerDiagnosticsNegativeTest:setUpClass): 201 POST http://10.180.1.21/identity/v3/auth/tokens 0.039s
2025-11-17 14:34:34.141 66363 WARNING tempest.lib.common.ssh [-] Failed to establish authenticated ssh connection to cirros@10.180.180.190 ([Errno None] Unable to connect to port 22 on 10.180.180.190). Number attempts: 1. Retry after 2 seconds.: paramiko.ssh_exception.NoValidConnectionsError: [Errno None] Unable to connect to port 22 on 10.180.180.190
2025-11-17 14:34:34.173 66345 INFO tempest.lib.common.rest_client [req-72c6b805-7717-43a3-b08c-22467a319970 req-72c6b805-7717-43a3-b08c-22467a319970 ] Request (ServerDiagnosticsNegativeTest:setUpClass): 200 GET http://10.180.1.21/identity/v3/domains?name=Default 0.045s
2025-11-17 14:34:34.207 66325 INFO tempest.lib.common.rest_client [req-d564ac46-8033-4d35-95b1-3aa8b5bd7c20 req-d564ac46-8033-4d35-95b1-3aa8b5bd7c20 ] Request (FlavorsExtraSpecsNegativeTestJSON:tearDownClass): 204 DELETE http://10.180.1.21/identity/v3/projects/12725bc37ec147e8bdc12dd32b89545b 0.221s
2025-11-17 14:34:34.261 66325 INFO tempest.lib.common.rest_client [req-fd1734b2-b795-40ff-ad7e-ec6bce759c0c req-fd1734b2-b795-40ff-ad7e-ec6bce759c0c ] Request (InstanceUsageAuditLogNegativeTestJSON:setUpClass): 201 POST http://10.180.1.21/identity/v3/auth/tokens 0.052s
2025-11-17 14:34:34.274 66345 INFO tempest.lib.common.rest_client [req-60c5ae0c-8f4f-42b9-a31a-64c56f54f79a req-60c5ae0c-8f4f-42b9-a31a-64c56f54f79a ] Request (ServerDiagnosticsNegativeTest:setUpClass): 201 POST http://10.180.1.21/identity/v3/projects 0.101s
2025-11-17 14:34:34.291 66355 INFO tempest.lib.common.rest_client [req-d0a425f3-96d8-4df2-9857-8c26dea466e9 req-d0a425f3-96d8-4df2-9857-8c26dea466e9 ] Request (ServerActionsTestOtherA:setUpClass): 201 POST http://10.180.1.21/networking/v2.0/subnets 0.446s
2025-11-17 14:34:34.372 66325 INFO tempest.lib.common.rest_client [req-23983b9b-ae59-4681-b0d1-a94c13f12b0f req-23983b9b-ae59-4681-b0d1-a94c13f12b0f ] Request (InstanceUsageAuditLogNegativeTestJSON:setUpClass): 201 POST http://10.180.1.21/identity/v3/auth/tokens 0.107s
2025-11-17 14:34:34.386 66345 INFO tempest.lib.common.rest_client [req-2baec72e-3b52-431e-81d8-3afc037a1639 req-2baec72e-3b52-431e-81d8-3afc037a1639 ] Request (ServerDiagnosticsNegativeTest:setUpClass): 201 POST http://10.180.1.21/identity/v3/users 0.110s
2025-11-17 14:34:34.401 66325 INFO tempest.lib.common.rest_client [req-387cb2ae-26bd-4391-9e64-c987e6164b8e req-387cb2ae-26bd-4391-9e64-c987e6164b8e ] Request (InstanceUsageAuditLogNegativeTestJSON:setUpClass): 200 GET http://10.180.1.21/identity/v3/domains?name=Default 0.028s
2025-11-17 14:34:34.417 66345 INFO tempest.lib.common.rest_client [req-363e82dd-a24b-4c2f-bf21-e503c440d67f req-363e82dd-a24b-4c2f-bf21-e503c440d67f ] Request (ServerDiagnosticsNegativeTest:setUpClass): 200 GET http://10.180.1.21/identity/v3/roles 0.030s
2025-11-17 14:34:34.429 66325 INFO tempest.lib.common.rest_client [req-d429a2ad-f652-407f-ba93-6cac2c293038 req-d429a2ad-f652-407f-ba93-6cac2c293038 ] Request (InstanceUsageAuditLogNegativeTestJSON:setUpClass): 201 POST http://10.180.1.21/identity/v3/projects 0.028s
2025-11-17 14:34:34.449 66345 INFO tempest.lib.common.rest_client [req-64ff1674-3f8f-444a-83dc-b533ee7b77d8 req-64ff1674-3f8f-444a-83dc-b533ee7b77d8 ] Request (ServerDiagnosticsNegativeTest:setUpClass): 204 PUT http://10.180.1.21/identity/v3/projects/38d5937f3df9448e808ad60bbf38fbdd/users/672e160efd544f92927152155319478f/roles/f90f3b9106134b4b80ef4af5c4f707ec 0.031s
2025-11-17 14:34:34.450 66345 INFO tempest.lib.common.dynamic_creds [-] Dynamic test user 672e160efd544f92927152155319478f is created with scope project and roles: ['member']
2025-11-17 14:34:34.450 66345 INFO tempest.lib.common.dynamic_creds [-] Acquired dynamic creds: credentials: Credentials: {'domain_id': 'default', 'domain_name': 'Default', 'username': 'tempest-ServerDiagnosticsNegativeTest-1588324238-project-member', 'project_domain_id': 'default', 'project_domain_name': 'Default', 'project_id': '38d5937f3df9448e808ad60bbf38fbdd', 'project_name': 'tempest-ServerDiagnosticsNegativeTest-1588324238', 'tenant_id': '38d5937f3df9448e808ad60bbf38fbdd', 'tenant_name': 'tempest-ServerDiagnosticsNegativeTest-1588324238', 'user_domain_id': 'default', 'user_domain_name': 'Default', 'user_id': '672e160efd544f92927152155319478f', 'system': None}, Network: None, Subnet: None, Router: None
2025-11-17 14:34:34.450 66345 INFO tempest.lib.common.dynamic_creds [-] Created isolated network resources for: credentials: Credentials: {'domain_id': 'default', 'domain_name': 'Default', 'username': 'tempest-ServerDiagnosticsNegativeTest-1588324238-project-member', 'project_domain_id': 'default', 'project_domain_name': 'Default', 'project_id': '38d5937f3df9448e808ad60bbf38fbdd', 'project_name': 'tempest-ServerDiagnosticsNegativeTest-1588324238', 'tenant_id': '38d5937f3df9448e808ad60bbf38fbdd', 'tenant_name': 'tempest-ServerDiagnosticsNegativeTest-1588324238', 'user_domain_id': 'default', 'user_domain_name': 'Default', 'user_id': '672e160efd544f92927152155319478f', 'system': None}, Network: None, Subnet: None, Router: None
2025-11-17 14:34:34.470 66311 INFO tempest.lib.common.rest_client [req-b48c15ab-5883-42eb-adbd-87bd55a340d0 req-b48c15ab-5883-42eb-adbd-87bd55a340d0 ] Request (ServersAdminNegativeTestJSON:test_migrate_server_invalid_state): 200 GET http://10.180.1.21/compute/v2.1/servers/1abdd22c-da15-4eb3-a446-241cc2086ab3 7.264s
2025-11-17 14:34:34.480 66311 INFO tempest.common.waiters [-] State transition "BUILD/None" ==> "BUILD/spawning" after 22 second wait
2025-11-17 14:34:34.553 66325 INFO tempest.lib.common.rest_client [req-34f7adca-7b7d-4280-bf61-a557f9bb26d9 req-34f7adca-7b7d-4280-bf61-a557f9bb26d9 ] Request (InstanceUsageAuditLogNegativeTestJSON:setUpClass): 201 POST http://10.180.1.21/identity/v3/users 0.123s
2025-11-17 14:34:34.557 66345 INFO tempest.lib.common.rest_client [req-239051e6-c327-42b5-9414-b58903a4c02d req-239051e6-c327-42b5-9414-b58903a4c02d ] Request (ServerDiagnosticsNegativeTest:setUpClass): 201 POST http://10.180.1.21/identity/v3/auth/tokens 0.100s
2025-11-17 14:34:34.586 66325 INFO tempest.lib.common.rest_client [req-bc6b635c-c9a2-4f88-a0ea-430d0361e7b8 req-bc6b635c-c9a2-4f88-a0ea-430d0361e7b8 ] Request (InstanceUsageAuditLogNegativeTestJSON:setUpClass): 200 GET http://10.180.1.21/identity/v3/roles 0.032s
2025-11-17 14:34:34.603 66323 INFO tempest.lib.common.rest_client [req-2f43868d-db31-4d81-a5ce-248345f0540c req-2f43868d-db31-4d81-a5ce-248345f0540c ] Request (VolumesAdminNegativeTest:test_update_attached_volume_with_nonexistent_volume_in_uri): 202 POST http://10.180.1.21/compute/v2.1/servers 8.234s
2025-11-17 14:34:34.646 66345 INFO tempest.lib.common.rest_client [req-2f61f02c-efc0-4c4d-a264-97c564191cd8 req-2f61f02c-efc0-4c4d-a264-97c564191cd8 ] Request (ServerDiagnosticsNegativeTest:setUpClass): 201 POST http://10.180.1.21/identity/v3/projects 0.088s
2025-11-17 14:34:34.694 66313 INFO tempest.lib.common.rest_client [req-ab7f6b90-e9ac-4731-87d8-1fbf03896eef req-ab7f6b90-e9ac-4731-87d8-1fbf03896eef ] Request (KeyPairsNegativeTestJSON:test_create_keypair_invalid_name): 400 POST http://10.180.1.21/compute/v2.1/os-keypairs 7.386s
2025-11-17 14:34:34.740 66325 INFO tempest.lib.common.rest_client [req-8b4a60c2-0a84-488d-8623-778e2730020d req-8b4a60c2-0a84-488d-8623-778e2730020d ] Request (InstanceUsageAuditLogNegativeTestJSON:setUpClass): 204 PUT http://10.180.1.21/identity/v3/projects/130ecf8b36c34d8e853cdb2bb5af2139/users/237fb0d64f8f4755834a30e2f6cb7855/roles/f90f3b9106134b4b80ef4af5c4f707ec 0.153s
2025-11-17 14:34:34.740 66325 INFO tempest.lib.common.dynamic_creds [-] Dynamic test user 237fb0d64f8f4755834a30e2f6cb7855 is created with scope project and roles: ['member']
2025-11-17 14:34:34.740 66325 INFO tempest.lib.common.dynamic_creds [-] Acquired dynamic creds: credentials: Credentials: {'domain_id': 'default', 'domain_name': 'Default', 'username': 'tempest-InstanceUsageAuditLogNegativeTestJSON-1914571000-project-member', 'project_domain_id': 'default', 'project_domain_name': 'Default', 'project_id': '130ecf8b36c34d8e853cdb2bb5af2139', 'project_name': 'tempest-InstanceUsageAuditLogNegativeTestJSON-1914571000', 'tenant_id': '130ecf8b36c34d8e853cdb2bb5af2139', 'tenant_name': 'tempest-InstanceUsageAuditLogNegativeTestJSON-1914571000', 'user_domain_id': 'default', 'user_domain_name': 'Default', 'user_id': '237fb0d64f8f4755834a30e2f6cb7855', 'system': None}, Network: None, Subnet: None, Router: None
2025-11-17 14:34:34.740 66325 INFO tempest.lib.common.dynamic_creds [-] Created isolated network resources for: credentials: Credentials: {'domain_id': 'default', 'domain_name': 'Default', 'username': 'tempest-InstanceUsageAuditLogNegativeTestJSON-1914571000-project-member', 'project_domain_id': 'default', 'project_domain_name': 'Default', 'project_id': '130ecf8b36c34d8e853cdb2bb5af2139', 'project_name': 'tempest-InstanceUsageAuditLogNegativeTestJSON-1914571000', 'tenant_id': '130ecf8b36c34d8e853cdb2bb5af2139', 'tenant_name': 'tempest-InstanceUsageAuditLogNegativeTestJSON-1914571000', 'user_domain_id': 'default', 'user_domain_name': 'Default', 'user_id': '237fb0d64f8f4755834a30e2f6cb7855', 'system': None}, Network: None, Subnet: None, Router: None
2025-11-17 14:34:34.836 66345 INFO tempest.lib.common.rest_client [req-2410e473-39e1-4602-b6bf-65776bad4090 req-2410e473-39e1-4602-b6bf-65776bad4090 ] Request (ServerDiagnosticsNegativeTest:setUpClass): 201 POST http://10.180.1.21/identity/v3/users 0.189s
2025-11-17 14:34:34.857 66345 INFO tempest.lib.common.rest_client [req-31f0a56b-ca2c-4d1f-b960-5dbe4a6b17ae req-31f0a56b-ca2c-4d1f-b960-5dbe4a6b17ae ] Request (ServerDiagnosticsNegativeTest:setUpClass): 200 GET http://10.180.1.21/identity/v3/roles 0.020s
2025-11-17 14:34:34.875 66325 INFO tempest.lib.common.rest_client [req-8b2bb6b2-3d88-4e74-94f7-8ac715f7b9ef req-8b2bb6b2-3d88-4e74-94f7-8ac715f7b9ef ] Request (InstanceUsageAuditLogNegativeTestJSON:setUpClass): 201 POST http://10.180.1.21/identity/v3/auth/tokens 0.128s
2025-11-17 14:34:34.887 66345 INFO tempest.lib.common.rest_client [req-9ef574d0-ccce-437d-b0ec-c1190875deef req-9ef574d0-ccce-437d-b0ec-c1190875deef ] Request (ServerDiagnosticsNegativeTest:setUpClass): 204 PUT http://10.180.1.21/identity/v3/projects/a70d30a55f954eaab194ddee7c3f049b/users/bb847747dffb4b93a910cbd06c55f9c1/roles/f9616465cfab4d83af74f750904d9593 0.030s
2025-11-17 14:34:34.902 66325 INFO tempest.lib.common.rest_client [req-e97f24b6-7363-435f-871f-4aa4fa8ebe4d req-e97f24b6-7363-435f-871f-4aa4fa8ebe4d ] Request (InstanceUsageAuditLogNegativeTestJSON:setUpClass): 201 POST http://10.180.1.21/identity/v3/projects 0.027s
2025-11-17 14:34:34.954 66307 INFO tempest.lib.common.rest_client [req-8f120dbb-5fff-412a-9584-9ed28c81a89c req-8f120dbb-5fff-412a-9584-9ed28c81a89c ] Request (SecurityGroupRulesTestJSON:test_security_group_rules_create): 200 POST http://10.180.1.21/compute/v2.1/os-security-groups 6.417s
2025-11-17 14:34:34.965 66325 INFO tempest.lib.common.rest_client [req-acfa717c-2d9c-45a5-8167-b28d4c547873 req-acfa717c-2d9c-45a5-8167-b28d4c547873 ] Request (InstanceUsageAuditLogNegativeTestJSON:setUpClass): 201 POST http://10.180.1.21/identity/v3/users 0.062s
2025-11-17 14:34:35.008 66345 INFO tempest.lib.common.rest_client [req-fda1dd79-2da9-40cf-a578-4ecc80b9c470 req-fda1dd79-2da9-40cf-a578-4ecc80b9c470 ] Request (ServerDiagnosticsNegativeTest:setUpClass): 200 GET http://10.180.1.21/identity/v3/roles 0.120s
2025-11-17 14:34:35.033 66325 INFO tempest.lib.common.rest_client [req-4912ee94-3c75-4bcf-9071-2b5141123f63 req-4912ee94-3c75-4bcf-9071-2b5141123f63 ] Request (InstanceUsageAuditLogNegativeTestJSON:setUpClass): 200 GET http://10.180.1.21/identity/v3/roles 0.067s
2025-11-17 14:34:35.053 66345 INFO tempest.lib.common.rest_client [req-cb7cb2dd-66a8-4aa0-87cc-6a25b96deb38 req-cb7cb2dd-66a8-4aa0-87cc-6a25b96deb38 ] Request (ServerDiagnosticsNegativeTest:setUpClass): 204 PUT http://10.180.1.21/identity/v3/projects/a70d30a55f954eaab194ddee7c3f049b/users/bb847747dffb4b93a910cbd06c55f9c1/roles/f9616465cfab4d83af74f750904d9593 0.044s
2025-11-17 14:34:35.053 66345 INFO tempest.lib.common.dynamic_creds [-] Dynamic test user bb847747dffb4b93a910cbd06c55f9c1 is created with scope project and roles: ['admin']
2025-11-17 14:34:35.053 66345 INFO tempest.lib.common.dynamic_creds [-] Acquired dynamic creds: credentials: Credentials: {'domain_id': 'default', 'domain_name': 'Default', 'username': 'tempest-ServerDiagnosticsNegativeTest-638472691-project-admin', 'project_domain_id': 'default', 'project_domain_name': 'Default', 'project_id': 'a70d30a55f954eaab194ddee7c3f049b', 'project_name': 'tempest-ServerDiagnosticsNegativeTest-638472691', 'tenant_id': 'a70d30a55f954eaab194ddee7c3f049b', 'tenant_name': 'tempest-ServerDiagnosticsNegativeTest-638472691', 'user_domain_id': 'default', 'user_domain_name': 'Default', 'user_id': 'bb847747dffb4b93a910cbd06c55f9c1', 'system': None}, Network: None, Subnet: None, Router: None
2025-11-17 14:34:35.053 66345 INFO tempest.lib.common.dynamic_creds [-] Created isolated network resources for: credentials: Credentials: {'domain_id': 'default', 'domain_name': 'Default', 'username': 'tempest-ServerDiagnosticsNegativeTest-638472691-project-admin', 'project_domain_id': 'default', 'project_domain_name': 'Default', 'project_id': 'a70d30a55f954eaab194ddee7c3f049b', 'project_name': 'tempest-ServerDiagnosticsNegativeTest-638472691', 'tenant_id': 'a70d30a55f954eaab194ddee7c3f049b', 'tenant_name': 'tempest-ServerDiagnosticsNegativeTest-638472691', 'user_domain_id': 'default', 'user_domain_name': 'Default', 'user_id': 'bb847747dffb4b93a910cbd06c55f9c1', 'system': None}, Network: None, Subnet: None, Router: None
2025-11-17 14:34:35.108 66325 INFO tempest.lib.common.rest_client [req-5fff040f-593f-497b-ac11-e842141d3cdc req-5fff040f-593f-497b-ac11-e842141d3cdc ] Request (InstanceUsageAuditLogNegativeTestJSON:setUpClass): 204 PUT http://10.180.1.21/identity/v3/projects/44b77b628a974be684bd24c768269f32/users/61eb2cfb67c94f1bbc4cfe50063baa5d/roles/f9616465cfab4d83af74f750904d9593 0.074s
2025-11-17 14:34:35.192 66345 INFO tempest.lib.common.rest_client [req-9021fe89-dc8d-4e9a-b650-e8d4dc921714 req-9021fe89-dc8d-4e9a-b650-e8d4dc921714 ] Request (ServerDiagnosticsNegativeTest:setUpClass): 201 POST http://10.180.1.21/identity/v3/auth/tokens 0.136s
2025-11-17 14:34:35.204 66325 INFO tempest.lib.common.rest_client [req-b3b30252-3f33-4a5a-aa20-5126d33edcd1 req-b3b30252-3f33-4a5a-aa20-5126d33edcd1 ] Request (InstanceUsageAuditLogNegativeTestJSON:setUpClass): 200 GET http://10.180.1.21/identity/v3/roles 0.095s
2025-11-17 14:34:35.204 66355 INFO tempest.lib.common.rest_client [req-43d85807-b759-4010-bdf8-fb258a30aa74 req-43d85807-b759-4010-bdf8-fb258a30aa74 ] Request (ServerActionsTestOtherA:setUpClass): 201 POST http://10.180.1.21/networking/v2.0/routers 0.912s
2025-11-17 14:34:35.211 66329 INFO tempest.lib.common.rest_client [req-a2119e6a-92a4-4e47-9e1a-d17057a30a57 req-a2119e6a-92a4-4e47-9e1a-d17057a30a57 ] Request (FloatingIPsAssociationTestJSON:test_associate_already_associated_floating_ip): 202 POST http://10.180.1.21/compute/v2.1/servers 5.878s
2025-11-17 14:34:35.255 66325 INFO tempest.lib.common.rest_client [req-3e090595-cb32-460c-a64c-31cfb908abfc req-3e090595-cb32-460c-a64c-31cfb908abfc ] Request (InstanceUsageAuditLogNegativeTestJSON:setUpClass): 204 PUT http://10.180.1.21/identity/v3/projects/44b77b628a974be684bd24c768269f32/users/61eb2cfb67c94f1bbc4cfe50063baa5d/roles/f9616465cfab4d83af74f750904d9593 0.047s
2025-11-17 14:34:35.255 66325 INFO tempest.lib.common.dynamic_creds [-] Dynamic test user 61eb2cfb67c94f1bbc4cfe50063baa5d is created with scope project and roles: ['admin']
2025-11-17 14:34:35.255 66325 INFO tempest.lib.common.dynamic_creds [-] Acquired dynamic creds: credentials: Credentials: {'domain_id': 'default', 'domain_name': 'Default', 'username': 'tempest-InstanceUsageAuditLogNegativeTestJSON-2055157322-project-admin', 'project_domain_id': 'default', 'project_domain_name': 'Default', 'project_id': '44b77b628a974be684bd24c768269f32', 'project_name': 'tempest-InstanceUsageAuditLogNegativeTestJSON-2055157322', 'tenant_id': '44b77b628a974be684bd24c768269f32', 'tenant_name': 'tempest-InstanceUsageAuditLogNegativeTestJSON-2055157322', 'user_domain_id': 'default', 'user_domain_name': 'Default', 'user_id': '61eb2cfb67c94f1bbc4cfe50063baa5d', 'system': None}, Network: None, Subnet: None, Router: None
2025-11-17 14:34:35.255 66325 INFO tempest.lib.common.dynamic_creds [-] Created isolated network resources for: credentials: Credentials: {'domain_id': 'default', 'domain_name': 'Default', 'username': 'tempest-InstanceUsageAuditLogNegativeTestJSON-2055157322-project-admin', 'project_domain_id': 'default', 'project_domain_name': 'Default', 'project_id': '44b77b628a974be684bd24c768269f32', 'project_name': 'tempest-InstanceUsageAuditLogNegativeTestJSON-2055157322', 'tenant_id': '44b77b628a974be684bd24c768269f32', 'tenant_name': 'tempest-InstanceUsageAuditLogNegativeTestJSON-2055157322', 'user_domain_id': 'default', 'user_domain_name': 'Default', 'user_id': '61eb2cfb67c94f1bbc4cfe50063baa5d', 'system': None}, Network: None, Subnet: None, Router: None
2025-11-17 14:34:35.333 66345 INFO tempest.lib.common.rest_client [req-147bf80b-ba9a-4b2b-9cb4-293f21baa383 req-147bf80b-ba9a-4b2b-9cb4-293f21baa383 ] Request (ServerDiagnosticsNegativeTest:test_get_server_diagnostics_by_non_admin): 201 POST http://10.180.1.21/identity/v3/auth/tokens 0.131s
2025-11-17 14:34:35.333 66345 INFO tempest.lib.common.fixed_network [-] (ServerDiagnosticsNegativeTest:test_get_server_diagnostics_by_non_admin) Found network None available for tenant
2025-11-17 14:34:35.376 66325 INFO tempest.lib.common.rest_client [req-42ec8b6a-e195-45b5-954e-d6e71ae7bf64 req-42ec8b6a-e195-45b5-954e-d6e71ae7bf64 ] Request (InstanceUsageAuditLogNegativeTestJSON:setUpClass): 201 POST http://10.180.1.21/identity/v3/auth/tokens 0.119s
2025-11-17 14:34:35.451 66361 INFO tempest.lib.common.rest_client [req-1f52a47a-4d12-4490-bf8c-39cded3e14a3 req-1f52a47a-4d12-4490-bf8c-39cded3e14a3 ] Request (AttachVolumeNegativeTest:test_attach_attached_volume_to_different_server): 200 GET http://10.180.1.21/compute/v2.1/servers/f83633bd-6802-402b-9ba0-7e3510fb145a 4.643s
2025-11-17 14:34:35.562 66343 INFO tempest.lib.common.rest_client [req-ed08d49e-75a8-4bbb-9ecc-4c24b6a586af req-ed08d49e-75a8-4bbb-9ecc-4c24b6a586af ] Request (DeleteServersAdminTestJSON:test_delete_server_while_in_error_state): 200 GET http://10.180.1.21/compute/v2.1/servers/52c4ce60-3353-405c-b9f9-7f511680cc41 4.194s
2025-11-17 14:34:35.628 66335 INFO tempest.lib.common.rest_client [req-e515ede7-ffc9-46c2-841d-84888756bdcc req-e515ede7-ffc9-46c2-841d-84888756bdcc ] Request (TenantUsagesTestJSON:test_list_usage_all_tenants): 200 GET http://10.180.1.21/compute/v2.1/os-simple-tenant-usage?start=2025-11-16T14%3A34%3A17.099964&end=2025-11-18T14%3A34%3A17.099964&detailed=1 4.227s
2025-11-17 14:34:35.647 66359 INFO tempest.lib.common.rest_client [req-3d6ebfa0-b188-4d01-ba1a-f9dcb7598d89 req-3d6ebfa0-b188-4d01-ba1a-f9dcb7598d89 ] Request (DeleteServersTestJSON:test_delete_active_server): 202 POST http://10.180.1.21/compute/v2.1/servers 5.695s
2025-11-17 14:34:35.673 66317 INFO tempest.lib.common.rest_client [req-4bf45316-2c1e-4e0d-a4a2-e1905d3fe407 req-4bf45316-2c1e-4e0d-a4a2-e1905d3fe407 ] Request (FlavorsAccessTestJSON:test_flavor_access_list_with_private_flavor): 200 GET http://10.180.1.21/compute/v2.1/flavors/90239778/os-flavor-access 4.175s
2025-11-17 14:34:35.699 66303 INFO tempest.lib.common.rest_client [req-404c3951-fb5f-4112-a3a8-cdc3c34945f7 req-404c3951-fb5f-4112-a3a8-cdc3c34945f7 ] Request (FlavorsAdminTestJSON:_run_cleanups): 200 GET http://10.180.1.21/compute/v2.1/flavors/detail 4.188s
2025-11-17 14:34:35.718 66351 INFO tempest.lib.common.rest_client [req-c34cb86f-260a-47ce-8346-c728934a5e77 req-c34cb86f-260a-47ce-8346-c728934a5e77 ] Request (ServersWithSpecificFlavorTestJSON:test_verify_created_server_ephemeral_disk): 200 GET http://10.180.1.21/compute/v2.1/servers/c40a0f91-24f4-49b5-bd74-98e8ec60ac5f 4.257s
2025-11-17 14:34:35.724 66333 INFO tempest.lib.common.rest_client [req-c83debf2-b5dc-48b7-9384-be95a5ead9b1 req-c83debf2-b5dc-48b7-9384-be95a5ead9b1 ] Request (AggregatesAdminNegativeTestJSON:test_aggregate_create_aggregate_name_length_exceeds_255): 400 POST http://10.180.1.21/compute/v2.1/os-aggregates 4.166s
2025-11-17 14:34:35.749 66319 INFO tempest.lib.common.rest_client [req-6273177e-ef31-485a-bbb4-fbdb1921605b req-6273177e-ef31-485a-bbb4-fbdb1921605b ] Request (FlavorsExtraSpecsTestJSON:tearDownClass): 202 DELETE http://10.180.1.21/compute/v2.1/flavors/393804052 4.135s
2025-11-17 14:34:35.861 66349 INFO tempest.lib.common.rest_client [req-1f675c0c-9060-4bb8-b655-b25efa9bbf90 req-1f675c0c-9060-4bb8-b655-b25efa9bbf90 ] Request (FlavorsAccessNegativeTestJSON:test_flavor_non_admin_add): 403 POST http://10.180.1.21/compute/v2.1/flavors/1470049077/action 4.322s
2025-11-17 14:34:36.278 66331 INFO tempest.lib.common.rest_client [req-2cbe48c2-dfe6-4178-98b5-7be9c87eec33 req-2cbe48c2-dfe6-4178-98b5-7be9c87eec33 ] Request (ServersAdmin275Test:test_rebuild_update_server_275): 200 PUT http://10.180.1.21/compute/v2.1/servers/376c3de8-3d51-4257-ba8f-a2e5b77b7355 4.208s
2025-11-17 14:34:36.292 66355 INFO tempest.lib.common.rest_client [req-a5edcf64-f1f3-4dff-aed2-359f2a52048c req-a5edcf64-f1f3-4dff-aed2-359f2a52048c ] Request (ServerActionsTestOtherA:setUpClass): 200 PUT http://10.180.1.21/networking/v2.0/routers/a1428b8e-6003-4862-84c7-d97df37da73e/add_router_interface 1.086s
2025-11-17 14:34:36.293 66355 INFO tempest.lib.common.dynamic_creds [-] Created isolated network resources for: credentials: Credentials: {'domain_id': 'default', 'domain_name': 'Default', 'username': 'tempest-ServerActionsTestOtherA-1535758184-project-member', 'project_domain_id': 'default', 'project_domain_name': 'Default', 'project_id': 'de728336484744988073afa69fb9a397', 'project_name': 'tempest-ServerActionsTestOtherA-1535758184', 'tenant_id': 'de728336484744988073afa69fb9a397', 'tenant_name': 'tempest-ServerActionsTestOtherA-1535758184', 'user_domain_id': 'default', 'user_domain_name': 'Default', 'user_id': '82fe017c4a474972b2d380e3e1fa4ea1', 'system': None}, Network: {'id': '8b8a85f2-6466-4496-b285-0ac36c07307b', 'name': 'tempest-ServerActionsTestOtherA-374719060-network', 'tenant_id': 'de728336484744988073afa69fb9a397', 'project_id': 'de728336484744988073afa69fb9a397', 'admin_state_up': True, 'mtu': 8950, 'status': 'ACTIVE', 'subnets': [], 'shared': False, 'port_security_enabled': True, 'router:external': False, 'provider:network_type': 'vlan', 'provider:physical_network': 'default', 'provider:segmentation_id': 754, 'availability_zone_hints': [], 'availability_zones': [], 'ipv4_address_scope': None, 'ipv6_address_scope': None, 'description': '', 'tags': [], 'created_at': '2025-11-17T14:34:33Z', 'updated_at': '2025-11-17T14:34:33Z', 'revision_number': 1}, Subnet: {'id': '4caba87b-5fc3-4920-9733-61a1e4aca23b', 'name': 'tempest-ServerActionsTestOtherA-374719060-subnet', 'tenant_id': 'de728336484744988073afa69fb9a397', 'network_id': '8b8a85f2-6466-4496-b285-0ac36c07307b', 'ip_version': 4, 'subnetpool_id': None, 'enable_dhcp': True, 'ipv6_ra_mode': None, 'ipv6_address_mode': None, 'gateway_ip': '192.168.128.1', 'cidr': '192.168.128.0/28', 'allocation_pools': [{'start': '192.168.128.2', 'end': '192.168.128.14'}], 'host_routes': [], 'dns_nameservers': [], 'description': '', 'router:external': False, 'service_types': [], 'tags': [], 'created_at': '2025-11-17T14:34:34Z', 'updated_at': '2025-11-17T14:34:34Z', 'revision_number': 0, 'project_id': 'de728336484744988073afa69fb9a397'}, Router: {'id': 'a1428b8e-6003-4862-84c7-d97df37da73e', 'name': 'tempest-ServerActionsTestOtherA-374719060-router', 'tenant_id': 'de728336484744988073afa69fb9a397', 'admin_state_up': True, 'status': 'ACTIVE', 'external_gateway_info': {'network_id': 'edb4681e-d15f-40d7-bb23-fe500af538f7', 'external_fixed_ips': [{'subnet_id': '164dfb00-053a-4c9d-aeec-67980205d700', 'ip_address': '10.180.180.200'}], 'enable_snat': True}, 'description': '', 'availability_zones': [], 'distributed': False, 'ha': False, 'availability_zone_hints': [], 'routes': [], 'flavor_id': None, 'tags': [], 'created_at': '2025-11-17T14:34:34Z', 'updated_at': '2025-11-17T14:34:34Z', 'revision_number': 2, 'project_id': 'de728336484744988073afa69fb9a397'}
2025-11-17 14:34:36.309 66309 INFO tempest.lib.common.rest_client [req-0794e10b-437f-4f01-b7a2-17230735fc5a req-0794e10b-437f-4f01-b7a2-17230735fc5a ] Request (ImagesNegativeTestJSON:test_create_image_from_deleted_server): 404 POST http://10.180.1.21/compute/v2.1/servers/bec0be17-439e-4e61-9693-81031e2b3581/action 4.058s
2025-11-17 14:34:36.420 66355 INFO tempest.lib.common.rest_client [req-9d3558de-5b97-4af7-96d3-a8b87aa51bf3 req-9d3558de-5b97-4af7-96d3-a8b87aa51bf3 ] Request (ServerActionsTestOtherA:setUpClass): 201 POST http://10.180.1.21/identity/v3/auth/tokens 0.123s
2025-11-17 14:34:36.645 66363 WARNING tempest.lib.common.ssh [-] Failed to establish authenticated ssh connection to cirros@10.180.180.190 ([Errno None] Unable to connect to port 22 on 10.180.180.190). Number attempts: 2. Retry after 3 seconds.: paramiko.ssh_exception.NoValidConnectionsError: [Errno None] Unable to connect to port 22 on 10.180.180.190
2025-11-17 14:34:36.653 66353 INFO tempest.lib.common.rest_client [req-9c36fcee-8c8d-44e1-afda-7d5d293f6b71 req-9c36fcee-8c8d-44e1-afda-7d5d293f6b71 ] Request (QuotasAdminNegativeTest:test_create_server_when_memory_quota_is_full): 403 POST http://10.180.1.21/compute/v2.1/servers 4.702s
2025-11-17 14:34:36.798 66347 INFO tempest.lib.common.rest_client [req-32806031-d780-4ef5-a878-d085637d6dec req-32806031-d780-4ef5-a878-d085637d6dec ] Request (ServerMetadataNegativeTestJSON:setUpClass): 200 GET http://10.180.1.21/compute/v2.1/servers/864398b7-5b6d-486e-8190-46f930718874 3.830s
2025-11-17 14:34:37.085 66358 INFO tempest.lib.common.rest_client [req-36e16cc0-85f9-4eef-ae32-20fc9f18dcfb req-36e16cc0-85f9-4eef-ae32-20fc9f18dcfb ] Request (ImagesTestJSON:test_create_image_from_stopped_server): 200 GET http://10.180.1.21/compute/v2.1/servers/b5af5878-375e-4405-b971-e3b28fa0e34c 3.790s
2025-11-17 14:34:37.099 66358 INFO tempest.common.waiters [-] State transition "BUILD/spawning" ==> "ACTIVE/None" after 28 second wait
2025-11-17 14:34:37.152 66341 INFO tempest.lib.common.rest_client [req-ebdcb556-0d00-44f5-8967-0a307237bb21 req-ebdcb556-0d00-44f5-8967-0a307237bb21 ] Request (ListServersNegativeTestJSON:setUpClass): 200 GET http://10.180.1.21/compute/v2.1/servers/d2bccbbf-09fd-44d4-8b46-b32c3897e477 3.841s
2025-11-17 14:34:37.254 66365 INFO tempest.lib.common.rest_client [req-839e8e72-fe59-4080-9611-be7563041110 req-839e8e72-fe59-4080-9611-be7563041110 ] Request (SecurityGroupsNegativeTestJSON:test_delete_the_default_security_group): 400 DELETE http://10.180.1.21/compute/v2.1/os-security-groups/d2e23835-4bf6-4798-9483-9d605d368735 3.879s
2025-11-17 14:34:37.273 66339 INFO tempest.lib.common.rest_client [req-0765b504-0909-4c01-a4b0-77c68227c096 req-0765b504-0909-4c01-a4b0-77c68227c096 ] Request (ServersTestMultiNic:_run_cleanups): 200 GET http://10.180.1.21/compute/v2.1/servers/b1f9a306-6b07-400a-9eb6-d2021587c4c7 3.793s
2025-11-17 14:34:37.320 66321 INFO tempest.lib.common.rest_client [req-7c76f80f-9a04-4be9-afcc-662455b0ec45 req-7c76f80f-9a04-4be9-afcc-662455b0ec45 ] Request (ImagesOneServerTestJSON:test_create_delete_image): 200 GET http://10.180.1.21/compute/v2.1/images/1705e2af-7e24-4f95-8205-f357448301e6 3.226s
2025-11-17 14:34:37.405 66323 INFO tempest.lib.common.rest_client [req-01ee341d-2ec3-4a12-a3c0-75de6b187b07 req-01ee341d-2ec3-4a12-a3c0-75de6b187b07 ] Request (VolumesAdminNegativeTest:test_update_attached_volume_with_nonexistent_volume_in_uri): 200 GET http://10.180.1.21/compute/v2.1/servers/0311ff28-2238-4150-83a8-e0cc5d28736b 2.800s
2025-11-17 14:34:37.442 66313 INFO tempest.lib.common.rest_client [req-e4ed39b7-368a-46d3-af8b-2d79683c93dd req-e4ed39b7-368a-46d3-af8b-2d79683c93dd ] Request (KeyPairsNegativeTestJSON:test_create_keypair_when_public_key_bits_exceeds_maximum): 400 POST http://10.180.1.21/compute/v2.1/os-keypairs 2.742s
2025-11-17 14:34:37.513 66305 INFO tempest.lib.common.rest_client [req-19f9d0c7-81d6-4c3a-9794-7484a04e95e9 req-19f9d0c7-81d6-4c3a-9794-7484a04e95e9 ] Request (QuotasAdminTestJSON:test_update_all_quota_resources_for_tenant): 200 PUT http://10.180.1.21/compute/v2.1/os-quota-sets/7c2a367df62648ee9d2ea9fd85fa6f01 3.472s
2025-11-17 14:34:37.770 66337 INFO tempest.lib.common.rest_client [req-6e7f1021-b700-4f8e-a5f2-cadbe7056c89 req-6e7f1021-b700-4f8e-a5f2-cadbe7056c89 ] Request (MigrationsAdminTest:test_list_migrations_in_flavor_resize_situation): 200 GET http://10.180.1.21/compute/v2.1/servers/abc18c43-9ef2-4c48-93d9-36c42dfd5178 2.889s
2025-11-17 14:34:37.779 66337 INFO tempest.common.waiters [-] State transition "RESIZE/resize_prep" ==> "RESIZE/resize_migrating" after 4 second wait
2025-11-17 14:34:37.899 66307 INFO tempest.lib.common.rest_client [req-3dfbf690-6cdf-4930-865c-0f60722f4ca2 req-3dfbf690-6cdf-4930-865c-0f60722f4ca2 ] Request (SecurityGroupRulesTestJSON:test_security_group_rules_create): 200 POST http://10.180.1.21/compute/v2.1/os-security-group-rules 2.942s
2025-11-17 14:34:37.957 66329 INFO tempest.lib.common.rest_client [req-8c622b5b-a109-4d4c-ac2d-d9f085ef83a1 req-8c622b5b-a109-4d4c-ac2d-d9f085ef83a1 ] Request (FloatingIPsAssociationTestJSON:test_associate_already_associated_floating_ip): 200 GET http://10.180.1.21/compute/v2.1/servers/0b774d8b-22a4-4849-b100-e9e1705e46fa 2.740s
2025-11-17 14:34:37.998 66325 INFO tempest.lib.common.rest_client [req-7460aa31-c38f-48f9-8344-49d737fbbd95 req-7460aa31-c38f-48f9-8344-49d737fbbd95 ] Request (InstanceUsageAuditLogNegativeTestJSON:test_get_instance_usage_audit_logs_with_invalid_time): 400 GET http://10.180.1.21/compute/v2.1/os-instance_usage_audit_log/invalid_time 2.620s
2025-11-17 14:34:38.137 66311 INFO tempest.lib.common.rest_client [req-0498d70b-0327-47ff-9210-1f4edc77bcb2 req-0498d70b-0327-47ff-9210-1f4edc77bcb2 ] Request (ServersAdminNegativeTestJSON:test_migrate_server_invalid_state): 200 GET http://10.180.1.21/compute/v2.1/servers/1abdd22c-da15-4eb3-a446-241cc2086ab3 2.655s
2025-11-17 14:34:38.209 66345 INFO tempest.lib.common.rest_client [req-afc23263-6df7-421a-86c4-e053bd49d7d1 req-afc23263-6df7-421a-86c4-e053bd49d7d1 ] Request (ServerDiagnosticsNegativeTest:test_get_server_diagnostics_by_non_admin): 202 POST http://10.180.1.21/compute/v2.1/servers 2.872s
2025-11-17 14:34:38.218 66335 INFO tempest.lib.common.rest_client [req-39ee60cf-76bf-4fbb-9dfe-81a551456557 req-39ee60cf-76bf-4fbb-9dfe-81a551456557 ] Request (TenantUsagesTestJSON:tearDownClass): 204 DELETE http://10.180.1.21/compute/v2.1/servers/d7cb07dc-a6fb-4d7d-ade6-e326a31d2a34 2.584s
2025-11-17 14:34:38.236 66317 INFO tempest.lib.common.rest_client [req-c1e8a5cf-2c73-47ac-842f-d031e3182cae req-c1e8a5cf-2c73-47ac-842f-d031e3182cae ] Request (FlavorsAccessTestJSON:_run_cleanups): 202 DELETE http://10.180.1.21/compute/v2.1/flavors/90239778 2.562s
2025-11-17 14:34:38.254 66303 INFO tempest.lib.common.rest_client [req-8232d2fe-9430-48c6-9e04-769e51eb2154 req-8232d2fe-9430-48c6-9e04-769e51eb2154 ] Request (FlavorsAdminTestJSON:test_create_flavor_with_uuid_id): 200 POST http://10.180.1.21/compute/v2.1/flavors 2.545s
2025-11-17 14:34:38.258 66333 INFO tempest.lib.common.rest_client [req-38f443ef-2947-4956-8fd7-c355bd77a051 req-38f443ef-2947-4956-8fd7-c355bd77a051 ] Request (AggregatesAdminNegativeTestJSON:test_aggregate_create_aggregate_name_length_less_than_1): 400 POST http://10.180.1.21/compute/v2.1/os-aggregates 2.528s
2025-11-17 14:34:38.272 66359 INFO tempest.lib.common.rest_client [req-e59ea56f-2796-4de6-a54f-1732f93d5342 req-e59ea56f-2796-4de6-a54f-1732f93d5342 ] Request (DeleteServersTestJSON:test_delete_active_server): 200 GET http://10.180.1.21/compute/v2.1/servers/7233422c-ef9a-49c4-ad2a-e1089e493161 2.623s
2025-11-17 14:34:38.284 66319 INFO tempest.lib.common.rest_client [req-a3671e89-2ceb-4669-b10d-7e9cae885b61 req-a3671e89-2ceb-4669-b10d-7e9cae885b61 ] Request (FlavorsExtraSpecsTestJSON:tearDownClass): 200 GET http://10.180.1.21/compute/v2.1/flavors/detail 2.534s
2025-11-17 14:34:38.294 66349 INFO tempest.lib.common.rest_client [req-29bfd73a-55fa-421a-b22d-1a0bcf43ec43 req-29bfd73a-55fa-421a-b22d-1a0bcf43ec43 ] Request (FlavorsAccessNegativeTestJSON:_run_cleanups): 202 DELETE http://10.180.1.21/compute/v2.1/flavors/1470049077 2.432s
2025-11-17 14:34:38.302 66309 INFO tempest.lib.common.rest_client [req-fe877eb5-fff2-4c4a-afaa-57f18eff0093 req-fe877eb5-fff2-4c4a-afaa-57f18eff0093 ] Request (ImagesNegativeTestJSON:test_create_image_from_invalid_server): 404 POST http://10.180.1.21/compute/v2.1/servers/tempest-invalid-193218052/action 1.982s
2025-11-17 14:34:38.382 66331 INFO tempest.lib.common.rest_client [req-f3048308-bc81-47e1-a2bb-d8db8eb3a3db req-f3048308-bc81-47e1-a2bb-d8db8eb3a3db ] Request (ServersAdmin275Test:test_rebuild_update_server_275): 200 GET http://10.180.1.21/compute/v2.1/servers/376c3de8-3d51-4257-ba8f-a2e5b77b7355 2.085s
2025-11-17 14:34:38.408 66355 INFO tempest.lib.common.rest_client [req-0d73a6ad-b4c0-4cc8-be1e-61dcbba51766 req-0d73a6ad-b4c0-4cc8-be1e-61dcbba51766 ] Request (ServerActionsTestOtherA:setUpClass): 200 POST http://10.180.1.21/compute/v2.1/os-keypairs 1.986s
2025-11-17 14:34:38.481 66319 INFO tempest.lib.common.rest_client [req-145cbcd6-752c-48e5-9f76-8a683f8fa373 req-145cbcd6-752c-48e5-9f76-8a683f8fa373 ] Request (FlavorsExtraSpecsTestJSON:tearDownClass): 204 DELETE http://10.180.1.21/identity/v3/users/cbe0c774e6524c12bcc97be3cb8cf000 0.192s
2025-11-17 14:34:38.560 66355 INFO tempest.lib.common.rest_client [req-c8b34ef6-a81b-4b03-8d18-76d39ce14b53 req-c8b34ef6-a81b-4b03-8d18-76d39ce14b53 ] Request (ServerActionsTestOtherA:setUpClass): 201 POST http://10.180.1.21/networking/v2.0/security-groups 0.151s
2025-11-17 14:34:38.624 66319 INFO tempest.lib.common.rest_client [req-921fbd1f-090a-4c2b-b184-56029936ca5e req-921fbd1f-090a-4c2b-b184-56029936ca5e ] Request (FlavorsExtraSpecsTestJSON:tearDownClass): 204 DELETE http://10.180.1.21/identity/v3/users/ecda05f3dd674a0398bdd346dae83aad 0.143s
2025-11-17 14:34:38.625 66319 INFO tempest.lib.common.dynamic_creds [-] Deleting project and security group for project: 10577a0a6e2e44858bb14329a68bca48
2025-11-17 14:34:38.696 66343 INFO tempest.lib.common.rest_client [req-7b3ede9a-2d5a-4daf-b5e7-e69e1f0a7982 req-7b3ede9a-2d5a-4daf-b5e7-e69e1f0a7982 ] Request (DeleteServersAdminTestJSON:test_delete_server_while_in_error_state): 200 GET http://10.180.1.21/compute/v2.1/servers/52c4ce60-3353-405c-b9f9-7f511680cc41 2.118s
2025-11-17 14:34:38.706 66343 INFO tempest.common.waiters [-] State transition "BUILD/None" ==> "BUILD/networking" after 3 second wait
2025-11-17 14:34:38.726 66319 INFO tempest.lib.common.rest_client [req-4cf334dc-fd97-4d70-ba33-7fb64d82552a req-4cf334dc-fd97-4d70-ba33-7fb64d82552a ] Request (FlavorsExtraSpecsTestJSON:tearDownClass): 201 POST http://10.180.1.21/identity/v3/auth/tokens 0.100s
2025-11-17 14:34:38.760 66361 INFO tempest.lib.common.rest_client [req-9f880305-51cc-4c8f-8c88-8a22b6e45c59 req-9f880305-51cc-4c8f-8c88-8a22b6e45c59 ] Request (AttachVolumeNegativeTest:test_attach_attached_volume_to_different_server): 200 GET http://10.180.1.21/compute/v2.1/servers/f83633bd-6802-402b-9ba0-7e3510fb145a 2.297s
2025-11-17 14:34:38.771 66361 INFO tempest.common.waiters [-] State transition "BUILD/None" ==> "BUILD/spawning" after 3 second wait
2025-11-17 14:34:38.849 66355 INFO tempest.lib.common.rest_client [req-e47bfbe5-d236-49c6-a569-ccf4d03b53b4 req-e47bfbe5-d236-49c6-a569-ccf4d03b53b4 ] Request (ServerActionsTestOtherA:setUpClass): 201 POST http://10.180.1.21/networking/v2.0/security-group-rules 0.288s
2025-11-17 14:34:38.954 66353 INFO tempest.lib.common.rest_client [req-0cd52f29-c37a-4b87-95aa-15a332db1afe req-0cd52f29-c37a-4b87-95aa-15a332db1afe ] Request (QuotasAdminNegativeTest:_run_cleanups): 200 PUT http://10.180.1.21/compute/v2.1/os-quota-sets/40ac1f8c92e244369689456a22b8276f 2.300s
2025-11-17 14:34:39.030 66319 INFO tempest.lib.common.rest_client [req-25dc8ec5-ce4d-4cdb-8aaa-0090dde777c4 req-25dc8ec5-ce4d-4cdb-8aaa-0090dde777c4 ] Request (FlavorsExtraSpecsTestJSON:tearDownClass): 200 GET http://10.180.1.21/networking/v2.0/security-groups?tenant_id=10577a0a6e2e44858bb14329a68bca48&name=default 0.302s
2025-11-17 14:34:39.049 66358 INFO tempest.lib.common.rest_client [req-417d1441-bc6e-4af9-a6e2-b060fad30b1e req-417d1441-bc6e-4af9-a6e2-b060fad30b1e ] Request (ImagesTestJSON:test_create_image_from_stopped_server): 202 POST http://10.180.1.21/compute/v2.1/servers/b5af5878-375e-4405-b971-e3b28fa0e34c/action 1.949s
2025-11-17 14:34:39.062 66351 INFO tempest.lib.common.rest_client [req-4a4518ee-2f84-401e-8634-a3339ecb7a72 req-4a4518ee-2f84-401e-8634-a3339ecb7a72 ] Request (ServersWithSpecificFlavorTestJSON:test_verify_created_server_ephemeral_disk): 200 GET http://10.180.1.21/compute/v2.1/servers/c40a0f91-24f4-49b5-bd74-98e8ec60ac5f 2.329s
2025-11-17 14:34:39.167 66341 INFO tempest.lib.common.rest_client [req-d3812d5a-b276-4f5e-818e-8eba71940207 req-d3812d5a-b276-4f5e-818e-8eba71940207 ] Request (ListServersNegativeTestJSON:setUpClass): 204 DELETE http://10.180.1.21/compute/v2.1/servers/74fdfde5-fc41-4621-9bf3-d23ab3ce8452 2.006s
2025-11-17 14:34:39.184 66355 INFO tempest.lib.common.rest_client [req-f393ac5a-fbf6-4eff-ab15-e9b4114f924a req-f393ac5a-fbf6-4eff-ab15-e9b4114f924a ] Request (ServerActionsTestOtherA:setUpClass): 201 POST http://10.180.1.21/networking/v2.0/security-group-rules 0.333s
2025-11-17 14:34:39.275 66365 INFO tempest.lib.common.rest_client [req-a2bdfc3c-432c-409c-b3ba-dd95a35d0a84 req-a2bdfc3c-432c-409c-b3ba-dd95a35d0a84 ] Request (SecurityGroupsNegativeTestJSON:test_security_group_get_nonexistent_group): 404 GET http://10.180.1.21/compute/v2.1/os-security-groups/9839e771-978c-4dfd-8f95-a0455dab5d92 2.018s
2025-11-17 14:34:39.306 66319 INFO tempest.lib.common.rest_client [req-cd795f20-a584-43ba-97ee-f3c0cb411fb7 req-cd795f20-a584-43ba-97ee-f3c0cb411fb7 ] Request (FlavorsExtraSpecsTestJSON:tearDownClass): 204 DELETE http://10.180.1.21/networking/v2.0/security-groups/02547f17-12a1-48cc-a933-f31859f63568 0.275s
2025-11-17 14:34:39.342 66313 INFO tempest.lib.common.rest_client [req-bb00e59b-a0fd-41ec-ae82-1a1a15ba186c req-bb00e59b-a0fd-41ec-ae82-1a1a15ba186c ] Request (KeyPairsNegativeTestJSON:test_create_keypair_with_duplicate_name): 200 POST http://10.180.1.21/compute/v2.1/os-keypairs 1.897s
2025-11-17 14:34:39.429 66319 INFO tempest.lib.common.rest_client [req-b32a0ef3-28ed-4691-ba7e-8ce4f93cd275 req-b32a0ef3-28ed-4691-ba7e-8ce4f93cd275 ] Request (FlavorsExtraSpecsTestJSON:tearDownClass): 204 DELETE http://10.180.1.21/identity/v3/projects/10577a0a6e2e44858bb14329a68bca48 0.123s
2025-11-17 14:34:39.430 66319 INFO tempest.lib.common.dynamic_creds [-] Deleting project and security group for project: 81be65758cb44b01a6bc197573413aad
2025-11-17 14:34:39.749 66305 INFO tempest.lib.common.rest_client [req-149a96f9-ab15-40f7-a898-8bc713a6e851 req-149a96f9-ab15-40f7-a898-8bc713a6e851 ] Request (QuotasAdminTestJSON:_run_cleanups): 200 PUT http://10.180.1.21/compute/v2.1/os-quota-sets/7c2a367df62648ee9d2ea9fd85fa6f01 2.234s
2025-11-17 14:34:39.847 66355 INFO tempest.lib.common.rest_client [req-a34549b0-4a81-488f-99f4-e32e1c3d73ed req-a34549b0-4a81-488f-99f4-e32e1c3d73ed ] Request (ServerActionsTestOtherA:setUpClass): 201 POST http://10.180.1.21/networking/v2.0/floatingips 0.662s
2025-11-17 14:34:39.881 66305 INFO tempest.lib.common.rest_client [req-a41945b0-d751-4e4e-8f8d-ffc7d1e31a45 req-a41945b0-d751-4e4e-8f8d-ffc7d1e31a45 ] Request (QuotasAdminTestJSON:tearDownClass): 204 DELETE http://10.180.1.21/identity/v3/users/335f04a8f8de45e2895fe41f4b604814 0.129s
2025-11-17 14:34:39.932 66321 INFO tempest.lib.common.rest_client [req-630cb3ed-27ba-4e54-9723-60717922c725 req-630cb3ed-27ba-4e54-9723-60717922c725 ] Request (ImagesOneServerTestJSON:test_create_delete_image): 200 GET http://10.180.1.21/compute/v2.1/servers/347c9a1e-b3ff-4ae7-af85-d0b2c90b5aae 2.605s
2025-11-17 14:34:39.938 66355 INFO tempest.lib.common.rest_client [req-1eca83bf-4ce8-445c-89e6-91ed8b582b1c req-1eca83bf-4ce8-445c-89e6-91ed8b582b1c ] Request (ServerActionsTestOtherA:setUpClass): 201 POST http://10.180.1.21/identity/v3/auth/tokens 0.088s
2025-11-17 14:34:39.939 66355 INFO tempest.lib.common.fixed_network [-] (ServerActionsTestOtherA:setUpClass) Found network {'id': '8b8a85f2-6466-4496-b285-0ac36c07307b', 'name': 'tempest-ServerActionsTestOtherA-374719060-network', 'tenant_id': 'de728336484744988073afa69fb9a397', 'project_id': 'de728336484744988073afa69fb9a397', 'admin_state_up': True, 'mtu': 8950, 'status': 'ACTIVE', 'subnets': [], 'shared': False, 'port_security_enabled': True, 'router:external': False, 'provider:network_type': 'vlan', 'provider:physical_network': 'default', 'provider:segmentation_id': 754, 'availability_zone_hints': [], 'availability_zones': [], 'ipv4_address_scope': None, 'ipv6_address_scope': None, 'description': '', 'tags': [], 'created_at': '2025-11-17T14:34:33Z', 'updated_at': '2025-11-17T14:34:33Z', 'revision_number': 1} available for tenant
2025-11-17 14:34:39.949 66327 INFO tempest.lib.common.rest_client [req-4fd30ede-1bf6-43b5-9d1c-706944c42bd8 req-4fd30ede-1bf6-43b5-9d1c-706944c42bd8 ] Request (QuotasAdminTestV236:test_get_updated_quotas): 200 GET http://10.180.1.21/identity/v3/domains?name=Default 0.112s
2025-11-17 14:34:39.985 66327 INFO tempest.lib.common.rest_client [req-8b63daf7-4b48-44b1-801b-7a419e058f13 req-8b63daf7-4b48-44b1-801b-7a419e058f13 ] Request (QuotasAdminTestV236:test_get_updated_quotas): 201 POST http://10.180.1.21/identity/v3/projects 0.035s
2025-11-17 14:34:40.035 66319 INFO tempest.lib.common.rest_client [req-270ac50a-aabc-447e-8bc0-0229dae61a77 req-270ac50a-aabc-447e-8bc0-0229dae61a77 ] Request (FlavorsExtraSpecsTestJSON:tearDownClass): 200 GET http://10.180.1.21/networking/v2.0/security-groups?tenant_id=81be65758cb44b01a6bc197573413aad&name=default 0.604s
2025-11-17 14:34:40.048 66305 INFO tempest.lib.common.rest_client [req-1b4ca87c-4ac9-45e8-a290-781c5000ed62 req-1b4ca87c-4ac9-45e8-a290-781c5000ed62 ] Request (QuotasAdminTestJSON:tearDownClass): 204 DELETE http://10.180.1.21/identity/v3/users/85d9066b40bd41529e45a38df7177a21 0.166s
2025-11-17 14:34:40.048 66305 INFO tempest.lib.common.dynamic_creds [-] Deleting project and security group for project: 7c2a367df62648ee9d2ea9fd85fa6f01
2025-11-17 14:34:40.091 66327 INFO tempest.lib.common.rest_client [req-e994a934-0df7-4f43-a80d-34171b831bd6 req-e994a934-0df7-4f43-a80d-34171b831bd6 ] Request (QuotasAdminTestV236:test_get_updated_quotas): 200 GET http://10.180.1.21/identity/v3/domains?name=Default 0.106s
2025-11-17 14:34:40.121 66305 INFO tempest.lib.common.rest_client [req-bf6f1092-1148-41f6-826e-afd1031afc80 req-bf6f1092-1148-41f6-826e-afd1031afc80 ] Request (QuotasAdminTestJSON:tearDownClass): 201 POST http://10.180.1.21/identity/v3/auth/tokens 0.073s
2025-11-17 14:34:40.151 66363 WARNING tempest.lib.common.ssh [-] Failed to establish authenticated ssh connection to cirros@10.180.180.190 ([Errno None] Unable to connect to port 22 on 10.180.180.190). Number attempts: 3. Retry after 4 seconds.: paramiko.ssh_exception.NoValidConnectionsError: [Errno None] Unable to connect to port 22 on 10.180.180.190
2025-11-17 14:34:40.283 66307 INFO tempest.lib.common.rest_client [req-3c2954e0-64bf-4a3a-9556-7801e048d999 req-3c2954e0-64bf-4a3a-9556-7801e048d999 ] Request (SecurityGroupRulesTestJSON:test_security_group_rules_create_with_optional_cidr): 200 POST http://10.180.1.21/compute/v2.1/os-security-groups 2.381s
2025-11-17 14:34:40.390 66319 INFO tempest.lib.common.rest_client [req-849c34ce-281b-4d28-9830-585c6f28bcf7 req-849c34ce-281b-4d28-9830-585c6f28bcf7 ] Request (FlavorsExtraSpecsTestJSON:tearDownClass): 204 DELETE http://10.180.1.21/networking/v2.0/security-groups/f8bc423e-e1da-488a-af04-76c9780e8737 0.355s
2025-11-17 14:34:40.443 66325 INFO tempest.lib.common.rest_client [req-02c63424-2c55-4ae8-896e-2d594bfd29b4 req-02c63424-2c55-4ae8-896e-2d594bfd29b4 ] Request (InstanceUsageAuditLogNegativeTestJSON:test_instance_usage_audit_logs_with_nonadmin_user): 403 GET http://10.180.1.21/compute/v2.1/os-instance_usage_audit_log 2.442s
2025-11-17 14:34:40.480 66319 INFO tempest.lib.common.rest_client [req-a78cbe6d-88f8-4ceb-94bd-8b2f7b4f9a3a req-a78cbe6d-88f8-4ceb-94bd-8b2f7b4f9a3a ] Request (FlavorsExtraSpecsTestJSON:tearDownClass): 204 DELETE http://10.180.1.21/identity/v3/projects/81be65758cb44b01a6bc197573413aad 0.090s
2025-11-17 14:34:40.554 66319 INFO tempest.lib.common.rest_client [req-0d95f4e3-33fc-417f-b8dc-d924f9dbd6ea req-0d95f4e3-33fc-417f-b8dc-d924f9dbd6ea ] Request (ImagesOneServerNegativeTestJSON:setUpClass): 201 POST http://10.180.1.21/identity/v3/auth/tokens 0.072s
2025-11-17 14:34:40.586 66319 INFO tempest.lib.common.rest_client [req-8b0a5911-aebb-40c4-bff3-e02c7bc6dba9 req-8b0a5911-aebb-40c4-bff3-e02c7bc6dba9 ] Request (ImagesOneServerNegativeTestJSON:setUpClass): 201 POST http://10.180.1.21/identity/v3/auth/tokens 0.029s
2025-11-17 14:34:40.620 66319 INFO tempest.lib.common.rest_client [req-20737d62-eb56-4750-a714-b2943892f662 req-20737d62-eb56-4750-a714-b2943892f662 ] Request (ImagesOneServerNegativeTestJSON:setUpClass): 200 GET http://10.180.1.21/identity/v3/domains?name=Default 0.033s
2025-11-17 14:34:40.651 66319 INFO tempest.lib.common.rest_client [req-ba8f3697-e192-4e46-adce-9b4675842f9e req-ba8f3697-e192-4e46-adce-9b4675842f9e ] Request (ImagesOneServerNegativeTestJSON:setUpClass): 201 POST http://10.180.1.21/identity/v3/projects 0.031s
2025-11-17 14:34:40.673 66305 INFO tempest.lib.common.rest_client [req-98c8af10-a073-4a00-a373-f96e173ef269 req-98c8af10-a073-4a00-a373-f96e173ef269 ] Request (QuotasAdminTestJSON:tearDownClass): 200 GET http://10.180.1.21/networking/v2.0/security-groups?tenant_id=7c2a367df62648ee9d2ea9fd85fa6f01&name=default 0.552s
2025-11-17 14:34:40.722 66347 INFO tempest.lib.common.rest_client [req-cd09937b-6551-4548-b92e-df78334a99e5 req-cd09937b-6551-4548-b92e-df78334a99e5 ] Request (ServerMetadataNegativeTestJSON:setUpClass): 200 GET http://10.180.1.21/compute/v2.1/servers/864398b7-5b6d-486e-8190-46f930718874 2.914s
2025-11-17 14:34:40.731 66347 INFO tempest.common.waiters [-] State transition "BUILD/spawning" ==> "ACTIVE/None" after 31 second wait
2025-11-17 14:34:40.735 66319 INFO tempest.lib.common.rest_client [req-2be0c568-aacd-44d6-a2ef-201239521334 req-2be0c568-aacd-44d6-a2ef-201239521334 ] Request (ImagesOneServerNegativeTestJSON:setUpClass): 201 POST http://10.180.1.21/identity/v3/users 0.083s
2025-11-17 14:34:40.761 66319 INFO tempest.lib.common.rest_client [req-5df94d2d-ddfc-451d-98f0-b9e68240c23a req-5df94d2d-ddfc-451d-98f0-b9e68240c23a ] Request (ImagesOneServerNegativeTestJSON:setUpClass): 200 GET http://10.180.1.21/identity/v3/roles 0.025s
2025-11-17 14:34:40.797 66319 INFO tempest.lib.common.rest_client [req-5b391b55-7330-4869-8a42-618700337404 req-5b391b55-7330-4869-8a42-618700337404 ] Request (ImagesOneServerNegativeTestJSON:setUpClass): 204 PUT http://10.180.1.21/identity/v3/projects/04cad39eae3c4805b26557cd5544a16f/users/e8150ddad71f429ab289c8bfef4655cc/roles/f90f3b9106134b4b80ef4af5c4f707ec 0.036s
2025-11-17 14:34:40.798 66319 INFO tempest.lib.common.dynamic_creds [-] Dynamic test user e8150ddad71f429ab289c8bfef4655cc is created with scope project and roles: ['member']
2025-11-17 14:34:40.798 66319 INFO tempest.lib.common.dynamic_creds [-] Acquired dynamic creds: credentials: Credentials: {'domain_id': 'default', 'domain_name': 'Default', 'username': 'tempest-ImagesOneServerNegativeTestJSON-343984787-project-member', 'project_domain_id': 'default', 'project_domain_name': 'Default', 'project_id': '04cad39eae3c4805b26557cd5544a16f', 'project_name': 'tempest-ImagesOneServerNegativeTestJSON-343984787', 'tenant_id': '04cad39eae3c4805b26557cd5544a16f', 'tenant_name': 'tempest-ImagesOneServerNegativeTestJSON-343984787', 'user_domain_id': 'default', 'user_domain_name': 'Default', 'user_id': 'e8150ddad71f429ab289c8bfef4655cc', 'system': None}, Network: None, Subnet: None, Router: None
2025-11-17 14:34:40.809 66347 INFO tempest.lib.common.rest_client [req-566f9882-c226-4eb4-9d5b-1f7f0abf4637 req-566f9882-c226-4eb4-9d5b-1f7f0abf4637 ] Request (ServerMetadataNegativeTestJSON:test_create_server_metadata_blank_key): 201 POST http://10.180.1.21/identity/v3/auth/tokens 0.074s
2025-11-17 14:34:40.809 66347 INFO tempest.lib.common.fixed_network [-] (ServerMetadataNegativeTestJSON:test_create_server_metadata_blank_key) Found network {'id': 'f6c32224-16bd-480d-9560-4901e4b85b4f', 'name': 'tempest-ServerMetadataNegativeTestJSON-1248980364-network', 'tenant_id': '4d7c5652855e4e95a307f33d3c10960d', 'project_id': '4d7c5652855e4e95a307f33d3c10960d', 'admin_state_up': True, 'mtu': 8950, 'status': 'ACTIVE', 'subnets': [], 'shared': False, 'port_security_enabled': True, 'router:external': False, 'provider:network_type': 'vlan', 'provider:physical_network': 'default', 'provider:segmentation_id': 178, 'availability_zone_hints': [], 'availability_zones': [], 'ipv4_address_scope': None, 'ipv6_address_scope': None, 'description': '', 'tags': [], 'created_at': '2025-11-17T14:33:56Z', 'updated_at': '2025-11-17T14:33:56Z', 'revision_number': 1} available for tenant
