2025-11-17 14:37:29.382 66349 INFO tempest.lib.common.rest_client [req-c378af02-f21d-4df3-a29a-4daf603c1217 req-c378af02-f21d-4df3-a29a-4daf603c1217 ] Request (ListServerFiltersTestJSON:tearDownClass): 200 GET http://10.180.1.21/compute/v2.1/servers/3308a205-c2bc-44c6-9f89-e7704d4774d1 0.260s
2025-11-17 14:37:29.400 66323 INFO tempest.lib.common.rest_client [req-43b69920-a3a8-4d23-a83f-ae671196ffc7 req-43b69920-a3a8-4d23-a83f-ae671196ffc7 ] Request (FloatingIPsAssociationNegativeTestJSON:tearDownClass): 200 GET http://10.180.1.21/compute/v2.1/servers/9e3679af-f405-4dc1-81c9-3e0ee90ce45c 0.156s
2025-11-17 14:37:29.452 66319 INFO tempest.lib.common.rest_client [req-726ef716-b002-4b8a-85dc-feac02b037f3 req-726ef716-b002-4b8a-85dc-feac02b037f3 ] Request (ImagesOneServerNegativeTestJSON:_run_cleanups): 200 GET http://10.180.1.21/compute/v2.1/servers/54d07e34-c120-4c93-a465-6410caa88121 0.143s
2025-11-17 14:37:29.485 66313 INFO tempest.lib.common.rest_client [req-3827eb8f-58d3-4020-84da-5dfbb5158a41 req-3827eb8f-58d3-4020-84da-5dfbb5158a41 ] Request (ServerRescueTestJSON:setUpClass): 200 GET http://10.180.1.21/compute/v2.1/servers/329ac5cc-582d-4ce9-8962-413086565e84 0.121s
2025-11-17 14:37:29.514 66339 INFO tempest.lib.common.rest_client [req-8257fee7-28be-4d2c-b658-8487756a1189 req-8257fee7-28be-4d2c-b658-8487756a1189 ] Request (ServerShowV247Test:test_update_rebuild_list_server): 200 GET http://10.180.1.21/compute/v2.1/servers/46e047d0-0d82-4fd9-8dde-8ea693f3fa37 0.142s
2025-11-17 14:37:29.555 66345 INFO tempest.lib.common.rest_client [req-b0481c29-c06f-4dcc-b13b-f2b8e36f207a req-b0481c29-c06f-4dcc-b13b-f2b8e36f207a ] Request (ServerMetadataTestJSON:tearDownClass): 200 GET http://10.180.1.21/compute/v2.1/servers/ba6e4068-f940-428e-b415-b11f7ec83857 0.111s
2025-11-17 14:37:29.583 66331 INFO tempest.lib.common.rest_client [req-e638055c-0118-4239-baf4-f7c6dfad5ca0 req-e638055c-0118-4239-baf4-f7c6dfad5ca0 ] Request (ServerGroupTestJSON:test_create_server_with_scheduler_hint_group): 200 GET http://10.180.1.21/compute/v2.1/servers/ef965056-5b15-4287-9530-6ec1c532cc6f 0.057s
2025-11-17 14:37:29.685 66341 INFO tempest.lib.common.rest_client [req-218fd5fd-7934-4c23-ad18-87853b576373 req-218fd5fd-7934-4c23-ad18-87853b576373 ] Request (ServerActionsTestOtherB:setUpClass): 200 GET http://10.180.1.21/compute/v2.1/servers/811d8ad9-137c-4720-9c9b-071e4eb3f7ce 0.081s
2025-11-17 14:37:29.711 66305 INFO tempest.lib.common.rest_client [req-1c9fe172-c79c-46df-9f4d-03597bfa38af req-1c9fe172-c79c-46df-9f4d-03597bfa38af ] Request (ServersAdminTestJSON:setUpClass): 200 GET http://10.180.1.21/compute/v2.1/servers/36cdd11a-35ef-4928-9b93-b2e8e54c3e53 0.168s
2025-11-17 14:37:29.822 66303 INFO tempest.lib.common.rest_client [req-e3daf283-c152-4c13-a637-00cb75c13112 req-e3daf283-c152-4c13-a637-00cb75c13112 ] Request (SecurityGroupsTestJSON:test_list_security_groups_by_server): 200 GET http://10.180.1.21/compute/v2.1/servers/a7c065af-ee14-4196-b7d9-4a0b7971b6ec 0.131s
2025-11-17 14:37:29.846 66355 INFO tempest.lib.common.rest_client [req-c3646f58-e61c-40ab-a165-2e9ba8b5ea84 req-c3646f58-e61c-40ab-a165-2e9ba8b5ea84 ] Request (ServerActionsTestOtherA:test_rebuild_server_in_stop_state): 200 GET http://10.180.1.21/compute/v2.1/servers/ef772d2e-a2fd-4e58-af98-1e0599f28fbc 0.217s
2025-11-17 14:37:29.903 66329 INFO tempest.lib.common.rest_client [req-fafb91e7-f716-463c-807d-c900b86b30ac req-fafb91e7-f716-463c-807d-c900b86b30ac ] Request (ServerRescueNegativeTestJSON:setUpClass): 200 GET http://10.180.1.21/compute/v2.1/servers/d99d4515-7d38-46d6-9c66-457170cb3e52 0.133s
2025-11-17 14:37:29.935 66359 INFO tempest.lib.common.rest_client [req-8ef25329-da26-4bd2-90a7-5815c121ad7b req-8ef25329-da26-4bd2-90a7-5815c121ad7b ] Request (DeleteServersTestJSON:test_delete_server_while_in_attached_volume): 200 GET http://10.180.1.21/compute/v2.1/servers/18eba7f8-31cc-4a75-b73a-b279853d125a 0.150s
2025-11-17 14:37:30.035 66309 INFO tempest.lib.common.rest_client [req-8b86204f-d9e0-439a-82a8-349e54bec00e req-8b86204f-d9e0-439a-82a8-349e54bec00e ] Request (ServersListShow2100Test:test_list_show_rebuild_update_server_2100): 200 GET http://10.180.1.21/compute/v2.1/servers/ee345f1c-b3ae-48b8-959c-c0e5d33f136b 0.091s
2025-11-17 14:37:30.182 66321 INFO tempest.lib.common.rest_client [req-764cdead-9fd7-4094-852c-047901712156 req-764cdead-9fd7-4094-852c-047901712156 ] Request (InstanceActionsTestJSON:tearDownClass): 200 GET http://10.180.1.21/compute/v2.1/servers/e1c123d7-cb49-4e2a-a70e-62866a17702f 0.103s
2025-11-17 14:37:30.234 66363 INFO tempest.lib.common.rest_client [req-ec5cfaf7-0c15-4f4a-a127-26ef709349ef req-ec5cfaf7-0c15-4f4a-a127-26ef709349ef ] Request (ServerExternalEventsTest:tearDownClass): 200 GET http://10.180.1.21/compute/v2.1/servers/728a7240-9509-4449-a71d-44be5ae1e63c 0.175s
2025-11-17 14:37:30.238 66315 INFO tempest.lib.common.rest_client [req-47232b6d-ad6e-4c22-bdfa-2c26898df97a req-47232b6d-ad6e-4c22-bdfa-2c26898df97a ] Request (ListImageFiltersTestJSON:setUpClass): 200 GET http://10.180.1.21/compute/v2.1/images/c3304433-4c26-4e18-abec-2c771498d7ab 0.121s
2025-11-17 14:37:30.379 66358 INFO tempest.lib.common.rest_client [req-b654ed87-8ed3-4023-959f-d226e5e74ea4 req-b654ed87-8ed3-4023-959f-d226e5e74ea4 ] Request (ImagesTestJSON:test_create_server_from_snapshot): 200 GET http://10.180.1.21/compute/v2.1/servers/5129b964-14d3-4417-8107-28ad1e7a43e3 0.116s
2025-11-17 14:37:30.403 66343 INFO tempest.lib.common.rest_client [req-1c7b605f-5e8e-4bb9-9a87-6d347c5b6edf req-1c7b605f-5e8e-4bb9-9a87-6d347c5b6edf ] Request (ServerAddressesNegativeTestJSON:tearDownClass): 200 GET http://10.180.1.21/compute/v2.1/servers/42681067-538e-43fe-8055-ea562909c5a8 0.271s
2025-11-17 14:37:30.419 66343 INFO tempest.common.waiters [-] State transition "ACTIVE/deleting" ==> "DELETED/None" after 4 second wait
2025-11-17 14:37:30.518 66353 INFO tempest.lib.common.rest_client [req-7e611ae5-04f9-4895-9d80-da490302c87f req-7e611ae5-04f9-4895-9d80-da490302c87f ] Request (ServersTestManualDisk:setUpClass): 200 GET http://10.180.1.21/compute/v2.1/servers/f842bb4a-08fc-4160-9275-0a36c4f67de2 0.183s
2025-11-17 14:37:30.551 66337 INFO tempest.lib.common.rest_client [req-98079b87-6ff5-4813-a89b-a01769430824 req-98079b87-6ff5-4813-a89b-a01769430824 ] Request (MigrationsAdminTest:test_resize_server_revert_deleted_flavor): 200 GET http://10.180.1.21/compute/v2.1/servers/3265bd0a-4ff8-4918-94db-af70314e84cf 0.261s
2025-11-17 14:37:30.588 66311 INFO tempest.lib.common.rest_client [req-ef2b440d-ccce-4d26-95c8-73d16f4e6ded req-ef2b440d-ccce-4d26-95c8-73d16f4e6ded ] Request (ServerDiskConfigTestJSON:setUpClass): 201 POST http://10.180.1.21/networking/v2.0/routers 1.353s
2025-11-17 14:37:30.600 66349 INFO tempest.lib.common.rest_client [req-4e54a4d8-dbe0-4d24-b954-375c491b862f req-4e54a4d8-dbe0-4d24-b954-375c491b862f ] Request (ListServerFiltersTestJSON:tearDownClass): 200 GET http://10.180.1.21/compute/v2.1/servers/3308a205-c2bc-44c6-9f89-e7704d4774d1 0.209s
2025-11-17 14:37:30.636 66323 INFO tempest.lib.common.rest_client [req-dfc70854-eeed-4131-80ec-04c6193ebfe3 req-dfc70854-eeed-4131-80ec-04c6193ebfe3 ] Request (FloatingIPsAssociationNegativeTestJSON:tearDownClass): 200 GET http://10.180.1.21/compute/v2.1/servers/9e3679af-f405-4dc1-81c9-3e0ee90ce45c 0.222s
2025-11-17 14:37:30.687 66319 INFO tempest.lib.common.rest_client [req-81ffdab2-11a2-4b57-8e78-88342828bfa3 req-81ffdab2-11a2-4b57-8e78-88342828bfa3 ] Request (ImagesOneServerNegativeTestJSON:_run_cleanups): 200 GET http://10.180.1.21/compute/v2.1/servers/54d07e34-c120-4c93-a465-6410caa88121 0.227s
2025-11-17 14:37:30.705 66313 INFO tempest.lib.common.rest_client [req-6f7c43d7-3dd8-4a8b-9c77-ff90f8c51b8d req-6f7c43d7-3dd8-4a8b-9c77-ff90f8c51b8d ] Request (ServerRescueTestJSON:setUpClass): 200 GET http://10.180.1.21/compute/v2.1/servers/329ac5cc-582d-4ce9-8962-413086565e84 0.211s
2025-11-17 14:37:30.768 66339 INFO tempest.lib.common.rest_client [req-e1fc8713-8387-4e24-a840-7d672240c6a6 req-e1fc8713-8387-4e24-a840-7d672240c6a6 ] Request (ServerShowV247Test:test_update_rebuild_list_server): 200 GET http://10.180.1.21/compute/v2.1/servers/46e047d0-0d82-4fd9-8dde-8ea693f3fa37 0.242s
2025-11-17 14:37:30.787 66345 INFO tempest.lib.common.rest_client [req-ef70ca26-fac8-4437-8271-3d53e99991a7 req-ef70ca26-fac8-4437-8271-3d53e99991a7 ] Request (ServerMetadataTestJSON:tearDownClass): 200 GET http://10.180.1.21/compute/v2.1/servers/ba6e4068-f940-428e-b415-b11f7ec83857 0.222s
2025-11-17 14:37:30.838 66331 INFO tempest.lib.common.rest_client [req-373e3b34-844e-4974-a7c4-6dde3641afef req-373e3b34-844e-4974-a7c4-6dde3641afef ] Request (ServerGroupTestJSON:test_create_server_with_scheduler_hint_group): 200 GET http://10.180.1.21/compute/v2.1/servers/ef965056-5b15-4287-9530-6ec1c532cc6f 0.246s
2025-11-17 14:37:30.857 66341 INFO tempest.lib.common.rest_client [req-e00a208a-6371-4324-9b76-7279388e9ca9 req-e00a208a-6371-4324-9b76-7279388e9ca9 ] Request (ServerActionsTestOtherB:setUpClass): 200 GET http://10.180.1.21/compute/v2.1/servers/811d8ad9-137c-4720-9c9b-071e4eb3f7ce 0.163s
2025-11-17 14:37:30.971 66303 INFO tempest.lib.common.rest_client [req-ee362851-ade1-432f-948b-54230c048697 req-ee362851-ade1-432f-948b-54230c048697 ] Request (SecurityGroupsTestJSON:test_list_security_groups_by_server): 200 GET http://10.180.1.21/compute/v2.1/servers/a7c065af-ee14-4196-b7d9-4a0b7971b6ec 0.135s
2025-11-17 14:37:31.233 66305 INFO tempest.lib.common.rest_client [req-ad2edeae-50b3-4c7d-8ce6-9007403e6783 req-ad2edeae-50b3-4c7d-8ce6-9007403e6783 ] Request (ServersAdminTestJSON:setUpClass): 200 GET http://10.180.1.21/compute/v2.1/servers/36cdd11a-35ef-4928-9b93-b2e8e54c3e53 0.513s
2025-11-17 14:37:31.295 66355 INFO tempest.lib.common.rest_client [req-be21f56d-df59-44a4-af29-640104ba3b52 req-be21f56d-df59-44a4-af29-640104ba3b52 ] Request (ServerActionsTestOtherA:test_rebuild_server_in_stop_state): 200 GET http://10.180.1.21/compute/v2.1/servers/ef772d2e-a2fd-4e58-af98-1e0599f28fbc 0.441s
2025-11-17 14:37:31.306 66355 INFO tempest.common.waiters [-] State transition "REBUILD/rebuilding" ==> "REBUILD/rebuild_spawning" after 3 second wait
2025-11-17 14:37:31.312 66329 INFO tempest.lib.common.rest_client [req-69c70d41-f80b-407d-bdc4-b26bbc7b1987 req-69c70d41-f80b-407d-bdc4-b26bbc7b1987 ] Request (ServerRescueNegativeTestJSON:setUpClass): 200 GET http://10.180.1.21/compute/v2.1/servers/d99d4515-7d38-46d6-9c66-457170cb3e52 0.398s
2025-11-17 14:37:31.373 66359 INFO tempest.lib.common.rest_client [req-d03f55ff-d8b0-48f4-9658-2a23ddd52274 req-d03f55ff-d8b0-48f4-9658-2a23ddd52274 ] Request (DeleteServersTestJSON:test_delete_server_while_in_attached_volume): 200 GET http://10.180.1.21/compute/v2.1/servers/18eba7f8-31cc-4a75-b73a-b279853d125a 0.428s
2025-11-17 14:37:31.399 66309 INFO tempest.lib.common.rest_client [req-fef3e24e-1d12-4e7f-8109-142bcea3ffcd req-fef3e24e-1d12-4e7f-8109-142bcea3ffcd ] Request (ServersListShow2100Test:test_list_show_rebuild_update_server_2100): 200 GET http://10.180.1.21/compute/v2.1/servers/ee345f1c-b3ae-48b8-959c-c0e5d33f136b 0.348s
2025-11-17 14:37:31.450 66315 INFO tempest.lib.common.rest_client [req-260ea4e7-c12d-43fd-830b-f9426a5518d1 req-260ea4e7-c12d-43fd-830b-f9426a5518d1 ] Request (ListImageFiltersTestJSON:setUpClass): 200 GET http://10.180.1.21/compute/v2.1/images/c3304433-4c26-4e18-abec-2c771498d7ab 0.207s
2025-11-17 14:37:31.470 66321 INFO tempest.lib.common.rest_client [req-c6178ed5-1020-4f81-96cd-2bcf51578894 req-c6178ed5-1020-4f81-96cd-2bcf51578894 ] Request (InstanceActionsTestJSON:tearDownClass): 200 GET http://10.180.1.21/compute/v2.1/servers/e1c123d7-cb49-4e2a-a70e-62866a17702f 0.272s
2025-11-17 14:37:31.521 66363 INFO tempest.lib.common.rest_client [req-d029c6c3-ca76-4b9c-8eeb-052043a303b5 req-d029c6c3-ca76-4b9c-8eeb-052043a303b5 ] Request (ServerExternalEventsTest:tearDownClass): 200 GET http://10.180.1.21/compute/v2.1/servers/728a7240-9509-4449-a71d-44be5ae1e63c 0.276s
2025-11-17 14:37:31.541 66358 INFO tempest.lib.common.rest_client [req-5b8b9a7e-3330-499c-96de-7617a2e401e3 req-5b8b9a7e-3330-499c-96de-7617a2e401e3 ] Request (ImagesTestJSON:test_create_server_from_snapshot): 200 GET http://10.180.1.21/compute/v2.1/servers/5129b964-14d3-4417-8107-28ad1e7a43e3 0.151s
2025-11-17 14:37:31.577 66311 INFO tempest.lib.common.rest_client [req-edd0eb26-21fe-49dc-8630-f21eeec01f01 req-edd0eb26-21fe-49dc-8630-f21eeec01f01 ] Request (ServerDiskConfigTestJSON:setUpClass): 200 PUT http://10.180.1.21/networking/v2.0/routers/97d5df18-a25e-4392-949f-ecfd3e433f2a/add_router_interface 0.989s
2025-11-17 14:37:31.578 66311 INFO tempest.lib.common.dynamic_creds [-] Created isolated network resources for: credentials: Credentials: {'domain_id': 'default', 'domain_name': 'Default', 'username': 'tempest-ServerDiskConfigTestJSON-912560148-project-member', 'project_domain_id': 'default', 'project_domain_name': 'Default', 'project_id': 'e7f80ab604934fa3b2faf116c4f273bd', 'project_name': 'tempest-ServerDiskConfigTestJSON-912560148', 'tenant_id': 'e7f80ab604934fa3b2faf116c4f273bd', 'tenant_name': 'tempest-ServerDiskConfigTestJSON-912560148', 'user_domain_id': 'default', 'user_domain_name': 'Default', 'user_id': 'cce9bcd612a74e3395f3136c03a1261b', 'system': None}, Network: {'id': '1d43fdec-cb5a-41ff-946c-16b5e67361b4', 'name': 'tempest-ServerDiskConfigTestJSON-1870715779-network', 'tenant_id': 'e7f80ab604934fa3b2faf116c4f273bd', 'project_id': 'e7f80ab604934fa3b2faf116c4f273bd', 'admin_state_up': True, 'mtu': 8950, 'status': 'ACTIVE', 'subnets': [], 'shared': False, 'port_security_enabled': True, 'router:external': False, 'provider:network_type': 'vlan', 'provider:physical_network': 'default', 'provider:segmentation_id': 839, 'availability_zone_hints': [], 'availability_zones': [], 'ipv4_address_scope': None, 'ipv6_address_scope': None, 'description': '', 'tags': [], 'created_at': '2025-11-17T14:37:28Z', 'updated_at': '2025-11-17T14:37:28Z', 'revision_number': 1}, Subnet: {'id': 'f2460425-10c0-444f-958f-a9ef03334b07', 'name': 'tempest-ServerDiskConfigTestJSON-1870715779-subnet', 'tenant_id': 'e7f80ab604934fa3b2faf116c4f273bd', 'network_id': '1d43fdec-cb5a-41ff-946c-16b5e67361b4', 'ip_version': 4, 'subnetpool_id': None, 'enable_dhcp': True, 'ipv6_ra_mode': None, 'ipv6_address_mode': None, 'gateway_ip': '192.168.128.1', 'cidr': '192.168.128.0/28', 'allocation_pools': [{'start': '192.168.128.2', 'end': '192.168.128.14'}], 'host_routes': [], 'dns_nameservers': [], 'description': '', 'router:external': False, 'service_types': [], 'tags': [], 'created_at': '2025-11-17T14:37:29Z', 'updated_at': '2025-11-17T14:37:29Z', 'revision_number': 0, 'project_id': 'e7f80ab604934fa3b2faf116c4f273bd'}, Router: {'id': '97d5df18-a25e-4392-949f-ecfd3e433f2a', 'name': 'tempest-ServerDiskConfigTestJSON-1870715779-router', 'tenant_id': 'e7f80ab604934fa3b2faf116c4f273bd', 'admin_state_up': True, 'status': 'ACTIVE', 'external_gateway_info': {'network_id': 'edb4681e-d15f-40d7-bb23-fe500af538f7', 'external_fixed_ips': [{'subnet_id': '164dfb00-053a-4c9d-aeec-67980205d700', 'ip_address': '10.180.180.150'}], 'enable_snat': True}, 'description': '', 'availability_zones': [], 'distributed': False, 'ha': False, 'availability_zone_hints': [], 'routes': [], 'flavor_id': None, 'tags': [], 'created_at': '2025-11-17T14:37:29Z', 'updated_at': '2025-11-17T14:37:29Z', 'revision_number': 2, 'project_id': 'e7f80ab604934fa3b2faf116c4f273bd'}
2025-11-17 14:37:31.588 66343 INFO tempest.lib.common.rest_client [req-c6cc551f-0458-4d40-a347-05dc95cfeca2 req-c6cc551f-0458-4d40-a347-05dc95cfeca2 ] Request (ServerAddressesNegativeTestJSON:tearDownClass): 200 GET http://10.180.1.21/compute/v2.1/servers/42681067-538e-43fe-8055-ea562909c5a8 0.168s
2025-11-17 14:37:31.628 66353 INFO tempest.lib.common.rest_client [req-e14a791e-bb0c-4c16-b076-587c94836492 req-e14a791e-bb0c-4c16-b076-587c94836492 ] Request (ServersTestManualDisk:setUpClass): 200 GET http://10.180.1.21/compute/v2.1/servers/f842bb4a-08fc-4160-9275-0a36c4f67de2 0.099s
2025-11-17 14:37:31.679 66311 INFO tempest.lib.common.rest_client [req-5b81559a-68a0-40a0-8c3d-492b506ad959 req-5b81559a-68a0-40a0-8c3d-492b506ad959 ] Request (ServerDiskConfigTestJSON:setUpClass): 201 POST http://10.180.1.21/identity/v3/auth/tokens 0.098s
2025-11-17 14:37:31.711 66349 INFO tempest.lib.common.rest_client [req-200ab0e2-ec78-4249-af52-6f980aa9ba36 req-200ab0e2-ec78-4249-af52-6f980aa9ba36 ] Request (ListServerFiltersTestJSON:tearDownClass): 200 GET http://10.180.1.21/compute/v2.1/servers/3308a205-c2bc-44c6-9f89-e7704d4774d1 0.101s
2025-11-17 14:37:31.719 66311 INFO tempest.lib.common.rest_client [req-3ae998b2-9aa0-45fc-9adb-ab58ffca42d3 req-3ae998b2-9aa0-45fc-9adb-ab58ffca42d3 ] Request (ServerDiskConfigTestJSON:test_rebuild_server_with_auto_disk_config): 201 POST http://10.180.1.21/identity/v3/auth/tokens 0.035s
2025-11-17 14:37:31.719 66311 INFO tempest.lib.common.fixed_network [-] (ServerDiskConfigTestJSON:test_rebuild_server_with_auto_disk_config) Found network {'id': '1d43fdec-cb5a-41ff-946c-16b5e67361b4', 'name': 'tempest-ServerDiskConfigTestJSON-1870715779-network', 'tenant_id': 'e7f80ab604934fa3b2faf116c4f273bd', 'project_id': 'e7f80ab604934fa3b2faf116c4f273bd', 'admin_state_up': True, 'mtu': 8950, 'status': 'ACTIVE', 'subnets': [], 'shared': False, 'port_security_enabled': True, 'router:external': False, 'provider:network_type': 'vlan', 'provider:physical_network': 'default', 'provider:segmentation_id': 839, 'availability_zone_hints': [], 'availability_zones': [], 'ipv4_address_scope': None, 'ipv6_address_scope': None, 'description': '', 'tags': [], 'created_at': '2025-11-17T14:37:28Z', 'updated_at': '2025-11-17T14:37:28Z', 'revision_number': 1} available for tenant
2025-11-17 14:37:31.725 66337 INFO tempest.lib.common.rest_client [req-ea1cebdd-d166-47cd-9478-32464bb9d4d9 req-ea1cebdd-d166-47cd-9478-32464bb9d4d9 ] Request (MigrationsAdminTest:test_resize_server_revert_deleted_flavor): 200 GET http://10.180.1.21/compute/v2.1/servers/3265bd0a-4ff8-4918-94db-af70314e84cf 0.162s
2025-11-17 14:37:31.782 66323 INFO tempest.lib.common.rest_client [req-95a6b18c-7835-4d75-be4d-8c19f2d447d8 req-95a6b18c-7835-4d75-be4d-8c19f2d447d8 ] Request (FloatingIPsAssociationNegativeTestJSON:tearDownClass): 200 GET http://10.180.1.21/compute/v2.1/servers/9e3679af-f405-4dc1-81c9-3e0ee90ce45c 0.133s
2025-11-17 14:37:31.794 66319 INFO tempest.lib.common.rest_client [req-d2950f24-148f-4bbd-9e00-8542f4aa5c01 req-d2950f24-148f-4bbd-9e00-8542f4aa5c01 ] Request (ImagesOneServerNegativeTestJSON:_run_cleanups): 200 GET http://10.180.1.21/compute/v2.1/servers/54d07e34-c120-4c93-a465-6410caa88121 0.093s
2025-11-17 14:37:31.802 66319 INFO tempest.common.waiters [-] State transition "BUILD/scheduling" ==> "BUILD/None" after 28 second wait
2025-11-17 14:37:31.858 66313 INFO tempest.lib.common.rest_client [req-9af70f34-e3b1-4cc4-878b-8bff81e56d04 req-9af70f34-e3b1-4cc4-878b-8bff81e56d04 ] Request (ServerRescueTestJSON:setUpClass): 200 GET http://10.180.1.21/compute/v2.1/servers/329ac5cc-582d-4ce9-8962-413086565e84 0.143s
2025-11-17 14:37:31.939 66339 INFO tempest.lib.common.rest_client [req-c9e2b8bc-3275-4f52-8406-fb9d05908264 req-c9e2b8bc-3275-4f52-8406-fb9d05908264 ] Request (ServerShowV247Test:test_update_rebuild_list_server): 200 GET http://10.180.1.21/compute/v2.1/servers/46e047d0-0d82-4fd9-8dde-8ea693f3fa37 0.157s
2025-11-17 14:37:32.025 66345 INFO tempest.lib.common.rest_client [req-b36fda01-5259-4d9b-8976-15dc6e402203 req-b36fda01-5259-4d9b-8976-15dc6e402203 ] Request (ServerMetadataTestJSON:tearDownClass): 200 GET http://10.180.1.21/compute/v2.1/servers/ba6e4068-f940-428e-b415-b11f7ec83857 0.223s
2025-11-17 14:37:32.083 66331 INFO tempest.lib.common.rest_client [req-13231f62-055b-4c69-bf3e-dc801de2444e req-13231f62-055b-4c69-bf3e-dc801de2444e ] Request (ServerGroupTestJSON:test_create_server_with_scheduler_hint_group): 200 GET http://10.180.1.21/compute/v2.1/servers/ef965056-5b15-4287-9530-6ec1c532cc6f 0.233s
2025-11-17 14:37:32.136 66341 INFO tempest.lib.common.rest_client [req-3718d6de-c5d6-49d9-a546-40bcc1c0c5d5 req-3718d6de-c5d6-49d9-a546-40bcc1c0c5d5 ] Request (ServerActionsTestOtherB:setUpClass): 200 GET http://10.180.1.21/compute/v2.1/servers/811d8ad9-137c-4720-9c9b-071e4eb3f7ce 0.268s
2025-11-17 14:37:32.188 66303 INFO tempest.lib.common.rest_client [req-12b1af40-d410-48ab-b64d-8622d90598cc req-12b1af40-d410-48ab-b64d-8622d90598cc ] Request (SecurityGroupsTestJSON:test_list_security_groups_by_server): 200 GET http://10.180.1.21/compute/v2.1/servers/a7c065af-ee14-4196-b7d9-4a0b7971b6ec 0.204s
2025-11-17 14:37:32.271 66311 INFO tempest.lib.common.rest_client [req-a761a861-a605-4c35-9a21-d0c4971991b7 req-a761a861-a605-4c35-9a21-d0c4971991b7 ] Request (ServerDiskConfigTestJSON:test_rebuild_server_with_auto_disk_config): 202 POST http://10.180.1.21/compute/v2.1/servers 0.551s
2025-11-17 14:37:32.325 66311 INFO tempest.lib.common.rest_client [req-3c073e0b-96c0-4973-bbf1-c6a6e7c8f4c3 req-3c073e0b-96c0-4973-bbf1-c6a6e7c8f4c3 ] Request (ServerDiskConfigTestJSON:test_rebuild_server_with_auto_disk_config): 200 GET http://10.180.1.21/compute/v2.1/servers/d4899cd5-04a0-41a9-a70f-b235f279dcaa 0.052s
2025-11-17 14:37:32.368 66305 INFO tempest.lib.common.rest_client [req-142c34ac-713e-42cd-8671-6ed66c43a9d6 req-142c34ac-713e-42cd-8671-6ed66c43a9d6 ] Request (ServersAdminTestJSON:setUpClass): 200 GET http://10.180.1.21/compute/v2.1/servers/36cdd11a-35ef-4928-9b93-b2e8e54c3e53 0.123s
2025-11-17 14:37:32.422 66329 INFO tempest.lib.common.rest_client [req-4c683a15-8294-4a92-ab47-070bbf525c6c req-4c683a15-8294-4a92-ab47-070bbf525c6c ] Request (ServerRescueNegativeTestJSON:setUpClass): 200 GET http://10.180.1.21/compute/v2.1/servers/d99d4515-7d38-46d6-9c66-457170cb3e52 0.096s
2025-11-17 14:37:32.450 66355 INFO tempest.lib.common.rest_client [req-326a6c7b-b620-4e69-b3dd-1007a38c6ccb req-326a6c7b-b620-4e69-b3dd-1007a38c6ccb ] Request (ServerActionsTestOtherA:test_rebuild_server_in_stop_state): 200 GET http://10.180.1.21/compute/v2.1/servers/ef772d2e-a2fd-4e58-af98-1e0599f28fbc 0.140s
2025-11-17 14:37:32.485 66359 INFO tempest.lib.common.rest_client [req-9d53fa39-8f0a-4d1f-bbd2-72c2aead38de req-9d53fa39-8f0a-4d1f-bbd2-72c2aead38de ] Request (DeleteServersTestJSON:test_delete_server_while_in_attached_volume): 200 GET http://10.180.1.21/compute/v2.1/servers/18eba7f8-31cc-4a75-b73a-b279853d125a 0.098s
2025-11-17 14:37:32.514 66309 INFO tempest.lib.common.rest_client [req-1116f54b-f168-40a3-82d3-deb51801dab4 req-1116f54b-f168-40a3-82d3-deb51801dab4 ] Request (ServersListShow2100Test:test_list_show_rebuild_update_server_2100): 200 GET http://10.180.1.21/compute/v2.1/servers/ee345f1c-b3ae-48b8-959c-c0e5d33f136b 0.102s
2025-11-17 14:37:32.522 66315 INFO tempest.lib.common.rest_client [req-714a3f0a-1369-4e73-9d62-82ffca7fb08c req-714a3f0a-1369-4e73-9d62-82ffca7fb08c ] Request (ListImageFiltersTestJSON:setUpClass): 200 GET http://10.180.1.21/compute/v2.1/images/c3304433-4c26-4e18-abec-2c771498d7ab 0.066s
2025-11-17 14:37:32.570 66321 INFO tempest.lib.common.rest_client [req-1e152a37-404c-4376-b2dc-838ca8ff3cf7 req-1e152a37-404c-4376-b2dc-838ca8ff3cf7 ] Request (InstanceActionsTestJSON:tearDownClass): 200 GET http://10.180.1.21/compute/v2.1/servers/e1c123d7-cb49-4e2a-a70e-62866a17702f 0.091s
2025-11-17 14:37:32.595 66363 INFO tempest.lib.common.rest_client [req-9fda1e43-c80a-4e5d-97c3-2330d5b3114e req-9fda1e43-c80a-4e5d-97c3-2330d5b3114e ] Request (ServerExternalEventsTest:tearDownClass): 200 GET http://10.180.1.21/compute/v2.1/servers/728a7240-9509-4449-a71d-44be5ae1e63c 0.064s
2025-11-17 14:37:32.603 66363 INFO tempest.common.waiters [-] State transition "ACTIVE/deleting" ==> "DELETED/None" after 3 second wait
2025-11-17 14:37:32.627 66358 INFO tempest.lib.common.rest_client [req-b735e02b-fa3d-4b72-8714-d208cb8646c1 req-b735e02b-fa3d-4b72-8714-d208cb8646c1 ] Request (ImagesTestJSON:test_create_server_from_snapshot): 200 GET http://10.180.1.21/compute/v2.1/servers/5129b964-14d3-4417-8107-28ad1e7a43e3 0.074s
2025-11-17 14:37:32.668 66343 INFO tempest.lib.common.rest_client [req-4ab2f0d0-a9ac-4bfe-ae4c-fe0d391b9623 req-4ab2f0d0-a9ac-4bfe-ae4c-fe0d391b9623 ] Request (ServerAddressesNegativeTestJSON:tearDownClass): 200 GET http://10.180.1.21/compute/v2.1/servers/42681067-538e-43fe-8055-ea562909c5a8 0.071s
2025-11-17 14:37:32.705 66353 INFO tempest.lib.common.rest_client [req-92fe847f-3d1d-469a-ba4d-bab3ffccc1e1 req-92fe847f-3d1d-469a-ba4d-bab3ffccc1e1 ] Request (ServersTestManualDisk:setUpClass): 200 GET http://10.180.1.21/compute/v2.1/servers/f842bb4a-08fc-4160-9275-0a36c4f67de2 0.066s
2025-11-17 14:37:32.796 66349 INFO tempest.lib.common.rest_client [req-649ee0c9-d1ff-4f2f-969f-1e05b2a8ef9a req-649ee0c9-d1ff-4f2f-969f-1e05b2a8ef9a ] Request (ListServerFiltersTestJSON:tearDownClass): 200 GET http://10.180.1.21/compute/v2.1/servers/3308a205-c2bc-44c6-9f89-e7704d4774d1 0.075s
2025-11-17 14:37:32.895 66307 WARNING tempest.lib.common.ssh [-] Failed to establish authenticated ssh connection to cirros@10.180.180.191 ([Errno None] Unable to connect to port 22 on 10.180.180.191). Number attempts: 4. Retry after 5 seconds.: paramiko.ssh_exception.NoValidConnectionsError: [Errno None] Unable to connect to port 22 on 10.180.180.191
2025-11-17 14:37:32.909 66323 INFO tempest.lib.common.rest_client [req-41724e3a-d9d9-47f1-bef2-e89be66729a1 req-41724e3a-d9d9-47f1-bef2-e89be66729a1 ] Request (FloatingIPsAssociationNegativeTestJSON:tearDownClass): 200 GET http://10.180.1.21/compute/v2.1/servers/9e3679af-f405-4dc1-81c9-3e0ee90ce45c 0.118s
2025-11-17 14:37:32.966 66337 INFO tempest.lib.common.rest_client [req-8879f799-0778-40eb-bb5d-f2852b9e01ca req-8879f799-0778-40eb-bb5d-f2852b9e01ca ] Request (MigrationsAdminTest:test_resize_server_revert_deleted_flavor): 200 GET http://10.180.1.21/compute/v2.1/servers/3265bd0a-4ff8-4918-94db-af70314e84cf 0.230s
2025-11-17 14:37:32.968 66319 INFO tempest.lib.common.rest_client [req-d20e7d36-3360-45ca-bb8b-f8610b6aed47 req-d20e7d36-3360-45ca-bb8b-f8610b6aed47 ] Request (ImagesOneServerNegativeTestJSON:_run_cleanups): 200 GET http://10.180.1.21/compute/v2.1/servers/54d07e34-c120-4c93-a465-6410caa88121 0.163s
2025-11-17 14:37:33.020 66313 INFO tempest.lib.common.rest_client [req-8fbe0433-c7dc-4bb6-b6f9-d8d13710e129 req-8fbe0433-c7dc-4bb6-b6f9-d8d13710e129 ] Request (ServerRescueTestJSON:setUpClass): 200 GET http://10.180.1.21/compute/v2.1/servers/329ac5cc-582d-4ce9-8962-413086565e84 0.153s
2025-11-17 14:37:33.025 66339 INFO tempest.lib.common.rest_client [req-ed328612-0100-40cd-bf59-196b72354c43 req-ed328612-0100-40cd-bf59-196b72354c43 ] Request (ServerShowV247Test:test_update_rebuild_list_server): 200 GET http://10.180.1.21/compute/v2.1/servers/46e047d0-0d82-4fd9-8dde-8ea693f3fa37 0.076s
2025-11-17 14:37:33.076 66351 WARNING tempest.lib.common.ssh [-] Failed to establish authenticated ssh connection to cirros@10.180.180.154 ([Errno None] Unable to connect to port 22 on 10.180.180.154). Number attempts: 14. Retry after 15 seconds.: paramiko.ssh_exception.NoValidConnectionsError: [Errno None] Unable to connect to port 22 on 10.180.180.154
2025-11-17 14:37:33.106 66345 INFO tempest.lib.common.rest_client [req-4be46df2-8dac-4904-8001-7a54163306ae req-4be46df2-8dac-4904-8001-7a54163306ae ] Request (ServerMetadataTestJSON:tearDownClass): 200 GET http://10.180.1.21/compute/v2.1/servers/ba6e4068-f940-428e-b415-b11f7ec83857 0.071s
2025-11-17 14:37:33.166 66331 INFO tempest.lib.common.rest_client [req-8dadb023-3b9e-4b19-b522-c833b858ec3a req-8dadb023-3b9e-4b19-b522-c833b858ec3a ] Request (ServerGroupTestJSON:test_create_server_with_scheduler_hint_group): 200 GET http://10.180.1.21/compute/v2.1/servers/ef965056-5b15-4287-9530-6ec1c532cc6f 0.074s
2025-11-17 14:37:33.204 66341 INFO tempest.lib.common.rest_client [req-6d66c712-da13-44d7-a112-c948df6cf319 req-6d66c712-da13-44d7-a112-c948df6cf319 ] Request (ServerActionsTestOtherB:setUpClass): 200 GET http://10.180.1.21/compute/v2.1/servers/811d8ad9-137c-4720-9c9b-071e4eb3f7ce 0.059s
2025-11-17 14:37:33.257 66303 INFO tempest.lib.common.rest_client [req-6a4de210-4c07-4850-b300-2f0eadcb3e51 req-6a4de210-4c07-4850-b300-2f0eadcb3e51 ] Request (SecurityGroupsTestJSON:test_list_security_groups_by_server): 200 GET http://10.180.1.21/compute/v2.1/servers/a7c065af-ee14-4196-b7d9-4a0b7971b6ec 0.059s
2025-11-17 14:37:33.395 66311 INFO tempest.lib.common.rest_client [req-50ab287d-7c11-4ced-8a70-937676524047 req-50ab287d-7c11-4ced-8a70-937676524047 ] Request (ServerDiskConfigTestJSON:test_rebuild_server_with_auto_disk_config): 200 GET http://10.180.1.21/compute/v2.1/servers/d4899cd5-04a0-41a9-a70f-b235f279dcaa 0.062s
2025-11-17 14:37:33.507 66329 INFO tempest.lib.common.rest_client [req-af49bae7-61c6-4288-a9e3-0ee1411c283f req-af49bae7-61c6-4288-a9e3-0ee1411c283f ] Request (ServerRescueNegativeTestJSON:setUpClass): 200 GET http://10.180.1.21/compute/v2.1/servers/d99d4515-7d38-46d6-9c66-457170cb3e52 0.078s
2025-11-17 14:37:33.509 66305 INFO tempest.lib.common.rest_client [req-1426e756-1949-4b23-af9f-ec0f50e919fb req-1426e756-1949-4b23-af9f-ec0f50e919fb ] Request (ServersAdminTestJSON:setUpClass): 200 GET http://10.180.1.21/compute/v2.1/servers/36cdd11a-35ef-4928-9b93-b2e8e54c3e53 0.133s
2025-11-17 14:37:33.518 66305 INFO tempest.common.waiters [-] State transition "BUILD/spawning" ==> "ACTIVE/None" after 75 second wait
2025-11-17 14:37:33.585 66359 INFO tempest.lib.common.rest_client [req-481448da-a917-4368-a4be-fa3dab0fee44 req-481448da-a917-4368-a4be-fa3dab0fee44 ] Request (DeleteServersTestJSON:test_delete_server_while_in_attached_volume): 200 GET http://10.180.1.21/compute/v2.1/servers/18eba7f8-31cc-4a75-b73a-b279853d125a 0.091s
2025-11-17 14:37:33.677 66355 INFO tempest.lib.common.rest_client [req-177d0b60-9da6-46a4-baa4-186408423f83 req-177d0b60-9da6-46a4-baa4-186408423f83 ] Request (ServerActionsTestOtherA:test_rebuild_server_in_stop_state): 200 GET http://10.180.1.21/compute/v2.1/servers/ef772d2e-a2fd-4e58-af98-1e0599f28fbc 0.220s
2025-11-17 14:37:33.691 66305 INFO tempest.lib.common.rest_client [req-1bc1aeb0-3d4e-4902-acdf-c448627c46f1 req-1bc1aeb0-3d4e-4902-acdf-c448627c46f1 ] Request (ServersAdminTestJSON:setUpClass): 200 GET http://10.180.1.21/compute/v2.1/servers/426f2a51-b50a-4536-a982-cee62eaea47b 0.173s
2025-11-17 14:37:33.746 66315 INFO tempest.lib.common.rest_client [req-47ad306b-b851-437b-888a-f24e0a4ef26d req-47ad306b-b851-437b-888a-f24e0a4ef26d ] Request (ListImageFiltersTestJSON:setUpClass): 200 GET http://10.180.1.21/compute/v2.1/images/c3304433-4c26-4e18-abec-2c771498d7ab 0.220s
2025-11-17 14:37:33.773 66305 INFO tempest.lib.common.rest_client [req-bd5e3fca-d1c8-4977-a4a8-1e3ac5e1d0e0 req-bd5e3fca-d1c8-4977-a4a8-1e3ac5e1d0e0 ] Request (ServersAdminTestJSON:test_create_server_with_scheduling_hint): 201 POST http://10.180.1.21/identity/v3/auth/tokens 0.071s
2025-11-17 14:37:33.774 66305 INFO tempest.lib.common.fixed_network [-] (ServersAdminTestJSON:test_create_server_with_scheduling_hint) Found network {'id': 'ef5c594a-343f-4079-b4a0-6eb966601f73', 'name': 'tempest-ServersAdminTestJSON-449355006-network', 'tenant_id': 'c362ff0480de4147af4ac19c3f8780a6', 'project_id': 'c362ff0480de4147af4ac19c3f8780a6', 'admin_state_up': True, 'mtu': 8950, 'status': 'ACTIVE', 'subnets': [], 'shared': False, 'port_security_enabled': True, 'router:external': False, 'provider:network_type': 'vlan', 'provider:physical_network': 'default', 'provider:segmentation_id': 625, 'availability_zone_hints': [], 'availability_zones': [], 'ipv4_address_scope': None, 'ipv6_address_scope': None, 'description': '', 'tags': [], 'created_at': '2025-11-17T14:36:06Z', 'updated_at': '2025-11-17T14:36:06Z', 'revision_number': 1} available for tenant
2025-11-17 14:37:33.782 66309 INFO tempest.lib.common.rest_client [req-0afdaedd-686b-4d83-af24-438d1a60ba51 req-0afdaedd-686b-4d83-af24-438d1a60ba51 ] Request (ServersListShow2100Test:test_list_show_rebuild_update_server_2100): 200 GET http://10.180.1.21/compute/v2.1/servers/ee345f1c-b3ae-48b8-959c-c0e5d33f136b 0.256s
2025-11-17 14:37:33.815 66321 INFO tempest.lib.common.rest_client [req-c3bebcaf-b78d-400b-8a4a-ccc3cb9c978a req-c3bebcaf-b78d-400b-8a4a-ccc3cb9c978a ] Request (InstanceActionsTestJSON:tearDownClass): 200 GET http://10.180.1.21/compute/v2.1/servers/e1c123d7-cb49-4e2a-a70e-62866a17702f 0.235s
2025-11-17 14:37:33.864 66363 INFO tempest.lib.common.rest_client [req-8f2d5984-63e1-4692-9672-c15c3566ec1e req-8f2d5984-63e1-4692-9672-c15c3566ec1e ] Request (ServerExternalEventsTest:tearDownClass): 200 GET http://10.180.1.21/compute/v2.1/servers/728a7240-9509-4449-a71d-44be5ae1e63c 0.260s
2025-11-17 14:37:33.892 66358 INFO tempest.lib.common.rest_client [req-a5be096e-ca05-4e1e-88f4-bd643954ee88 req-a5be096e-ca05-4e1e-88f4-bd643954ee88 ] Request (ImagesTestJSON:test_create_server_from_snapshot): 200 GET http://10.180.1.21/compute/v2.1/servers/5129b964-14d3-4417-8107-28ad1e7a43e3 0.257s
2025-11-17 14:37:33.946 66343 INFO tempest.lib.common.rest_client [req-18c999db-8fa6-4d10-9698-9c8c4a785dea req-18c999db-8fa6-4d10-9698-9c8c4a785dea ] Request (ServerAddressesNegativeTestJSON:tearDownClass): 200 GET http://10.180.1.21/compute/v2.1/servers/42681067-538e-43fe-8055-ea562909c5a8 0.267s
2025-11-17 14:37:33.964 66353 INFO tempest.lib.common.rest_client [req-9ad3b0ca-5a1d-49b8-a3ad-485e2c53460e req-9ad3b0ca-5a1d-49b8-a3ad-485e2c53460e ] Request (ServersTestManualDisk:setUpClass): 200 GET http://10.180.1.21/compute/v2.1/servers/f842bb4a-08fc-4160-9275-0a36c4f67de2 0.252s
2025-11-17 14:37:34.046 66349 INFO tempest.lib.common.rest_client [req-49dbde07-f09a-4566-978f-5a0a3faf02c6 req-49dbde07-f09a-4566-978f-5a0a3faf02c6 ] Request (ListServerFiltersTestJSON:tearDownClass): 200 GET http://10.180.1.21/compute/v2.1/servers/3308a205-c2bc-44c6-9f89-e7704d4774d1 0.238s
2025-11-17 14:37:34.111 66323 INFO tempest.lib.common.rest_client [req-4af492fe-4f91-42d1-8f48-3c59fd1f3389 req-4af492fe-4f91-42d1-8f48-3c59fd1f3389 ] Request (FloatingIPsAssociationNegativeTestJSON:tearDownClass): 200 GET http://10.180.1.21/compute/v2.1/servers/9e3679af-f405-4dc1-81c9-3e0ee90ce45c 0.194s
2025-11-17 14:37:34.230 66337 INFO tempest.lib.common.rest_client [req-92f40fc6-49cc-4d4d-b439-50b06f0c0bcd req-92f40fc6-49cc-4d4d-b439-50b06f0c0bcd ] Request (MigrationsAdminTest:test_resize_server_revert_deleted_flavor): 200 GET http://10.180.1.21/compute/v2.1/servers/3265bd0a-4ff8-4918-94db-af70314e84cf 0.256s
2025-11-17 14:37:34.237 66337 INFO tempest.common.waiters [-] State transition "RESIZE/resize_migrating" ==> "RESIZE/resize_migrated" after 48 second wait
2025-11-17 14:37:34.288 66319 INFO tempest.lib.common.rest_client [req-381d7779-212a-4fd2-a503-2084b17dfecb req-381d7779-212a-4fd2-a503-2084b17dfecb ] Request (ImagesOneServerNegativeTestJSON:_run_cleanups): 200 GET http://10.180.1.21/compute/v2.1/servers/54d07e34-c120-4c93-a465-6410caa88121 0.313s
2025-11-17 14:37:34.324 66305 INFO tempest.lib.common.rest_client [req-4ad1cfe3-3d0d-49a1-ba41-80db94604813 req-4ad1cfe3-3d0d-49a1-ba41-80db94604813 ] Request (ServersAdminTestJSON:test_create_server_with_scheduling_hint): 202 POST http://10.180.1.21/compute/v2.1/servers 0.549s
2025-11-17 14:37:34.347 66313 INFO tempest.lib.common.rest_client [req-49218e01-1209-4be5-bad8-dbb0ce63fea2 req-49218e01-1209-4be5-bad8-dbb0ce63fea2 ] Request (ServerRescueTestJSON:setUpClass): 200 GET http://10.180.1.21/compute/v2.1/servers/329ac5cc-582d-4ce9-8962-413086565e84 0.319s
2025-11-17 14:37:34.385 66339 INFO tempest.lib.common.rest_client [req-62c6f900-858f-46e4-a39a-49978bc3fe46 req-62c6f900-858f-46e4-a39a-49978bc3fe46 ] Request (ServerShowV247Test:test_update_rebuild_list_server): 200 GET http://10.180.1.21/compute/v2.1/servers/46e047d0-0d82-4fd9-8dde-8ea693f3fa37 0.351s
2025-11-17 14:37:34.411 66345 INFO tempest.lib.common.rest_client [req-70d6a6bd-8411-4fe1-b65a-a1495ea14923 req-70d6a6bd-8411-4fe1-b65a-a1495ea14923 ] Request (ServerMetadataTestJSON:tearDownClass): 200 GET http://10.180.1.21/compute/v2.1/servers/ba6e4068-f940-428e-b415-b11f7ec83857 0.293s
2025-11-17 14:37:34.441 66331 INFO tempest.lib.common.rest_client [req-3ca75bb3-f9f9-4377-8551-cd50ede2b8fe req-3ca75bb3-f9f9-4377-8551-cd50ede2b8fe ] Request (ServerGroupTestJSON:test_create_server_with_scheduler_hint_group): 200 GET http://10.180.1.21/compute/v2.1/servers/ef965056-5b15-4287-9530-6ec1c532cc6f 0.267s
2025-11-17 14:37:34.484 66341 INFO tempest.lib.common.rest_client [req-2bc88cf1-6d0b-460e-9971-2a89bf6d157b req-2bc88cf1-6d0b-460e-9971-2a89bf6d157b ] Request (ServerActionsTestOtherB:setUpClass): 200 GET http://10.180.1.21/compute/v2.1/servers/811d8ad9-137c-4720-9c9b-071e4eb3f7ce 0.273s
2025-11-17 14:37:34.500 66303 INFO tempest.lib.common.rest_client [req-9e6ca54d-2a87-40cc-8ced-7ae46858f0c9 req-9e6ca54d-2a87-40cc-8ced-7ae46858f0c9 ] Request (SecurityGroupsTestJSON:test_list_security_groups_by_server): 200 GET http://10.180.1.21/compute/v2.1/servers/a7c065af-ee14-4196-b7d9-4a0b7971b6ec 0.234s
2025-11-17 14:37:34.524 66305 INFO tempest.lib.common.rest_client [req-dcdde9b5-e5fd-4ac4-9725-3a808fb64982 req-dcdde9b5-e5fd-4ac4-9725-3a808fb64982 ] Request (ServersAdminTestJSON:test_create_server_with_scheduling_hint): 200 GET http://10.180.1.21/compute/v2.1/servers/e0ccc790-4442-451a-8b40-3357ef86807a 0.198s
2025-11-17 14:37:34.550 66311 INFO tempest.lib.common.rest_client [req-77d5dec9-444d-43d3-88e7-c7a40f47c9fb req-77d5dec9-444d-43d3-88e7-c7a40f47c9fb ] Request (ServerDiskConfigTestJSON:test_rebuild_server_with_auto_disk_config): 200 GET http://10.180.1.21/compute/v2.1/servers/d4899cd5-04a0-41a9-a70f-b235f279dcaa 0.145s
2025-11-17 14:37:34.578 66329 INFO tempest.lib.common.rest_client [req-6b1878b3-c885-4ea5-8f97-8ef42dc68ced req-6b1878b3-c885-4ea5-8f97-8ef42dc68ced ] Request (ServerRescueNegativeTestJSON:setUpClass): 200 GET http://10.180.1.21/compute/v2.1/servers/d99d4515-7d38-46d6-9c66-457170cb3e52 0.060s
2025-11-17 14:37:34.663 66359 INFO tempest.lib.common.rest_client [req-a4a0557f-5362-4ccf-b1ce-83c66bae0838 req-a4a0557f-5362-4ccf-b1ce-83c66bae0838 ] Request (DeleteServersTestJSON:test_delete_server_while_in_attached_volume): 200 GET http://10.180.1.21/compute/v2.1/servers/18eba7f8-31cc-4a75-b73a-b279853d125a 0.068s
2025-11-17 14:37:34.796 66315 INFO tempest.lib.common.rest_client [req-f01bf038-fac8-4b41-acd4-49e285484742 req-f01bf038-fac8-4b41-acd4-49e285484742 ] Request (ListImageFiltersTestJSON:setUpClass): 200 GET http://10.180.1.21/compute/v2.1/images/c3304433-4c26-4e18-abec-2c771498d7ab 0.040s
2025-11-17 14:37:34.800 66355 INFO tempest.lib.common.rest_client [req-a677bd6b-7da4-479f-a877-b5204b6e729c req-a677bd6b-7da4-479f-a877-b5204b6e729c ] Request (ServerActionsTestOtherA:test_rebuild_server_in_stop_state): 200 GET http://10.180.1.21/compute/v2.1/servers/ef772d2e-a2fd-4e58-af98-1e0599f28fbc 0.111s
2025-11-17 14:37:34.901 66321 INFO tempest.lib.common.rest_client [req-bb88e614-f875-4e87-81e3-5cf91dc2ac68 req-bb88e614-f875-4e87-81e3-5cf91dc2ac68 ] Request (InstanceActionsTestJSON:tearDownClass): 200 GET http://10.180.1.21/compute/v2.1/servers/e1c123d7-cb49-4e2a-a70e-62866a17702f 0.074s
2025-11-17 14:37:34.903 66309 INFO tempest.lib.common.rest_client [req-7cce32e7-9221-40d4-806e-330be660bde7 req-7cce32e7-9221-40d4-806e-330be660bde7 ] Request (ServersListShow2100Test:test_list_show_rebuild_update_server_2100): 200 GET http://10.180.1.21/compute/v2.1/servers/ee345f1c-b3ae-48b8-959c-c0e5d33f136b 0.105s
2025-11-17 14:37:34.967 66358 INFO tempest.lib.common.rest_client [req-53db74f7-3424-4a83-9f21-ad78622a4d68 req-53db74f7-3424-4a83-9f21-ad78622a4d68 ] Request (ImagesTestJSON:test_create_server_from_snapshot): 200 GET http://10.180.1.21/compute/v2.1/servers/5129b964-14d3-4417-8107-28ad1e7a43e3 0.067s
2025-11-17 14:37:34.980 66363 INFO tempest.lib.common.rest_client [req-bcd19d50-c5ed-42a2-9ca7-4b6cab2886a7 req-bcd19d50-c5ed-42a2-9ca7-4b6cab2886a7 ] Request (ServerExternalEventsTest:tearDownClass): 200 GET http://10.180.1.21/compute/v2.1/servers/728a7240-9509-4449-a71d-44be5ae1e63c 0.108s
2025-11-17 14:37:35.030 66343 INFO tempest.lib.common.rest_client [req-49605cd1-7fd7-473c-8507-00cfa1bf2bb2 req-49605cd1-7fd7-473c-8507-00cfa1bf2bb2 ] Request (ServerAddressesNegativeTestJSON:tearDownClass): 200 GET http://10.180.1.21/compute/v2.1/servers/42681067-538e-43fe-8055-ea562909c5a8 0.077s
2025-11-17 14:37:35.038 66353 INFO tempest.lib.common.rest_client [req-f79263ac-964f-49d8-bd6e-9467fbf71ad5 req-f79263ac-964f-49d8-bd6e-9467fbf71ad5 ] Request (ServersTestManualDisk:setUpClass): 200 GET http://10.180.1.21/compute/v2.1/servers/f842bb4a-08fc-4160-9275-0a36c4f67de2 0.065s
2025-11-17 14:37:35.115 66349 INFO tempest.lib.common.rest_client [req-bff3c86e-24bf-4c24-b59a-62360ea4ad61 req-bff3c86e-24bf-4c24-b59a-62360ea4ad61 ] Request (ListServerFiltersTestJSON:tearDownClass): 200 GET http://10.180.1.21/compute/v2.1/servers/3308a205-c2bc-44c6-9f89-e7704d4774d1 0.061s
2025-11-17 14:37:35.178 66323 INFO tempest.lib.common.rest_client [req-1221eda0-d105-497a-adcb-f397b95fcd22 req-1221eda0-d105-497a-adcb-f397b95fcd22 ] Request (FloatingIPsAssociationNegativeTestJSON:tearDownClass): 200 GET http://10.180.1.21/compute/v2.1/servers/9e3679af-f405-4dc1-81c9-3e0ee90ce45c 0.058s
2025-11-17 14:37:35.361 66319 INFO tempest.lib.common.rest_client [req-d0d9c784-a01f-4786-bd78-6a8732f06ce7 req-d0d9c784-a01f-4786-bd78-6a8732f06ce7 ] Request (ImagesOneServerNegativeTestJSON:_run_cleanups): 200 GET http://10.180.1.21/compute/v2.1/servers/54d07e34-c120-4c93-a465-6410caa88121 0.058s
2025-11-17 14:37:35.379 66337 INFO tempest.lib.common.rest_client [req-26edfe45-d51c-4c90-b988-ace83ed3400a req-26edfe45-d51c-4c90-b988-ace83ed3400a ] Request (MigrationsAdminTest:test_resize_server_revert_deleted_flavor): 200 GET http://10.180.1.21/compute/v2.1/servers/3265bd0a-4ff8-4918-94db-af70314e84cf 0.141s
2025-11-17 14:37:35.411 66313 INFO tempest.lib.common.rest_client [req-0c38167a-f029-4faa-901c-d05079929946 req-0c38167a-f029-4faa-901c-d05079929946 ] Request (ServerRescueTestJSON:setUpClass): 200 GET http://10.180.1.21/compute/v2.1/servers/329ac5cc-582d-4ce9-8962-413086565e84 0.056s
2025-11-17 14:37:35.448 66339 INFO tempest.lib.common.rest_client [req-09fbcb22-a32b-43ed-8944-04217734a631 req-09fbcb22-a32b-43ed-8944-04217734a631 ] Request (ServerShowV247Test:test_update_rebuild_list_server): 200 GET http://10.180.1.21/compute/v2.1/servers/46e047d0-0d82-4fd9-8dde-8ea693f3fa37 0.053s
2025-11-17 14:37:35.480 66345 INFO tempest.lib.common.rest_client [req-d086814e-4c42-4feb-9d2b-6508e31ebcf8 req-d086814e-4c42-4feb-9d2b-6508e31ebcf8 ] Request (ServerMetadataTestJSON:tearDownClass): 200 GET http://10.180.1.21/compute/v2.1/servers/ba6e4068-f940-428e-b415-b11f7ec83857 0.060s
2025-11-17 14:37:35.508 66331 INFO tempest.lib.common.rest_client [req-77959a77-2598-4da0-87a1-75374d180ee8 req-77959a77-2598-4da0-87a1-75374d180ee8 ] Request (ServerGroupTestJSON:test_create_server_with_scheduler_hint_group): 200 GET http://10.180.1.21/compute/v2.1/servers/ef965056-5b15-4287-9530-6ec1c532cc6f 0.057s
2025-11-17 14:37:35.548 66341 INFO tempest.lib.common.rest_client [req-4744160d-5e46-4e94-8889-9216257abbef req-4744160d-5e46-4e94-8889-9216257abbef ] Request (ServerActionsTestOtherB:setUpClass): 200 GET http://10.180.1.21/compute/v2.1/servers/811d8ad9-137c-4720-9c9b-071e4eb3f7ce 0.055s
2025-11-17 14:37:35.561 66303 INFO tempest.lib.common.rest_client [req-a7bfe4df-614a-4a16-bbe7-71ef55817027 req-a7bfe4df-614a-4a16-bbe7-71ef55817027 ] Request (SecurityGroupsTestJSON:test_list_security_groups_by_server): 200 GET http://10.180.1.21/compute/v2.1/servers/a7c065af-ee14-4196-b7d9-4a0b7971b6ec 0.053s
2025-11-17 14:37:35.599 66305 INFO tempest.lib.common.rest_client [req-4c212d6f-e5ed-4f04-99cd-64776ad1e974 req-4c212d6f-e5ed-4f04-99cd-64776ad1e974 ] Request (ServersAdminTestJSON:test_create_server_with_scheduling_hint): 200 GET http://10.180.1.21/compute/v2.1/servers/e0ccc790-4442-451a-8b40-3357ef86807a 0.065s
2025-11-17 14:37:35.615 66311 INFO tempest.lib.common.rest_client [req-fc957db9-5b1e-448f-9a99-863a1472bdc7 req-fc957db9-5b1e-448f-9a99-863a1472bdc7 ] Request (ServerDiskConfigTestJSON:test_rebuild_server_with_auto_disk_config): 200 GET http://10.180.1.21/compute/v2.1/servers/d4899cd5-04a0-41a9-a70f-b235f279dcaa 0.056s
2025-11-17 14:37:35.649 66329 INFO tempest.lib.common.rest_client [req-7beef642-a160-4d6c-90cf-e9f680f61dc0 req-7beef642-a160-4d6c-90cf-e9f680f61dc0 ] Request (ServerRescueNegativeTestJSON:setUpClass): 200 GET http://10.180.1.21/compute/v2.1/servers/d99d4515-7d38-46d6-9c66-457170cb3e52 0.063s
2025-11-17 14:37:35.752 66359 INFO tempest.lib.common.rest_client [req-c8563ee9-d6d2-4fc0-b11c-5ed87757a691 req-c8563ee9-d6d2-4fc0-b11c-5ed87757a691 ] Request (DeleteServersTestJSON:test_delete_server_while_in_attached_volume): 200 GET http://10.180.1.21/compute/v2.1/servers/18eba7f8-31cc-4a75-b73a-b279853d125a 0.080s
2025-11-17 14:37:35.862 66315 INFO tempest.lib.common.rest_client [req-686cc67b-7280-4c37-91b4-e29c98bbd39b req-686cc67b-7280-4c37-91b4-e29c98bbd39b ] Request (ListImageFiltersTestJSON:setUpClass): 200 GET http://10.180.1.21/compute/v2.1/images/c3304433-4c26-4e18-abec-2c771498d7ab 0.060s
2025-11-17 14:37:35.893 66361 WARNING tempest.lib.common.ssh [-] Failed to establish authenticated ssh connection to cirros@10.180.180.148 ([Errno None] Unable to connect to port 22 on 10.180.180.148). Number attempts: 5. Retry after 6 seconds.: paramiko.ssh_exception.NoValidConnectionsError: [Errno None] Unable to connect to port 22 on 10.180.180.148
2025-11-17 14:37:35.970 66355 INFO tempest.lib.common.rest_client [req-4a68036e-294b-486f-af9b-6f91ef16df4d req-4a68036e-294b-486f-af9b-6f91ef16df4d ] Request (ServerActionsTestOtherA:test_rebuild_server_in_stop_state): 200 GET http://10.180.1.21/compute/v2.1/servers/ef772d2e-a2fd-4e58-af98-1e0599f28fbc 0.162s
2025-11-17 14:37:35.987 66321 INFO tempest.lib.common.rest_client [req-4d456f07-2e39-42fc-9d43-b86071b9cd80 req-4d456f07-2e39-42fc-9d43-b86071b9cd80 ] Request (InstanceActionsTestJSON:tearDownClass): 200 GET http://10.180.1.21/compute/v2.1/servers/e1c123d7-cb49-4e2a-a70e-62866a17702f 0.077s
2025-11-17 14:37:36.053 66309 INFO tempest.lib.common.rest_client [req-7737b7ec-efd9-40f4-88c2-3359d98bc823 req-7737b7ec-efd9-40f4-88c2-3359d98bc823 ] Request (ServersListShow2100Test:test_list_show_rebuild_update_server_2100): 200 GET http://10.180.1.21/compute/v2.1/servers/ee345f1c-b3ae-48b8-959c-c0e5d33f136b 0.136s
2025-11-17 14:37:36.132 66363 INFO tempest.lib.common.rest_client [req-f228cf51-46e8-4e48-affa-180ffc7d00f0 req-f228cf51-46e8-4e48-affa-180ffc7d00f0 ] Request (ServerExternalEventsTest:tearDownClass): 200 GET http://10.180.1.21/compute/v2.1/servers/728a7240-9509-4449-a71d-44be5ae1e63c 0.144s
2025-11-17 14:37:36.159 66358 INFO tempest.lib.common.rest_client [req-d6ee3f41-bb99-47de-9183-a6274a3fceae req-d6ee3f41-bb99-47de-9183-a6274a3fceae ] Request (ImagesTestJSON:test_create_server_from_snapshot): 200 GET http://10.180.1.21/compute/v2.1/servers/5129b964-14d3-4417-8107-28ad1e7a43e3 0.184s
2025-11-17 14:37:36.167 66358 INFO tempest.common.waiters [-] State transition "BUILD/None" ==> "BUILD/networking" after 67 second wait
2025-11-17 14:37:36.191 66343 INFO tempest.lib.common.rest_client [req-1b202ec9-696c-4752-9ee7-6a0fef1ec633 req-1b202ec9-696c-4752-9ee7-6a0fef1ec633 ] Request (ServerAddressesNegativeTestJSON:tearDownClass): 200 GET http://10.180.1.21/compute/v2.1/servers/42681067-538e-43fe-8055-ea562909c5a8 0.151s
2025-11-17 14:37:36.221 66353 INFO tempest.lib.common.rest_client [req-7573cddd-2457-4695-a874-707259228eae req-7573cddd-2457-4695-a874-707259228eae ] Request (ServersTestManualDisk:setUpClass): 200 GET http://10.180.1.21/compute/v2.1/servers/f842bb4a-08fc-4160-9275-0a36c4f67de2 0.174s
2025-11-17 14:37:36.257 66349 INFO tempest.lib.common.rest_client [req-753df1c9-e873-4223-9c4e-709418b1d9be req-753df1c9-e873-4223-9c4e-709418b1d9be ] Request (ListServerFiltersTestJSON:tearDownClass): 200 GET http://10.180.1.21/compute/v2.1/servers/3308a205-c2bc-44c6-9f89-e7704d4774d1 0.134s
2025-11-17 14:37:36.290 66323 INFO tempest.lib.common.rest_client [req-d023ac07-020e-4131-a5ba-6b58062c7863 req-d023ac07-020e-4131-a5ba-6b58062c7863 ] Request (FloatingIPsAssociationNegativeTestJSON:tearDownClass): 200 GET http://10.180.1.21/compute/v2.1/servers/9e3679af-f405-4dc1-81c9-3e0ee90ce45c 0.103s
2025-11-17 14:37:36.422 66319 INFO tempest.lib.common.rest_client [req-025a4015-1360-4095-84e8-2d9002f559bb req-025a4015-1360-4095-84e8-2d9002f559bb ] Request (ImagesOneServerNegativeTestJSON:_run_cleanups): 200 GET http://10.180.1.21/compute/v2.1/servers/54d07e34-c120-4c93-a465-6410caa88121 0.054s
2025-11-17 14:37:36.476 66313 INFO tempest.lib.common.rest_client [req-9aa002cd-126e-4f3a-b719-2b32bfe48812 req-9aa002cd-126e-4f3a-b719-2b32bfe48812 ] Request (ServerRescueTestJSON:setUpClass): 200 GET http://10.180.1.21/compute/v2.1/servers/329ac5cc-582d-4ce9-8962-413086565e84 0.057s
2025-11-17 14:37:36.501 66337 INFO tempest.lib.common.rest_client [req-137fb855-40af-4984-aa74-2b253ca9b7d3 req-137fb855-40af-4984-aa74-2b253ca9b7d3 ] Request (MigrationsAdminTest:test_resize_server_revert_deleted_flavor): 200 GET http://10.180.1.21/compute/v2.1/servers/3265bd0a-4ff8-4918-94db-af70314e84cf 0.114s
2025-11-17 14:37:36.512 66337 INFO tempest.common.waiters [-] State transition "RESIZE/resize_migrated" ==> "RESIZE/resize_finish" after 50 second wait
2025-11-17 14:37:36.531 66339 INFO tempest.lib.common.rest_client [req-8cfcea5c-6794-420f-beb1-4095b5615a8a req-8cfcea5c-6794-420f-beb1-4095b5615a8a ] Request (ServerShowV247Test:test_update_rebuild_list_server): 200 GET http://10.180.1.21/compute/v2.1/servers/46e047d0-0d82-4fd9-8dde-8ea693f3fa37 0.073s
