2025-11-17 14:34:23.767 66313 INFO tempest.lib.common.rest_client [req-4b1612a2-edf9-4c15-a4a0-a3f551de58b3 req-4b1612a2-edf9-4c15-a4a0-a3f551de58b3 ] Request (HostsAdminNegativeTestJSON:tearDownClass): 201 POST http://10.180.1.21/identity/v3/auth/tokens 0.062s
2025-11-17 14:34:24.556 66323 INFO tempest.lib.common.rest_client [req-fb60f944-d228-4854-9504-b9d6487f6371 req-fb60f944-d228-4854-9504-b9d6487f6371 ] Request (VolumesAdminNegativeTest:setUpClass): 201 POST http://10.180.1.21/networking/v2.0/routers 1.208s
2025-11-17 14:34:24.680 66309 INFO tempest.lib.common.rest_client [req-0010ce27-79cf-484e-902c-e23d13d5fa3f req-0010ce27-79cf-484e-902c-e23d13d5fa3f ] Request (ImagesNegativeTestJSON:test_create_image_from_deleted_server): 200 GET http://10.180.1.21/compute/v2.1/servers/bec0be17-439e-4e61-9693-81031e2b3581 5.871s
2025-11-17 14:34:24.933 66359 INFO tempest.lib.common.rest_client [req-9999e9f7-c7ec-45f2-afa3-aed4cf143593 req-9999e9f7-c7ec-45f2-afa3-aed4cf143593 ] Request (ImagesDeleteNegativeTestJSON:tearDownClass): 200 GET http://10.180.1.21/networking/v2.0/security-groups?tenant_id=b48dab19b75f460d81b62339cd99c150&name=default 1.322s
2025-11-17 14:34:25.139 66313 INFO tempest.lib.common.rest_client [req-cdbcdbed-b7ba-4d04-9a19-6b045bf18b6d req-cdbcdbed-b7ba-4d04-9a19-6b045bf18b6d ] Request (HostsAdminNegativeTestJSON:tearDownClass): 200 GET http://10.180.1.21/networking/v2.0/security-groups?tenant_id=62452c72f6734401801c2d7b904cdb11&name=default 1.371s
2025-11-17 14:34:25.205 66307 INFO tempest.lib.common.rest_client [req-bd2db08c-9dc5-48f5-88ce-e31c697aadfc req-bd2db08c-9dc5-48f5-88ce-e31c697aadfc ] Request (SecurityGroupRulesTestJSON:setUpClass): 201 POST http://10.180.1.21/networking/v2.0/networks 1.496s
2025-11-17 14:34:25.235 66363 INFO tempest.lib.common.rest_client [req-1a70a6db-0a4b-486d-ba5c-4b6b6f03f19b req-1a70a6db-0a4b-486d-ba5c-4b6b6f03f19b ] Request (VolumesAssistedSnapshotsTest:test_volume_assisted_snapshot_create_delete): 200 GET http://10.180.1.21/compute/v2.1/servers/4f12a59e-86bb-42a6-908c-3469b9e476d1 6.668s
2025-11-17 14:34:25.243 66363 INFO tempest.common.waiters [-] State transition "BUILD/spawning" ==> "ACTIVE/None" after 18 second wait
2025-11-17 14:34:25.398 66359 INFO tempest.lib.common.rest_client [req-5201338c-2217-4b4a-87a2-44e84400564f req-5201338c-2217-4b4a-87a2-44e84400564f ] Request (ImagesDeleteNegativeTestJSON:tearDownClass): 204 DELETE http://10.180.1.21/networking/v2.0/security-groups/506dcb6d-90de-450a-b755-875939a8efde 0.464s
2025-11-17 14:34:25.468 66359 INFO tempest.lib.common.rest_client [req-16d25604-d8b7-431b-9096-cd2277a25deb req-16d25604-d8b7-431b-9096-cd2277a25deb ] Request (ImagesDeleteNegativeTestJSON:tearDownClass): 204 DELETE http://10.180.1.21/identity/v3/projects/b48dab19b75f460d81b62339cd99c150 0.069s
2025-11-17 14:34:25.550 66359 INFO tempest.lib.common.rest_client [req-0de02622-8ed8-420c-ae87-324ba1608e7d req-0de02622-8ed8-420c-ae87-324ba1608e7d ] Request (DeleteServersTestJSON:setUpClass): 201 POST http://10.180.1.21/identity/v3/auth/tokens 0.081s
2025-11-17 14:34:25.558 66313 INFO tempest.lib.common.rest_client [req-71af2e97-94bb-41b0-98f0-26f64efa448c req-71af2e97-94bb-41b0-98f0-26f64efa448c ] Request (HostsAdminNegativeTestJSON:tearDownClass): 204 DELETE http://10.180.1.21/networking/v2.0/security-groups/b71d629b-fb42-4fbf-acd3-d4a76f6ab7c0 0.419s
2025-11-17 14:34:25.613 66359 INFO tempest.lib.common.rest_client [req-fbf0d0dd-9520-43c7-aef5-6f307ffa6921 req-fbf0d0dd-9520-43c7-aef5-6f307ffa6921 ] Request (DeleteServersTestJSON:setUpClass): 201 POST http://10.180.1.21/identity/v3/auth/tokens 0.060s
2025-11-17 14:34:25.659 66313 INFO tempest.lib.common.rest_client [req-54cbe46a-4938-4538-bb1d-5befc8186e28 req-54cbe46a-4938-4538-bb1d-5befc8186e28 ] Request (HostsAdminNegativeTestJSON:tearDownClass): 204 DELETE http://10.180.1.21/identity/v3/projects/62452c72f6734401801c2d7b904cdb11 0.101s
2025-11-17 14:34:25.660 66313 INFO tempest.lib.common.dynamic_creds [-] Deleting project and security group for project: 4f059ae170e94808ba7bd3e25c416378
2025-11-17 14:34:25.700 66359 INFO tempest.lib.common.rest_client [req-502c2336-1e46-4342-a686-fa50c9777310 req-502c2336-1e46-4342-a686-fa50c9777310 ] Request (DeleteServersTestJSON:setUpClass): 200 GET http://10.180.1.21/identity/v3/domains?name=Default 0.087s
2025-11-17 14:34:25.755 66359 INFO tempest.lib.common.rest_client [req-3abdd125-2d8e-490b-a80b-0b84c8fcf6e2 req-3abdd125-2d8e-490b-a80b-0b84c8fcf6e2 ] Request (DeleteServersTestJSON:setUpClass): 201 POST http://10.180.1.21/identity/v3/projects 0.054s
2025-11-17 14:34:25.790 66307 INFO tempest.lib.common.rest_client [req-c75d2b1b-6713-4e38-9986-8ac475dca790 req-c75d2b1b-6713-4e38-9986-8ac475dca790 ] Request (SecurityGroupRulesTestJSON:setUpClass): 201 POST http://10.180.1.21/networking/v2.0/subnets 0.584s
2025-11-17 14:34:25.829 66359 INFO tempest.lib.common.rest_client [req-51cfb74e-52a5-4a3f-a2ff-80be748c9ece req-51cfb74e-52a5-4a3f-a2ff-80be748c9ece ] Request (DeleteServersTestJSON:setUpClass): 201 POST http://10.180.1.21/identity/v3/users 0.073s
2025-11-17 14:34:25.857 66359 INFO tempest.lib.common.rest_client [req-9ffea8f3-ad3f-4bcc-ab86-c7e6382fcb33 req-9ffea8f3-ad3f-4bcc-ab86-c7e6382fcb33 ] Request (DeleteServersTestJSON:setUpClass): 200 GET http://10.180.1.21/identity/v3/roles 0.028s
2025-11-17 14:34:25.858 66341 INFO tempest.lib.common.rest_client [req-a0b50ace-6c6d-4961-b48f-d3bcd5f47dc2 req-a0b50ace-6c6d-4961-b48f-d3bcd5f47dc2 ] Request (ListServersNegativeTestJSON:setUpClass): 200 GET http://10.180.1.21/compute/v2.1/servers/74fdfde5-fc41-4621-9bf3-d23ab3ce8452 7.020s
2025-11-17 14:34:25.861 66365 INFO tempest.lib.common.rest_client [req-9fc00f9f-a15d-4dd4-a31a-6f9ecb1e8b46 req-9fc00f9f-a15d-4dd4-a31a-6f9ecb1e8b46 ] Request (SecurityGroupsNegativeTestJSON:test_delete_security_group_without_passing_id): 404 DELETE http://10.180.1.21/compute/v2.1/os-security-groups/ 6.484s
2025-11-17 14:34:25.865 66341 INFO tempest.common.waiters [-] State transition "BUILD/spawning" ==> "ACTIVE/None" after 15 second wait
2025-11-17 14:34:25.903 66359 INFO tempest.lib.common.rest_client [req-bf851802-82d1-42d2-8f21-066646a67962 req-bf851802-82d1-42d2-8f21-066646a67962 ] Request (DeleteServersTestJSON:setUpClass): 204 PUT http://10.180.1.21/identity/v3/projects/978bc558023244e489113f46147ed0bb/users/d6f9892e9fac4fcfa97f7288f681e623/roles/f90f3b9106134b4b80ef4af5c4f707ec 0.045s
2025-11-17 14:34:25.903 66359 INFO tempest.lib.common.dynamic_creds [-] Dynamic test user d6f9892e9fac4fcfa97f7288f681e623 is created with scope project and roles: ['member']
2025-11-17 14:34:25.903 66359 INFO tempest.lib.common.dynamic_creds [-] Acquired dynamic creds: credentials: Credentials: {'domain_id': 'default', 'domain_name': 'Default', 'username': 'tempest-DeleteServersTestJSON-259887957-project-member', 'project_domain_id': 'default', 'project_domain_name': 'Default', 'project_id': '978bc558023244e489113f46147ed0bb', 'project_name': 'tempest-DeleteServersTestJSON-259887957', 'tenant_id': '978bc558023244e489113f46147ed0bb', 'tenant_name': 'tempest-DeleteServersTestJSON-259887957', 'user_domain_id': 'default', 'user_domain_name': 'Default', 'user_id': 'd6f9892e9fac4fcfa97f7288f681e623', 'system': None}, Network: None, Subnet: None, Router: None
2025-11-17 14:34:25.958 66337 INFO tempest.lib.common.rest_client [req-4c5c39d3-6953-4b25-b70e-f941834af240 req-4c5c39d3-6953-4b25-b70e-f941834af240 ] Request (MigrationsAdminTest:test_list_migrations_in_flavor_resize_situation): 202 POST http://10.180.1.21/compute/v2.1/servers/abc18c43-9ef2-4c48-93d9-36c42dfd5178/action 6.820s
2025-11-17 14:34:25.974 66359 INFO tempest.lib.common.rest_client [req-5d7586e8-7614-47ea-8e36-938128d532ff req-5d7586e8-7614-47ea-8e36-938128d532ff ] Request (DeleteServersTestJSON:setUpClass): 201 POST http://10.180.1.21/identity/v3/auth/tokens 0.070s
2025-11-17 14:34:26.000 66313 INFO tempest.lib.common.rest_client [req-119ff444-99f2-42cc-aac6-1282c54d5116 req-119ff444-99f2-42cc-aac6-1282c54d5116 ] Request (HostsAdminNegativeTestJSON:tearDownClass): 200 GET http://10.180.1.21/networking/v2.0/security-groups?tenant_id=4f059ae170e94808ba7bd3e25c416378&name=default 0.340s
2025-11-17 14:34:26.005 66321 INFO tempest.lib.common.rest_client [req-16ba33db-e6d8-46d8-bbc0-623ef4d3b290 req-16ba33db-e6d8-46d8-bbc0-623ef4d3b290 ] Request (ImagesOneServerTestJSON:test_create_delete_image): 200 GET http://10.180.1.21/compute/v2.1/images/1705e2af-7e24-4f95-8205-f357448301e6 6.500s
2025-11-17 14:34:26.102 66323 INFO tempest.lib.common.rest_client [req-52dee752-41be-4adc-8f21-aa745acfb734 req-52dee752-41be-4adc-8f21-aa745acfb734 ] Request (VolumesAdminNegativeTest:setUpClass): 200 PUT http://10.180.1.21/networking/v2.0/routers/9ee4901a-8e9d-44c9-b5ac-467739c78596/add_router_interface 1.545s
2025-11-17 14:34:26.102 66323 INFO tempest.lib.common.dynamic_creds [-] Created isolated network resources for: credentials: Credentials: {'domain_id': 'default', 'domain_name': 'Default', 'username': 'tempest-VolumesAdminNegativeTest-589705813-project', 'project_domain_id': 'default', 'project_domain_name': 'Default', 'project_id': '7b91b1b94df04c8f96b7c669b41e9f2a', 'project_name': 'tempest-VolumesAdminNegativeTest-589705813', 'tenant_id': '7b91b1b94df04c8f96b7c669b41e9f2a', 'tenant_name': 'tempest-VolumesAdminNegativeTest-589705813', 'user_domain_id': 'default', 'user_domain_name': 'Default', 'user_id': 'c1058f23fbc740eda95be591cb397642', 'system': None}, Network: {'id': '83af9183-d80b-495d-8db9-feef7d3d02c1', 'name': 'tempest-VolumesAdminNegativeTest-424029759-network', 'tenant_id': '7b91b1b94df04c8f96b7c669b41e9f2a', 'project_id': '7b91b1b94df04c8f96b7c669b41e9f2a', 'admin_state_up': True, 'mtu': 8950, 'status': 'ACTIVE', 'subnets': [], 'shared': False, 'port_security_enabled': True, 'router:external': False, 'provider:network_type': 'vlan', 'provider:physical_network': 'default', 'provider:segmentation_id': 525, 'availability_zone_hints': [], 'availability_zones': [], 'ipv4_address_scope': None, 'ipv6_address_scope': None, 'description': '', 'tags': [], 'created_at': '2025-11-17T14:34:22Z', 'updated_at': '2025-11-17T14:34:22Z', 'revision_number': 1}, Subnet: {'id': 'ae32e887-c1c1-4e91-b439-b65f926db545', 'name': 'tempest-VolumesAdminNegativeTest-424029759-subnet', 'tenant_id': '7b91b1b94df04c8f96b7c669b41e9f2a', 'network_id': '83af9183-d80b-495d-8db9-feef7d3d02c1', 'ip_version': 4, 'subnetpool_id': None, 'enable_dhcp': True, 'ipv6_ra_mode': None, 'ipv6_address_mode': None, 'gateway_ip': '192.168.128.1', 'cidr': '192.168.128.0/28', 'allocation_pools': [{'start': '192.168.128.2', 'end': '192.168.128.14'}], 'host_routes': [], 'dns_nameservers': [], 'description': '', 'router:external': False, 'service_types': [], 'tags': [], 'created_at': '2025-11-17T14:34:23Z', 'updated_at': '2025-11-17T14:34:23Z', 'revision_number': 0, 'project_id': '7b91b1b94df04c8f96b7c669b41e9f2a'}, Router: {'id': '9ee4901a-8e9d-44c9-b5ac-467739c78596', 'name': 'tempest-VolumesAdminNegativeTest-424029759-router', 'tenant_id': '7b91b1b94df04c8f96b7c669b41e9f2a', 'admin_state_up': True, 'status': 'ACTIVE', 'external_gateway_info': {'network_id': 'edb4681e-d15f-40d7-bb23-fe500af538f7', 'external_fixed_ips': [{'subnet_id': '164dfb00-053a-4c9d-aeec-67980205d700', 'ip_address': '10.180.180.167'}], 'enable_snat': True}, 'description': '', 'availability_zones': [], 'distributed': False, 'ha': False, 'availability_zone_hints': [], 'routes': [], 'flavor_id': None, 'tags': [], 'created_at': '2025-11-17T14:34:23Z', 'updated_at': '2025-11-17T14:34:23Z', 'revision_number': 2, 'project_id': '7b91b1b94df04c8f96b7c669b41e9f2a'}
2025-11-17 14:34:26.164 66305 INFO tempest.lib.common.rest_client [req-4eb23e2e-ed00-45c9-add3-c4d64bf4b72a req-4eb23e2e-ed00-45c9-add3-c4d64bf4b72a ] Request (QuotasAdminTestJSON:test_get_updated_quotas): 200 GET http://10.180.1.21/compute/v2.1/os-quota-sets/a94f654cabfe42d094718c2cc4d38187?user_id=bcc73ff32b7f4eba9f6aab9e95d96fa3 6.493s
2025-11-17 14:34:26.195 66311 INFO tempest.lib.common.rest_client [req-5d399ae9-8c68-4964-bf2c-9a782ad723fb req-5d399ae9-8c68-4964-bf2c-9a782ad723fb ] Request (ServersAdminNegativeTestJSON:test_migrate_server_invalid_state): 200 GET http://10.180.1.21/compute/v2.1/servers/1abdd22c-da15-4eb3-a446-241cc2086ab3 6.730s
2025-11-17 14:34:26.216 66323 INFO tempest.lib.common.rest_client [req-ebb0dcbc-103b-4287-b397-a8525b9b02ae req-ebb0dcbc-103b-4287-b397-a8525b9b02ae ] Request (VolumesAdminNegativeTest:setUpClass): 201 POST http://10.180.1.21/identity/v3/auth/tokens 0.109s
2025-11-17 14:34:26.255 66339 INFO tempest.lib.common.rest_client [req-7fe01483-e369-4a69-8052-60bd33fea358 req-7fe01483-e369-4a69-8052-60bd33fea358 ] Request (ServersTestMultiNic:test_verify_duplicate_network_nics): 200 GET http://10.180.1.21/compute/v2.1/servers/b1f9a306-6b07-400a-9eb6-d2021587c4c7/ips 5.380s
2025-11-17 14:34:26.312 66305 INFO tempest.lib.common.rest_client [req-c32cb4e9-a2bc-456c-9e26-199f72810088 req-c32cb4e9-a2bc-456c-9e26-199f72810088 ] Request (QuotasAdminTestJSON:_run_cleanups): 204 DELETE http://10.180.1.21/identity/v3/users/bcc73ff32b7f4eba9f6aab9e95d96fa3 0.145s
2025-11-17 14:34:26.367 66323 INFO tempest.lib.common.rest_client [req-9ee3b3e7-c7e5-45cb-894b-4b07afffb789 req-9ee3b3e7-c7e5-45cb-894b-4b07afffb789 ] Request (VolumesAdminNegativeTest:test_update_attached_volume_with_nonexistent_volume_in_uri): 201 POST http://10.180.1.21/identity/v3/auth/tokens 0.144s
2025-11-17 14:34:26.368 66323 INFO tempest.lib.common.fixed_network [-] (VolumesAdminNegativeTest:test_update_attached_volume_with_nonexistent_volume_in_uri) Found network {'id': 'f7ddf2ee-f922-445b-bf01-861b7df81411', 'name': 'tempest-VolumesAdminNegativeTest-1020993076-network', 'tenant_id': '90a6746330744df193166f33a5a4c49f', 'project_id': '90a6746330744df193166f33a5a4c49f', 'admin_state_up': True, 'mtu': 8950, 'status': 'ACTIVE', 'subnets': [], 'shared': False, 'port_security_enabled': True, 'router:external': False, 'provider:network_type': 'vlan', 'provider:physical_network': 'default', 'provider:segmentation_id': 180, 'availability_zone_hints': [], 'availability_zones': [], 'ipv4_address_scope': None, 'ipv6_address_scope': None, 'description': '', 'tags': [], 'created_at': '2025-11-17T14:34:15Z', 'updated_at': '2025-11-17T14:34:15Z', 'revision_number': 1} available for tenant
2025-11-17 14:34:26.471 66305 INFO tempest.lib.common.rest_client [req-d6cd3487-6df1-43f1-9316-be166229c134 req-d6cd3487-6df1-43f1-9316-be166229c134 ] Request (QuotasAdminTestJSON:_run_cleanups): 204 DELETE http://10.180.1.21/identity/v3/projects/a94f654cabfe42d094718c2cc4d38187 0.159s
2025-11-17 14:34:26.600 66359 INFO tempest.lib.common.rest_client [req-71c09390-dc13-4682-bb34-752414d9db79 req-71c09390-dc13-4682-bb34-752414d9db79 ] Request (DeleteServersTestJSON:setUpClass): 201 POST http://10.180.1.21/networking/v2.0/networks 0.626s
2025-11-17 14:34:26.733 66313 INFO tempest.lib.common.rest_client [req-885b7f98-cb8a-4cc6-8ac8-4b8729fa681d req-885b7f98-cb8a-4cc6-8ac8-4b8729fa681d ] Request (HostsAdminNegativeTestJSON:tearDownClass): 204 DELETE http://10.180.1.21/networking/v2.0/security-groups/2305ac8c-1d22-4908-979d-2e50b3331b1c 0.732s
2025-11-17 14:34:26.837 66307 INFO tempest.lib.common.rest_client [req-516ccc66-7f7c-4519-a849-83a58cc0a9d2 req-516ccc66-7f7c-4519-a849-83a58cc0a9d2 ] Request (SecurityGroupRulesTestJSON:setUpClass): 201 POST http://10.180.1.21/networking/v2.0/routers 1.046s
2025-11-17 14:34:26.868 66313 INFO tempest.lib.common.rest_client [req-cfc05662-08dd-40a2-8581-39a73dc07d30 req-cfc05662-08dd-40a2-8581-39a73dc07d30 ] Request (HostsAdminNegativeTestJSON:tearDownClass): 204 DELETE http://10.180.1.21/identity/v3/projects/4f059ae170e94808ba7bd3e25c416378 0.135s
2025-11-17 14:34:26.869 66313 INFO tempest.test [-] raised in TestVolumeSwap.setUpClass. Invoking tearDownClass.
2025-11-17 14:34:26.934 66313 INFO tempest.lib.common.rest_client [req-15b7a965-3280-46c0-adae-05e3baeb78ae req-15b7a965-3280-46c0-adae-05e3baeb78ae ] Request (KeyPairsNegativeTestJSON:setUpClass): 201 POST http://10.180.1.21/identity/v3/auth/tokens 0.062s
2025-11-17 14:34:26.968 66313 INFO tempest.lib.common.rest_client [req-6c2ef930-f6d8-4f83-8b09-c0fe77c5e525 req-6c2ef930-f6d8-4f83-8b09-c0fe77c5e525 ] Request (KeyPairsNegativeTestJSON:setUpClass): 201 POST http://10.180.1.21/identity/v3/auth/tokens 0.031s
2025-11-17 14:34:26.995 66313 INFO tempest.lib.common.rest_client [req-31c51519-552b-4ebb-948e-add3ae383124 req-31c51519-552b-4ebb-948e-add3ae383124 ] Request (KeyPairsNegativeTestJSON:setUpClass): 200 GET http://10.180.1.21/identity/v3/domains?name=Default 0.025s
2025-11-17 14:34:27.034 66313 INFO tempest.lib.common.rest_client [req-a502bd65-27ba-48ba-8598-05bcc681ec98 req-a502bd65-27ba-48ba-8598-05bcc681ec98 ] Request (KeyPairsNegativeTestJSON:setUpClass): 201 POST http://10.180.1.21/identity/v3/projects 0.038s
2025-11-17 14:34:27.137 66313 INFO tempest.lib.common.rest_client [req-e2f7ce25-da12-4487-9f5b-9b7363341d0d req-e2f7ce25-da12-4487-9f5b-9b7363341d0d ] Request (KeyPairsNegativeTestJSON:setUpClass): 201 POST http://10.180.1.21/identity/v3/users 0.102s
2025-11-17 14:34:27.171 66313 INFO tempest.lib.common.rest_client [req-76301381-d649-470a-a1b1-5c0951771be2 req-76301381-d649-470a-a1b1-5c0951771be2 ] Request (KeyPairsNegativeTestJSON:setUpClass): 200 GET http://10.180.1.21/identity/v3/roles 0.033s
2025-11-17 14:34:27.208 66313 INFO tempest.lib.common.rest_client [req-887195e0-21fd-41c8-99c0-f87173b5f3df req-887195e0-21fd-41c8-99c0-f87173b5f3df ] Request (KeyPairsNegativeTestJSON:setUpClass): 204 PUT http://10.180.1.21/identity/v3/projects/ebacf68e7c5546ff8de215a275c6798b/users/aa39f121e3164d1489f6cad729dbc69a/roles/f90f3b9106134b4b80ef4af5c4f707ec 0.036s
2025-11-17 14:34:27.208 66313 INFO tempest.lib.common.dynamic_creds [-] Dynamic test user aa39f121e3164d1489f6cad729dbc69a is created with scope project and roles: ['member']
2025-11-17 14:34:27.209 66313 INFO tempest.lib.common.dynamic_creds [-] Acquired dynamic creds: credentials: Credentials: {'domain_id': 'default', 'domain_name': 'Default', 'username': 'tempest-KeyPairsNegativeTestJSON-1782084940-project-member', 'project_domain_id': 'default', 'project_domain_name': 'Default', 'project_id': 'ebacf68e7c5546ff8de215a275c6798b', 'project_name': 'tempest-KeyPairsNegativeTestJSON-1782084940', 'tenant_id': 'ebacf68e7c5546ff8de215a275c6798b', 'tenant_name': 'tempest-KeyPairsNegativeTestJSON-1782084940', 'user_domain_id': 'default', 'user_domain_name': 'Default', 'user_id': 'aa39f121e3164d1489f6cad729dbc69a', 'system': None}, Network: None, Subnet: None, Router: None
2025-11-17 14:34:27.209 66313 INFO tempest.lib.common.dynamic_creds [-] Created isolated network resources for: credentials: Credentials: {'domain_id': 'default', 'domain_name': 'Default', 'username': 'tempest-KeyPairsNegativeTestJSON-1782084940-project-member', 'project_domain_id': 'default', 'project_domain_name': 'Default', 'project_id': 'ebacf68e7c5546ff8de215a275c6798b', 'project_name': 'tempest-KeyPairsNegativeTestJSON-1782084940', 'tenant_id': 'ebacf68e7c5546ff8de215a275c6798b', 'tenant_name': 'tempest-KeyPairsNegativeTestJSON-1782084940', 'user_domain_id': 'default', 'user_domain_name': 'Default', 'user_id': 'aa39f121e3164d1489f6cad729dbc69a', 'system': None}, Network: None, Subnet: None, Router: None
2025-11-17 14:34:27.235 66359 INFO tempest.lib.common.rest_client [req-44e741ae-747d-497c-ba24-3a675d49eb6f req-44e741ae-747d-497c-ba24-3a675d49eb6f ] Request (DeleteServersTestJSON:setUpClass): 201 POST http://10.180.1.21/networking/v2.0/subnets 0.634s
2025-11-17 14:34:27.304 66313 INFO tempest.lib.common.rest_client [req-2d73f25f-505f-491e-bf1e-5d5a13fb61b0 req-2d73f25f-505f-491e-bf1e-5d5a13fb61b0 ] Request (KeyPairsNegativeTestJSON:setUpClass): 201 POST http://10.180.1.21/identity/v3/auth/tokens 0.091s
2025-11-17 14:34:28.439 66307 INFO tempest.lib.common.rest_client [req-38988328-c2d9-406d-98df-fe6075078a59 req-38988328-c2d9-406d-98df-fe6075078a59 ] Request (SecurityGroupRulesTestJSON:setUpClass): 200 PUT http://10.180.1.21/networking/v2.0/routers/0e01a594-0c2c-4808-820f-30133e70ed28/add_router_interface 1.602s
2025-11-17 14:34:28.440 66307 INFO tempest.lib.common.dynamic_creds [-] Created isolated network resources for: credentials: Credentials: {'domain_id': 'default', 'domain_name': 'Default', 'username': 'tempest-SecurityGroupRulesTestJSON-890088754-project-member', 'project_domain_id': 'default', 'project_domain_name': 'Default', 'project_id': '42fbbb17010b48dab6a6e7efd9b71abd', 'project_name': 'tempest-SecurityGroupRulesTestJSON-890088754', 'tenant_id': '42fbbb17010b48dab6a6e7efd9b71abd', 'tenant_name': 'tempest-SecurityGroupRulesTestJSON-890088754', 'user_domain_id': 'default', 'user_domain_name': 'Default', 'user_id': 'ed7a5aa2ddaf4a038f850b148a4b4ab2', 'system': None}, Network: {'id': '452e3c62-fe89-4c93-ae77-ecaa3a35d4d5', 'name': 'tempest-SecurityGroupRulesTestJSON-8389849-network', 'tenant_id': '42fbbb17010b48dab6a6e7efd9b71abd', 'project_id': '42fbbb17010b48dab6a6e7efd9b71abd', 'admin_state_up': True, 'mtu': 8950, 'status': 'ACTIVE', 'subnets': [], 'shared': False, 'port_security_enabled': True, 'router:external': False, 'provider:network_type': 'vlan', 'provider:physical_network': 'default', 'provider:segmentation_id': 332, 'availability_zone_hints': [], 'availability_zones': [], 'ipv4_address_scope': None, 'ipv6_address_scope': None, 'description': '', 'tags': [], 'created_at': '2025-11-17T14:34:25Z', 'updated_at': '2025-11-17T14:34:25Z', 'revision_number': 1}, Subnet: {'id': 'ca434538-96df-480a-b462-9bc3f47a28aa', 'name': 'tempest-SecurityGroupRulesTestJSON-8389849-subnet', 'tenant_id': '42fbbb17010b48dab6a6e7efd9b71abd', 'network_id': '452e3c62-fe89-4c93-ae77-ecaa3a35d4d5', 'ip_version': 4, 'subnetpool_id': None, 'enable_dhcp': True, 'ipv6_ra_mode': None, 'ipv6_address_mode': None, 'gateway_ip': '192.168.128.1', 'cidr': '192.168.128.0/28', 'allocation_pools': [{'start': '192.168.128.2', 'end': '192.168.128.14'}], 'host_routes': [], 'dns_nameservers': [], 'description': '', 'router:external': False, 'service_types': [], 'tags': [], 'created_at': '2025-11-17T14:34:25Z', 'updated_at': '2025-11-17T14:34:25Z', 'revision_number': 0, 'project_id': '42fbbb17010b48dab6a6e7efd9b71abd'}, Router: {'id': '0e01a594-0c2c-4808-820f-30133e70ed28', 'name': 'tempest-SecurityGroupRulesTestJSON-8389849-router', 'tenant_id': '42fbbb17010b48dab6a6e7efd9b71abd', 'admin_state_up': True, 'status': 'ACTIVE', 'external_gateway_info': {'network_id': 'edb4681e-d15f-40d7-bb23-fe500af538f7', 'external_fixed_ips': [{'subnet_id': '164dfb00-053a-4c9d-aeec-67980205d700', 'ip_address': '10.180.180.148'}], 'enable_snat': True}, 'description': '', 'availability_zones': [], 'distributed': False, 'ha': False, 'availability_zone_hints': [], 'routes': [], 'flavor_id': None, 'tags': [], 'created_at': '2025-11-17T14:34:26Z', 'updated_at': '2025-11-17T14:34:26Z', 'revision_number': 2, 'project_id': '42fbbb17010b48dab6a6e7efd9b71abd'}
2025-11-17 14:34:28.535 66307 INFO tempest.lib.common.rest_client [req-c4c40f82-ac85-45be-8aea-97b3e363a089 req-c4c40f82-ac85-45be-8aea-97b3e363a089 ] Request (SecurityGroupRulesTestJSON:setUpClass): 201 POST http://10.180.1.21/identity/v3/auth/tokens 0.088s
2025-11-17 14:34:28.749 66359 INFO tempest.lib.common.rest_client [req-2c52effc-3082-4445-8812-eaf4c65a9531 req-2c52effc-3082-4445-8812-eaf4c65a9531 ] Request (DeleteServersTestJSON:setUpClass): 201 POST http://10.180.1.21/networking/v2.0/routers 1.514s
2025-11-17 14:34:29.213 66329 INFO tempest.lib.common.rest_client [req-dd169545-1733-4a00-a783-f4c16c09a2c3 req-dd169545-1733-4a00-a783-f4c16c09a2c3 ] Request (FloatingIPsAssociationTestJSON:setUpClass): 200 POST http://10.180.1.21/compute/v2.1/os-floating-ips 8.103s
2025-11-17 14:34:29.241 66355 INFO tempest.lib.common.rest_client [req-bc180437-5ceb-429b-8bb9-31499ba459a7 req-bc180437-5ceb-429b-8bb9-31499ba459a7 ] Request (InstanceActionsNegativeTestJSON:tearDownClass): 404 GET http://10.180.1.21/compute/v2.1/servers/8d3fdc05-3b8e-4db1-9c39-a14d344a0bab 7.087s
2025-11-17 14:34:29.332 66329 INFO tempest.lib.common.rest_client [req-b9c2eb49-287a-495e-8790-abe8fbfadf1b req-b9c2eb49-287a-495e-8790-abe8fbfadf1b ] Request (FloatingIPsAssociationTestJSON:test_associate_already_associated_floating_ip): 201 POST http://10.180.1.21/identity/v3/auth/tokens 0.113s
2025-11-17 14:34:29.333 66329 INFO tempest.lib.common.fixed_network [-] (FloatingIPsAssociationTestJSON:test_associate_already_associated_floating_ip) Found network {'id': 'f539e1c1-2f65-4f51-a6bb-f96e565ed166', 'name': 'tempest-FloatingIPsAssociationTestJSON-2058730624-network', 'tenant_id': 'c988392f7fd04fe8a0ae2ec40a28e2f7', 'project_id': 'c988392f7fd04fe8a0ae2ec40a28e2f7', 'admin_state_up': True, 'mtu': 8950, 'status': 'ACTIVE', 'subnets': [], 'shared': False, 'port_security_enabled': True, 'router:external': False, 'provider:network_type': 'vlan', 'provider:physical_network': 'default', 'provider:segmentation_id': 811, 'availability_zone_hints': [], 'availability_zones': [], 'ipv4_address_scope': None, 'ipv6_address_scope': None, 'description': '', 'tags': [], 'created_at': '2025-11-17T14:33:41Z', 'updated_at': '2025-11-17T14:33:41Z', 'revision_number': 1} available for tenant
2025-11-17 14:34:29.817 66359 INFO tempest.lib.common.rest_client [req-4ff5626e-7492-43d4-af9b-58221a19eaab req-4ff5626e-7492-43d4-af9b-58221a19eaab ] Request (DeleteServersTestJSON:setUpClass): 200 PUT http://10.180.1.21/networking/v2.0/routers/0ef2a2a3-be76-49a5-8184-075c7dc9560f/add_router_interface 1.068s
2025-11-17 14:34:29.818 66359 INFO tempest.lib.common.dynamic_creds [-] Created isolated network resources for: credentials: Credentials: {'domain_id': 'default', 'domain_name': 'Default', 'username': 'tempest-DeleteServersTestJSON-259887957-project-member', 'project_domain_id': 'default', 'project_domain_name': 'Default', 'project_id': '978bc558023244e489113f46147ed0bb', 'project_name': 'tempest-DeleteServersTestJSON-259887957', 'tenant_id': '978bc558023244e489113f46147ed0bb', 'tenant_name': 'tempest-DeleteServersTestJSON-259887957', 'user_domain_id': 'default', 'user_domain_name': 'Default', 'user_id': 'd6f9892e9fac4fcfa97f7288f681e623', 'system': None}, Network: {'id': '514f3dfc-c9ce-48ed-ab05-1d924dd662a7', 'name': 'tempest-DeleteServersTestJSON-1102548145-network', 'tenant_id': '978bc558023244e489113f46147ed0bb', 'project_id': '978bc558023244e489113f46147ed0bb', 'admin_state_up': True, 'mtu': 8950, 'status': 'ACTIVE', 'subnets': [], 'shared': False, 'port_security_enabled': True, 'router:external': False, 'provider:network_type': 'vlan', 'provider:physical_network': 'default', 'provider:segmentation_id': 716, 'availability_zone_hints': [], 'availability_zones': [], 'ipv4_address_scope': None, 'ipv6_address_scope': None, 'description': '', 'tags': [], 'created_at': '2025-11-17T14:34:26Z', 'updated_at': '2025-11-17T14:34:26Z', 'revision_number': 1}, Subnet: {'id': '8fda75b0-2b95-48f3-ae54-624658001633', 'name': 'tempest-DeleteServersTestJSON-1102548145-subnet', 'tenant_id': '978bc558023244e489113f46147ed0bb', 'network_id': '514f3dfc-c9ce-48ed-ab05-1d924dd662a7', 'ip_version': 4, 'subnetpool_id': None, 'enable_dhcp': True, 'ipv6_ra_mode': None, 'ipv6_address_mode': None, 'gateway_ip': '192.168.128.1', 'cidr': '192.168.128.0/28', 'allocation_pools': [{'start': '192.168.128.2', 'end': '192.168.128.14'}], 'host_routes': [], 'dns_nameservers': [], 'description': '', 'router:external': False, 'service_types': [], 'tags': [], 'created_at': '2025-11-17T14:34:27Z', 'updated_at': '2025-11-17T14:34:27Z', 'revision_number': 0, 'project_id': '978bc558023244e489113f46147ed0bb'}, Router: {'id': '0ef2a2a3-be76-49a5-8184-075c7dc9560f', 'name': 'tempest-DeleteServersTestJSON-1102548145-router', 'tenant_id': '978bc558023244e489113f46147ed0bb', 'admin_state_up': True, 'status': 'ACTIVE', 'external_gateway_info': {'network_id': 'edb4681e-d15f-40d7-bb23-fe500af538f7', 'external_fixed_ips': [{'subnet_id': '164dfb00-053a-4c9d-aeec-67980205d700', 'ip_address': '10.180.180.217'}], 'enable_snat': True}, 'description': '', 'availability_zones': [], 'distributed': False, 'ha': False, 'availability_zone_hints': [], 'routes': [], 'flavor_id': None, 'tags': [], 'created_at': '2025-11-17T14:34:28Z', 'updated_at': '2025-11-17T14:34:28Z', 'revision_number': 2, 'project_id': '978bc558023244e489113f46147ed0bb'}
2025-11-17 14:34:29.915 66359 INFO tempest.lib.common.rest_client [req-44471047-8f22-44b1-872c-5d046302e52e req-44471047-8f22-44b1-872c-5d046302e52e ] Request (DeleteServersTestJSON:setUpClass): 201 POST http://10.180.1.21/identity/v3/auth/tokens 0.093s
2025-11-17 14:34:29.951 66359 INFO tempest.lib.common.rest_client [req-9f361a06-ce88-4158-96d5-22a8b999dc35 req-9f361a06-ce88-4158-96d5-22a8b999dc35 ] Request (DeleteServersTestJSON:test_delete_active_server): 201 POST http://10.180.1.21/identity/v3/auth/tokens 0.032s
2025-11-17 14:34:29.951 66359 INFO tempest.lib.common.fixed_network [-] (DeleteServersTestJSON:test_delete_active_server) Found network {'id': '514f3dfc-c9ce-48ed-ab05-1d924dd662a7', 'name': 'tempest-DeleteServersTestJSON-1102548145-network', 'tenant_id': '978bc558023244e489113f46147ed0bb', 'project_id': '978bc558023244e489113f46147ed0bb', 'admin_state_up': True, 'mtu': 8950, 'status': 'ACTIVE', 'subnets': [], 'shared': False, 'port_security_enabled': True, 'router:external': False, 'provider:network_type': 'vlan', 'provider:physical_network': 'default', 'provider:segmentation_id': 716, 'availability_zone_hints': [], 'availability_zones': [], 'ipv4_address_scope': None, 'ipv6_address_scope': None, 'description': '', 'tags': [], 'created_at': '2025-11-17T14:34:26Z', 'updated_at': '2025-11-17T14:34:26Z', 'revision_number': 1} available for tenant
2025-11-17 14:34:30.614 66355 INFO tempest.lib.common.rest_client [req-22d359fb-4c9b-42d7-bb42-34f9e37de85c req-22d359fb-4c9b-42d7-bb42-34f9e37de85c ] Request (InstanceActionsNegativeTestJSON:tearDownClass): 200 PUT http://10.180.1.21/networking/v2.0/routers/4bcf83a9-15be-4d2d-ab4f-eeac47fb9e81/remove_router_interface 1.373s
2025-11-17 14:34:30.806 66361 INFO tempest.lib.common.rest_client [req-838503c4-0560-4ca0-aa7d-71766dfc04fd req-838503c4-0560-4ca0-aa7d-71766dfc04fd ] Request (AttachVolumeNegativeTest:test_attach_attached_volume_to_different_server): 202 POST http://10.180.1.21/compute/v2.1/servers 9.908s
2025-11-17 14:34:31.239 66355 INFO tempest.lib.common.rest_client [req-57dfb8c0-85db-40bf-ac83-662aa3d54956 req-57dfb8c0-85db-40bf-ac83-662aa3d54956 ] Request (InstanceActionsNegativeTestJSON:tearDownClass): 204 DELETE http://10.180.1.21/networking/v2.0/routers/4bcf83a9-15be-4d2d-ab4f-eeac47fb9e81 0.624s
2025-11-17 14:34:31.366 66343 INFO tempest.lib.common.rest_client [req-fa01030e-1873-43bc-9024-dd10d6ac5411 req-fa01030e-1873-43bc-9024-dd10d6ac5411 ] Request (DeleteServersAdminTestJSON:test_delete_server_while_in_error_state): 202 POST http://10.180.1.21/compute/v2.1/servers 8.380s
2025-11-17 14:34:31.394 66335 INFO tempest.lib.common.rest_client [req-0d37c2d5-e3e8-4035-a9c1-6975c277e2d3 req-0d37c2d5-e3e8-4035-a9c1-6975c277e2d3 ] Request (TenantUsagesTestJSON:test_get_usage_tenant_with_non_admin_user): 200 GET http://10.180.1.21/compute/v2.1/os-simple-tenant-usage/93bbd586be9a450d88ba186a9b5f4bab?start=2025-11-16T14%3A34%3A17.099964&end=2025-11-18T14%3A34%3A17.099964 8.320s
2025-11-17 14:34:31.444 66355 INFO tempest.lib.common.rest_client [req-81dacc97-b6ba-4d50-8191-ca6c60a59d11 req-81dacc97-b6ba-4d50-8191-ca6c60a59d11 ] Request (InstanceActionsNegativeTestJSON:tearDownClass): 204 DELETE http://10.180.1.21/networking/v2.0/subnets/12bbc3f3-29e1-490c-93cc-b45a9c73c668 0.205s
2025-11-17 14:34:31.459 66351 INFO tempest.lib.common.rest_client [req-ddbbacee-3059-4f75-85e4-4344066d5abe req-ddbbacee-3059-4f75-85e4-4344066d5abe ] Request (ServersWithSpecificFlavorTestJSON:test_verify_created_server_ephemeral_disk): 202 POST http://10.180.1.21/compute/v2.1/servers 8.814s
2025-11-17 14:34:31.491 66317 INFO tempest.lib.common.rest_client [req-c04182f3-2ef1-4280-b564-6b9f1b4dac82 req-c04182f3-2ef1-4280-b564-6b9f1b4dac82 ] Request (FlavorsAccessTestJSON:test_flavor_access_list_with_private_flavor): 200 POST http://10.180.1.21/compute/v2.1/flavors 8.333s
2025-11-17 14:34:31.510 66303 INFO tempest.lib.common.rest_client [req-151a2f90-1b4d-45e9-b60f-aaa5d01e9d70 req-151a2f90-1b4d-45e9-b60f-aaa5d01e9d70 ] Request (FlavorsAdminTestJSON:_run_cleanups): 202 DELETE http://10.180.1.21/compute/v2.1/flavors/79a39019-e2b6-44b2-b25a-2a87be7637ec 8.297s
2025-11-17 14:34:31.533 66349 INFO tempest.lib.common.rest_client [req-54f9f940-73f6-4e3c-82ba-6d581f782521 req-54f9f940-73f6-4e3c-82ba-6d581f782521 ] Request (FlavorsAccessNegativeTestJSON:test_flavor_non_admin_add): 200 POST http://10.180.1.21/compute/v2.1/flavors 8.265s
2025-11-17 14:34:31.557 66333 INFO tempest.lib.common.rest_client [req-fdc447ed-7a37-499d-9161-1fcbd8f8ae1f req-fdc447ed-7a37-499d-9161-1fcbd8f8ae1f ] Request (AggregatesAdminNegativeTestJSON:_run_cleanups): 200 DELETE http://10.180.1.21/compute/v2.1/os-aggregates/3 8.265s
2025-11-17 14:34:31.567 66345 INFO tempest.lib.common.rest_client [req-e2b6e437-44bd-4de1-af4e-b52e3e0c7c16 req-e2b6e437-44bd-4de1-af4e-b52e3e0c7c16 ] Request (SecurityGroupsTestAdminJSON:_run_cleanups): 202 DELETE http://10.180.1.21/compute/v2.1/os-security-groups/23c3a568-a568-4b1b-af4d-6bedae07b938 8.464s
2025-11-17 14:34:31.596 66325 INFO tempest.lib.common.rest_client [req-eb8e492f-831d-433e-9c22-63725ceb911d req-eb8e492f-831d-433e-9c22-63725ceb911d ] Request (FlavorsExtraSpecsNegativeTestJSON:tearDownClass): 200 GET http://10.180.1.21/compute/v2.1/flavors/detail 8.285s
2025-11-17 14:34:31.610 66319 INFO tempest.lib.common.rest_client [req-21f1db32-a821-4d4a-a9de-93fd3f1a5600 req-21f1db32-a821-4d4a-a9de-93fd3f1a5600 ] Request (FlavorsExtraSpecsTestJSON:test_flavor_set_get_update_show_unset_keys): 200 GET http://10.180.1.21/compute/v2.1/flavors/393804052/os-extra_specs 8.236s
2025-11-17 14:34:31.753 66345 INFO tempest.lib.common.rest_client [req-974c349a-3932-4d77-941e-d21c8f49ef51 req-974c349a-3932-4d77-941e-d21c8f49ef51 ] Request (SecurityGroupsTestAdminJSON:tearDownClass): 204 DELETE http://10.180.1.21/identity/v3/users/aece928844494815b4fd02c715d9be5e 0.180s
2025-11-17 14:34:31.766 66353 INFO tempest.lib.common.rest_client [req-5b464b7d-c4d0-4f46-9205-8f741a2195ab req-5b464b7d-c4d0-4f46-9205-8f741a2195ab ] Request (QuotasAdminNegativeTest:test_create_server_when_memory_quota_is_full): 200 PUT http://10.180.1.21/compute/v2.1/os-quota-sets/40ac1f8c92e244369689456a22b8276f 8.424s
2025-11-17 14:34:31.863 66325 INFO tempest.lib.common.rest_client [req-95b247e8-353b-4e81-8df5-133e4bb83bb9 req-95b247e8-353b-4e81-8df5-133e4bb83bb9 ] Request (FlavorsExtraSpecsNegativeTestJSON:tearDownClass): 204 DELETE http://10.180.1.21/identity/v3/users/3a7fed91f20449e8891811eaa3c6a288 0.261s
2025-11-17 14:34:31.881 66355 INFO tempest.lib.common.rest_client [req-8ec5afce-ce39-4115-b283-c7872cd9da3a req-8ec5afce-ce39-4115-b283-c7872cd9da3a ] Request (InstanceActionsNegativeTestJSON:tearDownClass): 204 DELETE http://10.180.1.21/networking/v2.0/networks/da964445-a49b-4454-b590-c27ce8fa5234 0.437s
2025-11-17 14:34:31.949 66353 INFO tempest.lib.common.rest_client [req-941653d7-6432-4b70-97f4-02a62b9ac244 req-941653d7-6432-4b70-97f4-02a62b9ac244 ] Request (QuotasAdminNegativeTest:test_create_server_when_memory_quota_is_full): 201 POST http://10.180.1.21/identity/v3/auth/tokens 0.175s
2025-11-17 14:34:31.950 66353 INFO tempest.lib.common.fixed_network [-] (QuotasAdminNegativeTest:test_create_server_when_memory_quota_is_full) Found network None available for tenant
2025-11-17 14:34:31.957 66347 INFO tempest.lib.common.rest_client [req-0246a9fa-bd8c-444f-bf30-e72d6a182625 req-0246a9fa-bd8c-444f-bf30-e72d6a182625 ] Request (ServerMetadataNegativeTestJSON:setUpClass): 200 GET http://10.180.1.21/compute/v2.1/servers/864398b7-5b6d-486e-8190-46f930718874 8.222s
2025-11-17 14:34:31.966 66347 INFO tempest.common.waiters [-] State transition "BUILD/networking" ==> "BUILD/spawning" after 22 second wait
2025-11-17 14:34:31.980 66345 INFO tempest.lib.common.rest_client [req-c869e2f2-c27d-49d7-9d4e-78b01f1450d5 req-c869e2f2-c27d-49d7-9d4e-78b01f1450d5 ] Request (SecurityGroupsTestAdminJSON:tearDownClass): 204 DELETE http://10.180.1.21/identity/v3/users/69850b225c0b4451a6fe1820ef36ba8b 0.227s
2025-11-17 14:34:31.980 66345 INFO tempest.lib.common.dynamic_creds [-] Deleting project and security group for project: fc86d296d36b43968b90a08f11e7c0e6
2025-11-17 14:34:32.063 66331 INFO tempest.lib.common.rest_client [req-92427b5e-90e8-45e5-8524-68c27af83288 req-92427b5e-90e8-45e5-8524-68c27af83288 ] Request (ServersAdmin275Test:test_rebuild_update_server_275): 202 POST http://10.180.1.21/compute/v2.1/servers 8.595s
2025-11-17 14:34:32.113 66355 INFO tempest.lib.common.rest_client [req-d41f41db-7d86-4992-a2b0-720dca6fee17 req-d41f41db-7d86-4992-a2b0-720dca6fee17 ] Request (InstanceActionsNegativeTestJSON:tearDownClass): 204 DELETE http://10.180.1.21/identity/v3/users/d2747b66fc5246dbbf30246e04d6d3bd 0.231s
2025-11-17 14:34:32.113 66355 INFO tempest.lib.common.dynamic_creds [-] Deleting project and security group for project: ca9ba487da3a4b1da7651d54d5c0f3e8
2025-11-17 14:34:32.123 66325 INFO tempest.lib.common.rest_client [req-46267f55-9b98-4029-a559-48261015b1be req-46267f55-9b98-4029-a559-48261015b1be ] Request (FlavorsExtraSpecsNegativeTestJSON:tearDownClass): 204 DELETE http://10.180.1.21/identity/v3/users/6397c36908124fbda9428a7510e852b3 0.259s
2025-11-17 14:34:32.123 66325 INFO tempest.lib.common.dynamic_creds [-] Deleting project and security group for project: bb83a316ff6643718b06282736faf8e7
2025-11-17 14:34:32.189 66345 INFO tempest.lib.common.rest_client [req-7e0a800a-9f94-446c-a8f6-316a919a9937 req-7e0a800a-9f94-446c-a8f6-316a919a9937 ] Request (SecurityGroupsTestAdminJSON:tearDownClass): 201 POST http://10.180.1.21/identity/v3/auth/tokens 0.208s
2025-11-17 14:34:32.229 66363 INFO tempest.lib.common.rest_client [req-5914580a-ed57-4af5-a7dd-6b6dab7b3d51 req-5914580a-ed57-4af5-a7dd-6b6dab7b3d51 ] Request (VolumesAssistedSnapshotsTest:test_volume_assisted_snapshot_create_delete): 200 GET http://10.180.1.21/compute/v2.1/servers/4f12a59e-86bb-42a6-908c-3469b9e476d1/os-interface 6.984s
2025-11-17 14:34:32.239 66325 INFO tempest.lib.common.rest_client [req-ea629e28-715e-4db2-96f5-18edce9569e0 req-ea629e28-715e-4db2-96f5-18edce9569e0 ] Request (FlavorsExtraSpecsNegativeTestJSON:tearDownClass): 201 POST http://10.180.1.21/identity/v3/auth/tokens 0.116s
2025-11-17 14:34:32.242 66355 INFO tempest.lib.common.rest_client [req-0b1854c7-228d-4346-84b5-a577bf384cae req-0b1854c7-228d-4346-84b5-a577bf384cae ] Request (InstanceActionsNegativeTestJSON:tearDownClass): 200 GET http://10.180.1.21/networking/v2.0/security-groups?tenant_id=ca9ba487da3a4b1da7651d54d5c0f3e8&name=default 0.128s
2025-11-17 14:34:32.250 66309 INFO tempest.lib.common.rest_client [req-e6274c19-3096-49a5-813d-a1f605f542cc req-e6274c19-3096-49a5-813d-a1f605f542cc ] Request (ImagesNegativeTestJSON:test_create_image_from_deleted_server): 404 GET http://10.180.1.21/compute/v2.1/servers/bec0be17-439e-4e61-9693-81031e2b3581 6.561s
2025-11-17 14:34:32.285 66358 INFO tempest.lib.common.rest_client [req-2dc1bfd5-fc47-404b-a0c2-0cb3abb2c178 req-2dc1bfd5-fc47-404b-a0c2-0cb3abb2c178 ] Request (ImagesTestJSON:test_create_image_from_stopped_server): 200 GET http://10.180.1.21/compute/v2.1/servers/b5af5878-375e-4405-b971-e3b28fa0e34c 8.417s
2025-11-17 14:34:32.387 66345 INFO tempest.lib.common.rest_client [req-6c12bbe0-9011-47d2-b7f6-38a9bd2c0250 req-6c12bbe0-9011-47d2-b7f6-38a9bd2c0250 ] Request (SecurityGroupsTestAdminJSON:tearDownClass): 200 GET http://10.180.1.21/networking/v2.0/security-groups?tenant_id=fc86d296d36b43968b90a08f11e7c0e6&name=default 0.197s
2025-11-17 14:34:32.537 66325 INFO tempest.lib.common.rest_client [req-58e6155b-23cb-417b-8cba-0ebb91789d99 req-58e6155b-23cb-417b-8cba-0ebb91789d99 ] Request (FlavorsExtraSpecsNegativeTestJSON:tearDownClass): 200 GET http://10.180.1.21/networking/v2.0/security-groups?tenant_id=bb83a316ff6643718b06282736faf8e7&name=default 0.297s
2025-11-17 14:34:32.701 66355 INFO tempest.lib.common.rest_client [req-2e1861c2-01f0-42c0-8896-e9b6e178ea04 req-2e1861c2-01f0-42c0-8896-e9b6e178ea04 ] Request (InstanceActionsNegativeTestJSON:tearDownClass): 204 DELETE http://10.180.1.21/networking/v2.0/security-groups/2f0208f1-a44c-4210-99ce-1158f3602c8c 0.459s
2025-11-17 14:34:32.834 66355 INFO tempest.lib.common.rest_client [req-a494d4cc-8586-4393-bd8a-772e83c93b52 req-a494d4cc-8586-4393-bd8a-772e83c93b52 ] Request (InstanceActionsNegativeTestJSON:tearDownClass): 204 DELETE http://10.180.1.21/identity/v3/projects/ca9ba487da3a4b1da7651d54d5c0f3e8 0.132s
2025-11-17 14:34:32.946 66355 INFO tempest.lib.common.rest_client [req-86502f36-d07c-49e4-ab75-6bbe2e4ce555 req-86502f36-d07c-49e4-ab75-6bbe2e4ce555 ] Request (ServerActionsTestOtherA:setUpClass): 201 POST http://10.180.1.21/identity/v3/auth/tokens 0.109s
2025-11-17 14:34:32.983 66355 INFO tempest.lib.common.rest_client [req-def62f30-6282-41c6-a023-6e652481dc5e req-def62f30-6282-41c6-a023-6e652481dc5e ] Request (ServerActionsTestOtherA:setUpClass): 201 POST http://10.180.1.21/identity/v3/auth/tokens 0.035s
2025-11-17 14:34:33.010 66355 INFO tempest.lib.common.rest_client [req-b5cb2744-5770-4808-99c0-a06510d9869b req-b5cb2744-5770-4808-99c0-a06510d9869b ] Request (ServerActionsTestOtherA:setUpClass): 200 GET http://10.180.1.21/identity/v3/domains?name=Default 0.026s
2025-11-17 14:34:33.043 66355 INFO tempest.lib.common.rest_client [req-03badd91-01da-43eb-8265-4450928b95a6 req-03badd91-01da-43eb-8265-4450928b95a6 ] Request (ServerActionsTestOtherA:setUpClass): 201 POST http://10.180.1.21/identity/v3/projects 0.033s
2025-11-17 14:34:33.110 66363 INFO tempest.lib.common.rest_client [req-1dbf9c22-52e2-4c0c-8a5b-e9f1386a38bc req-1dbf9c22-52e2-4c0c-8a5b-e9f1386a38bc ] Request (VolumesAssistedSnapshotsTest:test_volume_assisted_snapshot_create_delete): 200 PUT http://10.180.1.21/networking/v2.0/floatingips/b91bccff-6591-45f8-9440-0a8d02892092 0.879s
2025-11-17 14:34:33.111 66363 INFO tempest.lib.common.ssh [-] Creating ssh connection to '10.180.180.190:22' as 'cirros' with public key authentication
2025-11-17 14:34:33.118 66355 INFO tempest.lib.common.rest_client [req-97169855-0c04-4ba6-b4bf-db60d24428d9 req-97169855-0c04-4ba6-b4bf-db60d24428d9 ] Request (ServerActionsTestOtherA:setUpClass): 201 POST http://10.180.1.21/identity/v3/users 0.074s
2025-11-17 14:34:33.139 66355 INFO tempest.lib.common.rest_client [req-14f79fa2-a241-4c51-9b15-1e443108a4e0 req-14f79fa2-a241-4c51-9b15-1e443108a4e0 ] Request (ServerActionsTestOtherA:setUpClass): 200 GET http://10.180.1.21/identity/v3/roles 0.020s
2025-11-17 14:34:33.169 66355 INFO tempest.lib.common.rest_client [req-a58b3e88-0732-4752-bec9-3b0d67502343 req-a58b3e88-0732-4752-bec9-3b0d67502343 ] Request (ServerActionsTestOtherA:setUpClass): 204 PUT http://10.180.1.21/identity/v3/projects/de728336484744988073afa69fb9a397/users/82fe017c4a474972b2d380e3e1fa4ea1/roles/f90f3b9106134b4b80ef4af5c4f707ec 0.029s
2025-11-17 14:34:33.169 66355 INFO tempest.lib.common.dynamic_creds [-] Dynamic test user 82fe017c4a474972b2d380e3e1fa4ea1 is created with scope project and roles: ['member']
2025-11-17 14:34:33.170 66355 INFO tempest.lib.common.dynamic_creds [-] Acquired dynamic creds: credentials: Credentials: {'domain_id': 'default', 'domain_name': 'Default', 'username': 'tempest-ServerActionsTestOtherA-1535758184-project-member', 'project_domain_id': 'default', 'project_domain_name': 'Default', 'project_id': 'de728336484744988073afa69fb9a397', 'project_name': 'tempest-ServerActionsTestOtherA-1535758184', 'tenant_id': 'de728336484744988073afa69fb9a397', 'tenant_name': 'tempest-ServerActionsTestOtherA-1535758184', 'user_domain_id': 'default', 'user_domain_name': 'Default', 'user_id': '82fe017c4a474972b2d380e3e1fa4ea1', 'system': None}, Network: None, Subnet: None, Router: None
2025-11-17 14:34:33.210 66345 INFO tempest.lib.common.rest_client [req-db11187b-1e1e-4351-8b20-8ba01098acc9 req-db11187b-1e1e-4351-8b20-8ba01098acc9 ] Request (SecurityGroupsTestAdminJSON:tearDownClass): 204 DELETE http://10.180.1.21/networking/v2.0/security-groups/90842681-0400-4835-af03-24a3a9274512 0.823s
2025-11-17 14:34:33.241 66355 INFO tempest.lib.common.rest_client [req-65a19135-7fc5-48f7-a842-ec80c998735f req-65a19135-7fc5-48f7-a842-ec80c998735f ] Request (ServerActionsTestOtherA:setUpClass): 201 POST http://10.180.1.21/identity/v3/auth/tokens 0.071s
2025-11-17 14:34:33.286 66325 INFO tempest.lib.common.rest_client [req-39156582-53e7-44f3-b1d7-222de8cd22bd req-39156582-53e7-44f3-b1d7-222de8cd22bd ] Request (FlavorsExtraSpecsNegativeTestJSON:tearDownClass): 204 DELETE http://10.180.1.21/networking/v2.0/security-groups/794ee8b7-6b0f-44cc-8d29-710a43dea458 0.749s
2025-11-17 14:34:33.297 66341 INFO tempest.lib.common.rest_client [req-6cbcfcdf-7501-4238-b15c-cb22a395f81f req-6cbcfcdf-7501-4238-b15c-cb22a395f81f ] Request (ListServersNegativeTestJSON:setUpClass): 200 GET http://10.180.1.21/compute/v2.1/servers/aec420c4-a727-4c86-a3fb-d22d015d6b13 7.431s
2025-11-17 14:34:33.347 66345 INFO tempest.lib.common.rest_client [req-87a739b8-f980-48ae-8baf-0e283aa3780e req-87a739b8-f980-48ae-8baf-0e283aa3780e ] Request (SecurityGroupsTestAdminJSON:tearDownClass): 204 DELETE http://10.180.1.21/identity/v3/projects/fc86d296d36b43968b90a08f11e7c0e6 0.136s
2025-11-17 14:34:33.347 66345 INFO tempest.lib.common.dynamic_creds [-] Deleting project and security group for project: 0a570c25e52b43919f0ffe4e9bccb0ef
2025-11-17 14:34:33.371 66365 INFO tempest.lib.common.rest_client [req-43be38e2-83b6-4a25-97f8-09da64f3fc9e req-43be38e2-83b6-4a25-97f8-09da64f3fc9e ] Request (SecurityGroupsNegativeTestJSON:test_delete_the_default_security_group): 200 GET http://10.180.1.21/compute/v2.1/os-security-groups 7.508s
2025-11-17 14:34:33.438 66325 INFO tempest.lib.common.rest_client [req-ee49c22e-d84b-4808-96f2-c81db1ce6c66 req-ee49c22e-d84b-4808-96f2-c81db1ce6c66 ] Request (FlavorsExtraSpecsNegativeTestJSON:tearDownClass): 204 DELETE http://10.180.1.21/identity/v3/projects/bb83a316ff6643718b06282736faf8e7 0.151s
2025-11-17 14:34:33.438 66325 INFO tempest.lib.common.dynamic_creds [-] Deleting project and security group for project: 12725bc37ec147e8bdc12dd32b89545b
2025-11-17 14:34:33.468 66345 INFO tempest.lib.common.rest_client [req-223074db-5ccb-4ef4-ad3b-31835ab7e861 req-223074db-5ccb-4ef4-ad3b-31835ab7e861 ] Request (SecurityGroupsTestAdminJSON:tearDownClass): 200 GET http://10.180.1.21/networking/v2.0/security-groups?tenant_id=0a570c25e52b43919f0ffe4e9bccb0ef&name=default 0.120s
2025-11-17 14:34:33.479 66339 INFO tempest.lib.common.rest_client [req-4066c815-cc01-4a06-bc79-c55cdeb38da0 req-4066c815-cc01-4a06-bc79-c55cdeb38da0 ] Request (ServersTestMultiNic:_run_cleanups): 204 DELETE http://10.180.1.21/compute/v2.1/servers/b1f9a306-6b07-400a-9eb6-d2021587c4c7 7.223s
2025-11-17 14:34:33.600 66325 INFO tempest.lib.common.rest_client [req-1cf6f84e-1aae-4c16-8630-aee7ef4eca3d req-1cf6f84e-1aae-4c16-8630-aee7ef4eca3d ] Request (FlavorsExtraSpecsNegativeTestJSON:tearDownClass): 200 GET http://10.180.1.21/networking/v2.0/security-groups?tenant_id=12725bc37ec147e8bdc12dd32b89545b&name=default 0.161s
2025-11-17 14:34:33.815 66345 INFO tempest.lib.common.rest_client [req-b7d19416-e716-4967-b8dc-45e45508411f req-b7d19416-e716-4967-b8dc-45e45508411f ] Request (SecurityGroupsTestAdminJSON:tearDownClass): 204 DELETE http://10.180.1.21/networking/v2.0/security-groups/55f20c99-2695-4b7a-a2e6-bb6a01fedcca 0.346s
2025-11-17 14:34:33.845 66355 INFO tempest.lib.common.rest_client [req-61edcddf-47fd-4896-bf51-66839c6e27c2 req-61edcddf-47fd-4896-bf51-66839c6e27c2 ] Request (ServerActionsTestOtherA:setUpClass): 201 POST http://10.180.1.21/networking/v2.0/networks 0.603s
2025-11-17 14:34:33.872 66337 INFO tempest.lib.common.rest_client [req-0610f1b6-b7e3-4fa0-be38-a0297e0ab5ad req-0610f1b6-b7e3-4fa0-be38-a0297e0ab5ad ] Request (MigrationsAdminTest:test_list_migrations_in_flavor_resize_situation): 200 GET http://10.180.1.21/compute/v2.1/servers/abc18c43-9ef2-4c48-93d9-36c42dfd5178 7.913s
2025-11-17 14:34:33.942 66345 INFO tempest.lib.common.rest_client [req-8891c762-368e-40c8-ad5c-8cc81fed3310 req-8891c762-368e-40c8-ad5c-8cc81fed3310 ] Request (SecurityGroupsTestAdminJSON:tearDownClass): 204 DELETE http://10.180.1.21/identity/v3/projects/0a570c25e52b43919f0ffe4e9bccb0ef 0.127s
2025-11-17 14:34:33.985 66325 INFO tempest.lib.common.rest_client [req-f6b4b596-5478-46c1-9b59-931dce1b258d req-f6b4b596-5478-46c1-9b59-931dce1b258d ] Request (FlavorsExtraSpecsNegativeTestJSON:tearDownClass): 204 DELETE http://10.180.1.21/networking/v2.0/security-groups/6ef108b8-71ff-4f29-9647-86923259bfee 0.385s
2025-11-17 14:34:34.038 66305 INFO tempest.lib.common.rest_client [req-733c61a1-8e21-4ade-8554-a9ba34330dfe req-733c61a1-8e21-4ade-8554-a9ba34330dfe ] Request (QuotasAdminTestJSON:test_update_all_quota_resources_for_tenant): 200 GET http://10.180.1.21/compute/v2.1/os-quota-sets/7c2a367df62648ee9d2ea9fd85fa6f01/defaults 7.565s
2025-11-17 14:34:34.081 66345 INFO tempest.lib.common.rest_client [req-cc03d6ae-7da7-4e1a-b0a5-a9d4c3297304 req-cc03d6ae-7da7-4e1a-b0a5-a9d4c3297304 ] Request (ServerDiagnosticsNegativeTest:setUpClass): 201 POST http://10.180.1.21/identity/v3/auth/tokens 0.136s
2025-11-17 14:34:34.088 66321 INFO tempest.lib.common.rest_client [req-07a8d8fa-140d-4223-837e-e8d575c3f7e6 req-07a8d8fa-140d-4223-837e-e8d575c3f7e6 ] Request (ImagesOneServerTestJSON:test_create_delete_image): 200 GET http://10.180.1.21/compute/v2.1/images/1705e2af-7e24-4f95-8205-f357448301e6 7.074s
