2025-11-17 14:36:29.005 66337 INFO tempest.lib.common.rest_client [req-92d3ffbc-8238-4b2f-b03d-a6215e4af006 req-92d3ffbc-8238-4b2f-b03d-a6215e4af006 ] Request (MigrationsAdminTest:test_resize_server_revert_deleted_flavor): 200 GET http://10.180.1.21/compute/v2.1/servers/3265bd0a-4ff8-4918-94db-af70314e84cf 2.037s
2025-11-17 14:36:29.012 66337 INFO tempest.common.waiters [-] State transition "BUILD/networking" ==> "BUILD/spawning" after 43 second wait
2025-11-17 14:36:29.054 66349 INFO tempest.lib.common.rest_client [req-82775a24-9562-4fd8-ade1-9381fed0ca30 req-82775a24-9562-4fd8-ade1-9381fed0ca30 ] Request (ListServerFiltersTestJSON:test_list_servers_filter_by_exceed_limit): 200 GET http://10.180.1.21/compute/v2.1/servers?limit=100000 2.076s
2025-11-17 14:36:29.112 66303 INFO tempest.lib.common.rest_client [req-0ba47525-7b18-40da-80cf-f3c100e3bc04 req-0ba47525-7b18-40da-80cf-f3c100e3bc04 ] Request (FloatingIPsTestJSON:_run_cleanups): 202 DELETE http://10.180.1.21/compute/v2.1/os-floating-ips/89fdf838-b6b2-4e83-b97f-abb06f242111 2.483s
2025-11-17 14:36:29.120 66359 INFO tempest.lib.common.rest_client [req-a448b845-3c8e-4664-b9a6-d138159a19fc req-a448b845-3c8e-4664-b9a6-d138159a19fc ] Request (DeleteServersTestJSON:test_delete_server_while_in_attached_volume): 200 GET http://10.180.1.21/compute/v2.1/servers/18eba7f8-31cc-4a75-b73a-b279853d125a 2.119s
2025-11-17 14:36:29.169 66307 INFO tempest.lib.common.rest_client [req-0083fd3a-3efb-4322-90a3-c7ecae55eee8 req-0083fd3a-3efb-4322-90a3-c7ecae55eee8 ] Request (AttachInterfacesUnderV243Test:test_add_remove_fixed_ip): 200 GET http://10.180.1.21/compute/v2.1/servers/4c15afa2-321c-4502-b839-dc5578688302 2.132s
2025-11-17 14:36:29.184 66363 INFO tempest.lib.common.rest_client [req-65a49854-ca79-4847-b6f6-ffa1cf8636c9 req-65a49854-ca79-4847-b6f6-ffa1cf8636c9 ] Request (ServerExternalEventsTest:test_create_server_external_events): 200 GET http://10.180.1.21/compute/v2.1/servers/728a7240-9509-4449-a71d-44be5ae1e63c 2.130s
2025-11-17 14:36:29.239 66319 INFO tempest.lib.common.rest_client [req-d0a155c6-c5c6-472c-ad50-d392ac38e3b8 req-d0a155c6-c5c6-472c-ad50-d392ac38e3b8 ] Request (ImagesOneServerNegativeTestJSON:_run_cleanups): 200 GET http://10.180.1.21/compute/v2.1/servers/9fb369af-202c-4d49-9d32-cbc411f8267a 2.142s
2025-11-17 14:36:29.267 66339 INFO tempest.lib.common.rest_client [req-6e96c03d-ae32-4e01-859a-d32af5ded7f1 req-6e96c03d-ae32-4e01-859a-d32af5ded7f1 ] Request (ServersTestMultiNic:_run_cleanups): 200 GET http://10.180.1.21/compute/v2.1/servers/5afa0e61-7e7b-487d-87bd-1d26c6017fbf 2.106s
2025-11-17 14:36:29.341 66311 INFO tempest.lib.common.rest_client [req-2e01a44e-1b08-4e37-bfa5-3300fc0c80e6 req-2e01a44e-1b08-4e37-bfa5-3300fc0c80e6 ] Request (ServersAdminNegativeTestJSON:tearDownClass): 200 GET http://10.180.1.21/compute/v2.1/servers/2f6d4f72-e713-4422-9e72-ca261477d545 1.703s
2025-11-17 14:36:29.364 66309 INFO tempest.lib.common.rest_client [req-ab051f81-4bc1-4558-a1f7-5c118164b59b req-ab051f81-4bc1-4558-a1f7-5c118164b59b ] Request (InstanceActionsV221TestJSON:test_get_list_deleted_instance_actions): 200 GET http://10.180.1.21/compute/v2.1/servers/a04a48f1-71c3-4cca-90cb-cdf391cd2ee0 2.042s
2025-11-17 14:36:29.400 66327 INFO tempest.lib.common.rest_client [req-c12b563a-485a-4dce-a6b5-b4ce58d26e67 req-c12b563a-485a-4dce-a6b5-b4ce58d26e67 ] Request (ServerAddressesTestJSON:tearDownClass): 200 GET http://10.180.1.21/compute/v2.1/servers/979b028d-389e-4831-9879-c183a18fc304 1.527s
2025-11-17 14:36:29.430 66329 INFO tempest.lib.common.rest_client [req-80dda7aa-14ef-4b7c-8fb7-c9ef9add2ce8 req-80dda7aa-14ef-4b7c-8fb7-c9ef9add2ce8 ] Request (FloatingIPsAssociationTestJSON:tearDownClass): 200 GET http://10.180.1.21/compute/v2.1/servers/c827472c-405c-4df1-8c05-b139c8b3ebce 1.546s
2025-11-17 14:36:29.481 66358 INFO tempest.lib.common.rest_client [req-c4f1b70a-9f6c-4825-b631-222bc3e26669 req-c4f1b70a-9f6c-4825-b631-222bc3e26669 ] Request (ImagesTestJSON:test_create_server_from_snapshot): 200 GET http://10.180.1.21/compute/v2.1/servers/5129b964-14d3-4417-8107-28ad1e7a43e3 1.161s
2025-11-17 14:36:29.486 66321 INFO tempest.lib.common.rest_client [req-4b53796f-f0bd-4d0d-b5e6-679b4f0c6639 req-4b53796f-f0bd-4d0d-b5e6-679b4f0c6639 ] Request (InstanceActionsTestJSON:setUpClass): 200 GET http://10.180.1.21/compute/v2.1/servers/e1c123d7-cb49-4e2a-a70e-62866a17702f 1.100s
2025-11-17 14:36:29.508 66353 INFO tempest.lib.common.rest_client [req-b24d7391-cf84-4dfc-847f-05ed4c390512 req-b24d7391-cf84-4dfc-847f-05ed4c390512 ] Request (AttachInterfacesV270Test:tearDownClass): 404 GET http://10.180.1.21/compute/v2.1/servers/4f61eecb-95df-4bb2-b3ce-71ee686558d3 1.097s
2025-11-17 14:36:29.547 66361 INFO tempest.lib.common.rest_client [req-c33f91e2-27e1-451f-ba9f-cec76ecdd71e req-c33f91e2-27e1-451f-ba9f-cec76ecdd71e ] Request (AttachVolumeNegativeTest:test_attach_attached_volume_to_different_server): 200 GET http://10.180.1.21/compute/v2.1/servers/f06070f2-2135-42ab-b30b-a89344e0618e 1.106s
2025-11-17 14:36:29.574 66305 INFO tempest.lib.common.rest_client [req-3aa2df7f-9808-4b08-8a95-b18b10ea6b67 req-3aa2df7f-9808-4b08-8a95-b18b10ea6b67 ] Request (ServersAdminTestJSON:setUpClass): 200 GET http://10.180.1.21/compute/v2.1/servers/36cdd11a-35ef-4928-9b93-b2e8e54c3e53 1.084s
2025-11-17 14:36:29.630 66355 INFO tempest.lib.common.rest_client [req-43f20c92-7cf4-4333-bfe5-2d7a3ea64eb3 req-43f20c92-7cf4-4333-bfe5-2d7a3ea64eb3 ] Request (ServerActionsTestOtherA:test_rebuild_server_in_stop_state): 200 GET http://10.180.1.21/compute/v2.1/servers/ef772d2e-a2fd-4e58-af98-1e0599f28fbc 1.127s
2025-11-17 14:36:29.660 66325 INFO tempest.lib.common.rest_client [req-b316f514-6ddf-4154-93cd-5ab2085be28d req-b316f514-6ddf-4154-93cd-5ab2085be28d ] Request (AttachInterfacesTestJSON:test_create_list_show_delete_interfaces_by_fixed_ip): 200 GET http://10.180.1.21/compute/v2.1/servers/1f2c935f-f4b7-41be-a3a2-6ad56c7e48e4 1.104s
2025-11-17 14:36:29.761 66323 INFO tempest.lib.common.rest_client [req-2d85fa2d-c389-45cf-93b4-56bbb391fe44 req-2d85fa2d-c389-45cf-93b4-56bbb391fe44 ] Request (FloatingIPsAssociationNegativeTestJSON:setUpClass): 200 GET http://10.180.1.21/compute/v2.1/servers/9e3679af-f405-4dc1-81c9-3e0ee90ce45c 1.106s
2025-11-17 14:36:29.911 66341 INFO tempest.lib.common.rest_client [req-add7dec7-1cb9-4fa6-a195-91dd5a7b7217 req-add7dec7-1cb9-4fa6-a195-91dd5a7b7217 ] Request (ServerActionsTestOtherB:setUpClass): 200 POST http://10.180.1.21/compute/v2.1/os-keypairs 1.082s
2025-11-17 14:36:30.057 66331 INFO tempest.lib.common.rest_client [req-70cbcfb8-6ad2-4aa7-9a30-9422cbdaa64e req-70cbcfb8-6ad2-4aa7-9a30-9422cbdaa64e ] Request (FloatingIPDetailsTestJSON:tearDownClass): 202 DELETE http://10.180.1.21/compute/v2.1/os-floating-ips/48e7c129-2635-455d-8ac8-ac94c9115a0c 1.418s
2025-11-17 14:36:30.118 66349 INFO tempest.lib.common.rest_client [req-67078359-fd4c-4457-a106-0f48e187efa8 req-67078359-fd4c-4457-a106-0f48e187efa8 ] Request (ListServerFiltersTestJSON:test_list_servers_filter_by_exceed_limit): 200 GET http://10.180.1.21/compute/v2.1/servers 1.061s
2025-11-17 14:36:30.162 66341 INFO tempest.lib.common.rest_client [req-2c415c5e-898e-4e8f-a2aa-0ead54cb36b2 req-2c415c5e-898e-4e8f-a2aa-0ead54cb36b2 ] Request (ServerActionsTestOtherB:setUpClass): 201 POST http://10.180.1.21/networking/v2.0/security-groups 0.250s
2025-11-17 14:36:30.319 66341 INFO tempest.lib.common.rest_client [req-f2b2aeee-7e1c-4bda-a7ce-79a64d998082 req-f2b2aeee-7e1c-4bda-a7ce-79a64d998082 ] Request (ServerActionsTestOtherB:setUpClass): 201 POST http://10.180.1.21/networking/v2.0/security-group-rules 0.156s
2025-11-17 14:36:30.338 66353 INFO tempest.lib.common.rest_client [req-13487d06-ea54-4ee9-bf8d-e6ccdefd8e73 req-13487d06-ea54-4ee9-bf8d-e6ccdefd8e73 ] Request (AttachInterfacesV270Test:tearDownClass): 200 PUT http://10.180.1.21/networking/v2.0/routers/1535f2cf-8720-412f-876a-1bc208bd795a/remove_router_interface 0.828s
2025-11-17 14:36:30.355 66315 INFO tempest.lib.common.rest_client [req-daec9675-14ed-4bbe-af31-0d6482fb010d req-daec9675-14ed-4bbe-af31-0d6482fb010d ] Request (ListImageFiltersTestJSON:setUpClass): 200 GET http://10.180.1.21/compute/v2.1/servers/91bd0c31-6455-4d19-933f-c0546c1f2cd6 1.389s
2025-11-17 14:36:30.364 66315 INFO tempest.common.waiters [-] State transition "BUILD/spawning" ==> "ACTIVE/None" after 48 second wait
2025-11-17 14:36:30.430 66341 INFO tempest.lib.common.rest_client [req-771ad363-aa23-447c-95dd-88a0b5522929 req-771ad363-aa23-447c-95dd-88a0b5522929 ] Request (ServerActionsTestOtherB:setUpClass): 201 POST http://10.180.1.21/networking/v2.0/security-group-rules 0.109s
2025-11-17 14:36:30.760 66313 INFO tempest.lib.common.rest_client [req-ac95124a-f8eb-4edd-b376-5d3c5a68406c req-ac95124a-f8eb-4edd-b376-5d3c5a68406c ] Request (ServerPasswordTestJSON:tearDownClass): 200 GET http://10.180.1.21/compute/v2.1/servers/7a0d4eac-9919-41b0-bc79-985db03ddaeb 1.086s
2025-11-17 14:36:30.875 66353 INFO tempest.lib.common.rest_client [req-d1cf7fe3-6092-4184-9114-eb4cc4c8be97 req-d1cf7fe3-6092-4184-9114-eb4cc4c8be97 ] Request (AttachInterfacesV270Test:tearDownClass): 204 DELETE http://10.180.1.21/networking/v2.0/routers/1535f2cf-8720-412f-876a-1bc208bd795a 0.536s
2025-11-17 14:36:30.963 66343 INFO tempest.lib.common.rest_client [req-55a308ad-a0ea-40c8-8f4e-d3dc1223bd6b req-55a308ad-a0ea-40c8-8f4e-d3dc1223bd6b ] Request (ServerAddressesNegativeTestJSON:setUpClass): 200 GET http://10.180.1.21/compute/v2.1/servers/42681067-538e-43fe-8055-ea562909c5a8 1.204s
2025-11-17 14:36:31.088 66353 INFO tempest.lib.common.rest_client [req-39c982a1-6102-42cb-9a80-a545d4fc36ff req-39c982a1-6102-42cb-9a80-a545d4fc36ff ] Request (AttachInterfacesV270Test:tearDownClass): 204 DELETE http://10.180.1.21/networking/v2.0/subnets/0d0f6df1-24eb-48d5-99ea-e3b5a22c3a44 0.213s
2025-11-17 14:36:31.164 66303 INFO tempest.lib.common.rest_client [req-f9259c10-52d1-4201-bfb3-627fe57a4389 req-f9259c10-52d1-4201-bfb3-627fe57a4389 ] Request (FloatingIPsTestJSON:test_delete_floating_ip): 200 POST http://10.180.1.21/compute/v2.1/os-floating-ips 2.051s
2025-11-17 14:36:31.183 66345 INFO tempest.lib.common.rest_client [req-1307d3f1-90b9-446a-913c-bf8a951009fa req-1307d3f1-90b9-446a-913c-bf8a951009fa ] Request (ServerMetadataTestJSON:setUpClass): 200 GET http://10.180.1.21/compute/v2.1/servers/ba6e4068-f940-428e-b415-b11f7ec83857 1.309s
2025-11-17 14:36:31.189 66317 WARNING tempest.lib.common.ssh [-] Failed to establish authenticated ssh connection to cirros@10.180.180.177 ([Errno None] Unable to connect to port 22 on 10.180.180.177). Number attempts: 6. Retry after 7 seconds.: paramiko.ssh_exception.NoValidConnectionsError: [Errno None] Unable to connect to port 22 on 10.180.180.177
2025-11-17 14:36:31.189 66341 INFO tempest.lib.common.rest_client [req-59c65bb0-6a96-445b-9417-60a50b6615e0 req-59c65bb0-6a96-445b-9417-60a50b6615e0 ] Request (ServerActionsTestOtherB:setUpClass): 201 POST http://10.180.1.21/networking/v2.0/floatingips 0.758s
2025-11-17 14:36:31.224 66341 INFO tempest.lib.common.rest_client [req-00179200-0874-4565-a45f-fa10bec28e45 req-00179200-0874-4565-a45f-fa10bec28e45 ] Request (ServerActionsTestOtherB:setUpClass): 201 POST http://10.180.1.21/identity/v3/auth/tokens 0.032s
2025-11-17 14:36:31.224 66341 INFO tempest.lib.common.fixed_network [-] (ServerActionsTestOtherB:setUpClass) Found network {'id': 'da205572-623b-421b-a048-34b30dfd686c', 'name': 'tempest-ServerActionsTestOtherB-1510430982-network', 'tenant_id': 'bbc30c380d574f129011dcee44a78c54', 'project_id': 'bbc30c380d574f129011dcee44a78c54', 'admin_state_up': True, 'mtu': 8950, 'status': 'ACTIVE', 'subnets': [], 'shared': False, 'port_security_enabled': True, 'router:external': False, 'provider:network_type': 'vlan', 'provider:physical_network': 'default', 'provider:segmentation_id': 156, 'availability_zone_hints': [], 'availability_zones': [], 'ipv4_address_scope': None, 'ipv6_address_scope': None, 'description': '', 'tags': [], 'created_at': '2025-11-17T14:36:26Z', 'updated_at': '2025-11-17T14:36:26Z', 'revision_number': 1} available for tenant
2025-11-17 14:36:31.361 66337 INFO tempest.lib.common.rest_client [req-9580ff35-dafd-4db3-8b71-340a3d225648 req-9580ff35-dafd-4db3-8b71-340a3d225648 ] Request (MigrationsAdminTest:test_resize_server_revert_deleted_flavor): 200 GET http://10.180.1.21/compute/v2.1/servers/3265bd0a-4ff8-4918-94db-af70314e84cf 1.348s
2025-11-17 14:36:31.405 66353 INFO tempest.lib.common.rest_client [req-3b781d8a-8bd9-4b96-8e57-cd1c0e7ba981 req-3b781d8a-8bd9-4b96-8e57-cd1c0e7ba981 ] Request (AttachInterfacesV270Test:tearDownClass): 204 DELETE http://10.180.1.21/networking/v2.0/networks/620b6de0-7e0a-4103-8ff4-cfa663121064 0.317s
2025-11-17 14:36:31.471 66349 INFO tempest.lib.common.rest_client [req-9c10fbde-616c-4dbc-a6cb-d388288206d9 req-9c10fbde-616c-4dbc-a6cb-d388288206d9 ] Request (ListServerFiltersTestJSON:test_list_servers_filter_by_flavor): 200 GET http://10.180.1.21/compute/v2.1/servers?flavor=84 1.349s
2025-11-17 14:36:31.499 66353 INFO tempest.lib.common.rest_client [req-a7437e96-d473-4507-ae5f-59699f32f307 req-a7437e96-d473-4507-ae5f-59699f32f307 ] Request (AttachInterfacesV270Test:tearDownClass): 204 DELETE http://10.180.1.21/identity/v3/users/a9efc0fa08ea42fc82e7fe474aa5a0f7 0.093s
2025-11-17 14:36:31.499 66353 INFO tempest.lib.common.dynamic_creds [-] Deleting project and security group for project: 69fa45a832ab478db3a13c5377ee18a1
2025-11-17 14:36:31.534 66353 INFO tempest.lib.common.rest_client [req-b11773ea-bfff-48c5-9918-4a07e67472a0 req-b11773ea-bfff-48c5-9918-4a07e67472a0 ] Request (AttachInterfacesV270Test:tearDownClass): 200 GET http://10.180.1.21/networking/v2.0/security-groups?tenant_id=69fa45a832ab478db3a13c5377ee18a1&name=default 0.035s
2025-11-17 14:36:31.561 66359 INFO tempest.lib.common.rest_client [req-dcecba88-b98e-4e33-a594-d032bcf86448 req-dcecba88-b98e-4e33-a594-d032bcf86448 ] Request (DeleteServersTestJSON:test_delete_server_while_in_attached_volume): 200 GET http://10.180.1.21/compute/v2.1/servers/18eba7f8-31cc-4a75-b73a-b279853d125a 1.433s
2025-11-17 14:36:31.568 66359 INFO tempest.common.waiters [-] State transition "BUILD/None" ==> "BUILD/networking" after 45 second wait
2025-11-17 14:36:31.676 66353 INFO tempest.lib.common.rest_client [req-1fa7a948-1993-41c8-8ef5-dde9c8d43cd4 req-1fa7a948-1993-41c8-8ef5-dde9c8d43cd4 ] Request (AttachInterfacesV270Test:tearDownClass): 204 DELETE http://10.180.1.21/networking/v2.0/security-groups/317a641f-8e7b-4f7d-b1cb-77c05944f30a 0.140s
2025-11-17 14:36:31.789 66307 INFO tempest.lib.common.rest_client [req-2e8fd440-4ecc-45a9-9beb-182e67c91689 req-2e8fd440-4ecc-45a9-9beb-182e67c91689 ] Request (AttachInterfacesUnderV243Test:test_add_remove_fixed_ip): 200 GET http://10.180.1.21/compute/v2.1/servers/4c15afa2-321c-4502-b839-dc5578688302 1.610s
2025-11-17 14:36:31.808 66353 INFO tempest.lib.common.rest_client [req-b449833d-1775-43c0-96d3-34285c9054d8 req-b449833d-1775-43c0-96d3-34285c9054d8 ] Request (AttachInterfacesV270Test:tearDownClass): 204 DELETE http://10.180.1.21/identity/v3/projects/69fa45a832ab478db3a13c5377ee18a1 0.131s
2025-11-17 14:36:31.885 66353 INFO tempest.lib.common.rest_client [req-ebdf97f4-cbeb-4002-984a-bc3dfc46044c req-ebdf97f4-cbeb-4002-984a-bc3dfc46044c ] Request (ServersTestManualDisk:setUpClass): 201 POST http://10.180.1.21/identity/v3/auth/tokens 0.076s
2025-11-17 14:36:31.929 66353 INFO tempest.lib.common.rest_client [req-70dfe71b-366a-44e6-a437-2b0ca54e7c9b req-70dfe71b-366a-44e6-a437-2b0ca54e7c9b ] Request (ServersTestManualDisk:setUpClass): 201 POST http://10.180.1.21/identity/v3/auth/tokens 0.040s
2025-11-17 14:36:31.956 66353 INFO tempest.lib.common.rest_client [req-98484681-3837-4692-b572-342520bf7a18 req-98484681-3837-4692-b572-342520bf7a18 ] Request (ServersTestManualDisk:setUpClass): 200 GET http://10.180.1.21/identity/v3/domains?name=Default 0.027s
2025-11-17 14:36:31.993 66353 INFO tempest.lib.common.rest_client [req-5a815503-16c2-4562-b64d-884bdf024126 req-5a815503-16c2-4562-b64d-884bdf024126 ] Request (ServersTestManualDisk:setUpClass): 201 POST http://10.180.1.21/identity/v3/projects 0.036s
2025-11-17 14:36:32.058 66353 INFO tempest.lib.common.rest_client [req-8fa9d9d7-a553-4ae5-a2fd-6dd445fae252 req-8fa9d9d7-a553-4ae5-a2fd-6dd445fae252 ] Request (ServersTestManualDisk:setUpClass): 201 POST http://10.180.1.21/identity/v3/users 0.065s
2025-11-17 14:36:32.085 66353 INFO tempest.lib.common.rest_client [req-1f4980d5-534a-487b-a3dc-9c487839668a req-1f4980d5-534a-487b-a3dc-9c487839668a ] Request (ServersTestManualDisk:setUpClass): 200 GET http://10.180.1.21/identity/v3/roles 0.026s
2025-11-17 14:36:32.113 66331 INFO tempest.lib.common.rest_client [req-6bee69ca-0150-4c84-a633-6c8d517cb6a5 req-6bee69ca-0150-4c84-a633-6c8d517cb6a5 ] Request (FloatingIPDetailsTestJSON:tearDownClass): 202 DELETE http://10.180.1.21/compute/v2.1/os-floating-ips/c1d03550-c6e7-4011-a5c0-305a5d4231c8 2.055s
2025-11-17 14:36:32.121 66353 INFO tempest.lib.common.rest_client [req-eaa931bf-6cae-4f1a-9b11-6879a758aea7 req-eaa931bf-6cae-4f1a-9b11-6879a758aea7 ] Request (ServersTestManualDisk:setUpClass): 204 PUT http://10.180.1.21/identity/v3/projects/088b24189d1a4229a125391a60fbf7b1/users/e8b4df4544f346c892615fc427d0bf54/roles/f90f3b9106134b4b80ef4af5c4f707ec 0.035s
2025-11-17 14:36:32.121 66353 INFO tempest.lib.common.dynamic_creds [-] Dynamic test user e8b4df4544f346c892615fc427d0bf54 is created with scope project and roles: ['member']
2025-11-17 14:36:32.122 66353 INFO tempest.lib.common.dynamic_creds [-] Acquired dynamic creds: credentials: Credentials: {'domain_id': 'default', 'domain_name': 'Default', 'username': 'tempest-ServersTestManualDisk-1336146512-project-member', 'project_domain_id': 'default', 'project_domain_name': 'Default', 'project_id': '088b24189d1a4229a125391a60fbf7b1', 'project_name': 'tempest-ServersTestManualDisk-1336146512', 'tenant_id': '088b24189d1a4229a125391a60fbf7b1', 'tenant_name': 'tempest-ServersTestManualDisk-1336146512', 'user_domain_id': 'default', 'user_domain_name': 'Default', 'user_id': 'e8b4df4544f346c892615fc427d0bf54', 'system': None}, Network: None, Subnet: None, Router: None
2025-11-17 14:36:32.134 66363 INFO tempest.lib.common.rest_client [req-09658abd-73f9-489a-a3c5-1b3b42b6768b req-09658abd-73f9-489a-a3c5-1b3b42b6768b ] Request (ServerExternalEventsTest:test_create_server_external_events): 200 GET http://10.180.1.21/compute/v2.1/servers/728a7240-9509-4449-a71d-44be5ae1e63c 1.942s
2025-11-17 14:36:32.197 66353 INFO tempest.lib.common.rest_client [req-2821b32a-64e8-4da9-93c1-ccdce099256d req-2821b32a-64e8-4da9-93c1-ccdce099256d ] Request (ServersTestManualDisk:setUpClass): 201 POST http://10.180.1.21/identity/v3/auth/tokens 0.074s
2025-11-17 14:36:32.878 66331 INFO tempest.lib.common.rest_client [req-dbfaadb5-7c90-41e1-b996-1aaba94b7a72 req-dbfaadb5-7c90-41e1-b996-1aaba94b7a72 ] Request (FloatingIPDetailsTestJSON:tearDownClass): 200 PUT http://10.180.1.21/networking/v2.0/routers/9db12129-12a9-45d0-933e-9d61e3d7f2bf/remove_router_interface 0.764s
2025-11-17 14:36:32.900 66319 INFO tempest.lib.common.rest_client [req-c7b298df-d5a0-4de4-aa48-2d1e7367b327 req-c7b298df-d5a0-4de4-aa48-2d1e7367b327 ] Request (ImagesOneServerNegativeTestJSON:_run_cleanups): 200 GET http://10.180.1.21/compute/v2.1/servers/9fb369af-202c-4d49-9d32-cbc411f8267a 2.651s
2025-11-17 14:36:32.915 66339 INFO tempest.lib.common.rest_client [req-b00ea8b1-4545-4018-a50c-9ad3dffa7479 req-b00ea8b1-4545-4018-a50c-9ad3dffa7479 ] Request (ServersTestMultiNic:_run_cleanups): 200 GET http://10.180.1.21/compute/v2.1/servers/5afa0e61-7e7b-487d-87bd-1d26c6017fbf 2.639s
2025-11-17 14:36:33.177 66353 INFO tempest.lib.common.rest_client [req-1ab95da0-7824-4ea8-94f0-514ff2223f05 req-1ab95da0-7824-4ea8-94f0-514ff2223f05 ] Request (ServersTestManualDisk:setUpClass): 201 POST http://10.180.1.21/networking/v2.0/networks 0.980s
2025-11-17 14:36:33.809 66311 INFO tempest.lib.common.rest_client [req-2d7da32b-6d75-4349-ad74-60548a672ca7 req-2d7da32b-6d75-4349-ad74-60548a672ca7 ] Request (ServersAdminNegativeTestJSON:tearDownClass): 200 GET http://10.180.1.21/compute/v2.1/servers/2f6d4f72-e713-4422-9e72-ca261477d545 3.460s
2025-11-17 14:36:33.975 66353 INFO tempest.lib.common.rest_client [req-2994e5c7-1e52-4d31-a9e7-bc6cf5ce29ef req-2994e5c7-1e52-4d31-a9e7-bc6cf5ce29ef ] Request (ServersTestManualDisk:setUpClass): 201 POST http://10.180.1.21/networking/v2.0/subnets 0.798s
2025-11-17 14:36:34.037 66331 INFO tempest.lib.common.rest_client [req-051635a6-5d5e-48f7-9fb2-e2e4491f4715 req-051635a6-5d5e-48f7-9fb2-e2e4491f4715 ] Request (FloatingIPDetailsTestJSON:tearDownClass): 204 DELETE http://10.180.1.21/networking/v2.0/routers/9db12129-12a9-45d0-933e-9d61e3d7f2bf 1.158s
2025-11-17 14:36:34.054 66315 INFO tempest.lib.common.rest_client [req-07818e60-85ac-4ccc-a408-25ac1df680e4 req-07818e60-85ac-4ccc-a408-25ac1df680e4 ] Request (ListImageFiltersTestJSON:setUpClass): 200 GET http://10.180.1.21/compute/v2.1/servers/ff72ebdf-fcd2-474f-b95c-951b3114f968 3.689s
2025-11-17 14:36:34.226 66331 INFO tempest.lib.common.rest_client [req-3f1cb253-22b0-4ab3-b0d1-ad467399a13f req-3f1cb253-22b0-4ab3-b0d1-ad467399a13f ] Request (FloatingIPDetailsTestJSON:tearDownClass): 204 DELETE http://10.180.1.21/networking/v2.0/subnets/85f17c23-0f8a-44a2-9d44-7ddd8c64bffb 0.188s
2025-11-17 14:36:34.247 66327 INFO tempest.lib.common.rest_client [req-1f271ed8-1dd6-4806-8758-aa4fa69f1d70 req-1f271ed8-1dd6-4806-8758-aa4fa69f1d70 ] Request (ServerAddressesTestJSON:tearDownClass): 200 GET http://10.180.1.21/compute/v2.1/servers/979b028d-389e-4831-9879-c183a18fc304 3.839s
2025-11-17 14:36:34.272 66309 INFO tempest.lib.common.rest_client [req-e3c481dc-064f-4808-899d-ec36258c8537 req-e3c481dc-064f-4808-899d-ec36258c8537 ] Request (InstanceActionsV221TestJSON:test_get_list_deleted_instance_actions): 200 GET http://10.180.1.21/compute/v2.1/servers/a04a48f1-71c3-4cca-90cb-cdf391cd2ee0 3.896s
2025-11-17 14:36:34.280 66309 INFO tempest.common.waiters [-] State transition "BUILD/spawning" ==> "ACTIVE/None" after 51 second wait
2025-11-17 14:36:34.647 66331 INFO tempest.lib.common.rest_client [req-61786a69-a544-4bee-b072-092be95677d5 req-61786a69-a544-4bee-b072-092be95677d5 ] Request (FloatingIPDetailsTestJSON:tearDownClass): 204 DELETE http://10.180.1.21/networking/v2.0/networks/4157cc74-83fd-4595-9187-bff9c1284c8f 0.421s
2025-11-17 14:36:34.670 66329 INFO tempest.lib.common.rest_client [req-ebe6cc30-ac48-4de4-9c13-b5a79b569b07 req-ebe6cc30-ac48-4de4-9c13-b5a79b569b07 ] Request (FloatingIPsAssociationTestJSON:tearDownClass): 200 GET http://10.180.1.21/compute/v2.1/servers/c827472c-405c-4df1-8c05-b139c8b3ebce 4.227s
2025-11-17 14:36:34.684 66358 INFO tempest.lib.common.rest_client [req-54da9a6f-8da6-42c0-9b81-a9328a1fd3e3 req-54da9a6f-8da6-42c0-9b81-a9328a1fd3e3 ] Request (ImagesTestJSON:test_create_server_from_snapshot): 200 GET http://10.180.1.21/compute/v2.1/servers/5129b964-14d3-4417-8107-28ad1e7a43e3 4.190s
2025-11-17 14:36:34.734 66353 INFO tempest.lib.common.rest_client [req-236b3df4-b835-469a-873a-c3d85770069e req-236b3df4-b835-469a-873a-c3d85770069e ] Request (ServersTestManualDisk:setUpClass): 201 POST http://10.180.1.21/networking/v2.0/routers 0.758s
2025-11-17 14:36:34.781 66331 INFO tempest.lib.common.rest_client [req-7517bff1-143d-4242-b702-95c80b18aa5e req-7517bff1-143d-4242-b702-95c80b18aa5e ] Request (FloatingIPDetailsTestJSON:tearDownClass): 204 DELETE http://10.180.1.21/identity/v3/users/658b91e4cb4c4b4c9d5136d611ecdb1e 0.133s
2025-11-17 14:36:34.782 66331 INFO tempest.lib.common.dynamic_creds [-] Deleting project and security group for project: 18f04871d0e042fd935f7d30f6aa2d8c
2025-11-17 14:36:34.812 66361 INFO tempest.lib.common.rest_client [req-9a103349-051e-4358-8f19-22d76284e061 req-9a103349-051e-4358-8f19-22d76284e061 ] Request (AttachVolumeNegativeTest:test_attach_attached_volume_to_different_server): 200 GET http://10.180.1.21/compute/v2.1/servers/f06070f2-2135-42ab-b30b-a89344e0618e 4.257s
2025-11-17 14:36:34.828 66321 INFO tempest.lib.common.rest_client [req-1c0b84ed-1f5c-4a89-b7ff-0becac3f852c req-1c0b84ed-1f5c-4a89-b7ff-0becac3f852c ] Request (InstanceActionsTestJSON:setUpClass): 200 GET http://10.180.1.21/compute/v2.1/servers/e1c123d7-cb49-4e2a-a70e-62866a17702f 4.332s
2025-11-17 14:36:35.621 66353 INFO tempest.lib.common.rest_client [req-5ca5fecd-24a6-46a6-a840-743491b55c0e req-5ca5fecd-24a6-46a6-a840-743491b55c0e ] Request (ServersTestManualDisk:setUpClass): 200 PUT http://10.180.1.21/networking/v2.0/routers/feea1e7a-df72-4609-9615-24184e40d0bc/add_router_interface 0.887s
2025-11-17 14:36:35.622 66353 INFO tempest.lib.common.dynamic_creds [-] Created isolated network resources for: credentials: Credentials: {'domain_id': 'default', 'domain_name': 'Default', 'username': 'tempest-ServersTestManualDisk-1336146512-project-member', 'project_domain_id': 'default', 'project_domain_name': 'Default', 'project_id': '088b24189d1a4229a125391a60fbf7b1', 'project_name': 'tempest-ServersTestManualDisk-1336146512', 'tenant_id': '088b24189d1a4229a125391a60fbf7b1', 'tenant_name': 'tempest-ServersTestManualDisk-1336146512', 'user_domain_id': 'default', 'user_domain_name': 'Default', 'user_id': 'e8b4df4544f346c892615fc427d0bf54', 'system': None}, Network: {'id': '60ed3cad-5e61-4312-b91f-ca87938c0fd0', 'name': 'tempest-ServersTestManualDisk-208079085-network', 'tenant_id': '088b24189d1a4229a125391a60fbf7b1', 'project_id': '088b24189d1a4229a125391a60fbf7b1', 'admin_state_up': True, 'mtu': 8950, 'status': 'ACTIVE', 'subnets': [], 'shared': False, 'port_security_enabled': True, 'router:external': False, 'provider:network_type': 'vlan', 'provider:physical_network': 'default', 'provider:segmentation_id': 384, 'availability_zone_hints': [], 'availability_zones': [], 'ipv4_address_scope': None, 'ipv6_address_scope': None, 'description': '', 'tags': [], 'created_at': '2025-11-17T14:36:33Z', 'updated_at': '2025-11-17T14:36:33Z', 'revision_number': 1}, Subnet: {'id': '8910d753-ec6a-402a-bfb2-268c38051bc5', 'name': 'tempest-ServersTestManualDisk-208079085-subnet', 'tenant_id': '088b24189d1a4229a125391a60fbf7b1', 'network_id': '60ed3cad-5e61-4312-b91f-ca87938c0fd0', 'ip_version': 4, 'subnetpool_id': None, 'enable_dhcp': True, 'ipv6_ra_mode': None, 'ipv6_address_mode': None, 'gateway_ip': '192.168.128.1', 'cidr': '192.168.128.0/28', 'allocation_pools': [{'start': '192.168.128.2', 'end': '192.168.128.14'}], 'host_routes': [], 'dns_nameservers': [], 'description': '', 'router:external': False, 'service_types': [], 'tags': [], 'created_at': '2025-11-17T14:36:33Z', 'updated_at': '2025-11-17T14:36:33Z', 'revision_number': 0, 'project_id': '088b24189d1a4229a125391a60fbf7b1'}, Router: {'id': 'feea1e7a-df72-4609-9615-24184e40d0bc', 'name': 'tempest-ServersTestManualDisk-208079085-router', 'tenant_id': '088b24189d1a4229a125391a60fbf7b1', 'admin_state_up': True, 'status': 'ACTIVE', 'external_gateway_info': {'network_id': 'edb4681e-d15f-40d7-bb23-fe500af538f7', 'external_fixed_ips': [{'subnet_id': '164dfb00-053a-4c9d-aeec-67980205d700', 'ip_address': '10.180.180.202'}], 'enable_snat': True}, 'description': '', 'availability_zones': [], 'distributed': False, 'ha': False, 'availability_zone_hints': [], 'routes': [], 'flavor_id': None, 'tags': [], 'created_at': '2025-11-17T14:36:34Z', 'updated_at': '2025-11-17T14:36:34Z', 'revision_number': 2, 'project_id': '088b24189d1a4229a125391a60fbf7b1'}
2025-11-17 14:36:35.646 66331 INFO tempest.lib.common.rest_client [req-b9f3683c-5d55-4034-a9f5-656fc2dbeffc req-b9f3683c-5d55-4034-a9f5-656fc2dbeffc ] Request (FloatingIPDetailsTestJSON:tearDownClass): 200 GET http://10.180.1.21/networking/v2.0/security-groups?tenant_id=18f04871d0e042fd935f7d30f6aa2d8c&name=default 0.864s
2025-11-17 14:36:35.686 66305 INFO tempest.lib.common.rest_client [req-3bb02bcf-191f-428f-8610-b4a8a499ea3a req-3bb02bcf-191f-428f-8610-b4a8a499ea3a ] Request (ServersAdminTestJSON:setUpClass): 200 GET http://10.180.1.21/compute/v2.1/servers/36cdd11a-35ef-4928-9b93-b2e8e54c3e53 5.100s
2025-11-17 14:36:35.702 66355 INFO tempest.lib.common.rest_client [req-1ab63544-bb29-4ca3-93be-1f085ad6ea4a req-1ab63544-bb29-4ca3-93be-1f085ad6ea4a ] Request (ServerActionsTestOtherA:test_rebuild_server_in_stop_state): 200 GET http://10.180.1.21/compute/v2.1/servers/ef772d2e-a2fd-4e58-af98-1e0599f28fbc 5.060s
2025-11-17 14:36:35.710 66355 INFO tempest.common.waiters [-] State transition "BUILD/scheduling" ==> "BUILD/None" after 24 second wait
2025-11-17 14:36:35.727 66353 INFO tempest.lib.common.rest_client [req-5a3a7660-408c-4101-ba1e-2e5b041082a9 req-5a3a7660-408c-4101-ba1e-2e5b041082a9 ] Request (ServersTestManualDisk:setUpClass): 201 POST http://10.180.1.21/identity/v3/auth/tokens 0.102s
2025-11-17 14:36:35.820 66331 INFO tempest.lib.common.rest_client [req-a9908969-766a-4593-9e3e-e870cc6235b9 req-a9908969-766a-4593-9e3e-e870cc6235b9 ] Request (FloatingIPDetailsTestJSON:tearDownClass): 204 DELETE http://10.180.1.21/networking/v2.0/security-groups/244572f6-ae13-47df-85a1-5ef4648dabb9 0.173s
2025-11-17 14:36:35.946 66331 INFO tempest.lib.common.rest_client [req-c6abfe49-b488-4044-89b8-7a265a73944f req-c6abfe49-b488-4044-89b8-7a265a73944f ] Request (FloatingIPDetailsTestJSON:tearDownClass): 204 DELETE http://10.180.1.21/identity/v3/projects/18f04871d0e042fd935f7d30f6aa2d8c 0.125s
2025-11-17 14:36:35.960 66323 INFO tempest.lib.common.rest_client [req-09392c93-a706-4917-b49b-0dc0388f6249 req-09392c93-a706-4917-b49b-0dc0388f6249 ] Request (FloatingIPsAssociationNegativeTestJSON:setUpClass): 200 GET http://10.180.1.21/compute/v2.1/servers/9e3679af-f405-4dc1-81c9-3e0ee90ce45c 5.183s
2025-11-17 14:36:36.008 66325 INFO tempest.lib.common.rest_client [req-f9a17f73-b145-461a-b342-41ffb4900bd2 req-f9a17f73-b145-461a-b342-41ffb4900bd2 ] Request (AttachInterfacesTestJSON:test_create_list_show_delete_interfaces_by_fixed_ip): 200 GET http://10.180.1.21/compute/v2.1/servers/1f2c935f-f4b7-41be-a3a2-6ad56c7e48e4 5.340s
2025-11-17 14:36:36.023 66325 INFO tempest.common.waiters [-] State transition "BUILD/None" ==> "BUILD/spawning" after 48 second wait
2025-11-17 14:36:36.029 66331 INFO tempest.lib.common.rest_client [req-53d8e170-70d5-420c-9e74-4df879f13210 req-53d8e170-70d5-420c-9e74-4df879f13210 ] Request (ServerGroupTestJSON:setUpClass): 201 POST http://10.180.1.21/identity/v3/auth/tokens 0.082s
2025-11-17 14:36:36.070 66331 INFO tempest.lib.common.rest_client [req-96e0ea38-81d0-4b5b-87c0-f273479564ba req-96e0ea38-81d0-4b5b-87c0-f273479564ba ] Request (ServerGroupTestJSON:setUpClass): 201 POST http://10.180.1.21/identity/v3/auth/tokens 0.037s
2025-11-17 14:36:36.102 66331 INFO tempest.lib.common.rest_client [req-a1a3c810-7f92-4aca-86a3-acf781570c9e req-a1a3c810-7f92-4aca-86a3-acf781570c9e ] Request (ServerGroupTestJSON:setUpClass): 200 GET http://10.180.1.21/identity/v3/domains?name=Default 0.031s
2025-11-17 14:36:36.137 66331 INFO tempest.lib.common.rest_client [req-538d20e0-35b6-462f-ad7a-33fa3c52a9f8 req-538d20e0-35b6-462f-ad7a-33fa3c52a9f8 ] Request (ServerGroupTestJSON:setUpClass): 201 POST http://10.180.1.21/identity/v3/projects 0.035s
2025-11-17 14:36:36.223 66331 INFO tempest.lib.common.rest_client [req-bdb44309-9343-40ca-bcef-aa8f78eb4de9 req-bdb44309-9343-40ca-bcef-aa8f78eb4de9 ] Request (ServerGroupTestJSON:setUpClass): 201 POST http://10.180.1.21/identity/v3/users 0.085s
2025-11-17 14:36:36.260 66331 INFO tempest.lib.common.rest_client [req-775a8f3e-c08a-46f3-81f2-85d93097908e req-775a8f3e-c08a-46f3-81f2-85d93097908e ] Request (ServerGroupTestJSON:setUpClass): 200 GET http://10.180.1.21/identity/v3/roles 0.037s
2025-11-17 14:36:36.297 66331 INFO tempest.lib.common.rest_client [req-4f1ee188-3208-4cc6-b780-c1bd4853d183 req-4f1ee188-3208-4cc6-b780-c1bd4853d183 ] Request (ServerGroupTestJSON:setUpClass): 204 PUT http://10.180.1.21/identity/v3/projects/404df8ba241a4319859b1f568d2c699b/users/247572031664455986cf4af4c68e21e6/roles/f90f3b9106134b4b80ef4af5c4f707ec 0.035s
2025-11-17 14:36:36.297 66331 INFO tempest.lib.common.dynamic_creds [-] Dynamic test user 247572031664455986cf4af4c68e21e6 is created with scope project and roles: ['member']
2025-11-17 14:36:36.297 66331 INFO tempest.lib.common.dynamic_creds [-] Acquired dynamic creds: credentials: Credentials: {'domain_id': 'default', 'domain_name': 'Default', 'username': 'tempest-ServerGroupTestJSON-878598353-project-member', 'project_domain_id': 'default', 'project_domain_name': 'Default', 'project_id': '404df8ba241a4319859b1f568d2c699b', 'project_name': 'tempest-ServerGroupTestJSON-878598353', 'tenant_id': '404df8ba241a4319859b1f568d2c699b', 'tenant_name': 'tempest-ServerGroupTestJSON-878598353', 'user_domain_id': 'default', 'user_domain_name': 'Default', 'user_id': '247572031664455986cf4af4c68e21e6', 'system': None}, Network: None, Subnet: None, Router: None
2025-11-17 14:36:36.390 66331 INFO tempest.lib.common.rest_client [req-d011243d-f106-426e-b16a-da1988416580 req-d011243d-f106-426e-b16a-da1988416580 ] Request (ServerGroupTestJSON:setUpClass): 201 POST http://10.180.1.21/identity/v3/auth/tokens 0.092s
2025-11-17 14:36:36.555 66303 INFO tempest.lib.common.rest_client [req-88cb9beb-a0a5-455a-93bd-5b22b6adbeea req-88cb9beb-a0a5-455a-93bd-5b22b6adbeea ] Request (FloatingIPsTestJSON:test_delete_floating_ip): 202 DELETE http://10.180.1.21/compute/v2.1/os-floating-ips/cd25d5b1-067d-4ee3-9c44-747d87ce607c 5.389s
2025-11-17 14:36:36.594 66349 INFO tempest.lib.common.rest_client [req-7606c56d-2bfe-4622-bbad-d95fa34f3e0d req-7606c56d-2bfe-4622-bbad-d95fa34f3e0d ] Request (ListServerFiltersTestJSON:test_list_servers_filter_by_limit): 200 GET http://10.180.1.21/compute/v2.1/servers?limit=1 5.115s
2025-11-17 14:36:36.674 66313 INFO tempest.lib.common.rest_client [req-5b8b426d-412a-4a92-82bc-8649c5783ce6 req-5b8b426d-412a-4a92-82bc-8649c5783ce6 ] Request (ServerPasswordTestJSON:tearDownClass): 200 GET http://10.180.1.21/compute/v2.1/servers/7a0d4eac-9919-41b0-bc79-985db03ddaeb 4.903s
2025-11-17 14:36:36.702 66331 INFO tempest.lib.common.rest_client [req-874abdce-bff4-4b2f-b736-815df65f0069 req-874abdce-bff4-4b2f-b736-815df65f0069 ] Request (ServerGroupTestJSON:setUpClass): 201 POST http://10.180.1.21/networking/v2.0/networks 0.311s
2025-11-17 14:36:36.745 66343 INFO tempest.lib.common.rest_client [req-c5bb1723-2384-4475-b3d2-8aa81267a494 req-c5bb1723-2384-4475-b3d2-8aa81267a494 ] Request (ServerAddressesNegativeTestJSON:setUpClass): 200 GET http://10.180.1.21/compute/v2.1/servers/42681067-538e-43fe-8055-ea562909c5a8 4.773s
2025-11-17 14:36:36.751 66341 INFO tempest.lib.common.rest_client [req-e082ffb6-c43d-4f7f-a101-20d4ab177257 req-e082ffb6-c43d-4f7f-a101-20d4ab177257 ] Request (ServerActionsTestOtherB:setUpClass): 202 POST http://10.180.1.21/compute/v2.1/servers 5.526s
2025-11-17 14:36:36.758 66343 INFO tempest.common.waiters [-] State transition "BUILD/scheduling" ==> "BUILD/None" after 24 second wait
2025-11-17 14:36:36.839 66345 INFO tempest.lib.common.rest_client [req-07c97ff9-e67e-40b5-a07d-abaeb2592cd5 req-07c97ff9-e67e-40b5-a07d-abaeb2592cd5 ] Request (ServerMetadataTestJSON:setUpClass): 200 GET http://10.180.1.21/compute/v2.1/servers/ba6e4068-f940-428e-b415-b11f7ec83857 4.648s
2025-11-17 14:36:36.958 66331 INFO tempest.lib.common.rest_client [req-34d4a6a9-24f9-4686-9388-f64007003237 req-34d4a6a9-24f9-4686-9388-f64007003237 ] Request (ServerGroupTestJSON:setUpClass): 201 POST http://10.180.1.21/networking/v2.0/subnets 0.255s
2025-11-17 14:36:37.007 66337 INFO tempest.lib.common.rest_client [req-2057d0f2-bde2-4645-8bef-f054939cf8b1 req-2057d0f2-bde2-4645-8bef-f054939cf8b1 ] Request (MigrationsAdminTest:test_resize_server_revert_deleted_flavor): 200 GET http://10.180.1.21/compute/v2.1/servers/3265bd0a-4ff8-4918-94db-af70314e84cf 4.638s
2025-11-17 14:36:37.016 66337 INFO tempest.common.waiters [-] State transition "BUILD/spawning" ==> "ACTIVE/None" after 51 second wait
2025-11-17 14:36:37.030 66359 INFO tempest.lib.common.rest_client [req-a71d6932-5526-465a-b1cb-d50d33014670 req-a71d6932-5526-465a-b1cb-d50d33014670 ] Request (DeleteServersTestJSON:test_delete_server_while_in_attached_volume): 200 GET http://10.180.1.21/compute/v2.1/servers/18eba7f8-31cc-4a75-b73a-b279853d125a 4.460s
2025-11-17 14:36:37.038 66359 INFO tempest.common.waiters [-] State transition "BUILD/networking" ==> "BUILD/spawning" after 51 second wait
2025-11-17 14:36:37.111 66307 INFO tempest.lib.common.rest_client [req-208608e4-b86d-467d-9d17-3de232548d9e req-208608e4-b86d-467d-9d17-3de232548d9e ] Request (AttachInterfacesUnderV243Test:test_add_remove_fixed_ip): 200 GET http://10.180.1.21/compute/v2.1/servers/4c15afa2-321c-4502-b839-dc5578688302 4.307s
2025-11-17 14:36:37.128 66363 INFO tempest.lib.common.rest_client [req-7edd3f8e-d9a3-43f3-a409-b6b4bd8271a4 req-7edd3f8e-d9a3-43f3-a409-b6b4bd8271a4 ] Request (ServerExternalEventsTest:test_create_server_external_events): 200 GET http://10.180.1.21/compute/v2.1/servers/728a7240-9509-4449-a71d-44be5ae1e63c 3.979s
2025-11-17 14:36:37.164 66339 INFO tempest.lib.common.rest_client [req-3d549374-5e56-4d2f-b760-c7d28f0abc4e req-3d549374-5e56-4d2f-b760-c7d28f0abc4e ] Request (ServersTestMultiNic:_run_cleanups): 404 GET http://10.180.1.21/compute/v2.1/servers/5afa0e61-7e7b-487d-87bd-1d26c6017fbf 3.237s
2025-11-17 14:36:37.314 66339 INFO tempest.lib.common.rest_client [req-56621f32-643d-48c1-b999-4f14ce6e722c req-56621f32-643d-48c1-b999-4f14ce6e722c ] Request (ServersTestMultiNic:_run_cleanups): 204 DELETE http://10.180.1.21/networking/v2.0/subnets/0b38c3de-0c2f-4c17-8624-0a5b3c0dfc5f 0.150s
2025-11-17 14:36:37.403 66319 INFO tempest.lib.common.rest_client [req-f0c52d27-d624-48ee-b37b-55f29ecc60bd req-f0c52d27-d624-48ee-b37b-55f29ecc60bd ] Request (ImagesOneServerNegativeTestJSON:_run_cleanups): 200 GET http://10.180.1.21/compute/v2.1/servers/9fb369af-202c-4d49-9d32-cbc411f8267a 3.496s
2025-11-17 14:36:37.508 66309 INFO tempest.lib.common.rest_client [req-7ab9836f-51ca-4df0-a7d9-9a65b36e9bc8 req-7ab9836f-51ca-4df0-a7d9-9a65b36e9bc8 ] Request (InstanceActionsV221TestJSON:test_get_list_deleted_instance_actions): 204 DELETE http://10.180.1.21/compute/v2.1/servers/a04a48f1-71c3-4cca-90cb-cdf391cd2ee0 3.227s
2025-11-17 14:36:37.731 66339 INFO tempest.lib.common.rest_client [req-d718a522-1ffd-46a4-b172-432a1c2307ca req-d718a522-1ffd-46a4-b172-432a1c2307ca ] Request (ServersTestMultiNic:_run_cleanups): 204 DELETE http://10.180.1.21/networking/v2.0/networks/698a56b9-701e-4113-a8e1-9bc0e9f83786 0.416s
2025-11-17 14:36:37.799 66315 INFO tempest.lib.common.rest_client [req-c3ecd067-8453-4310-81bd-594e9d57f8b0 req-c3ecd067-8453-4310-81bd-594e9d57f8b0 ] Request (ListImageFiltersTestJSON:setUpClass): 202 POST http://10.180.1.21/compute/v2.1/servers/ff72ebdf-fcd2-474f-b95c-951b3114f968/action 3.737s
2025-11-17 14:36:37.821 66311 INFO tempest.lib.common.rest_client [req-e0ed3101-a162-49c1-9247-f3b704934873 req-e0ed3101-a162-49c1-9247-f3b704934873 ] Request (ServersAdminNegativeTestJSON:tearDownClass): 200 GET http://10.180.1.21/compute/v2.1/servers/2f6d4f72-e713-4422-9e72-ca261477d545 3.001s
2025-11-17 14:36:37.839 66327 INFO tempest.lib.common.rest_client [req-13890840-5dc1-418d-94e7-7827d8284cac req-13890840-5dc1-418d-94e7-7827d8284cac ] Request (ServerAddressesTestJSON:tearDownClass): 404 GET http://10.180.1.21/compute/v2.1/servers/979b028d-389e-4831-9879-c183a18fc304 2.578s
2025-11-17 14:36:37.912 66331 INFO tempest.lib.common.rest_client [req-43031d06-39c6-40ab-b0e1-508bda11d482 req-43031d06-39c6-40ab-b0e1-508bda11d482 ] Request (ServerGroupTestJSON:setUpClass): 201 POST http://10.180.1.21/networking/v2.0/routers 0.953s
2025-11-17 14:36:37.989 66339 INFO tempest.lib.common.rest_client [req-5912eef0-d014-4eaf-87b1-9a7ccdbdd7f5 req-5912eef0-d014-4eaf-87b1-9a7ccdbdd7f5 ] Request (ServersTestMultiNic:_run_cleanups): 204 DELETE http://10.180.1.21/networking/v2.0/subnets/47bf597b-e339-4d12-b8e8-ea84fc3277f4 0.257s
2025-11-17 14:36:38.013 66329 INFO tempest.lib.common.rest_client [req-f4b37a7d-9393-462b-90f8-a40069ace8f8 req-f4b37a7d-9393-462b-90f8-a40069ace8f8 ] Request (FloatingIPsAssociationTestJSON:tearDownClass): 200 GET http://10.180.1.21/compute/v2.1/servers/c827472c-405c-4df1-8c05-b139c8b3ebce 2.332s
2025-11-17 14:36:38.028 66358 INFO tempest.lib.common.rest_client [req-05092919-e6b7-4c71-a8a5-fbbd0545dd5a req-05092919-e6b7-4c71-a8a5-fbbd0545dd5a ] Request (ImagesTestJSON:test_create_server_from_snapshot): 200 GET http://10.180.1.21/compute/v2.1/servers/5129b964-14d3-4417-8107-28ad1e7a43e3 2.334s
2025-11-17 14:36:38.205 66353 INFO tempest.lib.common.rest_client [req-c01b77b3-8082-4c7a-a4c9-611a1fee6233 req-c01b77b3-8082-4c7a-a4c9-611a1fee6233 ] Request (ServersTestManualDisk:setUpClass): 200 POST http://10.180.1.21/compute/v2.1/os-keypairs 2.476s
2025-11-17 14:36:38.743 66327 INFO tempest.lib.common.rest_client [req-14e8d850-86db-4f7e-8f03-7b651ab1640b req-14e8d850-86db-4f7e-8f03-7b651ab1640b ] Request (ServerAddressesTestJSON:tearDownClass): 200 PUT http://10.180.1.21/networking/v2.0/routers/fccb388f-6723-4c19-9b74-57b08c593f83/remove_router_interface 0.904s
2025-11-17 14:36:39.047 66331 INFO tempest.lib.common.rest_client [req-8b08ab49-5a21-4978-9381-176b2d3dbabf req-8b08ab49-5a21-4978-9381-176b2d3dbabf ] Request (ServerGroupTestJSON:setUpClass): 200 PUT http://10.180.1.21/networking/v2.0/routers/12873469-038d-4c4a-ae40-109cfe78d6c0/add_router_interface 1.134s
2025-11-17 14:36:39.047 66331 INFO tempest.lib.common.dynamic_creds [-] Created isolated network resources for: credentials: Credentials: {'domain_id': 'default', 'domain_name': 'Default', 'username': 'tempest-ServerGroupTestJSON-878598353-project-member', 'project_domain_id': 'default', 'project_domain_name': 'Default', 'project_id': '404df8ba241a4319859b1f568d2c699b', 'project_name': 'tempest-ServerGroupTestJSON-878598353', 'tenant_id': '404df8ba241a4319859b1f568d2c699b', 'tenant_name': 'tempest-ServerGroupTestJSON-878598353', 'user_domain_id': 'default', 'user_domain_name': 'Default', 'user_id': '247572031664455986cf4af4c68e21e6', 'system': None}, Network: {'id': '3cc873e7-8f6d-40ea-b48f-722822b384bb', 'name': 'tempest-ServerGroupTestJSON-570483822-network', 'tenant_id': '404df8ba241a4319859b1f568d2c699b', 'project_id': '404df8ba241a4319859b1f568d2c699b', 'admin_state_up': True, 'mtu': 8950, 'status': 'ACTIVE', 'subnets': [], 'shared': False, 'port_security_enabled': True, 'router:external': False, 'provider:network_type': 'vlan', 'provider:physical_network': 'default', 'provider:segmentation_id': 516, 'availability_zone_hints': [], 'availability_zones': [], 'ipv4_address_scope': None, 'ipv6_address_scope': None, 'description': '', 'tags': [], 'created_at': '2025-11-17T14:36:36Z', 'updated_at': '2025-11-17T14:36:36Z', 'revision_number': 1}, Subnet: {'id': '147fe0f1-5183-4d4f-b129-1388d33a9261', 'name': 'tempest-ServerGroupTestJSON-570483822-subnet', 'tenant_id': '404df8ba241a4319859b1f568d2c699b', 'network_id': '3cc873e7-8f6d-40ea-b48f-722822b384bb', 'ip_version': 4, 'subnetpool_id': None, 'enable_dhcp': True, 'ipv6_ra_mode': None, 'ipv6_address_mode': None, 'gateway_ip': '192.168.128.1', 'cidr': '192.168.128.0/28', 'allocation_pools': [{'start': '192.168.128.2', 'end': '192.168.128.14'}], 'host_routes': [], 'dns_nameservers': [], 'description': '', 'router:external': False, 'service_types': [], 'tags': [], 'created_at': '2025-11-17T14:36:36Z', 'updated_at': '2025-11-17T14:36:36Z', 'revision_number': 0, 'project_id': '404df8ba241a4319859b1f568d2c699b'}, Router: {'id': '12873469-038d-4c4a-ae40-109cfe78d6c0', 'name': 'tempest-ServerGroupTestJSON-570483822-router', 'tenant_id': '404df8ba241a4319859b1f568d2c699b', 'admin_state_up': True, 'status': 'ACTIVE', 'external_gateway_info': {'network_id': 'edb4681e-d15f-40d7-bb23-fe500af538f7', 'external_fixed_ips': [{'subnet_id': '164dfb00-053a-4c9d-aeec-67980205d700', 'ip_address': '10.180.180.239'}], 'enable_snat': True}, 'description': '', 'availability_zones': [], 'distributed': False, 'ha': False, 'availability_zone_hints': [], 'routes': [], 'flavor_id': None, 'tags': [], 'created_at': '2025-11-17T14:36:37Z', 'updated_at': '2025-11-17T14:36:37Z', 'revision_number': 2, 'project_id': '404df8ba241a4319859b1f568d2c699b'}
2025-11-17 14:36:39.072 66339 INFO tempest.lib.common.rest_client [req-dee4ae61-9f0a-41e1-b2eb-a7a527bd30be req-dee4ae61-9f0a-41e1-b2eb-a7a527bd30be ] Request (ServersTestMultiNic:_run_cleanups): 204 DELETE http://10.180.1.21/networking/v2.0/networks/48be9696-02f5-4d1a-912b-fa7329f524f5 1.082s
2025-11-17 14:36:39.084 66361 INFO tempest.lib.common.rest_client [req-5658e036-0777-4530-8325-0135025b860a req-5658e036-0777-4530-8325-0135025b860a ] Request (AttachVolumeNegativeTest:test_attach_attached_volume_to_different_server): 200 GET http://10.180.1.21/compute/v2.1/servers/f06070f2-2135-42ab-b30b-a89344e0618e 3.259s
2025-11-17 14:36:39.104 66321 INFO tempest.lib.common.rest_client [req-9a22d627-5e06-4401-b414-6c541e5afdff req-9a22d627-5e06-4401-b414-6c541e5afdff ] Request (InstanceActionsTestJSON:setUpClass): 200 GET http://10.180.1.21/compute/v2.1/servers/e1c123d7-cb49-4e2a-a70e-62866a17702f 3.265s
2025-11-17 14:36:39.187 66331 INFO tempest.lib.common.rest_client [req-cde4aa51-27af-4df6-993a-a151206a293b req-cde4aa51-27af-4df6-993a-a151206a293b ] Request (ServerGroupTestJSON:setUpClass): 201 POST http://10.180.1.21/identity/v3/auth/tokens 0.135s
2025-11-17 14:36:39.211 66349 INFO tempest.lib.common.rest_client [req-786bb888-2bcb-46b7-875c-e170ad77564d req-786bb888-2bcb-46b7-875c-e170ad77564d ] Request (ListServerFiltersTestJSON:test_list_servers_filter_by_server_name): 200 GET http://10.180.1.21/compute/v2.1/servers?name=tempest-ListServerFiltersTestJSON-instance-1494689328 2.613s
2025-11-17 14:36:39.224 66353 INFO tempest.lib.common.rest_client [req-56256b4c-4bf3-4576-83c3-c90c4b0ba2d1 req-56256b4c-4bf3-4576-83c3-c90c4b0ba2d1 ] Request (ServersTestManualDisk:setUpClass): 201 POST http://10.180.1.21/networking/v2.0/security-groups 1.013s
2025-11-17 14:36:39.245 66303 INFO tempest.lib.common.rest_client [req-6069d41c-6867-449a-b78e-ff693ea2c33a req-6069d41c-6867-449a-b78e-ff693ea2c33a ] Request (FloatingIPsTestJSON:test_delete_floating_ip): 404 GET http://10.180.1.21/compute/v2.1/os-floating-ips/cd25d5b1-067d-4ee3-9c44-747d87ce607c 2.690s
2025-11-17 14:36:39.369 66353 INFO tempest.lib.common.rest_client [req-a68933af-ff19-4118-81b0-810f8598df70 req-a68933af-ff19-4118-81b0-810f8598df70 ] Request (ServersTestManualDisk:setUpClass): 201 POST http://10.180.1.21/networking/v2.0/security-group-rules 0.145s
2025-11-17 14:36:39.398 66305 INFO tempest.lib.common.rest_client [req-60e7ae33-c76e-4230-8fea-1aa2bd17580a req-60e7ae33-c76e-4230-8fea-1aa2bd17580a ] Request (ServersAdminTestJSON:setUpClass): 200 GET http://10.180.1.21/compute/v2.1/servers/36cdd11a-35ef-4928-9b93-b2e8e54c3e53 2.704s
2025-11-17 14:36:39.418 66355 INFO tempest.lib.common.rest_client [req-fc0432ec-dfbe-4c8b-9ebf-9ae99a7d3b24 req-fc0432ec-dfbe-4c8b-9ebf-9ae99a7d3b24 ] Request (ServerActionsTestOtherA:test_rebuild_server_in_stop_state): 200 GET http://10.180.1.21/compute/v2.1/servers/ef772d2e-a2fd-4e58-af98-1e0599f28fbc 2.707s
2025-11-17 14:36:39.499 66353 INFO tempest.lib.common.rest_client [req-8cd87159-c9b4-4092-9c26-197ff666e252 req-8cd87159-c9b4-4092-9c26-197ff666e252 ] Request (ServersTestManualDisk:setUpClass): 201 POST http://10.180.1.21/networking/v2.0/security-group-rules 0.129s
2025-11-17 14:36:39.523 66341 INFO tempest.lib.common.rest_client [req-602de43e-c8fb-406a-b28a-7f0bcb2fad62 req-602de43e-c8fb-406a-b28a-7f0bcb2fad62 ] Request (ServerActionsTestOtherB:setUpClass): 200 GET http://10.180.1.21/compute/v2.1/servers/811d8ad9-137c-4720-9c9b-071e4eb3f7ce 2.770s
2025-11-17 14:36:39.546 66323 INFO tempest.lib.common.rest_client [req-85e8602f-6ecc-4e7e-b7b5-b047d1b9983c req-85e8602f-6ecc-4e7e-b7b5-b047d1b9983c ] Request (FloatingIPsAssociationNegativeTestJSON:setUpClass): 200 GET http://10.180.1.21/compute/v2.1/servers/9e3679af-f405-4dc1-81c9-3e0ee90ce45c 2.578s
2025-11-17 14:36:39.643 66327 INFO tempest.lib.common.rest_client [req-d09d57f6-be22-4b9f-9b64-75fb1346893c req-d09d57f6-be22-4b9f-9b64-75fb1346893c ] Request (ServerAddressesTestJSON:tearDownClass): 204 DELETE http://10.180.1.21/networking/v2.0/routers/fccb388f-6723-4c19-9b74-57b08c593f83 0.900s
2025-11-17 14:36:39.930 66327 INFO tempest.lib.common.rest_client [req-c1172a98-b106-492e-9b5a-4e23159f5252 req-c1172a98-b106-492e-9b5a-4e23159f5252 ] Request (ServerAddressesTestJSON:tearDownClass): 204 DELETE http://10.180.1.21/networking/v2.0/subnets/c222fff4-1d43-4446-95c7-54f6b94ba3e2 0.286s
2025-11-17 14:36:40.035 66353 INFO tempest.lib.common.rest_client [req-b911fb62-6858-41d8-b3ce-e22d57f07ce6 req-b911fb62-6858-41d8-b3ce-e22d57f07ce6 ] Request (ServersTestManualDisk:setUpClass): 201 POST http://10.180.1.21/networking/v2.0/floatingips 0.536s
2025-11-17 14:36:40.064 66337 INFO tempest.lib.common.rest_client [req-3f80c3b3-f0f4-44ba-af55-48de604cbe65 req-3f80c3b3-f0f4-44ba-af55-48de604cbe65 ] Request (MigrationsAdminTest:test_resize_server_revert_deleted_flavor): 200 GET http://10.180.1.21/compute/v2.1/servers/3265bd0a-4ff8-4918-94db-af70314e84cf 3.047s
2025-11-17 14:36:40.077 66353 INFO tempest.lib.common.rest_client [req-a83fb200-2827-497a-9d74-02a614a4eced req-a83fb200-2827-497a-9d74-02a614a4eced ] Request (ServersTestManualDisk:setUpClass): 201 POST http://10.180.1.21/identity/v3/auth/tokens 0.039s
