2025-11-17 14:34:16.430 66323 INFO tempest.lib.common.rest_client [req-123ac485-18fd-406e-b65b-bf79e2c591ec req-123ac485-18fd-406e-b65b-bf79e2c591ec ] Request (VolumesAdminNegativeTest:setUpClass): 201 POST http://10.180.1.21/networking/v2.0/routers 0.879s
2025-11-17 14:34:16.532 66345 INFO tempest.lib.common.rest_client [req-c911971b-818a-44fd-baf7-fa4effa2b7c6 req-c911971b-818a-44fd-baf7-fa4effa2b7c6 ] Request (SecurityGroupsTestAdminJSON:_run_cleanups): 202 DELETE http://10.180.1.21/compute/v2.1/os-security-groups/5dfb9957-f484-47b6-9a6d-a2fadf1f538f 5.362s
2025-11-17 14:34:17.084 66335 INFO tempest.lib.common.rest_client [req-6f3decf0-830b-4e23-a4c1-7338afb3e480 req-6f3decf0-830b-4e23-a4c1-7338afb3e480 ] Request (TenantUsagesTestJSON:setUpClass): 200 GET http://10.180.1.21/compute/v2.1/servers/d7cb07dc-a6fb-4d7d-ade6-e326a31d2a34 5.830s
2025-11-17 14:34:17.099 66335 INFO tempest.common.waiters [-] State transition "BUILD/spawning" ==> "ACTIVE/None" after 28 second wait
2025-11-17 14:34:17.556 66363 INFO tempest.lib.common.rest_client [req-1495e5e4-d202-42f2-b909-c5e9a556c0a1 req-1495e5e4-d202-42f2-b909-c5e9a556c0a1 ] Request (VolumesAssistedSnapshotsTest:test_volume_assisted_snapshot_create_delete): 200 GET http://10.180.1.21/compute/v2.1/servers/4f12a59e-86bb-42a6-908c-3469b9e476d1 6.216s
2025-11-17 14:34:17.685 66323 INFO tempest.lib.common.rest_client [req-d8a15d90-2f67-4a17-8b8d-c57cc456c4aa req-d8a15d90-2f67-4a17-8b8d-c57cc456c4aa ] Request (VolumesAdminNegativeTest:setUpClass): 200 PUT http://10.180.1.21/networking/v2.0/routers/dc219050-4856-4df5-9224-844386c03705/add_router_interface 1.254s
2025-11-17 14:34:17.686 66323 INFO tempest.lib.common.dynamic_creds [-] Created isolated network resources for: credentials: Credentials: {'domain_id': 'default', 'domain_name': 'Default', 'username': 'tempest-VolumesAdminNegativeTest-372986083-project-member', 'project_domain_id': 'default', 'project_domain_name': 'Default', 'project_id': '90a6746330744df193166f33a5a4c49f', 'project_name': 'tempest-VolumesAdminNegativeTest-372986083', 'tenant_id': '90a6746330744df193166f33a5a4c49f', 'tenant_name': 'tempest-VolumesAdminNegativeTest-372986083', 'user_domain_id': 'default', 'user_domain_name': 'Default', 'user_id': 'e088bf2ec0344013bb5f982a2ec7622c', 'system': None}, Network: {'id': 'f7ddf2ee-f922-445b-bf01-861b7df81411', 'name': 'tempest-VolumesAdminNegativeTest-1020993076-network', 'tenant_id': '90a6746330744df193166f33a5a4c49f', 'project_id': '90a6746330744df193166f33a5a4c49f', 'admin_state_up': True, 'mtu': 8950, 'status': 'ACTIVE', 'subnets': [], 'shared': False, 'port_security_enabled': True, 'router:external': False, 'provider:network_type': 'vlan', 'provider:physical_network': 'default', 'provider:segmentation_id': 180, 'availability_zone_hints': [], 'availability_zones': [], 'ipv4_address_scope': None, 'ipv6_address_scope': None, 'description': '', 'tags': [], 'created_at': '2025-11-17T14:34:15Z', 'updated_at': '2025-11-17T14:34:15Z', 'revision_number': 1}, Subnet: {'id': '0f279d77-93db-4ccd-9a5f-a4f0c958e3cb', 'name': 'tempest-VolumesAdminNegativeTest-1020993076-subnet', 'tenant_id': '90a6746330744df193166f33a5a4c49f', 'network_id': 'f7ddf2ee-f922-445b-bf01-861b7df81411', 'ip_version': 4, 'subnetpool_id': None, 'enable_dhcp': True, 'ipv6_ra_mode': None, 'ipv6_address_mode': None, 'gateway_ip': '192.168.128.1', 'cidr': '192.168.128.0/28', 'allocation_pools': [{'start': '192.168.128.2', 'end': '192.168.128.14'}], 'host_routes': [], 'dns_nameservers': [], 'description': '', 'router:external': False, 'service_types': [], 'tags': [], 'created_at': '2025-11-17T14:34:15Z', 'updated_at': '2025-11-17T14:34:15Z', 'revision_number': 0, 'project_id': '90a6746330744df193166f33a5a4c49f'}, Router: {'id': 'dc219050-4856-4df5-9224-844386c03705', 'name': 'tempest-VolumesAdminNegativeTest-1020993076-router', 'tenant_id': '90a6746330744df193166f33a5a4c49f', 'admin_state_up': True, 'status': 'ACTIVE', 'external_gateway_info': {'network_id': 'edb4681e-d15f-40d7-bb23-fe500af538f7', 'external_fixed_ips': [{'subnet_id': '164dfb00-053a-4c9d-aeec-67980205d700', 'ip_address': '10.180.180.165'}], 'enable_snat': True}, 'description': '', 'availability_zones': [], 'distributed': False, 'ha': False, 'availability_zone_hints': [], 'routes': [], 'flavor_id': None, 'tags': [], 'created_at': '2025-11-17T14:34:15Z', 'updated_at': '2025-11-17T14:34:16Z', 'revision_number': 2, 'project_id': '90a6746330744df193166f33a5a4c49f'}
2025-11-17 14:34:17.796 66309 INFO tempest.lib.common.rest_client [req-9dde9e8b-cb28-4606-b8c5-5aa11d790f4a req-9dde9e8b-cb28-4606-b8c5-5aa11d790f4a ] Request (ImagesNegativeTestJSON:test_create_image_from_deleted_server): 200 GET http://10.180.1.21/compute/v2.1/servers/bec0be17-439e-4e61-9693-81031e2b3581 6.252s
2025-11-17 14:34:17.797 66323 INFO tempest.lib.common.rest_client [req-49fe7a89-4ec5-4f19-bcc6-6f524adf4ca0 req-49fe7a89-4ec5-4f19-bcc6-6f524adf4ca0 ] Request (VolumesAdminNegativeTest:setUpClass): 201 POST http://10.180.1.21/identity/v3/auth/tokens 0.106s
2025-11-17 14:34:17.807 66309 INFO tempest.common.waiters [-] State transition "ACTIVE/deleting" ==> "DELETED/None" after 7 second wait
2025-11-17 14:34:17.824 66341 INFO tempest.lib.common.rest_client [req-19a510ca-99d0-4eea-9e4b-174cde129b59 req-19a510ca-99d0-4eea-9e4b-174cde129b59 ] Request (ListServersNegativeTestJSON:setUpClass): 200 GET http://10.180.1.21/compute/v2.1/servers/74fdfde5-fc41-4621-9bf3-d23ab3ce8452 6.473s
2025-11-17 14:34:17.836 66341 INFO tempest.common.waiters [-] State transition "BUILD/None" ==> "BUILD/spawning" after 7 second wait
2025-11-17 14:34:17.848 66323 INFO tempest.lib.common.rest_client [req-172fbbfb-8b95-42a6-9eef-11f4ab1018e6 req-172fbbfb-8b95-42a6-9eef-11f4ab1018e6 ] Request (VolumesAdminNegativeTest:setUpClass): 201 POST http://10.180.1.21/identity/v3/projects 0.050s
2025-11-17 14:34:17.970 66353 INFO tempest.lib.common.rest_client [req-00136ac8-387a-44a6-a7fd-fe6ad28d7f38 req-00136ac8-387a-44a6-a7fd-fe6ad28d7f38 ] Request (QuotasAdminNegativeTest:_run_cleanups): 200 PUT http://10.180.1.21/compute/v2.1/os-quota-sets/40ac1f8c92e244369689456a22b8276f 5.361s
2025-11-17 14:34:17.988 66323 INFO tempest.lib.common.rest_client [req-24d0a4fe-8af9-41ff-a7f8-8beb86139752 req-24d0a4fe-8af9-41ff-a7f8-8beb86139752 ] Request (VolumesAdminNegativeTest:setUpClass): 201 POST http://10.180.1.21/identity/v3/users 0.139s
2025-11-17 14:34:18.005 66317 INFO tempest.lib.common.rest_client [req-b7509ae2-eb20-4c71-8474-79724b78613b req-b7509ae2-eb20-4c71-8474-79724b78613b ] Request (FlavorsAccessTestJSON:_run_cleanups): 202 DELETE http://10.180.1.21/compute/v2.1/flavors/59309780 5.048s
2025-11-17 14:34:18.010 66323 INFO tempest.lib.common.rest_client [req-98403f5f-5624-4e93-9f70-f4083ed71542 req-98403f5f-5624-4e93-9f70-f4083ed71542 ] Request (VolumesAdminNegativeTest:setUpClass): 200 GET http://10.180.1.21/identity/v3/roles 0.022s
2025-11-17 14:34:18.017 66361 INFO tempest.lib.common.rest_client [req-13a829c5-d8c1-4979-a25e-22d7cf45249e req-13a829c5-d8c1-4979-a25e-22d7cf45249e ] Request (ValidationResourcesFixture:setUp): 200 POST http://10.180.1.21/compute/v2.1/os-keypairs 5.077s
2025-11-17 14:34:18.021 66359 INFO tempest.lib.common.rest_client [req-c357fc0e-42b1-4605-9903-c1e8754d28e8 req-c357fc0e-42b1-4605-9903-c1e8754d28e8 ] Request (ImagesDeleteNegativeTestJSON:test_delete_image_with_invalid_image_id): 404 DELETE http://10.180.1.21/compute/v2.1/images/tempest-invalid-1071696504 5.053s
2025-11-17 14:34:18.052 66303 INFO tempest.lib.common.rest_client [req-369cd64a-dbb9-4e3d-b421-b4463fc4ffef req-369cd64a-dbb9-4e3d-b421-b4463fc4ffef ] Request (FlavorsAdminTestJSON:_run_cleanups): 200 GET http://10.180.1.21/compute/v2.1/flavors/detail 5.020s
2025-11-17 14:34:18.055 66323 INFO tempest.lib.common.rest_client [req-f85dbddd-a8fe-44df-99c7-5ff1dd9603a5 req-f85dbddd-a8fe-44df-99c7-5ff1dd9603a5 ] Request (VolumesAdminNegativeTest:setUpClass): 204 PUT http://10.180.1.21/identity/v3/projects/b7bad50624da4a8a8cc6f58918e9ac10/users/419318dc9e81418e845818f671947d8a/roles/f9616465cfab4d83af74f750904d9593 0.044s
2025-11-17 14:34:18.072 66349 INFO tempest.lib.common.rest_client [req-624c1085-6bc6-4f4c-8da9-1d1a5b63494e req-624c1085-6bc6-4f4c-8da9-1d1a5b63494e ] Request (FlavorsAccessNegativeTestJSON:_run_cleanups): 202 DELETE http://10.180.1.21/compute/v2.1/flavors/200346869 4.965s
2025-11-17 14:34:18.085 66331 INFO tempest.lib.common.rest_client [req-5c3e2ce9-d444-4115-914a-f22dcf3550b2 req-5c3e2ce9-d444-4115-914a-f22dcf3550b2 ] Request (HostsAdminTestJSON:test_show_host_detail): 200 GET http://10.180.1.21/compute/v2.1/os-hosts/cpu-1 4.991s
2025-11-17 14:34:18.118 66323 INFO tempest.lib.common.rest_client [req-62c2cccf-4334-4308-9fa6-d03738abcfc1 req-62c2cccf-4334-4308-9fa6-d03738abcfc1 ] Request (VolumesAdminNegativeTest:setUpClass): 200 GET http://10.180.1.21/identity/v3/roles 0.061s
2025-11-17 14:34:18.140 66323 INFO tempest.lib.common.rest_client [req-4aa92927-9bdc-434e-bae6-818c2b8a36bd req-4aa92927-9bdc-434e-bae6-818c2b8a36bd ] Request (VolumesAdminNegativeTest:setUpClass): 204 PUT http://10.180.1.21/identity/v3/projects/b7bad50624da4a8a8cc6f58918e9ac10/users/419318dc9e81418e845818f671947d8a/roles/f9616465cfab4d83af74f750904d9593 0.022s
2025-11-17 14:34:18.141 66323 INFO tempest.lib.common.dynamic_creds [-] Dynamic test user 419318dc9e81418e845818f671947d8a is created with scope project and roles: ['admin']
2025-11-17 14:34:18.141 66323 INFO tempest.lib.common.dynamic_creds [-] Acquired dynamic creds: credentials: Credentials: {'domain_id': 'default', 'domain_name': 'Default', 'username': 'tempest-VolumesAdminNegativeTest-1383393890-project-admin', 'project_domain_id': 'default', 'project_domain_name': 'Default', 'project_id': 'b7bad50624da4a8a8cc6f58918e9ac10', 'project_name': 'tempest-VolumesAdminNegativeTest-1383393890', 'tenant_id': 'b7bad50624da4a8a8cc6f58918e9ac10', 'tenant_name': 'tempest-VolumesAdminNegativeTest-1383393890', 'user_domain_id': 'default', 'user_domain_name': 'Default', 'user_id': '419318dc9e81418e845818f671947d8a', 'system': None}, Network: None, Subnet: None, Router: None
2025-11-17 14:34:18.245 66331 INFO tempest.lib.common.rest_client [req-a9d5071d-8e8b-4234-8909-e312d22f7cf1 req-a9d5071d-8e8b-4234-8909-e312d22f7cf1 ] Request (HostsAdminTestJSON:tearDownClass): 204 DELETE http://10.180.1.21/identity/v3/users/9aac3239ac9f4be89c15a0ee1cd71b1c 0.157s
2025-11-17 14:34:18.284 66361 INFO tempest.lib.common.rest_client [req-01d0b54e-20c4-4dda-bf4b-c261fe75e311 req-01d0b54e-20c4-4dda-bf4b-c261fe75e311 ] Request (ValidationResourcesFixture:setUp): 201 POST http://10.180.1.21/networking/v2.0/security-groups 0.265s
2025-11-17 14:34:18.355 66331 INFO tempest.lib.common.rest_client [req-f864ff51-fd9e-4e06-aba6-571ab43abb9d req-f864ff51-fd9e-4e06-aba6-571ab43abb9d ] Request (HostsAdminTestJSON:tearDownClass): 204 DELETE http://10.180.1.21/identity/v3/users/903f6a4c8f9b4042b60183025158f2c8 0.109s
2025-11-17 14:34:18.355 66331 INFO tempest.lib.common.dynamic_creds [-] Deleting project and security group for project: 78dfe3fbd53140a29d943360523335ba
2025-11-17 14:34:18.438 66331 INFO tempest.lib.common.rest_client [req-4ad74352-d75d-451c-b06e-b2329abb5f4c req-4ad74352-d75d-451c-b06e-b2329abb5f4c ] Request (HostsAdminTestJSON:tearDownClass): 201 POST http://10.180.1.21/identity/v3/auth/tokens 0.082s
2025-11-17 14:34:18.456 66311 INFO tempest.lib.common.rest_client [req-ac2c5c00-820e-4671-a5e5-1b8f50dad018 req-ac2c5c00-820e-4671-a5e5-1b8f50dad018 ] Request (ServersAdminNegativeTestJSON:test_migrate_server_invalid_state): 200 GET http://10.180.1.21/compute/v2.1/servers/1abdd22c-da15-4eb3-a446-241cc2086ab3 4.541s
2025-11-17 14:34:18.463 66311 INFO tempest.common.waiters [-] State transition "BUILD/scheduling" ==> "BUILD/None" after 6 second wait
2025-11-17 14:34:18.500 66321 INFO tempest.lib.common.rest_client [req-37d372d6-ad1b-4117-b6ce-ad9ce1697d04 req-37d372d6-ad1b-4117-b6ce-ad9ce1697d04 ] Request (ImagesOneServerTestJSON:test_create_delete_image): 200 GET http://10.180.1.21/compute/v2.1/images/1705e2af-7e24-4f95-8205-f357448301e6 4.482s
2025-11-17 14:34:18.529 66333 INFO tempest.lib.common.rest_client [req-620d228b-b2c1-42d8-933b-dd8935b4ecde req-620d228b-b2c1-42d8-933b-dd8935b4ecde ] Request (AggregatesAdminNegativeTestJSON:test_aggregate_add_non_exist_host): 200 POST http://10.180.1.21/compute/v2.1/os-aggregates 4.034s
2025-11-17 14:34:18.534 66307 INFO tempest.lib.common.rest_client [req-4fa40e4f-8606-4119-a61a-eaf410ef1a70 req-4fa40e4f-8606-4119-a61a-eaf410ef1a70 ] Request (HypervisorAdminNegativeTestJSON:test_show_nonexistent_hypervisor): 404 GET http://10.180.1.21/compute/v2.1/os-hypervisors/51921468-c162-44d1-a9ab-a00b5491fd03 3.984s
2025-11-17 14:34:18.541 66325 INFO tempest.lib.common.rest_client [req-615edf94-3ea9-4ab8-89a4-dd03cd8059bb req-615edf94-3ea9-4ab8-89a4-dd03cd8059bb ] Request (FlavorsExtraSpecsNegativeTestJSON:test_flavor_update_more_key): 400 PUT http://10.180.1.21/compute/v2.1/flavors/1639539567/os-extra_specs/hw:numa_nodes 3.984s
2025-11-17 14:34:18.595 66319 INFO tempest.lib.common.rest_client [req-72248cf7-8fa4-452f-90ca-e9ebfa8409fb req-72248cf7-8fa4-452f-90ca-e9ebfa8409fb ] Request (FlavorsExtraSpecsTestJSON:test_flavor_set_get_update_show_unset_keys): 200 DELETE http://10.180.1.21/compute/v2.1/flavors/393804052/os-extra_specs/hw:numa_nodes 3.375s
2025-11-17 14:34:18.602 66313 INFO tempest.lib.common.rest_client [req-86557313-ccb3-49fa-b63d-8e80f1ef8f40 req-86557313-ccb3-49fa-b63d-8e80f1ef8f40 ] Request (HostsAdminNegativeTestJSON:test_update_host_without_param): 400 PUT http://10.180.1.21/compute/v2.1/os-hosts/devstack 3.352s
2025-11-17 14:34:18.641 66307 INFO tempest.lib.common.rest_client [req-2416acc8-b288-4bb7-a30b-1dd08655d5c2 req-2416acc8-b288-4bb7-a30b-1dd08655d5c2 ] Request (HypervisorAdminNegativeTestJSON:tearDownClass): 204 DELETE http://10.180.1.21/identity/v3/users/a9d017217a27441397a9d0d07ee43992 0.104s
2025-11-17 14:34:18.641 66351 INFO tempest.lib.common.rest_client [req-b32f8389-a79e-4041-b504-13ed53c8568a req-b32f8389-a79e-4041-b504-13ed53c8568a ] Request (ValidationResourcesFixture:setUp): 200 POST http://10.180.1.21/compute/v2.1/os-keypairs 3.388s
2025-11-17 14:34:18.787 66307 INFO tempest.lib.common.rest_client [req-44837759-29e2-44a7-8b4f-2efbf7e8e84d req-44837759-29e2-44a7-8b4f-2efbf7e8e84d ] Request (HypervisorAdminNegativeTestJSON:tearDownClass): 204 DELETE http://10.180.1.21/identity/v3/users/48bad7f05e36431d84dcde2a4226ad46 0.146s
2025-11-17 14:34:18.788 66307 INFO tempest.lib.common.dynamic_creds [-] Deleting project and security group for project: 8f67010339f14e8ba1cb19b6dc68354b
2025-11-17 14:34:18.860 66307 INFO tempest.lib.common.rest_client [req-9225dcee-a43c-4341-b2c1-51ac6da13507 req-9225dcee-a43c-4341-b2c1-51ac6da13507 ] Request (HypervisorAdminNegativeTestJSON:tearDownClass): 201 POST http://10.180.1.21/identity/v3/auth/tokens 0.072s
2025-11-17 14:34:18.980 66323 INFO tempest.lib.common.rest_client [req-1e3d237d-2c62-4314-8ed8-eadd7b454d56 req-1e3d237d-2c62-4314-8ed8-eadd7b454d56 ] Request (VolumesAdminNegativeTest:setUpClass): 201 POST http://10.180.1.21/networking/v2.0/networks 0.838s
2025-11-17 14:34:19.075 66361 INFO tempest.lib.common.rest_client [req-01d2b4d3-8021-45ce-8e2a-6b0498422d7d req-01d2b4d3-8021-45ce-8e2a-6b0498422d7d ] Request (ValidationResourcesFixture:setUp): 201 POST http://10.180.1.21/networking/v2.0/security-group-rules 0.790s
2025-11-17 14:34:19.128 66337 INFO tempest.lib.common.rest_client [req-766f07e0-f419-4efa-af8e-d2e70920f177 req-766f07e0-f419-4efa-af8e-d2e70920f177 ] Request (MigrationsAdminTest:test_list_migrations_in_flavor_resize_situation): 200 GET http://10.180.1.21/compute/v2.1/servers/abc18c43-9ef2-4c48-93d9-36c42dfd5178 5.742s
2025-11-17 14:34:19.138 66337 INFO tempest.common.waiters [-] State transition "BUILD/spawning" ==> "ACTIVE/None" after 16 second wait
2025-11-17 14:34:19.306 66331 INFO tempest.lib.common.rest_client [req-34f1e60e-dc5d-40a5-a5c8-20dc26b3d046 req-34f1e60e-dc5d-40a5-a5c8-20dc26b3d046 ] Request (HostsAdminTestJSON:tearDownClass): 200 GET http://10.180.1.21/networking/v2.0/security-groups?tenant_id=78dfe3fbd53140a29d943360523335ba&name=default 0.868s
2025-11-17 14:34:19.375 66365 INFO tempest.lib.common.rest_client [req-e22eee6c-9c46-4a89-97bc-2795f7c8bba4 req-e22eee6c-9c46-4a89-97bc-2795f7c8bba4 ] Request (SecurityGroupsNegativeTestJSON:test_delete_nonexistent_security_group): 404 DELETE http://10.180.1.21/compute/v2.1/os-security-groups/1628899c-ed02-418f-b670-47c646e22ea1 4.102s
2025-11-17 14:34:19.422 66351 INFO tempest.lib.common.rest_client [req-e1e5c50c-570e-4fd2-89e4-156c0559bad8 req-e1e5c50c-570e-4fd2-89e4-156c0559bad8 ] Request (ValidationResourcesFixture:setUp): 201 POST http://10.180.1.21/networking/v2.0/security-groups 0.778s
2025-11-17 14:34:19.535 66307 INFO tempest.lib.common.rest_client [req-c900e07a-fc33-498d-9129-db3bae997085 req-c900e07a-fc33-498d-9129-db3bae997085 ] Request (HypervisorAdminNegativeTestJSON:tearDownClass): 200 GET http://10.180.1.21/networking/v2.0/security-groups?tenant_id=8f67010339f14e8ba1cb19b6dc68354b&name=default 0.675s
2025-11-17 14:34:19.669 66305 INFO tempest.lib.common.rest_client [req-d7bfc7ec-a2a4-4df8-ba40-c7e4b8a298c0 req-d7bfc7ec-a2a4-4df8-ba40-c7e4b8a298c0 ] Request (QuotasAdminTestJSON:test_get_updated_quotas): 200 PUT http://10.180.1.21/compute/v2.1/os-quota-sets/a94f654cabfe42d094718c2cc4d38187?user_id=bcc73ff32b7f4eba9f6aab9e95d96fa3 4.171s
2025-11-17 14:34:19.697 66323 INFO tempest.lib.common.rest_client [req-87a71752-cb3b-469a-9297-6181034cadaa req-87a71752-cb3b-469a-9297-6181034cadaa ] Request (VolumesAdminNegativeTest:setUpClass): 201 POST http://10.180.1.21/networking/v2.0/subnets 0.717s
2025-11-17 14:34:19.778 66361 INFO tempest.lib.common.rest_client [req-9135f9c5-7d19-4a36-9372-9bf0d18b9e59 req-9135f9c5-7d19-4a36-9372-9bf0d18b9e59 ] Request (ValidationResourcesFixture:setUp): 201 POST http://10.180.1.21/networking/v2.0/security-group-rules 0.703s
2025-11-17 14:34:19.942 66331 INFO tempest.lib.common.rest_client [req-0d5daa1b-f002-4b12-bba8-9c21bf14096b req-0d5daa1b-f002-4b12-bba8-9c21bf14096b ] Request (HostsAdminTestJSON:tearDownClass): 204 DELETE http://10.180.1.21/networking/v2.0/security-groups/a9fc8a88-6ea9-4f2b-b088-0de348c1c50f 0.635s
2025-11-17 14:34:20.019 66331 INFO tempest.lib.common.rest_client [req-d3127c28-d265-4d59-8bc9-717034a105e4 req-d3127c28-d265-4d59-8bc9-717034a105e4 ] Request (HostsAdminTestJSON:tearDownClass): 204 DELETE http://10.180.1.21/identity/v3/projects/78dfe3fbd53140a29d943360523335ba 0.076s
2025-11-17 14:34:20.020 66331 INFO tempest.lib.common.dynamic_creds [-] Deleting project and security group for project: de2a29ee68334ee98e635dac4c2f8833
2025-11-17 14:34:20.036 66351 INFO tempest.lib.common.rest_client [req-ed956ce1-0bb3-4b2a-ab80-750ce63c100c req-ed956ce1-0bb3-4b2a-ab80-750ce63c100c ] Request (ValidationResourcesFixture:setUp): 201 POST http://10.180.1.21/networking/v2.0/security-group-rules 0.613s
2025-11-17 14:34:20.124 66307 INFO tempest.lib.common.rest_client [req-089abf44-ec57-4946-be99-dea7a9f0c36d req-089abf44-ec57-4946-be99-dea7a9f0c36d ] Request (HypervisorAdminNegativeTestJSON:tearDownClass): 204 DELETE http://10.180.1.21/networking/v2.0/security-groups/548fb110-539a-417d-80ea-3eebc0ae81b7 0.587s
2025-11-17 14:34:20.271 66307 INFO tempest.lib.common.rest_client [req-c90c0bc8-b878-4716-9d08-c1ce3c6f58ef req-c90c0bc8-b878-4716-9d08-c1ce3c6f58ef ] Request (HypervisorAdminNegativeTestJSON:tearDownClass): 204 DELETE http://10.180.1.21/identity/v3/projects/8f67010339f14e8ba1cb19b6dc68354b 0.147s
2025-11-17 14:34:20.272 66307 INFO tempest.lib.common.dynamic_creds [-] Deleting project and security group for project: 9101f373709c4a7aadf31f72222d3578
2025-11-17 14:34:20.828 66361 INFO tempest.lib.common.rest_client [req-b2e1a07d-c165-4af6-b425-df241d7dcef5 req-b2e1a07d-c165-4af6-b425-df241d7dcef5 ] Request (ValidationResourcesFixture:setUp): 201 POST http://10.180.1.21/networking/v2.0/floatingips 1.049s
2025-11-17 14:34:20.866 66339 INFO tempest.lib.common.rest_client [req-e08daa24-d7f3-48e7-b548-d502686e4dd6 req-e08daa24-d7f3-48e7-b548-d502686e4dd6 ] Request (ServersTestMultiNic:test_verify_duplicate_network_nics): 200 GET http://10.180.1.21/compute/v2.1/servers/b1f9a306-6b07-400a-9eb6-d2021587c4c7 5.390s
2025-11-17 14:34:20.874 66339 INFO tempest.common.waiters [-] State transition "BUILD/spawning" ==> "ACTIVE/None" after 28 second wait
2025-11-17 14:34:20.897 66361 INFO tempest.lib.common.rest_client [req-ef4a4557-8304-4dbb-86b4-af2ace0eb171 req-ef4a4557-8304-4dbb-86b4-af2ace0eb171 ] Request (AttachVolumeNegativeTest:test_attach_attached_volume_to_different_server): 201 POST http://10.180.1.21/identity/v3/auth/tokens 0.066s
2025-11-17 14:34:20.898 66361 INFO tempest.lib.common.fixed_network [-] (AttachVolumeNegativeTest:test_attach_attached_volume_to_different_server) Found network {'id': '7fda2022-0702-4aad-bfef-79f58564dcdb', 'name': 'tempest-AttachVolumeNegativeTest-1049128717-network', 'tenant_id': '8dc87fac4d704a76a133a4306a937a81', 'project_id': '8dc87fac4d704a76a133a4306a937a81', 'admin_state_up': True, 'mtu': 8950, 'status': 'ACTIVE', 'subnets': [], 'shared': False, 'port_security_enabled': True, 'router:external': False, 'provider:network_type': 'vlan', 'provider:physical_network': 'default', 'provider:segmentation_id': 807, 'availability_zone_hints': [], 'availability_zones': [], 'ipv4_address_scope': None, 'ipv6_address_scope': None, 'description': '', 'tags': [], 'created_at': '2025-11-17T14:34:09Z', 'updated_at': '2025-11-17T14:34:09Z', 'revision_number': 1} available for tenant
2025-11-17 14:34:20.915 66323 INFO tempest.lib.common.rest_client [req-e5b46166-af5c-470e-b342-ae02632ed1c4 req-e5b46166-af5c-470e-b342-ae02632ed1c4 ] Request (VolumesAdminNegativeTest:setUpClass): 201 POST http://10.180.1.21/networking/v2.0/routers 1.217s
2025-11-17 14:34:20.951 66331 INFO tempest.lib.common.rest_client [req-b869d2bc-25ff-4f01-95a6-34ca8a686ac4 req-b869d2bc-25ff-4f01-95a6-34ca8a686ac4 ] Request (HostsAdminTestJSON:tearDownClass): 200 GET http://10.180.1.21/networking/v2.0/security-groups?tenant_id=de2a29ee68334ee98e635dac4c2f8833&name=default 0.931s
2025-11-17 14:34:20.990 66351 INFO tempest.lib.common.rest_client [req-816a180a-e46f-4af7-af0c-e4d58145f992 req-816a180a-e46f-4af7-af0c-e4d58145f992 ] Request (ValidationResourcesFixture:setUp): 201 POST http://10.180.1.21/networking/v2.0/security-group-rules 0.954s
2025-11-17 14:34:21.037 66307 INFO tempest.lib.common.rest_client [req-9d8d4858-8286-46a2-894f-d161cd788a91 req-9d8d4858-8286-46a2-894f-d161cd788a91 ] Request (HypervisorAdminNegativeTestJSON:tearDownClass): 200 GET http://10.180.1.21/networking/v2.0/security-groups?tenant_id=9101f373709c4a7aadf31f72222d3578&name=default 0.765s
2025-11-17 14:34:21.095 66329 INFO tempest.lib.common.rest_client [req-a356d95b-a561-401f-afc6-7d0e8520a908 req-a356d95b-a561-401f-afc6-7d0e8520a908 ] Request (FloatingIPsAssociationTestJSON:setUpClass): 200 GET http://10.180.1.21/compute/v2.1/servers/c827472c-405c-4df1-8c05-b139c8b3ebce 5.548s
2025-11-17 14:34:21.108 66329 INFO tempest.common.waiters [-] State transition "BUILD/spawning" ==> "ACTIVE/None" after 27 second wait
2025-11-17 14:34:21.143 66355 INFO tempest.lib.common.rest_client [req-21769aca-5386-4e49-b12e-22aa5071caf6 req-21769aca-5386-4e49-b12e-22aa5071caf6 ] Request (InstanceActionsNegativeTestJSON:tearDownClass): 200 GET http://10.180.1.21/compute/v2.1/servers/8d3fdc05-3b8e-4db1-9c39-a14d344a0bab 5.457s
2025-11-17 14:34:21.937 66323 INFO tempest.lib.common.rest_client [req-181dad3e-a030-48d3-b97b-f83d10c89321 req-181dad3e-a030-48d3-b97b-f83d10c89321 ] Request (VolumesAdminNegativeTest:setUpClass): 200 PUT http://10.180.1.21/networking/v2.0/routers/d3018089-19d0-4da0-b380-330cc606d581/add_router_interface 1.021s
2025-11-17 14:34:21.937 66323 INFO tempest.lib.common.dynamic_creds [-] Created isolated network resources for: credentials: Credentials: {'domain_id': 'default', 'domain_name': 'Default', 'username': 'tempest-VolumesAdminNegativeTest-1383393890-project-admin', 'project_domain_id': 'default', 'project_domain_name': 'Default', 'project_id': 'b7bad50624da4a8a8cc6f58918e9ac10', 'project_name': 'tempest-VolumesAdminNegativeTest-1383393890', 'tenant_id': 'b7bad50624da4a8a8cc6f58918e9ac10', 'tenant_name': 'tempest-VolumesAdminNegativeTest-1383393890', 'user_domain_id': 'default', 'user_domain_name': 'Default', 'user_id': '419318dc9e81418e845818f671947d8a', 'system': None}, Network: {'id': '7386ce40-f782-48f6-b929-6dc2f64a56dc', 'name': 'tempest-VolumesAdminNegativeTest-1506303253-network', 'tenant_id': 'b7bad50624da4a8a8cc6f58918e9ac10', 'project_id': 'b7bad50624da4a8a8cc6f58918e9ac10', 'admin_state_up': True, 'mtu': 8950, 'status': 'ACTIVE', 'subnets': [], 'shared': False, 'port_security_enabled': True, 'router:external': False, 'provider:network_type': 'vlan', 'provider:physical_network': 'default', 'provider:segmentation_id': 944, 'availability_zone_hints': [], 'availability_zones': [], 'ipv4_address_scope': None, 'ipv6_address_scope': None, 'description': '', 'tags': [], 'created_at': '2025-11-17T14:34:18Z', 'updated_at': '2025-11-17T14:34:18Z', 'revision_number': 1}, Subnet: {'id': '895e8bf4-fe1a-4163-9020-84ee0532df74', 'name': 'tempest-VolumesAdminNegativeTest-1506303253-subnet', 'tenant_id': 'b7bad50624da4a8a8cc6f58918e9ac10', 'network_id': '7386ce40-f782-48f6-b929-6dc2f64a56dc', 'ip_version': 4, 'subnetpool_id': None, 'enable_dhcp': True, 'ipv6_ra_mode': None, 'ipv6_address_mode': None, 'gateway_ip': '192.168.128.1', 'cidr': '192.168.128.0/28', 'allocation_pools': [{'start': '192.168.128.2', 'end': '192.168.128.14'}], 'host_routes': [], 'dns_nameservers': [], 'description': '', 'router:external': False, 'service_types': [], 'tags': [], 'created_at': '2025-11-17T14:34:19Z', 'updated_at': '2025-11-17T14:34:19Z', 'revision_number': 0, 'project_id': 'b7bad50624da4a8a8cc6f58918e9ac10'}, Router: {'id': 'd3018089-19d0-4da0-b380-330cc606d581', 'name': 'tempest-VolumesAdminNegativeTest-1506303253-router', 'tenant_id': 'b7bad50624da4a8a8cc6f58918e9ac10', 'admin_state_up': True, 'status': 'ACTIVE', 'external_gateway_info': {'network_id': 'edb4681e-d15f-40d7-bb23-fe500af538f7', 'external_fixed_ips': [{'subnet_id': '164dfb00-053a-4c9d-aeec-67980205d700', 'ip_address': '10.180.180.240'}], 'enable_snat': True}, 'description': '', 'availability_zones': [], 'distributed': False, 'ha': False, 'availability_zone_hints': [], 'routes': [], 'flavor_id': None, 'tags': [], 'created_at': '2025-11-17T14:34:20Z', 'updated_at': '2025-11-17T14:34:20Z', 'revision_number': 2, 'project_id': 'b7bad50624da4a8a8cc6f58918e9ac10'}
2025-11-17 14:34:22.044 66331 INFO tempest.lib.common.rest_client [req-bdf1f31e-acdf-46b7-b829-32fe386be8b6 req-bdf1f31e-acdf-46b7-b829-32fe386be8b6 ] Request (HostsAdminTestJSON:tearDownClass): 204 DELETE http://10.180.1.21/networking/v2.0/security-groups/b8698ea3-f678-4c1b-b23c-0188d9dacc4f 1.092s
2025-11-17 14:34:22.046 66323 INFO tempest.lib.common.rest_client [req-dfd9bcf8-fca7-4c06-b9d9-651ca3eb9b13 req-dfd9bcf8-fca7-4c06-b9d9-651ca3eb9b13 ] Request (VolumesAdminNegativeTest:setUpClass): 201 POST http://10.180.1.21/identity/v3/auth/tokens 0.106s
2025-11-17 14:34:22.131 66323 INFO tempest.lib.common.rest_client [req-cd75b04b-06be-4b19-b9d8-acd5ade1eb1d req-cd75b04b-06be-4b19-b9d8-acd5ade1eb1d ] Request (VolumesAdminNegativeTest:setUpClass): 201 POST http://10.180.1.21/identity/v3/projects 0.084s
2025-11-17 14:34:22.175 66331 INFO tempest.lib.common.rest_client [req-a1acf120-73ce-47e7-8e38-32b18f5752ff req-a1acf120-73ce-47e7-8e38-32b18f5752ff ] Request (HostsAdminTestJSON:tearDownClass): 204 DELETE http://10.180.1.21/identity/v3/projects/de2a29ee68334ee98e635dac4c2f8833 0.131s
2025-11-17 14:34:22.255 66323 INFO tempest.lib.common.rest_client [req-ddd347d8-772d-4a31-b58e-bb86f580e95a req-ddd347d8-772d-4a31-b58e-bb86f580e95a ] Request (VolumesAdminNegativeTest:setUpClass): 201 POST http://10.180.1.21/identity/v3/users 0.123s
2025-11-17 14:34:22.278 66331 INFO tempest.lib.common.rest_client [req-f74e289f-97cf-425b-8bb3-bf2986b106b6 req-f74e289f-97cf-425b-8bb3-bf2986b106b6 ] Request (ServersAdmin275Test:setUpClass): 201 POST http://10.180.1.21/identity/v3/auth/tokens 0.101s
2025-11-17 14:34:22.290 66323 INFO tempest.lib.common.rest_client [req-f564e1c5-9cca-4d04-a6fb-d6822fd07962 req-f564e1c5-9cca-4d04-a6fb-d6822fd07962 ] Request (VolumesAdminNegativeTest:setUpClass): 200 GET http://10.180.1.21/identity/v3/roles 0.034s
2025-11-17 14:34:22.321 66331 INFO tempest.lib.common.rest_client [req-b9e85cec-fe2f-41c9-a851-4383c776ca5a req-b9e85cec-fe2f-41c9-a851-4383c776ca5a ] Request (ServersAdmin275Test:setUpClass): 201 POST http://10.180.1.21/identity/v3/auth/tokens 0.040s
2025-11-17 14:34:22.338 66323 INFO tempest.lib.common.rest_client [req-05ba1581-ca37-400b-a18c-b75bf1cbdc46 req-05ba1581-ca37-400b-a18c-b75bf1cbdc46 ] Request (VolumesAdminNegativeTest:setUpClass): 204 PUT http://10.180.1.21/identity/v3/projects/7b91b1b94df04c8f96b7c669b41e9f2a/users/c1058f23fbc740eda95be591cb397642/roles/f9616465cfab4d83af74f750904d9593 0.047s
2025-11-17 14:34:22.390 66331 INFO tempest.lib.common.rest_client [req-4da271c6-d71e-494e-8a6c-fe75e18a20b7 req-4da271c6-d71e-494e-8a6c-fe75e18a20b7 ] Request (ServersAdmin275Test:setUpClass): 200 GET http://10.180.1.21/identity/v3/domains?name=Default 0.068s
2025-11-17 14:34:22.408 66323 INFO tempest.lib.common.rest_client [req-3d813b1c-dcfa-4a6c-be88-a476e7f629c1 req-3d813b1c-dcfa-4a6c-be88-a476e7f629c1 ] Request (VolumesAdminNegativeTest:setUpClass): 200 GET http://10.180.1.21/identity/v3/roles 0.069s
2025-11-17 14:34:22.420 66331 INFO tempest.lib.common.rest_client [req-de5a9e7c-c15c-4fd0-94c1-0afb6475838d req-de5a9e7c-c15c-4fd0-94c1-0afb6475838d ] Request (ServersAdmin275Test:setUpClass): 201 POST http://10.180.1.21/identity/v3/projects 0.029s
2025-11-17 14:34:22.427 66323 INFO tempest.lib.common.rest_client [req-0817fe32-d395-4ab6-a6fe-515382a5c6dc req-0817fe32-d395-4ab6-a6fe-515382a5c6dc ] Request (VolumesAdminNegativeTest:setUpClass): 204 PUT http://10.180.1.21/identity/v3/projects/7b91b1b94df04c8f96b7c669b41e9f2a/users/c1058f23fbc740eda95be591cb397642/roles/710a28c4251a487ab37021db08e7e021 0.019s
2025-11-17 14:34:22.427 66323 INFO tempest.lib.common.dynamic_creds [-] Dynamic test user c1058f23fbc740eda95be591cb397642 is created with scope project and roles: ['admin', 'service']
2025-11-17 14:34:22.428 66323 INFO tempest.lib.common.dynamic_creds [-] Acquired dynamic creds: credentials: Credentials: {'domain_id': 'default', 'domain_name': 'Default', 'username': 'tempest-VolumesAdminNegativeTest-589705813-project', 'project_domain_id': 'default', 'project_domain_name': 'Default', 'project_id': '7b91b1b94df04c8f96b7c669b41e9f2a', 'project_name': 'tempest-VolumesAdminNegativeTest-589705813', 'tenant_id': '7b91b1b94df04c8f96b7c669b41e9f2a', 'tenant_name': 'tempest-VolumesAdminNegativeTest-589705813', 'user_domain_id': 'default', 'user_domain_name': 'Default', 'user_id': 'c1058f23fbc740eda95be591cb397642', 'system': None}, Network: None, Subnet: None, Router: None
2025-11-17 14:34:22.508 66331 INFO tempest.lib.common.rest_client [req-a4340842-d925-41cc-b51e-4dd280a9ca22 req-a4340842-d925-41cc-b51e-4dd280a9ca22 ] Request (ServersAdmin275Test:setUpClass): 201 POST http://10.180.1.21/identity/v3/users 0.087s
2025-11-17 14:34:22.533 66331 INFO tempest.lib.common.rest_client [req-365459f2-ea02-47d5-b6a9-af337b6661cc req-365459f2-ea02-47d5-b6a9-af337b6661cc ] Request (ServersAdmin275Test:setUpClass): 200 GET http://10.180.1.21/identity/v3/roles 0.025s
2025-11-17 14:34:22.539 66351 INFO tempest.lib.common.rest_client [req-b2f9457a-7332-4ecc-9f3a-2f0bc1de08b1 req-b2f9457a-7332-4ecc-9f3a-2f0bc1de08b1 ] Request (ValidationResourcesFixture:setUp): 201 POST http://10.180.1.21/networking/v2.0/floatingips 1.548s
2025-11-17 14:34:22.565 66331 INFO tempest.lib.common.rest_client [req-0d628932-7448-45f0-b481-dbf715563983 req-0d628932-7448-45f0-b481-dbf715563983 ] Request (ServersAdmin275Test:setUpClass): 204 PUT http://10.180.1.21/identity/v3/projects/100214edb4624c0799f5aee94bf547c5/users/9e286a8331c84e3582954053d41c1b42/roles/f90f3b9106134b4b80ef4af5c4f707ec 0.031s
2025-11-17 14:34:22.565 66331 INFO tempest.lib.common.dynamic_creds [-] Dynamic test user 9e286a8331c84e3582954053d41c1b42 is created with scope project and roles: ['member']
2025-11-17 14:34:22.565 66331 INFO tempest.lib.common.dynamic_creds [-] Acquired dynamic creds: credentials: Credentials: {'domain_id': 'default', 'domain_name': 'Default', 'username': 'tempest-ServersAdmin275Test-856083729-project-member', 'project_domain_id': 'default', 'project_domain_name': 'Default', 'project_id': '100214edb4624c0799f5aee94bf547c5', 'project_name': 'tempest-ServersAdmin275Test-856083729', 'tenant_id': '100214edb4624c0799f5aee94bf547c5', 'tenant_name': 'tempest-ServersAdmin275Test-856083729', 'user_domain_id': 'default', 'user_domain_name': 'Default', 'user_id': '9e286a8331c84e3582954053d41c1b42', 'system': None}, Network: None, Subnet: None, Router: None
2025-11-17 14:34:22.565 66331 INFO tempest.lib.common.dynamic_creds [-] Created isolated network resources for: credentials: Credentials: {'domain_id': 'default', 'domain_name': 'Default', 'username': 'tempest-ServersAdmin275Test-856083729-project-member', 'project_domain_id': 'default', 'project_domain_name': 'Default', 'project_id': '100214edb4624c0799f5aee94bf547c5', 'project_name': 'tempest-ServersAdmin275Test-856083729', 'tenant_id': '100214edb4624c0799f5aee94bf547c5', 'tenant_name': 'tempest-ServersAdmin275Test-856083729', 'user_domain_id': 'default', 'user_domain_name': 'Default', 'user_id': '9e286a8331c84e3582954053d41c1b42', 'system': None}, Network: None, Subnet: None, Router: None
2025-11-17 14:34:22.643 66351 INFO tempest.lib.common.rest_client [req-ac57f8f8-a274-4889-9f0b-926277ab6cf2 req-ac57f8f8-a274-4889-9f0b-926277ab6cf2 ] Request (ServersWithSpecificFlavorTestJSON:test_verify_created_server_ephemeral_disk): 201 POST http://10.180.1.21/identity/v3/auth/tokens 0.101s
2025-11-17 14:34:22.644 66351 INFO tempest.lib.common.fixed_network [-] (ServersWithSpecificFlavorTestJSON:test_verify_created_server_ephemeral_disk) Found network {'id': '0919de79-177c-4a71-a818-bee93b9146a8', 'name': 'tempest-ServersWithSpecificFlavorTestJSON-1957736880-network', 'tenant_id': '04c3e4b3e1e24667a8c0eafd9413a42c', 'project_id': '04c3e4b3e1e24667a8c0eafd9413a42c', 'admin_state_up': True, 'mtu': 8950, 'status': 'ACTIVE', 'subnets': [], 'shared': False, 'port_security_enabled': True, 'router:external': False, 'provider:network_type': 'vlan', 'provider:physical_network': 'default', 'provider:segmentation_id': 682, 'availability_zone_hints': [], 'availability_zones': [], 'ipv4_address_scope': None, 'ipv6_address_scope': None, 'description': '', 'tags': [], 'created_at': '2025-11-17T14:33:30Z', 'updated_at': '2025-11-17T14:33:30Z', 'revision_number': 1} available for tenant
2025-11-17 14:34:22.673 66307 INFO tempest.lib.common.rest_client [req-ba286395-dfc3-45ef-875b-e2044b07dbb4 req-ba286395-dfc3-45ef-875b-e2044b07dbb4 ] Request (HypervisorAdminNegativeTestJSON:tearDownClass): 204 DELETE http://10.180.1.21/networking/v2.0/security-groups/f3cfa288-12e0-45ed-9a82-6ab9046b7b77 1.631s
2025-11-17 14:34:22.691 66331 INFO tempest.lib.common.rest_client [req-a223ab09-373c-46db-84de-623d728e30c3 req-a223ab09-373c-46db-84de-623d728e30c3 ] Request (ServersAdmin275Test:setUpClass): 201 POST http://10.180.1.21/identity/v3/auth/tokens 0.119s
2025-11-17 14:34:22.713 66347 INFO tempest.lib.common.rest_client [req-1115a36c-15f7-4f67-95f6-14be80926679 req-1115a36c-15f7-4f67-95f6-14be80926679 ] Request (ServerMetadataNegativeTestJSON:setUpClass): 200 GET http://10.180.1.21/compute/v2.1/servers/864398b7-5b6d-486e-8190-46f930718874 6.460s
2025-11-17 14:34:22.733 66347 INFO tempest.common.waiters [-] State transition "BUILD/None" ==> "BUILD/networking" after 13 second wait
2025-11-17 14:34:22.782 66331 INFO tempest.lib.common.rest_client [req-6ab2564d-9f07-43be-9a91-83ec6ae8f4b8 req-6ab2564d-9f07-43be-9a91-83ec6ae8f4b8 ] Request (ServersAdmin275Test:setUpClass): 201 POST http://10.180.1.21/identity/v3/projects 0.090s
2025-11-17 14:34:22.849 66307 INFO tempest.lib.common.rest_client [req-ad15f699-d805-4b66-ab27-d9eaa419156f req-ad15f699-d805-4b66-ab27-d9eaa419156f ] Request (HypervisorAdminNegativeTestJSON:tearDownClass): 204 DELETE http://10.180.1.21/identity/v3/projects/9101f373709c4a7aadf31f72222d3578 0.175s
2025-11-17 14:34:22.856 66358 INFO tempest.lib.common.rest_client [req-787ffd1a-9e6c-492d-881e-224ddf5a727d req-787ffd1a-9e6c-492d-881e-224ddf5a727d ] Request (ImagesTestJSON:test_create_image_from_stopped_server): 200 GET http://10.180.1.21/compute/v2.1/servers/b5af5878-375e-4405-b971-e3b28fa0e34c 6.645s
2025-11-17 14:34:22.864 66358 INFO tempest.common.waiters [-] State transition "BUILD/None" ==> "BUILD/spawning" after 13 second wait
2025-11-17 14:34:22.890 66343 INFO tempest.lib.common.rest_client [req-7bd5b407-729e-4490-8ce4-6f8307171bb1 req-7bd5b407-729e-4490-8ce4-6f8307171bb1 ] Request (DeleteServersAdminTestJSON:test_admin_delete_servers_of_others): 404 GET http://10.180.1.21/compute/v2.1/servers/a5ce250d-bf00-4b41-8581-930e9aa0debe 6.302s
2025-11-17 14:34:22.893 66331 INFO tempest.lib.common.rest_client [req-68f7d412-854c-468b-a5e7-c9f80415dd01 req-68f7d412-854c-468b-a5e7-c9f80415dd01 ] Request (ServersAdmin275Test:setUpClass): 201 POST http://10.180.1.21/identity/v3/users 0.111s
2025-11-17 14:34:22.898 66307 INFO tempest.lib.common.rest_client [req-6c9de2ec-d0d4-4042-b842-92d2d684045d req-6c9de2ec-d0d4-4042-b842-92d2d684045d ] Request (SecurityGroupRulesTestJSON:setUpClass): 201 POST http://10.180.1.21/identity/v3/auth/tokens 0.047s
2025-11-17 14:34:22.922 66331 INFO tempest.lib.common.rest_client [req-ffed03d8-e4e4-4d49-91da-a1614908dcd6 req-ffed03d8-e4e4-4d49-91da-a1614908dcd6 ] Request (ServersAdmin275Test:setUpClass): 200 GET http://10.180.1.21/identity/v3/roles 0.029s
2025-11-17 14:34:22.984 66343 INFO tempest.lib.common.rest_client [req-cf5818e9-cc5e-4227-9869-02d8288fcbb0 req-cf5818e9-cc5e-4227-9869-02d8288fcbb0 ] Request (DeleteServersAdminTestJSON:test_delete_server_while_in_error_state): 201 POST http://10.180.1.21/identity/v3/auth/tokens 0.081s
2025-11-17 14:34:22.985 66343 INFO tempest.lib.common.fixed_network [-] (DeleteServersAdminTestJSON:test_delete_server_while_in_error_state) Found network None available for tenant
2025-11-17 14:34:22.989 66323 INFO tempest.lib.common.rest_client [req-955e0995-cf46-4dc1-bcc9-a3966fdbb9d3 req-955e0995-cf46-4dc1-bcc9-a3966fdbb9d3 ] Request (VolumesAdminNegativeTest:setUpClass): 201 POST http://10.180.1.21/networking/v2.0/networks 0.561s
2025-11-17 14:34:23.019 66307 INFO tempest.lib.common.rest_client [req-9f310ade-0228-4955-8a7f-f2f4a74dd856 req-9f310ade-0228-4955-8a7f-f2f4a74dd856 ] Request (SecurityGroupRulesTestJSON:setUpClass): 201 POST http://10.180.1.21/identity/v3/auth/tokens 0.116s
2025-11-17 14:34:23.045 66331 INFO tempest.lib.common.rest_client [req-52e1ad88-4ecb-4f0f-aa19-bbbd309e9b21 req-52e1ad88-4ecb-4f0f-aa19-bbbd309e9b21 ] Request (ServersAdmin275Test:setUpClass): 204 PUT http://10.180.1.21/identity/v3/projects/383d89b9114f4885b7450c58760c7103/users/9455a05a72564a8e8b706b657daf33cf/roles/f9616465cfab4d83af74f750904d9593 0.122s
2025-11-17 14:34:23.052 66307 INFO tempest.lib.common.rest_client [req-cb132209-0383-45e1-8054-0ae725d52aa3 req-cb132209-0383-45e1-8054-0ae725d52aa3 ] Request (SecurityGroupRulesTestJSON:setUpClass): 200 GET http://10.180.1.21/identity/v3/domains?name=Default 0.033s
2025-11-17 14:34:23.068 66335 INFO tempest.lib.common.rest_client [req-90f301c2-ff8a-4eb5-b351-e7ccb6191f6a req-90f301c2-ff8a-4eb5-b351-e7ccb6191f6a ] Request (TenantUsagesTestJSON:test_get_usage_tenant): 200 GET http://10.180.1.21/compute/v2.1/os-simple-tenant-usage/93bbd586be9a450d88ba186a9b5f4bab?start=2025-11-16T14%3A34%3A17.099964&end=2025-11-18T14%3A34%3A17.099964 5.968s
2025-11-17 14:34:23.102 66345 INFO tempest.lib.common.rest_client [req-f11fd764-2e87-4562-b695-2a76466315a6 req-f11fd764-2e87-4562-b695-2a76466315a6 ] Request (SecurityGroupsTestAdminJSON:_run_cleanups): 202 DELETE http://10.180.1.21/compute/v2.1/os-security-groups/6d065eb0-af20-4f78-9a8f-74ab41d3a8ae 6.569s
2025-11-17 14:34:23.108 66331 INFO tempest.lib.common.rest_client [req-41213a3c-7baa-43b7-b42c-97e8ec422aab req-41213a3c-7baa-43b7-b42c-97e8ec422aab ] Request (ServersAdmin275Test:setUpClass): 200 GET http://10.180.1.21/identity/v3/roles 0.061s
2025-11-17 14:34:23.144 66331 INFO tempest.lib.common.rest_client [req-c69b1248-35a3-4c55-8ed7-0499698340fa req-c69b1248-35a3-4c55-8ed7-0499698340fa ] Request (ServersAdmin275Test:setUpClass): 204 PUT http://10.180.1.21/identity/v3/projects/383d89b9114f4885b7450c58760c7103/users/9455a05a72564a8e8b706b657daf33cf/roles/f9616465cfab4d83af74f750904d9593 0.036s
2025-11-17 14:34:23.145 66331 INFO tempest.lib.common.dynamic_creds [-] Dynamic test user 9455a05a72564a8e8b706b657daf33cf is created with scope project and roles: ['admin']
2025-11-17 14:34:23.145 66331 INFO tempest.lib.common.dynamic_creds [-] Acquired dynamic creds: credentials: Credentials: {'domain_id': 'default', 'domain_name': 'Default', 'username': 'tempest-ServersAdmin275Test-1826415260-project-admin', 'project_domain_id': 'default', 'project_domain_name': 'Default', 'project_id': '383d89b9114f4885b7450c58760c7103', 'project_name': 'tempest-ServersAdmin275Test-1826415260', 'tenant_id': '383d89b9114f4885b7450c58760c7103', 'tenant_name': 'tempest-ServersAdmin275Test-1826415260', 'user_domain_id': 'default', 'user_domain_name': 'Default', 'user_id': '9455a05a72564a8e8b706b657daf33cf', 'system': None}, Network: None, Subnet: None, Router: None
2025-11-17 14:34:23.145 66331 INFO tempest.lib.common.dynamic_creds [-] Created isolated network resources for: credentials: Credentials: {'domain_id': 'default', 'domain_name': 'Default', 'username': 'tempest-ServersAdmin275Test-1826415260-project-admin', 'project_domain_id': 'default', 'project_domain_name': 'Default', 'project_id': '383d89b9114f4885b7450c58760c7103', 'project_name': 'tempest-ServersAdmin275Test-1826415260', 'tenant_id': '383d89b9114f4885b7450c58760c7103', 'tenant_name': 'tempest-ServersAdmin275Test-1826415260', 'user_domain_id': 'default', 'user_domain_name': 'Default', 'user_id': '9455a05a72564a8e8b706b657daf33cf', 'system': None}, Network: None, Subnet: None, Router: None
2025-11-17 14:34:23.145 66317 INFO tempest.lib.common.rest_client [req-220787be-1a0b-4fd8-8005-411def8dabb3 req-220787be-1a0b-4fd8-8005-411def8dabb3 ] Request (FlavorsAccessTestJSON:_run_cleanups): 200 GET http://10.180.1.21/compute/v2.1/flavors/detail 5.139s
2025-11-17 14:34:23.181 66359 INFO tempest.lib.common.rest_client [req-68d295de-799f-4b99-bad0-4bc3d001d009 req-68d295de-799f-4b99-bad0-4bc3d001d009 ] Request (ImagesDeleteNegativeTestJSON:test_delete_non_existent_image): 404 DELETE http://10.180.1.21/compute/v2.1/images/9fe2c73f-ef7e-4cba-9b41-c2b035764adf 5.159s
2025-11-17 14:34:23.194 66307 INFO tempest.lib.common.rest_client [req-62aefef6-5ffe-4a3e-87a9-6e934303c9be req-62aefef6-5ffe-4a3e-87a9-6e934303c9be ] Request (SecurityGroupRulesTestJSON:setUpClass): 201 POST http://10.180.1.21/identity/v3/projects 0.141s
2025-11-17 14:34:23.210 66303 INFO tempest.lib.common.rest_client [req-f2a6f04d-535c-4d96-8532-445e5c0f4ed5 req-f2a6f04d-535c-4d96-8532-445e5c0f4ed5 ] Request (FlavorsAdminTestJSON:test_create_flavor_with_none_id): 200 POST http://10.180.1.21/compute/v2.1/flavors 5.151s
2025-11-17 14:34:23.252 66349 INFO tempest.lib.common.rest_client [req-12ba707e-2ed9-4c6f-880a-ef78a91277b0 req-12ba707e-2ed9-4c6f-880a-ef78a91277b0 ] Request (FlavorsAccessNegativeTestJSON:_run_cleanups): 200 GET http://10.180.1.21/compute/v2.1/flavors/detail 5.179s
2025-11-17 14:34:23.291 66333 INFO tempest.lib.common.rest_client [req-ec51ff33-7b8d-44d4-8d5b-bbea9ee40e26 req-ec51ff33-7b8d-44d4-8d5b-bbea9ee40e26 ] Request (AggregatesAdminNegativeTestJSON:test_aggregate_add_non_exist_host): 404 POST http://10.180.1.21/compute/v2.1/os-aggregates/3/action 4.759s
2025-11-17 14:34:23.310 66325 INFO tempest.lib.common.rest_client [req-1b59a1d9-507c-4393-b159-45e2036eca2c req-1b59a1d9-507c-4393-b159-45e2036eca2c ] Request (FlavorsExtraSpecsNegativeTestJSON:tearDownClass): 202 DELETE http://10.180.1.21/compute/v2.1/flavors/1639539567 4.767s
2025-11-17 14:34:23.311 66331 INFO tempest.lib.common.rest_client [req-2bb2c4a2-2fcd-412d-a024-7979b0b68d63 req-2bb2c4a2-2fcd-412d-a024-7979b0b68d63 ] Request (ServersAdmin275Test:setUpClass): 201 POST http://10.180.1.21/identity/v3/auth/tokens 0.161s
2025-11-17 14:34:23.340 66353 INFO tempest.lib.common.rest_client [req-0699ebc5-b23f-4064-839c-25c2e83a4a7d req-0699ebc5-b23f-4064-839c-25c2e83a4a7d ] Request (QuotasAdminNegativeTest:test_create_server_when_memory_quota_is_full): 200 GET http://10.180.1.21/compute/v2.1/os-quota-sets/40ac1f8c92e244369689456a22b8276f 5.364s
2025-11-17 14:34:23.348 66323 INFO tempest.lib.common.rest_client [req-3da8737e-01ae-4aa5-9506-a9f164575c12 req-3da8737e-01ae-4aa5-9506-a9f164575c12 ] Request (VolumesAdminNegativeTest:setUpClass): 201 POST http://10.180.1.21/networking/v2.0/subnets 0.358s
2025-11-17 14:34:23.373 66319 INFO tempest.lib.common.rest_client [req-9189d801-c585-48fc-8e54-e558beda5141 req-9189d801-c585-48fc-8e54-e558beda5141 ] Request (FlavorsExtraSpecsTestJSON:test_flavor_set_get_update_show_unset_keys): 200 DELETE http://10.180.1.21/compute/v2.1/flavors/393804052/os-extra_specs/hw:cpu_policy 4.778s
2025-11-17 14:34:23.387 66313 INFO tempest.lib.common.rest_client [req-1e9cd231-01a5-45a1-a8ba-b4e329a96c4b req-1e9cd231-01a5-45a1-a8ba-b4e329a96c4b ] Request (HostsAdminNegativeTestJSON:test_update_nonexistent_host): 404 PUT http://10.180.1.21/compute/v2.1/os-hosts/nonexistent_hostname 4.784s
2025-11-17 14:34:23.397 66307 INFO tempest.lib.common.rest_client [req-1fa43128-006e-4fdc-9f71-774f53fd7a58 req-1fa43128-006e-4fdc-9f71-774f53fd7a58 ] Request (SecurityGroupRulesTestJSON:setUpClass): 201 POST http://10.180.1.21/identity/v3/users 0.202s
2025-11-17 14:34:23.437 66359 INFO tempest.lib.common.rest_client [req-ad79e61c-4118-4523-af62-d43b0127e1fb req-ad79e61c-4118-4523-af62-d43b0127e1fb ] Request (ImagesDeleteNegativeTestJSON:tearDownClass): 204 DELETE http://10.180.1.21/identity/v3/users/3f43a9e01142417193305dbd767bbd40 0.254s
2025-11-17 14:34:23.437 66359 INFO tempest.lib.common.dynamic_creds [-] Deleting project and security group for project: b48dab19b75f460d81b62339cd99c150
2025-11-17 14:34:23.465 66331 INFO tempest.lib.common.rest_client [req-9146f4e1-1692-4257-a5e2-0557433f095e req-9146f4e1-1692-4257-a5e2-0557433f095e ] Request (ServersAdmin275Test:test_rebuild_update_server_275): 201 POST http://10.180.1.21/identity/v3/auth/tokens 0.146s
2025-11-17 14:34:23.467 66331 INFO tempest.lib.common.fixed_network [-] (ServersAdmin275Test:test_rebuild_update_server_275) Found network None available for tenant
2025-11-17 14:34:23.528 66307 INFO tempest.lib.common.rest_client [req-8a70f7d8-a962-40d6-bff5-915f36e3dd3e req-8a70f7d8-a962-40d6-bff5-915f36e3dd3e ] Request (SecurityGroupRulesTestJSON:setUpClass): 200 GET http://10.180.1.21/identity/v3/roles 0.129s
2025-11-17 14:34:23.556 66313 INFO tempest.lib.common.rest_client [req-a0f890ca-9172-4078-8860-37b49664e357 req-a0f890ca-9172-4078-8860-37b49664e357 ] Request (HostsAdminNegativeTestJSON:tearDownClass): 204 DELETE http://10.180.1.21/identity/v3/users/6d77adb068634e5b8220a905ca32f842 0.165s
2025-11-17 14:34:23.611 66359 INFO tempest.lib.common.rest_client [req-b52c41cb-110c-44e7-98e5-4f7155c0f13d req-b52c41cb-110c-44e7-98e5-4f7155c0f13d ] Request (ImagesDeleteNegativeTestJSON:tearDownClass): 201 POST http://10.180.1.21/identity/v3/auth/tokens 0.173s
2025-11-17 14:34:23.636 66307 INFO tempest.lib.common.rest_client [req-b0b07147-697e-47ee-b61e-2122cf709bd3 req-b0b07147-697e-47ee-b61e-2122cf709bd3 ] Request (SecurityGroupRulesTestJSON:setUpClass): 204 PUT http://10.180.1.21/identity/v3/projects/42fbbb17010b48dab6a6e7efd9b71abd/users/ed7a5aa2ddaf4a038f850b148a4b4ab2/roles/f90f3b9106134b4b80ef4af5c4f707ec 0.108s
2025-11-17 14:34:23.637 66307 INFO tempest.lib.common.dynamic_creds [-] Dynamic test user ed7a5aa2ddaf4a038f850b148a4b4ab2 is created with scope project and roles: ['member']
2025-11-17 14:34:23.637 66307 INFO tempest.lib.common.dynamic_creds [-] Acquired dynamic creds: credentials: Credentials: {'domain_id': 'default', 'domain_name': 'Default', 'username': 'tempest-SecurityGroupRulesTestJSON-890088754-project-member', 'project_domain_id': 'default', 'project_domain_name': 'Default', 'project_id': '42fbbb17010b48dab6a6e7efd9b71abd', 'project_name': 'tempest-SecurityGroupRulesTestJSON-890088754', 'tenant_id': '42fbbb17010b48dab6a6e7efd9b71abd', 'tenant_name': 'tempest-SecurityGroupRulesTestJSON-890088754', 'user_domain_id': 'default', 'user_domain_name': 'Default', 'user_id': 'ed7a5aa2ddaf4a038f850b148a4b4ab2', 'system': None}, Network: None, Subnet: None, Router: None
2025-11-17 14:34:23.704 66313 INFO tempest.lib.common.rest_client [req-157f25ac-042b-432c-a717-4bc2925c7bfb req-157f25ac-042b-432c-a717-4bc2925c7bfb ] Request (HostsAdminNegativeTestJSON:tearDownClass): 204 DELETE http://10.180.1.21/identity/v3/users/2b951692ee7e44c6a9ae59f131f1694a 0.148s
2025-11-17 14:34:23.705 66313 INFO tempest.lib.common.dynamic_creds [-] Deleting project and security group for project: 62452c72f6734401801c2d7b904cdb11
2025-11-17 14:34:23.709 66307 INFO tempest.lib.common.rest_client [req-1d43fe08-3ecb-4412-b540-c822d71f36f7 req-1d43fe08-3ecb-4412-b540-c822d71f36f7 ] Request (SecurityGroupRulesTestJSON:setUpClass): 201 POST http://10.180.1.21/identity/v3/auth/tokens 0.071s
