2025-11-17 14:36:12.720 66331 INFO tempest.lib.common.rest_client [req-c5afcd94-4073-4ca8-8856-e182c8f4c71f req-c5afcd94-4073-4ca8-8856-e182c8f4c71f ] Request (ServersAdmin275Test:tearDownClass): 204 DELETE http://10.180.1.21/networking/v2.0/security-groups/adaac50a-ffb8-427e-9fab-de6e5607bd9e 0.130s
2025-11-17 14:36:12.759 66307 INFO tempest.lib.common.rest_client [req-3ae67472-aef9-4d3e-a4dc-21444ac7253d req-3ae67472-aef9-4d3e-a4dc-21444ac7253d ] Request (AttachInterfacesUnderV243Test:test_add_remove_fixed_ip): 200 GET http://10.180.1.21/compute/v2.1/servers/4c15afa2-321c-4502-b839-dc5578688302 0.884s
2025-11-17 14:36:12.898 66319 INFO tempest.lib.common.rest_client [req-b381d85d-1058-48e3-8c8a-7534b69579b4 req-b381d85d-1058-48e3-8c8a-7534b69579b4 ] Request (ImagesOneServerNegativeTestJSON:_run_cleanups): 200 GET http://10.180.1.21/compute/v2.1/servers/9fb369af-202c-4d49-9d32-cbc411f8267a 1.006s
2025-11-17 14:36:12.915 66331 INFO tempest.lib.common.rest_client [req-e2881b16-b82c-4550-982d-eac7e2363182 req-e2881b16-b82c-4550-982d-eac7e2363182 ] Request (ServersAdmin275Test:tearDownClass): 204 DELETE http://10.180.1.21/identity/v3/projects/100214edb4624c0799f5aee94bf547c5 0.194s
2025-11-17 14:36:12.927 66309 INFO tempest.lib.common.rest_client [req-769c3dcb-0e12-4ff3-8d6c-ee47e84985ee req-769c3dcb-0e12-4ff3-8d6c-ee47e84985ee ] Request (InstanceActionsV221TestJSON:test_get_list_deleted_instance_actions): 200 GET http://10.180.1.21/compute/v2.1/servers/a04a48f1-71c3-4cca-90cb-cdf391cd2ee0 1.028s
2025-11-17 14:36:12.947 66311 INFO tempest.lib.common.rest_client [req-4421026a-ffe1-40b0-9913-05d06d6b9f4f req-4421026a-ffe1-40b0-9913-05d06d6b9f4f ] Request (ServersAdminNegativeTestJSON:tearDownClass): 404 GET http://10.180.1.21/compute/v2.1/servers/1abdd22c-da15-4eb3-a446-241cc2086ab3 0.966s
2025-11-17 14:36:13.012 66317 WARNING tempest.lib.common.ssh [-] Failed to establish authenticated ssh connection to cirros@10.180.180.177 ([Errno None] Unable to connect to port 22 on 10.180.180.177). Number attempts: 4. Retry after 5 seconds.: paramiko.ssh_exception.NoValidConnectionsError: [Errno None] Unable to connect to port 22 on 10.180.180.177
2025-11-17 14:36:13.031 66339 INFO tempest.lib.common.rest_client [req-d529aca9-d939-4879-90cc-0d9a08e4b87e req-d529aca9-d939-4879-90cc-0d9a08e4b87e ] Request (ServersTestMultiNic:_run_cleanups): 200 GET http://10.180.1.21/compute/v2.1/servers/5afa0e61-7e7b-487d-87bd-1d26c6017fbf 1.032s
2025-11-17 14:36:13.047 66331 INFO tempest.lib.common.rest_client [req-2ed0dd50-c6eb-4990-bb1b-e23c59b9e671 req-2ed0dd50-c6eb-4990-bb1b-e23c59b9e671 ] Request (FloatingIPDetailsTestJSON:setUpClass): 201 POST http://10.180.1.21/identity/v3/auth/tokens 0.129s
2025-11-17 14:36:13.080 66305 INFO tempest.lib.common.rest_client [req-e4c5086a-f7bf-4458-b3e5-f2b724b1dfcb req-e4c5086a-f7bf-4458-b3e5-f2b724b1dfcb ] Request (ServersAdminTestJSON:setUpClass): 200 PUT http://10.180.1.21/networking/v2.0/routers/1e00e907-2f15-4b49-9ecd-25ad40781ea7/add_router_interface 1.425s
2025-11-17 14:36:13.080 66305 INFO tempest.lib.common.dynamic_creds [-] Created isolated network resources for: credentials: Credentials: {'domain_id': 'default', 'domain_name': 'Default', 'username': 'tempest-ServersAdminTestJSON-290656159-project-admin', 'project_domain_id': 'default', 'project_domain_name': 'Default', 'project_id': '9c761278b7184ae5a153fc82d1894861', 'project_name': 'tempest-ServersAdminTestJSON-290656159', 'tenant_id': '9c761278b7184ae5a153fc82d1894861', 'tenant_name': 'tempest-ServersAdminTestJSON-290656159', 'user_domain_id': 'default', 'user_domain_name': 'Default', 'user_id': '31318993172e474ca1a00ff24866b1a1', 'system': None}, Network: {'id': '8a56e972-e9e5-4a6e-9426-5b572589e53b', 'name': 'tempest-ServersAdminTestJSON-505870086-network', 'tenant_id': '9c761278b7184ae5a153fc82d1894861', 'project_id': '9c761278b7184ae5a153fc82d1894861', 'admin_state_up': True, 'mtu': 8950, 'status': 'ACTIVE', 'subnets': [], 'shared': False, 'port_security_enabled': True, 'router:external': False, 'provider:network_type': 'vlan', 'provider:physical_network': 'default', 'provider:segmentation_id': 935, 'availability_zone_hints': [], 'availability_zones': [], 'ipv4_address_scope': None, 'ipv6_address_scope': None, 'description': '', 'tags': [], 'created_at': '2025-11-17T14:36:10Z', 'updated_at': '2025-11-17T14:36:10Z', 'revision_number': 1}, Subnet: {'id': '886f62c0-336d-4441-b980-73431a2af04e', 'name': 'tempest-ServersAdminTestJSON-505870086-subnet', 'tenant_id': '9c761278b7184ae5a153fc82d1894861', 'network_id': '8a56e972-e9e5-4a6e-9426-5b572589e53b', 'ip_version': 4, 'subnetpool_id': None, 'enable_dhcp': True, 'ipv6_ra_mode': None, 'ipv6_address_mode': None, 'gateway_ip': '192.168.128.1', 'cidr': '192.168.128.0/28', 'allocation_pools': [{'start': '192.168.128.2', 'end': '192.168.128.14'}], 'host_routes': [], 'dns_nameservers': [], 'description': '', 'router:external': False, 'service_types': [], 'tags': [], 'created_at': '2025-11-17T14:36:10Z', 'updated_at': '2025-11-17T14:36:10Z', 'revision_number': 0, 'project_id': '9c761278b7184ae5a153fc82d1894861'}, Router: {'id': '1e00e907-2f15-4b49-9ecd-25ad40781ea7', 'name': 'tempest-ServersAdminTestJSON-505870086-router', 'tenant_id': '9c761278b7184ae5a153fc82d1894861', 'admin_state_up': True, 'status': 'ACTIVE', 'external_gateway_info': {'network_id': 'edb4681e-d15f-40d7-bb23-fe500af538f7', 'external_fixed_ips': [{'subnet_id': '164dfb00-053a-4c9d-aeec-67980205d700', 'ip_address': '10.180.180.128'}], 'enable_snat': True}, 'description': '', 'availability_zones': [], 'distributed': False, 'ha': False, 'availability_zone_hints': [], 'routes': [], 'flavor_id': None, 'tags': [], 'created_at': '2025-11-17T14:36:10Z', 'updated_at': '2025-11-17T14:36:11Z', 'revision_number': 2, 'project_id': '9c761278b7184ae5a153fc82d1894861'}
2025-11-17 14:36:13.102 66331 INFO tempest.lib.common.rest_client [req-97979314-24ba-4234-b7d0-896344b0dbd3 req-97979314-24ba-4234-b7d0-896344b0dbd3 ] Request (FloatingIPDetailsTestJSON:setUpClass): 201 POST http://10.180.1.21/identity/v3/auth/tokens 0.051s
2025-11-17 14:36:13.133 66329 INFO tempest.lib.common.rest_client [req-36afa98a-4c50-477c-955a-2365efae5b6a req-36afa98a-4c50-477c-955a-2365efae5b6a ] Request (FloatingIPsAssociationTestJSON:tearDownClass): 200 GET http://10.180.1.21/compute/v2.1/servers/c827472c-405c-4df1-8c05-b139c8b3ebce 1.070s
2025-11-17 14:36:13.137 66347 INFO tempest.lib.common.rest_client [req-abcf95f5-0164-4ee7-b42f-aa1b0385cc2c req-abcf95f5-0164-4ee7-b42f-aa1b0385cc2c ] Request (QuotasTestJSON:test_get_default_quotas): 200 GET http://10.180.1.21/compute/v2.1/os-quota-sets/4aa926ed7aed4fc8afa414c90efa78a4/defaults 1.090s
2025-11-17 14:36:13.162 66331 INFO tempest.lib.common.rest_client [req-731d3510-435b-4eaa-aa19-5b5116ced9ff req-731d3510-435b-4eaa-aa19-5b5116ced9ff ] Request (FloatingIPDetailsTestJSON:setUpClass): 200 GET http://10.180.1.21/identity/v3/domains?name=Default 0.059s
2025-11-17 14:36:13.207 66331 INFO tempest.lib.common.rest_client [req-c4bc0aa4-2d0e-40ba-8654-fca0f0cac394 req-c4bc0aa4-2d0e-40ba-8654-fca0f0cac394 ] Request (FloatingIPDetailsTestJSON:setUpClass): 201 POST http://10.180.1.21/identity/v3/projects 0.044s
2025-11-17 14:36:13.224 66327 INFO tempest.lib.common.rest_client [req-b664cd64-f16b-4e24-80d8-77ec2e5a6e7a req-b664cd64-f16b-4e24-80d8-77ec2e5a6e7a ] Request (ServerAddressesTestJSON:tearDownClass): 200 GET http://10.180.1.21/compute/v2.1/servers/979b028d-389e-4831-9879-c183a18fc304 1.120s
2025-11-17 14:36:13.226 66305 INFO tempest.lib.common.rest_client [req-61c1dd6a-260d-4b77-a46e-76a265bfd3f1 req-61c1dd6a-260d-4b77-a46e-76a265bfd3f1 ] Request (ServersAdminTestJSON:setUpClass): 201 POST http://10.180.1.21/identity/v3/auth/tokens 0.141s
2025-11-17 14:36:13.245 66353 INFO tempest.lib.common.rest_client [req-df57086d-0837-44b5-a111-e49e3e8af06d req-df57086d-0837-44b5-a111-e49e3e8af06d ] Request (AttachInterfacesV270Test:tearDownClass): 200 GET http://10.180.1.21/compute/v2.1/servers/4f61eecb-95df-4bb2-b3ce-71ee686558d3 1.096s
2025-11-17 14:36:13.297 66321 INFO tempest.lib.common.rest_client [req-80344f9f-a4e1-4205-bc8d-ab5abaee92a2 req-80344f9f-a4e1-4205-bc8d-ab5abaee92a2 ] Request (InstanceActionsTestJSON:setUpClass): 200 GET http://10.180.1.21/compute/v2.1/servers/e1c123d7-cb49-4e2a-a70e-62866a17702f 1.094s
2025-11-17 14:36:13.309 66331 INFO tempest.lib.common.rest_client [req-d7379c2e-35d8-4a5d-9035-cc112edfcdfa req-d7379c2e-35d8-4a5d-9035-cc112edfcdfa ] Request (FloatingIPDetailsTestJSON:setUpClass): 201 POST http://10.180.1.21/identity/v3/users 0.101s
2025-11-17 14:36:13.330 66335 INFO tempest.lib.common.rest_client [req-88e752f0-d58a-4214-bb30-9eb796844eca req-88e752f0-d58a-4214-bb30-9eb796844eca ] Request (VolumesSnapshotsTestJSON:_run_cleanups): 404 GET http://10.180.1.21/compute/v2.1/os-snapshots/6be82e63-f1f5-43ab-b701-40e190676ec7 1.031s
2025-11-17 14:36:13.337 66305 INFO tempest.lib.common.rest_client [req-9f9c4423-6284-43bd-8b29-03a72fad3ae2 req-9f9c4423-6284-43bd-8b29-03a72fad3ae2 ] Request (ServersAdminTestJSON:setUpClass): 201 POST http://10.180.1.21/identity/v3/auth/tokens 0.105s
2025-11-17 14:36:13.337 66305 INFO tempest.lib.common.fixed_network [-] (ServersAdminTestJSON:setUpClass) Found network {'id': 'ef5c594a-343f-4079-b4a0-6eb966601f73', 'name': 'tempest-ServersAdminTestJSON-449355006-network', 'tenant_id': 'c362ff0480de4147af4ac19c3f8780a6', 'project_id': 'c362ff0480de4147af4ac19c3f8780a6', 'admin_state_up': True, 'mtu': 8950, 'status': 'ACTIVE', 'subnets': [], 'shared': False, 'port_security_enabled': True, 'router:external': False, 'provider:network_type': 'vlan', 'provider:physical_network': 'default', 'provider:segmentation_id': 625, 'availability_zone_hints': [], 'availability_zones': [], 'ipv4_address_scope': None, 'ipv6_address_scope': None, 'description': '', 'tags': [], 'created_at': '2025-11-17T14:36:06Z', 'updated_at': '2025-11-17T14:36:06Z', 'revision_number': 1} available for tenant
2025-11-17 14:36:13.339 66331 INFO tempest.lib.common.rest_client [req-15382a6d-47b0-457a-835f-d2ef5b4853ed req-15382a6d-47b0-457a-835f-d2ef5b4853ed ] Request (FloatingIPDetailsTestJSON:setUpClass): 200 GET http://10.180.1.21/identity/v3/roles 0.029s
2025-11-17 14:36:13.346 66315 INFO tempest.lib.common.rest_client [req-86c9c451-4a82-4230-a69c-5bca3840d086 req-86c9c451-4a82-4230-a69c-5bca3840d086 ] Request (ListImageFiltersTestJSON:setUpClass): 200 GET http://10.180.1.21/compute/v2.1/servers/91bd0c31-6455-4d19-933f-c0546c1f2cd6 1.125s
2025-11-17 14:36:13.376 66331 INFO tempest.lib.common.rest_client [req-7c832a44-a4c1-4087-b497-93e0749f967c req-7c832a44-a4c1-4087-b497-93e0749f967c ] Request (FloatingIPDetailsTestJSON:setUpClass): 204 PUT http://10.180.1.21/identity/v3/projects/18f04871d0e042fd935f7d30f6aa2d8c/users/658b91e4cb4c4b4c9d5136d611ecdb1e/roles/f90f3b9106134b4b80ef4af5c4f707ec 0.037s
2025-11-17 14:36:13.376 66331 INFO tempest.lib.common.dynamic_creds [-] Dynamic test user 658b91e4cb4c4b4c9d5136d611ecdb1e is created with scope project and roles: ['member']
2025-11-17 14:36:13.376 66331 INFO tempest.lib.common.dynamic_creds [-] Acquired dynamic creds: credentials: Credentials: {'domain_id': 'default', 'domain_name': 'Default', 'username': 'tempest-FloatingIPDetailsTestJSON-2063770198-project-member', 'project_domain_id': 'default', 'project_domain_name': 'Default', 'project_id': '18f04871d0e042fd935f7d30f6aa2d8c', 'project_name': 'tempest-FloatingIPDetailsTestJSON-2063770198', 'tenant_id': '18f04871d0e042fd935f7d30f6aa2d8c', 'tenant_name': 'tempest-FloatingIPDetailsTestJSON-2063770198', 'user_domain_id': 'default', 'user_domain_name': 'Default', 'user_id': '658b91e4cb4c4b4c9d5136d611ecdb1e', 'system': None}, Network: None, Subnet: None, Router: None
2025-11-17 14:36:13.405 66361 INFO tempest.lib.common.rest_client [req-6d0fdf57-8806-4bdf-a9e5-824ba03082f4 req-6d0fdf57-8806-4bdf-a9e5-824ba03082f4 ] Request (AttachVolumeNegativeTest:test_attach_attached_volume_to_different_server): 200 GET http://10.180.1.21/compute/v2.1/servers/f06070f2-2135-42ab-b30b-a89344e0618e 1.083s
2025-11-17 14:36:13.413 66355 INFO tempest.lib.common.rest_client [req-f100b3fd-d986-49f0-a8bb-74f1a50b4b2a req-f100b3fd-d986-49f0-a8bb-74f1a50b4b2a ] Request (ServerActionsTestOtherA:test_rebuild_server_in_stop_state): 200 GET http://10.180.1.21/compute/v2.1/servers/ef772d2e-a2fd-4e58-af98-1e0599f28fbc 1.016s
2025-11-17 14:36:13.458 66331 INFO tempest.lib.common.rest_client [req-1eeb4c09-d3f6-4a98-add4-4f38001f6103 req-1eeb4c09-d3f6-4a98-add4-4f38001f6103 ] Request (FloatingIPDetailsTestJSON:setUpClass): 201 POST http://10.180.1.21/identity/v3/auth/tokens 0.081s
2025-11-17 14:36:13.487 66325 INFO tempest.lib.common.rest_client [req-667fe922-8fbf-4e3e-85d6-83b56f7d8e11 req-667fe922-8fbf-4e3e-85d6-83b56f7d8e11 ] Request (AttachInterfacesTestJSON:test_create_list_show_delete_interfaces_by_fixed_ip): 200 GET http://10.180.1.21/compute/v2.1/servers/1f2c935f-f4b7-41be-a3a2-6ad56c7e48e4 0.918s
2025-11-17 14:36:13.702 66349 INFO tempest.lib.common.rest_client [req-0cbade9a-5232-4305-91d7-b6d1f156c6a6 req-0cbade9a-5232-4305-91d7-b6d1f156c6a6 ] Request (ListServerFiltersTestJSON:setUpClass): 200 GET http://10.180.1.21/compute/v2.1/servers/3308a205-c2bc-44c6-9f89-e7704d4774d1 1.107s
2025-11-17 14:36:13.739 66303 INFO tempest.lib.common.rest_client [req-c35f72e4-7574-46e7-ae7d-20fe1618f28d req-c35f72e4-7574-46e7-ae7d-20fe1618f28d ] Request (ServicesAdminNegativeTestJSON:test_get_service_by_invalid_params): 200 GET http://10.180.1.21/compute/v2.1/os-services?xxx=nova-compute 1.141s
2025-11-17 14:36:13.778 66358 INFO tempest.lib.common.rest_client [req-ece81fb0-09e7-4be1-b428-5545ff3040b5 req-ece81fb0-09e7-4be1-b428-5545ff3040b5 ] Request (ImagesTestJSON:test_create_image_from_suspended_server): 200 GET http://10.180.1.21/compute/v2.1/images/37e16e95-0efd-47f0-b493-7559b94ce812 1.148s
2025-11-17 14:36:13.836 66331 INFO tempest.lib.common.rest_client [req-52afa1ef-217a-4671-8eba-776a4077b1ec req-52afa1ef-217a-4671-8eba-776a4077b1ec ] Request (FloatingIPDetailsTestJSON:setUpClass): 201 POST http://10.180.1.21/networking/v2.0/networks 0.377s
2025-11-17 14:36:13.862 66323 INFO tempest.lib.common.rest_client [req-aa62cdb2-1fe6-4b9f-ae10-c71f0d016103 req-aa62cdb2-1fe6-4b9f-ae10-c71f0d016103 ] Request (FloatingIPsAssociationNegativeTestJSON:setUpClass): 200 GET http://10.180.1.21/compute/v2.1/servers/9e3679af-f405-4dc1-81c9-3e0ee90ce45c 1.125s
2025-11-17 14:36:13.898 66363 INFO tempest.lib.common.rest_client [req-bd59f248-da70-4599-aecf-aa5cafd8b1c4 req-bd59f248-da70-4599-aecf-aa5cafd8b1c4 ] Request (ServerExternalEventsTest:test_create_server_external_events): 202 POST http://10.180.1.21/compute/v2.1/servers 1.467s
2025-11-17 14:36:13.978 66311 INFO tempest.lib.common.rest_client [req-2e839052-cd0a-4e2e-ae81-9ccbc1d1983f req-2e839052-cd0a-4e2e-ae81-9ccbc1d1983f ] Request (ServersAdminNegativeTestJSON:tearDownClass): 204 DELETE http://10.180.1.21/compute/v2.1/servers/2f6d4f72-e713-4422-9e72-ca261477d545 1.030s
2025-11-17 14:36:13.984 66313 INFO tempest.lib.common.rest_client [req-0672338f-16b8-4618-bb87-7b8a7f1a855c req-0672338f-16b8-4618-bb87-7b8a7f1a855c ] Request (ServerPasswordTestJSON:tearDownClass): 200 GET http://10.180.1.21/compute/v2.1/servers/7a0d4eac-9919-41b0-bc79-985db03ddaeb 0.937s
2025-11-17 14:36:14.044 66343 INFO tempest.lib.common.rest_client [req-825523a9-5dbd-4e5a-b9dd-145c18077eba req-825523a9-5dbd-4e5a-b9dd-145c18077eba ] Request (ServerAddressesNegativeTestJSON:setUpClass): 200 GET http://10.180.1.21/compute/v2.1/servers/42681067-538e-43fe-8055-ea562909c5a8 0.790s
2025-11-17 14:36:14.046 66331 INFO tempest.lib.common.rest_client [req-71401128-8166-4446-973a-42afb478ff48 req-71401128-8166-4446-973a-42afb478ff48 ] Request (FloatingIPDetailsTestJSON:setUpClass): 201 POST http://10.180.1.21/networking/v2.0/subnets 0.209s
2025-11-17 14:36:14.071 66347 INFO tempest.lib.common.rest_client [req-dfc60aa4-ac61-4296-9541-9617543f96cf req-dfc60aa4-ac61-4296-9541-9617543f96cf ] Request (QuotasTestJSON:test_get_quotas): 200 GET http://10.180.1.21/compute/v2.1/os-quota-sets/4aa926ed7aed4fc8afa414c90efa78a4 0.929s
2025-11-17 14:36:14.150 66335 INFO tempest.lib.common.rest_client [req-4a5f1159-ec55-4208-9224-ca097a13e641 req-4a5f1159-ec55-4208-9224-ca097a13e641 ] Request (VolumesSnapshotsTestJSON:_run_cleanups): 202 DELETE http://10.180.1.21/compute/v2.1/os-volumes/21b3d7ce-fb41-4f95-afb5-131fd30c4235 0.819s
2025-11-17 14:36:14.196 66345 INFO tempest.lib.common.rest_client [req-e3be93fc-bca6-4a77-9b2d-fea88c1c7a3b req-e3be93fc-bca6-4a77-9b2d-fea88c1c7a3b ] Request (ServerMetadataTestJSON:setUpClass): 200 GET http://10.180.1.21/compute/v2.1/servers/ba6e4068-f940-428e-b415-b11f7ec83857 0.924s
2025-11-17 14:36:14.455 66337 INFO tempest.lib.common.rest_client [req-81103da7-68cd-4408-a73e-521d583b6357 req-81103da7-68cd-4408-a73e-521d583b6357 ] Request (MigrationsAdminTest:test_resize_server_revert_deleted_flavor): 200 GET http://10.180.1.21/compute/v2.1/servers/3265bd0a-4ff8-4918-94db-af70314e84cf 1.064s
2025-11-17 14:36:14.529 66359 INFO tempest.lib.common.rest_client [req-dccd3113-0e32-4194-bdd8-e9f09f11dd0b req-dccd3113-0e32-4194-bdd8-e9f09f11dd0b ] Request (DeleteServersTestJSON:test_delete_server_while_in_attached_volume): 200 GET http://10.180.1.21/compute/v2.1/servers/18eba7f8-31cc-4a75-b73a-b279853d125a 1.089s
2025-11-17 14:36:14.636 66341 INFO tempest.lib.common.rest_client [req-fbf8a9bf-052a-4168-80f7-489309a99126 req-fbf8a9bf-052a-4168-80f7-489309a99126 ] Request (ListServersNegativeTestJSON:tearDownClass): 200 GET http://10.180.1.21/compute/v2.1/servers/d2bccbbf-09fd-44d4-8b46-b32c3897e477 1.007s
2025-11-17 14:36:14.656 66303 INFO tempest.lib.common.rest_client [req-0ca003b0-235a-4d3d-831e-5e33f36c4e01 req-0ca003b0-235a-4d3d-831e-5e33f36c4e01 ] Request (ServicesAdminNegativeTestJSON:test_get_service_by_invalid_service_and_valid_host): 200 GET http://10.180.1.21/compute/v2.1/os-services 0.908s
2025-11-17 14:36:14.794 66307 INFO tempest.lib.common.rest_client [req-323c6e26-7bad-4950-a6ce-12097a68f37d req-323c6e26-7bad-4950-a6ce-12097a68f37d ] Request (AttachInterfacesUnderV243Test:test_add_remove_fixed_ip): 200 GET http://10.180.1.21/compute/v2.1/servers/4c15afa2-321c-4502-b839-dc5578688302 1.025s
2025-11-17 14:36:14.873 66363 INFO tempest.lib.common.rest_client [req-298828f9-5268-482c-aa53-f4fb83e73932 req-298828f9-5268-482c-aa53-f4fb83e73932 ] Request (ServerExternalEventsTest:test_create_server_external_events): 200 GET http://10.180.1.21/compute/v2.1/servers/728a7240-9509-4449-a71d-44be5ae1e63c 0.969s
2025-11-17 14:36:14.919 66331 INFO tempest.lib.common.rest_client [req-a42a1f7d-fc81-4e8d-ae0a-15bc11c03f58 req-a42a1f7d-fc81-4e8d-ae0a-15bc11c03f58 ] Request (FloatingIPDetailsTestJSON:setUpClass): 201 POST http://10.180.1.21/networking/v2.0/routers 0.872s
2025-11-17 14:36:14.923 66305 INFO tempest.lib.common.rest_client [req-0e5f1d42-d884-4086-ad60-1745701db4d4 req-0e5f1d42-d884-4086-ad60-1745701db4d4 ] Request (ServersAdminTestJSON:setUpClass): 202 POST http://10.180.1.21/compute/v2.1/servers 1.585s
2025-11-17 14:36:14.956 66319 INFO tempest.lib.common.rest_client [req-2ebcfaeb-e302-4e23-81d4-3411593c8ad0 req-2ebcfaeb-e302-4e23-81d4-3411593c8ad0 ] Request (ImagesOneServerNegativeTestJSON:_run_cleanups): 200 GET http://10.180.1.21/compute/v2.1/servers/9fb369af-202c-4d49-9d32-cbc411f8267a 1.050s
2025-11-17 14:36:14.990 66305 INFO tempest.lib.common.rest_client [req-8e8434a8-2117-441e-bea5-936fa23f5da5 req-8e8434a8-2117-441e-bea5-936fa23f5da5 ] Request (ServersAdminTestJSON:setUpClass): 201 POST http://10.180.1.21/identity/v3/auth/tokens 0.058s
2025-11-17 14:36:14.991 66305 INFO tempest.lib.common.fixed_network [-] (ServersAdminTestJSON:setUpClass) Found network {'id': 'ef5c594a-343f-4079-b4a0-6eb966601f73', 'name': 'tempest-ServersAdminTestJSON-449355006-network', 'tenant_id': 'c362ff0480de4147af4ac19c3f8780a6', 'project_id': 'c362ff0480de4147af4ac19c3f8780a6', 'admin_state_up': True, 'mtu': 8950, 'status': 'ACTIVE', 'subnets': [], 'shared': False, 'port_security_enabled': True, 'router:external': False, 'provider:network_type': 'vlan', 'provider:physical_network': 'default', 'provider:segmentation_id': 625, 'availability_zone_hints': [], 'availability_zones': [], 'ipv4_address_scope': None, 'ipv6_address_scope': None, 'description': '', 'tags': [], 'created_at': '2025-11-17T14:36:06Z', 'updated_at': '2025-11-17T14:36:06Z', 'revision_number': 1} available for tenant
2025-11-17 14:36:15.011 66309 INFO tempest.lib.common.rest_client [req-aba5adb3-df3b-418b-9a99-831becec31c0 req-aba5adb3-df3b-418b-9a99-831becec31c0 ] Request (InstanceActionsV221TestJSON:test_get_list_deleted_instance_actions): 200 GET http://10.180.1.21/compute/v2.1/servers/a04a48f1-71c3-4cca-90cb-cdf391cd2ee0 1.065s
2025-11-17 14:36:15.124 66351 WARNING tempest.lib.common.ssh [-] Failed to establish authenticated ssh connection to cirros@10.180.180.154 ([Errno None] Unable to connect to port 22 on 10.180.180.154). Number attempts: 9. Retry after 10 seconds.: paramiko.ssh_exception.NoValidConnectionsError: [Errno None] Unable to connect to port 22 on 10.180.180.154
2025-11-17 14:36:15.204 66339 INFO tempest.lib.common.rest_client [req-ebb7b3e8-e1cd-44eb-8f80-f78f300161e4 req-ebb7b3e8-e1cd-44eb-8f80-f78f300161e4 ] Request (ServersTestMultiNic:_run_cleanups): 200 GET http://10.180.1.21/compute/v2.1/servers/5afa0e61-7e7b-487d-87bd-1d26c6017fbf 1.163s
2025-11-17 14:36:15.238 66311 INFO tempest.lib.common.rest_client [req-48248e5c-b769-4f76-a7e8-a1344c669926 req-48248e5c-b769-4f76-a7e8-a1344c669926 ] Request (ServersAdminNegativeTestJSON:tearDownClass): 200 GET http://10.180.1.21/compute/v2.1/servers/2f6d4f72-e713-4422-9e72-ca261477d545 1.259s
2025-11-17 14:36:15.262 66347 INFO tempest.lib.common.rest_client [req-dccc39bb-1195-4f99-9c06-5b34710e64cc req-dccc39bb-1195-4f99-9c06-5b34710e64cc ] Request (QuotasTestJSON:test_get_quotas): 200 GET http://10.180.1.21/compute/v2.1/os-quota-sets/4aa926ed7aed4fc8afa414c90efa78a4?user_id=919d653da78e4ab9a7fff79143a92bcb 1.189s
2025-11-17 14:36:15.310 66335 INFO tempest.lib.common.rest_client [req-bcd50c00-431e-4785-8331-c08c016d1d8c req-bcd50c00-431e-4785-8331-c08c016d1d8c ] Request (VolumesSnapshotsTestJSON:_run_cleanups): 404 GET http://10.180.1.21/compute/v2.1/os-volumes/21b3d7ce-fb41-4f95-afb5-131fd30c4235 1.159s
2025-11-17 14:36:15.421 66347 INFO tempest.lib.common.rest_client [req-ef6e567b-3d71-4b9c-87cf-1b9965f548b6 req-ef6e567b-3d71-4b9c-87cf-1b9965f548b6 ] Request (QuotasTestJSON:tearDownClass): 204 DELETE http://10.180.1.21/identity/v3/users/919d653da78e4ab9a7fff79143a92bcb 0.150s
2025-11-17 14:36:15.423 66347 INFO tempest.lib.common.dynamic_creds [-] Deleting project and security group for project: 4aa926ed7aed4fc8afa414c90efa78a4
2025-11-17 14:36:15.453 66329 INFO tempest.lib.common.rest_client [req-b521bc79-4609-466a-82e5-776dbdeea811 req-b521bc79-4609-466a-82e5-776dbdeea811 ] Request (FloatingIPsAssociationTestJSON:tearDownClass): 200 GET http://10.180.1.21/compute/v2.1/servers/c827472c-405c-4df1-8c05-b139c8b3ebce 1.306s
2025-11-17 14:36:15.477 66327 INFO tempest.lib.common.rest_client [req-7b7bca53-fd6b-4d30-a6d2-80bf3e2e807d req-7b7bca53-fd6b-4d30-a6d2-80bf3e2e807d ] Request (ServerAddressesTestJSON:tearDownClass): 200 GET http://10.180.1.21/compute/v2.1/servers/979b028d-389e-4831-9879-c183a18fc304 1.240s
2025-11-17 14:36:15.539 66347 INFO tempest.lib.common.rest_client [req-e773aff6-bcb1-409c-b24b-96f7ce49dc3f req-e773aff6-bcb1-409c-b24b-96f7ce49dc3f ] Request (QuotasTestJSON:tearDownClass): 201 POST http://10.180.1.21/identity/v3/auth/tokens 0.115s
2025-11-17 14:36:15.970 66353 INFO tempest.lib.common.rest_client [req-65d129d8-c0d2-49f2-a6ed-6bb96e236c7d req-65d129d8-c0d2-49f2-a6ed-6bb96e236c7d ] Request (AttachInterfacesV270Test:tearDownClass): 200 GET http://10.180.1.21/compute/v2.1/servers/4f61eecb-95df-4bb2-b3ce-71ee686558d3 1.707s
2025-11-17 14:36:15.987 66321 INFO tempest.lib.common.rest_client [req-46077c48-d801-4ae5-b040-08897c4de905 req-46077c48-d801-4ae5-b040-08897c4de905 ] Request (InstanceActionsTestJSON:setUpClass): 200 GET http://10.180.1.21/compute/v2.1/servers/e1c123d7-cb49-4e2a-a70e-62866a17702f 1.679s
2025-11-17 14:36:16.141 66331 INFO tempest.lib.common.rest_client [req-25ce915a-111e-4abf-968c-76f070ce1113 req-25ce915a-111e-4abf-968c-76f070ce1113 ] Request (FloatingIPDetailsTestJSON:setUpClass): 200 PUT http://10.180.1.21/networking/v2.0/routers/9db12129-12a9-45d0-933e-9d61e3d7f2bf/add_router_interface 1.221s
2025-11-17 14:36:16.141 66331 INFO tempest.lib.common.dynamic_creds [-] Created isolated network resources for: credentials: Credentials: {'domain_id': 'default', 'domain_name': 'Default', 'username': 'tempest-FloatingIPDetailsTestJSON-2063770198-project-member', 'project_domain_id': 'default', 'project_domain_name': 'Default', 'project_id': '18f04871d0e042fd935f7d30f6aa2d8c', 'project_name': 'tempest-FloatingIPDetailsTestJSON-2063770198', 'tenant_id': '18f04871d0e042fd935f7d30f6aa2d8c', 'tenant_name': 'tempest-FloatingIPDetailsTestJSON-2063770198', 'user_domain_id': 'default', 'user_domain_name': 'Default', 'user_id': '658b91e4cb4c4b4c9d5136d611ecdb1e', 'system': None}, Network: {'id': '4157cc74-83fd-4595-9187-bff9c1284c8f', 'name': 'tempest-FloatingIPDetailsTestJSON-1670442136-network', 'tenant_id': '18f04871d0e042fd935f7d30f6aa2d8c', 'project_id': '18f04871d0e042fd935f7d30f6aa2d8c', 'admin_state_up': True, 'mtu': 8950, 'status': 'ACTIVE', 'subnets': [], 'shared': False, 'port_security_enabled': True, 'router:external': False, 'provider:network_type': 'vlan', 'provider:physical_network': 'default', 'provider:segmentation_id': 796, 'availability_zone_hints': [], 'availability_zones': [], 'ipv4_address_scope': None, 'ipv6_address_scope': None, 'description': '', 'tags': [], 'created_at': '2025-11-17T14:36:13Z', 'updated_at': '2025-11-17T14:36:13Z', 'revision_number': 1}, Subnet: {'id': '85f17c23-0f8a-44a2-9d44-7ddd8c64bffb', 'name': 'tempest-FloatingIPDetailsTestJSON-1670442136-subnet', 'tenant_id': '18f04871d0e042fd935f7d30f6aa2d8c', 'network_id': '4157cc74-83fd-4595-9187-bff9c1284c8f', 'ip_version': 4, 'subnetpool_id': None, 'enable_dhcp': True, 'ipv6_ra_mode': None, 'ipv6_address_mode': None, 'gateway_ip': '192.168.128.1', 'cidr': '192.168.128.0/28', 'allocation_pools': [{'start': '192.168.128.2', 'end': '192.168.128.14'}], 'host_routes': [], 'dns_nameservers': [], 'description': '', 'router:external': False, 'service_types': [], 'tags': [], 'created_at': '2025-11-17T14:36:13Z', 'updated_at': '2025-11-17T14:36:13Z', 'revision_number': 0, 'project_id': '18f04871d0e042fd935f7d30f6aa2d8c'}, Router: {'id': '9db12129-12a9-45d0-933e-9d61e3d7f2bf', 'name': 'tempest-FloatingIPDetailsTestJSON-1670442136-router', 'tenant_id': '18f04871d0e042fd935f7d30f6aa2d8c', 'admin_state_up': True, 'status': 'ACTIVE', 'external_gateway_info': {'network_id': 'edb4681e-d15f-40d7-bb23-fe500af538f7', 'external_fixed_ips': [{'subnet_id': '164dfb00-053a-4c9d-aeec-67980205d700', 'ip_address': '10.180.180.226'}], 'enable_snat': True}, 'description': '', 'availability_zones': [], 'distributed': False, 'ha': False, 'availability_zone_hints': [], 'routes': [], 'flavor_id': None, 'tags': [], 'created_at': '2025-11-17T14:36:14Z', 'updated_at': '2025-11-17T14:36:14Z', 'revision_number': 2, 'project_id': '18f04871d0e042fd935f7d30f6aa2d8c'}
2025-11-17 14:36:16.179 66347 INFO tempest.lib.common.rest_client [req-ac02b09d-2415-4dec-8f64-203535a08924 req-ac02b09d-2415-4dec-8f64-203535a08924 ] Request (QuotasTestJSON:tearDownClass): 200 GET http://10.180.1.21/networking/v2.0/security-groups?tenant_id=4aa926ed7aed4fc8afa414c90efa78a4&name=default 0.640s
2025-11-17 14:36:16.227 66331 INFO tempest.lib.common.rest_client [req-aec164c6-be0c-492a-b003-bc87d2845853 req-aec164c6-be0c-492a-b003-bc87d2845853 ] Request (FloatingIPDetailsTestJSON:setUpClass): 201 POST http://10.180.1.21/identity/v3/auth/tokens 0.083s
2025-11-17 14:36:16.237 66361 INFO tempest.lib.common.rest_client [req-b7e99ce6-0c09-4196-bbe8-928e41c3e534 req-b7e99ce6-0c09-4196-bbe8-928e41c3e534 ] Request (AttachVolumeNegativeTest:test_attach_attached_volume_to_different_server): 200 GET http://10.180.1.21/compute/v2.1/servers/f06070f2-2135-42ab-b30b-a89344e0618e 1.820s
2025-11-17 14:36:16.385 66347 INFO tempest.lib.common.rest_client [req-aad93b42-1b5b-4cf9-b630-d5d9cb52f686 req-aad93b42-1b5b-4cf9-b630-d5d9cb52f686 ] Request (QuotasTestJSON:tearDownClass): 204 DELETE http://10.180.1.21/networking/v2.0/security-groups/d757456c-8afc-4187-8b24-2fff9005de3b 0.205s
2025-11-17 14:36:16.428 66315 INFO tempest.lib.common.rest_client [req-b6acae17-fcf6-46d4-b839-7e333054b3de req-b6acae17-fcf6-46d4-b839-7e333054b3de ] Request (ListImageFiltersTestJSON:setUpClass): 200 GET http://10.180.1.21/compute/v2.1/servers/91bd0c31-6455-4d19-933f-c0546c1f2cd6 2.070s
2025-11-17 14:36:16.437 66315 INFO tempest.common.waiters [-] State transition "BUILD/None" ==> "BUILD/block_device_mapping" after 34 second wait
2025-11-17 14:36:16.489 66347 INFO tempest.lib.common.rest_client [req-bf87b545-9a79-441e-b144-a8c2628af687 req-bf87b545-9a79-441e-b144-a8c2628af687 ] Request (QuotasTestJSON:tearDownClass): 204 DELETE http://10.180.1.21/identity/v3/projects/4aa926ed7aed4fc8afa414c90efa78a4 0.103s
2025-11-17 14:36:16.706 66355 INFO tempest.lib.common.rest_client [req-c4fbf38a-3bf2-4e71-8470-5c2a22ff608d req-c4fbf38a-3bf2-4e71-8470-5c2a22ff608d ] Request (ServerActionsTestOtherA:test_rebuild_server_in_stop_state): 200 GET http://10.180.1.21/compute/v2.1/servers/ef772d2e-a2fd-4e58-af98-1e0599f28fbc 2.283s
2025-11-17 14:36:16.738 66303 INFO tempest.lib.common.rest_client [req-53b2bc83-57b9-4f46-b981-fa13a3c9c095 req-53b2bc83-57b9-4f46-b981-fa13a3c9c095 ] Request (ServicesAdminNegativeTestJSON:test_get_service_by_invalid_service_and_valid_host): 200 GET http://10.180.1.21/compute/v2.1/os-services?host=devstack&binary=xxx 2.079s
2025-11-17 14:36:16.743 66325 INFO tempest.lib.common.rest_client [req-a88520c0-809d-4adb-993a-579d5a70bcb1 req-a88520c0-809d-4adb-993a-579d5a70bcb1 ] Request (AttachInterfacesTestJSON:test_create_list_show_delete_interfaces_by_fixed_ip): 200 GET http://10.180.1.21/compute/v2.1/servers/1f2c935f-f4b7-41be-a3a2-6ad56c7e48e4 2.242s
2025-11-17 14:36:16.793 66358 INFO tempest.lib.common.rest_client [req-7f1fca5d-8371-4acf-aacc-af96415f8297 req-7f1fca5d-8371-4acf-aacc-af96415f8297 ] Request (ImagesTestJSON:test_create_image_from_suspended_server): 200 GET http://10.180.1.21/compute/v2.1/images/37e16e95-0efd-47f0-b493-7559b94ce812 2.010s
2025-11-17 14:36:16.919 66323 INFO tempest.lib.common.rest_client [req-42c6cab2-5fcc-4119-9255-0fe2ee748beb req-42c6cab2-5fcc-4119-9255-0fe2ee748beb ] Request (FloatingIPsAssociationNegativeTestJSON:setUpClass): 200 GET http://10.180.1.21/compute/v2.1/servers/9e3679af-f405-4dc1-81c9-3e0ee90ce45c 2.044s
2025-11-17 14:36:16.941 66349 INFO tempest.lib.common.rest_client [req-aa3847ac-dd9b-45d9-b229-c0d078d6858a req-aa3847ac-dd9b-45d9-b229-c0d078d6858a ] Request (ListServerFiltersTestJSON:setUpClass): 200 GET http://10.180.1.21/compute/v2.1/servers/3308a205-c2bc-44c6-9f89-e7704d4774d1 2.229s
2025-11-17 14:36:17.061 66313 INFO tempest.lib.common.rest_client [req-e3c9098b-aef9-4487-875c-680a24f1982f req-e3c9098b-aef9-4487-875c-680a24f1982f ] Request (ServerPasswordTestJSON:tearDownClass): 200 GET http://10.180.1.21/compute/v2.1/servers/7a0d4eac-9919-41b0-bc79-985db03ddaeb 2.067s
2025-11-17 14:36:17.154 66343 INFO tempest.lib.common.rest_client [req-f7f0f4c5-80de-4c45-b634-df6be7db6c40 req-f7f0f4c5-80de-4c45-b634-df6be7db6c40 ] Request (ServerAddressesNegativeTestJSON:setUpClass): 200 GET http://10.180.1.21/compute/v2.1/servers/42681067-538e-43fe-8055-ea562909c5a8 2.101s
2025-11-17 14:36:17.281 66345 INFO tempest.lib.common.rest_client [req-7a8dfbc2-cdfe-43d2-90e2-da6cca5c652e req-7a8dfbc2-cdfe-43d2-90e2-da6cca5c652e ] Request (ServerMetadataTestJSON:setUpClass): 200 GET http://10.180.1.21/compute/v2.1/servers/ba6e4068-f940-428e-b415-b11f7ec83857 2.077s
2025-11-17 14:36:17.310 66335 INFO tempest.lib.common.rest_client [req-dba518b1-cd31-4713-9ded-4f292bccfd45 req-dba518b1-cd31-4713-9ded-4f292bccfd45 ] Request (VolumesSnapshotsTestJSON:tearDownClass): 404 DELETE http://10.180.1.21/compute/v2.1/os-volumes/21b3d7ce-fb41-4f95-afb5-131fd30c4235 1.994s
2025-11-17 14:36:17.349 66305 INFO tempest.lib.common.rest_client [req-d9e4a3ad-8eb8-4646-b519-00dd303b32b7 req-d9e4a3ad-8eb8-4646-b519-00dd303b32b7 ] Request (ServersAdminTestJSON:setUpClass): 202 POST http://10.180.1.21/compute/v2.1/servers 2.358s
2025-11-17 14:36:17.374 66337 INFO tempest.lib.common.rest_client [req-24d66846-1c26-4229-892f-e1b92a70e4df req-24d66846-1c26-4229-892f-e1b92a70e4df ] Request (MigrationsAdminTest:test_resize_server_revert_deleted_flavor): 200 GET http://10.180.1.21/compute/v2.1/servers/3265bd0a-4ff8-4918-94db-af70314e84cf 1.905s
2025-11-17 14:36:17.402 66341 INFO tempest.lib.common.rest_client [req-56581720-90e5-44e8-a9da-acc832649525 req-56581720-90e5-44e8-a9da-acc832649525 ] Request (ListServersNegativeTestJSON:tearDownClass): 404 GET http://10.180.1.21/compute/v2.1/servers/d2bccbbf-09fd-44d4-8b46-b32c3897e477 1.752s
2025-11-17 14:36:17.410 66359 INFO tempest.lib.common.rest_client [req-a2d948ec-21ba-4e57-8e97-4e406547b83b req-a2d948ec-21ba-4e57-8e97-4e406547b83b ] Request (DeleteServersTestJSON:test_delete_server_while_in_attached_volume): 200 GET http://10.180.1.21/compute/v2.1/servers/18eba7f8-31cc-4a75-b73a-b279853d125a 1.870s
2025-11-17 14:36:17.459 66307 INFO tempest.lib.common.rest_client [req-615fd86c-225f-45d7-b71c-a78b999d42ae req-615fd86c-225f-45d7-b71c-a78b999d42ae ] Request (AttachInterfacesUnderV243Test:test_add_remove_fixed_ip): 200 GET http://10.180.1.21/compute/v2.1/servers/4c15afa2-321c-4502-b839-dc5578688302 1.654s
2025-11-17 14:36:17.475 66363 INFO tempest.lib.common.rest_client [req-f1fd5f36-d0e8-46e5-acca-1197820969c1 req-f1fd5f36-d0e8-46e5-acca-1197820969c1 ] Request (ServerExternalEventsTest:test_create_server_external_events): 200 GET http://10.180.1.21/compute/v2.1/servers/728a7240-9509-4449-a71d-44be5ae1e63c 1.594s
2025-11-17 14:36:17.522 66319 INFO tempest.lib.common.rest_client [req-ee111246-116c-4bfe-b379-df64afb464f2 req-ee111246-116c-4bfe-b379-df64afb464f2 ] Request (ImagesOneServerNegativeTestJSON:_run_cleanups): 200 GET http://10.180.1.21/compute/v2.1/servers/9fb369af-202c-4d49-9d32-cbc411f8267a 1.548s
2025-11-17 14:36:17.530 66319 INFO tempest.common.waiters [-] State transition "ACTIVE/deleting" ==> "DELETED/None" after 5 second wait
2025-11-17 14:36:17.540 66309 INFO tempest.lib.common.rest_client [req-425727df-96ed-4056-80dd-442c4b9e1b26 req-425727df-96ed-4056-80dd-442c4b9e1b26 ] Request (InstanceActionsV221TestJSON:test_get_list_deleted_instance_actions): 200 GET http://10.180.1.21/compute/v2.1/servers/a04a48f1-71c3-4cca-90cb-cdf391cd2ee0 1.515s
2025-11-17 14:36:17.606 66339 INFO tempest.lib.common.rest_client [req-efa81434-7318-4566-a4a7-57f2218da383 req-efa81434-7318-4566-a4a7-57f2218da383 ] Request (ServersTestMultiNic:_run_cleanups): 200 GET http://10.180.1.21/compute/v2.1/servers/5afa0e61-7e7b-487d-87bd-1d26c6017fbf 1.386s
2025-11-17 14:36:17.687 66311 INFO tempest.lib.common.rest_client [req-a92b95cd-a282-402d-a9f3-b05b435b8d2e req-a92b95cd-a282-402d-a9f3-b05b435b8d2e ] Request (ServersAdminNegativeTestJSON:tearDownClass): 200 GET http://10.180.1.21/compute/v2.1/servers/2f6d4f72-e713-4422-9e72-ca261477d545 1.434s
2025-11-17 14:36:17.820 66329 INFO tempest.lib.common.rest_client [req-ad593810-0a16-4292-88cf-0a2a1b6cb884 req-ad593810-0a16-4292-88cf-0a2a1b6cb884 ] Request (FloatingIPsAssociationTestJSON:tearDownClass): 200 GET http://10.180.1.21/compute/v2.1/servers/c827472c-405c-4df1-8c05-b139c8b3ebce 1.354s
2025-11-17 14:36:17.911 66327 INFO tempest.lib.common.rest_client [req-72e0167f-dc3e-4fe6-8064-e4101d313657 req-72e0167f-dc3e-4fe6-8064-e4101d313657 ] Request (ServerAddressesTestJSON:tearDownClass): 200 GET http://10.180.1.21/compute/v2.1/servers/979b028d-389e-4831-9879-c183a18fc304 1.418s
2025-11-17 14:36:17.940 66303 INFO tempest.lib.common.rest_client [req-a748a4e5-0368-42be-92be-04681bdcfc62 req-a748a4e5-0368-42be-92be-04681bdcfc62 ] Request (ServicesAdminNegativeTestJSON:test_get_service_with_valid_service_and_invalid_host): 200 GET http://10.180.1.21/compute/v2.1/os-services 1.193s
2025-11-17 14:36:18.016 66353 INFO tempest.lib.common.rest_client [req-2d3c1901-d0f2-4fed-8d18-038bcee72ba8 req-2d3c1901-d0f2-4fed-8d18-038bcee72ba8 ] Request (AttachInterfacesV270Test:tearDownClass): 200 GET http://10.180.1.21/compute/v2.1/servers/4f61eecb-95df-4bb2-b3ce-71ee686558d3 1.033s
2025-11-17 14:36:18.074 66321 INFO tempest.lib.common.rest_client [req-c507cb57-d070-4dfc-bcb4-1ce5fb3cb98a req-c507cb57-d070-4dfc-bcb4-1ce5fb3cb98a ] Request (InstanceActionsTestJSON:setUpClass): 200 GET http://10.180.1.21/compute/v2.1/servers/e1c123d7-cb49-4e2a-a70e-62866a17702f 1.073s
2025-11-17 14:36:18.129 66361 INFO tempest.lib.common.rest_client [req-68fa4e97-1ee2-42e4-a8b3-d384dbaa782f req-68fa4e97-1ee2-42e4-a8b3-d384dbaa782f ] Request (AttachVolumeNegativeTest:test_attach_attached_volume_to_different_server): 200 GET http://10.180.1.21/compute/v2.1/servers/f06070f2-2135-42ab-b30b-a89344e0618e 0.882s
2025-11-17 14:36:18.178 66335 INFO tempest.lib.common.rest_client [req-1f72b371-db06-47c2-baf5-a3a6a8b794c5 req-1f72b371-db06-47c2-baf5-a3a6a8b794c5 ] Request (VolumesSnapshotsTestJSON:tearDownClass): 404 GET http://10.180.1.21/compute/v2.1/os-volumes/21b3d7ce-fb41-4f95-afb5-131fd30c4235 0.867s
2025-11-17 14:36:18.251 66305 INFO tempest.lib.common.rest_client [req-8b2f6cf3-f68d-4ec3-9da5-b45cd391edd9 req-8b2f6cf3-f68d-4ec3-9da5-b45cd391edd9 ] Request (ServersAdminTestJSON:setUpClass): 200 GET http://10.180.1.21/compute/v2.1/servers/36cdd11a-35ef-4928-9b93-b2e8e54c3e53 0.899s
2025-11-17 14:36:18.334 66341 INFO tempest.lib.common.rest_client [req-af33daff-e827-433c-b142-17f7b7973ca4 req-af33daff-e827-433c-b142-17f7b7973ca4 ] Request (ListServersNegativeTestJSON:tearDownClass): 200 GET http://10.180.1.21/compute/v2.1/servers/aec420c4-a727-4c86-a3fb-d22d015d6b13 0.932s
2025-11-17 14:36:18.367 66335 INFO tempest.lib.common.rest_client [req-38ca40b2-9126-42f3-85a0-8f835db93160 req-38ca40b2-9126-42f3-85a0-8f835db93160 ] Request (VolumesSnapshotsTestJSON:tearDownClass): 204 DELETE http://10.180.1.21/identity/v3/users/9b3beafa938f40fcaa21463af25d3508 0.188s
2025-11-17 14:36:18.367 66335 INFO tempest.lib.common.dynamic_creds [-] Deleting project and security group for project: d5282ff2d0cd4f2ebac3f0eef07a3125
2025-11-17 14:36:18.429 66331 INFO tempest.lib.common.rest_client [req-aa7b735f-84a0-4eaf-b082-821080e4876e req-aa7b735f-84a0-4eaf-b082-821080e4876e ] Request (FloatingIPDetailsTestJSON:setUpClass): 200 POST http://10.180.1.21/compute/v2.1/os-floating-ips 2.201s
2025-11-17 14:36:18.468 66315 INFO tempest.lib.common.rest_client [req-5d77bd26-2422-42e3-a2c0-34eeefdd2793 req-5d77bd26-2422-42e3-a2c0-34eeefdd2793 ] Request (ListImageFiltersTestJSON:setUpClass): 200 GET http://10.180.1.21/compute/v2.1/servers/91bd0c31-6455-4d19-933f-c0546c1f2cd6 1.029s
2025-11-17 14:36:18.472 66335 INFO tempest.lib.common.rest_client [req-fe35cfdd-3f41-4063-9dfd-108744e348cc req-fe35cfdd-3f41-4063-9dfd-108744e348cc ] Request (VolumesSnapshotsTestJSON:tearDownClass): 201 POST http://10.180.1.21/identity/v3/auth/tokens 0.104s
2025-11-17 14:36:18.477 66315 INFO tempest.common.waiters [-] State transition "BUILD/block_device_mapping" ==> "BUILD/spawning" after 36 second wait
2025-11-17 14:36:18.505 66355 INFO tempest.lib.common.rest_client [req-7482f8a4-5399-447f-9a05-d2aaa3855a15 req-7482f8a4-5399-447f-9a05-d2aaa3855a15 ] Request (ServerActionsTestOtherA:test_rebuild_server_in_stop_state): 200 GET http://10.180.1.21/compute/v2.1/servers/ef772d2e-a2fd-4e58-af98-1e0599f28fbc 0.781s
2025-11-17 14:36:18.536 66325 INFO tempest.lib.common.rest_client [req-ffe21c35-490e-471d-9506-a3c868460112 req-ffe21c35-490e-471d-9506-a3c868460112 ] Request (AttachInterfacesTestJSON:test_create_list_show_delete_interfaces_by_fixed_ip): 200 GET http://10.180.1.21/compute/v2.1/servers/1f2c935f-f4b7-41be-a3a2-6ad56c7e48e4 0.779s
2025-11-17 14:36:18.552 66358 INFO tempest.lib.common.rest_client [req-7c76b2f3-6914-4538-8125-a3235251695f req-7c76b2f3-6914-4538-8125-a3235251695f ] Request (ImagesTestJSON:test_create_image_from_suspended_server): 200 GET http://10.180.1.21/compute/v2.1/images/37e16e95-0efd-47f0-b493-7559b94ce812 0.753s
2025-11-17 14:36:18.574 66303 INFO tempest.lib.common.rest_client [req-17a8d0de-b600-46b4-ab52-4f22b8769ece req-17a8d0de-b600-46b4-ab52-4f22b8769ece ] Request (ServicesAdminNegativeTestJSON:test_get_service_with_valid_service_and_invalid_host): 200 GET http://10.180.1.21/compute/v2.1/os-services?host=xxx&binary=nova-scheduler 0.630s
2025-11-17 14:36:18.607 66323 INFO tempest.lib.common.rest_client [req-edef2a4a-7ac9-43dc-acdb-1196ad489054 req-edef2a4a-7ac9-43dc-acdb-1196ad489054 ] Request (FloatingIPsAssociationNegativeTestJSON:setUpClass): 200 GET http://10.180.1.21/compute/v2.1/servers/9e3679af-f405-4dc1-81c9-3e0ee90ce45c 0.673s
2025-11-17 14:36:18.684 66335 INFO tempest.lib.common.rest_client [req-b5f4a1eb-2246-4568-8a12-3f2ccdc72a04 req-b5f4a1eb-2246-4568-8a12-3f2ccdc72a04 ] Request (VolumesSnapshotsTestJSON:tearDownClass): 200 GET http://10.180.1.21/networking/v2.0/security-groups?tenant_id=d5282ff2d0cd4f2ebac3f0eef07a3125&name=default 0.211s
2025-11-17 14:36:18.709 66313 INFO tempest.lib.common.rest_client [req-ce6b248f-40bf-445e-8c7a-e3aae735a7b2 req-ce6b248f-40bf-445e-8c7a-e3aae735a7b2 ] Request (ServerPasswordTestJSON:tearDownClass): 200 GET http://10.180.1.21/compute/v2.1/servers/7a0d4eac-9919-41b0-bc79-985db03ddaeb 0.637s
2025-11-17 14:36:18.752 66349 INFO tempest.lib.common.rest_client [req-b1dcd459-7a04-4aca-a099-d3cee7839f03 req-b1dcd459-7a04-4aca-a099-d3cee7839f03 ] Request (ListServerFiltersTestJSON:setUpClass): 200 GET http://10.180.1.21/compute/v2.1/servers/3308a205-c2bc-44c6-9f89-e7704d4774d1 0.798s
2025-11-17 14:36:18.765 66349 INFO tempest.common.waiters [-] State transition "BUILD/spawning" ==> "ACTIVE/None" after 43 second wait
2025-11-17 14:36:18.818 66343 INFO tempest.lib.common.rest_client [req-aeeb82a5-fd0a-469c-8975-f0d7823b7b63 req-aeeb82a5-fd0a-469c-8975-f0d7823b7b63 ] Request (ServerAddressesNegativeTestJSON:setUpClass): 200 GET http://10.180.1.21/compute/v2.1/servers/42681067-538e-43fe-8055-ea562909c5a8 0.654s
2025-11-17 14:36:18.852 66345 INFO tempest.lib.common.rest_client [req-9db135ad-af80-48cb-b0ad-b52a40e01806 req-9db135ad-af80-48cb-b0ad-b52a40e01806 ] Request (ServerMetadataTestJSON:setUpClass): 200 GET http://10.180.1.21/compute/v2.1/servers/ba6e4068-f940-428e-b415-b11f7ec83857 0.562s
2025-11-17 14:36:18.876 66335 INFO tempest.lib.common.rest_client [req-0a1e27c0-5842-4eea-b4f5-56c84b451d5e req-0a1e27c0-5842-4eea-b4f5-56c84b451d5e ] Request (VolumesSnapshotsTestJSON:tearDownClass): 204 DELETE http://10.180.1.21/networking/v2.0/security-groups/7b0c2af4-9dcb-4548-865f-101e10680593 0.192s
2025-11-17 14:36:18.902 66337 INFO tempest.lib.common.rest_client [req-0989031e-76b5-4bdc-bb73-0d72cb9c43a3 req-0989031e-76b5-4bdc-bb73-0d72cb9c43a3 ] Request (MigrationsAdminTest:test_resize_server_revert_deleted_flavor): 200 GET http://10.180.1.21/compute/v2.1/servers/3265bd0a-4ff8-4918-94db-af70314e84cf 0.518s
2025-11-17 14:36:18.932 66359 INFO tempest.lib.common.rest_client [req-812120a3-1c15-49be-9963-81940604d739 req-812120a3-1c15-49be-9963-81940604d739 ] Request (DeleteServersTestJSON:test_delete_server_while_in_attached_volume): 200 GET http://10.180.1.21/compute/v2.1/servers/18eba7f8-31cc-4a75-b73a-b279853d125a 0.515s
2025-11-17 14:36:18.965 66335 INFO tempest.lib.common.rest_client [req-ca315267-4ca7-406f-84e8-9b865f9198fd req-ca315267-4ca7-406f-84e8-9b865f9198fd ] Request (VolumesSnapshotsTestJSON:tearDownClass): 204 DELETE http://10.180.1.21/identity/v3/projects/d5282ff2d0cd4f2ebac3f0eef07a3125 0.089s
2025-11-17 14:36:18.996 66307 INFO tempest.lib.common.rest_client [req-25be6c52-661e-481c-9ccc-dcb26facbbfb req-25be6c52-661e-481c-9ccc-dcb26facbbfb ] Request (AttachInterfacesUnderV243Test:test_add_remove_fixed_ip): 200 GET http://10.180.1.21/compute/v2.1/servers/4c15afa2-321c-4502-b839-dc5578688302 0.529s
2025-11-17 14:36:19.003 66307 INFO tempest.common.waiters [-] State transition "BUILD/scheduling" ==> "BUILD/None" after 19 second wait
2025-11-17 14:36:19.057 66363 INFO tempest.lib.common.rest_client [req-01357c61-da71-43b4-8fde-05b015291a47 req-01357c61-da71-43b4-8fde-05b015291a47 ] Request (ServerExternalEventsTest:test_create_server_external_events): 200 GET http://10.180.1.21/compute/v2.1/servers/728a7240-9509-4449-a71d-44be5ae1e63c 0.573s
2025-11-17 14:36:19.147 66319 INFO tempest.lib.common.rest_client [req-82dee977-bacf-4ca6-a014-4f043bc28b91 req-82dee977-bacf-4ca6-a014-4f043bc28b91 ] Request (ImagesOneServerNegativeTestJSON:_run_cleanups): 200 GET http://10.180.1.21/compute/v2.1/servers/9fb369af-202c-4d49-9d32-cbc411f8267a 0.615s
2025-11-17 14:36:19.201 66309 INFO tempest.lib.common.rest_client [req-2116b60a-ca0f-4d4a-83b0-f9f55c664448 req-2116b60a-ca0f-4d4a-83b0-f9f55c664448 ] Request (InstanceActionsV221TestJSON:test_get_list_deleted_instance_actions): 200 GET http://10.180.1.21/compute/v2.1/servers/a04a48f1-71c3-4cca-90cb-cdf391cd2ee0 0.652s
2025-11-17 14:36:19.365 66303 INFO tempest.lib.common.rest_client [req-83ac84be-852c-4e55-ad85-6f37d67a18d5 req-83ac84be-852c-4e55-ad85-6f37d67a18d5 ] Request (ServicesAdminNegativeTestJSON:test_list_services_with_non_admin_user): 403 GET http://10.180.1.21/compute/v2.1/os-services 0.788s
2025-11-17 14:36:19.434 66339 INFO tempest.lib.common.rest_client [req-f39c81de-270d-47d9-952a-b4ecb140583a req-f39c81de-270d-47d9-952a-b4ecb140583a ] Request (ServersTestMultiNic:_run_cleanups): 200 GET http://10.180.1.21/compute/v2.1/servers/5afa0e61-7e7b-487d-87bd-1d26c6017fbf 0.821s
2025-11-17 14:36:19.479 66331 INFO tempest.lib.common.rest_client [req-52c34be9-18b9-48f1-903b-d267e5cd31d7 req-52c34be9-18b9-48f1-903b-d267e5cd31d7 ] Request (FloatingIPDetailsTestJSON:setUpClass): 200 POST http://10.180.1.21/compute/v2.1/os-floating-ips 1.048s
2025-11-17 14:36:19.482 66303 INFO tempest.lib.common.rest_client [req-7edc8026-25c4-48ba-b089-39e426763b54 req-7edc8026-25c4-48ba-b089-39e426763b54 ] Request (ServicesAdminNegativeTestJSON:tearDownClass): 204 DELETE http://10.180.1.21/identity/v3/users/652c8a478fba4c4795c7161fb7b039c1 0.116s
2025-11-17 14:36:19.500 66311 INFO tempest.lib.common.rest_client [req-2d68e6d4-384e-4960-be44-d60bd4b6e1b6 req-2d68e6d4-384e-4960-be44-d60bd4b6e1b6 ] Request (ServersAdminNegativeTestJSON:tearDownClass): 200 GET http://10.180.1.21/compute/v2.1/servers/2f6d4f72-e713-4422-9e72-ca261477d545 0.802s
2025-11-17 14:36:19.507 66311 INFO tempest.common.waiters [-] State transition "ACTIVE/deleting" ==> "DELETED/None" after 4 second wait
2025-11-17 14:36:19.559 66329 INFO tempest.lib.common.rest_client [req-480f9505-2314-481c-a660-8b44cfe255aa req-480f9505-2314-481c-a660-8b44cfe255aa ] Request (FloatingIPsAssociationTestJSON:tearDownClass): 200 GET http://10.180.1.21/compute/v2.1/servers/c827472c-405c-4df1-8c05-b139c8b3ebce 0.730s
2025-11-17 14:36:19.573 66303 INFO tempest.lib.common.rest_client [req-dc5234f6-860f-496d-a04b-4ab0780837fe req-dc5234f6-860f-496d-a04b-4ab0780837fe ] Request (ServicesAdminNegativeTestJSON:tearDownClass): 204 DELETE http://10.180.1.21/identity/v3/users/0efd348e887f433fbc88b00c35d620e0 0.090s
2025-11-17 14:36:19.573 66303 INFO tempest.lib.common.dynamic_creds [-] Deleting project and security group for project: 52a526d22ee54f208d329b007c81493a
2025-11-17 14:36:19.614 66327 INFO tempest.lib.common.rest_client [req-85b7bb36-4127-4ff0-8cca-c934557f463c req-85b7bb36-4127-4ff0-8cca-c934557f463c ] Request (ServerAddressesTestJSON:tearDownClass): 200 GET http://10.180.1.21/compute/v2.1/servers/979b028d-389e-4831-9879-c183a18fc304 0.694s
2025-11-17 14:36:19.617 66349 INFO tempest.lib.common.rest_client [req-5aa4fa83-f2f3-42c6-80ce-a4b78918166c req-5aa4fa83-f2f3-42c6-80ce-a4b78918166c ] Request (ListServerFiltersTestJSON:setUpClass): 200 GET http://10.180.1.21/compute/v2.1/servers/cc067bb5-147c-47ac-9b2b-f6b58ad6a00b 0.851s
2025-11-17 14:36:19.637 66303 INFO tempest.lib.common.rest_client [req-dbb8fcc2-8f3f-49e9-939f-78a59cd6c844 req-dbb8fcc2-8f3f-49e9-939f-78a59cd6c844 ] Request (ServicesAdminNegativeTestJSON:tearDownClass): 201 POST http://10.180.1.21/identity/v3/auth/tokens 0.064s
2025-11-17 14:36:19.679 66321 INFO tempest.lib.common.rest_client [req-57074728-70ae-472f-b37c-a514c345d02e req-57074728-70ae-472f-b37c-a514c345d02e ] Request (InstanceActionsTestJSON:setUpClass): 200 GET http://10.180.1.21/compute/v2.1/servers/e1c123d7-cb49-4e2a-a70e-62866a17702f 0.597s
2025-11-17 14:36:19.723 66353 INFO tempest.lib.common.rest_client [req-74c6fb2d-1dea-4638-818f-4668e929df1a req-74c6fb2d-1dea-4638-818f-4668e929df1a ] Request (AttachInterfacesV270Test:tearDownClass): 200 GET http://10.180.1.21/compute/v2.1/servers/4f61eecb-95df-4bb2-b3ce-71ee686558d3 0.698s
2025-11-17 14:36:19.765 66361 INFO tempest.lib.common.rest_client [req-c253db04-6275-4396-9536-95310f7324bf req-c253db04-6275-4396-9536-95310f7324bf ] Request (AttachVolumeNegativeTest:test_attach_attached_volume_to_different_server): 200 GET http://10.180.1.21/compute/v2.1/servers/f06070f2-2135-42ab-b30b-a89344e0618e 0.627s
2025-11-17 14:36:19.797 66305 INFO tempest.lib.common.rest_client [req-17c533fc-3990-427e-9e04-afb3c22d149c req-17c533fc-3990-427e-9e04-afb3c22d149c ] Request (ServersAdminTestJSON:setUpClass): 200 GET http://10.180.1.21/compute/v2.1/servers/36cdd11a-35ef-4928-9b93-b2e8e54c3e53 0.537s
