2025-11-17 14:36:19.835 66303 INFO tempest.lib.common.rest_client [req-9a621eb2-5066-42ab-8fe5-41eec986807d req-9a621eb2-5066-42ab-8fe5-41eec986807d ] Request (ServicesAdminNegativeTestJSON:tearDownClass): 200 GET http://10.180.1.21/networking/v2.0/security-groups?tenant_id=52a526d22ee54f208d329b007c81493a&name=default 0.197s
2025-11-17 14:36:19.839 66341 INFO tempest.lib.common.rest_client [req-39958556-a70e-40d7-be4e-0bb01fcdade2 req-39958556-a70e-40d7-be4e-0bb01fcdade2 ] Request (ListServersNegativeTestJSON:tearDownClass): 200 GET http://10.180.1.21/compute/v2.1/servers/aec420c4-a727-4c86-a3fb-d22d015d6b13 0.492s
2025-11-17 14:36:19.924 66303 INFO tempest.lib.common.rest_client [req-1c091d57-907b-477c-9db3-3da99e140b68 req-1c091d57-907b-477c-9db3-3da99e140b68 ] Request (ServicesAdminNegativeTestJSON:tearDownClass): 204 DELETE http://10.180.1.21/networking/v2.0/security-groups/e0a04e95-e320-48d1-9da1-fc80cf5f64cf 0.088s
2025-11-17 14:36:19.957 66315 INFO tempest.lib.common.rest_client [req-a7c8ddf1-95f9-4de8-9c3a-5e2780a45a0c req-a7c8ddf1-95f9-4de8-9c3a-5e2780a45a0c ] Request (ListImageFiltersTestJSON:setUpClass): 200 GET http://10.180.1.21/compute/v2.1/servers/91bd0c31-6455-4d19-933f-c0546c1f2cd6 0.479s
2025-11-17 14:36:20.001 66303 INFO tempest.lib.common.rest_client [req-6c5b41c0-0fc4-4bc8-bfc8-eb6ba7dac9a1 req-6c5b41c0-0fc4-4bc8-bfc8-eb6ba7dac9a1 ] Request (ServicesAdminNegativeTestJSON:tearDownClass): 204 DELETE http://10.180.1.21/identity/v3/projects/52a526d22ee54f208d329b007c81493a 0.077s
2025-11-17 14:36:20.001 66303 INFO tempest.lib.common.dynamic_creds [-] Deleting project and security group for project: 61cfef16cf6443348c4b26f0c1565a06
2025-11-17 14:36:20.014 66355 INFO tempest.lib.common.rest_client [req-f1dec5cb-6f10-4ec5-a2ad-05dfe0416c7f req-f1dec5cb-6f10-4ec5-a2ad-05dfe0416c7f ] Request (ServerActionsTestOtherA:test_rebuild_server_in_stop_state): 200 GET http://10.180.1.21/compute/v2.1/servers/ef772d2e-a2fd-4e58-af98-1e0599f28fbc 0.499s
2025-11-17 14:36:20.104 66303 INFO tempest.lib.common.rest_client [req-4c9050a8-5e89-4b81-92a0-36c1d0329778 req-4c9050a8-5e89-4b81-92a0-36c1d0329778 ] Request (ServicesAdminNegativeTestJSON:tearDownClass): 200 GET http://10.180.1.21/networking/v2.0/security-groups?tenant_id=61cfef16cf6443348c4b26f0c1565a06&name=default 0.102s
2025-11-17 14:36:20.133 66325 INFO tempest.lib.common.rest_client [req-37b3db75-b13f-4579-b68e-ffafbb9d7ae5 req-37b3db75-b13f-4579-b68e-ffafbb9d7ae5 ] Request (AttachInterfacesTestJSON:test_create_list_show_delete_interfaces_by_fixed_ip): 200 GET http://10.180.1.21/compute/v2.1/servers/1f2c935f-f4b7-41be-a3a2-6ad56c7e48e4 0.588s
2025-11-17 14:36:20.199 66303 INFO tempest.lib.common.rest_client [req-f71572e3-625e-41e9-b7cd-e8ce3c95df2e req-f71572e3-625e-41e9-b7cd-e8ce3c95df2e ] Request (ServicesAdminNegativeTestJSON:tearDownClass): 204 DELETE http://10.180.1.21/networking/v2.0/security-groups/9526c112-6c93-443a-a7a0-8ce3a71520e6 0.094s
2025-11-17 14:36:20.212 66358 INFO tempest.lib.common.rest_client [req-23757710-b3d8-4a5b-876c-eddc3c6db2d5 req-23757710-b3d8-4a5b-876c-eddc3c6db2d5 ] Request (ImagesTestJSON:test_create_image_from_suspended_server): 200 GET http://10.180.1.21/compute/v2.1/images/37e16e95-0efd-47f0-b493-7559b94ce812 0.655s
2025-11-17 14:36:20.267 66323 INFO tempest.lib.common.rest_client [req-571e27fa-5fca-48e8-a939-da72650d7724 req-571e27fa-5fca-48e8-a939-da72650d7724 ] Request (FloatingIPsAssociationNegativeTestJSON:setUpClass): 200 GET http://10.180.1.21/compute/v2.1/servers/9e3679af-f405-4dc1-81c9-3e0ee90ce45c 0.650s
2025-11-17 14:36:20.289 66303 INFO tempest.lib.common.rest_client [req-8ee8c58a-7f2a-4d55-ad4f-afc181f19c56 req-8ee8c58a-7f2a-4d55-ad4f-afc181f19c56 ] Request (ServicesAdminNegativeTestJSON:tearDownClass): 204 DELETE http://10.180.1.21/identity/v3/projects/61cfef16cf6443348c4b26f0c1565a06 0.089s
2025-11-17 14:36:20.358 66303 INFO tempest.lib.common.rest_client [req-f7157e46-942a-4001-8597-9da496676572 req-f7157e46-942a-4001-8597-9da496676572 ] Request (FloatingIPsTestJSON:setUpClass): 201 POST http://10.180.1.21/identity/v3/auth/tokens 0.067s
2025-11-17 14:36:20.388 66349 INFO tempest.lib.common.rest_client [req-237ea23f-7032-4a84-97e2-0cfa266cae5c req-237ea23f-7032-4a84-97e2-0cfa266cae5c ] Request (ListServerFiltersTestJSON:setUpClass): 200 GET http://10.180.1.21/compute/v2.1/servers/4ec101b0-7414-43d4-a400-578a905a85fa 0.764s
2025-11-17 14:36:20.401 66303 INFO tempest.lib.common.rest_client [req-e0a505a1-fae7-47b3-96d6-65fd8c760ee3 req-e0a505a1-fae7-47b3-96d6-65fd8c760ee3 ] Request (FloatingIPsTestJSON:setUpClass): 201 POST http://10.180.1.21/identity/v3/auth/tokens 0.039s
2025-11-17 14:36:20.435 66303 INFO tempest.lib.common.rest_client [req-ce67b5bc-91ea-466c-9e37-46b48115c8c9 req-ce67b5bc-91ea-466c-9e37-46b48115c8c9 ] Request (FloatingIPsTestJSON:setUpClass): 200 GET http://10.180.1.21/identity/v3/domains?name=Default 0.034s
2025-11-17 14:36:20.464 66331 INFO tempest.lib.common.rest_client [req-e2335af3-7570-4d8e-bac3-1a8fd0f58f8d req-e2335af3-7570-4d8e-bac3-1a8fd0f58f8d ] Request (FloatingIPDetailsTestJSON:setUpClass): 200 POST http://10.180.1.21/compute/v2.1/os-floating-ips 0.982s
2025-11-17 14:36:20.471 66313 INFO tempest.lib.common.rest_client [req-8af7eacb-fd0b-4457-bd97-6b110a4175df req-8af7eacb-fd0b-4457-bd97-6b110a4175df ] Request (ServerPasswordTestJSON:tearDownClass): 200 GET http://10.180.1.21/compute/v2.1/servers/7a0d4eac-9919-41b0-bc79-985db03ddaeb 0.750s
2025-11-17 14:36:20.475 66303 INFO tempest.lib.common.rest_client [req-9ed0f1ea-d416-4d24-8cba-52f118fb1ef1 req-9ed0f1ea-d416-4d24-8cba-52f118fb1ef1 ] Request (FloatingIPsTestJSON:setUpClass): 201 POST http://10.180.1.21/identity/v3/projects 0.039s
2025-11-17 14:36:20.527 66343 INFO tempest.lib.common.rest_client [req-1a756a91-6473-43e2-9198-e47671d6629c req-1a756a91-6473-43e2-9198-e47671d6629c ] Request (ServerAddressesNegativeTestJSON:setUpClass): 200 GET http://10.180.1.21/compute/v2.1/servers/42681067-538e-43fe-8055-ea562909c5a8 0.698s
2025-11-17 14:36:20.532 66345 INFO tempest.lib.common.rest_client [req-356b5474-a98c-428a-a3b4-3f3666bb7b77 req-356b5474-a98c-428a-a3b4-3f3666bb7b77 ] Request (ServerMetadataTestJSON:setUpClass): 200 GET http://10.180.1.21/compute/v2.1/servers/ba6e4068-f940-428e-b415-b11f7ec83857 0.665s
2025-11-17 14:36:20.555 66303 INFO tempest.lib.common.rest_client [req-e8812a30-d62c-45ba-95d5-0d9b0b6fd94e req-e8812a30-d62c-45ba-95d5-0d9b0b6fd94e ] Request (FloatingIPsTestJSON:setUpClass): 201 POST http://10.180.1.21/identity/v3/users 0.080s
2025-11-17 14:36:20.581 66303 INFO tempest.lib.common.rest_client [req-7f919ffb-85e4-4efe-af68-9d504a740e8c req-7f919ffb-85e4-4efe-af68-9d504a740e8c ] Request (FloatingIPsTestJSON:setUpClass): 200 GET http://10.180.1.21/identity/v3/roles 0.026s
2025-11-17 14:36:20.584 66337 INFO tempest.lib.common.rest_client [req-4398449e-315a-4ff8-9686-a35a8bdd3bf7 req-4398449e-315a-4ff8-9686-a35a8bdd3bf7 ] Request (MigrationsAdminTest:test_resize_server_revert_deleted_flavor): 200 GET http://10.180.1.21/compute/v2.1/servers/3265bd0a-4ff8-4918-94db-af70314e84cf 0.672s
2025-11-17 14:36:20.600 66359 INFO tempest.lib.common.rest_client [req-b2c517f0-d4b1-4cf3-8905-f9c12f6c7b4e req-b2c517f0-d4b1-4cf3-8905-f9c12f6c7b4e ] Request (DeleteServersTestJSON:test_delete_server_while_in_attached_volume): 200 GET http://10.180.1.21/compute/v2.1/servers/18eba7f8-31cc-4a75-b73a-b279853d125a 0.657s
2025-11-17 14:36:20.620 66303 INFO tempest.lib.common.rest_client [req-9b0a623a-e0b9-4daa-8fdb-9aa3798d2734 req-9b0a623a-e0b9-4daa-8fdb-9aa3798d2734 ] Request (FloatingIPsTestJSON:setUpClass): 204 PUT http://10.180.1.21/identity/v3/projects/2bb29a9a1e5046f0a8997d876a53aac0/users/2ba6693bce57415cadf45310ee11eb93/roles/f90f3b9106134b4b80ef4af5c4f707ec 0.038s
2025-11-17 14:36:20.620 66303 INFO tempest.lib.common.dynamic_creds [-] Dynamic test user 2ba6693bce57415cadf45310ee11eb93 is created with scope project and roles: ['member']
2025-11-17 14:36:20.621 66303 INFO tempest.lib.common.dynamic_creds [-] Acquired dynamic creds: credentials: Credentials: {'domain_id': 'default', 'domain_name': 'Default', 'username': 'tempest-FloatingIPsTestJSON-1313618528-project-member', 'project_domain_id': 'default', 'project_domain_name': 'Default', 'project_id': '2bb29a9a1e5046f0a8997d876a53aac0', 'project_name': 'tempest-FloatingIPsTestJSON-1313618528', 'tenant_id': '2bb29a9a1e5046f0a8997d876a53aac0', 'tenant_name': 'tempest-FloatingIPsTestJSON-1313618528', 'user_domain_id': 'default', 'user_domain_name': 'Default', 'user_id': '2ba6693bce57415cadf45310ee11eb93', 'system': None}, Network: None, Subnet: None, Router: None
2025-11-17 14:36:20.658 66307 INFO tempest.lib.common.rest_client [req-15641dea-24f9-4df9-9517-7229d7d9f614 req-15641dea-24f9-4df9-9517-7229d7d9f614 ] Request (AttachInterfacesUnderV243Test:test_add_remove_fixed_ip): 200 GET http://10.180.1.21/compute/v2.1/servers/4c15afa2-321c-4502-b839-dc5578688302 0.654s
2025-11-17 14:36:20.683 66363 INFO tempest.lib.common.rest_client [req-caf6071a-46e4-45cf-b4bb-5efc82803a42 req-caf6071a-46e4-45cf-b4bb-5efc82803a42 ] Request (ServerExternalEventsTest:test_create_server_external_events): 200 GET http://10.180.1.21/compute/v2.1/servers/728a7240-9509-4449-a71d-44be5ae1e63c 0.615s
2025-11-17 14:36:20.717 66303 INFO tempest.lib.common.rest_client [req-b096de62-afa9-4405-a9f3-4f010f28f200 req-b096de62-afa9-4405-a9f3-4f010f28f200 ] Request (FloatingIPsTestJSON:setUpClass): 201 POST http://10.180.1.21/identity/v3/auth/tokens 0.095s
2025-11-17 14:36:20.756 66319 INFO tempest.lib.common.rest_client [req-45db1133-a6e8-47fb-93a0-e811ed33fe0e req-45db1133-a6e8-47fb-93a0-e811ed33fe0e ] Request (ImagesOneServerNegativeTestJSON:_run_cleanups): 200 GET http://10.180.1.21/compute/v2.1/servers/9fb369af-202c-4d49-9d32-cbc411f8267a 0.600s
2025-11-17 14:36:21.029 66303 INFO tempest.lib.common.rest_client [req-1999be96-b47e-4e7b-b51c-51798cf0335d req-1999be96-b47e-4e7b-b51c-51798cf0335d ] Request (FloatingIPsTestJSON:setUpClass): 201 POST http://10.180.1.21/networking/v2.0/networks 0.312s
2025-11-17 14:36:21.094 66309 INFO tempest.lib.common.rest_client [req-b0e10870-4fa6-4bda-9d75-a9a12ff9ff7f req-b0e10870-4fa6-4bda-9d75-a9a12ff9ff7f ] Request (InstanceActionsV221TestJSON:test_get_list_deleted_instance_actions): 200 GET http://10.180.1.21/compute/v2.1/servers/a04a48f1-71c3-4cca-90cb-cdf391cd2ee0 0.883s
2025-11-17 14:36:21.108 66309 INFO tempest.common.waiters [-] State transition "BUILD/None" ==> "BUILD/networking" after 38 second wait
2025-11-17 14:36:21.244 66303 INFO tempest.lib.common.rest_client [req-98ced228-f101-4081-a828-11beebaf5322 req-98ced228-f101-4081-a828-11beebaf5322 ] Request (FloatingIPsTestJSON:setUpClass): 201 POST http://10.180.1.21/networking/v2.0/subnets 0.214s
2025-11-17 14:36:21.268 66349 INFO tempest.lib.common.rest_client [req-ceff12a6-2661-4472-8454-714eeea48aa8 req-ceff12a6-2661-4472-8454-714eeea48aa8 ] Request (ListServerFiltersTestJSON:test_list_servers_detailed_filter_by_flavor): 200 GET http://10.180.1.21/compute/v2.1/servers/detail?flavor=84 0.868s
2025-11-17 14:36:21.306 66339 INFO tempest.lib.common.rest_client [req-c62859cc-5b25-457b-99a4-703ab4e44971 req-c62859cc-5b25-457b-99a4-703ab4e44971 ] Request (ServersTestMultiNic:_run_cleanups): 200 GET http://10.180.1.21/compute/v2.1/servers/5afa0e61-7e7b-487d-87bd-1d26c6017fbf 0.859s
2025-11-17 14:36:21.588 66317 WARNING tempest.lib.common.ssh [-] Failed to establish authenticated ssh connection to cirros@10.180.180.177 ([Errno None] Unable to connect to port 22 on 10.180.180.177). Number attempts: 5. Retry after 6 seconds.: paramiko.ssh_exception.NoValidConnectionsError: [Errno None] Unable to connect to port 22 on 10.180.180.177
2025-11-17 14:36:22.044 66303 INFO tempest.lib.common.rest_client [req-4bbf64e5-3f73-4861-b84e-aebbb0e4e823 req-4bbf64e5-3f73-4861-b84e-aebbb0e4e823 ] Request (FloatingIPsTestJSON:setUpClass): 201 POST http://10.180.1.21/networking/v2.0/routers 0.799s
2025-11-17 14:36:22.159 66311 INFO tempest.lib.common.rest_client [req-f5c33a69-b92f-474b-b701-5e03d26c38c3 req-f5c33a69-b92f-474b-b701-5e03d26c38c3 ] Request (ServersAdminNegativeTestJSON:tearDownClass): 200 GET http://10.180.1.21/compute/v2.1/servers/2f6d4f72-e713-4422-9e72-ca261477d545 1.652s
2025-11-17 14:36:22.997 66303 INFO tempest.lib.common.rest_client [req-a02ea678-7d11-48a8-ac11-d1c57b5ae12f req-a02ea678-7d11-48a8-ac11-d1c57b5ae12f ] Request (FloatingIPsTestJSON:setUpClass): 200 PUT http://10.180.1.21/networking/v2.0/routers/5f89a917-97b8-4e9e-97cf-e338c23ec512/add_router_interface 0.953s
2025-11-17 14:36:22.997 66303 INFO tempest.lib.common.dynamic_creds [-] Created isolated network resources for: credentials: Credentials: {'domain_id': 'default', 'domain_name': 'Default', 'username': 'tempest-FloatingIPsTestJSON-1313618528-project-member', 'project_domain_id': 'default', 'project_domain_name': 'Default', 'project_id': '2bb29a9a1e5046f0a8997d876a53aac0', 'project_name': 'tempest-FloatingIPsTestJSON-1313618528', 'tenant_id': '2bb29a9a1e5046f0a8997d876a53aac0', 'tenant_name': 'tempest-FloatingIPsTestJSON-1313618528', 'user_domain_id': 'default', 'user_domain_name': 'Default', 'user_id': '2ba6693bce57415cadf45310ee11eb93', 'system': None}, Network: {'id': 'e46a3760-d39b-43e9-bd11-286f115e66cf', 'name': 'tempest-FloatingIPsTestJSON-915398632-network', 'tenant_id': '2bb29a9a1e5046f0a8997d876a53aac0', 'project_id': '2bb29a9a1e5046f0a8997d876a53aac0', 'admin_state_up': True, 'mtu': 8950, 'status': 'ACTIVE', 'subnets': [], 'shared': False, 'port_security_enabled': True, 'router:external': False, 'provider:network_type': 'vlan', 'provider:physical_network': 'default', 'provider:segmentation_id': 318, 'availability_zone_hints': [], 'availability_zones': [], 'ipv4_address_scope': None, 'ipv6_address_scope': None, 'description': '', 'tags': [], 'created_at': '2025-11-17T14:36:20Z', 'updated_at': '2025-11-17T14:36:20Z', 'revision_number': 1}, Subnet: {'id': 'b71f774b-5d73-4af6-8a06-b76635362c12', 'name': 'tempest-FloatingIPsTestJSON-915398632-subnet', 'tenant_id': '2bb29a9a1e5046f0a8997d876a53aac0', 'network_id': 'e46a3760-d39b-43e9-bd11-286f115e66cf', 'ip_version': 4, 'subnetpool_id': None, 'enable_dhcp': True, 'ipv6_ra_mode': None, 'ipv6_address_mode': None, 'gateway_ip': '192.168.128.1', 'cidr': '192.168.128.0/28', 'allocation_pools': [{'start': '192.168.128.2', 'end': '192.168.128.14'}], 'host_routes': [], 'dns_nameservers': [], 'description': '', 'router:external': False, 'service_types': [], 'tags': [], 'created_at': '2025-11-17T14:36:21Z', 'updated_at': '2025-11-17T14:36:21Z', 'revision_number': 0, 'project_id': '2bb29a9a1e5046f0a8997d876a53aac0'}, Router: {'id': '5f89a917-97b8-4e9e-97cf-e338c23ec512', 'name': 'tempest-FloatingIPsTestJSON-915398632-router', 'tenant_id': '2bb29a9a1e5046f0a8997d876a53aac0', 'admin_state_up': True, 'status': 'ACTIVE', 'external_gateway_info': {'network_id': 'edb4681e-d15f-40d7-bb23-fe500af538f7', 'external_fixed_ips': [{'subnet_id': '164dfb00-053a-4c9d-aeec-67980205d700', 'ip_address': '10.180.180.211'}], 'enable_snat': True}, 'description': '', 'availability_zones': [], 'distributed': False, 'ha': False, 'availability_zone_hints': [], 'routes': [], 'flavor_id': None, 'tags': [], 'created_at': '2025-11-17T14:36:21Z', 'updated_at': '2025-11-17T14:36:21Z', 'revision_number': 2, 'project_id': '2bb29a9a1e5046f0a8997d876a53aac0'}
2025-11-17 14:36:23.005 66329 INFO tempest.lib.common.rest_client [req-898d2667-e06c-4d55-baf9-c3e4838ea927 req-898d2667-e06c-4d55-baf9-c3e4838ea927 ] Request (FloatingIPsAssociationTestJSON:tearDownClass): 200 GET http://10.180.1.21/compute/v2.1/servers/c827472c-405c-4df1-8c05-b139c8b3ebce 2.437s
2025-11-17 14:36:23.086 66331 INFO tempest.lib.common.rest_client [req-69475bb9-7da3-41f0-9d4b-3f2a24f95a06 req-69475bb9-7da3-41f0-9d4b-3f2a24f95a06 ] Request (FloatingIPDetailsTestJSON:test_get_floating_ip_details): 200 POST http://10.180.1.21/compute/v2.1/os-floating-ips 2.619s
2025-11-17 14:36:23.099 66327 INFO tempest.lib.common.rest_client [req-ba1676aa-e534-4e67-adf9-b8f9bf16dc65 req-ba1676aa-e534-4e67-adf9-b8f9bf16dc65 ] Request (ServerAddressesTestJSON:tearDownClass): 200 GET http://10.180.1.21/compute/v2.1/servers/979b028d-389e-4831-9879-c183a18fc304 2.476s
2025-11-17 14:36:23.108 66303 INFO tempest.lib.common.rest_client [req-63c9f1b8-bbb0-426d-b9bb-fe12e4deb22b req-63c9f1b8-bbb0-426d-b9bb-fe12e4deb22b ] Request (FloatingIPsTestJSON:setUpClass): 201 POST http://10.180.1.21/identity/v3/auth/tokens 0.108s
2025-11-17 14:36:23.152 66321 INFO tempest.lib.common.rest_client [req-6580db9f-7672-49a4-99d0-c7cc94c13c2f req-6580db9f-7672-49a4-99d0-c7cc94c13c2f ] Request (InstanceActionsTestJSON:setUpClass): 200 GET http://10.180.1.21/compute/v2.1/servers/e1c123d7-cb49-4e2a-a70e-62866a17702f 2.463s
2025-11-17 14:36:23.159 66321 INFO tempest.common.waiters [-] State transition "BUILD/scheduling" ==> "BUILD/None" after 22 second wait
2025-11-17 14:36:23.174 66353 INFO tempest.lib.common.rest_client [req-079b9534-a71a-4a9d-8035-7e0437fefb13 req-079b9534-a71a-4a9d-8035-7e0437fefb13 ] Request (AttachInterfacesV270Test:tearDownClass): 200 GET http://10.180.1.21/compute/v2.1/servers/4f61eecb-95df-4bb2-b3ce-71ee686558d3 2.439s
2025-11-17 14:36:23.205 66361 INFO tempest.lib.common.rest_client [req-fe48e1a7-f514-4b40-b240-8f8d6f346fc7 req-fe48e1a7-f514-4b40-b240-8f8d6f346fc7 ] Request (AttachVolumeNegativeTest:test_attach_attached_volume_to_different_server): 200 GET http://10.180.1.21/compute/v2.1/servers/f06070f2-2135-42ab-b30b-a89344e0618e 2.429s
2025-11-17 14:36:23.229 66341 INFO tempest.lib.common.rest_client [req-e93a8864-2194-44c9-9e98-47da7b6e7b10 req-e93a8864-2194-44c9-9e98-47da7b6e7b10 ] Request (ListServersNegativeTestJSON:tearDownClass): 404 GET http://10.180.1.21/compute/v2.1/servers/aec420c4-a727-4c86-a3fb-d22d015d6b13 2.378s
2025-11-17 14:36:23.236 66305 INFO tempest.lib.common.rest_client [req-e35b64a2-6c75-4cad-a34a-961cf054087a req-e35b64a2-6c75-4cad-a34a-961cf054087a ] Request (ServersAdminTestJSON:setUpClass): 200 GET http://10.180.1.21/compute/v2.1/servers/36cdd11a-35ef-4928-9b93-b2e8e54c3e53 2.430s
2025-11-17 14:36:23.286 66355 INFO tempest.lib.common.rest_client [req-b55c8156-4e66-49ea-83ec-8eda88a2b864 req-b55c8156-4e66-49ea-83ec-8eda88a2b864 ] Request (ServerActionsTestOtherA:test_rebuild_server_in_stop_state): 200 GET http://10.180.1.21/compute/v2.1/servers/ef772d2e-a2fd-4e58-af98-1e0599f28fbc 2.265s
2025-11-17 14:36:23.340 66325 INFO tempest.lib.common.rest_client [req-056e4c63-c057-435a-940f-73884820135a req-056e4c63-c057-435a-940f-73884820135a ] Request (AttachInterfacesTestJSON:test_create_list_show_delete_interfaces_by_fixed_ip): 200 GET http://10.180.1.21/compute/v2.1/servers/1f2c935f-f4b7-41be-a3a2-6ad56c7e48e4 2.200s
2025-11-17 14:36:23.369 66315 INFO tempest.lib.common.rest_client [req-8518ca97-047f-4e12-a12e-d1d0a5e00dcd req-8518ca97-047f-4e12-a12e-d1d0a5e00dcd ] Request (ListImageFiltersTestJSON:setUpClass): 200 GET http://10.180.1.21/compute/v2.1/servers/91bd0c31-6455-4d19-933f-c0546c1f2cd6 2.405s
2025-11-17 14:36:23.378 66358 INFO tempest.lib.common.rest_client [req-b5c77787-9d6b-4e90-a67c-c7b9e5060564 req-b5c77787-9d6b-4e90-a67c-c7b9e5060564 ] Request (ImagesTestJSON:test_create_image_from_suspended_server): 200 GET http://10.180.1.21/compute/v2.1/images/37e16e95-0efd-47f0-b493-7559b94ce812 2.162s
2025-11-17 14:36:23.430 66323 INFO tempest.lib.common.rest_client [req-c583fb89-f516-4b88-84d4-c962899fe38c req-c583fb89-f516-4b88-84d4-c962899fe38c ] Request (FloatingIPsAssociationNegativeTestJSON:setUpClass): 200 GET http://10.180.1.21/compute/v2.1/servers/9e3679af-f405-4dc1-81c9-3e0ee90ce45c 2.152s
2025-11-17 14:36:23.502 66313 INFO tempest.lib.common.rest_client [req-0352386a-a06d-49e1-b219-b2ddfb5dab52 req-0352386a-a06d-49e1-b219-b2ddfb5dab52 ] Request (ServerPasswordTestJSON:tearDownClass): 200 GET http://10.180.1.21/compute/v2.1/servers/7a0d4eac-9919-41b0-bc79-985db03ddaeb 2.021s
2025-11-17 14:36:23.561 66343 INFO tempest.lib.common.rest_client [req-bc15a5b5-7f42-4325-8266-f7cc221df99f req-bc15a5b5-7f42-4325-8266-f7cc221df99f ] Request (ServerAddressesNegativeTestJSON:setUpClass): 200 GET http://10.180.1.21/compute/v2.1/servers/42681067-538e-43fe-8055-ea562909c5a8 2.021s
2025-11-17 14:36:23.577 66349 INFO tempest.lib.common.rest_client [req-89d1e746-293f-4356-840a-bdad6a61d39b req-89d1e746-293f-4356-840a-bdad6a61d39b ] Request (ListServerFiltersTestJSON:test_list_servers_detailed_filter_by_server_name): 200 GET http://10.180.1.21/compute/v2.1/servers/detail?name=tempest-ListServerFiltersTestJSON-instance-1494689328 2.294s
2025-11-17 14:36:23.620 66345 INFO tempest.lib.common.rest_client [req-faca76f3-9d34-4e3f-b958-31c4f88c86a3 req-faca76f3-9d34-4e3f-b958-31c4f88c86a3 ] Request (ServerMetadataTestJSON:setUpClass): 200 GET http://10.180.1.21/compute/v2.1/servers/ba6e4068-f940-428e-b415-b11f7ec83857 2.079s
2025-11-17 14:36:23.636 66337 INFO tempest.lib.common.rest_client [req-03cb9bf7-9474-4559-9f5d-7de6c3eb6c8e req-03cb9bf7-9474-4559-9f5d-7de6c3eb6c8e ] Request (MigrationsAdminTest:test_resize_server_revert_deleted_flavor): 200 GET http://10.180.1.21/compute/v2.1/servers/3265bd0a-4ff8-4918-94db-af70314e84cf 2.042s
2025-11-17 14:36:23.674 66359 INFO tempest.lib.common.rest_client [req-cbe4cc24-17ad-4830-81b3-5cd92d2ad40f req-cbe4cc24-17ad-4830-81b3-5cd92d2ad40f ] Request (DeleteServersTestJSON:test_delete_server_while_in_attached_volume): 200 GET http://10.180.1.21/compute/v2.1/servers/18eba7f8-31cc-4a75-b73a-b279853d125a 2.062s
2025-11-17 14:36:23.685 66307 INFO tempest.lib.common.rest_client [req-1e44230c-c723-4d5f-9127-b108146557e2 req-1e44230c-c723-4d5f-9127-b108146557e2 ] Request (AttachInterfacesUnderV243Test:test_add_remove_fixed_ip): 200 GET http://10.180.1.21/compute/v2.1/servers/4c15afa2-321c-4502-b839-dc5578688302 2.013s
2025-11-17 14:36:23.728 66363 INFO tempest.lib.common.rest_client [req-c4a48027-0ca4-462e-95a9-3a045d139457 req-c4a48027-0ca4-462e-95a9-3a045d139457 ] Request (ServerExternalEventsTest:test_create_server_external_events): 200 GET http://10.180.1.21/compute/v2.1/servers/728a7240-9509-4449-a71d-44be5ae1e63c 2.034s
2025-11-17 14:36:23.758 66319 INFO tempest.lib.common.rest_client [req-d8f75411-c194-4e31-b26f-2c92dddee6c0 req-d8f75411-c194-4e31-b26f-2c92dddee6c0 ] Request (ImagesOneServerNegativeTestJSON:_run_cleanups): 200 GET http://10.180.1.21/compute/v2.1/servers/9fb369af-202c-4d49-9d32-cbc411f8267a 1.990s
2025-11-17 14:36:23.834 66339 INFO tempest.lib.common.rest_client [req-fc9b5572-3b84-40d6-b782-7fd6d20e925a req-fc9b5572-3b84-40d6-b782-7fd6d20e925a ] Request (ServersTestMultiNic:_run_cleanups): 200 GET http://10.180.1.21/compute/v2.1/servers/5afa0e61-7e7b-487d-87bd-1d26c6017fbf 1.520s
2025-11-17 14:36:23.860 66309 INFO tempest.lib.common.rest_client [req-5b335c45-d341-4fb0-923d-9e41655375ca req-5b335c45-d341-4fb0-923d-9e41655375ca ] Request (InstanceActionsV221TestJSON:test_get_list_deleted_instance_actions): 200 GET http://10.180.1.21/compute/v2.1/servers/a04a48f1-71c3-4cca-90cb-cdf391cd2ee0 1.751s
2025-11-17 14:36:23.868 66309 INFO tempest.common.waiters [-] State transition "BUILD/networking" ==> "BUILD/spawning" after 40 second wait
2025-11-17 14:36:23.956 66331 INFO tempest.lib.common.rest_client [req-4ed1d10e-8f22-4e83-b45c-602f429c536d req-4ed1d10e-8f22-4e83-b45c-602f429c536d ] Request (FloatingIPDetailsTestJSON:test_get_floating_ip_details): 200 GET http://10.180.1.21/compute/v2.1/os-floating-ips/26e49785-4bd3-4e8c-8a09-5f286d072fa7 0.867s
2025-11-17 14:36:24.031 66311 INFO tempest.lib.common.rest_client [req-4d942574-a1ee-44b4-a04e-a68dad6e8536 req-4d942574-a1ee-44b4-a04e-a68dad6e8536 ] Request (ServersAdminNegativeTestJSON:tearDownClass): 200 GET http://10.180.1.21/compute/v2.1/servers/2f6d4f72-e713-4422-9e72-ca261477d545 0.859s
2025-11-17 14:36:24.054 66341 INFO tempest.lib.common.rest_client [req-9806c511-1124-4012-88a4-67f65746c554 req-9806c511-1124-4012-88a4-67f65746c554 ] Request (ListServersNegativeTestJSON:tearDownClass): 404 GET http://10.180.1.21/compute/v2.1/servers/74fdfde5-fc41-4621-9bf3-d23ab3ce8452 0.825s
2025-11-17 14:36:24.097 66358 INFO tempest.lib.common.rest_client [req-8085f533-6e83-4f48-95a9-86613f515edc req-8085f533-6e83-4f48-95a9-86613f515edc ] Request (ImagesTestJSON:test_create_image_from_suspended_server): 200 GET http://10.180.1.21/compute/v2.1/images/37e16e95-0efd-47f0-b493-7559b94ce812 0.715s
2025-11-17 14:36:24.126 66358 INFO tempest.lib.common.rest_client [req-df5c4404-ea47-47cf-8942-01e80805fb1e req-df5c4404-ea47-47cf-8942-01e80805fb1e ] Request (ImagesTestJSON:test_create_image_from_suspended_server): 200 GET http://10.180.1.21/image/v2/images/37e16e95-0efd-47f0-b493-7559b94ce812/tasks 0.026s
2025-11-17 14:36:24.509 66349 INFO tempest.lib.common.rest_client [req-a930795f-2197-4547-8055-573c53456955 req-a930795f-2197-4547-8055-573c53456955 ] Request (ListServerFiltersTestJSON:test_list_servers_detailed_filter_by_server_status): 200 GET http://10.180.1.21/compute/v2.1/servers/detail?status=active 0.919s
2025-11-17 14:36:24.547 66303 INFO tempest.lib.common.rest_client [req-a19f5ddf-047f-4806-a291-e04715cc53ad req-a19f5ddf-047f-4806-a291-e04715cc53ad ] Request (FloatingIPsTestJSON:test_allocate_floating_ip): 200 POST http://10.180.1.21/compute/v2.1/os-floating-ips 1.437s
2025-11-17 14:36:24.628 66329 INFO tempest.lib.common.rest_client [req-0d60302b-81ee-4878-87ef-bd9c4685ad4a req-0d60302b-81ee-4878-87ef-bd9c4685ad4a ] Request (FloatingIPsAssociationTestJSON:tearDownClass): 200 GET http://10.180.1.21/compute/v2.1/servers/c827472c-405c-4df1-8c05-b139c8b3ebce 0.616s
2025-11-17 14:36:24.696 66327 INFO tempest.lib.common.rest_client [req-7887d203-0fb2-44d5-94f4-3fd87a985685 req-7887d203-0fb2-44d5-94f4-3fd87a985685 ] Request (ServerAddressesTestJSON:tearDownClass): 200 GET http://10.180.1.21/compute/v2.1/servers/979b028d-389e-4831-9879-c183a18fc304 0.589s
2025-11-17 14:36:24.784 66341 INFO tempest.lib.common.rest_client [req-740d9030-2747-4721-b618-01a9da36e581 req-740d9030-2747-4721-b618-01a9da36e581 ] Request (ListServersNegativeTestJSON:tearDownClass): 200 PUT http://10.180.1.21/networking/v2.0/routers/4448f16e-2755-4368-a5a5-401cd1093b5f/remove_router_interface 0.730s
2025-11-17 14:36:24.820 66358 INFO tempest.lib.common.rest_client [req-a9234a8d-0a87-4dbb-a63c-2493a6a9ff45 req-a9234a8d-0a87-4dbb-a63c-2493a6a9ff45 ] Request (ImagesTestJSON:_run_cleanups): 204 DELETE http://10.180.1.21/compute/v2.1/images/37e16e95-0efd-47f0-b493-7559b94ce812 0.694s
2025-11-17 14:36:24.987 66331 INFO tempest.lib.common.rest_client [req-129feafd-46cf-4f7a-8cec-320250ce044a req-129feafd-46cf-4f7a-8cec-320250ce044a ] Request (FloatingIPDetailsTestJSON:_run_cleanups): 202 DELETE http://10.180.1.21/compute/v2.1/os-floating-ips/26e49785-4bd3-4e8c-8a09-5f286d072fa7 1.029s
2025-11-17 14:36:25.010 66321 INFO tempest.lib.common.rest_client [req-4ad46938-085e-4f4c-8e84-b95ea3393ed2 req-4ad46938-085e-4f4c-8e84-b95ea3393ed2 ] Request (InstanceActionsTestJSON:setUpClass): 200 GET http://10.180.1.21/compute/v2.1/servers/e1c123d7-cb49-4e2a-a70e-62866a17702f 0.850s
2025-11-17 14:36:25.054 66353 INFO tempest.lib.common.rest_client [req-46f38f1a-9419-4113-bf0e-75c78b325415 req-46f38f1a-9419-4113-bf0e-75c78b325415 ] Request (AttachInterfacesV270Test:tearDownClass): 200 GET http://10.180.1.21/compute/v2.1/servers/4f61eecb-95df-4bb2-b3ce-71ee686558d3 0.869s
2025-11-17 14:36:25.068 66361 INFO tempest.lib.common.rest_client [req-3dc016ec-252d-4f95-b262-22ba21a56ad2 req-3dc016ec-252d-4f95-b262-22ba21a56ad2 ] Request (AttachVolumeNegativeTest:test_attach_attached_volume_to_different_server): 200 GET http://10.180.1.21/compute/v2.1/servers/f06070f2-2135-42ab-b30b-a89344e0618e 0.854s
2025-11-17 14:36:25.117 66305 INFO tempest.lib.common.rest_client [req-4c0091b0-d424-4932-9de1-7e6cbed77d43 req-4c0091b0-d424-4932-9de1-7e6cbed77d43 ] Request (ServersAdminTestJSON:setUpClass): 200 GET http://10.180.1.21/compute/v2.1/servers/36cdd11a-35ef-4928-9b93-b2e8e54c3e53 0.873s
2025-11-17 14:36:25.135 66355 INFO tempest.lib.common.rest_client [req-864b404e-18d3-4fa9-a9b1-47e560a25587 req-864b404e-18d3-4fa9-a9b1-47e560a25587 ] Request (ServerActionsTestOtherA:test_rebuild_server_in_stop_state): 200 GET http://10.180.1.21/compute/v2.1/servers/ef772d2e-a2fd-4e58-af98-1e0599f28fbc 0.839s
2025-11-17 14:36:25.174 66325 INFO tempest.lib.common.rest_client [req-b93c9c92-7d19-491d-8f37-9741f13b901c req-b93c9c92-7d19-491d-8f37-9741f13b901c ] Request (AttachInterfacesTestJSON:test_create_list_show_delete_interfaces_by_fixed_ip): 200 GET http://10.180.1.21/compute/v2.1/servers/1f2c935f-f4b7-41be-a3a2-6ad56c7e48e4 0.826s
2025-11-17 14:36:25.188 66341 INFO tempest.lib.common.rest_client [req-2fd4f47e-9c98-4fe1-8f95-f9362fa84134 req-2fd4f47e-9c98-4fe1-8f95-f9362fa84134 ] Request (ListServersNegativeTestJSON:tearDownClass): 204 DELETE http://10.180.1.21/networking/v2.0/routers/4448f16e-2755-4368-a5a5-401cd1093b5f 0.404s
2025-11-17 14:36:25.250 66323 INFO tempest.lib.common.rest_client [req-b507037b-3b8c-46c2-b732-35db8e7ce42c req-b507037b-3b8c-46c2-b732-35db8e7ce42c ] Request (FloatingIPsAssociationNegativeTestJSON:setUpClass): 200 GET http://10.180.1.21/compute/v2.1/servers/9e3679af-f405-4dc1-81c9-3e0ee90ce45c 0.810s
2025-11-17 14:36:25.288 66315 INFO tempest.lib.common.rest_client [req-d61cfb7a-01a1-45f6-8a65-e51ba6b4d85f req-d61cfb7a-01a1-45f6-8a65-e51ba6b4d85f ] Request (ListImageFiltersTestJSON:setUpClass): 200 GET http://10.180.1.21/compute/v2.1/servers/91bd0c31-6455-4d19-933f-c0546c1f2cd6 0.910s
2025-11-17 14:36:25.326 66313 INFO tempest.lib.common.rest_client [req-215aa872-82d7-4b58-a81f-1cff87aa243a req-215aa872-82d7-4b58-a81f-1cff87aa243a ] Request (ServerPasswordTestJSON:tearDownClass): 200 GET http://10.180.1.21/compute/v2.1/servers/7a0d4eac-9919-41b0-bc79-985db03ddaeb 0.815s
2025-11-17 14:36:25.339 66341 INFO tempest.lib.common.rest_client [req-c8b2e3db-71a9-4db4-b5d5-9edc1ede46d8 req-c8b2e3db-71a9-4db4-b5d5-9edc1ede46d8 ] Request (ListServersNegativeTestJSON:tearDownClass): 204 DELETE http://10.180.1.21/networking/v2.0/subnets/e910c91d-f007-43c8-8b0b-183406078de2 0.150s
2025-11-17 14:36:25.408 66303 INFO tempest.lib.common.rest_client [req-225ab4a5-bb5d-495b-b1af-5b38625d5010 req-225ab4a5-bb5d-495b-b1af-5b38625d5010 ] Request (FloatingIPsTestJSON:test_allocate_floating_ip): 200 GET http://10.180.1.21/compute/v2.1/os-floating-ips/89fdf838-b6b2-4e83-b97f-abb06f242111 0.859s
2025-11-17 14:36:25.616 66341 INFO tempest.lib.common.rest_client [req-51fee4ba-280a-4b72-80ff-e7bda670d379 req-51fee4ba-280a-4b72-80ff-e7bda670d379 ] Request (ListServersNegativeTestJSON:tearDownClass): 204 DELETE http://10.180.1.21/networking/v2.0/networks/b396b1f6-a870-427e-87bc-012ec2907bf8 0.276s
2025-11-17 14:36:25.710 66341 INFO tempest.lib.common.rest_client [req-f0c5d051-540d-48d9-9ccf-b7fc0aa0c824 req-f0c5d051-540d-48d9-9ccf-b7fc0aa0c824 ] Request (ListServersNegativeTestJSON:tearDownClass): 204 DELETE http://10.180.1.21/identity/v3/users/542c4091835d4810b5b23b250a780c5e 0.093s
2025-11-17 14:36:25.710 66341 INFO tempest.lib.common.dynamic_creds [-] Deleting project and security group for project: 8b3e677561eb422ea1acd81bbdc611e0
2025-11-17 14:36:25.724 66343 INFO tempest.lib.common.rest_client [req-b92cda6f-ec54-44dc-8d39-a45b86fbfcd7 req-b92cda6f-ec54-44dc-8d39-a45b86fbfcd7 ] Request (ServerAddressesNegativeTestJSON:setUpClass): 200 GET http://10.180.1.21/compute/v2.1/servers/42681067-538e-43fe-8055-ea562909c5a8 1.151s
2025-11-17 14:36:25.736 66349 INFO tempest.lib.common.rest_client [req-4887064d-4076-4fbf-bdd8-f489717bd7b0 req-4887064d-4076-4fbf-bdd8-f489717bd7b0 ] Request (ListServerFiltersTestJSON:test_list_servers_detailed_limit_results): 200 GET http://10.180.1.21/compute/v2.1/servers/detail?limit=1 1.210s
2025-11-17 14:36:25.771 66341 INFO tempest.lib.common.rest_client [req-3fe522f6-07de-4205-aa33-14b9b8eed76c req-3fe522f6-07de-4205-aa33-14b9b8eed76c ] Request (ListServersNegativeTestJSON:tearDownClass): 200 GET http://10.180.1.21/networking/v2.0/security-groups?tenant_id=8b3e677561eb422ea1acd81bbdc611e0&name=default 0.060s
2025-11-17 14:36:25.872 66341 INFO tempest.lib.common.rest_client [req-ad2b7c8f-7e49-40f6-bff1-0e194d076dc9 req-ad2b7c8f-7e49-40f6-bff1-0e194d076dc9 ] Request (ListServersNegativeTestJSON:tearDownClass): 204 DELETE http://10.180.1.21/networking/v2.0/security-groups/d9e72e86-fe5f-40b5-b5f7-1c9dec28efac 0.101s
2025-11-17 14:36:25.899 66345 INFO tempest.lib.common.rest_client [req-7135c13c-9b80-4f97-8cb7-0ac27eb28b42 req-7135c13c-9b80-4f97-8cb7-0ac27eb28b42 ] Request (ServerMetadataTestJSON:setUpClass): 200 GET http://10.180.1.21/compute/v2.1/servers/ba6e4068-f940-428e-b415-b11f7ec83857 1.265s
2025-11-17 14:36:25.959 66337 INFO tempest.lib.common.rest_client [req-cf497f8b-0e84-4888-b07b-b4c1cd1ab4c6 req-cf497f8b-0e84-4888-b07b-b4c1cd1ab4c6 ] Request (MigrationsAdminTest:test_resize_server_revert_deleted_flavor): 200 GET http://10.180.1.21/compute/v2.1/servers/3265bd0a-4ff8-4918-94db-af70314e84cf 1.315s
2025-11-17 14:36:25.966 66337 INFO tempest.common.waiters [-] State transition "BUILD/None" ==> "BUILD/networking" after 39 second wait
2025-11-17 14:36:25.979 66359 INFO tempest.lib.common.rest_client [req-82c3301a-933b-4305-9c39-f23013fe25f3 req-82c3301a-933b-4305-9c39-f23013fe25f3 ] Request (DeleteServersTestJSON:test_delete_server_while_in_attached_volume): 200 GET http://10.180.1.21/compute/v2.1/servers/18eba7f8-31cc-4a75-b73a-b279853d125a 1.297s
2025-11-17 14:36:26.001 66341 INFO tempest.lib.common.rest_client [req-78225598-59fd-4de0-b8bd-c8053dc4c2c3 req-78225598-59fd-4de0-b8bd-c8053dc4c2c3 ] Request (ListServersNegativeTestJSON:tearDownClass): 204 DELETE http://10.180.1.21/identity/v3/projects/8b3e677561eb422ea1acd81bbdc611e0 0.128s
2025-11-17 14:36:26.028 66307 INFO tempest.lib.common.rest_client [req-eb1a66fa-0b79-46b5-bd99-5d64bf446af9 req-eb1a66fa-0b79-46b5-bd99-5d64bf446af9 ] Request (AttachInterfacesUnderV243Test:test_add_remove_fixed_ip): 200 GET http://10.180.1.21/compute/v2.1/servers/4c15afa2-321c-4502-b839-dc5578688302 1.335s
2025-11-17 14:36:26.046 66363 INFO tempest.lib.common.rest_client [req-3f8c9524-4202-4196-9b74-fadd8763d59c req-3f8c9524-4202-4196-9b74-fadd8763d59c ] Request (ServerExternalEventsTest:test_create_server_external_events): 200 GET http://10.180.1.21/compute/v2.1/servers/728a7240-9509-4449-a71d-44be5ae1e63c 1.308s
2025-11-17 14:36:26.066 66341 INFO tempest.lib.common.rest_client [req-4a2124a9-5d3a-49c7-af63-b58408f6b107 req-4a2124a9-5d3a-49c7-af63-b58408f6b107 ] Request (ServerActionsTestOtherB:setUpClass): 201 POST http://10.180.1.21/identity/v3/auth/tokens 0.064s
2025-11-17 14:36:26.088 66319 INFO tempest.lib.common.rest_client [req-0b0ba746-1e6f-4c41-bc13-e3c57947a9b2 req-0b0ba746-1e6f-4c41-bc13-e3c57947a9b2 ] Request (ImagesOneServerNegativeTestJSON:_run_cleanups): 200 GET http://10.180.1.21/compute/v2.1/servers/9fb369af-202c-4d49-9d32-cbc411f8267a 1.319s
2025-11-17 14:36:26.103 66341 INFO tempest.lib.common.rest_client [req-9649afe8-dd5b-49a9-9038-1f0b9370e552 req-9649afe8-dd5b-49a9-9038-1f0b9370e552 ] Request (ServerActionsTestOtherB:setUpClass): 201 POST http://10.180.1.21/identity/v3/auth/tokens 0.034s
2025-11-17 14:36:26.125 66358 INFO tempest.lib.common.rest_client [req-adab44df-6db0-42f8-89ee-47c9dcc19013 req-adab44df-6db0-42f8-89ee-47c9dcc19013 ] Request (ImagesTestJSON:_run_cleanups): 204 DELETE http://10.180.1.21/compute/v2.1/servers/b5815a1e-0a5c-48eb-9a03-c048c3a8323c 1.303s
2025-11-17 14:36:26.129 66341 INFO tempest.lib.common.rest_client [req-1397276f-0f66-4950-ba23-ab28918d29a1 req-1397276f-0f66-4950-ba23-ab28918d29a1 ] Request (ServerActionsTestOtherB:setUpClass): 200 GET http://10.180.1.21/identity/v3/domains?name=Default 0.026s
2025-11-17 14:36:26.151 66339 INFO tempest.lib.common.rest_client [req-7d6d092a-1542-4518-968c-3b69e47ce190 req-7d6d092a-1542-4518-968c-3b69e47ce190 ] Request (ServersTestMultiNic:_run_cleanups): 200 GET http://10.180.1.21/compute/v2.1/servers/5afa0e61-7e7b-487d-87bd-1d26c6017fbf 1.307s
2025-11-17 14:36:26.165 66341 INFO tempest.lib.common.rest_client [req-5ec42836-f50c-488a-8539-76b864a0892c req-5ec42836-f50c-488a-8539-76b864a0892c ] Request (ServerActionsTestOtherB:setUpClass): 201 POST http://10.180.1.21/identity/v3/projects 0.035s
2025-11-17 14:36:26.186 66358 INFO tempest.lib.common.rest_client [req-031ebc0f-e2a0-4b32-83d1-f2684119116f req-031ebc0f-e2a0-4b32-83d1-f2684119116f ] Request (ImagesTestJSON:test_create_server_from_snapshot): 201 POST http://10.180.1.21/identity/v3/auth/tokens 0.054s
2025-11-17 14:36:26.186 66358 INFO tempest.lib.common.fixed_network [-] (ImagesTestJSON:test_create_server_from_snapshot) Found network {'id': '28b5f1a4-9791-4f8f-aa9b-f4297aba89f5', 'name': 'tempest-ImagesTestJSON-167146164-network', 'tenant_id': '59c3ca780ae44e508b7c75bd4d59fc90', 'project_id': '59c3ca780ae44e508b7c75bd4d59fc90', 'admin_state_up': True, 'mtu': 8950, 'status': 'ACTIVE', 'subnets': [], 'shared': False, 'port_security_enabled': True, 'router:external': False, 'provider:network_type': 'vlan', 'provider:physical_network': 'default', 'provider:segmentation_id': 39, 'availability_zone_hints': [], 'availability_zones': [], 'ipv4_address_scope': None, 'ipv6_address_scope': None, 'description': '', 'tags': [], 'created_at': '2025-11-17T14:33:55Z', 'updated_at': '2025-11-17T14:33:55Z', 'revision_number': 1} available for tenant
2025-11-17 14:36:26.221 66341 INFO tempest.lib.common.rest_client [req-5bba028a-c3a5-4d5d-8d80-608818ed8f4e req-5bba028a-c3a5-4d5d-8d80-608818ed8f4e ] Request (ServerActionsTestOtherB:setUpClass): 201 POST http://10.180.1.21/identity/v3/users 0.056s
2025-11-17 14:36:26.243 66341 INFO tempest.lib.common.rest_client [req-aa6be327-997f-4325-8f78-d20bac5410c8 req-aa6be327-997f-4325-8f78-d20bac5410c8 ] Request (ServerActionsTestOtherB:setUpClass): 200 GET http://10.180.1.21/identity/v3/roles 0.021s
2025-11-17 14:36:26.279 66341 INFO tempest.lib.common.rest_client [req-7225f6c7-cbc1-4eaf-981b-24c24d228c8e req-7225f6c7-cbc1-4eaf-981b-24c24d228c8e ] Request (ServerActionsTestOtherB:setUpClass): 204 PUT http://10.180.1.21/identity/v3/projects/bbc30c380d574f129011dcee44a78c54/users/0f04e900c9e2435db8d5f73a82746ddc/roles/f90f3b9106134b4b80ef4af5c4f707ec 0.035s
2025-11-17 14:36:26.279 66341 INFO tempest.lib.common.dynamic_creds [-] Dynamic test user 0f04e900c9e2435db8d5f73a82746ddc is created with scope project and roles: ['member']
2025-11-17 14:36:26.279 66341 INFO tempest.lib.common.dynamic_creds [-] Acquired dynamic creds: credentials: Credentials: {'domain_id': 'default', 'domain_name': 'Default', 'username': 'tempest-ServerActionsTestOtherB-605756230-project-member', 'project_domain_id': 'default', 'project_domain_name': 'Default', 'project_id': 'bbc30c380d574f129011dcee44a78c54', 'project_name': 'tempest-ServerActionsTestOtherB-605756230', 'tenant_id': 'bbc30c380d574f129011dcee44a78c54', 'tenant_name': 'tempest-ServerActionsTestOtherB-605756230', 'user_domain_id': 'default', 'user_domain_name': 'Default', 'user_id': '0f04e900c9e2435db8d5f73a82746ddc', 'system': None}, Network: None, Subnet: None, Router: None
2025-11-17 14:36:26.311 66331 INFO tempest.lib.common.rest_client [req-06508fb1-275c-4b72-a34d-79fc0434bb89 req-06508fb1-275c-4b72-a34d-79fc0434bb89 ] Request (FloatingIPDetailsTestJSON:test_list_floating_ips): 200 GET http://10.180.1.21/compute/v2.1/os-floating-ips 1.323s
2025-11-17 14:36:26.313 66309 INFO tempest.lib.common.rest_client [req-ffcac15d-71fc-45ce-809e-de32dce64a90 req-ffcac15d-71fc-45ce-809e-de32dce64a90 ] Request (InstanceActionsV221TestJSON:test_get_list_deleted_instance_actions): 200 GET http://10.180.1.21/compute/v2.1/servers/a04a48f1-71c3-4cca-90cb-cdf391cd2ee0 1.444s
2025-11-17 14:36:26.343 66341 INFO tempest.lib.common.rest_client [req-183851ff-4c00-4a68-be98-5080c324abd1 req-183851ff-4c00-4a68-be98-5080c324abd1 ] Request (ServerActionsTestOtherB:setUpClass): 201 POST http://10.180.1.21/identity/v3/auth/tokens 0.063s
2025-11-17 14:36:26.602 66341 INFO tempest.lib.common.rest_client [req-a3477916-c15d-4599-8400-f9c9c215bfdc req-a3477916-c15d-4599-8400-f9c9c215bfdc ] Request (ServerActionsTestOtherB:setUpClass): 201 POST http://10.180.1.21/networking/v2.0/networks 0.259s
2025-11-17 14:36:26.626 66303 INFO tempest.lib.common.rest_client [req-3cc53dd4-7401-4e9a-809f-442e37c1d4a2 req-3cc53dd4-7401-4e9a-809f-442e37c1d4a2 ] Request (FloatingIPsTestJSON:test_allocate_floating_ip): 200 GET http://10.180.1.21/compute/v2.1/os-floating-ips 1.216s
2025-11-17 14:36:26.629 66311 INFO tempest.lib.common.rest_client [req-de09daec-2a7d-4533-983b-dbf67d49ec32 req-de09daec-2a7d-4533-983b-dbf67d49ec32 ] Request (ServersAdminNegativeTestJSON:tearDownClass): 200 GET http://10.180.1.21/compute/v2.1/servers/2f6d4f72-e713-4422-9e72-ca261477d545 1.588s
2025-11-17 14:36:26.837 66341 INFO tempest.lib.common.rest_client [req-e07550ac-2c4f-419c-b1a6-5dff031f4b38 req-e07550ac-2c4f-419c-b1a6-5dff031f4b38 ] Request (ServerActionsTestOtherB:setUpClass): 201 POST http://10.180.1.21/networking/v2.0/subnets 0.234s
2025-11-17 14:36:26.864 66327 INFO tempest.lib.common.rest_client [req-78cf53fa-58cb-4f76-bac5-869db7aa8f61 req-78cf53fa-58cb-4f76-bac5-869db7aa8f61 ] Request (ServerAddressesTestJSON:tearDownClass): 200 GET http://10.180.1.21/compute/v2.1/servers/979b028d-389e-4831-9879-c183a18fc304 1.158s
2025-11-17 14:36:26.877 66329 INFO tempest.lib.common.rest_client [req-5c38309b-382c-42d3-abcc-ed34192d7d56 req-5c38309b-382c-42d3-abcc-ed34192d7d56 ] Request (FloatingIPsAssociationTestJSON:tearDownClass): 200 GET http://10.180.1.21/compute/v2.1/servers/c827472c-405c-4df1-8c05-b139c8b3ebce 1.241s
2025-11-17 14:36:26.974 66349 INFO tempest.lib.common.rest_client [req-62eb5241-767c-4e53-9b09-dde97ff19d6c req-62eb5241-767c-4e53-9b09-dde97ff19d6c ] Request (ListServerFiltersTestJSON:test_list_servers_filter_by_active_status): 200 GET http://10.180.1.21/compute/v2.1/servers?status=active 1.222s
2025-11-17 14:36:27.378 66321 INFO tempest.lib.common.rest_client [req-22307b66-b49a-4e66-af2b-08c8f49365fd req-22307b66-b49a-4e66-af2b-08c8f49365fd ] Request (InstanceActionsTestJSON:setUpClass): 200 GET http://10.180.1.21/compute/v2.1/servers/e1c123d7-cb49-4e2a-a70e-62866a17702f 1.357s
2025-11-17 14:36:27.400 66353 INFO tempest.lib.common.rest_client [req-d5656042-4c64-4162-97f5-f268355eb292 req-d5656042-4c64-4162-97f5-f268355eb292 ] Request (AttachInterfacesV270Test:tearDownClass): 200 GET http://10.180.1.21/compute/v2.1/servers/4f61eecb-95df-4bb2-b3ce-71ee686558d3 1.329s
2025-11-17 14:36:27.429 66361 INFO tempest.lib.common.rest_client [req-0d62fac1-fdeb-46da-ab5b-c608f31c2980 req-0d62fac1-fdeb-46da-ab5b-c608f31c2980 ] Request (AttachVolumeNegativeTest:test_attach_attached_volume_to_different_server): 200 GET http://10.180.1.21/compute/v2.1/servers/f06070f2-2135-42ab-b30b-a89344e0618e 1.349s
2025-11-17 14:36:27.479 66305 INFO tempest.lib.common.rest_client [req-a66548bb-8de9-45c9-941c-225b37a64cda req-a66548bb-8de9-45c9-941c-225b37a64cda ] Request (ServersAdminTestJSON:setUpClass): 200 GET http://10.180.1.21/compute/v2.1/servers/36cdd11a-35ef-4928-9b93-b2e8e54c3e53 1.353s
2025-11-17 14:36:27.493 66355 INFO tempest.lib.common.rest_client [req-a9300856-04f1-4d39-a802-1e86e0218349 req-a9300856-04f1-4d39-a802-1e86e0218349 ] Request (ServerActionsTestOtherA:test_rebuild_server_in_stop_state): 200 GET http://10.180.1.21/compute/v2.1/servers/ef772d2e-a2fd-4e58-af98-1e0599f28fbc 1.351s
2025-11-17 14:36:27.546 66325 INFO tempest.lib.common.rest_client [req-024e0404-1473-424e-9c4d-46825d70c042 req-024e0404-1473-424e-9c4d-46825d70c042 ] Request (AttachInterfacesTestJSON:test_create_list_show_delete_interfaces_by_fixed_ip): 200 GET http://10.180.1.21/compute/v2.1/servers/1f2c935f-f4b7-41be-a3a2-6ad56c7e48e4 1.362s
2025-11-17 14:36:27.620 66341 INFO tempest.lib.common.rest_client [req-ca36377d-09e2-41bd-baf2-67eef158fa3c req-ca36377d-09e2-41bd-baf2-67eef158fa3c ] Request (ServerActionsTestOtherB:setUpClass): 201 POST http://10.180.1.21/networking/v2.0/routers 0.782s
2025-11-17 14:36:27.644 66323 INFO tempest.lib.common.rest_client [req-9279a11a-e067-47fd-b722-6195e1c5fa81 req-9279a11a-e067-47fd-b722-6195e1c5fa81 ] Request (FloatingIPsAssociationNegativeTestJSON:setUpClass): 200 GET http://10.180.1.21/compute/v2.1/servers/9e3679af-f405-4dc1-81c9-3e0ee90ce45c 1.383s
2025-11-17 14:36:27.954 66315 INFO tempest.lib.common.rest_client [req-df6d4a69-26ed-4ca6-b1e6-c44d9102a05c req-df6d4a69-26ed-4ca6-b1e6-c44d9102a05c ] Request (ListImageFiltersTestJSON:setUpClass): 200 GET http://10.180.1.21/compute/v2.1/servers/91bd0c31-6455-4d19-933f-c0546c1f2cd6 1.657s
2025-11-17 14:36:28.318 66358 INFO tempest.lib.common.rest_client [req-34d3dfd1-74eb-4125-aedc-d0ec982717b4 req-34d3dfd1-74eb-4125-aedc-d0ec982717b4 ] Request (ImagesTestJSON:test_create_server_from_snapshot): 202 POST http://10.180.1.21/compute/v2.1/servers 2.131s
2025-11-17 14:36:28.639 66331 INFO tempest.lib.common.rest_client [req-5f4e8301-027e-41ab-acaa-5e00a3aa8dd9 req-5f4e8301-027e-41ab-acaa-5e00a3aa8dd9 ] Request (FloatingIPDetailsTestJSON:tearDownClass): 202 DELETE http://10.180.1.21/compute/v2.1/os-floating-ips/8747d43b-3042-44ce-9d17-05d57fdadfd7 2.323s
2025-11-17 14:36:28.665 66313 INFO tempest.lib.common.rest_client [req-e5b09c2b-135c-48a1-830b-5ea79259b28c req-e5b09c2b-135c-48a1-830b-5ea79259b28c ] Request (ServerPasswordTestJSON:tearDownClass): 200 GET http://10.180.1.21/compute/v2.1/servers/7a0d4eac-9919-41b0-bc79-985db03ddaeb 2.329s
2025-11-17 14:36:28.693 66351 WARNING tempest.lib.common.ssh [-] Failed to establish authenticated ssh connection to cirros@10.180.180.154 ([Errno None] Unable to connect to port 22 on 10.180.180.154). Number attempts: 10. Retry after 11 seconds.: paramiko.ssh_exception.NoValidConnectionsError: [Errno None] Unable to connect to port 22 on 10.180.180.154
2025-11-17 14:36:28.699 66341 INFO tempest.lib.common.rest_client [req-7ddb8ee5-410d-48a9-b066-2adb568fc1e3 req-7ddb8ee5-410d-48a9-b066-2adb568fc1e3 ] Request (ServerActionsTestOtherB:setUpClass): 200 PUT http://10.180.1.21/networking/v2.0/routers/e1283b8c-bb4a-4619-aa39-5d7eb8ce03fa/add_router_interface 1.079s
2025-11-17 14:36:28.699 66341 INFO tempest.lib.common.dynamic_creds [-] Created isolated network resources for: credentials: Credentials: {'domain_id': 'default', 'domain_name': 'Default', 'username': 'tempest-ServerActionsTestOtherB-605756230-project-member', 'project_domain_id': 'default', 'project_domain_name': 'Default', 'project_id': 'bbc30c380d574f129011dcee44a78c54', 'project_name': 'tempest-ServerActionsTestOtherB-605756230', 'tenant_id': 'bbc30c380d574f129011dcee44a78c54', 'tenant_name': 'tempest-ServerActionsTestOtherB-605756230', 'user_domain_id': 'default', 'user_domain_name': 'Default', 'user_id': '0f04e900c9e2435db8d5f73a82746ddc', 'system': None}, Network: {'id': 'da205572-623b-421b-a048-34b30dfd686c', 'name': 'tempest-ServerActionsTestOtherB-1510430982-network', 'tenant_id': 'bbc30c380d574f129011dcee44a78c54', 'project_id': 'bbc30c380d574f129011dcee44a78c54', 'admin_state_up': True, 'mtu': 8950, 'status': 'ACTIVE', 'subnets': [], 'shared': False, 'port_security_enabled': True, 'router:external': False, 'provider:network_type': 'vlan', 'provider:physical_network': 'default', 'provider:segmentation_id': 156, 'availability_zone_hints': [], 'availability_zones': [], 'ipv4_address_scope': None, 'ipv6_address_scope': None, 'description': '', 'tags': [], 'created_at': '2025-11-17T14:36:26Z', 'updated_at': '2025-11-17T14:36:26Z', 'revision_number': 1}, Subnet: {'id': '1ea78e27-ee52-460f-aca0-fc7e780492a2', 'name': 'tempest-ServerActionsTestOtherB-1510430982-subnet', 'tenant_id': 'bbc30c380d574f129011dcee44a78c54', 'network_id': 'da205572-623b-421b-a048-34b30dfd686c', 'ip_version': 4, 'subnetpool_id': None, 'enable_dhcp': True, 'ipv6_ra_mode': None, 'ipv6_address_mode': None, 'gateway_ip': '192.168.128.1', 'cidr': '192.168.128.0/28', 'allocation_pools': [{'start': '192.168.128.2', 'end': '192.168.128.14'}], 'host_routes': [], 'dns_nameservers': [], 'description': '', 'router:external': False, 'service_types': [], 'tags': [], 'created_at': '2025-11-17T14:36:26Z', 'updated_at': '2025-11-17T14:36:26Z', 'revision_number': 0, 'project_id': 'bbc30c380d574f129011dcee44a78c54'}, Router: {'id': 'e1283b8c-bb4a-4619-aa39-5d7eb8ce03fa', 'name': 'tempest-ServerActionsTestOtherB-1510430982-router', 'tenant_id': 'bbc30c380d574f129011dcee44a78c54', 'admin_state_up': True, 'status': 'ACTIVE', 'external_gateway_info': {'network_id': 'edb4681e-d15f-40d7-bb23-fe500af538f7', 'external_fixed_ips': [{'subnet_id': '164dfb00-053a-4c9d-aeec-67980205d700', 'ip_address': '10.180.180.169'}], 'enable_snat': True}, 'description': '', 'availability_zones': [], 'distributed': False, 'ha': False, 'availability_zone_hints': [], 'routes': [], 'flavor_id': None, 'tags': [], 'created_at': '2025-11-17T14:36:26Z', 'updated_at': '2025-11-17T14:36:27Z', 'revision_number': 2, 'project_id': 'bbc30c380d574f129011dcee44a78c54'}
2025-11-17 14:36:28.749 66343 INFO tempest.lib.common.rest_client [req-ec143d8d-0acc-4a30-b642-09a53d1db798 req-ec143d8d-0acc-4a30-b642-09a53d1db798 ] Request (ServerAddressesNegativeTestJSON:setUpClass): 200 GET http://10.180.1.21/compute/v2.1/servers/42681067-538e-43fe-8055-ea562909c5a8 2.013s
2025-11-17 14:36:28.826 66341 INFO tempest.lib.common.rest_client [req-883e44ad-2a28-4379-b438-fa2ac0455a66 req-883e44ad-2a28-4379-b438-fa2ac0455a66 ] Request (ServerActionsTestOtherB:setUpClass): 201 POST http://10.180.1.21/identity/v3/auth/tokens 0.124s
2025-11-17 14:36:28.862 66345 INFO tempest.lib.common.rest_client [req-87ef3234-027b-4053-87aa-a78cd32a9e87 req-87ef3234-027b-4053-87aa-a78cd32a9e87 ] Request (ServerMetadataTestJSON:setUpClass): 200 GET http://10.180.1.21/compute/v2.1/servers/ba6e4068-f940-428e-b415-b11f7ec83857 1.956s
