2025-11-17 14:37:36.564 66345 INFO tempest.lib.common.rest_client [req-097a924a-66b3-4ff0-90be-00ebee669c39 req-097a924a-66b3-4ff0-90be-00ebee669c39 ] Request (ServerMetadataTestJSON:tearDownClass): 200 GET http://10.180.1.21/compute/v2.1/servers/ba6e4068-f940-428e-b415-b11f7ec83857 0.077s
2025-11-17 14:37:36.580 66331 INFO tempest.lib.common.rest_client [req-7c128d61-8253-4b00-8686-f2a98d577468 req-7c128d61-8253-4b00-8686-f2a98d577468 ] Request (ServerGroupTestJSON:test_create_server_with_scheduler_hint_group): 200 GET http://10.180.1.21/compute/v2.1/servers/ef965056-5b15-4287-9530-6ec1c532cc6f 0.063s
2025-11-17 14:37:36.617 66341 INFO tempest.lib.common.rest_client [req-b1e5099b-600f-49d5-8657-fa0c51a602a5 req-b1e5099b-600f-49d5-8657-fa0c51a602a5 ] Request (ServerActionsTestOtherB:setUpClass): 200 GET http://10.180.1.21/compute/v2.1/servers/811d8ad9-137c-4720-9c9b-071e4eb3f7ce 0.060s
2025-11-17 14:37:36.631 66303 INFO tempest.lib.common.rest_client [req-69714edb-7f7d-4d50-940a-8625fa2a1ab9 req-69714edb-7f7d-4d50-940a-8625fa2a1ab9 ] Request (SecurityGroupsTestJSON:test_list_security_groups_by_server): 200 GET http://10.180.1.21/compute/v2.1/servers/a7c065af-ee14-4196-b7d9-4a0b7971b6ec 0.061s
2025-11-17 14:37:36.668 66305 INFO tempest.lib.common.rest_client [req-49d7effb-3d72-40fd-910f-dd710fa9baf1 req-49d7effb-3d72-40fd-910f-dd710fa9baf1 ] Request (ServersAdminTestJSON:test_create_server_with_scheduling_hint): 200 GET http://10.180.1.21/compute/v2.1/servers/e0ccc790-4442-451a-8b40-3357ef86807a 0.060s
2025-11-17 14:37:36.684 66311 INFO tempest.lib.common.rest_client [req-63915881-a78f-488d-adf7-91af52d96384 req-63915881-a78f-488d-adf7-91af52d96384 ] Request (ServerDiskConfigTestJSON:test_rebuild_server_with_auto_disk_config): 200 GET http://10.180.1.21/compute/v2.1/servers/d4899cd5-04a0-41a9-a70f-b235f279dcaa 0.060s
2025-11-17 14:37:36.721 66329 INFO tempest.lib.common.rest_client [req-8d7a6fba-8317-4686-9e61-40575d3b0d82 req-8d7a6fba-8317-4686-9e61-40575d3b0d82 ] Request (ServerRescueNegativeTestJSON:setUpClass): 200 GET http://10.180.1.21/compute/v2.1/servers/d99d4515-7d38-46d6-9c66-457170cb3e52 0.063s
2025-11-17 14:37:36.839 66359 INFO tempest.lib.common.rest_client [req-b47937a9-f4d7-4a8b-9720-b10bd7549a97 req-b47937a9-f4d7-4a8b-9720-b10bd7549a97 ] Request (DeleteServersTestJSON:test_delete_server_while_in_attached_volume): 200 GET http://10.180.1.21/compute/v2.1/servers/18eba7f8-31cc-4a75-b73a-b279853d125a 0.079s
2025-11-17 14:37:36.910 66315 INFO tempest.lib.common.rest_client [req-cf9ef3d4-e94d-403b-9c5c-781d2cfc5c40 req-cf9ef3d4-e94d-403b-9c5c-781d2cfc5c40 ] Request (ListImageFiltersTestJSON:setUpClass): 200 GET http://10.180.1.21/compute/v2.1/images/c3304433-4c26-4e18-abec-2c771498d7ab 0.043s
2025-11-17 14:37:36.917 66325 WARNING tempest.lib.common.ssh [-] Failed to establish authenticated ssh connection to cirros@10.180.180.201 ([Errno None] Unable to connect to port 22 on 10.180.180.201). Number attempts: 7. Retry after 8 seconds.: paramiko.ssh_exception.NoValidConnectionsError: [Errno None] Unable to connect to port 22 on 10.180.180.201
2025-11-17 14:37:37.072 66321 INFO tempest.lib.common.rest_client [req-40cd6c66-2fb7-40a0-85a4-6f4085cc80b1 req-40cd6c66-2fb7-40a0-85a4-6f4085cc80b1 ] Request (InstanceActionsTestJSON:tearDownClass): 200 GET http://10.180.1.21/compute/v2.1/servers/e1c123d7-cb49-4e2a-a70e-62866a17702f 0.075s
2025-11-17 14:37:37.099 66355 INFO tempest.lib.common.rest_client [req-c6bd94c0-f5d6-4bcb-ad13-3bfae9f7a6be req-c6bd94c0-f5d6-4bcb-ad13-3bfae9f7a6be ] Request (ServerActionsTestOtherA:test_rebuild_server_in_stop_state): 200 GET http://10.180.1.21/compute/v2.1/servers/ef772d2e-a2fd-4e58-af98-1e0599f28fbc 0.120s
2025-11-17 14:37:37.136 66309 INFO tempest.lib.common.rest_client [req-7b730919-750a-4070-a89f-18a5c68fb57c req-7b730919-750a-4070-a89f-18a5c68fb57c ] Request (ServersListShow2100Test:test_list_show_rebuild_update_server_2100): 200 GET http://10.180.1.21/compute/v2.1/servers/ee345f1c-b3ae-48b8-959c-c0e5d33f136b 0.068s
2025-11-17 14:37:37.208 66363 INFO tempest.lib.common.rest_client [req-4985d9b3-4357-4402-8e2c-c73e6f9c940f req-4985d9b3-4357-4402-8e2c-c73e6f9c940f ] Request (ServerExternalEventsTest:tearDownClass): 200 GET http://10.180.1.21/compute/v2.1/servers/728a7240-9509-4449-a71d-44be5ae1e63c 0.065s
2025-11-17 14:37:37.273 66358 INFO tempest.lib.common.rest_client [req-de10b4ab-adec-4581-9649-52a8c458717f req-de10b4ab-adec-4581-9649-52a8c458717f ] Request (ImagesTestJSON:test_create_server_from_snapshot): 200 GET http://10.180.1.21/compute/v2.1/servers/5129b964-14d3-4417-8107-28ad1e7a43e3 0.104s
2025-11-17 14:37:37.280 66358 INFO tempest.common.waiters [-] State transition "BUILD/networking" ==> "BUILD/spawning" after 68 second wait
2025-11-17 14:37:37.289 66343 INFO tempest.lib.common.rest_client [req-7a768ff4-cc75-4170-b9fe-9bb3041ce571 req-7a768ff4-cc75-4170-b9fe-9bb3041ce571 ] Request (ServerAddressesNegativeTestJSON:tearDownClass): 200 GET http://10.180.1.21/compute/v2.1/servers/42681067-538e-43fe-8055-ea562909c5a8 0.091s
2025-11-17 14:37:37.335 66353 INFO tempest.lib.common.rest_client [req-5d2b071c-4d27-4f52-b95b-2e80ad55d72a req-5d2b071c-4d27-4f52-b95b-2e80ad55d72a ] Request (ServersTestManualDisk:setUpClass): 200 GET http://10.180.1.21/compute/v2.1/servers/f842bb4a-08fc-4160-9275-0a36c4f67de2 0.105s
2025-11-17 14:37:37.352 66349 INFO tempest.lib.common.rest_client [req-d7357145-f457-40ec-86bd-59e276c636db req-d7357145-f457-40ec-86bd-59e276c636db ] Request (ListServerFiltersTestJSON:tearDownClass): 200 GET http://10.180.1.21/compute/v2.1/servers/3308a205-c2bc-44c6-9f89-e7704d4774d1 0.087s
2025-11-17 14:37:37.389 66317 INFO paramiko.transport [-] Connected (version 2.0, client dropbear_2020.81)
2025-11-17 14:37:37.403 66323 INFO tempest.lib.common.rest_client [req-64499113-cbe3-471c-b581-67e8318c99a6 req-64499113-cbe3-471c-b581-67e8318c99a6 ] Request (FloatingIPsAssociationNegativeTestJSON:tearDownClass): 200 GET http://10.180.1.21/compute/v2.1/servers/9e3679af-f405-4dc1-81c9-3e0ee90ce45c 0.104s
2025-11-17 14:37:37.491 66319 INFO tempest.lib.common.rest_client [req-aca08dcc-0450-4266-adcc-4c01c9fb7839 req-aca08dcc-0450-4266-adcc-4c01c9fb7839 ] Request (ImagesOneServerNegativeTestJSON:_run_cleanups): 200 GET http://10.180.1.21/compute/v2.1/servers/54d07e34-c120-4c93-a465-6410caa88121 0.060s
2025-11-17 14:37:37.497 66317 INFO paramiko.transport [-] Authentication (publickey) successful!
2025-11-17 14:37:37.498 66317 INFO tempest.lib.common.ssh [-] ssh connection to cirros@10.180.180.177 successfully created
2025-11-17 14:37:37.506 66317 INFO tempest.lib.common.ssh [-] Creating ssh connection to '10.180.180.177:22' as 'cirros' with public key authentication
2025-11-17 14:37:37.511 66317 INFO paramiko.transport [-] Connected (version 2.0, client dropbear_2020.81)
2025-11-17 14:37:37.545 66313 INFO tempest.lib.common.rest_client [req-5ed3c434-6382-45de-b71b-ceb7ddbfcc46 req-5ed3c434-6382-45de-b71b-ceb7ddbfcc46 ] Request (ServerRescueTestJSON:setUpClass): 200 GET http://10.180.1.21/compute/v2.1/servers/329ac5cc-582d-4ce9-8962-413086565e84 0.061s
2025-11-17 14:37:37.613 66317 INFO paramiko.transport [-] Authentication (publickey) successful!
2025-11-17 14:37:37.613 66317 INFO tempest.lib.common.ssh [-] ssh connection to cirros@10.180.180.177 successfully created
2025-11-17 14:37:37.634 66337 INFO tempest.lib.common.rest_client [req-7af694f1-ece3-48f4-afb6-bd8625d38723 req-7af694f1-ece3-48f4-afb6-bd8625d38723 ] Request (MigrationsAdminTest:test_resize_server_revert_deleted_flavor): 200 GET http://10.180.1.21/compute/v2.1/servers/3265bd0a-4ff8-4918-94db-af70314e84cf 0.122s
2025-11-17 14:37:37.646 66339 INFO tempest.lib.common.rest_client [req-9f161099-c8d6-40e1-a64f-ad792d0cf35d req-9f161099-c8d6-40e1-a64f-ad792d0cf35d ] Request (ServerShowV247Test:test_update_rebuild_list_server): 200 GET http://10.180.1.21/compute/v2.1/servers/46e047d0-0d82-4fd9-8dde-8ea693f3fa37 0.105s
2025-11-17 14:37:37.708 66331 INFO tempest.lib.common.rest_client [req-7309629e-8024-45fb-8c28-97f0c271a68e req-7309629e-8024-45fb-8c28-97f0c271a68e ] Request (ServerGroupTestJSON:test_create_server_with_scheduler_hint_group): 200 GET http://10.180.1.21/compute/v2.1/servers/ef965056-5b15-4287-9530-6ec1c532cc6f 0.118s
2025-11-17 14:37:37.712 66345 INFO tempest.lib.common.rest_client [req-aa6eadd3-85b8-4291-99c4-7d2a41ae60ca req-aa6eadd3-85b8-4291-99c4-7d2a41ae60ca ] Request (ServerMetadataTestJSON:tearDownClass): 200 GET http://10.180.1.21/compute/v2.1/servers/ba6e4068-f940-428e-b415-b11f7ec83857 0.140s
2025-11-17 14:37:37.760 66341 INFO tempest.lib.common.rest_client [req-47d1b6f5-275a-4f90-a972-5827209256e7 req-47d1b6f5-275a-4f90-a972-5827209256e7 ] Request (ServerActionsTestOtherB:setUpClass): 200 GET http://10.180.1.21/compute/v2.1/servers/811d8ad9-137c-4720-9c9b-071e4eb3f7ce 0.136s
2025-11-17 14:37:37.767 66303 INFO tempest.lib.common.rest_client [req-f029aab1-ac20-4f39-92ac-c7960039c964 req-f029aab1-ac20-4f39-92ac-c7960039c964 ] Request (SecurityGroupsTestJSON:test_list_security_groups_by_server): 200 GET http://10.180.1.21/compute/v2.1/servers/a7c065af-ee14-4196-b7d9-4a0b7971b6ec 0.127s
2025-11-17 14:37:37.812 66305 INFO tempest.lib.common.rest_client [req-5a470ace-1245-4fb2-8dfe-1039ecc87b9b req-5a470ace-1245-4fb2-8dfe-1039ecc87b9b ] Request (ServersAdminTestJSON:test_create_server_with_scheduling_hint): 200 GET http://10.180.1.21/compute/v2.1/servers/e0ccc790-4442-451a-8b40-3357ef86807a 0.136s
2025-11-17 14:37:37.831 66311 INFO tempest.lib.common.rest_client [req-3c3b5316-67f8-4ec1-9f20-38bc361f4303 req-3c3b5316-67f8-4ec1-9f20-38bc361f4303 ] Request (ServerDiskConfigTestJSON:test_rebuild_server_with_auto_disk_config): 200 GET http://10.180.1.21/compute/v2.1/servers/d4899cd5-04a0-41a9-a70f-b235f279dcaa 0.138s
2025-11-17 14:37:37.898 66329 INFO tempest.lib.common.rest_client [req-010d71a5-b169-462d-b1ce-018b69b34672 req-010d71a5-b169-462d-b1ce-018b69b34672 ] Request (ServerRescueNegativeTestJSON:setUpClass): 200 GET http://10.180.1.21/compute/v2.1/servers/d99d4515-7d38-46d6-9c66-457170cb3e52 0.169s
2025-11-17 14:37:37.927 66359 INFO tempest.lib.common.rest_client [req-a466a3fa-b164-4bd1-b961-ad1d857cb5b3 req-a466a3fa-b164-4bd1-b961-ad1d857cb5b3 ] Request (DeleteServersTestJSON:test_delete_server_while_in_attached_volume): 200 GET http://10.180.1.21/compute/v2.1/servers/18eba7f8-31cc-4a75-b73a-b279853d125a 0.079s
2025-11-17 14:37:37.966 66315 INFO tempest.lib.common.rest_client [req-ed5967df-fd0c-49ef-9452-f2783966e9c2 req-ed5967df-fd0c-49ef-9452-f2783966e9c2 ] Request (ListImageFiltersTestJSON:setUpClass): 200 GET http://10.180.1.21/compute/v2.1/images/c3304433-4c26-4e18-abec-2c771498d7ab 0.053s
2025-11-17 14:37:38.147 66321 INFO tempest.lib.common.rest_client [req-18ae821b-fa40-401b-876c-9edb50bf35ec req-18ae821b-fa40-401b-876c-9edb50bf35ec ] Request (InstanceActionsTestJSON:tearDownClass): 200 GET http://10.180.1.21/compute/v2.1/servers/e1c123d7-cb49-4e2a-a70e-62866a17702f 0.067s
2025-11-17 14:37:38.206 66355 INFO tempest.lib.common.rest_client [req-3b21d67d-5dce-412c-b6b4-aa42db36b257 req-3b21d67d-5dce-412c-b6b4-aa42db36b257 ] Request (ServerActionsTestOtherA:test_rebuild_server_in_stop_state): 200 GET http://10.180.1.21/compute/v2.1/servers/ef772d2e-a2fd-4e58-af98-1e0599f28fbc 0.099s
2025-11-17 14:37:38.217 66309 INFO tempest.lib.common.rest_client [req-276cba32-f094-45a8-8557-919f5667edb3 req-276cba32-f094-45a8-8557-919f5667edb3 ] Request (ServersListShow2100Test:test_list_show_rebuild_update_server_2100): 200 GET http://10.180.1.21/compute/v2.1/servers/ee345f1c-b3ae-48b8-959c-c0e5d33f136b 0.069s
2025-11-17 14:37:38.278 66363 INFO tempest.lib.common.rest_client [req-b15aa93e-c870-48fd-99fd-e4116dc14f37 req-b15aa93e-c870-48fd-99fd-e4116dc14f37 ] Request (ServerExternalEventsTest:tearDownClass): 200 GET http://10.180.1.21/compute/v2.1/servers/728a7240-9509-4449-a71d-44be5ae1e63c 0.063s
2025-11-17 14:37:38.376 66343 INFO tempest.lib.common.rest_client [req-12799831-bf50-4b39-8ace-b68df2c61df8 req-12799831-bf50-4b39-8ace-b68df2c61df8 ] Request (ServerAddressesNegativeTestJSON:tearDownClass): 200 GET http://10.180.1.21/compute/v2.1/servers/42681067-538e-43fe-8055-ea562909c5a8 0.079s
2025-11-17 14:37:38.401 66358 INFO tempest.lib.common.rest_client [req-ac9183f9-2c15-4933-bb6e-f931d0f12d1e req-ac9183f9-2c15-4933-bb6e-f931d0f12d1e ] Request (ImagesTestJSON:test_create_server_from_snapshot): 200 GET http://10.180.1.21/compute/v2.1/servers/5129b964-14d3-4417-8107-28ad1e7a43e3 0.120s
2025-11-17 14:37:38.403 66307 WARNING tempest.lib.common.ssh [-] Failed to establish authenticated ssh connection to cirros@10.180.180.191 ([Errno None] Unable to connect to port 22 on 10.180.180.191). Number attempts: 5. Retry after 6 seconds.: paramiko.ssh_exception.NoValidConnectionsError: [Errno None] Unable to connect to port 22 on 10.180.180.191
2025-11-17 14:37:38.427 66353 INFO tempest.lib.common.rest_client [req-414be098-8278-4117-afac-8304b11ac46f req-414be098-8278-4117-afac-8304b11ac46f ] Request (ServersTestManualDisk:setUpClass): 200 GET http://10.180.1.21/compute/v2.1/servers/f842bb4a-08fc-4160-9275-0a36c4f67de2 0.081s
2025-11-17 14:37:38.462 66349 INFO tempest.lib.common.rest_client [req-2b78f370-0378-4021-ae0b-3a8fe08316c7 req-2b78f370-0378-4021-ae0b-3a8fe08316c7 ] Request (ListServerFiltersTestJSON:tearDownClass): 200 GET http://10.180.1.21/compute/v2.1/servers/3308a205-c2bc-44c6-9f89-e7704d4774d1 0.102s
2025-11-17 14:37:38.487 66323 INFO tempest.lib.common.rest_client [req-d82401c1-4f86-4f7b-8fe9-70995fb9939d req-d82401c1-4f86-4f7b-8fe9-70995fb9939d ] Request (FloatingIPsAssociationNegativeTestJSON:tearDownClass): 200 GET http://10.180.1.21/compute/v2.1/servers/9e3679af-f405-4dc1-81c9-3e0ee90ce45c 0.075s
2025-11-17 14:37:38.561 66319 INFO tempest.lib.common.rest_client [req-378bd000-dfae-4d4c-a112-531674ce9f72 req-378bd000-dfae-4d4c-a112-531674ce9f72 ] Request (ImagesOneServerNegativeTestJSON:_run_cleanups): 200 GET http://10.180.1.21/compute/v2.1/servers/54d07e34-c120-4c93-a465-6410caa88121 0.058s
2025-11-17 14:37:38.615 66313 INFO tempest.lib.common.rest_client [req-e79cad5e-a653-4ad1-ae56-fb361bb3fedf req-e79cad5e-a653-4ad1-ae56-fb361bb3fedf ] Request (ServerRescueTestJSON:setUpClass): 200 GET http://10.180.1.21/compute/v2.1/servers/329ac5cc-582d-4ce9-8962-413086565e84 0.060s
2025-11-17 14:37:38.725 66317 INFO tempest.lib.common.rest_client [req-d7cfbcfb-70eb-4afb-a240-96be5eedbeda req-d7cfbcfb-70eb-4afb-a240-96be5eedbeda ] Request (ServersV294TestFqdnHostnames:tearDownClass): 204 DELETE http://10.180.1.21/compute/v2.1/servers/f5166917-734f-4c86-84ec-3b63ea129c5c 0.085s
2025-11-17 14:37:38.782 66337 INFO tempest.lib.common.rest_client [req-3254412c-aff0-412c-b5ff-d09ff4208a67 req-3254412c-aff0-412c-b5ff-d09ff4208a67 ] Request (MigrationsAdminTest:test_resize_server_revert_deleted_flavor): 200 GET http://10.180.1.21/compute/v2.1/servers/3265bd0a-4ff8-4918-94db-af70314e84cf 0.139s
2025-11-17 14:37:38.800 66339 INFO tempest.lib.common.rest_client [req-87fb4a5c-3a15-4385-b8a9-13e83af49741 req-87fb4a5c-3a15-4385-b8a9-13e83af49741 ] Request (ServerShowV247Test:test_update_rebuild_list_server): 200 GET http://10.180.1.21/compute/v2.1/servers/46e047d0-0d82-4fd9-8dde-8ea693f3fa37 0.142s
2025-11-17 14:37:38.890 66331 INFO tempest.lib.common.rest_client [req-8dccd78e-a21a-4474-8f6d-e3b0e208e220 req-8dccd78e-a21a-4474-8f6d-e3b0e208e220 ] Request (ServerGroupTestJSON:test_create_server_with_scheduler_hint_group): 200 GET http://10.180.1.21/compute/v2.1/servers/ef965056-5b15-4287-9530-6ec1c532cc6f 0.172s
2025-11-17 14:37:38.913 66345 INFO tempest.lib.common.rest_client [req-638291e5-bbea-4a77-a33f-c63da2d2c2f5 req-638291e5-bbea-4a77-a33f-c63da2d2c2f5 ] Request (ServerMetadataTestJSON:tearDownClass): 200 GET http://10.180.1.21/compute/v2.1/servers/ba6e4068-f940-428e-b415-b11f7ec83857 0.189s
2025-11-17 14:37:39.138 66317 INFO tempest.lib.common.rest_client [req-2758df76-7c6f-40f6-a407-bab9b19beab1 req-2758df76-7c6f-40f6-a407-bab9b19beab1 ] Request (ServersV294TestFqdnHostnames:tearDownClass): 200 GET http://10.180.1.21/compute/v2.1/servers/f5166917-734f-4c86-84ec-3b63ea129c5c 0.412s
2025-11-17 14:37:39.196 66341 INFO tempest.lib.common.rest_client [req-34356d8b-fa20-4a1d-b09a-f01c74a83912 req-34356d8b-fa20-4a1d-b09a-f01c74a83912 ] Request (ServerActionsTestOtherB:setUpClass): 200 GET http://10.180.1.21/compute/v2.1/servers/811d8ad9-137c-4720-9c9b-071e4eb3f7ce 0.425s
2025-11-17 14:37:39.202 66303 INFO tempest.lib.common.rest_client [req-077725fd-7e10-4f23-8950-802a4229c5e3 req-077725fd-7e10-4f23-8950-802a4229c5e3 ] Request (SecurityGroupsTestJSON:test_list_security_groups_by_server): 200 GET http://10.180.1.21/compute/v2.1/servers/a7c065af-ee14-4196-b7d9-4a0b7971b6ec 0.428s
2025-11-17 14:37:39.203 66341 INFO tempest.common.waiters [-] State transition "BUILD/None" ==> "BUILD/block_device_mapping" after 60 second wait
2025-11-17 14:37:39.252 66305 INFO tempest.lib.common.rest_client [req-19390efc-26c5-4812-940a-26c981c8ba4a req-19390efc-26c5-4812-940a-26c981c8ba4a ] Request (ServersAdminTestJSON:test_create_server_with_scheduling_hint): 200 GET http://10.180.1.21/compute/v2.1/servers/e0ccc790-4442-451a-8b40-3357ef86807a 0.428s
2025-11-17 14:37:39.266 66311 INFO tempest.lib.common.rest_client [req-258c5169-1e4c-4724-b5d4-4a17815af83f req-258c5169-1e4c-4724-b5d4-4a17815af83f ] Request (ServerDiskConfigTestJSON:test_rebuild_server_with_auto_disk_config): 200 GET http://10.180.1.21/compute/v2.1/servers/d4899cd5-04a0-41a9-a70f-b235f279dcaa 0.424s
2025-11-17 14:37:39.287 66359 INFO tempest.lib.common.rest_client [req-4cce2ad2-b3ef-453e-ad39-3a5452b110f7 req-4cce2ad2-b3ef-453e-ad39-3a5452b110f7 ] Request (DeleteServersTestJSON:test_delete_server_while_in_attached_volume): 404 GET http://10.180.1.21/compute/v2.1/servers/18eba7f8-31cc-4a75-b73a-b279853d125a 0.351s
2025-11-17 14:37:39.307 66329 INFO tempest.lib.common.rest_client [req-f8690fa0-80f7-461c-9bda-7600d16985d6 req-f8690fa0-80f7-461c-9bda-7600d16985d6 ] Request (ServerRescueNegativeTestJSON:setUpClass): 200 GET http://10.180.1.21/compute/v2.1/servers/d99d4515-7d38-46d6-9c66-457170cb3e52 0.397s
2025-11-17 14:37:39.316 66359 INFO tempest.lib.common.rest_client [req-5b0363cd-cae4-400f-9df9-6f37153798e0 req-5b0363cd-cae4-400f-9df9-6f37153798e0 ] Request (DeleteServersTestJSON:test_delete_server_while_in_attached_volume): 200 GET http://10.180.1.21/volume/v3/volumes/a7303c1e-9e99-4fe8-9d09-c88128467860 0.029s
2025-11-17 14:37:39.323 66359 INFO tempest.common.waiters [-] volume a7303c1e-9e99-4fe8-9d09-c88128467860 reached available after waiting for 0.323267 seconds
2025-11-17 14:37:39.326 66315 INFO tempest.lib.common.rest_client [req-7af1ef00-4e91-4876-879c-b2e8e29c0968 req-7af1ef00-4e91-4876-879c-b2e8e29c0968 ] Request (ListImageFiltersTestJSON:setUpClass): 200 GET http://10.180.1.21/compute/v2.1/images/c3304433-4c26-4e18-abec-2c771498d7ab 0.354s
2025-11-17 14:37:39.350 66359 INFO tempest.lib.common.rest_client [req-11c82183-b277-4768-8615-0ab71f3918f6 req-11c82183-b277-4768-8615-0ab71f3918f6 ] Request (DeleteServersTestJSON:_run_cleanups): 200 GET http://10.180.1.21/volume/v3/volumes/a7303c1e-9e99-4fe8-9d09-c88128467860 0.026s
2025-11-17 14:37:39.375 66321 INFO tempest.lib.common.rest_client [req-b7c516f7-5e2e-4920-9917-911fd3abc9b0 req-b7c516f7-5e2e-4920-9917-911fd3abc9b0 ] Request (InstanceActionsTestJSON:tearDownClass): 200 GET http://10.180.1.21/compute/v2.1/servers/e1c123d7-cb49-4e2a-a70e-62866a17702f 0.220s
2025-11-17 14:37:39.439 66355 INFO tempest.lib.common.rest_client [req-cb8b63e0-4ed2-4c31-9676-4556b5788bd2 req-cb8b63e0-4ed2-4c31-9676-4556b5788bd2 ] Request (ServerActionsTestOtherA:test_rebuild_server_in_stop_state): 200 GET http://10.180.1.21/compute/v2.1/servers/ef772d2e-a2fd-4e58-af98-1e0599f28fbc 0.224s
2025-11-17 14:37:39.447 66355 INFO tempest.common.waiters [-] State transition "REBUILD/rebuild_spawning" ==> "ACTIVE/None" after 11 second wait
2025-11-17 14:37:39.458 66309 INFO tempest.lib.common.rest_client [req-32327fd5-4c8f-4e10-a793-b7afb541e863 req-32327fd5-4c8f-4e10-a793-b7afb541e863 ] Request (ServersListShow2100Test:test_list_show_rebuild_update_server_2100): 200 GET http://10.180.1.21/compute/v2.1/servers/ee345f1c-b3ae-48b8-959c-c0e5d33f136b 0.229s
2025-11-17 14:37:39.493 66315 INFO tempest.lib.common.rest_client [req-7dd579a8-69a4-4dbb-8489-0bf046c38719 req-7dd579a8-69a4-4dbb-8489-0bf046c38719 ] Request (ListImageFiltersTestJSON:setUpClass): 200 GET http://10.180.1.21/compute/v2.1/images/c3304433-4c26-4e18-abec-2c771498d7ab 0.164s
2025-11-17 14:37:39.495 66363 INFO tempest.lib.common.rest_client [req-787d9819-6301-4a59-80be-e5159cf70b14 req-787d9819-6301-4a59-80be-e5159cf70b14 ] Request (ServerExternalEventsTest:tearDownClass): 200 GET http://10.180.1.21/compute/v2.1/servers/728a7240-9509-4449-a71d-44be5ae1e63c 0.209s
2025-11-17 14:37:39.512 66359 INFO tempest.lib.common.rest_client [req-b43b3f05-db53-4fb2-946c-3d7975a1bb46 req-b43b3f05-db53-4fb2-946c-3d7975a1bb46 ] Request (DeleteServersTestJSON:_run_cleanups): 404 GET http://10.180.1.21/compute/v2.1/servers/18eba7f8-31cc-4a75-b73a-b279853d125a/os-volume_attachments 0.156s
2025-11-17 14:37:39.538 66359 INFO tempest.lib.common.rest_client [req-08758f87-6e80-4b6f-b915-e31c0bcc403b req-08758f87-6e80-4b6f-b915-e31c0bcc403b ] Request (DeleteServersTestJSON:_run_cleanups): 200 GET http://10.180.1.21/volume/v3/volumes/a7303c1e-9e99-4fe8-9d09-c88128467860 0.025s
2025-11-17 14:37:39.544 66359 INFO tempest.common.waiters [-] volume a7303c1e-9e99-4fe8-9d09-c88128467860 reached available after waiting for 0.544781 seconds
2025-11-17 14:37:39.565 66343 INFO tempest.lib.common.rest_client [req-16d57cdb-3d34-4109-9683-631dadf31895 req-16d57cdb-3d34-4109-9683-631dadf31895 ] Request (ServerAddressesNegativeTestJSON:tearDownClass): 200 GET http://10.180.1.21/compute/v2.1/servers/42681067-538e-43fe-8055-ea562909c5a8 0.180s
2025-11-17 14:37:39.624 66359 INFO tempest.lib.common.rest_client [req-0506263e-e2e9-4a0e-aded-10b705707f0d req-0506263e-e2e9-4a0e-aded-10b705707f0d ] Request (DeleteServersTestJSON:test_delete_server_while_in_building_state): 201 POST http://10.180.1.21/identity/v3/auth/tokens 0.073s
2025-11-17 14:37:39.624 66358 INFO tempest.lib.common.rest_client [req-0ab1d458-b259-4be8-a18b-89f9bec2c621 req-0ab1d458-b259-4be8-a18b-89f9bec2c621 ] Request (ImagesTestJSON:test_create_server_from_snapshot): 200 GET http://10.180.1.21/compute/v2.1/servers/5129b964-14d3-4417-8107-28ad1e7a43e3 0.214s
2025-11-17 14:37:39.625 66359 INFO tempest.lib.common.fixed_network [-] (DeleteServersTestJSON:test_delete_server_while_in_building_state) Found network {'id': '514f3dfc-c9ce-48ed-ab05-1d924dd662a7', 'name': 'tempest-DeleteServersTestJSON-1102548145-network', 'tenant_id': '978bc558023244e489113f46147ed0bb', 'project_id': '978bc558023244e489113f46147ed0bb', 'admin_state_up': True, 'mtu': 8950, 'status': 'ACTIVE', 'subnets': [], 'shared': False, 'port_security_enabled': True, 'router:external': False, 'provider:network_type': 'vlan', 'provider:physical_network': 'default', 'provider:segmentation_id': 716, 'availability_zone_hints': [], 'availability_zones': [], 'ipv4_address_scope': None, 'ipv6_address_scope': None, 'description': '', 'tags': [], 'created_at': '2025-11-17T14:34:26Z', 'updated_at': '2025-11-17T14:34:26Z', 'revision_number': 1} available for tenant
2025-11-17 14:37:39.641 66353 INFO tempest.lib.common.rest_client [req-3421a3bc-2b60-4164-8467-62cbf19e1203 req-3421a3bc-2b60-4164-8467-62cbf19e1203 ] Request (ServersTestManualDisk:setUpClass): 200 GET http://10.180.1.21/compute/v2.1/servers/f842bb4a-08fc-4160-9275-0a36c4f67de2 0.205s
2025-11-17 14:37:39.682 66349 INFO tempest.lib.common.rest_client [req-2b7c8e0b-a008-4466-bdf5-5cc5bb389694 req-2b7c8e0b-a008-4466-bdf5-5cc5bb389694 ] Request (ListServerFiltersTestJSON:tearDownClass): 200 GET http://10.180.1.21/compute/v2.1/servers/3308a205-c2bc-44c6-9f89-e7704d4774d1 0.213s
2025-11-17 14:37:39.699 66323 INFO tempest.lib.common.rest_client [req-33edbf23-f122-40ae-b1c4-1c49f16c1d6c req-33edbf23-f122-40ae-b1c4-1c49f16c1d6c ] Request (FloatingIPsAssociationNegativeTestJSON:tearDownClass): 200 GET http://10.180.1.21/compute/v2.1/servers/9e3679af-f405-4dc1-81c9-3e0ee90ce45c 0.204s
2025-11-17 14:37:39.771 66319 INFO tempest.lib.common.rest_client [req-e5db14e8-9e08-4dc6-ac16-75395a70ffbc req-e5db14e8-9e08-4dc6-ac16-75395a70ffbc ] Request (ImagesOneServerNegativeTestJSON:_run_cleanups): 200 GET http://10.180.1.21/compute/v2.1/servers/54d07e34-c120-4c93-a465-6410caa88121 0.199s
2025-11-17 14:37:39.805 66315 INFO tempest.lib.common.rest_client [req-5f785e1a-d81f-4735-bca7-46edc4546476 req-5f785e1a-d81f-4735-bca7-46edc4546476 ] Request (ListImageFiltersTestJSON:setUpClass): 200 GET http://10.180.1.21/compute/v2.1/servers/ff72ebdf-fcd2-474f-b95c-951b3114f968 0.308s
2025-11-17 14:37:39.868 66313 INFO tempest.lib.common.rest_client [req-abae00ff-9be3-4bb1-9e67-8b4ecda650d4 req-abae00ff-9be3-4bb1-9e67-8b4ecda650d4 ] Request (ServerRescueTestJSON:setUpClass): 200 GET http://10.180.1.21/compute/v2.1/servers/329ac5cc-582d-4ce9-8962-413086565e84 0.244s
2025-11-17 14:37:40.031 66337 INFO tempest.lib.common.rest_client [req-b8a59e10-f019-48fe-a739-d82016cb8874 req-b8a59e10-f019-48fe-a739-d82016cb8874 ] Request (MigrationsAdminTest:test_resize_server_revert_deleted_flavor): 200 GET http://10.180.1.21/compute/v2.1/servers/3265bd0a-4ff8-4918-94db-af70314e84cf 0.240s
2025-11-17 14:37:40.039 66337 INFO tempest.common.waiters [-] State transition "RESIZE/resize_finish" ==> "VERIFY_RESIZE/None" after 54 second wait
2025-11-17 14:37:40.125 66339 INFO tempest.lib.common.rest_client [req-f37c2dc4-a76e-4741-a068-b6f65f1e0552 req-f37c2dc4-a76e-4741-a068-b6f65f1e0552 ] Request (ServerShowV247Test:test_update_rebuild_list_server): 200 GET http://10.180.1.21/compute/v2.1/servers/46e047d0-0d82-4fd9-8dde-8ea693f3fa37 0.313s
2025-11-17 14:37:40.212 66331 INFO tempest.lib.common.rest_client [req-05f39e41-490c-45ce-9f52-0aefb9c4012c req-05f39e41-490c-45ce-9f52-0aefb9c4012c ] Request (ServerGroupTestJSON:test_create_server_with_scheduler_hint_group): 200 GET http://10.180.1.21/compute/v2.1/servers/ef965056-5b15-4287-9530-6ec1c532cc6f 0.311s
2025-11-17 14:37:40.278 66359 INFO tempest.lib.common.rest_client [req-5c1d01e8-b491-4402-b653-4ddc451f3326 req-5c1d01e8-b491-4402-b653-4ddc451f3326 ] Request (DeleteServersTestJSON:test_delete_server_while_in_building_state): 202 POST http://10.180.1.21/compute/v2.1/servers 0.652s
2025-11-17 14:37:40.282 66345 INFO tempest.lib.common.rest_client [req-2ea1ffdc-fda1-4d58-a7e7-cfbd67fb235f req-2ea1ffdc-fda1-4d58-a7e7-cfbd67fb235f ] Request (ServerMetadataTestJSON:tearDownClass): 200 GET http://10.180.1.21/compute/v2.1/servers/ba6e4068-f940-428e-b415-b11f7ec83857 0.353s
2025-11-17 14:37:40.414 66317 INFO tempest.lib.common.rest_client [req-f3559353-1d56-4584-aa7c-46c021790669 req-f3559353-1d56-4584-aa7c-46c021790669 ] Request (ServersV294TestFqdnHostnames:tearDownClass): 200 GET http://10.180.1.21/compute/v2.1/servers/f5166917-734f-4c86-84ec-3b63ea129c5c 0.262s
2025-11-17 14:37:40.421 66337 INFO tempest.lib.common.rest_client [req-5bcfacad-b036-47c1-a2a0-dd695aa25141 req-5bcfacad-b036-47c1-a2a0-dd695aa25141 ] Request (MigrationsAdminTest:test_resize_server_revert_deleted_flavor): 202 POST http://10.180.1.21/compute/v2.1/servers/3265bd0a-4ff8-4918-94db-af70314e84cf/action 0.382s
2025-11-17 14:37:40.485 66303 INFO tempest.lib.common.rest_client [req-edf274cd-f1fc-48dd-a52b-8b8b34ba8b00 req-edf274cd-f1fc-48dd-a52b-8b8b34ba8b00 ] Request (SecurityGroupsTestJSON:test_list_security_groups_by_server): 200 GET http://10.180.1.21/compute/v2.1/servers/a7c065af-ee14-4196-b7d9-4a0b7971b6ec 0.273s
2025-11-17 14:37:40.541 66341 INFO tempest.lib.common.rest_client [req-8ec4f634-2750-457e-9237-d62d0ec77eaf req-8ec4f634-2750-457e-9237-d62d0ec77eaf ] Request (ServerActionsTestOtherB:setUpClass): 200 GET http://10.180.1.21/compute/v2.1/servers/811d8ad9-137c-4720-9c9b-071e4eb3f7ce 0.337s
2025-11-17 14:37:40.550 66341 INFO tempest.common.waiters [-] State transition "BUILD/block_device_mapping" ==> "BUILD/spawning" after 61 second wait
2025-11-17 14:37:40.558 66305 INFO tempest.lib.common.rest_client [req-dc370cf0-fd89-4aaa-ab1f-5d4b17150885 req-dc370cf0-fd89-4aaa-ab1f-5d4b17150885 ] Request (ServersAdminTestJSON:test_create_server_with_scheduling_hint): 200 GET http://10.180.1.21/compute/v2.1/servers/e0ccc790-4442-451a-8b40-3357ef86807a 0.295s
2025-11-17 14:37:40.591 66311 INFO tempest.lib.common.rest_client [req-b62f27f6-7ef1-47eb-8b20-4489633194e6 req-b62f27f6-7ef1-47eb-8b20-4489633194e6 ] Request (ServerDiskConfigTestJSON:test_rebuild_server_with_auto_disk_config): 200 GET http://10.180.1.21/compute/v2.1/servers/d4899cd5-04a0-41a9-a70f-b235f279dcaa 0.317s
2025-11-17 14:37:40.606 66359 INFO tempest.lib.common.rest_client [req-7929d545-af1a-474b-bfdd-4cf6a65184ac req-7929d545-af1a-474b-bfdd-4cf6a65184ac ] Request (DeleteServersTestJSON:test_delete_server_while_in_building_state): 200 GET http://10.180.1.21/compute/v2.1/servers/4c9b3865-2c0d-40ef-8a96-17fe7d458d87 0.325s
2025-11-17 14:37:40.645 66329 INFO tempest.lib.common.rest_client [req-2e1edb23-c352-4aa7-8050-42164695337c req-2e1edb23-c352-4aa7-8050-42164695337c ] Request (ServerRescueNegativeTestJSON:setUpClass): 200 GET http://10.180.1.21/compute/v2.1/servers/d99d4515-7d38-46d6-9c66-457170cb3e52 0.328s
2025-11-17 14:37:40.669 66321 INFO tempest.lib.common.rest_client [req-807ad821-3ae4-48e1-8a94-dd73de06fe38 req-807ad821-3ae4-48e1-8a94-dd73de06fe38 ] Request (InstanceActionsTestJSON:tearDownClass): 200 GET http://10.180.1.21/compute/v2.1/servers/e1c123d7-cb49-4e2a-a70e-62866a17702f 0.286s
2025-11-17 14:37:40.772 66337 INFO tempest.lib.common.rest_client [req-87f0ee13-6f6b-4771-8369-1144a8f6de61 req-87f0ee13-6f6b-4771-8369-1144a8f6de61 ] Request (MigrationsAdminTest:test_resize_server_revert_deleted_flavor): 200 GET http://10.180.1.21/compute/v2.1/servers/3265bd0a-4ff8-4918-94db-af70314e84cf 0.350s
2025-11-17 14:37:40.791 66355 INFO tempest.lib.common.rest_client [req-87cc3345-3113-4511-887c-f9e96c45afa6 req-87cc3345-3113-4511-887c-f9e96c45afa6 ] Request (ServerActionsTestOtherA:test_rebuild_server_in_stop_state): 200 GET http://10.180.1.21/compute/v2.1/servers/ef772d2e-a2fd-4e58-af98-1e0599f28fbc 0.343s
2025-11-17 14:37:40.798 66355 INFO tempest.common.waiters [-] State transition "ACTIVE/None" ==> "ACTIVE/powering-off" after 12 second wait
2025-11-17 14:37:40.845 66309 INFO tempest.lib.common.rest_client [req-d77b9333-be06-46ee-92f7-c48fac2b2225 req-d77b9333-be06-46ee-92f7-c48fac2b2225 ] Request (ServersListShow2100Test:test_list_show_rebuild_update_server_2100): 200 GET http://10.180.1.21/compute/v2.1/servers/ee345f1c-b3ae-48b8-959c-c0e5d33f136b 0.375s
2025-11-17 14:37:40.874 66363 INFO tempest.lib.common.rest_client [req-f532a001-ac55-43d7-b743-836147e496c7 req-f532a001-ac55-43d7-b743-836147e496c7 ] Request (ServerExternalEventsTest:tearDownClass): 200 GET http://10.180.1.21/compute/v2.1/servers/728a7240-9509-4449-a71d-44be5ae1e63c 0.369s
2025-11-17 14:37:40.923 66343 INFO tempest.lib.common.rest_client [req-a33f3079-a68c-4a1d-9750-33339fdabd44 req-a33f3079-a68c-4a1d-9750-33339fdabd44 ] Request (ServerAddressesNegativeTestJSON:tearDownClass): 200 GET http://10.180.1.21/compute/v2.1/servers/42681067-538e-43fe-8055-ea562909c5a8 0.349s
2025-11-17 14:37:41.044 66359 INFO tempest.lib.common.rest_client [req-e25d684f-02c2-4eb7-9c84-ba1e286f2666 req-e25d684f-02c2-4eb7-9c84-ba1e286f2666 ] Request (DeleteServersTestJSON:test_delete_server_while_in_building_state): 204 DELETE http://10.180.1.21/compute/v2.1/servers/4c9b3865-2c0d-40ef-8a96-17fe7d458d87 0.430s
2025-11-17 14:37:41.144 66358 INFO tempest.lib.common.rest_client [req-90f7dde9-10fa-4998-972f-221a3e8a6f00 req-90f7dde9-10fa-4998-972f-221a3e8a6f00 ] Request (ImagesTestJSON:test_create_server_from_snapshot): 200 GET http://10.180.1.21/compute/v2.1/servers/5129b964-14d3-4417-8107-28ad1e7a43e3 0.511s
2025-11-17 14:37:41.186 66353 INFO tempest.lib.common.rest_client [req-e67b1265-78f7-4987-a086-d9c1f31b8581 req-e67b1265-78f7-4987-a086-d9c1f31b8581 ] Request (ServersTestManualDisk:setUpClass): 200 GET http://10.180.1.21/compute/v2.1/servers/f842bb4a-08fc-4160-9275-0a36c4f67de2 0.534s
2025-11-17 14:37:41.195 66353 INFO tempest.common.waiters [-] State transition "BUILD/None" ==> "BUILD/networking" after 57 second wait
2025-11-17 14:37:41.552 66349 INFO tempest.lib.common.rest_client [req-058bed26-123a-4925-ad8b-cf6bf94fdf89 req-058bed26-123a-4925-ad8b-cf6bf94fdf89 ] Request (ListServerFiltersTestJSON:tearDownClass): 200 GET http://10.180.1.21/compute/v2.1/servers/3308a205-c2bc-44c6-9f89-e7704d4774d1 0.862s
2025-11-17 14:37:41.554 66323 INFO tempest.lib.common.rest_client [req-90dbacc1-35c9-4052-a7c5-e774e881bce2 req-90dbacc1-35c9-4052-a7c5-e774e881bce2 ] Request (FloatingIPsAssociationNegativeTestJSON:tearDownClass): 200 GET http://10.180.1.21/compute/v2.1/servers/9e3679af-f405-4dc1-81c9-3e0ee90ce45c 0.846s
2025-11-17 14:37:41.635 66319 INFO tempest.lib.common.rest_client [req-5d532288-74db-4f99-a3c7-05b7ac030b88 req-5d532288-74db-4f99-a3c7-05b7ac030b88 ] Request (ImagesOneServerNegativeTestJSON:_run_cleanups): 200 GET http://10.180.1.21/compute/v2.1/servers/54d07e34-c120-4c93-a465-6410caa88121 0.852s
2025-11-17 14:37:41.740 66315 INFO tempest.lib.common.rest_client [req-a8555efd-509d-4303-94d6-4343718db9b3 req-a8555efd-509d-4303-94d6-4343718db9b3 ] Request (ListImageFiltersTestJSON:setUpClass): 200 GET http://10.180.1.21/compute/v2.1/servers/ff72ebdf-fcd2-474f-b95c-951b3114f968 0.926s
2025-11-17 14:37:41.749 66315 INFO tempest.common.waiters [-] State transition "ACTIVE/image_uploading" ==> "ACTIVE/None" after 2 second wait
2025-11-17 14:37:41.758 66359 INFO tempest.lib.common.rest_client [req-f3ae020c-59f2-4502-9ba9-4c80fface3b4 req-f3ae020c-59f2-4502-9ba9-4c80fface3b4 ] Request (DeleteServersTestJSON:test_delete_server_while_in_building_state): 404 GET http://10.180.1.21/compute/v2.1/servers/4c9b3865-2c0d-40ef-8a96-17fe7d458d87 0.714s
2025-11-17 14:37:41.759 66313 INFO tempest.lib.common.rest_client [req-5e33cb9e-40f4-4669-a52a-a85c2e419825 req-5e33cb9e-40f4-4669-a52a-a85c2e419825 ] Request (ServerRescueTestJSON:setUpClass): 200 GET http://10.180.1.21/compute/v2.1/servers/329ac5cc-582d-4ce9-8962-413086565e84 0.882s
2025-11-17 14:37:41.804 66359 INFO tempest.lib.common.rest_client [req-4ecb5fe3-273d-4c38-adb9-0f11cccf99a0 req-4ecb5fe3-273d-4c38-adb9-0f11cccf99a0 ] Request (DeleteServersTestJSON:test_delete_server_while_in_shelved_state): 201 POST http://10.180.1.21/identity/v3/auth/tokens 0.043s
2025-11-17 14:37:41.805 66359 INFO tempest.lib.common.fixed_network [-] (DeleteServersTestJSON:test_delete_server_while_in_shelved_state) Found network {'id': '514f3dfc-c9ce-48ed-ab05-1d924dd662a7', 'name': 'tempest-DeleteServersTestJSON-1102548145-network', 'tenant_id': '978bc558023244e489113f46147ed0bb', 'project_id': '978bc558023244e489113f46147ed0bb', 'admin_state_up': True, 'mtu': 8950, 'status': 'ACTIVE', 'subnets': [], 'shared': False, 'port_security_enabled': True, 'router:external': False, 'provider:network_type': 'vlan', 'provider:physical_network': 'default', 'provider:segmentation_id': 716, 'availability_zone_hints': [], 'availability_zones': [], 'ipv4_address_scope': None, 'ipv6_address_scope': None, 'description': '', 'tags': [], 'created_at': '2025-11-17T14:34:26Z', 'updated_at': '2025-11-17T14:34:26Z', 'revision_number': 1} available for tenant
2025-11-17 14:37:41.933 66331 INFO tempest.lib.common.rest_client [req-0f92baf9-c392-4430-8cb1-ac3d92532293 req-0f92baf9-c392-4430-8cb1-ac3d92532293 ] Request (ServerGroupTestJSON:test_create_server_with_scheduler_hint_group): 200 GET http://10.180.1.21/compute/v2.1/servers/ef965056-5b15-4287-9530-6ec1c532cc6f 0.709s
2025-11-17 14:37:41.951 66339 INFO tempest.lib.common.rest_client [req-3b5aacce-7476-4f10-a8df-8ef5530ac4ba req-3b5aacce-7476-4f10-a8df-8ef5530ac4ba ] Request (ServerShowV247Test:test_update_rebuild_list_server): 200 GET http://10.180.1.21/compute/v2.1/servers/46e047d0-0d82-4fd9-8dde-8ea693f3fa37 0.812s
2025-11-17 14:37:42.044 66345 INFO tempest.lib.common.rest_client [req-724768d3-e725-4029-9b17-270253554101 req-724768d3-e725-4029-9b17-270253554101 ] Request (ServerMetadataTestJSON:tearDownClass): 200 GET http://10.180.1.21/compute/v2.1/servers/ba6e4068-f940-428e-b415-b11f7ec83857 0.755s
2025-11-17 14:37:42.073 66317 INFO tempest.lib.common.rest_client [req-a87a6a9b-9c48-45f3-8dfc-71af45614e45 req-a87a6a9b-9c48-45f3-8dfc-71af45614e45 ] Request (ServersV294TestFqdnHostnames:tearDownClass): 200 GET http://10.180.1.21/compute/v2.1/servers/f5166917-734f-4c86-84ec-3b63ea129c5c 0.645s
2025-11-17 14:37:42.171 66303 INFO tempest.lib.common.rest_client [req-a8aedb12-cc3c-4b51-a6f1-a9636caf69f4 req-a8aedb12-cc3c-4b51-a6f1-a9636caf69f4 ] Request (SecurityGroupsTestJSON:test_list_security_groups_by_server): 200 GET http://10.180.1.21/compute/v2.1/servers/a7c065af-ee14-4196-b7d9-4a0b7971b6ec 0.678s
2025-11-17 14:37:42.295 66305 INFO tempest.lib.common.rest_client [req-16c08660-de4f-44b3-bda3-6b7b6b6fc9c7 req-16c08660-de4f-44b3-bda3-6b7b6b6fc9c7 ] Request (ServersAdminTestJSON:test_create_server_with_scheduling_hint): 200 GET http://10.180.1.21/compute/v2.1/servers/e0ccc790-4442-451a-8b40-3357ef86807a 0.729s
2025-11-17 14:37:42.325 66341 INFO tempest.lib.common.rest_client [req-10010ac9-0c89-45eb-8385-81dca956d3ec req-10010ac9-0c89-45eb-8385-81dca956d3ec ] Request (ServerActionsTestOtherB:setUpClass): 200 GET http://10.180.1.21/compute/v2.1/servers/811d8ad9-137c-4720-9c9b-071e4eb3f7ce 0.773s
2025-11-17 14:37:42.350 66311 INFO tempest.lib.common.rest_client [req-bec102b7-c649-4c95-ab53-58122ae2b25b req-bec102b7-c649-4c95-ab53-58122ae2b25b ] Request (ServerDiskConfigTestJSON:test_rebuild_server_with_auto_disk_config): 200 GET http://10.180.1.21/compute/v2.1/servers/d4899cd5-04a0-41a9-a70f-b235f279dcaa 0.749s
2025-11-17 14:37:42.381 66329 INFO tempest.lib.common.rest_client [req-6e9af49b-c321-4b41-b867-8bf0ddec799b req-6e9af49b-c321-4b41-b867-8bf0ddec799b ] Request (ServerRescueNegativeTestJSON:setUpClass): 200 GET http://10.180.1.21/compute/v2.1/servers/d99d4515-7d38-46d6-9c66-457170cb3e52 0.728s
2025-11-17 14:37:42.424 66321 INFO tempest.lib.common.rest_client [req-761311cd-fb5a-48ad-84b0-e839ab0f5057 req-761311cd-fb5a-48ad-84b0-e839ab0f5057 ] Request (InstanceActionsTestJSON:tearDownClass): 200 GET http://10.180.1.21/compute/v2.1/servers/e1c123d7-cb49-4e2a-a70e-62866a17702f 0.745s
2025-11-17 14:37:42.457 66315 INFO tempest.lib.common.rest_client [req-731499ed-fe75-4969-b956-b5fdf45dee37 req-731499ed-fe75-4969-b956-b5fdf45dee37 ] Request (ListImageFiltersTestJSON:test_list_images_filter_by_changes_since): 200 GET http://10.180.1.21/compute/v2.1/images?changes-since=2025-11-17T14%3A35%3A21Z 0.707s
2025-11-17 14:37:42.651 66337 INFO tempest.lib.common.rest_client [req-b0268211-498a-4672-ab19-86fe53e60ad4 req-b0268211-498a-4672-ab19-86fe53e60ad4 ] Request (MigrationsAdminTest:test_resize_server_revert_deleted_flavor): 200 GET http://10.180.1.21/compute/v2.1/servers/3265bd0a-4ff8-4918-94db-af70314e84cf 0.867s
2025-11-17 14:37:42.698 66355 INFO tempest.lib.common.rest_client [req-3fed4d0e-8468-4adf-ac58-33b5154c49f1 req-3fed4d0e-8468-4adf-ac58-33b5154c49f1 ] Request (ServerActionsTestOtherA:test_rebuild_server_in_stop_state): 200 GET http://10.180.1.21/compute/v2.1/servers/ef772d2e-a2fd-4e58-af98-1e0599f28fbc 0.899s
2025-11-17 14:37:42.706 66355 INFO tempest.common.waiters [-] State transition "ACTIVE/powering-off" ==> "SHUTOFF/None" after 14 second wait
2025-11-17 14:37:42.785 66309 INFO tempest.lib.common.rest_client [req-9b50979b-0aee-43e6-9e04-37afcf2809c2 req-9b50979b-0aee-43e6-9e04-37afcf2809c2 ] Request (ServersListShow2100Test:test_list_show_rebuild_update_server_2100): 200 GET http://10.180.1.21/compute/v2.1/servers/ee345f1c-b3ae-48b8-959c-c0e5d33f136b 0.926s
2025-11-17 14:37:42.881 66363 INFO tempest.lib.common.rest_client [req-3b888a7f-84ce-45ec-a7a1-25b2eb09556d req-3b888a7f-84ce-45ec-a7a1-25b2eb09556d ] Request (ServerExternalEventsTest:tearDownClass): 200 GET http://10.180.1.21/compute/v2.1/servers/728a7240-9509-4449-a71d-44be5ae1e63c 0.998s
2025-11-17 14:37:42.971 66343 INFO tempest.lib.common.rest_client [req-cb17e2a4-11c1-4732-89bf-77d2db5d197d req-cb17e2a4-11c1-4732-89bf-77d2db5d197d ] Request (ServerAddressesNegativeTestJSON:tearDownClass): 200 GET http://10.180.1.21/compute/v2.1/servers/42681067-538e-43fe-8055-ea562909c5a8 1.038s
2025-11-17 14:37:43.025 66359 INFO tempest.lib.common.rest_client [req-e93c95a3-95fb-4076-aaf3-ed1782773407 req-e93c95a3-95fb-4076-aaf3-ed1782773407 ] Request (DeleteServersTestJSON:test_delete_server_while_in_shelved_state): 202 POST http://10.180.1.21/compute/v2.1/servers 1.219s
2025-11-17 14:37:43.193 66358 INFO tempest.lib.common.rest_client [req-26dbabba-cab7-40f5-baae-94a4dfba2a5b req-26dbabba-cab7-40f5-baae-94a4dfba2a5b ] Request (ImagesTestJSON:test_create_server_from_snapshot): 200 GET http://10.180.1.21/compute/v2.1/servers/5129b964-14d3-4417-8107-28ad1e7a43e3 1.039s
2025-11-17 14:37:43.214 66353 INFO tempest.lib.common.rest_client [req-7dbbbc1f-a418-4ce1-a08e-78bf5de58bb8 req-7dbbbc1f-a418-4ce1-a08e-78bf5de58bb8 ] Request (ServersTestManualDisk:setUpClass): 200 GET http://10.180.1.21/compute/v2.1/servers/f842bb4a-08fc-4160-9275-0a36c4f67de2 1.018s
2025-11-17 14:37:43.224 66353 INFO tempest.common.waiters [-] State transition "BUILD/networking" ==> "BUILD/spawning" after 59 second wait
2025-11-17 14:37:43.255 66315 INFO tempest.lib.common.rest_client [req-6f83235e-62d1-4990-9aa9-052b6a68b7c8 req-6f83235e-62d1-4990-9aa9-052b6a68b7c8 ] Request (ListImageFiltersTestJSON:test_list_images_filter_by_name): 200 GET http://10.180.1.21/compute/v2.1/images?name=tempest-ListImageFiltersTestJSON-image-1900476619 0.794s
2025-11-17 14:37:43.287 66349 INFO tempest.lib.common.rest_client [req-5fdee254-287b-4c1a-9c52-a40c05ee8706 req-5fdee254-287b-4c1a-9c52-a40c05ee8706 ] Request (ListServerFiltersTestJSON:tearDownClass): 200 GET http://10.180.1.21/compute/v2.1/servers/3308a205-c2bc-44c6-9f89-e7704d4774d1 0.726s
2025-11-17 14:37:43.321 66323 INFO tempest.lib.common.rest_client [req-fbb431dc-22c6-4421-921b-5994266dcf2c req-fbb431dc-22c6-4421-921b-5994266dcf2c ] Request (FloatingIPsAssociationNegativeTestJSON:tearDownClass): 200 GET http://10.180.1.21/compute/v2.1/servers/9e3679af-f405-4dc1-81c9-3e0ee90ce45c 0.747s
2025-11-17 14:37:43.339 66319 INFO tempest.lib.common.rest_client [req-780d2a4b-1e51-406d-813d-898065778e99 req-780d2a4b-1e51-406d-813d-898065778e99 ] Request (ImagesOneServerNegativeTestJSON:_run_cleanups): 200 GET http://10.180.1.21/compute/v2.1/servers/54d07e34-c120-4c93-a465-6410caa88121 0.694s
2025-11-17 14:37:43.395 66313 INFO tempest.lib.common.rest_client [req-c8e56b75-322a-464c-b168-be6c8bfe4e3f req-c8e56b75-322a-464c-b168-be6c8bfe4e3f ] Request (ServerRescueTestJSON:setUpClass): 200 GET http://10.180.1.21/compute/v2.1/servers/329ac5cc-582d-4ce9-8962-413086565e84 0.628s
2025-11-17 14:37:43.424 66355 INFO tempest.lib.common.rest_client [req-5c19c70d-7c9f-4f7b-9291-200c40d13505 req-5c19c70d-7c9f-4f7b-9291-200c40d13505 ] Request (ServerActionsTestOtherA:test_rebuild_server_in_stop_state): 200 GET http://10.180.1.21/compute/v2.1/servers/ef772d2e-a2fd-4e58-af98-1e0599f28fbc 0.717s
2025-11-17 14:37:43.446 66331 INFO tempest.lib.common.rest_client [req-fd0c3be9-85e3-4efe-bcec-7722c011db55 req-fd0c3be9-85e3-4efe-bcec-7722c011db55 ] Request (ServerGroupTestJSON:test_create_server_with_scheduler_hint_group): 200 GET http://10.180.1.21/compute/v2.1/servers/ef965056-5b15-4287-9530-6ec1c532cc6f 0.495s
2025-11-17 14:37:43.479 66339 INFO tempest.lib.common.rest_client [req-99381cc8-d1b0-4ce3-bffd-69ef1d15eac6 req-99381cc8-d1b0-4ce3-bffd-69ef1d15eac6 ] Request (ServerShowV247Test:test_update_rebuild_list_server): 200 GET http://10.180.1.21/compute/v2.1/servers/46e047d0-0d82-4fd9-8dde-8ea693f3fa37 0.508s
2025-11-17 14:37:43.493 66359 INFO tempest.lib.common.rest_client [req-61cae429-5815-43d7-94bb-f8b1fe72ad67 req-61cae429-5815-43d7-94bb-f8b1fe72ad67 ] Request (DeleteServersTestJSON:test_delete_server_while_in_shelved_state): 200 GET http://10.180.1.21/compute/v2.1/servers/084eb1a2-f187-47a0-aac8-bbf0b3611ed9 0.466s
2025-11-17 14:37:43.539 66345 INFO tempest.lib.common.rest_client [req-fbddcc67-e137-49b6-9da4-ec52eaed3ce2 req-fbddcc67-e137-49b6-9da4-ec52eaed3ce2 ] Request (ServerMetadataTestJSON:tearDownClass): 200 GET http://10.180.1.21/compute/v2.1/servers/ba6e4068-f940-428e-b415-b11f7ec83857 0.480s
2025-11-17 14:37:43.562 66317 INFO tempest.lib.common.rest_client [req-e922c0cf-76e1-4b40-a118-34c40358b5c3 req-e922c0cf-76e1-4b40-a118-34c40358b5c3 ] Request (ServersV294TestFqdnHostnames:tearDownClass): 200 GET http://10.180.1.21/compute/v2.1/servers/f5166917-734f-4c86-84ec-3b63ea129c5c 0.471s
2025-11-17 14:37:43.574 66317 INFO tempest.common.waiters [-] State transition "ACTIVE/deleting" ==> "DELETED/None" after 4 second wait
2025-11-17 14:37:43.609 66303 INFO tempest.lib.common.rest_client [req-1cf13c1e-3028-4c1f-86c7-b49b6ce5cafc req-1cf13c1e-3028-4c1f-86c7-b49b6ce5cafc ] Request (SecurityGroupsTestJSON:test_list_security_groups_by_server): 200 GET http://10.180.1.21/compute/v2.1/servers/a7c065af-ee14-4196-b7d9-4a0b7971b6ec 0.430s
2025-11-17 14:37:43.620 66315 INFO tempest.lib.common.rest_client [req-7b0601fa-dbdf-49fc-b5f3-c7143fd90482 req-7b0601fa-dbdf-49fc-b5f3-c7143fd90482 ] Request (ListImageFiltersTestJSON:test_list_images_filter_by_server_id): 200 GET http://10.180.1.21/compute/v2.1/images?server=ff72ebdf-fcd2-474f-b95c-951b3114f968 0.360s
2025-11-17 14:37:43.661 66305 INFO tempest.lib.common.rest_client [req-4d010f19-9722-4d99-8ef6-b10f51749867 req-4d010f19-9722-4d99-8ef6-b10f51749867 ] Request (ServersAdminTestJSON:test_create_server_with_scheduling_hint): 200 GET http://10.180.1.21/compute/v2.1/servers/e0ccc790-4442-451a-8b40-3357ef86807a 0.358s
2025-11-17 14:37:43.708 66311 INFO tempest.lib.common.rest_client [req-d2f8f5b7-6c84-4f3c-9c51-2016495107b5 req-d2f8f5b7-6c84-4f3c-9c51-2016495107b5 ] Request (ServerDiskConfigTestJSON:test_rebuild_server_with_auto_disk_config): 200 GET http://10.180.1.21/compute/v2.1/servers/d4899cd5-04a0-41a9-a70f-b235f279dcaa 0.349s
2025-11-17 14:37:43.712 66341 INFO tempest.lib.common.rest_client [req-bbdd96c6-7325-40e1-b8d6-9c4f8f5c40e0 req-bbdd96c6-7325-40e1-b8d6-9c4f8f5c40e0 ] Request (ServerActionsTestOtherB:setUpClass): 200 GET http://10.180.1.21/compute/v2.1/servers/811d8ad9-137c-4720-9c9b-071e4eb3f7ce 0.377s
2025-11-17 14:37:43.763 66329 INFO tempest.lib.common.rest_client [req-c6c17635-889f-491f-a3ef-88b9bc6114b4 req-c6c17635-889f-491f-a3ef-88b9bc6114b4 ] Request (ServerRescueNegativeTestJSON:setUpClass): 200 GET http://10.180.1.21/compute/v2.1/servers/d99d4515-7d38-46d6-9c66-457170cb3e52 0.373s
2025-11-17 14:37:43.824 66321 INFO tempest.lib.common.rest_client [req-fdc17848-78de-47ac-9d09-04fa6ee3273a req-fdc17848-78de-47ac-9d09-04fa6ee3273a ] Request (InstanceActionsTestJSON:tearDownClass): 200 GET http://10.180.1.21/compute/v2.1/servers/e1c123d7-cb49-4e2a-a70e-62866a17702f 0.390s
2025-11-17 14:37:43.862 66355 INFO tempest.lib.common.rest_client [req-5e88b5e6-a7b9-4ff0-87df-a89499eac0ad req-5e88b5e6-a7b9-4ff0-87df-a89499eac0ad ] Request (ServerActionsTestOtherA:tearDown): 200 GET http://10.180.1.21/compute/v2.1/servers/5446e063-a2b0-45ee-ac8b-a5e7fc6c77a8 0.429s
2025-11-17 14:37:43.871 66315 INFO tempest.lib.common.rest_client [req-6c8926e2-6287-4c75-86fe-d1b84d26e22e req-6c8926e2-6287-4c75-86fe-d1b84d26e22e ] Request (ListImageFiltersTestJSON:test_list_images_filter_by_server_ref): 200 GET http://10.180.1.21/compute/v2.1/images?server=http%3A%2F%2F10.180.1.21%2Fcompute%2Fv2.1%2Fservers%2F91bd0c31-6455-4d19-933f-c0546c1f2cd6 0.248s
2025-11-17 14:37:43.944 66309 INFO tempest.lib.common.rest_client [req-5e5f6a47-d486-4634-b260-b09e9be30bd1 req-5e5f6a47-d486-4634-b260-b09e9be30bd1 ] Request (ServersListShow2100Test:test_list_show_rebuild_update_server_2100): 200 GET http://10.180.1.21/compute/v2.1/servers/ee345f1c-b3ae-48b8-959c-c0e5d33f136b 0.145s
2025-11-17 14:37:44.026 66337 INFO tempest.lib.common.rest_client [req-6ee731a0-e185-47f0-a763-318a98a5c15d req-6ee731a0-e185-47f0-a763-318a98a5c15d ] Request (MigrationsAdminTest:test_resize_server_revert_deleted_flavor): 200 GET http://10.180.1.21/compute/v2.1/servers/3265bd0a-4ff8-4918-94db-af70314e84cf 0.367s
2025-11-17 14:37:44.032 66355 INFO tempest.lib.common.rest_client [req-25969e13-e72e-4e63-a5a3-5297e17e40c3 req-25969e13-e72e-4e63-a5a3-5297e17e40c3 ] Request (ServerActionsTestOtherA:_run_cleanups): 204 DELETE http://10.180.1.21/compute/v2.1/servers/ef772d2e-a2fd-4e58-af98-1e0599f28fbc 0.163s
2025-11-17 14:37:44.076 66315 INFO tempest.lib.common.rest_client [req-9ec7d041-aca6-44a0-a54e-b49d03829cb3 req-9ec7d041-aca6-44a0-a54e-b49d03829cb3 ] Request (ListImageFiltersTestJSON:test_list_images_filter_by_server_ref): 200 GET http://10.180.1.21/compute/v2.1/images?server=http%3A%2F%2F10.180.1.21%2Fcompute%2Fservers%2F91bd0c31-6455-4d19-933f-c0546c1f2cd6 0.203s
2025-11-17 14:37:44.089 66363 INFO tempest.lib.common.rest_client [req-5bd51cfb-71ef-4994-a96f-f0d1aba64b0b req-5bd51cfb-71ef-4994-a96f-f0d1aba64b0b ] Request (ServerExternalEventsTest:tearDownClass): 200 GET http://10.180.1.21/compute/v2.1/servers/728a7240-9509-4449-a71d-44be5ae1e63c 0.200s
2025-11-17 14:37:44.133 66343 INFO tempest.lib.common.rest_client [req-80730572-8598-4493-b271-52bc6bef1d6c req-80730572-8598-4493-b271-52bc6bef1d6c ] Request (ServerAddressesNegativeTestJSON:tearDownClass): 200 GET http://10.180.1.21/compute/v2.1/servers/42681067-538e-43fe-8055-ea562909c5a8 0.154s
