2025-11-17 14:33:55.273 66341 INFO tempest.lib.common.fixed_network [-] (ListServersNegativeTestJSON:setUpClass) Found network {'id': 'b396b1f6-a870-427e-87bc-012ec2907bf8', 'name': 'tempest-ListServersNegativeTestJSON-1208126554-network', 'tenant_id': '8b3e677561eb422ea1acd81bbdc611e0', 'project_id': '8b3e677561eb422ea1acd81bbdc611e0', 'admin_state_up': True, 'mtu': 8950, 'status': 'ACTIVE', 'subnets': [], 'shared': False, 'port_security_enabled': True, 'router:external': False, 'provider:network_type': 'vlan', 'provider:physical_network': 'default', 'provider:segmentation_id': 666, 'availability_zone_hints': [], 'availability_zones': [], 'ipv4_address_scope': None, 'ipv6_address_scope': None, 'description': '', 'tags': [], 'created_at': '2025-11-17T14:33:52Z', 'updated_at': '2025-11-17T14:33:52Z', 'revision_number': 1} available for tenant
2025-11-17 14:33:55.303 66347 INFO tempest.lib.common.rest_client [req-bbf767d9-23b2-4278-9dae-2d19e12db299 req-bbf767d9-23b2-4278-9dae-2d19e12db299 ] Request (ServerGroup264TestJSON:tearDownClass): 204 DELETE http://10.180.1.21/networking/v2.0/security-groups/bf076e77-47d4-42cd-b703-a205e35eb045 0.179s
2025-11-17 14:33:55.379 66307 INFO tempest.lib.common.rest_client [req-f3deaf9a-902b-44a9-b056-421013d2b001 req-f3deaf9a-902b-44a9-b056-421013d2b001 ] Request (HypervisorAdminNegativeTestJSON:test_get_hypervisor_uptime_with_non_admin_user): 200 GET http://10.180.1.21/compute/v2.1/os-hypervisors 5.902s
2025-11-17 14:33:55.386 66347 INFO tempest.lib.common.rest_client [req-6d4d4990-58c2-4dc7-891f-d691bc7dd58f req-6d4d4990-58c2-4dc7-891f-d691bc7dd58f ] Request (ServerGroup264TestJSON:tearDownClass): 204 DELETE http://10.180.1.21/identity/v3/projects/ad4c0839a2c648b39a21321ad754f1f2 0.083s
2025-11-17 14:33:55.403 66319 INFO tempest.lib.common.rest_client [req-0f7dcd57-a871-41a0-93d2-d81db4251797 req-0f7dcd57-a871-41a0-93d2-d81db4251797 ] Request (FlavorsExtraSpecsTestJSON:test_flavor_non_admin_get_specific_key): 200 GET http://10.180.1.21/compute/v2.1/flavors/393804052/os-extra_specs/hw:numa_nodes 5.895s
2025-11-17 14:33:55.408 66325 INFO tempest.lib.common.rest_client [req-43f8c5d4-9e53-410a-aadc-27028f9a8fa2 req-43f8c5d4-9e53-410a-aadc-27028f9a8fa2 ] Request (FlavorsExtraSpecsNegativeTestJSON:test_flavor_non_admin_unset_keys): 403 DELETE http://10.180.1.21/compute/v2.1/flavors/1639539567/os-extra_specs/hw:numa_nodes 5.875s
2025-11-17 14:33:55.470 66347 INFO tempest.lib.common.rest_client [req-51dcea47-a027-447a-a66b-5d5fde73832b req-51dcea47-a027-447a-a66b-5d5fde73832b ] Request (ServerMetadataNegativeTestJSON:setUpClass): 201 POST http://10.180.1.21/identity/v3/auth/tokens 0.082s
2025-11-17 14:33:55.533 66347 INFO tempest.lib.common.rest_client [req-453ef121-20c9-4f9b-8fd2-9c5596f14b8b req-453ef121-20c9-4f9b-8fd2-9c5596f14b8b ] Request (ServerMetadataNegativeTestJSON:setUpClass): 201 POST http://10.180.1.21/identity/v3/auth/tokens 0.060s
2025-11-17 14:33:55.560 66347 INFO tempest.lib.common.rest_client [req-db41ca83-36eb-40ee-b69c-f75293c45873 req-db41ca83-36eb-40ee-b69c-f75293c45873 ] Request (ServerMetadataNegativeTestJSON:setUpClass): 200 GET http://10.180.1.21/identity/v3/domains?name=Default 0.026s
2025-11-17 14:33:55.612 66347 INFO tempest.lib.common.rest_client [req-b05a9b7b-abb3-44f9-84ce-fdb73e2fa34e req-b05a9b7b-abb3-44f9-84ce-fdb73e2fa34e ] Request (ServerMetadataNegativeTestJSON:setUpClass): 201 POST http://10.180.1.21/identity/v3/projects 0.052s
2025-11-17 14:33:55.634 66353 INFO tempest.lib.common.rest_client [req-f685761a-f1f8-4341-bb30-278b27be3a4b req-f685761a-f1f8-4341-bb30-278b27be3a4b ] Request (QuotasAdminNegativeTest:_run_cleanups): 200 PUT http://10.180.1.21/compute/v2.1/os-quota-sets/40ac1f8c92e244369689456a22b8276f 6.015s
2025-11-17 14:33:55.646 66351 INFO tempest.lib.common.rest_client [req-c08a780f-fd14-4204-bfdc-3fb056a127a9 req-c08a780f-fd14-4204-bfdc-3fb056a127a9 ] Request (ServersWithSpecificFlavorTestJSON:test_verify_created_server_ephemeral_disk): 200 GET http://10.180.1.21/compute/v2.1/flavors/42/os-extra_specs 5.361s
2025-11-17 14:33:55.670 66365 INFO tempest.lib.common.rest_client [req-2b67c24a-b2eb-42af-b688-f1466ecfdb63 req-2b67c24a-b2eb-42af-b688-f1466ecfdb63 ] Request (FlavorsV261TestJSON:test_crud_flavor): 200 GET http://10.180.1.21/compute/v2.1/flavors 5.354s
2025-11-17 14:33:55.675 66313 INFO tempest.lib.common.rest_client [req-b68b8066-e002-4d8b-9788-c39322794a46 req-b68b8066-e002-4d8b-9788-c39322794a46 ] Request (HostsAdminNegativeTestJSON:test_startup_host_with_non_admin_user): 403 GET http://10.180.1.21/compute/v2.1/os-hosts/devstack/startup 5.324s
2025-11-17 14:33:55.694 66323 INFO tempest.lib.common.rest_client [req-6d9e6ff4-1d3f-49be-b1fb-40750ea2be87 req-6d9e6ff4-1d3f-49be-b1fb-40750ea2be87 ] Request (KeyPairsV210TestJSON:test_admin_manage_keypairs_for_other_users): 200 GET http://10.180.1.21/compute/v2.1/os-keypairs?user_id=2e5df0dabc5d4029bb23f47bf7ed0548 5.306s
2025-11-17 14:33:55.700 66347 INFO tempest.lib.common.rest_client [req-61ae52b7-b039-43ab-a554-62e263f9d270 req-61ae52b7-b039-43ab-a554-62e263f9d270 ] Request (ServerMetadataNegativeTestJSON:setUpClass): 201 POST http://10.180.1.21/identity/v3/users 0.087s
2025-11-17 14:33:55.729 66347 INFO tempest.lib.common.rest_client [req-6ad21903-78d5-46d0-ad92-370e5d61b480 req-6ad21903-78d5-46d0-ad92-370e5d61b480 ] Request (ServerMetadataNegativeTestJSON:setUpClass): 200 GET http://10.180.1.21/identity/v3/roles 0.028s
2025-11-17 14:33:55.778 66347 INFO tempest.lib.common.rest_client [req-1161620a-9dff-468e-b4cb-2c4b913fab81 req-1161620a-9dff-468e-b4cb-2c4b913fab81 ] Request (ServerMetadataNegativeTestJSON:setUpClass): 204 PUT http://10.180.1.21/identity/v3/projects/4d7c5652855e4e95a307f33d3c10960d/users/e482a85546434b02b8514d40e79b8c5a/roles/f90f3b9106134b4b80ef4af5c4f707ec 0.048s
2025-11-17 14:33:55.778 66347 INFO tempest.lib.common.dynamic_creds [-] Dynamic test user e482a85546434b02b8514d40e79b8c5a is created with scope project and roles: ['member']
2025-11-17 14:33:55.778 66347 INFO tempest.lib.common.dynamic_creds [-] Acquired dynamic creds: credentials: Credentials: {'domain_id': 'default', 'domain_name': 'Default', 'username': 'tempest-ServerMetadataNegativeTestJSON-1465186634-project-member', 'project_domain_id': 'default', 'project_domain_name': 'Default', 'project_id': '4d7c5652855e4e95a307f33d3c10960d', 'project_name': 'tempest-ServerMetadataNegativeTestJSON-1465186634', 'tenant_id': '4d7c5652855e4e95a307f33d3c10960d', 'tenant_name': 'tempest-ServerMetadataNegativeTestJSON-1465186634', 'user_domain_id': 'default', 'user_domain_name': 'Default', 'user_id': 'e482a85546434b02b8514d40e79b8c5a', 'system': None}, Network: None, Subnet: None, Router: None
2025-11-17 14:33:55.813 66358 INFO tempest.lib.common.rest_client [req-054f13d2-c00c-4ced-9170-d75d0e4a7815 req-054f13d2-c00c-4ced-9170-d75d0e4a7815 ] Request (ImagesTestJSON:setUpClass): 201 POST http://10.180.1.21/networking/v2.0/networks 0.578s
2025-11-17 14:33:55.844 66347 INFO tempest.lib.common.rest_client [req-051b01c8-b065-4acd-a441-c4590fe20011 req-051b01c8-b065-4acd-a441-c4590fe20011 ] Request (ServerMetadataNegativeTestJSON:setUpClass): 201 POST http://10.180.1.21/identity/v3/auth/tokens 0.065s
2025-11-17 14:33:56.178 66358 INFO tempest.lib.common.rest_client [req-92eb8441-bfaa-44d4-9dde-b3505a3556c6 req-92eb8441-bfaa-44d4-9dde-b3505a3556c6 ] Request (ImagesTestJSON:setUpClass): 201 POST http://10.180.1.21/networking/v2.0/subnets 0.364s
2025-11-17 14:33:56.443 66347 INFO tempest.lib.common.rest_client [req-377723ee-fade-41c2-b5fd-e55e8e669f55 req-377723ee-fade-41c2-b5fd-e55e8e669f55 ] Request (ServerMetadataNegativeTestJSON:setUpClass): 201 POST http://10.180.1.21/networking/v2.0/networks 0.599s
2025-11-17 14:33:56.825 66335 INFO tempest.lib.common.rest_client [req-119db169-3393-4b56-923c-bb08b022f1ef req-119db169-3393-4b56-923c-bb08b022f1ef ] Request (TenantUsagesTestJSON:setUpClass): 200 GET http://10.180.1.21/compute/v2.1/servers/d7cb07dc-a6fb-4d7d-ade6-e326a31d2a34 6.346s
2025-11-17 14:33:56.832 66335 INFO tempest.common.waiters [-] State transition "BUILD/None" ==> "BUILD/spawning" after 7 second wait
2025-11-17 14:33:57.309 66347 INFO tempest.lib.common.rest_client [req-7bcc15e7-7e67-464f-83a7-db974e4cc42f req-7bcc15e7-7e67-464f-83a7-db974e4cc42f ] Request (ServerMetadataNegativeTestJSON:setUpClass): 201 POST http://10.180.1.21/networking/v2.0/subnets 0.865s
2025-11-17 14:33:57.505 66358 INFO tempest.lib.common.rest_client [req-63c3cf3f-92a9-481d-8530-284d3f086678 req-63c3cf3f-92a9-481d-8530-284d3f086678 ] Request (ImagesTestJSON:setUpClass): 201 POST http://10.180.1.21/networking/v2.0/routers 1.327s
2025-11-17 14:33:58.557 66358 INFO tempest.lib.common.rest_client [req-35f179f3-54d7-4ce3-97af-76111aab85f5 req-35f179f3-54d7-4ce3-97af-76111aab85f5 ] Request (ImagesTestJSON:setUpClass): 200 PUT http://10.180.1.21/networking/v2.0/routers/8d0131bd-5ec4-43d4-88e9-bb433c8fc2aa/add_router_interface 1.051s
2025-11-17 14:33:58.557 66358 INFO tempest.lib.common.dynamic_creds [-] Created isolated network resources for: credentials: Credentials: {'domain_id': 'default', 'domain_name': 'Default', 'username': 'tempest-ImagesTestJSON-2069280092-project-member', 'project_domain_id': 'default', 'project_domain_name': 'Default', 'project_id': '59c3ca780ae44e508b7c75bd4d59fc90', 'project_name': 'tempest-ImagesTestJSON-2069280092', 'tenant_id': '59c3ca780ae44e508b7c75bd4d59fc90', 'tenant_name': 'tempest-ImagesTestJSON-2069280092', 'user_domain_id': 'default', 'user_domain_name': 'Default', 'user_id': 'f240f9afeeb34dc39424691c792e4c7a', 'system': None}, Network: {'id': '28b5f1a4-9791-4f8f-aa9b-f4297aba89f5', 'name': 'tempest-ImagesTestJSON-167146164-network', 'tenant_id': '59c3ca780ae44e508b7c75bd4d59fc90', 'project_id': '59c3ca780ae44e508b7c75bd4d59fc90', 'admin_state_up': True, 'mtu': 8950, 'status': 'ACTIVE', 'subnets': [], 'shared': False, 'port_security_enabled': True, 'router:external': False, 'provider:network_type': 'vlan', 'provider:physical_network': 'default', 'provider:segmentation_id': 39, 'availability_zone_hints': [], 'availability_zones': [], 'ipv4_address_scope': None, 'ipv6_address_scope': None, 'description': '', 'tags': [], 'created_at': '2025-11-17T14:33:55Z', 'updated_at': '2025-11-17T14:33:55Z', 'revision_number': 1}, Subnet: {'id': '738d21cd-468f-4777-85d1-3064d69ce3ae', 'name': 'tempest-ImagesTestJSON-167146164-subnet', 'tenant_id': '59c3ca780ae44e508b7c75bd4d59fc90', 'network_id': '28b5f1a4-9791-4f8f-aa9b-f4297aba89f5', 'ip_version': 4, 'subnetpool_id': None, 'enable_dhcp': True, 'ipv6_ra_mode': None, 'ipv6_address_mode': None, 'gateway_ip': '192.168.128.1', 'cidr': '192.168.128.0/28', 'allocation_pools': [{'start': '192.168.128.2', 'end': '192.168.128.14'}], 'host_routes': [], 'dns_nameservers': [], 'description': '', 'router:external': False, 'service_types': [], 'tags': [], 'created_at': '2025-11-17T14:33:56Z', 'updated_at': '2025-11-17T14:33:56Z', 'revision_number': 0, 'project_id': '59c3ca780ae44e508b7c75bd4d59fc90'}, Router: {'id': '8d0131bd-5ec4-43d4-88e9-bb433c8fc2aa', 'name': 'tempest-ImagesTestJSON-167146164-router', 'tenant_id': '59c3ca780ae44e508b7c75bd4d59fc90', 'admin_state_up': True, 'status': 'ACTIVE', 'external_gateway_info': {'network_id': 'edb4681e-d15f-40d7-bb23-fe500af538f7', 'external_fixed_ips': [{'subnet_id': '164dfb00-053a-4c9d-aeec-67980205d700', 'ip_address': '10.180.180.137'}], 'enable_snat': True}, 'description': '', 'availability_zones': [], 'distributed': False, 'ha': False, 'availability_zone_hints': [], 'routes': [], 'flavor_id': None, 'tags': [], 'created_at': '2025-11-17T14:33:56Z', 'updated_at': '2025-11-17T14:33:57Z', 'revision_number': 2, 'project_id': '59c3ca780ae44e508b7c75bd4d59fc90'}
2025-11-17 14:33:58.669 66358 INFO tempest.lib.common.rest_client [req-3ec4c375-f9f3-4780-8176-f392755a86aa req-3ec4c375-f9f3-4780-8176-f392755a86aa ] Request (ImagesTestJSON:setUpClass): 201 POST http://10.180.1.21/identity/v3/auth/tokens 0.105s
2025-11-17 14:33:58.706 66358 INFO tempest.lib.common.rest_client [req-fcefd0c5-f0ad-4215-bb19-718c50431ffc req-fcefd0c5-f0ad-4215-bb19-718c50431ffc ] Request (ImagesTestJSON:test_create_image_from_stopped_server): 201 POST http://10.180.1.21/identity/v3/auth/tokens 0.033s
2025-11-17 14:33:58.706 66358 INFO tempest.lib.common.fixed_network [-] (ImagesTestJSON:test_create_image_from_stopped_server) Found network {'id': '28b5f1a4-9791-4f8f-aa9b-f4297aba89f5', 'name': 'tempest-ImagesTestJSON-167146164-network', 'tenant_id': '59c3ca780ae44e508b7c75bd4d59fc90', 'project_id': '59c3ca780ae44e508b7c75bd4d59fc90', 'admin_state_up': True, 'mtu': 8950, 'status': 'ACTIVE', 'subnets': [], 'shared': False, 'port_security_enabled': True, 'router:external': False, 'provider:network_type': 'vlan', 'provider:physical_network': 'default', 'provider:segmentation_id': 39, 'availability_zone_hints': [], 'availability_zones': [], 'ipv4_address_scope': None, 'ipv6_address_scope': None, 'description': '', 'tags': [], 'created_at': '2025-11-17T14:33:55Z', 'updated_at': '2025-11-17T14:33:55Z', 'revision_number': 1} available for tenant
2025-11-17 14:33:58.756 66347 INFO tempest.lib.common.rest_client [req-a930adce-2f72-4e4a-98e6-202835fdfdac req-a930adce-2f72-4e4a-98e6-202835fdfdac ] Request (ServerMetadataNegativeTestJSON:setUpClass): 201 POST http://10.180.1.21/networking/v2.0/routers 1.446s
2025-11-17 14:33:58.904 66363 INFO tempest.lib.common.rest_client [req-1f61e558-61b1-4ea7-ae65-42eab3cefd02 req-1f61e558-61b1-4ea7-ae65-42eab3cefd02 ] Request (VolumesAssistedSnapshotsTest:test_volume_assisted_snapshot_create_delete): 202 POST http://10.180.1.21/compute/v2.1/servers 9.590s
2025-11-17 14:34:00.378 66347 INFO tempest.lib.common.rest_client [req-ca1e85d5-9a3a-4182-a3d0-b5cd62360cc0 req-ca1e85d5-9a3a-4182-a3d0-b5cd62360cc0 ] Request (ServerMetadataNegativeTestJSON:setUpClass): 200 PUT http://10.180.1.21/networking/v2.0/routers/e2d9a106-c3bb-4a01-a7cb-295a4bd66bf6/add_router_interface 1.620s
2025-11-17 14:34:00.378 66347 INFO tempest.lib.common.dynamic_creds [-] Created isolated network resources for: credentials: Credentials: {'domain_id': 'default', 'domain_name': 'Default', 'username': 'tempest-ServerMetadataNegativeTestJSON-1465186634-project-member', 'project_domain_id': 'default', 'project_domain_name': 'Default', 'project_id': '4d7c5652855e4e95a307f33d3c10960d', 'project_name': 'tempest-ServerMetadataNegativeTestJSON-1465186634', 'tenant_id': '4d7c5652855e4e95a307f33d3c10960d', 'tenant_name': 'tempest-ServerMetadataNegativeTestJSON-1465186634', 'user_domain_id': 'default', 'user_domain_name': 'Default', 'user_id': 'e482a85546434b02b8514d40e79b8c5a', 'system': None}, Network: {'id': 'f6c32224-16bd-480d-9560-4901e4b85b4f', 'name': 'tempest-ServerMetadataNegativeTestJSON-1248980364-network', 'tenant_id': '4d7c5652855e4e95a307f33d3c10960d', 'project_id': '4d7c5652855e4e95a307f33d3c10960d', 'admin_state_up': True, 'mtu': 8950, 'status': 'ACTIVE', 'subnets': [], 'shared': False, 'port_security_enabled': True, 'router:external': False, 'provider:network_type': 'vlan', 'provider:physical_network': 'default', 'provider:segmentation_id': 178, 'availability_zone_hints': [], 'availability_zones': [], 'ipv4_address_scope': None, 'ipv6_address_scope': None, 'description': '', 'tags': [], 'created_at': '2025-11-17T14:33:56Z', 'updated_at': '2025-11-17T14:33:56Z', 'revision_number': 1}, Subnet: {'id': '53050771-7118-4565-8902-41f359c6b4ff', 'name': 'tempest-ServerMetadataNegativeTestJSON-1248980364-subnet', 'tenant_id': '4d7c5652855e4e95a307f33d3c10960d', 'network_id': 'f6c32224-16bd-480d-9560-4901e4b85b4f', 'ip_version': 4, 'subnetpool_id': None, 'enable_dhcp': True, 'ipv6_ra_mode': None, 'ipv6_address_mode': None, 'gateway_ip': '192.168.128.1', 'cidr': '192.168.128.0/28', 'allocation_pools': [{'start': '192.168.128.2', 'end': '192.168.128.14'}], 'host_routes': [], 'dns_nameservers': [], 'description': '', 'router:external': False, 'service_types': [], 'tags': [], 'created_at': '2025-11-17T14:33:57Z', 'updated_at': '2025-11-17T14:33:57Z', 'revision_number': 0, 'project_id': '4d7c5652855e4e95a307f33d3c10960d'}, Router: {'id': 'e2d9a106-c3bb-4a01-a7cb-295a4bd66bf6', 'name': 'tempest-ServerMetadataNegativeTestJSON-1248980364-router', 'tenant_id': '4d7c5652855e4e95a307f33d3c10960d', 'admin_state_up': True, 'status': 'ACTIVE', 'external_gateway_info': {'network_id': 'edb4681e-d15f-40d7-bb23-fe500af538f7', 'external_fixed_ips': [{'subnet_id': '164dfb00-053a-4c9d-aeec-67980205d700', 'ip_address': '10.180.180.159'}], 'enable_snat': True}, 'description': '', 'availability_zones': [], 'distributed': False, 'ha': False, 'availability_zone_hints': [], 'routes': [], 'flavor_id': None, 'tags': [], 'created_at': '2025-11-17T14:33:57Z', 'updated_at': '2025-11-17T14:33:58Z', 'revision_number': 2, 'project_id': '4d7c5652855e4e95a307f33d3c10960d'}
2025-11-17 14:34:00.477 66347 INFO tempest.lib.common.rest_client [req-b8436c06-9f37-4e73-acd9-c8c9f26e7b2c req-b8436c06-9f37-4e73-acd9-c8c9f26e7b2c ] Request (ServerMetadataNegativeTestJSON:setUpClass): 201 POST http://10.180.1.21/identity/v3/auth/tokens 0.096s
2025-11-17 14:34:00.478 66347 WARNING tempest.lib.common.rest_client [-] Deprecated: "tenant_id" property is deprecated for removal, use "project_id" instead
2025-11-17 14:34:00.522 66347 INFO tempest.lib.common.rest_client [req-5cf859d7-052c-4a01-8474-d39cebc339b7 req-5cf859d7-052c-4a01-8474-d39cebc339b7 ] Request (ServerMetadataNegativeTestJSON:setUpClass): 201 POST http://10.180.1.21/identity/v3/auth/tokens 0.038s
2025-11-17 14:34:00.523 66347 INFO tempest.lib.common.fixed_network [-] (ServerMetadataNegativeTestJSON:setUpClass) Found network {'id': 'f6c32224-16bd-480d-9560-4901e4b85b4f', 'name': 'tempest-ServerMetadataNegativeTestJSON-1248980364-network', 'tenant_id': '4d7c5652855e4e95a307f33d3c10960d', 'project_id': '4d7c5652855e4e95a307f33d3c10960d', 'admin_state_up': True, 'mtu': 8950, 'status': 'ACTIVE', 'subnets': [], 'shared': False, 'port_security_enabled': True, 'router:external': False, 'provider:network_type': 'vlan', 'provider:physical_network': 'default', 'provider:segmentation_id': 178, 'availability_zone_hints': [], 'availability_zones': [], 'ipv4_address_scope': None, 'ipv6_address_scope': None, 'description': '', 'tags': [], 'created_at': '2025-11-17T14:33:56Z', 'updated_at': '2025-11-17T14:33:56Z', 'revision_number': 1} available for tenant
2025-11-17 14:34:01.202 66311 INFO tempest.lib.common.rest_client [req-247db7d3-0bba-4cbf-be58-7881432172c7 req-247db7d3-0bba-4cbf-be58-7881432172c7 ] Request (ServersAdminNegativeTestJSON:setUpClass): 200 GET http://10.180.1.21/compute/v2.1/servers/2f6d4f72-e713-4422-9e72-ca261477d545 10.049s
2025-11-17 14:34:01.210 66311 INFO tempest.common.waiters [-] State transition "BUILD/spawning" ==> "ACTIVE/None" after 16 second wait
2025-11-17 14:34:01.367 66317 INFO tempest.lib.common.rest_client [req-6162d3fe-aa29-4167-a6ec-70f1fa91af0a req-6162d3fe-aa29-4167-a6ec-70f1fa91af0a ] Request (FlavorsAccessTestJSON:test_flavor_access_add_remove): 200 POST http://10.180.1.21/compute/v2.1/flavors/59309780/action 10.188s
2025-11-17 14:34:01.439 66361 INFO tempest.lib.common.rest_client [req-bab4e557-9c04-48c9-a9a6-713e9a88d551 req-bab4e557-9c04-48c9-a9a6-713e9a88d551 ] Request (ExtensionsTest:test_get_extension): 200 GET http://10.180.1.21/compute/v2.1/extensions/os-consoles 9.484s
2025-11-17 14:34:03.610 66337 INFO tempest.lib.common.rest_client [req-4dbe650a-2ad9-4c8d-8763-7006dfb3bea3 req-4dbe650a-2ad9-4c8d-8763-7006dfb3bea3 ] Request (MigrationsAdminTest:test_list_migrations_in_flavor_resize_situation): 200 GET http://10.180.1.21/compute/v2.1/servers/abc18c43-9ef2-4c48-93d9-36c42dfd5178 10.905s
2025-11-17 14:34:03.799 66343 INFO tempest.lib.common.rest_client [req-c0cc9cf5-21ec-4f2b-8780-85b598290fe7 req-c0cc9cf5-21ec-4f2b-8780-85b598290fe7 ] Request (DeleteServersAdminTestJSON:test_admin_delete_servers_of_others): 200 GET http://10.180.1.21/compute/v2.1/servers/a5ce250d-bf00-4b41-8581-930e9aa0debe 10.500s
2025-11-17 14:34:03.809 66343 INFO tempest.common.waiters [-] State transition "BUILD/spawning" ==> "ACTIVE/None" after 25 second wait
2025-11-17 14:34:03.881 66359 INFO tempest.lib.common.rest_client [req-e70a6c4f-7bca-4fd3-99f5-ea9c66cfdb5c req-e70a6c4f-7bca-4fd3-99f5-ea9c66cfdb5c ] Request (ImagesDeleteNegativeTestJSON:test_delete_image_blank_id): 404 DELETE http://10.180.1.21/compute/v2.1/images/ 10.167s
2025-11-17 14:34:04.171 66339 INFO tempest.lib.common.rest_client [req-2654c417-9860-406e-bec8-be2db20b837e req-2654c417-9860-406e-bec8-be2db20b837e ] Request (ServersTestMultiNic:test_verify_duplicate_network_nics): 200 GET http://10.180.1.21/compute/v2.1/servers/b1f9a306-6b07-400a-9eb6-d2021587c4c7 10.341s
2025-11-17 14:34:04.182 66339 INFO tempest.common.waiters [-] State transition "BUILD/None" ==> "BUILD/spawning" after 12 second wait
2025-11-17 14:34:04.197 66303 INFO tempest.lib.common.rest_client [req-9a54b93e-0537-46b3-8007-0ca9bcb4f342 req-9a54b93e-0537-46b3-8007-0ca9bcb4f342 ] Request (FlavorsAdminTestJSON:_run_cleanups): 202 DELETE http://10.180.1.21/compute/v2.1/flavors/1687668252 9.945s
2025-11-17 14:34:04.279 66305 INFO tempest.lib.common.rest_client [req-92e2b461-73fb-4acb-b56d-b5e67cc7f79e req-92e2b461-73fb-4acb-b56d-b5e67cc7f79e ] Request (QuotasAdminTestJSON:test_delete_quota): 200 GET http://10.180.1.21/compute/v2.1/os-quota-sets/fb532100bedd4147ba36131e4ccf30e8 10.002s
2025-11-17 14:34:04.296 66327 INFO tempest.lib.common.rest_client [req-0451df32-f2ea-46c6-b36a-149c021d381c req-0451df32-f2ea-46c6-b36a-149c021d381c ] Request (FlavorsV255TestJSON:_run_cleanups): 202 DELETE http://10.180.1.21/compute/v2.1/flavors/1062254165 9.979s
2025-11-17 14:34:04.322 66333 INFO tempest.lib.common.rest_client [req-a8102d2f-c4d7-4b64-bd84-e7662adeb582 req-a8102d2f-c4d7-4b64-bd84-e7662adeb582 ] Request (AggregatesAdminNegativeTestJSON:_run_cleanups): 200 DELETE http://10.180.1.21/compute/v2.1/os-aggregates/1 9.897s
2025-11-17 14:34:04.338 66349 INFO tempest.lib.common.rest_client [req-722dc031-db50-4d68-b45f-5a91d277f61d req-722dc031-db50-4d68-b45f-5a91d277f61d ] Request (FlavorsAccessNegativeTestJSON:_run_cleanups): 202 DELETE http://10.180.1.21/compute/v2.1/flavors/775878621 9.792s
2025-11-17 14:34:04.348 66315 INFO tempest.lib.common.rest_client [req-1527add6-7893-4edd-9e25-4a02dec1e3bb req-1527add6-7893-4edd-9e25-4a02dec1e3bb ] Request (HypervisorAdminNegativeUnderV252Test:test_show_servers_with_nonexistent_hypervisor): 404 GET http://10.180.1.21/compute/v2.1/os-hypervisors/cc8e0418-9a12-41b1-80c9-778072d31fb8/servers 9.798s
2025-11-17 14:34:04.370 66305 INFO tempest.lib.common.rest_client [req-fd53a8f8-52fe-44b5-9410-a6a1b6fbe124 req-fd53a8f8-52fe-44b5-9410-a6a1b6fbe124 ] Request (QuotasAdminTestJSON:_run_cleanups): 204 DELETE http://10.180.1.21/identity/v3/projects/fb532100bedd4147ba36131e4ccf30e8 0.088s
2025-11-17 14:34:04.520 66315 INFO tempest.lib.common.rest_client [req-3eb290a2-913c-4fdd-ba3e-9fdce880561e req-3eb290a2-913c-4fdd-ba3e-9fdce880561e ] Request (HypervisorAdminNegativeUnderV252Test:tearDownClass): 204 DELETE http://10.180.1.21/identity/v3/users/0b43c4f2d9dc44388d13c34aaaeac7da 0.171s
2025-11-17 14:34:04.646 66315 INFO tempest.lib.common.rest_client [req-8c36c507-3301-4340-9cdd-37306b5cb7a1 req-8c36c507-3301-4340-9cdd-37306b5cb7a1 ] Request (HypervisorAdminNegativeUnderV252Test:tearDownClass): 204 DELETE http://10.180.1.21/identity/v3/users/055493c5404f46c98f3a1707a13ed829 0.125s
2025-11-17 14:34:04.647 66315 INFO tempest.lib.common.dynamic_creds [-] Deleting project and security group for project: e12f9eab2178475594d508c54d7d7b4e
2025-11-17 14:34:04.717 66315 INFO tempest.lib.common.rest_client [req-a74d7156-0632-4300-8e0a-e6489b70ed85 req-a74d7156-0632-4300-8e0a-e6489b70ed85 ] Request (HypervisorAdminNegativeUnderV252Test:tearDownClass): 201 POST http://10.180.1.21/identity/v3/auth/tokens 0.070s
2025-11-17 14:34:05.889 66329 INFO tempest.lib.common.rest_client [req-a7c97c62-f95d-42dc-96ec-da576968d28f req-a7c97c62-f95d-42dc-96ec-da576968d28f ] Request (FloatingIPsAssociationTestJSON:setUpClass): 200 GET http://10.180.1.21/compute/v2.1/servers/c827472c-405c-4df1-8c05-b139c8b3ebce 10.685s
2025-11-17 14:34:05.898 66329 INFO tempest.common.waiters [-] State transition "BUILD/None" ==> "BUILD/spawning" after 11 second wait
2025-11-17 14:34:05.979 66315 INFO tempest.lib.common.rest_client [req-691831e3-7d05-4d0c-86ee-5ae907097bc3 req-691831e3-7d05-4d0c-86ee-5ae907097bc3 ] Request (HypervisorAdminNegativeUnderV252Test:tearDownClass): 200 GET http://10.180.1.21/networking/v2.0/security-groups?tenant_id=e12f9eab2178475594d508c54d7d7b4e&name=default 1.261s
2025-11-17 14:34:06.101 66315 INFO tempest.lib.common.rest_client [req-d9809a05-4df0-43a3-86d7-3e5288e0553d req-d9809a05-4df0-43a3-86d7-3e5288e0553d ] Request (HypervisorAdminNegativeUnderV252Test:tearDownClass): 204 DELETE http://10.180.1.21/networking/v2.0/security-groups/85407883-f227-4e40-93d5-afcec98f7219 0.122s
2025-11-17 14:34:06.180 66315 INFO tempest.lib.common.rest_client [req-030e586c-2f0e-42ca-b88a-67815dc373d4 req-030e586c-2f0e-42ca-b88a-67815dc373d4 ] Request (HypervisorAdminNegativeUnderV252Test:tearDownClass): 204 DELETE http://10.180.1.21/identity/v3/projects/e12f9eab2178475594d508c54d7d7b4e 0.078s
2025-11-17 14:34:06.180 66315 INFO tempest.lib.common.dynamic_creds [-] Deleting project and security group for project: f26753d20a004faab7cf37ac9e195bc6
2025-11-17 14:34:06.311 66315 INFO tempest.lib.common.rest_client [req-fdc9f7b9-c3a8-4033-91e0-eb7fb488c7d4 req-fdc9f7b9-c3a8-4033-91e0-eb7fb488c7d4 ] Request (HypervisorAdminNegativeUnderV252Test:tearDownClass): 200 GET http://10.180.1.21/networking/v2.0/security-groups?tenant_id=f26753d20a004faab7cf37ac9e195bc6&name=default 0.131s
2025-11-17 14:34:06.418 66315 INFO tempest.lib.common.rest_client [req-0ec10599-33a5-4acb-b236-55f36aa88c62 req-0ec10599-33a5-4acb-b236-55f36aa88c62 ] Request (HypervisorAdminNegativeUnderV252Test:tearDownClass): 204 DELETE http://10.180.1.21/networking/v2.0/security-groups/e63fee8b-0429-427d-9f90-8bb53876fea3 0.106s
2025-11-17 14:34:06.495 66341 INFO tempest.lib.common.rest_client [req-1ec77201-5dc9-45c8-84c0-244aba002648 req-1ec77201-5dc9-45c8-84c0-244aba002648 ] Request (ListServersNegativeTestJSON:setUpClass): 202 POST http://10.180.1.21/compute/v2.1/servers 11.221s
2025-11-17 14:34:06.525 66315 INFO tempest.lib.common.rest_client [req-cfd2eb40-2526-4fab-af86-f621f83f8123 req-cfd2eb40-2526-4fab-af86-f621f83f8123 ] Request (HypervisorAdminNegativeUnderV252Test:tearDownClass): 204 DELETE http://10.180.1.21/identity/v3/projects/f26753d20a004faab7cf37ac9e195bc6 0.106s
2025-11-17 14:34:06.526 66315 INFO tempest.test [-] raised in LiveMigrationNegativeTest.setUpClass. Invoking tearDownClass.
2025-11-17 14:34:06.593 66315 INFO tempest.lib.common.rest_client [req-35b92c85-e8fe-4290-8e09-188c1cfca610 req-35b92c85-e8fe-4290-8e09-188c1cfca610 ] Request (QuotaClassesAdminTestJSON:setUpClass): 201 POST http://10.180.1.21/identity/v3/auth/tokens 0.065s
2025-11-17 14:34:06.635 66315 INFO tempest.lib.common.rest_client [req-a356629b-d555-4b18-a923-104918cc4c3d req-a356629b-d555-4b18-a923-104918cc4c3d ] Request (QuotaClassesAdminTestJSON:setUpClass): 201 POST http://10.180.1.21/identity/v3/auth/tokens 0.037s
2025-11-17 14:34:06.666 66309 INFO tempest.lib.common.rest_client [req-66648463-f94a-493e-8c6e-62112333c07a req-66648463-f94a-493e-8c6e-62112333c07a ] Request (ImagesNegativeTestJSON:test_create_image_from_deleted_server): 200 GET http://10.180.1.21/compute/v2.1/servers/bec0be17-439e-4e61-9693-81031e2b3581 11.391s
2025-11-17 14:34:06.667 66315 INFO tempest.lib.common.rest_client [req-85cd2b70-e189-4fc9-a153-329fac11fec9 req-85cd2b70-e189-4fc9-a153-329fac11fec9 ] Request (QuotaClassesAdminTestJSON:setUpClass): 200 GET http://10.180.1.21/identity/v3/domains?name=Default 0.031s
2025-11-17 14:34:06.674 66307 INFO tempest.lib.common.rest_client [req-2d8c7083-7df9-44c6-b1fb-f16a916492ff req-2d8c7083-7df9-44c6-b1fb-f16a916492ff ] Request (HypervisorAdminNegativeTestJSON:test_get_hypervisor_uptime_with_non_admin_user): 403 GET http://10.180.1.21/compute/v2.1/os-hypervisors/1/uptime 11.292s
2025-11-17 14:34:06.675 66309 INFO tempest.common.waiters [-] State transition "BUILD/spawning" ==> "ACTIVE/None" after 19 second wait
2025-11-17 14:34:06.697 66319 INFO tempest.lib.common.rest_client [req-a2d8d4b3-8fc9-4afa-bbca-6fd826a1ff24 req-a2d8d4b3-8fc9-4afa-bbca-6fd826a1ff24 ] Request (FlavorsExtraSpecsTestJSON:test_flavor_set_get_update_show_unset_keys): 200 POST http://10.180.1.21/compute/v2.1/flavors/393804052/os-extra_specs 11.292s
2025-11-17 14:34:06.700 66315 INFO tempest.lib.common.rest_client [req-0055266a-eb8b-4a84-a8c6-cfebe9445806 req-0055266a-eb8b-4a84-a8c6-cfebe9445806 ] Request (QuotaClassesAdminTestJSON:setUpClass): 201 POST http://10.180.1.21/identity/v3/projects 0.032s
2025-11-17 14:34:06.728 66325 INFO tempest.lib.common.rest_client [req-166f013c-1014-4b82-8752-fd288f6e052f req-166f013c-1014-4b82-8752-fd288f6e052f ] Request (FlavorsExtraSpecsNegativeTestJSON:test_flavor_non_admin_update_specific_key): 200 POST http://10.180.1.21/compute/v2.1/flavors/1639539567/os-extra_specs 11.318s
2025-11-17 14:34:06.793 66315 INFO tempest.lib.common.rest_client [req-167c3a12-3e1b-4692-8bca-a256c4b9a18b req-167c3a12-3e1b-4692-8bca-a256c4b9a18b ] Request (QuotaClassesAdminTestJSON:setUpClass): 201 POST http://10.180.1.21/identity/v3/users 0.092s
2025-11-17 14:34:06.822 66315 INFO tempest.lib.common.rest_client [req-28423376-e1ef-43d4-831d-e595beca4810 req-28423376-e1ef-43d4-831d-e595beca4810 ] Request (QuotaClassesAdminTestJSON:setUpClass): 200 GET http://10.180.1.21/identity/v3/roles 0.028s
2025-11-17 14:34:06.849 66315 INFO tempest.lib.common.rest_client [req-8df1e54d-1a24-4631-85ad-3d516228b863 req-8df1e54d-1a24-4631-85ad-3d516228b863 ] Request (QuotaClassesAdminTestJSON:setUpClass): 204 PUT http://10.180.1.21/identity/v3/projects/67f03fba44eb44d182578e53380c2360/users/b9b7bf821e3647d4805969671913e612/roles/f90f3b9106134b4b80ef4af5c4f707ec 0.026s
2025-11-17 14:34:06.849 66315 INFO tempest.lib.common.dynamic_creds [-] Dynamic test user b9b7bf821e3647d4805969671913e612 is created with scope project and roles: ['member']
2025-11-17 14:34:06.849 66315 INFO tempest.lib.common.dynamic_creds [-] Acquired dynamic creds: credentials: Credentials: {'domain_id': 'default', 'domain_name': 'Default', 'username': 'tempest-QuotaClassesAdminTestJSON-1065119416-project-member', 'project_domain_id': 'default', 'project_domain_name': 'Default', 'project_id': '67f03fba44eb44d182578e53380c2360', 'project_name': 'tempest-QuotaClassesAdminTestJSON-1065119416', 'tenant_id': '67f03fba44eb44d182578e53380c2360', 'tenant_name': 'tempest-QuotaClassesAdminTestJSON-1065119416', 'user_domain_id': 'default', 'user_domain_name': 'Default', 'user_id': 'b9b7bf821e3647d4805969671913e612', 'system': None}, Network: None, Subnet: None, Router: None
2025-11-17 14:34:06.849 66315 INFO tempest.lib.common.dynamic_creds [-] Created isolated network resources for: credentials: Credentials: {'domain_id': 'default', 'domain_name': 'Default', 'username': 'tempest-QuotaClassesAdminTestJSON-1065119416-project-member', 'project_domain_id': 'default', 'project_domain_name': 'Default', 'project_id': '67f03fba44eb44d182578e53380c2360', 'project_name': 'tempest-QuotaClassesAdminTestJSON-1065119416', 'tenant_id': '67f03fba44eb44d182578e53380c2360', 'tenant_name': 'tempest-QuotaClassesAdminTestJSON-1065119416', 'user_domain_id': 'default', 'user_domain_name': 'Default', 'user_id': 'b9b7bf821e3647d4805969671913e612', 'system': None}, Network: None, Subnet: None, Router: None
2025-11-17 14:34:06.932 66315 INFO tempest.lib.common.rest_client [req-5c8eca66-c167-4112-bc18-9017750f246a req-5c8eca66-c167-4112-bc18-9017750f246a ] Request (QuotaClassesAdminTestJSON:setUpClass): 201 POST http://10.180.1.21/identity/v3/auth/tokens 0.079s
2025-11-17 14:34:06.937 66353 INFO tempest.lib.common.rest_client [req-765d3d33-de58-43a7-9cce-4d84a4ade832 req-765d3d33-de58-43a7-9cce-4d84a4ade832 ] Request (QuotasAdminNegativeTest:test_create_server_when_instances_quota_is_full): 200 GET http://10.180.1.21/compute/v2.1/os-quota-sets/40ac1f8c92e244369689456a22b8276f 11.294s
2025-11-17 14:34:06.940 66345 INFO tempest.lib.common.rest_client [req-29cd07e2-3ad1-48d7-bb4a-0480afdca4b4 req-29cd07e2-3ad1-48d7-bb4a-0480afdca4b4 ] Request (SecurityGroupsTestAdminJSON:test_list_security_groups_list_all_tenants_filter): 200 GET http://10.180.1.21/compute/v2.1/os-security-groups?all_tenants=true 15.885s
2025-11-17 14:34:06.953 66351 INFO tempest.lib.common.rest_client [req-d54f1831-16d3-4bb1-ba0c-bf07d4d40de7 req-d54f1831-16d3-4bb1-ba0c-bf07d4d40de7 ] Request (ServersWithSpecificFlavorTestJSON:test_verify_created_server_ephemeral_disk): 200 POST http://10.180.1.21/compute/v2.1/flavors/1096760194/os-extra_specs 11.305s
2025-11-17 14:34:06.960 66365 INFO tempest.lib.common.rest_client [req-d8ed2958-a42b-4135-a406-9989904961ea req-d8ed2958-a42b-4135-a406-9989904961ea ] Request (FlavorsV261TestJSON:_run_cleanups): 202 DELETE http://10.180.1.21/compute/v2.1/flavors/1448002190 11.284s
2025-11-17 14:34:06.969 66313 INFO tempest.lib.common.rest_client [req-f52b11ef-5351-40d6-bef2-16c25fcc95ca req-f52b11ef-5351-40d6-bef2-16c25fcc95ca ] Request (HostsAdminNegativeTestJSON:test_startup_nonexistent_host): 404 GET http://10.180.1.21/compute/v2.1/os-hosts/nonexistent_hostname/startup 11.292s
2025-11-17 14:34:06.982 66323 INFO tempest.lib.common.rest_client [req-e9529f21-460f-4a70-b417-b3820c13ac73 req-e9529f21-460f-4a70-b417-b3820c13ac73 ] Request (KeyPairsV210TestJSON:_run_cleanups): 204 DELETE http://10.180.1.21/compute/v2.1/os-keypairs/tempest-KeyPairsV210TestJSON-keypair-155379023 11.285s
2025-11-17 14:34:07.028 66315 INFO tempest.lib.common.rest_client [req-147f7442-5c32-406c-8745-dedced6c951a req-147f7442-5c32-406c-8745-dedced6c951a ] Request (QuotaClassesAdminTestJSON:setUpClass): 201 POST http://10.180.1.21/identity/v3/projects 0.095s
2025-11-17 14:34:07.109 66315 INFO tempest.lib.common.rest_client [req-b8d071ee-485b-4809-aa26-675b34f352a6 req-b8d071ee-485b-4809-aa26-675b34f352a6 ] Request (QuotaClassesAdminTestJSON:setUpClass): 201 POST http://10.180.1.21/identity/v3/users 0.080s
2025-11-17 14:34:07.137 66321 INFO tempest.lib.common.rest_client [req-dbc73c50-d2ce-471c-ab2d-c78d3c5ddad4 req-dbc73c50-d2ce-471c-ab2d-c78d3c5ddad4 ] Request (ImagesOneServerTestJSON:setUpClass): 200 GET http://10.180.1.21/compute/v2.1/servers/347c9a1e-b3ff-4ae7-af85-d0b2c90b5aae 10.969s
2025-11-17 14:34:07.141 66315 INFO tempest.lib.common.rest_client [req-d7784cfd-1b57-4f59-ac22-822a3d1bc4b8 req-d7784cfd-1b57-4f59-ac22-822a3d1bc4b8 ] Request (QuotaClassesAdminTestJSON:setUpClass): 200 GET http://10.180.1.21/identity/v3/roles 0.032s
2025-11-17 14:34:07.143 66355 INFO tempest.lib.common.rest_client [req-b0fa8f27-809b-4df6-990b-59208b45d81e req-b0fa8f27-809b-4df6-990b-59208b45d81e ] Request (InstanceActionsNegativeTestJSON:setUpClass): 200 GET http://10.180.1.21/compute/v2.1/servers/8d3fdc05-3b8e-4db1-9c39-a14d344a0bab 10.951s
2025-11-17 14:34:07.145 66321 INFO tempest.common.waiters [-] State transition "BUILD/spawning" ==> "ACTIVE/None" after 20 second wait
2025-11-17 14:34:07.166 66355 INFO tempest.common.waiters [-] State transition "BUILD/spawning" ==> "ACTIVE/None" after 19 second wait
2025-11-17 14:34:07.190 66315 INFO tempest.lib.common.rest_client [req-01c8a456-46a0-4f50-bf46-19e153ca2482 req-01c8a456-46a0-4f50-bf46-19e153ca2482 ] Request (QuotaClassesAdminTestJSON:setUpClass): 204 PUT http://10.180.1.21/identity/v3/projects/dbb367cbc97f4acdb51f17f0282ad774/users/9ebdee8c63a5486a8ef89b43d361fd4e/roles/f9616465cfab4d83af74f750904d9593 0.048s
2025-11-17 14:34:07.253 66315 INFO tempest.lib.common.rest_client [req-8c4b5b0d-c7e2-4e5d-a5e3-83cb921a573a req-8c4b5b0d-c7e2-4e5d-a5e3-83cb921a573a ] Request (QuotaClassesAdminTestJSON:setUpClass): 200 GET http://10.180.1.21/identity/v3/roles 0.062s
2025-11-17 14:34:07.273 66315 INFO tempest.lib.common.rest_client [req-1ea9b2f2-f107-4af1-b7f7-8c14907059b5 req-1ea9b2f2-f107-4af1-b7f7-8c14907059b5 ] Request (QuotaClassesAdminTestJSON:setUpClass): 204 PUT http://10.180.1.21/identity/v3/projects/dbb367cbc97f4acdb51f17f0282ad774/users/9ebdee8c63a5486a8ef89b43d361fd4e/roles/f9616465cfab4d83af74f750904d9593 0.019s
2025-11-17 14:34:07.274 66315 INFO tempest.lib.common.dynamic_creds [-] Dynamic test user 9ebdee8c63a5486a8ef89b43d361fd4e is created with scope project and roles: ['admin']
2025-11-17 14:34:07.274 66315 INFO tempest.lib.common.dynamic_creds [-] Acquired dynamic creds: credentials: Credentials: {'domain_id': 'default', 'domain_name': 'Default', 'username': 'tempest-QuotaClassesAdminTestJSON-394887481-project-admin', 'project_domain_id': 'default', 'project_domain_name': 'Default', 'project_id': 'dbb367cbc97f4acdb51f17f0282ad774', 'project_name': 'tempest-QuotaClassesAdminTestJSON-394887481', 'tenant_id': 'dbb367cbc97f4acdb51f17f0282ad774', 'tenant_name': 'tempest-QuotaClassesAdminTestJSON-394887481', 'user_domain_id': 'default', 'user_domain_name': 'Default', 'user_id': '9ebdee8c63a5486a8ef89b43d361fd4e', 'system': None}, Network: None, Subnet: None, Router: None
2025-11-17 14:34:07.274 66315 INFO tempest.lib.common.dynamic_creds [-] Created isolated network resources for: credentials: Credentials: {'domain_id': 'default', 'domain_name': 'Default', 'username': 'tempest-QuotaClassesAdminTestJSON-394887481-project-admin', 'project_domain_id': 'default', 'project_domain_name': 'Default', 'project_id': 'dbb367cbc97f4acdb51f17f0282ad774', 'project_name': 'tempest-QuotaClassesAdminTestJSON-394887481', 'tenant_id': 'dbb367cbc97f4acdb51f17f0282ad774', 'tenant_name': 'tempest-QuotaClassesAdminTestJSON-394887481', 'user_domain_id': 'default', 'user_domain_name': 'Default', 'user_id': '9ebdee8c63a5486a8ef89b43d361fd4e', 'system': None}, Network: None, Subnet: None, Router: None
2025-11-17 14:34:07.308 66335 INFO tempest.lib.common.rest_client [req-a84a3727-04e8-4bf4-a5aa-5b6fb317ac38 req-a84a3727-04e8-4bf4-a5aa-5b6fb317ac38 ] Request (TenantUsagesTestJSON:setUpClass): 200 GET http://10.180.1.21/compute/v2.1/servers/d7cb07dc-a6fb-4d7d-ade6-e326a31d2a34 9.474s
2025-11-17 14:34:07.363 66315 INFO tempest.lib.common.rest_client [req-9077907b-bf15-4865-b3d5-93cec072dc38 req-9077907b-bf15-4865-b3d5-93cec072dc38 ] Request (QuotaClassesAdminTestJSON:setUpClass): 201 POST http://10.180.1.21/identity/v3/auth/tokens 0.087s
2025-11-17 14:34:07.445 66363 INFO tempest.lib.common.rest_client [req-e108f2ec-4bfe-42e8-aa5e-6b04c80e8be6 req-e108f2ec-4bfe-42e8-aa5e-6b04c80e8be6 ] Request (VolumesAssistedSnapshotsTest:test_volume_assisted_snapshot_create_delete): 200 GET http://10.180.1.21/compute/v2.1/servers/4f12a59e-86bb-42a6-908c-3469b9e476d1 8.536s
2025-11-17 14:34:07.817 66358 INFO tempest.lib.common.rest_client [req-b716b437-ac60-4f18-8b6e-9877d2d61da1 req-b716b437-ac60-4f18-8b6e-9877d2d61da1 ] Request (ImagesTestJSON:test_create_image_from_stopped_server): 202 POST http://10.180.1.21/compute/v2.1/servers 9.110s
2025-11-17 14:34:07.939 66311 INFO tempest.lib.common.rest_client [req-1b6c5071-b0a7-482d-9b0c-f034ba8585cd req-1b6c5071-b0a7-482d-9b0c-f034ba8585cd ] Request (ServersAdminNegativeTestJSON:test_migrate_non_existent_server): 404 POST http://10.180.1.21/compute/v2.1/servers/acd1fb0c-c83b-49aa-8c7c-b986fbec2a32/action 6.728s
2025-11-17 14:34:08.014 66311 INFO tempest.lib.common.rest_client [req-1b381dd7-0701-430a-8d7e-8c71039cc673 req-1b381dd7-0701-430a-8d7e-8c71039cc673 ] Request (ServersAdminNegativeTestJSON:test_migrate_server_invalid_state): 201 POST http://10.180.1.21/identity/v3/auth/tokens 0.066s
2025-11-17 14:34:08.015 66311 INFO tempest.lib.common.fixed_network [-] (ServersAdminNegativeTestJSON:test_migrate_server_invalid_state) Found network None available for tenant
2025-11-17 14:34:08.021 66347 INFO tempest.lib.common.rest_client [req-ab73015b-9390-4405-8769-4da03eecad71 req-ab73015b-9390-4405-8769-4da03eecad71 ] Request (ServerMetadataNegativeTestJSON:setUpClass): 202 POST http://10.180.1.21/compute/v2.1/servers 7.497s
2025-11-17 14:34:08.025 66317 INFO tempest.lib.common.rest_client [req-cc3dd6f7-6b64-4e89-9083-80fc4a5db267 req-cc3dd6f7-6b64-4e89-9083-80fc4a5db267 ] Request (FlavorsAccessTestJSON:test_flavor_access_add_remove): 200 GET http://10.180.1.21/compute/v2.1/flavors/detail 6.657s
2025-11-17 14:34:08.038 66361 INFO tempest.lib.common.rest_client [req-c6075e68-9af7-4efc-9a3d-e87bda9000eb req-c6075e68-9af7-4efc-9a3d-e87bda9000eb ] Request (ExtensionsTest:test_list_extensions): 200 GET http://10.180.1.21/compute/v2.1/extensions 6.598s
2025-11-17 14:34:08.056 66359 INFO tempest.lib.common.rest_client [req-ad43dbae-6795-4a11-95a4-ce498abd449e req-ad43dbae-6795-4a11-95a4-ce498abd449e ] Request (ImagesDeleteNegativeTestJSON:test_delete_image_negative_image_id): 404 DELETE http://10.180.1.21/compute/v2.1/images/-1 4.174s
2025-11-17 14:34:08.080 66303 INFO tempest.lib.common.rest_client [req-c9000c5a-da32-4f7f-888f-caacb788b8ce req-c9000c5a-da32-4f7f-888f-caacb788b8ce ] Request (FlavorsAdminTestJSON:_run_cleanups): 200 GET http://10.180.1.21/compute/v2.1/flavors/detail 3.882s
2025-11-17 14:34:08.105 66327 INFO tempest.lib.common.rest_client [req-5b1d745c-3932-4943-a5fb-e0e75d8c3a3d req-5b1d745c-3932-4943-a5fb-e0e75d8c3a3d ] Request (FlavorsV255TestJSON:_run_cleanups): 200 GET http://10.180.1.21/compute/v2.1/flavors/detail 3.808s
2025-11-17 14:34:08.137 66331 INFO tempest.lib.common.rest_client [req-703a9eee-0e4b-41e4-8fef-3748ae3d27ed req-703a9eee-0e4b-41e4-8fef-3748ae3d27ed ] Request (HostsAdminTestJSON:test_list_hosts_with_zone): 200 GET http://10.180.1.21/compute/v2.1/os-hosts 3.813s
2025-11-17 14:34:08.167 66333 INFO tempest.lib.common.rest_client [req-c6b0f988-0278-4a1c-a792-7291434d7b6a req-c6b0f988-0278-4a1c-a792-7291434d7b6a ] Request (AggregatesAdminNegativeTestJSON:test_aggregate_add_host_as_user): 200 POST http://10.180.1.21/compute/v2.1/os-aggregates 3.837s
2025-11-17 14:34:08.196 66361 INFO tempest.lib.common.rest_client [req-411dcfd9-20be-4ee9-8c37-33c9858e68af req-411dcfd9-20be-4ee9-8c37-33c9858e68af ] Request (ExtensionsTest:tearDownClass): 204 DELETE http://10.180.1.21/identity/v3/users/24c423b6575a41babb47e056e4f8a682 0.142s
2025-11-17 14:34:08.196 66361 INFO tempest.lib.common.dynamic_creds [-] Deleting project and security group for project: decc15dd70244d049f2e272d7711ca13
2025-11-17 14:34:08.200 66349 INFO tempest.lib.common.rest_client [req-1de72270-bfbb-4b4f-b52a-1a9ad47bc2ae req-1de72270-bfbb-4b4f-b52a-1a9ad47bc2ae ] Request (FlavorsAccessNegativeTestJSON:_run_cleanups): 200 GET http://10.180.1.21/compute/v2.1/flavors/detail 3.862s
2025-11-17 14:34:08.218 66327 INFO tempest.lib.common.rest_client [req-cf4a4d4a-e2e3-4a0d-9cca-8f74884ef75a req-cf4a4d4a-e2e3-4a0d-9cca-8f74884ef75a ] Request (FlavorsV255TestJSON:tearDownClass): 204 DELETE http://10.180.1.21/identity/v3/users/2741fdea1472489080d08463deee5bfe 0.097s
2025-11-17 14:34:08.269 66361 INFO tempest.lib.common.rest_client [req-93646c6f-d6fb-410d-8325-df7f729eab4b req-93646c6f-d6fb-410d-8325-df7f729eab4b ] Request (ExtensionsTest:tearDownClass): 201 POST http://10.180.1.21/identity/v3/auth/tokens 0.072s
2025-11-17 14:34:08.276 66343 INFO tempest.lib.common.rest_client [req-7d26c792-31e8-446f-bf06-c57e045913d6 req-7d26c792-31e8-446f-bf06-c57e045913d6 ] Request (DeleteServersAdminTestJSON:test_admin_delete_servers_of_others): 204 DELETE http://10.180.1.21/compute/v2.1/servers/a5ce250d-bf00-4b41-8581-930e9aa0debe 4.467s
2025-11-17 14:34:08.329 66327 INFO tempest.lib.common.rest_client [req-8acda828-fa21-4955-aed8-f9b818046f6d req-8acda828-fa21-4955-aed8-f9b818046f6d ] Request (FlavorsV255TestJSON:tearDownClass): 204 DELETE http://10.180.1.21/identity/v3/users/56adbd28b21f4ef882c10c06a53ba157 0.110s
2025-11-17 14:34:08.329 66327 INFO tempest.lib.common.dynamic_creds [-] Deleting project and security group for project: 531ecf0265c9438c896b04a1f451c825
2025-11-17 14:34:08.452 66337 INFO tempest.lib.common.rest_client [req-53cecb1d-c834-4c2b-ae8d-79080fad4bb9 req-53cecb1d-c834-4c2b-ae8d-79080fad4bb9 ] Request (MigrationsAdminTest:test_list_migrations_in_flavor_resize_situation): 200 GET http://10.180.1.21/compute/v2.1/servers/abc18c43-9ef2-4c48-93d9-36c42dfd5178 3.827s
2025-11-17 14:34:08.458 66327 INFO tempest.lib.common.rest_client [req-ea35d137-ffd9-4dc7-8cab-59f7e7e9fb90 req-ea35d137-ffd9-4dc7-8cab-59f7e7e9fb90 ] Request (FlavorsV255TestJSON:tearDownClass): 201 POST http://10.180.1.21/identity/v3/auth/tokens 0.129s
2025-11-17 14:34:08.466 66305 INFO tempest.lib.common.rest_client [req-c5382f11-80ef-4bd3-89b3-e1e590b79635 req-c5382f11-80ef-4bd3-89b3-e1e590b79635 ] Request (QuotasAdminTestJSON:test_get_default_quotas): 200 GET http://10.180.1.21/compute/v2.1/os-quota-sets/7c2a367df62648ee9d2ea9fd85fa6f01/defaults 4.089s
2025-11-17 14:34:08.510 66305 INFO tempest.lib.common.rest_client [req-9d662749-450c-4692-a4e1-04a5b5c98633 req-9d662749-450c-4692-a4e1-04a5b5c98633 ] Request (QuotasAdminTestJSON:test_get_updated_quotas): 200 GET http://10.180.1.21/identity/v3/domains?name=Default 0.037s
2025-11-17 14:34:08.548 66305 INFO tempest.lib.common.rest_client [req-9a37e0dc-c596-4156-8525-9dd24f9166d3 req-9a37e0dc-c596-4156-8525-9dd24f9166d3 ] Request (QuotasAdminTestJSON:test_get_updated_quotas): 201 POST http://10.180.1.21/identity/v3/projects 0.037s
2025-11-17 14:34:08.554 66361 INFO tempest.lib.common.rest_client [req-c1bb0230-ebcc-4e56-bcf5-caf3dca019ad req-c1bb0230-ebcc-4e56-bcf5-caf3dca019ad ] Request (ExtensionsTest:tearDownClass): 200 GET http://10.180.1.21/networking/v2.0/security-groups?tenant_id=decc15dd70244d049f2e272d7711ca13&name=default 0.285s
2025-11-17 14:34:08.590 66341 INFO tempest.lib.common.rest_client [req-e9de476a-da3a-474c-94ab-1bb110721ce1 req-e9de476a-da3a-474c-94ab-1bb110721ce1 ] Request (ListServersNegativeTestJSON:setUpClass): 200 GET http://10.180.1.21/compute/v2.1/servers 2.093s
2025-11-17 14:34:08.597 66307 INFO tempest.lib.common.rest_client [req-f4c16f87-e490-448a-a685-ddecf4ffbd98 req-f4c16f87-e490-448a-a685-ddecf4ffbd98 ] Request (HypervisorAdminNegativeTestJSON:test_get_nonexistent_hypervisor_uptime): 404 GET http://10.180.1.21/compute/v2.1/os-hypervisors/9c8e6cea-c552-408e-b701-a7e05cfabe43/uptime 1.921s
2025-11-17 14:34:08.603 66327 INFO tempest.lib.common.rest_client [req-bb7bd82b-c345-4df3-9c1b-2d32c2ab8396 req-bb7bd82b-c345-4df3-9c1b-2d32c2ab8396 ] Request (FlavorsV255TestJSON:tearDownClass): 200 GET http://10.180.1.21/networking/v2.0/security-groups?tenant_id=531ecf0265c9438c896b04a1f451c825&name=default 0.144s
2025-11-17 14:34:08.634 66305 INFO tempest.lib.common.rest_client [req-bdf1cd47-e485-415e-af23-58d02308a986 req-bdf1cd47-e485-415e-af23-58d02308a986 ] Request (QuotasAdminTestJSON:test_get_updated_quotas): 200 GET http://10.180.1.21/identity/v3/domains?name=Default 0.086s
2025-11-17 14:34:08.719 66361 INFO tempest.lib.common.rest_client [req-7df42792-9bdc-4c0e-9ff8-bb3ee246117f req-7df42792-9bdc-4c0e-9ff8-bb3ee246117f ] Request (ExtensionsTest:tearDownClass): 204 DELETE http://10.180.1.21/networking/v2.0/security-groups/ddc4641c-8df4-4e8c-9e87-1b0465684cd9 0.164s
2025-11-17 14:34:08.750 66309 INFO tempest.lib.common.rest_client [req-8de388ea-8634-4d3b-9a44-ec62541c3c64 req-8de388ea-8634-4d3b-9a44-ec62541c3c64 ] Request (ImagesNegativeTestJSON:test_create_image_from_deleted_server): 204 DELETE http://10.180.1.21/compute/v2.1/servers/bec0be17-439e-4e61-9693-81031e2b3581 2.074s
2025-11-17 14:34:08.752 66339 INFO tempest.lib.common.rest_client [req-a84a19d3-1168-46c8-98f1-8be9f5b364cc req-a84a19d3-1168-46c8-98f1-8be9f5b364cc ] Request (ServersTestMultiNic:test_verify_duplicate_network_nics): 200 GET http://10.180.1.21/compute/v2.1/servers/b1f9a306-6b07-400a-9eb6-d2021587c4c7 3.568s
2025-11-17 14:34:08.762 66325 INFO tempest.lib.common.rest_client [req-b0954f70-f905-4c86-bb1a-1b343cfe904b req-b0954f70-f905-4c86-bb1a-1b343cfe904b ] Request (FlavorsExtraSpecsNegativeTestJSON:test_flavor_non_admin_update_specific_key): 403 PUT http://10.180.1.21/compute/v2.1/flavors/1639539567/os-extra_specs/hw:numa_nodes 2.032s
2025-11-17 14:34:08.766 66319 INFO tempest.lib.common.rest_client [req-15f180e3-7922-4a8b-8824-48690f9cea12 req-15f180e3-7922-4a8b-8824-48690f9cea12 ] Request (FlavorsExtraSpecsTestJSON:test_flavor_set_get_update_show_unset_keys): 200 GET http://10.180.1.21/compute/v2.1/flavors/393804052/os-extra_specs 2.068s
2025-11-17 14:34:08.809 66327 INFO tempest.lib.common.rest_client [req-6c56c63d-f100-4674-b925-b3de0264df8a req-6c56c63d-f100-4674-b925-b3de0264df8a ] Request (FlavorsV255TestJSON:tearDownClass): 204 DELETE http://10.180.1.21/networking/v2.0/security-groups/804a1167-b2ad-4d13-9bde-1b6ecaddbab2 0.206s
2025-11-17 14:34:08.844 66361 INFO tempest.lib.common.rest_client [req-5ba70b3c-b19c-4221-9365-bcd942b0b19e req-5ba70b3c-b19c-4221-9365-bcd942b0b19e ] Request (ExtensionsTest:tearDownClass): 204 DELETE http://10.180.1.21/identity/v3/projects/decc15dd70244d049f2e272d7711ca13 0.124s
2025-11-17 14:34:08.916 66329 INFO tempest.lib.common.rest_client [req-dfd31a4c-bc4f-4050-8601-dbb2f13782c4 req-dfd31a4c-bc4f-4050-8601-dbb2f13782c4 ] Request (FloatingIPsAssociationTestJSON:setUpClass): 200 GET http://10.180.1.21/compute/v2.1/servers/c827472c-405c-4df1-8c05-b139c8b3ebce 2.017s
2025-11-17 14:34:08.935 66327 INFO tempest.lib.common.rest_client [req-31a8c762-3849-498f-8a63-603508f0ddf4 req-31a8c762-3849-498f-8a63-603508f0ddf4 ] Request (FlavorsV255TestJSON:tearDownClass): 204 DELETE http://10.180.1.21/identity/v3/projects/531ecf0265c9438c896b04a1f451c825 0.124s
2025-11-17 14:34:08.935 66327 INFO tempest.lib.common.dynamic_creds [-] Deleting project and security group for project: 6b3f531aa7dc4e3ab78aa12869b38477
