2025-11-19 16:57:15.569 66985 INFO tempest.lib.common.rest_client [req-f2e10e4d-73d0-459c-8535-feaf470068aa req-f2e10e4d-73d0-459c-8535-feaf470068aa ] Request (ServersAdminTestJSON:tearDownClass): 200 GET http://10.180.1.21/compute/v2.1/servers/bb2e4242-beb0-46c0-a4d1-1615edf5bb0d 0.301s
2025-11-19 16:57:15.612 66947 INFO tempest.lib.common.rest_client [req-f6a42026-be2f-4884-99e7-7a9d599010c4 req-f6a42026-be2f-4884-99e7-7a9d599010c4 ] Request (SecurityGroupsTestJSON:tearDownClass): 200 GET http://10.180.1.21/compute/v2.1/servers/66a4484b-ca7b-435d-80d1-3082bb755dbc 0.260s
2025-11-19 16:57:15.648 66961 INFO tempest.lib.common.rest_client [req-7cbb9002-8093-48d3-9a93-06805d7c0b0e req-7cbb9002-8093-48d3-9a93-06805d7c0b0e ] Request (ServerShowV257Test:tearDownClass): 200 GET http://10.180.1.21/compute/v2.1/servers/8a05f4fd-1db0-4a47-b08b-5df254485e54 0.211s
2025-11-19 16:57:15.673 66959 INFO tempest.lib.common.rest_client [req-9bf1a079-09bc-4b8c-8972-59e06c7209c5 req-9bf1a079-09bc-4b8c-8972-59e06c7209c5 ] Request (ServersAaction247Test:test_create_backup): 200 GET http://10.180.1.21/compute/v2.1/servers/36269093-767c-4413-a10f-b26230271d7d 0.119s
2025-11-19 16:57:15.745 66941 INFO tempest.lib.common.rest_client [req-5c15a107-4f98-4071-b4b5-5f77949d7d57 req-5c15a107-4f98-4071-b4b5-5f77949d7d57 ] Request (ServersTestJSON:_run_cleanups): 200 GET http://10.180.1.21/compute/v2.1/servers/c1f555e3-5e9a-4f94-9b13-44e6eb4bf7a8 0.114s
2025-11-19 16:57:15.759 66935 INFO tempest.lib.common.rest_client [req-9c4f7e0e-7301-4f4d-a2e6-27a0a0e2ffe2 req-9c4f7e0e-7301-4f4d-a2e6-27a0a0e2ffe2 ] Request (ListImageFiltersTestJSON:setUpClass): 200 GET http://10.180.1.21/compute/v2.1/servers/eeec93fc-fb0b-4a58-a4ba-a9eab2cb835a 0.183s
2025-11-19 16:57:15.822 66969 INFO tempest.lib.common.rest_client [req-8a2d4a26-2636-4ef5-8f82-51a4e3210706 req-8a2d4a26-2636-4ef5-8f82-51a4e3210706 ] Request (ListServerFiltersTestJSON:tearDownClass): 200 GET http://10.180.1.21/compute/v2.1/servers/917af1ac-b703-4b2c-8ae8-e49e567d274c 0.163s
2025-11-19 16:57:15.831 66937 INFO tempest.lib.common.rest_client [req-7b85224d-fb56-4ee7-9fa3-a0f8892b8fd8 req-7b85224d-fb56-4ee7-9fa3-a0f8892b8fd8 ] Request (ServerDiagnosticsNegativeTest:tearDownClass): 200 GET http://10.180.1.21/compute/v2.1/servers/9d4db367-9f42-4a7e-a4cd-82d71cbdf27a 0.124s
2025-11-19 16:57:15.881 66995 INFO tempest.lib.common.rest_client [req-e44e1177-3614-49b8-9f61-8ffd0b2c8c9d req-e44e1177-3614-49b8-9f61-8ffd0b2c8c9d ] Request (ServerRescueNegativeTestJSON:test_rescued_vm_detach_volume): 200 GET http://10.180.1.21/compute/v2.1/servers/1553d982-4486-42a3-9b56-09562396bdcd 0.111s
2025-11-19 16:57:15.928 66983 INFO tempest.lib.common.rest_client [req-2445d1e1-4e08-4893-b02a-b394c942fef3 req-2445d1e1-4e08-4893-b02a-b394c942fef3 ] Request (ServerAddressesTestJSON:tearDownClass): 200 GET http://10.180.1.21/compute/v2.1/servers/255498ab-39c8-454c-af35-82c8dfd06813 0.081s
2025-11-19 16:57:15.949 66939 WARNING tempest.lib.common.ssh [-] Failed to establish authenticated ssh connection to cirros@10.180.180.248 ([Errno None] Unable to connect to port 22 on 10.180.180.248). Number attempts: 2. Retry after 3 seconds.: paramiko.ssh_exception.NoValidConnectionsError: [Errno None] Unable to connect to port 22 on 10.180.180.248
2025-11-19 16:57:15.989 66987 INFO tempest.lib.common.rest_client [req-b7cbceac-ca6d-411c-8e30-6b35672149a8 req-b7cbceac-ca6d-411c-8e30-6b35672149a8 ] Request (ServerDiskConfigTestJSON:test_rebuild_server_with_auto_disk_config): 200 GET http://10.180.1.21/compute/v2.1/servers/db5c4646-3cfa-42ba-a5e9-0835a083b7c4 0.075s
2025-11-19 16:57:16.018 66963 INFO tempest.lib.common.rest_client [req-af5569ae-d7a3-4986-a7b2-3820d7f4efd1 req-af5569ae-d7a3-4986-a7b2-3820d7f4efd1 ] Request (ListServersNegativeTestJSON:tearDownClass): 200 GET http://10.180.1.21/compute/v2.1/servers/e4fbe49b-ba1e-4f71-8dcf-a09767e68fc5 0.130s
2025-11-19 16:57:16.026 66967 INFO tempest.lib.common.rest_client [req-f8d19692-8368-4c9e-9175-eab19073a7ac req-f8d19692-8368-4c9e-9175-eab19073a7ac ] Request (ImagesTestJSON:test_create_image_from_stopped_server): 200 GET http://10.180.1.21/compute/v2.1/images/ffea3a78-a87d-4041-b39b-7f444212b7db 0.077s
2025-11-19 16:57:16.074 66977 INFO tempest.lib.common.rest_client [req-6062b0fc-4cf4-4e5e-a184-a8b4b8523fa7 req-6062b0fc-4cf4-4e5e-a184-a8b4b8523fa7 ] Request (ServerRescueTestJSONUnderV235:setUpClass): 200 GET http://10.180.1.21/compute/v2.1/servers/db196889-1f7d-441d-84fb-ba19fe04661a 0.117s
2025-11-19 16:57:16.126 66965 INFO tempest.lib.common.rest_client [req-2566eae5-bb92-43ce-aa8e-e9b58b2ca200 req-2566eae5-bb92-43ce-aa8e-e9b58b2ca200 ] Request (AttachInterfacesTestJSON:test_create_list_show_delete_interfaces_by_fixed_ip): 200 GET http://10.180.1.21/compute/v2.1/servers/478a03f8-f353-4788-8f9b-f95a3f157eaa 0.064s
2025-11-19 16:57:16.208 66943 INFO tempest.lib.common.rest_client [req-046d882c-104c-4af6-b796-8954a7d03221 req-046d882c-104c-4af6-b796-8954a7d03221 ] Request (ServersTestFqdnHostnames:test_create_server_with_fqdn_name): 200 GET http://10.180.1.21/compute/v2.1/servers/5d46ae45-fb83-41e4-a1b6-d65f43e6579e 0.068s
2025-11-19 16:57:16.306 66953 INFO tempest.lib.common.rest_client [req-93266a6a-d864-4074-a508-706e28b281e4 req-93266a6a-d864-4074-a508-706e28b281e4 ] Request (ServerPasswordTestJSON:setUpClass): 200 GET http://10.180.1.21/compute/v2.1/servers/c03071c4-de23-4269-a3d0-4f40b0fdcc61 0.093s
2025-11-19 16:57:16.333 66971 INFO tempest.lib.common.rest_client [req-eaa5d0d4-9b95-42af-aa09-8237f78fc054 req-eaa5d0d4-9b95-42af-aa09-8237f78fc054 ] Request (AttachInterfacesV270Test:tearDownClass): 200 GET http://10.180.1.21/compute/v2.1/servers/963c384d-189d-483b-883d-ca3745204e4a 0.152s
2025-11-19 16:57:16.503 66949 INFO tempest.lib.common.rest_client [req-ed2f2629-7993-4575-98c3-4c3363ba8559 req-ed2f2629-7993-4575-98c3-4c3363ba8559 ] Request (MigrationsAdminTest:test_resize_server_revert_deleted_flavor): 200 GET http://10.180.1.21/compute/v2.1/servers/fb6a0523-a5f7-425e-8600-a9d13f0f862f 0.138s
2025-11-19 16:57:16.544 66989 INFO tempest.lib.common.rest_client [req-6637627f-d66d-4f06-8666-91f5bbd579f0 req-6637627f-d66d-4f06-8666-91f5bbd579f0 ] Request (DeleteServersTestJSON:test_delete_server_while_in_shelved_state): 200 GET http://10.180.1.21/compute/v2.1/servers/8cf0a99f-a944-4d08-9d69-def60e82f0e2 0.129s
2025-11-19 16:57:16.563 66957 INFO tempest.lib.common.rest_client [req-b9c5fe45-c9b2-402c-8c79-9586c66b0938 req-b9c5fe45-c9b2-402c-8c79-9586c66b0938 ] Request (ImagesNegativeTestJSON:test_create_image_from_deleted_server): 200 GET http://10.180.1.21/compute/v2.1/servers/5adbfce6-8404-432c-bc2a-8de2c659b9ac 0.146s
2025-11-19 16:57:16.608 66933 INFO tempest.lib.common.rest_client [req-842e11b7-425f-45da-bdb5-e98263cfbd19 req-842e11b7-425f-45da-bdb5-e98263cfbd19 ] Request (ServerAddressesNegativeTestJSON:tearDownClass): 200 GET http://10.180.1.21/compute/v2.1/servers/6a4f46c2-7b07-4a0c-94ad-b4b13f3e0546 0.121s
2025-11-19 16:57:16.626 66976 INFO tempest.lib.common.rest_client [req-26725ced-dfec-45b2-b939-8fbb74368216 req-26725ced-dfec-45b2-b939-8fbb74368216 ] Request (ServersTestMultiNic:test_verify_multiple_nics_order): 200 GET http://10.180.1.21/compute/v2.1/servers/e0baa6c8-a356-414b-a162-4da5db007320 0.082s
2025-11-19 16:57:16.706 66947 INFO tempest.lib.common.rest_client [req-16555f42-c278-4806-8dbe-a569952d6243 req-16555f42-c278-4806-8dbe-a569952d6243 ] Request (SecurityGroupsTestJSON:tearDownClass): 200 GET http://10.180.1.21/compute/v2.1/servers/66a4484b-ca7b-435d-80d1-3082bb755dbc 0.081s
2025-11-19 16:57:16.722 66985 INFO tempest.lib.common.rest_client [req-a7ff67a7-7421-40da-99fc-b82776cff787 req-a7ff67a7-7421-40da-99fc-b82776cff787 ] Request (ServersAdminTestJSON:tearDownClass): 200 GET http://10.180.1.21/compute/v2.1/servers/bb2e4242-beb0-46c0-a4d1-1615edf5bb0d 0.145s
2025-11-19 16:57:16.784 66961 INFO tempest.lib.common.rest_client [req-48573dcf-670b-4862-ba55-bd1ab039f3f5 req-48573dcf-670b-4862-ba55-bd1ab039f3f5 ] Request (ServerShowV257Test:tearDownClass): 200 GET http://10.180.1.21/compute/v2.1/servers/8a05f4fd-1db0-4a47-b08b-5df254485e54 0.124s
2025-11-19 16:57:16.800 66959 INFO tempest.lib.common.rest_client [req-9d8a82f4-f9bd-4e67-bb7a-36d82e5cdd03 req-9d8a82f4-f9bd-4e67-bb7a-36d82e5cdd03 ] Request (ServersAaction247Test:test_create_backup): 200 GET http://10.180.1.21/compute/v2.1/servers/36269093-767c-4413-a10f-b26230271d7d 0.109s
2025-11-19 16:57:16.852 66941 INFO tempest.lib.common.rest_client [req-485ee3b3-73d5-4686-9845-60fd8322c848 req-485ee3b3-73d5-4686-9845-60fd8322c848 ] Request (ServersTestJSON:_run_cleanups): 200 GET http://10.180.1.21/compute/v2.1/servers/c1f555e3-5e9a-4f94-9b13-44e6eb4bf7a8 0.095s
2025-11-19 16:57:16.935 66935 INFO tempest.lib.common.rest_client [req-6a383bbf-af2d-418e-acf9-a15104b628dd req-6a383bbf-af2d-418e-acf9-a15104b628dd ] Request (ListImageFiltersTestJSON:setUpClass): 200 GET http://10.180.1.21/compute/v2.1/servers/eeec93fc-fb0b-4a58-a4ba-a9eab2cb835a 0.165s
2025-11-19 16:57:16.946 66969 INFO tempest.lib.common.rest_client [req-5e8ee6ae-803b-46d4-87aa-35a48af33589 req-5e8ee6ae-803b-46d4-87aa-35a48af33589 ] Request (ListServerFiltersTestJSON:tearDownClass): 200 GET http://10.180.1.21/compute/v2.1/servers/917af1ac-b703-4b2c-8ae8-e49e567d274c 0.117s
2025-11-19 16:57:17.019 66995 INFO tempest.lib.common.rest_client [req-6edaf402-6ee4-4112-ac78-f902d0628c8f req-6edaf402-6ee4-4112-ac78-f902d0628c8f ] Request (ServerRescueNegativeTestJSON:test_rescued_vm_detach_volume): 200 GET http://10.180.1.21/compute/v2.1/servers/1553d982-4486-42a3-9b56-09562396bdcd 0.128s
2025-11-19 16:57:17.034 66937 INFO tempest.lib.common.rest_client [req-19becaa4-97c7-41d0-8bcb-6fe63765848a req-19becaa4-97c7-41d0-8bcb-6fe63765848a ] Request (ServerDiagnosticsNegativeTest:tearDownClass): 200 GET http://10.180.1.21/compute/v2.1/servers/9d4db367-9f42-4a7e-a4cd-82d71cbdf27a 0.193s
2025-11-19 16:57:17.100 66983 INFO tempest.lib.common.rest_client [req-9e4d946f-a3a7-46fc-ae0a-a42793af3eda req-9e4d946f-a3a7-46fc-ae0a-a42793af3eda ] Request (ServerAddressesTestJSON:tearDownClass): 200 GET http://10.180.1.21/compute/v2.1/servers/255498ab-39c8-454c-af35-82c8dfd06813 0.155s
2025-11-19 16:57:17.112 66987 INFO tempest.lib.common.rest_client [req-20c0a97a-0950-4a9f-8549-d06983f69bb5 req-20c0a97a-0950-4a9f-8549-d06983f69bb5 ] Request (ServerDiskConfigTestJSON:test_rebuild_server_with_auto_disk_config): 200 GET http://10.180.1.21/compute/v2.1/servers/db5c4646-3cfa-42ba-a5e9-0835a083b7c4 0.111s
2025-11-19 16:57:17.148 66967 INFO tempest.lib.common.rest_client [req-8b85947e-b97a-4ae3-9c25-d9a4df96e04c req-8b85947e-b97a-4ae3-9c25-d9a4df96e04c ] Request (ImagesTestJSON:test_create_image_from_stopped_server): 200 GET http://10.180.1.21/compute/v2.1/images/ffea3a78-a87d-4041-b39b-7f444212b7db 0.116s
2025-11-19 16:57:17.162 66963 INFO tempest.lib.common.rest_client [req-67dcfc35-c215-4939-bfcc-8e70cabfb2f3 req-67dcfc35-c215-4939-bfcc-8e70cabfb2f3 ] Request (ListServersNegativeTestJSON:tearDownClass): 200 GET http://10.180.1.21/compute/v2.1/servers/e4fbe49b-ba1e-4f71-8dcf-a09767e68fc5 0.133s
2025-11-19 16:57:17.209 66977 INFO tempest.lib.common.rest_client [req-21269142-22a1-4ceb-8700-266b6c47ca03 req-21269142-22a1-4ceb-8700-266b6c47ca03 ] Request (ServerRescueTestJSONUnderV235:setUpClass): 200 GET http://10.180.1.21/compute/v2.1/servers/db196889-1f7d-441d-84fb-ba19fe04661a 0.126s
2025-11-19 16:57:17.222 66965 INFO tempest.lib.common.rest_client [req-1ad39538-a1b1-49c9-ad71-4bb9a23a26c4 req-1ad39538-a1b1-49c9-ad71-4bb9a23a26c4 ] Request (AttachInterfacesTestJSON:test_create_list_show_delete_interfaces_by_fixed_ip): 200 GET http://10.180.1.21/compute/v2.1/servers/478a03f8-f353-4788-8f9b-f95a3f157eaa 0.080s
2025-11-19 16:57:17.275 66943 INFO tempest.lib.common.rest_client [req-a9349609-d0da-499b-9b4a-4253f7dbc87e req-a9349609-d0da-499b-9b4a-4253f7dbc87e ] Request (ServersTestFqdnHostnames:test_create_server_with_fqdn_name): 200 GET http://10.180.1.21/compute/v2.1/servers/5d46ae45-fb83-41e4-a1b6-d65f43e6579e 0.053s
2025-11-19 16:57:17.373 66953 INFO tempest.lib.common.rest_client [req-d499f775-e638-413d-b29e-0704284c2aaf req-d499f775-e638-413d-b29e-0704284c2aaf ] Request (ServerPasswordTestJSON:setUpClass): 200 GET http://10.180.1.21/compute/v2.1/servers/c03071c4-de23-4269-a3d0-4f40b0fdcc61 0.054s
2025-11-19 16:57:17.404 66971 INFO tempest.lib.common.rest_client [req-006b3b9a-e1a6-42b8-86b4-b2a0eb805ef2 req-006b3b9a-e1a6-42b8-86b4-b2a0eb805ef2 ] Request (AttachInterfacesV270Test:tearDownClass): 200 GET http://10.180.1.21/compute/v2.1/servers/963c384d-189d-483b-883d-ca3745204e4a 0.060s
2025-11-19 16:57:17.617 66949 INFO tempest.lib.common.rest_client [req-46d9902f-b723-4ae6-b2fd-054075826ef6 req-46d9902f-b723-4ae6-b2fd-054075826ef6 ] Request (MigrationsAdminTest:test_resize_server_revert_deleted_flavor): 200 GET http://10.180.1.21/compute/v2.1/servers/fb6a0523-a5f7-425e-8600-a9d13f0f862f 0.105s
2025-11-19 16:57:17.691 66957 INFO tempest.lib.common.rest_client [req-3936ec37-10b8-495b-a7b5-99dc4c7e6460 req-3936ec37-10b8-495b-a7b5-99dc4c7e6460 ] Request (ImagesNegativeTestJSON:test_create_image_from_deleted_server): 200 GET http://10.180.1.21/compute/v2.1/servers/5adbfce6-8404-432c-bc2a-8de2c659b9ac 0.121s
2025-11-19 16:57:17.712 66989 INFO tempest.lib.common.rest_client [req-7615e881-f703-4309-bbd6-43d7899085ed req-7615e881-f703-4309-bbd6-43d7899085ed ] Request (DeleteServersTestJSON:test_delete_server_while_in_shelved_state): 200 GET http://10.180.1.21/compute/v2.1/servers/8cf0a99f-a944-4d08-9d69-def60e82f0e2 0.159s
2025-11-19 16:57:17.747 66933 INFO tempest.lib.common.rest_client [req-df580ea9-fbb8-480c-8965-f5d2fec0d26f req-df580ea9-fbb8-480c-8965-f5d2fec0d26f ] Request (ServerAddressesNegativeTestJSON:tearDownClass): 200 GET http://10.180.1.21/compute/v2.1/servers/6a4f46c2-7b07-4a0c-94ad-b4b13f3e0546 0.126s
2025-11-19 16:57:17.760 66976 INFO tempest.lib.common.rest_client [req-53595817-a4c6-4ce9-ac97-4b81ba064592 req-53595817-a4c6-4ce9-ac97-4b81ba064592 ] Request (ServersTestMultiNic:test_verify_multiple_nics_order): 200 GET http://10.180.1.21/compute/v2.1/servers/e0baa6c8-a356-414b-a162-4da5db007320 0.126s
2025-11-19 16:57:17.811 66947 INFO tempest.lib.common.rest_client [req-b614c68b-d17b-4ed2-ad2e-325d5c975d04 req-b614c68b-d17b-4ed2-ad2e-325d5c975d04 ] Request (SecurityGroupsTestJSON:tearDownClass): 200 GET http://10.180.1.21/compute/v2.1/servers/66a4484b-ca7b-435d-80d1-3082bb755dbc 0.097s
2025-11-19 16:57:17.818 66985 INFO tempest.lib.common.rest_client [req-5bf81c69-86e0-4565-ac64-908914692400 req-5bf81c69-86e0-4565-ac64-908914692400 ] Request (ServersAdminTestJSON:tearDownClass): 200 GET http://10.180.1.21/compute/v2.1/servers/bb2e4242-beb0-46c0-a4d1-1615edf5bb0d 0.081s
2025-11-19 16:57:17.879 66959 INFO tempest.lib.common.rest_client [req-22b3c51b-7e72-48b8-a840-d6ab24afb80e req-22b3c51b-7e72-48b8-a840-d6ab24afb80e ] Request (ServersAaction247Test:test_create_backup): 200 GET http://10.180.1.21/compute/v2.1/servers/36269093-767c-4413-a10f-b26230271d7d 0.068s
2025-11-19 16:57:17.884 66961 INFO tempest.lib.common.rest_client [req-09230eca-4be8-4d05-ba02-840fa3bd90a3 req-09230eca-4be8-4d05-ba02-840fa3bd90a3 ] Request (ServerShowV257Test:tearDownClass): 200 GET http://10.180.1.21/compute/v2.1/servers/8a05f4fd-1db0-4a47-b08b-5df254485e54 0.089s
2025-11-19 16:57:17.989 66941 INFO tempest.lib.common.rest_client [req-225e022d-f83c-4af4-a4eb-eef0951f77b7 req-225e022d-f83c-4af4-a4eb-eef0951f77b7 ] Request (ServersTestJSON:_run_cleanups): 200 GET http://10.180.1.21/compute/v2.1/servers/c1f555e3-5e9a-4f94-9b13-44e6eb4bf7a8 0.123s
2025-11-19 16:57:18.012 66969 INFO tempest.lib.common.rest_client [req-ffce8891-3d94-44dd-a6d0-b125a24b0ebc req-ffce8891-3d94-44dd-a6d0-b125a24b0ebc ] Request (ListServerFiltersTestJSON:tearDownClass): 404 GET http://10.180.1.21/compute/v2.1/servers/917af1ac-b703-4b2c-8ae8-e49e567d274c 0.057s
2025-11-19 16:57:18.073 66935 INFO tempest.lib.common.rest_client [req-b3bdd298-c4cb-4543-b1e9-4233933fbe4f req-b3bdd298-c4cb-4543-b1e9-4233933fbe4f ] Request (ListImageFiltersTestJSON:setUpClass): 200 GET http://10.180.1.21/compute/v2.1/servers/eeec93fc-fb0b-4a58-a4ba-a9eab2cb835a 0.128s
2025-11-19 16:57:18.115 66969 INFO tempest.lib.common.rest_client [req-1131244e-04ed-42d4-909d-746b42695e49 req-1131244e-04ed-42d4-909d-746b42695e49 ] Request (ListServerFiltersTestJSON:tearDownClass): 204 DELETE http://10.180.1.21/compute/v2.1/servers/3b64e623-00a7-4236-91a8-3df3dcb2c1b0 0.103s
2025-11-19 16:57:18.135 66995 INFO tempest.lib.common.rest_client [req-f0f5529b-bd57-4929-b560-68b86af68397 req-f0f5529b-bd57-4929-b560-68b86af68397 ] Request (ServerRescueNegativeTestJSON:test_rescued_vm_detach_volume): 200 GET http://10.180.1.21/compute/v2.1/servers/1553d982-4486-42a3-9b56-09562396bdcd 0.105s
2025-11-19 16:57:18.185 66937 INFO tempest.lib.common.rest_client [req-a88e2e42-ab43-4253-a524-f77315bce2a3 req-a88e2e42-ab43-4253-a524-f77315bce2a3 ] Request (ServerDiagnosticsNegativeTest:tearDownClass): 200 GET http://10.180.1.21/compute/v2.1/servers/9d4db367-9f42-4a7e-a4cd-82d71cbdf27a 0.141s
2025-11-19 16:57:18.205 66983 INFO tempest.lib.common.rest_client [req-2c2d03f0-6d89-4e58-8caa-57d96b90cd55 req-2c2d03f0-6d89-4e58-8caa-57d96b90cd55 ] Request (ServerAddressesTestJSON:tearDownClass): 200 GET http://10.180.1.21/compute/v2.1/servers/255498ab-39c8-454c-af35-82c8dfd06813 0.094s
2025-11-19 16:57:18.257 66987 INFO tempest.lib.common.rest_client [req-30f97dc1-95e8-4774-a97f-80a8b279a859 req-30f97dc1-95e8-4774-a97f-80a8b279a859 ] Request (ServerDiskConfigTestJSON:test_rebuild_server_with_auto_disk_config): 200 GET http://10.180.1.21/compute/v2.1/servers/db5c4646-3cfa-42ba-a5e9-0835a083b7c4 0.134s
2025-11-19 16:57:18.293 66967 INFO tempest.lib.common.rest_client [req-4260937f-3cfb-40bf-8e4a-a628f1346e32 req-4260937f-3cfb-40bf-8e4a-a628f1346e32 ] Request (ImagesTestJSON:test_create_image_from_stopped_server): 200 GET http://10.180.1.21/compute/v2.1/images/ffea3a78-a87d-4041-b39b-7f444212b7db 0.141s
2025-11-19 16:57:18.328 66969 INFO tempest.lib.common.rest_client [req-9b3d50f8-6395-40e4-a3cb-890253e56f72 req-9b3d50f8-6395-40e4-a3cb-890253e56f72 ] Request (ListServerFiltersTestJSON:tearDownClass): 200 GET http://10.180.1.21/compute/v2.1/servers/3b64e623-00a7-4236-91a8-3df3dcb2c1b0 0.212s
2025-11-19 16:57:18.354 66963 INFO tempest.lib.common.rest_client [req-39bd331c-849c-4bf3-aff5-372c10418e40 req-39bd331c-849c-4bf3-aff5-372c10418e40 ] Request (ListServersNegativeTestJSON:tearDownClass): 200 GET http://10.180.1.21/compute/v2.1/servers/e4fbe49b-ba1e-4f71-8dcf-a09767e68fc5 0.183s
2025-11-19 16:57:18.367 66963 INFO tempest.common.waiters [-] State transition "ACTIVE/deleting" ==> "DELETED/None" after 4 second wait
2025-11-19 16:57:18.396 66977 INFO tempest.lib.common.rest_client [req-5f8c417e-0998-4190-8400-83d5d4b386cb req-5f8c417e-0998-4190-8400-83d5d4b386cb ] Request (ServerRescueTestJSONUnderV235:setUpClass): 200 GET http://10.180.1.21/compute/v2.1/servers/db196889-1f7d-441d-84fb-ba19fe04661a 0.179s
2025-11-19 16:57:18.406 66965 INFO tempest.lib.common.rest_client [req-aa7f8ad2-0725-4259-ad97-6d364ba92a49 req-aa7f8ad2-0725-4259-ad97-6d364ba92a49 ] Request (AttachInterfacesTestJSON:test_create_list_show_delete_interfaces_by_fixed_ip): 200 GET http://10.180.1.21/compute/v2.1/servers/478a03f8-f353-4788-8f9b-f95a3f157eaa 0.175s
2025-11-19 16:57:18.439 66967 INFO tempest.lib.common.rest_client [req-2d7a147c-24a3-4a49-9bbf-32afb28550e8 req-2d7a147c-24a3-4a49-9bbf-32afb28550e8 ] Request (ImagesTestJSON:test_create_image_from_stopped_server): 200 GET http://10.180.1.21/compute/v2.1/images/ffea3a78-a87d-4041-b39b-7f444212b7db 0.142s
2025-11-19 16:57:18.451 66943 INFO tempest.lib.common.rest_client [req-66d234c9-93aa-45dc-831a-19703d8659a8 req-66d234c9-93aa-45dc-831a-19703d8659a8 ] Request (ServersTestFqdnHostnames:test_create_server_with_fqdn_name): 200 GET http://10.180.1.21/compute/v2.1/servers/5d46ae45-fb83-41e4-a1b6-d65f43e6579e 0.166s
2025-11-19 16:57:18.474 66967 INFO tempest.lib.common.rest_client [req-9a33898f-9212-4854-b64c-b161087cb196 req-9a33898f-9212-4854-b64c-b161087cb196 ] Request (ImagesTestJSON:test_create_image_from_stopped_server): 200 GET http://10.180.1.21/image/v2/images/ffea3a78-a87d-4041-b39b-7f444212b7db/tasks 0.031s
2025-11-19 16:57:18.497 66953 INFO tempest.lib.common.rest_client [req-b9579b10-65f9-46fd-ad29-91287935bf9d req-b9579b10-65f9-46fd-ad29-91287935bf9d ] Request (ServerPasswordTestJSON:setUpClass): 200 GET http://10.180.1.21/compute/v2.1/servers/c03071c4-de23-4269-a3d0-4f40b0fdcc61 0.115s
2025-11-19 16:57:18.520 66971 INFO tempest.lib.common.rest_client [req-bc7303bb-bd84-4d09-b7af-8573bc699717 req-bc7303bb-bd84-4d09-b7af-8573bc699717 ] Request (AttachInterfacesV270Test:tearDownClass): 200 GET http://10.180.1.21/compute/v2.1/servers/963c384d-189d-483b-883d-ca3745204e4a 0.106s
2025-11-19 16:57:18.528 66971 INFO tempest.common.waiters [-] State transition "ACTIVE/deleting" ==> "DELETED/None" after 3 second wait
2025-11-19 16:57:18.622 66967 INFO tempest.lib.common.rest_client [req-0e56f619-0559-43ec-b35b-51e8476f13d3 req-0e56f619-0559-43ec-b35b-51e8476f13d3 ] Request (ImagesTestJSON:_run_cleanups): 204 DELETE http://10.180.1.21/compute/v2.1/images/ffea3a78-a87d-4041-b39b-7f444212b7db 0.148s
2025-11-19 16:57:18.716 66967 INFO tempest.lib.common.rest_client [req-eb6e296e-cf27-44ba-bb77-afe13e761bbd req-eb6e296e-cf27-44ba-bb77-afe13e761bbd ] Request (ImagesTestJSON:_run_cleanups): 204 DELETE http://10.180.1.21/compute/v2.1/servers/fc650673-f127-4812-8c59-8403467b3291 0.093s
2025-11-19 16:57:18.777 66949 INFO tempest.lib.common.rest_client [req-ca91cca0-90a5-420d-84e9-d27896713417 req-ca91cca0-90a5-420d-84e9-d27896713417 ] Request (MigrationsAdminTest:test_resize_server_revert_deleted_flavor): 200 GET http://10.180.1.21/compute/v2.1/servers/fb6a0523-a5f7-425e-8600-a9d13f0f862f 0.151s
2025-11-19 16:57:18.777 66957 INFO tempest.lib.common.rest_client [req-d7a54425-01d0-442a-8364-06e4f94b11b8 req-d7a54425-01d0-442a-8364-06e4f94b11b8 ] Request (ImagesNegativeTestJSON:test_create_image_from_deleted_server): 200 GET http://10.180.1.21/compute/v2.1/servers/5adbfce6-8404-432c-bc2a-8de2c659b9ac 0.078s
2025-11-19 16:57:18.805 66967 INFO tempest.lib.common.rest_client [req-6e07cb4a-2587-44ef-94dd-ff7dee26c880 req-6e07cb4a-2587-44ef-94dd-ff7dee26c880 ] Request (ImagesTestJSON:test_create_image_from_suspended_server): 201 POST http://10.180.1.21/identity/v3/auth/tokens 0.084s
2025-11-19 16:57:18.806 66967 INFO tempest.lib.common.fixed_network [-] (ImagesTestJSON:test_create_image_from_suspended_server) Found network {'id': 'd5717bbe-58e4-40f0-bee7-263078e55fa2', 'name': 'tempest-ImagesTestJSON-112818335-network', 'tenant_id': 'dfdd27f441bb464b857b2be1f194c2b7', 'project_id': 'dfdd27f441bb464b857b2be1f194c2b7', 'admin_state_up': True, 'mtu': 8950, 'status': 'ACTIVE', 'subnets': [], 'shared': False, 'port_security_enabled': True, 'router:external': False, 'provider:network_type': 'vlan', 'provider:physical_network': 'default', 'provider:segmentation_id': 956, 'availability_zone_hints': [], 'availability_zones': [], 'ipv4_address_scope': None, 'ipv6_address_scope': None, 'description': '', 'tags': [], 'created_at': '2025-11-19T16:55:47Z', 'updated_at': '2025-11-19T16:55:47Z', 'revision_number': 1} available for tenant
2025-11-19 16:57:18.849 66933 INFO tempest.lib.common.rest_client [req-139f3dec-26d7-441f-960f-be7b5b22f8dd req-139f3dec-26d7-441f-960f-be7b5b22f8dd ] Request (ServerAddressesNegativeTestJSON:tearDownClass): 200 GET http://10.180.1.21/compute/v2.1/servers/6a4f46c2-7b07-4a0c-94ad-b4b13f3e0546 0.093s
2025-11-19 16:57:18.908 66989 INFO tempest.lib.common.rest_client [req-ed47def8-331b-45f5-b5c4-1d382188170f req-ed47def8-331b-45f5-b5c4-1d382188170f ] Request (DeleteServersTestJSON:test_delete_server_while_in_shelved_state): 200 GET http://10.180.1.21/compute/v2.1/servers/8cf0a99f-a944-4d08-9d69-def60e82f0e2 0.182s
2025-11-19 16:57:18.908 66976 INFO tempest.lib.common.rest_client [req-69754a0b-d4de-4080-a4d8-7a837e2e6d85 req-69754a0b-d4de-4080-a4d8-7a837e2e6d85 ] Request (ServersTestMultiNic:test_verify_multiple_nics_order): 200 GET http://10.180.1.21/compute/v2.1/servers/e0baa6c8-a356-414b-a162-4da5db007320 0.140s
2025-11-19 16:57:18.988 66947 INFO tempest.lib.common.rest_client [req-430d9af9-9498-42fa-a43a-d51b9f6e801f req-430d9af9-9498-42fa-a43a-d51b9f6e801f ] Request (SecurityGroupsTestJSON:tearDownClass): 200 GET http://10.180.1.21/compute/v2.1/servers/66a4484b-ca7b-435d-80d1-3082bb755dbc 0.168s
2025-11-19 16:57:19.045 66985 INFO tempest.lib.common.rest_client [req-df33c15d-5e63-468a-af82-9359455e7f09 req-df33c15d-5e63-468a-af82-9359455e7f09 ] Request (ServersAdminTestJSON:tearDownClass): 200 GET http://10.180.1.21/compute/v2.1/servers/bb2e4242-beb0-46c0-a4d1-1615edf5bb0d 0.218s
2025-11-19 16:57:19.053 66985 INFO tempest.common.waiters [-] State transition "ACTIVE/deleting" ==> "DELETED/None" after 4 second wait
2025-11-19 16:57:19.110 66959 INFO tempest.lib.common.rest_client [req-7e3e4b70-3643-47c8-a0a5-0476f1c1bd08 req-7e3e4b70-3643-47c8-a0a5-0476f1c1bd08 ] Request (ServersAaction247Test:test_create_backup): 200 GET http://10.180.1.21/compute/v2.1/servers/36269093-767c-4413-a10f-b26230271d7d 0.220s
2025-11-19 16:57:19.183 66961 INFO tempest.lib.common.rest_client [req-0f198168-4c18-445f-98e6-8ebb6d53fa2a req-0f198168-4c18-445f-98e6-8ebb6d53fa2a ] Request (ServerShowV257Test:tearDownClass): 200 GET http://10.180.1.21/compute/v2.1/servers/8a05f4fd-1db0-4a47-b08b-5df254485e54 0.288s
2025-11-19 16:57:19.245 66941 INFO tempest.lib.common.rest_client [req-045311e2-4bc1-4d4b-809d-16545258d8ff req-045311e2-4bc1-4d4b-809d-16545258d8ff ] Request (ServersTestJSON:_run_cleanups): 200 GET http://10.180.1.21/compute/v2.1/servers/c1f555e3-5e9a-4f94-9b13-44e6eb4bf7a8 0.247s
2025-11-19 16:57:19.288 66967 INFO tempest.lib.common.rest_client [req-902202f9-4b4c-4f2f-bc5e-fe451e4146f9 req-902202f9-4b4c-4f2f-bc5e-fe451e4146f9 ] Request (ImagesTestJSON:test_create_image_from_suspended_server): 202 POST http://10.180.1.21/compute/v2.1/servers 0.481s
2025-11-19 16:57:19.358 66995 INFO tempest.lib.common.rest_client [req-e41c1cf0-787c-4a85-a8a9-ded699fd23ed req-e41c1cf0-787c-4a85-a8a9-ded699fd23ed ] Request (ServerRescueNegativeTestJSON:test_rescued_vm_detach_volume): 200 GET http://10.180.1.21/compute/v2.1/servers/1553d982-4486-42a3-9b56-09562396bdcd 0.215s
2025-11-19 16:57:19.393 66935 INFO tempest.lib.common.rest_client [req-0f2ec39e-99a4-4c0e-b14b-aec030ebf36c req-0f2ec39e-99a4-4c0e-b14b-aec030ebf36c ] Request (ListImageFiltersTestJSON:setUpClass): 200 GET http://10.180.1.21/compute/v2.1/servers/eeec93fc-fb0b-4a58-a4ba-a9eab2cb835a 0.311s
2025-11-19 16:57:19.432 66937 INFO tempest.lib.common.rest_client [req-b8118bf7-6eaf-45b8-b038-cc0c69a5a148 req-b8118bf7-6eaf-45b8-b038-cc0c69a5a148 ] Request (ServerDiagnosticsNegativeTest:tearDownClass): 200 GET http://10.180.1.21/compute/v2.1/servers/9d4db367-9f42-4a7e-a4cd-82d71cbdf27a 0.235s
2025-11-19 16:57:19.455 66983 INFO tempest.lib.common.rest_client [req-daa16dde-21b7-411b-8297-ce5e2e98f23c req-daa16dde-21b7-411b-8297-ce5e2e98f23c ] Request (ServerAddressesTestJSON:tearDownClass): 200 GET http://10.180.1.21/compute/v2.1/servers/255498ab-39c8-454c-af35-82c8dfd06813 0.240s
2025-11-19 16:57:19.469 66979 WARNING tempest.lib.common.ssh [-] Failed to establish authenticated ssh connection to cirros@10.180.180.180 ([Errno None] Unable to connect to port 22 on 10.180.180.180). Number attempts: 12. Retry after 13 seconds.: paramiko.ssh_exception.NoValidConnectionsError: [Errno None] Unable to connect to port 22 on 10.180.180.180
2025-11-19 16:57:19.485 66987 INFO tempest.lib.common.rest_client [req-4d2edac5-6f8a-4399-a9d2-ce2d35bc8dad req-4d2edac5-6f8a-4399-a9d2-ce2d35bc8dad ] Request (ServerDiskConfigTestJSON:test_rebuild_server_with_auto_disk_config): 200 GET http://10.180.1.21/compute/v2.1/servers/db5c4646-3cfa-42ba-a5e9-0835a083b7c4 0.220s
2025-11-19 16:57:19.496 66967 INFO tempest.lib.common.rest_client [req-b98ffd75-7568-4c8b-9d45-bb0fd11a313c req-b98ffd75-7568-4c8b-9d45-bb0fd11a313c ] Request (ImagesTestJSON:test_create_image_from_suspended_server): 200 GET http://10.180.1.21/compute/v2.1/servers/04df1103-7d86-4e72-acef-2f5e68c2968b 0.206s
2025-11-19 16:57:19.553 66963 INFO tempest.lib.common.rest_client [req-b8c7b384-a3ea-4535-8b6b-a9b693d25485 req-b8c7b384-a3ea-4535-8b6b-a9b693d25485 ] Request (ListServersNegativeTestJSON:tearDownClass): 200 GET http://10.180.1.21/compute/v2.1/servers/e4fbe49b-ba1e-4f71-8dcf-a09767e68fc5 0.185s
2025-11-19 16:57:19.607 66977 INFO tempest.lib.common.rest_client [req-4070091f-b094-4b21-a255-c4c5a23a72de req-4070091f-b094-4b21-a255-c4c5a23a72de ] Request (ServerRescueTestJSONUnderV235:setUpClass): 200 GET http://10.180.1.21/compute/v2.1/servers/db196889-1f7d-441d-84fb-ba19fe04661a 0.201s
2025-11-19 16:57:19.629 66969 INFO tempest.lib.common.rest_client [req-a1a56387-393a-4ae1-ba24-a74d5d526f48 req-a1a56387-393a-4ae1-ba24-a74d5d526f48 ] Request (ListServerFiltersTestJSON:tearDownClass): 200 GET http://10.180.1.21/compute/v2.1/servers/3b64e623-00a7-4236-91a8-3df3dcb2c1b0 0.292s
2025-11-19 16:57:19.660 66965 INFO tempest.lib.common.rest_client [req-b0ff7ee8-e5b9-47cb-b529-cbfdf0e35545 req-b0ff7ee8-e5b9-47cb-b529-cbfdf0e35545 ] Request (AttachInterfacesTestJSON:test_create_list_show_delete_interfaces_by_fixed_ip): 200 GET http://10.180.1.21/compute/v2.1/servers/478a03f8-f353-4788-8f9b-f95a3f157eaa 0.245s
2025-11-19 16:57:19.700 66943 INFO tempest.lib.common.rest_client [req-019946e2-a35e-41d9-967e-bbd469fa8e26 req-019946e2-a35e-41d9-967e-bbd469fa8e26 ] Request (ServersTestFqdnHostnames:test_create_server_with_fqdn_name): 200 GET http://10.180.1.21/compute/v2.1/servers/5d46ae45-fb83-41e4-a1b6-d65f43e6579e 0.237s
2025-11-19 16:57:19.716 66953 INFO tempest.lib.common.rest_client [req-069f5dc8-acc9-4d72-97be-77c79a842a20 req-069f5dc8-acc9-4d72-97be-77c79a842a20 ] Request (ServerPasswordTestJSON:setUpClass): 200 GET http://10.180.1.21/compute/v2.1/servers/c03071c4-de23-4269-a3d0-4f40b0fdcc61 0.203s
2025-11-19 16:57:19.764 66971 INFO tempest.lib.common.rest_client [req-980ff24d-d682-42bb-a270-3d43bdb00c52 req-980ff24d-d682-42bb-a270-3d43bdb00c52 ] Request (AttachInterfacesV270Test:tearDownClass): 200 GET http://10.180.1.21/compute/v2.1/servers/963c384d-189d-483b-883d-ca3745204e4a 0.234s
2025-11-19 16:57:19.853 66957 INFO tempest.lib.common.rest_client [req-90aef5f9-6b21-49fc-97a5-c4e6cb67f568 req-90aef5f9-6b21-49fc-97a5-c4e6cb67f568 ] Request (ImagesNegativeTestJSON:test_create_image_from_deleted_server): 200 GET http://10.180.1.21/compute/v2.1/servers/5adbfce6-8404-432c-bc2a-8de2c659b9ac 0.064s
2025-11-19 16:57:19.860 66957 INFO tempest.common.waiters [-] State transition "BUILD/None" ==> "BUILD/networking" after 69 second wait
2025-11-19 16:57:19.914 66949 INFO tempest.lib.common.rest_client [req-5c4d0e68-4c0a-4be9-9dc6-19a46e08ddb6 req-5c4d0e68-4c0a-4be9-9dc6-19a46e08ddb6 ] Request (MigrationsAdminTest:test_resize_server_revert_deleted_flavor): 200 GET http://10.180.1.21/compute/v2.1/servers/fb6a0523-a5f7-425e-8600-a9d13f0f862f 0.126s
2025-11-19 16:57:19.936 66933 INFO tempest.lib.common.rest_client [req-256d0fa9-8066-469d-a2d3-8c22e2888b3a req-256d0fa9-8066-469d-a2d3-8c22e2888b3a ] Request (ServerAddressesNegativeTestJSON:tearDownClass): 200 GET http://10.180.1.21/compute/v2.1/servers/6a4f46c2-7b07-4a0c-94ad-b4b13f3e0546 0.079s
2025-11-19 16:57:19.996 66976 INFO tempest.lib.common.rest_client [req-58d99588-6946-4d3e-b0f6-f35f444c426d req-58d99588-6946-4d3e-b0f6-f35f444c426d ] Request (ServersTestMultiNic:test_verify_multiple_nics_order): 200 GET http://10.180.1.21/compute/v2.1/servers/e0baa6c8-a356-414b-a162-4da5db007320 0.080s
2025-11-19 16:57:20.053 66989 INFO tempest.lib.common.rest_client [req-ed0fda47-eb8d-4777-9a0b-56d368889d11 req-ed0fda47-eb8d-4777-9a0b-56d368889d11 ] Request (DeleteServersTestJSON:test_delete_server_while_in_shelved_state): 200 GET http://10.180.1.21/compute/v2.1/servers/8cf0a99f-a944-4d08-9d69-def60e82f0e2 0.136s
2025-11-19 16:57:20.069 66947 INFO tempest.lib.common.rest_client [req-ce13b4a6-b6fc-4e81-aa24-3701d665d47c req-ce13b4a6-b6fc-4e81-aa24-3701d665d47c ] Request (SecurityGroupsTestJSON:tearDownClass): 200 GET http://10.180.1.21/compute/v2.1/servers/66a4484b-ca7b-435d-80d1-3082bb755dbc 0.068s
2025-11-19 16:57:20.115 66985 INFO tempest.lib.common.rest_client [req-f0068890-d687-404d-b456-aee7a8a14327 req-f0068890-d687-404d-b456-aee7a8a14327 ] Request (ServersAdminTestJSON:tearDownClass): 200 GET http://10.180.1.21/compute/v2.1/servers/bb2e4242-beb0-46c0-a4d1-1615edf5bb0d 0.062s
2025-11-19 16:57:20.183 66959 INFO tempest.lib.common.rest_client [req-b9f8d9d6-7f02-49aa-946d-ab5c43f9dd8d req-b9f8d9d6-7f02-49aa-946d-ab5c43f9dd8d ] Request (ServersAaction247Test:test_create_backup): 200 GET http://10.180.1.21/compute/v2.1/servers/36269093-767c-4413-a10f-b26230271d7d 0.062s
2025-11-19 16:57:20.259 66961 INFO tempest.lib.common.rest_client [req-e53d18d7-2d85-4d0d-a14f-cc0d35863643 req-e53d18d7-2d85-4d0d-a14f-cc0d35863643 ] Request (ServerShowV257Test:tearDownClass): 200 GET http://10.180.1.21/compute/v2.1/servers/8a05f4fd-1db0-4a47-b08b-5df254485e54 0.065s
2025-11-19 16:57:20.317 66941 INFO tempest.lib.common.rest_client [req-d6bc3cde-36f7-4089-9f6b-e68722701576 req-d6bc3cde-36f7-4089-9f6b-e68722701576 ] Request (ServersTestJSON:_run_cleanups): 200 GET http://10.180.1.21/compute/v2.1/servers/c1f555e3-5e9a-4f94-9b13-44e6eb4bf7a8 0.064s
2025-11-19 16:57:20.593 66995 INFO tempest.lib.common.rest_client [req-8bf323dc-0fd2-4c53-a1a2-a10dad96e24d req-8bf323dc-0fd2-4c53-a1a2-a10dad96e24d ] Request (ServerRescueNegativeTestJSON:test_rescued_vm_detach_volume): 200 GET http://10.180.1.21/compute/v2.1/servers/1553d982-4486-42a3-9b56-09562396bdcd 0.223s
2025-11-19 16:57:20.731 66937 INFO tempest.lib.common.rest_client [req-58aa0f56-412e-4e31-a627-13fdd70f2edc req-58aa0f56-412e-4e31-a627-13fdd70f2edc ] Request (ServerDiagnosticsNegativeTest:tearDownClass): 200 GET http://10.180.1.21/compute/v2.1/servers/9d4db367-9f42-4a7e-a4cd-82d71cbdf27a 0.290s
2025-11-19 16:57:20.763 66935 INFO tempest.lib.common.rest_client [req-d2c614ce-70be-4236-810d-31151d72d335 req-d2c614ce-70be-4236-810d-31151d72d335 ] Request (ListImageFiltersTestJSON:setUpClass): 200 GET http://10.180.1.21/compute/v2.1/servers/eeec93fc-fb0b-4a58-a4ba-a9eab2cb835a 0.361s
2025-11-19 16:57:20.773 66935 INFO tempest.common.waiters [-] State transition "BUILD/spawning" ==> "ACTIVE/None" after 80 second wait
2025-11-19 16:57:20.839 66983 INFO tempest.lib.common.rest_client [req-b39bcb4c-c2a7-4dd3-b16e-be91bfec99e0 req-b39bcb4c-c2a7-4dd3-b16e-be91bfec99e0 ] Request (ServerAddressesTestJSON:tearDownClass): 200 GET http://10.180.1.21/compute/v2.1/servers/255498ab-39c8-454c-af35-82c8dfd06813 0.375s
2025-11-19 16:57:20.854 66987 INFO tempest.lib.common.rest_client [req-f10cb44d-0dc5-4f16-a0b2-1726a9fc36a8 req-f10cb44d-0dc5-4f16-a0b2-1726a9fc36a8 ] Request (ServerDiskConfigTestJSON:test_rebuild_server_with_auto_disk_config): 200 GET http://10.180.1.21/compute/v2.1/servers/db5c4646-3cfa-42ba-a5e9-0835a083b7c4 0.360s
2025-11-19 16:57:20.864 66987 INFO tempest.common.waiters [-] State transition "BUILD/scheduling" ==> "BUILD/None" after 15 second wait
2025-11-19 16:57:20.898 66967 INFO tempest.lib.common.rest_client [req-b2c3c370-edec-42ca-9fde-7fe5fecdd116 req-b2c3c370-edec-42ca-9fde-7fe5fecdd116 ] Request (ImagesTestJSON:test_create_image_from_suspended_server): 200 GET http://10.180.1.21/compute/v2.1/servers/04df1103-7d86-4e72-acef-2f5e68c2968b 0.394s
2025-11-19 16:57:20.925 66963 INFO tempest.lib.common.rest_client [req-ff0850d7-f161-4222-bd0a-828157a44721 req-ff0850d7-f161-4222-bd0a-828157a44721 ] Request (ListServersNegativeTestJSON:tearDownClass): 200 GET http://10.180.1.21/compute/v2.1/servers/e4fbe49b-ba1e-4f71-8dcf-a09767e68fc5 0.365s
2025-11-19 16:57:20.992 66977 INFO tempest.lib.common.rest_client [req-e03c14b3-3f15-4e0f-84b9-bbd7a250f2a0 req-e03c14b3-3f15-4e0f-84b9-bbd7a250f2a0 ] Request (ServerRescueTestJSONUnderV235:setUpClass): 200 GET http://10.180.1.21/compute/v2.1/servers/db196889-1f7d-441d-84fb-ba19fe04661a 0.368s
2025-11-19 16:57:21.002 66969 INFO tempest.lib.common.rest_client [req-304a5ed8-54bd-403e-8025-ea18bacfb761 req-304a5ed8-54bd-403e-8025-ea18bacfb761 ] Request (ListServerFiltersTestJSON:tearDownClass): 200 GET http://10.180.1.21/compute/v2.1/servers/3b64e623-00a7-4236-91a8-3df3dcb2c1b0 0.364s
2025-11-19 16:57:21.060 66965 INFO tempest.lib.common.rest_client [req-cc3d5fcf-65b0-47ed-8db2-85f6d7dec11b req-cc3d5fcf-65b0-47ed-8db2-85f6d7dec11b ] Request (AttachInterfacesTestJSON:test_create_list_show_delete_interfaces_by_fixed_ip): 200 GET http://10.180.1.21/compute/v2.1/servers/478a03f8-f353-4788-8f9b-f95a3f157eaa 0.391s
2025-11-19 16:57:21.074 66943 INFO tempest.lib.common.rest_client [req-e81dfdaf-85b5-4e54-a085-3f78e7dc5fbf req-e81dfdaf-85b5-4e54-a085-3f78e7dc5fbf ] Request (ServersTestFqdnHostnames:test_create_server_with_fqdn_name): 200 GET http://10.180.1.21/compute/v2.1/servers/5d46ae45-fb83-41e4-a1b6-d65f43e6579e 0.364s
2025-11-19 16:57:21.114 66953 INFO tempest.lib.common.rest_client [req-f57ab9f4-cb6e-4cbe-abe6-ebf96043be27 req-f57ab9f4-cb6e-4cbe-abe6-ebf96043be27 ] Request (ServerPasswordTestJSON:setUpClass): 200 GET http://10.180.1.21/compute/v2.1/servers/c03071c4-de23-4269-a3d0-4f40b0fdcc61 0.389s
2025-11-19 16:57:21.277 66971 INFO tempest.lib.common.rest_client [req-0fc1b980-18f1-4c8b-afa8-c3dbfc8c7af2 req-0fc1b980-18f1-4c8b-afa8-c3dbfc8c7af2 ] Request (AttachInterfacesV270Test:tearDownClass): 200 GET http://10.180.1.21/compute/v2.1/servers/963c384d-189d-483b-883d-ca3745204e4a 0.504s
2025-11-19 16:57:21.303 66935 INFO tempest.lib.common.rest_client [req-ba5669c9-6599-4796-8dd2-1d6252a0185a req-ba5669c9-6599-4796-8dd2-1d6252a0185a ] Request (ListImageFiltersTestJSON:setUpClass): 200 GET http://10.180.1.21/compute/v2.1/servers/c5f1a620-818e-4019-94cd-05786650b5ab 0.529s
2025-11-19 16:57:21.397 66957 INFO tempest.lib.common.rest_client [req-2c150074-f877-4869-b92e-eabdc49d07ae req-2c150074-f877-4869-b92e-eabdc49d07ae ] Request (ImagesNegativeTestJSON:test_create_image_from_deleted_server): 200 GET http://10.180.1.21/compute/v2.1/servers/5adbfce6-8404-432c-bc2a-8de2c659b9ac 0.536s
2025-11-19 16:57:21.403 66957 INFO tempest.common.waiters [-] State transition "BUILD/networking" ==> "BUILD/spawning" after 71 second wait
2025-11-19 16:57:21.420 66949 INFO tempest.lib.common.rest_client [req-ed577dc7-6164-4b79-bfff-347e2cb7b498 req-ed577dc7-6164-4b79-bfff-347e2cb7b498 ] Request (MigrationsAdminTest:test_resize_server_revert_deleted_flavor): 200 GET http://10.180.1.21/compute/v2.1/servers/fb6a0523-a5f7-425e-8600-a9d13f0f862f 0.497s
2025-11-19 16:57:21.459 66933 INFO tempest.lib.common.rest_client [req-3ba81670-899a-4a66-9259-96b0cb9a3f14 req-3ba81670-899a-4a66-9259-96b0cb9a3f14 ] Request (ServerAddressesNegativeTestJSON:tearDownClass): 200 GET http://10.180.1.21/compute/v2.1/servers/6a4f46c2-7b07-4a0c-94ad-b4b13f3e0546 0.513s
2025-11-19 16:57:21.484 66976 INFO tempest.lib.common.rest_client [req-e1966b61-bcc2-400a-a9f1-25e85ac1b73f req-e1966b61-bcc2-400a-a9f1-25e85ac1b73f ] Request (ServersTestMultiNic:test_verify_multiple_nics_order): 200 GET http://10.180.1.21/compute/v2.1/servers/e0baa6c8-a356-414b-a162-4da5db007320 0.476s
2025-11-19 16:57:21.601 66947 INFO tempest.lib.common.rest_client [req-762213f5-34e1-46f5-bef9-7bc17074cb9f req-762213f5-34e1-46f5-bef9-7bc17074cb9f ] Request (SecurityGroupsTestJSON:tearDownClass): 200 GET http://10.180.1.21/compute/v2.1/servers/66a4484b-ca7b-435d-80d1-3082bb755dbc 0.521s
2025-11-19 16:57:21.628 66989 INFO tempest.lib.common.rest_client [req-91830d27-08f5-46df-a765-92b81921aef4 req-91830d27-08f5-46df-a765-92b81921aef4 ] Request (DeleteServersTestJSON:test_delete_server_while_in_shelved_state): 200 GET http://10.180.1.21/compute/v2.1/servers/8cf0a99f-a944-4d08-9d69-def60e82f0e2 0.566s
2025-11-19 16:57:21.666 66985 INFO tempest.lib.common.rest_client [req-fc366330-42c8-423d-b2b6-37364b373a29 req-fc366330-42c8-423d-b2b6-37364b373a29 ] Request (ServersAdminTestJSON:tearDownClass): 200 GET http://10.180.1.21/compute/v2.1/servers/bb2e4242-beb0-46c0-a4d1-1615edf5bb0d 0.542s
2025-11-19 16:57:21.681 66959 INFO tempest.lib.common.rest_client [req-1a870f88-7da9-479b-8d22-cb45f4b71149 req-1a870f88-7da9-479b-8d22-cb45f4b71149 ] Request (ServersAaction247Test:test_create_backup): 200 GET http://10.180.1.21/compute/v2.1/servers/36269093-767c-4413-a10f-b26230271d7d 0.489s
2025-11-19 16:57:21.729 66961 INFO tempest.lib.common.rest_client [req-dad74ece-c940-49f1-aaa4-a86df2649863 req-dad74ece-c940-49f1-aaa4-a86df2649863 ] Request (ServerShowV257Test:tearDownClass): 200 GET http://10.180.1.21/compute/v2.1/servers/8a05f4fd-1db0-4a47-b08b-5df254485e54 0.461s
2025-11-19 16:57:21.787 66941 INFO tempest.lib.common.rest_client [req-4b285736-6dd1-4011-b4f2-1e36485ed410 req-4b285736-6dd1-4011-b4f2-1e36485ed410 ] Request (ServersTestJSON:_run_cleanups): 200 GET http://10.180.1.21/compute/v2.1/servers/c1f555e3-5e9a-4f94-9b13-44e6eb4bf7a8 0.462s
2025-11-19 16:57:21.835 66995 INFO tempest.lib.common.rest_client [req-c26d912c-5312-4d46-85dc-6500a90b9e10 req-c26d912c-5312-4d46-85dc-6500a90b9e10 ] Request (ServerRescueNegativeTestJSON:test_rescued_vm_detach_volume): 200 GET http://10.180.1.21/compute/v2.1/servers/1553d982-4486-42a3-9b56-09562396bdcd 0.231s
2025-11-19 16:57:21.894 66937 INFO tempest.lib.common.rest_client [req-7d9a2277-4649-4b07-97ea-29d54ae4e5d2 req-7d9a2277-4649-4b07-97ea-29d54ae4e5d2 ] Request (ServerDiagnosticsNegativeTest:tearDownClass): 200 GET http://10.180.1.21/compute/v2.1/servers/9d4db367-9f42-4a7e-a4cd-82d71cbdf27a 0.151s
2025-11-19 16:57:21.963 66983 INFO tempest.lib.common.rest_client [req-cea7a042-ec96-4dc0-8d7e-91ca38b0ca13 req-cea7a042-ec96-4dc0-8d7e-91ca38b0ca13 ] Request (ServerAddressesTestJSON:tearDownClass): 200 GET http://10.180.1.21/compute/v2.1/servers/255498ab-39c8-454c-af35-82c8dfd06813 0.113s
2025-11-19 16:57:22.021 66987 INFO tempest.lib.common.rest_client [req-16cf22df-4e76-443c-8349-9843ae6649fd req-16cf22df-4e76-443c-8349-9843ae6649fd ] Request (ServerDiskConfigTestJSON:test_rebuild_server_with_auto_disk_config): 200 GET http://10.180.1.21/compute/v2.1/servers/db5c4646-3cfa-42ba-a5e9-0835a083b7c4 0.155s
2025-11-19 16:57:22.074 66967 INFO tempest.lib.common.rest_client [req-3391523c-ba08-410b-bf8a-210d6f5d5f7d req-3391523c-ba08-410b-bf8a-210d6f5d5f7d ] Request (ImagesTestJSON:test_create_image_from_suspended_server): 200 GET http://10.180.1.21/compute/v2.1/servers/04df1103-7d86-4e72-acef-2f5e68c2968b 0.164s
2025-11-19 16:57:22.082 66967 INFO tempest.common.waiters [-] State transition "BUILD/scheduling" ==> "BUILD/None" after 3 second wait
2025-11-19 16:57:22.140 66935 INFO tempest.lib.common.rest_client [req-93613f0c-8c13-49d0-85db-2030e4e01ade req-93613f0c-8c13-49d0-85db-2030e4e01ade ] Request (ListImageFiltersTestJSON:setUpClass): 202 POST http://10.180.1.21/compute/v2.1/servers/c5f1a620-818e-4019-94cd-05786650b5ab/action 0.829s
2025-11-19 16:57:22.148 66963 INFO tempest.lib.common.rest_client [req-ebec9fed-aea9-4cca-8123-64aa109af975 req-ebec9fed-aea9-4cca-8123-64aa109af975 ] Request (ListServersNegativeTestJSON:tearDownClass): 200 GET http://10.180.1.21/compute/v2.1/servers/e4fbe49b-ba1e-4f71-8dcf-a09767e68fc5 0.212s
2025-11-19 16:57:22.198 66977 INFO tempest.lib.common.rest_client [req-301e034f-51fe-48d0-b2d2-3e1f35ecd33c req-301e034f-51fe-48d0-b2d2-3e1f35ecd33c ] Request (ServerRescueTestJSONUnderV235:setUpClass): 200 GET http://10.180.1.21/compute/v2.1/servers/db196889-1f7d-441d-84fb-ba19fe04661a 0.196s
2025-11-19 16:57:22.213 66969 INFO tempest.lib.common.rest_client [req-893dbc48-6c98-47a8-8252-32c3d2452cfc req-893dbc48-6c98-47a8-8252-32c3d2452cfc ] Request (ListServerFiltersTestJSON:tearDownClass): 200 GET http://10.180.1.21/compute/v2.1/servers/3b64e623-00a7-4236-91a8-3df3dcb2c1b0 0.203s
2025-11-19 16:57:22.220 66969 INFO tempest.common.waiters [-] State transition "ACTIVE/deleting" ==> "DELETED/None" after 4 second wait
2025-11-19 16:57:22.248 66965 INFO tempest.lib.common.rest_client [req-aed4ed34-c923-430d-aec8-62120a9c7a06 req-aed4ed34-c923-430d-aec8-62120a9c7a06 ] Request (AttachInterfacesTestJSON:test_create_list_show_delete_interfaces_by_fixed_ip): 200 GET http://10.180.1.21/compute/v2.1/servers/478a03f8-f353-4788-8f9b-f95a3f157eaa 0.178s
2025-11-19 16:57:22.261 66943 INFO tempest.lib.common.rest_client [req-f635e859-4850-4d63-8a66-08961d6a03fe req-f635e859-4850-4d63-8a66-08961d6a03fe ] Request (ServersTestFqdnHostnames:test_create_server_with_fqdn_name): 200 GET http://10.180.1.21/compute/v2.1/servers/5d46ae45-fb83-41e4-a1b6-d65f43e6579e 0.178s
2025-11-19 16:57:22.296 66935 INFO tempest.lib.common.rest_client [req-b3a47953-2a76-4ff3-998c-13b3b774ac02 req-b3a47953-2a76-4ff3-998c-13b3b774ac02 ] Request (ListImageFiltersTestJSON:setUpClass): 200 GET http://10.180.1.21/compute/v2.1/images/855c18f7-512b-47e2-a8c6-8c01a0e00196 0.154s
2025-11-19 16:57:22.301 66953 INFO tempest.lib.common.rest_client [req-ab4b368d-2908-47c1-b6be-f72ac5ccef9d req-ab4b368d-2908-47c1-b6be-f72ac5ccef9d ] Request (ServerPasswordTestJSON:setUpClass): 200 GET http://10.180.1.21/compute/v2.1/servers/c03071c4-de23-4269-a3d0-4f40b0fdcc61 0.178s
2025-11-19 16:57:22.355 66971 INFO tempest.lib.common.rest_client [req-07e243ba-3185-42b4-afd7-64b0bcd8feb9 req-07e243ba-3185-42b4-afd7-64b0bcd8feb9 ] Request (AttachInterfacesV270Test:tearDownClass): 200 GET http://10.180.1.21/compute/v2.1/servers/963c384d-189d-483b-883d-ca3745204e4a 0.066s
2025-11-19 16:57:22.525 66957 INFO tempest.lib.common.rest_client [req-55420579-495e-48bb-86d0-4f8edd185b43 req-55420579-495e-48bb-86d0-4f8edd185b43 ] Request (ImagesNegativeTestJSON:test_create_image_from_deleted_server): 200 GET http://10.180.1.21/compute/v2.1/servers/5adbfce6-8404-432c-bc2a-8de2c659b9ac 0.120s
2025-11-19 16:57:22.533 66949 INFO tempest.lib.common.rest_client [req-07257be4-d285-47e0-8b4f-994a8b6e48e4 req-07257be4-d285-47e0-8b4f-994a8b6e48e4 ] Request (MigrationsAdminTest:test_resize_server_revert_deleted_flavor): 200 GET http://10.180.1.21/compute/v2.1/servers/fb6a0523-a5f7-425e-8600-a9d13f0f862f 0.106s
2025-11-19 16:57:22.543 66949 INFO tempest.common.waiters [-] State transition "RESIZE/resize_migrating" ==> "RESIZE/resize_migrated" after 47 second wait
2025-11-19 16:57:22.544 66939 WARNING tempest.lib.common.ssh [-] Failed to establish authenticated ssh connection to cirros@10.180.180.248 ([Errno None] Unable to connect to port 22 on 10.180.180.248). Number attempts: 3. Retry after 4 seconds.: paramiko.ssh_exception.NoValidConnectionsError: [Errno None] Unable to connect to port 22 on 10.180.180.248
2025-11-19 16:57:22.588 66933 INFO tempest.lib.common.rest_client [req-eac403e3-8e5c-474a-9a35-fa0c4874ab18 req-eac403e3-8e5c-474a-9a35-fa0c4874ab18 ] Request (ServerAddressesNegativeTestJSON:tearDownClass): 200 GET http://10.180.1.21/compute/v2.1/servers/6a4f46c2-7b07-4a0c-94ad-b4b13f3e0546 0.119s
2025-11-19 16:57:22.589 66976 INFO tempest.lib.common.rest_client [req-d6d21759-01a8-490a-9e34-0a50c2ec87e9 req-d6d21759-01a8-490a-9e34-0a50c2ec87e9 ] Request (ServersTestMultiNic:test_verify_multiple_nics_order): 200 GET http://10.180.1.21/compute/v2.1/servers/e0baa6c8-a356-414b-a162-4da5db007320 0.096s
2025-11-19 16:57:22.668 66947 INFO tempest.lib.common.rest_client [req-47a1ec3a-69f7-4521-8be6-89fae04b772e req-47a1ec3a-69f7-4521-8be6-89fae04b772e ] Request (SecurityGroupsTestJSON:tearDownClass): 200 GET http://10.180.1.21/compute/v2.1/servers/66a4484b-ca7b-435d-80d1-3082bb755dbc 0.060s
2025-11-19 16:57:22.733 66985 INFO tempest.lib.common.rest_client [req-82db9eda-e4bb-41f4-b531-09c0a3124228 req-82db9eda-e4bb-41f4-b531-09c0a3124228 ] Request (ServersAdminTestJSON:tearDownClass): 200 GET http://10.180.1.21/compute/v2.1/servers/bb2e4242-beb0-46c0-a4d1-1615edf5bb0d 0.057s
2025-11-19 16:57:22.756 66989 INFO tempest.lib.common.rest_client [req-346c4057-958e-48be-b760-1e8dda5282b4 req-346c4057-958e-48be-b760-1e8dda5282b4 ] Request (DeleteServersTestJSON:test_delete_server_while_in_shelved_state): 200 GET http://10.180.1.21/compute/v2.1/servers/8cf0a99f-a944-4d08-9d69-def60e82f0e2 0.121s
2025-11-19 16:57:22.783 66959 INFO tempest.lib.common.rest_client [req-a6d3371a-5372-43b2-a82a-2ea0dd48c947 req-a6d3371a-5372-43b2-a82a-2ea0dd48c947 ] Request (ServersAaction247Test:test_create_backup): 200 GET http://10.180.1.21/compute/v2.1/servers/36269093-767c-4413-a10f-b26230271d7d 0.092s
2025-11-19 16:57:22.812 66961 INFO tempest.lib.common.rest_client [req-f8e55737-9868-4bdf-9729-3bdfcc129cb3 req-f8e55737-9868-4bdf-9729-3bdfcc129cb3 ] Request (ServerShowV257Test:tearDownClass): 200 GET http://10.180.1.21/compute/v2.1/servers/8a05f4fd-1db0-4a47-b08b-5df254485e54 0.068s
2025-11-19 16:57:22.852 66941 INFO tempest.lib.common.rest_client [req-72f8a5a8-4369-434f-a5cd-ccffffc6df5c req-72f8a5a8-4369-434f-a5cd-ccffffc6df5c ] Request (ServersTestJSON:_run_cleanups): 200 GET http://10.180.1.21/compute/v2.1/servers/c1f555e3-5e9a-4f94-9b13-44e6eb4bf7a8 0.055s
2025-11-19 16:57:22.907 66995 INFO tempest.lib.common.rest_client [req-802345f5-619b-410b-9473-9ed74f85699a req-802345f5-619b-410b-9473-9ed74f85699a ] Request (ServerRescueNegativeTestJSON:test_rescued_vm_detach_volume): 200 GET http://10.180.1.21/compute/v2.1/servers/1553d982-4486-42a3-9b56-09562396bdcd 0.064s
2025-11-19 16:57:22.973 66937 INFO tempest.lib.common.rest_client [req-8e35f7e5-a981-4569-8f7a-400aaf681d3c req-8e35f7e5-a981-4569-8f7a-400aaf681d3c ] Request (ServerDiagnosticsNegativeTest:tearDownClass): 200 GET http://10.180.1.21/compute/v2.1/servers/9d4db367-9f42-4a7e-a4cd-82d71cbdf27a 0.069s
