2025-11-19 16:54:29.624 66967 INFO tempest.lib.common.rest_client [req-ce81454a-2023-4c08-9887-0c7e87014bf5 req-ce81454a-2023-4c08-9887-0c7e87014bf5 ] Request (FloatingIPsAssociationTestJSON:_run_cleanups): 202 POST http://10.180.1.21/compute/v2.1/servers/3166b938-b125-41fe-bd04-36e85c23c6eb/action 3.570s
2025-11-19 16:54:29.653 66935 INFO tempest.lib.common.rest_client [req-dfae8fd8-d5ed-4451-9f1c-0f5114182f0a req-dfae8fd8-d5ed-4451-9f1c-0f5114182f0a ] Request (ImagesOneServerTestJSON:test_create_delete_image): 404 GET http://10.180.1.21/compute/v2.1/images/0061e270-a7c3-456c-846c-4a70650b0289 2.689s
2025-11-19 16:54:29.692 66961 INFO tempest.lib.common.rest_client [req-f883a434-d5eb-479f-a147-c22d2da8b5f0 req-f883a434-d5eb-479f-a147-c22d2da8b5f0 ] Request (ServerExternalEventsTest:tearDownClass): 200 GET http://10.180.1.21/networking/v2.0/security-groups?tenant_id=9ae426df8c324304ad4b7cceaa3e100d&name=default 0.159s
2025-11-19 16:54:29.716 66976 INFO tempest.lib.common.rest_client [req-360b144a-59e1-4615-b5b6-ab3a8d0a6805 req-360b144a-59e1-4615-b5b6-ab3a8d0a6805 ] Request (FloatingIPsTestJSON:_run_cleanups): 404 DELETE http://10.180.1.21/compute/v2.1/os-floating-ips/7d844546-d1f3-4cef-9176-185681f29103 2.873s
2025-11-19 16:54:29.732 66945 INFO tempest.lib.common.rest_client [req-9cb01537-2927-49e5-a08b-9a0125c8ba10 req-9cb01537-2927-49e5-a08b-9a0125c8ba10 ] Request (SecurityGroupsTestAdminJSON:tearDownClass): 200 GET http://10.180.1.21/networking/v2.0/security-groups?tenant_id=9a29af8b19714fe3b47227c04a63bef7&name=default 0.192s
2025-11-19 16:54:29.767 66979 INFO tempest.lib.common.rest_client [req-78fd48ca-6c6a-455f-b7b5-d0377170483e req-78fd48ca-6c6a-455f-b7b5-d0377170483e ] Request (AttachVolumeNegativeTest:setUpClass): 201 POST http://10.180.1.21/identity/v3/auth/tokens 0.142s
2025-11-19 16:54:29.779 66963 INFO tempest.lib.common.rest_client [req-d319e136-2b42-413e-bc86-235fc07cb88b req-d319e136-2b42-413e-bc86-235fc07cb88b ] Request (InstanceActionsNegativeTestJSON:setUpClass): 200 GET http://10.180.1.21/compute/v2.1/servers/fb72dfc5-c2d6-4fc7-bd18-e03371e01e98 2.726s
2025-11-19 16:54:29.830 66961 INFO tempest.lib.common.rest_client [req-d28cf4eb-1fcc-4b43-8a21-01777f102d94 req-d28cf4eb-1fcc-4b43-8a21-01777f102d94 ] Request (ServerExternalEventsTest:tearDownClass): 204 DELETE http://10.180.1.21/networking/v2.0/security-groups/1ec22806-11db-4781-bb28-cdbc24ff60e4 0.137s
2025-11-19 16:54:29.922 66961 INFO tempest.lib.common.rest_client [req-c5199bc8-d065-4f62-b461-71f9299dd85d req-c5199bc8-d065-4f62-b461-71f9299dd85d ] Request (ServerExternalEventsTest:tearDownClass): 204 DELETE http://10.180.1.21/identity/v3/projects/9ae426df8c324304ad4b7cceaa3e100d 0.091s
2025-11-19 16:54:29.922 66961 INFO tempest.lib.common.dynamic_creds [-] Deleting project and security group for project: 7036a944444f475987cdba42ee255117
2025-11-19 16:54:29.933 66945 INFO tempest.lib.common.rest_client [req-f5e97228-51de-49b2-ae89-46c185233d6e req-f5e97228-51de-49b2-ae89-46c185233d6e ] Request (SecurityGroupsTestAdminJSON:tearDownClass): 204 DELETE http://10.180.1.21/networking/v2.0/security-groups/ae2c794d-375c-4eb5-a149-d7e16057b1bb 0.200s
2025-11-19 16:54:29.978 66939 INFO paramiko.transport [-] Connected (version 2.0, client dropbear_2020.81)
2025-11-19 16:54:29.979 66981 INFO tempest.lib.common.rest_client [req-eb3f4f29-4b57-477d-a795-25d162d77ace req-eb3f4f29-4b57-477d-a795-25d162d77ace ] Request (ServersListShow298Test:test_list_show_update_rebuild_server_298): 200 GET http://10.180.1.21/compute/v2.1/servers/71bfb132-c418-4fdb-a2cf-d68a672a409a 2.788s
2025-11-19 16:54:30.082 66945 INFO tempest.lib.common.rest_client [req-016480b9-c5f8-4cd5-996a-9fa97406486c req-016480b9-c5f8-4cd5-996a-9fa97406486c ] Request (SecurityGroupsTestAdminJSON:tearDownClass): 204 DELETE http://10.180.1.21/identity/v3/projects/9a29af8b19714fe3b47227c04a63bef7 0.148s
2025-11-19 16:54:30.083 66945 INFO tempest.lib.common.dynamic_creds [-] Deleting project and security group for project: a564c61d0acf4f61b8b832de392b73c1
2025-11-19 16:54:30.105 66939 INFO paramiko.transport [-] Authentication (publickey) successful!
2025-11-19 16:54:30.106 66939 INFO tempest.lib.common.ssh [-] ssh connection to cirros@10.180.180.149 successfully created
2025-11-19 16:54:30.185 66961 INFO tempest.lib.common.rest_client [req-a42e2bf0-b250-42c9-9c2f-b8e5c50b8c46 req-a42e2bf0-b250-42c9-9c2f-b8e5c50b8c46 ] Request (ServerExternalEventsTest:tearDownClass): 200 GET http://10.180.1.21/networking/v2.0/security-groups?tenant_id=7036a944444f475987cdba42ee255117&name=default 0.262s
2025-11-19 16:54:30.228 66969 INFO tempest.lib.common.rest_client [req-ad3e7a7f-17ad-4784-89c1-61de096e7849 req-ad3e7a7f-17ad-4784-89c1-61de096e7849 ] Request (ListServerFiltersTestJSON:setUpClass): 200 GET http://10.180.1.21/compute/v2.1/servers/3b64e623-00a7-4236-91a8-3df3dcb2c1b0 2.902s
2025-11-19 16:54:30.250 66973 INFO tempest.lib.common.rest_client [req-af712116-789d-4ae3-9dda-6bb9eb623c0d req-af712116-789d-4ae3-9dda-6bb9eb623c0d ] Request (VolumesAdminNegativeTest:tearDownClass): 200 GET http://10.180.1.21/compute/v2.1/servers/6567a6d3-2d8e-49e3-9481-8822921155f7 2.799s
2025-11-19 16:54:30.261 66945 INFO tempest.lib.common.rest_client [req-13512f14-a92f-4f7c-ac18-de0bd5a19205 req-13512f14-a92f-4f7c-ac18-de0bd5a19205 ] Request (SecurityGroupsTestAdminJSON:tearDownClass): 200 GET http://10.180.1.21/networking/v2.0/security-groups?tenant_id=a564c61d0acf4f61b8b832de392b73c1&name=default 0.178s
2025-11-19 16:54:30.272 66965 INFO tempest.lib.common.rest_client [req-165bde72-713d-44e9-8f4a-635cf6a2b69f req-165bde72-713d-44e9-8f4a-635cf6a2b69f ] Request (FlavorsAdminTestJSON:test_create_server_with_non_public_flavor): 200 POST http://10.180.1.21/compute/v2.1/flavors 2.657s
2025-11-19 16:54:30.298 66959 INFO tempest.lib.common.rest_client [req-14102545-5be1-4436-9ed8-71d369b5b865 req-14102545-5be1-4436-9ed8-71d369b5b865 ] Request (FlavorsAccessNegativeTestJSON:test_remove_flavor_access_not_found): 200 POST http://10.180.1.21/compute/v2.1/flavors 2.661s
2025-11-19 16:54:30.307 66977 INFO tempest.lib.common.rest_client [req-35114ba0-da7e-44f3-9fe5-bba4a2f67731 req-35114ba0-da7e-44f3-9fe5-bba4a2f67731 ] Request (ServersAdminNegativeTestJSON:test_reset_state_server_nonexistent_server): 404 POST http://10.180.1.21/compute/v2.1/servers/999/action 2.667s
2025-11-19 16:54:30.416 66961 INFO tempest.lib.common.rest_client [req-49bb64f4-ce26-4ddf-8155-a226d097ed13 req-49bb64f4-ce26-4ddf-8155-a226d097ed13 ] Request (ServerExternalEventsTest:tearDownClass): 204 DELETE http://10.180.1.21/networking/v2.0/security-groups/57216825-a19a-42fb-a951-7075cb3ca07e 0.231s
2025-11-19 16:54:30.543 66961 INFO tempest.lib.common.rest_client [req-7d54c83d-e4c6-4f7b-b6c8-4975e5b966cc req-7d54c83d-e4c6-4f7b-b6c8-4975e5b966cc ] Request (ServerExternalEventsTest:tearDownClass): 204 DELETE http://10.180.1.21/identity/v3/projects/7036a944444f475987cdba42ee255117 0.126s
2025-11-19 16:54:30.543 66961 INFO tempest.lib.common.dynamic_creds [-] Deleting project and security group for project: 31d7c353919245cca9bea80b33e3d3c6
2025-11-19 16:54:30.583 66947 INFO tempest.lib.common.rest_client [req-bda85702-9794-4f7f-8708-d3bd50177793 req-bda85702-9794-4f7f-8708-d3bd50177793 ] Request (SecurityGroupsTestJSON:test_security_groups_create_list_delete): 200 POST http://10.180.1.21/compute/v2.1/os-security-groups 3.123s
2025-11-19 16:54:30.635 66943 INFO tempest.lib.common.rest_client [req-bff942c9-1ee9-4001-ac4b-630ff6566402 req-bff942c9-1ee9-4001-ac4b-630ff6566402 ] Request (ImagesMetadataTestJSON:test_get_image_metadata_item): 200 GET http://10.180.1.21/compute/v2.1/images/73e084cd-7a3d-4f57-996a-b33ca836b112/metadata/os_distro 2.866s
2025-11-19 16:54:30.649 66983 INFO tempest.lib.common.rest_client [req-6b7c615a-5191-48d1-b6bd-921f63b7cb9a req-6b7c615a-5191-48d1-b6bd-921f63b7cb9a ] Request (AggregatesAdminNegativeTestJSON:test_aggregate_delete_with_invalid_id): 404 DELETE http://10.180.1.21/compute/v2.1/os-aggregates/-1 2.838s
2025-11-19 16:54:30.677 66945 INFO tempest.lib.common.rest_client [req-52ffc09b-02b7-4acf-9f53-c8edb5290435 req-52ffc09b-02b7-4acf-9f53-c8edb5290435 ] Request (SecurityGroupsTestAdminJSON:tearDownClass): 204 DELETE http://10.180.1.21/networking/v2.0/security-groups/eab91376-b1aa-4be7-b842-ca1abe76b8e0 0.414s
2025-11-19 16:54:30.711 66937 INFO tempest.lib.common.rest_client [req-8224a8b9-04c4-4e76-8c90-340031423d5d req-8224a8b9-04c4-4e76-8c90-340031423d5d ] Request (DeleteServersAdminTestJSON:test_delete_server_while_in_error_state): 200 GET http://10.180.1.21/compute/v2.1/servers/4ab48f53-28c5-4b88-bac9-62c6e8722298 3.030s
2025-11-19 16:54:30.778 66976 INFO tempest.lib.common.rest_client [req-1c27bc01-02ed-4284-ae85-ab635e11c390 req-1c27bc01-02ed-4284-ae85-ab635e11c390 ] Request (FloatingIPsTestJSON:tearDownClass): 200 PUT http://10.180.1.21/networking/v2.0/routers/06991252-849a-432a-8138-547b296da2d5/remove_router_interface 1.061s
2025-11-19 16:54:30.821 66987 INFO tempest.lib.common.rest_client [req-e3a252d2-591c-4573-9555-9e20af72fe10 req-e3a252d2-591c-4573-9555-9e20af72fe10 ] Request (ServerDiagnosticsTest:tearDownClass): 200 GET http://10.180.1.21/compute/v2.1/servers/909583ea-437f-4ace-8ec9-def2d9c4ebe2 2.908s
2025-11-19 16:54:30.834 66987 INFO tempest.common.waiters [-] State transition "ACTIVE/deleting" ==> "DELETED/None" after 4 second wait
2025-11-19 16:54:30.861 66945 INFO tempest.lib.common.rest_client [req-82f86acc-f6ac-4dc9-bd0e-500c714301f4 req-82f86acc-f6ac-4dc9-bd0e-500c714301f4 ] Request (SecurityGroupsTestAdminJSON:tearDownClass): 204 DELETE http://10.180.1.21/identity/v3/projects/a564c61d0acf4f61b8b832de392b73c1 0.183s
2025-11-19 16:54:30.913 66961 INFO tempest.lib.common.rest_client [req-9dd96cb5-8c84-49b1-ab86-bd3dabfa9641 req-9dd96cb5-8c84-49b1-ab86-bd3dabfa9641 ] Request (ServerExternalEventsTest:tearDownClass): 200 GET http://10.180.1.21/networking/v2.0/security-groups?tenant_id=31d7c353919245cca9bea80b33e3d3c6&name=default 0.369s
2025-11-19 16:54:30.952 66945 INFO tempest.lib.common.rest_client [req-9f472106-2c7b-437f-b089-d52dab6e4d50 req-9f472106-2c7b-437f-b089-d52dab6e4d50 ] Request (ImagesMetadataNegativeTestJSON:setUpClass): 201 POST http://10.180.1.21/identity/v3/auth/tokens 0.088s
2025-11-19 16:54:30.989 66945 INFO tempest.lib.common.rest_client [req-b0a1f185-f9a5-4aa2-bf5d-3583eb7482ec req-b0a1f185-f9a5-4aa2-bf5d-3583eb7482ec ] Request (ImagesMetadataNegativeTestJSON:setUpClass): 201 POST http://10.180.1.21/identity/v3/auth/tokens 0.033s
2025-11-19 16:54:31.013 66945 INFO tempest.lib.common.rest_client [req-c086ce8b-feca-471c-9a8c-251a3ea7de5c req-c086ce8b-feca-471c-9a8c-251a3ea7de5c ] Request (ImagesMetadataNegativeTestJSON:setUpClass): 200 GET http://10.180.1.21/identity/v3/domains?name=Default 0.024s
2025-11-19 16:54:31.075 66945 INFO tempest.lib.common.rest_client [req-d7322fd4-ea95-40bd-aaa3-bed32b24f8cc req-d7322fd4-ea95-40bd-aaa3-bed32b24f8cc ] Request (ImagesMetadataNegativeTestJSON:setUpClass): 201 POST http://10.180.1.21/identity/v3/projects 0.061s
2025-11-19 16:54:31.082 66961 INFO tempest.lib.common.rest_client [req-666bfb09-2d54-48b7-9a89-dc123015be8d req-666bfb09-2d54-48b7-9a89-dc123015be8d ] Request (ServerExternalEventsTest:tearDownClass): 204 DELETE http://10.180.1.21/networking/v2.0/security-groups/145155dd-47e4-46b6-89b0-312bf42b46f0 0.168s
2025-11-19 16:54:31.127 66995 INFO tempest.lib.common.rest_client [req-ce9a0a52-db52-4ed7-a55a-b112a1798528 req-ce9a0a52-db52-4ed7-a55a-b112a1798528 ] Request (InstanceActionsV221TestJSON:test_get_list_deleted_instance_actions): 200 GET http://10.180.1.21/compute/v2.1/servers/ffced8bc-0545-41e2-ae19-5d885931d51b 2.767s
2025-11-19 16:54:31.143 66995 INFO tempest.common.waiters [-] State transition "BUILD/spawning" ==> "ACTIVE/None" after 33 second wait
2025-11-19 16:54:31.157 66945 INFO tempest.lib.common.rest_client [req-5899b618-046e-49c6-a04b-1ab4c0dd8ade req-5899b618-046e-49c6-a04b-1ab4c0dd8ade ] Request (ImagesMetadataNegativeTestJSON:setUpClass): 201 POST http://10.180.1.21/identity/v3/users 0.081s
2025-11-19 16:54:31.162 66991 INFO tempest.lib.common.rest_client [req-8fe7d30d-3231-4607-a3bc-54a2c29f2779 req-8fe7d30d-3231-4607-a3bc-54a2c29f2779 ] Request (ServerDiagnosticsV248Test:test_get_server_diagnostics): 202 POST http://10.180.1.21/compute/v2.1/servers 2.671s
2025-11-19 16:54:31.191 66945 INFO tempest.lib.common.rest_client [req-51ba5d10-3171-478b-8229-c3ac39b23deb req-51ba5d10-3171-478b-8229-c3ac39b23deb ] Request (ImagesMetadataNegativeTestJSON:setUpClass): 200 GET http://10.180.1.21/identity/v3/roles 0.034s
2025-11-19 16:54:31.207 66961 INFO tempest.lib.common.rest_client [req-1e3fe6db-a9c4-4ecf-8888-d5cad382951b req-1e3fe6db-a9c4-4ecf-8888-d5cad382951b ] Request (ServerExternalEventsTest:tearDownClass): 204 DELETE http://10.180.1.21/identity/v3/projects/31d7c353919245cca9bea80b33e3d3c6 0.125s
2025-11-19 16:54:31.226 66953 INFO tempest.lib.common.rest_client [req-95f35cd9-86bf-4715-8f44-ddc172bd0a9e req-95f35cd9-86bf-4715-8f44-ddc172bd0a9e ] Request (ServersTestBootFromVolume:setUpClass): 200 GET http://10.180.1.21/compute/v2.1/servers/ae12ef94-f602-441a-a0a6-343baf8087e2 2.727s
2025-11-19 16:54:31.284 66945 INFO tempest.lib.common.rest_client [req-d040525a-bf6c-4425-a018-71475d2db7b9 req-d040525a-bf6c-4425-a018-71475d2db7b9 ] Request (ImagesMetadataNegativeTestJSON:setUpClass): 204 PUT http://10.180.1.21/identity/v3/projects/6ee6262ac6a14bd5bedd679a1d17429e/users/9915f44cce1349b9a693a8891cd479f9/roles/ddf43ca2ef0a4ffab54ebebff5d2309a 0.092s
2025-11-19 16:54:31.285 66945 INFO tempest.lib.common.dynamic_creds [-] Dynamic test user 9915f44cce1349b9a693a8891cd479f9 is created with scope project and roles: ['member']
2025-11-19 16:54:31.285 66945 INFO tempest.lib.common.dynamic_creds [-] Acquired dynamic creds: credentials: Credentials: {'domain_id': 'default', 'domain_name': 'Default', 'username': 'tempest-ImagesMetadataNegativeTestJSON-274488165-project-member', 'project_domain_id': 'default', 'project_domain_name': 'Default', 'project_id': '6ee6262ac6a14bd5bedd679a1d17429e', 'project_name': 'tempest-ImagesMetadataNegativeTestJSON-274488165', 'tenant_id': '6ee6262ac6a14bd5bedd679a1d17429e', 'tenant_name': 'tempest-ImagesMetadataNegativeTestJSON-274488165', 'user_domain_id': 'default', 'user_domain_name': 'Default', 'user_id': '9915f44cce1349b9a693a8891cd479f9', 'system': None}, Network: None, Subnet: None, Router: None
2025-11-19 16:54:31.285 66945 INFO tempest.lib.common.dynamic_creds [-] Created isolated network resources for: credentials: Credentials: {'domain_id': 'default', 'domain_name': 'Default', 'username': 'tempest-ImagesMetadataNegativeTestJSON-274488165-project-member', 'project_domain_id': 'default', 'project_domain_name': 'Default', 'project_id': '6ee6262ac6a14bd5bedd679a1d17429e', 'project_name': 'tempest-ImagesMetadataNegativeTestJSON-274488165', 'tenant_id': '6ee6262ac6a14bd5bedd679a1d17429e', 'tenant_name': 'tempest-ImagesMetadataNegativeTestJSON-274488165', 'user_domain_id': 'default', 'user_domain_name': 'Default', 'user_id': '9915f44cce1349b9a693a8891cd479f9', 'system': None}, Network: None, Subnet: None, Router: None
2025-11-19 16:54:31.296 66961 INFO tempest.lib.common.rest_client [req-6c65086e-b441-4d05-b070-da7732ba597c req-6c65086e-b441-4d05-b070-da7732ba597c ] Request (FloatingIPDetailsNegativeTestJSON:setUpClass): 201 POST http://10.180.1.21/identity/v3/auth/tokens 0.087s
2025-11-19 16:54:31.343 66957 INFO tempest.lib.common.rest_client [req-55dbab8c-5fa8-46fd-b7be-fe1282f27f8b req-55dbab8c-5fa8-46fd-b7be-fe1282f27f8b ] Request (FloatingIPsAssociationNegativeTestJSON:setUpClass): 200 GET http://10.180.1.21/compute/v2.1/servers/2dec7382-fa1f-43d2-8d77-de994ffbe827 2.760s
2025-11-19 16:54:31.370 66961 INFO tempest.lib.common.rest_client [req-a510a7c1-6ea4-4624-bec2-b2ae498ca15c req-a510a7c1-6ea4-4624-bec2-b2ae498ca15c ] Request (FloatingIPDetailsNegativeTestJSON:setUpClass): 201 POST http://10.180.1.21/identity/v3/auth/tokens 0.071s
2025-11-19 16:54:31.385 66945 INFO tempest.lib.common.rest_client [req-cb10ccf6-d22d-444c-ab0e-dd299a91580e req-cb10ccf6-d22d-444c-ab0e-dd299a91580e ] Request (ImagesMetadataNegativeTestJSON:setUpClass): 201 POST http://10.180.1.21/identity/v3/auth/tokens 0.097s
2025-11-19 16:54:31.398 66985 INFO tempest.lib.common.rest_client [req-5d0d3385-8f9d-4053-bcd7-b9ed07451683 req-5d0d3385-8f9d-4053-bcd7-b9ed07451683 ] Request (ServersAdminTestJSON:test_create_server_with_scheduling_hint): 200 GET http://10.180.1.21/compute/v2.1/servers/bb2e4242-beb0-46c0-a4d1-1615edf5bb0d 2.691s
2025-11-19 16:54:31.406 66961 INFO tempest.lib.common.rest_client [req-9ba40863-f30e-48ad-857d-9011e6918a7d req-9ba40863-f30e-48ad-857d-9011e6918a7d ] Request (FloatingIPDetailsNegativeTestJSON:setUpClass): 200 GET http://10.180.1.21/identity/v3/domains?name=Default 0.035s
2025-11-19 16:54:31.457 66961 INFO tempest.lib.common.rest_client [req-190805a7-bab3-485d-afa9-0c440f849ac1 req-190805a7-bab3-485d-afa9-0c440f849ac1 ] Request (FloatingIPDetailsNegativeTestJSON:setUpClass): 201 POST http://10.180.1.21/identity/v3/projects 0.051s
2025-11-19 16:54:31.519 66976 INFO tempest.lib.common.rest_client [req-742ae6c8-55f6-4f40-9370-43db9cc3123b req-742ae6c8-55f6-4f40-9370-43db9cc3123b ] Request (FloatingIPsTestJSON:tearDownClass): 204 DELETE http://10.180.1.21/networking/v2.0/routers/06991252-849a-432a-8138-547b296da2d5 0.740s
2025-11-19 16:54:31.554 66961 INFO tempest.lib.common.rest_client [req-d73c8bde-2b52-4316-ad50-8a25e20eddb7 req-d73c8bde-2b52-4316-ad50-8a25e20eddb7 ] Request (FloatingIPDetailsNegativeTestJSON:setUpClass): 201 POST http://10.180.1.21/identity/v3/users 0.096s
2025-11-19 16:54:31.566 66971 INFO tempest.lib.common.rest_client [req-66211b87-f813-4e3f-90f6-bdc1aba31ec2 req-66211b87-f813-4e3f-90f6-bdc1aba31ec2 ] Request (ServersAdmin275Test:tearDownClass): 200 GET http://10.180.1.21/compute/v2.1/servers/798f38b6-243d-4abb-965f-f20f6e8905de 2.501s
2025-11-19 16:54:31.584 66961 INFO tempest.lib.common.rest_client [req-a2357380-3958-4927-9eb9-4615ba2963d1 req-a2357380-3958-4927-9eb9-4615ba2963d1 ] Request (FloatingIPDetailsNegativeTestJSON:setUpClass): 200 GET http://10.180.1.21/identity/v3/roles 0.028s
2025-11-19 16:54:31.607 66989 INFO tempest.lib.common.rest_client [req-901dd202-f4e5-479d-81ad-a74321b8a16d req-901dd202-f4e5-479d-81ad-a74321b8a16d ] Request (DeleteServersTestJSON:test_delete_server_while_in_attached_volume): 200 GET http://10.180.1.21/compute/v2.1/servers/e6e49912-5cd3-402a-a3f9-5d7b4762e9e5 2.742s
2025-11-19 16:54:31.618 66961 INFO tempest.lib.common.rest_client [req-24e7765e-7851-4485-9411-99cc0812dd07 req-24e7765e-7851-4485-9411-99cc0812dd07 ] Request (FloatingIPDetailsNegativeTestJSON:setUpClass): 204 PUT http://10.180.1.21/identity/v3/projects/69246e22797248ddbfe5233b693f6bc6/users/f85604d4597c4a79973a5061f4496c07/roles/ddf43ca2ef0a4ffab54ebebff5d2309a 0.034s
2025-11-19 16:54:31.618 66961 INFO tempest.lib.common.dynamic_creds [-] Dynamic test user f85604d4597c4a79973a5061f4496c07 is created with scope project and roles: ['member']
2025-11-19 16:54:31.619 66961 INFO tempest.lib.common.dynamic_creds [-] Acquired dynamic creds: credentials: Credentials: {'domain_id': 'default', 'domain_name': 'Default', 'username': 'tempest-FloatingIPDetailsNegativeTestJSON-1465270902-project-member', 'project_domain_id': 'default', 'project_domain_name': 'Default', 'project_id': '69246e22797248ddbfe5233b693f6bc6', 'project_name': 'tempest-FloatingIPDetailsNegativeTestJSON-1465270902', 'tenant_id': '69246e22797248ddbfe5233b693f6bc6', 'tenant_name': 'tempest-FloatingIPDetailsNegativeTestJSON-1465270902', 'user_domain_id': 'default', 'user_domain_name': 'Default', 'user_id': 'f85604d4597c4a79973a5061f4496c07', 'system': None}, Network: None, Subnet: None, Router: None
2025-11-19 16:54:31.660 66976 INFO tempest.lib.common.rest_client [req-1cf6bc80-6a7f-4bcd-8277-85113fc7d8c5 req-1cf6bc80-6a7f-4bcd-8277-85113fc7d8c5 ] Request (FloatingIPsTestJSON:tearDownClass): 204 DELETE http://10.180.1.21/networking/v2.0/subnets/284844f8-33cb-4fa1-8aa3-936089968a78 0.141s
2025-11-19 16:54:31.691 66941 INFO tempest.lib.common.rest_client [req-2b6e24aa-7cc1-47ed-87cb-26e908a4ccb7 req-2b6e24aa-7cc1-47ed-87cb-26e908a4ccb7 ] Request (ServersTestJSON:test_create_server_with_ipv6_addr_only): 200 GET http://10.180.1.21/compute/v2.1/servers/b046bd93-e447-4d97-b05e-7afd3476eaba 2.330s
2025-11-19 16:54:31.724 66961 INFO tempest.lib.common.rest_client [req-92404a5e-865c-46e2-a18b-85e9a77cc382 req-92404a5e-865c-46e2-a18b-85e9a77cc382 ] Request (FloatingIPDetailsNegativeTestJSON:setUpClass): 201 POST http://10.180.1.21/identity/v3/auth/tokens 0.105s
2025-11-19 16:54:31.744 66967 INFO tempest.lib.common.rest_client [req-4df703a5-3dd6-45e8-bc02-3a73c7f91ff5 req-4df703a5-3dd6-45e8-bc02-3a73c7f91ff5 ] Request (FloatingIPsAssociationTestJSON:_run_cleanups): 204 DELETE http://10.180.1.21/compute/v2.1/servers/3166b938-b125-41fe-bd04-36e85c23c6eb 2.120s
2025-11-19 16:54:31.924 66976 INFO tempest.lib.common.rest_client [req-5e56e696-ecb6-4aae-9d04-7440cb95b83c req-5e56e696-ecb6-4aae-9d04-7440cb95b83c ] Request (FloatingIPsTestJSON:tearDownClass): 204 DELETE http://10.180.1.21/networking/v2.0/networks/1c592228-6538-45e0-a3d7-05ee505f03c8 0.263s
2025-11-19 16:54:32.008 66979 INFO tempest.lib.common.rest_client [req-ee248d60-3c94-47e2-a21e-750ad2958b14 req-ee248d60-3c94-47e2-a21e-750ad2958b14 ] Request (ValidationResourcesFixture:setUp): 200 POST http://10.180.1.21/compute/v2.1/os-keypairs 2.238s
2025-11-19 16:54:32.082 66976 INFO tempest.lib.common.rest_client [req-95343920-0348-4f2c-af90-1ef16da3384d req-95343920-0348-4f2c-af90-1ef16da3384d ] Request (FloatingIPsTestJSON:tearDownClass): 204 DELETE http://10.180.1.21/identity/v3/users/346393c19677414ca4c065c9c4b108f3 0.157s
2025-11-19 16:54:32.082 66976 INFO tempest.lib.common.dynamic_creds [-] Deleting project and security group for project: ee2f842c15be4a53a69f5c76bbc8bf71
2025-11-19 16:54:32.172 66979 INFO tempest.lib.common.rest_client [req-533bf0f6-6db4-4252-b187-e6d0b4d7e188 req-533bf0f6-6db4-4252-b187-e6d0b4d7e188 ] Request (ValidationResourcesFixture:setUp): 201 POST http://10.180.1.21/networking/v2.0/security-groups 0.161s
2025-11-19 16:54:32.201 66961 INFO tempest.lib.common.rest_client [req-8cef5481-04dd-45e7-9ad4-52ddc20863cd req-8cef5481-04dd-45e7-9ad4-52ddc20863cd ] Request (FloatingIPDetailsNegativeTestJSON:setUpClass): 201 POST http://10.180.1.21/networking/v2.0/networks 0.477s
2025-11-19 16:54:32.269 66976 INFO tempest.lib.common.rest_client [req-02956cf0-6241-478e-b74d-fd67c1bad2b9 req-02956cf0-6241-478e-b74d-fd67c1bad2b9 ] Request (FloatingIPsTestJSON:tearDownClass): 200 GET http://10.180.1.21/networking/v2.0/security-groups?tenant_id=ee2f842c15be4a53a69f5c76bbc8bf71&name=default 0.186s
2025-11-19 16:54:32.394 66979 INFO tempest.lib.common.rest_client [req-e31ee3da-9dd0-4d04-aa19-d8e462e80c81 req-e31ee3da-9dd0-4d04-aa19-d8e462e80c81 ] Request (ValidationResourcesFixture:setUp): 201 POST http://10.180.1.21/networking/v2.0/security-group-rules 0.221s
2025-11-19 16:54:32.398 66935 INFO tempest.lib.common.rest_client [req-77135668-6313-4c15-9ec2-63e02eaabd53 req-77135668-6313-4c15-9ec2-63e02eaabd53 ] Request (ImagesOneServerTestJSON:test_create_image_specify_multibyte_character_image_name): 202 POST http://10.180.1.21/compute/v2.1/servers/e4e13e39-8dd5-4ec9-b8fb-69c9387e9d8e/action 2.742s
2025-11-19 16:54:32.621 66961 INFO tempest.lib.common.rest_client [req-60f0fbcb-edc9-4d71-9650-9a697df6f04f req-60f0fbcb-edc9-4d71-9650-9a697df6f04f ] Request (FloatingIPDetailsNegativeTestJSON:setUpClass): 201 POST http://10.180.1.21/networking/v2.0/subnets 0.419s
2025-11-19 16:54:32.659 66951 WARNING tempest.lib.common.ssh [-] Failed to establish authenticated ssh connection to cirros@10.180.180.215 ([Errno None] Unable to connect to port 22 on 10.180.180.215). Number attempts: 1. Retry after 2 seconds.: paramiko.ssh_exception.NoValidConnectionsError: [Errno None] Unable to connect to port 22 on 10.180.180.215
2025-11-19 16:54:32.665 66949 INFO tempest.lib.common.rest_client [req-1b74b059-dd45-4ac4-a739-7bf156840735 req-1b74b059-dd45-4ac4-a739-7bf156840735 ] Request (MigrationsAdminTest:test_list_migrations_in_flavor_resize_situation): 200 GET http://10.180.1.21/compute/v2.1/servers/2d3a1165-9b69-4320-978f-8fb75af73917 2.785s
2025-11-19 16:54:32.672 66949 INFO tempest.common.waiters [-] State transition "RESIZE/resize_prep" ==> "RESIZE/resize_migrating" after 24 second wait
2025-11-19 16:54:32.732 66976 INFO tempest.lib.common.rest_client [req-304144f8-fde2-4bde-b490-45bf1c1cb9b4 req-304144f8-fde2-4bde-b490-45bf1c1cb9b4 ] Request (FloatingIPsTestJSON:tearDownClass): 204 DELETE http://10.180.1.21/networking/v2.0/security-groups/55c127e3-6780-4d2e-bfa5-bb40319528ab 0.462s
2025-11-19 16:54:32.750 66979 INFO tempest.lib.common.rest_client [req-15b2acba-8591-4ffb-ad43-6b301289e765 req-15b2acba-8591-4ffb-ad43-6b301289e765 ] Request (ValidationResourcesFixture:setUp): 201 POST http://10.180.1.21/networking/v2.0/security-group-rules 0.355s
2025-11-19 16:54:32.918 66976 INFO tempest.lib.common.rest_client [req-ebe891dd-b8e2-404e-89c4-7aeae011cde0 req-ebe891dd-b8e2-404e-89c4-7aeae011cde0 ] Request (FloatingIPsTestJSON:tearDownClass): 204 DELETE http://10.180.1.21/identity/v3/projects/ee2f842c15be4a53a69f5c76bbc8bf71 0.185s
2025-11-19 16:54:33.016 66976 INFO tempest.lib.common.rest_client [req-94c131d9-2f2e-48d0-a5dd-7d08de3a2645 req-94c131d9-2f2e-48d0-a5dd-7d08de3a2645 ] Request (ServersTestMultiNic:setUpClass): 201 POST http://10.180.1.21/identity/v3/auth/tokens 0.096s
2025-11-19 16:54:33.057 66976 INFO tempest.lib.common.rest_client [req-76c59a92-b405-4768-9b4d-50e45b9ec049 req-76c59a92-b405-4768-9b4d-50e45b9ec049 ] Request (ServersTestMultiNic:setUpClass): 201 POST http://10.180.1.21/identity/v3/auth/tokens 0.037s
2025-11-19 16:54:33.093 66976 INFO tempest.lib.common.rest_client [req-3880b0c5-10dd-48e3-b4cc-52d916af8f41 req-3880b0c5-10dd-48e3-b4cc-52d916af8f41 ] Request (ServersTestMultiNic:setUpClass): 200 GET http://10.180.1.21/identity/v3/domains?name=Default 0.036s
2025-11-19 16:54:33.132 66976 INFO tempest.lib.common.rest_client [req-d6ec6efd-e82c-4d6a-b97e-51c62c6a7f4f req-d6ec6efd-e82c-4d6a-b97e-51c62c6a7f4f ] Request (ServersTestMultiNic:setUpClass): 201 POST http://10.180.1.21/identity/v3/projects 0.038s
2025-11-19 16:54:33.203 66976 INFO tempest.lib.common.rest_client [req-10d1ec14-89c3-4288-b702-533184105f7a req-10d1ec14-89c3-4288-b702-533184105f7a ] Request (ServersTestMultiNic:setUpClass): 201 POST http://10.180.1.21/identity/v3/users 0.070s
2025-11-19 16:54:33.229 66976 INFO tempest.lib.common.rest_client [req-7febbd51-992c-47ff-b1b7-6eb0bc1c5729 req-7febbd51-992c-47ff-b1b7-6eb0bc1c5729 ] Request (ServersTestMultiNic:setUpClass): 200 GET http://10.180.1.21/identity/v3/roles 0.025s
2025-11-19 16:54:33.261 66976 INFO tempest.lib.common.rest_client [req-749d6e3f-d61c-4d68-b5e1-bef5a1d349de req-749d6e3f-d61c-4d68-b5e1-bef5a1d349de ] Request (ServersTestMultiNic:setUpClass): 204 PUT http://10.180.1.21/identity/v3/projects/5de14284b4b54dfaa693658bdaf2123e/users/1892da5dffbf40a7889690c838d72a5e/roles/ddf43ca2ef0a4ffab54ebebff5d2309a 0.031s
2025-11-19 16:54:33.261 66976 INFO tempest.lib.common.dynamic_creds [-] Dynamic test user 1892da5dffbf40a7889690c838d72a5e is created with scope project and roles: ['member']
2025-11-19 16:54:33.261 66976 INFO tempest.lib.common.dynamic_creds [-] Acquired dynamic creds: credentials: Credentials: {'domain_id': 'default', 'domain_name': 'Default', 'username': 'tempest-ServersTestMultiNic-1376160279-project-member', 'project_domain_id': 'default', 'project_domain_name': 'Default', 'project_id': '5de14284b4b54dfaa693658bdaf2123e', 'project_name': 'tempest-ServersTestMultiNic-1376160279', 'tenant_id': '5de14284b4b54dfaa693658bdaf2123e', 'tenant_name': 'tempest-ServersTestMultiNic-1376160279', 'user_domain_id': 'default', 'user_domain_name': 'Default', 'user_id': '1892da5dffbf40a7889690c838d72a5e', 'system': None}, Network: None, Subnet: None, Router: None
2025-11-19 16:54:33.318 66976 INFO tempest.lib.common.rest_client [req-395368e2-5f4a-4ea3-a899-a35bb6bfb191 req-395368e2-5f4a-4ea3-a899-a35bb6bfb191 ] Request (ServersTestMultiNic:setUpClass): 201 POST http://10.180.1.21/identity/v3/auth/tokens 0.057s
2025-11-19 16:54:33.595 66961 INFO tempest.lib.common.rest_client [req-3c34bf79-014a-463f-9677-17ffdc1713d1 req-3c34bf79-014a-463f-9677-17ffdc1713d1 ] Request (FloatingIPDetailsNegativeTestJSON:setUpClass): 201 POST http://10.180.1.21/networking/v2.0/routers 0.973s
2025-11-19 16:54:34.075 66979 INFO tempest.lib.common.rest_client [req-2574d0e8-227a-43d6-8641-f58c8fbd1ff8 req-2574d0e8-227a-43d6-8641-f58c8fbd1ff8 ] Request (ValidationResourcesFixture:setUp): 201 POST http://10.180.1.21/networking/v2.0/floatingips 1.324s
2025-11-19 16:54:34.147 66939 INFO tempest.lib.common.rest_client [req-767adb10-bb91-4a81-bafe-66ee08f600b3 req-767adb10-bb91-4a81-bafe-66ee08f600b3 ] Request (VolumesAssistedSnapshotsTest:test_volume_assisted_snapshot_create_delete): 200 POST http://10.180.1.21/compute/v2.1/servers/3d6cad3c-f49b-4e12-b16f-fbf22e1c301b/os-volume_attachments 4.041s
2025-11-19 16:54:34.157 66933 WARNING tempest.lib.common.ssh [-] Failed to establish authenticated ssh connection to cirros@10.180.180.132 ([Errno None] Unable to connect to port 22 on 10.180.180.132). Number attempts: 3. Retry after 4 seconds.: paramiko.ssh_exception.NoValidConnectionsError: [Errno None] Unable to connect to port 22 on 10.180.180.132
2025-11-19 16:54:34.158 66979 INFO tempest.lib.common.rest_client [req-073e7357-4aef-4353-8a50-1c3852649e31 req-073e7357-4aef-4353-8a50-1c3852649e31 ] Request (AttachVolumeNegativeTest:test_attach_attached_volume_to_different_server): 201 POST http://10.180.1.21/identity/v3/auth/tokens 0.078s
2025-11-19 16:54:34.159 66979 INFO tempest.lib.common.fixed_network [-] (AttachVolumeNegativeTest:test_attach_attached_volume_to_different_server) Found network {'id': '31c018a1-02b3-44ee-9f7b-2dbef6ef5717', 'name': 'tempest-AttachVolumeNegativeTest-1514999370-network', 'tenant_id': '399eb2a20e344a4198244d82e99b55d5', 'project_id': '399eb2a20e344a4198244d82e99b55d5', 'admin_state_up': True, 'mtu': 8950, 'status': 'ACTIVE', 'subnets': [], 'shared': False, 'port_security_enabled': True, 'router:external': False, 'provider:network_type': 'vlan', 'provider:physical_network': 'default', 'provider:segmentation_id': 665, 'availability_zone_hints': [], 'availability_zones': [], 'ipv4_address_scope': None, 'ipv6_address_scope': None, 'description': '', 'tags': [], 'created_at': '2025-11-19T16:54:27Z', 'updated_at': '2025-11-19T16:54:27Z', 'revision_number': 1} available for tenant
2025-11-19 16:54:34.164 66965 INFO tempest.lib.common.rest_client [req-09841483-19a8-4fac-a65b-4a9188561963 req-09841483-19a8-4fac-a65b-4a9188561963 ] Request (FlavorsAdminTestJSON:test_create_server_with_non_public_flavor): 400 POST http://10.180.1.21/compute/v2.1/servers 3.888s
2025-11-19 16:54:34.211 66939 INFO tempest.lib.common.rest_client [req-e5485803-5ccc-444d-8819-3381d03e46a3 req-e5485803-5ccc-444d-8819-3381d03e46a3 ] Request (VolumesAssistedSnapshotsTest:test_volume_assisted_snapshot_create_delete): 200 GET http://10.180.1.21/volume/v3/volumes/005f4d63-f0b5-402b-b6af-e205555f0c51 0.063s
2025-11-19 16:54:34.296 66959 INFO tempest.lib.common.rest_client [req-5ad9d3dd-5b0e-4ba4-9565-9163c6c565cf req-5ad9d3dd-5b0e-4ba4-9565-9163c6c565cf ] Request (FlavorsAccessNegativeTestJSON:test_remove_flavor_access_not_found): 404 POST http://10.180.1.21/compute/v2.1/flavors/1664114634/action 3.994s
2025-11-19 16:54:34.371 66977 INFO tempest.lib.common.rest_client [req-5c911f10-592e-42cf-949d-ebb81f048e3f req-5c911f10-592e-42cf-949d-ebb81f048e3f ] Request (ServersAdminNegativeTestJSON:test_resize_server_using_overlimit_ram): 200 GET http://10.180.1.21/compute/v2.1/os-quota-sets/12e089dc29d34455b13b330f64367a62 4.061s
2025-11-19 16:54:34.441 66976 INFO tempest.lib.common.rest_client [req-e557102b-099a-49cf-a922-c9094f13ab79 req-e557102b-099a-49cf-a922-c9094f13ab79 ] Request (ServersTestMultiNic:setUpClass): 201 POST http://10.180.1.21/networking/v2.0/networks 1.122s
2025-11-19 16:54:34.515 66969 INFO tempest.lib.common.rest_client [req-8096b65b-ca9d-4fd5-8807-b2f476d9dfe1 req-8096b65b-ca9d-4fd5-8807-b2f476d9dfe1 ] Request (ListServerFiltersTestJSON:setUpClass): 200 GET http://10.180.1.21/compute/v2.1/servers/917af1ac-b703-4b2c-8ae8-e49e567d274c 4.269s
2025-11-19 16:54:34.694 66943 INFO tempest.lib.common.rest_client [req-87f0b20b-2df4-44c2-a0fe-fb66e3d4fcc8 req-87f0b20b-2df4-44c2-a0fe-fb66e3d4fcc8 ] Request (ImagesMetadataTestJSON:setUp): 200 PUT http://10.180.1.21/compute/v2.1/images/73e084cd-7a3d-4f57-996a-b33ca836b112/metadata 4.057s
2025-11-19 16:54:34.718 66983 INFO tempest.lib.common.rest_client [req-284ccf50-c77c-4243-a7cf-753b65b14e10 req-284ccf50-c77c-4243-a7cf-753b65b14e10 ] Request (AggregatesAdminNegativeTestJSON:test_aggregate_get_details_as_user): 200 POST http://10.180.1.21/compute/v2.1/os-aggregates 4.067s
2025-11-19 16:54:34.840 66947 INFO tempest.lib.common.rest_client [req-8608ac51-7766-482e-a88f-022836bee242 req-8608ac51-7766-482e-a88f-022836bee242 ] Request (SecurityGroupsTestJSON:test_security_groups_create_list_delete): 200 POST http://10.180.1.21/compute/v2.1/os-security-groups 4.253s
2025-11-19 16:54:35.046 66976 INFO tempest.lib.common.rest_client [req-f3aa4727-b0a2-4e3e-962e-bd92708a7f57 req-f3aa4727-b0a2-4e3e-962e-bd92708a7f57 ] Request (ServersTestMultiNic:setUpClass): 201 POST http://10.180.1.21/networking/v2.0/subnets 0.604s
2025-11-19 16:54:35.276 66939 INFO tempest.lib.common.rest_client [req-2cf11970-91c3-46ab-8636-898af3ff50c7 req-2cf11970-91c3-46ab-8636-898af3ff50c7 ] Request (VolumesAssistedSnapshotsTest:test_volume_assisted_snapshot_create_delete): 200 GET http://10.180.1.21/volume/v3/volumes/005f4d63-f0b5-402b-b6af-e205555f0c51 0.057s
2025-11-19 16:54:35.451 66981 INFO tempest.lib.common.rest_client [req-645052bc-d0db-432d-a302-f13bbe1b039d req-645052bc-d0db-432d-a302-f13bbe1b039d ] Request (ServersListShow298Test:test_list_show_update_rebuild_server_298): 200 GET http://10.180.1.21/compute/v2.1/servers/71bfb132-c418-4fdb-a2cf-d68a672a409a 4.456s
2025-11-19 16:54:35.533 66995 INFO tempest.lib.common.rest_client [req-f6e55051-4c33-4828-a013-6b62c72a3f1b req-f6e55051-4c33-4828-a013-6b62c72a3f1b ] Request (InstanceActionsV221TestJSON:test_get_list_deleted_instance_actions): 204 DELETE http://10.180.1.21/compute/v2.1/servers/ffced8bc-0545-41e2-ae19-5d885931d51b 4.389s
2025-11-19 16:54:35.555 66961 INFO tempest.lib.common.rest_client [req-45e22b7c-eec8-48a2-87d7-710231518760 req-45e22b7c-eec8-48a2-87d7-710231518760 ] Request (FloatingIPDetailsNegativeTestJSON:setUpClass): 200 PUT http://10.180.1.21/networking/v2.0/routers/058f3ef8-4227-4bfb-bc1b-a2812d1cda9e/add_router_interface 1.960s
2025-11-19 16:54:35.556 66961 INFO tempest.lib.common.dynamic_creds [-] Created isolated network resources for: credentials: Credentials: {'domain_id': 'default', 'domain_name': 'Default', 'username': 'tempest-FloatingIPDetailsNegativeTestJSON-1465270902-project-member', 'project_domain_id': 'default', 'project_domain_name': 'Default', 'project_id': '69246e22797248ddbfe5233b693f6bc6', 'project_name': 'tempest-FloatingIPDetailsNegativeTestJSON-1465270902', 'tenant_id': '69246e22797248ddbfe5233b693f6bc6', 'tenant_name': 'tempest-FloatingIPDetailsNegativeTestJSON-1465270902', 'user_domain_id': 'default', 'user_domain_name': 'Default', 'user_id': 'f85604d4597c4a79973a5061f4496c07', 'system': None}, Network: {'id': 'd6413b43-341a-4fee-825f-88d32641fd95', 'name': 'tempest-FloatingIPDetailsNegativeTestJSON-992614051-network', 'tenant_id': '69246e22797248ddbfe5233b693f6bc6', 'project_id': '69246e22797248ddbfe5233b693f6bc6', 'admin_state_up': True, 'mtu': 8950, 'status': 'ACTIVE', 'subnets': [], 'shared': False, 'port_security_enabled': True, 'router:external': False, 'provider:network_type': 'vlan', 'provider:physical_network': 'default', 'provider:segmentation_id': 728, 'availability_zone_hints': [], 'availability_zones': [], 'ipv4_address_scope': None, 'ipv6_address_scope': None, 'description': '', 'tags': [], 'created_at': '2025-11-19T16:54:32Z', 'updated_at': '2025-11-19T16:54:32Z', 'revision_number': 1}, Subnet: {'id': 'fef50a49-b186-40c0-b1ef-74589f2a2ce8', 'name': 'tempest-FloatingIPDetailsNegativeTestJSON-992614051-subnet', 'tenant_id': '69246e22797248ddbfe5233b693f6bc6', 'network_id': 'd6413b43-341a-4fee-825f-88d32641fd95', 'ip_version': 4, 'subnetpool_id': None, 'enable_dhcp': True, 'ipv6_ra_mode': None, 'ipv6_address_mode': None, 'gateway_ip': '192.168.128.1', 'cidr': '192.168.128.0/28', 'allocation_pools': [{'start': '192.168.128.2', 'end': '192.168.128.14'}], 'host_routes': [], 'dns_nameservers': [], 'description': '', 'router:external': False, 'service_types': [], 'tags': [], 'created_at': '2025-11-19T16:54:32Z', 'updated_at': '2025-11-19T16:54:32Z', 'revision_number': 0, 'project_id': '69246e22797248ddbfe5233b693f6bc6'}, Router: {'id': '058f3ef8-4227-4bfb-bc1b-a2812d1cda9e', 'name': 'tempest-FloatingIPDetailsNegativeTestJSON-992614051-router', 'tenant_id': '69246e22797248ddbfe5233b693f6bc6', 'admin_state_up': True, 'status': 'ACTIVE', 'external_gateway_info': {'network_id': '1ccdaecb-a51b-4705-a09e-1d6503daf42b', 'external_fixed_ips': [{'subnet_id': '15049c61-6429-4d50-87b4-676e6ffd0ed0', 'ip_address': '10.180.180.185'}], 'enable_snat': True}, 'description': '', 'availability_zones': [], 'distributed': False, 'ha': False, 'availability_zone_hints': [], 'routes': [], 'flavor_id': None, 'tags': [], 'created_at': '2025-11-19T16:54:32Z', 'updated_at': '2025-11-19T16:54:33Z', 'revision_number': 2, 'project_id': '69246e22797248ddbfe5233b693f6bc6'}
2025-11-19 16:54:35.693 66951 WARNING tempest.lib.common.ssh [-] Failed to establish authenticated ssh connection to cirros@10.180.180.215 ([Errno None] Unable to connect to port 22 on 10.180.180.215). Number attempts: 2. Retry after 3 seconds.: paramiko.ssh_exception.NoValidConnectionsError: [Errno None] Unable to connect to port 22 on 10.180.180.215
2025-11-19 16:54:35.703 66961 INFO tempest.lib.common.rest_client [req-c929910a-41a6-4fe6-bd78-0e93d29a5811 req-c929910a-41a6-4fe6-bd78-0e93d29a5811 ] Request (FloatingIPDetailsNegativeTestJSON:setUpClass): 201 POST http://10.180.1.21/identity/v3/auth/tokens 0.143s
2025-11-19 16:54:35.746 66963 INFO tempest.lib.common.rest_client [req-96338321-3e0a-4457-aeac-24f80879733d req-96338321-3e0a-4457-aeac-24f80879733d ] Request (InstanceActionsNegativeTestJSON:setUpClass): 200 GET http://10.180.1.21/compute/v2.1/servers/fb72dfc5-c2d6-4fc7-bd18-e03371e01e98 4.955s
2025-11-19 16:54:35.759 66963 INFO tempest.common.waiters [-] State transition "BUILD/None" ==> "BUILD/spawning" after 25 second wait
2025-11-19 16:54:35.950 66991 INFO tempest.lib.common.rest_client [req-889d5111-6d49-48bf-bb3f-b5b6948c6111 req-889d5111-6d49-48bf-bb3f-b5b6948c6111 ] Request (ServerDiagnosticsV248Test:test_get_server_diagnostics): 200 GET http://10.180.1.21/compute/v2.1/servers/3b45037f-26f2-4863-a89c-9409211c507c 4.786s
2025-11-19 16:54:36.047 66945 INFO tempest.lib.common.rest_client [req-69eb750d-70ba-4d50-be08-eb8e83a0328d req-69eb750d-70ba-4d50-be08-eb8e83a0328d ] Request (ImagesMetadataNegativeTestJSON:test_delete_nonexistent_image_metadata_item): 404 DELETE http://10.180.1.21/compute/v2.1/images/ed3635b8-2521-49d7-ad4b-301f9e178746/metadata/os_distro 4.659s
2025-11-19 16:54:36.344 66939 INFO tempest.lib.common.rest_client [req-68e6eb56-af61-428a-a9cb-b74953fadfad req-68e6eb56-af61-428a-a9cb-b74953fadfad ] Request (VolumesAssistedSnapshotsTest:test_volume_assisted_snapshot_create_delete): 200 GET http://10.180.1.21/volume/v3/volumes/005f4d63-f0b5-402b-b6af-e205555f0c51 0.056s
2025-11-19 16:54:36.451 66976 INFO tempest.lib.common.rest_client [req-f413e283-3732-4556-bc08-593e01b7c357 req-f413e283-3732-4556-bc08-593e01b7c357 ] Request (ServersTestMultiNic:setUpClass): 201 POST http://10.180.1.21/networking/v2.0/routers 1.405s
2025-11-19 16:54:36.484 66973 INFO tempest.lib.common.rest_client [req-8b5258ce-6189-4017-9cdd-d10af84755b6 req-8b5258ce-6189-4017-9cdd-d10af84755b6 ] Request (VolumesAdminNegativeTest:tearDownClass): 200 GET http://10.180.1.21/compute/v2.1/servers/6567a6d3-2d8e-49e3-9481-8822921155f7 5.223s
2025-11-19 16:54:37.392 66939 INFO tempest.lib.common.rest_client [req-68c3f7da-377d-4a58-9f3c-2ee7a59f8d1c req-68c3f7da-377d-4a58-9f3c-2ee7a59f8d1c ] Request (VolumesAssistedSnapshotsTest:test_volume_assisted_snapshot_create_delete): 200 GET http://10.180.1.21/volume/v3/volumes/005f4d63-f0b5-402b-b6af-e205555f0c51 0.036s
2025-11-19 16:54:37.480 66976 INFO tempest.lib.common.rest_client [req-b850ea5d-dd6a-4ff4-833a-0b5c568f0276 req-b850ea5d-dd6a-4ff4-833a-0b5c568f0276 ] Request (ServersTestMultiNic:setUpClass): 200 PUT http://10.180.1.21/networking/v2.0/routers/df9ba3b3-e210-4633-851c-abd1b0ac4889/add_router_interface 1.028s
2025-11-19 16:54:37.480 66976 INFO tempest.lib.common.dynamic_creds [-] Created isolated network resources for: credentials: Credentials: {'domain_id': 'default', 'domain_name': 'Default', 'username': 'tempest-ServersTestMultiNic-1376160279-project-member', 'project_domain_id': 'default', 'project_domain_name': 'Default', 'project_id': '5de14284b4b54dfaa693658bdaf2123e', 'project_name': 'tempest-ServersTestMultiNic-1376160279', 'tenant_id': '5de14284b4b54dfaa693658bdaf2123e', 'tenant_name': 'tempest-ServersTestMultiNic-1376160279', 'user_domain_id': 'default', 'user_domain_name': 'Default', 'user_id': '1892da5dffbf40a7889690c838d72a5e', 'system': None}, Network: {'id': 'a3e35dfe-1960-49f8-a45d-e4df14279619', 'name': 'tempest-ServersTestMultiNic-1914526641-network', 'tenant_id': '5de14284b4b54dfaa693658bdaf2123e', 'project_id': '5de14284b4b54dfaa693658bdaf2123e', 'admin_state_up': True, 'mtu': 8950, 'status': 'ACTIVE', 'subnets': [], 'shared': False, 'port_security_enabled': True, 'router:external': False, 'provider:network_type': 'vlan', 'provider:physical_network': 'default', 'provider:segmentation_id': 15, 'availability_zone_hints': [], 'availability_zones': [], 'ipv4_address_scope': None, 'ipv6_address_scope': None, 'description': '', 'tags': [], 'created_at': '2025-11-19T16:54:34Z', 'updated_at': '2025-11-19T16:54:34Z', 'revision_number': 1}, Subnet: {'id': 'a40e282b-3c98-47c9-8fae-5126f862da51', 'name': 'tempest-ServersTestMultiNic-1914526641-subnet', 'tenant_id': '5de14284b4b54dfaa693658bdaf2123e', 'network_id': 'a3e35dfe-1960-49f8-a45d-e4df14279619', 'ip_version': 4, 'subnetpool_id': None, 'enable_dhcp': True, 'ipv6_ra_mode': None, 'ipv6_address_mode': None, 'gateway_ip': '192.168.128.1', 'cidr': '192.168.128.0/28', 'allocation_pools': [{'start': '192.168.128.2', 'end': '192.168.128.14'}], 'host_routes': [], 'dns_nameservers': [], 'description': '', 'router:external': False, 'service_types': [], 'tags': [], 'created_at': '2025-11-19T16:54:34Z', 'updated_at': '2025-11-19T16:54:34Z', 'revision_number': 0, 'project_id': '5de14284b4b54dfaa693658bdaf2123e'}, Router: {'id': 'df9ba3b3-e210-4633-851c-abd1b0ac4889', 'name': 'tempest-ServersTestMultiNic-1914526641-router', 'tenant_id': '5de14284b4b54dfaa693658bdaf2123e', 'admin_state_up': True, 'status': 'ACTIVE', 'external_gateway_info': {'network_id': '1ccdaecb-a51b-4705-a09e-1d6503daf42b', 'external_fixed_ips': [{'subnet_id': '15049c61-6429-4d50-87b4-676e6ffd0ed0', 'ip_address': '10.180.180.208'}], 'enable_snat': True}, 'description': '', 'availability_zones': [], 'distributed': False, 'ha': False, 'availability_zone_hints': [], 'routes': [], 'flavor_id': None, 'tags': [], 'created_at': '2025-11-19T16:54:35Z', 'updated_at': '2025-11-19T16:54:36Z', 'revision_number': 2, 'project_id': '5de14284b4b54dfaa693658bdaf2123e'}
2025-11-19 16:54:37.582 66976 INFO tempest.lib.common.rest_client [req-0e27eaa1-b31f-4c53-b626-cadbb19ab3bb req-0e27eaa1-b31f-4c53-b626-cadbb19ab3bb ] Request (ServersTestMultiNic:setUpClass): 201 POST http://10.180.1.21/identity/v3/auth/tokens 0.097s
2025-11-19 16:54:37.595 66937 INFO tempest.lib.common.rest_client [req-defd3eb6-b943-4a76-bbc7-f9d113885558 req-defd3eb6-b943-4a76-bbc7-f9d113885558 ] Request (DeleteServersAdminTestJSON:test_delete_server_while_in_error_state): 200 GET http://10.180.1.21/compute/v2.1/servers/4ab48f53-28c5-4b88-bac9-62c6e8722298 5.862s
2025-11-19 16:54:37.606 66937 INFO tempest.common.waiters [-] State transition "BUILD/None" ==> "BUILD/spawning" after 27 second wait
2025-11-19 16:54:37.953 66976 INFO tempest.lib.common.rest_client [req-ed954ef4-0a04-4736-9aac-909e2a29fa54 req-ed954ef4-0a04-4736-9aac-909e2a29fa54 ] Request (ServersTestMultiNic:test_verify_duplicate_network_nics): 201 POST http://10.180.1.21/networking/v2.0/networks 0.370s
2025-11-19 16:54:38.021 66987 INFO tempest.lib.common.rest_client [req-440030a1-0fd3-489e-809d-eff81fac5820 req-440030a1-0fd3-489e-809d-eff81fac5820 ] Request (ServerDiagnosticsTest:tearDownClass): 200 GET http://10.180.1.21/compute/v2.1/servers/909583ea-437f-4ace-8ec9-def2d9c4ebe2 6.183s
2025-11-19 16:54:38.410 66976 INFO tempest.lib.common.rest_client [req-cbc9f2dc-73ca-4eb8-aded-f91a0d81b616 req-cbc9f2dc-73ca-4eb8-aded-f91a0d81b616 ] Request (ServersTestMultiNic:test_verify_duplicate_network_nics): 201 POST http://10.180.1.21/networking/v2.0/subnets 0.456s
2025-11-19 16:54:38.510 66953 INFO tempest.lib.common.rest_client [req-917a5507-2629-4f35-82f9-dcdc10a1ac06 req-917a5507-2629-4f35-82f9-dcdc10a1ac06 ] Request (ServersTestBootFromVolume:setUpClass): 200 GET http://10.180.1.21/compute/v2.1/servers/ae12ef94-f602-441a-a0a6-343baf8087e2 6.270s
2025-11-19 16:54:38.519 66953 INFO tempest.common.waiters [-] State transition "BUILD/None" ==> "BUILD/block_device_mapping" after 27 second wait
2025-11-19 16:54:38.666 66933 WARNING tempest.lib.common.ssh [-] Failed to establish authenticated ssh connection to cirros@10.180.180.132 ([Errno None] Unable to connect to port 22 on 10.180.180.132). Number attempts: 4. Retry after 5 seconds.: paramiko.ssh_exception.NoValidConnectionsError: [Errno None] Unable to connect to port 22 on 10.180.180.132
2025-11-19 16:54:38.847 66939 INFO tempest.lib.common.rest_client [req-df12161b-65b8-4a32-aab1-429a3bf373b7 req-df12161b-65b8-4a32-aab1-429a3bf373b7 ] Request (VolumesAssistedSnapshotsTest:test_volume_assisted_snapshot_create_delete): 200 GET http://10.180.1.21/volume/v3/volumes/005f4d63-f0b5-402b-b6af-e205555f0c51 0.448s
2025-11-19 16:54:38.930 66976 INFO tempest.lib.common.rest_client [req-6692da0b-b437-46c3-a55e-ea8d8b948892 req-6692da0b-b437-46c3-a55e-ea8d8b948892 ] Request (ServersTestMultiNic:test_verify_duplicate_network_nics): 201 POST http://10.180.1.21/networking/v2.0/networks 0.519s
2025-11-19 16:54:38.999 66957 INFO tempest.lib.common.rest_client [req-38ce9053-a7e5-4544-a688-f66dfa2310e6 req-38ce9053-a7e5-4544-a688-f66dfa2310e6 ] Request (FloatingIPsAssociationNegativeTestJSON:setUpClass): 200 GET http://10.180.1.21/compute/v2.1/servers/2dec7382-fa1f-43d2-8d77-de994ffbe827 6.645s
2025-11-19 16:54:39.054 66935 INFO tempest.lib.common.rest_client [req-44fccedb-ee2d-4b32-9af6-24ea0f5a8596 req-44fccedb-ee2d-4b32-9af6-24ea0f5a8596 ] Request (ImagesOneServerTestJSON:test_create_image_specify_multibyte_character_image_name): 200 GET http://10.180.1.21/compute/v2.1/images/d239fa37-7288-4b84-9756-1885694b7fe1 6.655s
2025-11-19 16:54:39.317 66976 INFO tempest.lib.common.rest_client [req-8c8ebb61-d69b-44b2-b95f-af1018bb6593 req-8c8ebb61-d69b-44b2-b95f-af1018bb6593 ] Request (ServersTestMultiNic:test_verify_duplicate_network_nics): 201 POST http://10.180.1.21/networking/v2.0/subnets 0.386s
2025-11-19 16:54:39.355 66985 INFO tempest.lib.common.rest_client [req-7f0a3e9a-9eb1-49aa-9747-7b1455fe8dfd req-7f0a3e9a-9eb1-49aa-9747-7b1455fe8dfd ] Request (ServersAdminTestJSON:test_create_server_with_scheduling_hint): 200 GET http://10.180.1.21/compute/v2.1/servers/bb2e4242-beb0-46c0-a4d1-1615edf5bb0d 6.942s
2025-11-19 16:54:39.365 66976 INFO tempest.lib.common.rest_client [req-a6609c28-7ef2-4bb7-8a19-91272827f849 req-a6609c28-7ef2-4bb7-8a19-91272827f849 ] Request (ServersTestMultiNic:test_verify_duplicate_network_nics): 201 POST http://10.180.1.21/identity/v3/auth/tokens 0.045s
2025-11-19 16:54:39.365 66976 INFO tempest.lib.common.fixed_network [-] (ServersTestMultiNic:test_verify_duplicate_network_nics) Found network {'id': 'a3e35dfe-1960-49f8-a45d-e4df14279619', 'name': 'tempest-ServersTestMultiNic-1914526641-network', 'tenant_id': '5de14284b4b54dfaa693658bdaf2123e', 'project_id': '5de14284b4b54dfaa693658bdaf2123e', 'admin_state_up': True, 'mtu': 8950, 'status': 'ACTIVE', 'subnets': [], 'shared': False, 'port_security_enabled': True, 'router:external': False, 'provider:network_type': 'vlan', 'provider:physical_network': 'default', 'provider:segmentation_id': 15, 'availability_zone_hints': [], 'availability_zones': [], 'ipv4_address_scope': None, 'ipv6_address_scope': None, 'description': '', 'tags': [], 'created_at': '2025-11-19T16:54:34Z', 'updated_at': '2025-11-19T16:54:34Z', 'revision_number': 1} available for tenant
2025-11-19 16:54:39.630 66971 INFO tempest.lib.common.rest_client [req-9091d36f-f436-4fd9-9371-f675857275a0 req-9091d36f-f436-4fd9-9371-f675857275a0 ] Request (ServersAdmin275Test:tearDownClass): 200 GET http://10.180.1.21/compute/v2.1/servers/798f38b6-243d-4abb-965f-f20f6e8905de 7.049s
2025-11-19 16:54:39.909 66939 INFO tempest.lib.common.rest_client [req-8be23da2-372e-447b-b238-38b56cdcab29 req-8be23da2-372e-447b-b238-38b56cdcab29 ] Request (VolumesAssistedSnapshotsTest:test_volume_assisted_snapshot_create_delete): 200 GET http://10.180.1.21/volume/v3/volumes/005f4d63-f0b5-402b-b6af-e205555f0c51 0.052s
