2025-12-12 05:02:34.835 66215 INFO tempest.lib.common.rest_client [req-51cd4217-272a-47c4-864c-42b4971dd010 req-51cd4217-272a-47c4-864c-42b4971dd010 ] Request (ImagesNegativeTestJSON:test_create_image_from_deleted_server): 200 GET http://10.180.1.21/compute/v2.1/servers/69dda7d4-9203-46aa-ac5e-9228534724bd 0.173s
2025-12-12 05:02:34.887 66235 INFO tempest.lib.common.rest_client [req-3ec42cb4-b425-440e-99a5-de5a1454b611 req-3ec42cb4-b425-440e-99a5-de5a1454b611 ] Request (MigrationsAdminTest:test_resize_server_revert_deleted_flavor): 202 POST http://10.180.1.21/compute/v2.1/servers/88fec903-6d2d-43dd-a1ec-8798d89e7613/action 0.230s
2025-12-12 05:02:34.910 66241 INFO tempest.lib.common.rest_client [req-9fe59fb0-a92b-4c04-821c-4fceb8295d52 req-9fe59fb0-a92b-4c04-821c-4fceb8295d52 ] Request (SecurityGroupsTestJSON:test_server_security_groups): 200 GET http://10.180.1.21/compute/v2.1/servers/07fbf153-3dc9-4c90-b7d6-cf8ab514189b 0.233s
2025-12-12 05:02:34.963 66209 INFO tempest.lib.common.rest_client [req-5d5abea9-a0a6-46a4-a6e9-38b08ce5b6d2 req-5d5abea9-a0a6-46a4-a6e9-38b08ce5b6d2 ] Request (ImagesOneServerNegativeTestJSON:_run_cleanups): 200 GET http://10.180.1.21/compute/v2.1/servers/6015764c-0584-414b-8ade-10b377e50105 0.229s
2025-12-12 05:02:34.964 66247 INFO tempest.lib.common.rest_client [req-da2e8c5f-b86f-4e33-ba32-0a2e87628295 req-da2e8c5f-b86f-4e33-ba32-0a2e87628295 ] Request (DeleteServersTestJSON:test_delete_server_while_in_attached_volume): 200 GET http://10.180.1.21/compute/v2.1/servers/0c6788bc-b210-4c96-9677-47babe35f74e 0.235s
2025-12-12 05:02:35.040 66193 INFO tempest.lib.common.rest_client [req-916e300d-e1b1-4496-9242-bebf3dc873d9 req-916e300d-e1b1-4496-9242-bebf3dc873d9 ] Request (ServerMetadataTestJSON:setUpClass): 200 GET http://10.180.1.21/compute/v2.1/servers/4c3dcf22-c2c8-4363-948b-7149b72a3bc9 0.258s
2025-12-12 05:02:35.116 66189 INFO tempest.lib.common.rest_client [req-ce1d9ad8-c169-43cc-b22f-3f83956eef42 req-ce1d9ad8-c169-43cc-b22f-3f83956eef42 ] Request (AttachInterfacesUnderV243Test:_run_cleanups): 200 GET http://10.180.1.21/compute/v2.1/servers/5bca94de-5a12-42e9-bdf9-3fc9ca2fca98 0.312s
2025-12-12 05:02:35.149 66221 INFO tempest.lib.common.rest_client [req-7922b176-75bc-4588-a3ab-6556b7d6ef7f req-7922b176-75bc-4588-a3ab-6556b7d6ef7f ] Request (ServersAdminTestJSON:_run_cleanups): 200 GET http://10.180.1.21/compute/v2.1/servers/dcbf6eac-ff08-4ba7-8b78-723d2d973f45 0.379s
2025-12-12 05:02:35.174 66211 INFO tempest.lib.common.rest_client [req-7301b43c-1246-422b-8495-7c3f1bdc058e req-7301b43c-1246-422b-8495-7c3f1bdc058e ] Request (ServersNegativeTestMultiTenantJSON:setUpClass): 200 GET http://10.180.1.21/compute/v2.1/servers/dedcc79f-0c3f-47d7-831c-1ab3ea3da0ac 0.314s
2025-12-12 05:02:35.256 66235 INFO tempest.lib.common.rest_client [req-eb6a087c-c473-480f-863a-5dbddce16f70 req-eb6a087c-c473-480f-863a-5dbddce16f70 ] Request (MigrationsAdminTest:test_resize_server_revert_deleted_flavor): 200 GET http://10.180.1.21/compute/v2.1/servers/88fec903-6d2d-43dd-a1ec-8798d89e7613 0.369s
2025-12-12 05:02:35.277 66201 INFO tempest.lib.common.rest_client [req-ca8b9c6b-9dc0-4d9c-ac44-4f11604ac00c req-ca8b9c6b-9dc0-4d9c-ac44-4f11604ac00c ] Request (ListImageFiltersTestJSON:setUpClass): 200 GET http://10.180.1.21/compute/v2.1/servers/a5caf405-ec02-4b40-8359-09d430d78f7b 0.371s
2025-12-12 05:02:35.279 66239 INFO tempest.lib.common.rest_client [req-5871dcc8-964d-4923-a1d7-020ce85b21a1 req-5871dcc8-964d-4923-a1d7-020ce85b21a1 ] Request (ServerActionsTestOtherB:test_create_backup): 200 GET http://10.180.1.21/image/v2/images/ee4033d6-e7d9-422d-b1cb-9078c3187d09 0.020s
2025-12-12 05:02:35.286 66201 INFO tempest.common.waiters [-] State transition "BUILD/spawning" ==> "ACTIVE/None" after 62 second wait
2025-12-12 05:02:35.336 66203 INFO tempest.lib.common.rest_client [req-7d5a7140-415b-4e58-a04c-ea25e65fbbc2 req-7d5a7140-415b-4e58-a04c-ea25e65fbbc2 ] Request (ServerRescueTestJSON:test_rescue_unrescue_instance): 200 GET http://10.180.1.21/compute/v2.1/servers/50c9378d-58b5-476e-9fbc-db2fc535deab 0.337s
2025-12-12 05:02:35.344 66219 INFO tempest.lib.common.rest_client [req-8fc312d4-48e1-43a2-8a26-aaffe32846db req-8fc312d4-48e1-43a2-8a26-aaffe32846db ] Request (ServersListShow298Test:test_list_show_update_rebuild_server_298): 200 GET http://10.180.1.21/compute/v2.1/servers/8196c6ac-2e8c-42d0-a290-e54eb21b050d 0.413s
2025-12-12 05:02:35.356 66219 INFO tempest.common.waiters [-] State transition "BUILD/None" ==> "BUILD/networking" after 60 second wait
2025-12-12 05:02:35.402 66185 INFO tempest.lib.common.rest_client [req-a780b4a7-4c31-4408-9e7c-2f5971da04eb req-a780b4a7-4c31-4408-9e7c-2f5971da04eb ] Request (ServersTestJSON:test_create_server_with_ipv6_addr_only): 200 GET http://10.180.1.21/compute/v2.1/servers/742c6d69-456b-49c9-8ce5-8264f55f7a82 0.318s
2025-12-12 05:02:35.435 66245 INFO tempest.lib.common.rest_client [req-3f7e56fd-f57c-409a-b11e-79290bfe4027 req-3f7e56fd-f57c-409a-b11e-79290bfe4027 ] Request (ImagesOneServerTestJSON:setUpClass): 200 GET http://10.180.1.21/compute/v2.1/servers/92c3b108-ba67-441c-bb97-e5b1396e7902 0.411s
2025-12-12 05:02:35.493 66195 INFO tempest.lib.common.rest_client [req-c661ae93-8f44-4352-970f-e47776850b04 req-c661ae93-8f44-4352-970f-e47776850b04 ] Request (ServersNegativeTestJSON:setUpClass): 200 GET http://10.180.1.21/compute/v2.1/servers/fb1494e1-73b7-46f5-9740-47c86d81f28d 0.340s
2025-12-12 05:02:35.522 66249 INFO tempest.lib.common.rest_client [req-6977cf3d-04e8-475b-b809-70fb64cd2f40 req-6977cf3d-04e8-475b-b809-70fb64cd2f40 ] Request (AttachVolumeShelveTestJSON:test_attach_volume_shelved_or_offload_server): 200 GET http://10.180.1.21/compute/v2.1/servers/621d9682-b9f6-4b3f-9e2d-bab56977ae41 0.388s
2025-12-12 05:02:35.558 66227 INFO tempest.lib.common.rest_client [req-75e5d02e-ff23-4607-9078-432dd2db5a66 req-75e5d02e-ff23-4607-9078-432dd2db5a66 ] Request (ServerActionsTestOtherA:_run_cleanups): 200 GET http://10.180.1.21/compute/v2.1/servers/9b67651b-119f-4115-a253-6862f379cad1 0.359s
2025-12-12 05:02:35.599 66191 INFO tempest.lib.common.rest_client [req-6acfba0d-20a9-4247-a0b9-2698cd7b622b req-6acfba0d-20a9-4247-a0b9-2698cd7b622b ] Request (ServersAdmin275Test:tearDownClass): 200 GET http://10.180.1.21/compute/v2.1/servers/79e2908d-07be-480e-acb2-e1b9a2e56728 0.376s
2025-12-12 05:02:35.611 66237 INFO tempest.lib.common.rest_client [req-094909b9-0a8d-455e-8636-5b46e5899617 req-094909b9-0a8d-455e-8636-5b46e5899617 ] Request (ServersWithSpecificFlavorTestJSON:test_verify_created_server_ephemeral_disk): 200 GET http://10.180.1.21/compute/v2.1/servers/62c94d82-4b92-4b33-a260-18a4c17d3189 0.360s
2025-12-12 05:02:35.618 66237 INFO tempest.common.waiters [-] State transition "BUILD/scheduling" ==> "BUILD/None" after 14 second wait
2025-12-12 05:02:35.662 66231 INFO tempest.lib.common.rest_client [req-a1cd7445-5068-4951-bd5c-17cdafc64df0 req-a1cd7445-5068-4951-bd5c-17cdafc64df0 ] Request (AttachInterfacesTestJSON:_run_cleanups): 200 GET http://10.180.1.21/compute/v2.1/servers/3626ff34-ed4e-4aaf-8fea-5fa2a95ffc75 0.385s
2025-12-12 05:02:35.716 66201 INFO tempest.lib.common.rest_client [req-083168eb-0884-4e08-9168-23e96c3606b5 req-083168eb-0884-4e08-9168-23e96c3606b5 ] Request (ListImageFiltersTestJSON:setUpClass): 200 GET http://10.180.1.21/compute/v2.1/servers/586d6440-057c-4cbf-81ce-29ca810d549a 0.429s
2025-12-12 05:02:35.730 66229 INFO tempest.lib.common.rest_client [req-92cb0505-3eb1-4faf-a84f-34d46010be2c req-92cb0505-3eb1-4faf-a84f-34d46010be2c ] Request (ListServerFiltersTestJSON:tearDownClass): 200 GET http://10.180.1.21/compute/v2.1/servers/f254d45e-203e-45f3-a3e9-64f0ec333fc9 0.401s
2025-12-12 05:02:35.765 66187 INFO tempest.lib.common.rest_client [req-bc8a7eee-8dc3-4a21-b33e-0d486591a5ce req-bc8a7eee-8dc3-4a21-b33e-0d486591a5ce ] Request (TenantUsagesTestJSON:setUpClass): 200 GET http://10.180.1.21/compute/v2.1/servers/b07f0701-6029-48e2-8a33-acd4f746c26c 0.389s
2025-12-12 05:02:35.791 66205 INFO tempest.lib.common.rest_client [req-a3447768-cc90-422b-82b3-7c37aedbec72 req-a3447768-cc90-422b-82b3-7c37aedbec72 ] Request (ServersAdminNegativeTestJSON:tearDownClass): 200 GET http://10.180.1.21/compute/v2.1/servers/49468a0e-ae37-48c2-a402-2ee244c57d41 0.266s
2025-12-12 05:02:35.826 66217 INFO tempest.lib.common.rest_client [req-3dda29aa-d17c-452d-9ee5-5f7ced3160a3 req-3dda29aa-d17c-452d-9ee5-5f7ced3160a3 ] Request (ServerActionsV293TestJSON:setUpClass): 200 GET http://10.180.1.21/compute/v2.1/servers/43f48845-b273-4664-8558-d1e2eb4908f2 0.204s
2025-12-12 05:02:35.853 66225 INFO tempest.lib.common.rest_client [req-fe19634a-fe4a-4cc9-a0d4-cd6570b20649 req-fe19634a-fe4a-4cc9-a0d4-cd6570b20649 ] Request (ServerGroupTestJSON:_run_cleanups): 200 GET http://10.180.1.21/compute/v2.1/servers/e7dccd69-8e1c-46ca-a567-8b9f2357e2cf 0.134s
2025-12-12 05:02:35.914 66233 INFO tempest.lib.common.rest_client [req-9a8d4e13-5b1a-46aa-9f66-50abab211dc7 req-9a8d4e13-5b1a-46aa-9f66-50abab211dc7 ] Request (ServersTestBootFromVolume:tearDownClass): 200 GET http://10.180.1.21/compute/v2.1/servers/b30d7ae5-2bfc-4c1d-8226-360a922c1132 0.120s
2025-12-12 05:02:35.967 66215 INFO tempest.lib.common.rest_client [req-c59b4e5b-5cd9-48dd-8b23-01544056a7e5 req-c59b4e5b-5cd9-48dd-8b23-01544056a7e5 ] Request (ImagesNegativeTestJSON:test_create_image_from_deleted_server): 200 GET http://10.180.1.21/compute/v2.1/servers/69dda7d4-9203-46aa-ac5e-9228534724bd 0.122s
2025-12-12 05:02:36.050 66241 INFO tempest.lib.common.rest_client [req-b9c8e25c-89ea-485f-b05b-47d5187ec246 req-b9c8e25c-89ea-485f-b05b-47d5187ec246 ] Request (SecurityGroupsTestJSON:test_server_security_groups): 200 GET http://10.180.1.21/compute/v2.1/servers/07fbf153-3dc9-4c90-b7d6-cf8ab514189b 0.130s
2025-12-12 05:02:36.115 66209 INFO tempest.lib.common.rest_client [req-7e7306c5-3f52-4e16-bc03-e7bceb53034f req-7e7306c5-3f52-4e16-bc03-e7bceb53034f ] Request (ImagesOneServerNegativeTestJSON:_run_cleanups): 200 GET http://10.180.1.21/compute/v2.1/servers/6015764c-0584-414b-8ade-10b377e50105 0.143s
2025-12-12 05:02:36.183 66247 INFO tempest.lib.common.rest_client [req-a9bb4d23-891b-4ad3-8bdb-c5826dc47bd1 req-a9bb4d23-891b-4ad3-8bdb-c5826dc47bd1 ] Request (DeleteServersTestJSON:test_delete_server_while_in_attached_volume): 200 GET http://10.180.1.21/compute/v2.1/servers/0c6788bc-b210-4c96-9677-47babe35f74e 0.211s
2025-12-12 05:02:36.245 66193 INFO tempest.lib.common.rest_client [req-74d87acb-df06-4db9-b900-f2e9895a1853 req-74d87acb-df06-4db9-b900-f2e9895a1853 ] Request (ServerMetadataTestJSON:setUpClass): 200 GET http://10.180.1.21/compute/v2.1/servers/4c3dcf22-c2c8-4363-948b-7149b72a3bc9 0.194s
2025-12-12 05:02:36.302 66239 INFO tempest.lib.common.rest_client [req-370a8412-974d-414d-9cb8-2fd517fc3774 req-370a8412-974d-414d-9cb8-2fd517fc3774 ] Request (ServerActionsTestOtherB:test_create_backup): 200 GET http://10.180.1.21/image/v2/images/ee4033d6-e7d9-422d-b1cb-9078c3187d09 0.021s
2025-12-12 05:02:36.322 66189 INFO tempest.lib.common.rest_client [req-176a9438-f7e7-470b-a991-51d9e5418d34 req-176a9438-f7e7-470b-a991-51d9e5418d34 ] Request (AttachInterfacesUnderV243Test:_run_cleanups): 200 GET http://10.180.1.21/compute/v2.1/servers/5bca94de-5a12-42e9-bdf9-3fc9ca2fca98 0.196s
2025-12-12 05:02:36.335 66201 INFO tempest.lib.common.rest_client [req-2436827d-fa4a-43d4-b845-ff4fb9edd83b req-2436827d-fa4a-43d4-b845-ff4fb9edd83b ] Request (ListImageFiltersTestJSON:setUpClass): 202 POST http://10.180.1.21/compute/v2.1/servers/586d6440-057c-4cbf-81ce-29ca810d549a/action 0.612s
2025-12-12 05:02:36.396 66211 INFO tempest.lib.common.rest_client [req-8d72843b-a32e-4ec1-b895-509632935121 req-8d72843b-a32e-4ec1-b895-509632935121 ] Request (ServersNegativeTestMultiTenantJSON:setUpClass): 200 GET http://10.180.1.21/compute/v2.1/servers/dedcc79f-0c3f-47d7-831c-1ab3ea3da0ac 0.214s
2025-12-12 05:02:36.435 66221 INFO tempest.lib.common.rest_client [req-3df55263-b779-4b91-9691-dba29d3e487f req-3df55263-b779-4b91-9691-dba29d3e487f ] Request (ServersAdminTestJSON:_run_cleanups): 200 GET http://10.180.1.21/compute/v2.1/servers/dcbf6eac-ff08-4ba7-8b78-723d2d973f45 0.277s
2025-12-12 05:02:36.467 66201 INFO tempest.lib.common.rest_client [req-c464356f-72a4-468e-9026-093d882ed58f req-c464356f-72a4-468e-9026-093d882ed58f ] Request (ListImageFiltersTestJSON:setUpClass): 200 GET http://10.180.1.21/compute/v2.1/images/889723b9-19a8-4c77-a69c-5121e29c82e8 0.130s
2025-12-12 05:02:36.506 66235 INFO tempest.lib.common.rest_client [req-3e349787-96cf-4aa1-9864-6769a49a788e req-3e349787-96cf-4aa1-9864-6769a49a788e ] Request (MigrationsAdminTest:test_resize_server_revert_deleted_flavor): 200 GET http://10.180.1.21/compute/v2.1/servers/88fec903-6d2d-43dd-a1ec-8798d89e7613 0.241s
2025-12-12 05:02:36.521 66203 INFO tempest.lib.common.rest_client [req-14f18918-8a26-4291-b0be-0ef3a2c1169d req-14f18918-8a26-4291-b0be-0ef3a2c1169d ] Request (ServerRescueTestJSON:test_rescue_unrescue_instance): 200 GET http://10.180.1.21/compute/v2.1/servers/50c9378d-58b5-476e-9fbc-db2fc535deab 0.174s
2025-12-12 05:02:36.570 66219 INFO tempest.lib.common.rest_client [req-3fb90fd8-146c-41bd-a03b-2dcd93d6a5b5 req-3fb90fd8-146c-41bd-a03b-2dcd93d6a5b5 ] Request (ServersListShow298Test:test_list_show_update_rebuild_server_298): 200 GET http://10.180.1.21/compute/v2.1/servers/8196c6ac-2e8c-42d0-a290-e54eb21b050d 0.213s
2025-12-12 05:02:36.571 66185 INFO tempest.lib.common.rest_client [req-748bac69-21d6-409f-b7f1-140bada7afdb req-748bac69-21d6-409f-b7f1-140bada7afdb ] Request (ServersTestJSON:test_create_server_with_ipv6_addr_only): 200 GET http://10.180.1.21/compute/v2.1/servers/742c6d69-456b-49c9-8ce5-8264f55f7a82 0.158s
2025-12-12 05:02:36.582 66219 INFO tempest.common.waiters [-] State transition "BUILD/networking" ==> "BUILD/spawning" after 61 second wait
2025-12-12 05:02:36.626 66195 INFO tempest.lib.common.rest_client [req-a1ade9d6-3d0d-431b-8584-6bf9c1f99201 req-a1ade9d6-3d0d-431b-8584-6bf9c1f99201 ] Request (ServersNegativeTestJSON:setUpClass): 200 GET http://10.180.1.21/compute/v2.1/servers/fb1494e1-73b7-46f5-9740-47c86d81f28d 0.122s
2025-12-12 05:02:36.693 66245 INFO tempest.lib.common.rest_client [req-dbbf42fa-19de-46f0-8708-29fb1bbe198f req-dbbf42fa-19de-46f0-8708-29fb1bbe198f ] Request (ImagesOneServerTestJSON:setUpClass): 200 GET http://10.180.1.21/compute/v2.1/servers/92c3b108-ba67-441c-bb97-e5b1396e7902 0.249s
2025-12-12 05:02:36.761 66227 INFO tempest.lib.common.rest_client [req-6c11fc2a-b2f7-4536-9512-7b895df94142 req-6c11fc2a-b2f7-4536-9512-7b895df94142 ] Request (ServerActionsTestOtherA:_run_cleanups): 200 GET http://10.180.1.21/compute/v2.1/servers/9b67651b-119f-4115-a253-6862f379cad1 0.192s
2025-12-12 05:02:36.779 66249 INFO tempest.lib.common.rest_client [req-4dfc6b6d-a0e3-4241-b7e1-f5ae35a0fd57 req-4dfc6b6d-a0e3-4241-b7e1-f5ae35a0fd57 ] Request (AttachVolumeShelveTestJSON:test_attach_volume_shelved_or_offload_server): 200 GET http://10.180.1.21/compute/v2.1/servers/621d9682-b9f6-4b3f-9e2d-bab56977ae41 0.247s
2025-12-12 05:02:36.833 66191 INFO tempest.lib.common.rest_client [req-6d043215-4acd-4b8f-9699-08099c221c00 req-6d043215-4acd-4b8f-9699-08099c221c00 ] Request (ServersAdmin275Test:tearDownClass): 200 GET http://10.180.1.21/compute/v2.1/servers/79e2908d-07be-480e-acb2-e1b9a2e56728 0.223s
2025-12-12 05:02:36.837 66237 INFO tempest.lib.common.rest_client [req-3222cb6d-3630-488e-bef9-eae83e1489c9 req-3222cb6d-3630-488e-bef9-eae83e1489c9 ] Request (ServersWithSpecificFlavorTestJSON:test_verify_created_server_ephemeral_disk): 200 GET http://10.180.1.21/compute/v2.1/servers/62c94d82-4b92-4b33-a260-18a4c17d3189 0.219s
2025-12-12 05:02:36.904 66229 INFO tempest.lib.common.rest_client [req-54387703-ea4c-47c2-9a4d-89495ab12a35 req-54387703-ea4c-47c2-9a4d-89495ab12a35 ] Request (ListServerFiltersTestJSON:tearDownClass): 200 GET http://10.180.1.21/compute/v2.1/servers/f254d45e-203e-45f3-a3e9-64f0ec333fc9 0.165s
2025-12-12 05:02:36.907 66231 INFO tempest.lib.common.rest_client [req-ea83562a-06fd-4071-992c-89a607c38b76 req-ea83562a-06fd-4071-992c-89a607c38b76 ] Request (AttachInterfacesTestJSON:_run_cleanups): 200 GET http://10.180.1.21/compute/v2.1/servers/3626ff34-ed4e-4aaf-8fea-5fa2a95ffc75 0.238s
2025-12-12 05:02:36.962 66187 INFO tempest.lib.common.rest_client [req-2d37d0f3-1fee-4e42-8e77-e30e798ffc18 req-2d37d0f3-1fee-4e42-8e77-e30e798ffc18 ] Request (TenantUsagesTestJSON:setUpClass): 200 GET http://10.180.1.21/compute/v2.1/servers/b07f0701-6029-48e2-8a33-acd4f746c26c 0.188s
2025-12-12 05:02:36.979 66205 INFO tempest.lib.common.rest_client [req-c1264ead-0107-4ce4-ad4b-2b636134039c req-c1264ead-0107-4ce4-ad4b-2b636134039c ] Request (ServersAdminNegativeTestJSON:tearDownClass): 200 GET http://10.180.1.21/compute/v2.1/servers/49468a0e-ae37-48c2-a402-2ee244c57d41 0.180s
2025-12-12 05:02:37.039 66217 INFO tempest.lib.common.rest_client [req-774138bf-7e96-4675-b789-0dcbc800553d req-774138bf-7e96-4675-b789-0dcbc800553d ] Request (ServerActionsV293TestJSON:setUpClass): 200 GET http://10.180.1.21/compute/v2.1/servers/43f48845-b273-4664-8558-d1e2eb4908f2 0.199s
2025-12-12 05:02:37.056 66225 INFO tempest.lib.common.rest_client [req-a8d243ae-00ef-4c47-9ebb-7052095d3a4b req-a8d243ae-00ef-4c47-9ebb-7052095d3a4b ] Request (ServerGroupTestJSON:_run_cleanups): 200 GET http://10.180.1.21/compute/v2.1/servers/e7dccd69-8e1c-46ca-a567-8b9f2357e2cf 0.194s
2025-12-12 05:02:37.108 66233 INFO tempest.lib.common.rest_client [req-7b734861-04cb-4a3f-88a0-32b504323525 req-7b734861-04cb-4a3f-88a0-32b504323525 ] Request (ServersTestBootFromVolume:tearDownClass): 200 GET http://10.180.1.21/compute/v2.1/servers/b30d7ae5-2bfc-4c1d-8226-360a922c1132 0.185s
2025-12-12 05:02:37.111 66215 INFO tempest.lib.common.rest_client [req-bb02748b-3fec-42e8-b3b8-51f17dd3473e req-bb02748b-3fec-42e8-b3b8-51f17dd3473e ] Request (ImagesNegativeTestJSON:test_create_image_from_deleted_server): 200 GET http://10.180.1.21/compute/v2.1/servers/69dda7d4-9203-46aa-ac5e-9228534724bd 0.134s
2025-12-12 05:02:37.120 66215 INFO tempest.common.waiters [-] State transition "BUILD/scheduling" ==> "BUILD/None" after 13 second wait
2025-12-12 05:02:37.137 66207 WARNING tempest.lib.common.ssh [-] Failed to establish authenticated ssh connection to cirros@10.180.180.154 ([Errno None] Unable to connect to port 22 on 10.180.180.154). Number attempts: 3. Retry after 4 seconds.: paramiko.ssh_exception.NoValidConnectionsError: [Errno None] Unable to connect to port 22 on 10.180.180.154
2025-12-12 05:02:37.178 66241 INFO tempest.lib.common.rest_client [req-a6370408-60fa-4260-8c54-9b53ea4e0fc9 req-a6370408-60fa-4260-8c54-9b53ea4e0fc9 ] Request (SecurityGroupsTestJSON:test_server_security_groups): 200 GET http://10.180.1.21/compute/v2.1/servers/07fbf153-3dc9-4c90-b7d6-cf8ab514189b 0.117s
2025-12-12 05:02:37.200 66209 INFO tempest.lib.common.rest_client [req-277ddbae-34fb-4343-ab59-79c0b9a03893 req-277ddbae-34fb-4343-ab59-79c0b9a03893 ] Request (ImagesOneServerNegativeTestJSON:_run_cleanups): 200 GET http://10.180.1.21/compute/v2.1/servers/6015764c-0584-414b-8ade-10b377e50105 0.076s
2025-12-12 05:02:37.266 66247 INFO tempest.lib.common.rest_client [req-13bd0c5c-6357-4b02-90d3-e8123a7b9bd7 req-13bd0c5c-6357-4b02-90d3-e8123a7b9bd7 ] Request (DeleteServersTestJSON:test_delete_server_while_in_attached_volume): 200 GET http://10.180.1.21/compute/v2.1/servers/0c6788bc-b210-4c96-9677-47babe35f74e 0.073s
2025-12-12 05:02:37.324 66239 INFO tempest.lib.common.rest_client [req-3142df47-653f-4ed9-a09c-2870b448a775 req-3142df47-653f-4ed9-a09c-2870b448a775 ] Request (ServerActionsTestOtherB:test_create_backup): 200 GET http://10.180.1.21/image/v2/images/ee4033d6-e7d9-422d-b1cb-9078c3187d09 0.020s
2025-12-12 05:02:37.327 66193 INFO tempest.lib.common.rest_client [req-9778d333-0349-4b75-ab84-8540d26eaf17 req-9778d333-0349-4b75-ab84-8540d26eaf17 ] Request (ServerMetadataTestJSON:setUpClass): 200 GET http://10.180.1.21/compute/v2.1/servers/4c3dcf22-c2c8-4363-948b-7149b72a3bc9 0.072s
2025-12-12 05:02:37.400 66189 INFO tempest.lib.common.rest_client [req-7fe4286b-61ee-4026-9e2c-5bef0646efbb req-7fe4286b-61ee-4026-9e2c-5bef0646efbb ] Request (AttachInterfacesUnderV243Test:_run_cleanups): 200 GET http://10.180.1.21/compute/v2.1/servers/5bca94de-5a12-42e9-bdf9-3fc9ca2fca98 0.071s
2025-12-12 05:02:37.467 66211 INFO tempest.lib.common.rest_client [req-a04ab557-b18c-4737-91fe-e3997b19b766 req-a04ab557-b18c-4737-91fe-e3997b19b766 ] Request (ServersNegativeTestMultiTenantJSON:setUpClass): 200 GET http://10.180.1.21/compute/v2.1/servers/dedcc79f-0c3f-47d7-831c-1ab3ea3da0ac 0.062s
2025-12-12 05:02:37.511 66201 INFO tempest.lib.common.rest_client [req-70ffa56c-f165-46a0-adbd-f001cde77d24 req-70ffa56c-f165-46a0-adbd-f001cde77d24 ] Request (ListImageFiltersTestJSON:setUpClass): 200 GET http://10.180.1.21/compute/v2.1/images/889723b9-19a8-4c77-a69c-5121e29c82e8 0.039s
2025-12-12 05:02:37.555 66221 INFO tempest.lib.common.rest_client [req-aad9f2c1-505f-4591-bf2e-a428adbf2e0e req-aad9f2c1-505f-4591-bf2e-a428adbf2e0e ] Request (ServersAdminTestJSON:_run_cleanups): 200 GET http://10.180.1.21/compute/v2.1/servers/dcbf6eac-ff08-4ba7-8b78-723d2d973f45 0.109s
2025-12-12 05:02:37.612 66203 INFO tempest.lib.common.rest_client [req-802f5584-d1e5-4bdd-989b-a8b24bb7f343 req-802f5584-d1e5-4bdd-989b-a8b24bb7f343 ] Request (ServerRescueTestJSON:test_rescue_unrescue_instance): 200 GET http://10.180.1.21/compute/v2.1/servers/50c9378d-58b5-476e-9fbc-db2fc535deab 0.082s
2025-12-12 05:02:37.664 66185 INFO tempest.lib.common.rest_client [req-28a6f533-2e58-473f-884a-9db321721048 req-28a6f533-2e58-473f-884a-9db321721048 ] Request (ServersTestJSON:test_create_server_with_ipv6_addr_only): 200 GET http://10.180.1.21/compute/v2.1/servers/742c6d69-456b-49c9-8ce5-8264f55f7a82 0.085s
2025-12-12 05:02:37.679 66235 INFO tempest.lib.common.rest_client [req-df5cc6d7-9cd3-43e1-9f8f-51f623601b3e req-df5cc6d7-9cd3-43e1-9f8f-51f623601b3e ] Request (MigrationsAdminTest:test_resize_server_revert_deleted_flavor): 200 GET http://10.180.1.21/compute/v2.1/servers/88fec903-6d2d-43dd-a1ec-8798d89e7613 0.164s
2025-12-12 05:02:37.735 66219 INFO tempest.lib.common.rest_client [req-b7613037-f3ff-4a00-8213-513114c4ad75 req-b7613037-f3ff-4a00-8213-513114c4ad75 ] Request (ServersListShow298Test:test_list_show_update_rebuild_server_298): 200 GET http://10.180.1.21/compute/v2.1/servers/8196c6ac-2e8c-42d0-a290-e54eb21b050d 0.151s
2025-12-12 05:02:37.749 66195 INFO tempest.lib.common.rest_client [req-28dfa49e-bdfe-40df-a3a1-1ed637db49fa req-28dfa49e-bdfe-40df-a3a1-1ed637db49fa ] Request (ServersNegativeTestJSON:setUpClass): 200 GET http://10.180.1.21/compute/v2.1/servers/fb1494e1-73b7-46f5-9740-47c86d81f28d 0.113s
2025-12-12 05:02:37.799 66227 INFO tempest.lib.common.rest_client [req-bdc5783f-f75b-4510-b1f2-c2334945e367 req-bdc5783f-f75b-4510-b1f2-c2334945e367 ] Request (ServerActionsTestOtherA:_run_cleanups): 404 GET http://10.180.1.21/compute/v2.1/servers/9b67651b-119f-4115-a253-6862f379cad1 0.027s
2025-12-12 05:02:37.875 66245 INFO tempest.lib.common.rest_client [req-060b63c0-3598-4c69-91ac-75eb5b9d5923 req-060b63c0-3598-4c69-91ac-75eb5b9d5923 ] Request (ImagesOneServerTestJSON:setUpClass): 200 GET http://10.180.1.21/compute/v2.1/servers/92c3b108-ba67-441c-bb97-e5b1396e7902 0.174s
2025-12-12 05:02:37.900 66249 INFO tempest.lib.common.rest_client [req-4c7c4872-d543-4e08-9ba8-48c43b276da1 req-4c7c4872-d543-4e08-9ba8-48c43b276da1 ] Request (AttachVolumeShelveTestJSON:test_attach_volume_shelved_or_offload_server): 200 GET http://10.180.1.21/compute/v2.1/servers/621d9682-b9f6-4b3f-9e2d-bab56977ae41 0.108s
2025-12-12 05:02:37.968 66191 INFO tempest.lib.common.rest_client [req-61ca4fd5-e399-462c-ac52-9d236738d12a req-61ca4fd5-e399-462c-ac52-9d236738d12a ] Request (ServersAdmin275Test:tearDownClass): 200 GET http://10.180.1.21/compute/v2.1/servers/79e2908d-07be-480e-acb2-e1b9a2e56728 0.124s
2025-12-12 05:02:38.029 66227 INFO tempest.lib.common.rest_client [req-bb5c8703-24cd-4ee2-89ff-de692756b398 req-bb5c8703-24cd-4ee2-89ff-de692756b398 ] Request (ServerActionsTestOtherA:setUp): 200 GET http://10.180.1.21/compute/v2.1/servers/8d5dc7e9-9854-4534-b9dd-cf9c48a2275b 0.228s
2025-12-12 05:02:38.041 66237 INFO tempest.lib.common.rest_client [req-f9362cd7-6d95-4115-b954-21b59274872e req-f9362cd7-6d95-4115-b954-21b59274872e ] Request (ServersWithSpecificFlavorTestJSON:test_verify_created_server_ephemeral_disk): 200 GET http://10.180.1.21/compute/v2.1/servers/62c94d82-4b92-4b33-a260-18a4c17d3189 0.194s
2025-12-12 05:02:38.100 66229 INFO tempest.lib.common.rest_client [req-30bae6ce-3b2b-410d-b3d0-937822fcfe10 req-30bae6ce-3b2b-410d-b3d0-937822fcfe10 ] Request (ListServerFiltersTestJSON:tearDownClass): 200 GET http://10.180.1.21/compute/v2.1/servers/f254d45e-203e-45f3-a3e9-64f0ec333fc9 0.187s
2025-12-12 05:02:38.106 66231 INFO tempest.lib.common.rest_client [req-e285ddc3-c947-4992-9a3e-db8663d3edf0 req-e285ddc3-c947-4992-9a3e-db8663d3edf0 ] Request (AttachInterfacesTestJSON:_run_cleanups): 200 GET http://10.180.1.21/compute/v2.1/servers/3626ff34-ed4e-4aaf-8fea-5fa2a95ffc75 0.190s
2025-12-12 05:02:38.164 66187 INFO tempest.lib.common.rest_client [req-87046e10-7313-41a8-87fb-f408c02c5b41 req-87046e10-7313-41a8-87fb-f408c02c5b41 ] Request (TenantUsagesTestJSON:setUpClass): 200 GET http://10.180.1.21/compute/v2.1/servers/b07f0701-6029-48e2-8a33-acd4f746c26c 0.193s
2025-12-12 05:02:38.171 66205 INFO tempest.lib.common.rest_client [req-64b7fe70-94fa-4f0e-b63a-ab3bf969dfb6 req-64b7fe70-94fa-4f0e-b63a-ab3bf969dfb6 ] Request (ServersAdminNegativeTestJSON:tearDownClass): 200 GET http://10.180.1.21/compute/v2.1/servers/49468a0e-ae37-48c2-a402-2ee244c57d41 0.182s
2025-12-12 05:02:38.213 66227 INFO tempest.lib.common.rest_client [req-c3808e23-11ee-46ff-9da8-d7d4617bf8b9 req-c3808e23-11ee-46ff-9da8-d7d4617bf8b9 ] Request (ServerActionsTestOtherA:test_rebuild_server_with_volume_attached): 202 POST http://10.180.1.21/volume/v3/volumes 0.175s
2025-12-12 05:02:38.230 66217 INFO tempest.lib.common.rest_client [req-2d2d9f9a-67d0-4557-a9dc-acc6947cf6a2 req-2d2d9f9a-67d0-4557-a9dc-acc6947cf6a2 ] Request (ServerActionsV293TestJSON:setUpClass): 200 GET http://10.180.1.21/compute/v2.1/servers/43f48845-b273-4664-8558-d1e2eb4908f2 0.179s
2025-12-12 05:02:38.238 66225 INFO tempest.lib.common.rest_client [req-54af700c-2c48-4136-9ffa-0adb215d2777 req-54af700c-2c48-4136-9ffa-0adb215d2777 ] Request (ServerGroupTestJSON:_run_cleanups): 200 GET http://10.180.1.21/compute/v2.1/servers/e7dccd69-8e1c-46ca-a567-8b9f2357e2cf 0.173s
2025-12-12 05:02:38.296 66215 INFO tempest.lib.common.rest_client [req-479142db-4ed1-4052-b5ff-4fbfa9418612 req-479142db-4ed1-4052-b5ff-4fbfa9418612 ] Request (ImagesNegativeTestJSON:test_create_image_from_deleted_server): 200 GET http://10.180.1.21/compute/v2.1/servers/69dda7d4-9203-46aa-ac5e-9228534724bd 0.175s
2025-12-12 05:02:38.306 66233 INFO tempest.lib.common.rest_client [req-5d8eb0dd-6b47-4c65-928e-38cf683a2800 req-5d8eb0dd-6b47-4c65-928e-38cf683a2800 ] Request (ServersTestBootFromVolume:tearDownClass): 200 GET http://10.180.1.21/compute/v2.1/servers/b30d7ae5-2bfc-4c1d-8226-360a922c1132 0.188s
2025-12-12 05:02:38.325 66227 INFO tempest.lib.common.rest_client [req-817bbceb-a139-4830-9e94-efc4261bbf2a req-817bbceb-a139-4830-9e94-efc4261bbf2a ] Request (ServerActionsTestOtherA:test_rebuild_server_with_volume_attached): 201 POST http://10.180.1.21/identity/v3/auth/tokens 0.104s
2025-12-12 05:02:38.325 66227 INFO tempest.lib.common.fixed_network [-] (ServerActionsTestOtherA:test_rebuild_server_with_volume_attached) Found network {'id': 'a744aa7f-9d68-42cc-9ffb-0345c91a93f8', 'name': 'tempest-ServerActionsTestOtherA-545819195-network', 'tenant_id': '770b73719dd7467bbef1ab9b17d75d50', 'project_id': '770b73719dd7467bbef1ab9b17d75d50', 'admin_state_up': True, 'mtu': 8950, 'status': 'ACTIVE', 'subnets': [], 'shared': False, 'port_security_enabled': True, 'router:external': False, 'provider:network_type': 'vlan', 'provider:physical_network': 'default', 'provider:segmentation_id': 759, 'availability_zone_hints': [], 'availability_zones': [], 'ipv4_address_scope': None, 'ipv6_address_scope': None, 'description': '', 'tags': [], 'created_at': '2025-12-12T04:58:29Z', 'updated_at': '2025-12-12T04:58:29Z', 'revision_number': 1} available for tenant
2025-12-12 05:02:38.348 66239 INFO tempest.lib.common.rest_client [req-9a0f8d0d-6794-4c8c-9126-01750fa27ab4 req-9a0f8d0d-6794-4c8c-9126-01750fa27ab4 ] Request (ServerActionsTestOtherB:test_create_backup): 200 GET http://10.180.1.21/image/v2/images/ee4033d6-e7d9-422d-b1cb-9078c3187d09 0.023s
2025-12-12 05:02:38.367 66241 INFO tempest.lib.common.rest_client [req-34ae150d-94b8-4957-b0a1-833d3ed13199 req-34ae150d-94b8-4957-b0a1-833d3ed13199 ] Request (SecurityGroupsTestJSON:test_server_security_groups): 200 GET http://10.180.1.21/compute/v2.1/servers/07fbf153-3dc9-4c90-b7d6-cf8ab514189b 0.179s
2025-12-12 05:02:38.371 66209 INFO tempest.lib.common.rest_client [req-9041447d-b12b-40b9-945c-7b90246f02f3 req-9041447d-b12b-40b9-945c-7b90246f02f3 ] Request (ImagesOneServerNegativeTestJSON:_run_cleanups): 200 GET http://10.180.1.21/compute/v2.1/servers/6015764c-0584-414b-8ade-10b377e50105 0.163s
2025-12-12 05:02:38.404 66227 INFO tempest.lib.common.rest_client [req-19b339b9-27bf-40d4-85c6-9eff6e25bdbe req-19b339b9-27bf-40d4-85c6-9eff6e25bdbe ] Request (ValidationResourcesFixture:setUp): 200 POST http://10.180.1.21/compute/v2.1/os-keypairs 0.077s
2025-12-12 05:02:38.435 66247 INFO tempest.lib.common.rest_client [req-e72d0cd6-4de8-493b-8109-53f3861086aa req-e72d0cd6-4de8-493b-8109-53f3861086aa ] Request (DeleteServersTestJSON:test_delete_server_while_in_attached_volume): 200 GET http://10.180.1.21/compute/v2.1/servers/0c6788bc-b210-4c96-9677-47babe35f74e 0.159s
2025-12-12 05:02:38.460 66193 INFO tempest.lib.common.rest_client [req-c40272e3-367e-41b1-bd99-89a3cced8b1b req-c40272e3-367e-41b1-bd99-89a3cced8b1b ] Request (ServerMetadataTestJSON:setUpClass): 200 GET http://10.180.1.21/compute/v2.1/servers/4c3dcf22-c2c8-4363-948b-7149b72a3bc9 0.123s
2025-12-12 05:02:38.499 66189 INFO tempest.lib.common.rest_client [req-9895a569-fe29-4cb0-af66-015aeb3baafe req-9895a569-fe29-4cb0-af66-015aeb3baafe ] Request (AttachInterfacesUnderV243Test:_run_cleanups): 200 GET http://10.180.1.21/compute/v2.1/servers/5bca94de-5a12-42e9-bdf9-3fc9ca2fca98 0.091s
2025-12-12 05:02:38.520 66227 INFO tempest.lib.common.rest_client [req-a7f7f58d-3daf-49aa-b96e-31880ecbea61 req-a7f7f58d-3daf-49aa-b96e-31880ecbea61 ] Request (ValidationResourcesFixture:setUp): 201 POST http://10.180.1.21/networking/v2.0/security-groups 0.114s
2025-12-12 05:02:38.540 66211 INFO tempest.lib.common.rest_client [req-cc5382e3-84b4-442a-bae0-6a65fa15c899 req-cc5382e3-84b4-442a-bae0-6a65fa15c899 ] Request (ServersNegativeTestMultiTenantJSON:setUpClass): 200 GET http://10.180.1.21/compute/v2.1/servers/dedcc79f-0c3f-47d7-831c-1ab3ea3da0ac 0.064s
2025-12-12 05:02:38.567 66201 INFO tempest.lib.common.rest_client [req-1b54d22e-5a49-47c3-b8d6-f4d1b769e77b req-1b54d22e-5a49-47c3-b8d6-f4d1b769e77b ] Request (ListImageFiltersTestJSON:setUpClass): 200 GET http://10.180.1.21/compute/v2.1/images/889723b9-19a8-4c77-a69c-5121e29c82e8 0.052s
2025-12-12 05:02:38.614 66227 INFO tempest.lib.common.rest_client [req-40c085c7-6645-4481-9a81-5dfc94105430 req-40c085c7-6645-4481-9a81-5dfc94105430 ] Request (ValidationResourcesFixture:setUp): 201 POST http://10.180.1.21/networking/v2.0/security-group-rules 0.092s
2025-12-12 05:02:38.703 66203 INFO tempest.lib.common.rest_client [req-7baad201-1465-49aa-a604-7f481d41a234 req-7baad201-1465-49aa-a604-7f481d41a234 ] Request (ServerRescueTestJSON:test_rescue_unrescue_instance): 200 GET http://10.180.1.21/compute/v2.1/servers/50c9378d-58b5-476e-9fbc-db2fc535deab 0.082s
2025-12-12 05:02:38.707 66227 INFO tempest.lib.common.rest_client [req-20c8a052-a397-489a-b8be-3f1bbcfb18d3 req-20c8a052-a397-489a-b8be-3f1bbcfb18d3 ] Request (ValidationResourcesFixture:setUp): 201 POST http://10.180.1.21/networking/v2.0/security-group-rules 0.092s
2025-12-12 05:02:38.731 66221 INFO tempest.lib.common.rest_client [req-0f991837-419d-488c-b4a2-45db67ee883b req-0f991837-419d-488c-b4a2-45db67ee883b ] Request (ServersAdminTestJSON:_run_cleanups): 200 GET http://10.180.1.21/compute/v2.1/servers/dcbf6eac-ff08-4ba7-8b78-723d2d973f45 0.168s
2025-12-12 05:02:38.738 66221 INFO tempest.common.waiters [-] State transition "REBUILD/rebuilding" ==> "REBUILD/rebuild_block_device_mapping" after 3 second wait
2025-12-12 05:02:38.757 66185 INFO tempest.lib.common.rest_client [req-7852ecf7-ee73-4a49-83a0-f1928c472e21 req-7852ecf7-ee73-4a49-83a0-f1928c472e21 ] Request (ServersTestJSON:test_create_server_with_ipv6_addr_only): 200 GET http://10.180.1.21/compute/v2.1/servers/742c6d69-456b-49c9-8ce5-8264f55f7a82 0.076s
2025-12-12 05:02:38.852 66219 INFO tempest.lib.common.rest_client [req-b6a24aa7-1cb5-4c7d-9716-90fb81e64965 req-b6a24aa7-1cb5-4c7d-9716-90fb81e64965 ] Request (ServersListShow298Test:test_list_show_update_rebuild_server_298): 200 GET http://10.180.1.21/compute/v2.1/servers/8196c6ac-2e8c-42d0-a290-e54eb21b050d 0.105s
2025-12-12 05:02:38.880 66235 INFO tempest.lib.common.rest_client [req-919f2c15-baaa-4460-b779-1adc9666e2f4 req-919f2c15-baaa-4460-b779-1adc9666e2f4 ] Request (MigrationsAdminTest:test_resize_server_revert_deleted_flavor): 200 GET http://10.180.1.21/compute/v2.1/servers/88fec903-6d2d-43dd-a1ec-8798d89e7613 0.192s
2025-12-12 05:02:38.923 66195 INFO tempest.lib.common.rest_client [req-5536a38b-a647-4ab3-8964-b24d2d63c16f req-5536a38b-a647-4ab3-8964-b24d2d63c16f ] Request (ServersNegativeTestJSON:setUpClass): 200 GET http://10.180.1.21/compute/v2.1/servers/fb1494e1-73b7-46f5-9740-47c86d81f28d 0.165s
2025-12-12 05:02:39.077 66245 INFO tempest.lib.common.rest_client [req-7e021662-aff0-4b88-a114-37bb5dbf46d7 req-7e021662-aff0-4b88-a114-37bb5dbf46d7 ] Request (ImagesOneServerTestJSON:setUpClass): 200 GET http://10.180.1.21/compute/v2.1/servers/92c3b108-ba67-441c-bb97-e5b1396e7902 0.193s
2025-12-12 05:02:39.087 66245 INFO tempest.common.waiters [-] State transition "BUILD/spawning" ==> "ACTIVE/None" after 65 second wait
2025-12-12 05:02:39.108 66249 INFO tempest.lib.common.rest_client [req-c60d5654-a7a3-41aa-b9eb-026f90f0f419 req-c60d5654-a7a3-41aa-b9eb-026f90f0f419 ] Request (AttachVolumeShelveTestJSON:test_attach_volume_shelved_or_offload_server): 200 GET http://10.180.1.21/compute/v2.1/servers/621d9682-b9f6-4b3f-9e2d-bab56977ae41 0.195s
2025-12-12 05:02:39.167 66237 INFO tempest.lib.common.rest_client [req-74d5619a-893a-4241-aa6b-c7a20fc0a6c8 req-74d5619a-893a-4241-aa6b-c7a20fc0a6c8 ] Request (ServersWithSpecificFlavorTestJSON:test_verify_created_server_ephemeral_disk): 200 GET http://10.180.1.21/compute/v2.1/servers/62c94d82-4b92-4b33-a260-18a4c17d3189 0.117s
2025-12-12 05:02:39.192 66191 INFO tempest.lib.common.rest_client [req-bfe1fa70-6c6a-4706-b0bc-52d40b675a00 req-bfe1fa70-6c6a-4706-b0bc-52d40b675a00 ] Request (ServersAdmin275Test:tearDownClass): 200 GET http://10.180.1.21/compute/v2.1/servers/79e2908d-07be-480e-acb2-e1b9a2e56728 0.212s
2025-12-12 05:02:39.194 66227 INFO tempest.lib.common.rest_client [req-860d9a50-c09e-40e6-848a-17d924ec1ab4 req-860d9a50-c09e-40e6-848a-17d924ec1ab4 ] Request (ValidationResourcesFixture:setUp): 201 POST http://10.180.1.21/networking/v2.0/floatingips 0.487s
2025-12-12 05:02:39.254 66229 INFO tempest.lib.common.rest_client [req-559ab038-db07-4237-86fc-4ae6fdc9aa34 req-559ab038-db07-4237-86fc-4ae6fdc9aa34 ] Request (ListServerFiltersTestJSON:tearDownClass): 200 GET http://10.180.1.21/compute/v2.1/servers/f254d45e-203e-45f3-a3e9-64f0ec333fc9 0.146s
2025-12-12 05:02:39.322 66231 INFO tempest.lib.common.rest_client [req-f5c9d406-275d-4b3e-99f4-412c07a9b90a req-f5c9d406-275d-4b3e-99f4-412c07a9b90a ] Request (AttachInterfacesTestJSON:_run_cleanups): 200 GET http://10.180.1.21/compute/v2.1/servers/3626ff34-ed4e-4aaf-8fea-5fa2a95ffc75 0.208s
2025-12-12 05:02:39.375 66187 INFO tempest.lib.common.rest_client [req-e46dd493-e10e-44c2-a1b5-afc63377650f req-e46dd493-e10e-44c2-a1b5-afc63377650f ] Request (TenantUsagesTestJSON:setUpClass): 200 GET http://10.180.1.21/compute/v2.1/servers/b07f0701-6029-48e2-8a33-acd4f746c26c 0.200s
2025-12-12 05:02:39.448 66205 INFO tempest.lib.common.rest_client [req-c97245c1-9827-4b1f-9f7b-90c18b95712b req-c97245c1-9827-4b1f-9f7b-90c18b95712b ] Request (ServersAdminNegativeTestJSON:tearDownClass): 200 GET http://10.180.1.21/compute/v2.1/servers/49468a0e-ae37-48c2-a402-2ee244c57d41 0.269s
2025-12-12 05:02:39.593 66239 INFO tempest.lib.common.rest_client [req-cbd949c8-a725-4686-83e9-14f944c5b895 req-cbd949c8-a725-4686-83e9-14f944c5b895 ] Request (ServerActionsTestOtherB:test_create_backup): 200 GET http://10.180.1.21/image/v2/images/ee4033d6-e7d9-422d-b1cb-9078c3187d09 0.242s
2025-12-12 05:02:39.637 66245 INFO tempest.lib.common.rest_client [req-ff53611d-016f-411d-bb26-b6f858188a16 req-ff53611d-016f-411d-bb26-b6f858188a16 ] Request (ImagesOneServerTestJSON:test_create_delete_image): 202 POST http://10.180.1.21/compute/v2.1/servers/92c3b108-ba67-441c-bb97-e5b1396e7902/action 0.549s
2025-12-12 05:02:39.708 66217 INFO tempest.lib.common.rest_client [req-87cf858f-c3b8-4ad3-ac89-9dbd723738cc req-87cf858f-c3b8-4ad3-ac89-9dbd723738cc ] Request (ServerActionsV293TestJSON:setUpClass): 200 GET http://10.180.1.21/compute/v2.1/servers/43f48845-b273-4664-8558-d1e2eb4908f2 0.466s
2025-12-12 05:02:39.719 66217 INFO tempest.common.waiters [-] State transition "BUILD/scheduling" ==> "BUILD/None" after 13 second wait
2025-12-12 05:02:39.783 66225 INFO tempest.lib.common.rest_client [req-8449dacb-fd02-489f-830e-4013c81b273e req-8449dacb-fd02-489f-830e-4013c81b273e ] Request (ServerGroupTestJSON:_run_cleanups): 200 GET http://10.180.1.21/compute/v2.1/servers/e7dccd69-8e1c-46ca-a567-8b9f2357e2cf 0.537s
2025-12-12 05:02:39.858 66233 INFO tempest.lib.common.rest_client [req-edffa52b-0dc0-4e5b-940e-f1df01b0ed46 req-edffa52b-0dc0-4e5b-940e-f1df01b0ed46 ] Request (ServersTestBootFromVolume:tearDownClass): 200 GET http://10.180.1.21/compute/v2.1/servers/b30d7ae5-2bfc-4c1d-8226-360a922c1132 0.544s
2025-12-12 05:02:39.921 66215 INFO tempest.lib.common.rest_client [req-0880302b-d2de-4c23-85ac-9641a24456b8 req-0880302b-d2de-4c23-85ac-9641a24456b8 ] Request (ImagesNegativeTestJSON:test_create_image_from_deleted_server): 200 GET http://10.180.1.21/compute/v2.1/servers/69dda7d4-9203-46aa-ac5e-9228534724bd 0.603s
2025-12-12 05:02:39.947 66241 INFO tempest.lib.common.rest_client [req-3f434b63-cb22-4c60-948c-7f4f66612aac req-3f434b63-cb22-4c60-948c-7f4f66612aac ] Request (SecurityGroupsTestJSON:test_server_security_groups): 404 GET http://10.180.1.21/compute/v2.1/servers/07fbf153-3dc9-4c90-b7d6-cf8ab514189b 0.570s
2025-12-12 05:02:39.973 66227 INFO tempest.lib.common.rest_client [req-e059fa9d-e67a-489d-9995-6e39ce510887 req-e059fa9d-e67a-489d-9995-6e39ce510887 ] Request (ServerActionsTestOtherA:test_rebuild_server_with_volume_attached): 202 POST http://10.180.1.21/compute/v2.1/servers 0.778s
2025-12-12 05:02:40.038 66209 INFO tempest.lib.common.rest_client [req-941c1863-0e3c-4375-9996-8c6708bcec05 req-941c1863-0e3c-4375-9996-8c6708bcec05 ] Request (ImagesOneServerNegativeTestJSON:_run_cleanups): 200 GET http://10.180.1.21/compute/v2.1/servers/6015764c-0584-414b-8ade-10b377e50105 0.659s
2025-12-12 05:02:40.082 66247 INFO tempest.lib.common.rest_client [req-e27f904f-a190-42a0-a499-b31bb7ea27de req-e27f904f-a190-42a0-a499-b31bb7ea27de ] Request (DeleteServersTestJSON:test_delete_server_while_in_attached_volume): 200 GET http://10.180.1.21/compute/v2.1/servers/0c6788bc-b210-4c96-9677-47babe35f74e 0.636s
2025-12-12 05:02:40.127 66193 INFO tempest.lib.common.rest_client [req-114ac5cd-ddf7-492d-b8f6-3d60f62b94ce req-114ac5cd-ddf7-492d-b8f6-3d60f62b94ce ] Request (ServerMetadataTestJSON:setUpClass): 200 GET http://10.180.1.21/compute/v2.1/servers/4c3dcf22-c2c8-4363-948b-7149b72a3bc9 0.659s
2025-12-12 05:02:40.181 66189 INFO tempest.lib.common.rest_client [req-b5bb309c-c93e-4424-b932-2e57b3e81acd req-b5bb309c-c93e-4424-b932-2e57b3e81acd ] Request (AttachInterfacesUnderV243Test:_run_cleanups): 200 GET http://10.180.1.21/compute/v2.1/servers/5bca94de-5a12-42e9-bdf9-3fc9ca2fca98 0.673s
2025-12-12 05:02:40.195 66211 INFO tempest.lib.common.rest_client [req-4f1f9921-32c2-4f06-a2dc-44bde912b8d9 req-4f1f9921-32c2-4f06-a2dc-44bde912b8d9 ] Request (ServersNegativeTestMultiTenantJSON:setUpClass): 200 GET http://10.180.1.21/compute/v2.1/servers/dedcc79f-0c3f-47d7-831c-1ab3ea3da0ac 0.645s
2025-12-12 05:02:40.230 66201 INFO tempest.lib.common.rest_client [req-a4bb110e-0625-430b-bdb7-fd27cfad4a6f req-a4bb110e-0625-430b-bdb7-fd27cfad4a6f ] Request (ListImageFiltersTestJSON:setUpClass): 200 GET http://10.180.1.21/compute/v2.1/images/889723b9-19a8-4c77-a69c-5121e29c82e8 0.659s
2025-12-12 05:02:40.236 66245 INFO tempest.lib.common.rest_client [req-b28b2303-8da5-41fa-bddd-d223ba487781 req-b28b2303-8da5-41fa-bddd-d223ba487781 ] Request (ImagesOneServerTestJSON:test_create_delete_image): 200 GET http://10.180.1.21/compute/v2.1/images/3b5ed4a7-7eb4-4b7e-8b66-fc5bd108afeb 0.597s
2025-12-12 05:02:40.300 66203 INFO tempest.lib.common.rest_client [req-f11a8a08-0e04-42a3-94d2-fa30fee1166e req-f11a8a08-0e04-42a3-94d2-fa30fee1166e ] Request (ServerRescueTestJSON:test_rescue_unrescue_instance): 200 GET http://10.180.1.21/compute/v2.1/servers/50c9378d-58b5-476e-9fbc-db2fc535deab 0.587s
2025-12-12 05:02:40.363 66185 INFO tempest.lib.common.rest_client [req-08820d95-799c-40ab-8e07-1f4f7d99840e req-08820d95-799c-40ab-8e07-1f4f7d99840e ] Request (ServersTestJSON:test_create_server_with_ipv6_addr_only): 200 GET http://10.180.1.21/compute/v2.1/servers/742c6d69-456b-49c9-8ce5-8264f55f7a82 0.597s
2025-12-12 05:02:40.368 66221 INFO tempest.lib.common.rest_client [req-29e0c19a-d8ac-45fa-ac41-6623c6f12195 req-29e0c19a-d8ac-45fa-ac41-6623c6f12195 ] Request (ServersAdminTestJSON:_run_cleanups): 200 GET http://10.180.1.21/compute/v2.1/servers/dcbf6eac-ff08-4ba7-8b78-723d2d973f45 0.628s
2025-12-12 05:02:40.377 66221 INFO tempest.common.waiters [-] State transition "REBUILD/rebuild_block_device_mapping" ==> "REBUILD/rebuild_spawning" after 5 second wait
2025-12-12 05:02:40.443 66219 INFO tempest.lib.common.rest_client [req-b3e42455-dbcb-42ff-b3fe-a0f16f284491 req-b3e42455-dbcb-42ff-b3fe-a0f16f284491 ] Request (ServersListShow298Test:test_list_show_update_rebuild_server_298): 200 GET http://10.180.1.21/compute/v2.1/servers/8196c6ac-2e8c-42d0-a290-e54eb21b050d 0.576s
2025-12-12 05:02:40.496 66235 INFO tempest.lib.common.rest_client [req-eb4ef043-0489-4a61-b06a-a03ad6048519 req-eb4ef043-0489-4a61-b06a-a03ad6048519 ] Request (MigrationsAdminTest:test_resize_server_revert_deleted_flavor): 200 GET http://10.180.1.21/compute/v2.1/servers/88fec903-6d2d-43dd-a1ec-8798d89e7613 0.608s
2025-12-12 05:02:40.496 66195 INFO tempest.lib.common.rest_client [req-6349c807-4000-4771-8a7d-b8b9ed9354b0 req-6349c807-4000-4771-8a7d-b8b9ed9354b0 ] Request (ServersNegativeTestJSON:setUpClass): 200 GET http://10.180.1.21/compute/v2.1/servers/fb1494e1-73b7-46f5-9740-47c86d81f28d 0.566s
2025-12-12 05:02:40.540 66227 INFO tempest.lib.common.rest_client [req-c4149e1c-04f3-4585-b20e-4450e4132287 req-c4149e1c-04f3-4585-b20e-4450e4132287 ] Request (ServerActionsTestOtherA:test_rebuild_server_with_volume_attached): 200 GET http://10.180.1.21/compute/v2.1/servers/6447c8f5-0bd7-4708-8075-c1205d8f574f 0.562s
2025-12-12 05:02:40.593 66199 WARNING tempest.lib.common.ssh [-] Failed to establish authenticated ssh connection to cirros@10.180.180.139 ([Errno None] Unable to connect to port 22 on 10.180.180.139). Number attempts: 7. Retry after 8 seconds.: paramiko.ssh_exception.NoValidConnectionsError: [Errno None] Unable to connect to port 22 on 10.180.180.139
2025-12-12 05:02:40.612 66239 INFO tempest.lib.common.rest_client [req-a513f814-e49a-424e-87f9-d0defeed7850 req-a513f814-e49a-424e-87f9-d0defeed7850 ] Request (ServerActionsTestOtherB:test_create_backup): 200 GET http://10.180.1.21/image/v2/images/ee4033d6-e7d9-422d-b1cb-9078c3187d09 0.018s
2025-12-12 05:02:40.626 66241 INFO tempest.lib.common.rest_client [req-9f6a290b-0aa4-496d-9fa3-63502661bf28 req-9f6a290b-0aa4-496d-9fa3-63502661bf28 ] Request (SecurityGroupsTestJSON:test_server_security_groups): 202 DELETE http://10.180.1.21/compute/v2.1/os-security-groups/38df6fc4-d27e-4d4e-a7aa-2ee7648445f3 0.678s
2025-12-12 05:02:40.708 66249 INFO tempest.lib.common.rest_client [req-1b6fa450-c002-4ff9-a709-94c09d89dfc6 req-1b6fa450-c002-4ff9-a709-94c09d89dfc6 ] Request (AttachVolumeShelveTestJSON:test_attach_volume_shelved_or_offload_server): 200 GET http://10.180.1.21/compute/v2.1/servers/621d9682-b9f6-4b3f-9e2d-bab56977ae41 0.588s
2025-12-12 05:02:40.743 66237 INFO tempest.lib.common.rest_client [req-60b4a7ac-2968-492e-9979-3c466a06bb56 req-60b4a7ac-2968-492e-9979-3c466a06bb56 ] Request (ServersWithSpecificFlavorTestJSON:test_verify_created_server_ephemeral_disk): 200 GET http://10.180.1.21/compute/v2.1/servers/62c94d82-4b92-4b33-a260-18a4c17d3189 0.569s
2025-12-12 05:02:40.800 66191 INFO tempest.lib.common.rest_client [req-6f756816-8a5d-4af8-93a9-979a71c7c3cd req-6f756816-8a5d-4af8-93a9-979a71c7c3cd ] Request (ServersAdmin275Test:tearDownClass): 200 GET http://10.180.1.21/compute/v2.1/servers/79e2908d-07be-480e-acb2-e1b9a2e56728 0.597s
2025-12-12 05:02:40.821 66229 INFO tempest.lib.common.rest_client [req-684e4219-0209-4540-a881-c2e742579952 req-684e4219-0209-4540-a881-c2e742579952 ] Request (ListServerFiltersTestJSON:tearDownClass): 200 GET http://10.180.1.21/compute/v2.1/servers/f254d45e-203e-45f3-a3e9-64f0ec333fc9 0.557s
2025-12-12 05:02:40.876 66187 INFO tempest.lib.common.rest_client [req-c325c5ff-01bf-4c76-8ac9-e0c9c5375e05 req-c325c5ff-01bf-4c76-8ac9-e0c9c5375e05 ] Request (TenantUsagesTestJSON:setUpClass): 200 GET http://10.180.1.21/compute/v2.1/servers/b07f0701-6029-48e2-8a33-acd4f746c26c 0.493s
2025-12-12 05:02:40.877 66231 INFO tempest.lib.common.rest_client [req-12a1aab5-3777-4cf7-91e6-0c5cd7236be1 req-12a1aab5-3777-4cf7-91e6-0c5cd7236be1 ] Request (AttachInterfacesTestJSON:_run_cleanups): 200 GET http://10.180.1.21/compute/v2.1/servers/3626ff34-ed4e-4aaf-8fea-5fa2a95ffc75 0.545s
2025-12-12 05:02:40.939 66205 INFO tempest.lib.common.rest_client [req-48a73534-027d-47ed-bcac-c76bec1ec44e req-48a73534-027d-47ed-bcac-c76bec1ec44e ] Request (ServersAdminNegativeTestJSON:tearDownClass): 200 GET http://10.180.1.21/compute/v2.1/servers/49468a0e-ae37-48c2-a402-2ee244c57d41 0.482s
2025-12-12 05:02:41.013 66217 INFO tempest.lib.common.rest_client [req-532b505f-842f-416d-b5fd-b7958c032b1d req-532b505f-842f-416d-b5fd-b7958c032b1d ] Request (ServerActionsV293TestJSON:setUpClass): 200 GET http://10.180.1.21/compute/v2.1/servers/43f48845-b273-4664-8558-d1e2eb4908f2 0.293s
2025-12-12 05:02:41.037 66241 INFO tempest.lib.common.rest_client [req-b13daa56-8ef6-4b74-a435-9c89b107426b req-b13daa56-8ef6-4b74-a435-9c89b107426b ] Request (SecurityGroupsTestJSON:test_server_security_groups): 202 DELETE http://10.180.1.21/compute/v2.1/os-security-groups/2a7d296c-8591-4407-bff8-83c41640b37e 0.411s
2025-12-12 05:02:41.097 66225 INFO tempest.lib.common.rest_client [req-f64071a6-f4fa-403b-bbef-2739f2104388 req-f64071a6-f4fa-403b-bbef-2739f2104388 ] Request (ServerGroupTestJSON:_run_cleanups): 200 GET http://10.180.1.21/compute/v2.1/servers/e7dccd69-8e1c-46ca-a567-8b9f2357e2cf 0.304s
2025-12-12 05:02:41.117 66233 INFO tempest.lib.common.rest_client [req-61388186-234e-4dc8-a8b3-b61c18367a92 req-61388186-234e-4dc8-a8b3-b61c18367a92 ] Request (ServersTestBootFromVolume:tearDownClass): 200 GET http://10.180.1.21/compute/v2.1/servers/b30d7ae5-2bfc-4c1d-8226-360a922c1132 0.250s
2025-12-12 05:02:41.158 66215 INFO tempest.lib.common.rest_client [req-295e83fd-8a80-466b-8215-29f79429c03d req-295e83fd-8a80-466b-8215-29f79429c03d ] Request (ImagesNegativeTestJSON:test_create_image_from_deleted_server): 200 GET http://10.180.1.21/compute/v2.1/servers/69dda7d4-9203-46aa-ac5e-9228534724bd 0.229s
2025-12-12 05:02:41.215 66209 INFO tempest.lib.common.rest_client [req-2b32823b-a10b-428c-97eb-345a9e960022 req-2b32823b-a10b-428c-97eb-345a9e960022 ] Request (ImagesOneServerNegativeTestJSON:_run_cleanups): 200 GET http://10.180.1.21/compute/v2.1/servers/6015764c-0584-414b-8ade-10b377e50105 0.167s
2025-12-12 05:02:41.280 66241 INFO tempest.lib.common.rest_client [req-9c6b6595-3761-4dc0-aacf-07800a25afe1 req-9c6b6595-3761-4dc0-aacf-07800a25afe1 ] Request (SecurityGroupsTestJSON:test_update_security_groups): 200 POST http://10.180.1.21/compute/v2.1/os-security-groups 0.241s
2025-12-12 05:02:41.292 66247 INFO tempest.lib.common.rest_client [req-a9896ecc-dcf0-4342-a16d-d9d5839a927c req-a9896ecc-dcf0-4342-a16d-d9d5839a927c ] Request (DeleteServersTestJSON:test_delete_server_while_in_attached_volume): 200 GET http://10.180.1.21/compute/v2.1/servers/0c6788bc-b210-4c96-9677-47babe35f74e 0.200s
2025-12-12 05:02:41.341 66193 INFO tempest.lib.common.rest_client [req-e34bb84d-ad57-49da-a161-c284d6069e4c req-e34bb84d-ad57-49da-a161-c284d6069e4c ] Request (ServerMetadataTestJSON:setUpClass): 200 GET http://10.180.1.21/compute/v2.1/servers/4c3dcf22-c2c8-4363-948b-7149b72a3bc9 0.201s
2025-12-12 05:02:41.360 66189 INFO tempest.lib.common.rest_client [req-1fd7fc5e-69a8-485f-955c-01ca55420812 req-1fd7fc5e-69a8-485f-955c-01ca55420812 ] Request (AttachInterfacesUnderV243Test:_run_cleanups): 200 GET http://10.180.1.21/compute/v2.1/servers/5bca94de-5a12-42e9-bdf9-3fc9ca2fca98 0.168s
2025-12-12 05:02:41.395 66211 INFO tempest.lib.common.rest_client [req-e3bc1a8f-c40d-4a56-b0ec-4e122247b87b req-e3bc1a8f-c40d-4a56-b0ec-4e122247b87b ] Request (ServersNegativeTestMultiTenantJSON:setUpClass): 200 GET http://10.180.1.21/compute/v2.1/servers/dedcc79f-0c3f-47d7-831c-1ab3ea3da0ac 0.191s
