2025-12-12 05:01:30.274 66203 INFO tempest.lib.common.rest_client [req-6701b5b4-8394-4be4-b323-e52893bd58ac req-6701b5b4-8394-4be4-b323-e52893bd58ac ] Request (ServerRescueTestJSON:setUpClass): 200 GET http://10.180.1.21/compute/v2.1/servers/a3aea34a-d078-4f0e-9a7d-449848ebcdba 0.328s
2025-12-12 05:01:30.321 66235 INFO tempest.lib.common.rest_client [req-0319955d-d1aa-4a24-b565-8ff7f78285cc req-0319955d-d1aa-4a24-b565-8ff7f78285cc ] Request (MigrationsAdminTest:test_resize_server_revert_deleted_flavor): 202 POST http://10.180.1.21/compute/v2.1/servers/88fec903-6d2d-43dd-a1ec-8798d89e7613/action 0.354s
2025-12-12 05:01:30.407 66209 INFO tempest.lib.common.rest_client [req-e655790c-a64d-4771-9d55-92acd2742028 req-e655790c-a64d-4771-9d55-92acd2742028 ] Request (ImagesOneServerNegativeTestJSON:tearDown): 200 GET http://10.180.1.21/compute/v2.1/servers/83ddfe52-53ff-4c80-b0d7-b3e7c90c8aab 0.437s
2025-12-12 05:01:30.415 66209 INFO tempest.common.waiters [-] State transition "ACTIVE/image_uploading" ==> "ACTIVE/None" after 6 second wait
2025-12-12 05:01:30.493 66227 INFO tempest.lib.common.rest_client [req-45f0e012-c12f-407a-bce9-5a9ea16734dc req-45f0e012-c12f-407a-bce9-5a9ea16734dc ] Request (ServerActionsTestOtherA:test_rebuild_server_in_stop_state): 200 GET http://10.180.1.21/compute/v2.1/servers/9b67651b-119f-4115-a253-6862f379cad1 0.328s
2025-12-12 05:01:30.568 66185 INFO tempest.lib.common.rest_client [req-89c1c738-eda7-4de0-9dcc-fedd5f202823 req-89c1c738-eda7-4de0-9dcc-fedd5f202823 ] Request (ServersTestJSON:test_create_server_specify_multibyte_character_name): 200 GET http://10.180.1.21/compute/v2.1/servers/79c52613-1b43-45c3-b60f-4021e1043096 0.380s
2025-12-12 05:01:30.643 66245 INFO tempest.lib.common.rest_client [req-02ca71ea-3e55-4ef0-a950-18a9f7090b65 req-02ca71ea-3e55-4ef0-a950-18a9f7090b65 ] Request (ImagesOneServerTestJSON:setUpClass): 200 PUT http://10.180.1.21/networking/v2.0/routers/88d64539-3761-44a8-9039-929d119be20a/add_router_interface 0.956s
2025-12-12 05:01:30.643 66245 INFO tempest.lib.common.dynamic_creds [-] Created isolated network resources for: credentials: Credentials: {'domain_id': 'default', 'domain_name': 'Default', 'username': 'tempest-ImagesOneServerTestJSON-153807404-project-member', 'project_domain_id': 'default', 'project_domain_name': 'Default', 'project_id': 'b533cfc536f64476ad4ac618609791c4', 'project_name': 'tempest-ImagesOneServerTestJSON-153807404', 'tenant_id': 'b533cfc536f64476ad4ac618609791c4', 'tenant_name': 'tempest-ImagesOneServerTestJSON-153807404', 'user_domain_id': 'default', 'user_domain_name': 'Default', 'user_id': 'b921a25b876d4060b72a0d8f3d5ea52c', 'system': None}, Network: {'id': '2b34536e-f865-46a0-b632-f9e077beb9d4', 'name': 'tempest-ImagesOneServerTestJSON-1383575885-network', 'tenant_id': 'b533cfc536f64476ad4ac618609791c4', 'project_id': 'b533cfc536f64476ad4ac618609791c4', 'admin_state_up': True, 'mtu': 8950, 'status': 'ACTIVE', 'subnets': [], 'shared': False, 'port_security_enabled': True, 'router:external': False, 'provider:network_type': 'vlan', 'provider:physical_network': 'default', 'provider:segmentation_id': 63, 'availability_zone_hints': [], 'availability_zones': [], 'ipv4_address_scope': None, 'ipv6_address_scope': None, 'description': '', 'tags': [], 'created_at': '2025-12-12T05:01:28Z', 'updated_at': '2025-12-12T05:01:28Z', 'revision_number': 1}, Subnet: {'id': 'eabd0ba6-07fe-4034-97a8-f63224174005', 'name': 'tempest-ImagesOneServerTestJSON-1383575885-subnet', 'tenant_id': 'b533cfc536f64476ad4ac618609791c4', 'network_id': '2b34536e-f865-46a0-b632-f9e077beb9d4', 'ip_version': 4, 'subnetpool_id': None, 'enable_dhcp': True, 'ipv6_ra_mode': None, 'ipv6_address_mode': None, 'gateway_ip': '192.168.128.1', 'cidr': '192.168.128.0/28', 'allocation_pools': [{'start': '192.168.128.2', 'end': '192.168.128.14'}], 'host_routes': [], 'dns_nameservers': [], 'description': '', 'router:external': False, 'service_types': [], 'tags': [], 'created_at': '2025-12-12T05:01:28Z', 'updated_at': '2025-12-12T05:01:28Z', 'revision_number': 0, 'project_id': 'b533cfc536f64476ad4ac618609791c4'}, Router: {'id': '88d64539-3761-44a8-9039-929d119be20a', 'name': 'tempest-ImagesOneServerTestJSON-1383575885-router', 'tenant_id': 'b533cfc536f64476ad4ac618609791c4', 'admin_state_up': True, 'status': 'ACTIVE', 'external_gateway_info': {'network_id': 'a875e19d-587b-483a-9fb9-73acc60f6ef4', 'external_fixed_ips': [{'subnet_id': 'aab017b7-a90f-426f-b802-376686d78d41', 'ip_address': '10.180.180.214'}], 'enable_snat': True}, 'description': '', 'availability_zones': [], 'distributed': False, 'ha': False, 'availability_zone_hints': [], 'routes': [], 'flavor_id': None, 'tags': [], 'created_at': '2025-12-12T05:01:28Z', 'updated_at': '2025-12-12T05:01:29Z', 'revision_number': 2, 'project_id': 'b533cfc536f64476ad4ac618609791c4'}
2025-12-12 05:01:30.668 66201 INFO tempest.lib.common.rest_client [req-a8117054-dfaa-47d2-8c3f-e9c071f1c03e req-a8117054-dfaa-47d2-8c3f-e9c071f1c03e ] Request (ListImageFiltersTestJSON:setUpClass): 202 POST http://10.180.1.21/compute/v2.1/servers 0.499s
2025-12-12 05:01:30.701 66241 INFO tempest.lib.common.rest_client [req-16855598-fcec-4118-ad4c-f3a7eddd2440 req-16855598-fcec-4118-ad4c-f3a7eddd2440 ] Request (SecurityGroupsTestJSON:test_server_security_groups): 200 GET http://10.180.1.21/compute/v2.1/servers/07fbf153-3dc9-4c90-b7d6-cf8ab514189b 0.470s
2025-12-12 05:01:30.711 66241 INFO tempest.common.waiters [-] State transition "HARD_REBOOT/reboot_pending_hard" ==> "ACTIVE/None" after 5 second wait
2025-12-12 05:01:30.715 66201 INFO tempest.lib.common.rest_client [req-9f6b8591-6621-4aa2-b160-25bfd5b2ee79 req-9f6b8591-6621-4aa2-b160-25bfd5b2ee79 ] Request (ListImageFiltersTestJSON:setUpClass): 201 POST http://10.180.1.21/identity/v3/auth/tokens 0.040s
2025-12-12 05:01:30.715 66201 INFO tempest.lib.common.fixed_network [-] (ListImageFiltersTestJSON:setUpClass) Found network None available for tenant
2025-12-12 05:01:30.735 66245 INFO tempest.lib.common.rest_client [req-67993cfe-eb6e-4c8a-ba31-18628eec1892 req-67993cfe-eb6e-4c8a-ba31-18628eec1892 ] Request (ImagesOneServerTestJSON:setUpClass): 201 POST http://10.180.1.21/identity/v3/auth/tokens 0.088s
2025-12-12 05:01:30.794 66199 INFO tempest.lib.common.rest_client [req-7d7a878d-a387-4ff8-b2be-b33d1d0d10b6 req-7d7a878d-a387-4ff8-b2be-b33d1d0d10b6 ] Request (ServersV294TestFqdnHostnames:setUpClass): 200 GET http://10.180.1.21/compute/v2.1/servers/dba4cfb4-8dd5-43e8-bf08-3f47921ac3a7 0.471s
2025-12-12 05:01:30.798 66245 INFO tempest.lib.common.rest_client [req-1cf89e11-b21b-4ee5-9b0b-e2aedfbdd9f9 req-1cf89e11-b21b-4ee5-9b0b-e2aedfbdd9f9 ] Request (ImagesOneServerTestJSON:setUpClass): 201 POST http://10.180.1.21/identity/v3/auth/tokens 0.056s
2025-12-12 05:01:30.798 66245 INFO tempest.lib.common.fixed_network [-] (ImagesOneServerTestJSON:setUpClass) Found network {'id': '2b34536e-f865-46a0-b632-f9e077beb9d4', 'name': 'tempest-ImagesOneServerTestJSON-1383575885-network', 'tenant_id': 'b533cfc536f64476ad4ac618609791c4', 'project_id': 'b533cfc536f64476ad4ac618609791c4', 'admin_state_up': True, 'mtu': 8950, 'status': 'ACTIVE', 'subnets': [], 'shared': False, 'port_security_enabled': True, 'router:external': False, 'provider:network_type': 'vlan', 'provider:physical_network': 'default', 'provider:segmentation_id': 63, 'availability_zone_hints': [], 'availability_zones': [], 'ipv4_address_scope': None, 'ipv6_address_scope': None, 'description': '', 'tags': [], 'created_at': '2025-12-12T05:01:28Z', 'updated_at': '2025-12-12T05:01:28Z', 'revision_number': 1} available for tenant
2025-12-12 05:01:30.833 66219 INFO tempest.lib.common.rest_client [req-3d6db5f5-8774-490b-8ea8-5bf40cf24c22 req-3d6db5f5-8774-490b-8ea8-5bf40cf24c22 ] Request (InstanceActionsNegativeTestJSON:tearDownClass): 404 GET http://10.180.1.21/compute/v2.1/servers/ae7dae05-dd72-4e95-b2a0-085696e49005 0.460s
2025-12-12 05:01:30.888 66235 INFO tempest.lib.common.rest_client [req-e2e68fd0-c022-42d1-bf51-5af87b171b19 req-e2e68fd0-c022-42d1-bf51-5af87b171b19 ] Request (MigrationsAdminTest:test_resize_server_revert_deleted_flavor): 200 GET http://10.180.1.21/compute/v2.1/servers/88fec903-6d2d-43dd-a1ec-8798d89e7613 0.566s
2025-12-12 05:01:30.923 66211 INFO tempest.lib.common.rest_client [req-c8e7ae0a-3198-4887-8ede-fd57be4cdfa2 req-c8e7ae0a-3198-4887-8ede-fd57be4cdfa2 ] Request (AttachInterfacesV270Test:tearDownClass): 200 GET http://10.180.1.21/compute/v2.1/servers/3c361a37-5f49-4873-9a6b-ff4d17e57430 0.516s
2025-12-12 05:01:31.032 66193 INFO tempest.lib.common.rest_client [req-db0f6db9-7da5-4597-98fc-369e5ee987b7 req-db0f6db9-7da5-4597-98fc-369e5ee987b7 ] Request (InstanceActionsV221TestJSON:test_get_list_deleted_instance_actions): 200 GET http://10.180.1.21/compute/v2.1/servers/c33eeba5-0e8e-41cd-9268-4546c9dcbd0d 0.581s
2025-12-12 05:01:31.082 66209 INFO tempest.lib.common.rest_client [req-3a4287d7-ad5a-4955-b51a-3ab58727e422 req-3a4287d7-ad5a-4955-b51a-3ab58727e422 ] Request (ImagesOneServerNegativeTestJSON:_run_cleanups): 204 DELETE http://10.180.1.21/compute/v2.1/servers/83ddfe52-53ff-4c80-b0d7-b3e7c90c8aab 0.666s
2025-12-12 05:01:31.215 66227 INFO tempest.lib.common.rest_client [req-75abb82f-248d-4f44-b952-2d24e89610b9 req-75abb82f-248d-4f44-b952-2d24e89610b9 ] Request (ServerActionsTestOtherA:tearDown): 200 GET http://10.180.1.21/compute/v2.1/servers/8d5dc7e9-9854-4534-b9dd-cf9c48a2275b 0.711s
2025-12-12 05:01:31.246 66249 INFO tempest.lib.common.rest_client [req-49940f9f-4d53-4b0c-98c2-c7c10a26944d req-49940f9f-4d53-4b0c-98c2-c7c10a26944d ] Request (AttachVolumeShelveTestJSON:test_attach_volume_shelved_or_offload_server): 200 GET http://10.180.1.21/compute/v2.1/servers/621d9682-b9f6-4b3f-9e2d-bab56977ae41 0.630s
2025-12-12 05:01:31.336 66247 INFO tempest.lib.common.rest_client [req-f142a55f-569a-4be8-99ae-3403e9eae4b7 req-f142a55f-569a-4be8-99ae-3403e9eae4b7 ] Request (DeleteServersTestJSON:test_delete_server_while_in_attached_volume): 200 GET http://10.180.1.21/compute/v2.1/servers/0c6788bc-b210-4c96-9677-47babe35f74e 0.665s
2025-12-12 05:01:31.344 66215 INFO tempest.lib.common.rest_client [req-e8cd5191-a322-40fb-a99b-d5611be78432 req-e8cd5191-a322-40fb-a99b-d5611be78432 ] Request (FloatingIPsAssociationNegativeTestJSON:tearDownClass): 200 GET http://10.180.1.21/compute/v2.1/servers/5630152b-3682-4248-863d-02c572b14caf 0.663s
2025-12-12 05:01:31.351 66215 INFO tempest.common.waiters [-] State transition "ACTIVE/deleting" ==> "DELETED/None" after 5 second wait
2025-12-12 05:01:31.720 66219 INFO tempest.lib.common.rest_client [req-8bcb7867-ea35-49ab-af5b-a57f87c8fdd5 req-8bcb7867-ea35-49ab-af5b-a57f87c8fdd5 ] Request (InstanceActionsNegativeTestJSON:tearDownClass): 200 PUT http://10.180.1.21/networking/v2.0/routers/129bd9aa-6c21-475a-8833-36e67ba3adb5/remove_router_interface 0.887s
2025-12-12 05:01:31.827 66241 INFO tempest.lib.common.rest_client [req-fa5a3f47-76c7-4907-a8ec-a333a005f21c req-fa5a3f47-76c7-4907-a8ec-a333a005f21c ] Request (SecurityGroupsTestJSON:test_server_security_groups): 202 POST http://10.180.1.21/compute/v2.1/servers/07fbf153-3dc9-4c90-b7d6-cf8ab514189b/action 1.115s
2025-12-12 05:01:31.928 66223 INFO tempest.lib.common.rest_client [req-0e5c5409-5af7-4c39-b7e4-f06fe722abdb req-0e5c5409-5af7-4c39-b7e4-f06fe722abdb ] Request (ServerExternalEventsTest:tearDownClass): 200 GET http://10.180.1.21/compute/v2.1/servers/96c8a465-4995-4022-ad57-f0e957e556d7 1.182s
2025-12-12 05:01:31.959 66201 INFO tempest.lib.common.rest_client [req-c663de6a-9b65-48ee-9786-26572ee0ba00 req-c663de6a-9b65-48ee-9786-26572ee0ba00 ] Request (ListImageFiltersTestJSON:setUpClass): 202 POST http://10.180.1.21/compute/v2.1/servers 1.243s
2025-12-12 05:01:32.048 66195 INFO tempest.lib.common.rest_client [req-0ecc2e56-6e2a-4ed9-8363-38c17de8bd1a req-0ecc2e56-6e2a-4ed9-8363-38c17de8bd1a ] Request (ServerMetadataNegativeTestJSON:tearDownClass): 200 GET http://10.180.1.21/compute/v2.1/servers/201d1de1-1766-46d6-8989-b4a243e47e1e 1.280s
2025-12-12 05:01:32.167 66217 INFO tempest.lib.common.rest_client [req-fffda840-7fe1-4f1a-b117-d537165da4b2 req-fffda840-7fe1-4f1a-b117-d537165da4b2 ] Request (ListServersNegativeTestJSON:tearDownClass): 200 GET http://10.180.1.21/compute/v2.1/servers/a9701b9d-3be1-48e8-9941-6d1e7cf5fc08 1.345s
2025-12-12 05:01:32.254 66207 INFO tempest.lib.common.rest_client [req-94200748-4692-4eaf-9b72-bd37eadb139a req-94200748-4692-4eaf-9b72-bd37eadb139a ] Request (AttachVolumeNegativeTest:test_attach_attached_volume_to_different_server): 200 GET http://10.180.1.21/compute/v2.1/servers/c20e1ac7-83a6-42a2-90ff-f991db142b59 1.391s
2025-12-12 05:01:32.303 66219 INFO tempest.lib.common.rest_client [req-838f097a-ee29-4d6b-859f-94de68789af9 req-838f097a-ee29-4d6b-859f-94de68789af9 ] Request (InstanceActionsNegativeTestJSON:tearDownClass): 204 DELETE http://10.180.1.21/networking/v2.0/routers/129bd9aa-6c21-475a-8833-36e67ba3adb5 0.582s
2025-12-12 05:01:32.336 66205 INFO tempest.lib.common.rest_client [req-39ed391f-e461-49b1-ba70-99571ec9ee0a req-39ed391f-e461-49b1-ba70-99571ec9ee0a ] Request (ServersAdminNegativeTestJSON:tearDownClass): 200 GET http://10.180.1.21/compute/v2.1/servers/071a67fa-c8c5-4f8b-9a8e-9efe922333ae 1.457s
2025-12-12 05:01:32.513 66219 INFO tempest.lib.common.rest_client [req-d2b2744f-5841-421d-833d-8414ddc25ff7 req-d2b2744f-5841-421d-833d-8414ddc25ff7 ] Request (InstanceActionsNegativeTestJSON:tearDownClass): 204 DELETE http://10.180.1.21/networking/v2.0/subnets/4c17754e-a958-4284-9507-e6b321e31f6b 0.209s
2025-12-12 05:01:32.547 66229 INFO tempest.lib.common.rest_client [req-d5de2124-3425-42be-922f-3d48bcfc7d6b req-d5de2124-3425-42be-922f-3d48bcfc7d6b ] Request (ListServerFiltersTestJSON:tearDownClass): 200 GET http://10.180.1.21/compute/v2.1/servers/ac802320-917f-468e-b367-bf31ac2a53a1 1.606s
2025-12-12 05:01:32.900 66219 INFO tempest.lib.common.rest_client [req-150f8841-0f03-419c-bc90-80527417e07d req-150f8841-0f03-419c-bc90-80527417e07d ] Request (InstanceActionsNegativeTestJSON:tearDownClass): 204 DELETE http://10.180.1.21/networking/v2.0/networks/ceb14798-95c1-4811-8ead-6dedeafb9419 0.386s
2025-12-12 05:01:32.937 66221 INFO tempest.lib.common.rest_client [req-51590516-96ed-4cb2-9666-b85532a64195 req-51590516-96ed-4cb2-9666-b85532a64195 ] Request (ServersAdminTestJSON:test_inject_network_info): 200 GET http://10.180.1.21/compute/v2.1/servers/035ecba9-003f-4f9e-b033-2fa672effdea 1.977s
2025-12-12 05:01:33.026 66245 INFO tempest.lib.common.rest_client [req-5e5cf865-3ae9-473c-b2e0-46579618bfc0 req-5e5cf865-3ae9-473c-b2e0-46579618bfc0 ] Request (ImagesOneServerTestJSON:setUpClass): 202 POST http://10.180.1.21/compute/v2.1/servers 2.227s
2025-12-12 05:01:33.029 66225 INFO tempest.lib.common.rest_client [req-4514c869-7673-4caf-abfa-1dd5b716623a req-4514c869-7673-4caf-abfa-1dd5b716623a ] Request (ServerGroupTestJSON:test_create_server_with_scheduler_hint_group): 200 GET http://10.180.1.21/compute/v2.1/servers/e7dccd69-8e1c-46ca-a567-8b9f2357e2cf 2.001s
2025-12-12 05:01:33.062 66219 INFO tempest.lib.common.rest_client [req-0e4a6bae-779c-4b1e-8f15-46ae627da1a4 req-0e4a6bae-779c-4b1e-8f15-46ae627da1a4 ] Request (InstanceActionsNegativeTestJSON:tearDownClass): 204 DELETE http://10.180.1.21/identity/v3/users/5db0af347d8744a1a1a5c3db986b1618 0.162s
2025-12-12 05:01:33.062 66219 INFO tempest.lib.common.dynamic_creds [-] Deleting project and security group for project: 31a832dc5c1f45f59b45ab942f34ca6a
2025-12-12 05:01:33.125 66219 INFO tempest.lib.common.rest_client [req-8b84781d-01de-4fce-968a-57b93d8872e8 req-8b84781d-01de-4fce-968a-57b93d8872e8 ] Request (InstanceActionsNegativeTestJSON:tearDownClass): 200 GET http://10.180.1.21/networking/v2.0/security-groups?tenant_id=31a832dc5c1f45f59b45ab942f34ca6a&name=default 0.062s
2025-12-12 05:01:33.198 66187 INFO tempest.lib.common.rest_client [req-adfeaad9-c026-4157-a43f-b5f7fcf8b543 req-adfeaad9-c026-4157-a43f-b5f7fcf8b543 ] Request (VolumesAssistedSnapshotsTest:tearDownClass): 200 GET http://10.180.1.21/compute/v2.1/servers/f8bbfe54-9692-4ebf-9e84-aede53f982a5 2.148s
2025-12-12 05:01:33.258 66209 INFO tempest.lib.common.rest_client [req-59145b3b-76d0-4ce5-b7d9-59bc52045b41 req-59145b3b-76d0-4ce5-b7d9-59bc52045b41 ] Request (ImagesOneServerNegativeTestJSON:_run_cleanups): 200 GET http://10.180.1.21/compute/v2.1/servers/83ddfe52-53ff-4c80-b0d7-b3e7c90c8aab 2.175s
2025-12-12 05:01:33.291 66219 INFO tempest.lib.common.rest_client [req-23cbad00-785f-4304-bc1e-ec85682f102e req-23cbad00-785f-4304-bc1e-ec85682f102e ] Request (InstanceActionsNegativeTestJSON:tearDownClass): 204 DELETE http://10.180.1.21/networking/v2.0/security-groups/f69fcd4a-0d38-4745-839e-4dc64f4bcc97 0.165s
2025-12-12 05:01:33.322 66191 INFO tempest.lib.common.rest_client [req-d198bf02-cb83-42e5-b3ac-b259da29a207 req-d198bf02-cb83-42e5-b3ac-b259da29a207 ] Request (ServersAdmin275Test:test_rebuild_update_server_275): 200 GET http://10.180.1.21/compute/v2.1/servers/79e2908d-07be-480e-acb2-e1b9a2e56728 2.133s
2025-12-12 05:01:33.378 66227 INFO tempest.lib.common.rest_client [req-e345f99d-cae6-4823-9376-56005c9e0e05 req-e345f99d-cae6-4823-9376-56005c9e0e05 ] Request (ServerActionsTestOtherA:_run_cleanups): 204 DELETE http://10.180.1.21/compute/v2.1/servers/9b67651b-119f-4115-a253-6862f379cad1 2.154s
2025-12-12 05:01:33.425 66219 INFO tempest.lib.common.rest_client [req-72b82367-5d91-44d2-b60d-19b73d2ea7f6 req-72b82367-5d91-44d2-b60d-19b73d2ea7f6 ] Request (InstanceActionsNegativeTestJSON:tearDownClass): 204 DELETE http://10.180.1.21/identity/v3/projects/31a832dc5c1f45f59b45ab942f34ca6a 0.132s
2025-12-12 05:01:33.461 66185 INFO tempest.lib.common.rest_client [req-51035e9a-3710-47ec-958e-20943f617d09 req-51035e9a-3710-47ec-958e-20943f617d09 ] Request (ServersTestJSON:test_create_server_specify_multibyte_character_name): 200 GET http://10.180.1.21/compute/v2.1/servers/79c52613-1b43-45c3-b60f-4021e1043096 1.884s
2025-12-12 05:01:33.490 66219 INFO tempest.lib.common.rest_client [req-47c1d723-b1b6-420a-a3ba-a9eb79fee409 req-47c1d723-b1b6-420a-a3ba-a9eb79fee409 ] Request (ServersListShow298Test:setUpClass): 201 POST http://10.180.1.21/identity/v3/auth/tokens 0.064s
2025-12-12 05:01:33.513 66203 INFO tempest.lib.common.rest_client [req-a9b85e3f-f356-4d02-b097-aa709d721431 req-a9b85e3f-f356-4d02-b097-aa709d721431 ] Request (ServerRescueTestJSON:setUpClass): 200 GET http://10.180.1.21/compute/v2.1/servers/a3aea34a-d078-4f0e-9a7d-449848ebcdba 2.231s
2025-12-12 05:01:33.537 66219 INFO tempest.lib.common.rest_client [req-dd5054d9-addb-48cf-9dcc-eec71efefa80 req-dd5054d9-addb-48cf-9dcc-eec71efefa80 ] Request (ServersListShow298Test:setUpClass): 201 POST http://10.180.1.21/identity/v3/auth/tokens 0.043s
2025-12-12 05:01:33.538 66199 INFO tempest.lib.common.rest_client [req-6685fe5c-e634-48e0-ba69-8107895cd62f req-6685fe5c-e634-48e0-ba69-8107895cd62f ] Request (ServersV294TestFqdnHostnames:setUpClass): 200 GET http://10.180.1.21/compute/v2.1/servers/dba4cfb4-8dd5-43e8-bf08-3f47921ac3a7 1.721s
2025-12-12 05:01:33.567 66219 INFO tempest.lib.common.rest_client [req-a02a241d-48cf-4f2f-8c58-9945da18c52f req-a02a241d-48cf-4f2f-8c58-9945da18c52f ] Request (ServersListShow298Test:setUpClass): 200 GET http://10.180.1.21/identity/v3/domains?name=Default 0.029s
2025-12-12 05:01:33.599 66219 INFO tempest.lib.common.rest_client [req-3f28ef39-1e05-4ab1-b5f9-b0707bc86983 req-3f28ef39-1e05-4ab1-b5f9-b0707bc86983 ] Request (ServersListShow298Test:setUpClass): 201 POST http://10.180.1.21/identity/v3/projects 0.032s
2025-12-12 05:01:33.623 66241 INFO tempest.lib.common.rest_client [req-19ac5e4b-7232-4174-8d2b-6a988b44ae35 req-19ac5e4b-7232-4174-8d2b-6a988b44ae35 ] Request (SecurityGroupsTestJSON:test_server_security_groups): 400 DELETE http://10.180.1.21/compute/v2.1/os-security-groups/2a7d296c-8591-4407-bff8-83c41640b37e 1.796s
2025-12-12 05:01:33.652 66211 INFO tempest.lib.common.rest_client [req-84abc551-5632-4ad8-8db9-779fbccfd633 req-84abc551-5632-4ad8-8db9-779fbccfd633 ] Request (AttachInterfacesV270Test:tearDownClass): 404 GET http://10.180.1.21/compute/v2.1/servers/3c361a37-5f49-4873-9a6b-ff4d17e57430 1.714s
2025-12-12 05:01:33.670 66235 INFO tempest.lib.common.rest_client [req-dd8ba919-9dd6-443a-8d6e-d7dc530d81f9 req-dd8ba919-9dd6-443a-8d6e-d7dc530d81f9 ] Request (MigrationsAdminTest:test_resize_server_revert_deleted_flavor): 200 GET http://10.180.1.21/compute/v2.1/servers/88fec903-6d2d-43dd-a1ec-8798d89e7613 1.770s
2025-12-12 05:01:33.694 66219 INFO tempest.lib.common.rest_client [req-7af08f00-6cd4-4ae3-a62e-0fc3466a66df req-7af08f00-6cd4-4ae3-a62e-0fc3466a66df ] Request (ServersListShow298Test:setUpClass): 201 POST http://10.180.1.21/identity/v3/users 0.094s
2025-12-12 05:01:33.731 66219 INFO tempest.lib.common.rest_client [req-80cdd92d-f3a9-455e-b5fe-3f1406658612 req-80cdd92d-f3a9-455e-b5fe-3f1406658612 ] Request (ServersListShow298Test:setUpClass): 200 GET http://10.180.1.21/identity/v3/roles 0.036s
2025-12-12 05:01:33.733 66201 INFO tempest.lib.common.rest_client [req-23528dc1-5d76-4fda-952c-ad15d89fdc56 req-23528dc1-5d76-4fda-952c-ad15d89fdc56 ] Request (ListImageFiltersTestJSON:setUpClass): 200 GET http://10.180.1.21/compute/v2.1/servers/a5caf405-ec02-4b40-8359-09d430d78f7b 1.769s
2025-12-12 05:01:33.747 66193 INFO tempest.lib.common.rest_client [req-813f35a2-2206-4657-9786-e46c3cce524f req-813f35a2-2206-4657-9786-e46c3cce524f ] Request (InstanceActionsV221TestJSON:test_get_list_deleted_instance_actions): 200 GET http://10.180.1.21/compute/v2.1/servers/c33eeba5-0e8e-41cd-9268-4546c9dcbd0d 1.700s
2025-12-12 05:01:33.770 66219 INFO tempest.lib.common.rest_client [req-059ae604-435f-4966-94ca-ca70e5720b9e req-059ae604-435f-4966-94ca-ca70e5720b9e ] Request (ServersListShow298Test:setUpClass): 204 PUT http://10.180.1.21/identity/v3/projects/e03388ae348749df98e1dc4eefbc50ce/users/67865f3848bf4a9fa65bb2a8e1c6d397/roles/7e51e427c2c545e3ad9f787f8bb0e602 0.039s
2025-12-12 05:01:33.771 66219 INFO tempest.lib.common.dynamic_creds [-] Dynamic test user 67865f3848bf4a9fa65bb2a8e1c6d397 is created with scope project and roles: ['member']
2025-12-12 05:01:33.771 66219 INFO tempest.lib.common.dynamic_creds [-] Acquired dynamic creds: credentials: Credentials: {'domain_id': 'default', 'domain_name': 'Default', 'username': 'tempest-ServersListShow298Test-2096536265-project-member', 'project_domain_id': 'default', 'project_domain_name': 'Default', 'project_id': 'e03388ae348749df98e1dc4eefbc50ce', 'project_name': 'tempest-ServersListShow298Test-2096536265', 'tenant_id': 'e03388ae348749df98e1dc4eefbc50ce', 'tenant_name': 'tempest-ServersListShow298Test-2096536265', 'user_domain_id': 'default', 'user_domain_name': 'Default', 'user_id': '67865f3848bf4a9fa65bb2a8e1c6d397', 'system': None}, Network: None, Subnet: None, Router: None
2025-12-12 05:01:33.771 66219 INFO tempest.lib.common.dynamic_creds [-] Created isolated network resources for: credentials: Credentials: {'domain_id': 'default', 'domain_name': 'Default', 'username': 'tempest-ServersListShow298Test-2096536265-project-member', 'project_domain_id': 'default', 'project_domain_name': 'Default', 'project_id': 'e03388ae348749df98e1dc4eefbc50ce', 'project_name': 'tempest-ServersListShow298Test-2096536265', 'tenant_id': 'e03388ae348749df98e1dc4eefbc50ce', 'tenant_name': 'tempest-ServersListShow298Test-2096536265', 'user_domain_id': 'default', 'user_domain_name': 'Default', 'user_id': '67865f3848bf4a9fa65bb2a8e1c6d397', 'system': None}, Network: None, Subnet: None, Router: None
2025-12-12 05:01:33.859 66219 INFO tempest.lib.common.rest_client [req-579e2550-81d0-419a-8894-8c040506b116 req-579e2550-81d0-419a-8894-8c040506b116 ] Request (ServersListShow298Test:setUpClass): 201 POST http://10.180.1.21/identity/v3/auth/tokens 0.085s
2025-12-12 05:01:33.863 66215 INFO tempest.lib.common.rest_client [req-aba12118-71fd-42d0-844e-bd46ef656a6b req-aba12118-71fd-42d0-844e-bd46ef656a6b ] Request (FloatingIPsAssociationNegativeTestJSON:tearDownClass): 200 GET http://10.180.1.21/compute/v2.1/servers/5630152b-3682-4248-863d-02c572b14caf 1.510s
2025-12-12 05:01:33.898 66249 INFO tempest.lib.common.rest_client [req-0e15254b-1bc0-40d3-b005-f8570160496e req-0e15254b-1bc0-40d3-b005-f8570160496e ] Request (AttachVolumeShelveTestJSON:test_attach_volume_shelved_or_offload_server): 200 GET http://10.180.1.21/compute/v2.1/servers/621d9682-b9f6-4b3f-9e2d-bab56977ae41 1.637s
2025-12-12 05:01:33.916 66219 INFO tempest.lib.common.rest_client [req-20439797-d46b-4b5e-8aa4-8ea1bf83326c req-20439797-d46b-4b5e-8aa4-8ea1bf83326c ] Request (ServersListShow298Test:test_list_show_update_rebuild_server_298): 201 POST http://10.180.1.21/identity/v3/auth/tokens 0.050s
2025-12-12 05:01:33.917 66219 INFO tempest.lib.common.fixed_network [-] (ServersListShow298Test:test_list_show_update_rebuild_server_298) Found network None available for tenant
2025-12-12 05:01:34.014 66223 INFO tempest.lib.common.rest_client [req-86c17327-46ce-457b-89f0-cbe84ec417d2 req-86c17327-46ce-457b-89f0-cbe84ec417d2 ] Request (ServerExternalEventsTest:tearDownClass): 200 GET http://10.180.1.21/compute/v2.1/servers/96c8a465-4995-4022-ad57-f0e957e556d7 1.078s
2025-12-12 05:01:34.055 66247 INFO tempest.lib.common.rest_client [req-991ad241-9759-4b8b-b7d7-73a04ca8c44e req-991ad241-9759-4b8b-b7d7-73a04ca8c44e ] Request (DeleteServersTestJSON:test_delete_server_while_in_attached_volume): 200 GET http://10.180.1.21/compute/v2.1/servers/0c6788bc-b210-4c96-9677-47babe35f74e 1.700s
2025-12-12 05:01:34.064 66247 INFO tempest.common.waiters [-] State transition "BUILD/spawning" ==> "ACTIVE/None" after 46 second wait
2025-12-12 05:01:34.127 66245 INFO tempest.lib.common.rest_client [req-e63f06df-a4cd-42d1-8f72-2352b2229be5 req-e63f06df-a4cd-42d1-8f72-2352b2229be5 ] Request (ImagesOneServerTestJSON:setUpClass): 200 GET http://10.180.1.21/compute/v2.1/servers/92c3b108-ba67-441c-bb97-e5b1396e7902 1.099s
2025-12-12 05:01:34.151 66233 INFO paramiko.transport [-] Connected (version 2.0, client dropbear_2020.81)
2025-12-12 05:01:34.192 66195 INFO tempest.lib.common.rest_client [req-588a2223-f606-4f1b-aa7f-37ddb9a2daba req-588a2223-f606-4f1b-aa7f-37ddb9a2daba ] Request (ServerMetadataNegativeTestJSON:tearDownClass): 200 GET http://10.180.1.21/compute/v2.1/servers/201d1de1-1766-46d6-8989-b4a243e47e1e 1.135s
2025-12-12 05:01:34.222 66239 WARNING tempest.lib.common.ssh [-] Failed to establish authenticated ssh connection to cirros@10.180.180.136 ([Errno None] Unable to connect to port 22 on 10.180.180.136). Number attempts: 6. Retry after 7 seconds.: paramiko.ssh_exception.NoValidConnectionsError: [Errno None] Unable to connect to port 22 on 10.180.180.136
2025-12-12 05:01:34.227 66217 INFO tempest.lib.common.rest_client [req-1fab1dd1-9e50-4cb0-8e39-1811173c14c2 req-1fab1dd1-9e50-4cb0-8e39-1811173c14c2 ] Request (ListServersNegativeTestJSON:tearDownClass): 200 GET http://10.180.1.21/compute/v2.1/servers/a9701b9d-3be1-48e8-9941-6d1e7cf5fc08 1.052s
2025-12-12 05:01:34.264 66233 INFO paramiko.transport [-] Authentication (publickey) successful!
2025-12-12 05:01:34.267 66233 INFO tempest.lib.common.ssh [-] ssh connection to cirros@10.180.180.220 successfully created
2025-12-12 05:01:34.283 66247 INFO tempest.lib.common.rest_client [req-7b49f824-d54c-4ec4-9dc6-1842a53fb94e req-7b49f824-d54c-4ec4-9dc6-1842a53fb94e ] Request (DeleteServersTestJSON:test_delete_server_while_in_attached_volume): 202 POST http://10.180.1.21/volume/v3/volumes 0.218s
2025-12-12 05:01:34.298 66207 INFO tempest.lib.common.rest_client [req-3d4daa6d-79b4-4a4b-8a94-9cae763d305f req-3d4daa6d-79b4-4a4b-8a94-9cae763d305f ] Request (AttachVolumeNegativeTest:test_attach_attached_volume_to_different_server): 200 GET http://10.180.1.21/compute/v2.1/servers/c20e1ac7-83a6-42a2-90ff-f991db142b59 1.030s
2025-12-12 05:01:34.335 66247 INFO tempest.lib.common.rest_client [req-dd216423-778f-4d09-a9a1-27330f1e19d6 req-dd216423-778f-4d09-a9a1-27330f1e19d6 ] Request (DeleteServersTestJSON:test_delete_server_while_in_attached_volume): 200 GET http://10.180.1.21/volume/v3/volumes/e530aabb-f7ed-4ab7-853f-8bef10ea709c 0.041s
2025-12-12 05:01:34.370 66205 INFO tempest.lib.common.rest_client [req-dbac6333-16cc-4b68-9a96-e1bb0682ec73 req-dbac6333-16cc-4b68-9a96-e1bb0682ec73 ] Request (ServersAdminNegativeTestJSON:tearDownClass): 200 GET http://10.180.1.21/compute/v2.1/servers/071a67fa-c8c5-4f8b-9a8e-9efe922333ae 1.019s
2025-12-12 05:01:34.515 66229 INFO tempest.lib.common.rest_client [req-3a8bb19e-0777-4e40-a8e7-7ae63e6040e2 req-3a8bb19e-0777-4e40-a8e7-7ae63e6040e2 ] Request (ListServerFiltersTestJSON:tearDownClass): 200 GET http://10.180.1.21/compute/v2.1/servers/ac802320-917f-468e-b367-bf31ac2a53a1 0.959s
2025-12-12 05:01:34.556 66227 INFO tempest.lib.common.rest_client [req-1e0f964d-d992-45b4-b022-35e5d09c49cc req-1e0f964d-d992-45b4-b022-35e5d09c49cc ] Request (ServerActionsTestOtherA:_run_cleanups): 200 GET http://10.180.1.21/compute/v2.1/servers/9b67651b-119f-4115-a253-6862f379cad1 1.178s
2025-12-12 05:01:34.603 66241 INFO tempest.lib.common.rest_client [req-abe0cf13-fd69-40df-a19c-89d03c4eca37 req-abe0cf13-fd69-40df-a19c-89d03c4eca37 ] Request (SecurityGroupsTestJSON:test_server_security_groups): 204 DELETE http://10.180.1.21/compute/v2.1/servers/07fbf153-3dc9-4c90-b7d6-cf8ab514189b 0.979s
2025-12-12 05:01:34.605 66211 INFO tempest.lib.common.rest_client [req-73661f41-b471-49dc-8f79-05edad1426b1 req-73661f41-b471-49dc-8f79-05edad1426b1 ] Request (AttachInterfacesV270Test:tearDownClass): 200 PUT http://10.180.1.21/networking/v2.0/routers/b9ca91d8-6ea7-4b29-950e-0c2177467249/remove_router_interface 0.952s
2025-12-12 05:01:34.608 66197 WARNING tempest.lib.common.ssh [-] Failed to establish authenticated ssh connection to cirros@10.180.180.181 ([Errno None] Unable to connect to port 22 on 10.180.180.181). Number attempts: 3. Retry after 4 seconds.: paramiko.ssh_exception.NoValidConnectionsError: [Errno None] Unable to connect to port 22 on 10.180.180.181
2025-12-12 05:01:34.683 66221 INFO tempest.lib.common.rest_client [req-e7c87b38-f4fd-4457-b496-39f16b1c53d4 req-e7c87b38-f4fd-4457-b496-39f16b1c53d4 ] Request (ServersAdminTestJSON:test_inject_network_info): 200 GET http://10.180.1.21/compute/v2.1/servers/035ecba9-003f-4f9e-b033-2fa672effdea 0.734s
2025-12-12 05:01:34.748 66225 INFO tempest.lib.common.rest_client [req-df079c74-fb32-41ad-b37d-0a1b31aa1541 req-df079c74-fb32-41ad-b37d-0a1b31aa1541 ] Request (ServerGroupTestJSON:test_create_server_with_scheduler_hint_group): 200 GET http://10.180.1.21/compute/v2.1/servers/e7dccd69-8e1c-46ca-a567-8b9f2357e2cf 0.703s
2025-12-12 05:01:34.793 66219 INFO tempest.lib.common.rest_client [req-5d02d94e-d3da-4959-89b3-bc45c5f634ea req-5d02d94e-d3da-4959-89b3-bc45c5f634ea ] Request (ServersListShow298Test:test_list_show_update_rebuild_server_298): 202 POST http://10.180.1.21/compute/v2.1/servers 0.873s
2025-12-12 05:01:34.831 66187 INFO tempest.lib.common.rest_client [req-8c33ec6e-fb4f-4cff-8064-4d8bf657af48 req-8c33ec6e-fb4f-4cff-8064-4d8bf657af48 ] Request (VolumesAssistedSnapshotsTest:tearDownClass): 200 GET http://10.180.1.21/compute/v2.1/servers/f8bbfe54-9692-4ebf-9e84-aede53f982a5 0.614s
2025-12-12 05:01:34.871 66209 INFO tempest.lib.common.rest_client [req-90268d13-c509-4d68-bec4-ce2a5032a543 req-90268d13-c509-4d68-bec4-ce2a5032a543 ] Request (ImagesOneServerNegativeTestJSON:_run_cleanups): 200 GET http://10.180.1.21/compute/v2.1/servers/83ddfe52-53ff-4c80-b0d7-b3e7c90c8aab 0.605s
2025-12-12 05:01:34.882 66209 INFO tempest.common.waiters [-] State transition "ACTIVE/deleting" ==> "DELETED/None" after 1 second wait
2025-12-12 05:01:34.915 66233 INFO tempest.lib.common.rest_client [req-271f77ad-65ba-4b18-9aaf-0bf84ef5ab97 req-271f77ad-65ba-4b18-9aaf-0bf84ef5ab97 ] Request (ServersTestBootFromVolume:test_list_servers): 200 GET http://10.180.1.21/compute/v2.1/servers 0.634s
2025-12-12 05:01:34.950 66191 INFO tempest.lib.common.rest_client [req-135a0b28-2942-4d5a-90c1-4fe2dcb2322b req-135a0b28-2942-4d5a-90c1-4fe2dcb2322b ] Request (ServersAdmin275Test:test_rebuild_update_server_275): 200 GET http://10.180.1.21/compute/v2.1/servers/79e2908d-07be-480e-acb2-e1b9a2e56728 0.609s
2025-12-12 05:01:34.988 66185 INFO tempest.lib.common.rest_client [req-19ba680f-6e2f-422b-9f2d-190f126b132d req-19ba680f-6e2f-422b-9f2d-190f126b132d ] Request (ServersTestJSON:test_create_server_specify_multibyte_character_name): 200 GET http://10.180.1.21/compute/v2.1/servers/79c52613-1b43-45c3-b60f-4021e1043096 0.516s
2025-12-12 05:01:35.085 66211 INFO tempest.lib.common.rest_client [req-61cdbe8e-e89b-44b6-98fd-3d5f4c8bfd10 req-61cdbe8e-e89b-44b6-98fd-3d5f4c8bfd10 ] Request (AttachInterfacesV270Test:tearDownClass): 204 DELETE http://10.180.1.21/networking/v2.0/routers/b9ca91d8-6ea7-4b29-950e-0c2177467249 0.479s
2025-12-12 05:01:35.113 66199 INFO tempest.lib.common.rest_client [req-e1666109-16d2-4c2d-a252-aa5717bb6a83 req-e1666109-16d2-4c2d-a252-aa5717bb6a83 ] Request (ServersV294TestFqdnHostnames:setUpClass): 200 GET http://10.180.1.21/compute/v2.1/servers/dba4cfb4-8dd5-43e8-bf08-3f47921ac3a7 0.561s
2025-12-12 05:01:35.138 66203 INFO tempest.lib.common.rest_client [req-4217bb92-544d-4db3-853b-66f958f2be18 req-4217bb92-544d-4db3-853b-66f958f2be18 ] Request (ServerRescueTestJSON:setUpClass): 200 GET http://10.180.1.21/compute/v2.1/servers/a3aea34a-d078-4f0e-9a7d-449848ebcdba 0.614s
2025-12-12 05:01:35.241 66211 INFO tempest.lib.common.rest_client [req-aa4817a8-f2bd-4901-bd30-8e2abe5b2538 req-aa4817a8-f2bd-4901-bd30-8e2abe5b2538 ] Request (AttachInterfacesV270Test:tearDownClass): 204 DELETE http://10.180.1.21/networking/v2.0/subnets/d531e2a8-0fb6-417e-942c-72a6979eaae1 0.156s
2025-12-12 05:01:35.385 66247 INFO tempest.lib.common.rest_client [req-c88f3808-3999-4d03-a709-eb6340d599e5 req-c88f3808-3999-4d03-a709-eb6340d599e5 ] Request (DeleteServersTestJSON:test_delete_server_while_in_attached_volume): 200 GET http://10.180.1.21/volume/v3/volumes/e530aabb-f7ed-4ab7-853f-8bef10ea709c 0.043s
2025-12-12 05:01:35.392 66247 INFO tempest.common.waiters [-] volume e530aabb-f7ed-4ab7-853f-8bef10ea709c reached available after waiting for 1.392381 seconds
2025-12-12 05:01:35.422 66241 INFO tempest.lib.common.rest_client [req-4b9f9c95-7b0c-4dab-b12d-22efa483066a req-4b9f9c95-7b0c-4dab-b12d-22efa483066a ] Request (SecurityGroupsTestJSON:test_server_security_groups): 200 GET http://10.180.1.21/compute/v2.1/servers/07fbf153-3dc9-4c90-b7d6-cf8ab514189b 0.818s
2025-12-12 05:01:35.450 66235 INFO tempest.lib.common.rest_client [req-79092bb7-882a-4586-bd68-62fe516d589b req-79092bb7-882a-4586-bd68-62fe516d589b ] Request (MigrationsAdminTest:test_resize_server_revert_deleted_flavor): 200 GET http://10.180.1.21/compute/v2.1/servers/88fec903-6d2d-43dd-a1ec-8798d89e7613 0.769s
2025-12-12 05:01:35.506 66201 INFO tempest.lib.common.rest_client [req-aa9de105-b736-434a-b0f7-df03cfe5f466 req-aa9de105-b736-434a-b0f7-df03cfe5f466 ] Request (ListImageFiltersTestJSON:setUpClass): 200 GET http://10.180.1.21/compute/v2.1/servers/a5caf405-ec02-4b40-8359-09d430d78f7b 0.763s
2025-12-12 05:01:35.525 66193 INFO tempest.lib.common.rest_client [req-a88c8aa2-acf0-4726-9fe3-9e50ac058168 req-a88c8aa2-acf0-4726-9fe3-9e50ac058168 ] Request (InstanceActionsV221TestJSON:test_get_list_deleted_instance_actions): 200 GET http://10.180.1.21/compute/v2.1/servers/c33eeba5-0e8e-41cd-9268-4546c9dcbd0d 0.757s
2025-12-12 05:01:35.567 66211 INFO tempest.lib.common.rest_client [req-2512a2b7-02dd-4ba9-a6e7-5857e6b8ab25 req-2512a2b7-02dd-4ba9-a6e7-5857e6b8ab25 ] Request (AttachInterfacesV270Test:tearDownClass): 204 DELETE http://10.180.1.21/networking/v2.0/networks/d2e7ed29-de6a-442b-8fcd-81a7bd385ace 0.326s
2025-12-12 05:01:35.583 66219 INFO tempest.lib.common.rest_client [req-9e055846-8141-4c27-bebd-4f0bea79a35d req-9e055846-8141-4c27-bebd-4f0bea79a35d ] Request (ServersListShow298Test:test_list_show_update_rebuild_server_298): 200 GET http://10.180.1.21/compute/v2.1/servers/8196c6ac-2e8c-42d0-a290-e54eb21b050d 0.788s
2025-12-12 05:01:35.592 66215 INFO tempest.lib.common.rest_client [req-35640351-f6b9-4bb0-9259-380609bca726 req-35640351-f6b9-4bb0-9259-380609bca726 ] Request (FloatingIPsAssociationNegativeTestJSON:tearDownClass): 200 GET http://10.180.1.21/compute/v2.1/servers/5630152b-3682-4248-863d-02c572b14caf 0.721s
2025-12-12 05:01:35.737 66211 INFO tempest.lib.common.rest_client [req-be9e322f-c9b1-4880-8624-5b3bc8d6c06f req-be9e322f-c9b1-4880-8624-5b3bc8d6c06f ] Request (AttachInterfacesV270Test:tearDownClass): 204 DELETE http://10.180.1.21/identity/v3/users/ab577f10cfb642cfa7900c77e35bcdcc 0.169s
2025-12-12 05:01:35.737 66211 INFO tempest.lib.common.dynamic_creds [-] Deleting project and security group for project: 005ce070d337472a92c0b8363c2ddc81
2025-12-12 05:01:35.787 66211 INFO tempest.lib.common.rest_client [req-4c603327-0778-49e8-9242-6f4ebcad963d req-4c603327-0778-49e8-9242-6f4ebcad963d ] Request (AttachInterfacesV270Test:tearDownClass): 200 GET http://10.180.1.21/networking/v2.0/security-groups?tenant_id=005ce070d337472a92c0b8363c2ddc81&name=default 0.050s
2025-12-12 05:01:35.792 66249 INFO tempest.lib.common.rest_client [req-5622cb8a-0f86-4948-926a-8e52e6ca10e0 req-5622cb8a-0f86-4948-926a-8e52e6ca10e0 ] Request (AttachVolumeShelveTestJSON:test_attach_volume_shelved_or_offload_server): 200 GET http://10.180.1.21/compute/v2.1/servers/621d9682-b9f6-4b3f-9e2d-bab56977ae41 0.884s
2025-12-12 05:01:35.824 66237 WARNING tempest.lib.common.ssh [-] Failed to establish authenticated ssh connection to cirros@10.180.180.233 ([Errno None] Unable to connect to port 22 on 10.180.180.233). Number attempts: 11. Retry after 12 seconds.: paramiko.ssh_exception.NoValidConnectionsError: [Errno None] Unable to connect to port 22 on 10.180.180.233
2025-12-12 05:01:35.825 66233 INFO tempest.lib.common.rest_client [req-4d405ecc-b526-4818-a04c-2ed1061ea7cf req-4d405ecc-b526-4818-a04c-2ed1061ea7cf ] Request (ServersTestBootFromVolume:test_list_servers_with_detail): 200 GET http://10.180.1.21/compute/v2.1/servers/detail 0.905s
2025-12-12 05:01:35.882 66223 INFO tempest.lib.common.rest_client [req-5039fb6f-554c-437f-9759-f62cd91243b9 req-5039fb6f-554c-437f-9759-f62cd91243b9 ] Request (ServerExternalEventsTest:tearDownClass): 200 GET http://10.180.1.21/compute/v2.1/servers/96c8a465-4995-4022-ad57-f0e957e556d7 0.859s
2025-12-12 05:01:35.903 66211 INFO tempest.lib.common.rest_client [req-c911e594-21af-424b-b1fe-d87c54409900 req-c911e594-21af-424b-b1fe-d87c54409900 ] Request (AttachInterfacesV270Test:tearDownClass): 204 DELETE http://10.180.1.21/networking/v2.0/security-groups/21d503e5-1bb2-4038-b077-1701fc09d898 0.116s
2025-12-12 05:01:35.905 66245 INFO tempest.lib.common.rest_client [req-b357e33e-38d6-44da-89dc-785255853120 req-b357e33e-38d6-44da-89dc-785255853120 ] Request (ImagesOneServerTestJSON:setUpClass): 200 GET http://10.180.1.21/compute/v2.1/servers/92c3b108-ba67-441c-bb97-e5b1396e7902 0.761s
2025-12-12 05:01:35.913 66245 INFO tempest.common.waiters [-] State transition "BUILD/scheduling" ==> "BUILD/None" after 1 second wait
2025-12-12 05:01:35.958 66195 INFO tempest.lib.common.rest_client [req-88ad0048-d4d4-4ad1-b57c-aed671b8a695 req-88ad0048-d4d4-4ad1-b57c-aed671b8a695 ] Request (ServerMetadataNegativeTestJSON:tearDownClass): 200 GET http://10.180.1.21/compute/v2.1/servers/201d1de1-1766-46d6-8989-b4a243e47e1e 0.754s
2025-12-12 05:01:36.017 66217 INFO tempest.lib.common.rest_client [req-2315c6a6-5f9d-488b-a53b-1f233ab2a202 req-2315c6a6-5f9d-488b-a53b-1f233ab2a202 ] Request (ListServersNegativeTestJSON:tearDownClass): 200 GET http://10.180.1.21/compute/v2.1/servers/a9701b9d-3be1-48e8-9941-6d1e7cf5fc08 0.772s
2025-12-12 05:01:36.039 66211 INFO tempest.lib.common.rest_client [req-10381932-bee9-4c23-a008-5bb31d6e899d req-10381932-bee9-4c23-a008-5bb31d6e899d ] Request (AttachInterfacesV270Test:tearDownClass): 204 DELETE http://10.180.1.21/identity/v3/projects/005ce070d337472a92c0b8363c2ddc81 0.135s
2025-12-12 05:01:36.042 66207 INFO tempest.lib.common.rest_client [req-09a30ecf-d1fa-4b0f-b9ba-0306f63d73fe req-09a30ecf-d1fa-4b0f-b9ba-0306f63d73fe ] Request (AttachVolumeNegativeTest:test_attach_attached_volume_to_different_server): 200 GET http://10.180.1.21/compute/v2.1/servers/c20e1ac7-83a6-42a2-90ff-f991db142b59 0.732s
2025-12-12 05:01:36.115 66205 INFO tempest.lib.common.rest_client [req-077177a6-69de-4cb3-a5cc-223a5f415e6c req-077177a6-69de-4cb3-a5cc-223a5f415e6c ] Request (ServersAdminNegativeTestJSON:tearDownClass): 200 GET http://10.180.1.21/compute/v2.1/servers/071a67fa-c8c5-4f8b-9a8e-9efe922333ae 0.737s
2025-12-12 05:01:36.126 66211 INFO tempest.lib.common.rest_client [req-ae74bdf1-28ae-4aec-92d3-b9a2abb43908 req-ae74bdf1-28ae-4aec-92d3-b9a2abb43908 ] Request (ServersNegativeTestMultiTenantJSON:setUpClass): 201 POST http://10.180.1.21/identity/v3/auth/tokens 0.085s
2025-12-12 05:01:36.173 66211 INFO tempest.lib.common.rest_client [req-66c65f18-386a-4c85-9ab5-faebe32fe68b req-66c65f18-386a-4c85-9ab5-faebe32fe68b ] Request (ServersNegativeTestMultiTenantJSON:setUpClass): 201 POST http://10.180.1.21/identity/v3/auth/tokens 0.045s
2025-12-12 05:01:36.200 66229 INFO tempest.lib.common.rest_client [req-d224b61d-a6cf-481f-9736-0f443c222a54 req-d224b61d-a6cf-481f-9736-0f443c222a54 ] Request (ListServerFiltersTestJSON:tearDownClass): 200 GET http://10.180.1.21/compute/v2.1/servers/ac802320-917f-468e-b367-bf31ac2a53a1 0.676s
2025-12-12 05:01:36.209 66211 INFO tempest.lib.common.rest_client [req-ef0b3b52-c792-4a63-9e25-ba830c8af2f8 req-ef0b3b52-c792-4a63-9e25-ba830c8af2f8 ] Request (ServersNegativeTestMultiTenantJSON:setUpClass): 200 GET http://10.180.1.21/identity/v3/domains?name=Default 0.036s
2025-12-12 05:01:36.245 66211 INFO tempest.lib.common.rest_client [req-5fc1a6f0-58e1-4a87-94eb-4a9252e3ba56 req-5fc1a6f0-58e1-4a87-94eb-4a9252e3ba56 ] Request (ServersNegativeTestMultiTenantJSON:setUpClass): 201 POST http://10.180.1.21/identity/v3/projects 0.034s
2025-12-12 05:01:36.289 66227 INFO tempest.lib.common.rest_client [req-3561d2b8-9b95-47b9-b7bf-1a79bda0d839 req-3561d2b8-9b95-47b9-b7bf-1a79bda0d839 ] Request (ServerActionsTestOtherA:_run_cleanups): 200 GET http://10.180.1.21/compute/v2.1/servers/9b67651b-119f-4115-a253-6862f379cad1 0.721s
2025-12-12 05:01:36.310 66211 INFO tempest.lib.common.rest_client [req-bbc97e29-cfcc-4561-9f29-7c162f65a7b6 req-bbc97e29-cfcc-4561-9f29-7c162f65a7b6 ] Request (ServersNegativeTestMultiTenantJSON:setUpClass): 201 POST http://10.180.1.21/identity/v3/users 0.065s
2025-12-12 05:01:36.336 66211 INFO tempest.lib.common.rest_client [req-2735c128-c73f-4a7e-8d3a-34136f421255 req-2735c128-c73f-4a7e-8d3a-34136f421255 ] Request (ServersNegativeTestMultiTenantJSON:setUpClass): 200 GET http://10.180.1.21/identity/v3/roles 0.025s
2025-12-12 05:01:36.342 66221 INFO tempest.lib.common.rest_client [req-6cda58a6-b4f4-4b6d-aa83-f5c003150680 req-6cda58a6-b4f4-4b6d-aa83-f5c003150680 ] Request (ServersAdminTestJSON:test_inject_network_info): 200 GET http://10.180.1.21/compute/v2.1/servers/035ecba9-003f-4f9e-b033-2fa672effdea 0.650s
2025-12-12 05:01:36.369 66211 INFO tempest.lib.common.rest_client [req-98f275f2-97f5-4a8d-aee8-bad7aa0720c7 req-98f275f2-97f5-4a8d-aee8-bad7aa0720c7 ] Request (ServersNegativeTestMultiTenantJSON:setUpClass): 204 PUT http://10.180.1.21/identity/v3/projects/ef892870064f4dd8ac38d24a383c1558/users/8b089c911b6a41a59b14b7124d295873/roles/7e51e427c2c545e3ad9f787f8bb0e602 0.032s
2025-12-12 05:01:36.369 66211 INFO tempest.lib.common.dynamic_creds [-] Dynamic test user 8b089c911b6a41a59b14b7124d295873 is created with scope project and roles: ['member']
2025-12-12 05:01:36.369 66211 INFO tempest.lib.common.dynamic_creds [-] Acquired dynamic creds: credentials: Credentials: {'domain_id': 'default', 'domain_name': 'Default', 'username': 'tempest-ServersNegativeTestMultiTenantJSON-1676572258-project-member', 'project_domain_id': 'default', 'project_domain_name': 'Default', 'project_id': 'ef892870064f4dd8ac38d24a383c1558', 'project_name': 'tempest-ServersNegativeTestMultiTenantJSON-1676572258', 'tenant_id': 'ef892870064f4dd8ac38d24a383c1558', 'tenant_name': 'tempest-ServersNegativeTestMultiTenantJSON-1676572258', 'user_domain_id': 'default', 'user_domain_name': 'Default', 'user_id': '8b089c911b6a41a59b14b7124d295873', 'system': None}, Network: None, Subnet: None, Router: None
2025-12-12 05:01:36.399 66225 INFO tempest.lib.common.rest_client [req-08e539e4-f84b-4aba-83ad-0450ece0b1de req-08e539e4-f84b-4aba-83ad-0450ece0b1de ] Request (ServerGroupTestJSON:test_create_server_with_scheduler_hint_group): 200 GET http://10.180.1.21/compute/v2.1/servers/e7dccd69-8e1c-46ca-a567-8b9f2357e2cf 0.643s
2025-12-12 05:01:36.420 66233 INFO tempest.lib.common.rest_client [req-81fb2f9f-18ee-4fa3-a90f-528da234b927 req-81fb2f9f-18ee-4fa3-a90f-528da234b927 ] Request (ServersTestBootFromVolume:test_verify_created_server_vcpus): 200 GET http://10.180.1.21/compute/v2.1/flavors/42 0.585s
2025-12-12 05:01:36.422 66233 INFO tempest.lib.common.ssh [-] Creating ssh connection to '10.180.180.220:22' as 'cirros' with public key authentication
2025-12-12 05:01:36.428 66233 INFO paramiko.transport [-] Connected (version 2.0, client dropbear_2020.81)
2025-12-12 05:01:36.435 66211 INFO tempest.lib.common.rest_client [req-9e6af9bc-b5a1-4661-ae99-d6181325e676 req-9e6af9bc-b5a1-4661-ae99-d6181325e676 ] Request (ServersNegativeTestMultiTenantJSON:setUpClass): 201 POST http://10.180.1.21/identity/v3/auth/tokens 0.065s
2025-12-12 05:01:36.518 66187 INFO tempest.lib.common.rest_client [req-c78bd159-fb7b-4255-9fed-0f84aa5f09e7 req-c78bd159-fb7b-4255-9fed-0f84aa5f09e7 ] Request (VolumesAssistedSnapshotsTest:tearDownClass): 200 GET http://10.180.1.21/compute/v2.1/servers/f8bbfe54-9692-4ebf-9e84-aede53f982a5 0.677s
2025-12-12 05:01:36.530 66233 INFO paramiko.transport [-] Authentication (publickey) successful!
2025-12-12 05:01:36.530 66233 INFO tempest.lib.common.ssh [-] ssh connection to cirros@10.180.180.220 successfully created
2025-12-12 05:01:36.708 66211 INFO tempest.lib.common.rest_client [req-459e1acd-8877-4208-89fb-2225cc042098 req-459e1acd-8877-4208-89fb-2225cc042098 ] Request (ServersNegativeTestMultiTenantJSON:setUpClass): 201 POST http://10.180.1.21/networking/v2.0/networks 0.273s
2025-12-12 05:01:36.732 66209 INFO tempest.lib.common.rest_client [req-2f32f657-9fdc-4993-88a1-30d2895fe253 req-2f32f657-9fdc-4993-88a1-30d2895fe253 ] Request (ImagesOneServerNegativeTestJSON:_run_cleanups): 200 GET http://10.180.1.21/compute/v2.1/servers/83ddfe52-53ff-4c80-b0d7-b3e7c90c8aab 0.849s
2025-12-12 05:01:36.894 66211 INFO tempest.lib.common.rest_client [req-ba28a5a1-d91b-4c92-b867-7e877b5ff160 req-ba28a5a1-d91b-4c92-b867-7e877b5ff160 ] Request (ServersNegativeTestMultiTenantJSON:setUpClass): 201 POST http://10.180.1.21/networking/v2.0/subnets 0.185s
2025-12-12 05:01:36.922 66191 INFO tempest.lib.common.rest_client [req-4ee26e5f-7891-4efa-a0de-f0e4782def70 req-4ee26e5f-7891-4efa-a0de-f0e4782def70 ] Request (ServersAdmin275Test:test_rebuild_update_server_275): 200 GET http://10.180.1.21/compute/v2.1/servers/79e2908d-07be-480e-acb2-e1b9a2e56728 0.957s
2025-12-12 05:01:36.933 66191 INFO tempest.common.waiters [-] State transition "BUILD/spawning" ==> "ACTIVE/None" after 39 second wait
2025-12-12 05:01:37.608 66211 INFO tempest.lib.common.rest_client [req-4774452e-2747-4743-8d62-b963bdeb8bad req-4774452e-2747-4743-8d62-b963bdeb8bad ] Request (ServersNegativeTestMultiTenantJSON:setUpClass): 201 POST http://10.180.1.21/networking/v2.0/routers 0.713s
2025-12-12 05:01:37.631 66185 INFO tempest.lib.common.rest_client [req-85fb695c-e090-4c27-838d-ec320142f432 req-85fb695c-e090-4c27-838d-ec320142f432 ] Request (ServersTestJSON:test_create_server_specify_multibyte_character_name): 200 GET http://10.180.1.21/compute/v2.1/servers/79c52613-1b43-45c3-b60f-4021e1043096 1.633s
2025-12-12 05:01:37.716 66247 INFO tempest.lib.common.rest_client [req-419f54d2-1fec-4bc2-8f6d-1378cbe5b023 req-419f54d2-1fec-4bc2-8f6d-1378cbe5b023 ] Request (DeleteServersTestJSON:test_delete_server_while_in_attached_volume): 200 POST http://10.180.1.21/compute/v2.1/servers/0c6788bc-b210-4c96-9677-47babe35f74e/os-volume_attachments 2.323s
2025-12-12 05:01:37.749 66247 INFO tempest.lib.common.rest_client [req-da8b4d5c-3707-43e0-b482-8c8f80fba55f req-da8b4d5c-3707-43e0-b482-8c8f80fba55f ] Request (DeleteServersTestJSON:test_delete_server_while_in_attached_volume): 200 GET http://10.180.1.21/volume/v3/volumes/e530aabb-f7ed-4ab7-853f-8bef10ea709c 0.032s
2025-12-12 05:01:38.337 66189 WARNING tempest.lib.common.ssh [-] Failed to establish authenticated ssh connection to cirros@10.180.180.240 ([Errno None] Unable to connect to port 22 on 10.180.180.240). Number attempts: 10. Retry after 11 seconds.: paramiko.ssh_exception.NoValidConnectionsError: [Errno None] Unable to connect to port 22 on 10.180.180.240
2025-12-12 05:01:38.507 66211 INFO tempest.lib.common.rest_client [req-16909292-8e7a-4adb-b868-760523345dbb req-16909292-8e7a-4adb-b868-760523345dbb ] Request (ServersNegativeTestMultiTenantJSON:setUpClass): 200 PUT http://10.180.1.21/networking/v2.0/routers/4517f637-4590-4ab5-89ec-9406a9cdbb06/add_router_interface 0.898s
