2025-12-12 05:01:59.331 66217 INFO tempest.lib.common.rest_client [req-64a4b977-127d-4edc-a802-9655264f7a75 req-64a4b977-127d-4edc-a802-9655264f7a75 ] Request (ListServersNegativeTestJSON:tearDownClass): 204 DELETE http://10.180.1.21/networking/v2.0/routers/d0c877a8-09ac-470f-b13a-72b85cb7f0b9 0.537s
2025-12-12 05:01:59.396 66249 INFO tempest.lib.common.rest_client [req-d2d6e8ea-e8ed-4e48-8553-3f84f56d9f93 req-d2d6e8ea-e8ed-4e48-8553-3f84f56d9f93 ] Request (AttachVolumeShelveTestJSON:test_attach_volume_shelved_or_offload_server): 200 GET http://10.180.1.21/compute/v2.1/servers/621d9682-b9f6-4b3f-9e2d-bab56977ae41 2.555s
2025-12-12 05:01:59.503 66217 INFO tempest.lib.common.rest_client [req-1d6e3ecc-e801-4996-b442-ee0de30f3473 req-1d6e3ecc-e801-4996-b442-ee0de30f3473 ] Request (ListServersNegativeTestJSON:tearDownClass): 204 DELETE http://10.180.1.21/networking/v2.0/subnets/dcb4958d-38a2-446e-ab09-646fc772c871 0.171s
2025-12-12 05:01:59.685 66187 INFO tempest.lib.common.rest_client [req-b6f63736-d6d4-40aa-b5ac-bb5c7730b770 req-b6f63736-d6d4-40aa-b5ac-bb5c7730b770 ] Request (VolumesAssistedSnapshotsTest:tearDownClass): 204 DELETE http://10.180.1.21/networking/v2.0/routers/9351c6b8-5d7c-4455-ab88-12edede9710e 0.664s
2025-12-12 05:01:59.751 66225 INFO tempest.lib.common.rest_client [req-886d10c0-139d-4f20-a85d-75ce39c2c6aa req-886d10c0-139d-4f20-a85d-75ce39c2c6aa ] Request (ServerGroupTestJSON:test_create_server_with_scheduler_hint_group): 200 GET http://10.180.1.21/compute/v2.1/servers/e7dccd69-8e1c-46ca-a567-8b9f2357e2cf 2.776s
2025-12-12 05:01:59.753 66239 INFO paramiko.transport [-] Connected (version 2.0, client dropbear_2020.81)
2025-12-12 05:01:59.761 66225 INFO tempest.common.waiters [-] State transition "BUILD/spawning" ==> "ACTIVE/None" after 50 second wait
2025-12-12 05:01:59.813 66239 INFO paramiko.transport [-] Authentication (publickey) successful!
2025-12-12 05:01:59.813 66239 INFO tempest.lib.common.ssh [-] ssh connection to cirros@10.180.180.136 successfully created
2025-12-12 05:01:59.860 66217 INFO tempest.lib.common.rest_client [req-2419365a-3f95-45d3-baea-03b78d92ff39 req-2419365a-3f95-45d3-baea-03b78d92ff39 ] Request (ListServersNegativeTestJSON:tearDownClass): 204 DELETE http://10.180.1.21/networking/v2.0/networks/8d4df2b1-c0d6-499f-a108-3104a085f0ed 0.357s
2025-12-12 05:01:59.899 66187 INFO tempest.lib.common.rest_client [req-a5765b58-ff3a-4960-a5c3-422fd56f3ccf req-a5765b58-ff3a-4960-a5c3-422fd56f3ccf ] Request (VolumesAssistedSnapshotsTest:tearDownClass): 204 DELETE http://10.180.1.21/networking/v2.0/subnets/060d5347-3df7-4c36-bab4-67e42244d5d8 0.213s
2025-12-12 05:01:59.921 66209 INFO tempest.lib.common.rest_client [req-ef1efe3d-d570-4da9-8e8a-e07a009c635b req-ef1efe3d-d570-4da9-8e8a-e07a009c635b ] Request (ImagesOneServerNegativeTestJSON:_run_cleanups): 200 GET http://10.180.1.21/compute/v2.1/servers/83ddfe52-53ff-4c80-b0d7-b3e7c90c8aab 2.844s
2025-12-12 05:01:59.972 66217 INFO tempest.lib.common.rest_client [req-74246e1c-35b5-4371-9023-536f13d3afa1 req-74246e1c-35b5-4371-9023-536f13d3afa1 ] Request (ListServersNegativeTestJSON:tearDownClass): 204 DELETE http://10.180.1.21/identity/v3/users/a12d323f84af4ab7b48668eca53f77a6 0.112s
2025-12-12 05:01:59.972 66217 INFO tempest.lib.common.dynamic_creds [-] Deleting project and security group for project: 93b950334d1e4dad84a4bd9a6f2f5195
2025-12-12 05:01:59.993 66185 INFO tempest.lib.common.rest_client [req-d641fb3d-0f63-4b11-9fce-300e6af957a8 req-d641fb3d-0f63-4b11-9fce-300e6af957a8 ] Request (ServersTestJSON:test_create_server_specify_multibyte_character_name): 200 GET http://10.180.1.21/compute/v2.1/servers/79c52613-1b43-45c3-b60f-4021e1043096 2.839s
2025-12-12 05:02:00.018 66217 INFO tempest.lib.common.rest_client [req-25ac3a36-3ec8-4f2e-bf8c-224e9c13570b req-25ac3a36-3ec8-4f2e-bf8c-224e9c13570b ] Request (ListServersNegativeTestJSON:tearDownClass): 200 GET http://10.180.1.21/networking/v2.0/security-groups?tenant_id=93b950334d1e4dad84a4bd9a6f2f5195&name=default 0.046s
2025-12-12 05:02:00.106 66217 INFO tempest.lib.common.rest_client [req-085accdd-f3b2-4a4d-a706-d3ac59bd896f req-085accdd-f3b2-4a4d-a706-d3ac59bd896f ] Request (ListServersNegativeTestJSON:tearDownClass): 204 DELETE http://10.180.1.21/networking/v2.0/security-groups/aaf015c8-3d8d-4624-ba33-3028a431dfd1 0.087s
2025-12-12 05:02:00.134 66233 INFO tempest.lib.common.rest_client [req-7d2ef3d5-5deb-4e77-93f4-e6d11caafa50 req-7d2ef3d5-5deb-4e77-93f4-e6d11caafa50 ] Request (ServersTestBootFromVolume:tearDownClass): 200 GET http://10.180.1.21/compute/v2.1/servers/b30d7ae5-2bfc-4c1d-8226-360a922c1132 2.894s
2025-12-12 05:02:00.212 66187 INFO tempest.lib.common.rest_client [req-94bf7e49-a621-4fe1-919a-0e4f1c037707 req-94bf7e49-a621-4fe1-919a-0e4f1c037707 ] Request (VolumesAssistedSnapshotsTest:tearDownClass): 204 DELETE http://10.180.1.21/networking/v2.0/networks/a5d930b9-32fe-4976-9f44-850adea1749b 0.313s
2025-12-12 05:02:00.222 66241 INFO tempest.lib.common.rest_client [req-a5e3fda7-cb10-43e2-a190-4c53f87ba624 req-a5e3fda7-cb10-43e2-a190-4c53f87ba624 ] Request (SecurityGroupsTestJSON:test_server_security_groups): 200 GET http://10.180.1.21/compute/v2.1/servers/07fbf153-3dc9-4c90-b7d6-cf8ab514189b 2.795s
2025-12-12 05:02:00.235 66217 INFO tempest.lib.common.rest_client [req-976578d7-b0be-435a-b3dc-4fb1e88d21c0 req-976578d7-b0be-435a-b3dc-4fb1e88d21c0 ] Request (ListServersNegativeTestJSON:tearDownClass): 204 DELETE http://10.180.1.21/identity/v3/projects/93b950334d1e4dad84a4bd9a6f2f5195 0.129s
2025-12-12 05:02:00.294 66201 INFO tempest.lib.common.rest_client [req-7dd96585-6f66-46d3-a88b-453d7e4a57b6 req-7dd96585-6f66-46d3-a88b-453d7e4a57b6 ] Request (ListImageFiltersTestJSON:setUpClass): 200 GET http://10.180.1.21/compute/v2.1/servers/a5caf405-ec02-4b40-8359-09d430d78f7b 2.813s
2025-12-12 05:02:00.325 66217 INFO tempest.lib.common.rest_client [req-a3b934b9-4adc-43e1-b33f-2ccbe2280b93 req-a3b934b9-4adc-43e1-b33f-2ccbe2280b93 ] Request (ServerActionsV293TestJSON:setUpClass): 201 POST http://10.180.1.21/identity/v3/auth/tokens 0.089s
2025-12-12 05:02:00.356 66217 INFO tempest.lib.common.rest_client [req-559fef25-a6e0-410e-9292-2b606fa86218 req-559fef25-a6e0-410e-9292-2b606fa86218 ] Request (ServerActionsV293TestJSON:setUpClass): 201 POST http://10.180.1.21/identity/v3/auth/tokens 0.028s
2025-12-12 05:02:00.359 66247 INFO tempest.lib.common.rest_client [req-f288d9d6-ce08-4f5f-ac23-6a76df19def1 req-f288d9d6-ce08-4f5f-ac23-6a76df19def1 ] Request (DeleteServersTestJSON:test_delete_server_while_in_attached_volume): 200 GET http://10.180.1.21/compute/v2.1/servers/0c6788bc-b210-4c96-9677-47babe35f74e 2.809s
2025-12-12 05:02:00.389 66217 INFO tempest.lib.common.rest_client [req-cf9ae759-3ea9-4741-a196-78790069b8c0 req-cf9ae759-3ea9-4741-a196-78790069b8c0 ] Request (ServerActionsV293TestJSON:setUpClass): 200 GET http://10.180.1.21/identity/v3/domains?name=Default 0.032s
2025-12-12 05:02:00.401 66197 WARNING tempest.lib.common.ssh [-] Failed to establish authenticated ssh connection to cirros@10.180.180.181 ([Errno None] Unable to connect to port 22 on 10.180.180.181). Number attempts: 6. Retry after 7 seconds.: paramiko.ssh_exception.NoValidConnectionsError: [Errno None] Unable to connect to port 22 on 10.180.180.181
2025-12-12 05:02:00.406 66193 INFO tempest.lib.common.rest_client [req-b3092626-845c-4814-a82f-600df3f87ebe req-b3092626-845c-4814-a82f-600df3f87ebe ] Request (ServerMetadataTestJSON:setUpClass): 200 GET http://10.180.1.21/compute/v2.1/servers/4c3dcf22-c2c8-4363-948b-7149b72a3bc9 2.844s
2025-12-12 05:02:00.421 66217 INFO tempest.lib.common.rest_client [req-bd2df2dc-77b2-4ada-8c30-4f255d97176f req-bd2df2dc-77b2-4ada-8c30-4f255d97176f ] Request (ServerActionsV293TestJSON:setUpClass): 201 POST http://10.180.1.21/identity/v3/projects 0.032s
2025-12-12 05:02:00.472 66219 INFO tempest.lib.common.rest_client [req-d28cbcf3-8a15-43f6-bce9-30a0f81637c2 req-d28cbcf3-8a15-43f6-bce9-30a0f81637c2 ] Request (ServersListShow298Test:test_list_show_update_rebuild_server_298): 200 GET http://10.180.1.21/compute/v2.1/servers/8196c6ac-2e8c-42d0-a290-e54eb21b050d 2.852s
2025-12-12 05:02:00.484 66217 INFO tempest.lib.common.rest_client [req-d66ed64a-f40a-4720-b1d7-188d383d5848 req-d66ed64a-f40a-4720-b1d7-188d383d5848 ] Request (ServerActionsV293TestJSON:setUpClass): 201 POST http://10.180.1.21/identity/v3/users 0.062s
2025-12-12 05:02:00.509 66217 INFO tempest.lib.common.rest_client [req-3e3cf406-fc33-4fd7-b04c-5bdb52a09d8c req-3e3cf406-fc33-4fd7-b04c-5bdb52a09d8c ] Request (ServerActionsV293TestJSON:setUpClass): 200 GET http://10.180.1.21/identity/v3/roles 0.024s
2025-12-12 05:02:00.521 66245 INFO tempest.lib.common.rest_client [req-9efb239f-39bb-4774-961c-46033f8e07eb req-9efb239f-39bb-4774-961c-46033f8e07eb ] Request (ImagesOneServerTestJSON:setUpClass): 200 GET http://10.180.1.21/compute/v2.1/servers/92c3b108-ba67-441c-bb97-e5b1396e7902 2.852s
2025-12-12 05:02:00.540 66217 INFO tempest.lib.common.rest_client [req-405c569e-024f-485a-b8d3-d82f2c1a8274 req-405c569e-024f-485a-b8d3-d82f2c1a8274 ] Request (ServerActionsV293TestJSON:setUpClass): 204 PUT http://10.180.1.21/identity/v3/projects/c1a7d5f41db54a0abd8e49dd1591f321/users/c1d735ed7ef347a683467eaba035c68f/roles/7e51e427c2c545e3ad9f787f8bb0e602 0.030s
2025-12-12 05:02:00.540 66217 INFO tempest.lib.common.dynamic_creds [-] Dynamic test user c1d735ed7ef347a683467eaba035c68f is created with scope project and roles: ['member']
2025-12-12 05:02:00.540 66217 INFO tempest.lib.common.dynamic_creds [-] Acquired dynamic creds: credentials: Credentials: {'domain_id': 'default', 'domain_name': 'Default', 'username': 'tempest-ServerActionsV293TestJSON-1902764099-project-member', 'project_domain_id': 'default', 'project_domain_name': 'Default', 'project_id': 'c1a7d5f41db54a0abd8e49dd1591f321', 'project_name': 'tempest-ServerActionsV293TestJSON-1902764099', 'tenant_id': 'c1a7d5f41db54a0abd8e49dd1591f321', 'tenant_name': 'tempest-ServerActionsV293TestJSON-1902764099', 'user_domain_id': 'default', 'user_domain_name': 'Default', 'user_id': 'c1d735ed7ef347a683467eaba035c68f', 'system': None}, Network: None, Subnet: None, Router: None
2025-12-12 05:02:00.579 66215 INFO tempest.lib.common.rest_client [req-c91d8312-383f-41d0-bac3-0ae0c6374203 req-c91d8312-383f-41d0-bac3-0ae0c6374203 ] Request (FloatingIPsAssociationNegativeTestJSON:tearDownClass): 200 GET http://10.180.1.21/compute/v2.1/servers/5630152b-3682-4248-863d-02c572b14caf 2.852s
2025-12-12 05:02:00.598 66217 INFO tempest.lib.common.rest_client [req-6576bf90-729f-4d24-a8da-42f7d5d55df3 req-6576bf90-729f-4d24-a8da-42f7d5d55df3 ] Request (ServerActionsV293TestJSON:setUpClass): 201 POST http://10.180.1.21/identity/v3/auth/tokens 0.057s
2025-12-12 05:02:00.860 66217 INFO tempest.lib.common.rest_client [req-015731ae-e3b3-46f7-9bd5-a2ad651a3107 req-015731ae-e3b3-46f7-9bd5-a2ad651a3107 ] Request (ServerActionsV293TestJSON:setUpClass): 201 POST http://10.180.1.21/networking/v2.0/networks 0.262s
2025-12-12 05:02:00.990 66187 INFO tempest.lib.common.rest_client [req-d7e7e88c-d51c-4926-9562-938099fe5fca req-d7e7e88c-d51c-4926-9562-938099fe5fca ] Request (VolumesAssistedSnapshotsTest:tearDownClass): 200 PUT http://10.180.1.21/networking/v2.0/routers/87745873-d428-466a-a060-e1a790347481/remove_router_interface 0.777s
2025-12-12 05:02:01.035 66235 INFO tempest.lib.common.rest_client [req-def4d537-aac8-44ac-99bc-3341b186688a req-def4d537-aac8-44ac-99bc-3341b186688a ] Request (MigrationsAdminTest:test_resize_server_revert_deleted_flavor): 200 GET http://10.180.1.21/compute/v2.1/servers/88fec903-6d2d-43dd-a1ec-8798d89e7613 3.187s
2025-12-12 05:02:01.108 66217 INFO tempest.lib.common.rest_client [req-4cb21485-2891-498d-a7da-ecdf57cdb99c req-4cb21485-2891-498d-a7da-ecdf57cdb99c ] Request (ServerActionsV293TestJSON:setUpClass): 201 POST http://10.180.1.21/networking/v2.0/subnets 0.246s
2025-12-12 05:02:01.137 66203 INFO tempest.lib.common.rest_client [req-34b05384-faa4-447f-890b-9e9378830b9a req-34b05384-faa4-447f-890b-9e9378830b9a ] Request (ServerRescueTestJSON:test_rescue_unrescue_instance): 200 GET http://10.180.1.21/compute/v2.1/servers/50c9378d-58b5-476e-9fbc-db2fc535deab 3.222s
2025-12-12 05:02:01.437 66187 INFO tempest.lib.common.rest_client [req-d93b31ea-9158-430e-8ffe-85000f5fbf3a req-d93b31ea-9158-430e-8ffe-85000f5fbf3a ] Request (VolumesAssistedSnapshotsTest:tearDownClass): 204 DELETE http://10.180.1.21/networking/v2.0/routers/87745873-d428-466a-a060-e1a790347481 0.447s
2025-12-12 05:02:01.466 66211 INFO tempest.lib.common.rest_client [req-95259097-8a7f-4dca-9b6e-b1ff79757320 req-95259097-8a7f-4dca-9b6e-b1ff79757320 ] Request (ServersNegativeTestMultiTenantJSON:setUpClass): 200 GET http://10.180.1.21/compute/v2.1/servers/dedcc79f-0c3f-47d7-831c-1ab3ea3da0ac 3.490s
2025-12-12 05:02:01.573 66187 INFO tempest.lib.common.rest_client [req-337ecc1f-66ad-4e35-a69d-a16d94fa5158 req-337ecc1f-66ad-4e35-a69d-a16d94fa5158 ] Request (VolumesAssistedSnapshotsTest:tearDownClass): 204 DELETE http://10.180.1.21/networking/v2.0/subnets/eb90aad7-04e1-42f0-ad64-c2f0b82bf7bd 0.135s
2025-12-12 05:02:01.598 66191 INFO tempest.lib.common.rest_client [req-ebca18df-a65c-4f7f-9818-bd143fceb9e3 req-ebca18df-a65c-4f7f-9818-bd143fceb9e3 ] Request (ServersAdmin275Test:_run_cleanups): 200 GET http://10.180.1.21/compute/v2.1/servers/79e2908d-07be-480e-acb2-e1b9a2e56728 3.549s
2025-12-12 05:02:01.611 66191 INFO tempest.common.waiters [-] State transition "REBUILD/rebuild_spawning" ==> "ACTIVE/None" after 10 second wait
2025-12-12 05:02:01.801 66187 INFO tempest.lib.common.rest_client [req-e7412565-67e0-4e86-8886-b71c3a5867a5 req-e7412565-67e0-4e86-8886-b71c3a5867a5 ] Request (VolumesAssistedSnapshotsTest:tearDownClass): 204 DELETE http://10.180.1.21/networking/v2.0/networks/0508f396-c058-4799-8163-7a709dd673f3 0.228s
2025-12-12 05:02:01.830 66207 INFO tempest.lib.common.rest_client [req-95891c68-c06a-422c-80e7-4e305c7fc032 req-95891c68-c06a-422c-80e7-4e305c7fc032 ] Request (AttachVolumeNegativeTest:test_attach_attached_volume_to_different_server): 200 GET http://10.180.1.21/compute/v2.1/servers/c20e1ac7-83a6-42a2-90ff-f991db142b59 3.183s
2025-12-12 05:02:01.840 66217 INFO tempest.lib.common.rest_client [req-7e32b113-353d-4485-82c2-c2a68de6cda7 req-7e32b113-353d-4485-82c2-c2a68de6cda7 ] Request (ServerActionsV293TestJSON:setUpClass): 201 POST http://10.180.1.21/networking/v2.0/routers 0.731s
2025-12-12 05:02:02.374 66189 INFO paramiko.transport [-] Connected (version 2.0, client dropbear_2020.81)
2025-12-12 05:02:02.487 66189 INFO paramiko.transport [-] Authentication (publickey) successful!
2025-12-12 05:02:02.488 66189 INFO tempest.lib.common.ssh [-] ssh connection to cirros@10.180.180.240 successfully created
2025-12-12 05:02:02.567 66187 INFO tempest.lib.common.rest_client [req-6846e3a8-bdc6-4c0d-a71b-6412673e5999 req-6846e3a8-bdc6-4c0d-a71b-6412673e5999 ] Request (VolumesAssistedSnapshotsTest:tearDownClass): 200 PUT http://10.180.1.21/networking/v2.0/routers/4c7948ba-999d-43e2-b1d2-dbeebb44cffb/remove_router_interface 0.766s
2025-12-12 05:02:02.595 66195 INFO tempest.lib.common.rest_client [req-a839e645-2fc9-4cdd-b447-0dc7afc0b491 req-a839e645-2fc9-4cdd-b447-0dc7afc0b491 ] Request (ServersNegativeTestJSON:setUpClass): 200 GET http://10.180.1.21/compute/v2.1/servers/fb1494e1-73b7-46f5-9740-47c86d81f28d 3.888s
2025-12-12 05:02:02.605 66195 INFO tempest.common.waiters [-] State transition "BUILD/scheduling" ==> "BUILD/None" after 16 second wait
2025-12-12 05:02:02.679 66217 INFO tempest.lib.common.rest_client [req-dfaa5500-5ee2-4c6b-9924-e17533047090 req-dfaa5500-5ee2-4c6b-9924-e17533047090 ] Request (ServerActionsV293TestJSON:setUpClass): 200 PUT http://10.180.1.21/networking/v2.0/routers/e3980133-f06a-4fd3-ba76-5dc4ed80bdcd/add_router_interface 0.839s
2025-12-12 05:02:02.680 66217 INFO tempest.lib.common.dynamic_creds [-] Created isolated network resources for: credentials: Credentials: {'domain_id': 'default', 'domain_name': 'Default', 'username': 'tempest-ServerActionsV293TestJSON-1902764099-project-member', 'project_domain_id': 'default', 'project_domain_name': 'Default', 'project_id': 'c1a7d5f41db54a0abd8e49dd1591f321', 'project_name': 'tempest-ServerActionsV293TestJSON-1902764099', 'tenant_id': 'c1a7d5f41db54a0abd8e49dd1591f321', 'tenant_name': 'tempest-ServerActionsV293TestJSON-1902764099', 'user_domain_id': 'default', 'user_domain_name': 'Default', 'user_id': 'c1d735ed7ef347a683467eaba035c68f', 'system': None}, Network: {'id': '56a20263-9be7-451e-99b8-9510f6e3dc02', 'name': 'tempest-ServerActionsV293TestJSON-1374984875-network', 'tenant_id': 'c1a7d5f41db54a0abd8e49dd1591f321', 'project_id': 'c1a7d5f41db54a0abd8e49dd1591f321', 'admin_state_up': True, 'mtu': 8950, 'status': 'ACTIVE', 'subnets': [], 'shared': False, 'port_security_enabled': True, 'router:external': False, 'provider:network_type': 'vlan', 'provider:physical_network': 'default', 'provider:segmentation_id': 488, 'availability_zone_hints': [], 'availability_zones': [], 'ipv4_address_scope': None, 'ipv6_address_scope': None, 'description': '', 'tags': [], 'created_at': '2025-12-12T05:02:00Z', 'updated_at': '2025-12-12T05:02:00Z', 'revision_number': 1}, Subnet: {'id': '379870d8-e43b-4e33-9552-71c1e186cf80', 'name': 'tempest-ServerActionsV293TestJSON-1374984875-subnet', 'tenant_id': 'c1a7d5f41db54a0abd8e49dd1591f321', 'network_id': '56a20263-9be7-451e-99b8-9510f6e3dc02', 'ip_version': 4, 'subnetpool_id': None, 'enable_dhcp': True, 'ipv6_ra_mode': None, 'ipv6_address_mode': None, 'gateway_ip': '192.168.128.1', 'cidr': '192.168.128.0/28', 'allocation_pools': [{'start': '192.168.128.2', 'end': '192.168.128.14'}], 'host_routes': [], 'dns_nameservers': [], 'description': '', 'router:external': False, 'service_types': [], 'tags': [], 'created_at': '2025-12-12T05:02:00Z', 'updated_at': '2025-12-12T05:02:00Z', 'revision_number': 0, 'project_id': 'c1a7d5f41db54a0abd8e49dd1591f321'}, Router: {'id': 'e3980133-f06a-4fd3-ba76-5dc4ed80bdcd', 'name': 'tempest-ServerActionsV293TestJSON-1374984875-router', 'tenant_id': 'c1a7d5f41db54a0abd8e49dd1591f321', 'admin_state_up': True, 'status': 'ACTIVE', 'external_gateway_info': {'network_id': 'a875e19d-587b-483a-9fb9-73acc60f6ef4', 'external_fixed_ips': [{'subnet_id': 'aab017b7-a90f-426f-b802-376686d78d41', 'ip_address': '10.180.180.202'}], 'enable_snat': True}, 'description': '', 'availability_zones': [], 'distributed': False, 'ha': False, 'availability_zone_hints': [], 'routes': [], 'flavor_id': None, 'tags': [], 'created_at': '2025-12-12T05:02:01Z', 'updated_at': '2025-12-12T05:02:01Z', 'revision_number': 2, 'project_id': 'c1a7d5f41db54a0abd8e49dd1591f321'}
2025-12-12 05:02:02.704 66205 INFO tempest.lib.common.rest_client [req-e361939c-84ce-4835-9d9f-1dc6321af1f3 req-e361939c-84ce-4835-9d9f-1dc6321af1f3 ] Request (ServersAdminNegativeTestJSON:tearDownClass): 200 GET http://10.180.1.21/compute/v2.1/servers/49468a0e-ae37-48c2-a402-2ee244c57d41 3.742s
2025-12-12 05:02:02.711 66205 INFO tempest.common.waiters [-] State transition "ACTIVE/deleting" ==> "DELETED/None" after 5 second wait
2025-12-12 05:02:02.727 66229 INFO tempest.lib.common.rest_client [req-736532cd-fb6d-46c4-9ab2-cebce5e531fb req-736532cd-fb6d-46c4-9ab2-cebce5e531fb ] Request (ListServerFiltersTestJSON:tearDownClass): 404 GET http://10.180.1.21/compute/v2.1/servers/ac802320-917f-468e-b367-bf31ac2a53a1 3.677s
2025-12-12 05:02:02.756 66231 INFO tempest.lib.common.rest_client [req-3c19745a-6fbc-4bff-bdf4-8cd2052bd283 req-3c19745a-6fbc-4bff-bdf4-8cd2052bd283 ] Request (AttachInterfacesTestJSON:test_create_list_show_delete_interfaces_by_fixed_ip): 200 POST http://10.180.1.21/compute/v2.1/servers/3626ff34-ed4e-4aaf-8fea-5fa2a95ffc75/os-interface 10.303s
2025-12-12 05:02:02.782 66217 INFO tempest.lib.common.rest_client [req-4d456216-0025-422c-a878-c117c037f1e6 req-4d456216-0025-422c-a878-c117c037f1e6 ] Request (ServerActionsV293TestJSON:setUpClass): 201 POST http://10.180.1.21/identity/v3/auth/tokens 0.098s
2025-12-12 05:02:02.795 66225 INFO tempest.lib.common.rest_client [req-cf7c264b-7ec2-4aca-89ea-2b35de50c784 req-cf7c264b-7ec2-4aca-89ea-2b35de50c784 ] Request (ServerGroupTestJSON:test_create_server_with_scheduler_hint_group): 200 GET http://10.180.1.21/compute/v2.1/os-server-groups/b2829cbc-ae45-4353-a5af-06c20d6e2a09 3.033s
2025-12-12 05:02:02.821 66221 INFO tempest.lib.common.rest_client [req-cab0becb-0166-4680-ad83-f68f6928d671 req-cab0becb-0166-4680-ad83-f68f6928d671 ] Request (ServersAdminTestJSON:test_inject_network_info): 200 GET http://10.180.1.21/compute/v2.1/servers/035ecba9-003f-4f9e-b033-2fa672effdea 3.537s
2025-12-12 05:02:03.003 66227 INFO tempest.lib.common.rest_client [req-48fc5d89-c5cc-41e9-991e-9aa437075162 req-48fc5d89-c5cc-41e9-991e-9aa437075162 ] Request (ServerActionsTestOtherA:_run_cleanups): 200 GET http://10.180.1.21/compute/v2.1/servers/9b67651b-119f-4115-a253-6862f379cad1 3.120s
2025-12-12 05:02:03.037 66239 INFO tempest.lib.common.rest_client [req-8bf176e8-61e9-4867-b4fa-9b5d80b525e6 req-8bf176e8-61e9-4867-b4fa-9b5d80b525e6 ] Request (ServerActionsTestOtherB:setUp): 200 GET http://10.180.1.21/compute/v2.1/servers/207fe027-2104-41de-9d96-00ca990957e4 3.222s
2025-12-12 05:02:03.068 66187 INFO tempest.lib.common.rest_client [req-af664e25-89f2-4674-8b50-8ae9f3ce698f req-af664e25-89f2-4674-8b50-8ae9f3ce698f ] Request (VolumesAssistedSnapshotsTest:tearDownClass): 204 DELETE http://10.180.1.21/networking/v2.0/routers/4c7948ba-999d-43e2-b1d2-dbeebb44cffb 0.500s
2025-12-12 05:02:03.160 66209 INFO tempest.lib.common.rest_client [req-de377b64-4b99-448c-b33e-3767ea0d9e13 req-de377b64-4b99-448c-b33e-3767ea0d9e13 ] Request (ImagesOneServerNegativeTestJSON:_run_cleanups): 200 GET http://10.180.1.21/compute/v2.1/servers/83ddfe52-53ff-4c80-b0d7-b3e7c90c8aab 2.229s
2025-12-12 05:02:03.198 66249 INFO tempest.lib.common.rest_client [req-25730a2a-412f-4c73-b9ab-f5dc7454f8be req-25730a2a-412f-4c73-b9ab-f5dc7454f8be ] Request (AttachVolumeShelveTestJSON:test_attach_volume_shelved_or_offload_server): 200 GET http://10.180.1.21/compute/v2.1/servers/621d9682-b9f6-4b3f-9e2d-bab56977ae41 2.791s
2025-12-12 05:02:03.202 66187 INFO tempest.lib.common.rest_client [req-e1a5a278-fc79-4895-9822-9a7c4f055523 req-e1a5a278-fc79-4895-9822-9a7c4f055523 ] Request (VolumesAssistedSnapshotsTest:tearDownClass): 204 DELETE http://10.180.1.21/networking/v2.0/subnets/c53dbf11-5d27-426e-9f1c-9c5a8db037c1 0.132s
2025-12-12 05:02:03.225 66185 INFO tempest.lib.common.rest_client [req-8b961ee6-05c7-4d73-a84b-4d0db2e5f90b req-8b961ee6-05c7-4d73-a84b-4d0db2e5f90b ] Request (ServersTestJSON:test_create_server_specify_multibyte_character_name): 200 GET http://10.180.1.21/compute/v2.1/servers/79c52613-1b43-45c3-b60f-4021e1043096 2.224s
2025-12-12 05:02:03.266 66233 INFO tempest.lib.common.rest_client [req-462cdad6-43a9-4cf5-b6e7-47e76b562839 req-462cdad6-43a9-4cf5-b6e7-47e76b562839 ] Request (ServersTestBootFromVolume:tearDownClass): 200 GET http://10.180.1.21/compute/v2.1/servers/b30d7ae5-2bfc-4c1d-8226-360a922c1132 2.122s
2025-12-12 05:02:03.285 66241 INFO tempest.lib.common.rest_client [req-a129b63e-a3bb-4a28-9362-e0f8f67bab70 req-a129b63e-a3bb-4a28-9362-e0f8f67bab70 ] Request (SecurityGroupsTestJSON:test_server_security_groups): 200 GET http://10.180.1.21/compute/v2.1/servers/07fbf153-3dc9-4c90-b7d6-cf8ab514189b 2.053s
2025-12-12 05:02:03.329 66201 INFO tempest.lib.common.rest_client [req-644c8626-8c9b-4c54-9c8f-47ddc01a4dc1 req-644c8626-8c9b-4c54-9c8f-47ddc01a4dc1 ] Request (ListImageFiltersTestJSON:setUpClass): 200 GET http://10.180.1.21/compute/v2.1/servers/a5caf405-ec02-4b40-8359-09d430d78f7b 2.023s
2025-12-12 05:02:03.344 66247 INFO tempest.lib.common.rest_client [req-c4f90891-aeeb-4ce3-b8f6-4acf10032313 req-c4f90891-aeeb-4ce3-b8f6-4acf10032313 ] Request (DeleteServersTestJSON:test_delete_server_while_in_attached_volume): 200 GET http://10.180.1.21/compute/v2.1/servers/0c6788bc-b210-4c96-9677-47babe35f74e 1.971s
2025-12-12 05:02:03.395 66193 INFO tempest.lib.common.rest_client [req-3a214e52-a204-470c-ab92-08afddb5f572 req-3a214e52-a204-470c-ab92-08afddb5f572 ] Request (ServerMetadataTestJSON:setUpClass): 200 GET http://10.180.1.21/compute/v2.1/servers/4c3dcf22-c2c8-4363-948b-7149b72a3bc9 1.981s
2025-12-12 05:02:03.460 66187 INFO tempest.lib.common.rest_client [req-b3c5d19e-536d-4f54-8bc4-6b7d41a4e223 req-b3c5d19e-536d-4f54-8bc4-6b7d41a4e223 ] Request (VolumesAssistedSnapshotsTest:tearDownClass): 204 DELETE http://10.180.1.21/networking/v2.0/networks/3b3d3c14-3871-46c9-868a-bc38f10cfac9 0.258s
2025-12-12 05:02:03.487 66245 INFO tempest.lib.common.rest_client [req-6f7895fc-3c49-413e-a009-a89d3b8da50b req-6f7895fc-3c49-413e-a009-a89d3b8da50b ] Request (ImagesOneServerTestJSON:setUpClass): 200 GET http://10.180.1.21/compute/v2.1/servers/92c3b108-ba67-441c-bb97-e5b1396e7902 1.957s
2025-12-12 05:02:03.494 66219 INFO tempest.lib.common.rest_client [req-fa5ab763-a91d-47b6-8026-943eac5ae66b req-fa5ab763-a91d-47b6-8026-943eac5ae66b ] Request (ServersListShow298Test:test_list_show_update_rebuild_server_298): 200 GET http://10.180.1.21/compute/v2.1/servers/8196c6ac-2e8c-42d0-a290-e54eb21b050d 2.010s
2025-12-12 05:02:03.564 66187 INFO tempest.lib.common.rest_client [req-5ecbbfc1-85f4-4a39-87ad-bbabdad052ae req-5ecbbfc1-85f4-4a39-87ad-bbabdad052ae ] Request (VolumesAssistedSnapshotsTest:tearDownClass): 204 DELETE http://10.180.1.21/identity/v3/users/61e322c120bc4d7c998b828483bdf114 0.103s
2025-12-12 05:02:03.590 66191 INFO tempest.lib.common.rest_client [req-43914c09-b67d-4568-be2f-b2e2fc7aa68d req-43914c09-b67d-4568-be2f-b2e2fc7aa68d ] Request (ServersAdmin275Test:tearDownClass): 204 DELETE http://10.180.1.21/compute/v2.1/servers/79e2908d-07be-480e-acb2-e1b9a2e56728 1.976s
2025-12-12 05:02:03.609 66215 INFO tempest.lib.common.rest_client [req-e4e35125-3bf7-49f7-859a-a77664c1a251 req-e4e35125-3bf7-49f7-859a-a77664c1a251 ] Request (FloatingIPsAssociationNegativeTestJSON:tearDownClass): 200 GET http://10.180.1.21/compute/v2.1/servers/5630152b-3682-4248-863d-02c572b14caf 2.022s
2025-12-12 05:02:03.697 66187 INFO tempest.lib.common.rest_client [req-63cde2a4-9d4b-440b-88ae-da929579d213 req-63cde2a4-9d4b-440b-88ae-da929579d213 ] Request (VolumesAssistedSnapshotsTest:tearDownClass): 204 DELETE http://10.180.1.21/identity/v3/users/3b2e2e49199543cba8e19503d779bf4c 0.132s
2025-12-12 05:02:03.727 66203 INFO tempest.lib.common.rest_client [req-6cc1b042-05aa-41f9-a743-2c26c39595b7 req-6cc1b042-05aa-41f9-a743-2c26c39595b7 ] Request (ServerRescueTestJSON:test_rescue_unrescue_instance): 200 GET http://10.180.1.21/compute/v2.1/servers/50c9378d-58b5-476e-9fbc-db2fc535deab 1.582s
2025-12-12 05:02:03.763 66235 INFO tempest.lib.common.rest_client [req-5f5b60e0-5c8e-4582-afd0-a2ab2879d82a req-5f5b60e0-5c8e-4582-afd0-a2ab2879d82a ] Request (MigrationsAdminTest:test_resize_server_revert_deleted_flavor): 200 GET http://10.180.1.21/compute/v2.1/servers/88fec903-6d2d-43dd-a1ec-8798d89e7613 1.716s
2025-12-12 05:02:03.784 66211 INFO tempest.lib.common.rest_client [req-c4b6107d-1089-4ceb-9eaa-121d0f69d234 req-c4b6107d-1089-4ceb-9eaa-121d0f69d234 ] Request (ServersNegativeTestMultiTenantJSON:setUpClass): 200 GET http://10.180.1.21/compute/v2.1/servers/dedcc79f-0c3f-47d7-831c-1ab3ea3da0ac 1.306s
2025-12-12 05:02:03.815 66187 INFO tempest.lib.common.rest_client [req-8c554f99-17b0-4782-8ccb-c12175c65e95 req-8c554f99-17b0-4782-8ccb-c12175c65e95 ] Request (VolumesAssistedSnapshotsTest:tearDownClass): 204 DELETE http://10.180.1.21/identity/v3/users/361a100c9ed3481c980c14eb28d57710 0.118s
2025-12-12 05:02:03.816 66187 INFO tempest.lib.common.dynamic_creds [-] Deleting project and security group for project: c7a85e7443d1480380eb3823950cd8c0
2025-12-12 05:02:03.872 66189 INFO tempest.lib.common.rest_client [req-f2c38ed2-5252-42b3-b622-36db25f4168d req-f2c38ed2-5252-42b3-b622-36db25f4168d ] Request (AttachInterfacesUnderV243Test:test_add_remove_fixed_ip): 200 GET http://10.180.1.21/compute/v2.1/servers/5bca94de-5a12-42e9-bdf9-3fc9ca2fca98/os-interface 1.384s
2025-12-12 05:02:03.879 66229 INFO tempest.lib.common.rest_client [req-69612e83-9c84-4f85-8f53-769da6607cc1 req-69612e83-9c84-4f85-8f53-769da6607cc1 ] Request (ListServerFiltersTestJSON:tearDownClass): 204 DELETE http://10.180.1.21/compute/v2.1/servers/f254d45e-203e-45f3-a3e9-64f0ec333fc9 1.152s
2025-12-12 05:02:03.905 66187 INFO tempest.lib.common.rest_client [req-a2589631-47c6-409c-b705-33d5ec8e913d req-a2589631-47c6-409c-b705-33d5ec8e913d ] Request (VolumesAssistedSnapshotsTest:tearDownClass): 200 GET http://10.180.1.21/networking/v2.0/security-groups?tenant_id=c7a85e7443d1480380eb3823950cd8c0&name=default 0.089s
2025-12-12 05:02:04.033 66187 INFO tempest.lib.common.rest_client [req-f4178a2d-75b7-4b9e-8d34-c09520da7fd8 req-f4178a2d-75b7-4b9e-8d34-c09520da7fd8 ] Request (VolumesAssistedSnapshotsTest:tearDownClass): 204 DELETE http://10.180.1.21/networking/v2.0/security-groups/e5c9fad4-54ab-4262-8b3d-fbab8b83264f 0.128s
2025-12-12 05:02:04.090 66231 INFO tempest.lib.common.rest_client [req-5859972f-35ff-4447-9c5c-3b3afd4e5893 req-5859972f-35ff-4447-9c5c-3b3afd4e5893 ] Request (AttachInterfacesTestJSON:test_create_list_show_delete_interfaces_by_fixed_ip): 200 GET http://10.180.1.21/compute/v2.1/servers/3626ff34-ed4e-4aaf-8fea-5fa2a95ffc75/os-interface/506eee40-8cfe-424b-995c-c96e606765ab 1.332s
2025-12-12 05:02:04.121 66217 INFO tempest.lib.common.rest_client [req-f1590e0f-ae29-4dcd-ba1d-cbb51f395ff6 req-f1590e0f-ae29-4dcd-ba1d-cbb51f395ff6 ] Request (ServerActionsV293TestJSON:setUpClass): 201 POST http://10.180.1.21/compute/v2.1/os-keypairs 1.337s
2025-12-12 05:02:04.174 66187 INFO tempest.lib.common.rest_client [req-8715242b-6cb8-43b2-88a3-9b020dfc4b2b req-8715242b-6cb8-43b2-88a3-9b020dfc4b2b ] Request (VolumesAssistedSnapshotsTest:tearDownClass): 204 DELETE http://10.180.1.21/identity/v3/projects/c7a85e7443d1480380eb3823950cd8c0 0.140s
2025-12-12 05:02:04.175 66187 INFO tempest.lib.common.dynamic_creds [-] Deleting project and security group for project: 3c9dc9d4334747e699c72e6039451f2c
2025-12-12 05:02:04.203 66225 INFO tempest.lib.common.rest_client [req-45753b42-6a14-4cc9-90b2-7853f45042c1 req-45753b42-6a14-4cc9-90b2-7853f45042c1 ] Request (ServerGroupTestJSON:_run_cleanups): 204 DELETE http://10.180.1.21/compute/v2.1/servers/e7dccd69-8e1c-46ca-a567-8b9f2357e2cf 1.406s
2025-12-12 05:02:04.240 66199 WARNING tempest.lib.common.ssh [-] Failed to establish authenticated ssh connection to cirros@10.180.180.139 ([Errno None] Unable to connect to port 22 on 10.180.180.139). Number attempts: 3. Retry after 4 seconds.: paramiko.ssh_exception.NoValidConnectionsError: [Errno None] Unable to connect to port 22 on 10.180.180.139
2025-12-12 05:02:04.267 66217 INFO tempest.lib.common.rest_client [req-0d3cc78c-9dc7-4e3c-b4e1-337abb08bd2d req-0d3cc78c-9dc7-4e3c-b4e1-337abb08bd2d ] Request (ServerActionsV293TestJSON:setUpClass): 201 POST http://10.180.1.21/networking/v2.0/security-groups 0.143s
2025-12-12 05:02:04.293 66207 INFO tempest.lib.common.rest_client [req-50b75683-7d5c-47d9-8ebd-c0b505035512 req-50b75683-7d5c-47d9-8ebd-c0b505035512 ] Request (AttachVolumeNegativeTest:test_attach_attached_volume_to_different_server): 200 GET http://10.180.1.21/compute/v2.1/servers/c20e1ac7-83a6-42a2-90ff-f991db142b59 1.449s
2025-12-12 05:02:04.306 66187 INFO tempest.lib.common.rest_client [req-1a71ab1f-b1dc-43d3-bbe2-6b0e882f34af req-1a71ab1f-b1dc-43d3-bbe2-6b0e882f34af ] Request (VolumesAssistedSnapshotsTest:tearDownClass): 200 GET http://10.180.1.21/networking/v2.0/security-groups?tenant_id=3c9dc9d4334747e699c72e6039451f2c&name=default 0.131s
2025-12-12 05:02:04.389 66217 INFO tempest.lib.common.rest_client [req-4422ecce-d802-4ebf-b97e-24257d37a623 req-4422ecce-d802-4ebf-b97e-24257d37a623 ] Request (ServerActionsV293TestJSON:setUpClass): 201 POST http://10.180.1.21/networking/v2.0/security-group-rules 0.121s
2025-12-12 05:02:04.488 66187 INFO tempest.lib.common.rest_client [req-7101dab1-7a98-439d-9170-62c0ca6092d3 req-7101dab1-7a98-439d-9170-62c0ca6092d3 ] Request (VolumesAssistedSnapshotsTest:tearDownClass): 204 DELETE http://10.180.1.21/networking/v2.0/security-groups/f19851f7-a430-4fb3-bc35-221293cad521 0.181s
2025-12-12 05:02:04.522 66191 INFO tempest.lib.common.rest_client [req-5db9dc1f-9d42-41a7-8c06-2fa9edd7a91d req-5db9dc1f-9d42-41a7-8c06-2fa9edd7a91d ] Request (ServersAdmin275Test:tearDownClass): 200 GET http://10.180.1.21/compute/v2.1/servers/79e2908d-07be-480e-acb2-e1b9a2e56728 0.932s
2025-12-12 05:02:04.582 66187 INFO tempest.lib.common.rest_client [req-ad5f756b-7ca2-4a9c-a846-a1093bbf28fe req-ad5f756b-7ca2-4a9c-a846-a1093bbf28fe ] Request (VolumesAssistedSnapshotsTest:tearDownClass): 204 DELETE http://10.180.1.21/identity/v3/projects/3c9dc9d4334747e699c72e6039451f2c 0.093s
2025-12-12 05:02:04.582 66187 INFO tempest.lib.common.dynamic_creds [-] Deleting project and security group for project: 5df23c9ab497416bb19b62ebbbd21bdc
2025-12-12 05:02:04.588 66217 INFO tempest.lib.common.rest_client [req-056908a1-9a23-4197-88c1-25867a480709 req-056908a1-9a23-4197-88c1-25867a480709 ] Request (ServerActionsV293TestJSON:setUpClass): 201 POST http://10.180.1.21/networking/v2.0/security-group-rules 0.199s
2025-12-12 05:02:04.612 66195 INFO tempest.lib.common.rest_client [req-98d056ae-de98-4d24-91c9-5b629965fce6 req-98d056ae-de98-4d24-91c9-5b629965fce6 ] Request (ServersNegativeTestJSON:setUpClass): 200 GET http://10.180.1.21/compute/v2.1/servers/fb1494e1-73b7-46f5-9740-47c86d81f28d 1.005s
2025-12-12 05:02:04.624 66187 INFO tempest.lib.common.rest_client [req-ca749273-15ad-4a6f-bcd3-9406f7b2dfbb req-ca749273-15ad-4a6f-bcd3-9406f7b2dfbb ] Request (VolumesAssistedSnapshotsTest:tearDownClass): 200 GET http://10.180.1.21/networking/v2.0/security-groups?tenant_id=5df23c9ab497416bb19b62ebbbd21bdc&name=default 0.042s
2025-12-12 05:02:04.672 66239 INFO tempest.lib.common.rest_client [req-34fce9a4-b720-4d73-b498-334e14a3a8db req-34fce9a4-b720-4d73-b498-334e14a3a8db ] Request (ServerActionsTestOtherB:test_create_backup): 202 POST http://10.180.1.21/compute/v2.1/servers/207fe027-2104-41de-9d96-00ca990957e4/action 1.627s
2025-12-12 05:02:04.686 66239 INFO tempest.lib.common.rest_client [req-195dd827-8bfc-4da5-af11-d8c5d9ffb829 req-195dd827-8bfc-4da5-af11-d8c5d9ffb829 ] Request (ServerActionsTestOtherB:test_create_backup): 200 GET http://10.180.1.21/image/v2/images/a00078f2-04f4-4121-a299-2a6e4c1f9658 0.014s
2025-12-12 05:02:04.957 66237 WARNING tempest.lib.common.ssh [-] Failed to establish authenticated ssh connection to cirros@10.180.180.233 ([Errno None] Unable to connect to port 22 on 10.180.180.233). Number attempts: 13. Retry after 14 seconds.: paramiko.ssh_exception.NoValidConnectionsError: [Errno None] Unable to connect to port 22 on 10.180.180.233
2025-12-12 05:02:05.073 66217 INFO tempest.lib.common.rest_client [req-9a4877da-ac07-42b2-87d3-4406f72267f6 req-9a4877da-ac07-42b2-87d3-4406f72267f6 ] Request (ServerActionsV293TestJSON:setUpClass): 201 POST http://10.180.1.21/networking/v2.0/floatingips 0.485s
2025-12-12 05:02:05.148 66217 INFO tempest.lib.common.rest_client [req-130bf8b7-9f78-4bff-b942-afea2340878d req-130bf8b7-9f78-4bff-b942-afea2340878d ] Request (ServerActionsV293TestJSON:setUpClass): 201 POST http://10.180.1.21/identity/v3/auth/tokens 0.071s
2025-12-12 05:02:05.149 66217 INFO tempest.lib.common.fixed_network [-] (ServerActionsV293TestJSON:setUpClass) Found network {'id': '56a20263-9be7-451e-99b8-9510f6e3dc02', 'name': 'tempest-ServerActionsV293TestJSON-1374984875-network', 'tenant_id': 'c1a7d5f41db54a0abd8e49dd1591f321', 'project_id': 'c1a7d5f41db54a0abd8e49dd1591f321', 'admin_state_up': True, 'mtu': 8950, 'status': 'ACTIVE', 'subnets': [], 'shared': False, 'port_security_enabled': True, 'router:external': False, 'provider:network_type': 'vlan', 'provider:physical_network': 'default', 'provider:segmentation_id': 488, 'availability_zone_hints': [], 'availability_zones': [], 'ipv4_address_scope': None, 'ipv6_address_scope': None, 'description': '', 'tags': [], 'created_at': '2025-12-12T05:02:00Z', 'updated_at': '2025-12-12T05:02:00Z', 'revision_number': 1} available for tenant
2025-12-12 05:02:05.168 66187 INFO tempest.lib.common.rest_client [req-5953e7e7-d902-410b-8285-f9781b938990 req-5953e7e7-d902-410b-8285-f9781b938990 ] Request (VolumesAssistedSnapshotsTest:tearDownClass): 204 DELETE http://10.180.1.21/networking/v2.0/security-groups/0bc230f6-4f62-43c3-bb34-1173f28b0a71 0.544s
2025-12-12 05:02:05.195 66205 INFO tempest.lib.common.rest_client [req-640f57c1-e9ab-49f1-9c95-12eb14d10538 req-640f57c1-e9ab-49f1-9c95-12eb14d10538 ] Request (ServersAdminNegativeTestJSON:tearDownClass): 200 GET http://10.180.1.21/compute/v2.1/servers/49468a0e-ae37-48c2-a402-2ee244c57d41 1.483s
2025-12-12 05:02:05.298 66187 INFO tempest.lib.common.rest_client [req-cf4ddba6-c1b7-45ed-b822-43ef2edf4b4c req-cf4ddba6-c1b7-45ed-b822-43ef2edf4b4c ] Request (VolumesAssistedSnapshotsTest:tearDownClass): 204 DELETE http://10.180.1.21/identity/v3/projects/5df23c9ab497416bb19b62ebbbd21bdc 0.129s
2025-12-12 05:02:05.329 66189 INFO tempest.lib.common.rest_client [req-5badc6ce-5358-446f-9898-d56387b72d40 req-5badc6ce-5358-446f-9898-d56387b72d40 ] Request (AttachInterfacesUnderV243Test:test_add_remove_fixed_ip): 200 GET http://10.180.1.21/compute/v2.1/servers/5bca94de-5a12-42e9-bdf9-3fc9ca2fca98/os-interface/091f7171-988a-4500-80f2-0296d6a1dc14 1.454s
2025-12-12 05:02:05.362 66221 INFO tempest.lib.common.rest_client [req-a5e3c4f3-c7f5-4dc3-9afb-3d4e34cb7c82 req-a5e3c4f3-c7f5-4dc3-9afb-3d4e34cb7c82 ] Request (ServersAdminTestJSON:test_inject_network_info): 200 GET http://10.180.1.21/compute/v2.1/servers/035ecba9-003f-4f9e-b033-2fa672effdea 1.529s
2025-12-12 05:02:05.370 66187 INFO tempest.lib.common.rest_client [req-f0f0bae9-5fca-4577-addd-7b00d5344ec9 req-f0f0bae9-5fca-4577-addd-7b00d5344ec9 ] Request (TenantUsagesTestJSON:setUpClass): 201 POST http://10.180.1.21/identity/v3/auth/tokens 0.070s
2025-12-12 05:02:05.379 66221 INFO tempest.common.waiters [-] State transition "BUILD/None" ==> "BUILD/spawning" after 42 second wait
2025-12-12 05:02:05.410 66187 INFO tempest.lib.common.rest_client [req-ba123d66-b0cb-4e62-929d-7a5c33774f78 req-ba123d66-b0cb-4e62-929d-7a5c33774f78 ] Request (TenantUsagesTestJSON:setUpClass): 201 POST http://10.180.1.21/identity/v3/auth/tokens 0.036s
2025-12-12 05:02:05.437 66187 INFO tempest.lib.common.rest_client [req-911591a6-e047-4f46-b47e-cce4acea2829 req-911591a6-e047-4f46-b47e-cce4acea2829 ] Request (TenantUsagesTestJSON:setUpClass): 200 GET http://10.180.1.21/identity/v3/domains?name=Default 0.026s
2025-12-12 05:02:05.473 66187 INFO tempest.lib.common.rest_client [req-33861255-a47c-4417-8bd6-ace08fabf9e4 req-33861255-a47c-4417-8bd6-ace08fabf9e4 ] Request (TenantUsagesTestJSON:setUpClass): 201 POST http://10.180.1.21/identity/v3/projects 0.035s
2025-12-12 05:02:05.497 66227 INFO tempest.lib.common.rest_client [req-ae685529-a831-4395-801a-395c618d53dc req-ae685529-a831-4395-801a-395c618d53dc ] Request (ServerActionsTestOtherA:_run_cleanups): 200 GET http://10.180.1.21/compute/v2.1/servers/9b67651b-119f-4115-a253-6862f379cad1 1.483s
2025-12-12 05:02:05.520 66229 INFO tempest.lib.common.rest_client [req-970dd487-d215-4506-a54e-f03b27f47d4e req-970dd487-d215-4506-a54e-f03b27f47d4e ] Request (ListServerFiltersTestJSON:tearDownClass): 200 GET http://10.180.1.21/compute/v2.1/servers/f254d45e-203e-45f3-a3e9-64f0ec333fc9 1.640s
2025-12-12 05:02:05.533 66187 INFO tempest.lib.common.rest_client [req-8368f805-a4ab-4798-b5cb-a9ac6407a762 req-8368f805-a4ab-4798-b5cb-a9ac6407a762 ] Request (TenantUsagesTestJSON:setUpClass): 201 POST http://10.180.1.21/identity/v3/users 0.060s
2025-12-12 05:02:05.558 66187 INFO tempest.lib.common.rest_client [req-145e454a-ed9f-4edc-ac08-3d11650d2f0a req-145e454a-ed9f-4edc-ac08-3d11650d2f0a ] Request (TenantUsagesTestJSON:setUpClass): 200 GET http://10.180.1.21/identity/v3/roles 0.024s
2025-12-12 05:02:05.562 66231 INFO tempest.lib.common.rest_client [req-673599e8-83e9-4c15-8e7d-ae1931585e46 req-673599e8-83e9-4c15-8e7d-ae1931585e46 ] Request (AttachInterfacesTestJSON:test_create_list_show_delete_interfaces_by_fixed_ip): 200 GET http://10.180.1.21/compute/v2.1/servers/3626ff34-ed4e-4aaf-8fea-5fa2a95ffc75/os-interface 1.469s
2025-12-12 05:02:05.576 66209 INFO tempest.lib.common.rest_client [req-132353b2-85b1-4f67-a7b7-34cc61fa7ecd req-132353b2-85b1-4f67-a7b7-34cc61fa7ecd ] Request (ImagesOneServerNegativeTestJSON:_run_cleanups): 200 GET http://10.180.1.21/compute/v2.1/servers/83ddfe52-53ff-4c80-b0d7-b3e7c90c8aab 1.407s
2025-12-12 05:02:05.588 66187 INFO tempest.lib.common.rest_client [req-14d121ee-e47a-485e-841d-fe4bb21866a9 req-14d121ee-e47a-485e-841d-fe4bb21866a9 ] Request (TenantUsagesTestJSON:setUpClass): 204 PUT http://10.180.1.21/identity/v3/projects/9acd2ea92f5747b5b03b496724b15203/users/f9893cb886654338870c9cf0607ffb50/roles/7e51e427c2c545e3ad9f787f8bb0e602 0.030s
2025-12-12 05:02:05.589 66187 INFO tempest.lib.common.dynamic_creds [-] Dynamic test user f9893cb886654338870c9cf0607ffb50 is created with scope project and roles: ['member']
2025-12-12 05:02:05.589 66187 INFO tempest.lib.common.dynamic_creds [-] Acquired dynamic creds: credentials: Credentials: {'domain_id': 'default', 'domain_name': 'Default', 'username': 'tempest-TenantUsagesTestJSON-1881236298-project-member', 'project_domain_id': 'default', 'project_domain_name': 'Default', 'project_id': '9acd2ea92f5747b5b03b496724b15203', 'project_name': 'tempest-TenantUsagesTestJSON-1881236298', 'tenant_id': '9acd2ea92f5747b5b03b496724b15203', 'tenant_name': 'tempest-TenantUsagesTestJSON-1881236298', 'user_domain_id': 'default', 'user_domain_name': 'Default', 'user_id': 'f9893cb886654338870c9cf0607ffb50', 'system': None}, Network: None, Subnet: None, Router: None
2025-12-12 05:02:05.589 66187 INFO tempest.lib.common.dynamic_creds [-] Created isolated network resources for: credentials: Credentials: {'domain_id': 'default', 'domain_name': 'Default', 'username': 'tempest-TenantUsagesTestJSON-1881236298-project-member', 'project_domain_id': 'default', 'project_domain_name': 'Default', 'project_id': '9acd2ea92f5747b5b03b496724b15203', 'project_name': 'tempest-TenantUsagesTestJSON-1881236298', 'tenant_id': '9acd2ea92f5747b5b03b496724b15203', 'tenant_name': 'tempest-TenantUsagesTestJSON-1881236298', 'user_domain_id': 'default', 'user_domain_name': 'Default', 'user_id': 'f9893cb886654338870c9cf0607ffb50', 'system': None}, Network: None, Subnet: None, Router: None
2025-12-12 05:02:05.683 66187 INFO tempest.lib.common.rest_client [req-7edf23d2-07c0-47d8-a5a9-0d842bf0198a req-7edf23d2-07c0-47d8-a5a9-0d842bf0198a ] Request (TenantUsagesTestJSON:setUpClass): 201 POST http://10.180.1.21/identity/v3/auth/tokens 0.091s
2025-12-12 05:02:05.699 66217 INFO tempest.lib.common.rest_client [req-c32e7f45-161a-47be-9d3a-8fe2da7b25ef req-c32e7f45-161a-47be-9d3a-8fe2da7b25ef ] Request (ServerActionsV293TestJSON:setUpClass): 202 POST http://10.180.1.21/volume/v3/volumes 0.549s
2025-12-12 05:02:05.711 66239 INFO tempest.lib.common.rest_client [req-7a096043-6579-4eb2-b894-c42b00f77324 req-7a096043-6579-4eb2-b894-c42b00f77324 ] Request (ServerActionsTestOtherB:test_create_backup): 200 GET http://10.180.1.21/image/v2/images/a00078f2-04f4-4121-a299-2a6e4c1f9658 0.023s
2025-12-12 05:02:05.728 66225 INFO tempest.lib.common.rest_client [req-ab6f8dc0-73d4-4f47-b421-cf447278254f req-ab6f8dc0-73d4-4f47-b421-cf447278254f ] Request (ServerGroupTestJSON:_run_cleanups): 200 GET http://10.180.1.21/compute/v2.1/servers/e7dccd69-8e1c-46ca-a567-8b9f2357e2cf 1.524s
2025-12-12 05:02:05.738 66249 INFO tempest.lib.common.rest_client [req-287b0ed7-07ae-4683-bac2-00a533e04c34 req-287b0ed7-07ae-4683-bac2-00a533e04c34 ] Request (AttachVolumeShelveTestJSON:test_attach_volume_shelved_or_offload_server): 200 GET http://10.180.1.21/compute/v2.1/servers/621d9682-b9f6-4b3f-9e2d-bab56977ae41 1.526s
2025-12-12 05:02:05.755 66217 INFO tempest.lib.common.rest_client [req-2eeb986b-334f-4eac-8f37-8ab8f93173bb req-2eeb986b-334f-4eac-8f37-8ab8f93173bb ] Request (ServerActionsV293TestJSON:setUpClass): 200 GET http://10.180.1.21/volume/v3/volumes/fcf99c0b-0d2d-44eb-aa1d-d70fa4f209cc 0.044s
2025-12-12 05:02:05.772 66187 INFO tempest.lib.common.rest_client [req-d0e1065b-4f92-4a57-83b2-22d8440e3637 req-d0e1065b-4f92-4a57-83b2-22d8440e3637 ] Request (TenantUsagesTestJSON:setUpClass): 201 POST http://10.180.1.21/identity/v3/projects 0.088s
2025-12-12 05:02:05.789 66185 INFO tempest.lib.common.rest_client [req-892ad68a-64bf-4587-a2d8-8b46f9a730b4 req-892ad68a-64bf-4587-a2d8-8b46f9a730b4 ] Request (ServersTestJSON:test_create_server_specify_multibyte_character_name): 200 GET http://10.180.1.21/compute/v2.1/servers/79c52613-1b43-45c3-b60f-4021e1043096 1.554s
2025-12-12 05:02:05.797 66185 INFO tempest.common.waiters [-] State transition "BUILD/None" ==> "BUILD/networking" after 41 second wait
2025-12-12 05:02:05.814 66233 INFO tempest.lib.common.rest_client [req-669adc5b-451f-49a6-b33e-fc5776ee078f req-669adc5b-451f-49a6-b33e-fc5776ee078f ] Request (ServersTestBootFromVolume:tearDownClass): 200 GET http://10.180.1.21/compute/v2.1/servers/b30d7ae5-2bfc-4c1d-8226-360a922c1132 1.536s
2025-12-12 05:02:05.843 66187 INFO tempest.lib.common.rest_client [req-0e9eb89d-1800-4d6d-963c-e025f5257917 req-0e9eb89d-1800-4d6d-963c-e025f5257917 ] Request (TenantUsagesTestJSON:setUpClass): 201 POST http://10.180.1.21/identity/v3/users 0.070s
2025-12-12 05:02:05.854 66241 INFO tempest.lib.common.rest_client [req-ceca720b-661a-4f5b-8553-edb08e72cf16 req-ceca720b-661a-4f5b-8553-edb08e72cf16 ] Request (SecurityGroupsTestJSON:test_server_security_groups): 200 GET http://10.180.1.21/compute/v2.1/servers/07fbf153-3dc9-4c90-b7d6-cf8ab514189b 1.561s
2025-12-12 05:02:05.865 66201 INFO tempest.lib.common.rest_client [req-254d3d93-fd3a-4b0f-88ba-5c9be7fa6cda req-254d3d93-fd3a-4b0f-88ba-5c9be7fa6cda ] Request (ListImageFiltersTestJSON:setUpClass): 200 GET http://10.180.1.21/compute/v2.1/servers/a5caf405-ec02-4b40-8359-09d430d78f7b 1.527s
2025-12-12 05:02:05.866 66187 INFO tempest.lib.common.rest_client [req-6e91be1c-aa94-4dc0-9813-5f2851b557f6 req-6e91be1c-aa94-4dc0-9813-5f2851b557f6 ] Request (TenantUsagesTestJSON:setUpClass): 200 GET http://10.180.1.21/identity/v3/roles 0.023s
2025-12-12 05:02:05.910 66187 INFO tempest.lib.common.rest_client [req-6f1146d3-452c-4bc7-8d8d-8d2eedf01af3 req-6f1146d3-452c-4bc7-8d8d-8d2eedf01af3 ] Request (TenantUsagesTestJSON:setUpClass): 204 PUT http://10.180.1.21/identity/v3/projects/8312c1b55d1e4e8fa29b74f9a6e0760b/users/8c35b2b9fa9447d1821d6944c2b0c4f0/roles/dd9ec34643d2492fa47ed2c39f400e85 0.043s
2025-12-12 05:02:05.928 66247 INFO tempest.lib.common.rest_client [req-243d55f2-8582-40d3-a94c-b1f84e1808ac req-243d55f2-8582-40d3-a94c-b1f84e1808ac ] Request (DeleteServersTestJSON:test_delete_server_while_in_attached_volume): 200 GET http://10.180.1.21/compute/v2.1/servers/0c6788bc-b210-4c96-9677-47babe35f74e 1.574s
2025-12-12 05:02:05.934 66193 INFO tempest.lib.common.rest_client [req-83864247-7f38-4495-bed4-9142f429e43d req-83864247-7f38-4495-bed4-9142f429e43d ] Request (ServerMetadataTestJSON:setUpClass): 200 GET http://10.180.1.21/compute/v2.1/servers/4c3dcf22-c2c8-4363-948b-7149b72a3bc9 1.528s
2025-12-12 05:02:05.970 66187 INFO tempest.lib.common.rest_client [req-066de5de-7388-4c58-9ca6-e0d3aa422796 req-066de5de-7388-4c58-9ca6-e0d3aa422796 ] Request (TenantUsagesTestJSON:setUpClass): 200 GET http://10.180.1.21/identity/v3/roles 0.059s
2025-12-12 05:02:06.008 66187 INFO tempest.lib.common.rest_client [req-d6569539-978c-4be7-a567-61864c9fb690 req-d6569539-978c-4be7-a567-61864c9fb690 ] Request (TenantUsagesTestJSON:setUpClass): 204 PUT http://10.180.1.21/identity/v3/projects/8312c1b55d1e4e8fa29b74f9a6e0760b/users/8c35b2b9fa9447d1821d6944c2b0c4f0/roles/dd9ec34643d2492fa47ed2c39f400e85 0.038s
2025-12-12 05:02:06.009 66187 INFO tempest.lib.common.dynamic_creds [-] Dynamic test user 8c35b2b9fa9447d1821d6944c2b0c4f0 is created with scope project and roles: ['admin']
2025-12-12 05:02:06.009 66187 INFO tempest.lib.common.dynamic_creds [-] Acquired dynamic creds: credentials: Credentials: {'domain_id': 'default', 'domain_name': 'Default', 'username': 'tempest-TenantUsagesTestJSON-2056239272-project-admin', 'project_domain_id': 'default', 'project_domain_name': 'Default', 'project_id': '8312c1b55d1e4e8fa29b74f9a6e0760b', 'project_name': 'tempest-TenantUsagesTestJSON-2056239272', 'tenant_id': '8312c1b55d1e4e8fa29b74f9a6e0760b', 'tenant_name': 'tempest-TenantUsagesTestJSON-2056239272', 'user_domain_id': 'default', 'user_domain_name': 'Default', 'user_id': '8c35b2b9fa9447d1821d6944c2b0c4f0', 'system': None}, Network: None, Subnet: None, Router: None
2025-12-12 05:02:06.009 66187 INFO tempest.lib.common.dynamic_creds [-] Created isolated network resources for: credentials: Credentials: {'domain_id': 'default', 'domain_name': 'Default', 'username': 'tempest-TenantUsagesTestJSON-2056239272-project-admin', 'project_domain_id': 'default', 'project_domain_name': 'Default', 'project_id': '8312c1b55d1e4e8fa29b74f9a6e0760b', 'project_name': 'tempest-TenantUsagesTestJSON-2056239272', 'tenant_id': '8312c1b55d1e4e8fa29b74f9a6e0760b', 'tenant_name': 'tempest-TenantUsagesTestJSON-2056239272', 'user_domain_id': 'default', 'user_domain_name': 'Default', 'user_id': '8c35b2b9fa9447d1821d6944c2b0c4f0', 'system': None}, Network: None, Subnet: None, Router: None
2025-12-12 05:02:06.009 66245 INFO tempest.lib.common.rest_client [req-d66144f9-9662-42da-83a9-2a91d59510de req-d66144f9-9662-42da-83a9-2a91d59510de ] Request (ImagesOneServerTestJSON:setUpClass): 200 GET http://10.180.1.21/compute/v2.1/servers/92c3b108-ba67-441c-bb97-e5b1396e7902 1.515s
