2025-12-12 05:00:27.708 66247 INFO tempest.lib.common.rest_client [req-d3e81f09-9b2e-4e5a-a700-1acbb70ea683 req-d3e81f09-9b2e-4e5a-a700-1acbb70ea683 ] Request (DeleteServersTestJSON:test_delete_active_server): 200 GET http://10.180.1.21/compute/v2.1/servers/510bd36b-f1ec-4a90-a284-b6785a9c85c4 3.931s
2025-12-12 05:00:27.802 66221 INFO tempest.lib.common.rest_client [req-c2690379-4ea5-471f-82f6-635e8a8f1c6a req-c2690379-4ea5-471f-82f6-635e8a8f1c6a ] Request (ServersAdminTestJSON:test_create_server_with_scheduling_hint): 201 POST http://10.180.1.21/identity/v3/auth/tokens 0.099s
2025-12-12 05:00:27.803 66221 INFO tempest.lib.common.fixed_network [-] (ServersAdminTestJSON:test_create_server_with_scheduling_hint) Found network {'id': '1be13bcc-2005-491c-b4e4-19a85bb0b015', 'name': 'tempest-ServersAdminTestJSON-1494739077-network', 'tenant_id': '71c045b60b35498faf0ca9f8e4f64534', 'project_id': '71c045b60b35498faf0ca9f8e4f64534', 'admin_state_up': True, 'mtu': 8950, 'status': 'ACTIVE', 'subnets': [], 'shared': False, 'port_security_enabled': True, 'router:external': False, 'provider:network_type': 'vlan', 'provider:physical_network': 'default', 'provider:segmentation_id': 635, 'availability_zone_hints': [], 'availability_zones': [], 'ipv4_address_scope': None, 'ipv6_address_scope': None, 'description': '', 'tags': [], 'created_at': '2025-12-12T04:59:14Z', 'updated_at': '2025-12-12T04:59:14Z', 'revision_number': 1} available for tenant
2025-12-12 05:00:27.866 66189 INFO tempest.lib.common.rest_client [req-f73663f0-7423-49bd-a9d0-1e07b8e25a90 req-f73663f0-7423-49bd-a9d0-1e07b8e25a90 ] Request (AttachInterfacesUnderV243Test:test_add_remove_fixed_ip): 200 GET http://10.180.1.21/compute/v2.1/servers/5bca94de-5a12-42e9-bdf9-3fc9ca2fca98 3.809s
2025-12-12 05:00:27.912 66241 INFO tempest.lib.common.rest_client [req-f3caf57a-f0f6-4f08-af83-189a1f0c5576 req-f3caf57a-f0f6-4f08-af83-189a1f0c5576 ] Request (SecurityGroupsTestJSON:test_security_groups_create_list_delete): 202 DELETE http://10.180.1.21/compute/v2.1/os-security-groups/ef286401-7fa4-4615-ab4e-03f268a469d6 3.838s
2025-12-12 05:00:27.951 66217 INFO tempest.lib.common.rest_client [req-5c0b496f-9290-4731-a91f-9b8e49271755 req-5c0b496f-9290-4731-a91f-9b8e49271755 ] Request (ListServersNegativeTestJSON:setUpClass): 200 GET http://10.180.1.21/compute/v2.1/servers/70ea724b-1f77-405e-99c3-e15d852d5fcf 3.726s
2025-12-12 05:00:27.954 66235 INFO tempest.lib.common.rest_client [req-e3ebad8d-8cd5-46c3-8ac9-37aa01443018 req-e3ebad8d-8cd5-46c3-8ac9-37aa01443018 ] Request (MigrationsAdminTest:test_list_migrations_in_flavor_resize_situation): 200 POST http://10.180.1.21/compute/v2.1/os-keypairs 3.691s
2025-12-12 05:00:28.032 66191 INFO tempest.lib.common.rest_client [req-697ee4b1-6f2e-423e-853c-6a59f5ac3d40 req-697ee4b1-6f2e-423e-853c-6a59f5ac3d40 ] Request (AZAdminNegativeTestJSON:test_get_availability_zone_list_detail_with_non_admin_user): 403 GET http://10.180.1.21/compute/v2.1/os-availability-zone/detail 3.311s
2025-12-12 05:00:28.077 66235 INFO tempest.lib.common.rest_client [req-dbed68ed-898f-47c7-8f0e-7fd2dc2890d5 req-dbed68ed-898f-47c7-8f0e-7fd2dc2890d5 ] Request (MigrationsAdminTest:test_list_migrations_in_flavor_resize_situation): 201 POST http://10.180.1.21/networking/v2.0/security-groups 0.121s
2025-12-12 05:00:28.143 66205 INFO tempest.lib.common.rest_client [req-f39f9c05-dcb8-4b85-a2fe-1b572b040330 req-f39f9c05-dcb8-4b85-a2fe-1b572b040330 ] Request (ServersAdminNegativeTestJSON:test_migrate_server_invalid_state): 200 GET http://10.180.1.21/compute/v2.1/servers/071a67fa-c8c5-4f8b-9a8e-9efe922333ae 3.424s
2025-12-12 05:00:28.151 66205 INFO tempest.common.waiters [-] State transition "BUILD/spawning" ==> "ACTIVE/None" after 45 second wait
2025-12-12 05:00:28.168 66191 INFO tempest.lib.common.rest_client [req-6f25a592-37f8-42a6-a123-ba232c7f0594 req-6f25a592-37f8-42a6-a123-ba232c7f0594 ] Request (AZAdminNegativeTestJSON:tearDownClass): 204 DELETE http://10.180.1.21/identity/v3/users/5819a2f6d266400d96a8cd132fbe88b3 0.135s
2025-12-12 05:00:28.170 66213 INFO tempest.lib.common.rest_client [req-4465a741-7eb0-450e-8832-811f005bf98a req-4465a741-7eb0-450e-8832-811f005bf98a ] Request (ServerPasswordTestJSON:setUpClass): 200 GET http://10.180.1.21/compute/v2.1/servers/dd1c6e49-0d97-4361-81e5-8edbf36b0283 3.244s
2025-12-12 05:00:28.177 66213 INFO tempest.common.waiters [-] State transition "BUILD/networking" ==> "BUILD/spawning" after 35 second wait
2025-12-12 05:00:28.209 66235 INFO tempest.lib.common.rest_client [req-04190f27-c0fa-41f3-89bc-5d113f12ad21 req-04190f27-c0fa-41f3-89bc-5d113f12ad21 ] Request (MigrationsAdminTest:test_list_migrations_in_flavor_resize_situation): 201 POST http://10.180.1.21/networking/v2.0/security-group-rules 0.132s
2025-12-12 05:00:28.244 66225 INFO tempest.lib.common.rest_client [req-70768443-e9a1-4007-9e3d-abee89083c4e req-70768443-e9a1-4007-9e3d-abee89083c4e ] Request (InstanceActionsTestJSON:tearDownClass): 200 GET http://10.180.1.21/compute/v2.1/servers/732800db-fb4b-4b74-b50e-ed10721f0ff9 3.185s
2025-12-12 05:00:28.300 66191 INFO tempest.lib.common.rest_client [req-dd20d43f-f919-48f6-bc1e-544b653fbf0b req-dd20d43f-f919-48f6-bc1e-544b653fbf0b ] Request (AZAdminNegativeTestJSON:tearDownClass): 204 DELETE http://10.180.1.21/identity/v3/users/30838bd5ebf546398a678b1b28dc9450 0.131s
2025-12-12 05:00:28.301 66191 INFO tempest.lib.common.dynamic_creds [-] Deleting project and security group for project: 0cb0c8c47cb641d5b982097332897824
2025-12-12 05:00:28.363 66235 INFO tempest.lib.common.rest_client [req-cf78671d-541f-4022-b8fe-5f69edabc1ae req-cf78671d-541f-4022-b8fe-5f69edabc1ae ] Request (MigrationsAdminTest:test_list_migrations_in_flavor_resize_situation): 201 POST http://10.180.1.21/networking/v2.0/security-group-rules 0.154s
2025-12-12 05:00:28.393 66191 INFO tempest.lib.common.rest_client [req-3143f80f-b1fd-4aba-9488-65aa16db44fa req-3143f80f-b1fd-4aba-9488-65aa16db44fa ] Request (AZAdminNegativeTestJSON:tearDownClass): 201 POST http://10.180.1.21/identity/v3/auth/tokens 0.092s
2025-12-12 05:00:28.408 66185 INFO tempest.lib.common.rest_client [req-2b40cd6c-43db-42d0-bfd1-8512bfc2a877 req-2b40cd6c-43db-42d0-bfd1-8512bfc2a877 ] Request (MultipleCreateTestJSON:test_multiple_create_with_reservation_return): 200 GET http://10.180.1.21/compute/v2.1/servers/6002d05c-6c45-468f-8604-548cf12c010a 3.116s
2025-12-12 05:00:28.477 66203 INFO tempest.lib.common.rest_client [req-137e4b00-9fd0-4b62-9fd8-dc30a68f6efe req-137e4b00-9fd0-4b62-9fd8-dc30a68f6efe ] Request (QuotasAdminTestV257:test_get_updated_quotas): 200 PUT http://10.180.1.21/compute/v2.1/os-quota-sets/5a254d0a38f244cf81ad1c9f0518869c 3.420s
2025-12-12 05:00:28.578 66191 INFO tempest.lib.common.rest_client [req-34310ed3-704a-4426-aaa3-ff90508a9708 req-34310ed3-704a-4426-aaa3-ff90508a9708 ] Request (AZAdminNegativeTestJSON:tearDownClass): 200 GET http://10.180.1.21/networking/v2.0/security-groups?tenant_id=0cb0c8c47cb641d5b982097332897824&name=default 0.184s
2025-12-12 05:00:28.601 66215 INFO tempest.lib.common.rest_client [req-5a358177-63ba-4939-b2d8-9d6d3238c1be req-5a358177-63ba-4939-b2d8-9d6d3238c1be ] Request (FloatingIPsAssociationNegativeTestJSON:setUpClass): 200 GET http://10.180.1.21/compute/v2.1/servers/5630152b-3682-4248-863d-02c572b14caf 3.269s
2025-12-12 05:00:28.689 66231 WARNING tempest.lib.common.ssh [-] Failed to establish authenticated ssh connection to cirros@10.180.180.143 ([Errno None] Unable to connect to port 22 on 10.180.180.143). Number attempts: 1. Retry after 2 seconds.: paramiko.ssh_exception.NoValidConnectionsError: [Errno None] Unable to connect to port 22 on 10.180.180.143
2025-12-12 05:00:28.692 66191 INFO tempest.lib.common.rest_client [req-0c51bd4f-ccbf-4d09-9ca4-3411c8cf66ca req-0c51bd4f-ccbf-4d09-9ca4-3411c8cf66ca ] Request (AZAdminNegativeTestJSON:tearDownClass): 204 DELETE http://10.180.1.21/networking/v2.0/security-groups/c95a0216-82ae-4706-9634-ec45218c23b4 0.113s
2025-12-12 05:00:28.752 66239 INFO tempest.lib.common.rest_client [req-1058dda0-41cd-4cf0-9b81-c23131083dc2 req-1058dda0-41cd-4cf0-9b81-c23131083dc2 ] Request (ServerActionsTestOtherB:setUpClass): 200 GET http://10.180.1.21/compute/v2.1/servers/207fe027-2104-41de-9d96-00ca990957e4 2.656s
2025-12-12 05:00:28.765 66191 INFO tempest.lib.common.rest_client [req-cb4a124a-a3bf-426b-864e-cda38f0efb18 req-cb4a124a-a3bf-426b-864e-cda38f0efb18 ] Request (AZAdminNegativeTestJSON:tearDownClass): 204 DELETE http://10.180.1.21/identity/v3/projects/0cb0c8c47cb641d5b982097332897824 0.073s
2025-12-12 05:00:28.766 66191 INFO tempest.lib.common.dynamic_creds [-] Deleting project and security group for project: ded7c0a646804469b92a4c435f40498d
2025-12-12 05:00:28.824 66235 INFO tempest.lib.common.rest_client [req-d5278814-b00a-46c7-8528-d09c39f08c94 req-d5278814-b00a-46c7-8528-d09c39f08c94 ] Request (MigrationsAdminTest:test_list_migrations_in_flavor_resize_situation): 201 POST http://10.180.1.21/networking/v2.0/floatingips 0.460s
2025-12-12 05:00:28.949 66201 INFO tempest.lib.common.rest_client [req-89e13bfb-8f6e-47e9-8019-ca8dbfa5aab6 req-89e13bfb-8f6e-47e9-8019-ca8dbfa5aab6 ] Request (FloatingIPsAssociationTestJSON:tearDownClass): 204 DELETE http://10.180.1.21/compute/v2.1/servers/47df6e76-bb25-4d5a-bc03-a57a92acd5d9 2.147s
2025-12-12 05:00:28.958 66191 INFO tempest.lib.common.rest_client [req-3b44dd73-70fb-4e1a-ba33-c4693d0d2964 req-3b44dd73-70fb-4e1a-ba33-c4693d0d2964 ] Request (AZAdminNegativeTestJSON:tearDownClass): 200 GET http://10.180.1.21/networking/v2.0/security-groups?tenant_id=ded7c0a646804469b92a4c435f40498d&name=default 0.192s
2025-12-12 05:00:29.047 66193 INFO tempest.lib.common.rest_client [req-375dd153-6bcf-4a4a-ad9f-ca9fdf23d3a4 req-375dd153-6bcf-4a4a-ad9f-ca9fdf23d3a4 ] Request (InstanceActionsV221TestJSON:test_get_list_deleted_instance_actions): 200 GET http://10.180.1.21/compute/v2.1/servers/c33eeba5-0e8e-41cd-9268-4546c9dcbd0d 2.192s
2025-12-12 05:00:29.073 66245 INFO tempest.lib.common.rest_client [req-eb7f91c1-f24d-42fe-9258-dd46cdb0bc51 req-eb7f91c1-f24d-42fe-9258-dd46cdb0bc51 ] Request (FlavorsAdminTestJSON:test_is_public_string_variations): 200 GET http://10.180.1.21/compute/v2.1/flavors/detail?is_public=1 2.185s
2025-12-12 05:00:29.096 66191 INFO tempest.lib.common.rest_client [req-72bea973-f075-443a-9249-33b51d2e9aba req-72bea973-f075-443a-9249-33b51d2e9aba ] Request (AZAdminNegativeTestJSON:tearDownClass): 204 DELETE http://10.180.1.21/networking/v2.0/security-groups/db7efa32-ad33-47db-b90a-2b7a0a8bf2e9 0.137s
2025-12-12 05:00:29.101 66197 INFO tempest.lib.common.rest_client [req-84976c0c-f596-4b15-9fa2-1d66c9fb5612 req-84976c0c-f596-4b15-9fa2-1d66c9fb5612 ] Request (ServersTestFqdnHostnames:test_create_server_with_fqdn_name): 202 POST http://10.180.1.21/compute/v2.1/servers 3.139s
2025-12-12 05:00:29.137 66229 INFO tempest.lib.common.rest_client [req-42cc1c8e-6260-4a5d-8287-8c39ccd27ada req-42cc1c8e-6260-4a5d-8287-8c39ccd27ada ] Request (ListServerFiltersTestJSON:test_list_servers_filter_by_shutoff_status): 200 GET http://10.180.1.21/compute/v2.1/servers?status=shutoff 2.023s
2025-12-12 05:00:29.154 66195 INFO tempest.lib.common.rest_client [req-381908e3-76e1-4161-bc92-a1abd51dee34 req-381908e3-76e1-4161-bc92-a1abd51dee34 ] Request (ServerMetadataNegativeTestJSON:test_metadata_items_limit): 403 POST http://10.180.1.21/compute/v2.1/servers/201d1de1-1766-46d6-8989-b4a243e47e1e/metadata 1.979s
2025-12-12 05:00:29.197 66227 INFO tempest.lib.common.rest_client [req-352c5837-29b8-4e2c-8bf4-20e36e5a0e8a req-352c5837-29b8-4e2c-8bf4-20e36e5a0e8a ] Request (ServerActionsTestOtherA:test_rebuild_server_in_stop_state): 200 GET http://10.180.1.21/compute/v2.1/servers/9b67651b-119f-4115-a253-6862f379cad1 1.936s
2025-12-12 05:00:29.221 66191 INFO tempest.lib.common.rest_client [req-e063be16-a5bf-41d8-84d9-6c7a1d935408 req-e063be16-a5bf-41d8-84d9-6c7a1d935408 ] Request (AZAdminNegativeTestJSON:tearDownClass): 204 DELETE http://10.180.1.21/identity/v3/projects/ded7c0a646804469b92a4c435f40498d 0.124s
2025-12-12 05:00:29.223 66199 INFO tempest.lib.common.rest_client [req-b052c172-f0e2-48c5-b4cc-d13a5e11289a req-b052c172-f0e2-48c5-b4cc-d13a5e11289a ] Request (DeleteServersAdminTestJSON:test_delete_server_while_in_error_state): 200 GET http://10.180.1.21/compute/v2.1/servers/fbf2d474-4e43-400f-a4fc-44842e381303 1.826s
2025-12-12 05:00:29.224 66195 INFO tempest.lib.common.rest_client [req-6790792d-e233-42d8-bbc7-61a65c40f6ef req-6790792d-e233-42d8-bbc7-61a65c40f6ef ] Request (ServerMetadataNegativeTestJSON:test_server_create_metadata_key_too_long): 201 POST http://10.180.1.21/identity/v3/auth/tokens 0.066s
2025-12-12 05:00:29.225 66195 INFO tempest.lib.common.fixed_network [-] (ServerMetadataNegativeTestJSON:test_server_create_metadata_key_too_long) Found network {'id': '4215ac50-4a3f-4bcc-8489-7e5972dfc18a', 'name': 'tempest-ServerMetadataNegativeTestJSON-1023146169-network', 'tenant_id': 'caa60f690cb5485a8e712e0f1191e13a', 'project_id': 'caa60f690cb5485a8e712e0f1191e13a', 'admin_state_up': True, 'mtu': 8950, 'status': 'ACTIVE', 'subnets': [], 'shared': False, 'port_security_enabled': True, 'router:external': False, 'provider:network_type': 'vlan', 'provider:physical_network': 'default', 'provider:segmentation_id': 428, 'availability_zone_hints': [], 'availability_zones': [], 'ipv4_address_scope': None, 'ipv6_address_scope': None, 'description': '', 'tags': [], 'created_at': '2025-12-12T04:59:13Z', 'updated_at': '2025-12-12T04:59:13Z', 'revision_number': 1} available for tenant
2025-12-12 05:00:29.311 66191 INFO tempest.lib.common.rest_client [req-842ef3b5-076f-49fa-9841-cda0f5cd1ec1 req-842ef3b5-076f-49fa-9841-cda0f5cd1ec1 ] Request (QuotasAdminTestV236:setUpClass): 201 POST http://10.180.1.21/identity/v3/auth/tokens 0.089s
2025-12-12 05:00:29.342 66191 INFO tempest.lib.common.rest_client [req-f33bd344-0b6a-47d2-9ec1-47f17bf89fbf req-f33bd344-0b6a-47d2-9ec1-47f17bf89fbf ] Request (QuotasAdminTestV236:setUpClass): 201 POST http://10.180.1.21/identity/v3/auth/tokens 0.027s
2025-12-12 05:00:29.369 66191 INFO tempest.lib.common.rest_client [req-c2845917-de76-44f5-af08-40058a73c6b7 req-c2845917-de76-44f5-af08-40058a73c6b7 ] Request (QuotasAdminTestV236:setUpClass): 200 GET http://10.180.1.21/identity/v3/domains?name=Default 0.026s
2025-12-12 05:00:29.399 66191 INFO tempest.lib.common.rest_client [req-2eca608e-233b-482a-bbdf-dd9fc889dd08 req-2eca608e-233b-482a-bbdf-dd9fc889dd08 ] Request (QuotasAdminTestV236:setUpClass): 201 POST http://10.180.1.21/identity/v3/projects 0.030s
2025-12-12 05:00:29.474 66191 INFO tempest.lib.common.rest_client [req-2ada1d1b-c00f-43e7-8d5d-fe174d7a52e7 req-2ada1d1b-c00f-43e7-8d5d-fe174d7a52e7 ] Request (QuotasAdminTestV236:setUpClass): 201 POST http://10.180.1.21/identity/v3/users 0.074s
2025-12-12 05:00:29.496 66191 INFO tempest.lib.common.rest_client [req-bc70eba8-6713-48ae-895d-e1eed75adef2 req-bc70eba8-6713-48ae-895d-e1eed75adef2 ] Request (QuotasAdminTestV236:setUpClass): 200 GET http://10.180.1.21/identity/v3/roles 0.022s
2025-12-12 05:00:29.536 66191 INFO tempest.lib.common.rest_client [req-23a681c9-5b9a-4fa7-a0ee-0ed6f6daceba req-23a681c9-5b9a-4fa7-a0ee-0ed6f6daceba ] Request (QuotasAdminTestV236:setUpClass): 204 PUT http://10.180.1.21/identity/v3/projects/2a2bf2daa4704962bff6baeea5acc422/users/1edbfe16b8d04c84bbc4c14f6cea0fb1/roles/7e51e427c2c545e3ad9f787f8bb0e602 0.039s
2025-12-12 05:00:29.536 66191 INFO tempest.lib.common.dynamic_creds [-] Dynamic test user 1edbfe16b8d04c84bbc4c14f6cea0fb1 is created with scope project and roles: ['member']
2025-12-12 05:00:29.536 66191 INFO tempest.lib.common.dynamic_creds [-] Acquired dynamic creds: credentials: Credentials: {'domain_id': 'default', 'domain_name': 'Default', 'username': 'tempest-QuotasAdminTestV236-162287750-project-member', 'project_domain_id': 'default', 'project_domain_name': 'Default', 'project_id': '2a2bf2daa4704962bff6baeea5acc422', 'project_name': 'tempest-QuotasAdminTestV236-162287750', 'tenant_id': '2a2bf2daa4704962bff6baeea5acc422', 'tenant_name': 'tempest-QuotasAdminTestV236-162287750', 'user_domain_id': 'default', 'user_domain_name': 'Default', 'user_id': '1edbfe16b8d04c84bbc4c14f6cea0fb1', 'system': None}, Network: None, Subnet: None, Router: None
2025-12-12 05:00:29.536 66191 INFO tempest.lib.common.dynamic_creds [-] Created isolated network resources for: credentials: Credentials: {'domain_id': 'default', 'domain_name': 'Default', 'username': 'tempest-QuotasAdminTestV236-162287750-project-member', 'project_domain_id': 'default', 'project_domain_name': 'Default', 'project_id': '2a2bf2daa4704962bff6baeea5acc422', 'project_name': 'tempest-QuotasAdminTestV236-162287750', 'tenant_id': '2a2bf2daa4704962bff6baeea5acc422', 'tenant_name': 'tempest-QuotasAdminTestV236-162287750', 'user_domain_id': 'default', 'user_domain_name': 'Default', 'user_id': '1edbfe16b8d04c84bbc4c14f6cea0fb1', 'system': None}, Network: None, Subnet: None, Router: None
2025-12-12 05:00:29.618 66191 INFO tempest.lib.common.rest_client [req-8a767fc1-f234-4332-8a32-de3437d255e7 req-8a767fc1-f234-4332-8a32-de3437d255e7 ] Request (QuotasAdminTestV236:setUpClass): 201 POST http://10.180.1.21/identity/v3/auth/tokens 0.077s
2025-12-12 05:00:29.694 66187 WARNING tempest.lib.common.ssh [-] Failed to establish authenticated ssh connection to cirros@10.180.180.216 ([Errno None] Unable to connect to port 22 on 10.180.180.216). Number attempts: 9. Retry after 10 seconds.: paramiko.ssh_exception.NoValidConnectionsError: [Errno None] Unable to connect to port 22 on 10.180.180.216
2025-12-12 05:00:29.702 66191 INFO tempest.lib.common.rest_client [req-cb038f2a-1eab-416a-82b5-dc3b0950c480 req-cb038f2a-1eab-416a-82b5-dc3b0950c480 ] Request (QuotasAdminTestV236:setUpClass): 201 POST http://10.180.1.21/identity/v3/projects 0.083s
2025-12-12 05:00:29.708 66221 INFO tempest.lib.common.rest_client [req-194bcad8-e3d6-4baa-aea7-ee830efc8999 req-194bcad8-e3d6-4baa-aea7-ee830efc8999 ] Request (ServersAdminTestJSON:test_create_server_with_scheduling_hint): 202 POST http://10.180.1.21/compute/v2.1/servers 1.905s
2025-12-12 05:00:29.789 66241 INFO tempest.lib.common.rest_client [req-0449ddc2-d517-4aeb-8b1a-75f6a1b19bc7 req-0449ddc2-d517-4aeb-8b1a-75f6a1b19bc7 ] Request (SecurityGroupsTestJSON:test_security_groups_create_list_delete): 404 GET http://10.180.1.21/compute/v2.1/os-security-groups/ef286401-7fa4-4615-ab4e-03f268a469d6 1.876s
2025-12-12 05:00:29.818 66191 INFO tempest.lib.common.rest_client [req-97aa30bf-ac9e-498c-b24e-7a520710f5ac req-97aa30bf-ac9e-498c-b24e-7a520710f5ac ] Request (QuotasAdminTestV236:setUpClass): 201 POST http://10.180.1.21/identity/v3/users 0.116s
2025-12-12 05:00:29.855 66191 INFO tempest.lib.common.rest_client [req-ba2b2816-b986-4530-9a68-d99698c67c4c req-ba2b2816-b986-4530-9a68-d99698c67c4c ] Request (QuotasAdminTestV236:setUpClass): 200 GET http://10.180.1.21/identity/v3/roles 0.036s
2025-12-12 05:00:29.931 66191 INFO tempest.lib.common.rest_client [req-1990319f-891a-4165-8fcf-83a31a1dc2b4 req-1990319f-891a-4165-8fcf-83a31a1dc2b4 ] Request (QuotasAdminTestV236:setUpClass): 204 PUT http://10.180.1.21/identity/v3/projects/76b4234b096144e6bded9461a6b52c3e/users/9dc4b1c7f1e84909a6a4b9d5d8ce5ac4/roles/dd9ec34643d2492fa47ed2c39f400e85 0.074s
2025-12-12 05:00:29.942 66249 INFO paramiko.transport [-] Connected (version 2.0, client dropbear_2020.81)
2025-12-12 05:00:29.962 66205 INFO tempest.lib.common.rest_client [req-79c7e429-64b6-4ced-b252-8171cf47c1a0 req-79c7e429-64b6-4ced-b252-8171cf47c1a0 ] Request (ServersAdminNegativeTestJSON:test_migrate_server_invalid_state): 202 POST http://10.180.1.21/compute/v2.1/servers/071a67fa-c8c5-4f8b-9a8e-9efe922333ae/action 1.811s
2025-12-12 05:00:29.999 66191 INFO tempest.lib.common.rest_client [req-2262a1b4-179a-4862-a6e0-5326c63768c2 req-2262a1b4-179a-4862-a6e0-5326c63768c2 ] Request (QuotasAdminTestV236:setUpClass): 200 GET http://10.180.1.21/identity/v3/roles 0.067s
2025-12-12 05:00:30.008 66249 INFO paramiko.transport [-] Authentication (publickey) successful!
2025-12-12 05:00:30.008 66249 INFO tempest.lib.common.ssh [-] ssh connection to cirros@10.180.180.134 successfully created
2025-12-12 05:00:30.026 66191 INFO tempest.lib.common.rest_client [req-34899cee-1005-469a-bf26-bc2cfff0373f req-34899cee-1005-469a-bf26-bc2cfff0373f ] Request (QuotasAdminTestV236:setUpClass): 204 PUT http://10.180.1.21/identity/v3/projects/76b4234b096144e6bded9461a6b52c3e/users/9dc4b1c7f1e84909a6a4b9d5d8ce5ac4/roles/dd9ec34643d2492fa47ed2c39f400e85 0.026s
2025-12-12 05:00:30.026 66191 INFO tempest.lib.common.dynamic_creds [-] Dynamic test user 9dc4b1c7f1e84909a6a4b9d5d8ce5ac4 is created with scope project and roles: ['admin']
2025-12-12 05:00:30.026 66191 INFO tempest.lib.common.dynamic_creds [-] Acquired dynamic creds: credentials: Credentials: {'domain_id': 'default', 'domain_name': 'Default', 'username': 'tempest-QuotasAdminTestV236-1443914185-project-admin', 'project_domain_id': 'default', 'project_domain_name': 'Default', 'project_id': '76b4234b096144e6bded9461a6b52c3e', 'project_name': 'tempest-QuotasAdminTestV236-1443914185', 'tenant_id': '76b4234b096144e6bded9461a6b52c3e', 'tenant_name': 'tempest-QuotasAdminTestV236-1443914185', 'user_domain_id': 'default', 'user_domain_name': 'Default', 'user_id': '9dc4b1c7f1e84909a6a4b9d5d8ce5ac4', 'system': None}, Network: None, Subnet: None, Router: None
2025-12-12 05:00:30.026 66191 INFO tempest.lib.common.dynamic_creds [-] Created isolated network resources for: credentials: Credentials: {'domain_id': 'default', 'domain_name': 'Default', 'username': 'tempest-QuotasAdminTestV236-1443914185-project-admin', 'project_domain_id': 'default', 'project_domain_name': 'Default', 'project_id': '76b4234b096144e6bded9461a6b52c3e', 'project_name': 'tempest-QuotasAdminTestV236-1443914185', 'tenant_id': '76b4234b096144e6bded9461a6b52c3e', 'tenant_name': 'tempest-QuotasAdminTestV236-1443914185', 'user_domain_id': 'default', 'user_domain_name': 'Default', 'user_id': '9dc4b1c7f1e84909a6a4b9d5d8ce5ac4', 'system': None}, Network: None, Subnet: None, Router: None
2025-12-12 05:00:30.036 66219 INFO tempest.lib.common.rest_client [req-cd2879b0-e633-4a68-bf5f-ef3d82d3d5a0 req-cd2879b0-e633-4a68-bf5f-ef3d82d3d5a0 ] Request (InstanceActionsNegativeTestJSON:setUpClass): 200 GET http://10.180.1.21/compute/v2.1/servers/ae7dae05-dd72-4e95-b2a0-085696e49005 1.787s
2025-12-12 05:00:30.074 66233 WARNING tempest.lib.common.ssh [-] Failed to establish authenticated ssh connection to cirros@10.180.180.220 ([Errno None] Unable to connect to port 22 on 10.180.180.220). Number attempts: 3. Retry after 4 seconds.: paramiko.ssh_exception.NoValidConnectionsError: [Errno None] Unable to connect to port 22 on 10.180.180.220
2025-12-12 05:00:30.097 66211 INFO tempest.lib.common.rest_client [req-16d7b39b-9d27-48c6-bb0a-8779b3717940 req-16d7b39b-9d27-48c6-bb0a-8779b3717940 ] Request (AttachInterfacesV270Test:test_create_get_list_interfaces): 200 GET http://10.180.1.21/compute/v2.1/servers/3c361a37-5f49-4873-9a6b-ff4d17e57430 1.753s
2025-12-12 05:00:30.133 66191 INFO tempest.lib.common.rest_client [req-ccbd383b-c5e5-45e9-a200-2804b06cc656 req-ccbd383b-c5e5-45e9-a200-2804b06cc656 ] Request (QuotasAdminTestV236:setUpClass): 201 POST http://10.180.1.21/identity/v3/auth/tokens 0.103s
2025-12-12 05:00:30.134 66191 WARNING tempest.lib.common.rest_client [-] Deprecated: "tenant_id" property is deprecated for removal, use "project_id" instead
2025-12-12 05:00:30.158 66209 INFO tempest.lib.common.rest_client [req-fe415ddb-ff14-4edf-aa48-ba636a047c6d req-fe415ddb-ff14-4edf-aa48-ba636a047c6d ] Request (ImagesOneServerNegativeTestJSON:setUpClass): 200 GET http://10.180.1.21/compute/v2.1/servers/83ddfe52-53ff-4c80-b0d7-b3e7c90c8aab 1.749s
2025-12-12 05:00:30.336 66203 INFO tempest.lib.common.rest_client [req-87345b82-d400-48c6-b93e-10f092cdfcb3 req-87345b82-d400-48c6-b93e-10f092cdfcb3 ] Request (QuotasAdminTestV257:test_get_updated_quotas): 200 GET http://10.180.1.21/compute/v2.1/os-quota-sets/5a254d0a38f244cf81ad1c9f0518869c/detail 1.856s
2025-12-12 05:00:30.380 66203 INFO tempest.lib.common.rest_client [req-1a522fea-2a24-419d-98f2-3dee834eeb94 req-1a522fea-2a24-419d-98f2-3dee834eeb94 ] Request (QuotasAdminTestV257:test_get_updated_quotas): 200 GET http://10.180.1.21/identity/v3/domains?name=Default 0.035s
2025-12-12 05:00:30.385 66207 INFO tempest.lib.common.rest_client [req-0bb1edac-7dca-48d1-8505-05fad727aa36 req-0bb1edac-7dca-48d1-8505-05fad727aa36 ] Request (ServerRescueTestJSONUnderV235:test_rescued_vm_associate_dissociate_floating_ip): 202 POST http://10.180.1.21/compute/v2.1/servers/a9dccf22-7429-4375-9a66-c01dc292d469/action 2.763s
2025-12-12 05:00:30.423 66223 INFO tempest.lib.common.rest_client [req-23919cbf-9301-4931-84dd-1a235d08f894 req-23919cbf-9301-4931-84dd-1a235d08f894 ] Request (ServerExternalEventsTest:test_create_server_external_events): 200 GET http://10.180.1.21/compute/v2.1/servers/96c8a465-4995-4022-ad57-f0e957e556d7 1.879s
2025-12-12 05:00:30.436 66235 INFO tempest.lib.common.rest_client [req-9dff9c80-c419-4420-9af8-79e272c7efb7 req-9dff9c80-c419-4420-9af8-79e272c7efb7 ] Request (MigrationsAdminTest:test_list_migrations_in_flavor_resize_situation): 200 GET http://10.180.1.21/compute/v2.1/os-migrations 1.611s
2025-12-12 05:00:30.440 66203 INFO tempest.lib.common.rest_client [req-2237c820-adac-4c77-99f8-de0b333e4cef req-2237c820-adac-4c77-99f8-de0b333e4cef ] Request (QuotasAdminTestV257:test_get_updated_quotas): 201 POST http://10.180.1.21/identity/v3/users 0.059s
2025-12-12 05:00:30.472 66203 INFO tempest.lib.common.rest_client [req-b3705f1f-0f94-42ac-98cb-db4094a9bd0e req-b3705f1f-0f94-42ac-98cb-db4094a9bd0e ] Request (QuotasAdminTestV257:test_get_updated_quotas): 200 GET http://10.180.1.21/identity/v3/domains?name=Default 0.031s
2025-12-12 05:00:30.498 66247 INFO tempest.lib.common.rest_client [req-d347138b-5636-4ed5-963f-84ca2265443e req-d347138b-5636-4ed5-963f-84ca2265443e ] Request (DeleteServersTestJSON:test_delete_active_server): 200 GET http://10.180.1.21/compute/v2.1/servers/510bd36b-f1ec-4a90-a284-b6785a9c85c4 1.775s
2025-12-12 05:00:30.575 66201 INFO tempest.lib.common.rest_client [req-fb5af66a-f6b1-45dd-9de8-8125f86cbd40 req-fb5af66a-f6b1-45dd-9de8-8125f86cbd40 ] Request (FloatingIPsAssociationTestJSON:tearDownClass): 200 GET http://10.180.1.21/compute/v2.1/servers/47df6e76-bb25-4d5a-bc03-a57a92acd5d9 1.625s
2025-12-12 05:00:30.605 66189 INFO tempest.lib.common.rest_client [req-d207cb05-dc63-41d2-9c84-729a43986081 req-d207cb05-dc63-41d2-9c84-729a43986081 ] Request (AttachInterfacesUnderV243Test:test_add_remove_fixed_ip): 200 GET http://10.180.1.21/compute/v2.1/servers/5bca94de-5a12-42e9-bdf9-3fc9ca2fca98 1.730s
2025-12-12 05:00:30.616 66189 INFO tempest.common.waiters [-] State transition "BUILD/spawning" ==> "ACTIVE/None" after 46 second wait
2025-12-12 05:00:30.625 66245 INFO tempest.lib.common.rest_client [req-41114565-c254-46d6-9593-41de7da606a9 req-41114565-c254-46d6-9593-41de7da606a9 ] Request (FlavorsAdminTestJSON:_run_cleanups): 202 DELETE http://10.180.1.21/compute/v2.1/flavors/448824609 1.546s
2025-12-12 05:00:30.649 66217 INFO tempest.lib.common.rest_client [req-cba4157c-01ca-4e36-8c27-10faf08f7296 req-cba4157c-01ca-4e36-8c27-10faf08f7296 ] Request (ListServersNegativeTestJSON:setUpClass): 200 GET http://10.180.1.21/compute/v2.1/servers/70ea724b-1f77-405e-99c3-e15d852d5fcf 1.688s
2025-12-12 05:00:30.686 66197 INFO tempest.lib.common.rest_client [req-97e03f2a-9bf7-48af-8f17-5c4ca8189baf req-97e03f2a-9bf7-48af-8f17-5c4ca8189baf ] Request (ServersTestFqdnHostnames:test_create_server_with_fqdn_name): 200 GET http://10.180.1.21/compute/v2.1/servers/28f86774-7a43-47ce-9ee5-53d29ef228d5 1.582s
2025-12-12 05:00:30.709 66229 INFO tempest.lib.common.rest_client [req-9c9020d5-2145-43b7-ad1d-d8a0ee548604 req-9c9020d5-2145-43b7-ad1d-d8a0ee548604 ] Request (ListServerFiltersTestJSON:test_list_servers_filter_by_shutoff_status): 202 POST http://10.180.1.21/compute/v2.1/servers/0d17289b-440f-41fc-b1ee-1a84d2d18b11/action 1.570s
2025-12-12 05:00:30.716 66195 INFO tempest.lib.common.rest_client [req-ff89f0d4-9849-40cd-bf9c-f0d8b6c11a01 req-ff89f0d4-9849-40cd-bf9c-f0d8b6c11a01 ] Request (ServerMetadataNegativeTestJSON:test_server_create_metadata_key_too_long): 400 POST http://10.180.1.21/compute/v2.1/servers 1.490s
2025-12-12 05:00:30.741 66225 INFO tempest.lib.common.rest_client [req-20f8e445-3317-4006-9736-5d9d4a313f95 req-20f8e445-3317-4006-9736-5d9d4a313f95 ] Request (InstanceActionsTestJSON:tearDownClass): 404 GET http://10.180.1.21/compute/v2.1/servers/732800db-fb4b-4b74-b50e-ed10721f0ff9 1.488s
2025-12-12 05:00:30.811 66195 INFO tempest.lib.common.rest_client [req-c78c6468-c46b-4883-b463-37e7a65006bb req-c78c6468-c46b-4883-b463-37e7a65006bb ] Request (ServerMetadataNegativeTestJSON:test_server_create_metadata_key_too_long): 201 POST http://10.180.1.21/identity/v3/auth/tokens 0.089s
2025-12-12 05:00:30.812 66195 INFO tempest.lib.common.fixed_network [-] (ServerMetadataNegativeTestJSON:test_server_create_metadata_key_too_long) Found network {'id': '4215ac50-4a3f-4bcc-8489-7e5972dfc18a', 'name': 'tempest-ServerMetadataNegativeTestJSON-1023146169-network', 'tenant_id': 'caa60f690cb5485a8e712e0f1191e13a', 'project_id': 'caa60f690cb5485a8e712e0f1191e13a', 'admin_state_up': True, 'mtu': 8950, 'status': 'ACTIVE', 'subnets': [], 'shared': False, 'port_security_enabled': True, 'router:external': False, 'provider:network_type': 'vlan', 'provider:physical_network': 'default', 'provider:segmentation_id': 428, 'availability_zone_hints': [], 'availability_zones': [], 'ipv4_address_scope': None, 'ipv6_address_scope': None, 'description': '', 'tags': [], 'created_at': '2025-12-12T04:59:13Z', 'updated_at': '2025-12-12T04:59:13Z', 'revision_number': 1} available for tenant
2025-12-12 05:00:30.892 66213 INFO tempest.lib.common.rest_client [req-d83756c5-8edb-47b4-9a90-b161caa731b3 req-d83756c5-8edb-47b4-9a90-b161caa731b3 ] Request (ServerPasswordTestJSON:setUpClass): 200 GET http://10.180.1.21/compute/v2.1/servers/dd1c6e49-0d97-4361-81e5-8edbf36b0283 1.714s
2025-12-12 05:00:30.918 66185 INFO tempest.lib.common.rest_client [req-75989446-6c78-4517-b4bc-7e051f56a36f req-75989446-6c78-4517-b4bc-7e051f56a36f ] Request (MultipleCreateTestJSON:test_multiple_create_with_reservation_return): 200 GET http://10.180.1.21/compute/v2.1/servers/6002d05c-6c45-468f-8604-548cf12c010a 1.500s
2025-12-12 05:00:30.984 66215 INFO tempest.lib.common.rest_client [req-597b7637-4b51-4bd4-bdd0-c6cd7d7b810a req-597b7637-4b51-4bd4-bdd0-c6cd7d7b810a ] Request (FloatingIPsAssociationNegativeTestJSON:setUpClass): 200 GET http://10.180.1.21/compute/v2.1/servers/5630152b-3682-4248-863d-02c572b14caf 1.375s
2025-12-12 05:00:30.999 66221 INFO tempest.lib.common.rest_client [req-d3dafd20-8c59-4553-b5f4-53deb0270670 req-d3dafd20-8c59-4553-b5f4-53deb0270670 ] Request (ServersAdminTestJSON:test_create_server_with_scheduling_hint): 200 GET http://10.180.1.21/compute/v2.1/servers/10a2806c-b02f-4db7-9e98-f82a416c68b5 1.288s
2025-12-12 05:00:31.089 66239 INFO tempest.lib.common.rest_client [req-8fc1c14f-2fed-43c5-be3e-234d5dcaf9f4 req-8fc1c14f-2fed-43c5-be3e-234d5dcaf9f4 ] Request (ServerActionsTestOtherB:setUpClass): 200 GET http://10.180.1.21/compute/v2.1/servers/207fe027-2104-41de-9d96-00ca990957e4 1.322s
2025-12-12 05:00:31.098 66239 INFO tempest.common.waiters [-] State transition "BUILD/scheduling" ==> "BUILD/None" after 3 second wait
2025-12-12 05:00:31.186 66241 INFO tempest.lib.common.rest_client [req-dee1d27b-a80a-4434-8eeb-6671b011e236 req-dee1d27b-a80a-4434-8eeb-6671b011e236 ] Request (SecurityGroupsTestJSON:test_security_groups_create_list_delete): 200 GET http://10.180.1.21/compute/v2.1/os-security-groups 1.396s
2025-12-12 05:00:31.223 66249 INFO tempest.lib.common.rest_client [req-813987d2-201d-40b7-a1e3-d3a34dbb1334 req-813987d2-201d-40b7-a1e3-d3a34dbb1334 ] Request (AttachVolumeShelveTestJSON:test_attach_volume_shelved_or_offload_server): 200 GET http://10.180.1.21/compute/v2.1/servers/621d9682-b9f6-4b3f-9e2d-bab56977ae41/ips 1.214s
2025-12-12 05:00:31.395 66205 INFO tempest.lib.common.rest_client [req-1568bcc3-5889-4686-9bc0-7027cd9b6f64 req-1568bcc3-5889-4686-9bc0-7027cd9b6f64 ] Request (ServersAdminNegativeTestJSON:test_migrate_server_invalid_state): 200 GET http://10.180.1.21/compute/v2.1/servers/071a67fa-c8c5-4f8b-9a8e-9efe922333ae 1.432s
2025-12-12 05:00:31.404 66249 INFO tempest.lib.common.rest_client [req-15cf2aee-8390-40b4-99c4-d035624bb91a req-15cf2aee-8390-40b4-99c4-d035624bb91a ] Request (AttachVolumeShelveTestJSON:test_attach_volume_shelved_or_offload_server): 202 POST http://10.180.1.21/volume/v3/volumes 0.178s
2025-12-12 05:00:31.420 66193 INFO tempest.lib.common.rest_client [req-49dd4991-30f3-443a-8175-9329f14748a3 req-49dd4991-30f3-443a-8175-9329f14748a3 ] Request (InstanceActionsV221TestJSON:test_get_list_deleted_instance_actions): 200 GET http://10.180.1.21/compute/v2.1/servers/c33eeba5-0e8e-41cd-9268-4546c9dcbd0d 1.357s
2025-12-12 05:00:31.448 66249 INFO tempest.lib.common.rest_client [req-8752fb9a-23b9-408a-bcad-282acb5781da req-8752fb9a-23b9-408a-bcad-282acb5781da ] Request (AttachVolumeShelveTestJSON:test_attach_volume_shelved_or_offload_server): 200 GET http://10.180.1.21/volume/v3/volumes/70c96010-4763-44d0-be75-3f7d87ae61a3 0.038s
2025-12-12 05:00:31.472 66227 INFO tempest.lib.common.rest_client [req-b42f9b56-a76b-4134-8daa-82255d9c5998 req-b42f9b56-a76b-4134-8daa-82255d9c5998 ] Request (ServerActionsTestOtherA:test_rebuild_server_in_stop_state): 200 GET http://10.180.1.21/compute/v2.1/servers/9b67651b-119f-4115-a253-6862f379cad1 1.262s
2025-12-12 05:00:31.486 66199 INFO tempest.lib.common.rest_client [req-393a92c4-6f11-4588-8563-5cc9af39fc86 req-393a92c4-6f11-4588-8563-5cc9af39fc86 ] Request (DeleteServersAdminTestJSON:test_delete_server_while_in_error_state): 200 GET http://10.180.1.21/compute/v2.1/servers/fbf2d474-4e43-400f-a4fc-44842e381303 1.254s
2025-12-12 05:00:31.499 66235 INFO tempest.lib.common.rest_client [req-ff554ff3-9d23-4a85-bddc-ca0b68c03eb6 req-ff554ff3-9d23-4a85-bddc-ca0b68c03eb6 ] Request (MigrationsAdminTest:test_resize_server_revert_deleted_flavor): 200 GET http://10.180.1.21/compute/v2.1/flavors/42 1.058s
2025-12-12 05:00:31.611 66203 INFO tempest.lib.common.rest_client [req-2162eab3-257b-42ff-93a7-e37be95e8d2c req-2162eab3-257b-42ff-93a7-e37be95e8d2c ] Request (QuotasAdminTestV257:test_get_updated_quotas): 200 PUT http://10.180.1.21/compute/v2.1/os-quota-sets/5a254d0a38f244cf81ad1c9f0518869c?user_id=9f54a4e06af047108f93d6f4f2dc69fd 1.139s
2025-12-12 05:00:31.618 66225 INFO tempest.lib.common.rest_client [req-062d37ae-173d-4bd1-bdb8-c370f550182c req-062d37ae-173d-4bd1-bdb8-c370f550182c ] Request (InstanceActionsTestJSON:tearDownClass): 200 PUT http://10.180.1.21/networking/v2.0/routers/ee1bd8fb-065f-4a40-a6a8-ead27262bed9/remove_router_interface 0.876s
2025-12-12 05:00:31.718 66189 INFO tempest.lib.common.rest_client [req-eacea05f-81ad-4e1c-b0f1-63b6a9d0a838 req-eacea05f-81ad-4e1c-b0f1-63b6a9d0a838 ] Request (AttachInterfacesUnderV243Test:test_add_remove_fixed_ip): 200 GET http://10.180.1.21/compute/v2.1/servers/5bca94de-5a12-42e9-bdf9-3fc9ca2fca98/os-interface 1.101s
2025-12-12 05:00:31.745 66245 INFO tempest.lib.common.rest_client [req-47025882-725e-4d56-8c67-b0cb8532e7d5 req-47025882-725e-4d56-8c67-b0cb8532e7d5 ] Request (FlavorsAdminTestJSON:_run_cleanups): 200 GET http://10.180.1.21/compute/v2.1/flavors/detail 1.120s
2025-12-12 05:00:31.761 66231 WARNING tempest.lib.common.ssh [-] Failed to establish authenticated ssh connection to cirros@10.180.180.143 ([Errno None] Unable to connect to port 22 on 10.180.180.143). Number attempts: 2. Retry after 3 seconds.: paramiko.ssh_exception.NoValidConnectionsError: [Errno None] Unable to connect to port 22 on 10.180.180.143
2025-12-12 05:00:32.085 66225 INFO tempest.lib.common.rest_client [req-e8bcede4-5bf8-460a-b391-6bf31fe80869 req-e8bcede4-5bf8-460a-b391-6bf31fe80869 ] Request (InstanceActionsTestJSON:tearDownClass): 204 DELETE http://10.180.1.21/networking/v2.0/routers/ee1bd8fb-065f-4a40-a6a8-ead27262bed9 0.467s
2025-12-12 05:00:32.303 66189 INFO tempest.lib.common.rest_client [req-5c8447d3-f59d-45f4-b1e4-31878bd56961 req-5c8447d3-f59d-45f4-b1e4-31878bd56961 ] Request (AttachInterfacesUnderV243Test:test_add_remove_fixed_ip): 200 PUT http://10.180.1.21/networking/v2.0/floatingips/6c153a6a-f4d9-45f8-a7e7-492b5dddc6f4 0.583s
2025-12-12 05:00:32.447 66229 INFO tempest.lib.common.rest_client [req-dadb7ff3-c007-42dc-bd83-48d4394c9b45 req-dadb7ff3-c007-42dc-bd83-48d4394c9b45 ] Request (ListServerFiltersTestJSON:test_list_servers_filter_by_shutoff_status): 200 GET http://10.180.1.21/compute/v2.1/servers/0d17289b-440f-41fc-b1ee-1a84d2d18b11 1.737s
2025-12-12 05:00:32.483 66195 INFO tempest.lib.common.rest_client [req-a2d19380-8e2a-4bfc-a42f-0bae602be816 req-a2d19380-8e2a-4bfc-a42f-0bae602be816 ] Request (ServerMetadataNegativeTestJSON:test_server_create_metadata_key_too_long): 400 POST http://10.180.1.21/compute/v2.1/servers 1.670s
2025-12-12 05:00:32.506 66249 INFO tempest.lib.common.rest_client [req-41f349c8-af56-45f2-87f9-a852ec9f92d7 req-41f349c8-af56-45f2-87f9-a852ec9f92d7 ] Request (AttachVolumeShelveTestJSON:test_attach_volume_shelved_or_offload_server): 200 GET http://10.180.1.21/volume/v3/volumes/70c96010-4763-44d0-be75-3f7d87ae61a3 0.049s
2025-12-12 05:00:32.511 66225 INFO tempest.lib.common.rest_client [req-626b0cb4-331f-48d5-9f5e-f9377111202c req-626b0cb4-331f-48d5-9f5e-f9377111202c ] Request (InstanceActionsTestJSON:tearDownClass): 204 DELETE http://10.180.1.21/networking/v2.0/subnets/cbd7b59c-0eb2-4ccf-84a2-ea1006922f2c 0.426s
2025-12-12 05:00:32.514 66249 INFO tempest.common.waiters [-] volume 70c96010-4763-44d0-be75-3f7d87ae61a3 reached available after waiting for 1.514387 seconds
2025-12-12 05:00:32.515 66249 INFO tempest.lib.common.ssh [-] Creating ssh connection to '10.180.180.134:22' as 'cirros' with public key authentication
2025-12-12 05:00:32.523 66249 INFO paramiko.transport [-] Connected (version 2.0, client dropbear_2020.81)
2025-12-12 05:00:32.537 66195 INFO tempest.lib.common.rest_client [req-7b4a5e3d-e3c2-43e4-bba3-bf3d914d5e9a req-7b4a5e3d-e3c2-43e4-bba3-bf3d914d5e9a ] Request (ServerMetadataNegativeTestJSON:test_server_create_metadata_key_too_long): 201 POST http://10.180.1.21/identity/v3/auth/tokens 0.052s
2025-12-12 05:00:32.538 66195 INFO tempest.lib.common.fixed_network [-] (ServerMetadataNegativeTestJSON:test_server_create_metadata_key_too_long) Found network {'id': '4215ac50-4a3f-4bcc-8489-7e5972dfc18a', 'name': 'tempest-ServerMetadataNegativeTestJSON-1023146169-network', 'tenant_id': 'caa60f690cb5485a8e712e0f1191e13a', 'project_id': 'caa60f690cb5485a8e712e0f1191e13a', 'admin_state_up': True, 'mtu': 8950, 'status': 'ACTIVE', 'subnets': [], 'shared': False, 'port_security_enabled': True, 'router:external': False, 'provider:network_type': 'vlan', 'provider:physical_network': 'default', 'provider:segmentation_id': 428, 'availability_zone_hints': [], 'availability_zones': [], 'ipv4_address_scope': None, 'ipv6_address_scope': None, 'description': '', 'tags': [], 'created_at': '2025-12-12T04:59:13Z', 'updated_at': '2025-12-12T04:59:13Z', 'revision_number': 1} available for tenant
2025-12-12 05:00:32.579 66219 INFO tempest.lib.common.rest_client [req-dead426d-92ae-4a20-86b9-4c34a9ddb8b8 req-dead426d-92ae-4a20-86b9-4c34a9ddb8b8 ] Request (InstanceActionsNegativeTestJSON:setUpClass): 200 GET http://10.180.1.21/compute/v2.1/servers/ae7dae05-dd72-4e95-b2a0-085696e49005 1.534s
2025-12-12 05:00:32.588 66219 INFO tempest.common.waiters [-] State transition "BUILD/None" ==> "BUILD/networking" after 32 second wait
2025-12-12 05:00:32.636 66249 INFO paramiko.transport [-] Authentication (publickey) successful!
2025-12-12 05:00:32.638 66249 INFO tempest.lib.common.ssh [-] ssh connection to cirros@10.180.180.134 successfully created
2025-12-12 05:00:32.649 66249 INFO tempest.lib.common.ssh [-] Creating ssh connection to '10.180.180.134:22' as 'cirros' with public key authentication
2025-12-12 05:00:32.653 66249 INFO paramiko.transport [-] Connected (version 2.0, client dropbear_2020.81)
2025-12-12 05:00:32.755 66249 INFO paramiko.transport [-] Authentication (publickey) successful!
2025-12-12 05:00:32.756 66249 INFO tempest.lib.common.ssh [-] ssh connection to cirros@10.180.180.134 successfully created
2025-12-12 05:00:32.758 66211 INFO tempest.lib.common.rest_client [req-72e298ca-140e-42c9-bb9e-15feb9cacf79 req-72e298ca-140e-42c9-bb9e-15feb9cacf79 ] Request (AttachInterfacesV270Test:test_create_get_list_interfaces): 200 GET http://10.180.1.21/compute/v2.1/servers/3c361a37-5f49-4873-9a6b-ff4d17e57430 1.648s
2025-12-12 05:00:32.912 66237 WARNING tempest.lib.common.ssh [-] Failed to establish authenticated ssh connection to cirros@10.180.180.233 ([Errno None] Unable to connect to port 22 on 10.180.180.233). Number attempts: 6. Retry after 7 seconds.: paramiko.ssh_exception.NoValidConnectionsError: [Errno None] Unable to connect to port 22 on 10.180.180.233
2025-12-12 05:00:32.928 66225 INFO tempest.lib.common.rest_client [req-5ec347a0-4e19-4645-aef0-bede3f2138de req-5ec347a0-4e19-4645-aef0-bede3f2138de ] Request (InstanceActionsTestJSON:tearDownClass): 204 DELETE http://10.180.1.21/networking/v2.0/networks/8e25240d-26f5-4593-ae28-ba308ba44bcb 0.416s
2025-12-12 05:00:33.040 66209 INFO tempest.lib.common.rest_client [req-7628f14f-fa7d-41d8-83b5-beba52ec186e req-7628f14f-fa7d-41d8-83b5-beba52ec186e ] Request (ImagesOneServerNegativeTestJSON:setUpClass): 200 GET http://10.180.1.21/compute/v2.1/servers/83ddfe52-53ff-4c80-b0d7-b3e7c90c8aab 1.872s
2025-12-12 05:00:33.086 66225 INFO tempest.lib.common.rest_client [req-5cdf1a4f-97b0-4fdb-b18d-e623cc79c1bc req-5cdf1a4f-97b0-4fdb-b18d-e623cc79c1bc ] Request (InstanceActionsTestJSON:tearDownClass): 204 DELETE http://10.180.1.21/identity/v3/users/65998d23c62a4ba7b8ffd19bd06bab8c 0.157s
2025-12-12 05:00:33.086 66225 INFO tempest.lib.common.dynamic_creds [-] Deleting project and security group for project: 39b470c6adea4ae1b47b32657133b8c7
2025-12-12 05:00:33.259 66207 INFO tempest.lib.common.rest_client [req-74bf3229-2d27-4afe-959c-15e9e3b63655 req-74bf3229-2d27-4afe-959c-15e9e3b63655 ] Request (ServerRescueTestJSONUnderV235:test_rescued_vm_associate_dissociate_floating_ip): 202 POST http://10.180.1.21/compute/v2.1/servers/a9dccf22-7429-4375-9a66-c01dc292d469/action 2.871s
2025-12-12 05:00:33.269 66225 INFO tempest.lib.common.rest_client [req-11f893e5-0c26-4181-b3bf-69ec4f62e38a req-11f893e5-0c26-4181-b3bf-69ec4f62e38a ] Request (InstanceActionsTestJSON:tearDownClass): 200 GET http://10.180.1.21/networking/v2.0/security-groups?tenant_id=39b470c6adea4ae1b47b32657133b8c7&name=default 0.183s
2025-12-12 05:00:33.286 66241 INFO tempest.lib.common.rest_client [req-6b10cadd-fb30-4ed0-aa59-6d3fb012f2bf req-6b10cadd-fb30-4ed0-aa59-6d3fb012f2bf ] Request (SecurityGroupsTestJSON:test_server_security_groups): 200 POST http://10.180.1.21/compute/v2.1/os-security-groups 2.096s
2025-12-12 05:00:33.310 66235 INFO tempest.lib.common.rest_client [req-bf67be77-d496-4781-89f9-2a17cc0b728e req-bf67be77-d496-4781-89f9-2a17cc0b728e ] Request (MigrationsAdminTest:test_resize_server_revert_deleted_flavor): 200 POST http://10.180.1.21/compute/v2.1/flavors 1.809s
2025-12-12 05:00:33.441 66225 INFO tempest.lib.common.rest_client [req-b1eb54e5-a7a9-4294-8bcf-bc7fbeb6e798 req-b1eb54e5-a7a9-4294-8bcf-bc7fbeb6e798 ] Request (InstanceActionsTestJSON:tearDownClass): 204 DELETE http://10.180.1.21/networking/v2.0/security-groups/198b341c-7b59-41be-9684-7f62b1c6dbe8 0.170s
2025-12-12 05:00:33.465 66223 INFO tempest.lib.common.rest_client [req-7f41a082-20f2-464d-b1fb-a3d044f63788 req-7f41a082-20f2-464d-b1fb-a3d044f63788 ] Request (ServerExternalEventsTest:test_create_server_external_events): 200 GET http://10.180.1.21/compute/v2.1/servers/96c8a465-4995-4022-ad57-f0e957e556d7 2.029s
2025-12-12 05:00:33.525 66247 INFO tempest.lib.common.rest_client [req-b088c979-0d62-4e37-8123-da9ec21f3a13 req-b088c979-0d62-4e37-8123-da9ec21f3a13 ] Request (DeleteServersTestJSON:test_delete_active_server): 200 GET http://10.180.1.21/compute/v2.1/servers/510bd36b-f1ec-4a90-a284-b6785a9c85c4 2.015s
2025-12-12 05:00:33.545 66225 INFO tempest.lib.common.rest_client [req-56673c31-ebd5-4181-ac42-48bc9067b22d req-56673c31-ebd5-4181-ac42-48bc9067b22d ] Request (InstanceActionsTestJSON:tearDownClass): 204 DELETE http://10.180.1.21/identity/v3/projects/39b470c6adea4ae1b47b32657133b8c7 0.104s
2025-12-12 05:00:33.562 66201 INFO tempest.lib.common.rest_client [req-77875372-cc5a-475b-98f9-b889fe35cc3f req-77875372-cc5a-475b-98f9-b889fe35cc3f ] Request (FloatingIPsAssociationTestJSON:tearDownClass): 200 GET http://10.180.1.21/compute/v2.1/servers/47df6e76-bb25-4d5a-bc03-a57a92acd5d9 1.977s
2025-12-12 05:00:33.608 66225 INFO tempest.lib.common.rest_client [req-839f00d6-d189-4673-aa78-9ec4b839ff37 req-839f00d6-d189-4673-aa78-9ec4b839ff37 ] Request (ServerGroupTestJSON:setUpClass): 201 POST http://10.180.1.21/identity/v3/auth/tokens 0.061s
2025-12-12 05:00:33.642 66225 INFO tempest.lib.common.rest_client [req-2b49de15-7574-49e4-a309-f5a95e54cda3 req-2b49de15-7574-49e4-a309-f5a95e54cda3 ] Request (ServerGroupTestJSON:setUpClass): 201 POST http://10.180.1.21/identity/v3/auth/tokens 0.031s
2025-12-12 05:00:33.673 66217 INFO tempest.lib.common.rest_client [req-22c5ea5b-0f4e-4a5e-8376-105b6eaa57b3 req-22c5ea5b-0f4e-4a5e-8376-105b6eaa57b3 ] Request (ListServersNegativeTestJSON:setUpClass): 200 GET http://10.180.1.21/compute/v2.1/servers/70ea724b-1f77-405e-99c3-e15d852d5fcf 2.012s
2025-12-12 05:00:33.675 66225 INFO tempest.lib.common.rest_client [req-aaf3cc9a-af48-4cb4-9fe0-6796095ebbea req-aaf3cc9a-af48-4cb4-9fe0-6796095ebbea ] Request (ServerGroupTestJSON:setUpClass): 200 GET http://10.180.1.21/identity/v3/domains?name=Default 0.032s
2025-12-12 05:00:33.686 66203 INFO tempest.lib.common.rest_client [req-1104fec7-6c82-4aa6-95be-6ad98c9c40b7 req-1104fec7-6c82-4aa6-95be-6ad98c9c40b7 ] Request (QuotasAdminTestV257:test_get_updated_quotas): 200 GET http://10.180.1.21/compute/v2.1/os-quota-sets/5a254d0a38f244cf81ad1c9f0518869c?user_id=9f54a4e06af047108f93d6f4f2dc69fd 2.073s
2025-12-12 05:00:33.714 66245 INFO tempest.lib.common.rest_client [req-b5ef2a23-3376-43fa-bbbb-cecef98431ac req-b5ef2a23-3376-43fa-bbbb-cecef98431ac ] Request (FlavorsAdminTestJSON:_run_cleanups): 202 DELETE http://10.180.1.21/compute/v2.1/flavors/660654810 1.960s
2025-12-12 05:00:33.717 66225 INFO tempest.lib.common.rest_client [req-4b812491-8df2-4445-81de-ec730e74f393 req-4b812491-8df2-4445-81de-ec730e74f393 ] Request (ServerGroupTestJSON:setUpClass): 201 POST http://10.180.1.21/identity/v3/projects 0.042s
2025-12-12 05:00:33.779 66225 INFO tempest.lib.common.rest_client [req-0933e77e-6386-418d-97c4-094bcb4392c3 req-0933e77e-6386-418d-97c4-094bcb4392c3 ] Request (ServerGroupTestJSON:setUpClass): 201 POST http://10.180.1.21/identity/v3/users 0.060s
2025-12-12 05:00:33.798 66197 INFO tempest.lib.common.rest_client [req-6d49cfe9-b2d7-467d-9a39-662f75b70d4c req-6d49cfe9-b2d7-467d-9a39-662f75b70d4c ] Request (ServersTestFqdnHostnames:test_create_server_with_fqdn_name): 200 GET http://10.180.1.21/compute/v2.1/servers/28f86774-7a43-47ce-9ee5-53d29ef228d5 2.096s
2025-12-12 05:00:33.803 66203 INFO tempest.lib.common.rest_client [req-40ca9b3d-875d-46ff-9f64-9d716cb3bfed req-40ca9b3d-875d-46ff-9f64-9d716cb3bfed ] Request (QuotasAdminTestV257:_run_cleanups): 204 DELETE http://10.180.1.21/identity/v3/users/9f54a4e06af047108f93d6f4f2dc69fd 0.115s
2025-12-12 05:00:33.817 66197 INFO tempest.common.waiters [-] State transition "BUILD/scheduling" ==> "BUILD/None" after 3 second wait
2025-12-12 05:00:33.838 66225 INFO tempest.lib.common.rest_client [req-cb939633-220f-4169-91c4-9d4934b4aa63 req-cb939633-220f-4169-91c4-9d4934b4aa63 ] Request (ServerGroupTestJSON:setUpClass): 200 GET http://10.180.1.21/identity/v3/roles 0.059s
2025-12-12 05:00:33.941 66225 INFO tempest.lib.common.rest_client [req-239ee91c-014f-48e9-81bf-d372904d5f99 req-239ee91c-014f-48e9-81bf-d372904d5f99 ] Request (ServerGroupTestJSON:setUpClass): 204 PUT http://10.180.1.21/identity/v3/projects/2236ac0d028e4c74be02c9cb3783543d/users/ed74ea2ee84641ffbc9149d771ef8a8a/roles/7e51e427c2c545e3ad9f787f8bb0e602 0.102s
2025-12-12 05:00:33.942 66225 INFO tempest.lib.common.dynamic_creds [-] Dynamic test user ed74ea2ee84641ffbc9149d771ef8a8a is created with scope project and roles: ['member']
2025-12-12 05:00:33.942 66225 INFO tempest.lib.common.dynamic_creds [-] Acquired dynamic creds: credentials: Credentials: {'domain_id': 'default', 'domain_name': 'Default', 'username': 'tempest-ServerGroupTestJSON-1775954524-project-member', 'project_domain_id': 'default', 'project_domain_name': 'Default', 'project_id': '2236ac0d028e4c74be02c9cb3783543d', 'project_name': 'tempest-ServerGroupTestJSON-1775954524', 'tenant_id': '2236ac0d028e4c74be02c9cb3783543d', 'tenant_name': 'tempest-ServerGroupTestJSON-1775954524', 'user_domain_id': 'default', 'user_domain_name': 'Default', 'user_id': 'ed74ea2ee84641ffbc9149d771ef8a8a', 'system': None}, Network: None, Subnet: None, Router: None
2025-12-12 05:00:33.944 66203 INFO tempest.lib.common.rest_client [req-e0074b27-4d33-49b9-9dd8-4fcac6c38f17 req-e0074b27-4d33-49b9-9dd8-4fcac6c38f17 ] Request (QuotasAdminTestV257:_run_cleanups): 204 DELETE http://10.180.1.21/identity/v3/projects/5a254d0a38f244cf81ad1c9f0518869c 0.141s
2025-12-12 05:00:34.009 66225 INFO tempest.lib.common.rest_client [req-4cd84a97-8f6c-4d93-a383-51c28f030e52 req-4cd84a97-8f6c-4d93-a383-51c28f030e52 ] Request (ServerGroupTestJSON:setUpClass): 201 POST http://10.180.1.21/identity/v3/auth/tokens 0.066s
