2025-12-12 06:01:07.582 67299 INFO tempest.lib.common.fixed_network [-] (ServerMetadataTestJSON:setUpClass) Found network {'id': '3971c061-0bcf-44c1-a4cd-a00abdd16f42', 'name': 'tempest-ServerMetadataTestJSON-1386613848-network', 'tenant_id': '6d6e3b72762f484b85790f814bd4c49b', 'project_id': '6d6e3b72762f484b85790f814bd4c49b', 'admin_state_up': True, 'mtu': 8950, 'status': 'ACTIVE', 'subnets': [], 'shared': False, 'port_security_enabled': True, 'router:external': False, 'provider:network_type': 'vlan', 'provider:physical_network': 'default', 'provider:segmentation_id': 681, 'availability_zone_hints': [], 'availability_zones': [], 'ipv4_address_scope': None, 'ipv6_address_scope': None, 'description': '', 'tags': [], 'created_at': '2025-12-12T06:01:03Z', 'updated_at': '2025-12-12T06:01:03Z', 'revision_number': 1} available for tenant
2025-12-12 06:01:07.592 67317 INFO tempest.lib.common.rest_client [req-a754e498-b6cd-4933-ac5c-3fae3dad3dc5 req-a754e498-b6cd-4933-ac5c-3fae3dad3dc5 ] Request (FlavorsV261TestJSON:setUpClass): 201 POST http://10.180.1.21/identity/v3/projects 0.100s
2025-12-12 06:01:07.601 67361 INFO tempest.lib.common.rest_client [req-a4480247-1384-4205-8cdb-aa1517d2ebe3 req-a4480247-1384-4205-8cdb-aa1517d2ebe3 ] Request (TenantUsagesTestJSON:setUpClass): 204 PUT http://10.180.1.21/identity/v3/projects/d18c4214d18b475383e968ede27702dc/users/c2701185ccaa4c3087a7ff3e3d91d478/roles/4374032367cd4e9f8fe096f209ecbc64 0.077s
2025-12-12 06:01:07.601 67361 INFO tempest.lib.common.dynamic_creds [-] Dynamic test user c2701185ccaa4c3087a7ff3e3d91d478 is created with scope project and roles: ['admin']
2025-12-12 06:01:07.601 67361 INFO tempest.lib.common.dynamic_creds [-] Acquired dynamic creds: credentials: Credentials: {'domain_id': 'default', 'domain_name': 'Default', 'username': 'tempest-TenantUsagesTestJSON-787314879-project-admin', 'project_domain_id': 'default', 'project_domain_name': 'Default', 'project_id': 'd18c4214d18b475383e968ede27702dc', 'project_name': 'tempest-TenantUsagesTestJSON-787314879', 'tenant_id': 'd18c4214d18b475383e968ede27702dc', 'tenant_name': 'tempest-TenantUsagesTestJSON-787314879', 'user_domain_id': 'default', 'user_domain_name': 'Default', 'user_id': 'c2701185ccaa4c3087a7ff3e3d91d478', 'system': None}, Network: None, Subnet: None, Router: None
2025-12-12 06:01:07.601 67361 INFO tempest.lib.common.dynamic_creds [-] Created isolated network resources for: credentials: Credentials: {'domain_id': 'default', 'domain_name': 'Default', 'username': 'tempest-TenantUsagesTestJSON-787314879-project-admin', 'project_domain_id': 'default', 'project_domain_name': 'Default', 'project_id': 'd18c4214d18b475383e968ede27702dc', 'project_name': 'tempest-TenantUsagesTestJSON-787314879', 'tenant_id': 'd18c4214d18b475383e968ede27702dc', 'tenant_name': 'tempest-TenantUsagesTestJSON-787314879', 'user_domain_id': 'default', 'user_domain_name': 'Default', 'user_id': 'c2701185ccaa4c3087a7ff3e3d91d478', 'system': None}, Network: None, Subnet: None, Router: None
2025-12-12 06:01:07.696 67361 INFO tempest.lib.common.rest_client [req-055514e4-2758-46a6-b40f-6673359cc3a0 req-055514e4-2758-46a6-b40f-6673359cc3a0 ] Request (TenantUsagesTestJSON:setUpClass): 201 POST http://10.180.1.21/identity/v3/auth/tokens 0.091s
2025-12-12 06:01:07.697 67361 WARNING tempest.lib.common.rest_client [-] Deprecated: "tenant_id" property is deprecated for removal, use "project_id" instead
2025-12-12 06:01:07.708 67317 INFO tempest.lib.common.rest_client [req-860c108d-be8d-4570-b196-b6facc8c9fe8 req-860c108d-be8d-4570-b196-b6facc8c9fe8 ] Request (FlavorsV261TestJSON:setUpClass): 201 POST http://10.180.1.21/identity/v3/users 0.115s
2025-12-12 06:01:07.732 67317 INFO tempest.lib.common.rest_client [req-14c0dcfb-3d57-4464-a18a-3577d3223973 req-14c0dcfb-3d57-4464-a18a-3577d3223973 ] Request (FlavorsV261TestJSON:setUpClass): 200 GET http://10.180.1.21/identity/v3/roles 0.023s
2025-12-12 06:01:07.762 67361 INFO tempest.lib.common.rest_client [req-903d88ee-6c3a-44f5-9122-89323c107180 req-903d88ee-6c3a-44f5-9122-89323c107180 ] Request (TenantUsagesTestJSON:setUpClass): 201 POST http://10.180.1.21/identity/v3/auth/tokens 0.060s
2025-12-12 06:01:07.763 67361 INFO tempest.lib.common.fixed_network [-] (TenantUsagesTestJSON:setUpClass) Found network None available for tenant
2025-12-12 06:01:07.766 67317 INFO tempest.lib.common.rest_client [req-b51cdbe4-566a-4afe-9cd1-ee76a8b0cd15 req-b51cdbe4-566a-4afe-9cd1-ee76a8b0cd15 ] Request (FlavorsV261TestJSON:setUpClass): 204 PUT http://10.180.1.21/identity/v3/projects/c90f3e51661c43478fc6f102353ecad4/users/ade6b506d93e41ba8ab9e28204a2f22b/roles/81a0e2682e5543dd94d9c54f7883f34a 0.034s
2025-12-12 06:01:07.766 67317 INFO tempest.lib.common.dynamic_creds [-] Dynamic test user ade6b506d93e41ba8ab9e28204a2f22b is created with scope project and roles: ['member']
2025-12-12 06:01:07.766 67317 INFO tempest.lib.common.dynamic_creds [-] Acquired dynamic creds: credentials: Credentials: {'domain_id': 'default', 'domain_name': 'Default', 'username': 'tempest-FlavorsV261TestJSON-1830985775-project-member', 'project_domain_id': 'default', 'project_domain_name': 'Default', 'project_id': 'c90f3e51661c43478fc6f102353ecad4', 'project_name': 'tempest-FlavorsV261TestJSON-1830985775', 'tenant_id': 'c90f3e51661c43478fc6f102353ecad4', 'tenant_name': 'tempest-FlavorsV261TestJSON-1830985775', 'user_domain_id': 'default', 'user_domain_name': 'Default', 'user_id': 'ade6b506d93e41ba8ab9e28204a2f22b', 'system': None}, Network: None, Subnet: None, Router: None
2025-12-12 06:01:07.767 67317 INFO tempest.lib.common.dynamic_creds [-] Created isolated network resources for: credentials: Credentials: {'domain_id': 'default', 'domain_name': 'Default', 'username': 'tempest-FlavorsV261TestJSON-1830985775-project-member', 'project_domain_id': 'default', 'project_domain_name': 'Default', 'project_id': 'c90f3e51661c43478fc6f102353ecad4', 'project_name': 'tempest-FlavorsV261TestJSON-1830985775', 'tenant_id': 'c90f3e51661c43478fc6f102353ecad4', 'tenant_name': 'tempest-FlavorsV261TestJSON-1830985775', 'user_domain_id': 'default', 'user_domain_name': 'Default', 'user_id': 'ade6b506d93e41ba8ab9e28204a2f22b', 'system': None}, Network: None, Subnet: None, Router: None
2025-12-12 06:01:07.781 67333 INFO tempest.lib.common.rest_client [req-14f5755b-f17a-4ffc-a920-73d828090173 req-14f5755b-f17a-4ffc-a920-73d828090173 ] Request (ServerGroupTestJSON:setUpClass): 201 POST http://10.180.1.21/networking/v2.0/networks 0.412s
2025-12-12 06:01:07.832 67347 INFO tempest.lib.common.rest_client [req-09025b32-d81f-414d-baf9-26d435a67a7c req-09025b32-d81f-414d-baf9-26d435a67a7c ] Request (FloatingIPsTestJSON:_run_cleanups): 404 DELETE http://10.180.1.21/compute/v2.1/os-floating-ips/0c2ee757-1e3e-498d-925f-98b6e74d5d49 5.813s
2025-12-12 06:01:07.868 67345 INFO tempest.lib.common.rest_client [req-3831549d-6818-4938-931f-1bf32d1cea2f req-3831549d-6818-4938-931f-1bf32d1cea2f ] Request (ImagesMetadataTestJSON:test_set_image_metadata): 200 GET http://10.180.1.21/compute/v2.1/images/fa143a5d-c737-48d7-a1e2-429456a29b4e/metadata 5.683s
2025-12-12 06:01:07.869 67317 INFO tempest.lib.common.rest_client [req-14a80213-3b64-4f34-b945-fb592969c040 req-14a80213-3b64-4f34-b945-fb592969c040 ] Request (FlavorsV261TestJSON:setUpClass): 201 POST http://10.180.1.21/identity/v3/auth/tokens 0.097s
2025-12-12 06:01:07.882 67359 INFO tempest.lib.common.rest_client [req-da0c7b77-352d-4bd6-967d-4a88c78fb555 req-da0c7b77-352d-4bd6-967d-4a88c78fb555 ] Request (FlavorsExtraSpecsTestJSON:test_flavor_set_get_update_show_unset_keys): 200 GET http://10.180.1.21/compute/v2.1/flavors/792502351/os-extra_specs 5.618s
2025-12-12 06:01:07.928 67331 INFO tempest.lib.common.rest_client [req-d7564a81-2b42-47c0-a501-612c41c26e72 req-d7564a81-2b42-47c0-a501-612c41c26e72 ] Request (KeyPairsV22TestJSON:test_keypairs_create_list_delete): 201 POST http://10.180.1.21/compute/v2.1/os-keypairs 5.620s
2025-12-12 06:01:07.941 67317 INFO tempest.lib.common.rest_client [req-0a20e7d2-881d-4be6-91cb-c1dd552ae134 req-0a20e7d2-881d-4be6-91cb-c1dd552ae134 ] Request (FlavorsV261TestJSON:setUpClass): 201 POST http://10.180.1.21/identity/v3/projects 0.071s
2025-12-12 06:01:08.007 67317 INFO tempest.lib.common.rest_client [req-04a649b2-0303-4079-9377-c8c7ac9ceddc req-04a649b2-0303-4079-9377-c8c7ac9ceddc ] Request (FlavorsV261TestJSON:setUpClass): 201 POST http://10.180.1.21/identity/v3/users 0.065s
2025-12-12 06:01:08.010 67333 INFO tempest.lib.common.rest_client [req-8c840a17-3ca1-4e9d-9971-63aa8aa1b8a7 req-8c840a17-3ca1-4e9d-9971-63aa8aa1b8a7 ] Request (ServerGroupTestJSON:setUpClass): 201 POST http://10.180.1.21/networking/v2.0/subnets 0.229s
2025-12-12 06:01:08.033 67317 INFO tempest.lib.common.rest_client [req-d6130580-20e2-434b-b57c-ad379f72caff req-d6130580-20e2-434b-b57c-ad379f72caff ] Request (FlavorsV261TestJSON:setUpClass): 200 GET http://10.180.1.21/identity/v3/roles 0.025s
2025-12-12 06:01:08.069 67317 INFO tempest.lib.common.rest_client [req-1e2adca8-31d8-4cb6-88b5-77a9cd956e17 req-1e2adca8-31d8-4cb6-88b5-77a9cd956e17 ] Request (FlavorsV261TestJSON:setUpClass): 204 PUT http://10.180.1.21/identity/v3/projects/66eea0b9494e4e23b6ff0fbbd9f72a8a/users/f160e95cb49b4993bb47eed896efdf55/roles/4374032367cd4e9f8fe096f209ecbc64 0.036s
2025-12-12 06:01:08.151 67317 INFO tempest.lib.common.rest_client [req-390d1f75-46b2-469f-b360-9e8d9fa2abd2 req-390d1f75-46b2-469f-b360-9e8d9fa2abd2 ] Request (FlavorsV261TestJSON:setUpClass): 200 GET http://10.180.1.21/identity/v3/roles 0.081s
2025-12-12 06:01:08.173 67317 INFO tempest.lib.common.rest_client [req-349a0e0b-d728-459c-b31d-612cace26243 req-349a0e0b-d728-459c-b31d-612cace26243 ] Request (FlavorsV261TestJSON:setUpClass): 204 PUT http://10.180.1.21/identity/v3/projects/66eea0b9494e4e23b6ff0fbbd9f72a8a/users/f160e95cb49b4993bb47eed896efdf55/roles/4374032367cd4e9f8fe096f209ecbc64 0.021s
2025-12-12 06:01:08.173 67317 INFO tempest.lib.common.dynamic_creds [-] Dynamic test user f160e95cb49b4993bb47eed896efdf55 is created with scope project and roles: ['admin']
2025-12-12 06:01:08.173 67317 INFO tempest.lib.common.dynamic_creds [-] Acquired dynamic creds: credentials: Credentials: {'domain_id': 'default', 'domain_name': 'Default', 'username': 'tempest-FlavorsV261TestJSON-1135971843-project-admin', 'project_domain_id': 'default', 'project_domain_name': 'Default', 'project_id': '66eea0b9494e4e23b6ff0fbbd9f72a8a', 'project_name': 'tempest-FlavorsV261TestJSON-1135971843', 'tenant_id': '66eea0b9494e4e23b6ff0fbbd9f72a8a', 'tenant_name': 'tempest-FlavorsV261TestJSON-1135971843', 'user_domain_id': 'default', 'user_domain_name': 'Default', 'user_id': 'f160e95cb49b4993bb47eed896efdf55', 'system': None}, Network: None, Subnet: None, Router: None
2025-12-12 06:01:08.173 67317 INFO tempest.lib.common.dynamic_creds [-] Created isolated network resources for: credentials: Credentials: {'domain_id': 'default', 'domain_name': 'Default', 'username': 'tempest-FlavorsV261TestJSON-1135971843-project-admin', 'project_domain_id': 'default', 'project_domain_name': 'Default', 'project_id': '66eea0b9494e4e23b6ff0fbbd9f72a8a', 'project_name': 'tempest-FlavorsV261TestJSON-1135971843', 'tenant_id': '66eea0b9494e4e23b6ff0fbbd9f72a8a', 'tenant_name': 'tempest-FlavorsV261TestJSON-1135971843', 'user_domain_id': 'default', 'user_domain_name': 'Default', 'user_id': 'f160e95cb49b4993bb47eed896efdf55', 'system': None}, Network: None, Subnet: None, Router: None
2025-12-12 06:01:08.251 67317 INFO tempest.lib.common.rest_client [req-6c886081-ac38-49d3-8f01-174b98a279e8 req-6c886081-ac38-49d3-8f01-174b98a279e8 ] Request (FlavorsV261TestJSON:setUpClass): 201 POST http://10.180.1.21/identity/v3/auth/tokens 0.075s
2025-12-12 06:01:08.270 67297 INFO tempest.lib.common.rest_client [req-4792d893-dc30-46ea-9519-d631c8f93554 req-4792d893-dc30-46ea-9519-d631c8f93554 ] Request (FloatingIPDetailsTestJSON:tearDownClass): 202 DELETE http://10.180.1.21/compute/v2.1/os-floating-ips/84be66ed-bfc7-4c1f-9462-3fb8d2070c53 7.051s
2025-12-12 06:01:08.450 67307 INFO tempest.lib.common.rest_client [req-e34b79e0-bca2-46c4-adbc-447495846ceb req-e34b79e0-bca2-46c4-adbc-447495846ceb ] Request (QuotasAdminNegativeTest:test_create_server_when_instances_quota_is_full): 200 PUT http://10.180.1.21/compute/v2.1/os-quota-sets/dd2e8e1a8d2949ab8b4a8e7d21122382 5.879s
2025-12-12 06:01:08.526 67307 INFO tempest.lib.common.rest_client [req-e28933d5-d483-4259-9974-e37b4a80df13 req-e28933d5-d483-4259-9974-e37b4a80df13 ] Request (QuotasAdminNegativeTest:test_create_server_when_instances_quota_is_full): 201 POST http://10.180.1.21/identity/v3/auth/tokens 0.071s
2025-12-12 06:01:08.527 67307 INFO tempest.lib.common.fixed_network [-] (QuotasAdminNegativeTest:test_create_server_when_instances_quota_is_full) Found network None available for tenant
2025-12-12 06:01:08.950 67347 INFO tempest.lib.common.rest_client [req-b905df77-ef30-4f14-aacf-3e80fa0c02a9 req-b905df77-ef30-4f14-aacf-3e80fa0c02a9 ] Request (FloatingIPsTestJSON:tearDownClass): 200 PUT http://10.180.1.21/networking/v2.0/routers/0e2de070-ab58-4746-b0ed-115308da14f8/remove_router_interface 1.114s
2025-12-12 06:01:09.071 67343 INFO tempest.lib.common.rest_client [req-4a595d8e-0afd-4614-94a4-8a2d87896f5f req-4a595d8e-0afd-4614-94a4-8a2d87896f5f ] Request (ServerDiagnosticsV248Test:tearDownClass): 200 GET http://10.180.1.21/compute/v2.1/servers/97ad029c-12a4-4492-a08d-a37beed2593f 6.269s
2025-12-12 06:01:09.082 67343 INFO tempest.common.waiters [-] State transition "ACTIVE/deleting" ==> "DELETED/None" after 8 second wait
2025-12-12 06:01:09.223 67349 INFO tempest.lib.common.rest_client [req-8be1c4fd-def1-475d-8681-fa5774ce99ce req-8be1c4fd-def1-475d-8681-fa5774ce99ce ] Request (VolumesAdminNegativeTest:test_update_attached_volume_with_nonexistent_volume_in_uri): 404 PUT http://10.180.1.21/compute/v2.1/servers/31e6d476-cc5f-49ce-b2ab-c108a96610f5/os-volume_attachments/3ec7cdc4-87b1-4be4-a792-f6b1c2f66f9e 6.415s
2025-12-12 06:01:09.269 67321 WARNING tempest.lib.common.ssh [-] Failed to establish authenticated ssh connection to cirros@10.180.180.192 ([Errno None] Unable to connect to port 22 on 10.180.180.192). Number attempts: 1. Retry after 2 seconds.: paramiko.ssh_exception.NoValidConnectionsError: [Errno None] Unable to connect to port 22 on 10.180.180.192
2025-12-12 06:01:09.286 67349 INFO tempest.lib.common.rest_client [req-d5fc7ed6-f4b2-4d14-b450-8282e8f4ff5b req-d5fc7ed6-f4b2-4d14-b450-8282e8f4ff5b ] Request (VolumesAdminNegativeTest:tearDownClass): 202 DELETE http://10.180.1.21/volume/v3/volumes/e4f16a65-b4bb-4eb9-b515-e3ab2e1a0a23 0.061s
2025-12-12 06:01:09.322 67349 INFO tempest.lib.common.rest_client [req-a17a33d9-7777-4c03-bcc7-11108640bc38 req-a17a33d9-7777-4c03-bcc7-11108640bc38 ] Request (VolumesAdminNegativeTest:tearDownClass): 200 GET http://10.180.1.21/volume/v3/volumes/e4f16a65-b4bb-4eb9-b515-e3ab2e1a0a23 0.035s
2025-12-12 06:01:09.390 67337 INFO tempest.lib.common.rest_client [req-68be0a43-f30c-40ee-9605-cd9ea878ce21 req-68be0a43-f30c-40ee-9605-cd9ea878ce21 ] Request (QuotasAdminTestV257:test_get_updated_quotas): 200 PUT http://10.180.1.21/compute/v2.1/os-quota-sets/9585b44c1da74b7a8e737c2743a071e9 6.447s
2025-12-12 06:01:09.517 67347 INFO tempest.lib.common.rest_client [req-a495be7b-30bb-42ce-8f45-ea3b56528aeb req-a495be7b-30bb-42ce-8f45-ea3b56528aeb ] Request (FloatingIPsTestJSON:tearDownClass): 204 DELETE http://10.180.1.21/networking/v2.0/routers/0e2de070-ab58-4746-b0ed-115308da14f8 0.567s
2025-12-12 06:01:09.566 67353 INFO tempest.lib.common.rest_client [req-6e3e66ad-87ed-4c32-9d0b-a707c1934f43 req-6e3e66ad-87ed-4c32-9d0b-a707c1934f43 ] Request (ServersTestFqdnHostnames:test_create_server_with_fqdn_name): 200 GET http://10.180.1.21/compute/v2.1/servers/de4622ae-34f3-4b15-8a94-f4a3780962f4 7.094s
2025-12-12 06:01:09.578 67353 INFO tempest.common.waiters [-] State transition "BUILD/spawning" ==> "ACTIVE/None" after 17 second wait
2025-12-12 06:01:09.597 67315 INFO tempest.lib.common.rest_client [req-7b0ce0dd-cda4-4d92-aa79-1fc87b20585a req-7b0ce0dd-cda4-4d92-aa79-1fc87b20585a ] Request (ServerDiagnosticsTest:tearDownClass): 404 GET http://10.180.1.21/compute/v2.1/servers/2dc84191-6163-4912-ba30-f076f2b055d9 5.802s
2025-12-12 06:01:09.742 67315 INFO tempest.lib.common.rest_client [req-c6daba53-3747-4fef-a6fb-6bef2a5ef77f req-c6daba53-3747-4fef-a6fb-6bef2a5ef77f ] Request (ServerDiagnosticsTest:tearDownClass): 204 DELETE http://10.180.1.21/identity/v3/users/8691422d608f40b5ae2c30045dcd9bbd 0.144s
2025-12-12 06:01:09.807 67333 INFO tempest.lib.common.rest_client [req-3cc4d984-aa7e-483e-9c91-af0c889b47c8 req-3cc4d984-aa7e-483e-9c91-af0c889b47c8 ] Request (ServerGroupTestJSON:setUpClass): 201 POST http://10.180.1.21/networking/v2.0/routers 1.796s
2025-12-12 06:01:09.817 67347 INFO tempest.lib.common.rest_client [req-f2fb7e90-91d4-4e4b-ae07-4e415042d50e req-f2fb7e90-91d4-4e4b-ae07-4e415042d50e ] Request (FloatingIPsTestJSON:tearDownClass): 204 DELETE http://10.180.1.21/networking/v2.0/subnets/f592393c-0fa1-4700-9692-5474d50482e9 0.300s
2025-12-12 06:01:09.872 67315 INFO tempest.lib.common.rest_client [req-fc712fbd-ca83-40ae-a3b4-456760a22a3d req-fc712fbd-ca83-40ae-a3b4-456760a22a3d ] Request (ServerDiagnosticsTest:tearDownClass): 204 DELETE http://10.180.1.21/identity/v3/users/83736e3fbe114b82a089ad9f1559d70c 0.129s
2025-12-12 06:01:09.872 67315 INFO tempest.lib.common.dynamic_creds [-] Deleting project and security group for project: 7675a16cbfd04c1d899aac8c07656d80
2025-12-12 06:01:09.898 67303 INFO tempest.lib.common.rest_client [req-2b68a135-1637-43fc-9e19-59692a63c35b req-2b68a135-1637-43fc-9e19-59692a63c35b ] Request (ServerRescueTestJSON:setUpClass): 200 GET http://10.180.1.21/compute/v2.1/servers/1d8c8604-29fb-4d09-9580-fbdb67dc2fd7 6.672s
2025-12-12 06:01:09.903 67325 INFO tempest.lib.common.rest_client [req-84420def-a959-485f-9cb8-37a62d88c256 req-84420def-a959-485f-9cb8-37a62d88c256 ] Request (AggregatesAdminNegativeTestJSON:test_aggregate_create_aggregate_name_length_exceeds_255): 400 POST http://10.180.1.21/compute/v2.1/os-aggregates 5.416s
2025-12-12 06:01:09.906 67303 INFO tempest.common.waiters [-] State transition "BUILD/None" ==> "BUILD/spawning" after 7 second wait
2025-12-12 06:01:09.915 67309 INFO tempest.lib.common.rest_client [req-7ecec0c6-30d4-4d95-8382-8279ee7f7189 req-7ecec0c6-30d4-4d95-8382-8279ee7f7189 ] Request (HostsAdminNegativeTestJSON:test_update_nonexistent_host): 404 PUT http://10.180.1.21/compute/v2.1/os-hosts/nonexistent_hostname 5.389s
2025-12-12 06:01:09.971 67315 INFO tempest.lib.common.rest_client [req-f6a978f3-117b-4661-b0b5-97bbfedda27f req-f6a978f3-117b-4661-b0b5-97bbfedda27f ] Request (ServerDiagnosticsTest:tearDownClass): 201 POST http://10.180.1.21/identity/v3/auth/tokens 0.099s
2025-12-12 06:01:10.035 67347 INFO tempest.lib.common.rest_client [req-1b87797f-e58c-4318-93b5-f08f7a750a35 req-1b87797f-e58c-4318-93b5-f08f7a750a35 ] Request (FloatingIPsTestJSON:tearDownClass): 204 DELETE http://10.180.1.21/networking/v2.0/networks/cbe72237-5113-48e0-af3f-d5ec90864cf1 0.217s
2025-12-12 06:01:10.041 67309 INFO tempest.lib.common.rest_client [req-1276464d-0a96-412b-af80-42baf05b7a5f req-1276464d-0a96-412b-af80-42baf05b7a5f ] Request (HostsAdminNegativeTestJSON:tearDownClass): 204 DELETE http://10.180.1.21/identity/v3/users/b0b6e6b53ece495999c8f8fd7c6347e5 0.124s
2025-12-12 06:01:10.148 67301 INFO tempest.lib.common.rest_client [req-e0e13c20-088e-46b9-b926-04d489400bc4 req-e0e13c20-088e-46b9-b926-04d489400bc4 ] Request (SecurityGroupsTestAdminJSON:_run_cleanups): 202 DELETE http://10.180.1.21/compute/v2.1/os-security-groups/28c618c1-1f5f-4a76-ada9-e6a50ab4cdfb 5.759s
2025-12-12 06:01:10.181 67305 INFO tempest.lib.common.rest_client [req-44187c9d-6151-4018-bee3-33efb82a6604 req-44187c9d-6151-4018-bee3-33efb82a6604 ] Request (HypervisorAdminUnderV252Test:test_get_hypervisor_show_servers): 200 GET http://10.180.1.21/compute/v2.1/os-hypervisors 5.646s
2025-12-12 06:01:10.197 67347 INFO tempest.lib.common.rest_client [req-26b7560e-fc0b-4a36-990e-17e9b65c474e req-26b7560e-fc0b-4a36-990e-17e9b65c474e ] Request (FloatingIPsTestJSON:tearDownClass): 204 DELETE http://10.180.1.21/identity/v3/users/deda20701598450bafbbe63c5e06ea8e 0.161s
2025-12-12 06:01:10.197 67347 INFO tempest.lib.common.dynamic_creds [-] Deleting project and security group for project: 4a7aaa2eec1d45be827f96a73df0cb79
2025-12-12 06:01:10.288 67301 INFO tempest.lib.common.rest_client [req-9660c330-b724-460d-933f-c584ac01f3b4 req-9660c330-b724-460d-933f-c584ac01f3b4 ] Request (SecurityGroupsTestAdminJSON:tearDownClass): 204 DELETE http://10.180.1.21/identity/v3/users/857bbed942b94073b3f68df475246c5f 0.138s
2025-12-12 06:01:10.295 67309 INFO tempest.lib.common.rest_client [req-ea86e455-153c-4291-ac8e-f0cd5e12cfa1 req-ea86e455-153c-4291-ac8e-f0cd5e12cfa1 ] Request (HostsAdminNegativeTestJSON:tearDownClass): 204 DELETE http://10.180.1.21/identity/v3/users/64761303a4d340d3b89b253ae451b797 0.253s
2025-12-12 06:01:10.295 67309 INFO tempest.lib.common.dynamic_creds [-] Deleting project and security group for project: 6e9080c158424be29934ae3518bf2162
2025-12-12 06:01:10.351 67349 INFO tempest.lib.common.rest_client [req-66603ca0-81b8-4de3-9ad8-e52afd2633ed req-66603ca0-81b8-4de3-9ad8-e52afd2633ed ] Request (VolumesAdminNegativeTest:tearDownClass): 404 GET http://10.180.1.21/volume/v3/volumes/e4f16a65-b4bb-4eb9-b515-e3ab2e1a0a23 0.016s
2025-12-12 06:01:10.382 67301 INFO tempest.lib.common.rest_client [req-79c14bb0-4510-4a88-ab4f-439fc6704529 req-79c14bb0-4510-4a88-ab4f-439fc6704529 ] Request (SecurityGroupsTestAdminJSON:tearDownClass): 204 DELETE http://10.180.1.21/identity/v3/users/37fdb59182564bd58e32de6c4fe57fff 0.093s
2025-12-12 06:01:10.382 67301 INFO tempest.lib.common.dynamic_creds [-] Deleting project and security group for project: b5148779d4a54f01adfc6202e517e726
2025-12-12 06:01:10.440 67309 INFO tempest.lib.common.rest_client [req-b2c7411f-b211-4408-8966-5efcd5d76265 req-b2c7411f-b211-4408-8966-5efcd5d76265 ] Request (HostsAdminNegativeTestJSON:tearDownClass): 201 POST http://10.180.1.21/identity/v3/auth/tokens 0.145s
2025-12-12 06:01:10.447 67301 INFO tempest.lib.common.rest_client [req-cae7e1e9-e1b2-4da1-91f3-740b533025f3 req-cae7e1e9-e1b2-4da1-91f3-740b533025f3 ] Request (SecurityGroupsTestAdminJSON:tearDownClass): 201 POST http://10.180.1.21/identity/v3/auth/tokens 0.064s
2025-12-12 06:01:10.552 67315 INFO tempest.lib.common.rest_client [req-19415b83-9ca2-4c0f-becd-04511e560410 req-19415b83-9ca2-4c0f-becd-04511e560410 ] Request (ServerDiagnosticsTest:tearDownClass): 200 GET http://10.180.1.21/networking/v2.0/security-groups?tenant_id=7675a16cbfd04c1d899aac8c07656d80&name=default 0.581s
2025-12-12 06:01:10.658 67347 INFO tempest.lib.common.rest_client [req-aebafd97-e1c9-4c5c-9a2f-c94cf971dbbe req-aebafd97-e1c9-4c5c-9a2f-c94cf971dbbe ] Request (FloatingIPsTestJSON:tearDownClass): 200 GET http://10.180.1.21/networking/v2.0/security-groups?tenant_id=4a7aaa2eec1d45be827f96a73df0cb79&name=default 0.461s
2025-12-12 06:01:10.711 67333 INFO tempest.lib.common.rest_client [req-03898c3a-0c3c-412d-a46e-eea5d4bbc868 req-03898c3a-0c3c-412d-a46e-eea5d4bbc868 ] Request (ServerGroupTestJSON:setUpClass): 200 PUT http://10.180.1.21/networking/v2.0/routers/1323bc1e-bc1a-463a-b8cf-29fbdaa2c2fe/add_router_interface 0.903s
2025-12-12 06:01:10.711 67333 INFO tempest.lib.common.dynamic_creds [-] Created isolated network resources for: credentials: Credentials: {'domain_id': 'default', 'domain_name': 'Default', 'username': 'tempest-ServerGroupTestJSON-1808818309-project-member', 'project_domain_id': 'default', 'project_domain_name': 'Default', 'project_id': 'd36c53406724494f86875a5941be3e2e', 'project_name': 'tempest-ServerGroupTestJSON-1808818309', 'tenant_id': 'd36c53406724494f86875a5941be3e2e', 'tenant_name': 'tempest-ServerGroupTestJSON-1808818309', 'user_domain_id': 'default', 'user_domain_name': 'Default', 'user_id': '20a4eeafea9d4484b34ef4c6177add87', 'system': None}, Network: {'id': '6e958275-e7e9-4924-8c6b-9f7da12be6a3', 'name': 'tempest-ServerGroupTestJSON-517197021-network', 'tenant_id': 'd36c53406724494f86875a5941be3e2e', 'project_id': 'd36c53406724494f86875a5941be3e2e', 'admin_state_up': True, 'mtu': 8950, 'status': 'ACTIVE', 'subnets': [], 'shared': False, 'port_security_enabled': True, 'router:external': False, 'provider:network_type': 'vlan', 'provider:physical_network': 'default', 'provider:segmentation_id': 162, 'availability_zone_hints': [], 'availability_zones': [], 'ipv4_address_scope': None, 'ipv6_address_scope': None, 'description': '', 'tags': [], 'created_at': '2025-12-12T06:01:07Z', 'updated_at': '2025-12-12T06:01:07Z', 'revision_number': 1}, Subnet: {'id': 'd1311d28-e331-4135-91f7-a3eebc8ca624', 'name': 'tempest-ServerGroupTestJSON-517197021-subnet', 'tenant_id': 'd36c53406724494f86875a5941be3e2e', 'network_id': '6e958275-e7e9-4924-8c6b-9f7da12be6a3', 'ip_version': 4, 'subnetpool_id': None, 'enable_dhcp': True, 'ipv6_ra_mode': None, 'ipv6_address_mode': None, 'gateway_ip': '192.168.128.1', 'cidr': '192.168.128.0/28', 'allocation_pools': [{'start': '192.168.128.2', 'end': '192.168.128.14'}], 'host_routes': [], 'dns_nameservers': [], 'description': '', 'router:external': False, 'service_types': [], 'tags': [], 'created_at': '2025-12-12T06:01:07Z', 'updated_at': '2025-12-12T06:01:07Z', 'revision_number': 0, 'project_id': 'd36c53406724494f86875a5941be3e2e'}, Router: {'id': '1323bc1e-bc1a-463a-b8cf-29fbdaa2c2fe', 'name': 'tempest-ServerGroupTestJSON-517197021-router', 'tenant_id': 'd36c53406724494f86875a5941be3e2e', 'admin_state_up': True, 'status': 'ACTIVE', 'external_gateway_info': {'network_id': '66d44852-8b37-4eb8-a0cc-879572abb31b', 'external_fixed_ips': [{'subnet_id': '7c540691-b3e6-447a-9e05-9b876479cfbb', 'ip_address': '10.180.180.148'}], 'enable_snat': True}, 'description': '', 'availability_zones': [], 'distributed': False, 'ha': False, 'availability_zone_hints': [], 'routes': [], 'flavor_id': None, 'tags': [], 'created_at': '2025-12-12T06:01:09Z', 'updated_at': '2025-12-12T06:01:09Z', 'revision_number': 2, 'project_id': 'd36c53406724494f86875a5941be3e2e'}
2025-12-12 06:01:10.782 67301 INFO tempest.lib.common.rest_client [req-b8e5dc42-7eff-4efd-af28-adfb9af29e70 req-b8e5dc42-7eff-4efd-af28-adfb9af29e70 ] Request (SecurityGroupsTestAdminJSON:tearDownClass): 200 GET http://10.180.1.21/networking/v2.0/security-groups?tenant_id=b5148779d4a54f01adfc6202e517e726&name=default 0.335s
2025-12-12 06:01:10.805 67309 INFO tempest.lib.common.rest_client [req-0e95770f-a90d-4478-9183-7bcb367d34a3 req-0e95770f-a90d-4478-9183-7bcb367d34a3 ] Request (HostsAdminNegativeTestJSON:tearDownClass): 200 GET http://10.180.1.21/networking/v2.0/security-groups?tenant_id=6e9080c158424be29934ae3518bf2162&name=default 0.364s
2025-12-12 06:01:10.818 67333 INFO tempest.lib.common.rest_client [req-503f7cc6-7c35-4d58-a15e-a9aa9f9f7213 req-503f7cc6-7c35-4d58-a15e-a9aa9f9f7213 ] Request (ServerGroupTestJSON:setUpClass): 201 POST http://10.180.1.21/identity/v3/auth/tokens 0.101s
2025-12-12 06:01:10.959 67315 INFO tempest.lib.common.rest_client [req-4567e02d-09f6-4391-82a3-efa12d9d436c req-4567e02d-09f6-4391-82a3-efa12d9d436c ] Request (ServerDiagnosticsTest:tearDownClass): 204 DELETE http://10.180.1.21/networking/v2.0/security-groups/e5dba8ff-0e84-4aca-adad-d2b97038c1d2 0.406s
2025-12-12 06:01:11.002 67313 INFO tempest.lib.common.rest_client [req-0cd72c5e-5784-4433-9dbd-e9688497c91a req-0cd72c5e-5784-4433-9dbd-e9688497c91a ] Request (VolumesAssistedSnapshotsTest:test_volume_assisted_snapshot_create_delete): 200 GET http://10.180.1.21/compute/v2.1/servers/f2242246-711b-4e17-b2ed-63163870c005 5.532s
2025-12-12 06:01:11.009 67313 INFO tempest.common.waiters [-] State transition "BUILD/spawning" ==> "ACTIVE/None" after 21 second wait
2025-12-12 06:01:11.029 67315 INFO tempest.lib.common.rest_client [req-93d28fd7-71e1-429f-9ee6-ab84439f6e47 req-93d28fd7-71e1-429f-9ee6-ab84439f6e47 ] Request (ServerDiagnosticsTest:tearDownClass): 204 DELETE http://10.180.1.21/identity/v3/projects/7675a16cbfd04c1d899aac8c07656d80 0.069s
2025-12-12 06:01:11.029 67315 INFO tempest.lib.common.dynamic_creds [-] Deleting project and security group for project: af91d1465b4849b4af4894911e7e5f69
2025-12-12 06:01:11.086 67347 INFO tempest.lib.common.rest_client [req-08611b5e-9b23-4bb3-a3ef-3d1705ce2a48 req-08611b5e-9b23-4bb3-a3ef-3d1705ce2a48 ] Request (FloatingIPsTestJSON:tearDownClass): 204 DELETE http://10.180.1.21/networking/v2.0/security-groups/5602b815-1601-4779-94ea-5a2013ffdb9c 0.427s
2025-12-12 06:01:11.128 67311 INFO tempest.lib.common.rest_client [req-04feb3c1-c239-47a0-b6c9-66ea1d79b8d5 req-04feb3c1-c239-47a0-b6c9-66ea1d79b8d5 ] Request (ServersAdminNegativeTestJSON:test_migrate_non_existent_server): 404 POST http://10.180.1.21/compute/v2.1/servers/7b56aaf2-e844-4bd5-9753-0daa16000ed4/action 5.072s
2025-12-12 06:01:11.176 67301 INFO tempest.lib.common.rest_client [req-ebef26b1-4d5d-4524-92f5-e3fd4bfbcc81 req-ebef26b1-4d5d-4524-92f5-e3fd4bfbcc81 ] Request (SecurityGroupsTestAdminJSON:tearDownClass): 204 DELETE http://10.180.1.21/networking/v2.0/security-groups/452fb47a-1db2-4b78-a330-1e438fdaa7e9 0.394s
2025-12-12 06:01:11.197 67347 INFO tempest.lib.common.rest_client [req-d812413f-3f72-4533-a721-9b78ddd192ee req-d812413f-3f72-4533-a721-9b78ddd192ee ] Request (FloatingIPsTestJSON:tearDownClass): 204 DELETE http://10.180.1.21/identity/v3/projects/4a7aaa2eec1d45be827f96a73df0cb79 0.110s
2025-12-12 06:01:11.201 67319 INFO tempest.lib.common.rest_client [req-7a2c7ba1-e19e-43ca-8440-06a70836f923 req-7a2c7ba1-e19e-43ca-8440-06a70836f923 ] Request (TenantUsagesNegativeTestJSON:test_list_usage_all_tenants_with_non_admin_user): 403 GET http://10.180.1.21/compute/v2.1/os-simple-tenant-usage?start=2025-12-11T06%3A00%3A58.690998&end=2025-12-13T06%3A00%3A58.690998&detailed=1 5.142s
2025-12-12 06:01:11.255 67309 INFO tempest.lib.common.rest_client [req-755f721a-5d9a-48c0-8ccc-f1062f2231e1 req-755f721a-5d9a-48c0-8ccc-f1062f2231e1 ] Request (HostsAdminNegativeTestJSON:tearDownClass): 204 DELETE http://10.180.1.21/networking/v2.0/security-groups/c91c0ed9-e988-45f9-958c-b8ec564c8b6d 0.450s
2025-12-12 06:01:11.259 67311 INFO tempest.lib.common.rest_client [req-168834aa-d565-4514-87d9-5a8bc047280a req-168834aa-d565-4514-87d9-5a8bc047280a ] Request (ServersAdminNegativeTestJSON:test_migrate_server_invalid_state): 201 POST http://10.180.1.21/identity/v3/auth/tokens 0.125s
2025-12-12 06:01:11.259 67311 INFO tempest.lib.common.fixed_network [-] (ServersAdminNegativeTestJSON:test_migrate_server_invalid_state) Found network None available for tenant
2025-12-12 06:01:11.285 67301 INFO tempest.lib.common.rest_client [req-bd01177c-bccc-49a7-9602-99f728c5a2d8 req-bd01177c-bccc-49a7-9602-99f728c5a2d8 ] Request (SecurityGroupsTestAdminJSON:tearDownClass): 204 DELETE http://10.180.1.21/identity/v3/projects/b5148779d4a54f01adfc6202e517e726 0.108s
2025-12-12 06:01:11.285 67301 INFO tempest.lib.common.dynamic_creds [-] Deleting project and security group for project: f4d71943532346428adfdeb74ed99812
2025-12-12 06:01:11.316 67347 INFO tempest.lib.common.rest_client [req-292c9e0c-662b-4e43-a600-b591dd762b3b req-292c9e0c-662b-4e43-a600-b591dd762b3b ] Request (ServerAddressesNegativeTestJSON:setUpClass): 201 POST http://10.180.1.21/identity/v3/auth/tokens 0.118s
2025-12-12 06:01:11.374 67309 INFO tempest.lib.common.rest_client [req-7b0c401e-12cd-44fb-b863-a2e9fa6a07aa req-7b0c401e-12cd-44fb-b863-a2e9fa6a07aa ] Request (HostsAdminNegativeTestJSON:tearDownClass): 204 DELETE http://10.180.1.21/identity/v3/projects/6e9080c158424be29934ae3518bf2162 0.118s
2025-12-12 06:01:11.375 67309 INFO tempest.lib.common.dynamic_creds [-] Deleting project and security group for project: 28a6e01613c945dd8376c50afd9f82b4
2025-12-12 06:01:11.396 67319 INFO tempest.lib.common.rest_client [req-a58f97ad-b666-4e28-ad4f-296553325454 req-a58f97ad-b666-4e28-ad4f-296553325454 ] Request (TenantUsagesNegativeTestJSON:tearDownClass): 204 DELETE http://10.180.1.21/identity/v3/users/e03b7fce624349b6ab5d5a9cc49b8d5f 0.189s
2025-12-12 06:01:11.450 67347 INFO tempest.lib.common.rest_client [req-bc6708e2-e30c-41df-b37a-16c8715942d0 req-bc6708e2-e30c-41df-b37a-16c8715942d0 ] Request (ServerAddressesNegativeTestJSON:setUpClass): 201 POST http://10.180.1.21/identity/v3/auth/tokens 0.131s
2025-12-12 06:01:11.500 67319 INFO tempest.lib.common.rest_client [req-4e8ac17a-68d0-4161-b8c1-bca3490bf215 req-4e8ac17a-68d0-4161-b8c1-bca3490bf215 ] Request (TenantUsagesNegativeTestJSON:tearDownClass): 204 DELETE http://10.180.1.21/identity/v3/users/e552bc2b8a404c7cb9eace47ef16950e 0.104s
2025-12-12 06:01:11.501 67319 INFO tempest.lib.common.dynamic_creds [-] Deleting project and security group for project: eb76ba07e6164c9a832a94db0f6ba57a
2025-12-12 06:01:11.527 67347 INFO tempest.lib.common.rest_client [req-9ebd0e72-ecf2-4886-97b1-350833ab157b req-9ebd0e72-ecf2-4886-97b1-350833ab157b ] Request (ServerAddressesNegativeTestJSON:setUpClass): 200 GET http://10.180.1.21/identity/v3/domains?name=Default 0.077s
2025-12-12 06:01:11.574 67319 INFO tempest.lib.common.rest_client [req-8ce7e392-628e-45b4-9435-ee25d42f6a4d req-8ce7e392-628e-45b4-9435-ee25d42f6a4d ] Request (TenantUsagesNegativeTestJSON:tearDownClass): 201 POST http://10.180.1.21/identity/v3/auth/tokens 0.073s
2025-12-12 06:01:11.601 67347 INFO tempest.lib.common.rest_client [req-3eef3907-1cdd-4975-b0c8-8d6997ddaa37 req-3eef3907-1cdd-4975-b0c8-8d6997ddaa37 ] Request (ServerAddressesNegativeTestJSON:setUpClass): 201 POST http://10.180.1.21/identity/v3/projects 0.073s
2025-12-12 06:01:11.654 67347 INFO tempest.lib.common.rest_client [req-8ba3f7e2-1323-4976-aa10-df3720bbfd9d req-8ba3f7e2-1323-4976-aa10-df3720bbfd9d ] Request (ServerAddressesNegativeTestJSON:setUpClass): 201 POST http://10.180.1.21/identity/v3/users 0.053s
2025-12-12 06:01:11.675 67347 INFO tempest.lib.common.rest_client [req-3f560963-1c93-46d7-bf7d-63e9a579423a req-3f560963-1c93-46d7-bf7d-63e9a579423a ] Request (ServerAddressesNegativeTestJSON:setUpClass): 200 GET http://10.180.1.21/identity/v3/roles 0.020s
2025-12-12 06:01:11.710 67347 INFO tempest.lib.common.rest_client [req-b3d1da21-6132-4801-9d30-6716b6eee10c req-b3d1da21-6132-4801-9d30-6716b6eee10c ] Request (ServerAddressesNegativeTestJSON:setUpClass): 204 PUT http://10.180.1.21/identity/v3/projects/0767bf4c39c649858b8d0c7dc82831a9/users/fa4a3792fa63409680f00a4c4f8a14e3/roles/81a0e2682e5543dd94d9c54f7883f34a 0.034s
2025-12-12 06:01:11.710 67347 INFO tempest.lib.common.dynamic_creds [-] Dynamic test user fa4a3792fa63409680f00a4c4f8a14e3 is created with scope project and roles: ['member']
2025-12-12 06:01:11.710 67347 INFO tempest.lib.common.dynamic_creds [-] Acquired dynamic creds: credentials: Credentials: {'domain_id': 'default', 'domain_name': 'Default', 'username': 'tempest-ServerAddressesNegativeTestJSON-323109476-project-member', 'project_domain_id': 'default', 'project_domain_name': 'Default', 'project_id': '0767bf4c39c649858b8d0c7dc82831a9', 'project_name': 'tempest-ServerAddressesNegativeTestJSON-323109476', 'tenant_id': '0767bf4c39c649858b8d0c7dc82831a9', 'tenant_name': 'tempest-ServerAddressesNegativeTestJSON-323109476', 'user_domain_id': 'default', 'user_domain_name': 'Default', 'user_id': 'fa4a3792fa63409680f00a4c4f8a14e3', 'system': None}, Network: None, Subnet: None, Router: None
2025-12-12 06:01:11.745 67315 INFO tempest.lib.common.rest_client [req-e869e460-f02b-4c77-a1a8-eadb7cf73219 req-e869e460-f02b-4c77-a1a8-eadb7cf73219 ] Request (ServerDiagnosticsTest:tearDownClass): 200 GET http://10.180.1.21/networking/v2.0/security-groups?tenant_id=af91d1465b4849b4af4894911e7e5f69&name=default 0.715s
2025-12-12 06:01:11.774 67321 WARNING tempest.lib.common.ssh [-] Failed to establish authenticated ssh connection to cirros@10.180.180.192 ([Errno None] Unable to connect to port 22 on 10.180.180.192). Number attempts: 2. Retry after 3 seconds.: paramiko.ssh_exception.NoValidConnectionsError: [Errno None] Unable to connect to port 22 on 10.180.180.192
2025-12-12 06:01:11.778 67347 INFO tempest.lib.common.rest_client [req-28acfd1f-f36e-436a-bdc8-dc7c91c61ee2 req-28acfd1f-f36e-436a-bdc8-dc7c91c61ee2 ] Request (ServerAddressesNegativeTestJSON:setUpClass): 201 POST http://10.180.1.21/identity/v3/auth/tokens 0.067s
2025-12-12 06:01:11.785 67301 INFO tempest.lib.common.rest_client [req-5163510a-81d2-4f17-83d3-7c32c63ebcef req-5163510a-81d2-4f17-83d3-7c32c63ebcef ] Request (SecurityGroupsTestAdminJSON:tearDownClass): 200 GET http://10.180.1.21/networking/v2.0/security-groups?tenant_id=f4d71943532346428adfdeb74ed99812&name=default 0.499s
2025-12-12 06:01:11.987 67309 INFO tempest.lib.common.rest_client [req-edcb39f3-6762-4f2b-b9dd-0a5d717a8772 req-edcb39f3-6762-4f2b-b9dd-0a5d717a8772 ] Request (HostsAdminNegativeTestJSON:tearDownClass): 200 GET http://10.180.1.21/networking/v2.0/security-groups?tenant_id=28a6e01613c945dd8376c50afd9f82b4&name=default 0.612s
2025-12-12 06:01:12.152 67319 INFO tempest.lib.common.rest_client [req-f4d24631-c018-46ee-a4a0-aca0e3b87707 req-f4d24631-c018-46ee-a4a0-aca0e3b87707 ] Request (TenantUsagesNegativeTestJSON:tearDownClass): 200 GET http://10.180.1.21/networking/v2.0/security-groups?tenant_id=eb76ba07e6164c9a832a94db0f6ba57a&name=default 0.577s
2025-12-12 06:01:12.350 67315 INFO tempest.lib.common.rest_client [req-17fe278d-3b2e-490b-ac9e-6a9c98149ba8 req-17fe278d-3b2e-490b-ac9e-6a9c98149ba8 ] Request (ServerDiagnosticsTest:tearDownClass): 204 DELETE http://10.180.1.21/networking/v2.0/security-groups/9d37bea3-4bca-4491-9ca1-d1e2f38da620 0.604s
2025-12-12 06:01:12.429 67315 INFO tempest.lib.common.rest_client [req-39c3ce8f-785c-4ad0-a53e-b4c211eda76a req-39c3ce8f-785c-4ad0-a53e-b4c211eda76a ] Request (ServerDiagnosticsTest:tearDownClass): 204 DELETE http://10.180.1.21/identity/v3/projects/af91d1465b4849b4af4894911e7e5f69 0.078s
2025-12-12 06:01:12.430 67315 INFO tempest.test [-] raised in SpiceDirectConsoleTestJSON.setUpClass. Invoking tearDownClass.
2025-12-12 06:01:12.483 67351 INFO tempest.lib.common.rest_client [req-628ccec7-aaea-4029-b426-16c50f9889ba req-628ccec7-aaea-4029-b426-16c50f9889ba ] Request (SecurityGroupRulesTestJSON:test_security_group_rules_delete_when_peer_group_deleted): 202 DELETE http://10.180.1.21/compute/v2.1/os-security-groups/c3569c07-840d-48b9-81d3-e5c0c967e488 6.205s
2025-12-12 06:01:12.515 67335 INFO tempest.lib.common.rest_client [req-a5556871-aa88-4636-b681-47082d540e2e req-a5556871-aa88-4636-b681-47082d540e2e ] Request (FlavorsV2TestJSON:test_list_flavors_detailed_filter_by_min_disk): 200 GET http://10.180.1.21/compute/v2.1/flavors/detail?minDisk=2 5.736s
2025-12-12 06:01:12.520 67315 INFO tempest.lib.common.rest_client [req-79793cbe-654a-4759-b53e-a48e5b570b2f req-79793cbe-654a-4759-b53e-a48e5b570b2f ] Request (MultipleCreateTestJSON:setUpClass): 201 POST http://10.180.1.21/identity/v3/auth/tokens 0.085s
2025-12-12 06:01:12.559 67315 INFO tempest.lib.common.rest_client [req-59c39a02-f411-4378-9bc5-f11352140592 req-59c39a02-f411-4378-9bc5-f11352140592 ] Request (MultipleCreateTestJSON:setUpClass): 201 POST http://10.180.1.21/identity/v3/auth/tokens 0.035s
2025-12-12 06:01:12.571 67301 INFO tempest.lib.common.rest_client [req-fb91db1e-3f87-4c76-9dec-464f50f5adee req-fb91db1e-3f87-4c76-9dec-464f50f5adee ] Request (SecurityGroupsTestAdminJSON:tearDownClass): 204 DELETE http://10.180.1.21/networking/v2.0/security-groups/e6fd3c65-1236-45d8-85fa-4f7cefe682ab 0.785s
2025-12-12 06:01:12.575 67347 INFO tempest.lib.common.rest_client [req-32ec2a2a-d8be-45f9-b209-026bae6d6bf9 req-32ec2a2a-d8be-45f9-b209-026bae6d6bf9 ] Request (ServerAddressesNegativeTestJSON:setUpClass): 201 POST http://10.180.1.21/networking/v2.0/networks 0.797s
2025-12-12 06:01:12.591 67315 INFO tempest.lib.common.rest_client [req-d076365a-f9c2-47b3-9e06-7b126df34af7 req-d076365a-f9c2-47b3-9e06-7b126df34af7 ] Request (MultipleCreateTestJSON:setUpClass): 200 GET http://10.180.1.21/identity/v3/domains?name=Default 0.031s
2025-12-12 06:01:12.648 67357 INFO tempest.lib.common.rest_client [req-3f4effa6-8124-4d9d-a11c-e66702cba6b1 req-3f4effa6-8124-4d9d-a11c-e66702cba6b1 ] Request (ExtensionsTest:test_get_extension): 200 GET http://10.180.1.21/compute/v2.1/extensions/os-consoles 5.695s
2025-12-12 06:01:12.662 67301 INFO tempest.lib.common.rest_client [req-e3817008-425a-4633-a736-1f6658e8664b req-e3817008-425a-4633-a736-1f6658e8664b ] Request (SecurityGroupsTestAdminJSON:tearDownClass): 204 DELETE http://10.180.1.21/identity/v3/projects/f4d71943532346428adfdeb74ed99812 0.091s
2025-12-12 06:01:12.663 67301 INFO tempest.test [-] raised in TestVolumeSwap.setUpClass. Invoking tearDownClass.
2025-12-12 06:01:12.663 67309 INFO tempest.lib.common.rest_client [req-86f4e0a0-13c6-4814-bebe-51bd93f3cab6 req-86f4e0a0-13c6-4814-bebe-51bd93f3cab6 ] Request (HostsAdminNegativeTestJSON:tearDownClass): 204 DELETE http://10.180.1.21/networking/v2.0/security-groups/455d5c3d-8f58-480c-9463-4abe42c4e8cc 0.675s
2025-12-12 06:01:12.730 67315 INFO tempest.lib.common.rest_client [req-10c2fa3f-195e-4c2b-9a2a-a11a8e46790a req-10c2fa3f-195e-4c2b-9a2a-a11a8e46790a ] Request (MultipleCreateTestJSON:setUpClass): 201 POST http://10.180.1.21/identity/v3/projects 0.139s
2025-12-12 06:01:12.750 67319 INFO tempest.lib.common.rest_client [req-454c1043-f5f6-4b12-9097-f1b01cb6b9fd req-454c1043-f5f6-4b12-9097-f1b01cb6b9fd ] Request (TenantUsagesNegativeTestJSON:tearDownClass): 204 DELETE http://10.180.1.21/networking/v2.0/security-groups/769f4547-936a-4fe3-a7a5-15b491fa6a0e 0.597s
2025-12-12 06:01:12.791 67301 INFO tempest.lib.common.rest_client [req-743ff0cb-6921-4d42-ac53-443c8b4225bc req-743ff0cb-6921-4d42-ac53-443c8b4225bc ] Request (ListImagesTestJSON:setUpClass): 201 POST http://10.180.1.21/identity/v3/auth/tokens 0.126s
2025-12-12 06:01:12.825 67309 INFO tempest.lib.common.rest_client [req-16ba6358-00a4-491a-bf21-99c091015c6b req-16ba6358-00a4-491a-bf21-99c091015c6b ] Request (HostsAdminNegativeTestJSON:tearDownClass): 204 DELETE http://10.180.1.21/identity/v3/projects/28a6e01613c945dd8376c50afd9f82b4 0.161s
2025-12-12 06:01:12.865 67315 INFO tempest.lib.common.rest_client [req-a19752d5-310b-4ef4-a4e0-03c2617f534d req-a19752d5-310b-4ef4-a4e0-03c2617f534d ] Request (MultipleCreateTestJSON:setUpClass): 201 POST http://10.180.1.21/identity/v3/users 0.134s
2025-12-12 06:01:12.888 67347 INFO tempest.lib.common.rest_client [req-a0751396-9554-408c-825d-5b38737b2230 req-a0751396-9554-408c-825d-5b38737b2230 ] Request (ServerAddressesNegativeTestJSON:setUpClass): 201 POST http://10.180.1.21/networking/v2.0/subnets 0.311s
2025-12-12 06:01:12.899 67329 INFO tempest.lib.common.rest_client [req-a5aac4f8-ca2c-427e-ad9a-6bda6df81f8c req-a5aac4f8-ca2c-427e-ad9a-6bda6df81f8c ] Request (InstanceActionsTestJSON:setUpClass): 202 POST http://10.180.1.21/compute/v2.1/servers 7.395s
2025-12-12 06:01:12.904 67301 INFO tempest.lib.common.rest_client [req-7605cb85-ffe8-415c-9694-395231791296 req-7605cb85-ffe8-415c-9694-395231791296 ] Request (ListImagesTestJSON:setUpClass): 201 POST http://10.180.1.21/identity/v3/auth/tokens 0.108s
2025-12-12 06:01:12.926 67319 INFO tempest.lib.common.rest_client [req-dccf6d11-9c77-4ebe-baee-d151682fb706 req-dccf6d11-9c77-4ebe-baee-d151682fb706 ] Request (TenantUsagesNegativeTestJSON:tearDownClass): 204 DELETE http://10.180.1.21/identity/v3/projects/eb76ba07e6164c9a832a94db0f6ba57a 0.176s
2025-12-12 06:01:12.926 67319 INFO tempest.lib.common.dynamic_creds [-] Deleting project and security group for project: 2881265df4fd46bda50605085423e7f1
2025-12-12 06:01:12.975 67341 INFO tempest.lib.common.rest_client [req-a0da9f92-69db-4788-8e30-f4a21e3e4771 req-a0da9f92-69db-4788-8e30-f4a21e3e4771 ] Request (ServersAdmin275Test:_run_cleanups): 200 GET http://10.180.1.21/compute/v2.1/servers/ece81896-92b2-4da6-a2b4-f8927778f140 5.559s
2025-12-12 06:01:12.980 67315 INFO tempest.lib.common.rest_client [req-887b17d2-6983-40ce-b571-77cd80210418 req-887b17d2-6983-40ce-b571-77cd80210418 ] Request (MultipleCreateTestJSON:setUpClass): 200 GET http://10.180.1.21/identity/v3/roles 0.115s
2025-12-12 06:01:12.981 67309 INFO tempest.lib.common.rest_client [req-c9989c24-e747-4077-8b53-c3c79362e25f req-c9989c24-e747-4077-8b53-c3c79362e25f ] Request (NetworksTest:setUpClass): 201 POST http://10.180.1.21/identity/v3/auth/tokens 0.153s
2025-12-12 06:01:12.989 67341 INFO tempest.common.waiters [-] State transition "REBUILD/rebuild_spawning" ==> "ACTIVE/None" after 6 second wait
2025-12-12 06:01:13.018 67301 INFO tempest.lib.common.rest_client [req-8a01dd66-b319-4568-84f2-cc4baa1359b9 req-8a01dd66-b319-4568-84f2-cc4baa1359b9 ] Request (ListImagesTestJSON:setUpClass): 200 GET http://10.180.1.21/identity/v3/domains?name=Default 0.114s
2025-12-12 06:01:13.139 67309 INFO tempest.lib.common.rest_client [req-309eabb2-ce93-49d2-9416-8e46b5362488 req-309eabb2-ce93-49d2-9416-8e46b5362488 ] Request (NetworksTest:setUpClass): 201 POST http://10.180.1.21/identity/v3/auth/tokens 0.155s
2025-12-12 06:01:13.172 67315 INFO tempest.lib.common.rest_client [req-df931cbd-1ea3-406d-a482-bb4ccc353442 req-df931cbd-1ea3-406d-a482-bb4ccc353442 ] Request (MultipleCreateTestJSON:setUpClass): 204 PUT http://10.180.1.21/identity/v3/projects/2fadbb7887564285b079620802987440/users/25260d11f1fb4a2486c11b5804d498da/roles/81a0e2682e5543dd94d9c54f7883f34a 0.192s
2025-12-12 06:01:13.173 67315 INFO tempest.lib.common.dynamic_creds [-] Dynamic test user 25260d11f1fb4a2486c11b5804d498da is created with scope project and roles: ['member']
2025-12-12 06:01:13.173 67315 INFO tempest.lib.common.dynamic_creds [-] Acquired dynamic creds: credentials: Credentials: {'domain_id': 'default', 'domain_name': 'Default', 'username': 'tempest-MultipleCreateTestJSON-667685198-project-member', 'project_domain_id': 'default', 'project_domain_name': 'Default', 'project_id': '2fadbb7887564285b079620802987440', 'project_name': 'tempest-MultipleCreateTestJSON-667685198', 'tenant_id': '2fadbb7887564285b079620802987440', 'tenant_name': 'tempest-MultipleCreateTestJSON-667685198', 'user_domain_id': 'default', 'user_domain_name': 'Default', 'user_id': '25260d11f1fb4a2486c11b5804d498da', 'system': None}, Network: None, Subnet: None, Router: None
2025-12-12 06:01:13.175 67301 INFO tempest.lib.common.rest_client [req-9bb4168a-8f92-4edf-a510-308c1d8337d5 req-9bb4168a-8f92-4edf-a510-308c1d8337d5 ] Request (ListImagesTestJSON:setUpClass): 201 POST http://10.180.1.21/identity/v3/projects 0.156s
2025-12-12 06:01:13.265 67315 INFO tempest.lib.common.rest_client [req-442b472d-e145-4c38-baef-723f2e711686 req-442b472d-e145-4c38-baef-723f2e711686 ] Request (MultipleCreateTestJSON:setUpClass): 201 POST http://10.180.1.21/identity/v3/auth/tokens 0.092s
2025-12-12 06:01:13.287 67309 INFO tempest.lib.common.rest_client [req-64bda54c-30cd-4e99-9cd2-99ecded14632 req-64bda54c-30cd-4e99-9cd2-99ecded14632 ] Request (NetworksTest:setUpClass): 200 GET http://10.180.1.21/identity/v3/domains?name=Default 0.148s
2025-12-12 06:01:13.290 67301 INFO tempest.lib.common.rest_client [req-9fec4f8a-659a-47cd-bffe-4a5197986f4e req-9fec4f8a-659a-47cd-bffe-4a5197986f4e ] Request (ListImagesTestJSON:setUpClass): 201 POST http://10.180.1.21/identity/v3/users 0.114s
2025-12-12 06:01:13.312 67319 INFO tempest.lib.common.rest_client [req-2c9b3837-05d2-4230-a848-4e5c1115c320 req-2c9b3837-05d2-4230-a848-4e5c1115c320 ] Request (TenantUsagesNegativeTestJSON:tearDownClass): 200 GET http://10.180.1.21/networking/v2.0/security-groups?tenant_id=2881265df4fd46bda50605085423e7f1&name=default 0.384s
2025-12-12 06:01:13.321 67309 INFO tempest.lib.common.rest_client [req-846d37c7-42a2-4732-9dd8-36d0719dd62f req-846d37c7-42a2-4732-9dd8-36d0719dd62f ] Request (NetworksTest:setUpClass): 201 POST http://10.180.1.21/identity/v3/projects 0.032s
2025-12-12 06:01:13.321 67301 INFO tempest.lib.common.rest_client [req-57c21b06-a4b5-432c-9bc8-831589b79e5a req-57c21b06-a4b5-432c-9bc8-831589b79e5a ] Request (ListImagesTestJSON:setUpClass): 200 GET http://10.180.1.21/identity/v3/roles 0.030s
2025-12-12 06:01:13.387 67301 INFO tempest.lib.common.rest_client [req-88a0d2c9-fc0c-4432-ad1d-5384fd79ccd3 req-88a0d2c9-fc0c-4432-ad1d-5384fd79ccd3 ] Request (ListImagesTestJSON:setUpClass): 204 PUT http://10.180.1.21/identity/v3/projects/70dc85802bde43b2973893149b364711/users/f1f4809f22ae42789df3410a780aed17/roles/81a0e2682e5543dd94d9c54f7883f34a 0.066s
2025-12-12 06:01:13.387 67301 INFO tempest.lib.common.dynamic_creds [-] Dynamic test user f1f4809f22ae42789df3410a780aed17 is created with scope project and roles: ['member']
2025-12-12 06:01:13.387 67301 INFO tempest.lib.common.dynamic_creds [-] Acquired dynamic creds: credentials: Credentials: {'domain_id': 'default', 'domain_name': 'Default', 'username': 'tempest-ListImagesTestJSON-120911275-project-member', 'project_domain_id': 'default', 'project_domain_name': 'Default', 'project_id': '70dc85802bde43b2973893149b364711', 'project_name': 'tempest-ListImagesTestJSON-120911275', 'tenant_id': '70dc85802bde43b2973893149b364711', 'tenant_name': 'tempest-ListImagesTestJSON-120911275', 'user_domain_id': 'default', 'user_domain_name': 'Default', 'user_id': 'f1f4809f22ae42789df3410a780aed17', 'system': None}, Network: None, Subnet: None, Router: None
2025-12-12 06:01:13.388 67301 INFO tempest.lib.common.dynamic_creds [-] Created isolated network resources for: credentials: Credentials: {'domain_id': 'default', 'domain_name': 'Default', 'username': 'tempest-ListImagesTestJSON-120911275-project-member', 'project_domain_id': 'default', 'project_domain_name': 'Default', 'project_id': '70dc85802bde43b2973893149b364711', 'project_name': 'tempest-ListImagesTestJSON-120911275', 'tenant_id': '70dc85802bde43b2973893149b364711', 'tenant_name': 'tempest-ListImagesTestJSON-120911275', 'user_domain_id': 'default', 'user_domain_name': 'Default', 'user_id': 'f1f4809f22ae42789df3410a780aed17', 'system': None}, Network: None, Subnet: None, Router: None
