2025-12-12 06:02:21.930 67347 INFO tempest.lib.common.rest_client [req-e5d3a635-8e49-4c70-a9b3-334f35ad3660 req-e5d3a635-8e49-4c70-a9b3-334f35ad3660 ] Request (ServerAddressesNegativeTestJSON:tearDownClass): 200 GET http://10.180.1.21/compute/v2.1/servers/a1974fd9-118a-455f-a9a7-e727070d8286 2.439s
2025-12-12 06:02:22.120 67353 INFO tempest.lib.common.rest_client [req-6fc6c45b-439f-4600-a7ec-b7d82e21f560 req-6fc6c45b-439f-4600-a7ec-b7d82e21f560 ] Request (ServersTestManualDisk:setUpClass): 201 POST http://10.180.1.21/networking/v2.0/subnets 0.231s
2025-12-12 06:02:22.204 67331 INFO tempest.lib.common.rest_client [req-0b05cec6-f15e-467b-8988-d2a61f1573e2 req-0b05cec6-f15e-467b-8988-d2a61f1573e2 ] Request (SecurityGroupsNegativeTestJSON:test_security_group_get_nonexistent_group): 404 GET http://10.180.1.21/compute/v2.1/os-security-groups/f83a6555-8e74-4bc4-9823-b731f828268d 1.990s
2025-12-12 06:02:22.322 67361 INFO tempest.lib.common.rest_client [req-b1000529-1257-466b-bb01-c986938bb12d req-b1000529-1257-466b-bb01-c986938bb12d ] Request (InstanceActionsV221TestJSON:setUpClass): 200 PUT http://10.180.1.21/networking/v2.0/routers/4f030d8f-cd7f-4b4f-ae77-f773f9ad29c4/add_router_interface 0.905s
2025-12-12 06:02:22.322 67361 INFO tempest.lib.common.dynamic_creds [-] Created isolated network resources for: credentials: Credentials: {'domain_id': 'default', 'domain_name': 'Default', 'username': 'tempest-InstanceActionsV221TestJSON-1382223323-project-member', 'project_domain_id': 'default', 'project_domain_name': 'Default', 'project_id': 'addf4ab63b5c4b7893358ff17629696a', 'project_name': 'tempest-InstanceActionsV221TestJSON-1382223323', 'tenant_id': 'addf4ab63b5c4b7893358ff17629696a', 'tenant_name': 'tempest-InstanceActionsV221TestJSON-1382223323', 'user_domain_id': 'default', 'user_domain_name': 'Default', 'user_id': '51bcd77153ec4e7f93b5de9650abdfa8', 'system': None}, Network: {'id': '88191443-49e4-4221-801d-7e71a1906e81', 'name': 'tempest-InstanceActionsV221TestJSON-897828258-network', 'tenant_id': 'addf4ab63b5c4b7893358ff17629696a', 'project_id': 'addf4ab63b5c4b7893358ff17629696a', 'admin_state_up': True, 'mtu': 8950, 'status': 'ACTIVE', 'subnets': [], 'shared': False, 'port_security_enabled': True, 'router:external': False, 'provider:network_type': 'vlan', 'provider:physical_network': 'default', 'provider:segmentation_id': 619, 'availability_zone_hints': [], 'availability_zones': [], 'ipv4_address_scope': None, 'ipv6_address_scope': None, 'description': '', 'tags': [], 'created_at': '2025-12-12T06:02:20Z', 'updated_at': '2025-12-12T06:02:20Z', 'revision_number': 1}, Subnet: {'id': '2a2c41f7-c098-41ca-882b-5f8980a5b1ea', 'name': 'tempest-InstanceActionsV221TestJSON-897828258-subnet', 'tenant_id': 'addf4ab63b5c4b7893358ff17629696a', 'network_id': '88191443-49e4-4221-801d-7e71a1906e81', 'ip_version': 4, 'subnetpool_id': None, 'enable_dhcp': True, 'ipv6_ra_mode': None, 'ipv6_address_mode': None, 'gateway_ip': '192.168.128.1', 'cidr': '192.168.128.0/28', 'allocation_pools': [{'start': '192.168.128.2', 'end': '192.168.128.14'}], 'host_routes': [], 'dns_nameservers': [], 'description': '', 'router:external': False, 'service_types': [], 'tags': [], 'created_at': '2025-12-12T06:02:20Z', 'updated_at': '2025-12-12T06:02:20Z', 'revision_number': 0, 'project_id': 'addf4ab63b5c4b7893358ff17629696a'}, Router: {'id': '4f030d8f-cd7f-4b4f-ae77-f773f9ad29c4', 'name': 'tempest-InstanceActionsV221TestJSON-897828258-router', 'tenant_id': 'addf4ab63b5c4b7893358ff17629696a', 'admin_state_up': True, 'status': 'ACTIVE', 'external_gateway_info': {'network_id': '66d44852-8b37-4eb8-a0cc-879572abb31b', 'external_fixed_ips': [{'subnet_id': '7c540691-b3e6-447a-9e05-9b876479cfbb', 'ip_address': '10.180.180.211'}], 'enable_snat': True}, 'description': '', 'availability_zones': [], 'distributed': False, 'ha': False, 'availability_zone_hints': [], 'routes': [], 'flavor_id': None, 'tags': [], 'created_at': '2025-12-12T06:02:20Z', 'updated_at': '2025-12-12T06:02:21Z', 'revision_number': 2, 'project_id': 'addf4ab63b5c4b7893358ff17629696a'}
2025-12-12 06:02:22.363 67303 INFO tempest.lib.common.rest_client [req-be137a87-e8af-423e-92ef-a9cc9912b36f req-be137a87-e8af-423e-92ef-a9cc9912b36f ] Request (ServerRescueTestJSON:test_rescue_unrescue_instance): 200 GET http://10.180.1.21/compute/v2.1/servers/6cb8eb85-0c58-4364-b77a-6d7f403db69e 2.441s
2025-12-12 06:02:22.379 67303 INFO tempest.common.waiters [-] State transition "BUILD/spawning" ==> "ACTIVE/None" after 29 second wait
2025-12-12 06:02:22.406 67361 INFO tempest.lib.common.rest_client [req-fc048904-0dae-4844-bd54-76a118403c10 req-fc048904-0dae-4844-bd54-76a118403c10 ] Request (InstanceActionsV221TestJSON:setUpClass): 201 POST http://10.180.1.21/identity/v3/auth/tokens 0.080s
2025-12-12 06:02:22.450 67361 INFO tempest.lib.common.rest_client [req-35dd92d9-46c2-48e1-a50b-7c90c869a532 req-35dd92d9-46c2-48e1-a50b-7c90c869a532 ] Request (InstanceActionsV221TestJSON:test_get_list_deleted_instance_actions): 201 POST http://10.180.1.21/identity/v3/auth/tokens 0.037s
2025-12-12 06:02:22.451 67361 INFO tempest.lib.common.fixed_network [-] (InstanceActionsV221TestJSON:test_get_list_deleted_instance_actions) Found network {'id': '88191443-49e4-4221-801d-7e71a1906e81', 'name': 'tempest-InstanceActionsV221TestJSON-897828258-network', 'tenant_id': 'addf4ab63b5c4b7893358ff17629696a', 'project_id': 'addf4ab63b5c4b7893358ff17629696a', 'admin_state_up': True, 'mtu': 8950, 'status': 'ACTIVE', 'subnets': [], 'shared': False, 'port_security_enabled': True, 'router:external': False, 'provider:network_type': 'vlan', 'provider:physical_network': 'default', 'provider:segmentation_id': 619, 'availability_zone_hints': [], 'availability_zones': [], 'ipv4_address_scope': None, 'ipv6_address_scope': None, 'description': '', 'tags': [], 'created_at': '2025-12-12T06:02:20Z', 'updated_at': '2025-12-12T06:02:20Z', 'revision_number': 1} available for tenant
2025-12-12 06:02:22.711 67309 INFO tempest.lib.common.rest_client [req-ef7cafdb-f660-4a72-85ea-000b978d75b5 req-ef7cafdb-f660-4a72-85ea-000b978d75b5 ] Request (ServerAddressesTestJSON:setUpClass): 200 GET http://10.180.1.21/compute/v2.1/servers/907e372f-e5d7-44b5-94e0-e1d845d4283b 2.332s
2025-12-12 06:02:22.932 67353 INFO tempest.lib.common.rest_client [req-c2648f41-45f9-43df-ab6e-b7b56bd826d1 req-c2648f41-45f9-43df-ab6e-b7b56bd826d1 ] Request (ServersTestManualDisk:setUpClass): 201 POST http://10.180.1.21/networking/v2.0/routers 0.812s
2025-12-12 06:02:23.952 67353 INFO tempest.lib.common.rest_client [req-a464ffa3-0465-4dc5-a86d-d2ab6a338342 req-a464ffa3-0465-4dc5-a86d-d2ab6a338342 ] Request (ServersTestManualDisk:setUpClass): 200 PUT http://10.180.1.21/networking/v2.0/routers/627423c1-50c1-4add-a741-8622dfffe36b/add_router_interface 1.019s
2025-12-12 06:02:23.952 67353 INFO tempest.lib.common.dynamic_creds [-] Created isolated network resources for: credentials: Credentials: {'domain_id': 'default', 'domain_name': 'Default', 'username': 'tempest-ServersTestManualDisk-399481353-project-member', 'project_domain_id': 'default', 'project_domain_name': 'Default', 'project_id': 'ce2e43cd6331447e871ae57a83e323e5', 'project_name': 'tempest-ServersTestManualDisk-399481353', 'tenant_id': 'ce2e43cd6331447e871ae57a83e323e5', 'tenant_name': 'tempest-ServersTestManualDisk-399481353', 'user_domain_id': 'default', 'user_domain_name': 'Default', 'user_id': '9b0610c7f5c0492ab68b4a0e4422e01d', 'system': None}, Network: {'id': '4a8d4615-ecc6-49d6-91ab-633ad3d1e6e5', 'name': 'tempest-ServersTestManualDisk-1798457753-network', 'tenant_id': 'ce2e43cd6331447e871ae57a83e323e5', 'project_id': 'ce2e43cd6331447e871ae57a83e323e5', 'admin_state_up': True, 'mtu': 8950, 'status': 'ACTIVE', 'subnets': [], 'shared': False, 'port_security_enabled': True, 'router:external': False, 'provider:network_type': 'vlan', 'provider:physical_network': 'default', 'provider:segmentation_id': 532, 'availability_zone_hints': [], 'availability_zones': [], 'ipv4_address_scope': None, 'ipv6_address_scope': None, 'description': '', 'tags': [], 'created_at': '2025-12-12T06:02:21Z', 'updated_at': '2025-12-12T06:02:21Z', 'revision_number': 1}, Subnet: {'id': '0a8f955e-b384-41a1-8761-c8873cf2532a', 'name': 'tempest-ServersTestManualDisk-1798457753-subnet', 'tenant_id': 'ce2e43cd6331447e871ae57a83e323e5', 'network_id': '4a8d4615-ecc6-49d6-91ab-633ad3d1e6e5', 'ip_version': 4, 'subnetpool_id': None, 'enable_dhcp': True, 'ipv6_ra_mode': None, 'ipv6_address_mode': None, 'gateway_ip': '192.168.128.1', 'cidr': '192.168.128.0/28', 'allocation_pools': [{'start': '192.168.128.2', 'end': '192.168.128.14'}], 'host_routes': [], 'dns_nameservers': [], 'description': '', 'router:external': False, 'service_types': [], 'tags': [], 'created_at': '2025-12-12T06:02:22Z', 'updated_at': '2025-12-12T06:02:22Z', 'revision_number': 0, 'project_id': 'ce2e43cd6331447e871ae57a83e323e5'}, Router: {'id': '627423c1-50c1-4add-a741-8622dfffe36b', 'name': 'tempest-ServersTestManualDisk-1798457753-router', 'tenant_id': 'ce2e43cd6331447e871ae57a83e323e5', 'admin_state_up': True, 'status': 'ACTIVE', 'external_gateway_info': {'network_id': '66d44852-8b37-4eb8-a0cc-879572abb31b', 'external_fixed_ips': [{'subnet_id': '7c540691-b3e6-447a-9e05-9b876479cfbb', 'ip_address': '10.180.180.215'}], 'enable_snat': True}, 'description': '', 'availability_zones': [], 'distributed': False, 'ha': False, 'availability_zone_hints': [], 'routes': [], 'flavor_id': None, 'tags': [], 'created_at': '2025-12-12T06:02:22Z', 'updated_at': '2025-12-12T06:02:22Z', 'revision_number': 2, 'project_id': 'ce2e43cd6331447e871ae57a83e323e5'}
2025-12-12 06:02:23.989 67345 INFO tempest.lib.common.rest_client [req-279af0f5-d166-45e1-acea-525b680b8460 req-279af0f5-d166-45e1-acea-525b680b8460 ] Request (DeleteServersTestJSON:test_delete_active_server): 200 GET http://10.180.1.21/compute/v2.1/servers/57ec5a05-bb54-4016-ba73-2d327175e101 3.442s
2025-12-12 06:02:24.003 67327 INFO tempest.lib.common.rest_client [req-702dc513-98ae-47c7-a204-1683464f5041 req-702dc513-98ae-47c7-a204-1683464f5041 ] Request (MigrationsAdminTest:test_resize_server_revert_deleted_flavor): 200 GET http://10.180.1.21/compute/v2.1/flavors/42 3.061s
2025-12-12 06:02:24.049 67353 INFO tempest.lib.common.rest_client [req-7e7136d3-333f-46dc-b4be-62a110dbe36f req-7e7136d3-333f-46dc-b4be-62a110dbe36f ] Request (ServersTestManualDisk:setUpClass): 201 POST http://10.180.1.21/identity/v3/auth/tokens 0.092s
2025-12-12 06:02:24.103 67305 INFO tempest.lib.common.rest_client [req-1be5c1ad-54d2-4665-af93-bd01991673fa req-1be5c1ad-54d2-4665-af93-bd01991673fa ] Request (FloatingIPsAssociationNegativeTestJSON:test_associate_ip_to_server_with_floating_ip): 400 POST http://10.180.1.21/compute/v2.1/servers/70cbc4d9-6473-4f49-a1a0-01d81d84d1f4/action 3.576s
2025-12-12 06:02:24.253 67311 INFO tempest.lib.common.rest_client [req-450cd9cf-0bd6-4d94-9a5e-8e5956ceab96 req-450cd9cf-0bd6-4d94-9a5e-8e5956ceab96 ] Request (ServersAdminNegativeTestJSON:test_resize_server_using_overlimit_vcpus): 200 GET http://10.180.1.21/compute/v2.1/os-quota-sets/2b4de4d268e84dda8c90ac02c901e7b4 2.783s
2025-12-12 06:02:24.275 67297 INFO tempest.lib.common.rest_client [req-a93ced44-6233-4e84-9349-99167a95c173 req-a93ced44-6233-4e84-9349-99167a95c173 ] Request (ListServerFiltersTestJSON:setUpClass): 200 GET http://10.180.1.21/compute/v2.1/servers/eb1dddac-ab39-430d-afd1-6abe8fba51b3 3.110s
2025-12-12 06:02:24.307 67299 INFO tempest.lib.common.rest_client [req-31e5ddad-7717-4585-b0cf-2fde1b3ebbed req-31e5ddad-7717-4585-b0cf-2fde1b3ebbed ] Request (ServerMetadataTestJSON:test_set_server_metadata_item): 200 GET http://10.180.1.21/compute/v2.1/servers/a5710675-caa8-48fc-affa-9ae141916ca9/metadata 2.756s
2025-12-12 06:02:24.356 67301 INFO tempest.lib.common.rest_client [req-7fa43583-914f-46d3-851c-09c2fcc8787e req-7fa43583-914f-46d3-851c-09c2fcc8787e ] Request (ServerRescueNegativeTestJSON:setUpClass): 200 POST http://10.180.1.21/compute/v2.1/servers/19e19864-44e2-4458-b7ae-b61598f802e1/action 2.882s
2025-12-12 06:02:24.384 67325 INFO tempest.lib.common.rest_client [req-ee5ab5b9-68aa-447d-bc86-8a74c9c6a762 req-ee5ab5b9-68aa-447d-bc86-8a74c9c6a762 ] Request (AggregatesAdminNegativeTestJSON:test_aggregate_remove_nonexistent_host): 200 POST http://10.180.1.21/compute/v2.1/os-aggregates 2.812s
2025-12-12 06:02:24.388 67329 INFO tempest.lib.common.rest_client [req-c06e6905-6928-4486-8fcb-82f79e4ca78b req-c06e6905-6928-4486-8fcb-82f79e4ca78b ] Request (InstanceActionsTestJSON:tearDownClass): 200 GET http://10.180.1.21/compute/v2.1/servers/9cce079c-6e03-4cd8-ae00-6d7078f1f28f 2.822s
2025-12-12 06:02:24.440 67323 INFO tempest.lib.common.rest_client [req-eb4260da-23d6-4eb9-bd7b-969df630f148 req-eb4260da-23d6-4eb9-bd7b-969df630f148 ] Request (HostsAdminTestJSON:test_list_hosts): 200 GET http://10.180.1.21/compute/v2.1/os-hosts 2.701s
2025-12-12 06:02:24.444 67341 INFO tempest.lib.common.rest_client [req-054f9402-3b0a-4943-b3e3-f321a086351d req-054f9402-3b0a-4943-b3e3-f321a086351d ] Request (AttachInterfacesV270Test:test_create_get_list_interfaces): 200 GET http://10.180.1.21/compute/v2.1/servers/cfaa80f1-b0e9-4f76-a766-094c10eee23e 2.702s
2025-12-12 06:02:24.517 67351 INFO tempest.lib.common.rest_client [req-59e0468e-b988-4eab-b240-b9acdd658e0d req-59e0468e-b988-4eab-b240-b9acdd658e0d ] Request (ServerActionsTestOtherA:setUpClass): 200 GET http://10.180.1.21/compute/v2.1/servers/59e81f4f-45f2-41d1-8e2e-57018f622f81 2.607s
2025-12-12 06:02:24.534 67315 INFO tempest.lib.common.rest_client [req-ee3fa3dd-add6-473e-88af-58f08c4a9d80 req-ee3fa3dd-add6-473e-88af-58f08c4a9d80 ] Request (MultipleCreateTestJSON:_run_cleanups): 200 GET http://10.180.1.21/compute/v2.1/servers/cdd2bc72-8001-442f-96b8-5440ab0b842b 2.784s
2025-12-12 06:02:24.870 67337 INFO tempest.lib.common.rest_client [req-b3b965f0-dc7b-474f-b90f-b1633892d9b6 req-b3b965f0-dc7b-474f-b90f-b1633892d9b6 ] Request (ImagesNegativeTestJSON:test_create_image_from_deleted_server): 200 GET http://10.180.1.21/compute/v2.1/servers/346ef92d-6550-47c8-9a03-5ccec417306e 2.944s
2025-12-12 06:02:24.891 67331 INFO tempest.lib.common.rest_client [req-88baa765-566c-47a3-aff2-296163b3f3c1 req-88baa765-566c-47a3-aff2-296163b3f3c1 ] Request (SecurityGroupsNegativeTestJSON:test_update_non_existent_security_group): 404 PUT http://10.180.1.21/compute/v2.1/os-security-groups/82b5add7-00ea-4b6f-98e9-a459856cd70b 2.685s
2025-12-12 06:02:24.894 67333 INFO tempest.lib.common.rest_client [req-b68679fe-a875-46e2-a983-cf8da7ca3869 req-b68679fe-a875-46e2-a983-cf8da7ca3869 ] Request (ServerGroupTestJSON:test_create_server_with_scheduler_hint_group): 200 GET http://10.180.1.21/compute/v2.1/servers/1bc129e2-4f82-4b76-afd9-a3ae6557d546 2.801s
2025-12-12 06:02:25.608 67331 INFO tempest.lib.common.rest_client [req-1dfb1a69-166a-4f87-8568-a7ca572b25f7 req-1dfb1a69-166a-4f87-8568-a7ca572b25f7 ] Request (SecurityGroupsNegativeTestJSON:tearDownClass): 200 PUT http://10.180.1.21/networking/v2.0/routers/72e564c3-9824-42d0-b8e2-6503f8d5b5fa/remove_router_interface 0.710s
2025-12-12 06:02:25.689 67339 INFO tempest.lib.common.rest_client [req-c3a584a8-cc8a-4263-9d66-22f7f2994ae0 req-c3a584a8-cc8a-4263-9d66-22f7f2994ae0 ] Request (ServersWithSpecificFlavorTestJSON:test_verify_created_server_ephemeral_disk): 200 GET http://10.180.1.21/compute/v2.1/servers/72771bff-22b8-4ab7-bbd6-aebb5d968873 3.409s
2025-12-12 06:02:25.769 67303 INFO tempest.lib.common.rest_client [req-74b7cd99-f160-4aea-bf50-c780361e55d6 req-74b7cd99-f160-4aea-bf50-c780361e55d6 ] Request (ServerRescueTestJSON:test_rescue_unrescue_instance): 200 POST http://10.180.1.21/compute/v2.1/servers/6cb8eb85-0c58-4364-b77a-6d7f403db69e/action 3.389s
2025-12-12 06:02:26.097 67331 INFO tempest.lib.common.rest_client [req-5847a728-8b87-4fc4-8ef6-e47d53d1cbae req-5847a728-8b87-4fc4-8ef6-e47d53d1cbae ] Request (SecurityGroupsNegativeTestJSON:tearDownClass): 204 DELETE http://10.180.1.21/networking/v2.0/routers/72e564c3-9824-42d0-b8e2-6503f8d5b5fa 0.489s
2025-12-12 06:02:26.140 67349 INFO tempest.lib.common.rest_client [req-df23924b-ba04-4497-b288-02acdf5d54a2 req-df23924b-ba04-4497-b288-02acdf5d54a2 ] Request (AttachInterfacesUnderV243Test:test_add_remove_fixed_ip): 200 GET http://10.180.1.21/compute/v2.1/servers/fd5b9fe9-6a81-47af-a7d6-3b41cdc19111 3.888s
2025-12-12 06:02:26.152 67349 INFO tempest.common.waiters [-] State transition "BUILD/None" ==> "BUILD/spawning" after 27 second wait
2025-12-12 06:02:26.240 67343 INFO tempest.lib.common.rest_client [req-e12cdb30-26dd-4086-a0dc-58663e750de5 req-e12cdb30-26dd-4086-a0dc-58663e750de5 ] Request (ServerExternalEventsTest:tearDownClass): 200 GET http://10.180.1.21/compute/v2.1/servers/dce36235-165e-42fd-bd0c-bb3cedb9e049 3.798s
2025-12-12 06:02:26.376 67331 INFO tempest.lib.common.rest_client [req-1800de85-4fd9-4831-9b5e-9c5dd5a0f7fd req-1800de85-4fd9-4831-9b5e-9c5dd5a0f7fd ] Request (SecurityGroupsNegativeTestJSON:tearDownClass): 204 DELETE http://10.180.1.21/networking/v2.0/subnets/f63d163a-c9e6-4c6d-90cc-610ef12bb7d2 0.279s
2025-12-12 06:02:26.596 67331 INFO tempest.lib.common.rest_client [req-78f48c49-1232-4be8-8b74-06159fd19be0 req-78f48c49-1232-4be8-8b74-06159fd19be0 ] Request (SecurityGroupsNegativeTestJSON:tearDownClass): 204 DELETE http://10.180.1.21/networking/v2.0/networks/1a9d5c53-a75e-4f0c-b074-fdfb7a86529c 0.219s
2025-12-12 06:02:26.609 67359 INFO tempest.lib.common.rest_client [req-8bc22b67-d595-4c95-95d8-e0e32b30e3b6 req-8bc22b67-d595-4c95-95d8-e0e32b30e3b6 ] Request (AttachVolumeTestJSON:test_attach_detach_volume): 200 GET http://10.180.1.21/compute/v2.1/servers/aabc1a61-6f2d-4a7a-9718-4c1af400e9cb 4.063s
2025-12-12 06:02:26.620 67359 INFO tempest.common.waiters [-] State transition "BUILD/None" ==> "BUILD/spawning" after 27 second wait
2025-12-12 06:02:26.708 67335 INFO tempest.lib.common.rest_client [req-674fe956-e65d-4956-b333-397d613b8459 req-674fe956-e65d-4956-b333-397d613b8459 ] Request (SecurityGroupsTestJSON:test_list_security_groups_by_server): 200 GET http://10.180.1.21/compute/v2.1/servers/6a4fb8c9-eeb8-4bf9-9db6-9ae4e4efbd50 4.096s
2025-12-12 06:02:26.720 67335 INFO tempest.common.waiters [-] State transition "BUILD/scheduling" ==> "BUILD/None" after 5 second wait
2025-12-12 06:02:26.780 67331 INFO tempest.lib.common.rest_client [req-6026884b-a7b2-447d-a29e-d3e411a4773e req-6026884b-a7b2-447d-a29e-d3e411a4773e ] Request (SecurityGroupsNegativeTestJSON:tearDownClass): 204 DELETE http://10.180.1.21/identity/v3/users/22e606fc11a244b196146bb5dae353e5 0.184s
2025-12-12 06:02:26.780 67331 INFO tempest.lib.common.dynamic_creds [-] Deleting project and security group for project: 76e0da6d4fc54fe7a3a08bd0221ac143
2025-12-12 06:02:26.801 67317 INFO tempest.lib.common.rest_client [req-94c244f5-ff2b-45b7-a8fe-c576075b5493 req-94c244f5-ff2b-45b7-a8fe-c576075b5493 ] Request (AttachInterfacesTestJSON:test_create_list_show_delete_interfaces_by_fixed_ip): 200 GET http://10.180.1.21/compute/v2.1/servers/62739925-18ee-4a8a-9303-ce0057c1705d 3.881s
2025-12-12 06:02:26.864 67331 INFO tempest.lib.common.rest_client [req-f3b6415c-e912-432d-a2ad-331e5ccbed80 req-f3b6415c-e912-432d-a2ad-331e5ccbed80 ] Request (SecurityGroupsNegativeTestJSON:tearDownClass): 200 GET http://10.180.1.21/networking/v2.0/security-groups?tenant_id=76e0da6d4fc54fe7a3a08bd0221ac143&name=default 0.083s
2025-12-12 06:02:26.891 67347 INFO tempest.lib.common.rest_client [req-91344728-6e10-406b-857b-53f214f69372 req-91344728-6e10-406b-857b-53f214f69372 ] Request (ServerAddressesNegativeTestJSON:tearDownClass): 200 GET http://10.180.1.21/compute/v2.1/servers/a1974fd9-118a-455f-a9a7-e727070d8286 3.952s
2025-12-12 06:02:26.916 67361 INFO tempest.lib.common.rest_client [req-720a0c7f-891a-475e-af16-32d43489641e req-720a0c7f-891a-475e-af16-32d43489641e ] Request (InstanceActionsV221TestJSON:test_get_list_deleted_instance_actions): 202 POST http://10.180.1.21/compute/v2.1/servers 4.464s
2025-12-12 06:02:26.937 67327 INFO tempest.lib.common.rest_client [req-8954e836-e7c5-4892-bdd7-98599eed505e req-8954e836-e7c5-4892-bdd7-98599eed505e ] Request (MigrationsAdminTest:test_resize_server_revert_deleted_flavor): 200 POST http://10.180.1.21/compute/v2.1/flavors 2.931s
2025-12-12 06:02:26.963 67331 INFO tempest.lib.common.rest_client [req-83379905-d0d8-4a2a-8518-d23b14f3031f req-83379905-d0d8-4a2a-8518-d23b14f3031f ] Request (SecurityGroupsNegativeTestJSON:tearDownClass): 204 DELETE http://10.180.1.21/networking/v2.0/security-groups/787d2b62-0512-40a4-a687-bad0346b46a0 0.099s
2025-12-12 06:02:26.974 67309 INFO tempest.lib.common.rest_client [req-d117087b-873e-43bf-a297-84380c4ca5e8 req-d117087b-873e-43bf-a297-84380c4ca5e8 ] Request (ServerAddressesTestJSON:setUpClass): 200 GET http://10.180.1.21/compute/v2.1/servers/907e372f-e5d7-44b5-94e0-e1d845d4283b 3.253s
2025-12-12 06:02:27.104 67331 INFO tempest.lib.common.rest_client [req-003bbabc-8568-44f2-89d2-7bdff1671f2b req-003bbabc-8568-44f2-89d2-7bdff1671f2b ] Request (SecurityGroupsNegativeTestJSON:tearDownClass): 204 DELETE http://10.180.1.21/identity/v3/projects/76e0da6d4fc54fe7a3a08bd0221ac143 0.140s
2025-12-12 06:02:27.129 67353 INFO tempest.lib.common.rest_client [req-1450b6f7-4da8-4e74-bb52-4dc19043a99a req-1450b6f7-4da8-4e74-bb52-4dc19043a99a ] Request (ServersTestManualDisk:setUpClass): 200 POST http://10.180.1.21/compute/v2.1/os-keypairs 3.078s
2025-12-12 06:02:27.147 67311 INFO tempest.lib.common.rest_client [req-62d0484b-6b89-4002-a426-5282faedd358 req-62d0484b-6b89-4002-a426-5282faedd358 ] Request (ServersAdminNegativeTestJSON:test_resize_server_using_overlimit_vcpus): 200 POST http://10.180.1.21/compute/v2.1/flavors 2.892s
2025-12-12 06:02:27.204 67331 INFO tempest.lib.common.rest_client [req-ff36d74e-cd65-4fb0-8707-27dad28a44eb req-ff36d74e-cd65-4fb0-8707-27dad28a44eb ] Request (ServersListShow296Test:setUpClass): 201 POST http://10.180.1.21/identity/v3/auth/tokens 0.099s
2025-12-12 06:02:27.254 67331 INFO tempest.lib.common.rest_client [req-135e3c85-a696-4f2f-9df4-fba91302f5ea req-135e3c85-a696-4f2f-9df4-fba91302f5ea ] Request (ServersListShow296Test:setUpClass): 201 POST http://10.180.1.21/identity/v3/auth/tokens 0.046s
2025-12-12 06:02:27.288 67353 INFO tempest.lib.common.rest_client [req-d3925bae-c026-4603-82b6-6a92b4c2c628 req-d3925bae-c026-4603-82b6-6a92b4c2c628 ] Request (ServersTestManualDisk:setUpClass): 201 POST http://10.180.1.21/networking/v2.0/security-groups 0.158s
2025-12-12 06:02:27.299 67331 INFO tempest.lib.common.rest_client [req-6ab2f18a-0077-4f12-9971-e7658f966357 req-6ab2f18a-0077-4f12-9971-e7658f966357 ] Request (ServersListShow296Test:setUpClass): 200 GET http://10.180.1.21/identity/v3/domains?name=Default 0.044s
2025-12-12 06:02:27.351 67331 INFO tempest.lib.common.rest_client [req-2c58d74c-b860-4ae5-8de0-32092d4da860 req-2c58d74c-b860-4ae5-8de0-32092d4da860 ] Request (ServersListShow296Test:setUpClass): 201 POST http://10.180.1.21/identity/v3/projects 0.051s
2025-12-12 06:02:27.401 67353 INFO tempest.lib.common.rest_client [req-fa0d5ef4-f53a-444b-abb8-dade5b981254 req-fa0d5ef4-f53a-444b-abb8-dade5b981254 ] Request (ServersTestManualDisk:setUpClass): 201 POST http://10.180.1.21/networking/v2.0/security-group-rules 0.112s
2025-12-12 06:02:27.438 67305 INFO tempest.lib.common.rest_client [req-8750ba2d-9b8a-4e68-93cc-b632a64f3eeb req-8750ba2d-9b8a-4e68-93cc-b632a64f3eeb ] Request (FloatingIPsAssociationNegativeTestJSON:_run_cleanups): 202 DELETE http://10.180.1.21/compute/v2.1/os-floating-ips/3133f4f6-2728-4bb4-83de-3084b1b97f92 3.334s
2025-12-12 06:02:27.439 67331 INFO tempest.lib.common.rest_client [req-ee199d93-c5d2-4f6d-9f08-7098e09d219a req-ee199d93-c5d2-4f6d-9f08-7098e09d219a ] Request (ServersListShow296Test:setUpClass): 201 POST http://10.180.1.21/identity/v3/users 0.087s
2025-12-12 06:02:27.465 67331 INFO tempest.lib.common.rest_client [req-6d84c66e-cd13-431f-9447-2e4fd88fd5f1 req-6d84c66e-cd13-431f-9447-2e4fd88fd5f1 ] Request (ServersListShow296Test:setUpClass): 200 GET http://10.180.1.21/identity/v3/roles 0.026s
2025-12-12 06:02:27.492 67353 INFO tempest.lib.common.rest_client [req-87871a66-a0f1-4c3e-9d4c-276b474d863d req-87871a66-a0f1-4c3e-9d4c-276b474d863d ] Request (ServersTestManualDisk:setUpClass): 201 POST http://10.180.1.21/networking/v2.0/security-group-rules 0.091s
2025-12-12 06:02:27.501 67331 INFO tempest.lib.common.rest_client [req-ff109168-9837-44dd-bc16-566fd289f2ae req-ff109168-9837-44dd-bc16-566fd289f2ae ] Request (ServersListShow296Test:setUpClass): 204 PUT http://10.180.1.21/identity/v3/projects/5b04e4f0d72d40f9b1b6e65f01b94010/users/1883cca5322042bb9840ca3bf6fc55fd/roles/81a0e2682e5543dd94d9c54f7883f34a 0.035s
2025-12-12 06:02:27.501 67331 INFO tempest.lib.common.dynamic_creds [-] Dynamic test user 1883cca5322042bb9840ca3bf6fc55fd is created with scope project and roles: ['member']
2025-12-12 06:02:27.502 67331 INFO tempest.lib.common.dynamic_creds [-] Acquired dynamic creds: credentials: Credentials: {'domain_id': 'default', 'domain_name': 'Default', 'username': 'tempest-ServersListShow296Test-1730619518-project-member', 'project_domain_id': 'default', 'project_domain_name': 'Default', 'project_id': '5b04e4f0d72d40f9b1b6e65f01b94010', 'project_name': 'tempest-ServersListShow296Test-1730619518', 'tenant_id': '5b04e4f0d72d40f9b1b6e65f01b94010', 'tenant_name': 'tempest-ServersListShow296Test-1730619518', 'user_domain_id': 'default', 'user_domain_name': 'Default', 'user_id': '1883cca5322042bb9840ca3bf6fc55fd', 'system': None}, Network: None, Subnet: None, Router: None
2025-12-12 06:02:27.502 67331 INFO tempest.lib.common.dynamic_creds [-] Created isolated network resources for: credentials: Credentials: {'domain_id': 'default', 'domain_name': 'Default', 'username': 'tempest-ServersListShow296Test-1730619518-project-member', 'project_domain_id': 'default', 'project_domain_name': 'Default', 'project_id': '5b04e4f0d72d40f9b1b6e65f01b94010', 'project_name': 'tempest-ServersListShow296Test-1730619518', 'tenant_id': '5b04e4f0d72d40f9b1b6e65f01b94010', 'tenant_name': 'tempest-ServersListShow296Test-1730619518', 'user_domain_id': 'default', 'user_domain_name': 'Default', 'user_id': '1883cca5322042bb9840ca3bf6fc55fd', 'system': None}, Network: None, Subnet: None, Router: None
2025-12-12 06:02:27.558 67299 INFO tempest.lib.common.rest_client [req-907e99b0-fa97-4450-b0d2-5de21c2b548f req-907e99b0-fa97-4450-b0d2-5de21c2b548f ] Request (ServerMetadataTestJSON:setUp): 200 PUT http://10.180.1.21/compute/v2.1/servers/a5710675-caa8-48fc-affa-9ae141916ca9/metadata 3.249s
2025-12-12 06:02:27.593 67297 INFO tempest.lib.common.rest_client [req-90619f9b-a0e6-4fec-b394-fca5d967e09a req-90619f9b-a0e6-4fec-b394-fca5d967e09a ] Request (ListServerFiltersTestJSON:test_list_servers_detailed_filter_by_flavor): 200 GET http://10.180.1.21/compute/v2.1/servers/detail?flavor=84 3.310s
2025-12-12 06:02:27.596 67331 INFO tempest.lib.common.rest_client [req-4fbaba6a-2e7f-498d-a869-42e8ba6919c8 req-4fbaba6a-2e7f-498d-a869-42e8ba6919c8 ] Request (ServersListShow296Test:setUpClass): 201 POST http://10.180.1.21/identity/v3/auth/tokens 0.089s
2025-12-12 06:02:27.637 67325 INFO tempest.lib.common.rest_client [req-69fe1363-33f3-4344-9666-196e1839229e req-69fe1363-33f3-4344-9666-196e1839229e ] Request (AggregatesAdminNegativeTestJSON:test_aggregate_remove_nonexistent_host): 404 POST http://10.180.1.21/compute/v2.1/os-aggregates/8/action 3.251s
2025-12-12 06:02:27.648 67331 INFO tempest.lib.common.rest_client [req-69ceef18-0845-4c9c-b4e6-6bea907897de req-69ceef18-0845-4c9c-b4e6-6bea907897de ] Request (ServersListShow296Test:test_list_show_update_rebuild_server_296): 201 POST http://10.180.1.21/identity/v3/auth/tokens 0.047s
2025-12-12 06:02:27.648 67331 INFO tempest.lib.common.fixed_network [-] (ServersListShow296Test:test_list_show_update_rebuild_server_296) Found network None available for tenant
2025-12-12 06:02:27.657 67323 INFO tempest.lib.common.rest_client [req-75e56cbb-9581-4a86-80c4-1493c9a6519f req-75e56cbb-9581-4a86-80c4-1493c9a6519f ] Request (HostsAdminTestJSON:test_list_hosts_with_a_blank_zone): 200 GET http://10.180.1.21/compute/v2.1/os-hosts?zone= 3.215s
2025-12-12 06:02:27.725 67301 INFO tempest.lib.common.rest_client [req-340f30ef-a13b-42fd-85e9-d99280128130 req-340f30ef-a13b-42fd-85e9-d99280128130 ] Request (ServerRescueNegativeTestJSON:setUpClass): 200 GET http://10.180.1.21/compute/v2.1/servers/19e19864-44e2-4458-b7ae-b61598f802e1 3.368s
2025-12-12 06:02:27.751 67329 INFO tempest.lib.common.rest_client [req-93ee96db-984e-4cc2-9ee0-3f768d27e5a4 req-93ee96db-984e-4cc2-9ee0-3f768d27e5a4 ] Request (InstanceActionsTestJSON:tearDownClass): 404 GET http://10.180.1.21/compute/v2.1/servers/9cce079c-6e03-4cd8-ae00-6d7078f1f28f 2.354s
2025-12-12 06:02:27.929 67353 INFO tempest.lib.common.rest_client [req-8cc6b4f2-b0a3-44ff-9629-7486a9120fec req-8cc6b4f2-b0a3-44ff-9629-7486a9120fec ] Request (ServersTestManualDisk:setUpClass): 201 POST http://10.180.1.21/networking/v2.0/floatingips 0.436s
2025-12-12 06:02:27.985 67341 INFO tempest.lib.common.rest_client [req-fc47443b-716f-4e7c-8df0-8f7b4751eeac req-fc47443b-716f-4e7c-8df0-8f7b4751eeac ] Request (AttachInterfacesV270Test:test_create_get_list_interfaces): 200 GET http://10.180.1.21/compute/v2.1/servers/cfaa80f1-b0e9-4f76-a766-094c10eee23e 2.528s
2025-12-12 06:02:28.006 67353 INFO tempest.lib.common.rest_client [req-20e6754c-e004-45a0-8209-67c177929e03 req-20e6754c-e004-45a0-8209-67c177929e03 ] Request (ServersTestManualDisk:setUpClass): 201 POST http://10.180.1.21/identity/v3/auth/tokens 0.074s
2025-12-12 06:02:28.006 67353 INFO tempest.lib.common.fixed_network [-] (ServersTestManualDisk:setUpClass) Found network {'id': '4a8d4615-ecc6-49d6-91ab-633ad3d1e6e5', 'name': 'tempest-ServersTestManualDisk-1798457753-network', 'tenant_id': 'ce2e43cd6331447e871ae57a83e323e5', 'project_id': 'ce2e43cd6331447e871ae57a83e323e5', 'admin_state_up': True, 'mtu': 8950, 'status': 'ACTIVE', 'subnets': [], 'shared': False, 'port_security_enabled': True, 'router:external': False, 'provider:network_type': 'vlan', 'provider:physical_network': 'default', 'provider:segmentation_id': 532, 'availability_zone_hints': [], 'availability_zones': [], 'ipv4_address_scope': None, 'ipv6_address_scope': None, 'description': '', 'tags': [], 'created_at': '2025-12-12T06:02:21Z', 'updated_at': '2025-12-12T06:02:21Z', 'revision_number': 1} available for tenant
2025-12-12 06:02:28.012 67345 INFO tempest.lib.common.rest_client [req-f92f2267-427b-48d6-b514-ed90bca04de7 req-f92f2267-427b-48d6-b514-ed90bca04de7 ] Request (DeleteServersTestJSON:test_delete_active_server): 200 GET http://10.180.1.21/compute/v2.1/servers/57ec5a05-bb54-4016-ba73-2d327175e101 3.013s
2025-12-12 06:02:28.020 67345 INFO tempest.common.waiters [-] State transition "BUILD/spawning" ==> "ACTIVE/None" after 34 second wait
2025-12-12 06:02:28.061 67351 INFO tempest.lib.common.rest_client [req-3bc13316-a120-437e-bd2b-357fa5433ceb req-3bc13316-a120-437e-bd2b-357fa5433ceb ] Request (ServerActionsTestOtherA:setUpClass): 200 GET http://10.180.1.21/compute/v2.1/servers/59e81f4f-45f2-41d1-8e2e-57018f622f81 2.536s
2025-12-12 06:02:28.076 67315 INFO tempest.lib.common.rest_client [req-56397fae-427b-4dc8-a624-9e6ebacf1aef req-56397fae-427b-4dc8-a624-9e6ebacf1aef ] Request (MultipleCreateTestJSON:_run_cleanups): 200 GET http://10.180.1.21/compute/v2.1/servers/cdd2bc72-8001-442f-96b8-5440ab0b842b 2.530s
2025-12-12 06:02:28.177 67313 WARNING tempest.lib.common.ssh [-] Failed to establish authenticated ssh connection to cirros@10.180.180.164 ([Errno None] Unable to connect to port 22 on 10.180.180.164). Number attempts: 9. Retry after 10 seconds.: paramiko.ssh_exception.NoValidConnectionsError: [Errno None] Unable to connect to port 22 on 10.180.180.164
2025-12-12 06:02:28.193 67337 INFO tempest.lib.common.rest_client [req-3edafee0-7819-4581-992f-b65bb52dc0bd req-3edafee0-7819-4581-992f-b65bb52dc0bd ] Request (ImagesNegativeTestJSON:test_create_image_from_deleted_server): 200 GET http://10.180.1.21/compute/v2.1/servers/346ef92d-6550-47c8-9a03-5ccec417306e 2.310s
2025-12-12 06:02:28.223 67303 INFO tempest.lib.common.rest_client [req-f17e4efe-3c60-4d66-80eb-56f5bed8de29 req-f17e4efe-3c60-4d66-80eb-56f5bed8de29 ] Request (ServerRescueTestJSON:test_rescue_unrescue_instance): 200 GET http://10.180.1.21/compute/v2.1/servers/6cb8eb85-0c58-4364-b77a-6d7f403db69e 2.453s
2025-12-12 06:02:28.261 67333 INFO tempest.lib.common.rest_client [req-c4893909-03ce-4bb2-81c9-3bf3713e97d9 req-c4893909-03ce-4bb2-81c9-3bf3713e97d9 ] Request (ServerGroupTestJSON:test_create_server_with_scheduler_hint_group): 200 GET http://10.180.1.21/compute/v2.1/servers/1bc129e2-4f82-4b76-afd9-a3ae6557d546 2.355s
2025-12-12 06:02:28.277 67339 INFO tempest.lib.common.rest_client [req-d2a4fd57-d4dd-4c97-8dc9-0b653bceb8d5 req-d2a4fd57-d4dd-4c97-8dc9-0b653bceb8d5 ] Request (ServersWithSpecificFlavorTestJSON:test_verify_created_server_ephemeral_disk): 200 GET http://10.180.1.21/compute/v2.1/servers/72771bff-22b8-4ab7-bbd6-aebb5d968873 1.578s
2025-12-12 06:02:28.292 67327 INFO tempest.lib.common.rest_client [req-c38b2104-0ac7-4b48-818a-3ce2338ba69d req-c38b2104-0ac7-4b48-818a-3ce2338ba69d ] Request (MigrationsAdminTest:test_resize_server_revert_deleted_flavor): 200 GET http://10.180.1.21/compute/v2.1/flavors/42/os-extra_specs 1.352s
2025-12-12 06:02:28.323 67361 INFO tempest.lib.common.rest_client [req-b5a8c038-b1eb-4b87-bbb1-ac743fc2c1f5 req-b5a8c038-b1eb-4b87-bbb1-ac743fc2c1f5 ] Request (InstanceActionsV221TestJSON:test_get_list_deleted_instance_actions): 200 GET http://10.180.1.21/compute/v2.1/servers/874335bd-c2b3-4c53-864b-870b44fd3923 1.405s
2025-12-12 06:02:28.380 67311 INFO tempest.lib.common.rest_client [req-0a872eaa-7fce-4b11-a87f-50b393d97500 req-0a872eaa-7fce-4b11-a87f-50b393d97500 ] Request (ServersAdminNegativeTestJSON:test_resize_server_using_overlimit_vcpus): 403 POST http://10.180.1.21/compute/v2.1/servers/b702a391-ea5f-44d0-8dc2-314b86cc53ae/action 1.230s
2025-12-12 06:02:28.425 67349 INFO tempest.lib.common.rest_client [req-c812a25b-b00b-4b69-abed-e3041431730f req-c812a25b-b00b-4b69-abed-e3041431730f ] Request (AttachInterfacesUnderV243Test:test_add_remove_fixed_ip): 200 GET http://10.180.1.21/compute/v2.1/servers/fd5b9fe9-6a81-47af-a7d6-3b41cdc19111 1.269s
2025-12-12 06:02:28.447 67343 INFO tempest.lib.common.rest_client [req-c9b6150b-6fa5-4f3b-8d50-bd1343491156 req-c9b6150b-6fa5-4f3b-8d50-bd1343491156 ] Request (ServerExternalEventsTest:tearDownClass): 200 GET http://10.180.1.21/compute/v2.1/servers/dce36235-165e-42fd-bd0c-bb3cedb9e049 1.197s
2025-12-12 06:02:28.502 67299 INFO tempest.lib.common.rest_client [req-05a59a6c-ab9a-4210-8e84-6e5772a0c650 req-05a59a6c-ab9a-4210-8e84-6e5772a0c650 ] Request (ServerMetadataTestJSON:test_update_metadata_empty_body): 200 POST http://10.180.1.21/compute/v2.1/servers/a5710675-caa8-48fc-affa-9ae141916ca9/metadata 0.943s
2025-12-12 06:02:28.537 67329 INFO tempest.lib.common.rest_client [req-196381e2-23c4-417e-9826-8316aa12e5c0 req-196381e2-23c4-417e-9826-8316aa12e5c0 ] Request (InstanceActionsTestJSON:tearDownClass): 200 PUT http://10.180.1.21/networking/v2.0/routers/3ea4ca18-2817-44d1-abb3-0b20acc206f2/remove_router_interface 0.785s
2025-12-12 06:02:28.732 67297 INFO tempest.lib.common.rest_client [req-1a7a38fb-010e-4465-b217-ec4bdb0146c3 req-1a7a38fb-010e-4465-b217-ec4bdb0146c3 ] Request (ListServerFiltersTestJSON:test_list_servers_detailed_filter_by_server_name): 200 GET http://10.180.1.21/compute/v2.1/servers/detail?name=tempest-ListServerFiltersTestJSON-instance-1659935971 1.118s
2025-12-12 06:02:28.930 67329 INFO tempest.lib.common.rest_client [req-74ffff81-54c9-4bf8-b7f6-8e596823e1a6 req-74ffff81-54c9-4bf8-b7f6-8e596823e1a6 ] Request (InstanceActionsTestJSON:tearDownClass): 204 DELETE http://10.180.1.21/networking/v2.0/routers/3ea4ca18-2817-44d1-abb3-0b20acc206f2 0.392s
2025-12-12 06:02:29.064 67359 INFO tempest.lib.common.rest_client [req-d8936d1b-a63b-4cd7-aecc-309f999ecfc3 req-d8936d1b-a63b-4cd7-aecc-309f999ecfc3 ] Request (AttachVolumeTestJSON:test_attach_detach_volume): 200 GET http://10.180.1.21/compute/v2.1/servers/aabc1a61-6f2d-4a7a-9718-4c1af400e9cb 1.443s
2025-12-12 06:02:29.107 67325 INFO tempest.lib.common.rest_client [req-e343d0b6-6d45-4e42-8384-1a0c46bf75b7 req-e343d0b6-6d45-4e42-8384-1a0c46bf75b7 ] Request (AggregatesAdminNegativeTestJSON:_run_cleanups): 200 DELETE http://10.180.1.21/compute/v2.1/os-aggregates/8 1.469s
2025-12-12 06:02:29.196 67329 INFO tempest.lib.common.rest_client [req-c57c1b86-d982-4363-bfb4-0190f258ce42 req-c57c1b86-d982-4363-bfb4-0190f258ce42 ] Request (InstanceActionsTestJSON:tearDownClass): 204 DELETE http://10.180.1.21/networking/v2.0/subnets/c808a63d-e52e-454b-a533-34a2269ea903 0.265s
2025-12-12 06:02:29.362 67325 INFO tempest.lib.common.rest_client [req-0d9a922d-de8d-4c86-87e9-5f62da82fb91 req-0d9a922d-de8d-4c86-87e9-5f62da82fb91 ] Request (AggregatesAdminNegativeTestJSON:tearDownClass): 204 DELETE http://10.180.1.21/identity/v3/users/c150e3a487d14c05ba9fa7f4b7a46487 0.250s
2025-12-12 06:02:29.430 67331 INFO tempest.lib.common.rest_client [req-3b4a87f6-8826-45f2-9951-7dafe1f75737 req-3b4a87f6-8826-45f2-9951-7dafe1f75737 ] Request (ServersListShow296Test:test_list_show_update_rebuild_server_296): 202 POST http://10.180.1.21/compute/v2.1/servers 1.781s
2025-12-12 06:02:29.445 67305 INFO tempest.lib.common.rest_client [req-97c85383-ff6a-4cd3-aba6-9bd3bc11b3d0 req-97c85383-ff6a-4cd3-aba6-9bd3bc11b3d0 ] Request (FloatingIPsAssociationNegativeTestJSON:_run_cleanups): 202 POST http://10.180.1.21/compute/v2.1/servers/70cbc4d9-6473-4f49-a1a0-01d81d84d1f4/action 2.007s
2025-12-12 06:02:29.464 67323 INFO tempest.lib.common.rest_client [req-070a56dd-91f4-4e45-83b8-b3acfe1260c5 req-070a56dd-91f4-4e45-83b8-b3acfe1260c5 ] Request (HostsAdminTestJSON:test_list_hosts_with_nonexistent_zone): 200 GET http://10.180.1.21/compute/v2.1/os-hosts?zone=xxx 1.804s
2025-12-12 06:02:29.509 67325 INFO tempest.lib.common.rest_client [req-a39063da-b74f-4af5-a59a-f329e3bcf09a req-a39063da-b74f-4af5-a59a-f329e3bcf09a ] Request (AggregatesAdminNegativeTestJSON:tearDownClass): 204 DELETE http://10.180.1.21/identity/v3/users/d69189798c5a42e1a8b7c60b1d7d44db 0.146s
2025-12-12 06:02:29.509 67325 INFO tempest.lib.common.dynamic_creds [-] Deleting project and security group for project: 120f30e56f7e46b2b612e541a2da4cda
2025-12-12 06:02:29.547 67335 INFO tempest.lib.common.rest_client [req-d2ec6419-cf82-4749-9a49-8feaecb6ca91 req-d2ec6419-cf82-4749-9a49-8feaecb6ca91 ] Request (SecurityGroupsTestJSON:test_list_security_groups_by_server): 200 GET http://10.180.1.21/compute/v2.1/servers/6a4fb8c9-eeb8-4bf9-9db6-9ae4e4efbd50 1.826s
2025-12-12 06:02:29.566 67317 INFO tempest.lib.common.rest_client [req-e9c8b9e3-429b-4e50-8fa4-69d46f3f107f req-e9c8b9e3-429b-4e50-8fa4-69d46f3f107f ] Request (AttachInterfacesTestJSON:test_create_list_show_delete_interfaces_by_fixed_ip): 200 GET http://10.180.1.21/compute/v2.1/servers/62739925-18ee-4a8a-9303-ce0057c1705d 1.753s
2025-12-12 06:02:29.583 67325 INFO tempest.lib.common.rest_client [req-32e393c4-9acb-453d-93f9-295abc501cc1 req-32e393c4-9acb-453d-93f9-295abc501cc1 ] Request (AggregatesAdminNegativeTestJSON:tearDownClass): 201 POST http://10.180.1.21/identity/v3/auth/tokens 0.072s
2025-12-12 06:02:29.600 67329 INFO tempest.lib.common.rest_client [req-5d55e498-18cd-4d4c-9e71-fd0f7a005716 req-5d55e498-18cd-4d4c-9e71-fd0f7a005716 ] Request (InstanceActionsTestJSON:tearDownClass): 204 DELETE http://10.180.1.21/networking/v2.0/networks/46e24858-f76f-47c3-a93d-4de90b298b12 0.403s
2025-12-12 06:02:29.629 67309 INFO tempest.lib.common.rest_client [req-fac4175e-b67a-46af-9b46-4c702306a04e req-fac4175e-b67a-46af-9b46-4c702306a04e ] Request (ServerAddressesTestJSON:setUpClass): 200 GET http://10.180.1.21/compute/v2.1/servers/907e372f-e5d7-44b5-94e0-e1d845d4283b 1.643s
2025-12-12 06:02:29.645 67347 INFO tempest.lib.common.rest_client [req-c4d30e19-8079-4532-9504-68a283a45a45 req-c4d30e19-8079-4532-9504-68a283a45a45 ] Request (ServerAddressesNegativeTestJSON:tearDownClass): 200 GET http://10.180.1.21/compute/v2.1/servers/a1974fd9-118a-455f-a9a7-e727070d8286 1.744s
2025-12-12 06:02:29.709 67329 INFO tempest.lib.common.rest_client [req-d7c3d97a-7c98-45f8-bcc1-7900770a13c2 req-d7c3d97a-7c98-45f8-bcc1-7900770a13c2 ] Request (InstanceActionsTestJSON:tearDownClass): 204 DELETE http://10.180.1.21/identity/v3/users/39bf292637e34493a26b657de17e9452 0.107s
2025-12-12 06:02:29.709 67329 INFO tempest.lib.common.dynamic_creds [-] Deleting project and security group for project: 6220469e7e5d4863ab05c57cb4ccec2b
2025-12-12 06:02:29.746 67345 INFO tempest.lib.common.rest_client [req-cfdfbb84-9124-41c1-bbbb-36e1aadfc38d req-cfdfbb84-9124-41c1-bbbb-36e1aadfc38d ] Request (DeleteServersTestJSON:test_delete_active_server): 204 DELETE http://10.180.1.21/compute/v2.1/servers/57ec5a05-bb54-4016-ba73-2d327175e101 1.724s
2025-12-12 06:02:29.757 67329 INFO tempest.lib.common.rest_client [req-482c8015-1f46-4696-b740-01d68ce827ba req-482c8015-1f46-4696-b740-01d68ce827ba ] Request (InstanceActionsTestJSON:tearDownClass): 200 GET http://10.180.1.21/networking/v2.0/security-groups?tenant_id=6220469e7e5d4863ab05c57cb4ccec2b&name=default 0.047s
2025-12-12 06:02:29.771 67327 INFO tempest.lib.common.rest_client [req-c9f665a2-017b-4fec-9d9a-f946a4814091 req-c9f665a2-017b-4fec-9d9a-f946a4814091 ] Request (MigrationsAdminTest:test_resize_server_revert_deleted_flavor): 200 POST http://10.180.1.21/compute/v2.1/flavors/b4c34452-bc33-4cdf-aa07-8592c3c69184/os-extra_specs 1.477s
2025-12-12 06:02:29.788 67311 INFO tempest.lib.common.rest_client [req-dc12125e-296f-4950-b6f6-48289aca1e07 req-dc12125e-296f-4950-b6f6-48289aca1e07 ] Request (ServersAdminNegativeTestJSON:_run_cleanups): 202 DELETE http://10.180.1.21/compute/v2.1/flavors/1903658464 1.407s
2025-12-12 06:02:29.804 67325 INFO tempest.lib.common.rest_client [req-b3f08cfd-c902-4260-b460-07fcce4c3928 req-b3f08cfd-c902-4260-b460-07fcce4c3928 ] Request (AggregatesAdminNegativeTestJSON:tearDownClass): 200 GET http://10.180.1.21/networking/v2.0/security-groups?tenant_id=120f30e56f7e46b2b612e541a2da4cda&name=default 0.220s
2025-12-12 06:02:29.835 67299 INFO tempest.lib.common.rest_client [req-c744669d-ef26-4bca-baaa-54173eb3f122 req-c744669d-ef26-4bca-baaa-54173eb3f122 ] Request (ServerMetadataTestJSON:test_update_metadata_empty_body): 200 GET http://10.180.1.21/compute/v2.1/servers/a5710675-caa8-48fc-affa-9ae141916ca9/metadata 1.332s
2025-12-12 06:02:29.847 67327 INFO tempest.lib.common.rest_client [req-4cbc58ca-96d1-48a3-92d6-d6832b438fb7 req-4cbc58ca-96d1-48a3-92d6-d6832b438fb7 ] Request (MigrationsAdminTest:test_resize_server_revert_deleted_flavor): 201 POST http://10.180.1.21/identity/v3/auth/tokens 0.072s
2025-12-12 06:02:29.847 67327 INFO tempest.lib.common.fixed_network [-] (MigrationsAdminTest:test_resize_server_revert_deleted_flavor) Found network None available for tenant
2025-12-12 06:02:29.896 67329 INFO tempest.lib.common.rest_client [req-00f78c41-44e4-4714-8682-e48dd2220e59 req-00f78c41-44e4-4714-8682-e48dd2220e59 ] Request (InstanceActionsTestJSON:tearDownClass): 204 DELETE http://10.180.1.21/networking/v2.0/security-groups/621aa616-137f-424f-a8db-ee0424748af1 0.139s
2025-12-12 06:02:29.901 67325 INFO tempest.lib.common.rest_client [req-73dac9c3-c802-4601-ad6f-e62ec2af186d req-73dac9c3-c802-4601-ad6f-e62ec2af186d ] Request (AggregatesAdminNegativeTestJSON:tearDownClass): 204 DELETE http://10.180.1.21/networking/v2.0/security-groups/c56e2f65-eb63-4fae-a81d-a65288cd5a0f 0.097s
2025-12-12 06:02:30.017 67325 INFO tempest.lib.common.rest_client [req-b714b978-4d57-43a7-a210-a74b5d696717 req-b714b978-4d57-43a7-a210-a74b5d696717 ] Request (AggregatesAdminNegativeTestJSON:tearDownClass): 204 DELETE http://10.180.1.21/identity/v3/projects/120f30e56f7e46b2b612e541a2da4cda 0.115s
2025-12-12 06:02:30.017 67325 INFO tempest.lib.common.dynamic_creds [-] Deleting project and security group for project: b50c76a57d0748308b47dc086d1b27d9
2025-12-12 06:02:30.022 67301 INFO tempest.lib.common.rest_client [req-f86fbfc5-34b7-4500-b50c-9e98eb71d46c req-f86fbfc5-34b7-4500-b50c-9e98eb71d46c ] Request (ServerRescueNegativeTestJSON:setUpClass): 200 GET http://10.180.1.21/compute/v2.1/servers/19e19864-44e2-4458-b7ae-b61598f802e1 1.285s
2025-12-12 06:02:30.030 67329 INFO tempest.lib.common.rest_client [req-445e25a2-a388-41c9-9934-79e5a317f03c req-445e25a2-a388-41c9-9934-79e5a317f03c ] Request (InstanceActionsTestJSON:tearDownClass): 204 DELETE http://10.180.1.21/identity/v3/projects/6220469e7e5d4863ab05c57cb4ccec2b 0.133s
2025-12-12 06:02:30.130 67329 INFO tempest.lib.common.rest_client [req-59c3bc1a-4453-45b8-9afe-d9b1828ea247 req-59c3bc1a-4453-45b8-9afe-d9b1828ea247 ] Request (MultipleCreateNegativeTestJSON:setUpClass): 201 POST http://10.180.1.21/identity/v3/auth/tokens 0.098s
2025-12-12 06:02:30.179 67329 INFO tempest.lib.common.rest_client [req-39967008-2925-4d46-aadd-a61b93aa4dd2 req-39967008-2925-4d46-aadd-a61b93aa4dd2 ] Request (MultipleCreateNegativeTestJSON:setUpClass): 201 POST http://10.180.1.21/identity/v3/auth/tokens 0.047s
2025-12-12 06:02:30.190 67325 INFO tempest.lib.common.rest_client [req-16102f84-7dc9-4517-8068-2731f515d567 req-16102f84-7dc9-4517-8068-2731f515d567 ] Request (AggregatesAdminNegativeTestJSON:tearDownClass): 200 GET http://10.180.1.21/networking/v2.0/security-groups?tenant_id=b50c76a57d0748308b47dc086d1b27d9&name=default 0.172s
2025-12-12 06:02:30.223 67329 INFO tempest.lib.common.rest_client [req-df9b37fa-21fa-4e77-b502-a41a7e9cdef3 req-df9b37fa-21fa-4e77-b502-a41a7e9cdef3 ] Request (MultipleCreateNegativeTestJSON:setUpClass): 200 GET http://10.180.1.21/identity/v3/domains?name=Default 0.043s
2025-12-12 06:02:30.257 67329 INFO tempest.lib.common.rest_client [req-2e391bf9-22d1-4a87-b60b-418df690abfe req-2e391bf9-22d1-4a87-b60b-418df690abfe ] Request (MultipleCreateNegativeTestJSON:setUpClass): 201 POST http://10.180.1.21/identity/v3/projects 0.033s
2025-12-12 06:02:30.265 67353 INFO tempest.lib.common.rest_client [req-5f98ed8c-f67e-4040-962d-322cfd88d87f req-5f98ed8c-f67e-4040-962d-322cfd88d87f ] Request (ServersTestManualDisk:setUpClass): 202 POST http://10.180.1.21/compute/v2.1/servers 2.258s
2025-12-12 06:02:30.301 67297 INFO tempest.lib.common.rest_client [req-2b584e0f-fd11-4b3b-b588-c099d21b4210 req-2b584e0f-fd11-4b3b-b588-c099d21b4210 ] Request (ListServerFiltersTestJSON:test_list_servers_detailed_filter_by_server_status): 200 GET http://10.180.1.21/compute/v2.1/servers/detail?status=active 1.560s
2025-12-12 06:02:30.313 67325 INFO tempest.lib.common.rest_client [req-f6e197c5-c04e-4378-b11b-e5bd50267d21 req-f6e197c5-c04e-4378-b11b-e5bd50267d21 ] Request (AggregatesAdminNegativeTestJSON:tearDownClass): 204 DELETE http://10.180.1.21/networking/v2.0/security-groups/47b01b24-711b-49a3-a58c-c801a3b01efb 0.122s
2025-12-12 06:02:30.351 67341 INFO tempest.lib.common.rest_client [req-30b706e1-6786-4060-b9f5-0b5a0e32e6d2 req-30b706e1-6786-4060-b9f5-0b5a0e32e6d2 ] Request (AttachInterfacesV270Test:test_create_get_list_interfaces): 200 GET http://10.180.1.21/compute/v2.1/servers/cfaa80f1-b0e9-4f76-a766-094c10eee23e 1.356s
2025-12-12 06:02:30.370 67329 INFO tempest.lib.common.rest_client [req-f12ca84a-0c74-4ceb-a3ab-2ffee46ef38d req-f12ca84a-0c74-4ceb-a3ab-2ffee46ef38d ] Request (MultipleCreateNegativeTestJSON:setUpClass): 201 POST http://10.180.1.21/identity/v3/users 0.112s
2025-12-12 06:02:30.377 67315 INFO tempest.lib.common.rest_client [req-6c084885-6615-4842-8e03-1087acb485ee req-6c084885-6615-4842-8e03-1087acb485ee ] Request (MultipleCreateTestJSON:_run_cleanups): 404 GET http://10.180.1.21/compute/v2.1/servers/cdd2bc72-8001-442f-96b8-5440ab0b842b 1.293s
2025-12-12 06:02:30.396 67329 INFO tempest.lib.common.rest_client [req-270aff38-2222-4517-9ff3-0ae20a6d05af req-270aff38-2222-4517-9ff3-0ae20a6d05af ] Request (MultipleCreateNegativeTestJSON:setUpClass): 200 GET http://10.180.1.21/identity/v3/roles 0.026s
2025-12-12 06:02:30.401 67351 INFO tempest.lib.common.rest_client [req-8d9d1e87-4af2-4946-b11a-9838243279b4 req-8d9d1e87-4af2-4946-b11a-9838243279b4 ] Request (ServerActionsTestOtherA:setUpClass): 200 GET http://10.180.1.21/compute/v2.1/servers/59e81f4f-45f2-41d1-8e2e-57018f622f81 1.328s
2025-12-12 06:02:30.436 67329 INFO tempest.lib.common.rest_client [req-f719abe6-ce0b-4739-afe9-7e238cbaf4e2 req-f719abe6-ce0b-4739-afe9-7e238cbaf4e2 ] Request (MultipleCreateNegativeTestJSON:setUpClass): 204 PUT http://10.180.1.21/identity/v3/projects/9da1c149716f4156a13952fbeb0b6eff/users/3a4ffdb9cae543ad8b29d9fa4637a1dc/roles/81a0e2682e5543dd94d9c54f7883f34a 0.039s
2025-12-12 06:02:30.436 67329 INFO tempest.lib.common.dynamic_creds [-] Dynamic test user 3a4ffdb9cae543ad8b29d9fa4637a1dc is created with scope project and roles: ['member']
2025-12-12 06:02:30.437 67329 INFO tempest.lib.common.dynamic_creds [-] Acquired dynamic creds: credentials: Credentials: {'domain_id': 'default', 'domain_name': 'Default', 'username': 'tempest-MultipleCreateNegativeTestJSON-1895744266-project-member', 'project_domain_id': 'default', 'project_domain_name': 'Default', 'project_id': '9da1c149716f4156a13952fbeb0b6eff', 'project_name': 'tempest-MultipleCreateNegativeTestJSON-1895744266', 'tenant_id': '9da1c149716f4156a13952fbeb0b6eff', 'tenant_name': 'tempest-MultipleCreateNegativeTestJSON-1895744266', 'user_domain_id': 'default', 'user_domain_name': 'Default', 'user_id': '3a4ffdb9cae543ad8b29d9fa4637a1dc', 'system': None}, Network: None, Subnet: None, Router: None
