2025-12-12 06:01:55.807 67309 INFO tempest.lib.common.rest_client [req-7925423b-8c92-44ac-9bda-49fa2ac993f3 req-7925423b-8c92-44ac-9bda-49fa2ac993f3 ] Request (ImagesMetadataNegativeTestJSON:test_update_nonexistent_image_metadata): 404 POST http://10.180.1.21/compute/v2.1/images/713f0170-9779-43f1-b152-bb02e7262d47/metadata 1.874s
2025-12-12 06:01:55.824 67331 INFO tempest.lib.common.rest_client [req-2fc0d5f0-2d5c-42ae-99df-a1ee0c0f4b83 req-2fc0d5f0-2d5c-42ae-99df-a1ee0c0f4b83 ] Request (KeyPairsV22TestJSON:test_keypairsv22_create_list_show_with_type): 201 POST http://10.180.1.21/compute/v2.1/os-keypairs 2.003s
2025-12-12 06:01:55.920 67309 INFO tempest.lib.common.rest_client [req-b33ca594-b0d4-44a6-b8dd-1a1e70a12dac req-b33ca594-b0d4-44a6-b8dd-1a1e70a12dac ] Request (ImagesMetadataNegativeTestJSON:tearDownClass): 204 DELETE http://10.180.1.21/identity/v3/users/55aa0814a4d348f282e7e58f739f19b3 0.111s
2025-12-12 06:01:55.920 67309 INFO tempest.lib.common.dynamic_creds [-] Deleting project and security group for project: 3ea233d8fe9a4738a8d06c7acbd99821
2025-12-12 06:01:56.005 67309 INFO tempest.lib.common.rest_client [req-4460ce41-434d-453f-942e-2287ff1b79a0 req-4460ce41-434d-453f-942e-2287ff1b79a0 ] Request (ImagesMetadataNegativeTestJSON:tearDownClass): 201 POST http://10.180.1.21/identity/v3/auth/tokens 0.085s
2025-12-12 06:01:56.030 67305 INFO tempest.lib.common.rest_client [req-370c25f7-8c96-4b09-8354-d9b447450b93 req-370c25f7-8c96-4b09-8354-d9b447450b93 ] Request (FloatingIPsAssociationNegativeTestJSON:setUpClass): 200 GET http://10.180.1.21/compute/v2.1/servers/70cbc4d9-6473-4f49-a1a0-01d81d84d1f4 2.006s
2025-12-12 06:01:56.062 67337 INFO tempest.lib.common.rest_client [req-10cf194e-c3d0-4469-9b7b-07e620cc233e req-10cf194e-c3d0-4469-9b7b-07e620cc233e ] Request (ImagesNegativeTestJSON:test_create_image_from_deleted_server): 200 GET http://10.180.1.21/compute/v2.1/servers/346ef92d-6550-47c8-9a03-5ccec417306e 2.010s
2025-12-12 06:01:56.192 67297 INFO tempest.lib.common.rest_client [req-fb292972-240a-45cd-adab-a09660266ae9 req-fb292972-240a-45cd-adab-a09660266ae9 ] Request (ListServerFiltersTestJSON:setUpClass): 200 GET http://10.180.1.21/compute/v2.1/servers/75831186-fdae-478e-8cbe-6e5ec9f2c544 2.077s
2025-12-12 06:01:56.223 67329 INFO tempest.lib.common.rest_client [req-259376a7-96b7-45ee-97c0-15ca10b76b86 req-259376a7-96b7-45ee-97c0-15ca10b76b86 ] Request (InstanceActionsTestJSON:tearDownClass): 204 DELETE http://10.180.1.21/compute/v2.1/servers/9cce079c-6e03-4cd8-ae00-6d7078f1f28f 2.041s
2025-12-12 06:01:56.265 67301 INFO tempest.lib.common.rest_client [req-7ee0dcb4-49a9-4821-bed5-b4ba46e0e76a req-7ee0dcb4-49a9-4821-bed5-b4ba46e0e76a ] Request (ServerRescueNegativeTestJSON:setUpClass): 200 GET http://10.180.1.21/compute/v2.1/servers/19e19864-44e2-4458-b7ae-b61598f802e1 2.044s
2025-12-12 06:01:56.286 67309 INFO tempest.lib.common.rest_client [req-efcc581b-f18e-4c66-b944-d964cdd15cc9 req-efcc581b-f18e-4c66-b944-d964cdd15cc9 ] Request (ImagesMetadataNegativeTestJSON:tearDownClass): 200 GET http://10.180.1.21/networking/v2.0/security-groups?tenant_id=3ea233d8fe9a4738a8d06c7acbd99821&name=default 0.280s
2025-12-12 06:01:56.422 67309 INFO tempest.lib.common.rest_client [req-70ad04b8-c363-4a3c-95e9-6015e030abfd req-70ad04b8-c363-4a3c-95e9-6015e030abfd ] Request (ImagesMetadataNegativeTestJSON:tearDownClass): 204 DELETE http://10.180.1.21/networking/v2.0/security-groups/3859f453-2a5b-4b7e-9018-80f681c93b76 0.135s
2025-12-12 06:01:56.432 67351 INFO tempest.lib.common.rest_client [req-9e8a65c7-e576-4f3c-97a0-29591dd57a63 req-9e8a65c7-e576-4f3c-97a0-29591dd57a63 ] Request (SecurityGroupRulesTestJSON:tearDownClass): 202 DELETE http://10.180.1.21/compute/v2.1/os-security-groups/ca2ab01c-8c95-4b71-af3f-c4545ca793a0 1.950s
2025-12-12 06:01:56.462 67361 INFO tempest.lib.common.rest_client [req-156864a1-150d-4003-9964-041722b815ea req-156864a1-150d-4003-9964-041722b815ea ] Request (TenantUsagesTestJSON:tearDownClass): 200 GET http://10.180.1.21/compute/v2.1/servers/1eb74fdc-2093-4461-a7b4-d337e101a973 2.151s
2025-12-12 06:01:56.523 67309 INFO tempest.lib.common.rest_client [req-82dfa3f7-cd0b-4d55-99bd-13ed4c4f9663 req-82dfa3f7-cd0b-4d55-99bd-13ed4c4f9663 ] Request (ImagesMetadataNegativeTestJSON:tearDownClass): 204 DELETE http://10.180.1.21/identity/v3/projects/3ea233d8fe9a4738a8d06c7acbd99821 0.101s
2025-12-12 06:01:56.643 67309 INFO tempest.lib.common.rest_client [req-8dfc14f9-1e5d-4bb1-820d-16291afee437 req-8dfc14f9-1e5d-4bb1-820d-16291afee437 ] Request (ServerAddressesTestJSON:setUpClass): 201 POST http://10.180.1.21/identity/v3/auth/tokens 0.117s
2025-12-12 06:01:56.686 67343 INFO tempest.lib.common.rest_client [req-3eec582a-820a-4279-a36f-d69d3b76b5d5 req-3eec582a-820a-4279-a36f-d69d3b76b5d5 ] Request (ServerExternalEventsTest:test_create_server_external_events): 200 GET http://10.180.1.21/compute/v2.1/servers/dce36235-165e-42fd-bd0c-bb3cedb9e049 1.893s
2025-12-12 06:01:56.699 67343 INFO tempest.common.waiters [-] State transition "BUILD/spawning" ==> "ACTIVE/None" after 30 second wait
2025-12-12 06:01:56.706 67309 INFO tempest.lib.common.rest_client [req-8815d843-08b2-4ead-8a9d-5bbbffb48d47 req-8815d843-08b2-4ead-8a9d-5bbbffb48d47 ] Request (ServerAddressesTestJSON:setUpClass): 201 POST http://10.180.1.21/identity/v3/auth/tokens 0.060s
2025-12-12 06:01:56.752 67309 INFO tempest.lib.common.rest_client [req-23f1c621-a5e6-4578-b524-b5d900b57ec8 req-23f1c621-a5e6-4578-b524-b5d900b57ec8 ] Request (ServerAddressesTestJSON:setUpClass): 200 GET http://10.180.1.21/identity/v3/domains?name=Default 0.045s
2025-12-12 06:01:56.800 67309 INFO tempest.lib.common.rest_client [req-54b156b6-8ef3-4364-bb38-02c2515c273a req-54b156b6-8ef3-4364-bb38-02c2515c273a ] Request (ServerAddressesTestJSON:setUpClass): 201 POST http://10.180.1.21/identity/v3/projects 0.047s
2025-12-12 06:01:56.842 67303 INFO tempest.lib.common.rest_client [req-6c2de84c-31a0-4665-b423-1ef26708d860 req-6c2de84c-31a0-4665-b423-1ef26708d860 ] Request (ServerRescueTestJSON:test_rescue_unrescue_instance): 200 GET http://10.180.1.21/compute/v2.1/servers/6cb8eb85-0c58-4364-b77a-6d7f403db69e 2.037s
2025-12-12 06:01:56.909 67309 INFO tempest.lib.common.rest_client [req-741b4e3a-8971-45a0-b5ff-aae565d6d13f req-741b4e3a-8971-45a0-b5ff-aae565d6d13f ] Request (ServerAddressesTestJSON:setUpClass): 201 POST http://10.180.1.21/identity/v3/users 0.108s
2025-12-12 06:01:56.939 67309 INFO tempest.lib.common.rest_client [req-70137f6b-68f1-4940-bd8e-b394eb6ce159 req-70137f6b-68f1-4940-bd8e-b394eb6ce159 ] Request (ServerAddressesTestJSON:setUpClass): 200 GET http://10.180.1.21/identity/v3/roles 0.029s
2025-12-12 06:01:56.980 67309 INFO tempest.lib.common.rest_client [req-82e5b0e8-857c-4f35-9d37-f7834a6918e6 req-82e5b0e8-857c-4f35-9d37-f7834a6918e6 ] Request (ServerAddressesTestJSON:setUpClass): 204 PUT http://10.180.1.21/identity/v3/projects/b4ea8a292d1146afbdeaacb2dac5077e/users/0d40090147924c0e83f3861dcf3f7c56/roles/81a0e2682e5543dd94d9c54f7883f34a 0.040s
2025-12-12 06:01:56.980 67309 INFO tempest.lib.common.dynamic_creds [-] Dynamic test user 0d40090147924c0e83f3861dcf3f7c56 is created with scope project and roles: ['member']
2025-12-12 06:01:56.982 67309 INFO tempest.lib.common.dynamic_creds [-] Acquired dynamic creds: credentials: Credentials: {'domain_id': 'default', 'domain_name': 'Default', 'username': 'tempest-ServerAddressesTestJSON-1894584021-project-member', 'project_domain_id': 'default', 'project_domain_name': 'Default', 'project_id': 'b4ea8a292d1146afbdeaacb2dac5077e', 'project_name': 'tempest-ServerAddressesTestJSON-1894584021', 'tenant_id': 'b4ea8a292d1146afbdeaacb2dac5077e', 'tenant_name': 'tempest-ServerAddressesTestJSON-1894584021', 'user_domain_id': 'default', 'user_domain_name': 'Default', 'user_id': '0d40090147924c0e83f3861dcf3f7c56', 'system': None}, Network: None, Subnet: None, Router: None
2025-12-12 06:01:56.985 67345 INFO tempest.lib.common.rest_client [req-8ee76c3a-4273-4fc0-b9f3-1637d123e0f4 req-8ee76c3a-4273-4fc0-b9f3-1637d123e0f4 ] Request (DeleteServersTestJSON:test_delete_active_server): 200 GET http://10.180.1.21/compute/v2.1/servers/57ec5a05-bb54-4016-ba73-2d327175e101 1.860s
2025-12-12 06:01:57.087 67309 INFO tempest.lib.common.rest_client [req-917cbcab-bacf-4a6c-8585-1c7e153917eb req-917cbcab-bacf-4a6c-8585-1c7e153917eb ] Request (ServerAddressesTestJSON:setUpClass): 201 POST http://10.180.1.21/identity/v3/auth/tokens 0.105s
2025-12-12 06:01:57.136 67349 INFO tempest.lib.common.rest_client [req-545276ef-6a02-43ba-98a2-a52dd8b10c78 req-545276ef-6a02-43ba-98a2-a52dd8b10c78 ] Request (AttachInterfacesUnderV243Test:test_add_remove_fixed_ip): 202 POST http://10.180.1.21/compute/v2.1/servers 2.428s
2025-12-12 06:01:57.297 67315 INFO tempest.lib.common.rest_client [req-2e91554d-2b11-4aa7-a06e-095690b20716 req-2e91554d-2b11-4aa7-a06e-095690b20716 ] Request (MultipleCreateTestJSON:_run_cleanups): 204 DELETE http://10.180.1.21/compute/v2.1/servers/cdd2bc72-8001-442f-96b8-5440ab0b842b 2.062s
2025-12-12 06:01:57.526 67309 INFO tempest.lib.common.rest_client [req-bd51e9d9-db62-4b98-a064-903a163dcea3 req-bd51e9d9-db62-4b98-a064-903a163dcea3 ] Request (ServerAddressesTestJSON:setUpClass): 201 POST http://10.180.1.21/networking/v2.0/networks 0.438s
2025-12-12 06:01:57.650 67359 INFO tempest.lib.common.rest_client [req-14c46537-89c6-4781-9eb6-d87171853b7e req-14c46537-89c6-4781-9eb6-d87171853b7e ] Request (AttachVolumeTestJSON:test_attach_detach_volume): 202 POST http://10.180.1.21/compute/v2.1/servers 2.511s
2025-12-12 06:01:57.672 67307 INFO tempest.lib.common.rest_client [req-1f2e6b28-d1b9-4b5b-bc74-73d764ce8f4a req-1f2e6b28-d1b9-4b5b-bc74-73d764ce8f4a ] Request (ImagesDeleteNegativeTestJSON:test_delete_image_non_hex_string_id): 404 DELETE http://10.180.1.21/compute/v2.1/images/76c12768-a9e8-4a27-aa35-9002347287aj 2.392s
2025-12-12 06:01:57.774 67309 INFO tempest.lib.common.rest_client [req-ed35959f-a79c-473c-b92f-d30af565c2f7 req-ed35959f-a79c-473c-b92f-d30af565c2f7 ] Request (ServerAddressesTestJSON:setUpClass): 201 POST http://10.180.1.21/networking/v2.0/subnets 0.247s
2025-12-12 06:01:57.785 67347 INFO tempest.lib.common.rest_client [req-73d76e24-0ac5-4abb-832c-af7b2dad528f req-73d76e24-0ac5-4abb-832c-af7b2dad528f ] Request (ServerAddressesNegativeTestJSON:tearDownClass): 204 DELETE http://10.180.1.21/compute/v2.1/servers/a1974fd9-118a-455f-a9a7-e727070d8286 2.436s
2025-12-12 06:01:57.816 67341 INFO tempest.lib.common.rest_client [req-e8178989-f156-45d8-94b2-9534fd027c37 req-e8178989-f156-45d8-94b2-9534fd027c37 ] Request (ServicesAdminNegativeTestJSON:test_get_service_with_valid_service_and_invalid_host): 200 GET http://10.180.1.21/compute/v2.1/os-services 2.442s
2025-12-12 06:01:58.016 67311 INFO tempest.lib.common.rest_client [req-4d55ef21-7d51-4a9c-982e-88a7baf3c8d7 req-4d55ef21-7d51-4a9c-982e-88a7baf3c8d7 ] Request (ServersAdminNegativeTestJSON:test_migrate_server_invalid_state): 409 POST http://10.180.1.21/compute/v2.1/servers/d77333ae-7a45-4b04-975a-ed42684d34c1/action 2.444s
2025-12-12 06:01:58.062 67317 INFO tempest.lib.common.rest_client [req-d9642920-d96f-4cac-861e-33b270a169d7 req-d9642920-d96f-4cac-861e-33b270a169d7 ] Request (AttachInterfacesTestJSON:test_create_list_show_delete_interfaces_by_fixed_ip): 202 POST http://10.180.1.21/compute/v2.1/servers 2.825s
2025-12-12 06:01:58.070 67325 INFO tempest.lib.common.rest_client [req-694316e5-ef8e-4b43-aa77-dfb2836b91e3 req-694316e5-ef8e-4b43-aa77-dfb2836b91e3 ] Request (AggregatesAdminNegativeTestJSON:test_aggregate_get_details_as_user): 403 GET http://10.180.1.21/compute/v2.1/os-aggregates/6 2.362s
2025-12-12 06:01:58.123 67319 INFO tempest.lib.common.rest_client [req-f2d190ed-3630-4b41-a17d-4e043653ead4 req-f2d190ed-3630-4b41-a17d-4e043653ead4 ] Request (VolumesTestJSON:test_volume_list_with_detail_param_offset_and_limit): 200 GET http://10.180.1.21/compute/v2.1/os-volumes/detail 2.364s
2025-12-12 06:01:58.164 67299 INFO tempest.lib.common.rest_client [req-2057a6ab-3ad2-4977-b2f8-331802473efe req-2057a6ab-3ad2-4977-b2f8-331802473efe ] Request (ServerMetadataTestJSON:setUp): 200 PUT http://10.180.1.21/compute/v2.1/servers/a5710675-caa8-48fc-affa-9ae141916ca9/metadata 2.491s
2025-12-12 06:01:58.188 67335 INFO tempest.lib.common.rest_client [req-a6340ce1-5958-4c5a-b88e-687a3b1a16e7 req-a6340ce1-5958-4c5a-b88e-687a3b1a16e7 ] Request (FlavorsV2TestJSON:test_list_flavors_using_marker): 200 GET http://10.180.1.21/compute/v2.1/flavors/42 2.404s
2025-12-12 06:01:58.209 67331 INFO tempest.lib.common.rest_client [req-6d8c9c2b-fd3c-4822-bc4f-ede2d7799849 req-6d8c9c2b-fd3c-4822-bc4f-ede2d7799849 ] Request (KeyPairsV22TestJSON:test_keypairsv22_create_list_show_with_type): 200 GET http://10.180.1.21/compute/v2.1/os-keypairs/tempest-keypair-2057470865 2.383s
2025-12-12 06:01:58.252 67333 INFO tempest.lib.common.rest_client [req-96cd69d9-cb0f-47ee-b38d-20171f961ec9 req-96cd69d9-cb0f-47ee-b38d-20171f961ec9 ] Request (ServerGroupTestJSON:test_create_delete_server_group_with_anti_affinity_policy): 200 POST http://10.180.1.21/compute/v2.1/os-server-groups 2.484s
2025-12-12 06:01:58.425 67353 INFO tempest.lib.common.rest_client [req-0a0d4ec2-418a-48b5-90c9-35182eaa4697 req-0a0d4ec2-418a-48b5-90c9-35182eaa4697 ] Request (ServersTestFqdnHostnames:tearDownClass): 200 GET http://10.180.1.21/compute/v2.1/servers/de4622ae-34f3-4b15-8a94-f4a3780962f4 2.162s
2025-12-12 06:01:58.435 67353 INFO tempest.common.waiters [-] State transition "ACTIVE/deleting" ==> "DELETED/None" after 3 second wait
2025-12-12 06:01:58.464 67329 INFO tempest.lib.common.rest_client [req-c67ca87e-8c89-4289-91ef-fb184a982f90 req-c67ca87e-8c89-4289-91ef-fb184a982f90 ] Request (InstanceActionsTestJSON:tearDownClass): 200 GET http://10.180.1.21/compute/v2.1/servers/9cce079c-6e03-4cd8-ae00-6d7078f1f28f 2.241s
2025-12-12 06:01:58.545 67323 INFO tempest.lib.common.rest_client [req-b252c5b8-1170-4c92-a45d-e01bbefa3127 req-b252c5b8-1170-4c92-a45d-e01bbefa3127 ] Request (DeleteServersAdminTestJSON:test_delete_server_while_in_error_state): 200 GET http://10.180.1.21/compute/v2.1/servers/2d17dd69-1e63-40d4-a154-33b0c20a2c89 2.191s
2025-12-12 06:01:58.779 67309 INFO tempest.lib.common.rest_client [req-29f8385b-a2fb-47c6-93ae-95f56cde460a req-29f8385b-a2fb-47c6-93ae-95f56cde460a ] Request (ServerAddressesTestJSON:setUpClass): 201 POST http://10.180.1.21/networking/v2.0/routers 1.004s
2025-12-12 06:01:58.883 67351 INFO tempest.lib.common.rest_client [req-8bac1299-f27d-47f5-9e77-05b69071b64e req-8bac1299-f27d-47f5-9e77-05b69071b64e ] Request (SecurityGroupRulesTestJSON:tearDownClass): 202 DELETE http://10.180.1.21/compute/v2.1/os-security-groups/e8e9d0d7-e844-4638-9477-d690fc385f87 2.450s
2025-12-12 06:01:58.935 67327 INFO tempest.lib.common.rest_client [req-91dc972f-aabc-46ee-ac37-ac5bb60e7fb3 req-91dc972f-aabc-46ee-ac37-ac5bb60e7fb3 ] Request (MigrationsAdminTest:test_list_migrations_in_flavor_resize_situation): 200 GET http://10.180.1.21/compute/v2.1/servers/afbb3780-6e90-4833-be3a-461cccbdd906 2.296s
2025-12-12 06:01:59.055 67343 INFO tempest.lib.common.rest_client [req-168763a1-a72f-495c-84dc-16d10496a327 req-168763a1-a72f-495c-84dc-16d10496a327 ] Request (ServerExternalEventsTest:test_create_server_external_events): 200 POST http://10.180.1.21/compute/v2.1/os-server-external-events 2.355s
2025-12-12 06:01:59.096 67305 INFO tempest.lib.common.rest_client [req-2c0c5ab6-0f98-4ba1-a10a-63325b4dfea1 req-2c0c5ab6-0f98-4ba1-a10a-63325b4dfea1 ] Request (FloatingIPsAssociationNegativeTestJSON:setUpClass): 200 GET http://10.180.1.21/compute/v2.1/servers/70cbc4d9-6473-4f49-a1a0-01d81d84d1f4 2.058s
2025-12-12 06:01:59.227 67349 INFO tempest.lib.common.rest_client [req-101c9583-da12-449e-a712-c379d990f9f2 req-101c9583-da12-449e-a712-c379d990f9f2 ] Request (AttachInterfacesUnderV243Test:test_add_remove_fixed_ip): 200 GET http://10.180.1.21/compute/v2.1/servers/fd5b9fe9-6a81-47af-a7d6-3b41cdc19111 2.089s
2025-12-12 06:01:59.267 67337 INFO tempest.lib.common.rest_client [req-34d81bc2-5832-4971-9d68-dbed69d52118 req-34d81bc2-5832-4971-9d68-dbed69d52118 ] Request (ImagesNegativeTestJSON:test_create_image_from_deleted_server): 200 GET http://10.180.1.21/compute/v2.1/servers/346ef92d-6550-47c8-9a03-5ccec417306e 2.190s
2025-12-12 06:01:59.396 67301 INFO tempest.lib.common.rest_client [req-3248dfed-fabd-4175-92eb-6ce97175bbf1 req-3248dfed-fabd-4175-92eb-6ce97175bbf1 ] Request (ServerRescueNegativeTestJSON:setUpClass): 200 GET http://10.180.1.21/compute/v2.1/servers/19e19864-44e2-4458-b7ae-b61598f802e1 2.122s
2025-12-12 06:01:59.487 67315 INFO tempest.lib.common.rest_client [req-8c72e5f5-b7c8-4e67-90ad-9e337ceaa944 req-8c72e5f5-b7c8-4e67-90ad-9e337ceaa944 ] Request (MultipleCreateTestJSON:_run_cleanups): 204 DELETE http://10.180.1.21/compute/v2.1/servers/04fc4923-e7e5-4e8b-aabd-1c1bf853a083 2.188s
2025-12-12 06:01:59.595 67313 WARNING tempest.lib.common.ssh [-] Failed to establish authenticated ssh connection to cirros@10.180.180.164 ([Errno None] Unable to connect to port 22 on 10.180.180.164). Number attempts: 6. Retry after 7 seconds.: paramiko.ssh_exception.NoValidConnectionsError: [Errno None] Unable to connect to port 22 on 10.180.180.164
2025-12-12 06:01:59.647 67297 INFO tempest.lib.common.rest_client [req-fec1a2ba-dc25-49d4-b295-a666ec969370 req-fec1a2ba-dc25-49d4-b295-a666ec969370 ] Request (ListServerFiltersTestJSON:setUpClass): 200 GET http://10.180.1.21/compute/v2.1/servers/75831186-fdae-478e-8cbe-6e5ec9f2c544 2.445s
2025-12-12 06:01:59.664 67361 INFO tempest.lib.common.rest_client [req-c8b3b25f-c2fe-455a-af85-0c60ca606c9d req-c8b3b25f-c2fe-455a-af85-0c60ca606c9d ] Request (TenantUsagesTestJSON:tearDownClass): 200 GET http://10.180.1.21/compute/v2.1/servers/1eb74fdc-2093-4461-a7b4-d337e101a973 2.193s
2025-12-12 06:01:59.675 67361 INFO tempest.common.waiters [-] State transition "ACTIVE/deleting" ==> "DELETED/None" after 3 second wait
2025-12-12 06:01:59.682 67307 INFO tempest.lib.common.rest_client [req-6fc3438f-30f0-4f42-a7c9-20a1b1f9ca82 req-6fc3438f-30f0-4f42-a7c9-20a1b1f9ca82 ] Request (ImagesDeleteNegativeTestJSON:test_delete_image_with_id_over_character_limit): 404 DELETE http://10.180.1.21/compute/v2.1/images/857e8f9e-b429-495e-b744-f6aeef8741c21 2.008s
2025-12-12 06:01:59.860 67309 INFO tempest.lib.common.rest_client [req-cf510b93-a75b-42ea-8960-948275954016 req-cf510b93-a75b-42ea-8960-948275954016 ] Request (ServerAddressesTestJSON:setUpClass): 200 PUT http://10.180.1.21/networking/v2.0/routers/e958b4a9-0801-439d-bff5-68918f7e38f2/add_router_interface 1.081s
2025-12-12 06:01:59.860 67309 INFO tempest.lib.common.dynamic_creds [-] Created isolated network resources for: credentials: Credentials: {'domain_id': 'default', 'domain_name': 'Default', 'username': 'tempest-ServerAddressesTestJSON-1894584021-project-member', 'project_domain_id': 'default', 'project_domain_name': 'Default', 'project_id': 'b4ea8a292d1146afbdeaacb2dac5077e', 'project_name': 'tempest-ServerAddressesTestJSON-1894584021', 'tenant_id': 'b4ea8a292d1146afbdeaacb2dac5077e', 'tenant_name': 'tempest-ServerAddressesTestJSON-1894584021', 'user_domain_id': 'default', 'user_domain_name': 'Default', 'user_id': '0d40090147924c0e83f3861dcf3f7c56', 'system': None}, Network: {'id': '2fb2a290-2edf-4830-945c-01fa325c58ae', 'name': 'tempest-ServerAddressesTestJSON-59612132-network', 'tenant_id': 'b4ea8a292d1146afbdeaacb2dac5077e', 'project_id': 'b4ea8a292d1146afbdeaacb2dac5077e', 'admin_state_up': True, 'mtu': 8950, 'status': 'ACTIVE', 'subnets': [], 'shared': False, 'port_security_enabled': True, 'router:external': False, 'provider:network_type': 'vlan', 'provider:physical_network': 'default', 'provider:segmentation_id': 437, 'availability_zone_hints': [], 'availability_zones': [], 'ipv4_address_scope': None, 'ipv6_address_scope': None, 'description': '', 'tags': [], 'created_at': '2025-12-12T06:01:57Z', 'updated_at': '2025-12-12T06:01:57Z', 'revision_number': 1}, Subnet: {'id': '670d05f4-62ba-4b7c-9a8d-aecd89e7e4c7', 'name': 'tempest-ServerAddressesTestJSON-59612132-subnet', 'tenant_id': 'b4ea8a292d1146afbdeaacb2dac5077e', 'network_id': '2fb2a290-2edf-4830-945c-01fa325c58ae', 'ip_version': 4, 'subnetpool_id': None, 'enable_dhcp': True, 'ipv6_ra_mode': None, 'ipv6_address_mode': None, 'gateway_ip': '192.168.128.1', 'cidr': '192.168.128.0/28', 'allocation_pools': [{'start': '192.168.128.2', 'end': '192.168.128.14'}], 'host_routes': [], 'dns_nameservers': [], 'description': '', 'router:external': False, 'service_types': [], 'tags': [], 'created_at': '2025-12-12T06:01:57Z', 'updated_at': '2025-12-12T06:01:57Z', 'revision_number': 0, 'project_id': 'b4ea8a292d1146afbdeaacb2dac5077e'}, Router: {'id': 'e958b4a9-0801-439d-bff5-68918f7e38f2', 'name': 'tempest-ServerAddressesTestJSON-59612132-router', 'tenant_id': 'b4ea8a292d1146afbdeaacb2dac5077e', 'admin_state_up': True, 'status': 'ACTIVE', 'external_gateway_info': {'network_id': '66d44852-8b37-4eb8-a0cc-879572abb31b', 'external_fixed_ips': [{'subnet_id': '7c540691-b3e6-447a-9e05-9b876479cfbb', 'ip_address': '10.180.180.190'}], 'enable_snat': True}, 'description': '', 'availability_zones': [], 'distributed': False, 'ha': False, 'availability_zone_hints': [], 'routes': [], 'flavor_id': None, 'tags': [], 'created_at': '2025-12-12T06:01:57Z', 'updated_at': '2025-12-12T06:01:58Z', 'revision_number': 2, 'project_id': 'b4ea8a292d1146afbdeaacb2dac5077e'}
2025-12-12 06:01:59.926 67359 INFO tempest.lib.common.rest_client [req-96b150be-1a0c-4b02-b317-35dddc395d0f req-96b150be-1a0c-4b02-b317-35dddc395d0f ] Request (AttachVolumeTestJSON:test_attach_detach_volume): 200 GET http://10.180.1.21/compute/v2.1/servers/aabc1a61-6f2d-4a7a-9718-4c1af400e9cb 2.274s
2025-12-12 06:01:59.954 67341 INFO tempest.lib.common.rest_client [req-160fd52b-e75a-4704-9af6-cc209e467839 req-160fd52b-e75a-4704-9af6-cc209e467839 ] Request (ServicesAdminNegativeTestJSON:test_get_service_with_valid_service_and_invalid_host): 200 GET http://10.180.1.21/compute/v2.1/os-services?host=xxx&binary=nova-scheduler 2.134s
2025-12-12 06:01:59.986 67309 INFO tempest.lib.common.rest_client [req-0b967b86-964e-4e13-821c-9741c4f75372 req-0b967b86-964e-4e13-821c-9741c4f75372 ] Request (ServerAddressesTestJSON:setUpClass): 201 POST http://10.180.1.21/identity/v3/auth/tokens 0.121s
2025-12-12 06:02:00.090 67309 INFO tempest.lib.common.rest_client [req-220f7115-5406-433a-a4e1-1e86771df99c req-220f7115-5406-433a-a4e1-1e86771df99c ] Request (ServerAddressesTestJSON:setUpClass): 201 POST http://10.180.1.21/identity/v3/auth/tokens 0.099s
2025-12-12 06:02:00.090 67309 INFO tempest.lib.common.fixed_network [-] (ServerAddressesTestJSON:setUpClass) Found network {'id': '2fb2a290-2edf-4830-945c-01fa325c58ae', 'name': 'tempest-ServerAddressesTestJSON-59612132-network', 'tenant_id': 'b4ea8a292d1146afbdeaacb2dac5077e', 'project_id': 'b4ea8a292d1146afbdeaacb2dac5077e', 'admin_state_up': True, 'mtu': 8950, 'status': 'ACTIVE', 'subnets': [], 'shared': False, 'port_security_enabled': True, 'router:external': False, 'provider:network_type': 'vlan', 'provider:physical_network': 'default', 'provider:segmentation_id': 437, 'availability_zone_hints': [], 'availability_zones': [], 'ipv4_address_scope': None, 'ipv6_address_scope': None, 'description': '', 'tags': [], 'created_at': '2025-12-12T06:01:57Z', 'updated_at': '2025-12-12T06:01:57Z', 'revision_number': 1} available for tenant
2025-12-12 06:02:00.137 67347 INFO tempest.lib.common.rest_client [req-a622dada-9e97-4674-8f7c-ce279ec09b74 req-a622dada-9e97-4674-8f7c-ce279ec09b74 ] Request (ServerAddressesNegativeTestJSON:tearDownClass): 200 GET http://10.180.1.21/compute/v2.1/servers/a1974fd9-118a-455f-a9a7-e727070d8286 2.351s
2025-12-12 06:02:00.147 67303 INFO tempest.lib.common.rest_client [req-13798f42-7926-4fd8-8f02-75bbbc9b65b8 req-13798f42-7926-4fd8-8f02-75bbbc9b65b8 ] Request (ServerRescueTestJSON:test_rescue_unrescue_instance): 200 GET http://10.180.1.21/compute/v2.1/servers/6cb8eb85-0c58-4364-b77a-6d7f403db69e 2.294s
2025-12-12 06:02:00.157 67311 INFO tempest.lib.common.rest_client [req-2f3f34f4-f8c8-4c80-aace-9ebd2c881103 req-2f3f34f4-f8c8-4c80-aace-9ebd2c881103 ] Request (ServersAdminNegativeTestJSON:test_reset_state_server_invalid_state): 400 POST http://10.180.1.21/compute/v2.1/servers/b702a391-ea5f-44d0-8dc2-314b86cc53ae/action 2.140s
2025-12-12 06:02:00.301 67317 INFO tempest.lib.common.rest_client [req-06131e5b-ee5e-4cc6-b179-94a54e6a930b req-06131e5b-ee5e-4cc6-b179-94a54e6a930b ] Request (AttachInterfacesTestJSON:test_create_list_show_delete_interfaces_by_fixed_ip): 200 GET http://10.180.1.21/compute/v2.1/servers/62739925-18ee-4a8a-9303-ce0057c1705d 2.236s
2025-12-12 06:02:00.305 67345 INFO tempest.lib.common.rest_client [req-47ca78ec-cfaf-4695-96ea-d7dfb216a976 req-47ca78ec-cfaf-4695-96ea-d7dfb216a976 ] Request (DeleteServersTestJSON:test_delete_active_server): 200 GET http://10.180.1.21/compute/v2.1/servers/57ec5a05-bb54-4016-ba73-2d327175e101 2.299s
2025-12-12 06:02:00.330 67325 INFO tempest.lib.common.rest_client [req-aa627a47-7c21-465c-8f47-5389011d17e6 req-aa627a47-7c21-465c-8f47-5389011d17e6 ] Request (AggregatesAdminNegativeTestJSON:_run_cleanups): 200 DELETE http://10.180.1.21/compute/v2.1/os-aggregates/6 2.259s
2025-12-12 06:02:00.350 67319 INFO tempest.lib.common.rest_client [req-bb872e5c-247c-4717-89c6-168afc2411fa req-bb872e5c-247c-4717-89c6-168afc2411fa ] Request (VolumesTestJSON:test_volume_list_with_detail_param_offset_and_limit): 200 GET http://10.180.1.21/compute/v2.1/os-volumes/detail?offset=1&limit=1 2.220s
2025-12-12 06:02:00.374 67299 INFO tempest.lib.common.rest_client [req-48b12ea2-33fb-452d-9041-08171b884712 req-48b12ea2-33fb-452d-9041-08171b884712 ] Request (ServerMetadataTestJSON:test_get_server_metadata_item): 200 GET http://10.180.1.21/compute/v2.1/servers/a5710675-caa8-48fc-affa-9ae141916ca9/metadata/key2 2.209s
2025-12-12 06:02:00.387 67335 INFO tempest.lib.common.rest_client [req-e9cadab9-faec-42db-a9df-5b1eb096ee2c req-e9cadab9-faec-42db-a9df-5b1eb096ee2c ] Request (FlavorsV2TestJSON:test_list_flavors_using_marker): 200 GET http://10.180.1.21/compute/v2.1/flavors?marker=42 2.191s
2025-12-12 06:02:00.388 67331 INFO tempest.lib.common.rest_client [req-5bcab98c-ab66-483e-b9c0-96a6a89d9678 req-5bcab98c-ab66-483e-b9c0-96a6a89d9678 ] Request (KeyPairsV22TestJSON:test_keypairsv22_create_list_show_with_type): 200 GET http://10.180.1.21/compute/v2.1/os-keypairs 2.171s
2025-12-12 06:02:00.415 67333 INFO tempest.lib.common.rest_client [req-57a98bd3-0a4f-4ec1-a727-1b8cbf445be0 req-57a98bd3-0a4f-4ec1-a727-1b8cbf445be0 ] Request (ServerGroupTestJSON:test_create_delete_server_group_with_anti_affinity_policy): 204 DELETE http://10.180.1.21/compute/v2.1/os-server-groups/233bac8e-7da5-414b-bfdf-764d35c997cf 2.160s
2025-12-12 06:02:00.539 67351 INFO tempest.lib.common.rest_client [req-cad1df95-29cf-4eda-9cbd-57da8c326433 req-cad1df95-29cf-4eda-9cbd-57da8c326433 ] Request (SecurityGroupRulesTestJSON:tearDownClass): 202 DELETE http://10.180.1.21/compute/v2.1/os-security-groups/cf5d42cf-615c-42ec-b01f-a072da5b8495 1.656s
2025-12-12 06:02:00.548 67343 INFO tempest.lib.common.rest_client [req-0a9a9e29-5c82-4471-8761-a75d858b8ec6 req-0a9a9e29-5c82-4471-8761-a75d858b8ec6 ] Request (ServerExternalEventsTest:tearDownClass): 204 DELETE http://10.180.1.21/compute/v2.1/servers/dce36235-165e-42fd-bd0c-bb3cedb9e049 1.490s
2025-12-12 06:02:00.578 67339 INFO paramiko.transport [-] Connected (version 2.0, client dropbear_2020.81)
2025-12-12 06:02:00.638 67353 INFO tempest.lib.common.rest_client [req-015e586b-c226-480c-b9e1-e348b38e5d41 req-015e586b-c226-480c-b9e1-e348b38e5d41 ] Request (ServersTestFqdnHostnames:tearDownClass): 200 GET http://10.180.1.21/compute/v2.1/servers/de4622ae-34f3-4b15-8a94-f4a3780962f4 1.202s
2025-12-12 06:02:00.643 67339 INFO paramiko.transport [-] Authentication (publickey) successful!
2025-12-12 06:02:00.643 67339 INFO tempest.lib.common.ssh [-] ssh connection to cirros@10.180.180.243 successfully created
2025-12-12 06:02:00.649 67329 INFO tempest.lib.common.rest_client [req-f6437678-2182-4128-82df-531898cd2929 req-f6437678-2182-4128-82df-531898cd2929 ] Request (InstanceActionsTestJSON:tearDownClass): 200 GET http://10.180.1.21/compute/v2.1/servers/9cce079c-6e03-4cd8-ae00-6d7078f1f28f 1.173s
2025-12-12 06:02:00.659 67329 INFO tempest.common.waiters [-] State transition "ACTIVE/deleting" ==> "DELETED/None" after 2 second wait
2025-12-12 06:02:00.755 67315 INFO tempest.lib.common.rest_client [req-a9e11257-1e15-4637-87f8-c7888ab779a9 req-a9e11257-1e15-4637-87f8-c7888ab779a9 ] Request (MultipleCreateTestJSON:_run_cleanups): 200 GET http://10.180.1.21/compute/v2.1/servers/cdd2bc72-8001-442f-96b8-5440ab0b842b 1.268s
2025-12-12 06:02:00.768 67323 INFO tempest.lib.common.rest_client [req-91de059c-62e9-46ee-ae14-a12d687ac76a req-91de059c-62e9-46ee-ae14-a12d687ac76a ] Request (DeleteServersAdminTestJSON:test_delete_server_while_in_error_state): 200 GET http://10.180.1.21/compute/v2.1/servers/2d17dd69-1e63-40d4-a154-33b0c20a2c89 1.211s
2025-12-12 06:02:00.776 67307 INFO tempest.lib.common.rest_client [req-f1d41daf-8471-4d89-92c9-45518733c8a9 req-f1d41daf-8471-4d89-92c9-45518733c8a9 ] Request (ImagesDeleteNegativeTestJSON:test_delete_image_with_invalid_image_id): 404 DELETE http://10.180.1.21/compute/v2.1/images/tempest-invalid-733020144 1.092s
2025-12-12 06:02:00.898 67341 INFO tempest.lib.common.rest_client [req-246f5a48-60e1-4d31-8a79-41c846b9ec2c req-246f5a48-60e1-4d31-8a79-41c846b9ec2c ] Request (ServicesAdminNegativeTestJSON:test_list_services_with_non_admin_user): 403 GET http://10.180.1.21/compute/v2.1/os-services 0.938s
2025-12-12 06:02:00.960 67327 INFO tempest.lib.common.rest_client [req-eccbe229-578a-43a6-ab7b-2912442adb02 req-eccbe229-578a-43a6-ab7b-2912442adb02 ] Request (MigrationsAdminTest:test_list_migrations_in_flavor_resize_situation): 200 GET http://10.180.1.21/compute/v2.1/servers/afbb3780-6e90-4833-be3a-461cccbdd906 1.017s
2025-12-12 06:02:01.013 67341 INFO tempest.lib.common.rest_client [req-fd8a16a5-8c2c-428e-8d94-a45a192b1dc2 req-fd8a16a5-8c2c-428e-8d94-a45a192b1dc2 ] Request (ServicesAdminNegativeTestJSON:tearDownClass): 204 DELETE http://10.180.1.21/identity/v3/users/0c6cdcb5d3004ff28f4972464cae08e9 0.113s
2025-12-12 06:02:01.163 67305 INFO tempest.lib.common.rest_client [req-68eb8941-f538-4eeb-9601-1ffb03aaef0c req-68eb8941-f538-4eeb-9601-1ffb03aaef0c ] Request (FloatingIPsAssociationNegativeTestJSON:setUpClass): 200 GET http://10.180.1.21/compute/v2.1/servers/70cbc4d9-6473-4f49-a1a0-01d81d84d1f4 1.057s
2025-12-12 06:02:01.171 67311 INFO tempest.lib.common.rest_client [req-c44c17c4-8a8d-49b0-9c37-c9e81a86ff46 req-c44c17c4-8a8d-49b0-9c37-c9e81a86ff46 ] Request (ServersAdminNegativeTestJSON:test_reset_state_server_invalid_type): 400 POST http://10.180.1.21/compute/v2.1/servers/b702a391-ea5f-44d0-8dc2-314b86cc53ae/action 1.012s
2025-12-12 06:02:01.208 67341 INFO tempest.lib.common.rest_client [req-46e89dbc-4111-410b-870d-0f3a127ca026 req-46e89dbc-4111-410b-870d-0f3a127ca026 ] Request (ServicesAdminNegativeTestJSON:tearDownClass): 204 DELETE http://10.180.1.21/identity/v3/users/c7addf9b5e93474db435f05368a8517e 0.195s
2025-12-12 06:02:01.209 67341 INFO tempest.lib.common.dynamic_creds [-] Deleting project and security group for project: 893b3c32473945248f4af7c462142b36
2025-12-12 06:02:01.266 67349 INFO tempest.lib.common.rest_client [req-7aaf1dae-7204-4e75-890c-5f94db6c9b5b req-7aaf1dae-7204-4e75-890c-5f94db6c9b5b ] Request (AttachInterfacesUnderV243Test:test_add_remove_fixed_ip): 200 GET http://10.180.1.21/compute/v2.1/servers/fd5b9fe9-6a81-47af-a7d6-3b41cdc19111 1.030s
2025-12-12 06:02:01.299 67341 INFO tempest.lib.common.rest_client [req-43f23233-71d7-4afc-a5ca-d93269931036 req-43f23233-71d7-4afc-a5ca-d93269931036 ] Request (ServicesAdminNegativeTestJSON:tearDownClass): 201 POST http://10.180.1.21/identity/v3/auth/tokens 0.090s
2025-12-12 06:02:01.419 67309 INFO tempest.lib.common.rest_client [req-bb447f95-2a9e-4f1e-8332-a78e7dc305f6 req-bb447f95-2a9e-4f1e-8332-a78e7dc305f6 ] Request (ServerAddressesTestJSON:setUpClass): 202 POST http://10.180.1.21/compute/v2.1/servers 1.328s
2025-12-12 06:02:01.429 67325 INFO tempest.lib.common.rest_client [req-a8690892-136e-4537-ac71-545002df50c4 req-a8690892-136e-4537-ac71-545002df50c4 ] Request (AggregatesAdminNegativeTestJSON:test_aggregate_get_details_with_invalid_id): 404 GET http://10.180.1.21/compute/v2.1/os-aggregates/-1 1.098s
2025-12-12 06:02:01.473 67319 INFO tempest.lib.common.rest_client [req-4e7fe088-46d3-4d3a-97f4-be442a7ac79e req-4e7fe088-46d3-4d3a-97f4-be442a7ac79e ] Request (VolumesTestJSON:test_volume_list_with_details): 200 GET http://10.180.1.21/compute/v2.1/os-volumes/detail 1.119s
2025-12-12 06:02:01.528 67319 INFO tempest.lib.common.rest_client [req-d1c18601-f431-46af-bf0a-8e701fb54736 req-d1c18601-f431-46af-bf0a-8e701fb54736 ] Request (VolumesTestJSON:tearDownClass): 202 DELETE http://10.180.1.21/volume/v3/volumes/59e8709f-bbcd-494e-8a55-5818737bfaac 0.045s
2025-12-12 06:02:01.543 67299 INFO tempest.lib.common.rest_client [req-636ed3fc-4a69-4cfd-90e0-f6e53be1fa77 req-636ed3fc-4a69-4cfd-90e0-f6e53be1fa77 ] Request (ServerMetadataTestJSON:setUp): 200 PUT http://10.180.1.21/compute/v2.1/servers/a5710675-caa8-48fc-affa-9ae141916ca9/metadata 1.166s
2025-12-12 06:02:01.551 67341 INFO tempest.lib.common.rest_client [req-6d0183ea-b10a-4c5a-bd9f-fe9b8760014b req-6d0183ea-b10a-4c5a-bd9f-fe9b8760014b ] Request (ServicesAdminNegativeTestJSON:tearDownClass): 200 GET http://10.180.1.21/networking/v2.0/security-groups?tenant_id=893b3c32473945248f4af7c462142b36&name=default 0.252s
2025-12-12 06:02:01.563 67319 INFO tempest.lib.common.rest_client [req-96dfd30b-7622-4115-a72d-31ab685fab3e req-96dfd30b-7622-4115-a72d-31ab685fab3e ] Request (VolumesTestJSON:tearDownClass): 200 GET http://10.180.1.21/volume/v3/volumes/59e8709f-bbcd-494e-8a55-5818737bfaac 0.035s
2025-12-12 06:02:01.570 67335 INFO tempest.lib.common.rest_client [req-576a7b3c-c235-48e7-805b-af037fa8e16b req-576a7b3c-c235-48e7-805b-af037fa8e16b ] Request (FlavorsV2TestJSON:test_list_flavors_with_detail): 200 GET http://10.180.1.21/compute/v2.1/flavors/detail 1.180s
2025-12-12 06:02:01.586 67331 INFO tempest.lib.common.rest_client [req-c4d8eec9-365a-4eb3-8231-84e80a8a610a req-c4d8eec9-365a-4eb3-8231-84e80a8a610a ] Request (KeyPairsV22TestJSON:_run_cleanups): 204 DELETE http://10.180.1.21/compute/v2.1/os-keypairs/tempest-keypair-2057470865 1.195s
2025-12-12 06:02:01.706 67331 INFO tempest.lib.common.rest_client [req-3e96e66f-afba-4de2-9cd1-9a1c6040c9c4 req-3e96e66f-afba-4de2-9cd1-9a1c6040c9c4 ] Request (KeyPairsV22TestJSON:tearDownClass): 204 DELETE http://10.180.1.21/identity/v3/users/64243ba8616a436888d3e8211083bd8c 0.119s
2025-12-12 06:02:01.706 67331 INFO tempest.lib.common.dynamic_creds [-] Deleting project and security group for project: ea99e8d239864cbb9c476c02209a4fbd
2025-12-12 06:02:01.707 67341 INFO tempest.lib.common.rest_client [req-43dde919-6a67-4c80-9c63-5db4182a4535 req-43dde919-6a67-4c80-9c63-5db4182a4535 ] Request (ServicesAdminNegativeTestJSON:tearDownClass): 204 DELETE http://10.180.1.21/networking/v2.0/security-groups/03128ff1-4ead-4e9d-b1ac-3d976a99e38c 0.155s
2025-12-12 06:02:01.749 67337 INFO tempest.lib.common.rest_client [req-a177498e-2ef1-4dd2-a75c-14dd01ab2431 req-a177498e-2ef1-4dd2-a75c-14dd01ab2431 ] Request (ImagesNegativeTestJSON:test_create_image_from_deleted_server): 200 GET http://10.180.1.21/compute/v2.1/servers/346ef92d-6550-47c8-9a03-5ccec417306e 1.472s
2025-12-12 06:02:01.766 67333 INFO tempest.lib.common.rest_client [req-c94513e1-3526-43e8-bdc9-42d3e3842145 req-c94513e1-3526-43e8-bdc9-42d3e3842145 ] Request (ServerGroupTestJSON:test_create_delete_server_group_with_anti_affinity_policy): 200 GET http://10.180.1.21/compute/v2.1/os-server-groups 1.351s
2025-12-12 06:02:01.772 67301 INFO tempest.lib.common.rest_client [req-996f4ef4-bbad-41b8-ba31-1baa1d3de2bf req-996f4ef4-bbad-41b8-ba31-1baa1d3de2bf ] Request (ServerRescueNegativeTestJSON:setUpClass): 200 GET http://10.180.1.21/compute/v2.1/servers/19e19864-44e2-4458-b7ae-b61598f802e1 1.366s
2025-12-12 06:02:01.775 67331 INFO tempest.lib.common.rest_client [req-6db82c79-7044-45f4-8fec-be088d716170 req-6db82c79-7044-45f4-8fec-be088d716170 ] Request (KeyPairsV22TestJSON:tearDownClass): 201 POST http://10.180.1.21/identity/v3/auth/tokens 0.069s
2025-12-12 06:02:01.840 67341 INFO tempest.lib.common.rest_client [req-db8fa27d-7c05-4d5d-ac10-09fef1b496d9 req-db8fa27d-7c05-4d5d-ac10-09fef1b496d9 ] Request (ServicesAdminNegativeTestJSON:tearDownClass): 204 DELETE http://10.180.1.21/identity/v3/projects/893b3c32473945248f4af7c462142b36 0.133s
2025-12-12 06:02:01.841 67341 INFO tempest.lib.common.dynamic_creds [-] Deleting project and security group for project: 7987a6e8700f4808a7a07bb23e5d7594
2025-12-12 06:02:01.869 67333 INFO tempest.lib.common.rest_client [req-46b6eccc-f098-4bd9-89d3-c668b641f931 req-46b6eccc-f098-4bd9-89d3-c668b641f931 ] Request (ServerGroupTestJSON:test_create_server_with_scheduler_hint_group): 201 POST http://10.180.1.21/identity/v3/auth/tokens 0.090s
2025-12-12 06:02:01.869 67333 INFO tempest.lib.common.fixed_network [-] (ServerGroupTestJSON:test_create_server_with_scheduler_hint_group) Found network {'id': '6e958275-e7e9-4924-8c6b-9f7da12be6a3', 'name': 'tempest-ServerGroupTestJSON-517197021-network', 'tenant_id': 'd36c53406724494f86875a5941be3e2e', 'project_id': 'd36c53406724494f86875a5941be3e2e', 'admin_state_up': True, 'mtu': 8950, 'status': 'ACTIVE', 'subnets': [], 'shared': False, 'port_security_enabled': True, 'router:external': False, 'provider:network_type': 'vlan', 'provider:physical_network': 'default', 'provider:segmentation_id': 162, 'availability_zone_hints': [], 'availability_zones': [], 'ipv4_address_scope': None, 'ipv6_address_scope': None, 'description': '', 'tags': [], 'created_at': '2025-12-12T06:01:07Z', 'updated_at': '2025-12-12T06:01:07Z', 'revision_number': 1} available for tenant
2025-12-12 06:02:02.062 67331 INFO tempest.lib.common.rest_client [req-c4d413ee-6b34-43a5-9eb2-8d032a2e4698 req-c4d413ee-6b34-43a5-9eb2-8d032a2e4698 ] Request (KeyPairsV22TestJSON:tearDownClass): 200 GET http://10.180.1.21/networking/v2.0/security-groups?tenant_id=ea99e8d239864cbb9c476c02209a4fbd&name=default 0.287s
2025-12-12 06:02:02.459 67351 INFO tempest.lib.common.rest_client [req-4bddf7bd-918d-4002-840b-5f201e434b35 req-4bddf7bd-918d-4002-840b-5f201e434b35 ] Request (SecurityGroupRulesTestJSON:tearDownClass): 202 DELETE http://10.180.1.21/compute/v2.1/os-security-groups/7267132d-0894-423a-a9ea-5f4620533946 1.919s
2025-12-12 06:02:02.560 67331 INFO tempest.lib.common.rest_client [req-7a2d5bd8-c939-4fa6-9c99-656fa7a8dc5e req-7a2d5bd8-c939-4fa6-9c99-656fa7a8dc5e ] Request (KeyPairsV22TestJSON:tearDownClass): 204 DELETE http://10.180.1.21/networking/v2.0/security-groups/b5c0aa8a-678a-4d3d-8409-33a0cb17df0e 0.497s
2025-12-12 06:02:02.578 67341 INFO tempest.lib.common.rest_client [req-e0947803-1ec4-4910-af37-96ee48352fcb req-e0947803-1ec4-4910-af37-96ee48352fcb ] Request (ServicesAdminNegativeTestJSON:tearDownClass): 200 GET http://10.180.1.21/networking/v2.0/security-groups?tenant_id=7987a6e8700f4808a7a07bb23e5d7594&name=default 0.737s
2025-12-12 06:02:02.596 67319 INFO tempest.lib.common.rest_client [req-6a2c2460-11e7-4ca0-9be1-03d507dc8f6d req-6a2c2460-11e7-4ca0-9be1-03d507dc8f6d ] Request (VolumesTestJSON:tearDownClass): 404 GET http://10.180.1.21/volume/v3/volumes/59e8709f-bbcd-494e-8a55-5818737bfaac 0.024s
2025-12-12 06:02:02.601 67339 INFO tempest.lib.common.rest_client [req-c0152bf2-e0c7-4355-888f-0a85a6161fbd req-c0152bf2-e0c7-4355-888f-0a85a6161fbd ] Request (ServersWithSpecificFlavorTestJSON:test_verify_created_server_ephemeral_disk): 204 DELETE http://10.180.1.21/compute/v2.1/servers/dafadca7-7534-4646-a031-4f4b49b1b4b1 1.951s
2025-12-12 06:02:02.616 67343 INFO tempest.lib.common.rest_client [req-51398810-e8c3-4821-b876-03e0d82f0dc7 req-51398810-e8c3-4821-b876-03e0d82f0dc7 ] Request (ServerExternalEventsTest:tearDownClass): 200 GET http://10.180.1.21/compute/v2.1/servers/dce36235-165e-42fd-bd0c-bb3cedb9e049 2.068s
2025-12-12 06:02:02.661 67319 INFO tempest.lib.common.rest_client [req-d45d19a5-bfed-47d9-8b5f-fbda72b7e621 req-d45d19a5-bfed-47d9-8b5f-fbda72b7e621 ] Request (VolumesTestJSON:tearDownClass): 202 DELETE http://10.180.1.21/volume/v3/volumes/1247f82e-a18c-4b8e-9ed5-96af90bb0034 0.065s
2025-12-12 06:02:02.666 67331 INFO tempest.lib.common.rest_client [req-25fd2815-51ca-4aa7-9acc-dd250c548196 req-25fd2815-51ca-4aa7-9acc-dd250c548196 ] Request (KeyPairsV22TestJSON:tearDownClass): 204 DELETE http://10.180.1.21/identity/v3/projects/ea99e8d239864cbb9c476c02209a4fbd 0.105s
2025-12-12 06:02:02.716 67319 INFO tempest.lib.common.rest_client [req-62e71668-f79c-4130-aa20-aca5b1e78e7a req-62e71668-f79c-4130-aa20-aca5b1e78e7a ] Request (VolumesTestJSON:tearDownClass): 200 GET http://10.180.1.21/volume/v3/volumes/1247f82e-a18c-4b8e-9ed5-96af90bb0034 0.054s
2025-12-12 06:02:02.724 67341 INFO tempest.lib.common.rest_client [req-5671e2d3-a735-4a54-ac05-6a50761919c9 req-5671e2d3-a735-4a54-ac05-6a50761919c9 ] Request (ServicesAdminNegativeTestJSON:tearDownClass): 204 DELETE http://10.180.1.21/networking/v2.0/security-groups/21cf6dca-18c0-4176-a712-afe0fc2b55b3 0.145s
2025-12-12 06:02:02.739 67339 INFO tempest.lib.common.rest_client [req-18b883e7-d70a-47d6-bdab-225bffe05db6 req-18b883e7-d70a-47d6-bdab-225bffe05db6 ] Request (ServersWithSpecificFlavorTestJSON:test_verify_created_server_ephemeral_disk): 201 POST http://10.180.1.21/identity/v3/auth/tokens 0.133s
2025-12-12 06:02:02.739 67339 INFO tempest.lib.common.fixed_network [-] (ServersWithSpecificFlavorTestJSON:test_verify_created_server_ephemeral_disk) Found network {'id': 'db87b563-65c4-4dff-827d-4306fa029371', 'name': 'tempest-ServersWithSpecificFlavorTestJSON-275519234-network', 'tenant_id': '607baaaa388348a78293157a3be282a0', 'project_id': '607baaaa388348a78293157a3be282a0', 'admin_state_up': True, 'mtu': 8950, 'status': 'ACTIVE', 'subnets': [], 'shared': False, 'port_security_enabled': True, 'router:external': False, 'provider:network_type': 'vlan', 'provider:physical_network': 'default', 'provider:segmentation_id': 291, 'availability_zone_hints': [], 'availability_zones': [], 'ipv4_address_scope': None, 'ipv6_address_scope': None, 'description': '', 'tags': [], 'created_at': '2025-12-12T06:00:09Z', 'updated_at': '2025-12-12T06:00:09Z', 'revision_number': 1} available for tenant
2025-12-12 06:02:02.752 67331 INFO tempest.lib.common.rest_client [req-a16ad7fb-fea4-4743-bbf5-c0bca7499068 req-a16ad7fb-fea4-4743-bbf5-c0bca7499068 ] Request (SecurityGroupsNegativeTestJSON:setUpClass): 201 POST http://10.180.1.21/identity/v3/auth/tokens 0.082s
2025-12-12 06:02:02.758 67297 INFO tempest.lib.common.rest_client [req-8549549c-9574-4b1d-b29b-b4ab47c47fdb req-8549549c-9574-4b1d-b29b-b4ab47c47fdb ] Request (ListServerFiltersTestJSON:setUpClass): 200 GET http://10.180.1.21/compute/v2.1/servers/75831186-fdae-478e-8cbe-6e5ec9f2c544 2.102s
2025-12-12 06:02:02.772 67361 INFO tempest.lib.common.rest_client [req-9512e195-b45f-4a58-b7ff-6c272123975f req-9512e195-b45f-4a58-b7ff-6c272123975f ] Request (TenantUsagesTestJSON:tearDownClass): 200 GET http://10.180.1.21/compute/v2.1/servers/1eb74fdc-2093-4461-a7b4-d337e101a973 2.096s
2025-12-12 06:02:02.774 67297 INFO tempest.common.waiters [-] State transition "BUILD/None" ==> "BUILD/networking" after 9 second wait
2025-12-12 06:02:02.783 67307 INFO tempest.lib.common.rest_client [req-8ae5453c-1040-4bd3-9c07-a15549800ab1 req-8ae5453c-1040-4bd3-9c07-a15549800ab1 ] Request (ImagesDeleteNegativeTestJSON:test_delete_non_existent_image): 404 DELETE http://10.180.1.21/compute/v2.1/images/b9d873df-1d7c-4c65-bc00-eed13f6989c6 2.005s
2025-12-12 06:02:02.798 67331 INFO tempest.lib.common.rest_client [req-c39cd876-5376-4411-9993-60caa916a0ab req-c39cd876-5376-4411-9993-60caa916a0ab ] Request (SecurityGroupsNegativeTestJSON:setUpClass): 201 POST http://10.180.1.21/identity/v3/auth/tokens 0.042s
2025-12-12 06:02:02.849 67341 INFO tempest.lib.common.rest_client [req-29de471e-7ff0-43ee-aac1-b6520eef4fba req-29de471e-7ff0-43ee-aac1-b6520eef4fba ] Request (ServicesAdminNegativeTestJSON:tearDownClass): 204 DELETE http://10.180.1.21/identity/v3/projects/7987a6e8700f4808a7a07bb23e5d7594 0.124s
2025-12-12 06:02:02.877 67359 INFO tempest.lib.common.rest_client [req-24662250-b454-4546-8e10-cf86a551ff1f req-24662250-b454-4546-8e10-cf86a551ff1f ] Request (AttachVolumeTestJSON:test_attach_detach_volume): 200 GET http://10.180.1.21/compute/v2.1/servers/aabc1a61-6f2d-4a7a-9718-4c1af400e9cb 1.940s
2025-12-12 06:02:02.902 67307 INFO tempest.lib.common.rest_client [req-c12ed19e-5f8f-4919-84cf-66a6620aa526 req-c12ed19e-5f8f-4919-84cf-66a6620aa526 ] Request (ImagesDeleteNegativeTestJSON:tearDownClass): 204 DELETE http://10.180.1.21/identity/v3/users/f5e00429d92047e8ac23b02132e96db5 0.116s
2025-12-12 06:02:02.902 67307 INFO tempest.lib.common.dynamic_creds [-] Deleting project and security group for project: 6e8b46e27ca045e1a11c12967fed3f68
2025-12-12 06:02:02.972 67341 INFO tempest.lib.common.rest_client [req-9048ecc9-7ae0-40dc-ae0d-d64b0d9c62b6 req-9048ecc9-7ae0-40dc-ae0d-d64b0d9c62b6 ] Request (AttachInterfacesV270Test:setUpClass): 201 POST http://10.180.1.21/identity/v3/auth/tokens 0.121s
2025-12-12 06:02:02.983 67331 INFO tempest.lib.common.rest_client [req-338decfa-0a46-4452-90ce-08d407073e08 req-338decfa-0a46-4452-90ce-08d407073e08 ] Request (SecurityGroupsNegativeTestJSON:setUpClass): 200 GET http://10.180.1.21/identity/v3/domains?name=Default 0.184s
2025-12-12 06:02:03.019 67341 INFO tempest.lib.common.rest_client [req-86995a20-0484-4d49-a6e8-3eb662169768 req-86995a20-0484-4d49-a6e8-3eb662169768 ] Request (AttachInterfacesV270Test:setUpClass): 201 POST http://10.180.1.21/identity/v3/auth/tokens 0.045s
2025-12-12 06:02:03.023 67307 INFO tempest.lib.common.rest_client [req-931de2eb-6abd-466b-a945-dbb30e788c3e req-931de2eb-6abd-466b-a945-dbb30e788c3e ] Request (ImagesDeleteNegativeTestJSON:tearDownClass): 201 POST http://10.180.1.21/identity/v3/auth/tokens 0.120s
2025-12-12 06:02:03.051 67341 INFO tempest.lib.common.rest_client [req-18c2cb66-2760-4404-bf3f-4ff3f3d0bec5 req-18c2cb66-2760-4404-bf3f-4ff3f3d0bec5 ] Request (AttachInterfacesV270Test:setUpClass): 200 GET http://10.180.1.21/identity/v3/domains?name=Default 0.031s
2025-12-12 06:02:03.052 67331 INFO tempest.lib.common.rest_client [req-c0420fc9-3465-473f-ab67-102b52c7dd56 req-c0420fc9-3465-473f-ab67-102b52c7dd56 ] Request (SecurityGroupsNegativeTestJSON:setUpClass): 201 POST http://10.180.1.21/identity/v3/projects 0.068s
2025-12-12 06:02:03.136 67341 INFO tempest.lib.common.rest_client [req-01c499e4-5a78-4030-8f56-6052016262b6 req-01c499e4-5a78-4030-8f56-6052016262b6 ] Request (AttachInterfacesV270Test:setUpClass): 201 POST http://10.180.1.21/identity/v3/projects 0.084s
2025-12-12 06:02:03.142 67331 INFO tempest.lib.common.rest_client [req-957ad45c-b16d-496e-bd0b-9afaa4408f68 req-957ad45c-b16d-496e-bd0b-9afaa4408f68 ] Request (SecurityGroupsNegativeTestJSON:setUpClass): 201 POST http://10.180.1.21/identity/v3/users 0.089s
2025-12-12 06:02:03.147 67347 INFO tempest.lib.common.rest_client [req-3069696b-7713-4cde-ba6d-f67f1d26db2e req-3069696b-7713-4cde-ba6d-f67f1d26db2e ] Request (ServerAddressesNegativeTestJSON:tearDownClass): 200 GET http://10.180.1.21/compute/v2.1/servers/a1974fd9-118a-455f-a9a7-e727070d8286 1.995s
2025-12-12 06:02:03.153 67311 INFO tempest.lib.common.rest_client [req-2b7bdede-06a5-4aad-968c-e328d4f9c776 req-2b7bdede-06a5-4aad-968c-e328d4f9c776 ] Request (ServersAdminNegativeTestJSON:test_reset_state_server_nonexistent_server): 404 POST http://10.180.1.21/compute/v2.1/servers/999/action 1.981s
2025-12-12 06:02:03.161 67347 INFO tempest.common.waiters [-] State transition "ACTIVE/deleting" ==> "DELETED/None" after 3 second wait
2025-12-12 06:02:03.183 67303 INFO tempest.lib.common.rest_client [req-a7415ac2-f41a-447c-9f8e-0c422bb020ff req-a7415ac2-f41a-447c-9f8e-0c422bb020ff ] Request (ServerRescueTestJSON:test_rescue_unrescue_instance): 200 GET http://10.180.1.21/compute/v2.1/servers/6cb8eb85-0c58-4364-b77a-6d7f403db69e 2.027s
2025-12-12 06:02:03.222 67331 INFO tempest.lib.common.rest_client [req-b1cf6435-544a-4c9d-9171-392845d97af8 req-b1cf6435-544a-4c9d-9171-392845d97af8 ] Request (SecurityGroupsNegativeTestJSON:setUpClass): 200 GET http://10.180.1.21/identity/v3/roles 0.079s
2025-12-12 06:02:03.263 67341 INFO tempest.lib.common.rest_client [req-b60f0ecb-d032-4ce7-a75f-35b0d780a461 req-b60f0ecb-d032-4ce7-a75f-35b0d780a461 ] Request (AttachInterfacesV270Test:setUpClass): 201 POST http://10.180.1.21/identity/v3/users 0.126s
2025-12-12 06:02:03.282 67331 INFO tempest.lib.common.rest_client [req-dbc549eb-8a8c-4aa3-8c0a-94c69f6f201c req-dbc549eb-8a8c-4aa3-8c0a-94c69f6f201c ] Request (SecurityGroupsNegativeTestJSON:setUpClass): 204 PUT http://10.180.1.21/identity/v3/projects/76e0da6d4fc54fe7a3a08bd0221ac143/users/22e606fc11a244b196146bb5dae353e5/roles/81a0e2682e5543dd94d9c54f7883f34a 0.059s
2025-12-12 06:02:03.282 67331 INFO tempest.lib.common.dynamic_creds [-] Dynamic test user 22e606fc11a244b196146bb5dae353e5 is created with scope project and roles: ['member']
