2025-12-12 06:01:35.823 67341 INFO tempest.lib.common.rest_client [req-91ad4599-3008-4555-9f15-a12e1828040f req-91ad4599-3008-4555-9f15-a12e1828040f ] Request (ServicesAdminNegativeTestJSON:setUpClass): 204 PUT http://10.180.1.21/identity/v3/projects/7987a6e8700f4808a7a07bb23e5d7594/users/c7addf9b5e93474db435f05368a8517e/roles/4374032367cd4e9f8fe096f209ecbc64 0.028s
2025-12-12 06:01:35.897 67341 INFO tempest.lib.common.rest_client [req-b59191a4-dec0-4c68-ba0c-bf075736f778 req-b59191a4-dec0-4c68-ba0c-bf075736f778 ] Request (ServicesAdminNegativeTestJSON:setUpClass): 200 GET http://10.180.1.21/identity/v3/roles 0.073s
2025-12-12 06:01:35.938 67341 INFO tempest.lib.common.rest_client [req-0e87ca54-5b3d-4bf0-92d5-e78261444c1b req-0e87ca54-5b3d-4bf0-92d5-e78261444c1b ] Request (ServicesAdminNegativeTestJSON:setUpClass): 204 PUT http://10.180.1.21/identity/v3/projects/7987a6e8700f4808a7a07bb23e5d7594/users/c7addf9b5e93474db435f05368a8517e/roles/4374032367cd4e9f8fe096f209ecbc64 0.040s
2025-12-12 06:01:35.938 67341 INFO tempest.lib.common.dynamic_creds [-] Dynamic test user c7addf9b5e93474db435f05368a8517e is created with scope project and roles: ['admin']
2025-12-12 06:01:35.938 67341 INFO tempest.lib.common.dynamic_creds [-] Acquired dynamic creds: credentials: Credentials: {'domain_id': 'default', 'domain_name': 'Default', 'username': 'tempest-ServicesAdminNegativeTestJSON-405573646-project-admin', 'project_domain_id': 'default', 'project_domain_name': 'Default', 'project_id': '7987a6e8700f4808a7a07bb23e5d7594', 'project_name': 'tempest-ServicesAdminNegativeTestJSON-405573646', 'tenant_id': '7987a6e8700f4808a7a07bb23e5d7594', 'tenant_name': 'tempest-ServicesAdminNegativeTestJSON-405573646', 'user_domain_id': 'default', 'user_domain_name': 'Default', 'user_id': 'c7addf9b5e93474db435f05368a8517e', 'system': None}, Network: None, Subnet: None, Router: None
2025-12-12 06:01:35.938 67341 INFO tempest.lib.common.dynamic_creds [-] Created isolated network resources for: credentials: Credentials: {'domain_id': 'default', 'domain_name': 'Default', 'username': 'tempest-ServicesAdminNegativeTestJSON-405573646-project-admin', 'project_domain_id': 'default', 'project_domain_name': 'Default', 'project_id': '7987a6e8700f4808a7a07bb23e5d7594', 'project_name': 'tempest-ServicesAdminNegativeTestJSON-405573646', 'tenant_id': '7987a6e8700f4808a7a07bb23e5d7594', 'tenant_name': 'tempest-ServicesAdminNegativeTestJSON-405573646', 'user_domain_id': 'default', 'user_domain_name': 'Default', 'user_id': 'c7addf9b5e93474db435f05368a8517e', 'system': None}, Network: None, Subnet: None, Router: None
2025-12-12 06:01:36.071 67341 INFO tempest.lib.common.rest_client [req-7a52ec5d-9902-4f7f-926c-e46199e35703 req-7a52ec5d-9902-4f7f-926c-e46199e35703 ] Request (ServicesAdminNegativeTestJSON:setUpClass): 201 POST http://10.180.1.21/identity/v3/auth/tokens 0.128s
2025-12-12 06:01:36.490 67349 INFO tempest.lib.common.rest_client [req-c844c155-bed7-4d1c-8ca1-a7dd9e6cb7be req-c844c155-bed7-4d1c-8ca1-a7dd9e6cb7be ] Request (VolumesAdminNegativeTest:tearDownClass): 200 PUT http://10.180.1.21/networking/v2.0/routers/ec3163a0-c89c-4343-8307-5d1657c1f110/remove_router_interface 0.920s
2025-12-12 06:01:36.944 67349 INFO tempest.lib.common.rest_client [req-dcc905a6-8822-4a11-b3f1-e47e86eac738 req-dcc905a6-8822-4a11-b3f1-e47e86eac738 ] Request (VolumesAdminNegativeTest:tearDownClass): 204 DELETE http://10.180.1.21/networking/v2.0/routers/ec3163a0-c89c-4343-8307-5d1657c1f110 0.454s
2025-12-12 06:01:37.220 67349 INFO tempest.lib.common.rest_client [req-215842b2-4d47-4886-a8c4-e7647910b2bd req-215842b2-4d47-4886-a8c4-e7647910b2bd ] Request (VolumesAdminNegativeTest:tearDownClass): 204 DELETE http://10.180.1.21/networking/v2.0/subnets/96f36b68-da37-45a9-b62c-d0c0eb69864b 0.275s
2025-12-12 06:01:37.342 67305 INFO tempest.lib.common.rest_client [req-49c6b5ae-b722-445d-8139-63f14ed632a0 req-49c6b5ae-b722-445d-8139-63f14ed632a0 ] Request (FloatingIPsAssociationNegativeTestJSON:setUpClass): 202 POST http://10.180.1.21/compute/v2.1/servers 6.139s
2025-12-12 06:01:37.359 67359 INFO tempest.lib.common.rest_client [req-30e6ad12-e55b-4019-b63c-004168935908 req-30e6ad12-e55b-4019-b63c-004168935908 ] Request (FlavorsExtraSpecsTestJSON:tearDownClass): 202 DELETE http://10.180.1.21/compute/v2.1/flavors/792502351 5.192s
2025-12-12 06:01:37.391 67331 INFO tempest.lib.common.rest_client [req-0515adb9-6a3d-4147-826b-366d68f5ded8 req-0515adb9-6a3d-4147-826b-366d68f5ded8 ] Request (KeyPairsV22TestJSON:test_keypairsv22_create_list_show): 201 POST http://10.180.1.21/compute/v2.1/os-keypairs 5.204s
2025-12-12 06:01:37.464 67319 INFO tempest.lib.common.rest_client [req-3eaed3ca-323f-4594-9eba-7788403db5c1 req-3eaed3ca-323f-4594-9eba-7788403db5c1 ] Request (VolumesTestJSON:test_volume_list): 200 GET http://10.180.1.21/compute/v2.1/os-volumes 4.383s
2025-12-12 06:01:37.568 67349 INFO tempest.lib.common.rest_client [req-3a15aa55-55d2-4a7f-8f63-4798a4e78491 req-3a15aa55-55d2-4a7f-8f63-4798a4e78491 ] Request (VolumesAdminNegativeTest:tearDownClass): 204 DELETE http://10.180.1.21/networking/v2.0/networks/fc52088e-6cc1-41af-8879-9b388139dd80 0.348s
2025-12-12 06:01:37.679 67337 INFO tempest.lib.common.rest_client [req-33f89d38-5d7d-43cd-99eb-17b5a12dae7d req-33f89d38-5d7d-43cd-99eb-17b5a12dae7d ] Request (ImagesNegativeTestJSON:test_create_image_from_deleted_server): 202 POST http://10.180.1.21/compute/v2.1/servers 5.539s
2025-12-12 06:01:37.876 67323 INFO tempest.lib.common.rest_client [req-07035f03-3f79-43f7-aebb-fbdb8ed7e3fb req-07035f03-3f79-43f7-aebb-fbdb8ed7e3fb ] Request (DeleteServersAdminTestJSON:test_delete_server_while_in_error_state): 200 GET http://10.180.1.21/compute/v2.1/servers/2d17dd69-1e63-40d4-a154-33b0c20a2c89 4.696s
2025-12-12 06:01:37.901 67317 INFO tempest.lib.common.rest_client [req-aa748ad1-20dd-4747-a38d-d6b9be34e74f req-aa748ad1-20dd-4747-a38d-d6b9be34e74f ] Request (FlavorsV261TestJSON:_run_cleanups): 202 DELETE http://10.180.1.21/compute/v2.1/flavors/108753801 4.536s
2025-12-12 06:01:38.010 67339 INFO tempest.lib.common.rest_client [req-949f4cc9-1ad1-4587-99b2-bcedca9cc969 req-949f4cc9-1ad1-4587-99b2-bcedca9cc969 ] Request (ServersWithSpecificFlavorTestJSON:test_verify_created_server_ephemeral_disk): 200 GET http://10.180.1.21/compute/v2.1/servers/dafadca7-7534-4646-a031-4f4b49b1b4b1 4.723s
2025-12-12 06:01:38.021 67339 INFO tempest.lib.common.ssh [-] Creating ssh connection to '10.180.180.243:22' as 'cirros' with public key authentication
2025-12-12 06:01:38.039 67339 WARNING tempest.lib.common.ssh [-] Failed to establish authenticated ssh connection to cirros@10.180.180.243 ([Errno None] Unable to connect to port 22 on 10.180.180.243). Number attempts: 1. Retry after 2 seconds.: paramiko.ssh_exception.NoValidConnectionsError: [Errno None] Unable to connect to port 22 on 10.180.180.243
2025-12-12 06:01:38.042 67325 INFO tempest.lib.common.rest_client [req-19ddc38d-e231-4526-82a5-ceaff9e9de24 req-19ddc38d-e231-4526-82a5-ceaff9e9de24 ] Request (AggregatesAdminNegativeTestJSON:test_aggregate_delete_as_user): 200 POST http://10.180.1.21/compute/v2.1/os-aggregates 4.644s
2025-12-12 06:01:38.096 67345 INFO tempest.lib.common.rest_client [req-a72b154d-147b-41b3-9ff0-63ac13641892 req-a72b154d-147b-41b3-9ff0-63ac13641892 ] Request (ImagesMetadataTestJSON:test_update_image_metadata): 200 GET http://10.180.1.21/compute/v2.1/images/fa143a5d-c737-48d7-a1e2-429456a29b4e/metadata 4.591s
2025-12-12 06:01:38.159 67333 INFO tempest.lib.common.rest_client [req-43913a67-451c-4fa9-bbde-47b17857f8da req-43913a67-451c-4fa9-bbde-47b17857f8da ] Request (ServerGroupTestJSON:test_create_delete_multiple_server_groups_with_same_name_policy): 204 DELETE http://10.180.1.21/compute/v2.1/os-server-groups/8b606131-ae25-436f-8e17-cfbf71bef78f 4.631s
2025-12-12 06:01:38.180 67335 INFO tempest.lib.common.rest_client [req-dca7b0d6-2e5b-48a9-a74a-d351cbac0046 req-dca7b0d6-2e5b-48a9-a74a-d351cbac0046 ] Request (FlavorsV2TestJSON:test_list_flavors_filter_by_min_disk): 200 GET http://10.180.1.21/compute/v2.1/flavors/42 4.604s
2025-12-12 06:01:38.193 67345 INFO tempest.lib.common.rest_client [req-296bb541-0d37-4f75-80d1-3acb9bd8e1c3 req-296bb541-0d37-4f75-80d1-3acb9bd8e1c3 ] Request (ImagesMetadataTestJSON:tearDownClass): 204 DELETE http://10.180.1.21/image/v2/images/fa143a5d-c737-48d7-a1e2-429456a29b4e 0.095s
2025-12-12 06:01:38.319 67345 INFO tempest.lib.common.rest_client [req-ef64f566-c435-4171-99f8-1059db214559 req-ef64f566-c435-4171-99f8-1059db214559 ] Request (ImagesMetadataTestJSON:tearDownClass): 204 DELETE http://10.180.1.21/identity/v3/users/a5cb5c863bd94b6e987dab2174b6673a 0.126s
2025-12-12 06:01:38.319 67345 INFO tempest.lib.common.dynamic_creds [-] Deleting project and security group for project: f05e0ed10b6f4cea9d17bd3e2df48b39
2025-12-12 06:01:38.375 67345 INFO tempest.lib.common.rest_client [req-6bfc8994-6cb4-42d4-9af1-8bac48470fa5 req-6bfc8994-6cb4-42d4-9af1-8bac48470fa5 ] Request (ImagesMetadataTestJSON:tearDownClass): 201 POST http://10.180.1.21/identity/v3/auth/tokens 0.055s
2025-12-12 06:01:38.388 67307 INFO tempest.lib.common.rest_client [req-924cf16e-5363-4dc0-8237-a0d9f8fc3212 req-924cf16e-5363-4dc0-8237-a0d9f8fc3212 ] Request (QuotasAdminNegativeTest:_run_cleanups): 200 PUT http://10.180.1.21/compute/v2.1/os-quota-sets/dd2e8e1a8d2949ab8b4a8e7d21122382 4.752s
2025-12-12 06:01:38.485 67349 INFO tempest.lib.common.rest_client [req-9eae9af0-0484-47f0-a5ef-ad33f9306cc5 req-9eae9af0-0484-47f0-a5ef-ad33f9306cc5 ] Request (VolumesAdminNegativeTest:tearDownClass): 200 PUT http://10.180.1.21/networking/v2.0/routers/e9ce2e8f-d554-4de7-8605-25e69e564b46/remove_router_interface 0.916s
2025-12-12 06:01:38.694 67345 INFO tempest.lib.common.rest_client [req-f3887674-49ba-40bc-9ccd-6d3c45f83e84 req-f3887674-49ba-40bc-9ccd-6d3c45f83e84 ] Request (ImagesMetadataTestJSON:tearDownClass): 200 GET http://10.180.1.21/networking/v2.0/security-groups?tenant_id=f05e0ed10b6f4cea9d17bd3e2df48b39&name=default 0.319s
2025-12-12 06:01:38.954 67353 WARNING tempest.lib.common.ssh [-] Failed to establish authenticated ssh connection to cirros@10.180.180.239 ([Errno None] Unable to connect to port 22 on 10.180.180.239). Number attempts: 5. Retry after 6 seconds.: paramiko.ssh_exception.NoValidConnectionsError: [Errno None] Unable to connect to port 22 on 10.180.180.239
2025-12-12 06:01:39.144 67349 INFO tempest.lib.common.rest_client [req-570a405a-5a63-4bc5-a139-a3208c5b4bbc req-570a405a-5a63-4bc5-a139-a3208c5b4bbc ] Request (VolumesAdminNegativeTest:tearDownClass): 204 DELETE http://10.180.1.21/networking/v2.0/routers/e9ce2e8f-d554-4de7-8605-25e69e564b46 0.659s
2025-12-12 06:01:39.264 67345 INFO tempest.lib.common.rest_client [req-45a42c48-cc60-4206-b96e-7670c1644076 req-45a42c48-cc60-4206-b96e-7670c1644076 ] Request (ImagesMetadataTestJSON:tearDownClass): 204 DELETE http://10.180.1.21/networking/v2.0/security-groups/7b258d52-4735-4edd-bc21-b0c2ae95a05e 0.569s
2025-12-12 06:01:39.326 67345 INFO tempest.lib.common.rest_client [req-eb395a2d-6e0c-4261-ab59-499ac77bffca req-eb395a2d-6e0c-4261-ab59-499ac77bffca ] Request (ImagesMetadataTestJSON:tearDownClass): 204 DELETE http://10.180.1.21/identity/v3/projects/f05e0ed10b6f4cea9d17bd3e2df48b39 0.061s
2025-12-12 06:01:39.388 67345 INFO tempest.lib.common.rest_client [req-9814266e-6441-420f-97d6-247f40bb23d7 req-9814266e-6441-420f-97d6-247f40bb23d7 ] Request (DeleteServersTestJSON:setUpClass): 201 POST http://10.180.1.21/identity/v3/auth/tokens 0.061s
2025-12-12 06:01:39.421 67345 INFO tempest.lib.common.rest_client [req-a53e7ed8-9d8e-47ce-a13e-fecf623d4228 req-a53e7ed8-9d8e-47ce-a13e-fecf623d4228 ] Request (DeleteServersTestJSON:setUpClass): 201 POST http://10.180.1.21/identity/v3/auth/tokens 0.030s
2025-12-12 06:01:39.448 67345 INFO tempest.lib.common.rest_client [req-40cd4b93-d49b-41ff-9052-b3cc46f4182c req-40cd4b93-d49b-41ff-9052-b3cc46f4182c ] Request (DeleteServersTestJSON:setUpClass): 200 GET http://10.180.1.21/identity/v3/domains?name=Default 0.026s
2025-12-12 06:01:39.480 67345 INFO tempest.lib.common.rest_client [req-9a362648-bab5-45c9-baf8-54c3f21ea7e6 req-9a362648-bab5-45c9-baf8-54c3f21ea7e6 ] Request (DeleteServersTestJSON:setUpClass): 201 POST http://10.180.1.21/identity/v3/projects 0.032s
2025-12-12 06:01:39.485 67349 INFO tempest.lib.common.rest_client [req-2a2af918-ee9d-4fdb-8ca0-00848092c77c req-2a2af918-ee9d-4fdb-8ca0-00848092c77c ] Request (VolumesAdminNegativeTest:tearDownClass): 204 DELETE http://10.180.1.21/networking/v2.0/subnets/16f26285-0b37-48ad-8476-7820033b20c5 0.340s
2025-12-12 06:01:39.544 67345 INFO tempest.lib.common.rest_client [req-93cdc068-0396-4ecf-895e-1353bc043d4d req-93cdc068-0396-4ecf-895e-1353bc043d4d ] Request (DeleteServersTestJSON:setUpClass): 201 POST http://10.180.1.21/identity/v3/users 0.063s
2025-12-12 06:01:39.553 67351 INFO tempest.lib.common.rest_client [req-b7588cab-b0e1-485d-a684-3046d3603466 req-b7588cab-b0e1-485d-a684-3046d3603466 ] Request (SecurityGroupRulesTestJSON:_run_cleanups): 202 DELETE http://10.180.1.21/compute/v2.1/os-security-group-rules/c982366b-b6b5-46c6-a690-030a018824d5 5.523s
2025-12-12 06:01:39.573 67345 INFO tempest.lib.common.rest_client [req-c5319d51-8f5b-48d9-b420-3df897550235 req-c5319d51-8f5b-48d9-b420-3df897550235 ] Request (DeleteServersTestJSON:setUpClass): 200 GET http://10.180.1.21/identity/v3/roles 0.029s
2025-12-12 06:01:39.599 67345 INFO tempest.lib.common.rest_client [req-27926cee-9105-4a80-a4ab-7ef3d2d7d906 req-27926cee-9105-4a80-a4ab-7ef3d2d7d906 ] Request (DeleteServersTestJSON:setUpClass): 204 PUT http://10.180.1.21/identity/v3/projects/204bf9c9495c4a87b0641d5c069aee73/users/20edde3b366d456d9770d270550a591f/roles/81a0e2682e5543dd94d9c54f7883f34a 0.025s
2025-12-12 06:01:39.599 67345 INFO tempest.lib.common.dynamic_creds [-] Dynamic test user 20edde3b366d456d9770d270550a591f is created with scope project and roles: ['member']
2025-12-12 06:01:39.599 67345 INFO tempest.lib.common.dynamic_creds [-] Acquired dynamic creds: credentials: Credentials: {'domain_id': 'default', 'domain_name': 'Default', 'username': 'tempest-DeleteServersTestJSON-2056371712-project-member', 'project_domain_id': 'default', 'project_domain_name': 'Default', 'project_id': '204bf9c9495c4a87b0641d5c069aee73', 'project_name': 'tempest-DeleteServersTestJSON-2056371712', 'tenant_id': '204bf9c9495c4a87b0641d5c069aee73', 'tenant_name': 'tempest-DeleteServersTestJSON-2056371712', 'user_domain_id': 'default', 'user_domain_name': 'Default', 'user_id': '20edde3b366d456d9770d270550a591f', 'system': None}, Network: None, Subnet: None, Router: None
2025-12-12 06:01:39.664 67345 INFO tempest.lib.common.rest_client [req-d8394f60-f9f0-4afb-bb5c-13c29f3d026c req-d8394f60-f9f0-4afb-bb5c-13c29f3d026c ] Request (DeleteServersTestJSON:setUpClass): 201 POST http://10.180.1.21/identity/v3/auth/tokens 0.064s
2025-12-12 06:01:39.677 67297 INFO tempest.lib.common.rest_client [req-1d2a08d6-d02a-42a6-ac98-2f5e6a5ba9b5 req-1d2a08d6-d02a-42a6-ac98-2f5e6a5ba9b5 ] Request (ListServerFiltersTestJSON:setUpClass): 202 POST http://10.180.1.21/compute/v2.1/servers 6.299s
2025-12-12 06:01:39.714 67329 INFO tempest.lib.common.rest_client [req-7168fbea-2bdb-4c42-a187-7a3a14e3999b req-7168fbea-2bdb-4c42-a187-7a3a14e3999b ] Request (InstanceActionsTestJSON:test_get_instance_action): 200 GET http://10.180.1.21/compute/v2.1/servers/9cce079c-6e03-4cd8-ae00-6d7078f1f28f/os-instance-actions/req-a5aac4f8-ca2c-427e-ad9a-6bda6df81f8c 5.606s
2025-12-12 06:01:39.739 67309 INFO tempest.lib.common.rest_client [req-24695f12-b16c-4e5a-a98f-3a255773e206 req-24695f12-b16c-4e5a-a98f-3a255773e206 ] Request (ImagesMetadataNegativeTestJSON:test_get_nonexistent_image_metadata_item): 404 GET http://10.180.1.21/compute/v2.1/images/a2a8ed0d-e10e-4113-8996-32a647f4e592/metadata/os_version 5.509s
2025-12-12 06:01:39.745 67297 INFO tempest.lib.common.rest_client [req-ffc9d3e4-2889-47c0-b5d3-7db742a0b404 req-ffc9d3e4-2889-47c0-b5d3-7db742a0b404 ] Request (ListServerFiltersTestJSON:setUpClass): 201 POST http://10.180.1.21/identity/v3/auth/tokens 0.064s
2025-12-12 06:01:39.746 67297 INFO tempest.lib.common.fixed_network [-] (ListServerFiltersTestJSON:setUpClass) Found network {'id': '7d3a9316-b25d-414c-b947-242af48f4fb0', 'name': 'tempest-ListServerFiltersTestJSON-1051305222-network', 'tenant_id': 'bd7c6600165244a69574c49c231f6301', 'project_id': 'bd7c6600165244a69574c49c231f6301', 'admin_state_up': True, 'mtu': 8950, 'status': 'ACTIVE', 'subnets': [], 'shared': False, 'port_security_enabled': True, 'router:external': False, 'provider:network_type': 'vlan', 'provider:physical_network': 'default', 'provider:segmentation_id': 190, 'availability_zone_hints': [], 'availability_zones': [], 'ipv4_address_scope': None, 'ipv6_address_scope': None, 'description': '', 'tags': [], 'created_at': '2025-12-12T06:01:23Z', 'updated_at': '2025-12-12T06:01:23Z', 'revision_number': 1} available for tenant
2025-12-12 06:01:39.882 67349 INFO tempest.lib.common.rest_client [req-6983cc0c-82d3-4c36-b64d-997b89029609 req-6983cc0c-82d3-4c36-b64d-997b89029609 ] Request (VolumesAdminNegativeTest:tearDownClass): 204 DELETE http://10.180.1.21/networking/v2.0/networks/18354230-22dd-4f78-b505-6b7205e06b7a 0.397s
2025-12-12 06:01:39.971 67349 INFO tempest.lib.common.rest_client [req-45978034-ad3d-4f88-b65a-99854caa079b req-45978034-ad3d-4f88-b65a-99854caa079b ] Request (VolumesAdminNegativeTest:tearDownClass): 204 DELETE http://10.180.1.21/identity/v3/users/44f951b3711c4029b1fddd78832f369d 0.088s
2025-12-12 06:01:40.095 67349 INFO tempest.lib.common.rest_client [req-1e36e0d4-da41-4a9b-ba20-62ce72685e14 req-1e36e0d4-da41-4a9b-ba20-62ce72685e14 ] Request (VolumesAdminNegativeTest:tearDownClass): 204 DELETE http://10.180.1.21/identity/v3/users/751245755d8d40c0938afa8aa4a1e3fe 0.124s
2025-12-12 06:01:40.296 67349 INFO tempest.lib.common.rest_client [req-c6cb4302-aa59-4655-893f-b169d60b8986 req-c6cb4302-aa59-4655-893f-b169d60b8986 ] Request (VolumesAdminNegativeTest:tearDownClass): 204 DELETE http://10.180.1.21/identity/v3/users/24e705a8873543bbafac13b6c7957a73 0.201s
2025-12-12 06:01:40.297 67349 INFO tempest.lib.common.dynamic_creds [-] Deleting project and security group for project: 97f2f47b16674ed18a116a94753eca65
2025-12-12 06:01:40.443 67345 INFO tempest.lib.common.rest_client [req-cf50d04e-1374-497b-b3bb-05c2219bd1b3 req-cf50d04e-1374-497b-b3bb-05c2219bd1b3 ] Request (DeleteServersTestJSON:setUpClass): 201 POST http://10.180.1.21/networking/v2.0/networks 0.777s
2025-12-12 06:01:40.465 67327 INFO tempest.lib.common.rest_client [req-e6fc048c-5abc-4554-a743-6651d9b6d4e4 req-e6fc048c-5abc-4554-a743-6651d9b6d4e4 ] Request (MigrationsAdminTest:test_list_migrations_in_flavor_resize_situation): 200 GET http://10.180.1.21/compute/v2.1/servers/afbb3780-6e90-4833-be3a-461cccbdd906 6.425s
2025-12-12 06:01:40.472 67327 INFO tempest.common.waiters [-] State transition "RESIZE/resize_finish" ==> "VERIFY_RESIZE/None" after 34 second wait
2025-12-12 06:01:40.489 67349 INFO tempest.lib.common.rest_client [req-686ca6ae-5227-48f6-a5db-fa4c1ad650d4 req-686ca6ae-5227-48f6-a5db-fa4c1ad650d4 ] Request (VolumesAdminNegativeTest:tearDownClass): 200 GET http://10.180.1.21/networking/v2.0/security-groups?tenant_id=97f2f47b16674ed18a116a94753eca65&name=default 0.192s
2025-12-12 06:01:40.518 67311 INFO tempest.lib.common.rest_client [req-9e32374f-bc12-4d3f-8cd3-d8c7ebbec692 req-9e32374f-bc12-4d3f-8cd3-d8c7ebbec692 ] Request (ServersAdminNegativeTestJSON:test_migrate_server_invalid_state): 200 GET http://10.180.1.21/compute/v2.1/servers/d77333ae-7a45-4b04-975a-ed42684d34c1 5.719s
2025-12-12 06:01:40.543 67339 WARNING tempest.lib.common.ssh [-] Failed to establish authenticated ssh connection to cirros@10.180.180.243 ([Errno None] Unable to connect to port 22 on 10.180.180.243). Number attempts: 2. Retry after 3 seconds.: paramiko.ssh_exception.NoValidConnectionsError: [Errno None] Unable to connect to port 22 on 10.180.180.243
2025-12-12 06:01:40.631 67349 INFO tempest.lib.common.rest_client [req-0bc172bf-1fe6-4cf7-831c-76fc4f900723 req-0bc172bf-1fe6-4cf7-831c-76fc4f900723 ] Request (VolumesAdminNegativeTest:tearDownClass): 204 DELETE http://10.180.1.21/networking/v2.0/security-groups/d28b333f-b594-45cf-a01d-414828a4bfda 0.141s
2025-12-12 06:01:40.665 67345 INFO tempest.lib.common.rest_client [req-d90c6843-c4ef-4c5f-9e09-925edeb1a665 req-d90c6843-c4ef-4c5f-9e09-925edeb1a665 ] Request (DeleteServersTestJSON:setUpClass): 201 POST http://10.180.1.21/networking/v2.0/subnets 0.222s
2025-12-12 06:01:40.725 67343 INFO tempest.lib.common.rest_client [req-3d928807-0cb6-415a-a45b-c58109b46a06 req-3d928807-0cb6-415a-a45b-c58109b46a06 ] Request (ServerExternalEventsTest:test_create_server_external_events): 200 GET http://10.180.1.21/compute/v2.1/servers/dce36235-165e-42fd-bd0c-bb3cedb9e049 5.827s
2025-12-12 06:01:40.739 67343 INFO tempest.common.waiters [-] State transition "BUILD/None" ==> "BUILD/networking" after 14 second wait
2025-12-12 06:01:40.769 67347 INFO tempest.lib.common.rest_client [req-ebade0f2-b196-4c29-86b9-4633db776dc6 req-ebade0f2-b196-4c29-86b9-4633db776dc6 ] Request (ServerAddressesNegativeTestJSON:setUpClass): 200 GET http://10.180.1.21/compute/v2.1/servers/a1974fd9-118a-455f-a9a7-e727070d8286 5.934s
2025-12-12 06:01:40.779 67349 INFO tempest.lib.common.rest_client [req-fa338d1a-c5ac-48c3-9955-eacaf49d1761 req-fa338d1a-c5ac-48c3-9955-eacaf49d1761 ] Request (VolumesAdminNegativeTest:tearDownClass): 204 DELETE http://10.180.1.21/identity/v3/projects/97f2f47b16674ed18a116a94753eca65 0.147s
2025-12-12 06:01:40.779 67349 INFO tempest.lib.common.dynamic_creds [-] Deleting project and security group for project: 8fb997781c544c9886624d2e35b36f46
2025-12-12 06:01:40.927 67361 INFO tempest.lib.common.rest_client [req-6ca587d3-d412-4d6c-a387-fb190e0b4c59 req-6ca587d3-d412-4d6c-a387-fb190e0b4c59 ] Request (TenantUsagesTestJSON:test_get_usage_tenant): 200 GET http://10.180.1.21/compute/v2.1/os-simple-tenant-usage/e2a6042806e7490e9b6e10291675f3cd?start=2025-12-11T06%3A01%3A35.280312&end=2025-12-13T06%3A01%3A35.280312 5.646s
2025-12-12 06:01:41.211 67349 INFO tempest.lib.common.rest_client [req-1d2a666f-f590-4f45-9c90-c0496f5a6c2b req-1d2a666f-f590-4f45-9c90-c0496f5a6c2b ] Request (VolumesAdminNegativeTest:tearDownClass): 200 GET http://10.180.1.21/networking/v2.0/security-groups?tenant_id=8fb997781c544c9886624d2e35b36f46&name=default 0.428s
2025-12-12 06:01:41.234 67301 INFO tempest.lib.common.rest_client [req-52bc98b9-e4bb-42b3-a295-df260c193507 req-52bc98b9-e4bb-42b3-a295-df260c193507 ] Request (ServerRescueNegativeTestJSON:setUpClass): 200 GET http://10.180.1.21/compute/v2.1/servers/e5854318-ec73-4bdc-bfd0-06eae5ebd31b 5.917s
2025-12-12 06:01:41.321 67301 INFO tempest.lib.common.rest_client [req-bcf259d5-c4b8-44ce-b7eb-9852c017bfe8 req-bcf259d5-c4b8-44ce-b7eb-9852c017bfe8 ] Request (ServerRescueNegativeTestJSON:setUpClass): 201 POST http://10.180.1.21/identity/v3/auth/tokens 0.076s
2025-12-12 06:01:41.322 67301 INFO tempest.lib.common.fixed_network [-] (ServerRescueNegativeTestJSON:setUpClass) Found network {'id': '80421849-b4b7-4e8a-8f1d-d0c4a7176cd0', 'name': 'tempest-ServerRescueNegativeTestJSON-1719210130-network', 'tenant_id': '184714f003324c84911ce46146cd5226', 'project_id': '184714f003324c84911ce46146cd5226', 'admin_state_up': True, 'mtu': 8950, 'status': 'ACTIVE', 'subnets': [], 'shared': False, 'port_security_enabled': True, 'router:external': False, 'provider:network_type': 'vlan', 'provider:physical_network': 'default', 'provider:segmentation_id': 819, 'availability_zone_hints': [], 'availability_zones': [], 'ipv4_address_scope': None, 'ipv6_address_scope': None, 'description': '', 'tags': [], 'created_at': '2025-12-12T06:01:26Z', 'updated_at': '2025-12-12T06:01:26Z', 'revision_number': 1} available for tenant
2025-12-12 06:01:41.419 67313 WARNING tempest.lib.common.ssh [-] Failed to establish authenticated ssh connection to cirros@10.180.180.164 ([Errno None] Unable to connect to port 22 on 10.180.180.164). Number attempts: 4. Retry after 5 seconds.: paramiko.ssh_exception.NoValidConnectionsError: [Errno None] Unable to connect to port 22 on 10.180.180.164
2025-12-12 06:01:41.460 67345 INFO tempest.lib.common.rest_client [req-57a97d84-7a95-4566-8c3d-6468a7219f90 req-57a97d84-7a95-4566-8c3d-6468a7219f90 ] Request (DeleteServersTestJSON:setUpClass): 201 POST http://10.180.1.21/networking/v2.0/routers 0.794s
2025-12-12 06:01:41.558 67349 INFO tempest.lib.common.rest_client [req-2f3c2b30-4be0-44bb-b644-093f8442d517 req-2f3c2b30-4be0-44bb-b644-093f8442d517 ] Request (VolumesAdminNegativeTest:tearDownClass): 204 DELETE http://10.180.1.21/networking/v2.0/security-groups/e067b8e3-cc86-4ecb-9cbf-25fc0fff5179 0.347s
2025-12-12 06:01:41.705 67349 INFO tempest.lib.common.rest_client [req-74f1f94a-7716-4a5f-9bdb-caa75533ae2c req-74f1f94a-7716-4a5f-9bdb-caa75533ae2c ] Request (VolumesAdminNegativeTest:tearDownClass): 204 DELETE http://10.180.1.21/identity/v3/projects/8fb997781c544c9886624d2e35b36f46 0.146s
2025-12-12 06:01:41.705 67349 INFO tempest.lib.common.dynamic_creds [-] Deleting project and security group for project: fc7eb4b0c19f4d24800156c32f8ffce7
2025-12-12 06:01:41.709 67303 INFO tempest.lib.common.rest_client [req-68067909-5581-4953-b66f-6927023c2810 req-68067909-5581-4953-b66f-6927023c2810 ] Request (ServerRescueTestJSON:setUpClass): 200 GET http://10.180.1.21/compute/v2.1/servers/1d8c8604-29fb-4d09-9580-fbdb67dc2fd7 6.074s
2025-12-12 06:01:41.717 67303 INFO tempest.common.waiters [-] State transition "ACTIVE/rescuing" ==> "RESCUE/None" after 13 second wait
2025-12-12 06:01:41.800 67303 INFO tempest.lib.common.rest_client [req-6f0cd0ac-3641-477a-a95f-817cae2a6125 req-6f0cd0ac-3641-477a-a95f-817cae2a6125 ] Request (ServerRescueTestJSON:test_rescue_unrescue_instance): 201 POST http://10.180.1.21/identity/v3/auth/tokens 0.079s
2025-12-12 06:01:41.800 67303 INFO tempest.lib.common.fixed_network [-] (ServerRescueTestJSON:test_rescue_unrescue_instance) Found network {'id': '902fd4a1-fab8-424e-b929-0f2eab186ea3', 'name': 'tempest-ServerRescueTestJSON-1131841788-network', 'tenant_id': 'bf015255b6c94eccbae84552ff7a8b17', 'project_id': 'bf015255b6c94eccbae84552ff7a8b17', 'admin_state_up': True, 'mtu': 8950, 'status': 'ACTIVE', 'subnets': [], 'shared': False, 'port_security_enabled': True, 'router:external': False, 'provider:network_type': 'vlan', 'provider:physical_network': 'default', 'provider:segmentation_id': 539, 'availability_zone_hints': [], 'availability_zones': [], 'ipv4_address_scope': None, 'ipv6_address_scope': None, 'description': '', 'tags': [], 'created_at': '2025-12-12T06:00:53Z', 'updated_at': '2025-12-12T06:00:53Z', 'revision_number': 1} available for tenant
2025-12-12 06:01:41.849 67341 INFO tempest.lib.common.rest_client [req-c0f51193-d6b9-4339-a9b4-76ba4693662b req-c0f51193-d6b9-4339-a9b4-76ba4693662b ] Request (ServicesAdminNegativeTestJSON:test_get_service_by_invalid_params): 200 GET http://10.180.1.21/compute/v2.1/os-services 5.777s
2025-12-12 06:01:42.563 67345 INFO tempest.lib.common.rest_client [req-6839b54c-668e-402f-866d-78e7ec210a8b req-6839b54c-668e-402f-866d-78e7ec210a8b ] Request (DeleteServersTestJSON:setUpClass): 200 PUT http://10.180.1.21/networking/v2.0/routers/79dc76dc-9d18-41ce-8a51-91b1d547865c/add_router_interface 1.103s
2025-12-12 06:01:42.563 67345 INFO tempest.lib.common.dynamic_creds [-] Created isolated network resources for: credentials: Credentials: {'domain_id': 'default', 'domain_name': 'Default', 'username': 'tempest-DeleteServersTestJSON-2056371712-project-member', 'project_domain_id': 'default', 'project_domain_name': 'Default', 'project_id': '204bf9c9495c4a87b0641d5c069aee73', 'project_name': 'tempest-DeleteServersTestJSON-2056371712', 'tenant_id': '204bf9c9495c4a87b0641d5c069aee73', 'tenant_name': 'tempest-DeleteServersTestJSON-2056371712', 'user_domain_id': 'default', 'user_domain_name': 'Default', 'user_id': '20edde3b366d456d9770d270550a591f', 'system': None}, Network: {'id': '0cd6914e-cbdc-48ea-86cf-89e1d81ff663', 'name': 'tempest-DeleteServersTestJSON-385576264-network', 'tenant_id': '204bf9c9495c4a87b0641d5c069aee73', 'project_id': '204bf9c9495c4a87b0641d5c069aee73', 'admin_state_up': True, 'mtu': 8950, 'status': 'ACTIVE', 'subnets': [], 'shared': False, 'port_security_enabled': True, 'router:external': False, 'provider:network_type': 'vlan', 'provider:physical_network': 'default', 'provider:segmentation_id': 680, 'availability_zone_hints': [], 'availability_zones': [], 'ipv4_address_scope': None, 'ipv6_address_scope': None, 'description': '', 'tags': [], 'created_at': '2025-12-12T06:01:40Z', 'updated_at': '2025-12-12T06:01:40Z', 'revision_number': 1}, Subnet: {'id': '9b41ae14-2b02-4c08-aafb-5ed70190ef54', 'name': 'tempest-DeleteServersTestJSON-385576264-subnet', 'tenant_id': '204bf9c9495c4a87b0641d5c069aee73', 'network_id': '0cd6914e-cbdc-48ea-86cf-89e1d81ff663', 'ip_version': 4, 'subnetpool_id': None, 'enable_dhcp': True, 'ipv6_ra_mode': None, 'ipv6_address_mode': None, 'gateway_ip': '192.168.128.1', 'cidr': '192.168.128.0/28', 'allocation_pools': [{'start': '192.168.128.2', 'end': '192.168.128.14'}], 'host_routes': [], 'dns_nameservers': [], 'description': '', 'router:external': False, 'service_types': [], 'tags': [], 'created_at': '2025-12-12T06:01:40Z', 'updated_at': '2025-12-12T06:01:40Z', 'revision_number': 0, 'project_id': '204bf9c9495c4a87b0641d5c069aee73'}, Router: {'id': '79dc76dc-9d18-41ce-8a51-91b1d547865c', 'name': 'tempest-DeleteServersTestJSON-385576264-router', 'tenant_id': '204bf9c9495c4a87b0641d5c069aee73', 'admin_state_up': True, 'status': 'ACTIVE', 'external_gateway_info': {'network_id': '66d44852-8b37-4eb8-a0cc-879572abb31b', 'external_fixed_ips': [{'subnet_id': '7c540691-b3e6-447a-9e05-9b876479cfbb', 'ip_address': '10.180.180.219'}], 'enable_snat': True}, 'description': '', 'availability_zones': [], 'distributed': False, 'ha': False, 'availability_zone_hints': [], 'routes': [], 'flavor_id': None, 'tags': [], 'created_at': '2025-12-12T06:01:40Z', 'updated_at': '2025-12-12T06:01:41Z', 'revision_number': 2, 'project_id': '204bf9c9495c4a87b0641d5c069aee73'}
2025-12-12 06:01:42.615 67315 INFO tempest.lib.common.rest_client [req-8554ff9a-df45-497d-aa12-8100925b1e3d req-8554ff9a-df45-497d-aa12-8100925b1e3d ] Request (MultipleCreateTestJSON:test_multiple_create): 200 GET http://10.180.1.21/compute/v2.1/servers/04fc4923-e7e5-4e8b-aabd-1c1bf853a083 6.688s
2025-12-12 06:01:42.622 67315 INFO tempest.common.waiters [-] State transition "BUILD/None" ==> "BUILD/spawning" after 13 second wait
2025-12-12 06:01:42.632 67349 INFO tempest.lib.common.rest_client [req-81e14bc2-0f3c-4bea-9702-6e270e4e36ed req-81e14bc2-0f3c-4bea-9702-6e270e4e36ed ] Request (VolumesAdminNegativeTest:tearDownClass): 200 GET http://10.180.1.21/networking/v2.0/security-groups?tenant_id=fc7eb4b0c19f4d24800156c32f8ffce7&name=default 0.926s
2025-12-12 06:01:42.660 67345 INFO tempest.lib.common.rest_client [req-75b8d95f-c481-416b-8fbb-66f73c9124e2 req-75b8d95f-c481-416b-8fbb-66f73c9124e2 ] Request (DeleteServersTestJSON:setUpClass): 201 POST http://10.180.1.21/identity/v3/auth/tokens 0.093s
2025-12-12 06:01:42.696 67345 INFO tempest.lib.common.rest_client [req-9b54ff41-efc5-4534-932f-323b43fcec2b req-9b54ff41-efc5-4534-932f-323b43fcec2b ] Request (DeleteServersTestJSON:test_delete_active_server): 201 POST http://10.180.1.21/identity/v3/auth/tokens 0.031s
2025-12-12 06:01:42.696 67345 INFO tempest.lib.common.fixed_network [-] (DeleteServersTestJSON:test_delete_active_server) Found network {'id': '0cd6914e-cbdc-48ea-86cf-89e1d81ff663', 'name': 'tempest-DeleteServersTestJSON-385576264-network', 'tenant_id': '204bf9c9495c4a87b0641d5c069aee73', 'project_id': '204bf9c9495c4a87b0641d5c069aee73', 'admin_state_up': True, 'mtu': 8950, 'status': 'ACTIVE', 'subnets': [], 'shared': False, 'port_security_enabled': True, 'router:external': False, 'provider:network_type': 'vlan', 'provider:physical_network': 'default', 'provider:segmentation_id': 680, 'availability_zone_hints': [], 'availability_zones': [], 'ipv4_address_scope': None, 'ipv6_address_scope': None, 'description': '', 'tags': [], 'created_at': '2025-12-12T06:01:40Z', 'updated_at': '2025-12-12T06:01:40Z', 'revision_number': 1} available for tenant
2025-12-12 06:01:42.833 67349 INFO tempest.lib.common.rest_client [req-dfb5e927-7a56-4e1d-816d-6a91614fcac7 req-dfb5e927-7a56-4e1d-816d-6a91614fcac7 ] Request (VolumesAdminNegativeTest:tearDownClass): 204 DELETE http://10.180.1.21/networking/v2.0/security-groups/b71488df-16ce-4acf-bceb-b6d7d3afe67f 0.200s
2025-12-12 06:01:42.856 67305 INFO tempest.lib.common.rest_client [req-e2be1c58-a94e-4224-97c3-3bca6964546f req-e2be1c58-a94e-4224-97c3-3bca6964546f ] Request (FloatingIPsAssociationNegativeTestJSON:setUpClass): 200 GET http://10.180.1.21/compute/v2.1/servers/70cbc4d9-6473-4f49-a1a0-01d81d84d1f4 5.512s
2025-12-12 06:01:42.883 67359 INFO tempest.lib.common.rest_client [req-2857ac4a-9baf-40f3-aaa4-a962a57c5a66 req-2857ac4a-9baf-40f3-aaa4-a962a57c5a66 ] Request (FlavorsExtraSpecsTestJSON:tearDownClass): 200 GET http://10.180.1.21/compute/v2.1/flavors/detail 5.524s
2025-12-12 06:01:42.888 67299 INFO tempest.lib.common.rest_client [req-53fd894e-f61b-43b4-94dc-5ec1c6a6bd9e req-53fd894e-f61b-43b4-94dc-5ec1c6a6bd9e ] Request (ServerMetadataTestJSON:setUpClass): 200 GET http://10.180.1.21/compute/v2.1/servers/a5710675-caa8-48fc-affa-9ae141916ca9 6.237s
2025-12-12 06:01:42.906 67331 INFO tempest.lib.common.rest_client [req-865f1549-c73b-4600-8b72-ed0ba38c6e6a req-865f1549-c73b-4600-8b72-ed0ba38c6e6a ] Request (KeyPairsV22TestJSON:test_keypairsv22_create_list_show): 200 GET http://10.180.1.21/compute/v2.1/os-keypairs/tempest-keypair-891273162 5.513s
2025-12-12 06:01:42.909 67299 INFO tempest.common.waiters [-] State transition "BUILD/spawning" ==> "ACTIVE/None" after 24 second wait
2025-12-12 06:01:42.955 67349 INFO tempest.lib.common.rest_client [req-c5966d37-b105-4aee-9567-a91422db6046 req-c5966d37-b105-4aee-9567-a91422db6046 ] Request (VolumesAdminNegativeTest:tearDownClass): 204 DELETE http://10.180.1.21/identity/v3/projects/fc7eb4b0c19f4d24800156c32f8ffce7 0.122s
2025-12-12 06:01:42.960 67319 INFO tempest.lib.common.rest_client [req-2f1e3cb8-50c3-4a0b-8922-63652b139043 req-2f1e3cb8-50c3-4a0b-8922-63652b139043 ] Request (VolumesTestJSON:test_volume_list_param_limit): 200 GET http://10.180.1.21/compute/v2.1/os-volumes?limit=2 5.491s
2025-12-12 06:01:42.979 67337 INFO tempest.lib.common.rest_client [req-29750cc4-18ff-41f1-890b-a5e76c99422b req-29750cc4-18ff-41f1-890b-a5e76c99422b ] Request (ImagesNegativeTestJSON:test_create_image_from_deleted_server): 200 GET http://10.180.1.21/compute/v2.1/servers/346ef92d-6550-47c8-9a03-5ccec417306e 5.298s
2025-12-12 06:01:43.010 67359 INFO tempest.lib.common.rest_client [req-ca6d7d3a-bce0-4b65-957d-0c44ccf6b66c req-ca6d7d3a-bce0-4b65-957d-0c44ccf6b66c ] Request (FlavorsExtraSpecsTestJSON:tearDownClass): 204 DELETE http://10.180.1.21/identity/v3/users/31d387bd9cef4048a835ac40fde56e0f 0.115s
2025-12-12 06:01:43.013 67317 INFO tempest.lib.common.rest_client [req-85e1537c-6dbf-49a1-ba8c-59b8ed48af15 req-85e1537c-6dbf-49a1-ba8c-59b8ed48af15 ] Request (FlavorsV261TestJSON:_run_cleanups): 200 GET http://10.180.1.21/compute/v2.1/flavors/detail 5.111s
2025-12-12 06:01:43.014 67325 INFO tempest.lib.common.rest_client [req-2095c804-d0ae-4b0e-aad8-342de8980d81 req-2095c804-d0ae-4b0e-aad8-342de8980d81 ] Request (AggregatesAdminNegativeTestJSON:test_aggregate_delete_as_user): 403 DELETE http://10.180.1.21/compute/v2.1/os-aggregates/5 4.969s
2025-12-12 06:01:43.036 67333 INFO tempest.lib.common.rest_client [req-3c162592-dd92-4ee0-9144-e811bc359ef7 req-3c162592-dd92-4ee0-9144-e811bc359ef7 ] Request (ServerGroupTestJSON:test_create_delete_multiple_server_groups_with_same_name_policy): 200 GET http://10.180.1.21/compute/v2.1/os-server-groups 4.876s
2025-12-12 06:01:43.050 67349 INFO tempest.lib.common.rest_client [req-4a03a471-22bb-4ac5-9c13-2c5c6f627557 req-4a03a471-22bb-4ac5-9c13-2c5c6f627557 ] Request (AttachInterfacesUnderV243Test:setUpClass): 201 POST http://10.180.1.21/identity/v3/auth/tokens 0.093s
2025-12-12 06:01:43.068 67335 INFO tempest.lib.common.rest_client [req-53536be2-20a3-4bfe-8f1f-172dd57e2da1 req-53536be2-20a3-4bfe-8f1f-172dd57e2da1 ] Request (FlavorsV2TestJSON:test_list_flavors_filter_by_min_disk): 200 GET http://10.180.1.21/compute/v2.1/flavors?minDisk=2 4.885s
2025-12-12 06:01:43.081 67307 INFO tempest.lib.common.rest_client [req-a3b34633-bf1f-4384-88b4-14db88339e0a req-a3b34633-bf1f-4384-88b4-14db88339e0a ] Request (QuotasAdminNegativeTest:test_update_quota_normal_user): 403 PUT http://10.180.1.21/compute/v2.1/os-quota-sets/dd2e8e1a8d2949ab8b4a8e7d21122382 4.688s
2025-12-12 06:01:43.093 67323 INFO tempest.lib.common.rest_client [req-0cde7924-57c8-4dfb-b562-1ee4eba959fc req-0cde7924-57c8-4dfb-b562-1ee4eba959fc ] Request (DeleteServersAdminTestJSON:test_delete_server_while_in_error_state): 204 DELETE http://10.180.1.21/compute/v2.1/servers/2d17dd69-1e63-40d4-a154-33b0c20a2c89 5.207s
2025-12-12 06:01:43.187 67329 INFO tempest.lib.common.rest_client [req-7a7723be-fce4-48bf-9130-a98edd3d8dce req-7a7723be-fce4-48bf-9130-a98edd3d8dce ] Request (InstanceActionsTestJSON:test_list_instance_actions): 202 POST http://10.180.1.21/compute/v2.1/servers/9cce079c-6e03-4cd8-ae00-6d7078f1f28f/action 3.469s
2025-12-12 06:01:43.217 67359 INFO tempest.lib.common.rest_client [req-7c52986f-29de-4158-b9d7-3a4e0ae36c05 req-7c52986f-29de-4158-b9d7-3a4e0ae36c05 ] Request (FlavorsExtraSpecsTestJSON:tearDownClass): 204 DELETE http://10.180.1.21/identity/v3/users/3be993eda0924587a28ce8399a7289fc 0.206s
2025-12-12 06:01:43.218 67359 INFO tempest.lib.common.dynamic_creds [-] Deleting project and security group for project: dbc05040ba2f4e0095ec23b25e61f4d0
2025-12-12 06:01:43.220 67309 INFO tempest.lib.common.rest_client [req-d0f52bca-7e01-4a06-a533-b58282b98e69 req-d0f52bca-7e01-4a06-a533-b58282b98e69 ] Request (ImagesMetadataNegativeTestJSON:test_list_nonexistent_image_metadata): 404 GET http://10.180.1.21/compute/v2.1/images/ba4dbfc8-b8b6-4f6e-8775-081f3c5db946/metadata 3.479s
2025-12-12 06:01:43.235 67317 INFO tempest.lib.common.rest_client [req-c9d2bf47-acff-4953-a4eb-dadb918530a7 req-c9d2bf47-acff-4953-a4eb-dadb918530a7 ] Request (FlavorsV261TestJSON:tearDownClass): 204 DELETE http://10.180.1.21/identity/v3/users/ade6b506d93e41ba8ab9e28204a2f22b 0.210s
2025-12-12 06:01:43.301 67349 INFO tempest.lib.common.rest_client [req-3f4952e7-5b1f-484d-9308-573a704b8ec5 req-3f4952e7-5b1f-484d-9308-573a704b8ec5 ] Request (AttachInterfacesUnderV243Test:setUpClass): 201 POST http://10.180.1.21/identity/v3/auth/tokens 0.248s
2025-12-12 06:01:43.364 67307 INFO tempest.lib.common.rest_client [req-f26afc03-c727-45c9-83f3-c753d33c30f2 req-f26afc03-c727-45c9-83f3-c753d33c30f2 ] Request (QuotasAdminNegativeTest:tearDownClass): 204 DELETE http://10.180.1.21/identity/v3/users/47f23b325512486c8e9e8618058a256d 0.279s
2025-12-12 06:01:43.372 67359 INFO tempest.lib.common.rest_client [req-329f4b33-91e3-48a8-8fa0-4f69f68f1316 req-329f4b33-91e3-48a8-8fa0-4f69f68f1316 ] Request (FlavorsExtraSpecsTestJSON:tearDownClass): 201 POST http://10.180.1.21/identity/v3/auth/tokens 0.153s
2025-12-12 06:01:43.372 67351 INFO tempest.lib.common.rest_client [req-491a3067-acb5-430b-8ff6-485c8e44b9bb req-491a3067-acb5-430b-8ff6-485c8e44b9bb ] Request (SecurityGroupRulesTestJSON:tearDownClass): 202 DELETE http://10.180.1.21/compute/v2.1/os-security-groups/d4b2b177-a3a2-4fd2-8aa1-8a2cbfd62ec7 3.818s
2025-12-12 06:01:43.444 67349 INFO tempest.lib.common.rest_client [req-c11c7a0e-077f-409e-9b43-8fdd2a3b44e2 req-c11c7a0e-077f-409e-9b43-8fdd2a3b44e2 ] Request (AttachInterfacesUnderV243Test:setUpClass): 200 GET http://10.180.1.21/identity/v3/domains?name=Default 0.143s
2025-12-12 06:01:43.465 67327 INFO tempest.lib.common.rest_client [req-d08c4062-7e2f-4b28-ba18-a4ebb53e4089 req-d08c4062-7e2f-4b28-ba18-a4ebb53e4089 ] Request (MigrationsAdminTest:test_list_migrations_in_flavor_resize_situation): 204 POST http://10.180.1.21/compute/v2.1/servers/afbb3780-6e90-4833-be3a-461cccbdd906/action 2.992s
2025-12-12 06:01:43.491 67317 INFO tempest.lib.common.rest_client [req-9f886424-20fb-4936-a285-2c54bd781e34 req-9f886424-20fb-4936-a285-2c54bd781e34 ] Request (FlavorsV261TestJSON:tearDownClass): 204 DELETE http://10.180.1.21/identity/v3/users/f160e95cb49b4993bb47eed896efdf55 0.254s
2025-12-12 06:01:43.491 67317 INFO tempest.lib.common.dynamic_creds [-] Deleting project and security group for project: c90f3e51661c43478fc6f102353ecad4
2025-12-12 06:01:43.509 67361 INFO tempest.lib.common.rest_client [req-47e06032-935f-41a0-b603-53dede556553 req-47e06032-935f-41a0-b603-53dede556553 ] Request (TenantUsagesTestJSON:test_get_usage_tenant_with_non_admin_user): 200 GET http://10.180.1.21/compute/v2.1/os-simple-tenant-usage/e2a6042806e7490e9b6e10291675f3cd?start=2025-12-11T06%3A01%3A35.280312&end=2025-12-13T06%3A01%3A35.280312 2.572s
2025-12-12 06:01:43.544 67307 INFO tempest.lib.common.rest_client [req-5d592136-f086-41f4-99e4-c37c722bc6bd req-5d592136-f086-41f4-99e4-c37c722bc6bd ] Request (QuotasAdminNegativeTest:tearDownClass): 204 DELETE http://10.180.1.21/identity/v3/users/f32c167ab88a4e7193e5728bc0f7872b 0.179s
2025-12-12 06:01:43.545 67307 INFO tempest.lib.common.dynamic_creds [-] Deleting project and security group for project: dd2e8e1a8d2949ab8b4a8e7d21122382
2025-12-12 06:01:43.637 67317 INFO tempest.lib.common.rest_client [req-f8efcb9e-9f46-48d8-b644-f59f197c59f7 req-f8efcb9e-9f46-48d8-b644-f59f197c59f7 ] Request (FlavorsV261TestJSON:tearDownClass): 201 POST http://10.180.1.21/identity/v3/auth/tokens 0.146s
2025-12-12 06:01:43.643 67349 INFO tempest.lib.common.rest_client [req-79a5afe6-c78e-4495-93bf-b6d858f9c569 req-79a5afe6-c78e-4495-93bf-b6d858f9c569 ] Request (AttachInterfacesUnderV243Test:setUpClass): 201 POST http://10.180.1.21/identity/v3/projects 0.198s
2025-12-12 06:01:43.710 67307 INFO tempest.lib.common.rest_client [req-852b65cc-0884-4c91-a9ad-4373517b3656 req-852b65cc-0884-4c91-a9ad-4373517b3656 ] Request (QuotasAdminNegativeTest:tearDownClass): 201 POST http://10.180.1.21/identity/v3/auth/tokens 0.165s
2025-12-12 06:01:43.748 67349 INFO tempest.lib.common.rest_client [req-48ab67ee-912b-4932-bf23-0cd618577c8c req-48ab67ee-912b-4932-bf23-0cd618577c8c ] Request (AttachInterfacesUnderV243Test:setUpClass): 201 POST http://10.180.1.21/identity/v3/users 0.104s
2025-12-12 06:01:43.772 67349 INFO tempest.lib.common.rest_client [req-a6e491e9-f196-4bec-97da-8713cff85bcd req-a6e491e9-f196-4bec-97da-8713cff85bcd ] Request (AttachInterfacesUnderV243Test:setUpClass): 200 GET http://10.180.1.21/identity/v3/roles 0.024s
2025-12-12 06:01:43.806 67349 INFO tempest.lib.common.rest_client [req-dea8b845-a4b8-42a0-bfdb-73fe40ccee40 req-dea8b845-a4b8-42a0-bfdb-73fe40ccee40 ] Request (AttachInterfacesUnderV243Test:setUpClass): 204 PUT http://10.180.1.21/identity/v3/projects/de6c50e308c44542afcae54b1d4602e3/users/7ed56d32cd1e4f3c8440a4cf9e17a9a9/roles/81a0e2682e5543dd94d9c54f7883f34a 0.034s
2025-12-12 06:01:43.806 67349 INFO tempest.lib.common.dynamic_creds [-] Dynamic test user 7ed56d32cd1e4f3c8440a4cf9e17a9a9 is created with scope project and roles: ['member']
2025-12-12 06:01:43.807 67349 INFO tempest.lib.common.dynamic_creds [-] Acquired dynamic creds: credentials: Credentials: {'domain_id': 'default', 'domain_name': 'Default', 'username': 'tempest-AttachInterfacesUnderV243Test-1140485502-project-member', 'project_domain_id': 'default', 'project_domain_name': 'Default', 'project_id': 'de6c50e308c44542afcae54b1d4602e3', 'project_name': 'tempest-AttachInterfacesUnderV243Test-1140485502', 'tenant_id': 'de6c50e308c44542afcae54b1d4602e3', 'tenant_name': 'tempest-AttachInterfacesUnderV243Test-1140485502', 'user_domain_id': 'default', 'user_domain_name': 'Default', 'user_id': '7ed56d32cd1e4f3c8440a4cf9e17a9a9', 'system': None}, Network: None, Subnet: None, Router: None
2025-12-12 06:01:43.876 67349 INFO tempest.lib.common.rest_client [req-bdd44a1d-5a94-4cb3-a640-18f83bc19a84 req-bdd44a1d-5a94-4cb3-a640-18f83bc19a84 ] Request (AttachInterfacesUnderV243Test:setUpClass): 201 POST http://10.180.1.21/identity/v3/auth/tokens 0.069s
2025-12-12 06:01:43.883 67359 INFO tempest.lib.common.rest_client [req-a45d6b95-f01f-42a8-853b-5209f9336cfc req-a45d6b95-f01f-42a8-853b-5209f9336cfc ] Request (FlavorsExtraSpecsTestJSON:tearDownClass): 200 GET http://10.180.1.21/networking/v2.0/security-groups?tenant_id=dbc05040ba2f4e0095ec23b25e61f4d0&name=default 0.511s
2025-12-12 06:01:44.048 67339 WARNING tempest.lib.common.ssh [-] Failed to establish authenticated ssh connection to cirros@10.180.180.243 ([Errno None] Unable to connect to port 22 on 10.180.180.243). Number attempts: 3. Retry after 4 seconds.: paramiko.ssh_exception.NoValidConnectionsError: [Errno None] Unable to connect to port 22 on 10.180.180.243
2025-12-12 06:01:44.159 67317 INFO tempest.lib.common.rest_client [req-f389cffb-c62b-435e-ac80-9b20f22064ff req-f389cffb-c62b-435e-ac80-9b20f22064ff ] Request (FlavorsV261TestJSON:tearDownClass): 200 GET http://10.180.1.21/networking/v2.0/security-groups?tenant_id=c90f3e51661c43478fc6f102353ecad4&name=default 0.521s
2025-12-12 06:01:44.347 67307 INFO tempest.lib.common.rest_client [req-ddbfc236-ebe3-41d8-ba20-c37c4dc8a013 req-ddbfc236-ebe3-41d8-ba20-c37c4dc8a013 ] Request (QuotasAdminNegativeTest:tearDownClass): 200 GET http://10.180.1.21/networking/v2.0/security-groups?tenant_id=dd2e8e1a8d2949ab8b4a8e7d21122382&name=default 0.636s
2025-12-12 06:01:44.618 67349 INFO tempest.lib.common.rest_client [req-a529350c-2235-4fa5-9085-7ef7babf3a39 req-a529350c-2235-4fa5-9085-7ef7babf3a39 ] Request (AttachInterfacesUnderV243Test:setUpClass): 201 POST http://10.180.1.21/networking/v2.0/networks 0.741s
2025-12-12 06:01:44.720 67359 INFO tempest.lib.common.rest_client [req-96a518f6-1481-4abe-8917-305fe31e5fc9 req-96a518f6-1481-4abe-8917-305fe31e5fc9 ] Request (FlavorsExtraSpecsTestJSON:tearDownClass): 204 DELETE http://10.180.1.21/networking/v2.0/security-groups/30e0c6be-3af2-48d8-bb6e-78e765061256 0.836s
2025-12-12 06:01:44.802 67359 INFO tempest.lib.common.rest_client [req-4341e280-affe-4a78-888c-ff12c1d4537f req-4341e280-affe-4a78-888c-ff12c1d4537f ] Request (FlavorsExtraSpecsTestJSON:tearDownClass): 204 DELETE http://10.180.1.21/identity/v3/projects/dbc05040ba2f4e0095ec23b25e61f4d0 0.082s
2025-12-12 06:01:44.802 67359 INFO tempest.lib.common.dynamic_creds [-] Deleting project and security group for project: bdb085a77e084a06ab5ce8efa6106277
2025-12-12 06:01:44.945 67317 INFO tempest.lib.common.rest_client [req-820239e4-fb96-44e9-b843-78e33c8f0a12 req-820239e4-fb96-44e9-b843-78e33c8f0a12 ] Request (FlavorsV261TestJSON:tearDownClass): 204 DELETE http://10.180.1.21/networking/v2.0/security-groups/0c903367-8b7e-4fe1-957d-fa0ed1f8ed46 0.786s
2025-12-12 06:01:45.032 67307 INFO tempest.lib.common.rest_client [req-48e368bf-bccf-4d61-b399-9a744331d8d7 req-48e368bf-bccf-4d61-b399-9a744331d8d7 ] Request (QuotasAdminNegativeTest:tearDownClass): 204 DELETE http://10.180.1.21/networking/v2.0/security-groups/b8a4fa7c-9eba-408a-b539-57962c510db9 0.685s
2025-12-12 06:01:45.081 67317 INFO tempest.lib.common.rest_client [req-c3a18fbc-a461-4a16-835d-db46ba06078f req-c3a18fbc-a461-4a16-835d-db46ba06078f ] Request (FlavorsV261TestJSON:tearDownClass): 204 DELETE http://10.180.1.21/identity/v3/projects/c90f3e51661c43478fc6f102353ecad4 0.135s
2025-12-12 06:01:45.081 67317 INFO tempest.lib.common.dynamic_creds [-] Deleting project and security group for project: 66eea0b9494e4e23b6ff0fbbd9f72a8a
2025-12-12 06:01:45.110 67307 INFO tempest.lib.common.rest_client [req-cc8411a3-8d88-44c9-98ca-0c494abc812d req-cc8411a3-8d88-44c9-98ca-0c494abc812d ] Request (QuotasAdminNegativeTest:tearDownClass): 204 DELETE http://10.180.1.21/identity/v3/projects/dd2e8e1a8d2949ab8b4a8e7d21122382 0.077s
2025-12-12 06:01:45.110 67307 INFO tempest.lib.common.dynamic_creds [-] Deleting project and security group for project: 89395a5500a34eccb5248337d70426eb
2025-12-12 06:01:45.306 67349 INFO tempest.lib.common.rest_client [req-54cef381-1363-4da7-9e16-56c920f32189 req-54cef381-1363-4da7-9e16-56c920f32189 ] Request (AttachInterfacesUnderV243Test:setUpClass): 201 POST http://10.180.1.21/networking/v2.0/subnets 0.688s
2025-12-12 06:01:45.464 67353 INFO paramiko.transport [-] Connected (version 2.0, client dropbear_2020.81)
2025-12-12 06:01:45.493 67359 INFO tempest.lib.common.rest_client [req-9ae00157-38ea-4a86-ba00-9ce750e2a3a8 req-9ae00157-38ea-4a86-ba00-9ce750e2a3a8 ] Request (FlavorsExtraSpecsTestJSON:tearDownClass): 200 GET http://10.180.1.21/networking/v2.0/security-groups?tenant_id=bdb085a77e084a06ab5ce8efa6106277&name=default 0.690s
2025-12-12 06:01:45.532 67353 INFO paramiko.transport [-] Authentication (publickey) successful!
2025-12-12 06:01:45.533 67353 INFO tempest.lib.common.ssh [-] ssh connection to cirros@10.180.180.239 successfully created
2025-12-12 06:01:45.583 67317 INFO tempest.lib.common.rest_client [req-985dbf6b-7fa3-4ade-a21f-c1fce4c7870a req-985dbf6b-7fa3-4ade-a21f-c1fce4c7870a ] Request (FlavorsV261TestJSON:tearDownClass): 200 GET http://10.180.1.21/networking/v2.0/security-groups?tenant_id=66eea0b9494e4e23b6ff0fbbd9f72a8a&name=default 0.502s
2025-12-12 06:01:45.599 67307 INFO tempest.lib.common.rest_client [req-a18efbad-1514-40a6-9aec-3a154d878944 req-a18efbad-1514-40a6-9aec-3a154d878944 ] Request (QuotasAdminNegativeTest:tearDownClass): 200 GET http://10.180.1.21/networking/v2.0/security-groups?tenant_id=89395a5500a34eccb5248337d70426eb&name=default 0.488s
2025-12-12 06:01:45.776 67297 INFO tempest.lib.common.rest_client [req-477c8370-2ffa-46bc-a36b-b11ebaaf56aa req-477c8370-2ffa-46bc-a36b-b11ebaaf56aa ] Request (ListServerFiltersTestJSON:setUpClass): 202 POST http://10.180.1.21/compute/v2.1/servers 6.030s
