2025-12-12 06:03:09.185 67353 INFO tempest.lib.common.rest_client [req-ae2c523f-922b-4fa8-b17f-ba0511583f69 req-ae2c523f-922b-4fa8-b17f-ba0511583f69 ] Request (ServersTestManualDisk:setUpClass): 200 GET http://10.180.1.21/compute/v2.1/servers/e6b2bc4a-e398-4837-8a64-1344b4f1ad7c 0.309s
2025-12-12 06:03:09.270 67299 INFO tempest.lib.common.rest_client [req-9aa74cc3-83ca-4273-a058-7806a3905c3c req-9aa74cc3-83ca-4273-a058-7806a3905c3c ] Request (ServerMetadataTestJSON:tearDownClass): 200 GET http://10.180.1.21/compute/v2.1/servers/a5710675-caa8-48fc-affa-9ae141916ca9 0.330s
2025-12-12 06:03:09.348 67351 INFO tempest.lib.common.rest_client [req-b5e1f520-628d-4ff9-8034-aa5b6e8c6dc8 req-b5e1f520-628d-4ff9-8034-aa5b6e8c6dc8 ] Request (ServerActionsTestOtherA:setUpClass): 200 GET http://10.180.1.21/compute/v2.1/servers/59e81f4f-45f2-41d1-8e2e-57018f622f81/os-interface 0.393s
2025-12-12 06:03:09.501 67341 INFO tempest.lib.common.rest_client [req-06a4843b-6292-48d6-8386-c2f2d2abfaeb req-06a4843b-6292-48d6-8386-c2f2d2abfaeb ] Request (AttachInterfacesV270Test:test_create_get_list_interfaces): 400 POST http://10.180.1.21/compute/v2.1/servers/cfaa80f1-b0e9-4f76-a766-094c10eee23e/os-interface 3.100s
2025-12-12 06:03:09.853 67351 INFO tempest.lib.common.rest_client [req-4e80fd37-8f18-4f35-ba4e-eeade6c6b4c6 req-4e80fd37-8f18-4f35-ba4e-eeade6c6b4c6 ] Request (ServerActionsTestOtherA:setUpClass): 200 PUT http://10.180.1.21/networking/v2.0/floatingips/ab60d7b2-17a2-49f4-8cc7-0e3ed54ddf7c 0.502s
2025-12-12 06:03:09.855 67351 INFO tempest.lib.common.ssh [-] Creating ssh connection to '10.180.180.173:22' as 'cirros' with public key authentication
2025-12-12 06:03:09.892 67313 INFO tempest.lib.common.rest_client [req-ee63884b-ac7d-46f2-9d47-171e96d413e6 req-ee63884b-ac7d-46f2-9d47-171e96d413e6 ] Request (VolumesAssistedSnapshotsTest:_run_cleanups): 404 GET http://10.180.1.21/volume/v3/volumes/e548f6ad-1ed9-4297-bbf4-ef9506aaec80 0.022s
2025-12-12 06:03:09.915 67345 INFO tempest.lib.common.rest_client [req-68eaa922-4a48-496a-ad5a-afd9388b0563 req-68eaa922-4a48-496a-ad5a-afd9388b0563 ] Request (DeleteServersTestJSON:test_delete_active_server): 200 GET http://10.180.1.21/compute/v2.1/servers/57ec5a05-bb54-4016-ba73-2d327175e101 0.876s
2025-12-12 06:03:09.940 67361 INFO tempest.lib.common.rest_client [req-f2f6b5b9-c130-4a47-847c-cde2c1b34c43 req-f2f6b5b9-c130-4a47-847c-cde2c1b34c43 ] Request (InstanceActionsV221TestJSON:test_get_list_deleted_instance_actions): 200 GET http://10.180.1.21/compute/v2.1/servers/874335bd-c2b3-4c53-864b-870b44fd3923 0.954s
2025-12-12 06:03:09.948 67361 INFO tempest.common.waiters [-] State transition "BUILD/None" ==> "BUILD/block_device_mapping" after 41 second wait
2025-12-12 06:03:09.970 67329 INFO tempest.lib.common.rest_client [req-71c004e7-635b-49c8-88c5-1792c193dc80 req-71c004e7-635b-49c8-88c5-1792c193dc80 ] Request (ServerActionsTestJSON:setUpClass): 200 GET http://10.180.1.21/compute/v2.1/servers/826f9089-ff5d-4d09-afd2-2c161f7d160d 0.880s
2025-12-12 06:03:09.995 67325 INFO tempest.lib.common.rest_client [req-14e6cd15-509c-42c1-8a64-a778b4657a56 req-14e6cd15-509c-42c1-8a64-a778b4657a56 ] Request (ServersTestBootFromVolume:setUpClass): 200 GET http://10.180.1.21/compute/v2.1/servers/c315df33-0041-4324-b49e-879a3b00e55f 0.860s
2025-12-12 06:03:10.024 67323 INFO tempest.lib.common.rest_client [req-e2e4f62f-a487-4266-9ef6-bbe6019f3fe5 req-e2e4f62f-a487-4266-9ef6-bbe6019f3fe5 ] Request (ListImageFiltersTestJSON:setUpClass): 200 GET http://10.180.1.21/compute/v2.1/servers/ccc3324e-80f0-43d2-b3df-3f2ca6aa0937 0.842s
2025-12-12 06:03:10.055 67297 INFO tempest.lib.common.rest_client [req-a795623c-97dc-401a-bb9b-d65a1e141c98 req-a795623c-97dc-401a-bb9b-d65a1e141c98 ] Request (ListServerFiltersTestJSON:tearDownClass): 200 GET http://10.180.1.21/compute/v2.1/servers/75831186-fdae-478e-8cbe-6e5ec9f2c544 0.810s
2025-12-12 06:03:10.086 67305 INFO tempest.lib.common.rest_client [req-983fa960-4fb8-4b41-bd68-01de583cc691 req-983fa960-4fb8-4b41-bd68-01de583cc691 ] Request (FloatingIPsAssociationNegativeTestJSON:tearDownClass): 200 GET http://10.180.1.21/compute/v2.1/servers/70cbc4d9-6473-4f49-a1a0-01d81d84d1f4 0.780s
2025-12-12 06:03:10.106 67315 INFO tempest.lib.common.rest_client [req-64c4da4b-c321-4616-ad52-fd22cfff18f4 req-64c4da4b-c321-4616-ad52-fd22cfff18f4 ] Request (MultipleCreateTestJSON:test_multiple_create_with_reservation_return): 200 GET http://10.180.1.21/compute/v2.1/servers/6263533d-6915-4bb7-b0ea-3621bef1012a 0.751s
2025-12-12 06:03:10.210 67341 INFO tempest.lib.common.rest_client [req-a782c5c0-ce34-49b2-bf5a-c39cc764326c req-a782c5c0-ce34-49b2-bf5a-c39cc764326c ] Request (AttachInterfacesV270Test:tearDownClass): 204 DELETE http://10.180.1.21/compute/v2.1/servers/cfaa80f1-b0e9-4f76-a766-094c10eee23e 0.708s
2025-12-12 06:03:10.224 67335 INFO tempest.lib.common.rest_client [req-82633765-01f8-419b-96aa-627a81f84066 req-82633765-01f8-419b-96aa-627a81f84066 ] Request (SecurityGroupsTestJSON:test_list_security_groups_by_server): 200 GET http://10.180.1.21/compute/v2.1/servers/6a4fb8c9-eeb8-4bf9-9db6-9ae4e4efbd50 0.735s
2025-12-12 06:03:10.283 67301 INFO tempest.lib.common.rest_client [req-64ed8ab1-52e6-43b6-9985-c52ffe0e3aae req-64ed8ab1-52e6-43b6-9985-c52ffe0e3aae ] Request (ServerRescueNegativeTestJSON:test_rescued_vm_detach_volume): 200 GET http://10.180.1.21/compute/v2.1/servers/20848884-f6ab-4861-b40d-3996868603f2 0.689s
2025-12-12 06:03:10.296 67343 INFO tempest.lib.common.rest_client [req-c446d19d-0031-4256-8bcd-1a388848e771 req-c446d19d-0031-4256-8bcd-1a388848e771 ] Request (FloatingIPsAssociationTestJSON:setUpClass): 200 GET http://10.180.1.21/compute/v2.1/servers/05983223-d2c4-41c7-a214-75c22129284f 0.755s
2025-12-12 06:03:10.343 67311 INFO tempest.lib.common.rest_client [req-cde7a4b0-96de-4bc3-8bd5-0c4aabb2bfc7 req-cde7a4b0-96de-4bc3-8bd5-0c4aabb2bfc7 ] Request (ServersAdminNegativeTestJSON:tearDownClass): 200 GET http://10.180.1.21/compute/v2.1/servers/d77333ae-7a45-4b04-975a-ed42684d34c1 0.663s
2025-12-12 06:03:10.356 67327 INFO tempest.lib.common.rest_client [req-35d72990-bc88-4143-af20-ba7d87470155 req-35d72990-bc88-4143-af20-ba7d87470155 ] Request (MigrationsAdminTest:test_resize_server_revert_deleted_flavor): 200 GET http://10.180.1.21/compute/v2.1/servers/8748f8b2-6888-4eef-94c9-b41b0646c719 0.600s
2025-12-12 06:03:10.409 67303 INFO tempest.lib.common.rest_client [req-2698f9ed-d188-4768-a3e6-4b6ed34ff9d8 req-2698f9ed-d188-4768-a3e6-4b6ed34ff9d8 ] Request (ServerRescueTestJSON:tearDownClass): 200 GET http://10.180.1.21/compute/v2.1/servers/6cb8eb85-0c58-4364-b77a-6d7f403db69e 0.584s
2025-12-12 06:03:10.488 67333 INFO tempest.lib.common.rest_client [req-24abdb51-1e40-4b16-8ea9-367706b3751c req-24abdb51-1e40-4b16-8ea9-367706b3751c ] Request (ServerGroupTestJSON:_run_cleanups): 200 GET http://10.180.1.21/compute/v2.1/servers/1bc129e2-4f82-4b76-afd9-a3ae6557d546 0.472s
2025-12-12 06:03:10.496 67313 INFO tempest.lib.common.rest_client [req-440e6da7-cae9-4c4e-af55-1f55650f93d0 req-440e6da7-cae9-4c4e-af55-1f55650f93d0 ] Request (VolumesAssistedSnapshotsTest:tearDownClass): 204 DELETE http://10.180.1.21/compute/v2.1/servers/f2242246-711b-4e17-b2ed-63163870c005 0.599s
2025-12-12 06:03:10.563 67309 INFO tempest.lib.common.rest_client [req-120afb54-ea2d-4588-8862-f4105d39302b req-120afb54-ea2d-4588-8862-f4105d39302b ] Request (ServerAddressesTestJSON:tearDownClass): 200 GET http://10.180.1.21/compute/v2.1/servers/907e372f-e5d7-44b5-94e0-e1d845d4283b 0.484s
2025-12-12 06:03:10.584 67331 INFO tempest.lib.common.rest_client [req-028c9b72-cad8-4d4a-a9cb-1130b2c53848 req-028c9b72-cad8-4d4a-a9cb-1130b2c53848 ] Request (ServersListShow296Test:test_list_show_update_rebuild_server_296): 200 GET http://10.180.1.21/compute/v2.1/servers/0ca2e842-5d00-4e92-885e-a727789a2c73 0.443s
2025-12-12 06:03:10.620 67353 INFO tempest.lib.common.rest_client [req-a525c774-b4c3-457b-87fc-30929e775cd1 req-a525c774-b4c3-457b-87fc-30929e775cd1 ] Request (ServersTestManualDisk:setUpClass): 200 GET http://10.180.1.21/compute/v2.1/servers/e6b2bc4a-e398-4837-8a64-1344b4f1ad7c 0.423s
2025-12-12 06:03:10.694 67299 INFO tempest.lib.common.rest_client [req-fa1a490f-c65c-47e4-a739-33e99fb9edd7 req-fa1a490f-c65c-47e4-a739-33e99fb9edd7 ] Request (ServerMetadataTestJSON:tearDownClass): 200 GET http://10.180.1.21/compute/v2.1/servers/a5710675-caa8-48fc-affa-9ae141916ca9 0.415s
2025-12-12 06:03:10.719 67341 INFO tempest.lib.common.rest_client [req-a9bf42cf-6ee0-44ee-9082-d5be649cb6ac req-a9bf42cf-6ee0-44ee-9082-d5be649cb6ac ] Request (AttachInterfacesV270Test:tearDownClass): 200 GET http://10.180.1.21/compute/v2.1/servers/cfaa80f1-b0e9-4f76-a766-094c10eee23e 0.509s
2025-12-12 06:03:10.830 67313 INFO tempest.lib.common.rest_client [req-e54f8849-8573-4f6d-8344-9972fde67952 req-e54f8849-8573-4f6d-8344-9972fde67952 ] Request (VolumesAssistedSnapshotsTest:tearDownClass): 200 GET http://10.180.1.21/compute/v2.1/servers/f2242246-711b-4e17-b2ed-63163870c005 0.333s
2025-12-12 06:03:10.947 67345 INFO tempest.lib.common.rest_client [req-92455026-68ec-4599-b03e-81cfc58c2ce8 req-92455026-68ec-4599-b03e-81cfc58c2ce8 ] Request (DeleteServersTestJSON:test_delete_active_server): 404 GET http://10.180.1.21/compute/v2.1/servers/57ec5a05-bb54-4016-ba73-2d327175e101 0.024s
2025-12-12 06:03:11.026 67345 INFO tempest.lib.common.rest_client [req-2ccbbdbc-020f-4472-af91-d4b3abbb0cd1 req-2ccbbdbc-020f-4472-af91-d4b3abbb0cd1 ] Request (DeleteServersTestJSON:test_delete_server_while_in_attached_volume): 201 POST http://10.180.1.21/identity/v3/auth/tokens 0.075s
2025-12-12 06:03:11.026 67345 INFO tempest.lib.common.fixed_network [-] (DeleteServersTestJSON:test_delete_server_while_in_attached_volume) Found network {'id': '0cd6914e-cbdc-48ea-86cf-89e1d81ff663', 'name': 'tempest-DeleteServersTestJSON-385576264-network', 'tenant_id': '204bf9c9495c4a87b0641d5c069aee73', 'project_id': '204bf9c9495c4a87b0641d5c069aee73', 'admin_state_up': True, 'mtu': 8950, 'status': 'ACTIVE', 'subnets': [], 'shared': False, 'port_security_enabled': True, 'router:external': False, 'provider:network_type': 'vlan', 'provider:physical_network': 'default', 'provider:segmentation_id': 680, 'availability_zone_hints': [], 'availability_zones': [], 'ipv4_address_scope': None, 'ipv6_address_scope': None, 'description': '', 'tags': [], 'created_at': '2025-12-12T06:01:40Z', 'updated_at': '2025-12-12T06:01:40Z', 'revision_number': 1} available for tenant
2025-12-12 06:03:11.049 67329 INFO tempest.lib.common.rest_client [req-8f698802-60b9-4947-933d-8e3ea941a577 req-8f698802-60b9-4947-933d-8e3ea941a577 ] Request (ServerActionsTestJSON:setUpClass): 200 GET http://10.180.1.21/compute/v2.1/servers/826f9089-ff5d-4d09-afd2-2c161f7d160d 0.071s
2025-12-12 06:03:11.111 67361 INFO tempest.lib.common.rest_client [req-5a4bd952-0b9b-4e55-b4b3-f523a698453a req-5a4bd952-0b9b-4e55-b4b3-f523a698453a ] Request (InstanceActionsV221TestJSON:test_get_list_deleted_instance_actions): 200 GET http://10.180.1.21/compute/v2.1/servers/874335bd-c2b3-4c53-864b-870b44fd3923 0.161s
2025-12-12 06:03:11.121 67361 INFO tempest.common.waiters [-] State transition "BUILD/block_device_mapping" ==> "BUILD/spawning" after 43 second wait
2025-12-12 06:03:11.122 67325 INFO tempest.lib.common.rest_client [req-a32098c3-fcf1-4439-ae39-b60b7a171548 req-a32098c3-fcf1-4439-ae39-b60b7a171548 ] Request (ServersTestBootFromVolume:setUpClass): 200 GET http://10.180.1.21/compute/v2.1/servers/c315df33-0041-4324-b49e-879a3b00e55f 0.115s
2025-12-12 06:03:11.179 67323 INFO tempest.lib.common.rest_client [req-9273c4b9-82ec-42f6-9747-132e175ec550 req-9273c4b9-82ec-42f6-9747-132e175ec550 ] Request (ListImageFiltersTestJSON:setUpClass): 200 GET http://10.180.1.21/compute/v2.1/servers/ccc3324e-80f0-43d2-b3df-3f2ca6aa0937 0.146s
2025-12-12 06:03:11.274 67297 INFO tempest.lib.common.rest_client [req-64b56cfc-00f7-443b-82f9-3f15fe8f2bf3 req-64b56cfc-00f7-443b-82f9-3f15fe8f2bf3 ] Request (ListServerFiltersTestJSON:tearDownClass): 200 GET http://10.180.1.21/compute/v2.1/servers/75831186-fdae-478e-8cbe-6e5ec9f2c544 0.210s
2025-12-12 06:03:11.361 67305 INFO tempest.lib.common.rest_client [req-ac35c7bb-8337-42fb-9943-f9fd9d00dd05 req-ac35c7bb-8337-42fb-9943-f9fd9d00dd05 ] Request (FloatingIPsAssociationNegativeTestJSON:tearDownClass): 200 GET http://10.180.1.21/compute/v2.1/servers/70cbc4d9-6473-4f49-a1a0-01d81d84d1f4 0.268s
2025-12-12 06:03:11.424 67315 INFO tempest.lib.common.rest_client [req-7400dac9-e640-485b-9f46-02d303e4028c req-7400dac9-e640-485b-9f46-02d303e4028c ] Request (MultipleCreateTestJSON:test_multiple_create_with_reservation_return): 200 GET http://10.180.1.21/compute/v2.1/servers/6263533d-6915-4bb7-b0ea-3621bef1012a 0.310s
2025-12-12 06:03:11.508 67345 INFO tempest.lib.common.rest_client [req-53aabcbe-3131-4d61-903d-385d85ba42d8 req-53aabcbe-3131-4d61-903d-385d85ba42d8 ] Request (DeleteServersTestJSON:test_delete_server_while_in_attached_volume): 202 POST http://10.180.1.21/compute/v2.1/servers 0.480s
2025-12-12 06:03:11.549 67335 INFO tempest.lib.common.rest_client [req-f4829708-17e1-45f9-a103-f8ec0821e38f req-f4829708-17e1-45f9-a103-f8ec0821e38f ] Request (SecurityGroupsTestJSON:test_list_security_groups_by_server): 200 GET http://10.180.1.21/compute/v2.1/servers/6a4fb8c9-eeb8-4bf9-9db6-9ae4e4efbd50 0.317s
2025-12-12 06:03:11.587 67301 INFO tempest.lib.common.rest_client [req-9d4521be-1b25-4545-830f-7f33b461840b req-9d4521be-1b25-4545-830f-7f33b461840b ] Request (ServerRescueNegativeTestJSON:test_rescued_vm_detach_volume): 200 GET http://10.180.1.21/compute/v2.1/servers/20848884-f6ab-4861-b40d-3996868603f2 0.296s
2025-12-12 06:03:11.618 67343 INFO tempest.lib.common.rest_client [req-f9c6c9a4-8fe2-46ec-8b33-122c25203dc7 req-f9c6c9a4-8fe2-46ec-8b33-122c25203dc7 ] Request (FloatingIPsAssociationTestJSON:setUpClass): 200 GET http://10.180.1.21/compute/v2.1/servers/05983223-d2c4-41c7-a214-75c22129284f 0.315s
2025-12-12 06:03:11.655 67311 INFO tempest.lib.common.rest_client [req-34023f33-0fd8-4e0c-95ed-9ab1b168bef8 req-34023f33-0fd8-4e0c-95ed-9ab1b168bef8 ] Request (ServersAdminNegativeTestJSON:tearDownClass): 200 GET http://10.180.1.21/compute/v2.1/servers/d77333ae-7a45-4b04-975a-ed42684d34c1 0.305s
2025-12-12 06:03:11.672 67327 INFO tempest.lib.common.rest_client [req-d5c9d578-0ee2-43ba-b4af-8950ee2bcb73 req-d5c9d578-0ee2-43ba-b4af-8950ee2bcb73 ] Request (MigrationsAdminTest:test_resize_server_revert_deleted_flavor): 200 GET http://10.180.1.21/compute/v2.1/servers/8748f8b2-6888-4eef-94c9-b41b0646c719 0.307s
2025-12-12 06:03:11.717 67303 INFO tempest.lib.common.rest_client [req-2d3f2bde-d932-452b-943c-b961b39e0097 req-2d3f2bde-d932-452b-943c-b961b39e0097 ] Request (ServerRescueTestJSON:tearDownClass): 200 GET http://10.180.1.21/compute/v2.1/servers/6cb8eb85-0c58-4364-b77a-6d7f403db69e 0.298s
2025-12-12 06:03:11.738 67333 INFO tempest.lib.common.rest_client [req-090426ce-82b2-4bd7-b541-caea9807e2a8 req-090426ce-82b2-4bd7-b541-caea9807e2a8 ] Request (ServerGroupTestJSON:_run_cleanups): 200 GET http://10.180.1.21/compute/v2.1/servers/1bc129e2-4f82-4b76-afd9-a3ae6557d546 0.241s
2025-12-12 06:03:11.759 67345 INFO tempest.lib.common.rest_client [req-8f8113ae-0eaa-4c99-8cc5-57e0cc9f6505 req-8f8113ae-0eaa-4c99-8cc5-57e0cc9f6505 ] Request (DeleteServersTestJSON:test_delete_server_while_in_attached_volume): 200 GET http://10.180.1.21/compute/v2.1/servers/a0e2b6ac-a30d-4fb7-bedd-43ed5f38b366 0.249s
2025-12-12 06:03:11.801 67309 INFO tempest.lib.common.rest_client [req-0932e3bd-4d81-476a-b012-20292a89b4d4 req-0932e3bd-4d81-476a-b012-20292a89b4d4 ] Request (ServerAddressesTestJSON:tearDownClass): 200 GET http://10.180.1.21/compute/v2.1/servers/907e372f-e5d7-44b5-94e0-e1d845d4283b 0.230s
2025-12-12 06:03:11.829 67331 INFO tempest.lib.common.rest_client [req-d6dbfe46-68f0-4e11-8cbb-62059e425db4 req-d6dbfe46-68f0-4e11-8cbb-62059e425db4 ] Request (ServersListShow296Test:test_list_show_update_rebuild_server_296): 200 GET http://10.180.1.21/compute/v2.1/servers/0ca2e842-5d00-4e92-885e-a727789a2c73 0.231s
2025-12-12 06:03:11.851 67339 WARNING tempest.lib.common.ssh [-] Failed to establish authenticated ssh connection to cirros@10.180.180.243 ([Errno None] Unable to connect to port 22 on 10.180.180.243). Number attempts: 2. Retry after 3 seconds.: paramiko.ssh_exception.NoValidConnectionsError: [Errno None] Unable to connect to port 22 on 10.180.180.243
2025-12-12 06:03:11.852 67353 INFO tempest.lib.common.rest_client [req-198e5bcf-2280-47b7-b524-5cd14c963548 req-198e5bcf-2280-47b7-b524-5cd14c963548 ] Request (ServersTestManualDisk:setUpClass): 200 GET http://10.180.1.21/compute/v2.1/servers/e6b2bc4a-e398-4837-8a64-1344b4f1ad7c 0.224s
2025-12-12 06:03:11.887 67299 INFO tempest.lib.common.rest_client [req-64416def-1a27-4142-ba89-31be76858372 req-64416def-1a27-4142-ba89-31be76858372 ] Request (ServerMetadataTestJSON:tearDownClass): 200 GET http://10.180.1.21/compute/v2.1/servers/a5710675-caa8-48fc-affa-9ae141916ca9 0.185s
2025-12-12 06:03:11.949 67341 INFO tempest.lib.common.rest_client [req-6ee45f26-5983-412d-a400-49be66db765c req-6ee45f26-5983-412d-a400-49be66db765c ] Request (AttachInterfacesV270Test:tearDownClass): 200 GET http://10.180.1.21/compute/v2.1/servers/cfaa80f1-b0e9-4f76-a766-094c10eee23e 0.218s
2025-12-12 06:03:12.017 67313 INFO tempest.lib.common.rest_client [req-9b9f8108-6052-4144-be08-a7373a76cce2 req-9b9f8108-6052-4144-be08-a7373a76cce2 ] Request (VolumesAssistedSnapshotsTest:tearDownClass): 200 GET http://10.180.1.21/compute/v2.1/servers/f2242246-711b-4e17-b2ed-63163870c005 0.179s
2025-12-12 06:03:12.072 67317 WARNING tempest.lib.common.ssh [-] Failed to establish authenticated ssh connection to cirros@10.180.180.194 ([Errno None] Unable to connect to port 22 on 10.180.180.194). Number attempts: 5. Retry after 6 seconds.: paramiko.ssh_exception.NoValidConnectionsError: [Errno None] Unable to connect to port 22 on 10.180.180.194
2025-12-12 06:03:12.132 67329 INFO tempest.lib.common.rest_client [req-e3d29357-8774-4ca5-8463-fe1c5fecbafe req-e3d29357-8774-4ca5-8463-fe1c5fecbafe ] Request (ServerActionsTestJSON:setUpClass): 200 GET http://10.180.1.21/compute/v2.1/servers/826f9089-ff5d-4d09-afd2-2c161f7d160d 0.073s
2025-12-12 06:03:12.194 67325 INFO tempest.lib.common.rest_client [req-d754dfc8-ca49-41b7-adfc-1dece2775a6e req-d754dfc8-ca49-41b7-adfc-1dece2775a6e ] Request (ServersTestBootFromVolume:setUpClass): 200 GET http://10.180.1.21/compute/v2.1/servers/c315df33-0041-4324-b49e-879a3b00e55f 0.065s
2025-12-12 06:03:12.263 67323 INFO tempest.lib.common.rest_client [req-5d90f6cd-0d8f-4df6-8161-7914da2806ef req-5d90f6cd-0d8f-4df6-8161-7914da2806ef ] Request (ListImageFiltersTestJSON:setUpClass): 200 GET http://10.180.1.21/compute/v2.1/servers/ccc3324e-80f0-43d2-b3df-3f2ca6aa0937 0.076s
2025-12-12 06:03:12.282 67361 INFO tempest.lib.common.rest_client [req-6f565b04-5a9d-4669-b79c-2d8ce0f8b4e8 req-6f565b04-5a9d-4669-b79c-2d8ce0f8b4e8 ] Request (InstanceActionsV221TestJSON:test_get_list_deleted_instance_actions): 200 GET http://10.180.1.21/compute/v2.1/servers/874335bd-c2b3-4c53-864b-870b44fd3923 0.159s
2025-12-12 06:03:12.640 67305 INFO tempest.lib.common.rest_client [req-009a95c7-2bb5-4e82-a623-ad8a43657450 req-009a95c7-2bb5-4e82-a623-ad8a43657450 ] Request (FloatingIPsAssociationNegativeTestJSON:tearDownClass): 200 GET http://10.180.1.21/compute/v2.1/servers/70cbc4d9-6473-4f49-a1a0-01d81d84d1f4 0.264s
2025-12-12 06:03:12.778 67297 INFO tempest.lib.common.rest_client [req-b0d0bb23-7804-4b4c-8e04-c602725d7f7e req-b0d0bb23-7804-4b4c-8e04-c602725d7f7e ] Request (ListServerFiltersTestJSON:tearDownClass): 200 GET http://10.180.1.21/compute/v2.1/servers/75831186-fdae-478e-8cbe-6e5ec9f2c544 0.494s
2025-12-12 06:03:12.801 67315 INFO tempest.lib.common.rest_client [req-59162802-7042-4994-b3cf-202cba8e3d18 req-59162802-7042-4994-b3cf-202cba8e3d18 ] Request (MultipleCreateTestJSON:test_multiple_create_with_reservation_return): 200 GET http://10.180.1.21/compute/v2.1/servers/6263533d-6915-4bb7-b0ea-3621bef1012a 0.368s
2025-12-12 06:03:12.872 67301 INFO tempest.lib.common.rest_client [req-5ccd468c-b459-4d22-957e-4dd533f6cf11 req-5ccd468c-b459-4d22-957e-4dd533f6cf11 ] Request (ServerRescueNegativeTestJSON:test_rescued_vm_detach_volume): 200 GET http://10.180.1.21/compute/v2.1/servers/20848884-f6ab-4861-b40d-3996868603f2 0.278s
2025-12-12 06:03:12.902 67335 INFO tempest.lib.common.rest_client [req-00c6cfa6-5b2d-401f-aee2-03b8cac6ab5c req-00c6cfa6-5b2d-401f-aee2-03b8cac6ab5c ] Request (SecurityGroupsTestJSON:test_list_security_groups_by_server): 200 GET http://10.180.1.21/compute/v2.1/servers/6a4fb8c9-eeb8-4bf9-9db6-9ae4e4efbd50 0.344s
2025-12-12 06:03:12.956 67343 INFO tempest.lib.common.rest_client [req-f49b85dc-e72b-459c-addd-00496292a5c2 req-f49b85dc-e72b-459c-addd-00496292a5c2 ] Request (FloatingIPsAssociationTestJSON:setUpClass): 200 GET http://10.180.1.21/compute/v2.1/servers/05983223-d2c4-41c7-a214-75c22129284f 0.330s
2025-12-12 06:03:12.970 67311 INFO tempest.lib.common.rest_client [req-6f733605-b98c-4a2f-95c7-fdcbd6d57654 req-6f733605-b98c-4a2f-95c7-fdcbd6d57654 ] Request (ServersAdminNegativeTestJSON:tearDownClass): 200 GET http://10.180.1.21/compute/v2.1/servers/d77333ae-7a45-4b04-975a-ed42684d34c1 0.306s
2025-12-12 06:03:13.019 67327 INFO tempest.lib.common.rest_client [req-e5044615-dce6-4823-b521-32718d15098d req-e5044615-dce6-4823-b521-32718d15098d ] Request (MigrationsAdminTest:test_resize_server_revert_deleted_flavor): 200 GET http://10.180.1.21/compute/v2.1/servers/8748f8b2-6888-4eef-94c9-b41b0646c719 0.337s
2025-12-12 06:03:13.047 67303 INFO tempest.lib.common.rest_client [req-7833d681-e2fd-44cd-9652-a242a7312f7d req-7833d681-e2fd-44cd-9652-a242a7312f7d ] Request (ServerRescueTestJSON:tearDownClass): 200 GET http://10.180.1.21/compute/v2.1/servers/6cb8eb85-0c58-4364-b77a-6d7f403db69e 0.322s
2025-12-12 06:03:13.092 67333 INFO tempest.lib.common.rest_client [req-78ca2488-1d4c-4131-8b94-795614caf928 req-78ca2488-1d4c-4131-8b94-795614caf928 ] Request (ServerGroupTestJSON:_run_cleanups): 200 GET http://10.180.1.21/compute/v2.1/servers/1bc129e2-4f82-4b76-afd9-a3ae6557d546 0.343s
2025-12-12 06:03:13.144 67345 INFO tempest.lib.common.rest_client [req-84a9c599-e9b6-41c2-bd7a-da5268c55a52 req-84a9c599-e9b6-41c2-bd7a-da5268c55a52 ] Request (DeleteServersTestJSON:test_delete_server_while_in_attached_volume): 200 GET http://10.180.1.21/compute/v2.1/servers/a0e2b6ac-a30d-4fb7-bedd-43ed5f38b366 0.377s
2025-12-12 06:03:13.195 67309 INFO tempest.lib.common.rest_client [req-9b9ef5e9-5dc2-4772-a96d-15cbfe7530ae req-9b9ef5e9-5dc2-4772-a96d-15cbfe7530ae ] Request (ServerAddressesTestJSON:tearDownClass): 200 GET http://10.180.1.21/compute/v2.1/servers/907e372f-e5d7-44b5-94e0-e1d845d4283b 0.385s
2025-12-12 06:03:13.214 67331 INFO tempest.lib.common.rest_client [req-0ee16dba-35da-4053-a8a9-0a8c8d642fb5 req-0ee16dba-35da-4053-a8a9-0a8c8d642fb5 ] Request (ServersListShow296Test:test_list_show_update_rebuild_server_296): 200 GET http://10.180.1.21/compute/v2.1/servers/0ca2e842-5d00-4e92-885e-a727789a2c73 0.372s
2025-12-12 06:03:13.224 67331 INFO tempest.common.waiters [-] State transition "BUILD/None" ==> "BUILD/networking" after 43 second wait
2025-12-12 06:03:13.254 67353 INFO tempest.lib.common.rest_client [req-dbf582bd-8f25-4302-818a-e85e8b6588dc req-dbf582bd-8f25-4302-818a-e85e8b6588dc ] Request (ServersTestManualDisk:setUpClass): 200 GET http://10.180.1.21/compute/v2.1/servers/e6b2bc4a-e398-4837-8a64-1344b4f1ad7c 0.393s
2025-12-12 06:03:13.276 67299 INFO tempest.lib.common.rest_client [req-fbf369df-6aad-4678-957a-47fdef18f104 req-fbf369df-6aad-4678-957a-47fdef18f104 ] Request (ServerMetadataTestJSON:tearDownClass): 200 GET http://10.180.1.21/compute/v2.1/servers/a5710675-caa8-48fc-affa-9ae141916ca9 0.380s
2025-12-12 06:03:13.308 67341 INFO tempest.lib.common.rest_client [req-65cd497c-5735-457f-a1c5-105f39d59ef5 req-65cd497c-5735-457f-a1c5-105f39d59ef5 ] Request (AttachInterfacesV270Test:tearDownClass): 200 GET http://10.180.1.21/compute/v2.1/servers/cfaa80f1-b0e9-4f76-a766-094c10eee23e 0.350s
2025-12-12 06:03:13.327 67313 INFO tempest.lib.common.rest_client [req-fff3ae41-a0c5-4c0f-9532-0845e066592d req-fff3ae41-a0c5-4c0f-9532-0845e066592d ] Request (VolumesAssistedSnapshotsTest:tearDownClass): 200 GET http://10.180.1.21/compute/v2.1/servers/f2242246-711b-4e17-b2ed-63163870c005 0.299s
2025-12-12 06:03:13.358 67329 INFO tempest.lib.common.rest_client [req-cabb6736-5a31-40b6-9937-f2717a29a477 req-cabb6736-5a31-40b6-9937-f2717a29a477 ] Request (ServerActionsTestJSON:setUpClass): 200 GET http://10.180.1.21/compute/v2.1/servers/826f9089-ff5d-4d09-afd2-2c161f7d160d 0.216s
2025-12-12 06:03:13.375 67325 INFO tempest.lib.common.rest_client [req-8bd44ad0-3f28-42ba-abc4-16d1c7fcf65e req-8bd44ad0-3f28-42ba-abc4-16d1c7fcf65e ] Request (ServersTestBootFromVolume:setUpClass): 200 GET http://10.180.1.21/compute/v2.1/servers/c315df33-0041-4324-b49e-879a3b00e55f 0.171s
2025-12-12 06:03:13.408 67323 INFO tempest.lib.common.rest_client [req-57002159-3071-471c-bbac-4b032c4b9afe req-57002159-3071-471c-bbac-4b032c4b9afe ] Request (ListImageFiltersTestJSON:setUpClass): 200 GET http://10.180.1.21/compute/v2.1/servers/ccc3324e-80f0-43d2-b3df-3f2ca6aa0937 0.137s
2025-12-12 06:03:13.484 67361 INFO tempest.lib.common.rest_client [req-c12f4fb8-f2d4-4e02-a9c3-7940565f15cc req-c12f4fb8-f2d4-4e02-a9c3-7940565f15cc ] Request (InstanceActionsV221TestJSON:test_get_list_deleted_instance_actions): 200 GET http://10.180.1.21/compute/v2.1/servers/874335bd-c2b3-4c53-864b-870b44fd3923 0.194s
2025-12-12 06:03:13.724 67305 INFO tempest.lib.common.rest_client [req-f96a0890-ec41-4fd7-941f-a95b6c710a85 req-f96a0890-ec41-4fd7-941f-a95b6c710a85 ] Request (FloatingIPsAssociationNegativeTestJSON:tearDownClass): 200 GET http://10.180.1.21/compute/v2.1/servers/70cbc4d9-6473-4f49-a1a0-01d81d84d1f4 0.076s
2025-12-12 06:03:13.847 67297 INFO tempest.lib.common.rest_client [req-77181aff-01c1-4ef2-9eec-bcdc223446de req-77181aff-01c1-4ef2-9eec-bcdc223446de ] Request (ListServerFiltersTestJSON:tearDownClass): 200 GET http://10.180.1.21/compute/v2.1/servers/75831186-fdae-478e-8cbe-6e5ec9f2c544 0.060s
2025-12-12 06:03:13.870 67315 INFO tempest.lib.common.rest_client [req-4774a31b-1850-418d-9c27-008029ff8ead req-4774a31b-1850-418d-9c27-008029ff8ead ] Request (MultipleCreateTestJSON:test_multiple_create_with_reservation_return): 200 GET http://10.180.1.21/compute/v2.1/servers/6263533d-6915-4bb7-b0ea-3621bef1012a 0.060s
2025-12-12 06:03:13.936 67301 INFO tempest.lib.common.rest_client [req-2543fe81-215c-402a-ab98-f6867e058b3b req-2543fe81-215c-402a-ab98-f6867e058b3b ] Request (ServerRescueNegativeTestJSON:test_rescued_vm_detach_volume): 200 GET http://10.180.1.21/compute/v2.1/servers/20848884-f6ab-4861-b40d-3996868603f2 0.051s
2025-12-12 06:03:13.967 67351 WARNING tempest.lib.common.ssh [-] Failed to establish authenticated ssh connection to cirros@10.180.180.173 ([Errno None] Unable to connect to port 22 on 10.180.180.173). Number attempts: 1. Retry after 2 seconds.: paramiko.ssh_exception.NoValidConnectionsError: [Errno None] Unable to connect to port 22 on 10.180.180.173
2025-12-12 06:03:14.018 67343 INFO tempest.lib.common.rest_client [req-b9e88d71-8837-48de-94d5-b4ae11e00143 req-b9e88d71-8837-48de-94d5-b4ae11e00143 ] Request (FloatingIPsAssociationTestJSON:setUpClass): 200 GET http://10.180.1.21/compute/v2.1/servers/05983223-d2c4-41c7-a214-75c22129284f 0.051s
2025-12-12 06:03:14.032 67335 INFO tempest.lib.common.rest_client [req-cf2678eb-5512-45ae-9951-4d524c654fa2 req-cf2678eb-5512-45ae-9951-4d524c654fa2 ] Request (SecurityGroupsTestJSON:test_list_security_groups_by_server): 200 GET http://10.180.1.21/compute/v2.1/servers/6a4fb8c9-eeb8-4bf9-9db6-9ae4e4efbd50 0.123s
2025-12-12 06:03:14.039 67335 INFO tempest.common.waiters [-] State transition "BUILD/spawning" ==> "ACTIVE/None" after 53 second wait
2025-12-12 06:03:14.098 67311 INFO tempest.lib.common.rest_client [req-62adeed1-88d7-41d7-99fe-483cce547157 req-62adeed1-88d7-41d7-99fe-483cce547157 ] Request (ServersAdminNegativeTestJSON:tearDownClass): 200 GET http://10.180.1.21/compute/v2.1/servers/d77333ae-7a45-4b04-975a-ed42684d34c1 0.120s
2025-12-12 06:03:14.098 67327 INFO tempest.lib.common.rest_client [req-275566ff-bf1e-4a53-ac91-25506b4dba32 req-275566ff-bf1e-4a53-ac91-25506b4dba32 ] Request (MigrationsAdminTest:test_resize_server_revert_deleted_flavor): 200 GET http://10.180.1.21/compute/v2.1/servers/8748f8b2-6888-4eef-94c9-b41b0646c719 0.068s
2025-12-12 06:03:14.160 67303 INFO tempest.lib.common.rest_client [req-9f3b59c1-e67c-4538-96e6-88543f89395d req-9f3b59c1-e67c-4538-96e6-88543f89395d ] Request (ServerRescueTestJSON:tearDownClass): 200 GET http://10.180.1.21/compute/v2.1/servers/6cb8eb85-0c58-4364-b77a-6d7f403db69e 0.105s
2025-12-12 06:03:14.221 67333 INFO tempest.lib.common.rest_client [req-f4b07230-7633-4702-bfa4-555e2b2bc07f req-f4b07230-7633-4702-bfa4-555e2b2bc07f ] Request (ServerGroupTestJSON:_run_cleanups): 200 GET http://10.180.1.21/compute/v2.1/servers/1bc129e2-4f82-4b76-afd9-a3ae6557d546 0.120s
2025-12-12 06:03:14.278 67345 INFO tempest.lib.common.rest_client [req-640f9638-e148-431b-b8ae-16683184b8ed req-640f9638-e148-431b-b8ae-16683184b8ed ] Request (DeleteServersTestJSON:test_delete_server_while_in_attached_volume): 200 GET http://10.180.1.21/compute/v2.1/servers/a0e2b6ac-a30d-4fb7-bedd-43ed5f38b366 0.120s
2025-12-12 06:03:14.336 67309 INFO tempest.lib.common.rest_client [req-032f0716-77c8-43eb-bcec-1b5d286e5e48 req-032f0716-77c8-43eb-bcec-1b5d286e5e48 ] Request (ServerAddressesTestJSON:tearDownClass): 200 GET http://10.180.1.21/compute/v2.1/servers/907e372f-e5d7-44b5-94e0-e1d845d4283b 0.131s
2025-12-12 06:03:14.394 67331 INFO tempest.lib.common.rest_client [req-a2155879-b296-4aea-bcdd-7fc68b5edaef req-a2155879-b296-4aea-bcdd-7fc68b5edaef ] Request (ServersListShow296Test:test_list_show_update_rebuild_server_296): 200 GET http://10.180.1.21/compute/v2.1/servers/0ca2e842-5d00-4e92-885e-a727789a2c73 0.168s
2025-12-12 06:03:14.403 67331 INFO tempest.common.waiters [-] State transition "BUILD/networking" ==> "BUILD/block_device_mapping" after 44 second wait
2025-12-12 06:03:14.439 67353 INFO tempest.lib.common.rest_client [req-7b1ab16a-ec95-42a1-9860-6db528a638dd req-7b1ab16a-ec95-42a1-9860-6db528a638dd ] Request (ServersTestManualDisk:setUpClass): 200 GET http://10.180.1.21/compute/v2.1/servers/e6b2bc4a-e398-4837-8a64-1344b4f1ad7c 0.176s
2025-12-12 06:03:14.452 67335 INFO tempest.lib.common.rest_client [req-ee86479f-1143-4efa-8cc6-8b3601cdf4f3 req-ee86479f-1143-4efa-8cc6-8b3601cdf4f3 ] Request (SecurityGroupsTestJSON:test_list_security_groups_by_server): 202 POST http://10.180.1.21/compute/v2.1/servers/6a4fb8c9-eeb8-4bf9-9db6-9ae4e4efbd50/action 0.412s
2025-12-12 06:03:14.496 67299 INFO tempest.lib.common.rest_client [req-1bef8fa5-ca7d-4fe3-8d71-38906d681197 req-1bef8fa5-ca7d-4fe3-8d71-38906d681197 ] Request (ServerMetadataTestJSON:tearDownClass): 200 GET http://10.180.1.21/compute/v2.1/servers/a5710675-caa8-48fc-affa-9ae141916ca9 0.212s
2025-12-12 06:03:14.512 67341 INFO tempest.lib.common.rest_client [req-8c57d18b-241b-40ee-8e7b-032a2cd6ac71 req-8c57d18b-241b-40ee-8e7b-032a2cd6ac71 ] Request (AttachInterfacesV270Test:tearDownClass): 200 GET http://10.180.1.21/compute/v2.1/servers/cfaa80f1-b0e9-4f76-a766-094c10eee23e 0.192s
2025-12-12 06:03:14.526 67341 INFO tempest.common.waiters [-] State transition "ACTIVE/deleting" ==> "DELETED/None" after 4 second wait
2025-12-12 06:03:14.552 67313 INFO tempest.lib.common.rest_client [req-5a394ef8-dbc3-438a-9c17-aa8f0a7091b3 req-5a394ef8-dbc3-438a-9c17-aa8f0a7091b3 ] Request (VolumesAssistedSnapshotsTest:tearDownClass): 200 GET http://10.180.1.21/compute/v2.1/servers/f2242246-711b-4e17-b2ed-63163870c005 0.216s
2025-12-12 06:03:14.562 67313 INFO tempest.common.waiters [-] State transition "ACTIVE/deleting" ==> "DELETED/None" after 4 second wait
2025-12-12 06:03:14.564 67329 INFO tempest.lib.common.rest_client [req-94b935e2-be8c-40ba-b383-08a991279f14 req-94b935e2-be8c-40ba-b383-08a991279f14 ] Request (ServerActionsTestJSON:setUpClass): 200 GET http://10.180.1.21/compute/v2.1/servers/826f9089-ff5d-4d09-afd2-2c161f7d160d 0.197s
2025-12-12 06:03:14.613 67325 INFO tempest.lib.common.rest_client [req-c7f9e8a4-d63a-4328-ad7a-cf849ef8b8fc req-c7f9e8a4-d63a-4328-ad7a-cf849ef8b8fc ] Request (ServersTestBootFromVolume:setUpClass): 200 GET http://10.180.1.21/compute/v2.1/servers/c315df33-0041-4324-b49e-879a3b00e55f 0.229s
2025-12-12 06:03:14.620 67323 INFO tempest.lib.common.rest_client [req-cd72377c-c09d-4fbc-9c02-6315d8fd9331 req-cd72377c-c09d-4fbc-9c02-6315d8fd9331 ] Request (ListImageFiltersTestJSON:setUpClass): 200 GET http://10.180.1.21/compute/v2.1/servers/ccc3324e-80f0-43d2-b3df-3f2ca6aa0937 0.205s
2025-12-12 06:03:14.713 67361 INFO tempest.lib.common.rest_client [req-35ac300f-7f1c-4899-b434-8d9d1010b2ed req-35ac300f-7f1c-4899-b434-8d9d1010b2ed ] Request (InstanceActionsV221TestJSON:test_get_list_deleted_instance_actions): 200 GET http://10.180.1.21/compute/v2.1/servers/874335bd-c2b3-4c53-864b-870b44fd3923 0.219s
2025-12-12 06:03:14.802 67305 INFO tempest.lib.common.rest_client [req-1d97b5cd-82b9-4c32-a11f-8b4c785ff7b2 req-1d97b5cd-82b9-4c32-a11f-8b4c785ff7b2 ] Request (FloatingIPsAssociationNegativeTestJSON:tearDownClass): 200 GET http://10.180.1.21/compute/v2.1/servers/70cbc4d9-6473-4f49-a1a0-01d81d84d1f4 0.068s
2025-12-12 06:03:14.932 67297 INFO tempest.lib.common.rest_client [req-7e75015f-75d9-42dc-9cf5-c21388d4ba20 req-7e75015f-75d9-42dc-9cf5-c21388d4ba20 ] Request (ListServerFiltersTestJSON:tearDownClass): 200 GET http://10.180.1.21/compute/v2.1/servers/75831186-fdae-478e-8cbe-6e5ec9f2c544 0.074s
2025-12-12 06:03:14.950 67335 INFO tempest.lib.common.rest_client [req-8d817d30-0362-4da8-b125-ed3c0abdbec5 req-8d817d30-0362-4da8-b125-ed3c0abdbec5 ] Request (SecurityGroupsTestJSON:test_list_security_groups_by_server): 202 POST http://10.180.1.21/compute/v2.1/servers/6a4fb8c9-eeb8-4bf9-9db6-9ae4e4efbd50/action 0.497s
2025-12-12 06:03:14.964 67349 WARNING tempest.lib.common.ssh [-] Failed to establish authenticated ssh connection to cirros@10.180.180.197 ([Errno None] Unable to connect to port 22 on 10.180.180.197). Number attempts: 6. Retry after 7 seconds.: paramiko.ssh_exception.NoValidConnectionsError: [Errno None] Unable to connect to port 22 on 10.180.180.197
2025-12-12 06:03:14.987 67315 INFO tempest.lib.common.rest_client [req-c850fc81-7c8a-442f-976a-84b0712ec27d req-c850fc81-7c8a-442f-976a-84b0712ec27d ] Request (MultipleCreateTestJSON:test_multiple_create_with_reservation_return): 200 GET http://10.180.1.21/compute/v2.1/servers/6263533d-6915-4bb7-b0ea-3621bef1012a 0.109s
2025-12-12 06:03:15.036 67301 INFO tempest.lib.common.rest_client [req-ec34c0f1-cfe8-4028-a46d-d6aee4238dfc req-ec34c0f1-cfe8-4028-a46d-d6aee4238dfc ] Request (ServerRescueNegativeTestJSON:test_rescued_vm_detach_volume): 200 GET http://10.180.1.21/compute/v2.1/servers/20848884-f6ab-4861-b40d-3996868603f2 0.092s
2025-12-12 06:03:15.102 67335 INFO tempest.lib.common.rest_client [req-4e3ac2b8-32c1-4d06-827b-0038e260654b req-4e3ac2b8-32c1-4d06-827b-0038e260654b ] Request (SecurityGroupsTestJSON:test_list_security_groups_by_server): 200 GET http://10.180.1.21/compute/v2.1/servers/6a4fb8c9-eeb8-4bf9-9db6-9ae4e4efbd50/os-security-groups 0.152s
2025-12-12 06:03:15.106 67343 INFO tempest.lib.common.rest_client [req-bd40189e-2bf2-404b-88db-c6ef4c1dd378 req-bd40189e-2bf2-404b-88db-c6ef4c1dd378 ] Request (FloatingIPsAssociationTestJSON:setUpClass): 200 GET http://10.180.1.21/compute/v2.1/servers/05983223-d2c4-41c7-a214-75c22129284f 0.077s
2025-12-12 06:03:15.186 67327 INFO tempest.lib.common.rest_client [req-e2c99ac0-275c-4a55-ab71-e7c1aafaf63a req-e2c99ac0-275c-4a55-ab71-e7c1aafaf63a ] Request (MigrationsAdminTest:test_resize_server_revert_deleted_flavor): 200 GET http://10.180.1.21/compute/v2.1/servers/8748f8b2-6888-4eef-94c9-b41b0646c719 0.079s
2025-12-12 06:03:15.204 67311 INFO tempest.lib.common.rest_client [req-da213e2c-f410-4f61-a358-f61b68c9d364 req-da213e2c-f410-4f61-a358-f61b68c9d364 ] Request (ServersAdminNegativeTestJSON:tearDownClass): 200 GET http://10.180.1.21/compute/v2.1/servers/d77333ae-7a45-4b04-975a-ed42684d34c1 0.097s
2025-12-12 06:03:15.315 67303 INFO tempest.lib.common.rest_client [req-2473cba5-8794-4cc2-8383-5a18e08e3478 req-2473cba5-8794-4cc2-8383-5a18e08e3478 ] Request (ServerRescueTestJSON:tearDownClass): 200 GET http://10.180.1.21/compute/v2.1/servers/6cb8eb85-0c58-4364-b77a-6d7f403db69e 0.147s
2025-12-12 06:03:15.338 67335 INFO tempest.lib.common.rest_client [req-0ed47206-5eb3-4987-a062-f59e0a0011bd req-0ed47206-5eb3-4987-a062-f59e0a0011bd ] Request (SecurityGroupsTestJSON:test_security_group_create_get_delete): 200 POST http://10.180.1.21/compute/v2.1/os-security-groups 0.228s
2025-12-12 06:03:15.380 67333 INFO tempest.lib.common.rest_client [req-13237259-35e4-40e0-b7df-de778eb44853 req-13237259-35e4-40e0-b7df-de778eb44853 ] Request (ServerGroupTestJSON:_run_cleanups): 200 GET http://10.180.1.21/compute/v2.1/servers/1bc129e2-4f82-4b76-afd9-a3ae6557d546 0.150s
2025-12-12 06:03:15.397 67345 INFO tempest.lib.common.rest_client [req-33d2a027-861d-4f0a-b662-0b93c8535d3e req-33d2a027-861d-4f0a-b662-0b93c8535d3e ] Request (DeleteServersTestJSON:test_delete_server_while_in_attached_volume): 200 GET http://10.180.1.21/compute/v2.1/servers/a0e2b6ac-a30d-4fb7-bedd-43ed5f38b366 0.110s
2025-12-12 06:03:15.411 67335 INFO tempest.lib.common.rest_client [req-2bc32568-10f0-41de-8dc8-c4f9ccaa6377 req-2bc32568-10f0-41de-8dc8-c4f9ccaa6377 ] Request (SecurityGroupsTestJSON:test_security_group_create_get_delete): 200 GET http://10.180.1.21/compute/v2.1/os-security-groups/535f85dc-1866-4da5-b563-c9360ac1f7e3 0.069s
2025-12-12 06:03:15.471 67309 INFO tempest.lib.common.rest_client [req-2c892af3-cea2-4c3f-9702-5f99dd244a2a req-2c892af3-cea2-4c3f-9702-5f99dd244a2a ] Request (ServerAddressesTestJSON:tearDownClass): 200 GET http://10.180.1.21/compute/v2.1/servers/907e372f-e5d7-44b5-94e0-e1d845d4283b 0.127s
2025-12-12 06:03:15.495 67331 INFO tempest.lib.common.rest_client [req-541dd513-d183-4d1f-b92e-dd27e5402cd7 req-541dd513-d183-4d1f-b92e-dd27e5402cd7 ] Request (ServersListShow296Test:test_list_show_update_rebuild_server_296): 200 GET http://10.180.1.21/compute/v2.1/servers/0ca2e842-5d00-4e92-885e-a727789a2c73 0.090s
2025-12-12 06:03:15.506 67331 INFO tempest.common.waiters [-] State transition "BUILD/block_device_mapping" ==> "BUILD/spawning" after 45 second wait
2025-12-12 06:03:15.549 67353 INFO tempest.lib.common.rest_client [req-fe14334f-35b3-45fb-84de-1e6f3e1a3689 req-fe14334f-35b3-45fb-84de-1e6f3e1a3689 ] Request (ServersTestManualDisk:setUpClass): 200 GET http://10.180.1.21/compute/v2.1/servers/e6b2bc4a-e398-4837-8a64-1344b4f1ad7c 0.102s
2025-12-12 06:03:15.590 67335 INFO tempest.lib.common.rest_client [req-005cce82-c93b-4c02-9811-aa975f330023 req-005cce82-c93b-4c02-9811-aa975f330023 ] Request (SecurityGroupsTestJSON:test_security_group_create_get_delete): 202 DELETE http://10.180.1.21/compute/v2.1/os-security-groups/535f85dc-1866-4da5-b563-c9360ac1f7e3 0.174s
2025-12-12 06:03:15.612 67299 INFO tempest.lib.common.rest_client [req-9c8cbca2-5d91-47a3-b574-687ba49f6ffe req-9c8cbca2-5d91-47a3-b574-687ba49f6ffe ] Request (ServerMetadataTestJSON:tearDownClass): 200 GET http://10.180.1.21/compute/v2.1/servers/a5710675-caa8-48fc-affa-9ae141916ca9 0.107s
2025-12-12 06:03:15.655 67341 INFO tempest.lib.common.rest_client [req-61a14380-d8b4-4d4f-a6a2-939cda9bb83a req-61a14380-d8b4-4d4f-a6a2-939cda9bb83a ] Request (AttachInterfacesV270Test:tearDownClass): 200 GET http://10.180.1.21/compute/v2.1/servers/cfaa80f1-b0e9-4f76-a766-094c10eee23e 0.127s
2025-12-12 06:03:15.676 67313 INFO tempest.lib.common.rest_client [req-9e10bd2b-da33-4436-bef2-178f43203f02 req-9e10bd2b-da33-4436-bef2-178f43203f02 ] Request (VolumesAssistedSnapshotsTest:tearDownClass): 200 GET http://10.180.1.21/compute/v2.1/servers/f2242246-711b-4e17-b2ed-63163870c005 0.112s
2025-12-12 06:03:15.700 67335 INFO tempest.lib.common.rest_client [req-a24eccd2-ae03-4e12-8b11-612ce60c0281 req-a24eccd2-ae03-4e12-8b11-612ce60c0281 ] Request (SecurityGroupsTestJSON:test_security_group_create_get_delete): 404 GET http://10.180.1.21/compute/v2.1/os-security-groups/535f85dc-1866-4da5-b563-c9360ac1f7e3 0.109s
2025-12-12 06:03:15.717 67329 INFO tempest.lib.common.rest_client [req-ff6a0723-c9ab-4c04-b20c-6668012ecc6a req-ff6a0723-c9ab-4c04-b20c-6668012ecc6a ] Request (ServerActionsTestJSON:setUpClass): 200 GET http://10.180.1.21/compute/v2.1/servers/826f9089-ff5d-4d09-afd2-2c161f7d160d 0.142s
2025-12-12 06:03:15.761 67325 INFO tempest.lib.common.rest_client [req-e6148aec-3aea-453e-98ba-7c866c7bc958 req-e6148aec-3aea-453e-98ba-7c866c7bc958 ] Request (ServersTestBootFromVolume:setUpClass): 200 GET http://10.180.1.21/compute/v2.1/servers/c315df33-0041-4324-b49e-879a3b00e55f 0.138s
2025-12-12 06:03:15.778 67323 INFO tempest.lib.common.rest_client [req-54260b91-8f9b-417f-bbb6-847c21ce31e9 req-54260b91-8f9b-417f-bbb6-847c21ce31e9 ] Request (ListImageFiltersTestJSON:setUpClass): 200 GET http://10.180.1.21/compute/v2.1/servers/ccc3324e-80f0-43d2-b3df-3f2ca6aa0937 0.148s
2025-12-12 06:03:15.785 67323 INFO tempest.common.waiters [-] State transition "BUILD/scheduling" ==> "BUILD/None" after 13 second wait
2025-12-12 06:03:15.874 67335 INFO tempest.lib.common.rest_client [req-969e7d98-07a8-4c44-89be-7cc33eaefbf2 req-969e7d98-07a8-4c44-89be-7cc33eaefbf2 ] Request (SecurityGroupsTestJSON:test_security_groups_create_list_delete): 200 POST http://10.180.1.21/compute/v2.1/os-security-groups 0.173s
2025-12-12 06:03:15.912 67361 INFO tempest.lib.common.rest_client [req-d3b55d29-5c6b-42cd-bc5d-25083b63b326 req-d3b55d29-5c6b-42cd-bc5d-25083b63b326 ] Request (InstanceActionsV221TestJSON:test_get_list_deleted_instance_actions): 200 GET http://10.180.1.21/compute/v2.1/servers/874335bd-c2b3-4c53-864b-870b44fd3923 0.189s
2025-12-12 06:03:15.935 67305 INFO tempest.lib.common.rest_client [req-d8dc31a7-3912-456d-b4c0-6a6f3a2f94c3 req-d8dc31a7-3912-456d-b4c0-6a6f3a2f94c3 ] Request (FloatingIPsAssociationNegativeTestJSON:tearDownClass): 200 GET http://10.180.1.21/compute/v2.1/servers/70cbc4d9-6473-4f49-a1a0-01d81d84d1f4 0.125s
2025-12-12 06:03:16.016 67335 INFO tempest.lib.common.rest_client [req-f5696cc9-0541-4a4e-93fc-f72656e0270e req-f5696cc9-0541-4a4e-93fc-f72656e0270e ] Request (SecurityGroupsTestJSON:test_security_groups_create_list_delete): 200 POST http://10.180.1.21/compute/v2.1/os-security-groups 0.138s
2025-12-12 06:03:16.021 67297 INFO tempest.lib.common.rest_client [req-7486c02b-fe33-44ea-91f2-3144e6914312 req-7486c02b-fe33-44ea-91f2-3144e6914312 ] Request (ListServerFiltersTestJSON:tearDownClass): 200 GET http://10.180.1.21/compute/v2.1/servers/75831186-fdae-478e-8cbe-6e5ec9f2c544 0.077s
2025-12-12 06:03:16.075 67315 INFO tempest.lib.common.rest_client [req-67791979-0803-47a6-a0b8-ddca48fc0780 req-67791979-0803-47a6-a0b8-ddca48fc0780 ] Request (MultipleCreateTestJSON:test_multiple_create_with_reservation_return): 200 GET http://10.180.1.21/compute/v2.1/servers/6263533d-6915-4bb7-b0ea-3621bef1012a 0.080s
2025-12-12 06:03:16.134 67335 INFO tempest.lib.common.rest_client [req-cbfcd712-7274-43e6-959c-6ba8c0809263 req-cbfcd712-7274-43e6-959c-6ba8c0809263 ] Request (SecurityGroupsTestJSON:test_security_groups_create_list_delete): 200 POST http://10.180.1.21/compute/v2.1/os-security-groups 0.114s
2025-12-12 06:03:16.142 67301 INFO tempest.lib.common.rest_client [req-36e17032-ed90-4d14-be5d-3fdbaac5ce0a req-36e17032-ed90-4d14-be5d-3fdbaac5ce0a ] Request (ServerRescueNegativeTestJSON:test_rescued_vm_detach_volume): 200 GET http://10.180.1.21/compute/v2.1/servers/20848884-f6ab-4861-b40d-3996868603f2 0.099s
2025-12-12 06:03:16.193 67343 INFO tempest.lib.common.rest_client [req-f0bd31d1-f293-40be-847b-feb42f909df1 req-f0bd31d1-f293-40be-847b-feb42f909df1 ] Request (FloatingIPsAssociationTestJSON:setUpClass): 200 GET http://10.180.1.21/compute/v2.1/servers/05983223-d2c4-41c7-a214-75c22129284f 0.077s
2025-12-12 06:03:16.258 67335 INFO tempest.lib.common.rest_client [req-cf840085-ca18-4567-8ab1-6710e78b0def req-cf840085-ca18-4567-8ab1-6710e78b0def ] Request (SecurityGroupsTestJSON:test_security_groups_create_list_delete): 200 GET http://10.180.1.21/compute/v2.1/os-security-groups 0.120s
2025-12-12 06:03:16.272 67327 INFO tempest.lib.common.rest_client [req-945e3b35-4d63-4fa2-b6ea-10451f6cae24 req-945e3b35-4d63-4fa2-b6ea-10451f6cae24 ] Request (MigrationsAdminTest:test_resize_server_revert_deleted_flavor): 200 GET http://10.180.1.21/compute/v2.1/servers/8748f8b2-6888-4eef-94c9-b41b0646c719 0.069s
2025-12-12 06:03:16.282 67311 INFO tempest.lib.common.rest_client [req-ad024bdf-053c-4203-a8b9-701a690325cf req-ad024bdf-053c-4203-a8b9-701a690325cf ] Request (ServersAdminNegativeTestJSON:tearDownClass): 404 GET http://10.180.1.21/compute/v2.1/servers/d77333ae-7a45-4b04-975a-ed42684d34c1 0.065s
2025-12-12 06:03:16.375 67311 INFO tempest.lib.common.rest_client [req-a00b364e-e351-47c4-9787-e53e9570a024 req-a00b364e-e351-47c4-9787-e53e9570a024 ] Request (ServersAdminNegativeTestJSON:tearDownClass): 204 DELETE http://10.180.1.21/compute/v2.1/servers/b702a391-ea5f-44d0-8dc2-314b86cc53ae 0.092s
2025-12-12 06:03:16.390 67335 INFO tempest.lib.common.rest_client [req-69d5c602-e305-4f40-a079-be5e322829cd req-69d5c602-e305-4f40-a079-be5e322829cd ] Request (SecurityGroupsTestJSON:test_security_groups_create_list_delete): 202 DELETE http://10.180.1.21/compute/v2.1/os-security-groups/6a028fe4-e3d6-448b-adf7-a3fc8477ee6d 0.128s
2025-12-12 06:03:16.452 67303 INFO tempest.lib.common.rest_client [req-4156b036-22b9-4adb-a6c6-2efc152a7561 req-4156b036-22b9-4adb-a6c6-2efc152a7561 ] Request (ServerRescueTestJSON:tearDownClass): 200 GET http://10.180.1.21/compute/v2.1/servers/6cb8eb85-0c58-4364-b77a-6d7f403db69e 0.128s
2025-12-12 06:03:16.472 67335 INFO tempest.lib.common.rest_client [req-65cf982c-4126-44a5-a547-63de291f02f6 req-65cf982c-4126-44a5-a547-63de291f02f6 ] Request (SecurityGroupsTestJSON:test_security_groups_create_list_delete): 404 GET http://10.180.1.21/compute/v2.1/os-security-groups/6a028fe4-e3d6-448b-adf7-a3fc8477ee6d 0.082s
2025-12-12 06:03:16.533 67333 INFO tempest.lib.common.rest_client [req-894bffbd-a477-48ef-9518-fb085f584f4e req-894bffbd-a477-48ef-9518-fb085f584f4e ] Request (ServerGroupTestJSON:_run_cleanups): 200 GET http://10.180.1.21/compute/v2.1/servers/1bc129e2-4f82-4b76-afd9-a3ae6557d546 0.143s
2025-12-12 06:03:16.564 67311 INFO tempest.lib.common.rest_client [req-e4e16d5b-46df-40d5-90c9-3d6df8284ab5 req-e4e16d5b-46df-40d5-90c9-3d6df8284ab5 ] Request (ServersAdminNegativeTestJSON:tearDownClass): 200 GET http://10.180.1.21/compute/v2.1/servers/b702a391-ea5f-44d0-8dc2-314b86cc53ae 0.189s
2025-12-12 06:03:16.601 67345 INFO tempest.lib.common.rest_client [req-a69270c4-b694-4cb1-bd32-c22c052daf4a req-a69270c4-b694-4cb1-bd32-c22c052daf4a ] Request (DeleteServersTestJSON:test_delete_server_while_in_attached_volume): 200 GET http://10.180.1.21/compute/v2.1/servers/a0e2b6ac-a30d-4fb7-bedd-43ed5f38b366 0.196s
2025-12-12 06:03:16.662 67309 INFO tempest.lib.common.rest_client [req-225ef15c-c8be-45b7-9275-713a9228cc5a req-225ef15c-c8be-45b7-9275-713a9228cc5a ] Request (ServerAddressesTestJSON:tearDownClass): 200 GET http://10.180.1.21/compute/v2.1/servers/907e372f-e5d7-44b5-94e0-e1d845d4283b 0.182s
2025-12-12 06:03:16.695 67335 INFO tempest.lib.common.rest_client [req-54dae76e-2dcb-4745-8564-1d9a13643994 req-54dae76e-2dcb-4745-8564-1d9a13643994 ] Request (SecurityGroupsTestJSON:test_security_groups_create_list_delete): 202 DELETE http://10.180.1.21/compute/v2.1/os-security-groups/20e1771c-7d1e-4375-a009-d6e0776164b7 0.223s
2025-12-12 06:03:16.732 67331 INFO tempest.lib.common.rest_client [req-88723c59-f173-4fe5-a9be-85eafdc45fdb req-88723c59-f173-4fe5-a9be-85eafdc45fdb ] Request (ServersListShow296Test:test_list_show_update_rebuild_server_296): 200 GET http://10.180.1.21/compute/v2.1/servers/0ca2e842-5d00-4e92-885e-a727789a2c73 0.225s
2025-12-12 06:03:16.754 67353 INFO tempest.lib.common.rest_client [req-8be2b217-f708-431b-918f-2ff357768e6e req-8be2b217-f708-431b-918f-2ff357768e6e ] Request (ServersTestManualDisk:setUpClass): 200 GET http://10.180.1.21/compute/v2.1/servers/e6b2bc4a-e398-4837-8a64-1344b4f1ad7c 0.196s
2025-12-12 06:03:16.789 67299 INFO tempest.lib.common.rest_client [req-6f804457-bff0-44b0-bf76-aea51a997abc req-6f804457-bff0-44b0-bf76-aea51a997abc ] Request (ServerMetadataTestJSON:tearDownClass): 200 GET http://10.180.1.21/compute/v2.1/servers/a5710675-caa8-48fc-affa-9ae141916ca9 0.168s
2025-12-12 06:03:16.823 67341 INFO tempest.lib.common.rest_client [req-bb49a5c4-655c-4821-ba9f-449da2800bc2 req-bb49a5c4-655c-4821-ba9f-449da2800bc2 ] Request (AttachInterfacesV270Test:tearDownClass): 200 GET http://10.180.1.21/compute/v2.1/servers/cfaa80f1-b0e9-4f76-a766-094c10eee23e 0.155s
2025-12-12 06:03:16.850 67335 INFO tempest.lib.common.rest_client [req-f4f35089-2148-401d-93b1-0a2ec3ec8777 req-f4f35089-2148-401d-93b1-0a2ec3ec8777 ] Request (SecurityGroupsTestJSON:test_security_groups_create_list_delete): 404 GET http://10.180.1.21/compute/v2.1/os-security-groups/20e1771c-7d1e-4375-a009-d6e0776164b7 0.154s
2025-12-12 06:03:16.860 67313 INFO tempest.lib.common.rest_client [req-a7c1eb00-0039-4386-b389-b14230ae1858 req-a7c1eb00-0039-4386-b389-b14230ae1858 ] Request (VolumesAssistedSnapshotsTest:tearDownClass): 200 GET http://10.180.1.21/compute/v2.1/servers/f2242246-711b-4e17-b2ed-63163870c005 0.172s
2025-12-12 06:03:16.906 67329 INFO tempest.lib.common.rest_client [req-eee60515-c88b-4013-833d-209dc949af6c req-eee60515-c88b-4013-833d-209dc949af6c ] Request (ServerActionsTestJSON:setUpClass): 200 GET http://10.180.1.21/compute/v2.1/servers/826f9089-ff5d-4d09-afd2-2c161f7d160d 0.182s
