2025-11-19 17:25:36.952 65674 INFO tempest.lib.common.rest_client [req-f146f12b-b987-4ef3-a254-7853b1606646 req-f146f12b-b987-4ef3-a254-7853b1606646 ] Request (VolumesAssistedSnapshotsTest:tearDownClass): 200 GET http://10.180.1.21/compute/v2.1/servers/5bf2ac37-617b-4fcd-b7cf-4bfa6b46cafc 0.087s
2025-11-19 17:25:36.997 65648 INFO tempest.lib.common.rest_client [req-3f2ef566-6188-44cd-9e88-36a926991ec2 req-3f2ef566-6188-44cd-9e88-36a926991ec2 ] Request (TenantUsagesTestJSON:tearDownClass): 200 GET http://10.180.1.21/compute/v2.1/servers/d31ea6cf-5cda-4a94-948b-042a83d01d25 0.068s
2025-11-19 17:25:37.028 65676 INFO tempest.lib.common.rest_client [req-882525b9-97a8-4f07-810e-a1a0a6d9bd4e req-882525b9-97a8-4f07-810e-a1a0a6d9bd4e ] Request (ImagesTestJSON:test_create_server_from_snapshot): 200 GET http://10.180.1.21/compute/v2.1/servers/d3dc214e-1f90-4aea-8eb8-e18dbee3b0ad 0.060s
2025-11-19 17:25:37.106 65658 INFO tempest.lib.common.rest_client [req-62bd1d25-1728-4882-a09c-80ab11053ee2 req-62bd1d25-1728-4882-a09c-80ab11053ee2 ] Request (ListImageFiltersTestJSON:setUpClass): 200 GET http://10.180.1.21/compute/v2.1/servers/ad46d34e-f0a1-42a9-9942-9d8b36fc2728 0.075s
2025-11-19 17:25:37.147 65664 INFO tempest.lib.common.rest_client [req-2134934c-ef27-44d0-8b10-109d8eabd774 req-2134934c-ef27-44d0-8b10-109d8eabd774 ] Request (FloatingIPsAssociationTestJSON:test_associate_already_associated_floating_ip): 200 GET http://10.180.1.21/compute/v2.1/servers/cef05a06-bba7-4870-aaa5-a9e0e200bce9 0.054s
2025-11-19 17:25:37.217 65640 INFO tempest.lib.common.rest_client [req-af959be1-e203-4b8b-a729-d9dc35a40ed9 req-af959be1-e203-4b8b-a729-d9dc35a40ed9 ] Request (ServerShowV254Test:test_rebuild_server): 200 GET http://10.180.1.21/compute/v2.1/servers/8815560d-c98a-45ef-8700-f168c77ef62b 0.069s
2025-11-19 17:25:37.336 65646 INFO tempest.lib.common.rest_client [req-22cc4b6c-ef42-4818-8c03-06c6cf68f02f req-22cc4b6c-ef42-4818-8c03-06c6cf68f02f ] Request (ServerActionsV293TestJSON:setUpClass): 200 GET http://10.180.1.21/volume/v3/volumes/672bacc1-c510-479f-83ac-53f64a3e47a6 0.028s
2025-11-19 17:25:37.368 65642 INFO tempest.lib.common.rest_client [req-20b60101-c928-42a1-af3c-9d1493b6aa03 req-20b60101-c928-42a1-af3c-9d1493b6aa03 ] Request (ServerActionsTestOtherA:setUpClass): 200 GET http://10.180.1.21/compute/v2.1/servers/80fd90d6-cecd-42f7-b616-6166554bf2ce 0.094s
2025-11-19 17:25:37.380 65692 INFO tempest.lib.common.rest_client [req-0c9005c8-1eea-4522-8e0d-00188740aa07 req-0c9005c8-1eea-4522-8e0d-00188740aa07 ] Request (MultipleCreateTestJSON:test_multiple_create_with_reservation_return): 200 GET http://10.180.1.21/compute/v2.1/servers/30f675f7-a4b3-4b0a-bef1-59f2feff9e93 0.054s
2025-11-19 17:25:37.480 65670 INFO tempest.lib.common.rest_client [req-f3b33c43-dc4e-49e8-8993-9bb8b47d5e6d req-f3b33c43-dc4e-49e8-8993-9bb8b47d5e6d ] Request (ServersTestJSON:test_create_server_specify_multibyte_character_name): 200 GET http://10.180.1.21/compute/v2.1/servers/716fd98e-9d2a-439f-ad73-9418b10581c5 0.060s
2025-11-19 17:25:37.487 65670 INFO tempest.common.waiters [-] State transition "BUILD/None" ==> "BUILD/networking" after 36 second wait
2025-11-19 17:25:37.597 65634 INFO tempest.lib.common.rest_client [req-8d5776e3-91c3-493d-bc29-86f0bdbc5ce8 req-8d5776e3-91c3-493d-bc29-86f0bdbc5ce8 ] Request (ServerDiskConfigTestJSON:test_rebuild_server_with_manual_disk_config): 200 GET http://10.180.1.21/compute/v2.1/servers/c9d925af-77a4-4e7d-8753-eff21819a840 0.155s
2025-11-19 17:25:37.658 65688 INFO tempest.lib.common.rest_client [req-c73bb402-2d18-4dc9-b277-fe77154d2c58 req-c73bb402-2d18-4dc9-b277-fe77154d2c58 ] Request (ListServersNegativeTestJSON:tearDownClass): 200 GET http://10.180.1.21/compute/v2.1/servers/fcf9d406-ac0d-45e8-9f82-0794033cbe7e 0.113s
2025-11-19 17:25:37.878 65660 INFO tempest.lib.common.rest_client [req-86c72e7f-c352-4bf6-976d-5b7456f8aa27 req-86c72e7f-c352-4bf6-976d-5b7456f8aa27 ] Request (ServersAdminNegativeTestJSON:tearDownClass): 200 GET http://10.180.1.21/compute/v2.1/servers/da05a887-aaf4-482f-b206-f2a339d4a515 0.228s
2025-11-19 17:25:37.900 65656 INFO tempest.lib.common.rest_client [req-f23a4141-94f1-4419-aa2a-ca3855b6644c req-f23a4141-94f1-4419-aa2a-ca3855b6644c ] Request (ServersAdminTestJSON:_run_cleanups): 200 GET http://10.180.1.21/compute/v2.1/servers/ee97976a-f747-4ccc-83e5-77b47141aae1 0.232s
2025-11-19 17:25:37.933 65650 INFO tempest.lib.common.rest_client [req-321eba9b-a0d1-4c60-b3ca-19d8a897e930 req-321eba9b-a0d1-4c60-b3ca-19d8a897e930 ] Request (ServerRescueTestJSON:setUpClass): 200 GET http://10.180.1.21/compute/v2.1/servers/1b5d47dd-770a-4421-af43-aefcf4836bf3 0.210s
2025-11-19 17:25:37.938 65666 WARNING tempest.lib.common.ssh [-] Failed to establish authenticated ssh connection to cirros@10.180.180.249 ([Errno None] Unable to connect to port 22 on 10.180.180.249). Number attempts: 5. Retry after 6 seconds.: paramiko.ssh_exception.NoValidConnectionsError: [Errno None] Unable to connect to port 22 on 10.180.180.249
2025-11-19 17:25:37.967 65662 INFO tempest.lib.common.rest_client [req-7f6af821-c341-4ece-9f83-c6c70bf2217f req-7f6af821-c341-4ece-9f83-c6c70bf2217f ] Request (ImagesOneServerTestJSON:tearDownClass): 200 GET http://10.180.1.21/compute/v2.1/servers/a9ea47e5-505a-47fa-988d-748762edce92 0.175s
2025-11-19 17:25:38.054 65638 INFO tempest.lib.common.rest_client [req-51e9fc1a-39fa-4a71-8fac-6b967e1cc8b0 req-51e9fc1a-39fa-4a71-8fac-6b967e1cc8b0 ] Request (ImagesOneServerNegativeTestJSON:tearDown): 200 GET http://10.180.1.21/compute/v2.1/servers/e248aa48-4261-48da-bad2-6450ba477b47 0.246s
2025-11-19 17:25:38.063 65638 INFO tempest.common.waiters [-] State transition "ACTIVE/image_snapshot_pending" ==> "ACTIVE/image_snapshot" after 2 second wait
2025-11-19 17:25:38.070 65672 INFO tempest.lib.common.rest_client [req-5cb19be2-b4be-4f9c-b314-2d60bac4ae39 req-5cb19be2-b4be-4f9c-b314-2d60bac4ae39 ] Request (FloatingIPsAssociationNegativeTestJSON:tearDownClass): 200 GET http://10.180.1.21/compute/v2.1/servers/2b0e208b-83ce-4198-bbe4-a64cf9653224 0.198s
2025-11-19 17:25:38.115 65654 INFO tempest.lib.common.rest_client [req-50c23ca0-b8ca-4375-8635-5800032d0696 req-50c23ca0-b8ca-4375-8635-5800032d0696 ] Request (ServerAddressesTestJSON:tearDownClass): 200 GET http://10.180.1.21/compute/v2.1/servers/8675694f-2952-494c-9c8a-b8ca16f8cb07 0.221s
2025-11-19 17:25:38.135 65690 INFO tempest.lib.common.rest_client [req-fbd320b2-514a-401c-ba9b-9aaae1e907fb req-fbd320b2-514a-401c-ba9b-9aaae1e907fb ] Request (SecurityGroupsTestJSON:test_server_security_groups): 200 GET http://10.180.1.21/compute/v2.1/servers/3967162b-126c-4b94-ae47-222331a99aa8 0.194s
2025-11-19 17:25:38.181 65674 INFO tempest.lib.common.rest_client [req-fd698e27-5b9f-4226-ae13-8a937862ca07 req-fd698e27-5b9f-4226-ae13-8a937862ca07 ] Request (VolumesAssistedSnapshotsTest:tearDownClass): 200 GET http://10.180.1.21/compute/v2.1/servers/5bf2ac37-617b-4fcd-b7cf-4bfa6b46cafc 0.219s
2025-11-19 17:25:38.209 65648 INFO tempest.lib.common.rest_client [req-5f34d73d-7c67-4d9a-96f4-d1f718a7dc76 req-5f34d73d-7c67-4d9a-96f4-d1f718a7dc76 ] Request (TenantUsagesTestJSON:tearDownClass): 200 GET http://10.180.1.21/compute/v2.1/servers/d31ea6cf-5cda-4a94-948b-042a83d01d25 0.205s
2025-11-19 17:25:38.235 65676 INFO tempest.lib.common.rest_client [req-d0260207-cb20-4012-9e5d-fd87e74be60c req-d0260207-cb20-4012-9e5d-fd87e74be60c ] Request (ImagesTestJSON:test_create_server_from_snapshot): 200 GET http://10.180.1.21/compute/v2.1/servers/d3dc214e-1f90-4aea-8eb8-e18dbee3b0ad 0.199s
2025-11-19 17:25:38.271 65658 INFO tempest.lib.common.rest_client [req-7a686285-16bd-48c0-bf4c-89f2cec92837 req-7a686285-16bd-48c0-bf4c-89f2cec92837 ] Request (ListImageFiltersTestJSON:setUpClass): 200 GET http://10.180.1.21/compute/v2.1/servers/ad46d34e-f0a1-42a9-9942-9d8b36fc2728 0.153s
2025-11-19 17:25:38.293 65664 INFO tempest.lib.common.rest_client [req-34e86758-2285-4eb9-82a9-79f37c6dfcd5 req-34e86758-2285-4eb9-82a9-79f37c6dfcd5 ] Request (FloatingIPsAssociationTestJSON:test_associate_already_associated_floating_ip): 200 GET http://10.180.1.21/compute/v2.1/servers/cef05a06-bba7-4870-aaa5-a9e0e200bce9 0.138s
2025-11-19 17:25:38.329 65640 INFO tempest.lib.common.rest_client [req-6942905c-76d4-4b57-82f9-946738934232 req-6942905c-76d4-4b57-82f9-946738934232 ] Request (ServerShowV254Test:test_rebuild_server): 200 GET http://10.180.1.21/compute/v2.1/servers/8815560d-c98a-45ef-8700-f168c77ef62b 0.101s
2025-11-19 17:25:38.378 65646 INFO tempest.lib.common.rest_client [req-6079ac5a-a3ce-4edc-a565-06eabc9302ad req-6079ac5a-a3ce-4edc-a565-06eabc9302ad ] Request (ServerActionsV293TestJSON:setUpClass): 200 GET http://10.180.1.21/volume/v3/volumes/672bacc1-c510-479f-83ac-53f64a3e47a6 0.034s
2025-11-19 17:25:38.488 65692 INFO tempest.lib.common.rest_client [req-6bd58e94-2b57-4a29-acb7-abe041e3cab1 req-6bd58e94-2b57-4a29-acb7-abe041e3cab1 ] Request (MultipleCreateTestJSON:test_multiple_create_with_reservation_return): 200 GET http://10.180.1.21/compute/v2.1/servers/30f675f7-a4b3-4b0a-bef1-59f2feff9e93 0.100s
2025-11-19 17:25:38.517 65642 INFO tempest.lib.common.rest_client [req-98fcb493-c2c4-4287-a551-158c61b913c1 req-98fcb493-c2c4-4287-a551-158c61b913c1 ] Request (ServerActionsTestOtherA:setUpClass): 200 GET http://10.180.1.21/compute/v2.1/servers/80fd90d6-cecd-42f7-b616-6166554bf2ce 0.141s
2025-11-19 17:25:38.661 65670 INFO tempest.lib.common.rest_client [req-f732e3fc-b50e-4f73-909a-52b4a3f3b07b req-f732e3fc-b50e-4f73-909a-52b4a3f3b07b ] Request (ServersTestJSON:test_create_server_specify_multibyte_character_name): 200 GET http://10.180.1.21/compute/v2.1/servers/716fd98e-9d2a-439f-ad73-9418b10581c5 0.173s
2025-11-19 17:25:38.669 65670 INFO tempest.common.waiters [-] State transition "BUILD/networking" ==> "BUILD/spawning" after 37 second wait
2025-11-19 17:25:38.729 65634 INFO tempest.lib.common.rest_client [req-48d2bec9-a0dc-4798-8c2c-0e019044cf55 req-48d2bec9-a0dc-4798-8c2c-0e019044cf55 ] Request (ServerDiskConfigTestJSON:test_rebuild_server_with_manual_disk_config): 200 GET http://10.180.1.21/compute/v2.1/servers/c9d925af-77a4-4e7d-8753-eff21819a840 0.120s
2025-11-19 17:25:38.736 65634 INFO tempest.common.waiters [-] State transition "REBUILD/rebuild_spawning" ==> "ACTIVE/None" after 11 second wait
2025-11-19 17:25:38.744 65688 INFO tempest.lib.common.rest_client [req-eac4208a-11a2-4101-8fa6-83ffad80d274 req-eac4208a-11a2-4101-8fa6-83ffad80d274 ] Request (ListServersNegativeTestJSON:tearDownClass): 200 GET http://10.180.1.21/compute/v2.1/servers/fcf9d406-ac0d-45e8-9f82-0794033cbe7e 0.076s
2025-11-19 17:25:38.839 65634 INFO tempest.lib.common.rest_client [req-a3517573-949c-4fe5-a0fc-875acc515d10 req-a3517573-949c-4fe5-a0fc-875acc515d10 ] Request (ServerDiskConfigTestJSON:test_rebuild_server_with_manual_disk_config): 200 GET http://10.180.1.21/compute/v2.1/servers/c9d925af-77a4-4e7d-8753-eff21819a840 0.102s
2025-11-19 17:25:38.950 65634 INFO tempest.lib.common.rest_client [req-614315da-a4ee-4644-95b2-b97bcd196c40 req-614315da-a4ee-4644-95b2-b97bcd196c40 ] Request (ServerDiskConfigTestJSON:_run_cleanups): 204 DELETE http://10.180.1.21/compute/v2.1/servers/c9d925af-77a4-4e7d-8753-eff21819a840 0.104s
2025-11-19 17:25:38.960 65660 INFO tempest.lib.common.rest_client [req-c29283f3-1c3c-4edf-9739-90877e8caa77 req-c29283f3-1c3c-4edf-9739-90877e8caa77 ] Request (ServersAdminNegativeTestJSON:tearDownClass): 200 GET http://10.180.1.21/compute/v2.1/servers/da05a887-aaf4-482f-b206-f2a339d4a515 0.074s
2025-11-19 17:25:39.043 65634 INFO tempest.lib.common.rest_client [req-05811f9e-312a-4ca3-b89b-a17a8ab951a2 req-05811f9e-312a-4ca3-b89b-a17a8ab951a2 ] Request (ServerDiskConfigTestJSON:test_resize_server_from_auto_to_manual): 201 POST http://10.180.1.21/identity/v3/auth/tokens 0.087s
2025-11-19 17:25:39.043 65634 INFO tempest.lib.common.fixed_network [-] (ServerDiskConfigTestJSON:test_resize_server_from_auto_to_manual) Found network {'id': '2b8c1452-a42e-4c6d-8148-e76cfee68c6a', 'name': 'tempest-ServerDiskConfigTestJSON-1835579373-network', 'tenant_id': '2ee5d8fe21de49bc9a5387bed8a21939', 'project_id': '2ee5d8fe21de49bc9a5387bed8a21939', 'admin_state_up': True, 'mtu': 8950, 'status': 'ACTIVE', 'subnets': [], 'shared': False, 'port_security_enabled': True, 'router:external': False, 'provider:network_type': 'vlan', 'provider:physical_network': 'default', 'provider:segmentation_id': 508, 'availability_zone_hints': [], 'availability_zones': [], 'ipv4_address_scope': None, 'ipv6_address_scope': None, 'description': '', 'tags': [], 'created_at': '2025-11-19T17:23:31Z', 'updated_at': '2025-11-19T17:23:31Z', 'revision_number': 1} available for tenant
2025-11-19 17:25:39.063 65650 INFO tempest.lib.common.rest_client [req-6e126495-baa5-4ab3-bc08-498d42a90dcf req-6e126495-baa5-4ab3-bc08-498d42a90dcf ] Request (ServerRescueTestJSON:setUpClass): 200 GET http://10.180.1.21/compute/v2.1/servers/1b5d47dd-770a-4421-af43-aefcf4836bf3 0.119s
2025-11-19 17:25:39.094 65656 INFO tempest.lib.common.rest_client [req-76f10b3d-1cbc-4cad-ad9a-8ff7b61199c9 req-76f10b3d-1cbc-4cad-ad9a-8ff7b61199c9 ] Request (ServersAdminTestJSON:_run_cleanups): 200 GET http://10.180.1.21/compute/v2.1/servers/ee97976a-f747-4ccc-83e5-77b47141aae1 0.182s
2025-11-19 17:25:39.102 65656 INFO tempest.common.waiters [-] State transition "REBUILD/rebuild_spawning" ==> "ACTIVE/None" after 11 second wait
2025-11-19 17:25:39.138 65662 INFO tempest.lib.common.rest_client [req-5754e795-cde5-4095-a1f9-1e55360cae93 req-5754e795-cde5-4095-a1f9-1e55360cae93 ] Request (ImagesOneServerTestJSON:tearDownClass): 200 GET http://10.180.1.21/compute/v2.1/servers/a9ea47e5-505a-47fa-988d-748762edce92 0.163s
2025-11-19 17:25:39.254 65638 INFO tempest.lib.common.rest_client [req-169248ac-7a67-43cc-adf3-36b771ce4b32 req-169248ac-7a67-43cc-adf3-36b771ce4b32 ] Request (ImagesOneServerNegativeTestJSON:tearDown): 200 GET http://10.180.1.21/compute/v2.1/servers/e248aa48-4261-48da-bad2-6450ba477b47 0.190s
2025-11-19 17:25:39.261 65638 INFO tempest.common.waiters [-] State transition "ACTIVE/image_snapshot" ==> "ACTIVE/image_pending_upload" after 3 second wait
2025-11-19 17:25:39.316 65672 INFO tempest.lib.common.rest_client [req-62707229-0e23-4a3a-a83d-ec7d79937700 req-62707229-0e23-4a3a-a83d-ec7d79937700 ] Request (FloatingIPsAssociationNegativeTestJSON:tearDownClass): 200 GET http://10.180.1.21/compute/v2.1/servers/2b0e208b-83ce-4198-bbe4-a64cf9653224 0.238s
2025-11-19 17:25:39.362 65656 INFO tempest.lib.common.rest_client [req-d832c7d5-86e6-4b4d-9a90-c343b4279b0a req-d832c7d5-86e6-4b4d-9a90-c343b4279b0a ] Request (ServersAdminTestJSON:test_reset_state_server): 202 POST http://10.180.1.21/compute/v2.1/servers/ee97976a-f747-4ccc-83e5-77b47141aae1/action 0.259s
2025-11-19 17:25:39.420 65646 INFO tempest.lib.common.rest_client [req-f1f6ec23-6711-404f-8415-17ffb3013d51 req-f1f6ec23-6711-404f-8415-17ffb3013d51 ] Request (ServerActionsV293TestJSON:setUpClass): 200 GET http://10.180.1.21/volume/v3/volumes/672bacc1-c510-479f-83ac-53f64a3e47a6 0.034s
2025-11-19 17:25:39.425 65654 INFO tempest.lib.common.rest_client [req-7baed36e-36e5-412c-bbd6-539415148e46 req-7baed36e-36e5-412c-bbd6-539415148e46 ] Request (ServerAddressesTestJSON:tearDownClass): 200 GET http://10.180.1.21/compute/v2.1/servers/8675694f-2952-494c-9c8a-b8ca16f8cb07 0.300s
2025-11-19 17:25:39.431 65634 INFO tempest.lib.common.rest_client [req-5eb6de09-4816-4841-9ccb-ba82e7ce6013 req-5eb6de09-4816-4841-9ccb-ba82e7ce6013 ] Request (ServerDiskConfigTestJSON:test_resize_server_from_auto_to_manual): 202 POST http://10.180.1.21/compute/v2.1/servers 0.386s
2025-11-19 17:25:39.433 65654 INFO tempest.common.waiters [-] State transition "ACTIVE/deleting" ==> "DELETED/None" after 4 second wait
2025-11-19 17:25:39.534 65690 INFO tempest.lib.common.rest_client [req-a903fd75-9495-49fd-b3c1-fbcb9449dcda req-a903fd75-9495-49fd-b3c1-fbcb9449dcda ] Request (SecurityGroupsTestJSON:test_server_security_groups): 200 GET http://10.180.1.21/compute/v2.1/servers/3967162b-126c-4b94-ae47-222331a99aa8 0.389s
2025-11-19 17:25:39.559 65674 INFO tempest.lib.common.rest_client [req-c37c7235-4c06-4533-b531-6bc21bfb4911 req-c37c7235-4c06-4533-b531-6bc21bfb4911 ] Request (VolumesAssistedSnapshotsTest:tearDownClass): 200 GET http://10.180.1.21/compute/v2.1/servers/5bf2ac37-617b-4fcd-b7cf-4bfa6b46cafc 0.370s
2025-11-19 17:25:39.617 65648 INFO tempest.lib.common.rest_client [req-dbaca4e6-3ba8-4e2c-a64b-a486d25c316e req-dbaca4e6-3ba8-4e2c-a64b-a486d25c316e ] Request (TenantUsagesTestJSON:tearDownClass): 200 GET http://10.180.1.21/compute/v2.1/servers/d31ea6cf-5cda-4a94-948b-042a83d01d25 0.399s
2025-11-19 17:25:39.618 65676 INFO tempest.lib.common.rest_client [req-15e47d2a-e815-4167-96e3-66a2a29e2a22 req-15e47d2a-e815-4167-96e3-66a2a29e2a22 ] Request (ImagesTestJSON:test_create_server_from_snapshot): 200 GET http://10.180.1.21/compute/v2.1/servers/d3dc214e-1f90-4aea-8eb8-e18dbee3b0ad 0.371s
2025-11-19 17:25:39.674 65658 INFO tempest.lib.common.rest_client [req-98435c59-9053-44f6-b370-3635451bb178 req-98435c59-9053-44f6-b370-3635451bb178 ] Request (ListImageFiltersTestJSON:setUpClass): 200 GET http://10.180.1.21/compute/v2.1/servers/ad46d34e-f0a1-42a9-9942-9d8b36fc2728 0.395s
2025-11-19 17:25:39.675 65664 INFO tempest.lib.common.rest_client [req-9401cc2a-e0bd-4518-8fc9-de08c328108a req-9401cc2a-e0bd-4518-8fc9-de08c328108a ] Request (FloatingIPsAssociationTestJSON:test_associate_already_associated_floating_ip): 200 GET http://10.180.1.21/compute/v2.1/servers/cef05a06-bba7-4870-aaa5-a9e0e200bce9 0.374s
2025-11-19 17:25:39.729 65640 INFO tempest.lib.common.rest_client [req-37417f6f-f724-4344-b173-b3173becef33 req-37417f6f-f724-4344-b173-b3173becef33 ] Request (ServerShowV254Test:test_rebuild_server): 200 GET http://10.180.1.21/compute/v2.1/servers/8815560d-c98a-45ef-8700-f168c77ef62b 0.389s
2025-11-19 17:25:39.773 65634 INFO tempest.lib.common.rest_client [req-e94e55f0-c233-49ec-ba17-431fe22fdedc req-e94e55f0-c233-49ec-ba17-431fe22fdedc ] Request (ServerDiskConfigTestJSON:test_resize_server_from_auto_to_manual): 200 GET http://10.180.1.21/compute/v2.1/servers/0bf49c52-142e-4918-8e18-485e39c5e7df 0.341s
2025-11-19 17:25:39.808 65656 INFO tempest.lib.common.rest_client [req-9756adee-4f9a-4fe8-8e95-23a6064b4602 req-9756adee-4f9a-4fe8-8e95-23a6064b4602 ] Request (ServersAdminTestJSON:test_reset_state_server): 200 GET http://10.180.1.21/compute/v2.1/servers/ee97976a-f747-4ccc-83e5-77b47141aae1 0.445s
2025-11-19 17:25:39.836 65692 INFO tempest.lib.common.rest_client [req-e8375cd7-c46f-4e28-b8e1-82a0a455dc78 req-e8375cd7-c46f-4e28-b8e1-82a0a455dc78 ] Request (MultipleCreateTestJSON:test_multiple_create_with_reservation_return): 200 GET http://10.180.1.21/compute/v2.1/servers/30f675f7-a4b3-4b0a-bef1-59f2feff9e93 0.337s
2025-11-19 17:25:39.907 65642 INFO tempest.lib.common.rest_client [req-a42e01c7-7b39-40a1-be17-a74a5e67d6ed req-a42e01c7-7b39-40a1-be17-a74a5e67d6ed ] Request (ServerActionsTestOtherA:setUpClass): 200 GET http://10.180.1.21/compute/v2.1/servers/80fd90d6-cecd-42f7-b616-6166554bf2ce 0.381s
2025-11-19 17:25:39.914 65642 INFO tempest.common.waiters [-] State transition "BUILD/spawning" ==> "ACTIVE/None" after 52 second wait
2025-11-19 17:25:39.934 65670 INFO tempest.lib.common.rest_client [req-691a28f3-8e0a-4b37-8644-15549f60f80c req-691a28f3-8e0a-4b37-8644-15549f60f80c ] Request (ServersTestJSON:test_create_server_specify_multibyte_character_name): 200 GET http://10.180.1.21/compute/v2.1/servers/716fd98e-9d2a-439f-ad73-9418b10581c5 0.264s
2025-11-19 17:25:39.975 65688 INFO tempest.lib.common.rest_client [req-84dcbb7f-748f-4ec3-8fd3-3311ed6e3e0b req-84dcbb7f-748f-4ec3-8fd3-3311ed6e3e0b ] Request (ListServersNegativeTestJSON:tearDownClass): 200 GET http://10.180.1.21/compute/v2.1/servers/fcf9d406-ac0d-45e8-9f82-0794033cbe7e 0.222s
2025-11-19 17:25:40.008 65656 INFO tempest.lib.common.rest_client [req-048584a2-9b69-4da0-961c-34bf153dc554 req-048584a2-9b69-4da0-961c-34bf153dc554 ] Request (ServersAdminTestJSON:test_reset_state_server): 202 POST http://10.180.1.21/compute/v2.1/servers/ee97976a-f747-4ccc-83e5-77b47141aae1/action 0.184s
2025-11-19 17:25:40.034 65660 INFO tempest.lib.common.rest_client [req-ad48be14-2b2f-4be7-b36e-b1c952b0b9b8 req-ad48be14-2b2f-4be7-b36e-b1c952b0b9b8 ] Request (ServersAdminNegativeTestJSON:tearDownClass): 404 GET http://10.180.1.21/compute/v2.1/servers/da05a887-aaf4-482f-b206-f2a339d4a515 0.064s
2025-11-19 17:25:40.070 65642 INFO tempest.lib.common.rest_client [req-0a7e83fe-7b4e-4845-bade-a9a525ba3cc2 req-0a7e83fe-7b4e-4845-bade-a9a525ba3cc2 ] Request (ServerActionsTestOtherA:setUpClass): 200 GET http://10.180.1.21/compute/v2.1/servers/80fd90d6-cecd-42f7-b616-6166554bf2ce/os-interface 0.155s
2025-11-19 17:25:40.152 65650 INFO tempest.lib.common.rest_client [req-05326e9e-a17d-49a3-a04e-4089aff6c622 req-05326e9e-a17d-49a3-a04e-4089aff6c622 ] Request (ServerRescueTestJSON:setUpClass): 200 GET http://10.180.1.21/compute/v2.1/servers/1b5d47dd-770a-4421-af43-aefcf4836bf3 0.081s
2025-11-19 17:25:40.175 65656 INFO tempest.lib.common.rest_client [req-499560b7-7142-41cd-980c-61e3e841654b req-499560b7-7142-41cd-980c-61e3e841654b ] Request (ServersAdminTestJSON:test_reset_state_server): 200 GET http://10.180.1.21/compute/v2.1/servers/ee97976a-f747-4ccc-83e5-77b47141aae1 0.166s
2025-11-19 17:25:40.205 65660 INFO tempest.lib.common.rest_client [req-9eaad259-54df-4ee5-a52a-24dac9347aac req-9eaad259-54df-4ee5-a52a-24dac9347aac ] Request (ServersAdminNegativeTestJSON:tearDownClass): 204 DELETE http://10.180.1.21/identity/v3/users/f910cfa974354d13a4e33fc7fc5d5d65 0.170s
2025-11-19 17:25:40.232 65662 INFO tempest.lib.common.rest_client [req-154f1012-cc39-49a5-8f16-338b00c511e0 req-154f1012-cc39-49a5-8f16-338b00c511e0 ] Request (ImagesOneServerTestJSON:tearDownClass): 200 GET http://10.180.1.21/compute/v2.1/servers/a9ea47e5-505a-47fa-988d-748762edce92 0.084s
2025-11-19 17:25:40.279 65656 INFO tempest.lib.common.rest_client [req-0e5c006f-c818-4dd8-b2d9-9e9342cba31e req-0e5c006f-c818-4dd8-b2d9-9e9342cba31e ] Request (ServersAdminTestJSON:tearDownClass): 204 DELETE http://10.180.1.21/compute/v2.1/servers/9278a370-f2e3-44ac-ba81-946027ef109d 0.092s
2025-11-19 17:25:40.331 65660 INFO tempest.lib.common.rest_client [req-09e6de1a-cccb-4276-add1-300676c20451 req-09e6de1a-cccb-4276-add1-300676c20451 ] Request (ServersAdminNegativeTestJSON:tearDownClass): 204 DELETE http://10.180.1.21/identity/v3/users/c1f6e2f673d84cb695bf58702efb38ac 0.126s
2025-11-19 17:25:40.332 65660 INFO tempest.lib.common.dynamic_creds [-] Deleting project and security group for project: 2a792a3216b0434ba9dba5a0e171c049
2025-11-19 17:25:40.407 65660 INFO tempest.lib.common.rest_client [req-cd1fed8f-040e-494b-99a8-31cbc069ae22 req-cd1fed8f-040e-494b-99a8-31cbc069ae22 ] Request (ServersAdminNegativeTestJSON:tearDownClass): 201 POST http://10.180.1.21/identity/v3/auth/tokens 0.075s
2025-11-19 17:25:40.460 65646 INFO tempest.lib.common.rest_client [req-f986ba96-b1af-4e5c-9d11-f32ca6fe791d req-f986ba96-b1af-4e5c-9d11-f32ca6fe791d ] Request (ServerActionsV293TestJSON:setUpClass): 200 GET http://10.180.1.21/volume/v3/volumes/672bacc1-c510-479f-83ac-53f64a3e47a6 0.032s
2025-11-19 17:25:40.570 65660 INFO tempest.lib.common.rest_client [req-25b8f0b7-f39d-4176-b241-b6674167b8fc req-25b8f0b7-f39d-4176-b241-b6674167b8fc ] Request (ServersAdminNegativeTestJSON:tearDownClass): 200 GET http://10.180.1.21/networking/v2.0/security-groups?tenant_id=2a792a3216b0434ba9dba5a0e171c049&name=default 0.162s
2025-11-19 17:25:40.606 65656 INFO tempest.lib.common.rest_client [req-265e34b3-55a1-4ca9-9bc2-a34cfb4a7527 req-265e34b3-55a1-4ca9-9bc2-a34cfb4a7527 ] Request (ServersAdminTestJSON:tearDownClass): 200 GET http://10.180.1.21/compute/v2.1/servers/9278a370-f2e3-44ac-ba81-946027ef109d 0.326s
2025-11-19 17:25:40.631 65638 INFO tempest.lib.common.rest_client [req-b1404d34-a235-42ab-8668-73daec7ab274 req-b1404d34-a235-42ab-8668-73daec7ab274 ] Request (ImagesOneServerNegativeTestJSON:tearDown): 200 GET http://10.180.1.21/compute/v2.1/servers/e248aa48-4261-48da-bad2-6450ba477b47 0.368s
2025-11-19 17:25:40.683 65642 INFO tempest.lib.common.rest_client [req-d87f3ddc-d223-4b73-80de-e2242d7d2f89 req-d87f3ddc-d223-4b73-80de-e2242d7d2f89 ] Request (ServerActionsTestOtherA:setUpClass): 200 PUT http://10.180.1.21/networking/v2.0/floatingips/67f718fc-06b2-46f1-ba2b-c93047128510 0.611s
2025-11-19 17:25:40.685 65642 INFO tempest.lib.common.ssh [-] Creating ssh connection to '10.180.180.173:22' as 'cirros' with public key authentication
2025-11-19 17:25:40.710 65672 INFO tempest.lib.common.rest_client [req-0ab8cac0-0ddf-4010-87b8-963d1fd69429 req-0ab8cac0-0ddf-4010-87b8-963d1fd69429 ] Request (FloatingIPsAssociationNegativeTestJSON:tearDownClass): 200 GET http://10.180.1.21/compute/v2.1/servers/2b0e208b-83ce-4198-bbe4-a64cf9653224 0.385s
2025-11-19 17:25:40.748 65654 INFO tempest.lib.common.rest_client [req-4a562263-07ee-44ad-8406-853f9eac0020 req-4a562263-07ee-44ad-8406-853f9eac0020 ] Request (ServerAddressesTestJSON:tearDownClass): 200 GET http://10.180.1.21/compute/v2.1/servers/8675694f-2952-494c-9c8a-b8ca16f8cb07 0.314s
2025-11-19 17:25:40.768 65660 INFO tempest.lib.common.rest_client [req-d082f2b9-7c91-44a1-9baa-f71a9165f372 req-d082f2b9-7c91-44a1-9baa-f71a9165f372 ] Request (ServersAdminNegativeTestJSON:tearDownClass): 204 DELETE http://10.180.1.21/networking/v2.0/security-groups/928323ae-8c39-4278-904b-58b1d57a2d77 0.198s
2025-11-19 17:25:40.773 65690 INFO tempest.lib.common.rest_client [req-902471a0-eef7-4e58-97d6-56a3513328b0 req-902471a0-eef7-4e58-97d6-56a3513328b0 ] Request (SecurityGroupsTestJSON:test_server_security_groups): 200 GET http://10.180.1.21/compute/v2.1/servers/3967162b-126c-4b94-ae47-222331a99aa8 0.225s
2025-11-19 17:25:40.840 65674 INFO tempest.lib.common.rest_client [req-bb9fad0d-866f-4044-9f19-abff3124dd06 req-bb9fad0d-866f-4044-9f19-abff3124dd06 ] Request (VolumesAssistedSnapshotsTest:tearDownClass): 200 GET http://10.180.1.21/compute/v2.1/servers/5bf2ac37-617b-4fcd-b7cf-4bfa6b46cafc 0.263s
2025-11-19 17:25:40.866 65648 INFO tempest.lib.common.rest_client [req-b4881875-e600-4f0d-a980-259c9e377fe4 req-b4881875-e600-4f0d-a980-259c9e377fe4 ] Request (TenantUsagesTestJSON:tearDownClass): 200 GET http://10.180.1.21/compute/v2.1/servers/d31ea6cf-5cda-4a94-948b-042a83d01d25 0.242s
2025-11-19 17:25:40.881 65660 INFO tempest.lib.common.rest_client [req-b5132f9f-0bbc-455a-b9fe-5d98a7286e15 req-b5132f9f-0bbc-455a-b9fe-5d98a7286e15 ] Request (ServersAdminNegativeTestJSON:tearDownClass): 204 DELETE http://10.180.1.21/identity/v3/projects/2a792a3216b0434ba9dba5a0e171c049 0.112s
2025-11-19 17:25:40.882 65660 INFO tempest.lib.common.dynamic_creds [-] Deleting project and security group for project: 77ef9563e44146c6bb7181cd5e8f484d
2025-11-19 17:25:40.918 65676 INFO tempest.lib.common.rest_client [req-513ce7b0-6c19-4b06-971f-6a7afc251036 req-513ce7b0-6c19-4b06-971f-6a7afc251036 ] Request (ImagesTestJSON:test_create_server_from_snapshot): 200 GET http://10.180.1.21/compute/v2.1/servers/d3dc214e-1f90-4aea-8eb8-e18dbee3b0ad 0.292s
2025-11-19 17:25:40.939 65660 INFO tempest.lib.common.rest_client [req-03690872-5f4f-4da1-b62d-4ac8a3d4a862 req-03690872-5f4f-4da1-b62d-4ac8a3d4a862 ] Request (ServersAdminNegativeTestJSON:tearDownClass): 200 GET http://10.180.1.21/networking/v2.0/security-groups?tenant_id=77ef9563e44146c6bb7181cd5e8f484d&name=default 0.056s
2025-11-19 17:25:40.979 65664 INFO tempest.lib.common.rest_client [req-c9950c13-d06d-4f87-815d-27ab7626cf8c req-c9950c13-d06d-4f87-815d-27ab7626cf8c ] Request (FloatingIPsAssociationTestJSON:test_associate_already_associated_floating_ip): 200 GET http://10.180.1.21/compute/v2.1/servers/cef05a06-bba7-4870-aaa5-a9e0e200bce9 0.295s
2025-11-19 17:25:41.061 65658 INFO tempest.lib.common.rest_client [req-8a32de32-acb5-4c8f-99c1-5bd270ad79d4 req-8a32de32-acb5-4c8f-99c1-5bd270ad79d4 ] Request (ListImageFiltersTestJSON:setUpClass): 200 GET http://10.180.1.21/compute/v2.1/servers/ad46d34e-f0a1-42a9-9942-9d8b36fc2728 0.375s
2025-11-19 17:25:41.081 65640 INFO tempest.lib.common.rest_client [req-b7ab51fa-c6f0-41cd-87db-1db60d4ae43f req-b7ab51fa-c6f0-41cd-87db-1db60d4ae43f ] Request (ServerShowV254Test:test_rebuild_server): 200 GET http://10.180.1.21/compute/v2.1/servers/8815560d-c98a-45ef-8700-f168c77ef62b 0.341s
2025-11-19 17:25:41.084 65660 INFO tempest.lib.common.rest_client [req-3ef2758a-b7f2-4be1-a978-94facc090993 req-3ef2758a-b7f2-4be1-a978-94facc090993 ] Request (ServersAdminNegativeTestJSON:tearDownClass): 204 DELETE http://10.180.1.21/networking/v2.0/security-groups/bcf1b661-1b88-43ed-b9e8-18b6fe1bd0da 0.145s
2025-11-19 17:25:41.126 65634 INFO tempest.lib.common.rest_client [req-0b055a3b-f834-438d-9999-51e5fa656d4f req-0b055a3b-f834-438d-9999-51e5fa656d4f ] Request (ServerDiskConfigTestJSON:test_resize_server_from_auto_to_manual): 200 GET http://10.180.1.21/compute/v2.1/servers/0bf49c52-142e-4918-8e18-485e39c5e7df 0.343s
2025-11-19 17:25:41.144 65692 INFO tempest.lib.common.rest_client [req-9dfdafe2-aada-4d19-8190-7a541508d44b req-9dfdafe2-aada-4d19-8190-7a541508d44b ] Request (MultipleCreateTestJSON:test_multiple_create_with_reservation_return): 200 GET http://10.180.1.21/compute/v2.1/servers/30f675f7-a4b3-4b0a-bef1-59f2feff9e93 0.299s
2025-11-19 17:25:41.218 65688 INFO tempest.lib.common.rest_client [req-fb718110-fb8a-41c2-bed9-78894d7f2ac6 req-fb718110-fb8a-41c2-bed9-78894d7f2ac6 ] Request (ListServersNegativeTestJSON:tearDownClass): 200 GET http://10.180.1.21/compute/v2.1/servers/fcf9d406-ac0d-45e8-9f82-0794033cbe7e 0.232s
2025-11-19 17:25:41.221 65660 INFO tempest.lib.common.rest_client [req-f1651f3a-f0ab-4326-9633-412f8612768f req-f1651f3a-f0ab-4326-9633-412f8612768f ] Request (ServersAdminNegativeTestJSON:tearDownClass): 204 DELETE http://10.180.1.21/identity/v3/projects/77ef9563e44146c6bb7181cd5e8f484d 0.137s
2025-11-19 17:25:41.222 65660 INFO tempest.test [-] raised in ServersOnMultiNodesTest.setUpClass. Invoking tearDownClass.
2025-11-19 17:25:41.248 65680 WARNING tempest.lib.common.ssh [-] Failed to establish authenticated ssh connection to cirros@10.180.180.236 ([Errno None] Unable to connect to port 22 on 10.180.180.236). Number attempts: 5. Retry after 6 seconds.: paramiko.ssh_exception.NoValidConnectionsError: [Errno None] Unable to connect to port 22 on 10.180.180.236
2025-11-19 17:25:41.259 65670 INFO tempest.lib.common.rest_client [req-4f2c9a7e-b4ba-4c94-8b93-137151b3bc06 req-4f2c9a7e-b4ba-4c94-8b93-137151b3bc06 ] Request (ServersTestJSON:test_create_server_specify_multibyte_character_name): 200 GET http://10.180.1.21/compute/v2.1/servers/716fd98e-9d2a-439f-ad73-9418b10581c5 0.316s
2025-11-19 17:25:41.272 65650 INFO tempest.lib.common.rest_client [req-9bb5dc81-c043-4394-80a1-487454438089 req-9bb5dc81-c043-4394-80a1-487454438089 ] Request (ServerRescueTestJSON:setUpClass): 200 GET http://10.180.1.21/compute/v2.1/servers/1b5d47dd-770a-4421-af43-aefcf4836bf3 0.108s
2025-11-19 17:25:41.286 65660 INFO tempest.lib.common.rest_client [req-54893861-5c5e-4173-b226-396e10d0f201 req-54893861-5c5e-4173-b226-396e10d0f201 ] Request (ServerActionsTestJSON:setUpClass): 201 POST http://10.180.1.21/identity/v3/auth/tokens 0.059s
2025-11-19 17:25:41.319 65660 INFO tempest.lib.common.rest_client [req-c796474a-3dc3-48c6-8a91-5bb109643aed req-c796474a-3dc3-48c6-8a91-5bb109643aed ] Request (ServerActionsTestJSON:setUpClass): 201 POST http://10.180.1.21/identity/v3/auth/tokens 0.030s
2025-11-19 17:25:41.321 65662 INFO tempest.lib.common.rest_client [req-e9a3e9b4-3897-4c96-a3cc-5e87d4afde3a req-e9a3e9b4-3897-4c96-a3cc-5e87d4afde3a ] Request (ImagesOneServerTestJSON:tearDownClass): 200 GET http://10.180.1.21/compute/v2.1/servers/a9ea47e5-505a-47fa-988d-748762edce92 0.077s
2025-11-19 17:25:41.349 65660 INFO tempest.lib.common.rest_client [req-55491987-03f1-4945-848b-c151a4fe5c11 req-55491987-03f1-4945-848b-c151a4fe5c11 ] Request (ServerActionsTestJSON:setUpClass): 200 GET http://10.180.1.21/identity/v3/domains?name=Default 0.030s
2025-11-19 17:25:41.384 65660 INFO tempest.lib.common.rest_client [req-2ae0666a-1e39-4ba3-9c2a-9d9fd929e537 req-2ae0666a-1e39-4ba3-9c2a-9d9fd929e537 ] Request (ServerActionsTestJSON:setUpClass): 201 POST http://10.180.1.21/identity/v3/projects 0.034s
2025-11-19 17:25:41.454 65660 INFO tempest.lib.common.rest_client [req-14194de7-e35b-44c3-9d96-f30a45bcb708 req-14194de7-e35b-44c3-9d96-f30a45bcb708 ] Request (ServerActionsTestJSON:setUpClass): 201 POST http://10.180.1.21/identity/v3/users 0.069s
2025-11-19 17:25:41.478 65660 INFO tempest.lib.common.rest_client [req-60028246-9126-4727-abc9-6d0d470e1426 req-60028246-9126-4727-abc9-6d0d470e1426 ] Request (ServerActionsTestJSON:setUpClass): 200 GET http://10.180.1.21/identity/v3/roles 0.023s
2025-11-19 17:25:41.500 65646 INFO tempest.lib.common.rest_client [req-5c9831d2-7069-4d02-8f4a-c8714bcfa5e3 req-5c9831d2-7069-4d02-8f4a-c8714bcfa5e3 ] Request (ServerActionsV293TestJSON:setUpClass): 200 GET http://10.180.1.21/volume/v3/volumes/672bacc1-c510-479f-83ac-53f64a3e47a6 0.032s
2025-11-19 17:25:41.518 65660 INFO tempest.lib.common.rest_client [req-2ede54bf-4a3d-403e-9d5c-6e13805f432a req-2ede54bf-4a3d-403e-9d5c-6e13805f432a ] Request (ServerActionsTestJSON:setUpClass): 204 PUT http://10.180.1.21/identity/v3/projects/04d4514d99404fb8b0c7a4cdbd3bdcea/users/36798d707f884f2d9833c15eb06f8a88/roles/d5406cfbd0474219abe2a39a7a666dbc 0.039s
2025-11-19 17:25:41.518 65660 INFO tempest.lib.common.dynamic_creds [-] Dynamic test user 36798d707f884f2d9833c15eb06f8a88 is created with scope project and roles: ['member']
2025-11-19 17:25:41.518 65660 INFO tempest.lib.common.dynamic_creds [-] Acquired dynamic creds: credentials: Credentials: {'domain_id': 'default', 'domain_name': 'Default', 'username': 'tempest-ServerActionsTestJSON-1494194081-project-member', 'project_domain_id': 'default', 'project_domain_name': 'Default', 'project_id': '04d4514d99404fb8b0c7a4cdbd3bdcea', 'project_name': 'tempest-ServerActionsTestJSON-1494194081', 'tenant_id': '04d4514d99404fb8b0c7a4cdbd3bdcea', 'tenant_name': 'tempest-ServerActionsTestJSON-1494194081', 'user_domain_id': 'default', 'user_domain_name': 'Default', 'user_id': '36798d707f884f2d9833c15eb06f8a88', 'system': None}, Network: None, Subnet: None, Router: None
2025-11-19 17:25:41.600 65660 INFO tempest.lib.common.rest_client [req-4ebd7eff-3f25-479a-9d90-0941f3ee092f req-4ebd7eff-3f25-479a-9d90-0941f3ee092f ] Request (ServerActionsTestJSON:setUpClass): 201 POST http://10.180.1.21/identity/v3/auth/tokens 0.081s
2025-11-19 17:25:41.929 65660 INFO tempest.lib.common.rest_client [req-4a12cf0f-3f04-408f-974f-5f81bcb2c072 req-4a12cf0f-3f04-408f-974f-5f81bcb2c072 ] Request (ServerActionsTestJSON:setUpClass): 201 POST http://10.180.1.21/networking/v2.0/networks 0.328s
2025-11-19 17:25:42.133 65656 INFO tempest.lib.common.rest_client [req-4eedc826-9d27-4e9e-a742-21e6147bad57 req-4eedc826-9d27-4e9e-a742-21e6147bad57 ] Request (ServersAdminTestJSON:tearDownClass): 200 GET http://10.180.1.21/compute/v2.1/servers/9278a370-f2e3-44ac-ba81-946027ef109d 0.519s
2025-11-19 17:25:42.156 65638 INFO tempest.lib.common.rest_client [req-7bfcc798-33f7-4ecc-a909-b57572ff3110 req-7bfcc798-33f7-4ecc-a909-b57572ff3110 ] Request (ImagesOneServerNegativeTestJSON:tearDown): 200 GET http://10.180.1.21/compute/v2.1/servers/e248aa48-4261-48da-bad2-6450ba477b47 0.514s
2025-11-19 17:25:42.172 65638 INFO tempest.common.waiters [-] State transition "ACTIVE/image_pending_upload" ==> "ACTIVE/image_uploading" after 6 second wait
2025-11-19 17:25:42.241 65660 INFO tempest.lib.common.rest_client [req-cada35ab-3166-4633-b6ba-dd977aca876d req-cada35ab-3166-4633-b6ba-dd977aca876d ] Request (ServerActionsTestJSON:setUpClass): 201 POST http://10.180.1.21/networking/v2.0/subnets 0.311s
2025-11-19 17:25:42.268 65672 INFO tempest.lib.common.rest_client [req-a2bf173f-c059-4222-9026-8c65f8c8032e req-a2bf173f-c059-4222-9026-8c65f8c8032e ] Request (FloatingIPsAssociationNegativeTestJSON:tearDownClass): 200 GET http://10.180.1.21/compute/v2.1/servers/2b0e208b-83ce-4198-bbe4-a64cf9653224 0.548s
2025-11-19 17:25:42.277 65654 INFO tempest.lib.common.rest_client [req-ae755802-87fd-4134-bb85-7fd12690faed req-ae755802-87fd-4134-bb85-7fd12690faed ] Request (ServerAddressesTestJSON:tearDownClass): 200 GET http://10.180.1.21/compute/v2.1/servers/8675694f-2952-494c-9c8a-b8ca16f8cb07 0.520s
2025-11-19 17:25:42.382 65690 INFO tempest.lib.common.rest_client [req-9d4073e5-887d-4378-8d02-11da1d3e1665 req-9d4073e5-887d-4378-8d02-11da1d3e1665 ] Request (SecurityGroupsTestJSON:test_server_security_groups): 200 GET http://10.180.1.21/compute/v2.1/servers/3967162b-126c-4b94-ae47-222331a99aa8 0.600s
2025-11-19 17:25:42.401 65674 INFO tempest.lib.common.rest_client [req-822984fa-2ad4-4f09-b541-ba651273d81c req-822984fa-2ad4-4f09-b541-ba651273d81c ] Request (VolumesAssistedSnapshotsTest:tearDownClass): 200 GET http://10.180.1.21/compute/v2.1/servers/5bf2ac37-617b-4fcd-b7cf-4bfa6b46cafc 0.547s
2025-11-19 17:25:42.521 65648 INFO tempest.lib.common.rest_client [req-5d9d186b-ea03-466d-b628-dc79d3f458ab req-5d9d186b-ea03-466d-b628-dc79d3f458ab ] Request (TenantUsagesTestJSON:tearDownClass): 200 GET http://10.180.1.21/compute/v2.1/servers/d31ea6cf-5cda-4a94-948b-042a83d01d25 0.637s
2025-11-19 17:25:42.531 65676 INFO tempest.lib.common.rest_client [req-5c8fd343-fa76-4e23-bd9e-bfe110622441 req-5c8fd343-fa76-4e23-bd9e-bfe110622441 ] Request (ImagesTestJSON:test_create_server_from_snapshot): 200 GET http://10.180.1.21/compute/v2.1/servers/d3dc214e-1f90-4aea-8eb8-e18dbee3b0ad 0.602s
2025-11-19 17:25:42.546 65646 INFO tempest.lib.common.rest_client [req-68a7efee-e012-49a6-80fe-69987b837abf req-68a7efee-e012-49a6-80fe-69987b837abf ] Request (ServerActionsV293TestJSON:setUpClass): 200 GET http://10.180.1.21/volume/v3/volumes/672bacc1-c510-479f-83ac-53f64a3e47a6 0.036s
2025-11-19 17:25:42.672 65658 INFO tempest.lib.common.rest_client [req-7946a1de-3090-4933-bcec-41aa9b98539d req-7946a1de-3090-4933-bcec-41aa9b98539d ] Request (ListImageFiltersTestJSON:setUpClass): 200 GET http://10.180.1.21/compute/v2.1/servers/ad46d34e-f0a1-42a9-9942-9d8b36fc2728 0.602s
2025-11-19 17:25:42.685 65664 INFO tempest.lib.common.rest_client [req-91492358-3b93-4766-9185-b06e57401d35 req-91492358-3b93-4766-9185-b06e57401d35 ] Request (FloatingIPsAssociationTestJSON:test_associate_already_associated_floating_ip): 200 GET http://10.180.1.21/compute/v2.1/servers/cef05a06-bba7-4870-aaa5-a9e0e200bce9 0.694s
2025-11-19 17:25:42.694 65664 INFO tempest.common.waiters [-] State transition "BUILD/None" ==> "BUILD/networking" after 40 second wait
2025-11-19 17:25:43.048 65660 INFO tempest.lib.common.rest_client [req-9a0674d8-9b7c-4ae7-bdcf-e9c97c3cf3cb req-9a0674d8-9b7c-4ae7-bdcf-e9c97c3cf3cb ] Request (ServerActionsTestJSON:setUpClass): 201 POST http://10.180.1.21/networking/v2.0/routers 0.806s
2025-11-19 17:25:43.078 65640 INFO tempest.lib.common.rest_client [req-00ebbdf2-619b-4a2f-9eba-683a62729e65 req-00ebbdf2-619b-4a2f-9eba-683a62729e65 ] Request (ServerShowV254Test:test_rebuild_server): 200 GET http://10.180.1.21/compute/v2.1/servers/8815560d-c98a-45ef-8700-f168c77ef62b 0.985s
2025-11-19 17:25:43.088 65640 INFO tempest.common.waiters [-] State transition "BUILD/spawning" ==> "ACTIVE/None" after 43 second wait
2025-11-19 17:25:43.104 65634 INFO tempest.lib.common.rest_client [req-7d20c903-4234-4288-9409-f10736d9a1d6 req-7d20c903-4234-4288-9409-f10736d9a1d6 ] Request (ServerDiskConfigTestJSON:test_resize_server_from_auto_to_manual): 200 GET http://10.180.1.21/compute/v2.1/servers/0bf49c52-142e-4918-8e18-485e39c5e7df 0.967s
2025-11-19 17:25:43.118 65634 INFO tempest.common.waiters [-] State transition "BUILD/scheduling" ==> "BUILD/None" after 4 second wait
2025-11-19 17:25:43.237 65692 INFO tempest.lib.common.rest_client [req-3905210f-2abb-4423-8592-776efd454ba7 req-3905210f-2abb-4423-8592-776efd454ba7 ] Request (MultipleCreateTestJSON:test_multiple_create_with_reservation_return): 200 GET http://10.180.1.21/compute/v2.1/servers/30f675f7-a4b3-4b0a-bef1-59f2feff9e93 1.084s
2025-11-19 17:25:43.252 65688 INFO tempest.lib.common.rest_client [req-00ae3054-d76a-4931-9027-b69c573397ae req-00ae3054-d76a-4931-9027-b69c573397ae ] Request (ListServersNegativeTestJSON:tearDownClass): 200 GET http://10.180.1.21/compute/v2.1/servers/fcf9d406-ac0d-45e8-9f82-0794033cbe7e 1.026s
2025-11-19 17:25:43.317 65668 WARNING tempest.lib.common.ssh [-] Failed to establish authenticated ssh connection to cirros@10.180.180.167 ([Errno None] Unable to connect to port 22 on 10.180.180.167). Number attempts: 6. Retry after 7 seconds.: paramiko.ssh_exception.NoValidConnectionsError: [Errno None] Unable to connect to port 22 on 10.180.180.167
2025-11-19 17:25:43.590 65646 INFO tempest.lib.common.rest_client [req-68eed606-a46c-439e-80b1-24b218fb2d08 req-68eed606-a46c-439e-80b1-24b218fb2d08 ] Request (ServerActionsV293TestJSON:setUpClass): 200 GET http://10.180.1.21/volume/v3/volumes/672bacc1-c510-479f-83ac-53f64a3e47a6 0.032s
2025-11-19 17:25:43.968 65660 INFO tempest.lib.common.rest_client [req-ecef6612-a31c-442a-a159-cafb61396294 req-ecef6612-a31c-442a-a159-cafb61396294 ] Request (ServerActionsTestJSON:setUpClass): 200 PUT http://10.180.1.21/networking/v2.0/routers/327f34cd-9557-4ff9-9215-2231f142d026/add_router_interface 0.920s
2025-11-19 17:25:43.968 65660 INFO tempest.lib.common.dynamic_creds [-] Created isolated network resources for: credentials: Credentials: {'domain_id': 'default', 'domain_name': 'Default', 'username': 'tempest-ServerActionsTestJSON-1494194081-project-member', 'project_domain_id': 'default', 'project_domain_name': 'Default', 'project_id': '04d4514d99404fb8b0c7a4cdbd3bdcea', 'project_name': 'tempest-ServerActionsTestJSON-1494194081', 'tenant_id': '04d4514d99404fb8b0c7a4cdbd3bdcea', 'tenant_name': 'tempest-ServerActionsTestJSON-1494194081', 'user_domain_id': 'default', 'user_domain_name': 'Default', 'user_id': '36798d707f884f2d9833c15eb06f8a88', 'system': None}, Network: {'id': '507ac7c1-8f81-4800-a127-1463e79ab89a', 'name': 'tempest-ServerActionsTestJSON-240185926-network', 'tenant_id': '04d4514d99404fb8b0c7a4cdbd3bdcea', 'project_id': '04d4514d99404fb8b0c7a4cdbd3bdcea', 'admin_state_up': True, 'mtu': 8950, 'status': 'ACTIVE', 'subnets': [], 'shared': False, 'port_security_enabled': True, 'router:external': False, 'provider:network_type': 'vlan', 'provider:physical_network': 'default', 'provider:segmentation_id': 147, 'availability_zone_hints': [], 'availability_zones': [], 'ipv4_address_scope': None, 'ipv6_address_scope': None, 'description': '', 'tags': [], 'created_at': '2025-11-19T17:25:41Z', 'updated_at': '2025-11-19T17:25:41Z', 'revision_number': 1}, Subnet: {'id': '300a0542-5979-4f66-8323-c9bdd0b5a1c4', 'name': 'tempest-ServerActionsTestJSON-240185926-subnet', 'tenant_id': '04d4514d99404fb8b0c7a4cdbd3bdcea', 'network_id': '507ac7c1-8f81-4800-a127-1463e79ab89a', 'ip_version': 4, 'subnetpool_id': None, 'enable_dhcp': True, 'ipv6_ra_mode': None, 'ipv6_address_mode': None, 'gateway_ip': '192.168.128.1', 'cidr': '192.168.128.0/28', 'allocation_pools': [{'start': '192.168.128.2', 'end': '192.168.128.14'}], 'host_routes': [], 'dns_nameservers': [], 'description': '', 'router:external': False, 'service_types': [], 'tags': [], 'created_at': '2025-11-19T17:25:42Z', 'updated_at': '2025-11-19T17:25:42Z', 'revision_number': 0, 'project_id': '04d4514d99404fb8b0c7a4cdbd3bdcea'}, Router: {'id': '327f34cd-9557-4ff9-9215-2231f142d026', 'name': 'tempest-ServerActionsTestJSON-240185926-router', 'tenant_id': '04d4514d99404fb8b0c7a4cdbd3bdcea', 'admin_state_up': True, 'status': 'ACTIVE', 'external_gateway_info': {'network_id': 'd14a988c-cd14-4cca-abd3-bf37d2ae98a1', 'external_fixed_ips': [{'subnet_id': 'e45951d5-836d-48bc-aa8b-c5670de53a44', 'ip_address': '10.180.180.163'}], 'enable_snat': True}, 'description': '', 'availability_zones': [], 'distributed': False, 'ha': False, 'availability_zone_hints': [], 'routes': [], 'flavor_id': None, 'tags': [], 'created_at': '2025-11-19T17:25:42Z', 'updated_at': '2025-11-19T17:25:42Z', 'revision_number': 2, 'project_id': '04d4514d99404fb8b0c7a4cdbd3bdcea'}
2025-11-19 17:25:44.070 65660 INFO tempest.lib.common.rest_client [req-669821e3-1fc0-4c86-bc89-4936620ca30d req-669821e3-1fc0-4c86-bc89-4936620ca30d ] Request (ServerActionsTestJSON:setUpClass): 201 POST http://10.180.1.21/identity/v3/auth/tokens 0.096s
2025-11-19 17:25:44.073 65650 INFO tempest.lib.common.rest_client [req-5b7c6821-e7c0-4619-a6df-98f31f2b72d1 req-5b7c6821-e7c0-4619-a6df-98f31f2b72d1 ] Request (ServerRescueTestJSON:setUpClass): 200 GET http://10.180.1.21/compute/v2.1/servers/1b5d47dd-770a-4421-af43-aefcf4836bf3 1.792s
2025-11-19 17:25:44.100 65670 INFO tempest.lib.common.rest_client [req-0b82646b-afbd-4d49-9040-a2eb490ba1a9 req-0b82646b-afbd-4d49-9040-a2eb490ba1a9 ] Request (ServersTestJSON:test_create_server_specify_multibyte_character_name): 200 GET http://10.180.1.21/compute/v2.1/servers/716fd98e-9d2a-439f-ad73-9418b10581c5 1.833s
2025-11-19 17:25:44.156 65662 INFO tempest.lib.common.rest_client [req-5c621840-18dc-4a90-bb63-c215a484661f req-5c621840-18dc-4a90-bb63-c215a484661f ] Request (ImagesOneServerTestJSON:tearDownClass): 200 GET http://10.180.1.21/compute/v2.1/servers/a9ea47e5-505a-47fa-988d-748762edce92 1.828s
2025-11-19 17:25:44.163 65640 INFO tempest.lib.common.rest_client [req-48b4d5fb-7c81-4767-8c70-058cac52f9bc req-48b4d5fb-7c81-4767-8c70-058cac52f9bc ] Request (ServerShowV254Test:test_rebuild_server): 201 POST http://10.180.1.21/compute/v2.1/os-keypairs 1.074s
2025-11-19 17:25:44.300 65656 INFO tempest.lib.common.rest_client [req-5ac18904-f3e9-4ef2-aebf-4fa20fa9cd49 req-5ac18904-f3e9-4ef2-aebf-4fa20fa9cd49 ] Request (ServersAdminTestJSON:tearDownClass): 200 GET http://10.180.1.21/compute/v2.1/servers/9278a370-f2e3-44ac-ba81-946027ef109d 1.158s
2025-11-19 17:25:44.310 65656 INFO tempest.common.waiters [-] State transition "ACTIVE/deleting" ==> "DELETED/None" after 4 second wait
2025-11-19 17:25:44.335 65638 INFO tempest.lib.common.rest_client [req-1e53825e-f744-4f1b-aed9-b3b2e07a6a10 req-1e53825e-f744-4f1b-aed9-b3b2e07a6a10 ] Request (ImagesOneServerNegativeTestJSON:tearDown): 200 GET http://10.180.1.21/compute/v2.1/servers/e248aa48-4261-48da-bad2-6450ba477b47 1.162s
2025-11-19 17:25:44.366 65672 INFO tempest.lib.common.rest_client [req-354eb795-9301-4188-af65-fb5b2b66f2ff req-354eb795-9301-4188-af65-fb5b2b66f2ff ] Request (FloatingIPsAssociationNegativeTestJSON:tearDownClass): 200 GET http://10.180.1.21/compute/v2.1/servers/2b0e208b-83ce-4198-bbe4-a64cf9653224 1.086s
2025-11-19 17:25:44.394 65654 INFO tempest.lib.common.rest_client [req-5fc8fa4d-0a4a-415c-9fc2-9d24452a9f72 req-5fc8fa4d-0a4a-415c-9fc2-9d24452a9f72 ] Request (ServerAddressesTestJSON:tearDownClass): 200 GET http://10.180.1.21/compute/v2.1/servers/8675694f-2952-494c-9c8a-b8ca16f8cb07 1.108s
2025-11-19 17:25:44.430 65690 INFO tempest.lib.common.rest_client [req-ef71b32a-345f-4ec5-8b2b-f39134baccac req-ef71b32a-345f-4ec5-8b2b-f39134baccac ] Request (SecurityGroupsTestJSON:test_server_security_groups): 200 GET http://10.180.1.21/compute/v2.1/servers/3967162b-126c-4b94-ae47-222331a99aa8 1.040s
2025-11-19 17:25:44.448 65666 WARNING tempest.lib.common.ssh [-] Failed to establish authenticated ssh connection to cirros@10.180.180.249 ([Errno None] Unable to connect to port 22 on 10.180.180.249). Number attempts: 6. Retry after 7 seconds.: paramiko.ssh_exception.NoValidConnectionsError: [Errno None] Unable to connect to port 22 on 10.180.180.249
2025-11-19 17:25:44.464 65674 INFO tempest.lib.common.rest_client [req-d49148bb-13ed-458c-8115-f9c98275eb1a req-d49148bb-13ed-458c-8115-f9c98275eb1a ] Request (VolumesAssistedSnapshotsTest:tearDownClass): 200 GET http://10.180.1.21/compute/v2.1/servers/5bf2ac37-617b-4fcd-b7cf-4bfa6b46cafc 1.054s
2025-11-19 17:25:44.530 65676 INFO tempest.lib.common.rest_client [req-99ed05ee-06a6-454d-8706-ee038cbf6cea req-99ed05ee-06a6-454d-8706-ee038cbf6cea ] Request (ImagesTestJSON:test_create_server_from_snapshot): 200 GET http://10.180.1.21/compute/v2.1/servers/d3dc214e-1f90-4aea-8eb8-e18dbee3b0ad 0.990s
2025-11-19 17:25:44.541 65648 INFO tempest.lib.common.rest_client [req-188852a0-b527-4a25-b519-42b14b228aec req-188852a0-b527-4a25-b519-42b14b228aec ] Request (TenantUsagesTestJSON:tearDownClass): 200 GET http://10.180.1.21/compute/v2.1/servers/d31ea6cf-5cda-4a94-948b-042a83d01d25 1.011s
2025-11-19 17:25:44.586 65658 INFO tempest.lib.common.rest_client [req-bd70f84f-d753-47a3-be29-05a018042dc7 req-bd70f84f-d753-47a3-be29-05a018042dc7 ] Request (ListImageFiltersTestJSON:setUpClass): 200 GET http://10.180.1.21/compute/v2.1/servers/ad46d34e-f0a1-42a9-9942-9d8b36fc2728 0.905s
2025-11-19 17:25:44.631 65646 INFO tempest.lib.common.rest_client [req-d31a4be6-0ace-45e6-8928-c68ea583b73e req-d31a4be6-0ace-45e6-8928-c68ea583b73e ] Request (ServerActionsV293TestJSON:setUpClass): 200 GET http://10.180.1.21/volume/v3/volumes/672bacc1-c510-479f-83ac-53f64a3e47a6 0.033s
2025-11-19 17:25:44.716 65664 INFO tempest.lib.common.rest_client [req-fe708bcb-9d6f-4e35-8101-3eaf6e7c22cf req-fe708bcb-9d6f-4e35-8101-3eaf6e7c22cf ] Request (FloatingIPsAssociationTestJSON:test_associate_already_associated_floating_ip): 200 GET http://10.180.1.21/compute/v2.1/servers/cef05a06-bba7-4870-aaa5-a9e0e200bce9 1.021s
2025-11-19 17:25:44.725 65664 INFO tempest.common.waiters [-] State transition "BUILD/networking" ==> "BUILD/spawning" after 42 second wait
2025-11-19 17:25:44.735 65660 INFO tempest.lib.common.rest_client [req-3c475445-1eb1-4b9a-ab85-5eeee93d43f0 req-3c475445-1eb1-4b9a-ab85-5eeee93d43f0 ] Request (ServerActionsTestJSON:setUpClass): 200 POST http://10.180.1.21/compute/v2.1/os-keypairs 0.661s
