2025-11-19 17:25:30.197 65648 INFO tempest.lib.common.rest_client [req-d951de63-60d4-4a3d-9699-2e8d56077f7a req-d951de63-60d4-4a3d-9699-2e8d56077f7a ] Request (TenantUsagesTestJSON:tearDownClass): 200 GET http://10.180.1.21/compute/v2.1/servers/d31ea6cf-5cda-4a94-948b-042a83d01d25 0.228s
2025-11-19 17:25:30.257 65676 INFO tempest.lib.common.rest_client [req-a1f9793b-6ba1-4876-a9ed-5b39a7e9da17 req-a1f9793b-6ba1-4876-a9ed-5b39a7e9da17 ] Request (ImagesTestJSON:test_create_server_from_snapshot): 200 GET http://10.180.1.21/compute/v2.1/servers/d3dc214e-1f90-4aea-8eb8-e18dbee3b0ad 0.193s
2025-11-19 17:25:30.259 65642 INFO tempest.lib.common.rest_client [req-ec215957-fd87-46b7-b206-b21f083717d3 req-ec215957-fd87-46b7-b206-b21f083717d3 ] Request (ServerActionsTestOtherA:setUpClass): 200 GET http://10.180.1.21/compute/v2.1/servers/80fd90d6-cecd-42f7-b616-6166554bf2ce 0.252s
2025-11-19 17:25:30.267 65676 INFO tempest.common.waiters [-] State transition "BUILD/scheduling" ==> "BUILD/None" after 1 second wait
2025-11-19 17:25:30.326 65664 INFO tempest.lib.common.rest_client [req-73efcbc6-09b9-4a17-9a64-e7d38b793c0c req-73efcbc6-09b9-4a17-9a64-e7d38b793c0c ] Request (FloatingIPsAssociationTestJSON:test_associate_already_associated_floating_ip): 200 GET http://10.180.1.21/compute/v2.1/servers/cef05a06-bba7-4870-aaa5-a9e0e200bce9 0.203s
2025-11-19 17:25:30.360 65688 INFO tempest.lib.common.rest_client [req-b319a93e-0f6f-4473-8e35-36c1b4e070b8 req-b319a93e-0f6f-4473-8e35-36c1b4e070b8 ] Request (ListServersNegativeTestJSON:tearDownClass): 204 DELETE http://10.180.1.21/compute/v2.1/servers/fcf9d406-ac0d-45e8-9f82-0794033cbe7e 0.206s
2025-11-19 17:25:30.434 65640 INFO tempest.lib.common.rest_client [req-4d02db1f-1f87-4794-b647-83a4a34f309e req-4d02db1f-1f87-4794-b647-83a4a34f309e ] Request (ServerShowV254Test:test_rebuild_server): 200 GET http://10.180.1.21/compute/v2.1/servers/8815560d-c98a-45ef-8700-f168c77ef62b 0.212s
2025-11-19 17:25:30.500 65634 INFO tempest.lib.common.rest_client [req-7dc26f3b-4028-4d37-8993-dd87a2dd0615 req-7dc26f3b-4028-4d37-8993-dd87a2dd0615 ] Request (ServerDiskConfigTestJSON:test_rebuild_server_with_manual_disk_config): 200 GET http://10.180.1.21/compute/v2.1/servers/c9d925af-77a4-4e7d-8753-eff21819a840 0.294s
2025-11-19 17:25:30.507 65634 INFO tempest.common.waiters [-] State transition "REBUILD/rebuilding" ==> "REBUILD/rebuild_block_device_mapping" after 3 second wait
2025-11-19 17:25:30.585 65656 INFO tempest.lib.common.rest_client [req-f680a8cd-2ecf-45ea-8c52-9d9f36fae6fe req-f680a8cd-2ecf-45ea-8c52-9d9f36fae6fe ] Request (ServersAdminTestJSON:_run_cleanups): 200 GET http://10.180.1.21/compute/v2.1/servers/ee97976a-f747-4ccc-83e5-77b47141aae1 0.263s
2025-11-19 17:25:30.592 65656 INFO tempest.common.waiters [-] State transition "REBUILD/rebuilding" ==> "REBUILD/rebuild_block_device_mapping" after 2 second wait
2025-11-19 17:25:30.594 65688 INFO tempest.lib.common.rest_client [req-d568f076-38b4-4964-8f82-6647c252fa33 req-d568f076-38b4-4964-8f82-6647c252fa33 ] Request (ListServersNegativeTestJSON:tearDownClass): 204 DELETE http://10.180.1.21/compute/v2.1/servers/6eeb3680-94df-4518-8842-1756d8905761 0.233s
2025-11-19 17:25:30.645 65670 INFO tempest.lib.common.rest_client [req-f5320b32-2ae2-438e-ac64-8995627d7172 req-f5320b32-2ae2-438e-ac64-8995627d7172 ] Request (ServersTestJSON:test_create_server_specify_multibyte_character_name): 200 GET http://10.180.1.21/compute/v2.1/servers/716fd98e-9d2a-439f-ad73-9418b10581c5 0.213s
2025-11-19 17:25:30.668 65688 INFO tempest.lib.common.rest_client [req-0d34f7da-7ff6-4f3c-9021-2c16624a6057 req-0d34f7da-7ff6-4f3c-9021-2c16624a6057 ] Request (ListServersNegativeTestJSON:tearDownClass): 404 DELETE http://10.180.1.21/compute/v2.1/servers/5a4e4bfb-7996-4b97-a005-61e6f94af42f 0.074s
2025-11-19 17:25:30.799 65638 INFO tempest.lib.common.rest_client [req-d88ff1b6-6003-4ebe-b549-c81bc506142e req-d88ff1b6-6003-4ebe-b549-c81bc506142e ] Request (ImagesOneServerNegativeTestJSON:setUpClass): 200 GET http://10.180.1.21/compute/v2.1/servers/e248aa48-4261-48da-bad2-6450ba477b47 0.382s
2025-11-19 17:25:30.807 65688 INFO tempest.lib.common.rest_client [req-de258748-1d28-4f83-aaf6-3d3cbc4a094f req-de258748-1d28-4f83-aaf6-3d3cbc4a094f ] Request (ListServersNegativeTestJSON:tearDownClass): 200 GET http://10.180.1.21/compute/v2.1/servers/fcf9d406-ac0d-45e8-9f82-0794033cbe7e 0.138s
2025-11-19 17:25:30.888 65692 INFO tempest.lib.common.rest_client [req-8b9b4ef9-1d29-40a1-a5c1-f3eba0ef5d00 req-8b9b4ef9-1d29-40a1-a5c1-f3eba0ef5d00 ] Request (MultipleCreateTestJSON:_run_cleanups): 200 GET http://10.180.1.21/compute/v2.1/servers/144bddf8-4433-4df1-9d52-2c999d7c23b8 0.085s
2025-11-19 17:25:30.923 65654 INFO tempest.lib.common.rest_client [req-858db490-1712-4697-bda1-9bd7243566cb req-858db490-1712-4697-bda1-9bd7243566cb ] Request (ServerAddressesTestJSON:setUpClass): 200 GET http://10.180.1.21/compute/v2.1/servers/8675694f-2952-494c-9c8a-b8ca16f8cb07 0.232s
2025-11-19 17:25:30.955 65660 INFO tempest.lib.common.rest_client [req-ad177052-b756-4383-877f-90ec0197e8e0 req-ad177052-b756-4383-877f-90ec0197e8e0 ] Request (ServersAdminNegativeTestJSON:tearDownClass): 200 GET http://10.180.1.21/compute/v2.1/servers/da05a887-aaf4-482f-b206-f2a339d4a515 0.093s
2025-11-19 17:25:30.983 65650 INFO tempest.lib.common.rest_client [req-3780b28b-1c79-4019-9914-ee6a87cd2747 req-3780b28b-1c79-4019-9914-ee6a87cd2747 ] Request (ServerRescueTestJSON:setUpClass): 200 GET http://10.180.1.21/compute/v2.1/servers/1b5d47dd-770a-4421-af43-aefcf4836bf3 0.097s
2025-11-19 17:25:31.052 65662 INFO tempest.lib.common.rest_client [req-a2072478-ba65-47a0-9046-fd25d5db7275 req-a2072478-ba65-47a0-9046-fd25d5db7275 ] Request (ImagesOneServerTestJSON:tearDownClass): 200 GET http://10.180.1.21/compute/v2.1/servers/a9ea47e5-505a-47fa-988d-748762edce92 0.069s
2025-11-19 17:25:31.077 65646 INFO tempest.lib.common.rest_client [req-5ef338e0-1846-4ca2-b904-fa8dcf946cdb req-5ef338e0-1846-4ca2-b904-fa8dcf946cdb ] Request (ServerActionsV293TestJSON:setUpClass): 200 GET http://10.180.1.21/volume/v3/volumes/672bacc1-c510-479f-83ac-53f64a3e47a6 0.035s
2025-11-19 17:25:31.120 65672 INFO tempest.lib.common.rest_client [req-ce20e552-493d-43f9-b621-29829837d2bb req-ce20e552-493d-43f9-b621-29829837d2bb ] Request (FloatingIPsAssociationNegativeTestJSON:tearDownClass): 200 GET http://10.180.1.21/compute/v2.1/servers/2b0e208b-83ce-4198-bbe4-a64cf9653224 0.080s
2025-11-19 17:25:31.207 65674 INFO tempest.lib.common.rest_client [req-e2982842-27e4-4432-8692-3fe8b71a067d req-e2982842-27e4-4432-8692-3fe8b71a067d ] Request (VolumesAssistedSnapshotsTest:tearDownClass): 200 GET http://10.180.1.21/compute/v2.1/servers/5bf2ac37-617b-4fcd-b7cf-4bfa6b46cafc 0.099s
2025-11-19 17:25:31.208 65690 INFO tempest.lib.common.rest_client [req-56333fef-5e89-4a92-afaa-abdf0dd39785 req-56333fef-5e89-4a92-afaa-abdf0dd39785 ] Request (SecurityGroupsTestJSON:test_server_security_groups): 200 GET http://10.180.1.21/compute/v2.1/servers/3967162b-126c-4b94-ae47-222331a99aa8 0.082s
2025-11-19 17:25:31.230 65680 WARNING tempest.lib.common.ssh [-] Failed to establish authenticated ssh connection to cirros@10.180.180.236 ([Errno None] Unable to connect to port 22 on 10.180.180.236). Number attempts: 3. Retry after 4 seconds.: paramiko.ssh_exception.NoValidConnectionsError: [Errno None] Unable to connect to port 22 on 10.180.180.236
2025-11-19 17:25:31.297 65668 WARNING tempest.lib.common.ssh [-] Failed to establish authenticated ssh connection to cirros@10.180.180.167 ([Errno None] Unable to connect to port 22 on 10.180.180.167). Number attempts: 4. Retry after 5 seconds.: paramiko.ssh_exception.NoValidConnectionsError: [Errno None] Unable to connect to port 22 on 10.180.180.167
2025-11-19 17:25:31.298 65648 INFO tempest.lib.common.rest_client [req-5bfc262c-7b47-4fbb-901d-d0883c2004c8 req-5bfc262c-7b47-4fbb-901d-d0883c2004c8 ] Request (TenantUsagesTestJSON:tearDownClass): 200 GET http://10.180.1.21/compute/v2.1/servers/d31ea6cf-5cda-4a94-948b-042a83d01d25 0.082s
2025-11-19 17:25:31.328 65676 INFO tempest.lib.common.rest_client [req-d2ce97b7-f3c0-4807-8f6e-a92030bf5b4d req-d2ce97b7-f3c0-4807-8f6e-a92030bf5b4d ] Request (ImagesTestJSON:test_create_server_from_snapshot): 200 GET http://10.180.1.21/compute/v2.1/servers/d3dc214e-1f90-4aea-8eb8-e18dbee3b0ad 0.059s
2025-11-19 17:25:31.411 65642 INFO tempest.lib.common.rest_client [req-c87f05d2-046c-4e7d-b244-c5958a5654eb req-c87f05d2-046c-4e7d-b244-c5958a5654eb ] Request (ServerActionsTestOtherA:setUpClass): 200 GET http://10.180.1.21/compute/v2.1/servers/80fd90d6-cecd-42f7-b616-6166554bf2ce 0.141s
2025-11-19 17:25:31.417 65664 INFO tempest.lib.common.rest_client [req-6cac12a7-bdce-400b-bd23-0232292cd6f0 req-6cac12a7-bdce-400b-bd23-0232292cd6f0 ] Request (FloatingIPsAssociationTestJSON:test_associate_already_associated_floating_ip): 200 GET http://10.180.1.21/compute/v2.1/servers/cef05a06-bba7-4870-aaa5-a9e0e200bce9 0.079s
2025-11-19 17:25:31.531 65640 INFO tempest.lib.common.rest_client [req-c843b0eb-98d0-4920-bf4b-b78d10dd9982 req-c843b0eb-98d0-4920-bf4b-b78d10dd9982 ] Request (ServerShowV254Test:test_rebuild_server): 200 GET http://10.180.1.21/compute/v2.1/servers/8815560d-c98a-45ef-8700-f168c77ef62b 0.084s
2025-11-19 17:25:31.598 65658 INFO tempest.lib.common.rest_client [req-e1265228-e1cf-42d9-ad0d-50fb8b9ccb7e req-e1265228-e1cf-42d9-ad0d-50fb8b9ccb7e ] Request (ListImageFiltersTestJSON:setUpClass): 204 PUT http://10.180.1.21/image/v2/images/4e7678cf-7d00-4072-bb30-b14af27ac401/file 0.737s
2025-11-19 17:25:31.678 65634 INFO tempest.lib.common.rest_client [req-8f744653-4013-470f-a132-1b1e4bdbbf5f req-8f744653-4013-470f-a132-1b1e4bdbbf5f ] Request (ServerDiskConfigTestJSON:test_rebuild_server_with_manual_disk_config): 200 GET http://10.180.1.21/compute/v2.1/servers/c9d925af-77a4-4e7d-8753-eff21819a840 0.170s
2025-11-19 17:25:31.686 65634 INFO tempest.common.waiters [-] State transition "REBUILD/rebuild_block_device_mapping" ==> "REBUILD/rebuild_spawning" after 4 second wait
2025-11-19 17:25:31.711 65658 INFO tempest.lib.common.rest_client [req-41f91108-8cce-4407-a5fa-c4b98e26246d req-41f91108-8cce-4407-a5fa-c4b98e26246d ] Request (ListImageFiltersTestJSON:setUpClass): 200 GET http://10.180.1.21/compute/v2.1/images/4e7678cf-7d00-4072-bb30-b14af27ac401 0.113s
2025-11-19 17:25:31.743 65656 INFO tempest.lib.common.rest_client [req-112daabb-4b28-46fa-b9cb-58776ef33fcf req-112daabb-4b28-46fa-b9cb-58776ef33fcf ] Request (ServersAdminTestJSON:_run_cleanups): 200 GET http://10.180.1.21/compute/v2.1/servers/ee97976a-f747-4ccc-83e5-77b47141aae1 0.150s
2025-11-19 17:25:31.751 65656 INFO tempest.common.waiters [-] State transition "REBUILD/rebuild_block_device_mapping" ==> "REBUILD/rebuild_spawning" after 3 second wait
2025-11-19 17:25:31.771 65670 INFO tempest.lib.common.rest_client [req-175dcce0-75f8-41fc-b495-c7a577bdb680 req-175dcce0-75f8-41fc-b495-c7a577bdb680 ] Request (ServersTestJSON:test_create_server_specify_multibyte_character_name): 200 GET http://10.180.1.21/compute/v2.1/servers/716fd98e-9d2a-439f-ad73-9418b10581c5 0.117s
2025-11-19 17:25:31.773 65658 INFO tempest.lib.common.rest_client [req-a15fd1db-18e9-4d93-86ba-cc24a45b2792 req-a15fd1db-18e9-4d93-86ba-cc24a45b2792 ] Request (ListImageFiltersTestJSON:setUpClass): 200 GET http://10.180.1.21/compute/v2.1/images/4e7678cf-7d00-4072-bb30-b14af27ac401 0.057s
2025-11-19 17:25:31.939 65638 INFO tempest.lib.common.rest_client [req-11526a44-df8c-4d60-b662-c839afc642e5 req-11526a44-df8c-4d60-b662-c839afc642e5 ] Request (ImagesOneServerNegativeTestJSON:setUpClass): 200 GET http://10.180.1.21/compute/v2.1/servers/e248aa48-4261-48da-bad2-6450ba477b47 0.126s
2025-11-19 17:25:31.949 65688 INFO tempest.lib.common.rest_client [req-2bd791f1-d2a9-413b-a90a-99c0e98300d4 req-2bd791f1-d2a9-413b-a90a-99c0e98300d4 ] Request (ListServersNegativeTestJSON:tearDownClass): 200 GET http://10.180.1.21/compute/v2.1/servers/fcf9d406-ac0d-45e8-9f82-0794033cbe7e 0.133s
2025-11-19 17:25:31.964 65692 INFO tempest.lib.common.rest_client [req-09a6933e-d9be-4f22-80dc-c1ba5b239b02 req-09a6933e-d9be-4f22-80dc-c1ba5b239b02 ] Request (MultipleCreateTestJSON:_run_cleanups): 404 GET http://10.180.1.21/compute/v2.1/servers/144bddf8-4433-4df1-9d52-2c999d7c23b8 0.068s
2025-11-19 17:25:32.045 65692 INFO tempest.lib.common.rest_client [req-c6505bf6-63a3-4ac2-8f54-4701f90abef0 req-c6505bf6-63a3-4ac2-8f54-4701f90abef0 ] Request (MultipleCreateTestJSON:test_multiple_create_with_reservation_return): 201 POST http://10.180.1.21/identity/v3/auth/tokens 0.077s
2025-11-19 17:25:32.046 65692 INFO tempest.lib.common.fixed_network [-] (MultipleCreateTestJSON:test_multiple_create_with_reservation_return) Found network {'id': '5f73d7b9-add7-4e8a-bff5-175740323f8f', 'name': 'tempest-MultipleCreateTestJSON-1164229412-network', 'tenant_id': '09673304a19a47f99f4c0b8046e9190a', 'project_id': '09673304a19a47f99f4c0b8046e9190a', 'admin_state_up': True, 'mtu': 8950, 'status': 'ACTIVE', 'subnets': [], 'shared': False, 'port_security_enabled': True, 'router:external': False, 'provider:network_type': 'vlan', 'provider:physical_network': 'default', 'provider:segmentation_id': 976, 'availability_zone_hints': [], 'availability_zones': [], 'ipv4_address_scope': None, 'ipv6_address_scope': None, 'description': '', 'tags': [], 'created_at': '2025-11-19T17:23:55Z', 'updated_at': '2025-11-19T17:23:55Z', 'revision_number': 1} available for tenant
2025-11-19 17:25:32.059 65660 INFO tempest.lib.common.rest_client [req-3c0d37c9-d1ac-44ae-94ed-339ea46d100b req-3c0d37c9-d1ac-44ae-94ed-339ea46d100b ] Request (ServersAdminNegativeTestJSON:tearDownClass): 200 GET http://10.180.1.21/compute/v2.1/servers/da05a887-aaf4-482f-b206-f2a339d4a515 0.097s
2025-11-19 17:25:32.085 65654 INFO tempest.lib.common.rest_client [req-adf29366-f483-48b0-a596-11f4fdf02969 req-adf29366-f483-48b0-a596-11f4fdf02969 ] Request (ServerAddressesTestJSON:setUpClass): 200 GET http://10.180.1.21/compute/v2.1/servers/8675694f-2952-494c-9c8a-b8ca16f8cb07 0.153s
2025-11-19 17:25:32.124 65646 INFO tempest.lib.common.rest_client [req-393f09f9-0250-4280-9e5f-8ed94548e2a9 req-393f09f9-0250-4280-9e5f-8ed94548e2a9 ] Request (ServerActionsV293TestJSON:setUpClass): 200 GET http://10.180.1.21/volume/v3/volumes/672bacc1-c510-479f-83ac-53f64a3e47a6 0.038s
2025-11-19 17:25:32.139 65650 INFO tempest.lib.common.rest_client [req-18a1ffa7-bd13-46a5-a729-efdfd1efa5b6 req-18a1ffa7-bd13-46a5-a729-efdfd1efa5b6 ] Request (ServerRescueTestJSON:setUpClass): 200 GET http://10.180.1.21/compute/v2.1/servers/1b5d47dd-770a-4421-af43-aefcf4836bf3 0.145s
2025-11-19 17:25:32.156 65658 INFO tempest.lib.common.rest_client [req-d42ad1b3-63c1-4df4-9b3d-1eeb617be3b4 req-d42ad1b3-63c1-4df4-9b3d-1eeb617be3b4 ] Request (ListImageFiltersTestJSON:setUpClass): 201 POST http://10.180.1.21/image/v2/images 0.379s
2025-11-19 17:25:32.227 65662 INFO tempest.lib.common.rest_client [req-d791eae4-42ff-405e-9211-63974239c000 req-d791eae4-42ff-405e-9211-63974239c000 ] Request (ImagesOneServerTestJSON:tearDownClass): 200 GET http://10.180.1.21/compute/v2.1/servers/a9ea47e5-505a-47fa-988d-748762edce92 0.166s
2025-11-19 17:25:32.323 65672 INFO tempest.lib.common.rest_client [req-8cf7841f-5df1-476e-a1a3-8c412f62694a req-8cf7841f-5df1-476e-a1a3-8c412f62694a ] Request (FloatingIPsAssociationNegativeTestJSON:tearDownClass): 200 GET http://10.180.1.21/compute/v2.1/servers/2b0e208b-83ce-4198-bbe4-a64cf9653224 0.194s
2025-11-19 17:25:32.389 65690 INFO tempest.lib.common.rest_client [req-fa5ff09d-3b21-4214-b60f-7a2b889d5533 req-fa5ff09d-3b21-4214-b60f-7a2b889d5533 ] Request (SecurityGroupsTestJSON:test_server_security_groups): 200 GET http://10.180.1.21/compute/v2.1/servers/3967162b-126c-4b94-ae47-222331a99aa8 0.169s
2025-11-19 17:25:32.404 65652 WARNING tempest.lib.common.ssh [-] Failed to establish authenticated ssh connection to cirros@10.180.180.176 ([Errno None] Unable to connect to port 22 on 10.180.180.176). Number attempts: 13. Retry after 14 seconds.: paramiko.ssh_exception.NoValidConnectionsError: [Errno None] Unable to connect to port 22 on 10.180.180.176
2025-11-19 17:25:32.428 65666 WARNING tempest.lib.common.ssh [-] Failed to establish authenticated ssh connection to cirros@10.180.180.249 ([Errno None] Unable to connect to port 22 on 10.180.180.249). Number attempts: 4. Retry after 5 seconds.: paramiko.ssh_exception.NoValidConnectionsError: [Errno None] Unable to connect to port 22 on 10.180.180.249
2025-11-19 17:25:32.457 65674 INFO tempest.lib.common.rest_client [req-28aec240-48f2-4fc6-aa3f-deea09f6add4 req-28aec240-48f2-4fc6-aa3f-deea09f6add4 ] Request (VolumesAssistedSnapshotsTest:tearDownClass): 200 GET http://10.180.1.21/compute/v2.1/servers/5bf2ac37-617b-4fcd-b7cf-4bfa6b46cafc 0.238s
2025-11-19 17:25:32.537 65692 INFO tempest.lib.common.rest_client [req-55c34ee6-21ce-4cc4-afff-df125ed40532 req-55c34ee6-21ce-4cc4-afff-df125ed40532 ] Request (MultipleCreateTestJSON:test_multiple_create_with_reservation_return): 202 POST http://10.180.1.21/compute/v2.1/servers 0.490s
2025-11-19 17:25:32.550 65648 INFO tempest.lib.common.rest_client [req-30c469db-2967-4ff8-839b-7c5568502f81 req-30c469db-2967-4ff8-839b-7c5568502f81 ] Request (TenantUsagesTestJSON:tearDownClass): 200 GET http://10.180.1.21/compute/v2.1/servers/d31ea6cf-5cda-4a94-948b-042a83d01d25 0.243s
2025-11-19 17:25:32.606 65676 INFO tempest.lib.common.rest_client [req-75c6d966-da1b-4d46-bed5-da3c949d4d04 req-75c6d966-da1b-4d46-bed5-da3c949d4d04 ] Request (ImagesTestJSON:test_create_server_from_snapshot): 200 GET http://10.180.1.21/compute/v2.1/servers/d3dc214e-1f90-4aea-8eb8-e18dbee3b0ad 0.270s
2025-11-19 17:25:32.661 65664 INFO tempest.lib.common.rest_client [req-59a3d0cb-bb90-4728-8598-298c5620e0eb req-59a3d0cb-bb90-4728-8598-298c5620e0eb ] Request (FloatingIPsAssociationTestJSON:test_associate_already_associated_floating_ip): 200 GET http://10.180.1.21/compute/v2.1/servers/cef05a06-bba7-4870-aaa5-a9e0e200bce9 0.233s
2025-11-19 17:25:32.694 65642 INFO tempest.lib.common.rest_client [req-cac747b5-faa0-4a92-bbb0-b79f5b883221 req-cac747b5-faa0-4a92-bbb0-b79f5b883221 ] Request (ServerActionsTestOtherA:setUpClass): 200 GET http://10.180.1.21/compute/v2.1/servers/80fd90d6-cecd-42f7-b616-6166554bf2ce 0.271s
2025-11-19 17:25:32.703 65692 INFO tempest.lib.common.rest_client [req-740de41a-8ef6-4461-9890-7f549c71a355 req-740de41a-8ef6-4461-9890-7f549c71a355 ] Request (MultipleCreateTestJSON:test_multiple_create_with_reservation_return): 200 GET http://10.180.1.21/compute/v2.1/servers 0.165s
2025-11-19 17:25:32.768 65640 INFO tempest.lib.common.rest_client [req-51718c96-fdb7-4cf8-bd3d-6a5052393130 req-51718c96-fdb7-4cf8-bd3d-6a5052393130 ] Request (ServerShowV254Test:test_rebuild_server): 200 GET http://10.180.1.21/compute/v2.1/servers/8815560d-c98a-45ef-8700-f168c77ef62b 0.224s
2025-11-19 17:25:32.816 65692 INFO tempest.lib.common.rest_client [req-9bf9d42a-965b-40c4-9c92-36a7006073b4 req-9bf9d42a-965b-40c4-9c92-36a7006073b4 ] Request (MultipleCreateTestJSON:test_multiple_create_with_reservation_return): 200 GET http://10.180.1.21/compute/v2.1/servers/30f675f7-a4b3-4b0a-bef1-59f2feff9e93 0.111s
2025-11-19 17:25:32.879 65634 INFO tempest.lib.common.rest_client [req-1876f135-c32a-4dd3-a0c9-0726a7d35412 req-1876f135-c32a-4dd3-a0c9-0726a7d35412 ] Request (ServerDiskConfigTestJSON:test_rebuild_server_with_manual_disk_config): 200 GET http://10.180.1.21/compute/v2.1/servers/c9d925af-77a4-4e7d-8753-eff21819a840 0.192s
2025-11-19 17:25:32.938 65656 INFO tempest.lib.common.rest_client [req-980a1c34-6971-4ac6-9624-6bdefdd65d3b req-980a1c34-6971-4ac6-9624-6bdefdd65d3b ] Request (ServersAdminTestJSON:_run_cleanups): 200 GET http://10.180.1.21/compute/v2.1/servers/ee97976a-f747-4ccc-83e5-77b47141aae1 0.186s
2025-11-19 17:25:32.954 65670 INFO tempest.lib.common.rest_client [req-0140dfd3-3c25-4dc3-a4b4-9ff3fc71ecf7 req-0140dfd3-3c25-4dc3-a4b4-9ff3fc71ecf7 ] Request (ServersTestJSON:test_create_server_specify_multibyte_character_name): 200 GET http://10.180.1.21/compute/v2.1/servers/716fd98e-9d2a-439f-ad73-9418b10581c5 0.174s
2025-11-19 17:25:33.043 65688 INFO tempest.lib.common.rest_client [req-42b6fa1f-e4a3-4db0-9647-eb8006f193a7 req-42b6fa1f-e4a3-4db0-9647-eb8006f193a7 ] Request (ListServersNegativeTestJSON:tearDownClass): 200 GET http://10.180.1.21/compute/v2.1/servers/fcf9d406-ac0d-45e8-9f82-0794033cbe7e 0.083s
2025-11-19 17:25:33.065 65638 INFO tempest.lib.common.rest_client [req-479888fe-c97e-4110-9f9e-42a27ce5d2d5 req-479888fe-c97e-4110-9f9e-42a27ce5d2d5 ] Request (ImagesOneServerNegativeTestJSON:setUpClass): 200 GET http://10.180.1.21/compute/v2.1/servers/e248aa48-4261-48da-bad2-6450ba477b47 0.115s
2025-11-19 17:25:33.155 65660 INFO tempest.lib.common.rest_client [req-f84721a9-db37-487a-a662-c45bdf0c580e req-f84721a9-db37-487a-a662-c45bdf0c580e ] Request (ServersAdminNegativeTestJSON:tearDownClass): 200 GET http://10.180.1.21/compute/v2.1/servers/da05a887-aaf4-482f-b206-f2a339d4a515 0.085s
2025-11-19 17:25:33.174 65646 INFO tempest.lib.common.rest_client [req-f8984c06-6f3d-4eae-a6c6-bccc50d14007 req-f8984c06-6f3d-4eae-a6c6-bccc50d14007 ] Request (ServerActionsV293TestJSON:setUpClass): 200 GET http://10.180.1.21/volume/v3/volumes/672bacc1-c510-479f-83ac-53f64a3e47a6 0.040s
2025-11-19 17:25:33.222 65650 INFO tempest.lib.common.rest_client [req-23a73394-d8b9-40f9-afee-a4a87c6964a7 req-23a73394-d8b9-40f9-afee-a4a87c6964a7 ] Request (ServerRescueTestJSON:setUpClass): 200 GET http://10.180.1.21/compute/v2.1/servers/1b5d47dd-770a-4421-af43-aefcf4836bf3 0.071s
2025-11-19 17:25:33.257 65654 INFO tempest.lib.common.rest_client [req-ce1bdd37-da0c-4f6f-9cf1-2b3f1a2633f5 req-ce1bdd37-da0c-4f6f-9cf1-2b3f1a2633f5 ] Request (ServerAddressesTestJSON:setUpClass): 200 GET http://10.180.1.21/compute/v2.1/servers/8675694f-2952-494c-9c8a-b8ca16f8cb07 0.157s
2025-11-19 17:25:33.317 65662 INFO tempest.lib.common.rest_client [req-ac47a887-4a3c-48ca-9ee3-eb1a60e78278 req-ac47a887-4a3c-48ca-9ee3-eb1a60e78278 ] Request (ImagesOneServerTestJSON:tearDownClass): 200 GET http://10.180.1.21/compute/v2.1/servers/a9ea47e5-505a-47fa-988d-748762edce92 0.077s
2025-11-19 17:25:33.401 65672 INFO tempest.lib.common.rest_client [req-25dd2452-7d1b-4628-b291-cb764f331d2a req-25dd2452-7d1b-4628-b291-cb764f331d2a ] Request (FloatingIPsAssociationNegativeTestJSON:tearDownClass): 200 GET http://10.180.1.21/compute/v2.1/servers/2b0e208b-83ce-4198-bbe4-a64cf9653224 0.069s
2025-11-19 17:25:33.473 65690 INFO tempest.lib.common.rest_client [req-18cb2780-7065-47ed-bdd1-e9dab828ed6d req-18cb2780-7065-47ed-bdd1-e9dab828ed6d ] Request (SecurityGroupsTestJSON:test_server_security_groups): 200 GET http://10.180.1.21/compute/v2.1/servers/3967162b-126c-4b94-ae47-222331a99aa8 0.069s
2025-11-19 17:25:33.556 65674 INFO tempest.lib.common.rest_client [req-b4a781c9-94b2-4f90-9170-b344a52cd824 req-b4a781c9-94b2-4f90-9170-b344a52cd824 ] Request (VolumesAssistedSnapshotsTest:tearDownClass): 200 GET http://10.180.1.21/compute/v2.1/servers/5bf2ac37-617b-4fcd-b7cf-4bfa6b46cafc 0.091s
2025-11-19 17:25:33.651 65648 INFO tempest.lib.common.rest_client [req-4a6539a3-7f06-481f-a783-f8a09dadd535 req-4a6539a3-7f06-481f-a783-f8a09dadd535 ] Request (TenantUsagesTestJSON:tearDownClass): 200 GET http://10.180.1.21/compute/v2.1/servers/d31ea6cf-5cda-4a94-948b-042a83d01d25 0.088s
2025-11-19 17:25:33.685 65676 INFO tempest.lib.common.rest_client [req-ec1fddfc-f2ba-4bc1-ab23-2844d1e49d87 req-ec1fddfc-f2ba-4bc1-ab23-2844d1e49d87 ] Request (ImagesTestJSON:test_create_server_from_snapshot): 200 GET http://10.180.1.21/compute/v2.1/servers/d3dc214e-1f90-4aea-8eb8-e18dbee3b0ad 0.069s
2025-11-19 17:25:33.741 65664 INFO tempest.lib.common.rest_client [req-d153c8aa-7699-4e45-ba07-6babf20b978f req-d153c8aa-7699-4e45-ba07-6babf20b978f ] Request (FloatingIPsAssociationTestJSON:test_associate_already_associated_floating_ip): 200 GET http://10.180.1.21/compute/v2.1/servers/cef05a06-bba7-4870-aaa5-a9e0e200bce9 0.071s
2025-11-19 17:25:33.830 65658 INFO tempest.lib.common.rest_client [req-ee6c8209-d765-45da-aa10-ed3046c5bbf2 req-ee6c8209-d765-45da-aa10-ed3046c5bbf2 ] Request (ListImageFiltersTestJSON:setUpClass): 204 PUT http://10.180.1.21/image/v2/images/7138eb66-ae87-47b8-bedc-92c8f46dd37e/file 0.673s
2025-11-19 17:25:33.858 65642 INFO tempest.lib.common.rest_client [req-5734fefb-1762-41f1-9c5d-1d1ea207650f req-5734fefb-1762-41f1-9c5d-1d1ea207650f ] Request (ServerActionsTestOtherA:setUpClass): 200 GET http://10.180.1.21/compute/v2.1/servers/80fd90d6-cecd-42f7-b616-6166554bf2ce 0.150s
2025-11-19 17:25:33.858 65640 INFO tempest.lib.common.rest_client [req-c410c8bb-59d0-4e08-8f05-8b8c3a81e45b req-c410c8bb-59d0-4e08-8f05-8b8c3a81e45b ] Request (ServerShowV254Test:test_rebuild_server): 200 GET http://10.180.1.21/compute/v2.1/servers/8815560d-c98a-45ef-8700-f168c77ef62b 0.074s
2025-11-19 17:25:33.897 65658 INFO tempest.lib.common.rest_client [req-94c1acab-d60e-45a6-9f5b-bfd1abe5518c req-94c1acab-d60e-45a6-9f5b-bfd1abe5518c ] Request (ListImageFiltersTestJSON:setUpClass): 200 GET http://10.180.1.21/compute/v2.1/images/7138eb66-ae87-47b8-bedc-92c8f46dd37e 0.066s
2025-11-19 17:25:33.935 65692 INFO tempest.lib.common.rest_client [req-6bac88fc-86f2-4d69-b687-c51a7353d588 req-6bac88fc-86f2-4d69-b687-c51a7353d588 ] Request (MultipleCreateTestJSON:test_multiple_create_with_reservation_return): 200 GET http://10.180.1.21/compute/v2.1/servers/30f675f7-a4b3-4b0a-bef1-59f2feff9e93 0.105s
2025-11-19 17:25:33.943 65692 INFO tempest.common.waiters [-] State transition "BUILD/scheduling" ==> "BUILD/None" after 1 second wait
2025-11-19 17:25:33.969 65658 INFO tempest.lib.common.rest_client [req-9af7b0c0-4fbf-4967-91ba-d5fea65ff1dc req-9af7b0c0-4fbf-4967-91ba-d5fea65ff1dc ] Request (ListImageFiltersTestJSON:setUpClass): 200 GET http://10.180.1.21/compute/v2.1/images/7138eb66-ae87-47b8-bedc-92c8f46dd37e 0.068s
2025-11-19 17:25:34.012 65658 INFO tempest.lib.common.rest_client [req-3384357c-aa78-4c5a-a9bf-1cdf90ebd7cb req-3384357c-aa78-4c5a-a9bf-1cdf90ebd7cb ] Request (ListImageFiltersTestJSON:setUpClass): 201 POST http://10.180.1.21/identity/v3/auth/tokens 0.035s
2025-11-19 17:25:34.012 65658 INFO tempest.lib.common.fixed_network [-] (ListImageFiltersTestJSON:setUpClass) Found network None available for tenant
2025-11-19 17:25:34.041 65634 INFO tempest.lib.common.rest_client [req-08ec2838-cd12-449f-a10e-3e839901208a req-08ec2838-cd12-449f-a10e-3e839901208a ] Request (ServerDiskConfigTestJSON:test_rebuild_server_with_manual_disk_config): 200 GET http://10.180.1.21/compute/v2.1/servers/c9d925af-77a4-4e7d-8753-eff21819a840 0.149s
2025-11-19 17:25:34.089 65670 INFO tempest.lib.common.rest_client [req-2ede25da-d6db-45a6-acdd-f40350ae38b0 req-2ede25da-d6db-45a6-acdd-f40350ae38b0 ] Request (ServersTestJSON:test_create_server_specify_multibyte_character_name): 200 GET http://10.180.1.21/compute/v2.1/servers/716fd98e-9d2a-439f-ad73-9418b10581c5 0.126s
2025-11-19 17:25:34.100 65656 INFO tempest.lib.common.rest_client [req-e1fbcdf7-6484-402d-b4c3-3d25ee7e414f req-e1fbcdf7-6484-402d-b4c3-3d25ee7e414f ] Request (ServersAdminTestJSON:_run_cleanups): 200 GET http://10.180.1.21/compute/v2.1/servers/ee97976a-f747-4ccc-83e5-77b47141aae1 0.154s
2025-11-19 17:25:34.161 65688 INFO tempest.lib.common.rest_client [req-c141c8d1-b5c3-47a5-b2e0-823c7bc6cde1 req-c141c8d1-b5c3-47a5-b2e0-823c7bc6cde1 ] Request (ListServersNegativeTestJSON:tearDownClass): 200 GET http://10.180.1.21/compute/v2.1/servers/fcf9d406-ac0d-45e8-9f82-0794033cbe7e 0.111s
2025-11-19 17:25:34.169 65688 INFO tempest.common.waiters [-] State transition "ACTIVE/deleting" ==> "DELETED/None" after 4 second wait
2025-11-19 17:25:34.216 65646 INFO tempest.lib.common.rest_client [req-91a5fe32-4eb2-481f-b41d-1d1f74547cf1 req-91a5fe32-4eb2-481f-b41d-1d1f74547cf1 ] Request (ServerActionsV293TestJSON:setUpClass): 200 GET http://10.180.1.21/volume/v3/volumes/672bacc1-c510-479f-83ac-53f64a3e47a6 0.031s
2025-11-19 17:25:34.288 65638 INFO tempest.lib.common.rest_client [req-78f5fcca-0bc9-4c2a-99c2-3696524f177e req-78f5fcca-0bc9-4c2a-99c2-3696524f177e ] Request (ImagesOneServerNegativeTestJSON:setUpClass): 200 GET http://10.180.1.21/compute/v2.1/servers/e248aa48-4261-48da-bad2-6450ba477b47 0.212s
2025-11-19 17:25:34.288 65658 INFO tempest.lib.common.rest_client [req-3398a151-d0c3-48be-8ed1-c37f4200f271 req-3398a151-d0c3-48be-8ed1-c37f4200f271 ] Request (ListImageFiltersTestJSON:setUpClass): 202 POST http://10.180.1.21/compute/v2.1/servers 0.275s
2025-11-19 17:25:34.295 65638 INFO tempest.common.waiters [-] State transition "BUILD/spawning" ==> "ACTIVE/None" after 55 second wait
2025-11-19 17:25:34.323 65658 INFO tempest.lib.common.rest_client [req-43a04393-b663-4113-9174-96cce64b56ca req-43a04393-b663-4113-9174-96cce64b56ca ] Request (ListImageFiltersTestJSON:setUpClass): 201 POST http://10.180.1.21/identity/v3/auth/tokens 0.030s
2025-11-19 17:25:34.324 65658 INFO tempest.lib.common.fixed_network [-] (ListImageFiltersTestJSON:setUpClass) Found network None available for tenant
2025-11-19 17:25:34.349 65660 INFO tempest.lib.common.rest_client [req-2bdd1411-2683-432a-bc58-52aeba6e68ca req-2bdd1411-2683-432a-bc58-52aeba6e68ca ] Request (ServersAdminNegativeTestJSON:tearDownClass): 200 GET http://10.180.1.21/compute/v2.1/servers/da05a887-aaf4-482f-b206-f2a339d4a515 0.183s
2025-11-19 17:25:34.353 65650 INFO tempest.lib.common.rest_client [req-ac7c4cd1-9041-4372-a771-5a078ff57566 req-ac7c4cd1-9041-4372-a771-5a078ff57566 ] Request (ServerRescueTestJSON:setUpClass): 200 GET http://10.180.1.21/compute/v2.1/servers/1b5d47dd-770a-4421-af43-aefcf4836bf3 0.122s
2025-11-19 17:25:34.471 65638 INFO tempest.lib.common.rest_client [req-ab7ba051-5755-4ec6-898f-4f714dd71702 req-ab7ba051-5755-4ec6-898f-4f714dd71702 ] Request (ImagesOneServerNegativeTestJSON:setUp): 200 GET http://10.180.1.21/compute/v2.1/servers/e248aa48-4261-48da-bad2-6450ba477b47 0.175s
2025-11-19 17:25:34.471 65654 INFO tempest.lib.common.rest_client [req-92d984c7-77a0-49b9-b284-631e32951032 req-92d984c7-77a0-49b9-b284-631e32951032 ] Request (ServerAddressesTestJSON:setUpClass): 200 GET http://10.180.1.21/compute/v2.1/servers/8675694f-2952-494c-9c8a-b8ca16f8cb07 0.207s
2025-11-19 17:25:34.481 65654 INFO tempest.common.waiters [-] State transition "BUILD/spawning" ==> "ACTIVE/None" after 51 second wait
2025-11-19 17:25:34.553 65662 INFO tempest.lib.common.rest_client [req-8bff4f76-cb20-4d68-8727-d902adfc64be req-8bff4f76-cb20-4d68-8727-d902adfc64be ] Request (ImagesOneServerTestJSON:tearDownClass): 200 GET http://10.180.1.21/compute/v2.1/servers/a9ea47e5-505a-47fa-988d-748762edce92 0.229s
2025-11-19 17:25:34.624 65672 INFO tempest.lib.common.rest_client [req-fad7fcea-9d12-432d-be03-041df4d71ae4 req-fad7fcea-9d12-432d-be03-041df4d71ae4 ] Request (FloatingIPsAssociationNegativeTestJSON:tearDownClass): 200 GET http://10.180.1.21/compute/v2.1/servers/2b0e208b-83ce-4198-bbe4-a64cf9653224 0.215s
2025-11-19 17:25:34.629 65638 INFO tempest.lib.common.rest_client [req-e9f3a366-1145-4369-aa6b-e529f9433cd0 req-e9f3a366-1145-4369-aa6b-e529f9433cd0 ] Request (ImagesOneServerNegativeTestJSON:test_create_image_specify_invalid_metadata): 400 POST http://10.180.1.21/compute/v2.1/servers/e248aa48-4261-48da-bad2-6450ba477b47/action 0.151s
2025-11-19 17:25:34.656 65654 INFO tempest.lib.common.rest_client [req-4f8c5ea8-a6c3-47f9-8498-c6e854985e7c req-4f8c5ea8-a6c3-47f9-8498-c6e854985e7c ] Request (ServerAddressesTestJSON:test_list_server_addresses): 200 GET http://10.180.1.21/compute/v2.1/servers/8675694f-2952-494c-9c8a-b8ca16f8cb07/ips 0.174s
2025-11-19 17:25:34.709 65658 INFO tempest.lib.common.rest_client [req-13d06699-5816-4fa8-ae61-844d3a9c81d5 req-13d06699-5816-4fa8-ae61-844d3a9c81d5 ] Request (ListImageFiltersTestJSON:setUpClass): 202 POST http://10.180.1.21/compute/v2.1/servers 0.385s
2025-11-19 17:25:34.718 65690 INFO tempest.lib.common.rest_client [req-53bd9882-8bc0-48b7-8d72-b43d7e780c1d req-53bd9882-8bc0-48b7-8d72-b43d7e780c1d ] Request (SecurityGroupsTestJSON:test_server_security_groups): 200 GET http://10.180.1.21/compute/v2.1/servers/3967162b-126c-4b94-ae47-222331a99aa8 0.235s
2025-11-19 17:25:34.782 65674 INFO tempest.lib.common.rest_client [req-c585039c-6a55-4566-abc3-5e6b555b3f05 req-c585039c-6a55-4566-abc3-5e6b555b3f05 ] Request (VolumesAssistedSnapshotsTest:tearDownClass): 200 GET http://10.180.1.21/compute/v2.1/servers/5bf2ac37-617b-4fcd-b7cf-4bfa6b46cafc 0.217s
2025-11-19 17:25:34.840 65648 INFO tempest.lib.common.rest_client [req-05c7fc5b-75e6-42a6-92b6-6f8e0b41c172 req-05c7fc5b-75e6-42a6-92b6-6f8e0b41c172 ] Request (TenantUsagesTestJSON:tearDownClass): 200 GET http://10.180.1.21/compute/v2.1/servers/d31ea6cf-5cda-4a94-948b-042a83d01d25 0.181s
2025-11-19 17:25:34.844 65638 INFO tempest.lib.common.rest_client [req-8d2431a3-1dd2-4889-9a8c-eed9f906fb79 req-8d2431a3-1dd2-4889-9a8c-eed9f906fb79 ] Request (ImagesOneServerNegativeTestJSON:tearDown): 200 GET http://10.180.1.21/compute/v2.1/servers/e248aa48-4261-48da-bad2-6450ba477b47 0.215s
2025-11-19 17:25:34.870 65654 INFO tempest.lib.common.rest_client [req-b43be5b9-6422-4fce-bf0e-bd201d09fbc6 req-b43be5b9-6422-4fce-bf0e-bd201d09fbc6 ] Request (ServerAddressesTestJSON:test_list_server_addresses_by_network): 200 GET http://10.180.1.21/compute/v2.1/servers/8675694f-2952-494c-9c8a-b8ca16f8cb07/ips 0.212s
2025-11-19 17:25:34.895 65676 INFO tempest.lib.common.rest_client [req-e5097771-6e97-4794-9c46-32adcba42f5f req-e5097771-6e97-4794-9c46-32adcba42f5f ] Request (ImagesTestJSON:test_create_server_from_snapshot): 200 GET http://10.180.1.21/compute/v2.1/servers/d3dc214e-1f90-4aea-8eb8-e18dbee3b0ad 0.203s
2025-11-19 17:25:34.914 65658 INFO tempest.lib.common.rest_client [req-695ee6ec-65f9-4514-8609-5b29e9df75c4 req-695ee6ec-65f9-4514-8609-5b29e9df75c4 ] Request (ListImageFiltersTestJSON:setUpClass): 200 GET http://10.180.1.21/compute/v2.1/servers/ad46d34e-f0a1-42a9-9942-9d8b36fc2728 0.203s
2025-11-19 17:25:34.944 65664 INFO tempest.lib.common.rest_client [req-40537c92-3bf2-46ec-ab93-d61e773f140f req-40537c92-3bf2-46ec-ab93-d61e773f140f ] Request (FloatingIPsAssociationTestJSON:test_associate_already_associated_floating_ip): 200 GET http://10.180.1.21/compute/v2.1/servers/cef05a06-bba7-4870-aaa5-a9e0e200bce9 0.193s
2025-11-19 17:25:35.009 65638 INFO tempest.lib.common.rest_client [req-80231be6-39d0-4b20-b812-e618bfd07a14 req-80231be6-39d0-4b20-b812-e618bfd07a14 ] Request (ImagesOneServerNegativeTestJSON:setUp): 200 GET http://10.180.1.21/compute/v2.1/servers/e248aa48-4261-48da-bad2-6450ba477b47 0.154s
2025-11-19 17:25:35.060 65640 INFO tempest.lib.common.rest_client [req-c8b9b4e2-7047-47c7-8f80-82fa410a137c req-c8b9b4e2-7047-47c7-8f80-82fa410a137c ] Request (ServerShowV254Test:test_rebuild_server): 200 GET http://10.180.1.21/compute/v2.1/servers/8815560d-c98a-45ef-8700-f168c77ef62b 0.189s
2025-11-19 17:25:35.072 65640 INFO tempest.common.waiters [-] State transition "BUILD/None" ==> "BUILD/networking" after 35 second wait
2025-11-19 17:25:35.084 65642 INFO tempest.lib.common.rest_client [req-e17fdac1-656a-4474-be93-61d32b8bbada req-e17fdac1-656a-4474-be93-61d32b8bbada ] Request (ServerActionsTestOtherA:setUpClass): 200 GET http://10.180.1.21/compute/v2.1/servers/80fd90d6-cecd-42f7-b616-6166554bf2ce 0.215s
2025-11-19 17:25:35.088 65654 INFO tempest.lib.common.rest_client [req-a3c70ce0-36d0-48e6-b875-3ce799d263ba req-a3c70ce0-36d0-48e6-b875-3ce799d263ba ] Request (ServerAddressesTestJSON:test_list_server_addresses_by_network): 200 GET http://10.180.1.21/compute/v2.1/servers/8675694f-2952-494c-9c8a-b8ca16f8cb07/ips/tempest-ServerAddressesTestJSON-1778368557-network 0.216s
2025-11-19 17:25:35.093 65638 INFO tempest.lib.common.rest_client [req-b61642dd-2a58-4f6b-8784-f1a49ffc5589 req-b61642dd-2a58-4f6b-8784-f1a49ffc5589 ] Request (ImagesOneServerNegativeTestJSON:test_create_image_specify_metadata_over_limits): 400 POST http://10.180.1.21/compute/v2.1/servers/e248aa48-4261-48da-bad2-6450ba477b47/action 0.076s
2025-11-19 17:25:35.149 65692 INFO tempest.lib.common.rest_client [req-b1a53ea8-6903-4822-920f-41482c55fe20 req-b1a53ea8-6903-4822-920f-41482c55fe20 ] Request (MultipleCreateTestJSON:test_multiple_create_with_reservation_return): 200 GET http://10.180.1.21/compute/v2.1/servers/30f675f7-a4b3-4b0a-bef1-59f2feff9e93 0.204s
2025-11-19 17:25:35.228 65634 INFO tempest.lib.common.rest_client [req-43264188-e951-475b-81ed-3b8d6abf46a0 req-43264188-e951-475b-81ed-3b8d6abf46a0 ] Request (ServerDiskConfigTestJSON:test_rebuild_server_with_manual_disk_config): 200 GET http://10.180.1.21/compute/v2.1/servers/c9d925af-77a4-4e7d-8753-eff21819a840 0.175s
2025-11-19 17:25:35.262 65646 INFO tempest.lib.common.rest_client [req-22d6c6c8-4c54-474d-a9d0-b67e96049934 req-22d6c6c8-4c54-474d-a9d0-b67e96049934 ] Request (ServerActionsV293TestJSON:setUpClass): 200 GET http://10.180.1.21/volume/v3/volumes/672bacc1-c510-479f-83ac-53f64a3e47a6 0.036s
2025-11-19 17:25:35.277 65638 INFO tempest.lib.common.rest_client [req-2105e77a-b918-4ee9-9e5c-aa60c59317cd req-2105e77a-b918-4ee9-9e5c-aa60c59317cd ] Request (ImagesOneServerNegativeTestJSON:tearDown): 200 GET http://10.180.1.21/compute/v2.1/servers/e248aa48-4261-48da-bad2-6450ba477b47 0.183s
2025-11-19 17:25:35.299 65670 INFO tempest.lib.common.rest_client [req-7f23bd65-ab7e-4504-a0e9-2b5e2fb1ebec req-7f23bd65-ab7e-4504-a0e9-2b5e2fb1ebec ] Request (ServersTestJSON:test_create_server_specify_multibyte_character_name): 200 GET http://10.180.1.21/compute/v2.1/servers/716fd98e-9d2a-439f-ad73-9418b10581c5 0.201s
2025-11-19 17:25:35.367 65654 INFO tempest.lib.common.rest_client [req-7d463ea6-2695-40ae-864b-fe2532030172 req-7d463ea6-2695-40ae-864b-fe2532030172 ] Request (ServerAddressesTestJSON:tearDownClass): 204 DELETE http://10.180.1.21/compute/v2.1/servers/8675694f-2952-494c-9c8a-b8ca16f8cb07 0.268s
2025-11-19 17:25:35.443 65688 INFO tempest.lib.common.rest_client [req-f682b3a9-5325-4fa6-931c-7378a09ddbed req-f682b3a9-5325-4fa6-931c-7378a09ddbed ] Request (ListServersNegativeTestJSON:tearDownClass): 200 GET http://10.180.1.21/compute/v2.1/servers/fcf9d406-ac0d-45e8-9f82-0794033cbe7e 0.273s
2025-11-19 17:25:35.458 65656 INFO tempest.lib.common.rest_client [req-9b4faeb5-d049-4cbb-a7b0-e94fa60fd1d6 req-9b4faeb5-d049-4cbb-a7b0-e94fa60fd1d6 ] Request (ServersAdminTestJSON:_run_cleanups): 200 GET http://10.180.1.21/compute/v2.1/servers/ee97976a-f747-4ccc-83e5-77b47141aae1 0.350s
2025-11-19 17:25:35.537 65660 INFO tempest.lib.common.rest_client [req-8b88a59a-63ad-45fa-b3ec-26958394ff94 req-8b88a59a-63ad-45fa-b3ec-26958394ff94 ] Request (ServersAdminNegativeTestJSON:tearDownClass): 200 GET http://10.180.1.21/compute/v2.1/servers/da05a887-aaf4-482f-b206-f2a339d4a515 0.179s
2025-11-19 17:25:35.559 65638 INFO tempest.lib.common.rest_client [req-d1d85dda-7eec-4ac0-867c-31c9e8915ff1 req-d1d85dda-7eec-4ac0-867c-31c9e8915ff1 ] Request (ImagesOneServerNegativeTestJSON:setUp): 200 GET http://10.180.1.21/compute/v2.1/servers/e248aa48-4261-48da-bad2-6450ba477b47 0.272s
2025-11-19 17:25:35.600 65650 INFO tempest.lib.common.rest_client [req-7a4e63cc-752f-48bf-9d82-99cb941d9237 req-7a4e63cc-752f-48bf-9d82-99cb941d9237 ] Request (ServerRescueTestJSON:setUpClass): 200 GET http://10.180.1.21/compute/v2.1/servers/1b5d47dd-770a-4421-af43-aefcf4836bf3 0.239s
2025-11-19 17:25:35.663 65662 INFO tempest.lib.common.rest_client [req-89a9f98c-0826-4e30-ab93-5214008d4ee8 req-89a9f98c-0826-4e30-ab93-5214008d4ee8 ] Request (ImagesOneServerTestJSON:tearDownClass): 200 GET http://10.180.1.21/compute/v2.1/servers/a9ea47e5-505a-47fa-988d-748762edce92 0.102s
2025-11-19 17:25:35.668 65638 INFO tempest.lib.common.rest_client [req-c4c06286-b962-4248-96e9-eea90bb7e8c4 req-c4c06286-b962-4248-96e9-eea90bb7e8c4 ] Request (ImagesOneServerNegativeTestJSON:test_create_image_specify_name_over_character_limit): 400 POST http://10.180.1.21/compute/v2.1/servers/e248aa48-4261-48da-bad2-6450ba477b47/action 0.101s
2025-11-19 17:25:35.695 65654 INFO tempest.lib.common.rest_client [req-394194f2-5913-40b9-8277-06d6c81ba5f9 req-394194f2-5913-40b9-8277-06d6c81ba5f9 ] Request (ServerAddressesTestJSON:tearDownClass): 200 GET http://10.180.1.21/compute/v2.1/servers/8675694f-2952-494c-9c8a-b8ca16f8cb07 0.328s
2025-11-19 17:25:35.727 65672 INFO tempest.lib.common.rest_client [req-cc3321a3-0c46-4b96-a6a9-66af3ccf9b26 req-cc3321a3-0c46-4b96-a6a9-66af3ccf9b26 ] Request (FloatingIPsAssociationNegativeTestJSON:tearDownClass): 200 GET http://10.180.1.21/compute/v2.1/servers/2b0e208b-83ce-4198-bbe4-a64cf9653224 0.092s
2025-11-19 17:25:35.740 65680 WARNING tempest.lib.common.ssh [-] Failed to establish authenticated ssh connection to cirros@10.180.180.236 ([Errno None] Unable to connect to port 22 on 10.180.180.236). Number attempts: 4. Retry after 5 seconds.: paramiko.ssh_exception.NoValidConnectionsError: [Errno None] Unable to connect to port 22 on 10.180.180.236
2025-11-19 17:25:35.789 65690 INFO tempest.lib.common.rest_client [req-45d00bb4-0840-4bfd-8b5e-da7935c79259 req-45d00bb4-0840-4bfd-8b5e-da7935c79259 ] Request (SecurityGroupsTestJSON:test_server_security_groups): 200 GET http://10.180.1.21/compute/v2.1/servers/3967162b-126c-4b94-ae47-222331a99aa8 0.063s
2025-11-19 17:25:35.789 65638 INFO tempest.lib.common.rest_client [req-dd8b44a6-0213-4141-b922-2acd5106ee09 req-dd8b44a6-0213-4141-b922-2acd5106ee09 ] Request (ImagesOneServerNegativeTestJSON:tearDown): 200 GET http://10.180.1.21/compute/v2.1/servers/e248aa48-4261-48da-bad2-6450ba477b47 0.121s
2025-11-19 17:25:35.855 65674 INFO tempest.lib.common.rest_client [req-ff9aded4-84b9-4d9a-b4b7-c8aa59b1682c req-ff9aded4-84b9-4d9a-b4b7-c8aa59b1682c ] Request (VolumesAssistedSnapshotsTest:tearDownClass): 200 GET http://10.180.1.21/compute/v2.1/servers/5bf2ac37-617b-4fcd-b7cf-4bfa6b46cafc 0.064s
2025-11-19 17:25:35.898 65638 INFO tempest.lib.common.rest_client [req-ec5c7126-c686-4a9a-871f-9164bdcfa3e7 req-ec5c7126-c686-4a9a-871f-9164bdcfa3e7 ] Request (ImagesOneServerNegativeTestJSON:setUp): 200 GET http://10.180.1.21/compute/v2.1/servers/e248aa48-4261-48da-bad2-6450ba477b47 0.099s
2025-11-19 17:25:35.917 65648 INFO tempest.lib.common.rest_client [req-06d7f7db-08e2-44aa-93a1-3d7c87ec4412 req-06d7f7db-08e2-44aa-93a1-3d7c87ec4412 ] Request (TenantUsagesTestJSON:tearDownClass): 200 GET http://10.180.1.21/compute/v2.1/servers/d31ea6cf-5cda-4a94-948b-042a83d01d25 0.066s
2025-11-19 17:25:35.959 65676 INFO tempest.lib.common.rest_client [req-239f279a-2f2b-4060-b9fc-d40426a130cd req-239f279a-2f2b-4060-b9fc-d40426a130cd ] Request (ImagesTestJSON:test_create_server_from_snapshot): 200 GET http://10.180.1.21/compute/v2.1/servers/d3dc214e-1f90-4aea-8eb8-e18dbee3b0ad 0.056s
2025-11-19 17:25:36.021 65658 INFO tempest.lib.common.rest_client [req-49645211-8532-4b6f-b098-facc89979912 req-49645211-8532-4b6f-b098-facc89979912 ] Request (ListImageFiltersTestJSON:setUpClass): 200 GET http://10.180.1.21/compute/v2.1/servers/ad46d34e-f0a1-42a9-9942-9d8b36fc2728 0.100s
2025-11-19 17:25:36.029 65658 INFO tempest.common.waiters [-] State transition "BUILD/scheduling" ==> "BUILD/None" after 2 second wait
2025-11-19 17:25:36.078 65664 INFO tempest.lib.common.rest_client [req-54790780-e04d-4bdc-84ef-4d6fac2a948a req-54790780-e04d-4bdc-84ef-4d6fac2a948a ] Request (FloatingIPsAssociationTestJSON:test_associate_already_associated_floating_ip): 200 GET http://10.180.1.21/compute/v2.1/servers/cef05a06-bba7-4870-aaa5-a9e0e200bce9 0.125s
2025-11-19 17:25:36.138 65640 INFO tempest.lib.common.rest_client [req-de640ec4-16d9-48b1-bc5b-c13da6529346 req-de640ec4-16d9-48b1-bc5b-c13da6529346 ] Request (ServerShowV254Test:test_rebuild_server): 200 GET http://10.180.1.21/compute/v2.1/servers/8815560d-c98a-45ef-8700-f168c77ef62b 0.065s
2025-11-19 17:25:36.147 65640 INFO tempest.common.waiters [-] State transition "BUILD/networking" ==> "BUILD/spawning" after 36 second wait
2025-11-19 17:25:36.264 65642 INFO tempest.lib.common.rest_client [req-44df8dea-3909-4bbf-8eae-e3d34e2a0d76 req-44df8dea-3909-4bbf-8eae-e3d34e2a0d76 ] Request (ServerActionsTestOtherA:setUpClass): 200 GET http://10.180.1.21/compute/v2.1/servers/80fd90d6-cecd-42f7-b616-6166554bf2ce 0.172s
2025-11-19 17:25:36.300 65646 INFO tempest.lib.common.rest_client [req-84161670-a8bd-482a-849f-167f690a50f7 req-84161670-a8bd-482a-849f-167f690a50f7 ] Request (ServerActionsV293TestJSON:setUpClass): 200 GET http://10.180.1.21/volume/v3/volumes/672bacc1-c510-479f-83ac-53f64a3e47a6 0.030s
2025-11-19 17:25:36.318 65692 INFO tempest.lib.common.rest_client [req-14e66b19-def9-41bd-803c-88cd9de0f85b req-14e66b19-def9-41bd-803c-88cd9de0f85b ] Request (MultipleCreateTestJSON:test_multiple_create_with_reservation_return): 200 GET http://10.180.1.21/compute/v2.1/servers/30f675f7-a4b3-4b0a-bef1-59f2feff9e93 0.160s
2025-11-19 17:25:36.347 65638 INFO tempest.lib.common.rest_client [req-40bff5e9-45b4-41a1-adac-59f256f5dd86 req-40bff5e9-45b4-41a1-adac-59f256f5dd86 ] Request (ImagesOneServerNegativeTestJSON:test_create_second_image_when_first_image_is_being_saved): 202 POST http://10.180.1.21/compute/v2.1/servers/e248aa48-4261-48da-bad2-6450ba477b47/action 0.442s
2025-11-19 17:25:36.410 65670 INFO tempest.lib.common.rest_client [req-af4cec5d-7798-49f0-b2b1-8dce24911a9e req-af4cec5d-7798-49f0-b2b1-8dce24911a9e ] Request (ServersTestJSON:test_create_server_specify_multibyte_character_name): 200 GET http://10.180.1.21/compute/v2.1/servers/716fd98e-9d2a-439f-ad73-9418b10581c5 0.103s
2025-11-19 17:25:36.431 65634 INFO tempest.lib.common.rest_client [req-7b62446b-834e-4af8-866c-27971d9d6c57 req-7b62446b-834e-4af8-866c-27971d9d6c57 ] Request (ServerDiskConfigTestJSON:test_rebuild_server_with_manual_disk_config): 200 GET http://10.180.1.21/compute/v2.1/servers/c9d925af-77a4-4e7d-8753-eff21819a840 0.195s
2025-11-19 17:25:36.454 65638 INFO tempest.lib.common.rest_client [req-02bd745e-210e-4ca7-b8bf-adfaf15e0ca5 req-02bd745e-210e-4ca7-b8bf-adfaf15e0ca5 ] Request (ImagesOneServerNegativeTestJSON:test_create_second_image_when_first_image_is_being_saved): 409 POST http://10.180.1.21/compute/v2.1/servers/e248aa48-4261-48da-bad2-6450ba477b47/action 0.106s
2025-11-19 17:25:36.536 65688 INFO tempest.lib.common.rest_client [req-7cd27ba1-04ec-43ef-b109-f06a7c64e6e4 req-7cd27ba1-04ec-43ef-b109-f06a7c64e6e4 ] Request (ListServersNegativeTestJSON:tearDownClass): 200 GET http://10.180.1.21/compute/v2.1/servers/fcf9d406-ac0d-45e8-9f82-0794033cbe7e 0.086s
2025-11-19 17:25:36.551 65638 INFO tempest.lib.common.rest_client [req-84002e9d-f257-473d-99e4-4a69b6cd6923 req-84002e9d-f257-473d-99e4-4a69b6cd6923 ] Request (ImagesOneServerNegativeTestJSON:test_create_second_image_when_first_image_is_being_saved): 204 DELETE http://10.180.1.21/compute/v2.1/images/d1be26e5-610e-456f-8185-5047d887e536 0.095s
2025-11-19 17:25:36.637 65660 INFO tempest.lib.common.rest_client [req-af9ab260-bf0d-4b1a-95c2-190340e677fa req-af9ab260-bf0d-4b1a-95c2-190340e677fa ] Request (ServersAdminNegativeTestJSON:tearDownClass): 200 GET http://10.180.1.21/compute/v2.1/servers/da05a887-aaf4-482f-b206-f2a339d4a515 0.091s
2025-11-19 17:25:36.660 65656 INFO tempest.lib.common.rest_client [req-f092c0f4-d7a1-476f-a777-3467af11ef6f req-f092c0f4-d7a1-476f-a777-3467af11ef6f ] Request (ServersAdminTestJSON:_run_cleanups): 200 GET http://10.180.1.21/compute/v2.1/servers/ee97976a-f747-4ccc-83e5-77b47141aae1 0.192s
2025-11-19 17:25:36.715 65650 INFO tempest.lib.common.rest_client [req-baa34e9a-550e-45fa-b3fd-1cb894e997e7 req-baa34e9a-550e-45fa-b3fd-1cb894e997e7 ] Request (ServerRescueTestJSON:setUpClass): 200 GET http://10.180.1.21/compute/v2.1/servers/1b5d47dd-770a-4421-af43-aefcf4836bf3 0.107s
2025-11-19 17:25:36.778 65662 INFO tempest.lib.common.rest_client [req-7c4492e7-1215-4f65-8937-0670c4e475ce req-7c4492e7-1215-4f65-8937-0670c4e475ce ] Request (ImagesOneServerTestJSON:tearDownClass): 200 GET http://10.180.1.21/compute/v2.1/servers/a9ea47e5-505a-47fa-988d-748762edce92 0.105s
2025-11-19 17:25:36.797 65638 INFO tempest.lib.common.rest_client [req-03dfe464-5f6b-4eb0-b090-a85deed87fd2 req-03dfe464-5f6b-4eb0-b090-a85deed87fd2 ] Request (ImagesOneServerNegativeTestJSON:tearDown): 200 GET http://10.180.1.21/compute/v2.1/servers/e248aa48-4261-48da-bad2-6450ba477b47 0.246s
2025-11-19 17:25:36.808 65668 WARNING tempest.lib.common.ssh [-] Failed to establish authenticated ssh connection to cirros@10.180.180.167 ([Errno None] Unable to connect to port 22 on 10.180.180.167). Number attempts: 5. Retry after 6 seconds.: paramiko.ssh_exception.NoValidConnectionsError: [Errno None] Unable to connect to port 22 on 10.180.180.167
2025-11-19 17:25:36.861 65672 INFO tempest.lib.common.rest_client [req-e76971f4-e91c-4dd1-8fb9-d8f19b364f96 req-e76971f4-e91c-4dd1-8fb9-d8f19b364f96 ] Request (FloatingIPsAssociationNegativeTestJSON:tearDownClass): 200 GET http://10.180.1.21/compute/v2.1/servers/2b0e208b-83ce-4198-bbe4-a64cf9653224 0.126s
2025-11-19 17:25:36.887 65654 INFO tempest.lib.common.rest_client [req-d1ef6be0-a80b-4990-b735-0de916406a70 req-d1ef6be0-a80b-4990-b735-0de916406a70 ] Request (ServerAddressesTestJSON:tearDownClass): 200 GET http://10.180.1.21/compute/v2.1/servers/8675694f-2952-494c-9c8a-b8ca16f8cb07 0.184s
2025-11-19 17:25:36.929 65644 WARNING tempest.lib.common.ssh [-] Failed to establish authenticated ssh connection to cirros@10.180.180.178 ([Errno None] Unable to connect to port 22 on 10.180.180.178). Number attempts: 12. Retry after 13 seconds.: paramiko.ssh_exception.NoValidConnectionsError: [Errno None] Unable to connect to port 22 on 10.180.180.178
2025-11-19 17:25:36.933 65690 INFO tempest.lib.common.rest_client [req-be885d20-3066-4121-9d34-28d2ef1660a1 req-be885d20-3066-4121-9d34-28d2ef1660a1 ] Request (SecurityGroupsTestJSON:test_server_security_groups): 200 GET http://10.180.1.21/compute/v2.1/servers/3967162b-126c-4b94-ae47-222331a99aa8 0.134s
