2025-11-19 17:22:55.264 65672 INFO tempest.lib.common.rest_client [req-3c510199-9b06-43d5-88b9-3e098f61d96d req-3c510199-9b06-43d5-88b9-3e098f61d96d ] Request (ServersAdmin275Test:test_rebuild_update_server_275): 202 POST http://10.180.1.21/compute/v2.1/servers/f134db6e-0869-440d-ad61-8f3850df9cbe/action 3.843s
2025-11-19 17:22:55.270 65688 INFO tempest.lib.common.rest_client [req-1a990fee-0fa0-4298-8a52-e63bbc93c3f9 req-1a990fee-0fa0-4298-8a52-e63bbc93c3f9 ] Request (ServerDiagnosticsTest:test_get_server_diagnostics): 200 GET http://10.180.1.21/compute/v2.1/servers/533e2c83-c815-43d3-8081-dd718b5926b1 3.444s
2025-11-19 17:22:55.285 65688 INFO tempest.common.waiters [-] State transition "BUILD/None" ==> "BUILD/networking" after 5 second wait
2025-11-19 17:22:55.297 65638 INFO tempest.lib.common.rest_client [req-7dfde106-eeff-42d3-b785-ba5d9f1233ad req-7dfde106-eeff-42d3-b785-ba5d9f1233ad ] Request (FlavorsV2TestJSON:setUpClass): 201 POST http://10.180.1.21/identity/v3/projects 0.047s
2025-11-19 17:22:55.393 65638 INFO tempest.lib.common.rest_client [req-d43b6911-67d0-4dbd-95bc-9b9a4e06be83 req-d43b6911-67d0-4dbd-95bc-9b9a4e06be83 ] Request (FlavorsV2TestJSON:setUpClass): 201 POST http://10.180.1.21/identity/v3/users 0.095s
2025-11-19 17:22:55.419 65638 INFO tempest.lib.common.rest_client [req-6db96107-8a35-4542-a6fd-063d8bd293af req-6db96107-8a35-4542-a6fd-063d8bd293af ] Request (FlavorsV2TestJSON:setUpClass): 200 GET http://10.180.1.21/identity/v3/roles 0.026s
2025-11-19 17:22:55.453 65638 INFO tempest.lib.common.rest_client [req-a13594b6-05d9-4123-8086-a74ae4150d51 req-a13594b6-05d9-4123-8086-a74ae4150d51 ] Request (FlavorsV2TestJSON:setUpClass): 204 PUT http://10.180.1.21/identity/v3/projects/2b59613787774ce3bd6c2fed083b437a/users/f970a80792684b8b9b062e604095823e/roles/d5406cfbd0474219abe2a39a7a666dbc 0.034s
2025-11-19 17:22:55.454 65638 INFO tempest.lib.common.dynamic_creds [-] Dynamic test user f970a80792684b8b9b062e604095823e is created with scope project and roles: ['member']
2025-11-19 17:22:55.454 65638 INFO tempest.lib.common.dynamic_creds [-] Acquired dynamic creds: credentials: Credentials: {'domain_id': 'default', 'domain_name': 'Default', 'username': 'tempest-FlavorsV2TestJSON-1911555725-project-member', 'project_domain_id': 'default', 'project_domain_name': 'Default', 'project_id': '2b59613787774ce3bd6c2fed083b437a', 'project_name': 'tempest-FlavorsV2TestJSON-1911555725', 'tenant_id': '2b59613787774ce3bd6c2fed083b437a', 'tenant_name': 'tempest-FlavorsV2TestJSON-1911555725', 'user_domain_id': 'default', 'user_domain_name': 'Default', 'user_id': 'f970a80792684b8b9b062e604095823e', 'system': None}, Network: None, Subnet: None, Router: None
2025-11-19 17:22:55.454 65638 INFO tempest.lib.common.dynamic_creds [-] Created isolated network resources for: credentials: Credentials: {'domain_id': 'default', 'domain_name': 'Default', 'username': 'tempest-FlavorsV2TestJSON-1911555725-project-member', 'project_domain_id': 'default', 'project_domain_name': 'Default', 'project_id': '2b59613787774ce3bd6c2fed083b437a', 'project_name': 'tempest-FlavorsV2TestJSON-1911555725', 'tenant_id': '2b59613787774ce3bd6c2fed083b437a', 'tenant_name': 'tempest-FlavorsV2TestJSON-1911555725', 'user_domain_id': 'default', 'user_domain_name': 'Default', 'user_id': 'f970a80792684b8b9b062e604095823e', 'system': None}, Network: None, Subnet: None, Router: None
2025-11-19 17:22:55.517 65652 INFO tempest.lib.common.rest_client [req-a3515f4c-445d-4ec0-8e1c-4b8ba189f5c5 req-a3515f4c-445d-4ec0-8e1c-4b8ba189f5c5 ] Request (AttachInterfacesUnderV243Test:test_add_remove_fixed_ip): 200 GET http://10.180.1.21/compute/v2.1/servers/a1656607-e0d5-49c2-ba84-ef8a195fd59c 3.482s
2025-11-19 17:22:55.537 65638 INFO tempest.lib.common.rest_client [req-a5aec2aa-d5a7-4975-8de1-ad01176d282c req-a5aec2aa-d5a7-4975-8de1-ad01176d282c ] Request (FlavorsV2TestJSON:setUpClass): 201 POST http://10.180.1.21/identity/v3/auth/tokens 0.080s
2025-11-19 17:22:55.560 65654 INFO tempest.lib.common.rest_client [req-619abdc9-be8a-41ac-a41b-f7d5f89f8f22 req-619abdc9-be8a-41ac-a41b-f7d5f89f8f22 ] Request (FlavorsExtraSpecsNegativeTestJSON:test_flavor_non_admin_update_specific_key): 403 PUT http://10.180.1.21/compute/v2.1/flavors/1912121168/os-extra_specs/hw:numa_nodes 2.924s
2025-11-19 17:22:55.849 65680 INFO tempest.lib.common.rest_client [req-7a0b7f79-1be6-47c6-baa0-003717cf8f6a req-7a0b7f79-1be6-47c6-baa0-003717cf8f6a ] Request (FloatingIPDetailsTestJSON:_run_cleanups): 202 DELETE http://10.180.1.21/compute/v2.1/os-floating-ips/2ad3b84d-efe5-4c75-b28c-c2aacdd8893b 3.299s
2025-11-19 17:22:55.875 65646 INFO tempest.lib.common.rest_client [req-58fd80fd-2b87-46d4-84b4-80bc45c98baf req-58fd80fd-2b87-46d4-84b4-80bc45c98baf ] Request (FlavorsAdminTestJSON:_run_cleanups): 200 GET http://10.180.1.21/compute/v2.1/flavors/detail 3.223s
2025-11-19 17:22:55.881 65658 INFO tempest.lib.common.rest_client [req-55ae042f-81ae-46d4-b7d8-b9b72e0cea71 req-55ae042f-81ae-46d4-b7d8-b9b72e0cea71 ] Request (VolumesAdminNegativeTest:test_update_attached_volume_with_nonexistent_volume_in_uri): 200 GET http://10.180.1.21/compute/v2.1/servers/c0c21908-62a6-4e0f-bc8a-0966ec07ec93 3.241s
2025-11-19 17:22:55.918 65640 INFO tempest.lib.common.rest_client [req-d14433fd-55da-4b79-bb1d-a730ae7a2f0d req-d14433fd-55da-4b79-bb1d-a730ae7a2f0d ] Request (FlavorsAccessNegativeTestJSON:_run_cleanups): 200 GET http://10.180.1.21/compute/v2.1/flavors/detail 3.181s
2025-11-19 17:22:55.933 65686 INFO tempest.lib.common.rest_client [req-6d1e9ba8-2208-4a56-a0c9-40171ccef3c6 req-6d1e9ba8-2208-4a56-a0c9-40171ccef3c6 ] Request (ServerPasswordTestJSON:setUpClass): 200 GET http://10.180.1.21/compute/v2.1/servers/e462debf-83e1-4651-9560-13755cd967b3 3.215s
2025-11-19 17:22:55.939 65666 INFO tempest.lib.common.rest_client [req-64c75b94-4c73-4ac4-9fa1-9a05be14762c req-64c75b94-4c73-4ac4-9fa1-9a05be14762c ] Request (ImagesMetadataNegativeTestJSON:test_update_nonexistent_image_metadata): 404 POST http://10.180.1.21/compute/v2.1/images/6e8fea30-23c3-4010-a9d0-70d0cc5da4e3/metadata 3.166s
2025-11-19 17:22:55.956 65650 INFO tempest.lib.common.rest_client [req-023475a2-e366-4242-9fe1-a9aea644a873 req-023475a2-e366-4242-9fe1-a9aea644a873 ] Request (HypervisorAdminNegativeTestJSON:test_show_hypervisor_with_non_admin_user): 200 GET http://10.180.1.21/compute/v2.1/os-hypervisors 3.179s
2025-11-19 17:22:55.957 65644 INFO tempest.lib.common.rest_client [req-9340da77-d059-4bcb-8d90-d7a6778a54ac req-9340da77-d059-4bcb-8d90-d7a6778a54ac ] Request (ServersWithSpecificFlavorTestJSON:test_verify_created_server_ephemeral_disk): 200 GET http://10.180.1.21/compute/v2.1/flavors/42/os-extra_specs 3.162s
2025-11-19 17:22:56.012 65682 INFO tempest.lib.common.rest_client [req-4dc1a262-6007-4cdf-8a6d-ad8d98025d1e req-4dc1a262-6007-4cdf-8a6d-ad8d98025d1e ] Request (KeyPairsV210TestJSON:_run_cleanups): 204 DELETE http://10.180.1.21/compute/v2.1/os-keypairs/tempest-keypair-428234283?user_id=10ad1dd1ccc64fac940e06245a3b55fb 2.829s
2025-11-19 17:22:56.037 65678 INFO tempest.lib.common.rest_client [req-bafcb0a1-a51d-421a-b8ff-734a1c9873d8 req-bafcb0a1-a51d-421a-b8ff-734a1c9873d8 ] Request (HypervisorAdminUnderV252Test:test_search_hypervisor): 200 GET http://10.180.1.21/compute/v2.1/os-hypervisors/domain-c8.fc996f14-c53b-4953-92e3-bdfa48f5cc28/search 2.824s
2025-11-19 17:22:56.064 65684 INFO tempest.lib.common.rest_client [req-ffec595a-5f24-4329-9be5-55bd1f052456 req-ffec595a-5f24-4329-9be5-55bd1f052456 ] Request (FlavorsAccessTestJSON:_run_cleanups): 200 GET http://10.180.1.21/compute/v2.1/flavors/detail 2.840s
2025-11-19 17:22:56.099 65666 INFO tempest.lib.common.rest_client [req-fb7666e8-0982-4d37-a544-4d2ec48bee06 req-fb7666e8-0982-4d37-a544-4d2ec48bee06 ] Request (ImagesMetadataNegativeTestJSON:tearDownClass): 204 DELETE http://10.180.1.21/identity/v3/users/1359fcff14b444d4a4f9dcedd1db90ff 0.158s
2025-11-19 17:22:56.099 65666 INFO tempest.lib.common.dynamic_creds [-] Deleting project and security group for project: 74d3b2d32d214666bd83e5ece2bf74ee
2025-11-19 17:22:56.157 65666 INFO tempest.lib.common.rest_client [req-25c38bf0-115a-4293-acbf-67d2f895123d req-25c38bf0-115a-4293-acbf-67d2f895123d ] Request (ImagesMetadataNegativeTestJSON:tearDownClass): 201 POST http://10.180.1.21/identity/v3/auth/tokens 0.058s
2025-11-19 17:22:56.174 65678 INFO tempest.lib.common.rest_client [req-d3dbc53b-0d01-4ea0-a143-81d72809d962 req-d3dbc53b-0d01-4ea0-a143-81d72809d962 ] Request (HypervisorAdminUnderV252Test:tearDownClass): 204 DELETE http://10.180.1.21/identity/v3/users/db441fbf3edc4dab877ef36f0567f95e 0.135s
2025-11-19 17:22:56.289 65678 INFO tempest.lib.common.rest_client [req-c10458ab-8145-4959-b03e-5816fe592087 req-c10458ab-8145-4959-b03e-5816fe592087 ] Request (HypervisorAdminUnderV252Test:tearDownClass): 204 DELETE http://10.180.1.21/identity/v3/users/de66328e313446b4aa59f02d28837b8d 0.114s
2025-11-19 17:22:56.289 65678 INFO tempest.lib.common.dynamic_creds [-] Deleting project and security group for project: 78abbad4f56343f08d079c9cb915ab6c
2025-11-19 17:22:56.360 65670 INFO tempest.lib.common.rest_client [req-1ba49a38-9a0d-4785-b5f0-db31db2ee064 req-1ba49a38-9a0d-4785-b5f0-db31db2ee064 ] Request (QuotasAdminTestJSON:test_delete_quota): 200 PUT http://10.180.1.21/compute/v2.1/os-quota-sets/071ec3ff31264b78bb32b01b1623ba53 2.839s
2025-11-19 17:22:56.376 65678 INFO tempest.lib.common.rest_client [req-eff8fc26-fc5d-47cd-82cb-602022ae23e7 req-eff8fc26-fc5d-47cd-82cb-602022ae23e7 ] Request (HypervisorAdminUnderV252Test:tearDownClass): 201 POST http://10.180.1.21/identity/v3/auth/tokens 0.087s
2025-11-19 17:22:56.389 65632 INFO tempest.lib.common.rest_client [req-4532f4d8-8c34-4ae6-842e-aee7670be0a2 req-4532f4d8-8c34-4ae6-842e-aee7670be0a2 ] Request (AggregatesAdminNegativeTestJSON:test_aggregate_add_host_as_user): 200 POST http://10.180.1.21/compute/v2.1/os-aggregates 2.846s
2025-11-19 17:22:56.410 65694 INFO tempest.lib.common.rest_client [req-07530464-b53b-4e8d-b658-c0a98ea8ad79 req-07530464-b53b-4e8d-b658-c0a98ea8ad79 ] Request (HostsAdminTestJSON:test_list_hosts_with_zone): 200 GET http://10.180.1.21/compute/v2.1/os-hosts 2.815s
2025-11-19 17:22:56.683 65666 INFO tempest.lib.common.rest_client [req-f9c11325-28e7-4dd4-9fa2-29bf97fd3287 req-f9c11325-28e7-4dd4-9fa2-29bf97fd3287 ] Request (ImagesMetadataNegativeTestJSON:tearDownClass): 200 GET http://10.180.1.21/networking/v2.0/security-groups?tenant_id=74d3b2d32d214666bd83e5ece2bf74ee&name=default 0.525s
2025-11-19 17:22:56.862 65678 INFO tempest.lib.common.rest_client [req-4ad5b462-3a9a-42cf-aa7e-24fdf45752b8 req-4ad5b462-3a9a-42cf-aa7e-24fdf45752b8 ] Request (HypervisorAdminUnderV252Test:tearDownClass): 200 GET http://10.180.1.21/networking/v2.0/security-groups?tenant_id=78abbad4f56343f08d079c9cb915ab6c&name=default 0.485s
2025-11-19 17:22:56.899 65660 INFO tempest.lib.common.rest_client [req-216f6521-4b09-436b-9754-a384ba90cf19 req-216f6521-4b09-436b-9754-a384ba90cf19 ] Request (ServersAdminNegativeTestJSON:setUpClass): 200 GET http://10.180.1.21/compute/v2.1/servers/da05a887-aaf4-482f-b206-f2a339d4a515 4.043s
2025-11-19 17:22:56.915 65674 INFO tempest.lib.common.rest_client [req-5b376ff1-b3b0-4960-b341-f6b4e5472300 req-5b376ff1-b3b0-4960-b341-f6b4e5472300 ] Request (VolumesAssistedSnapshotsTest:test_volume_assisted_snapshot_create_delete): 200 GET http://10.180.1.21/compute/v2.1/servers/5bf2ac37-617b-4fcd-b7cf-4bfa6b46cafc 3.293s
2025-11-19 17:22:57.084 65666 INFO tempest.lib.common.rest_client [req-70c4dd70-d5c2-49e4-a96b-03a799f5cb52 req-70c4dd70-d5c2-49e4-a96b-03a799f5cb52 ] Request (ImagesMetadataNegativeTestJSON:tearDownClass): 204 DELETE http://10.180.1.21/networking/v2.0/security-groups/3b425ba2-a182-4074-9d1a-4150295a7396 0.400s
2025-11-19 17:22:57.169 65666 INFO tempest.lib.common.rest_client [req-413c1aaf-91be-43a8-9d2c-e522665f9bd6 req-413c1aaf-91be-43a8-9d2c-e522665f9bd6 ] Request (ImagesMetadataNegativeTestJSON:tearDownClass): 204 DELETE http://10.180.1.21/identity/v3/projects/74d3b2d32d214666bd83e5ece2bf74ee 0.084s
2025-11-19 17:22:57.218 65678 INFO tempest.lib.common.rest_client [req-80323407-5c85-4f28-b719-ba6e7a187666 req-80323407-5c85-4f28-b719-ba6e7a187666 ] Request (HypervisorAdminUnderV252Test:tearDownClass): 204 DELETE http://10.180.1.21/networking/v2.0/security-groups/9e02da6c-2251-44a5-88df-10de64439241 0.355s
2025-11-19 17:22:57.245 65656 INFO tempest.lib.common.rest_client [req-94a103f7-9dcf-4f30-a9a3-729b78923684 req-94a103f7-9dcf-4f30-a9a3-729b78923684 ] Request (ServersAdminTestJSON:setUpClass): 200 GET http://10.180.1.21/compute/v2.1/servers/985f9e04-00bc-44ce-a6cf-8217bb76a1d4 3.084s
2025-11-19 17:22:57.251 65666 INFO tempest.lib.common.rest_client [req-d6f9ba8f-2e17-4b46-ba4c-cb02083e11dd req-d6f9ba8f-2e17-4b46-ba4c-cb02083e11dd ] Request (KeyPairsV22TestJSON:setUpClass): 201 POST http://10.180.1.21/identity/v3/auth/tokens 0.081s
2025-11-19 17:22:57.287 65636 INFO tempest.lib.common.rest_client [req-0b0e9336-550d-4b03-8bfa-445cadbd51a4 req-0b0e9336-550d-4b03-8bfa-445cadbd51a4 ] Request (FloatingIPDetailsNegativeTestJSON:test_get_nonexistent_floating_ip_details): 404 GET http://10.180.1.21/compute/v2.1/os-floating-ips/02491d43-cb28-4f8c-836b-272ca119b920 3.068s
2025-11-19 17:22:57.305 65666 INFO tempest.lib.common.rest_client [req-f12d96f2-168f-49db-88c2-f137e9810098 req-f12d96f2-168f-49db-88c2-f137e9810098 ] Request (KeyPairsV22TestJSON:setUpClass): 201 POST http://10.180.1.21/identity/v3/auth/tokens 0.051s
2025-11-19 17:22:57.339 65668 INFO tempest.lib.common.rest_client [req-57005107-4a85-486e-ba9d-e27524322c5e req-57005107-4a85-486e-ba9d-e27524322c5e ] Request (SecurityGroupRulesNegativeTestJSON:test_create_security_group_rule_duplicate): 400 POST http://10.180.1.21/compute/v2.1/os-security-group-rules 2.698s
2025-11-19 17:22:57.372 65642 INFO tempest.lib.common.rest_client [req-7e0c09b8-94e6-4c31-9795-74fb42eecc54 req-7e0c09b8-94e6-4c31-9795-74fb42eecc54 ] Request (FlavorsExtraSpecsTestJSON:test_flavor_set_get_update_show_unset_keys): 200 DELETE http://10.180.1.21/compute/v2.1/flavors/608980360/os-extra_specs/hw:cpu_policy 2.695s
2025-11-19 17:22:57.388 65678 INFO tempest.lib.common.rest_client [req-1a61a10a-c8df-4a5d-bba0-03893a2cfa8b req-1a61a10a-c8df-4a5d-bba0-03893a2cfa8b ] Request (HypervisorAdminUnderV252Test:tearDownClass): 204 DELETE http://10.180.1.21/identity/v3/projects/78abbad4f56343f08d079c9cb915ab6c 0.169s
2025-11-19 17:22:57.388 65678 INFO tempest.lib.common.dynamic_creds [-] Deleting project and security group for project: 8507f9e9c2b040a1b97cff5b4d7f7b13
2025-11-19 17:22:57.463 65666 INFO tempest.lib.common.rest_client [req-9f643edd-1f61-4690-83ea-4a3b640a9207 req-9f643edd-1f61-4690-83ea-4a3b640a9207 ] Request (KeyPairsV22TestJSON:setUpClass): 200 GET http://10.180.1.21/identity/v3/domains?name=Default 0.157s
2025-11-19 17:22:57.498 65634 INFO tempest.lib.common.rest_client [req-c8322a90-0be8-41e9-9854-e7a2f05f4a4b req-c8322a90-0be8-41e9-9854-e7a2f05f4a4b ] Request (TenantUsagesNegativeTestJSON:test_list_usage_all_tenants_with_non_admin_user): 403 GET http://10.180.1.21/compute/v2.1/os-simple-tenant-usage?start=2025-11-18T17%3A22%3A46.990883&end=2025-11-20T17%3A22%3A46.990883&detailed=1 2.839s
2025-11-19 17:22:57.510 65666 INFO tempest.lib.common.rest_client [req-1de70976-bf33-4c16-b256-486e0c2ddf99 req-1de70976-bf33-4c16-b256-486e0c2ddf99 ] Request (KeyPairsV22TestJSON:setUpClass): 201 POST http://10.180.1.21/identity/v3/projects 0.046s
2025-11-19 17:22:57.581 65666 INFO tempest.lib.common.rest_client [req-258568c9-ec63-4e38-a908-404aae4aa502 req-258568c9-ec63-4e38-a908-404aae4aa502 ] Request (KeyPairsV22TestJSON:setUpClass): 201 POST http://10.180.1.21/identity/v3/users 0.071s
2025-11-19 17:22:57.603 65666 INFO tempest.lib.common.rest_client [req-73ae9225-ff4b-4456-835d-f9e8a46688a1 req-73ae9225-ff4b-4456-835d-f9e8a46688a1 ] Request (KeyPairsV22TestJSON:setUpClass): 200 GET http://10.180.1.21/identity/v3/roles 0.021s
2025-11-19 17:22:57.622 65634 INFO tempest.lib.common.rest_client [req-3ca9834b-a24d-456e-8175-8e31af1ca2ee req-3ca9834b-a24d-456e-8175-8e31af1ca2ee ] Request (TenantUsagesNegativeTestJSON:tearDownClass): 204 DELETE http://10.180.1.21/identity/v3/users/ff83e75fdbc4406a9ae74946a9231822 0.122s
2025-11-19 17:22:57.668 65666 INFO tempest.lib.common.rest_client [req-86e300ef-d9a7-44d9-bbfb-13760824241d req-86e300ef-d9a7-44d9-bbfb-13760824241d ] Request (KeyPairsV22TestJSON:setUpClass): 204 PUT http://10.180.1.21/identity/v3/projects/7c3567fc03394540b4fb03578ec33671/users/f6f54a5b100542feb924df2fe662f405/roles/d5406cfbd0474219abe2a39a7a666dbc 0.064s
2025-11-19 17:22:57.668 65666 INFO tempest.lib.common.dynamic_creds [-] Dynamic test user f6f54a5b100542feb924df2fe662f405 is created with scope project and roles: ['member']
2025-11-19 17:22:57.669 65666 INFO tempest.lib.common.dynamic_creds [-] Acquired dynamic creds: credentials: Credentials: {'domain_id': 'default', 'domain_name': 'Default', 'username': 'tempest-KeyPairsV22TestJSON-861302345-project-member', 'project_domain_id': 'default', 'project_domain_name': 'Default', 'project_id': '7c3567fc03394540b4fb03578ec33671', 'project_name': 'tempest-KeyPairsV22TestJSON-861302345', 'tenant_id': '7c3567fc03394540b4fb03578ec33671', 'tenant_name': 'tempest-KeyPairsV22TestJSON-861302345', 'user_domain_id': 'default', 'user_domain_name': 'Default', 'user_id': 'f6f54a5b100542feb924df2fe662f405', 'system': None}, Network: None, Subnet: None, Router: None
2025-11-19 17:22:57.669 65666 INFO tempest.lib.common.dynamic_creds [-] Created isolated network resources for: credentials: Credentials: {'domain_id': 'default', 'domain_name': 'Default', 'username': 'tempest-KeyPairsV22TestJSON-861302345-project-member', 'project_domain_id': 'default', 'project_domain_name': 'Default', 'project_id': '7c3567fc03394540b4fb03578ec33671', 'project_name': 'tempest-KeyPairsV22TestJSON-861302345', 'tenant_id': '7c3567fc03394540b4fb03578ec33671', 'tenant_name': 'tempest-KeyPairsV22TestJSON-861302345', 'user_domain_id': 'default', 'user_domain_name': 'Default', 'user_id': 'f6f54a5b100542feb924df2fe662f405', 'system': None}, Network: None, Subnet: None, Router: None
2025-11-19 17:22:57.697 65678 INFO tempest.lib.common.rest_client [req-0704c824-ce99-430e-8fe7-05c42530a28d req-0704c824-ce99-430e-8fe7-05c42530a28d ] Request (HypervisorAdminUnderV252Test:tearDownClass): 200 GET http://10.180.1.21/networking/v2.0/security-groups?tenant_id=8507f9e9c2b040a1b97cff5b4d7f7b13&name=default 0.308s
2025-11-19 17:22:57.719 65676 INFO tempest.lib.common.rest_client [req-cae661bf-2e4b-49b4-beeb-ae6c24461304 req-cae661bf-2e4b-49b4-beeb-ae6c24461304 ] Request (ImagesTestJSON:test_create_image_from_stopped_server): 200 GET http://10.180.1.21/compute/v2.1/servers/f2fe7d9a-9bb9-4555-8416-aec4b07fb71f 2.923s
2025-11-19 17:22:57.751 65634 INFO tempest.lib.common.rest_client [req-1ae3935d-0e06-4fa0-b7b7-6b20ac8cbd6f req-1ae3935d-0e06-4fa0-b7b7-6b20ac8cbd6f ] Request (TenantUsagesNegativeTestJSON:tearDownClass): 204 DELETE http://10.180.1.21/identity/v3/users/7041f4bb39a54ba384837953c364e7e9 0.128s
2025-11-19 17:22:57.751 65634 INFO tempest.lib.common.dynamic_creds [-] Deleting project and security group for project: 84900f17cc4a4529a9576c34e5572c9f
2025-11-19 17:22:57.762 65666 INFO tempest.lib.common.rest_client [req-38194b56-aea3-4611-b206-075f2b9d8b50 req-38194b56-aea3-4611-b206-075f2b9d8b50 ] Request (KeyPairsV22TestJSON:setUpClass): 201 POST http://10.180.1.21/identity/v3/auth/tokens 0.088s
2025-11-19 17:22:57.818 65634 INFO tempest.lib.common.rest_client [req-5a99cf37-b58e-436a-9114-dabef442b0a3 req-5a99cf37-b58e-436a-9114-dabef442b0a3 ] Request (TenantUsagesNegativeTestJSON:tearDownClass): 201 POST http://10.180.1.21/identity/v3/auth/tokens 0.066s
2025-11-19 17:22:58.192 65678 INFO tempest.lib.common.rest_client [req-d7db64e6-22f6-4456-a90a-9735f77fff24 req-d7db64e6-22f6-4456-a90a-9735f77fff24 ] Request (HypervisorAdminUnderV252Test:tearDownClass): 204 DELETE http://10.180.1.21/networking/v2.0/security-groups/5342afff-55fe-4219-9eb3-ffa4c7fb5838 0.495s
2025-11-19 17:22:58.224 65648 INFO tempest.lib.common.rest_client [req-ac2fc5f9-a872-4765-84af-ab0116deb749 req-ac2fc5f9-a872-4765-84af-ab0116deb749 ] Request (DeleteServersAdminTestJSON:test_admin_delete_servers_of_others): 200 GET http://10.180.1.21/compute/v2.1/servers/fdf9ef7d-92f2-4a52-9a62-493b707be584 3.073s
2025-11-19 17:22:58.263 65678 INFO tempest.lib.common.rest_client [req-5bad6b52-558d-4360-b030-b8767d97eee8 req-5bad6b52-558d-4360-b030-b8767d97eee8 ] Request (HypervisorAdminUnderV252Test:tearDownClass): 204 DELETE http://10.180.1.21/identity/v3/projects/8507f9e9c2b040a1b97cff5b4d7f7b13 0.070s
2025-11-19 17:22:58.341 65678 INFO tempest.lib.common.rest_client [req-a9a479f0-ffa2-457f-b6c0-a12daf8c2e30 req-a9a479f0-ffa2-457f-b6c0-a12daf8c2e30 ] Request (FlavorsV2NegativeTest:setUpClass): 201 POST http://10.180.1.21/identity/v3/auth/tokens 0.076s
2025-11-19 17:22:58.362 65662 INFO tempest.lib.common.rest_client [req-c1db3e29-79fe-4a7f-b425-2c251e021ad6 req-c1db3e29-79fe-4a7f-b425-2c251e021ad6 ] Request (ServerDiagnosticsNegativeTest:tearDownClass): 204 DELETE http://10.180.1.21/compute/v2.1/servers/b3cd05f8-772b-4cc1-ac86-f4d1cabb17dc 3.156s
2025-11-19 17:22:58.376 65678 INFO tempest.lib.common.rest_client [req-4ebe2361-32d7-48ce-8a49-d302405fa587 req-4ebe2361-32d7-48ce-8a49-d302405fa587 ] Request (FlavorsV2NegativeTest:setUpClass): 201 POST http://10.180.1.21/identity/v3/auth/tokens 0.032s
2025-11-19 17:22:58.405 65678 INFO tempest.lib.common.rest_client [req-61bd5c07-a254-427d-bea5-eb3a18a23f3b req-61bd5c07-a254-427d-bea5-eb3a18a23f3b ] Request (FlavorsV2NegativeTest:setUpClass): 200 GET http://10.180.1.21/identity/v3/domains?name=Default 0.028s
2025-11-19 17:22:58.441 65678 INFO tempest.lib.common.rest_client [req-bf1eee84-2218-4a17-b0eb-18a0fa15deac req-bf1eee84-2218-4a17-b0eb-18a0fa15deac ] Request (FlavorsV2NegativeTest:setUpClass): 201 POST http://10.180.1.21/identity/v3/projects 0.035s
2025-11-19 17:22:58.499 65634 INFO tempest.lib.common.rest_client [req-65d0fc03-a2c9-4f39-a75b-684e521579a2 req-65d0fc03-a2c9-4f39-a75b-684e521579a2 ] Request (TenantUsagesNegativeTestJSON:tearDownClass): 200 GET http://10.180.1.21/networking/v2.0/security-groups?tenant_id=84900f17cc4a4529a9576c34e5572c9f&name=default 0.681s
2025-11-19 17:22:58.507 65678 INFO tempest.lib.common.rest_client [req-78979338-bfae-4e7c-9542-807fe6665313 req-78979338-bfae-4e7c-9542-807fe6665313 ] Request (FlavorsV2NegativeTest:setUpClass): 201 POST http://10.180.1.21/identity/v3/users 0.065s
2025-11-19 17:22:58.532 65678 INFO tempest.lib.common.rest_client [req-be4a54cf-de9b-470c-96c6-63a3474a7244 req-be4a54cf-de9b-470c-96c6-63a3474a7244 ] Request (FlavorsV2NegativeTest:setUpClass): 200 GET http://10.180.1.21/identity/v3/roles 0.025s
2025-11-19 17:22:58.571 65678 INFO tempest.lib.common.rest_client [req-d8b08982-7739-4014-b3dc-244e2d4aabd8 req-d8b08982-7739-4014-b3dc-244e2d4aabd8 ] Request (FlavorsV2NegativeTest:setUpClass): 204 PUT http://10.180.1.21/identity/v3/projects/8a4632d984664c99a332a89cd9ff7ed0/users/981decb7dd5f4fd3b02015d720b2bc5f/roles/d5406cfbd0474219abe2a39a7a666dbc 0.038s
2025-11-19 17:22:58.571 65678 INFO tempest.lib.common.dynamic_creds [-] Dynamic test user 981decb7dd5f4fd3b02015d720b2bc5f is created with scope project and roles: ['member']
2025-11-19 17:22:58.572 65678 INFO tempest.lib.common.dynamic_creds [-] Acquired dynamic creds: credentials: Credentials: {'domain_id': 'default', 'domain_name': 'Default', 'username': 'tempest-FlavorsV2NegativeTest-1734493262-project-member', 'project_domain_id': 'default', 'project_domain_name': 'Default', 'project_id': '8a4632d984664c99a332a89cd9ff7ed0', 'project_name': 'tempest-FlavorsV2NegativeTest-1734493262', 'tenant_id': '8a4632d984664c99a332a89cd9ff7ed0', 'tenant_name': 'tempest-FlavorsV2NegativeTest-1734493262', 'user_domain_id': 'default', 'user_domain_name': 'Default', 'user_id': '981decb7dd5f4fd3b02015d720b2bc5f', 'system': None}, Network: None, Subnet: None, Router: None
2025-11-19 17:22:58.572 65678 INFO tempest.lib.common.dynamic_creds [-] Created isolated network resources for: credentials: Credentials: {'domain_id': 'default', 'domain_name': 'Default', 'username': 'tempest-FlavorsV2NegativeTest-1734493262-project-member', 'project_domain_id': 'default', 'project_domain_name': 'Default', 'project_id': '8a4632d984664c99a332a89cd9ff7ed0', 'project_name': 'tempest-FlavorsV2NegativeTest-1734493262', 'tenant_id': '8a4632d984664c99a332a89cd9ff7ed0', 'tenant_name': 'tempest-FlavorsV2NegativeTest-1734493262', 'user_domain_id': 'default', 'user_domain_name': 'Default', 'user_id': '981decb7dd5f4fd3b02015d720b2bc5f', 'system': None}, Network: None, Subnet: None, Router: None
2025-11-19 17:22:58.653 65678 INFO tempest.lib.common.rest_client [req-0e6abdbe-c386-4599-bad6-1e88e9bca7ab req-0e6abdbe-c386-4599-bad6-1e88e9bca7ab ] Request (FlavorsV2NegativeTest:setUpClass): 201 POST http://10.180.1.21/identity/v3/auth/tokens 0.074s
2025-11-19 17:22:58.721 65636 INFO tempest.lib.common.rest_client [req-268da781-0ef7-4a35-bfd4-0184fe4b6d8b req-268da781-0ef7-4a35-bfd4-0184fe4b6d8b ] Request (FloatingIPDetailsNegativeTestJSON:tearDownClass): 200 PUT http://10.180.1.21/networking/v2.0/routers/8a9aee9f-8f6e-410e-9df6-4a58ae7483fd/remove_router_interface 1.432s
2025-11-19 17:22:58.755 65672 INFO tempest.lib.common.rest_client [req-511f0f72-00de-4041-9627-45be9e9e8918 req-511f0f72-00de-4041-9627-45be9e9e8918 ] Request (ServersAdmin275Test:test_rebuild_update_server_275): 200 GET http://10.180.1.21/compute/v2.1/servers/f134db6e-0869-440d-ad61-8f3850df9cbe 3.479s
2025-11-19 17:22:58.829 65634 INFO tempest.lib.common.rest_client [req-5c51927b-5863-496e-8ba5-07b5106b8aef req-5c51927b-5863-496e-8ba5-07b5106b8aef ] Request (TenantUsagesNegativeTestJSON:tearDownClass): 204 DELETE http://10.180.1.21/networking/v2.0/security-groups/56f2251b-7166-48a6-a70b-bf802534a15e 0.329s
2025-11-19 17:22:58.889 65638 INFO tempest.lib.common.rest_client [req-8c5f9186-6e83-4af4-8cd0-563317c7ac6a req-8c5f9186-6e83-4af4-8cd0-563317c7ac6a ] Request (FlavorsV2TestJSON:test_get_flavor): 200 GET http://10.180.1.21/compute/v2.1/flavors/42 3.350s
2025-11-19 17:22:58.902 65654 INFO tempest.lib.common.rest_client [req-bc274526-379b-473c-8ba4-2c8b6dcc59f0 req-bc274526-379b-473c-8ba4-2c8b6dcc59f0 ] Request (FlavorsExtraSpecsNegativeTestJSON:test_flavor_unset_nonexistent_key): 404 DELETE http://10.180.1.21/compute/v2.1/flavors/1912121168/os-extra_specs/hw:cpu_thread_policy 3.338s
2025-11-19 17:22:58.935 65634 INFO tempest.lib.common.rest_client [req-e97cbd97-cd69-4797-91d4-d59123104d20 req-e97cbd97-cd69-4797-91d4-d59123104d20 ] Request (TenantUsagesNegativeTestJSON:tearDownClass): 204 DELETE http://10.180.1.21/identity/v3/projects/84900f17cc4a4529a9576c34e5572c9f 0.105s
2025-11-19 17:22:58.935 65634 INFO tempest.lib.common.dynamic_creds [-] Deleting project and security group for project: d7f0e2fd3d7042bcaba1f2619ee59281
2025-11-19 17:22:59.086 65664 INFO tempest.lib.common.rest_client [req-aaa08be1-a173-486c-824c-560bccd83648 req-aaa08be1-a173-486c-824c-560bccd83648 ] Request (QuotasAdminNegativeTest:test_create_server_when_instances_quota_is_full): 403 POST http://10.180.1.21/compute/v2.1/servers 4.129s
2025-11-19 17:22:59.116 65646 INFO tempest.lib.common.rest_client [req-30ef86e0-ad35-4859-94cb-9f42419efacb req-30ef86e0-ad35-4859-94cb-9f42419efacb ] Request (FlavorsAdminTestJSON:test_create_flavor_with_int_id): 200 POST http://10.180.1.21/compute/v2.1/flavors 3.233s
2025-11-19 17:22:59.145 65640 INFO tempest.lib.common.rest_client [req-47c6868e-06bd-4502-b66c-93e89ebbda2c req-47c6868e-06bd-4502-b66c-93e89ebbda2c ] Request (FlavorsAccessNegativeTestJSON:test_flavor_access_list_with_public_flavor): 200 POST http://10.180.1.21/compute/v2.1/flavors 3.214s
2025-11-19 17:22:59.151 65650 INFO tempest.lib.common.rest_client [req-080c7ec0-4305-4f04-a8db-e0a69f993bb1 req-080c7ec0-4305-4f04-a8db-e0a69f993bb1 ] Request (HypervisorAdminNegativeTestJSON:test_show_hypervisor_with_non_admin_user): 403 GET http://10.180.1.21/compute/v2.1/os-hypervisors/1 3.194s
2025-11-19 17:22:59.217 65644 INFO tempest.lib.common.rest_client [req-61c13f88-0042-459a-88ea-ad96961f7636 req-61c13f88-0042-459a-88ea-ad96961f7636 ] Request (ServersWithSpecificFlavorTestJSON:test_verify_created_server_ephemeral_disk): 200 POST http://10.180.1.21/compute/v2.1/flavors/1232156802/os-extra_specs 3.259s
2025-11-19 17:22:59.255 65634 INFO tempest.lib.common.rest_client [req-2b5f2b9c-57b9-45a3-91c1-48215454a6bd req-2b5f2b9c-57b9-45a3-91c1-48215454a6bd ] Request (TenantUsagesNegativeTestJSON:tearDownClass): 200 GET http://10.180.1.21/networking/v2.0/security-groups?tenant_id=d7f0e2fd3d7042bcaba1f2619ee59281&name=default 0.320s
2025-11-19 17:22:59.417 65636 INFO tempest.lib.common.rest_client [req-2cc65fc6-bf06-4af4-bfd6-33c28471069f req-2cc65fc6-bf06-4af4-bfd6-33c28471069f ] Request (FloatingIPDetailsNegativeTestJSON:tearDownClass): 204 DELETE http://10.180.1.21/networking/v2.0/routers/8a9aee9f-8f6e-410e-9df6-4a58ae7483fd 0.696s
2025-11-19 17:22:59.604 65634 INFO tempest.lib.common.rest_client [req-cd42c398-0797-46f3-a1d4-4c35a758920f req-cd42c398-0797-46f3-a1d4-4c35a758920f ] Request (TenantUsagesNegativeTestJSON:tearDownClass): 204 DELETE http://10.180.1.21/networking/v2.0/security-groups/98a0e706-a80b-40ab-8f99-f3caddec8a79 0.348s
2025-11-19 17:22:59.705 65634 INFO tempest.lib.common.rest_client [req-e93ee8bc-ed99-49a5-8cb3-12c1c234c411 req-e93ee8bc-ed99-49a5-8cb3-12c1c234c411 ] Request (TenantUsagesNegativeTestJSON:tearDownClass): 204 DELETE http://10.180.1.21/identity/v3/projects/d7f0e2fd3d7042bcaba1f2619ee59281 0.100s
2025-11-19 17:22:59.753 65636 INFO tempest.lib.common.rest_client [req-81d39cdd-d7cb-41c3-b5ea-e3e8eb8479e3 req-81d39cdd-d7cb-41c3-b5ea-e3e8eb8479e3 ] Request (FloatingIPDetailsNegativeTestJSON:tearDownClass): 204 DELETE http://10.180.1.21/networking/v2.0/subnets/ba726fe7-f9b0-4684-851c-622ad33f99e2 0.335s
2025-11-19 17:22:59.786 65634 INFO tempest.lib.common.rest_client [req-1a261230-da75-4586-a7f0-ec6bbd5767b8 req-1a261230-da75-4586-a7f0-ec6bbd5767b8 ] Request (SecurityGroupsNegativeTestJSON:setUpClass): 201 POST http://10.180.1.21/identity/v3/auth/tokens 0.079s
2025-11-19 17:22:59.801 65680 INFO tempest.lib.common.rest_client [req-2e60098d-1d88-419c-bec5-079b33da7102 req-2e60098d-1d88-419c-bec5-079b33da7102 ] Request (FloatingIPDetailsTestJSON:test_list_floating_ips): 200 GET http://10.180.1.21/compute/v2.1/os-floating-ips 3.945s
2025-11-19 17:22:59.826 65634 INFO tempest.lib.common.rest_client [req-4da9e6bf-8c2c-4715-9942-a9e8873bb3a6 req-4da9e6bf-8c2c-4715-9942-a9e8873bb3a6 ] Request (SecurityGroupsNegativeTestJSON:setUpClass): 201 POST http://10.180.1.21/identity/v3/auth/tokens 0.037s
2025-11-19 17:22:59.828 65682 INFO tempest.lib.common.rest_client [req-ab8f985c-d426-4675-a2ae-d6c380ac76f0 req-ab8f985c-d426-4675-a2ae-d6c380ac76f0 ] Request (KeyPairsV210TestJSON:_run_cleanups): 204 DELETE http://10.180.1.21/compute/v2.1/os-keypairs/tempest-keypair-1551568710?user_id=10ad1dd1ccc64fac940e06245a3b55fb 3.815s
2025-11-19 17:22:59.843 65690 INFO tempest.lib.common.rest_client [req-d1ac4eff-fb4e-417d-b152-21f9e1ed4852 req-d1ac4eff-fb4e-417d-b152-21f9e1ed4852 ] Request (SecurityGroupsTestJSON:test_list_security_groups_by_server): 200 GET http://10.180.1.21/compute/v2.1/servers/fca4357c-652a-4c41-b381-f3224692dadf 3.862s
2025-11-19 17:22:59.855 65684 INFO tempest.lib.common.rest_client [req-6fc83e15-cc25-417e-b8cc-343239c43b03 req-6fc83e15-cc25-417e-b8cc-343239c43b03 ] Request (FlavorsAccessTestJSON:test_flavor_access_list_with_private_flavor): 200 POST http://10.180.1.21/compute/v2.1/flavors 3.780s
2025-11-19 17:22:59.863 65634 INFO tempest.lib.common.rest_client [req-a40fd388-778a-413a-901c-5c972d8c06fe req-a40fd388-778a-413a-901c-5c972d8c06fe ] Request (SecurityGroupsNegativeTestJSON:setUpClass): 200 GET http://10.180.1.21/identity/v3/domains?name=Default 0.036s
2025-11-19 17:22:59.872 65670 INFO tempest.lib.common.rest_client [req-806c41a8-e097-4f74-bfeb-543feea7b375 req-806c41a8-e097-4f74-bfeb-543feea7b375 ] Request (QuotasAdminTestJSON:test_delete_quota): 202 DELETE http://10.180.1.21/compute/v2.1/os-quota-sets/071ec3ff31264b78bb32b01b1623ba53 3.510s
2025-11-19 17:22:59.898 65634 INFO tempest.lib.common.rest_client [req-15edf803-c909-448f-b6d1-47a9d30aebae req-15edf803-c909-448f-b6d1-47a9d30aebae ] Request (SecurityGroupsNegativeTestJSON:setUpClass): 201 POST http://10.180.1.21/identity/v3/projects 0.035s
2025-11-19 17:22:59.927 65682 INFO tempest.lib.common.rest_client [req-d766abcc-7f23-4814-af63-07cff6a0472c req-d766abcc-7f23-4814-af63-07cff6a0472c ] Request (KeyPairsV210TestJSON:tearDownClass): 204 DELETE http://10.180.1.21/identity/v3/users/10ad1dd1ccc64fac940e06245a3b55fb 0.089s
2025-11-19 17:22:59.998 65634 INFO tempest.lib.common.rest_client [req-4dd1f587-8b18-4999-838b-cf97b7b03cb9 req-4dd1f587-8b18-4999-838b-cf97b7b03cb9 ] Request (SecurityGroupsNegativeTestJSON:setUpClass): 201 POST http://10.180.1.21/identity/v3/users 0.099s
2025-11-19 17:23:00.065 65636 INFO tempest.lib.common.rest_client [req-2806e810-90fa-4928-a6cb-6a9241129c17 req-2806e810-90fa-4928-a6cb-6a9241129c17 ] Request (FloatingIPDetailsNegativeTestJSON:tearDownClass): 204 DELETE http://10.180.1.21/networking/v2.0/networks/0dad18a5-851c-4646-ae0b-7026b5ca0eae 0.312s
2025-11-19 17:23:00.073 65632 INFO tempest.lib.common.rest_client [req-ae81a342-6aa2-4248-ae06-7b5872454329 req-ae81a342-6aa2-4248-ae06-7b5872454329 ] Request (AggregatesAdminNegativeTestJSON:test_aggregate_add_host_as_user): 403 POST http://10.180.1.21/compute/v2.1/os-aggregates/2/action 3.682s
2025-11-19 17:23:00.086 65634 INFO tempest.lib.common.rest_client [req-908c22f1-ae5d-4e90-a7ef-cbe1c15ee18b req-908c22f1-ae5d-4e90-a7ef-cbe1c15ee18b ] Request (SecurityGroupsNegativeTestJSON:setUpClass): 200 GET http://10.180.1.21/identity/v3/roles 0.087s
2025-11-19 17:23:00.108 65694 INFO tempest.lib.common.rest_client [req-fe283441-d231-465e-8bca-e27af5a96af0 req-fe283441-d231-465e-8bca-e27af5a96af0 ] Request (HostsAdminTestJSON:test_list_hosts_with_zone): 200 GET http://10.180.1.21/compute/v2.1/os-hosts?zone=internal 3.696s
2025-11-19 17:23:00.176 65682 INFO tempest.lib.common.rest_client [req-79691491-3d3c-4680-ad27-3705c4c3d9fd req-79691491-3d3c-4680-ad27-3705c4c3d9fd ] Request (KeyPairsV210TestJSON:tearDownClass): 204 DELETE http://10.180.1.21/identity/v3/users/3cdec2be81364eeea0fdda8bb3b1f644 0.249s
2025-11-19 17:23:00.176 65682 INFO tempest.lib.common.dynamic_creds [-] Deleting project and security group for project: 09044e7a715340b1ba618d4d4e6c65c5
2025-11-19 17:23:00.291 65634 INFO tempest.lib.common.rest_client [req-2a82271b-4413-4a7c-ba6f-76fab7ff96a1 req-2a82271b-4413-4a7c-ba6f-76fab7ff96a1 ] Request (SecurityGroupsNegativeTestJSON:setUpClass): 204 PUT http://10.180.1.21/identity/v3/projects/ee160e60bc8041208ae2a02eeaae8b01/users/b09f431e675a4de992e3d1631309bfb1/roles/d5406cfbd0474219abe2a39a7a666dbc 0.204s
2025-11-19 17:23:00.291 65634 INFO tempest.lib.common.dynamic_creds [-] Dynamic test user b09f431e675a4de992e3d1631309bfb1 is created with scope project and roles: ['member']
2025-11-19 17:23:00.291 65634 INFO tempest.lib.common.dynamic_creds [-] Acquired dynamic creds: credentials: Credentials: {'domain_id': 'default', 'domain_name': 'Default', 'username': 'tempest-SecurityGroupsNegativeTestJSON-1778908666-project-member', 'project_domain_id': 'default', 'project_domain_name': 'Default', 'project_id': 'ee160e60bc8041208ae2a02eeaae8b01', 'project_name': 'tempest-SecurityGroupsNegativeTestJSON-1778908666', 'tenant_id': 'ee160e60bc8041208ae2a02eeaae8b01', 'tenant_name': 'tempest-SecurityGroupsNegativeTestJSON-1778908666', 'user_domain_id': 'default', 'user_domain_name': 'Default', 'user_id': 'b09f431e675a4de992e3d1631309bfb1', 'system': None}, Network: None, Subnet: None, Router: None
2025-11-19 17:23:00.349 65636 INFO tempest.lib.common.rest_client [req-a2b85ebc-6c30-4b32-8338-147108930f6d req-a2b85ebc-6c30-4b32-8338-147108930f6d ] Request (FloatingIPDetailsNegativeTestJSON:tearDownClass): 204 DELETE http://10.180.1.21/identity/v3/users/ed01f15043274c4b913fc018a08b92e9 0.283s
2025-11-19 17:23:00.350 65636 INFO tempest.lib.common.dynamic_creds [-] Deleting project and security group for project: 63b7d0f57fb74088bb0520a92a5d5007
2025-11-19 17:23:00.365 65682 INFO tempest.lib.common.rest_client [req-ccd45060-6c6d-423b-b6ca-6c2ac3e84888 req-ccd45060-6c6d-423b-b6ca-6c2ac3e84888 ] Request (KeyPairsV210TestJSON:tearDownClass): 201 POST http://10.180.1.21/identity/v3/auth/tokens 0.188s
2025-11-19 17:23:00.428 65634 INFO tempest.lib.common.rest_client [req-76fa56af-2cfe-4a02-b9ee-33dd7ba71334 req-76fa56af-2cfe-4a02-b9ee-33dd7ba71334 ] Request (SecurityGroupsNegativeTestJSON:setUpClass): 201 POST http://10.180.1.21/identity/v3/auth/tokens 0.137s
2025-11-19 17:23:00.779 65688 INFO tempest.lib.common.rest_client [req-a61751b8-66b3-40d2-943d-34c92eae20b1 req-a61751b8-66b3-40d2-943d-34c92eae20b1 ] Request (ServerDiagnosticsTest:test_get_server_diagnostics): 200 GET http://10.180.1.21/compute/v2.1/servers/533e2c83-c815-43d3-8081-dd718b5926b1 4.492s
2025-11-19 17:23:00.787 65688 INFO tempest.common.waiters [-] State transition "BUILD/networking" ==> "BUILD/spawning" after 10 second wait
2025-11-19 17:23:00.855 65636 INFO tempest.lib.common.rest_client [req-c284872a-a215-468f-8f59-bbbdb4dfdc26 req-c284872a-a215-468f-8f59-bbbdb4dfdc26 ] Request (FloatingIPDetailsNegativeTestJSON:tearDownClass): 200 GET http://10.180.1.21/networking/v2.0/security-groups?tenant_id=63b7d0f57fb74088bb0520a92a5d5007&name=default 0.505s
2025-11-19 17:23:00.922 65652 INFO tempest.lib.common.rest_client [req-25e254ed-73e9-43f1-8899-7b2edc58b220 req-25e254ed-73e9-43f1-8899-7b2edc58b220 ] Request (AttachInterfacesUnderV243Test:test_add_remove_fixed_ip): 200 GET http://10.180.1.21/compute/v2.1/servers/a1656607-e0d5-49c2-ba84-ef8a195fd59c 4.389s
2025-11-19 17:23:01.038 65682 INFO tempest.lib.common.rest_client [req-ac7e7c8d-3b72-4031-b225-0abbb6098253 req-ac7e7c8d-3b72-4031-b225-0abbb6098253 ] Request (KeyPairsV210TestJSON:tearDownClass): 200 GET http://10.180.1.21/networking/v2.0/security-groups?tenant_id=09044e7a715340b1ba618d4d4e6c65c5&name=default 0.672s
2025-11-19 17:23:01.118 65634 INFO tempest.lib.common.rest_client [req-929a74ae-c6f9-4ace-b427-acd80dc8c7cc req-929a74ae-c6f9-4ace-b427-acd80dc8c7cc ] Request (SecurityGroupsNegativeTestJSON:setUpClass): 201 POST http://10.180.1.21/networking/v2.0/networks 0.689s
2025-11-19 17:23:01.282 65636 INFO tempest.lib.common.rest_client [req-66853cd4-7e57-42b2-8286-2d332bbeef33 req-66853cd4-7e57-42b2-8286-2d332bbeef33 ] Request (FloatingIPDetailsNegativeTestJSON:tearDownClass): 204 DELETE http://10.180.1.21/networking/v2.0/security-groups/6817462c-cf9f-4002-8de3-15c7418b6edc 0.426s
2025-11-19 17:23:01.321 65686 INFO tempest.lib.common.rest_client [req-87be334a-d94a-46f5-970f-c055c8b560e8 req-87be334a-d94a-46f5-970f-c055c8b560e8 ] Request (ServerPasswordTestJSON:setUpClass): 200 GET http://10.180.1.21/compute/v2.1/servers/e462debf-83e1-4651-9560-13755cd967b3 4.378s
2025-11-19 17:23:01.392 65636 INFO tempest.lib.common.rest_client [req-35850060-08e1-4a21-84ab-e7b513855d65 req-35850060-08e1-4a21-84ab-e7b513855d65 ] Request (FloatingIPDetailsNegativeTestJSON:tearDownClass): 204 DELETE http://10.180.1.21/identity/v3/projects/63b7d0f57fb74088bb0520a92a5d5007 0.110s
2025-11-19 17:23:01.421 65682 INFO tempest.lib.common.rest_client [req-eabc319e-70ac-47d3-ab21-af76fb4fc36b req-eabc319e-70ac-47d3-ab21-af76fb4fc36b ] Request (KeyPairsV210TestJSON:tearDownClass): 204 DELETE http://10.180.1.21/networking/v2.0/security-groups/b12926f7-4c49-4c6f-9a86-ab61abdbb1e4 0.383s
2025-11-19 17:23:01.490 65636 INFO tempest.lib.common.rest_client [req-72930b11-58f1-43be-8f8f-5e1b62e4c68d req-72930b11-58f1-43be-8f8f-5e1b62e4c68d ] Request (AbsoluteLimitsTestJSON:setUpClass): 201 POST http://10.180.1.21/identity/v3/auth/tokens 0.095s
2025-11-19 17:23:01.526 65636 INFO tempest.lib.common.rest_client [req-eeb72dc2-ab93-42eb-b435-bab660456eaa req-eeb72dc2-ab93-42eb-b435-bab660456eaa ] Request (AbsoluteLimitsTestJSON:setUpClass): 201 POST http://10.180.1.21/identity/v3/auth/tokens 0.031s
2025-11-19 17:23:01.563 65682 INFO tempest.lib.common.rest_client [req-315e1aff-754c-408a-810e-ea3f96b5dca1 req-315e1aff-754c-408a-810e-ea3f96b5dca1 ] Request (KeyPairsV210TestJSON:tearDownClass): 204 DELETE http://10.180.1.21/identity/v3/projects/09044e7a715340b1ba618d4d4e6c65c5 0.142s
2025-11-19 17:23:01.564 65682 INFO tempest.lib.common.dynamic_creds [-] Deleting project and security group for project: cab03323888f492285191a94ae4e8a1d
2025-11-19 17:23:01.594 65636 INFO tempest.lib.common.rest_client [req-09e589d3-2da9-403f-b8d1-35d2098a4ed5 req-09e589d3-2da9-403f-b8d1-35d2098a4ed5 ] Request (AbsoluteLimitsTestJSON:setUpClass): 200 GET http://10.180.1.21/identity/v3/domains?name=Default 0.067s
2025-11-19 17:23:01.639 65636 INFO tempest.lib.common.rest_client [req-f37c149c-23ad-4080-8531-688d60ddf07b req-f37c149c-23ad-4080-8531-688d60ddf07b ] Request (AbsoluteLimitsTestJSON:setUpClass): 201 POST http://10.180.1.21/identity/v3/projects 0.044s
2025-11-19 17:23:01.701 65636 INFO tempest.lib.common.rest_client [req-97d3a18d-25c2-4c29-9e90-782b33b6dd80 req-97d3a18d-25c2-4c29-9e90-782b33b6dd80 ] Request (AbsoluteLimitsTestJSON:setUpClass): 201 POST http://10.180.1.21/identity/v3/users 0.061s
2025-11-19 17:23:01.729 65636 INFO tempest.lib.common.rest_client [req-ed7d868f-e484-4dea-8bda-dc7b39f130a6 req-ed7d868f-e484-4dea-8bda-dc7b39f130a6 ] Request (AbsoluteLimitsTestJSON:setUpClass): 200 GET http://10.180.1.21/identity/v3/roles 0.027s
2025-11-19 17:23:01.763 65636 INFO tempest.lib.common.rest_client [req-16be7b0b-9a79-4d39-8ea4-015d66585770 req-16be7b0b-9a79-4d39-8ea4-015d66585770 ] Request (AbsoluteLimitsTestJSON:setUpClass): 204 PUT http://10.180.1.21/identity/v3/projects/7966114493ba4d72a7c18ee19117c061/users/c0cbddbcaee24252a421a774f91002b4/roles/d5406cfbd0474219abe2a39a7a666dbc 0.033s
2025-11-19 17:23:01.763 65636 INFO tempest.lib.common.dynamic_creds [-] Dynamic test user c0cbddbcaee24252a421a774f91002b4 is created with scope project and roles: ['member']
2025-11-19 17:23:01.764 65636 INFO tempest.lib.common.dynamic_creds [-] Acquired dynamic creds: credentials: Credentials: {'domain_id': 'default', 'domain_name': 'Default', 'username': 'tempest-AbsoluteLimitsTestJSON-1007548175-project-member', 'project_domain_id': 'default', 'project_domain_name': 'Default', 'project_id': '7966114493ba4d72a7c18ee19117c061', 'project_name': 'tempest-AbsoluteLimitsTestJSON-1007548175', 'tenant_id': '7966114493ba4d72a7c18ee19117c061', 'tenant_name': 'tempest-AbsoluteLimitsTestJSON-1007548175', 'user_domain_id': 'default', 'user_domain_name': 'Default', 'user_id': 'c0cbddbcaee24252a421a774f91002b4', 'system': None}, Network: None, Subnet: None, Router: None
2025-11-19 17:23:01.764 65636 INFO tempest.lib.common.dynamic_creds [-] Created isolated network resources for: credentials: Credentials: {'domain_id': 'default', 'domain_name': 'Default', 'username': 'tempest-AbsoluteLimitsTestJSON-1007548175-project-member', 'project_domain_id': 'default', 'project_domain_name': 'Default', 'project_id': '7966114493ba4d72a7c18ee19117c061', 'project_name': 'tempest-AbsoluteLimitsTestJSON-1007548175', 'tenant_id': '7966114493ba4d72a7c18ee19117c061', 'tenant_name': 'tempest-AbsoluteLimitsTestJSON-1007548175', 'user_domain_id': 'default', 'user_domain_name': 'Default', 'user_id': 'c0cbddbcaee24252a421a774f91002b4', 'system': None}, Network: None, Subnet: None, Router: None
2025-11-19 17:23:01.857 65636 INFO tempest.lib.common.rest_client [req-7a2b242f-8931-43f0-aaf2-a09bd2b72dec req-7a2b242f-8931-43f0-aaf2-a09bd2b72dec ] Request (AbsoluteLimitsTestJSON:setUpClass): 201 POST http://10.180.1.21/identity/v3/auth/tokens 0.089s
2025-11-19 17:23:01.918 65634 INFO tempest.lib.common.rest_client [req-7c0a60e1-016c-48c0-9d92-626c067008ac req-7c0a60e1-016c-48c0-9d92-626c067008ac ] Request (SecurityGroupsNegativeTestJSON:setUpClass): 201 POST http://10.180.1.21/networking/v2.0/subnets 0.800s
2025-11-19 17:23:01.954 65658 INFO tempest.lib.common.rest_client [req-637e3e42-42f3-4558-9be7-3e050233e06c req-637e3e42-42f3-4558-9be7-3e050233e06c ] Request (VolumesAdminNegativeTest:test_update_attached_volume_with_nonexistent_volume_in_uri): 200 GET http://10.180.1.21/compute/v2.1/servers/c0c21908-62a6-4e0f-bc8a-0966ec07ec93 5.063s
2025-11-19 17:23:01.968 65642 INFO tempest.lib.common.rest_client [req-67a96c2a-60d3-44e2-a3fe-d8172e17bdee req-67a96c2a-60d3-44e2-a3fe-d8172e17bdee ] Request (FlavorsExtraSpecsTestJSON:test_flavor_set_get_update_show_unset_keys): 200 GET http://10.180.1.21/compute/v2.1/flavors/608980360/os-extra_specs 4.595s
2025-11-19 17:23:02.096 65682 INFO tempest.lib.common.rest_client [req-4befbab1-6009-4c25-b8c3-fffee0707982 req-4befbab1-6009-4c25-b8c3-fffee0707982 ] Request (KeyPairsV210TestJSON:tearDownClass): 200 GET http://10.180.1.21/networking/v2.0/security-groups?tenant_id=cab03323888f492285191a94ae4e8a1d&name=default 0.532s
2025-11-19 17:23:02.153 65666 INFO tempest.lib.common.rest_client [req-c77a961f-d802-45ab-ba5e-3b96d6f9cfaf req-c77a961f-d802-45ab-ba5e-3b96d6f9cfaf ] Request (KeyPairsV22TestJSON:test_get_keypair_detail): 201 POST http://10.180.1.21/compute/v2.1/os-keypairs 4.389s
2025-11-19 17:23:02.831 65682 INFO tempest.lib.common.rest_client [req-b0383f5e-faa0-4a35-a621-6b6792eec17a req-b0383f5e-faa0-4a35-a621-6b6792eec17a ] Request (KeyPairsV210TestJSON:tearDownClass): 204 DELETE http://10.180.1.21/networking/v2.0/security-groups/0cb2e8df-faec-401f-bdbc-04e624fa3b63 0.734s
2025-11-19 17:23:02.874 65634 INFO tempest.lib.common.rest_client [req-ade39298-e649-4314-ac40-26fae7ac1e44 req-ade39298-e649-4314-ac40-26fae7ac1e44 ] Request (SecurityGroupsNegativeTestJSON:setUpClass): 201 POST http://10.180.1.21/networking/v2.0/routers 0.955s
2025-11-19 17:23:02.968 65682 INFO tempest.lib.common.rest_client [req-8dc1c0c3-6ea0-40e9-8791-6efb833cec53 req-8dc1c0c3-6ea0-40e9-8791-6efb833cec53 ] Request (KeyPairsV210TestJSON:tearDownClass): 204 DELETE http://10.180.1.21/identity/v3/projects/cab03323888f492285191a94ae4e8a1d 0.136s
2025-11-19 17:23:02.984 65668 INFO tempest.lib.common.rest_client [req-17abfbaf-d209-432b-9554-6b810873e0df req-17abfbaf-d209-432b-9554-6b810873e0df ] Request (SecurityGroupRulesNegativeTestJSON:_run_cleanups): 202 DELETE http://10.180.1.21/compute/v2.1/os-security-group-rules/4861d349-163a-4185-b4a6-e8d8dcaf424b 5.644s
2025-11-19 17:23:03.030 65660 INFO tempest.lib.common.rest_client [req-904040da-5b53-49fb-889b-a4106793b136 req-904040da-5b53-49fb-889b-a4106793b136 ] Request (ServersAdminNegativeTestJSON:setUpClass): 200 GET http://10.180.1.21/compute/v2.1/servers/da05a887-aaf4-482f-b206-f2a339d4a515 5.122s
2025-11-19 17:23:03.042 65660 INFO tempest.common.waiters [-] State transition "BUILD/spawning" ==> "ACTIVE/None" after 27 second wait
2025-11-19 17:23:03.045 65682 INFO tempest.lib.common.rest_client [req-008fd1b6-756a-40ea-8812-6100d3ba471f req-008fd1b6-756a-40ea-8812-6100d3ba471f ] Request (SecurityGroupsTestAdminJSON:setUpClass): 201 POST http://10.180.1.21/identity/v3/auth/tokens 0.074s
2025-11-19 17:23:03.083 65682 INFO tempest.lib.common.rest_client [req-3944a567-6f0b-4919-9cb2-619c3dd495c0 req-3944a567-6f0b-4919-9cb2-619c3dd495c0 ] Request (SecurityGroupsTestAdminJSON:setUpClass): 201 POST http://10.180.1.21/identity/v3/auth/tokens 0.034s
2025-11-19 17:23:03.111 65682 INFO tempest.lib.common.rest_client [req-187e4440-7b05-47f9-8635-1508c8352e9e req-187e4440-7b05-47f9-8635-1508c8352e9e ] Request (SecurityGroupsTestAdminJSON:setUpClass): 200 GET http://10.180.1.21/identity/v3/domains?name=Default 0.027s
2025-11-19 17:23:03.148 65682 INFO tempest.lib.common.rest_client [req-c9f2ee80-9027-462e-b3de-f388b3bdec78 req-c9f2ee80-9027-462e-b3de-f388b3bdec78 ] Request (SecurityGroupsTestAdminJSON:setUpClass): 201 POST http://10.180.1.21/identity/v3/projects 0.034s
2025-11-19 17:23:03.214 65682 INFO tempest.lib.common.rest_client [req-e60cb6da-3096-486f-800a-54ed67d755b5 req-e60cb6da-3096-486f-800a-54ed67d755b5 ] Request (SecurityGroupsTestAdminJSON:setUpClass): 201 POST http://10.180.1.21/identity/v3/users 0.065s
2025-11-19 17:23:03.237 65682 INFO tempest.lib.common.rest_client [req-d7a35b00-0775-4585-b72f-0f831575048f req-d7a35b00-0775-4585-b72f-0f831575048f ] Request (SecurityGroupsTestAdminJSON:setUpClass): 200 GET http://10.180.1.21/identity/v3/roles 0.023s
2025-11-19 17:23:03.291 65682 INFO tempest.lib.common.rest_client [req-2b094115-bb5f-4f9c-ba6c-9e7096b8aa4b req-2b094115-bb5f-4f9c-ba6c-9e7096b8aa4b ] Request (SecurityGroupsTestAdminJSON:setUpClass): 204 PUT http://10.180.1.21/identity/v3/projects/2413b8f831704b2b8d80fb6936dc9ed1/users/08f1c3085f0240cca96534fb94818761/roles/d5406cfbd0474219abe2a39a7a666dbc 0.053s
2025-11-19 17:23:03.292 65682 INFO tempest.lib.common.dynamic_creds [-] Dynamic test user 08f1c3085f0240cca96534fb94818761 is created with scope project and roles: ['member']
2025-11-19 17:23:03.293 65682 INFO tempest.lib.common.dynamic_creds [-] Acquired dynamic creds: credentials: Credentials: {'domain_id': 'default', 'domain_name': 'Default', 'username': 'tempest-SecurityGroupsTestAdminJSON-1762913383-project-member', 'project_domain_id': 'default', 'project_domain_name': 'Default', 'project_id': '2413b8f831704b2b8d80fb6936dc9ed1', 'project_name': 'tempest-SecurityGroupsTestAdminJSON-1762913383', 'tenant_id': '2413b8f831704b2b8d80fb6936dc9ed1', 'tenant_name': 'tempest-SecurityGroupsTestAdminJSON-1762913383', 'user_domain_id': 'default', 'user_domain_name': 'Default', 'user_id': '08f1c3085f0240cca96534fb94818761', 'system': None}, Network: None, Subnet: None, Router: None
