2025-11-28 18:32:40.527 66589 INFO tempest.lib.common.rest_client [req-2af779ec-1c1e-4a38-9abb-ae16442e53b8 req-2af779ec-1c1e-4a38-9abb-ae16442e53b8 ] Request (FlavorsAccessNegativeTestJSON:_run_cleanups): 200 GET http://10.180.1.21/compute/v2.1/flavors/detail 6.352s
2025-11-28 18:32:40.940 66591 INFO tempest.lib.common.rest_client [req-6d1f8604-b67c-4281-a709-123b93d5b52b req-6d1f8604-b67c-4281-a709-123b93d5b52b ] Request (AttachInterfacesUnderV243Test:setUpClass): 200 PUT http://10.180.1.21/networking/v2.0/routers/48eb9ea7-5d37-4577-9409-864284c6cfed/add_router_interface 1.418s
2025-11-28 18:32:40.940 66591 INFO tempest.lib.common.dynamic_creds [-] Created isolated network resources for: credentials: Credentials: {'domain_id': 'default', 'domain_name': 'Default', 'username': 'tempest-AttachInterfacesUnderV243Test-442402182-project-member', 'project_domain_id': 'default', 'project_domain_name': 'Default', 'project_id': '3613a20d67044bd08dc37a22be6059d5', 'project_name': 'tempest-AttachInterfacesUnderV243Test-442402182', 'tenant_id': '3613a20d67044bd08dc37a22be6059d5', 'tenant_name': 'tempest-AttachInterfacesUnderV243Test-442402182', 'user_domain_id': 'default', 'user_domain_name': 'Default', 'user_id': 'c67e5608f94d406abde1c4d3a1257116', 'system': None}, Network: {'id': '26f3a4ef-a04e-4fbd-ae05-dc239d82d019', 'name': 'tempest-AttachInterfacesUnderV243Test-1472955205-network', 'tenant_id': '3613a20d67044bd08dc37a22be6059d5', 'project_id': '3613a20d67044bd08dc37a22be6059d5', 'admin_state_up': True, 'mtu': 8950, 'status': 'ACTIVE', 'subnets': [], 'shared': False, 'port_security_enabled': True, 'router:external': False, 'provider:network_type': 'vlan', 'provider:physical_network': 'default', 'provider:segmentation_id': 678, 'availability_zone_hints': [], 'availability_zones': [], 'ipv4_address_scope': None, 'ipv6_address_scope': None, 'description': '', 'tags': [], 'created_at': '2025-11-28T18:32:38Z', 'updated_at': '2025-11-28T18:32:38Z', 'revision_number': 1}, Subnet: {'id': '79a69535-f49a-4ee7-a393-67c22cb04681', 'name': 'tempest-AttachInterfacesUnderV243Test-1472955205-subnet', 'tenant_id': '3613a20d67044bd08dc37a22be6059d5', 'network_id': '26f3a4ef-a04e-4fbd-ae05-dc239d82d019', 'ip_version': 4, 'subnetpool_id': None, 'enable_dhcp': True, 'ipv6_ra_mode': None, 'ipv6_address_mode': None, 'gateway_ip': '192.168.128.1', 'cidr': '192.168.128.0/28', 'allocation_pools': [{'start': '192.168.128.2', 'end': '192.168.128.14'}], 'host_routes': [], 'dns_nameservers': [], 'description': '', 'router:external': False, 'service_types': [], 'tags': [], 'created_at': '2025-11-28T18:32:38Z', 'updated_at': '2025-11-28T18:32:38Z', 'revision_number': 0, 'project_id': '3613a20d67044bd08dc37a22be6059d5'}, Router: {'id': '48eb9ea7-5d37-4577-9409-864284c6cfed', 'name': 'tempest-AttachInterfacesUnderV243Test-1472955205-router', 'tenant_id': '3613a20d67044bd08dc37a22be6059d5', 'admin_state_up': True, 'status': 'ACTIVE', 'external_gateway_info': {'network_id': '992866d4-49e7-4c13-a122-a87e5fd8a52a', 'external_fixed_ips': [{'subnet_id': '70828788-ab19-4b1e-a7b8-b76d12211874', 'ip_address': '10.180.180.185'}], 'enable_snat': True}, 'description': '', 'availability_zones': [], 'distributed': False, 'ha': False, 'availability_zone_hints': [], 'routes': [], 'flavor_id': None, 'tags': [], 'created_at': '2025-11-28T18:32:38Z', 'updated_at': '2025-11-28T18:32:39Z', 'revision_number': 2, 'project_id': '3613a20d67044bd08dc37a22be6059d5'}
2025-11-28 18:32:41.044 66591 INFO tempest.lib.common.rest_client [req-d73d4734-3508-4045-8267-b45dbf3e7f52 req-d73d4734-3508-4045-8267-b45dbf3e7f52 ] Request (AttachInterfacesUnderV243Test:setUpClass): 201 POST http://10.180.1.21/identity/v3/auth/tokens 0.100s
2025-11-28 18:32:41.334 66603 INFO tempest.lib.common.rest_client [req-d690dd7d-88a4-4c55-9a16-7049ab011534 req-d690dd7d-88a4-4c55-9a16-7049ab011534 ] Request (SecurityGroupsTestJSON:setUpClass): 201 POST http://10.180.1.21/networking/v2.0/subnets 1.004s
2025-11-28 18:32:41.358 66595 INFO tempest.lib.common.rest_client [req-0df62fdf-a6dc-4dff-aabf-2520845747aa req-0df62fdf-a6dc-4dff-aabf-2520845747aa ] Request (DeleteServersTestJSON:test_delete_active_server): 200 GET http://10.180.1.21/compute/v2.1/servers/872d2d03-44fe-4710-b88f-538c58f0ad9f 6.226s
2025-11-28 18:32:41.385 66631 INFO tempest.lib.common.rest_client [req-7df861e0-fde3-4eec-8211-076c75c4d93e req-7df861e0-fde3-4eec-8211-076c75c4d93e ] Request (ImagesTestJSON:setUpClass): 200 PUT http://10.180.1.21/networking/v2.0/routers/a695ff9e-d7ec-42ca-bf5b-dfb978783fd1/add_router_interface 1.463s
2025-11-28 18:32:41.385 66631 INFO tempest.lib.common.dynamic_creds [-] Created isolated network resources for: credentials: Credentials: {'domain_id': 'default', 'domain_name': 'Default', 'username': 'tempest-ImagesTestJSON-55475634-project-member', 'project_domain_id': 'default', 'project_domain_name': 'Default', 'project_id': '252e135534784ad5bdae7c7ee6c1a914', 'project_name': 'tempest-ImagesTestJSON-55475634', 'tenant_id': '252e135534784ad5bdae7c7ee6c1a914', 'tenant_name': 'tempest-ImagesTestJSON-55475634', 'user_domain_id': 'default', 'user_domain_name': 'Default', 'user_id': '6dabc1525e94430185582098cd6684de', 'system': None}, Network: {'id': 'f4d0d0f9-f537-494f-b0f7-cfe0e60c9f91', 'name': 'tempest-ImagesTestJSON-1268872203-network', 'tenant_id': '252e135534784ad5bdae7c7ee6c1a914', 'project_id': '252e135534784ad5bdae7c7ee6c1a914', 'admin_state_up': True, 'mtu': 8950, 'status': 'ACTIVE', 'subnets': [], 'shared': False, 'port_security_enabled': True, 'router:external': False, 'provider:network_type': 'vlan', 'provider:physical_network': 'default', 'provider:segmentation_id': 927, 'availability_zone_hints': [], 'availability_zones': [], 'ipv4_address_scope': None, 'ipv6_address_scope': None, 'description': '', 'tags': [], 'created_at': '2025-11-28T18:32:38Z', 'updated_at': '2025-11-28T18:32:38Z', 'revision_number': 1}, Subnet: {'id': '57356b0f-dc6a-44df-9318-a96d82a3682e', 'name': 'tempest-ImagesTestJSON-1268872203-subnet', 'tenant_id': '252e135534784ad5bdae7c7ee6c1a914', 'network_id': 'f4d0d0f9-f537-494f-b0f7-cfe0e60c9f91', 'ip_version': 4, 'subnetpool_id': None, 'enable_dhcp': True, 'ipv6_ra_mode': None, 'ipv6_address_mode': None, 'gateway_ip': '192.168.128.1', 'cidr': '192.168.128.0/28', 'allocation_pools': [{'start': '192.168.128.2', 'end': '192.168.128.14'}], 'host_routes': [], 'dns_nameservers': [], 'description': '', 'router:external': False, 'service_types': [], 'tags': [], 'created_at': '2025-11-28T18:32:38Z', 'updated_at': '2025-11-28T18:32:38Z', 'revision_number': 0, 'project_id': '252e135534784ad5bdae7c7ee6c1a914'}, Router: {'id': 'a695ff9e-d7ec-42ca-bf5b-dfb978783fd1', 'name': 'tempest-ImagesTestJSON-1268872203-router', 'tenant_id': '252e135534784ad5bdae7c7ee6c1a914', 'admin_state_up': True, 'status': 'ACTIVE', 'external_gateway_info': {'network_id': '992866d4-49e7-4c13-a122-a87e5fd8a52a', 'external_fixed_ips': [{'subnet_id': '70828788-ab19-4b1e-a7b8-b76d12211874', 'ip_address': '10.180.180.224'}], 'enable_snat': True}, 'description': '', 'availability_zones': [], 'distributed': False, 'ha': False, 'availability_zone_hints': [], 'routes': [], 'flavor_id': None, 'tags': [], 'created_at': '2025-11-28T18:32:39Z', 'updated_at': '2025-11-28T18:32:39Z', 'revision_number': 2, 'project_id': '252e135534784ad5bdae7c7ee6c1a914'}
2025-11-28 18:32:41.478 66631 INFO tempest.lib.common.rest_client [req-c6ffe665-cba3-4914-897f-80fceaf8c0d6 req-c6ffe665-cba3-4914-897f-80fceaf8c0d6 ] Request (ImagesTestJSON:setUpClass): 201 POST http://10.180.1.21/identity/v3/auth/tokens 0.088s
2025-11-28 18:32:41.545 66631 INFO tempest.lib.common.rest_client [req-f914facc-eb7d-4965-bc8d-52757c76a949 req-f914facc-eb7d-4965-bc8d-52757c76a949 ] Request (ImagesTestJSON:test_create_image_from_stopped_server): 201 POST http://10.180.1.21/identity/v3/auth/tokens 0.063s
2025-11-28 18:32:41.545 66631 INFO tempest.lib.common.fixed_network [-] (ImagesTestJSON:test_create_image_from_stopped_server) Found network {'id': 'f4d0d0f9-f537-494f-b0f7-cfe0e60c9f91', 'name': 'tempest-ImagesTestJSON-1268872203-network', 'tenant_id': '252e135534784ad5bdae7c7ee6c1a914', 'project_id': '252e135534784ad5bdae7c7ee6c1a914', 'admin_state_up': True, 'mtu': 8950, 'status': 'ACTIVE', 'subnets': [], 'shared': False, 'port_security_enabled': True, 'router:external': False, 'provider:network_type': 'vlan', 'provider:physical_network': 'default', 'provider:segmentation_id': 927, 'availability_zone_hints': [], 'availability_zones': [], 'ipv4_address_scope': None, 'ipv6_address_scope': None, 'description': '', 'tags': [], 'created_at': '2025-11-28T18:32:38Z', 'updated_at': '2025-11-28T18:32:38Z', 'revision_number': 1} available for tenant
2025-11-28 18:32:41.574 66599 INFO tempest.lib.common.rest_client [req-5b496ecf-d415-4850-8b41-33a8ef2c5952 req-5b496ecf-d415-4850-8b41-33a8ef2c5952 ] Request (SecurityGroupRulesTestJSON:test_security_group_rules_delete_when_peer_group_deleted): 202 DELETE http://10.180.1.21/compute/v2.1/os-security-groups/f29e73e1-4c02-4d15-a6a3-24db51dacd61 7.714s
2025-11-28 18:32:41.874 66597 INFO tempest.lib.common.rest_client [req-095a0d3f-f9e7-4a46-9440-987c8a9053c1 req-095a0d3f-f9e7-4a46-9440-987c8a9053c1 ] Request (ServersAdmin275Test:test_rebuild_update_server_275): 202 POST http://10.180.1.21/compute/v2.1/servers/7268c281-0f4a-4896-95c6-0be66caac2fe/action 6.401s
2025-11-28 18:32:42.282 66593 INFO tempest.lib.common.rest_client [req-f7be5ec0-e02a-49a5-ad0c-0e9b6794f890 req-f7be5ec0-e02a-49a5-ad0c-0e9b6794f890 ] Request (FloatingIPsAssociationNegativeTestJSON:setUpClass): 202 POST http://10.180.1.21/compute/v2.1/servers 6.655s
2025-11-28 18:32:42.517 66621 INFO tempest.lib.common.rest_client [req-4b6d969f-ff00-4b9e-9e9c-d17da8039d1e req-4b6d969f-ff00-4b9e-9e9c-d17da8039d1e ] Request (ServersV294TestFqdnHostnames:setUpClass): 200 GET http://10.180.1.21/compute/v2.1/servers/1015b363-9a81-4484-bbab-855aeee84696/os-interface 6.094s
2025-11-28 18:32:42.564 66603 INFO tempest.lib.common.rest_client [req-d71ed913-ad29-45bb-bf8c-99ccc28c4a9c req-d71ed913-ad29-45bb-bf8c-99ccc28c4a9c ] Request (SecurityGroupsTestJSON:setUpClass): 201 POST http://10.180.1.21/networking/v2.0/routers 1.229s
2025-11-28 18:32:43.315 66609 INFO tempest.lib.common.rest_client [req-0391a631-2914-470a-98a7-b8bcda3823a4 req-0391a631-2914-470a-98a7-b8bcda3823a4 ] Request (ServerExternalEventsTest:tearDownClass): 200 GET http://10.180.1.21/compute/v2.1/servers/03ec5275-88aa-4fd7-956d-61d5e371802e 6.812s
2025-11-28 18:32:43.428 66643 INFO tempest.lib.common.rest_client [req-7299d51a-d87f-4519-a836-d1eb4c36714e req-7299d51a-d87f-4519-a836-d1eb4c36714e ] Request (ImagesNegativeTestJSON:test_create_image_from_deleted_server): 202 POST http://10.180.1.21/compute/v2.1/servers 7.765s
2025-11-28 18:32:43.749 66621 INFO tempest.lib.common.rest_client [req-29edfc9f-f397-4a89-9db2-4e1535e11b73 req-29edfc9f-f397-4a89-9db2-4e1535e11b73 ] Request (ServersV294TestFqdnHostnames:setUpClass): 200 PUT http://10.180.1.21/networking/v2.0/floatingips/0b1cff89-bfc1-4123-8194-3cf064c6b87c 1.230s
2025-11-28 18:32:44.304 66603 INFO tempest.lib.common.rest_client [req-6185b8fa-3f21-46db-a372-8fccc6473cd6 req-6185b8fa-3f21-46db-a372-8fccc6473cd6 ] Request (SecurityGroupsTestJSON:setUpClass): 200 PUT http://10.180.1.21/networking/v2.0/routers/f2408701-7d02-4db1-93bc-5776862a3801/add_router_interface 1.740s
2025-11-28 18:32:44.304 66603 INFO tempest.lib.common.dynamic_creds [-] Created isolated network resources for: credentials: Credentials: {'domain_id': 'default', 'domain_name': 'Default', 'username': 'tempest-SecurityGroupsTestJSON-498410456-project-member', 'project_domain_id': 'default', 'project_domain_name': 'Default', 'project_id': '94b7c56c4688465da9c18cbb8206bc59', 'project_name': 'tempest-SecurityGroupsTestJSON-498410456', 'tenant_id': '94b7c56c4688465da9c18cbb8206bc59', 'tenant_name': 'tempest-SecurityGroupsTestJSON-498410456', 'user_domain_id': 'default', 'user_domain_name': 'Default', 'user_id': '1c227805b2fd4b8d8f0fd73014517a66', 'system': None}, Network: {'id': '3b705d4e-e01d-4062-9040-e0cddcb455c6', 'name': 'tempest-SecurityGroupsTestJSON-27973807-network', 'tenant_id': '94b7c56c4688465da9c18cbb8206bc59', 'project_id': '94b7c56c4688465da9c18cbb8206bc59', 'admin_state_up': True, 'mtu': 8950, 'status': 'ACTIVE', 'subnets': [], 'shared': False, 'port_security_enabled': True, 'router:external': False, 'provider:network_type': 'vlan', 'provider:physical_network': 'default', 'provider:segmentation_id': 688, 'availability_zone_hints': [], 'availability_zones': [], 'ipv4_address_scope': None, 'ipv6_address_scope': None, 'description': '', 'tags': [], 'created_at': '2025-11-28T18:32:40Z', 'updated_at': '2025-11-28T18:32:40Z', 'revision_number': 1}, Subnet: {'id': '0213d925-ed3f-4e2f-90c3-6e9d3100a25f', 'name': 'tempest-SecurityGroupsTestJSON-27973807-subnet', 'tenant_id': '94b7c56c4688465da9c18cbb8206bc59', 'network_id': '3b705d4e-e01d-4062-9040-e0cddcb455c6', 'ip_version': 4, 'subnetpool_id': None, 'enable_dhcp': True, 'ipv6_ra_mode': None, 'ipv6_address_mode': None, 'gateway_ip': '192.168.128.1', 'cidr': '192.168.128.0/28', 'allocation_pools': [{'start': '192.168.128.2', 'end': '192.168.128.14'}], 'host_routes': [], 'dns_nameservers': [], 'description': '', 'router:external': False, 'service_types': [], 'tags': [], 'created_at': '2025-11-28T18:32:41Z', 'updated_at': '2025-11-28T18:32:41Z', 'revision_number': 0, 'project_id': '94b7c56c4688465da9c18cbb8206bc59'}, Router: {'id': 'f2408701-7d02-4db1-93bc-5776862a3801', 'name': 'tempest-SecurityGroupsTestJSON-27973807-router', 'tenant_id': '94b7c56c4688465da9c18cbb8206bc59', 'admin_state_up': True, 'status': 'ACTIVE', 'external_gateway_info': {'network_id': '992866d4-49e7-4c13-a122-a87e5fd8a52a', 'external_fixed_ips': [{'subnet_id': '70828788-ab19-4b1e-a7b8-b76d12211874', 'ip_address': '10.180.180.176'}], 'enable_snat': True}, 'description': '', 'availability_zones': [], 'distributed': False, 'ha': False, 'availability_zone_hints': [], 'routes': [], 'flavor_id': None, 'tags': [], 'created_at': '2025-11-28T18:32:41Z', 'updated_at': '2025-11-28T18:32:42Z', 'revision_number': 2, 'project_id': '94b7c56c4688465da9c18cbb8206bc59'}
2025-11-28 18:32:44.341 66623 INFO tempest.lib.common.rest_client [req-4853b8e8-1f6f-4af8-a303-2274235387ce req-4853b8e8-1f6f-4af8-a303-2274235387ce ] Request (MigrationsAdminTest:test_list_migrations_in_flavor_resize_situation): 200 GET http://10.180.1.21/compute/v2.1/servers/0c5c9742-a48d-4721-8ca5-2ea76ae1725a 7.718s
2025-11-28 18:32:44.369 66645 INFO tempest.lib.common.rest_client [req-6da9a5af-403e-49e1-82ad-71d38c42de67 req-6da9a5af-403e-49e1-82ad-71d38c42de67 ] Request (ServersTestBootFromVolume:setUpClass): 200 GET http://10.180.1.21/compute/v2.1/servers/7e39d616-18e2-4604-ba45-da3103eb3aaa 6.832s
2025-11-28 18:32:44.464 66603 INFO tempest.lib.common.rest_client [req-0b2aa850-dc59-4284-bb45-9a5a01ab4b8d req-0b2aa850-dc59-4284-bb45-9a5a01ab4b8d ] Request (SecurityGroupsTestJSON:setUpClass): 201 POST http://10.180.1.21/identity/v3/auth/tokens 0.153s
2025-11-28 18:32:44.512 66627 INFO tempest.lib.common.rest_client [req-af26f010-4a19-4337-981b-c66725a6207a req-af26f010-4a19-4337-981b-c66725a6207a ] Request (VolumesAssistedSnapshotsTest:test_volume_assisted_snapshot_create_delete): 200 GET http://10.180.1.21/compute/v2.1/servers/ef19ceaa-5d3b-456f-b93f-3cab247427be/os-interface 6.867s
2025-11-28 18:32:44.552 66617 INFO tempest.lib.common.rest_client [req-22f33047-2652-4fe9-ae05-22412b935b3a req-22f33047-2652-4fe9-ae05-22412b935b3a ] Request (QuotasAdminTestV257:test_get_updated_quotas): 200 PUT http://10.180.1.21/compute/v2.1/os-quota-sets/84fa18199d8742fc9c4f935f2f26ca05 6.900s
2025-11-28 18:32:44.558 66607 INFO tempest.lib.common.rest_client [req-902c93b7-eb02-4077-8ab9-39d4667c87f8 req-902c93b7-eb02-4077-8ab9-39d4667c87f8 ] Request (ImagesOneServerNegativeTestJSON:test_create_image_specify_invalid_metadata): 400 POST http://10.180.1.21/compute/v2.1/servers/8d3e8729-3296-40fb-a80f-b41503d0c666/action 6.774s
2025-11-28 18:32:45.119 66627 INFO tempest.lib.common.rest_client [req-244ecc79-81f4-4f71-a3b0-5b62f3ba4d48 req-244ecc79-81f4-4f71-a3b0-5b62f3ba4d48 ] Request (VolumesAssistedSnapshotsTest:test_volume_assisted_snapshot_create_delete): 200 PUT http://10.180.1.21/networking/v2.0/floatingips/2da4dd0a-368f-408c-b202-7dc0b3b1d86a 0.604s
2025-11-28 18:32:45.122 66627 INFO tempest.lib.common.ssh [-] Creating ssh connection to '10.180.180.165:22' as 'cirros' with public key authentication
2025-11-28 18:32:45.145 66635 INFO tempest.lib.common.rest_client [req-1e7cda64-2935-4cd8-b2f5-ff38e309e2fb req-1e7cda64-2935-4cd8-b2f5-ff38e309e2fb ] Request (ServerDiagnosticsV248Test:tearDownClass): 200 GET http://10.180.1.21/compute/v2.1/servers/e3bfba6a-af6b-4e88-b90a-7b4b5f6a6609 7.415s
2025-11-28 18:32:45.147 66605 INFO tempest.lib.common.rest_client [req-8bb0e035-6c7f-4824-8162-0fdda0a2082e req-8bb0e035-6c7f-4824-8162-0fdda0a2082e ] Request (SecurityGroupsNegativeTestJSON:test_delete_security_group_without_passing_id): 404 DELETE http://10.180.1.21/compute/v2.1/os-security-groups/ 7.058s
2025-11-28 18:32:45.237 66625 INFO tempest.lib.common.rest_client [req-e35e1c31-9c9f-4874-a384-3f20b19daa30 req-e35e1c31-9c9f-4874-a384-3f20b19daa30 ] Request (ServerShowV247Test:test_update_rebuild_list_server): 200 GET http://10.180.1.21/compute/v2.1/servers/ea62e880-ec32-4df9-bc16-e2e9ce448c62 6.889s
2025-11-28 18:32:45.259 66641 INFO tempest.lib.common.rest_client [req-982f0e4c-7390-4ccb-8c80-4fe6b1e0a58a req-982f0e4c-7390-4ccb-8c80-4fe6b1e0a58a ] Request (DeleteServersAdminTestJSON:test_admin_delete_servers_of_others): 404 GET http://10.180.1.21/compute/v2.1/servers/5644df0c-bdb6-4d75-8be2-e69104eb6c60 6.906s
2025-11-28 18:32:45.267 66637 INFO tempest.lib.common.rest_client [req-b293e140-4679-443b-a1f4-2341cc6c0ab2 req-b293e140-4679-443b-a1f4-2341cc6c0ab2 ] Request (ServersAdminTestJSON:setUpClass): 200 GET http://10.180.1.21/compute/v2.1/servers/81f6a44c-6874-45e3-974d-689761f41a87 7.229s
2025-11-28 18:32:45.282 66611 INFO tempest.lib.common.rest_client [req-e73f6094-4cb5-429c-98d6-e753339c7989 req-e73f6094-4cb5-429c-98d6-e753339c7989 ] Request (ListServersNegativeTestJSON:setUpClass): 404 GET http://10.180.1.21/compute/v2.1/servers/f1cbb306-1ff8-48cc-a2e3-376174be8976 6.848s
2025-11-28 18:32:45.362 66641 INFO tempest.lib.common.rest_client [req-24417475-3aff-45b2-9729-9fdf045cdf4b req-24417475-3aff-45b2-9729-9fdf045cdf4b ] Request (DeleteServersAdminTestJSON:test_delete_server_while_in_error_state): 201 POST http://10.180.1.21/identity/v3/auth/tokens 0.090s
2025-11-28 18:32:45.362 66641 INFO tempest.lib.common.fixed_network [-] (DeleteServersAdminTestJSON:test_delete_server_while_in_error_state) Found network None available for tenant
2025-11-28 18:32:45.406 66649 INFO tempest.lib.common.rest_client [req-4fa10b73-64fb-4473-94e0-8485f74413d1 req-4fa10b73-64fb-4473-94e0-8485f74413d1 ] Request (ServicesAdminNegativeV253TestJSON:test_list_services_with_non_admin_user): 403 GET http://10.180.1.21/compute/v2.1/os-services 5.511s
2025-11-28 18:32:45.450 66633 INFO tempest.lib.common.rest_client [req-b40f9dcd-452d-4b95-be8a-50ea0fc7dfa8 req-b40f9dcd-452d-4b95-be8a-50ea0fc7dfa8 ] Request (KeyPairsV22TestJSON:test_keypairs_create_list_delete): 201 POST http://10.180.1.21/compute/v2.1/os-keypairs 5.535s
2025-11-28 18:32:45.505 66649 INFO tempest.lib.common.rest_client [req-e32b71d8-90eb-4ceb-8a36-54f1c66ed838 req-e32b71d8-90eb-4ceb-8a36-54f1c66ed838 ] Request (ServicesAdminNegativeV253TestJSON:tearDownClass): 204 DELETE http://10.180.1.21/identity/v3/users/13a90566e8714cbea8dd2f54bcb8e504 0.096s
2025-11-28 18:32:45.663 66649 INFO tempest.lib.common.rest_client [req-c672b0fd-bd65-4c17-b5b8-5d487729e3d9 req-c672b0fd-bd65-4c17-b5b8-5d487729e3d9 ] Request (ServicesAdminNegativeV253TestJSON:tearDownClass): 204 DELETE http://10.180.1.21/identity/v3/users/82ff9a81ab8e4a41b0113b2b2ffc902b 0.157s
2025-11-28 18:32:45.663 66649 INFO tempest.lib.common.dynamic_creds [-] Deleting project and security group for project: dc470143f0584aacbcb60fe69416e753
2025-11-28 18:32:45.706 66619 INFO tempest.lib.common.rest_client [req-2e6e9f49-3688-4f83-823f-984d434dd2af req-2e6e9f49-3688-4f83-823f-984d434dd2af ] Request (FloatingIPDetailsTestJSON:tearDownClass): 202 DELETE http://10.180.1.21/compute/v2.1/os-floating-ips/0c52d6c6-99fa-44d2-938b-71811eedcabb 5.842s
2025-11-28 18:32:45.734 66639 INFO tempest.lib.common.rest_client [req-63931902-5418-4395-b8cc-f63bc27636c4 req-63931902-5418-4395-b8cc-f63bc27636c4 ] Request (TenantUsagesTestJSON:tearDownClass): 200 GET http://10.180.1.21/compute/v2.1/servers/b8bd3d62-bb62-4742-a0f1-7255675a6930 5.670s
2025-11-28 18:32:45.739 66651 INFO tempest.lib.common.rest_client [req-ca03aca8-17d9-4402-8b18-56dee3d0894c req-ca03aca8-17d9-4402-8b18-56dee3d0894c ] Request (HypervisorAdminNegativeUnderV252Test:test_show_servers_with_non_admin_user): 200 GET http://10.180.1.21/compute/v2.1/os-hypervisors 5.657s
2025-11-28 18:32:45.744 66649 INFO tempest.lib.common.rest_client [req-221242da-40b6-4dab-8b94-20a68776f07e req-221242da-40b6-4dab-8b94-20a68776f07e ] Request (ServicesAdminNegativeV253TestJSON:tearDownClass): 201 POST http://10.180.1.21/identity/v3/auth/tokens 0.079s
2025-11-28 18:32:45.772 66629 INFO tempest.lib.common.rest_client [req-3f8691e5-ba93-4b9f-9472-33387be240f0 req-3f8691e5-ba93-4b9f-9472-33387be240f0 ] Request (AggregatesAdminNegativeTestJSON:test_aggregate_create_with_existent_aggregate_name): 200 POST http://10.180.1.21/compute/v2.1/os-aggregates 5.288s
2025-11-28 18:32:45.796 66613 INFO tempest.lib.common.rest_client [req-5673d27f-5f8b-4e97-9369-33652a8bf9bb req-5673d27f-5f8b-4e97-9369-33652a8bf9bb ] Request (FlavorsAdminTestJSON:_run_cleanups): 200 GET http://10.180.1.21/compute/v2.1/flavors/detail 5.291s
2025-11-28 18:32:45.820 66589 INFO tempest.lib.common.rest_client [req-5fa238db-6c8c-4200-a22d-0b87807a8ddb req-5fa238db-6c8c-4200-a22d-0b87807a8ddb ] Request (FlavorsAccessNegativeTestJSON:test_flavor_non_admin_remove): 200 POST http://10.180.1.21/compute/v2.1/flavors 5.286s
2025-11-28 18:32:45.991 66591 INFO tempest.lib.common.rest_client [req-1482534c-0070-42c1-bd50-c75e4cf28959 req-1482534c-0070-42c1-bd50-c75e4cf28959 ] Request (ValidationResourcesFixture:setUp): 200 POST http://10.180.1.21/compute/v2.1/os-keypairs 4.945s
2025-11-28 18:32:46.291 66649 INFO tempest.lib.common.rest_client [req-f396bcb9-3dd4-4bdf-8a65-4ec298451870 req-f396bcb9-3dd4-4bdf-8a65-4ec298451870 ] Request (ServicesAdminNegativeV253TestJSON:tearDownClass): 200 GET http://10.180.1.21/networking/v2.0/security-groups?tenant_id=dc470143f0584aacbcb60fe69416e753&name=default 0.546s
2025-11-28 18:32:46.314 66647 INFO tempest.lib.common.rest_client [req-061227c9-a774-44e1-9d30-7e59186b4d52 req-061227c9-a774-44e1-9d30-7e59186b4d52 ] Request (InstanceActionsNegativeTestJSON:setUpClass): 200 GET http://10.180.1.21/compute/v2.1/servers/94147215-8ede-43e8-9d40-be48f3c9f26e 5.836s
2025-11-28 18:32:46.442 66591 INFO tempest.lib.common.rest_client [req-cb24d920-6448-4e5b-b94f-0b3dbc6065c1 req-cb24d920-6448-4e5b-b94f-0b3dbc6065c1 ] Request (ValidationResourcesFixture:setUp): 201 POST http://10.180.1.21/networking/v2.0/security-groups 0.449s
2025-11-28 18:32:46.551 66649 INFO tempest.lib.common.rest_client [req-70c4bcb3-f39f-4c46-8533-a7ad3cb4cb30 req-70c4bcb3-f39f-4c46-8533-a7ad3cb4cb30 ] Request (ServicesAdminNegativeV253TestJSON:tearDownClass): 204 DELETE http://10.180.1.21/networking/v2.0/security-groups/6404d60f-f46d-431b-af53-da340238dc27 0.260s
2025-11-28 18:32:46.575 66599 INFO tempest.lib.common.rest_client [req-b63955b4-0c25-44b2-8670-e50063dfef7c req-b63955b4-0c25-44b2-8670-e50063dfef7c ] Request (SecurityGroupRulesTestJSON:test_security_group_rules_delete_when_peer_group_deleted): 200 GET http://10.180.1.21/compute/v2.1/os-security-groups/5250cbdb-ec72-4f70-a99b-babdb7957b25 5.000s
2025-11-28 18:32:46.614 66619 INFO tempest.lib.common.rest_client [req-6b4a3261-2d5d-4ee6-bcdf-dfb8bc0f845d req-6b4a3261-2d5d-4ee6-bcdf-dfb8bc0f845d ] Request (FloatingIPDetailsTestJSON:tearDownClass): 200 PUT http://10.180.1.21/networking/v2.0/routers/b9dad7fa-afab-461b-b6d7-2525de78917d/remove_router_interface 0.907s
2025-11-28 18:32:46.632 66649 INFO tempest.lib.common.rest_client [req-258ec460-d957-4d90-bd82-f45f2b0aa4f9 req-258ec460-d957-4d90-bd82-f45f2b0aa4f9 ] Request (ServicesAdminNegativeV253TestJSON:tearDownClass): 204 DELETE http://10.180.1.21/identity/v3/projects/dc470143f0584aacbcb60fe69416e753 0.081s
2025-11-28 18:32:46.632 66649 INFO tempest.lib.common.dynamic_creds [-] Deleting project and security group for project: ea8937681c8d4e6cb1810fc4c4641984
2025-11-28 18:32:46.740 66591 INFO tempest.lib.common.rest_client [req-d489bdbe-5dca-4549-9b54-f21e6204cc64 req-d489bdbe-5dca-4549-9b54-f21e6204cc64 ] Request (ValidationResourcesFixture:setUp): 201 POST http://10.180.1.21/networking/v2.0/security-group-rules 0.297s
2025-11-28 18:32:46.956 66649 INFO tempest.lib.common.rest_client [req-ed63f078-bd79-45cd-8e1f-f0cc4bef6e5e req-ed63f078-bd79-45cd-8e1f-f0cc4bef6e5e ] Request (ServicesAdminNegativeV253TestJSON:tearDownClass): 200 GET http://10.180.1.21/networking/v2.0/security-groups?tenant_id=ea8937681c8d4e6cb1810fc4c4641984&name=default 0.324s
2025-11-28 18:32:46.990 66597 INFO tempest.lib.common.rest_client [req-5cde12cc-e27e-42b1-82df-3a00c6798dbc req-5cde12cc-e27e-42b1-82df-3a00c6798dbc ] Request (ServersAdmin275Test:test_rebuild_update_server_275): 200 GET http://10.180.1.21/compute/v2.1/servers/7268c281-0f4a-4896-95c6-0be66caac2fe 5.104s
2025-11-28 18:32:47.076 66619 INFO tempest.lib.common.rest_client [req-fa8cf73d-7ccb-4422-9077-2105e5df6fa0 req-fa8cf73d-7ccb-4422-9077-2105e5df6fa0 ] Request (FloatingIPDetailsTestJSON:tearDownClass): 204 DELETE http://10.180.1.21/networking/v2.0/routers/b9dad7fa-afab-461b-b6d7-2525de78917d 0.461s
2025-11-28 18:32:47.080 66591 INFO tempest.lib.common.rest_client [req-6943c5a2-e19a-4f16-810f-529b788a8a9e req-6943c5a2-e19a-4f16-810f-529b788a8a9e ] Request (ValidationResourcesFixture:setUp): 201 POST http://10.180.1.21/networking/v2.0/security-group-rules 0.339s
2025-11-28 18:32:47.151 66593 INFO tempest.lib.common.rest_client [req-24fc6837-d5f7-45a4-80ba-ae4c65c69d3a req-24fc6837-d5f7-45a4-80ba-ae4c65c69d3a ] Request (FloatingIPsAssociationNegativeTestJSON:setUpClass): 200 GET http://10.180.1.21/compute/v2.1/servers/1b8109b6-642f-4de2-971a-00900229f13f 4.865s
2025-11-28 18:32:47.175 66649 INFO tempest.lib.common.rest_client [req-13c5c543-e45e-425a-b426-d4e9ecabba67 req-13c5c543-e45e-425a-b426-d4e9ecabba67 ] Request (ServicesAdminNegativeV253TestJSON:tearDownClass): 204 DELETE http://10.180.1.21/networking/v2.0/security-groups/dfeff77a-35dd-4945-a743-e41b34fd2950 0.219s
2025-11-28 18:32:47.276 66619 INFO tempest.lib.common.rest_client [req-9cbd3fc0-e9c3-419a-aa37-4cdd3f29b0b1 req-9cbd3fc0-e9c3-419a-aa37-4cdd3f29b0b1 ] Request (FloatingIPDetailsTestJSON:tearDownClass): 204 DELETE http://10.180.1.21/networking/v2.0/subnets/dfaebc51-93fc-4267-adb7-b8313b354796 0.200s
2025-11-28 18:32:47.308 66649 INFO tempest.lib.common.rest_client [req-a7b6adfe-0080-48bc-8f06-bc749423563c req-a7b6adfe-0080-48bc-8f06-bc749423563c ] Request (ServicesAdminNegativeV253TestJSON:tearDownClass): 204 DELETE http://10.180.1.21/identity/v3/projects/ea8937681c8d4e6cb1810fc4c4641984 0.132s
2025-11-28 18:32:47.369 66649 INFO tempest.lib.common.rest_client [req-75e007d7-efee-4f47-b153-55aec641f8b0 req-75e007d7-efee-4f47-b153-55aec641f8b0 ] Request (ServerRescueTestJSONUnderV235:setUpClass): 201 POST http://10.180.1.21/identity/v3/auth/tokens 0.060s
2025-11-28 18:32:47.407 66649 INFO tempest.lib.common.rest_client [req-64130e17-bcae-4cdd-9bbb-b38d1f3efd7a req-64130e17-bcae-4cdd-9bbb-b38d1f3efd7a ] Request (ServerRescueTestJSONUnderV235:setUpClass): 201 POST http://10.180.1.21/identity/v3/auth/tokens 0.035s
2025-11-28 18:32:47.449 66649 INFO tempest.lib.common.rest_client [req-b2fa0119-9448-487b-b596-86d6ce4c2fe6 req-b2fa0119-9448-487b-b596-86d6ce4c2fe6 ] Request (ServerRescueTestJSONUnderV235:setUpClass): 200 GET http://10.180.1.21/identity/v3/domains?name=Default 0.039s
2025-11-28 18:32:47.483 66649 INFO tempest.lib.common.rest_client [req-b812f7c9-9db9-4d52-b28a-777abfc8e220 req-b812f7c9-9db9-4d52-b28a-777abfc8e220 ] Request (ServerRescueTestJSONUnderV235:setUpClass): 201 POST http://10.180.1.21/identity/v3/projects 0.032s
2025-11-28 18:32:47.486 66631 INFO tempest.lib.common.rest_client [req-9a87cf9c-1c0f-4e07-844c-c8a69a708464 req-9a87cf9c-1c0f-4e07-844c-c8a69a708464 ] Request (ImagesTestJSON:test_create_image_from_stopped_server): 202 POST http://10.180.1.21/compute/v2.1/servers 5.940s
2025-11-28 18:32:47.580 66649 INFO tempest.lib.common.rest_client [req-b1f73f81-5501-42d0-9702-dbde7a6d0b81 req-b1f73f81-5501-42d0-9702-dbde7a6d0b81 ] Request (ServerRescueTestJSONUnderV235:setUpClass): 201 POST http://10.180.1.21/identity/v3/users 0.096s
2025-11-28 18:32:47.606 66591 INFO tempest.lib.common.rest_client [req-dcb35c59-168b-4e2e-8582-89f460574bb0 req-dcb35c59-168b-4e2e-8582-89f460574bb0 ] Request (ValidationResourcesFixture:setUp): 201 POST http://10.180.1.21/networking/v2.0/floatingips 0.526s
2025-11-28 18:32:47.615 66649 INFO tempest.lib.common.rest_client [req-29cddc66-9047-45a1-b601-44e6b204c2e8 req-29cddc66-9047-45a1-b601-44e6b204c2e8 ] Request (ServerRescueTestJSONUnderV235:setUpClass): 200 GET http://10.180.1.21/identity/v3/roles 0.034s
2025-11-28 18:32:47.650 66649 INFO tempest.lib.common.rest_client [req-577d4ee7-9886-4d9a-8f7a-a3afa9368f77 req-577d4ee7-9886-4d9a-8f7a-a3afa9368f77 ] Request (ServerRescueTestJSONUnderV235:setUpClass): 204 PUT http://10.180.1.21/identity/v3/projects/0d44460d343d488d80e0f6db629f4f5e/users/647cd143e3b54aeeafb297deaf3c8c79/roles/f678b5a156b94d31b0ff3328a885c991 0.035s
2025-11-28 18:32:47.651 66649 INFO tempest.lib.common.dynamic_creds [-] Dynamic test user 647cd143e3b54aeeafb297deaf3c8c79 is created with scope project and roles: ['member']
2025-11-28 18:32:47.651 66649 INFO tempest.lib.common.dynamic_creds [-] Acquired dynamic creds: credentials: Credentials: {'domain_id': 'default', 'domain_name': 'Default', 'username': 'tempest-ServerRescueTestJSONUnderV235-1853535025-project-member', 'project_domain_id': 'default', 'project_domain_name': 'Default', 'project_id': '0d44460d343d488d80e0f6db629f4f5e', 'project_name': 'tempest-ServerRescueTestJSONUnderV235-1853535025', 'tenant_id': '0d44460d343d488d80e0f6db629f4f5e', 'tenant_name': 'tempest-ServerRescueTestJSONUnderV235-1853535025', 'user_domain_id': 'default', 'user_domain_name': 'Default', 'user_id': '647cd143e3b54aeeafb297deaf3c8c79', 'system': None}, Network: None, Subnet: None, Router: None
2025-11-28 18:32:47.682 66591 INFO tempest.lib.common.rest_client [req-6d67dfb5-039a-4902-ba82-a5602c6e0446 req-6d67dfb5-039a-4902-ba82-a5602c6e0446 ] Request (AttachInterfacesUnderV243Test:test_add_remove_fixed_ip): 201 POST http://10.180.1.21/identity/v3/auth/tokens 0.073s
2025-11-28 18:32:47.683 66591 INFO tempest.lib.common.fixed_network [-] (AttachInterfacesUnderV243Test:test_add_remove_fixed_ip) Found network {'id': '26f3a4ef-a04e-4fbd-ae05-dc239d82d019', 'name': 'tempest-AttachInterfacesUnderV243Test-1472955205-network', 'tenant_id': '3613a20d67044bd08dc37a22be6059d5', 'project_id': '3613a20d67044bd08dc37a22be6059d5', 'admin_state_up': True, 'mtu': 8950, 'status': 'ACTIVE', 'subnets': [], 'shared': False, 'port_security_enabled': True, 'router:external': False, 'provider:network_type': 'vlan', 'provider:physical_network': 'default', 'provider:segmentation_id': 678, 'availability_zone_hints': [], 'availability_zones': [], 'ipv4_address_scope': None, 'ipv6_address_scope': None, 'description': '', 'tags': [], 'created_at': '2025-11-28T18:32:38Z', 'updated_at': '2025-11-28T18:32:38Z', 'revision_number': 1} available for tenant
2025-11-28 18:32:47.718 66595 INFO tempest.lib.common.rest_client [req-a391e566-5705-4472-a154-6ee98f3227ef req-a391e566-5705-4472-a154-6ee98f3227ef ] Request (DeleteServersTestJSON:test_delete_active_server): 200 GET http://10.180.1.21/compute/v2.1/servers/872d2d03-44fe-4710-b88f-538c58f0ad9f 5.348s
2025-11-28 18:32:47.727 66649 INFO tempest.lib.common.rest_client [req-c8de8aa2-a4ca-4b89-b537-72cfdc8517c1 req-c8de8aa2-a4ca-4b89-b537-72cfdc8517c1 ] Request (ServerRescueTestJSONUnderV235:setUpClass): 201 POST http://10.180.1.21/identity/v3/auth/tokens 0.076s
2025-11-28 18:32:47.729 66643 INFO tempest.lib.common.rest_client [req-3b0c4316-95f4-40e4-8a2a-7fd12f3547f7 req-3b0c4316-95f4-40e4-8a2a-7fd12f3547f7 ] Request (ImagesNegativeTestJSON:test_create_image_from_deleted_server): 200 GET http://10.180.1.21/compute/v2.1/servers/ff5117cb-afa2-4039-9da7-a4996b604b92 4.296s
2025-11-28 18:32:47.736 66595 INFO tempest.common.waiters [-] State transition "BUILD/None" ==> "BUILD/spawning" after 13 second wait
2025-11-28 18:32:47.754 66619 INFO tempest.lib.common.rest_client [req-6f537852-18e7-4027-8175-3af7c968c7db req-6f537852-18e7-4027-8175-3af7c968c7db ] Request (FloatingIPDetailsTestJSON:tearDownClass): 204 DELETE http://10.180.1.21/networking/v2.0/networks/de823914-c001-42d8-8c86-3e2fc738856c 0.477s
2025-11-28 18:32:47.859 66619 INFO tempest.lib.common.rest_client [req-88951930-1431-4ff5-b5b5-4470023a0ea6 req-88951930-1431-4ff5-b5b5-4470023a0ea6 ] Request (FloatingIPDetailsTestJSON:tearDownClass): 204 DELETE http://10.180.1.21/identity/v3/users/508813449e094098bd9776b404398665 0.104s
2025-11-28 18:32:47.859 66619 INFO tempest.lib.common.dynamic_creds [-] Deleting project and security group for project: 26735a8139b1493b82b72f12823c87c3
2025-11-28 18:32:47.918 66609 INFO tempest.lib.common.rest_client [req-aefb8df1-dc18-4f83-b272-d5adc682b9cd req-aefb8df1-dc18-4f83-b272-d5adc682b9cd ] Request (ServerExternalEventsTest:tearDownClass): 200 GET http://10.180.1.21/compute/v2.1/servers/03ec5275-88aa-4fd7-956d-61d5e371802e 3.591s
2025-11-28 18:32:47.927 66609 INFO tempest.common.waiters [-] State transition "ACTIVE/deleting" ==> "DELETED/None" after 4 second wait
2025-11-28 18:32:48.023 66619 INFO tempest.lib.common.rest_client [req-a5740bf6-a8e9-4add-85f9-bc10a49b2209 req-a5740bf6-a8e9-4add-85f9-bc10a49b2209 ] Request (FloatingIPDetailsTestJSON:tearDownClass): 200 GET http://10.180.1.21/networking/v2.0/security-groups?tenant_id=26735a8139b1493b82b72f12823c87c3&name=default 0.164s
2025-11-28 18:32:48.067 66621 INFO tempest.lib.common.rest_client [req-1b86859e-1fcb-497b-8bdd-36eca2d95bb4 req-1b86859e-1fcb-497b-8bdd-36eca2d95bb4 ] Request (ServersV294TestFqdnHostnames:setUpClass): 200 GET http://10.180.1.21/compute/v2.1/servers/1015b363-9a81-4484-bbab-855aeee84696 4.317s
2025-11-28 18:32:48.090 66621 INFO tempest.api.compute.base [-] Attempting to verify tagged devices in server 1015b363-9a81-4484-bbab-855aeee84696 via the metadata service: http://169.254.169.254/openstack/latest/meta_data.json
2025-11-28 18:32:48.090 66621 INFO tempest.lib.common.ssh [-] Creating ssh connection to '10.180.180.186:22' as 'cirros' with public key authentication
2025-11-28 18:32:48.160 66649 INFO tempest.lib.common.rest_client [req-b2246780-d1d9-4f32-9bd1-8645f32b9b66 req-b2246780-d1d9-4f32-9bd1-8645f32b9b66 ] Request (ServerRescueTestJSONUnderV235:setUpClass): 201 POST http://10.180.1.21/networking/v2.0/networks 0.432s
2025-11-28 18:32:48.187 66617 INFO tempest.lib.common.rest_client [req-bdcf3514-1f32-4737-b8ee-1220d5013bb3 req-bdcf3514-1f32-4737-b8ee-1220d5013bb3 ] Request (QuotasAdminTestV257:test_get_updated_quotas): 200 GET http://10.180.1.21/compute/v2.1/os-quota-sets/84fa18199d8742fc9c4f935f2f26ca05/detail 3.633s
2025-11-28 18:32:48.210 66619 INFO tempest.lib.common.rest_client [req-837f9a02-26a4-40bd-a1a5-f3c21b64cd0a req-837f9a02-26a4-40bd-a1a5-f3c21b64cd0a ] Request (FloatingIPDetailsTestJSON:tearDownClass): 204 DELETE http://10.180.1.21/networking/v2.0/security-groups/0948ddd9-3629-4458-a9d4-db4fe3127bbe 0.186s
2025-11-28 18:32:48.221 66617 INFO tempest.lib.common.rest_client [req-7f478d24-a1b3-4e91-b335-7e9c3dfc15de req-7f478d24-a1b3-4e91-b335-7e9c3dfc15de ] Request (QuotasAdminTestV257:test_get_updated_quotas): 200 GET http://10.180.1.21/identity/v3/domains?name=Default 0.030s
2025-11-28 18:32:48.253 66617 INFO tempest.lib.common.rest_client [req-a30d51d8-9da1-46c9-9e78-6bf7681e40e4 req-a30d51d8-9da1-46c9-9e78-6bf7681e40e4 ] Request (QuotasAdminTestV257:test_get_updated_quotas): 201 POST http://10.180.1.21/identity/v3/users 0.030s
2025-11-28 18:32:48.289 66617 INFO tempest.lib.common.rest_client [req-5f634ccf-b832-487c-b563-59a424068951 req-5f634ccf-b832-487c-b563-59a424068951 ] Request (QuotasAdminTestV257:test_get_updated_quotas): 200 GET http://10.180.1.21/identity/v3/domains?name=Default 0.036s
2025-11-28 18:32:48.293 66603 INFO tempest.lib.common.rest_client [req-bcb803e1-56f3-4099-ab1a-a5cbed315bf5 req-bcb803e1-56f3-4099-ab1a-a5cbed315bf5 ] Request (SecurityGroupsTestJSON:test_list_security_groups_by_server): 200 POST http://10.180.1.21/compute/v2.1/os-security-groups 3.827s
2025-11-28 18:32:48.336 66619 INFO tempest.lib.common.rest_client [req-a3139f03-f1b6-4ca4-8e26-68d98de836ba req-a3139f03-f1b6-4ca4-8e26-68d98de836ba ] Request (FloatingIPDetailsTestJSON:tearDownClass): 204 DELETE http://10.180.1.21/identity/v3/projects/26735a8139b1493b82b72f12823c87c3 0.125s
2025-11-28 18:32:48.402 66619 INFO tempest.lib.common.rest_client [req-0bebc761-b511-4fb4-ad6b-6c3794458234 req-0bebc761-b511-4fb4-ad6b-6c3794458234 ] Request (ListImagesTestJSON:setUpClass): 201 POST http://10.180.1.21/identity/v3/auth/tokens 0.065s
2025-11-28 18:32:48.438 66619 INFO tempest.lib.common.rest_client [req-c2230fa0-4543-40ae-ae3c-af4f1ff0ac63 req-c2230fa0-4543-40ae-ae3c-af4f1ff0ac63 ] Request (ListImagesTestJSON:setUpClass): 201 POST http://10.180.1.21/identity/v3/auth/tokens 0.032s
2025-11-28 18:32:48.447 66607 INFO tempest.lib.common.rest_client [req-0f0630a2-35d2-4e5f-8ba2-065c29926af2 req-0f0630a2-35d2-4e5f-8ba2-065c29926af2 ] Request (ImagesOneServerNegativeTestJSON:tearDown): 200 GET http://10.180.1.21/compute/v2.1/servers/8d3e8729-3296-40fb-a80f-b41503d0c666 3.886s
2025-11-28 18:32:48.462 66649 INFO tempest.lib.common.rest_client [req-c1947295-4fc4-4004-aae7-9269243bc335 req-c1947295-4fc4-4004-aae7-9269243bc335 ] Request (ServerRescueTestJSONUnderV235:setUpClass): 201 POST http://10.180.1.21/networking/v2.0/subnets 0.302s
2025-11-28 18:32:48.467 66619 INFO tempest.lib.common.rest_client [req-b013c69f-26e8-4b36-a93e-b0232074bafc req-b013c69f-26e8-4b36-a93e-b0232074bafc ] Request (ListImagesTestJSON:setUpClass): 200 GET http://10.180.1.21/identity/v3/domains?name=Default 0.029s
2025-11-28 18:32:48.505 66619 INFO tempest.lib.common.rest_client [req-c3e4bb46-72f8-4605-9e39-fa8d8930edf8 req-c3e4bb46-72f8-4605-9e39-fa8d8930edf8 ] Request (ListImagesTestJSON:setUpClass): 201 POST http://10.180.1.21/identity/v3/projects 0.037s
2025-11-28 18:32:48.510 66611 INFO tempest.lib.common.rest_client [req-3510f080-a795-4668-9a64-d55747ca3078 req-3510f080-a795-4668-9a64-d55747ca3078 ] Request (ListServersNegativeTestJSON:test_list_servers_by_changes_since_future_date): 200 GET http://10.180.1.21/compute/v2.1/servers?changes-since=2051-01-01T12%3A34%3A00Z&status=ACTIVE 3.226s
2025-11-28 18:32:48.576 66605 INFO tempest.lib.common.rest_client [req-bd6f2144-e74b-41fe-b0fb-6793339a4112 req-bd6f2144-e74b-41fe-b0fb-6793339a4112 ] Request (SecurityGroupsNegativeTestJSON:test_delete_the_default_security_group): 200 GET http://10.180.1.21/compute/v2.1/os-security-groups 3.428s
2025-11-28 18:32:48.583 66619 INFO tempest.lib.common.rest_client [req-48f84985-dbf6-4a75-9e4c-65377994354b req-48f84985-dbf6-4a75-9e4c-65377994354b ] Request (ListImagesTestJSON:setUpClass): 201 POST http://10.180.1.21/identity/v3/users 0.077s
2025-11-28 18:32:48.605 66619 INFO tempest.lib.common.rest_client [req-0112d1db-d326-41d3-a0db-f8bbe4a0ec2c req-0112d1db-d326-41d3-a0db-f8bbe4a0ec2c ] Request (ListImagesTestJSON:setUpClass): 200 GET http://10.180.1.21/identity/v3/roles 0.021s
2025-11-28 18:32:48.637 66619 INFO tempest.lib.common.rest_client [req-c96edb51-9e65-4b14-9138-6d3894d64383 req-c96edb51-9e65-4b14-9138-6d3894d64383 ] Request (ListImagesTestJSON:setUpClass): 204 PUT http://10.180.1.21/identity/v3/projects/3c53f38101ee47639e75960ca835532d/users/8dec136b88374f26966959980cef2196/roles/f678b5a156b94d31b0ff3328a885c991 0.032s
2025-11-28 18:32:48.638 66619 INFO tempest.lib.common.dynamic_creds [-] Dynamic test user 8dec136b88374f26966959980cef2196 is created with scope project and roles: ['member']
2025-11-28 18:32:48.638 66619 INFO tempest.lib.common.dynamic_creds [-] Acquired dynamic creds: credentials: Credentials: {'domain_id': 'default', 'domain_name': 'Default', 'username': 'tempest-ListImagesTestJSON-2049887187-project-member', 'project_domain_id': 'default', 'project_domain_name': 'Default', 'project_id': '3c53f38101ee47639e75960ca835532d', 'project_name': 'tempest-ListImagesTestJSON-2049887187', 'tenant_id': '3c53f38101ee47639e75960ca835532d', 'tenant_name': 'tempest-ListImagesTestJSON-2049887187', 'user_domain_id': 'default', 'user_domain_name': 'Default', 'user_id': '8dec136b88374f26966959980cef2196', 'system': None}, Network: None, Subnet: None, Router: None
2025-11-28 18:32:48.638 66619 INFO tempest.lib.common.dynamic_creds [-] Created isolated network resources for: credentials: Credentials: {'domain_id': 'default', 'domain_name': 'Default', 'username': 'tempest-ListImagesTestJSON-2049887187-project-member', 'project_domain_id': 'default', 'project_domain_name': 'Default', 'project_id': '3c53f38101ee47639e75960ca835532d', 'project_name': 'tempest-ListImagesTestJSON-2049887187', 'tenant_id': '3c53f38101ee47639e75960ca835532d', 'tenant_name': 'tempest-ListImagesTestJSON-2049887187', 'user_domain_id': 'default', 'user_domain_name': 'Default', 'user_id': '8dec136b88374f26966959980cef2196', 'system': None}, Network: None, Subnet: None, Router: None
2025-11-28 18:32:48.716 66623 INFO tempest.lib.common.rest_client [req-9964504f-323e-4abe-bf41-fc2c357325a1 req-9964504f-323e-4abe-bf41-fc2c357325a1 ] Request (MigrationsAdminTest:test_list_migrations_in_flavor_resize_situation): 200 GET http://10.180.1.21/compute/v2.1/servers/0c5c9742-a48d-4721-8ca5-2ea76ae1725a 3.363s
2025-11-28 18:32:48.721 66619 INFO tempest.lib.common.rest_client [req-54266c8a-e997-4fbc-9fd0-77f268ea9223 req-54266c8a-e997-4fbc-9fd0-77f268ea9223 ] Request (ListImagesTestJSON:setUpClass): 201 POST http://10.180.1.21/identity/v3/auth/tokens 0.077s
2025-11-28 18:32:48.956 66641 INFO tempest.lib.common.rest_client [req-131f2c4b-fb65-4332-9112-dcd097e77605 req-131f2c4b-fb65-4332-9112-dcd097e77605 ] Request (DeleteServersAdminTestJSON:test_delete_server_while_in_error_state): 202 POST http://10.180.1.21/compute/v2.1/servers 3.592s
2025-11-28 18:32:48.959 66645 INFO tempest.lib.common.rest_client [req-d7def939-67ec-4e6c-bd95-3a8072c93206 req-d7def939-67ec-4e6c-bd95-3a8072c93206 ] Request (ServersTestBootFromVolume:setUpClass): 200 GET http://10.180.1.21/compute/v2.1/servers/7e39d616-18e2-4604-ba45-da3103eb3aaa 3.577s
2025-11-28 18:32:48.965 66651 INFO tempest.lib.common.rest_client [req-28ec8c0d-ddf7-4f8b-b4e6-d6f5daab23cc req-28ec8c0d-ddf7-4f8b-b4e6-d6f5daab23cc ] Request (HypervisorAdminNegativeUnderV252Test:test_show_servers_with_non_admin_user): 403 GET http://10.180.1.21/compute/v2.1/os-hypervisors/1/servers 3.222s
2025-11-28 18:32:48.969 66645 INFO tempest.common.waiters [-] State transition "BUILD/spawning" ==> "ACTIVE/None" after 31 second wait
2025-11-28 18:32:48.984 66629 INFO tempest.lib.common.rest_client [req-0ee85587-1b43-4861-a06c-2e07b2cbe191 req-0ee85587-1b43-4861-a06c-2e07b2cbe191 ] Request (AggregatesAdminNegativeTestJSON:test_aggregate_create_with_existent_aggregate_name): 409 POST http://10.180.1.21/compute/v2.1/os-aggregates 3.210s
2025-11-28 18:32:49.002 66633 INFO tempest.lib.common.rest_client [req-28938135-5469-49d2-9720-38b6139f1785 req-28938135-5469-49d2-9720-38b6139f1785 ] Request (KeyPairsV22TestJSON:test_keypairs_create_list_delete): 201 POST http://10.180.1.21/compute/v2.1/os-keypairs 3.549s
2025-11-28 18:32:49.006 66613 INFO tempest.lib.common.rest_client [req-d2d71d40-f111-4075-b0e7-e1a3cc8abe48 req-d2d71d40-f111-4075-b0e7-e1a3cc8abe48 ] Request (FlavorsAdminTestJSON:test_create_list_flavor_without_extra_data): 200 POST http://10.180.1.21/compute/v2.1/flavors 3.199s
2025-11-28 18:32:49.089 66635 INFO tempest.lib.common.rest_client [req-4faa83fd-dead-436d-8818-b877cd4b2ed9 req-4faa83fd-dead-436d-8818-b877cd4b2ed9 ] Request (ServerDiagnosticsV248Test:tearDownClass): 200 GET http://10.180.1.21/compute/v2.1/servers/e3bfba6a-af6b-4e88-b90a-7b4b5f6a6609 2.930s
2025-11-28 18:32:49.099 66635 INFO tempest.common.waiters [-] State transition "ACTIVE/deleting" ==> "DELETED/None" after 4 second wait
2025-11-28 18:32:49.152 66589 INFO tempest.lib.common.rest_client [req-533d029a-77e8-43f0-b643-106115a1fbf2 req-533d029a-77e8-43f0-b643-106115a1fbf2 ] Request (FlavorsAccessNegativeTestJSON:test_flavor_non_admin_remove): 200 POST http://10.180.1.21/compute/v2.1/flavors/1205283378/action 3.329s
2025-11-28 18:32:49.183 66625 INFO tempest.lib.common.rest_client [req-43934fc1-1bed-4d5c-b724-73f92d3e3e83 req-43934fc1-1bed-4d5c-b724-73f92d3e3e83 ] Request (ServerShowV247Test:test_update_rebuild_list_server): 200 GET http://10.180.1.21/compute/v2.1/servers/ea62e880-ec32-4df9-bc16-e2e9ce448c62 2.936s
2025-11-28 18:32:49.204 66625 INFO tempest.common.waiters [-] State transition "BUILD/spawning" ==> "ACTIVE/None" after 22 second wait
2025-11-28 18:32:49.307 66649 INFO tempest.lib.common.rest_client [req-cd55c861-7c70-4d5f-9abe-bce041d41d27 req-cd55c861-7c70-4d5f-9abe-bce041d41d27 ] Request (ServerRescueTestJSONUnderV235:setUpClass): 201 POST http://10.180.1.21/networking/v2.0/routers 0.844s
2025-11-28 18:32:49.387 66637 INFO tempest.lib.common.rest_client [req-6fb6c791-f4ab-4b40-a63b-f2c32d071dc8 req-6fb6c791-f4ab-4b40-a63b-f2c32d071dc8 ] Request (ServersAdminTestJSON:setUpClass): 200 GET http://10.180.1.21/compute/v2.1/servers/81f6a44c-6874-45e3-974d-689761f41a87 3.101s
2025-11-28 18:32:49.393 66599 INFO tempest.lib.common.rest_client [req-075247ae-0d14-4240-871a-5b78ca52890c req-075247ae-0d14-4240-871a-5b78ca52890c ] Request (SecurityGroupRulesTestJSON:test_security_group_rules_list): 200 POST http://10.180.1.21/compute/v2.1/os-security-groups 2.814s
2025-11-28 18:32:49.397 66637 INFO tempest.common.waiters [-] State transition "BUILD/spawning" ==> "ACTIVE/None" after 32 second wait
2025-11-28 18:32:49.767 66639 INFO tempest.lib.common.rest_client [req-035a7b23-27c9-439e-81bb-543fbe9194e1 req-035a7b23-27c9-439e-81bb-543fbe9194e1 ] Request (TenantUsagesTestJSON:tearDownClass): 200 GET http://10.180.1.21/compute/v2.1/servers/b8bd3d62-bb62-4742-a0f1-7255675a6930 3.022s
2025-11-28 18:32:50.141 66621 WARNING tempest.lib.common.ssh [-] Failed to establish authenticated ssh connection to cirros@10.180.180.186 ([Errno None] Unable to connect to port 22 on 10.180.180.186). Number attempts: 1. Retry after 2 seconds.: paramiko.ssh_exception.NoValidConnectionsError: [Errno None] Unable to connect to port 22 on 10.180.180.186
2025-11-28 18:32:50.270 66627 WARNING tempest.lib.common.ssh [-] Failed to establish authenticated ssh connection to cirros@10.180.180.165 ([Errno None] Unable to connect to port 22 on 10.180.180.165). Number attempts: 1. Retry after 2 seconds.: paramiko.ssh_exception.NoValidConnectionsError: [Errno None] Unable to connect to port 22 on 10.180.180.165
2025-11-28 18:32:50.312 66649 INFO tempest.lib.common.rest_client [req-912cc8d0-6f76-4c6a-bb74-badebe3305c8 req-912cc8d0-6f76-4c6a-bb74-badebe3305c8 ] Request (ServerRescueTestJSONUnderV235:setUpClass): 200 PUT http://10.180.1.21/networking/v2.0/routers/ad2aba0e-bf0a-47ba-aca7-80f2f9d34571/add_router_interface 1.004s
