2025-11-28 18:33:05.243 66635 INFO tempest.lib.common.rest_client [req-99f0fce9-4f4f-4bf0-9d1a-52807208b27a req-99f0fce9-4f4f-4bf0-9d1a-52807208b27a ] Request (ServerDiagnosticsV248Test:tearDownClass): 204 DELETE http://10.180.1.21/identity/v3/projects/4b03a60fba1942d69542401f0b5114fc 0.075s
2025-11-28 18:33:05.244 66607 INFO tempest.lib.common.rest_client [req-579f5b7f-9464-447f-b6ae-bc5cdab95fd0 req-579f5b7f-9464-447f-b6ae-bc5cdab95fd0 ] Request (ImagesOneServerNegativeTestJSON:test_create_image_specify_name_over_character_limit): 400 POST http://10.180.1.21/compute/v2.1/servers/8d3e8729-3296-40fb-a80f-b41503d0c666/action 5.948s
2025-11-28 18:33:05.321 66635 INFO tempest.lib.common.rest_client [req-086d1465-65a8-4c3f-b8c3-717828089884 req-086d1465-65a8-4c3f-b8c3-717828089884 ] Request (FloatingIPsNegativeTestJSON:setUpClass): 201 POST http://10.180.1.21/identity/v3/auth/tokens 0.076s
2025-11-28 18:33:05.337 66651 INFO tempest.lib.common.rest_client [req-77e68e96-8730-438b-aa94-5df679983a63 req-77e68e96-8730-438b-aa94-5df679983a63 ] Request (ServersTestJSON:setUpClass): 201 POST http://10.180.1.21/networking/v2.0/floatingips 0.795s
2025-11-28 18:33:05.364 66635 INFO tempest.lib.common.rest_client [req-42ee5fc6-688f-44fa-97b4-770e34a02f67 req-42ee5fc6-688f-44fa-97b4-770e34a02f67 ] Request (FloatingIPsNegativeTestJSON:setUpClass): 201 POST http://10.180.1.21/identity/v3/auth/tokens 0.040s
2025-11-28 18:33:05.397 66635 INFO tempest.lib.common.rest_client [req-9a6a7391-a841-4465-b11d-9fac9e9acc43 req-9a6a7391-a841-4465-b11d-9fac9e9acc43 ] Request (FloatingIPsNegativeTestJSON:setUpClass): 200 GET http://10.180.1.21/identity/v3/domains?name=Default 0.032s
2025-11-28 18:33:05.400 66639 INFO tempest.lib.common.rest_client [req-b5c0f9d3-df46-488b-98ee-d499ee90cad4 req-b5c0f9d3-df46-488b-98ee-d499ee90cad4 ] Request (TenantUsagesTestJSON:tearDownClass): 200 GET http://10.180.1.21/networking/v2.0/security-groups?tenant_id=347499517bb04b0da9347d31143ad6d6&name=default 0.488s
2025-11-28 18:33:05.427 66635 INFO tempest.lib.common.rest_client [req-6b50ef2e-4df1-432c-9964-798a9c6927e2 req-6b50ef2e-4df1-432c-9964-798a9c6927e2 ] Request (FloatingIPsNegativeTestJSON:setUpClass): 201 POST http://10.180.1.21/identity/v3/projects 0.029s
2025-11-28 18:33:05.428 66651 INFO tempest.lib.common.rest_client [req-356600a9-be3f-49b4-97bd-2be1186e2595 req-356600a9-be3f-49b4-97bd-2be1186e2595 ] Request (ServersTestJSON:setUpClass): 201 POST http://10.180.1.21/identity/v3/auth/tokens 0.088s
2025-11-28 18:33:05.429 66651 INFO tempest.lib.common.fixed_network [-] (ServersTestJSON:setUpClass) Found network {'id': '736837bc-8830-4942-95f7-23ddba770fed', 'name': 'tempest-ServersTestJSON-1718721589-network', 'tenant_id': 'c68f111f0b2846ba80b3816a42f9438a', 'project_id': 'c68f111f0b2846ba80b3816a42f9438a', 'admin_state_up': True, 'mtu': 8950, 'status': 'ACTIVE', 'subnets': [], 'shared': False, 'port_security_enabled': True, 'router:external': False, 'provider:network_type': 'vlan', 'provider:physical_network': 'default', 'provider:segmentation_id': 646, 'availability_zone_hints': [], 'availability_zones': [], 'ipv4_address_scope': None, 'ipv6_address_scope': None, 'description': '', 'tags': [], 'created_at': '2025-11-28T18:32:53Z', 'updated_at': '2025-11-28T18:32:53Z', 'revision_number': 1} available for tenant
2025-11-28 18:33:05.482 66625 INFO tempest.lib.common.rest_client [req-24d036b2-c301-431a-b79a-becc4304b251 req-24d036b2-c301-431a-b79a-becc4304b251 ] Request (ServerShowV247Test:test_update_rebuild_list_server): 200 GET http://10.180.1.21/compute/v2.1/servers/ea62e880-ec32-4df9-bc16-e2e9ce448c62 5.806s
2025-11-28 18:33:05.492 66625 INFO tempest.common.waiters [-] State transition "REBUILD/rebuild_spawning" ==> "ACTIVE/None" after 12 second wait
2025-11-28 18:33:05.526 66635 INFO tempest.lib.common.rest_client [req-562533c2-2ff3-4058-ba43-3bb9a12c84be req-562533c2-2ff3-4058-ba43-3bb9a12c84be ] Request (FloatingIPsNegativeTestJSON:setUpClass): 201 POST http://10.180.1.21/identity/v3/users 0.098s
2025-11-28 18:33:05.553 66635 INFO tempest.lib.common.rest_client [req-6b47931f-76a9-4d04-beae-9d9eeaf5c47d req-6b47931f-76a9-4d04-beae-9d9eeaf5c47d ] Request (FloatingIPsNegativeTestJSON:setUpClass): 200 GET http://10.180.1.21/identity/v3/roles 0.026s
2025-11-28 18:33:05.586 66635 INFO tempest.lib.common.rest_client [req-0867d790-8dcb-4a71-ae4d-790f6672bb80 req-0867d790-8dcb-4a71-ae4d-790f6672bb80 ] Request (FloatingIPsNegativeTestJSON:setUpClass): 204 PUT http://10.180.1.21/identity/v3/projects/54903a89094942b4b0c8ae91d1dd35ac/users/ec192897e5fb4415a1ae18b16cfc5b86/roles/f678b5a156b94d31b0ff3328a885c991 0.033s
2025-11-28 18:33:05.587 66635 INFO tempest.lib.common.dynamic_creds [-] Dynamic test user ec192897e5fb4415a1ae18b16cfc5b86 is created with scope project and roles: ['member']
2025-11-28 18:33:05.587 66635 INFO tempest.lib.common.dynamic_creds [-] Acquired dynamic creds: credentials: Credentials: {'domain_id': 'default', 'domain_name': 'Default', 'username': 'tempest-FloatingIPsNegativeTestJSON-475895312-project-member', 'project_domain_id': 'default', 'project_domain_name': 'Default', 'project_id': '54903a89094942b4b0c8ae91d1dd35ac', 'project_name': 'tempest-FloatingIPsNegativeTestJSON-475895312', 'tenant_id': '54903a89094942b4b0c8ae91d1dd35ac', 'tenant_name': 'tempest-FloatingIPsNegativeTestJSON-475895312', 'user_domain_id': 'default', 'user_domain_name': 'Default', 'user_id': 'ec192897e5fb4415a1ae18b16cfc5b86', 'system': None}, Network: None, Subnet: None, Router: None
2025-11-28 18:33:05.657 66639 INFO tempest.lib.common.rest_client [req-2465cc08-b007-4bfb-83b6-2b8fd2bb1db2 req-2465cc08-b007-4bfb-83b6-2b8fd2bb1db2 ] Request (TenantUsagesTestJSON:tearDownClass): 204 DELETE http://10.180.1.21/networking/v2.0/security-groups/ba31d7e7-6549-475e-9c9b-c5d9d9409205 0.257s
2025-11-28 18:33:05.684 66635 INFO tempest.lib.common.rest_client [req-1626c208-b912-4171-80d6-e942728df7b4 req-1626c208-b912-4171-80d6-e942728df7b4 ] Request (FloatingIPsNegativeTestJSON:setUpClass): 201 POST http://10.180.1.21/identity/v3/auth/tokens 0.097s
2025-11-28 18:33:05.706 66647 INFO tempest.lib.common.rest_client [req-314a84f2-11db-4d7f-b92c-ebf1300f8360 req-314a84f2-11db-4d7f-b92c-ebf1300f8360 ] Request (InstanceActionsNegativeTestJSON:setUpClass): 200 GET http://10.180.1.21/compute/v2.1/servers/94147215-8ede-43e8-9d40-be48f3c9f26e 6.449s
2025-11-28 18:33:05.714 66647 INFO tempest.common.waiters [-] State transition "BUILD/spawning" ==> "ACTIVE/None" after 19 second wait
2025-11-28 18:33:05.732 66629 INFO tempest.lib.common.rest_client [req-556c0f5e-729f-4e07-913d-0a8afbf5e4d6 req-556c0f5e-729f-4e07-913d-0a8afbf5e4d6 ] Request (AggregatesAdminNegativeTestJSON:test_aggregate_delete_with_invalid_id): 404 DELETE http://10.180.1.21/compute/v2.1/os-aggregates/-1 6.037s
2025-11-28 18:33:05.757 66633 INFO tempest.lib.common.rest_client [req-3c53cd82-6800-4215-b262-308fd4d4ebda req-3c53cd82-6800-4215-b262-308fd4d4ebda ] Request (KeyPairsV22TestJSON:_run_cleanups): 204 DELETE http://10.180.1.21/compute/v2.1/os-keypairs/tempest-KeyPairsV22TestJSON-keypair-1969854580 6.044s
2025-11-28 18:33:05.797 66639 INFO tempest.lib.common.rest_client [req-f712df6d-bf26-4b8e-a2ad-f8107d8d9cf0 req-f712df6d-bf26-4b8e-a2ad-f8107d8d9cf0 ] Request (TenantUsagesTestJSON:tearDownClass): 204 DELETE http://10.180.1.21/identity/v3/projects/347499517bb04b0da9347d31143ad6d6 0.138s
2025-11-28 18:33:05.798 66639 INFO tempest.lib.common.dynamic_creds [-] Deleting project and security group for project: c358b061512042daabeac1f0166afcfd
2025-11-28 18:33:06.066 66639 INFO tempest.lib.common.rest_client [req-611f2a58-4a9b-4ee4-b293-98771fee9c5d req-611f2a58-4a9b-4ee4-b293-98771fee9c5d ] Request (TenantUsagesTestJSON:tearDownClass): 200 GET http://10.180.1.21/networking/v2.0/security-groups?tenant_id=c358b061512042daabeac1f0166afcfd&name=default 0.269s
2025-11-28 18:33:06.102 66593 INFO tempest.lib.common.rest_client [req-31aba2d1-abae-41ed-9279-092550225140 req-31aba2d1-abae-41ed-9279-092550225140 ] Request (FloatingIPsAssociationNegativeTestJSON:setUpClass): 200 GET http://10.180.1.21/compute/v2.1/servers/1b8109b6-642f-4de2-971a-00900229f13f 6.415s
2025-11-28 18:33:06.132 66635 INFO tempest.lib.common.rest_client [req-73c5346b-3d1c-4ab2-9ddc-1937c3fdef7d req-73c5346b-3d1c-4ab2-9ddc-1937c3fdef7d ] Request (FloatingIPsNegativeTestJSON:setUpClass): 201 POST http://10.180.1.21/networking/v2.0/networks 0.446s
2025-11-28 18:33:06.165 66621 WARNING tempest.lib.common.ssh [-] Failed to establish authenticated ssh connection to cirros@10.180.180.186 ([Errno None] Unable to connect to port 22 on 10.180.180.186). Number attempts: 5. Retry after 6 seconds.: paramiko.ssh_exception.NoValidConnectionsError: [Errno None] Unable to connect to port 22 on 10.180.180.186
2025-11-28 18:33:06.167 66643 INFO tempest.lib.common.rest_client [req-5094fe00-1f9b-40e7-bbb4-a8785f09443c req-5094fe00-1f9b-40e7-bbb4-a8785f09443c ] Request (ImagesNegativeTestJSON:test_create_image_from_deleted_server): 200 GET http://10.180.1.21/compute/v2.1/servers/ff5117cb-afa2-4039-9da7-a4996b604b92 5.490s
2025-11-28 18:33:06.175 66643 INFO tempest.common.waiters [-] State transition "BUILD/None" ==> "BUILD/spawning" after 19 second wait
2025-11-28 18:33:06.269 66639 INFO tempest.lib.common.rest_client [req-bc0ab230-ec4e-427b-9d70-5814b2466e34 req-bc0ab230-ec4e-427b-9d70-5814b2466e34 ] Request (TenantUsagesTestJSON:tearDownClass): 204 DELETE http://10.180.1.21/networking/v2.0/security-groups/35b24510-d992-4224-899a-67fc96d34ab3 0.202s
2025-11-28 18:33:06.352 66639 INFO tempest.lib.common.rest_client [req-9d94e520-3752-488a-a0bc-5d1fdcd7bd5b req-9d94e520-3752-488a-a0bc-5d1fdcd7bd5b ] Request (TenantUsagesTestJSON:tearDownClass): 204 DELETE http://10.180.1.21/identity/v3/projects/c358b061512042daabeac1f0166afcfd 0.083s
2025-11-28 18:33:06.420 66635 INFO tempest.lib.common.rest_client [req-63147326-8f86-4b46-bb90-5b2fffdc8eba req-63147326-8f86-4b46-bb90-5b2fffdc8eba ] Request (FloatingIPsNegativeTestJSON:setUpClass): 201 POST http://10.180.1.21/networking/v2.0/subnets 0.288s
2025-11-28 18:33:06.420 66639 INFO tempest.lib.common.rest_client [req-8ccc22fc-93fa-4f47-a4bf-f99591c2afac req-8ccc22fc-93fa-4f47-a4bf-f99591c2afac ] Request (ImagesDeleteNegativeTestJSON:setUpClass): 201 POST http://10.180.1.21/identity/v3/auth/tokens 0.066s
2025-11-28 18:33:06.449 66617 INFO tempest.lib.common.rest_client [req-adc351b1-9ccd-4d18-844e-cb8d3f65bae9 req-adc351b1-9ccd-4d18-844e-cb8d3f65bae9 ] Request (ServerDiagnosticsTest:test_get_server_diagnostics): 200 GET http://10.180.1.21/compute/v2.1/servers/e18e8035-ecd4-47d6-9e0b-4689f94c7316 5.500s
2025-11-28 18:33:06.458 66639 INFO tempest.lib.common.rest_client [req-4871a356-3716-4fc5-bf39-e714b4267327 req-4871a356-3716-4fc5-bf39-e714b4267327 ] Request (ImagesDeleteNegativeTestJSON:setUpClass): 201 POST http://10.180.1.21/identity/v3/auth/tokens 0.034s
2025-11-28 18:33:06.488 66639 INFO tempest.lib.common.rest_client [req-be022a0d-aeb4-4073-bb25-79e682ed8ba7 req-be022a0d-aeb4-4073-bb25-79e682ed8ba7 ] Request (ImagesDeleteNegativeTestJSON:setUpClass): 200 GET http://10.180.1.21/identity/v3/domains?name=Default 0.030s
2025-11-28 18:33:06.529 66639 INFO tempest.lib.common.rest_client [req-9b1c2c6a-efd0-43e4-b5c4-8a24855cd332 req-9b1c2c6a-efd0-43e4-b5c4-8a24855cd332 ] Request (ImagesDeleteNegativeTestJSON:setUpClass): 201 POST http://10.180.1.21/identity/v3/projects 0.040s
2025-11-28 18:33:06.602 66639 INFO tempest.lib.common.rest_client [req-f653728d-b76a-4f3a-9bdc-cf9527aa6035 req-f653728d-b76a-4f3a-9bdc-cf9527aa6035 ] Request (ImagesDeleteNegativeTestJSON:setUpClass): 201 POST http://10.180.1.21/identity/v3/users 0.072s
2025-11-28 18:33:06.626 66639 INFO tempest.lib.common.rest_client [req-6b00040f-b597-4f40-ab2c-fed9099b8ebe req-6b00040f-b597-4f40-ab2c-fed9099b8ebe ] Request (ImagesDeleteNegativeTestJSON:setUpClass): 200 GET http://10.180.1.21/identity/v3/roles 0.023s
2025-11-28 18:33:06.653 66639 INFO tempest.lib.common.rest_client [req-122df6ea-2b11-4aa4-93fc-283fcd96a4e7 req-122df6ea-2b11-4aa4-93fc-283fcd96a4e7 ] Request (ImagesDeleteNegativeTestJSON:setUpClass): 204 PUT http://10.180.1.21/identity/v3/projects/de20da20d3d742f1a80ba0ca401165dd/users/e964e9ee0718441ebb1bc53075d88c64/roles/f678b5a156b94d31b0ff3328a885c991 0.026s
2025-11-28 18:33:06.653 66639 INFO tempest.lib.common.dynamic_creds [-] Dynamic test user e964e9ee0718441ebb1bc53075d88c64 is created with scope project and roles: ['member']
2025-11-28 18:33:06.654 66639 INFO tempest.lib.common.dynamic_creds [-] Acquired dynamic creds: credentials: Credentials: {'domain_id': 'default', 'domain_name': 'Default', 'username': 'tempest-ImagesDeleteNegativeTestJSON-6957216-project-member', 'project_domain_id': 'default', 'project_domain_name': 'Default', 'project_id': 'de20da20d3d742f1a80ba0ca401165dd', 'project_name': 'tempest-ImagesDeleteNegativeTestJSON-6957216', 'tenant_id': 'de20da20d3d742f1a80ba0ca401165dd', 'tenant_name': 'tempest-ImagesDeleteNegativeTestJSON-6957216', 'user_domain_id': 'default', 'user_domain_name': 'Default', 'user_id': 'e964e9ee0718441ebb1bc53075d88c64', 'system': None}, Network: None, Subnet: None, Router: None
2025-11-28 18:33:06.654 66639 INFO tempest.lib.common.dynamic_creds [-] Created isolated network resources for: credentials: Credentials: {'domain_id': 'default', 'domain_name': 'Default', 'username': 'tempest-ImagesDeleteNegativeTestJSON-6957216-project-member', 'project_domain_id': 'default', 'project_domain_name': 'Default', 'project_id': 'de20da20d3d742f1a80ba0ca401165dd', 'project_name': 'tempest-ImagesDeleteNegativeTestJSON-6957216', 'tenant_id': 'de20da20d3d742f1a80ba0ca401165dd', 'tenant_name': 'tempest-ImagesDeleteNegativeTestJSON-6957216', 'user_domain_id': 'default', 'user_domain_name': 'Default', 'user_id': 'e964e9ee0718441ebb1bc53075d88c64', 'system': None}, Network: None, Subnet: None, Router: None
2025-11-28 18:33:06.730 66639 INFO tempest.lib.common.rest_client [req-2a614195-7fcf-4254-bba2-29249d14ebe5 req-2a614195-7fcf-4254-bba2-29249d14ebe5 ] Request (ImagesDeleteNegativeTestJSON:setUpClass): 201 POST http://10.180.1.21/identity/v3/auth/tokens 0.073s
2025-11-28 18:33:07.211 66635 INFO tempest.lib.common.rest_client [req-88818965-5803-4253-a89c-5d5e8c48ed1d req-88818965-5803-4253-a89c-5d5e8c48ed1d ] Request (FloatingIPsNegativeTestJSON:setUpClass): 201 POST http://10.180.1.21/networking/v2.0/routers 0.790s
2025-11-28 18:33:07.261 66641 INFO tempest.lib.common.rest_client [req-ae3d941d-7b6f-4e6a-999b-2b5dbd3b5dc7 req-ae3d941d-7b6f-4e6a-999b-2b5dbd3b5dc7 ] Request (DeleteServersAdminTestJSON:test_delete_server_while_in_error_state): 200 GET http://10.180.1.21/compute/v2.1/servers/401aef07-e32e-4816-a349-ec5bc47af3da 6.096s
2025-11-28 18:33:07.548 66627 WARNING tempest.lib.common.ssh [-] Failed to establish authenticated ssh connection to cirros@10.180.180.165 ([Errno None] Unable to connect to port 22 on 10.180.180.165). Number attempts: 4. Retry after 5 seconds.: paramiko.ssh_exception.NoValidConnectionsError: [Errno None] Unable to connect to port 22 on 10.180.180.165
2025-11-28 18:33:07.868 66649 INFO tempest.lib.common.rest_client [req-47ba1f46-1a9a-4678-a3e4-dc1996aa4f39 req-47ba1f46-1a9a-4678-a3e4-dc1996aa4f39 ] Request (ServerRescueTestJSONUnderV235:setUpClass): 200 GET http://10.180.1.21/compute/v2.1/servers/906ef861-9b3e-4bcd-9ac9-b13c7ac92a40 5.626s
2025-11-28 18:33:07.989 66595 INFO tempest.lib.common.rest_client [req-b5762f23-6cf6-4cfc-8ac1-666bda1a7418 req-b5762f23-6cf6-4cfc-8ac1-666bda1a7418 ] Request (DeleteServersTestJSON:test_delete_active_server): 204 DELETE http://10.180.1.21/compute/v2.1/servers/872d2d03-44fe-4710-b88f-538c58f0ad9f 5.454s
2025-11-28 18:33:08.006 66613 INFO tempest.lib.common.rest_client [req-e4045d45-1d6e-46dd-9d3d-26d9055c98c5 req-e4045d45-1d6e-46dd-9d3d-26d9055c98c5 ] Request (FlavorsAdminTestJSON:test_create_server_with_non_public_flavor): 200 POST http://10.180.1.21/compute/v2.1/flavors 5.443s
2025-11-28 18:33:08.023 66589 INFO tempest.lib.common.rest_client [req-87a51ad4-c9df-412a-bcee-48ab412d73a1 req-87a51ad4-c9df-412a-bcee-48ab412d73a1 ] Request (FlavorsAccessNegativeTestJSON:test_remove_flavor_access_not_found): 200 POST http://10.180.1.21/compute/v2.1/flavors 5.398s
2025-11-28 18:33:08.155 66635 INFO tempest.lib.common.rest_client [req-ae84d38d-faa5-4f1c-8949-d8d40bacf3f3 req-ae84d38d-faa5-4f1c-8949-d8d40bacf3f3 ] Request (FloatingIPsNegativeTestJSON:setUpClass): 200 PUT http://10.180.1.21/networking/v2.0/routers/83fb79ce-0901-43c4-a56b-f8815a987cc2/add_router_interface 0.944s
2025-11-28 18:33:08.156 66635 INFO tempest.lib.common.dynamic_creds [-] Created isolated network resources for: credentials: Credentials: {'domain_id': 'default', 'domain_name': 'Default', 'username': 'tempest-FloatingIPsNegativeTestJSON-475895312-project-member', 'project_domain_id': 'default', 'project_domain_name': 'Default', 'project_id': '54903a89094942b4b0c8ae91d1dd35ac', 'project_name': 'tempest-FloatingIPsNegativeTestJSON-475895312', 'tenant_id': '54903a89094942b4b0c8ae91d1dd35ac', 'tenant_name': 'tempest-FloatingIPsNegativeTestJSON-475895312', 'user_domain_id': 'default', 'user_domain_name': 'Default', 'user_id': 'ec192897e5fb4415a1ae18b16cfc5b86', 'system': None}, Network: {'id': 'ed200d35-a69e-4c7b-ba30-890ba2291e71', 'name': 'tempest-FloatingIPsNegativeTestJSON-1996730581-network', 'tenant_id': '54903a89094942b4b0c8ae91d1dd35ac', 'project_id': '54903a89094942b4b0c8ae91d1dd35ac', 'admin_state_up': True, 'mtu': 8950, 'status': 'ACTIVE', 'subnets': [], 'shared': False, 'port_security_enabled': True, 'router:external': False, 'provider:network_type': 'vlan', 'provider:physical_network': 'default', 'provider:segmentation_id': 17, 'availability_zone_hints': [], 'availability_zones': [], 'ipv4_address_scope': None, 'ipv6_address_scope': None, 'description': '', 'tags': [], 'created_at': '2025-11-28T18:33:06Z', 'updated_at': '2025-11-28T18:33:06Z', 'revision_number': 1}, Subnet: {'id': 'ae744212-c934-4c4d-9524-cc57e45bc3ed', 'name': 'tempest-FloatingIPsNegativeTestJSON-1996730581-subnet', 'tenant_id': '54903a89094942b4b0c8ae91d1dd35ac', 'network_id': 'ed200d35-a69e-4c7b-ba30-890ba2291e71', 'ip_version': 4, 'subnetpool_id': None, 'enable_dhcp': True, 'ipv6_ra_mode': None, 'ipv6_address_mode': None, 'gateway_ip': '192.168.128.1', 'cidr': '192.168.128.0/28', 'allocation_pools': [{'start': '192.168.128.2', 'end': '192.168.128.14'}], 'host_routes': [], 'dns_nameservers': [], 'description': '', 'router:external': False, 'service_types': [], 'tags': [], 'created_at': '2025-11-28T18:33:06Z', 'updated_at': '2025-11-28T18:33:06Z', 'revision_number': 0, 'project_id': '54903a89094942b4b0c8ae91d1dd35ac'}, Router: {'id': '83fb79ce-0901-43c4-a56b-f8815a987cc2', 'name': 'tempest-FloatingIPsNegativeTestJSON-1996730581-router', 'tenant_id': '54903a89094942b4b0c8ae91d1dd35ac', 'admin_state_up': True, 'status': 'ACTIVE', 'external_gateway_info': {'network_id': '992866d4-49e7-4c13-a122-a87e5fd8a52a', 'external_fixed_ips': [{'subnet_id': '70828788-ab19-4b1e-a7b8-b76d12211874', 'ip_address': '10.180.180.168'}], 'enable_snat': True}, 'description': '', 'availability_zones': [], 'distributed': False, 'ha': False, 'availability_zone_hints': [], 'routes': [], 'flavor_id': None, 'tags': [], 'created_at': '2025-11-28T18:33:06Z', 'updated_at': '2025-11-28T18:33:06Z', 'revision_number': 2, 'project_id': '54903a89094942b4b0c8ae91d1dd35ac'}
2025-11-28 18:33:08.271 66635 INFO tempest.lib.common.rest_client [req-c5b5dfae-7a0a-414b-b8cc-8e8278f2e9fd req-c5b5dfae-7a0a-414b-b8cc-8e8278f2e9fd ] Request (FloatingIPsNegativeTestJSON:setUpClass): 201 POST http://10.180.1.21/identity/v3/auth/tokens 0.111s
2025-11-28 18:33:08.364 66619 INFO tempest.lib.common.rest_client [req-1a19b99d-85fb-4cfa-b07e-58ed99e49f3b req-1a19b99d-85fb-4cfa-b07e-58ed99e49f3b ] Request (ServerTagsTestJSON:setUpClass): 202 POST http://10.180.1.21/compute/v2.1/servers 7.329s
2025-11-28 18:33:08.463 66603 INFO tempest.lib.common.rest_client [req-9b73adf2-a16c-40ed-bfb1-ddf0222ef283 req-9b73adf2-a16c-40ed-bfb1-ddf0222ef283 ] Request (SecurityGroupsTestJSON:test_list_security_groups_by_server): 200 GET http://10.180.1.21/compute/v2.1/servers/06398dd2-b6a0-4796-b4c5-c01c8a144940 4.747s
2025-11-28 18:33:08.624 66609 INFO tempest.lib.common.rest_client [req-24aeee5c-c5df-47ff-b2cc-b19929383f2a req-24aeee5c-c5df-47ff-b2cc-b19929383f2a ] Request (FloatingIPsAssociationTestJSON:setUpClass): 202 POST http://10.180.1.21/compute/v2.1/servers 5.953s
2025-11-28 18:33:08.711 66597 INFO tempest.lib.common.rest_client [req-6c8d8400-bd4e-4863-94f4-40db3ad54c9f req-6c8d8400-bd4e-4863-94f4-40db3ad54c9f ] Request (ServersAdmin275Test:_run_cleanups): 200 GET http://10.180.1.21/compute/v2.1/servers/7268c281-0f4a-4896-95c6-0be66caac2fe 4.509s
2025-11-28 18:33:08.731 66597 INFO tempest.common.waiters [-] State transition "REBUILD/rebuild_spawning" ==> "ACTIVE/None" after 5 second wait
2025-11-28 18:33:09.052 66599 INFO tempest.lib.common.rest_client [req-3e26d624-bb29-494a-abee-4c328d8e8d03 req-3e26d624-bb29-494a-abee-4c328d8e8d03 ] Request (SecurityGroupRulesTestJSON:tearDownClass): 202 DELETE http://10.180.1.21/compute/v2.1/os-security-groups/cd5ac712-7a2a-45ed-9265-0b3b0927a688 4.411s
2025-11-28 18:33:09.069 66611 INFO tempest.lib.common.rest_client [req-25c6e2f8-fe66-442c-ba8f-1b70cba0b0b9 req-25c6e2f8-fe66-442c-ba8f-1b70cba0b0b9 ] Request (ListServersNegativeTestJSON:test_list_servers_by_non_existing_flavor): 200 GET http://10.180.1.21/compute/v2.1/servers?flavor=non_existing_flavor 4.256s
2025-11-28 18:33:09.122 66615 INFO tempest.lib.common.rest_client [req-a7136496-1fa9-4607-bc1d-10210ab8a77c req-a7136496-1fa9-4607-bc1d-10210ab8a77c ] Request (QuotaClassesAdmin257Test:_run_cleanups): 200 PUT http://10.180.1.21/compute/v2.1/os-quota-class-sets/default 4.045s
2025-11-28 18:33:09.235 66645 WARNING tempest.lib.common.ssh [-] Failed to establish authenticated ssh connection to cirros@10.180.180.159 ([Errno None] Unable to connect to port 22 on 10.180.180.159). Number attempts: 4. Retry after 5 seconds.: paramiko.ssh_exception.NoValidConnectionsError: [Errno None] Unable to connect to port 22 on 10.180.180.159
2025-11-28 18:33:09.301 66615 INFO tempest.lib.common.rest_client [req-c3915cb8-b3e0-4268-a00a-c874c1b66c4e req-c3915cb8-b3e0-4268-a00a-c874c1b66c4e ] Request (QuotaClassesAdmin257Test:tearDownClass): 204 DELETE http://10.180.1.21/identity/v3/users/91af4eb2ef694d8e91b14526b0dd02d6 0.175s
2025-11-28 18:33:09.307 66605 INFO tempest.lib.common.rest_client [req-e89ab0aa-6974-431c-bf2b-9f98baf65ff2 req-e89ab0aa-6974-431c-bf2b-9f98baf65ff2 ] Request (ServerRescueTestJSON:setUpClass): 202 POST http://10.180.1.21/compute/v2.1/servers 5.407s
2025-11-28 18:33:09.459 66615 INFO tempest.lib.common.rest_client [req-032eff3d-240a-4850-a292-15eb1fe9409b req-032eff3d-240a-4850-a292-15eb1fe9409b ] Request (QuotaClassesAdmin257Test:tearDownClass): 204 DELETE http://10.180.1.21/identity/v3/users/3d94e9982a5f4247a2a1326bd784c26d 0.157s
2025-11-28 18:33:09.459 66615 INFO tempest.lib.common.dynamic_creds [-] Deleting project and security group for project: a203b92a011d411286bc6d05895da107
2025-11-28 18:33:09.536 66607 INFO tempest.lib.common.rest_client [req-4aeab65c-06a2-47ce-a6d0-fe86b470306a req-4aeab65c-06a2-47ce-a6d0-fe86b470306a ] Request (ImagesOneServerNegativeTestJSON:tearDown): 200 GET http://10.180.1.21/compute/v2.1/servers/8d3e8729-3296-40fb-a80f-b41503d0c666 4.292s
2025-11-28 18:33:09.545 66615 INFO tempest.lib.common.rest_client [req-da02ecab-b4ab-4c99-bb66-2a900deaae08 req-da02ecab-b4ab-4c99-bb66-2a900deaae08 ] Request (QuotaClassesAdmin257Test:tearDownClass): 201 POST http://10.180.1.21/identity/v3/auth/tokens 0.085s
2025-11-28 18:33:09.879 66615 INFO tempest.lib.common.rest_client [req-dd7884b3-94c3-4e53-a33e-a9167f34ac87 req-dd7884b3-94c3-4e53-a33e-a9167f34ac87 ] Request (QuotaClassesAdmin257Test:tearDownClass): 200 GET http://10.180.1.21/networking/v2.0/security-groups?tenant_id=a203b92a011d411286bc6d05895da107&name=default 0.334s
2025-11-28 18:33:09.950 66625 INFO tempest.lib.common.rest_client [req-4086eb4e-db80-4779-9e73-4c7d63579ef8 req-4086eb4e-db80-4779-9e73-4c7d63579ef8 ] Request (ServerShowV247Test:test_update_rebuild_list_server): 200 GET http://10.180.1.21/compute/v2.1/servers/detail 4.456s
2025-11-28 18:33:10.131 66615 INFO tempest.lib.common.rest_client [req-39ad9c1e-e1c4-4c8b-98ad-465a8a9dd70c req-39ad9c1e-e1c4-4c8b-98ad-465a8a9dd70c ] Request (QuotaClassesAdmin257Test:tearDownClass): 204 DELETE http://10.180.1.21/networking/v2.0/security-groups/99584163-70ea-47e7-8928-a18cfbc8b7c3 0.251s
2025-11-28 18:33:10.225 66615 INFO tempest.lib.common.rest_client [req-1c2ff32d-ff84-4fd8-9cc5-f8d40dee1d7c req-1c2ff32d-ff84-4fd8-9cc5-f8d40dee1d7c ] Request (QuotaClassesAdmin257Test:tearDownClass): 204 DELETE http://10.180.1.21/identity/v3/projects/a203b92a011d411286bc6d05895da107 0.093s
2025-11-28 18:33:10.225 66615 INFO tempest.lib.common.dynamic_creds [-] Deleting project and security group for project: 7e74134c92494e1782964a0eb144c89c
2025-11-28 18:33:10.283 66623 INFO tempest.lib.common.rest_client [req-2cd1509b-17a9-49a1-9e20-e963c499ff0c req-2cd1509b-17a9-49a1-9e20-e963c499ff0c ] Request (MigrationsAdminTest:test_list_migrations_in_flavor_resize_situation): 200 GET http://10.180.1.21/compute/v2.1/servers/0c5c9742-a48d-4721-8ca5-2ea76ae1725a 4.786s
2025-11-28 18:33:10.297 66623 INFO tempest.common.waiters [-] State transition "RESIZE/resize_migrated" ==> "VERIFY_RESIZE/None" after 35 second wait
2025-11-28 18:33:10.320 66647 INFO tempest.lib.common.rest_client [req-00cc819a-6a69-4a63-9aa6-3548b4f16c4b req-00cc819a-6a69-4a63-9aa6-3548b4f16c4b ] Request (InstanceActionsNegativeTestJSON:test_get_instance_action_invalid_request): 404 GET http://10.180.1.21/compute/v2.1/servers/94147215-8ede-43e8-9d40-be48f3c9f26e/os-instance-actions/999 4.605s
2025-11-28 18:33:10.349 66629 INFO tempest.lib.common.rest_client [req-c46ec10e-64e6-4d57-bf46-f69d533072fd req-c46ec10e-64e6-4d57-bf46-f69d533072fd ] Request (AggregatesAdminNegativeTestJSON:test_aggregate_get_details_as_user): 200 POST http://10.180.1.21/compute/v2.1/os-aggregates 4.608s
2025-11-28 18:33:10.389 66633 INFO tempest.lib.common.rest_client [req-fd62560b-48c1-4973-a842-2e5b35447686 req-fd62560b-48c1-4973-a842-2e5b35447686 ] Request (KeyPairsV22TestJSON:test_keypairsv22_create_list_show): 201 POST http://10.180.1.21/compute/v2.1/os-keypairs 4.629s
2025-11-28 18:33:10.398 66615 INFO tempest.lib.common.rest_client [req-8909a51d-9071-4306-8735-3b2c5648fd00 req-8909a51d-9071-4306-8735-3b2c5648fd00 ] Request (QuotaClassesAdmin257Test:tearDownClass): 200 GET http://10.180.1.21/networking/v2.0/security-groups?tenant_id=7e74134c92494e1782964a0eb144c89c&name=default 0.172s
2025-11-28 18:33:10.528 66651 INFO tempest.lib.common.rest_client [req-21c5d42c-9b9a-4890-b474-74ffe162f726 req-21c5d42c-9b9a-4890-b474-74ffe162f726 ] Request (ServersTestJSON:setUpClass): 202 POST http://10.180.1.21/compute/v2.1/servers 5.098s
2025-11-28 18:33:10.539 66615 INFO tempest.lib.common.rest_client [req-abd333fb-5cd9-47ee-a97d-b936884c8ea5 req-abd333fb-5cd9-47ee-a97d-b936884c8ea5 ] Request (QuotaClassesAdmin257Test:tearDownClass): 204 DELETE http://10.180.1.21/networking/v2.0/security-groups/00cda981-21c2-4c48-90cd-5676ca20b338 0.139s
2025-11-28 18:33:10.678 66615 INFO tempest.lib.common.rest_client [req-40829468-181a-48ee-8b21-d746db259285 req-40829468-181a-48ee-8b21-d746db259285 ] Request (QuotaClassesAdmin257Test:tearDownClass): 204 DELETE http://10.180.1.21/identity/v3/projects/7e74134c92494e1782964a0eb144c89c 0.139s
2025-11-28 18:33:10.702 66591 INFO tempest.lib.common.rest_client [req-308c27c2-221f-403d-be85-2c7ab470361c req-308c27c2-221f-403d-be85-2c7ab470361c ] Request (AttachInterfacesUnderV243Test:test_add_remove_fixed_ip): 200 GET http://10.180.1.21/compute/v2.1/servers/6e33cdfb-a412-4590-901f-a4c39c066709 4.888s
2025-11-28 18:33:10.712 66591 INFO tempest.common.waiters [-] State transition "BUILD/None" ==> "BUILD/block_device_mapping" after 17 second wait
2025-11-28 18:33:10.761 66615 INFO tempest.lib.common.rest_client [req-26b739fb-5e00-40b2-96d2-7be7dbc45881 req-26b739fb-5e00-40b2-96d2-7be7dbc45881 ] Request (KeyPairsNegativeTestJSON:setUpClass): 201 POST http://10.180.1.21/identity/v3/auth/tokens 0.081s
2025-11-28 18:33:10.815 66615 INFO tempest.lib.common.rest_client [req-9639ff20-3c30-4dce-8085-7cac0f11caa2 req-9639ff20-3c30-4dce-8085-7cac0f11caa2 ] Request (KeyPairsNegativeTestJSON:setUpClass): 201 POST http://10.180.1.21/identity/v3/auth/tokens 0.044s
2025-11-28 18:33:10.815 66631 INFO tempest.lib.common.rest_client [req-0b4c02af-f5fa-44b5-9137-e9b60cfb68cc req-0b4c02af-f5fa-44b5-9137-e9b60cfb68cc ] Request (ImagesTestJSON:test_create_image_from_stopped_server): 200 GET http://10.180.1.21/compute/v2.1/servers/87935225-374d-4c36-8e76-ab3a1b3b37e7 4.750s
2025-11-28 18:33:10.830 66631 INFO tempest.common.waiters [-] State transition "BUILD/networking" ==> "BUILD/spawning" after 20 second wait
2025-11-28 18:33:10.833 66637 INFO tempest.lib.common.rest_client [req-fc1abde2-c9da-4859-abba-291c0372750f req-fc1abde2-c9da-4859-abba-291c0372750f ] Request (ServersAdminTestJSON:test_create_server_with_scheduling_hint): 200 GET http://10.180.1.21/compute/v2.1/servers/6f64fd0c-7ee5-4dfe-8495-47b60a6a6cca 4.588s
2025-11-28 18:33:10.933 66639 INFO tempest.lib.common.rest_client [req-eea711e3-a655-491c-bd2c-db19b83edf82 req-eea711e3-a655-491c-bd2c-db19b83edf82 ] Request (ImagesDeleteNegativeTestJSON:test_delete_image_blank_id): 404 DELETE http://10.180.1.21/compute/v2.1/images/ 4.201s
2025-11-28 18:33:11.018 66615 INFO tempest.lib.common.rest_client [req-4d74066e-1bc7-41a8-bb8f-5c50d5d37c28 req-4d74066e-1bc7-41a8-bb8f-5c50d5d37c28 ] Request (KeyPairsNegativeTestJSON:setUpClass): 200 GET http://10.180.1.21/identity/v3/domains?name=Default 0.202s
2025-11-28 18:33:11.049 66615 INFO tempest.lib.common.rest_client [req-3a23c023-69eb-4298-b3c2-d738bcdd05ba req-3a23c023-69eb-4298-b3c2-d738bcdd05ba ] Request (KeyPairsNegativeTestJSON:setUpClass): 201 POST http://10.180.1.21/identity/v3/projects 0.030s
2025-11-28 18:33:11.145 66615 INFO tempest.lib.common.rest_client [req-996c976b-5e28-4ad4-9367-219068382418 req-996c976b-5e28-4ad4-9367-219068382418 ] Request (KeyPairsNegativeTestJSON:setUpClass): 201 POST http://10.180.1.21/identity/v3/users 0.095s
2025-11-28 18:33:11.165 66615 INFO tempest.lib.common.rest_client [req-71cfc2e8-5db4-4f5d-8897-a076ace2c1cf req-71cfc2e8-5db4-4f5d-8897-a076ace2c1cf ] Request (KeyPairsNegativeTestJSON:setUpClass): 200 GET http://10.180.1.21/identity/v3/roles 0.020s
2025-11-28 18:33:11.192 66615 INFO tempest.lib.common.rest_client [req-0c1fc6e5-f330-4c6b-8fe5-6affa4c552a7 req-0c1fc6e5-f330-4c6b-8fe5-6affa4c552a7 ] Request (KeyPairsNegativeTestJSON:setUpClass): 204 PUT http://10.180.1.21/identity/v3/projects/39c10042d344467095884731af1235fb/users/9cf662520726495cb0a1a00099cb2cb0/roles/f678b5a156b94d31b0ff3328a885c991 0.026s
2025-11-28 18:33:11.192 66615 INFO tempest.lib.common.dynamic_creds [-] Dynamic test user 9cf662520726495cb0a1a00099cb2cb0 is created with scope project and roles: ['member']
2025-11-28 18:33:11.193 66615 INFO tempest.lib.common.dynamic_creds [-] Acquired dynamic creds: credentials: Credentials: {'domain_id': 'default', 'domain_name': 'Default', 'username': 'tempest-KeyPairsNegativeTestJSON-738359156-project-member', 'project_domain_id': 'default', 'project_domain_name': 'Default', 'project_id': '39c10042d344467095884731af1235fb', 'project_name': 'tempest-KeyPairsNegativeTestJSON-738359156', 'tenant_id': '39c10042d344467095884731af1235fb', 'tenant_name': 'tempest-KeyPairsNegativeTestJSON-738359156', 'user_domain_id': 'default', 'user_domain_name': 'Default', 'user_id': '9cf662520726495cb0a1a00099cb2cb0', 'system': None}, Network: None, Subnet: None, Router: None
2025-11-28 18:33:11.193 66615 INFO tempest.lib.common.dynamic_creds [-] Created isolated network resources for: credentials: Credentials: {'domain_id': 'default', 'domain_name': 'Default', 'username': 'tempest-KeyPairsNegativeTestJSON-738359156-project-member', 'project_domain_id': 'default', 'project_domain_name': 'Default', 'project_id': '39c10042d344467095884731af1235fb', 'project_name': 'tempest-KeyPairsNegativeTestJSON-738359156', 'tenant_id': '39c10042d344467095884731af1235fb', 'tenant_name': 'tempest-KeyPairsNegativeTestJSON-738359156', 'user_domain_id': 'default', 'user_domain_name': 'Default', 'user_id': '9cf662520726495cb0a1a00099cb2cb0', 'system': None}, Network: None, Subnet: None, Router: None
2025-11-28 18:33:11.274 66615 INFO tempest.lib.common.rest_client [req-099ce0f3-6cac-4220-bad8-76999e042de4 req-099ce0f3-6cac-4220-bad8-76999e042de4 ] Request (KeyPairsNegativeTestJSON:setUpClass): 201 POST http://10.180.1.21/identity/v3/auth/tokens 0.077s
2025-11-28 18:33:11.321 66593 INFO tempest.lib.common.rest_client [req-7ecfd567-f5fd-4856-8157-3886c6b3e315 req-7ecfd567-f5fd-4856-8157-3886c6b3e315 ] Request (FloatingIPsAssociationNegativeTestJSON:setUpClass): 200 GET http://10.180.1.21/compute/v2.1/servers/1b8109b6-642f-4de2-971a-00900229f13f 4.209s
2025-11-28 18:33:11.343 66643 INFO tempest.lib.common.rest_client [req-cebafaa3-23d6-4bf4-99bb-103f4c3f1c95 req-cebafaa3-23d6-4bf4-99bb-103f4c3f1c95 ] Request (ImagesNegativeTestJSON:test_create_image_from_deleted_server): 200 GET http://10.180.1.21/compute/v2.1/servers/ff5117cb-afa2-4039-9da7-a4996b604b92 4.167s
2025-11-28 18:33:11.385 66617 INFO tempest.lib.common.rest_client [req-db255e82-6ba8-414a-9013-0ffd83ca98b7 req-db255e82-6ba8-414a-9013-0ffd83ca98b7 ] Request (ServerDiagnosticsTest:test_get_server_diagnostics): 200 GET http://10.180.1.21/compute/v2.1/servers/e18e8035-ecd4-47d6-9e0b-4689f94c7316 3.924s
2025-11-28 18:33:11.401 66613 INFO tempest.lib.common.rest_client [req-e3150d0b-527e-459b-bfb0-80a63162d684 req-e3150d0b-527e-459b-bfb0-80a63162d684 ] Request (FlavorsAdminTestJSON:test_create_server_with_non_public_flavor): 400 POST http://10.180.1.21/compute/v2.1/servers 3.392s
2025-11-28 18:33:11.433 66595 INFO tempest.lib.common.rest_client [req-031c9272-24a6-402f-98b8-ff31b2c3d291 req-031c9272-24a6-402f-98b8-ff31b2c3d291 ] Request (DeleteServersTestJSON:test_delete_active_server): 200 GET http://10.180.1.21/compute/v2.1/servers/872d2d03-44fe-4710-b88f-538c58f0ad9f 3.443s
2025-11-28 18:33:11.535 66589 INFO tempest.lib.common.rest_client [req-2d9d8f86-30c3-4a99-8015-2d5c6aebf39f req-2d9d8f86-30c3-4a99-8015-2d5c6aebf39f ] Request (FlavorsAccessNegativeTestJSON:test_remove_flavor_access_not_found): 404 POST http://10.180.1.21/compute/v2.1/flavors/550104114/action 3.508s
2025-11-28 18:33:11.592 66641 INFO tempest.lib.common.rest_client [req-a768e7ce-fdca-4f18-ab06-d062a7857ccc req-a768e7ce-fdca-4f18-ab06-d062a7857ccc ] Request (DeleteServersAdminTestJSON:test_delete_server_while_in_error_state): 200 GET http://10.180.1.21/compute/v2.1/servers/401aef07-e32e-4816-a349-ec5bc47af3da 3.320s
2025-11-28 18:33:11.603 66641 INFO tempest.common.waiters [-] State transition "BUILD/None" ==> "BUILD/spawning" after 20 second wait
2025-11-28 18:33:11.628 66635 INFO tempest.lib.common.rest_client [req-cb900094-1ccb-4ef4-89ef-3eb16afd1635 req-cb900094-1ccb-4ef4-89ef-3eb16afd1635 ] Request (FloatingIPsNegativeTestJSON:setUpClass): 200 GET http://10.180.1.21/compute/v2.1/os-floating-ips 3.354s
2025-11-28 18:33:11.648 66619 INFO tempest.lib.common.rest_client [req-22982311-5176-44ea-a492-45a6e52b54ae req-22982311-5176-44ea-a492-45a6e52b54ae ] Request (ServerTagsTestJSON:setUpClass): 200 GET http://10.180.1.21/compute/v2.1/servers/9fc76834-8c6d-44fe-b2d3-e6be86577d72 3.282s
2025-11-28 18:33:11.679 66609 INFO tempest.lib.common.rest_client [req-341d4866-4e88-430a-8926-7305c74a6284 req-341d4866-4e88-430a-8926-7305c74a6284 ] Request (FloatingIPsAssociationTestJSON:setUpClass): 200 GET http://10.180.1.21/compute/v2.1/servers/2c07c088-61fb-4cb4-8e46-64fd4cd745f6 3.053s
2025-11-28 18:33:11.728 66649 INFO tempest.lib.common.rest_client [req-36ec1f65-1a05-47cf-9a73-b64625536be9 req-36ec1f65-1a05-47cf-9a73-b64625536be9 ] Request (ServerRescueTestJSONUnderV235:setUpClass): 200 GET http://10.180.1.21/compute/v2.1/servers/906ef861-9b3e-4bcd-9ac9-b13c7ac92a40 2.850s
2025-11-28 18:33:11.745 66597 INFO tempest.lib.common.rest_client [req-ee3e6007-7cd9-4d5f-a3f9-73587c5afc11 req-ee3e6007-7cd9-4d5f-a3f9-73587c5afc11 ] Request (ServersAdmin275Test:tearDownClass): 204 DELETE http://10.180.1.21/compute/v2.1/servers/7268c281-0f4a-4896-95c6-0be66caac2fe 3.012s
2025-11-28 18:33:11.747 66599 INFO tempest.lib.common.rest_client [req-c5797472-18fa-4a06-a6b7-8bc255575889 req-c5797472-18fa-4a06-a6b7-8bc255575889 ] Request (SecurityGroupRulesTestJSON:tearDownClass): 404 DELETE http://10.180.1.21/compute/v2.1/os-security-groups/f29e73e1-4c02-4d15-a6a3-24db51dacd61 2.695s
2025-11-28 18:33:11.799 66611 INFO tempest.lib.common.rest_client [req-51171d75-dfe1-424a-8660-34fdc5e374fc req-51171d75-dfe1-424a-8660-34fdc5e374fc ] Request (ListServersNegativeTestJSON:test_list_servers_by_non_existing_image): 200 GET http://10.180.1.21/compute/v2.1/servers?image=non_existing_image 2.726s
2025-11-28 18:33:11.833 66601 INFO tempest.lib.common.rest_client [req-43573d5a-f031-4a75-8922-e322c67c5323 req-43573d5a-f031-4a75-8922-e322c67c5323 ] Request (AbsoluteLimitsNegativeTestJSON:test_max_metadata_exceed_limit): 200 GET http://10.180.1.21/compute/v2.1/limits 2.670s
2025-11-28 18:33:11.853 66605 INFO tempest.lib.common.rest_client [req-0d146a31-4762-47e2-a3ee-2a177623e806 req-0d146a31-4762-47e2-a3ee-2a177623e806 ] Request (ServerRescueTestJSON:setUpClass): 200 GET http://10.180.1.21/compute/v2.1/servers/8ea8e2be-8671-44db-9b90-cd8172d7c831 2.544s
2025-11-28 18:33:11.869 66601 INFO tempest.lib.common.rest_client [req-655e8af1-96a7-49a6-9ef0-44f4e24df85e req-655e8af1-96a7-49a6-9ef0-44f4e24df85e ] Request (AbsoluteLimitsNegativeTestJSON:test_max_metadata_exceed_limit): 201 POST http://10.180.1.21/identity/v3/auth/tokens 0.030s
2025-11-28 18:33:11.869 66601 INFO tempest.lib.common.fixed_network [-] (AbsoluteLimitsNegativeTestJSON:test_max_metadata_exceed_limit) Found network None available for tenant
2025-11-28 18:33:11.891 66603 INFO tempest.lib.common.rest_client [req-212122cc-91b9-4ae8-b43c-40e7e48a7fa0 req-212122cc-91b9-4ae8-b43c-40e7e48a7fa0 ] Request (SecurityGroupsTestJSON:test_list_security_groups_by_server): 200 GET http://10.180.1.21/compute/v2.1/servers/06398dd2-b6a0-4796-b4c5-c01c8a144940 2.411s
2025-11-28 18:33:11.964 66607 INFO tempest.lib.common.rest_client [req-d0b0e18d-521c-4347-aede-fadf55a3ebce req-d0b0e18d-521c-4347-aede-fadf55a3ebce ] Request (ImagesOneServerNegativeTestJSON:setUp): 200 GET http://10.180.1.21/compute/v2.1/servers/8d3e8729-3296-40fb-a80f-b41503d0c666 2.419s
2025-11-28 18:33:11.989 66625 INFO tempest.lib.common.rest_client [req-b436eda5-b197-4467-bda6-5ade5deda430 req-b436eda5-b197-4467-bda6-5ade5deda430 ] Request (ServerShowV247Test:tearDownClass): 204 DELETE http://10.180.1.21/compute/v2.1/servers/ea62e880-ec32-4df9-bc16-e2e9ce448c62 2.026s
2025-11-28 18:33:11.997 66647 INFO tempest.lib.common.rest_client [req-0cead806-90ba-4617-81e8-ad8ea4bf37b3 req-0cead806-90ba-4617-81e8-ad8ea4bf37b3 ] Request (InstanceActionsNegativeTestJSON:test_list_instance_actions_non_existent_server): 404 GET http://10.180.1.21/compute/v2.1/servers/47f813f7-fda4-467e-b639-d9c30e3e2411/os-instance-actions 1.675s
2025-11-28 18:33:12.003 66629 INFO tempest.lib.common.rest_client [req-3f585bc3-f5d6-465f-9fd0-56900f88bd82 req-3f585bc3-f5d6-465f-9fd0-56900f88bd82 ] Request (AggregatesAdminNegativeTestJSON:test_aggregate_get_details_as_user): 403 GET http://10.180.1.21/compute/v2.1/os-aggregates/6 1.651s
2025-11-28 18:33:12.013 66633 INFO tempest.lib.common.rest_client [req-6c6d17f9-a22c-4c83-9096-4afc6f3797ec req-6c6d17f9-a22c-4c83-9096-4afc6f3797ec ] Request (KeyPairsV22TestJSON:test_keypairsv22_create_list_show): 200 GET http://10.180.1.21/compute/v2.1/os-keypairs/tempest-keypair-1925975205 1.621s
2025-11-28 18:33:12.024 66623 INFO tempest.lib.common.rest_client [req-71ffb74e-fcca-4ce5-bc70-0d04937fbcc2 req-71ffb74e-fcca-4ce5-bc70-0d04937fbcc2 ] Request (MigrationsAdminTest:test_list_migrations_in_flavor_resize_situation): 204 POST http://10.180.1.21/compute/v2.1/servers/0c5c9742-a48d-4721-8ca5-2ea76ae1725a/action 1.726s
2025-11-28 18:33:12.070 66639 INFO tempest.lib.common.rest_client [req-8e881dfa-817a-4799-b35c-0c9766f03841 req-8e881dfa-817a-4799-b35c-0c9766f03841 ] Request (ImagesDeleteNegativeTestJSON:test_delete_image_negative_image_id): 404 DELETE http://10.180.1.21/compute/v2.1/images/-1 1.135s
2025-11-28 18:33:12.084 66651 INFO tempest.lib.common.rest_client [req-dedf5048-844e-4901-a3be-a67b2b54c9b0 req-dedf5048-844e-4901-a3be-a67b2b54c9b0 ] Request (ServersTestJSON:setUpClass): 200 GET http://10.180.1.21/compute/v2.1/servers/13e4ce1d-642e-4e39-bac4-98592fcdf089 1.555s
2025-11-28 18:33:12.112 66613 INFO tempest.lib.common.rest_client [req-535a3fe3-5cb8-409f-a2b2-ae1c29a043c5 req-535a3fe3-5cb8-409f-a2b2-ae1c29a043c5 ] Request (FlavorsAdminTestJSON:_run_cleanups): 202 DELETE http://10.180.1.21/compute/v2.1/flavors/1138587296 0.710s
2025-11-28 18:33:12.119 66615 INFO tempest.lib.common.rest_client [req-e5bbcc56-653b-4a6b-a9dc-025ad032bcb3 req-e5bbcc56-653b-4a6b-a9dc-025ad032bcb3 ] Request (KeyPairsNegativeTestJSON:test_create_keypair_invalid_name): 400 POST http://10.180.1.21/compute/v2.1/os-keypairs 0.842s
2025-11-28 18:33:12.130 66589 INFO tempest.lib.common.rest_client [req-6403144c-52e3-48e5-b040-7803ee159eac req-6403144c-52e3-48e5-b040-7803ee159eac ] Request (FlavorsAccessNegativeTestJSON:_run_cleanups): 202 DELETE http://10.180.1.21/compute/v2.1/flavors/550104114 0.594s
2025-11-28 18:33:12.150 66635 INFO tempest.lib.common.rest_client [req-966d0381-2422-4a43-a0bd-f191814d144e req-966d0381-2422-4a43-a0bd-f191814d144e ] Request (FloatingIPsNegativeTestJSON:test_allocate_floating_ip_from_nonexistent_pool): 404 POST http://10.180.1.21/compute/v2.1/os-floating-ips 0.519s
2025-11-28 18:33:12.243 66597 INFO tempest.lib.common.rest_client [req-c35c304a-4df5-4d57-a81c-9c3cc3bdf21a req-c35c304a-4df5-4d57-a81c-9c3cc3bdf21a ] Request (ServersAdmin275Test:tearDownClass): 200 GET http://10.180.1.21/compute/v2.1/servers/7268c281-0f4a-4896-95c6-0be66caac2fe 0.497s
2025-11-28 18:33:12.288 66591 INFO tempest.lib.common.rest_client [req-f4c47f81-24b8-4335-ad00-2e2384f309e1 req-f4c47f81-24b8-4335-ad00-2e2384f309e1 ] Request (AttachInterfacesUnderV243Test:test_add_remove_fixed_ip): 200 GET http://10.180.1.21/compute/v2.1/servers/6e33cdfb-a412-4590-901f-a4c39c066709 0.575s
2025-11-28 18:33:12.296 66591 INFO tempest.common.waiters [-] State transition "BUILD/block_device_mapping" ==> "BUILD/spawning" after 19 second wait
2025-11-28 18:33:12.359 66611 INFO tempest.lib.common.rest_client [req-ecff7d32-d60c-4530-bb66-7a862318c4a7 req-ecff7d32-d60c-4530-bb66-7a862318c4a7 ] Request (ListServersNegativeTestJSON:test_list_servers_by_non_existing_server_name): 200 GET http://10.180.1.21/compute/v2.1/servers?name=non_existing_server_name 0.558s
2025-11-28 18:33:12.428 66599 INFO tempest.lib.common.rest_client [req-ec84ca59-2848-45d3-a033-7e14a326cbb5 req-ec84ca59-2848-45d3-a033-7e14a326cbb5 ] Request (SecurityGroupRulesTestJSON:tearDownClass): 202 DELETE http://10.180.1.21/compute/v2.1/os-security-groups/5250cbdb-ec72-4f70-a99b-babdb7957b25 0.680s
2025-11-28 18:33:12.485 66637 INFO tempest.lib.common.rest_client [req-6088402c-cced-4f2f-ac0e-84e06ada719e req-6088402c-cced-4f2f-ac0e-84e06ada719e ] Request (ServersAdminTestJSON:test_create_server_with_scheduling_hint): 200 GET http://10.180.1.21/compute/v2.1/servers/6f64fd0c-7ee5-4dfe-8495-47b60a6a6cca 0.639s
2025-11-28 18:33:12.490 66631 INFO tempest.lib.common.rest_client [req-19f6ff42-de22-45b0-8f33-1bdf4e2ec9a4 req-19f6ff42-de22-45b0-8f33-1bdf4e2ec9a4 ] Request (ImagesTestJSON:test_create_image_from_stopped_server): 200 GET http://10.180.1.21/compute/v2.1/servers/87935225-374d-4c36-8e76-ab3a1b3b37e7 0.659s
2025-11-28 18:33:12.672 66601 INFO tempest.lib.common.rest_client [req-38d7fe0b-9f49-4944-ae5f-4373387fc898 req-38d7fe0b-9f49-4944-ae5f-4373387fc898 ] Request (AbsoluteLimitsNegativeTestJSON:test_max_metadata_exceed_limit): 403 POST http://10.180.1.21/compute/v2.1/servers 0.802s
2025-11-28 18:33:12.676 66621 INFO paramiko.transport [-] Connected (version 2.0, client dropbear_2020.81)
2025-11-28 18:33:12.725 66625 INFO tempest.lib.common.rest_client [req-8c73c2d3-1139-49d4-812c-432174a65eae req-8c73c2d3-1139-49d4-812c-432174a65eae ] Request (ServerShowV247Test:tearDownClass): 200 GET http://10.180.1.21/compute/v2.1/servers/ea62e880-ec32-4df9-bc16-e2e9ce448c62 0.736s
2025-11-28 18:33:12.737 66621 INFO paramiko.transport [-] Authentication (publickey) successful!
2025-11-28 18:33:12.738 66621 INFO tempest.lib.common.ssh [-] ssh connection to cirros@10.180.180.186 successfully created
2025-11-28 18:33:12.745 66621 INFO tempest.lib.common.ssh [-] Creating ssh connection to '10.180.180.186:22' as 'cirros' with public key authentication
2025-11-28 18:33:12.746 66629 INFO tempest.lib.common.rest_client [req-e8f6774a-9264-4981-a457-a30f6fe52ff0 req-e8f6774a-9264-4981-a457-a30f6fe52ff0 ] Request (AggregatesAdminNegativeTestJSON:_run_cleanups): 200 DELETE http://10.180.1.21/compute/v2.1/os-aggregates/6 0.742s
2025-11-28 18:33:12.750 66621 INFO paramiko.transport [-] Connected (version 2.0, client dropbear_2020.81)
2025-11-28 18:33:12.786 66601 INFO tempest.lib.common.rest_client [req-a54f4481-fe4a-45c5-99af-01121aa6ce83 req-a54f4481-fe4a-45c5-99af-01121aa6ce83 ] Request (AbsoluteLimitsNegativeTestJSON:tearDownClass): 204 DELETE http://10.180.1.21/identity/v3/users/f797afaf8b7f48fea15caf8227c57504 0.111s
2025-11-28 18:33:12.786 66601 INFO tempest.lib.common.dynamic_creds [-] Deleting project and security group for project: 3aa90641283246519207e528838a088f
2025-11-28 18:33:12.854 66621 INFO paramiko.transport [-] Authentication (publickey) successful!
2025-11-28 18:33:12.854 66621 INFO tempest.lib.common.ssh [-] ssh connection to cirros@10.180.180.186 successfully created
2025-11-28 18:33:12.856 66647 INFO tempest.lib.common.rest_client [req-2fd56758-1940-44db-a244-cf24fbbc8175 req-2fd56758-1940-44db-a244-cf24fbbc8175 ] Request (InstanceActionsNegativeTestJSON:tearDownClass): 204 DELETE http://10.180.1.21/compute/v2.1/servers/94147215-8ede-43e8-9d40-be48f3c9f26e 0.852s
2025-11-28 18:33:12.860 66601 INFO tempest.lib.common.rest_client [req-f658b1be-cc89-41c3-926c-6fe31aee7977 req-f658b1be-cc89-41c3-926c-6fe31aee7977 ] Request (AbsoluteLimitsNegativeTestJSON:tearDownClass): 201 POST http://10.180.1.21/identity/v3/auth/tokens 0.073s
2025-11-28 18:33:12.869 66633 INFO tempest.lib.common.rest_client [req-164e3446-9708-425f-b8f1-430a98668c48 req-164e3446-9708-425f-b8f1-430a98668c48 ] Request (KeyPairsV22TestJSON:test_keypairsv22_create_list_show): 200 GET http://10.180.1.21/compute/v2.1/os-keypairs 0.854s
2025-11-28 18:33:13.001 66623 INFO tempest.lib.common.rest_client [req-37a8f0d4-1096-411c-9b31-5f8183070fce req-37a8f0d4-1096-411c-9b31-5f8183070fce ] Request (MigrationsAdminTest:test_list_migrations_in_flavor_resize_situation): 200 GET http://10.180.1.21/compute/v2.1/servers/0c5c9742-a48d-4721-8ca5-2ea76ae1725a 0.977s
2025-11-28 18:33:13.023 66639 INFO tempest.lib.common.rest_client [req-55dc2fb8-bc79-4f2c-a10d-eefc8368ccfd req-55dc2fb8-bc79-4f2c-a10d-eefc8368ccfd ] Request (ImagesDeleteNegativeTestJSON:test_delete_image_non_hex_string_id): 404 DELETE http://10.180.1.21/compute/v2.1/images/eca917cc-8128-49a2-a4f3-f8c102afa45j 0.950s
2025-11-28 18:33:13.046 66613 INFO tempest.lib.common.rest_client [req-6151959b-303a-418f-ac57-7b87842369ac req-6151959b-303a-418f-ac57-7b87842369ac ] Request (FlavorsAdminTestJSON:_run_cleanups): 200 GET http://10.180.1.21/compute/v2.1/flavors/detail 0.934s
2025-11-28 18:33:13.052 66607 INFO tempest.lib.common.rest_client [req-62b7b010-f92a-4fdf-b54f-347c33613d85 req-62b7b010-f92a-4fdf-b54f-347c33613d85 ] Request (ImagesOneServerNegativeTestJSON:test_create_second_image_when_first_image_is_being_saved): 202 POST http://10.180.1.21/compute/v2.1/servers/8d3e8729-3296-40fb-a80f-b41503d0c666/action 1.081s
2025-11-28 18:33:13.052 66601 INFO tempest.lib.common.rest_client [req-199aecba-bc32-4b79-9053-c32e3d4c55cc req-199aecba-bc32-4b79-9053-c32e3d4c55cc ] Request (AbsoluteLimitsNegativeTestJSON:tearDownClass): 200 GET http://10.180.1.21/networking/v2.0/security-groups?tenant_id=3aa90641283246519207e528838a088f&name=default 0.192s
2025-11-28 18:33:13.074 66589 INFO tempest.lib.common.rest_client [req-193e4eac-f126-45bf-9eae-db862ead0203 req-193e4eac-f126-45bf-9eae-db862ead0203 ] Request (FlavorsAccessNegativeTestJSON:_run_cleanups): 200 GET http://10.180.1.21/compute/v2.1/flavors/detail 0.944s
2025-11-28 18:33:13.089 66615 INFO tempest.lib.common.rest_client [req-dd6d16ab-45b2-45e8-81f7-189d2414423e req-dd6d16ab-45b2-45e8-81f7-189d2414423e ] Request (KeyPairsNegativeTestJSON:test_create_keypair_when_public_key_bits_exceeds_maximum): 400 POST http://10.180.1.21/compute/v2.1/os-keypairs 0.969s
2025-11-28 18:33:13.153 66635 INFO tempest.lib.common.rest_client [req-ac13d1f8-9b90-4cc5-9156-fde1aa5f7a1a req-ac13d1f8-9b90-4cc5-9156-fde1aa5f7a1a ] Request (FloatingIPsNegativeTestJSON:test_delete_nonexistent_floating_ip): 404 DELETE http://10.180.1.21/compute/v2.1/os-floating-ips/5533947a-78c9-41cc-ab71-6ca6b22d5111 1.000s
2025-11-28 18:33:13.166 66601 INFO tempest.lib.common.rest_client [req-b0aa810b-0848-4cec-ae11-41f9fb55f0aa req-b0aa810b-0848-4cec-ae11-41f9fb55f0aa ] Request (AbsoluteLimitsNegativeTestJSON:tearDownClass): 204 DELETE http://10.180.1.21/networking/v2.0/security-groups/296f2e3a-cf2d-4a23-ab42-ada18982c1b5 0.113s
