2025-11-28 18:33:31.482 66623 INFO tempest.lib.common.rest_client [req-66c9ec10-67b2-42ad-928a-7a9fd44e33c6 req-66c9ec10-67b2-42ad-928a-7a9fd44e33c6 ] Request (MigrationsAdminTest:test_list_migrations_in_flavor_resize_situation): 200 GET http://10.180.1.21/compute/v2.1/servers/0c5c9742-a48d-4721-8ca5-2ea76ae1725a 2.046s
2025-11-28 18:33:31.629 66617 INFO tempest.lib.common.rest_client [req-926e547f-8dba-464a-b79f-8639c5201f2f req-926e547f-8dba-464a-b79f-8639c5201f2f ] Request (ServerDiagnosticsTest:test_get_server_diagnostics): 200 GET http://10.180.1.21/compute/v2.1/servers/e18e8035-ecd4-47d6-9e0b-4689f94c7316 2.165s
2025-11-28 18:33:31.650 66613 INFO tempest.lib.common.rest_client [req-ae39d42e-9cc7-4bc2-b316-e4a188a72786 req-ae39d42e-9cc7-4bc2-b316-e4a188a72786 ] Request (FlavorsAdminTestJSON:test_is_public_string_variations): 200 GET http://10.180.1.21/compute/v2.1/flavors/detail?is_public=0 2.069s
2025-11-28 18:33:31.663 66615 INFO tempest.lib.common.rest_client [req-b2d62a81-1ec7-4c45-8b2d-837785eca5a9 req-b2d62a81-1ec7-4c45-8b2d-837785eca5a9 ] Request (KeyPairsNegativeTestJSON:test_create_keypair_with_long_keynames): 400 POST http://10.180.1.21/compute/v2.1/os-keypairs 2.026s
2025-11-28 18:33:32.060 66603 INFO tempest.lib.common.rest_client [req-293efbf6-691a-437b-a2a8-3aac8d042e82 req-293efbf6-691a-437b-a2a8-3aac8d042e82 ] Request (SecurityGroupsTestJSON:test_list_security_groups_by_server): 202 POST http://10.180.1.21/compute/v2.1/servers/06398dd2-b6a0-4796-b4c5-c01c8a144940/action 2.496s
2025-11-28 18:33:32.192 66633 INFO tempest.lib.common.rest_client [req-31d5ffaa-7d05-40da-97a1-47352e1ffeed req-31d5ffaa-7d05-40da-97a1-47352e1ffeed ] Request (VolumesTestJSON:setUpClass): 200 GET http://10.180.1.21/volume/v3/volumes/86de1c15-0fa1-4cb5-a5cf-ff2fc31081df 0.055s
2025-11-28 18:33:32.198 66633 INFO tempest.common.waiters [-] volume 86de1c15-0fa1-4cb5-a5cf-ff2fc31081df reached available after waiting for 1.198809 seconds
2025-11-28 18:33:32.349 66607 INFO tempest.lib.common.rest_client [req-38ec617f-b114-4887-86e5-5d7131a07416 req-38ec617f-b114-4887-86e5-5d7131a07416 ] Request (ImagesOneServerNegativeTestJSON:tearDown): 200 GET http://10.180.1.21/compute/v2.1/servers/8d3e8729-3296-40fb-a80f-b41503d0c666 2.660s
2025-11-28 18:33:32.445 66591 INFO tempest.lib.common.rest_client [req-c256cb21-385d-4b49-ae09-d2c9e9fc1e3b req-c256cb21-385d-4b49-ae09-d2c9e9fc1e3b ] Request (AttachInterfacesUnderV243Test:test_add_remove_fixed_ip): 200 GET http://10.180.1.21/compute/v2.1/servers/6e33cdfb-a412-4590-901f-a4c39c066709 2.500s
2025-11-28 18:33:32.456 66591 INFO tempest.lib.common.ssh [-] Creating ssh connection to '10.180.180.248:22' as 'cirros' with public key authentication
2025-11-28 18:33:32.571 66619 INFO tempest.lib.common.rest_client [req-1f6de963-7188-49f0-96de-41b9b7ac2fee req-1f6de963-7188-49f0-96de-41b9b7ac2fee ] Request (ServerTagsTestJSON:setUpClass): 200 GET http://10.180.1.21/compute/v2.1/servers/9fc76834-8c6d-44fe-b2d3-e6be86577d72 2.416s
2025-11-28 18:33:33.118 66609 INFO tempest.lib.common.rest_client [req-37b0ece6-8b62-4dae-b61d-36059914da8f req-37b0ece6-8b62-4dae-b61d-36059914da8f ] Request (FloatingIPsAssociationTestJSON:setUpClass): 200 GET http://10.180.1.21/compute/v2.1/servers/2c07c088-61fb-4cb4-8e46-64fd4cd745f6 2.895s
2025-11-28 18:33:33.126 66609 INFO tempest.common.waiters [-] State transition "BUILD/None" ==> "BUILD/spawning" after 22 second wait
2025-11-28 18:33:33.329 66647 INFO tempest.lib.common.rest_client [req-377a46a7-619f-4f41-a502-ead8e8c2fed0 req-377a46a7-619f-4f41-a502-ead8e8c2fed0 ] Request (InstanceActionsNegativeTestJSON:tearDownClass): 200 GET http://10.180.1.21/compute/v2.1/servers/94147215-8ede-43e8-9d40-be48f3c9f26e 3.048s
2025-11-28 18:33:33.817 66593 INFO tempest.lib.common.rest_client [req-d74704ad-fe32-4234-a563-f1292419f234 req-d74704ad-fe32-4234-a563-f1292419f234 ] Request (FloatingIPsAssociationNegativeTestJSON:_run_cleanups): 202 DELETE http://10.180.1.21/compute/v2.1/os-floating-ips/04b0eae6-6450-4f3b-8830-813f98d2c518 3.610s
2025-11-28 18:33:33.852 66605 INFO tempest.lib.common.rest_client [req-247070d3-13e6-4fdf-89a2-451e263690e0 req-247070d3-13e6-4fdf-89a2-451e263690e0 ] Request (ServerRescueTestJSON:setUpClass): 200 GET http://10.180.1.21/compute/v2.1/servers/8ea8e2be-8671-44db-9b90-cd8172d7c831 3.516s
2025-11-28 18:33:33.910 66641 INFO tempest.lib.common.rest_client [req-2d7d2ca2-5c94-4495-9805-fcbcdc2f3f9c req-2d7d2ca2-5c94-4495-9805-fcbcdc2f3f9c ] Request (DeleteServersAdminTestJSON:test_delete_server_while_in_error_state): 200 GET http://10.180.1.21/compute/v2.1/servers/401aef07-e32e-4816-a349-ec5bc47af3da 3.568s
2025-11-28 18:33:33.927 66651 INFO tempest.lib.common.rest_client [req-93889c8f-9c9e-4701-9c89-554b91ea9573 req-93889c8f-9c9e-4701-9c89-554b91ea9573 ] Request (ServersTestJSON:setUpClass): 200 GET http://10.180.1.21/compute/v2.1/servers/13e4ce1d-642e-4e39-bac4-98592fcdf089 3.540s
2025-11-28 18:33:33.935 66597 INFO tempest.lib.common.rest_client [req-f9cc71f1-4835-4b6a-84ca-0987113a33b6 req-f9cc71f1-4835-4b6a-84ca-0987113a33b6 ] Request (ServersAdmin275Test:tearDownClass): 404 GET http://10.180.1.21/compute/v2.1/servers/7268c281-0f4a-4896-95c6-0be66caac2fe 3.498s
2025-11-28 18:33:34.030 66643 INFO tempest.lib.common.rest_client [req-7d174900-8c28-4fa1-aca2-6ca218da7e65 req-7d174900-8c28-4fa1-aca2-6ca218da7e65 ] Request (ImagesNegativeTestJSON:test_create_image_from_deleted_server): 200 GET http://10.180.1.21/compute/v2.1/servers/ff5117cb-afa2-4039-9da7-a4996b604b92 3.502s
2025-11-28 18:33:34.049 66645 INFO tempest.lib.common.rest_client [req-aa114fcc-b296-4bae-a072-bafdc7077965 req-aa114fcc-b296-4bae-a072-bafdc7077965 ] Request (ServersTestBootFromVolume:tearDownClass): 204 DELETE http://10.180.1.21/compute/v2.1/servers/7e39d616-18e2-4604-ba45-da3103eb3aaa 3.365s
2025-11-28 18:33:34.072 66597 INFO tempest.lib.common.rest_client [req-e2c5716e-bcc8-46c3-93b4-7f48479337e4 req-e2c5716e-bcc8-46c3-93b4-7f48479337e4 ] Request (ServersAdmin275Test:tearDownClass): 204 DELETE http://10.180.1.21/identity/v3/users/bd4ffaf4b7aa4cc2b893311ac9ef8a1d 0.136s
2025-11-28 18:33:34.090 66639 INFO tempest.lib.common.rest_client [req-4dff1931-55d6-4349-b78e-396fdf22db9a req-4dff1931-55d6-4349-b78e-396fdf22db9a ] Request (ServersTestJSON:test_create_server_specify_multibyte_character_name): 200 GET http://10.180.1.21/compute/v2.1/servers/490e436a-6ce1-4a67-a430-2434ac7c8d2f 3.392s
2025-11-28 18:33:34.113 66611 INFO tempest.lib.common.rest_client [req-ed779cf4-3665-4cf9-bfc7-63532f72d447 req-ed779cf4-3665-4cf9-bfc7-63532f72d447 ] Request (ListServersNegativeTestJSON:tearDownClass): 404 GET http://10.180.1.21/compute/v2.1/servers/f1cbb306-1ff8-48cc-a2e3-376174be8976 3.098s
2025-11-28 18:33:34.119 66599 INFO tempest.lib.common.rest_client [req-6676eccf-f86b-40cf-bb3a-4d14fea0f008 req-6676eccf-f86b-40cf-bb3a-4d14fea0f008 ] Request (TestVersions:test_get_version_details): 200 GET http://10.180.1.21/compute/v2/ 2.954s
2025-11-28 18:33:34.197 66595 INFO tempest.lib.common.rest_client [req-cec854c8-6b90-4085-9a25-656c6992382e req-cec854c8-6b90-4085-9a25-656c6992382e ] Request (DeleteServersTestJSON:test_delete_server_while_in_attached_volume): 200 GET http://10.180.1.21/compute/v2.1/servers/9b1e0682-4487-470e-b09e-f8f43146d0cd 2.913s
2025-11-28 18:33:34.243 66597 INFO tempest.lib.common.rest_client [req-9abae847-1b36-4b8f-bde8-26ff3b4a44ed req-9abae847-1b36-4b8f-bde8-26ff3b4a44ed ] Request (ServersAdmin275Test:tearDownClass): 204 DELETE http://10.180.1.21/identity/v3/users/974bcc08261b4fcdb75ce28a1d3144c3 0.169s
2025-11-28 18:33:34.243 66597 INFO tempest.lib.common.dynamic_creds [-] Deleting project and security group for project: cf1fa7b85e6a4fd9bf627a51cd6bcc61
2025-11-28 18:33:34.271 66629 INFO tempest.lib.common.rest_client [req-fbfa9ff2-92fb-4da4-8295-b78c0e1df18b req-fbfa9ff2-92fb-4da4-8295-b78c0e1df18b ] Request (AggregatesAdminNegativeTestJSON:_run_cleanups): 200 DELETE http://10.180.1.21/compute/v2.1/os-aggregates/7 2.863s
2025-11-28 18:33:34.322 66597 INFO tempest.lib.common.rest_client [req-752e76f8-4f9c-4f0c-b4b8-772c0dcc8289 req-752e76f8-4f9c-4f0c-b4b8-772c0dcc8289 ] Request (ServersAdmin275Test:tearDownClass): 201 POST http://10.180.1.21/identity/v3/auth/tokens 0.078s
2025-11-28 18:33:34.353 66621 INFO tempest.lib.common.rest_client [req-ce6fd513-0df8-45cd-aac0-0f55a2f86b1f req-ce6fd513-0df8-45cd-aac0-0f55a2f86b1f ] Request (ServersV294TestFqdnHostnames:tearDownClass): 200 GET http://10.180.1.21/compute/v2.1/servers/1015b363-9a81-4484-bbab-855aeee84696 2.811s
2025-11-28 18:33:34.399 66613 INFO tempest.lib.common.rest_client [req-2da3a7d4-70f1-416f-8f25-9e158c52d197 req-2da3a7d4-70f1-416f-8f25-9e158c52d197 ] Request (FlavorsAdminTestJSON:test_is_public_string_variations): 200 GET http://10.180.1.21/compute/v2.1/flavors/detail?is_public=t 2.745s
2025-11-28 18:33:34.432 66615 INFO tempest.lib.common.rest_client [req-fd76ef09-1d49-4bd6-aedb-9a0ef0b84825 req-fd76ef09-1d49-4bd6-aedb-9a0ef0b84825 ] Request (KeyPairsNegativeTestJSON:test_keypair_create_with_invalid_pub_key): 400 POST http://10.180.1.21/compute/v2.1/os-keypairs 2.768s
2025-11-28 18:33:34.501 66601 INFO tempest.lib.common.rest_client [req-50fd8a57-ee71-46b5-a364-a3cbb945d72d req-50fd8a57-ee71-46b5-a364-a3cbb945d72d ] Request (ServerShowV254Test:test_rebuild_server): 200 GET http://10.180.1.21/compute/v2.1/servers/2620a83a-4bdd-4c33-8142-f786f998ff3b 2.815s
2025-11-28 18:33:34.509 66637 INFO tempest.lib.common.rest_client [req-7830be7b-8430-46ca-acff-23bb6b085bc9 req-7830be7b-8430-46ca-acff-23bb6b085bc9 ] Request (ServersAdminTestJSON:test_inject_network_info): 202 POST http://10.180.1.21/compute/v2.1/servers 3.552s
2025-11-28 18:33:34.530 66597 INFO tempest.lib.common.rest_client [req-c4c96ddb-b8c0-4df9-9f3e-1a2ddccad810 req-c4c96ddb-b8c0-4df9-9f3e-1a2ddccad810 ] Request (ServersAdmin275Test:tearDownClass): 200 GET http://10.180.1.21/networking/v2.0/security-groups?tenant_id=cf1fa7b85e6a4fd9bf627a51cd6bcc61&name=default 0.207s
2025-11-28 18:33:34.643 66597 INFO tempest.lib.common.rest_client [req-73125d3f-c41b-44bc-ad32-8a71a3e4bc5f req-73125d3f-c41b-44bc-ad32-8a71a3e4bc5f ] Request (ServersAdmin275Test:tearDownClass): 204 DELETE http://10.180.1.21/networking/v2.0/security-groups/6a18c1e4-cc60-44fc-ac5d-51a4a7354145 0.112s
2025-11-28 18:33:34.677 66649 INFO tempest.lib.common.rest_client [req-ba941207-96bd-4f82-8823-1adf27c88fe9 req-ba941207-96bd-4f82-8823-1adf27c88fe9 ] Request (ServerRescueTestJSONUnderV235:setUpClass): 200 GET http://10.180.1.21/compute/v2.1/servers/906ef861-9b3e-4bcd-9ac9-b13c7ac92a40 2.810s
2025-11-28 18:33:34.736 66597 INFO tempest.lib.common.rest_client [req-9d8a2f52-ab8a-4b38-a84f-674650e2885d req-9d8a2f52-ab8a-4b38-a84f-674650e2885d ] Request (ServersAdmin275Test:tearDownClass): 204 DELETE http://10.180.1.21/identity/v3/projects/cf1fa7b85e6a4fd9bf627a51cd6bcc61 0.093s
2025-11-28 18:33:34.737 66597 INFO tempest.lib.common.dynamic_creds [-] Deleting project and security group for project: 42b538e6696e4f4298610d997f4fa00e
2025-11-28 18:33:34.793 66625 INFO tempest.lib.common.rest_client [req-53fa7696-7a46-46d1-921a-5d866de2bb5a req-53fa7696-7a46-46d1-921a-5d866de2bb5a ] Request (ServerShowV247Test:tearDownClass): 200 GET http://10.180.1.21/compute/v2.1/servers/ea62e880-ec32-4df9-bc16-e2e9ce448c62 2.684s
2025-11-28 18:33:34.843 66631 INFO tempest.lib.common.rest_client [req-8f0cc076-a9af-4cb3-bfbc-7c0fbaacf83f req-8f0cc076-a9af-4cb3-bfbc-7c0fbaacf83f ] Request (ImagesTestJSON:test_create_image_from_stopped_server): 200 GET http://10.180.1.21/compute/v2.1/images/4fb900b0-763e-4815-8708-028936b7ca1d 2.681s
2025-11-28 18:33:34.888 66633 INFO tempest.lib.common.rest_client [req-7b84a67d-2e3e-4833-929e-e0e3187851e5 req-7b84a67d-2e3e-4833-929e-e0e3187851e5 ] Request (VolumesTestJSON:setUpClass): 200 GET http://10.180.1.21/compute/v2.1/os-volumes/86de1c15-0fa1-4cb5-a5cf-ff2fc31081df 2.689s
2025-11-28 18:33:34.891 66597 INFO tempest.lib.common.rest_client [req-19db0d2d-5762-4f60-9b63-07beded45a1a req-19db0d2d-5762-4f60-9b63-07beded45a1a ] Request (ServersAdmin275Test:tearDownClass): 200 GET http://10.180.1.21/networking/v2.0/security-groups?tenant_id=42b538e6696e4f4298610d997f4fa00e&name=default 0.154s
2025-11-28 18:33:35.088 66597 INFO tempest.lib.common.rest_client [req-08aed400-ed21-4fdc-8ca7-c597b4dd1e72 req-08aed400-ed21-4fdc-8ca7-c597b4dd1e72 ] Request (ServersAdmin275Test:tearDownClass): 204 DELETE http://10.180.1.21/networking/v2.0/security-groups/9bc5bfc0-f620-4dc0-bff7-f17164308887 0.196s
2025-11-28 18:33:35.127 66635 INFO tempest.lib.common.rest_client [req-2baa2cd9-ad4a-4f3b-878c-4d386c325b45 req-2baa2cd9-ad4a-4f3b-878c-4d386c325b45 ] Request (ServerAddressesTestJSON:setUpClass): 200 GET http://10.180.1.21/compute/v2.1/servers/f4034ff0-56b8-4906-875f-39f15b07c238 2.871s
2025-11-28 18:33:35.134 66603 INFO tempest.lib.common.rest_client [req-9297c1c2-f1bf-4c63-a026-ccef459b9a0c req-9297c1c2-f1bf-4c63-a026-ccef459b9a0c ] Request (SecurityGroupsTestJSON:test_list_security_groups_by_server): 202 POST http://10.180.1.21/compute/v2.1/servers/06398dd2-b6a0-4796-b4c5-c01c8a144940/action 3.074s
2025-11-28 18:33:35.154 66633 INFO tempest.lib.common.rest_client [req-a4ac75eb-c4de-45a0-a686-5daef060cc68 req-a4ac75eb-c4de-45a0-a686-5daef060cc68 ] Request (VolumesTestJSON:setUpClass): 202 POST http://10.180.1.21/volume/v3/volumes 0.263s
2025-11-28 18:33:35.202 66633 INFO tempest.lib.common.rest_client [req-ae250977-f5d0-46db-a890-6e4c07df88b3 req-ae250977-f5d0-46db-a890-6e4c07df88b3 ] Request (VolumesTestJSON:setUpClass): 200 GET http://10.180.1.21/volume/v3/volumes/1a982455-3921-410c-8880-ad97fe48d7e1 0.041s
2025-11-28 18:33:35.275 66597 INFO tempest.lib.common.rest_client [req-863666fb-c7d3-4f51-8e85-8f9e6fd410ad req-863666fb-c7d3-4f51-8e85-8f9e6fd410ad ] Request (ServersAdmin275Test:tearDownClass): 204 DELETE http://10.180.1.21/identity/v3/projects/42b538e6696e4f4298610d997f4fa00e 0.186s
2025-11-28 18:33:35.373 66617 INFO tempest.lib.common.rest_client [req-6739c2b3-dd77-44b5-b582-c01e872a2360 req-6739c2b3-dd77-44b5-b582-c01e872a2360 ] Request (ServerDiagnosticsTest:test_get_server_diagnostics): 200 GET http://10.180.1.21/compute/v2.1/servers/e18e8035-ecd4-47d6-9e0b-4689f94c7316 2.734s
2025-11-28 18:33:35.381 66617 INFO tempest.common.waiters [-] State transition "BUILD/spawning" ==> "ACTIVE/None" after 29 second wait
2025-11-28 18:33:35.383 66597 INFO tempest.lib.common.rest_client [req-9e4f07d3-07c8-4d03-a74e-8487c45262db req-9e4f07d3-07c8-4d03-a74e-8487c45262db ] Request (FloatingIPsTestJSON:setUpClass): 201 POST http://10.180.1.21/identity/v3/auth/tokens 0.105s
2025-11-28 18:33:35.400 66623 INFO tempest.lib.common.rest_client [req-1a3ee961-acfc-45cc-850c-1923611fe0c3 req-1a3ee961-acfc-45cc-850c-1923611fe0c3 ] Request (MigrationsAdminTest:test_list_migrations_in_flavor_resize_situation): 200 GET http://10.180.1.21/compute/v2.1/servers/0c5c9742-a48d-4721-8ca5-2ea76ae1725a 2.900s
2025-11-28 18:33:35.426 66597 INFO tempest.lib.common.rest_client [req-037d3b34-9b79-4a9a-8fad-a00cabf5e3ea req-037d3b34-9b79-4a9a-8fad-a00cabf5e3ea ] Request (FloatingIPsTestJSON:setUpClass): 201 POST http://10.180.1.21/identity/v3/auth/tokens 0.040s
2025-11-28 18:33:35.459 66597 INFO tempest.lib.common.rest_client [req-51074bb4-c291-44cd-92f4-1fb5d4af0ce3 req-51074bb4-c291-44cd-92f4-1fb5d4af0ce3 ] Request (FloatingIPsTestJSON:setUpClass): 200 GET http://10.180.1.21/identity/v3/domains?name=Default 0.033s
2025-11-28 18:33:35.501 66597 INFO tempest.lib.common.rest_client [req-508d21af-f9ab-432a-a8a7-f37a9e3eb4f0 req-508d21af-f9ab-432a-a8a7-f37a9e3eb4f0 ] Request (FloatingIPsTestJSON:setUpClass): 201 POST http://10.180.1.21/identity/v3/projects 0.041s
2025-11-28 18:33:35.524 66591 WARNING tempest.lib.common.ssh [-] Failed to establish authenticated ssh connection to cirros@10.180.180.248 ([Errno None] Unable to connect to port 22 on 10.180.180.248). Number attempts: 1. Retry after 2 seconds.: paramiko.ssh_exception.NoValidConnectionsError: [Errno None] Unable to connect to port 22 on 10.180.180.248
2025-11-28 18:33:35.526 66607 INFO tempest.lib.common.rest_client [req-37d4f9bd-85ab-4d6f-99f0-c8d9fb121a32 req-37d4f9bd-85ab-4d6f-99f0-c8d9fb121a32 ] Request (ImagesOneServerNegativeTestJSON:tearDown): 200 GET http://10.180.1.21/compute/v2.1/servers/8d3e8729-3296-40fb-a80f-b41503d0c666 2.158s
2025-11-28 18:33:35.536 66607 INFO tempest.common.waiters [-] State transition "ACTIVE/image_uploading" ==> "ACTIVE/None" after 12 second wait
2025-11-28 18:33:35.577 66619 INFO tempest.lib.common.rest_client [req-1c7b2017-f4e8-49ac-8825-9ad0d40b7a0f req-1c7b2017-f4e8-49ac-8825-9ad0d40b7a0f ] Request (ServerTagsTestJSON:setUpClass): 200 GET http://10.180.1.21/compute/v2.1/servers/9fc76834-8c6d-44fe-b2d3-e6be86577d72 1.991s
2025-11-28 18:33:35.585 66597 INFO tempest.lib.common.rest_client [req-509369b4-8565-4b19-883c-22d197c3a33c req-509369b4-8565-4b19-883c-22d197c3a33c ] Request (FloatingIPsTestJSON:setUpClass): 201 POST http://10.180.1.21/identity/v3/users 0.083s
2025-11-28 18:33:35.612 66597 INFO tempest.lib.common.rest_client [req-2494eb65-b61b-4b26-b49d-8588a453311d req-2494eb65-b61b-4b26-b49d-8588a453311d ] Request (FloatingIPsTestJSON:setUpClass): 200 GET http://10.180.1.21/identity/v3/roles 0.026s
2025-11-28 18:33:35.644 66597 INFO tempest.lib.common.rest_client [req-ed1e631f-9e94-42f8-9c77-ad382b5ea5ba req-ed1e631f-9e94-42f8-9c77-ad382b5ea5ba ] Request (FloatingIPsTestJSON:setUpClass): 204 PUT http://10.180.1.21/identity/v3/projects/855f9473686c4b74a8fa5455ad562abd/users/c94fb50e5e89482fba79e1d9d52ca63e/roles/f678b5a156b94d31b0ff3328a885c991 0.031s
2025-11-28 18:33:35.644 66597 INFO tempest.lib.common.dynamic_creds [-] Dynamic test user c94fb50e5e89482fba79e1d9d52ca63e is created with scope project and roles: ['member']
2025-11-28 18:33:35.644 66597 INFO tempest.lib.common.dynamic_creds [-] Acquired dynamic creds: credentials: Credentials: {'domain_id': 'default', 'domain_name': 'Default', 'username': 'tempest-FloatingIPsTestJSON-61436535-project-member', 'project_domain_id': 'default', 'project_domain_name': 'Default', 'project_id': '855f9473686c4b74a8fa5455ad562abd', 'project_name': 'tempest-FloatingIPsTestJSON-61436535', 'tenant_id': '855f9473686c4b74a8fa5455ad562abd', 'tenant_name': 'tempest-FloatingIPsTestJSON-61436535', 'user_domain_id': 'default', 'user_domain_name': 'Default', 'user_id': 'c94fb50e5e89482fba79e1d9d52ca63e', 'system': None}, Network: None, Subnet: None, Router: None
2025-11-28 18:33:35.709 66597 INFO tempest.lib.common.rest_client [req-1cd956d8-5eb6-4254-a5f3-cdfc45df154c req-1cd956d8-5eb6-4254-a5f3-cdfc45df154c ] Request (FloatingIPsTestJSON:setUpClass): 201 POST http://10.180.1.21/identity/v3/auth/tokens 0.065s
2025-11-28 18:33:35.763 66645 INFO tempest.lib.common.rest_client [req-e3e70a4a-9759-4e48-995d-108f5291f844 req-e3e70a4a-9759-4e48-995d-108f5291f844 ] Request (ServersTestBootFromVolume:tearDownClass): 200 GET http://10.180.1.21/compute/v2.1/servers/7e39d616-18e2-4604-ba45-da3103eb3aaa 1.713s
2025-11-28 18:33:35.861 66611 INFO tempest.lib.common.rest_client [req-bd0444f5-255f-4923-ac47-db9320fce5a8 req-bd0444f5-255f-4923-ac47-db9320fce5a8 ] Request (ListServersNegativeTestJSON:tearDownClass): 200 GET http://10.180.1.21/compute/v2.1/servers/e5bc36de-e829-45e3-89d2-7b2e4060b9cb 1.748s
2025-11-28 18:33:35.867 66599 INFO tempest.lib.common.rest_client [req-470d05d7-9ba6-4312-b3cb-bdfca29a9655 req-470d05d7-9ba6-4312-b3cb-bdfca29a9655 ] Request (TestVersions:test_get_version_details): 200 GET http://10.180.1.21/compute/v2.1/ 1.746s
2025-11-28 18:33:36.134 66597 INFO tempest.lib.common.rest_client [req-a38caf57-12e4-4d3b-91ac-46df2d444d37 req-a38caf57-12e4-4d3b-91ac-46df2d444d37 ] Request (FloatingIPsTestJSON:setUpClass): 201 POST http://10.180.1.21/networking/v2.0/networks 0.424s
2025-11-28 18:33:36.180 66609 INFO tempest.lib.common.rest_client [req-1368a76d-f8c2-4907-acb2-0f8267878647 req-1368a76d-f8c2-4907-acb2-0f8267878647 ] Request (FloatingIPsAssociationTestJSON:setUpClass): 200 GET http://10.180.1.21/compute/v2.1/servers/2c07c088-61fb-4cb4-8e46-64fd4cd745f6 2.053s
2025-11-28 18:33:36.208 66629 INFO tempest.lib.common.rest_client [req-b161f58e-bd61-4758-8853-214ccb071aec req-b161f58e-bd61-4758-8853-214ccb071aec ] Request (AggregatesAdminNegativeTestJSON:test_aggregate_remove_nonexistent_host): 200 POST http://10.180.1.21/compute/v2.1/os-aggregates 1.935s
2025-11-28 18:33:36.238 66589 INFO tempest.lib.common.rest_client [req-57759758-dad8-4fda-a173-7c1e3bafb7c6 req-57759758-dad8-4fda-a173-7c1e3bafb7c6 ] Request (HostsAdminTestJSON:test_list_hosts_with_zone): 200 GET http://10.180.1.21/compute/v2.1/os-hosts 1.954s
2025-11-28 18:33:36.254 66633 INFO tempest.lib.common.rest_client [req-da0f278d-738a-4850-a066-e1d4c7126ec7 req-da0f278d-738a-4850-a066-e1d4c7126ec7 ] Request (VolumesTestJSON:setUpClass): 200 GET http://10.180.1.21/volume/v3/volumes/1a982455-3921-410c-8880-ad97fe48d7e1 0.044s
2025-11-28 18:33:36.263 66633 INFO tempest.common.waiters [-] volume 1a982455-3921-410c-8880-ad97fe48d7e1 reached available after waiting for 1.262974 seconds
2025-11-28 18:33:36.385 66597 INFO tempest.lib.common.rest_client [req-0925094f-036d-4dc3-8255-f55060c3b430 req-0925094f-036d-4dc3-8255-f55060c3b430 ] Request (FloatingIPsTestJSON:setUpClass): 201 POST http://10.180.1.21/networking/v2.0/subnets 0.251s
2025-11-28 18:33:36.414 66647 INFO tempest.lib.common.rest_client [req-44b5698d-46dc-40d1-ac5b-7d43105c7b28 req-44b5698d-46dc-40d1-ac5b-7d43105c7b28 ] Request (InstanceActionsNegativeTestJSON:tearDownClass): 200 GET http://10.180.1.21/compute/v2.1/servers/94147215-8ede-43e8-9d40-be48f3c9f26e 2.075s
2025-11-28 18:33:36.446 66613 INFO tempest.lib.common.rest_client [req-53c924ce-2cc6-4bc9-bd92-199f11e4c126 req-53c924ce-2cc6-4bc9-bd92-199f11e4c126 ] Request (FlavorsAdminTestJSON:test_is_public_string_variations): 200 GET http://10.180.1.21/compute/v2.1/flavors/detail?is_public=true 2.041s
2025-11-28 18:33:36.464 66615 INFO tempest.lib.common.rest_client [req-1fc458ee-0354-4dca-b378-ffd7bac4fadc req-1fc458ee-0354-4dca-b378-ffd7bac4fadc ] Request (KeyPairsNegativeTestJSON:test_keypair_delete_nonexistent_key): 404 DELETE http://10.180.1.21/compute/v2.1/os-keypairs/tempest-keypair-non-existent-287310617 2.029s
2025-11-28 18:33:36.625 66615 INFO tempest.lib.common.rest_client [req-d79e7784-13d5-405a-9f94-6c69219a7828 req-d79e7784-13d5-405a-9f94-6c69219a7828 ] Request (KeyPairsNegativeTestJSON:tearDownClass): 204 DELETE http://10.180.1.21/identity/v3/users/9cf662520726495cb0a1a00099cb2cb0 0.159s
2025-11-28 18:33:36.626 66615 INFO tempest.lib.common.dynamic_creds [-] Deleting project and security group for project: 39c10042d344467095884731af1235fb
2025-11-28 18:33:36.665 66637 INFO tempest.lib.common.rest_client [req-c4788aa3-a179-493f-a8ae-d5c82b37e444 req-c4788aa3-a179-493f-a8ae-d5c82b37e444 ] Request (ServersAdminTestJSON:test_inject_network_info): 200 GET http://10.180.1.21/compute/v2.1/servers/59928aa0-9de2-4d13-8e84-449a3d5fe0fe 2.154s
2025-11-28 18:33:36.709 66615 INFO tempest.lib.common.rest_client [req-a9c3a961-f507-4d9c-9e46-725a91705f7c req-a9c3a961-f507-4d9c-9e46-725a91705f7c ] Request (KeyPairsNegativeTestJSON:tearDownClass): 201 POST http://10.180.1.21/identity/v3/auth/tokens 0.083s
2025-11-28 18:33:37.387 66597 INFO tempest.lib.common.rest_client [req-a513f694-867c-4dfa-b064-b033b9e9479b req-a513f694-867c-4dfa-b064-b033b9e9479b ] Request (FloatingIPsTestJSON:setUpClass): 201 POST http://10.180.1.21/networking/v2.0/routers 1.001s
2025-11-28 18:33:37.424 66615 INFO tempest.lib.common.rest_client [req-f1ba10d6-319e-4718-8c01-2c6fa9d70161 req-f1ba10d6-319e-4718-8c01-2c6fa9d70161 ] Request (KeyPairsNegativeTestJSON:tearDownClass): 200 GET http://10.180.1.21/networking/v2.0/security-groups?tenant_id=39c10042d344467095884731af1235fb&name=default 0.715s
2025-11-28 18:33:37.486 66605 INFO tempest.lib.common.rest_client [req-3e5f87b1-c9a0-4dfe-ad02-64a5128d0c09 req-3e5f87b1-c9a0-4dfe-ad02-64a5128d0c09 ] Request (ServerRescueTestJSON:setUpClass): 200 GET http://10.180.1.21/compute/v2.1/servers/8ea8e2be-8671-44db-9b90-cd8172d7c831 2.623s
2025-11-28 18:33:37.496 66605 INFO tempest.common.waiters [-] State transition "BUILD/None" ==> "BUILD/networking" after 26 second wait
2025-11-28 18:33:38.406 66597 INFO tempest.lib.common.rest_client [req-d25b30bb-ce33-44be-9e6c-0758e91226a6 req-d25b30bb-ce33-44be-9e6c-0758e91226a6 ] Request (FloatingIPsTestJSON:setUpClass): 200 PUT http://10.180.1.21/networking/v2.0/routers/ae34c06d-6045-45f8-8084-a2a22d792bb3/add_router_interface 1.019s
2025-11-28 18:33:38.407 66597 INFO tempest.lib.common.dynamic_creds [-] Created isolated network resources for: credentials: Credentials: {'domain_id': 'default', 'domain_name': 'Default', 'username': 'tempest-FloatingIPsTestJSON-61436535-project-member', 'project_domain_id': 'default', 'project_domain_name': 'Default', 'project_id': '855f9473686c4b74a8fa5455ad562abd', 'project_name': 'tempest-FloatingIPsTestJSON-61436535', 'tenant_id': '855f9473686c4b74a8fa5455ad562abd', 'tenant_name': 'tempest-FloatingIPsTestJSON-61436535', 'user_domain_id': 'default', 'user_domain_name': 'Default', 'user_id': 'c94fb50e5e89482fba79e1d9d52ca63e', 'system': None}, Network: {'id': '94995fa0-5d5d-4809-9cff-e37b19486380', 'name': 'tempest-FloatingIPsTestJSON-1403794423-network', 'tenant_id': '855f9473686c4b74a8fa5455ad562abd', 'project_id': '855f9473686c4b74a8fa5455ad562abd', 'admin_state_up': True, 'mtu': 8950, 'status': 'ACTIVE', 'subnets': [], 'shared': False, 'port_security_enabled': True, 'router:external': False, 'provider:network_type': 'vlan', 'provider:physical_network': 'default', 'provider:segmentation_id': 333, 'availability_zone_hints': [], 'availability_zones': [], 'ipv4_address_scope': None, 'ipv6_address_scope': None, 'description': '', 'tags': [], 'created_at': '2025-11-28T18:33:36Z', 'updated_at': '2025-11-28T18:33:36Z', 'revision_number': 1}, Subnet: {'id': '3e87f99a-29b2-4c7d-b7b0-6a4e4058fbd4', 'name': 'tempest-FloatingIPsTestJSON-1403794423-subnet', 'tenant_id': '855f9473686c4b74a8fa5455ad562abd', 'network_id': '94995fa0-5d5d-4809-9cff-e37b19486380', 'ip_version': 4, 'subnetpool_id': None, 'enable_dhcp': True, 'ipv6_ra_mode': None, 'ipv6_address_mode': None, 'gateway_ip': '192.168.128.1', 'cidr': '192.168.128.0/28', 'allocation_pools': [{'start': '192.168.128.2', 'end': '192.168.128.14'}], 'host_routes': [], 'dns_nameservers': [], 'description': '', 'router:external': False, 'service_types': [], 'tags': [], 'created_at': '2025-11-28T18:33:36Z', 'updated_at': '2025-11-28T18:33:36Z', 'revision_number': 0, 'project_id': '855f9473686c4b74a8fa5455ad562abd'}, Router: {'id': 'ae34c06d-6045-45f8-8084-a2a22d792bb3', 'name': 'tempest-FloatingIPsTestJSON-1403794423-router', 'tenant_id': '855f9473686c4b74a8fa5455ad562abd', 'admin_state_up': True, 'status': 'ACTIVE', 'external_gateway_info': {'network_id': '992866d4-49e7-4c13-a122-a87e5fd8a52a', 'external_fixed_ips': [{'subnet_id': '70828788-ab19-4b1e-a7b8-b76d12211874', 'ip_address': '10.180.180.221'}], 'enable_snat': True}, 'description': '', 'availability_zones': [], 'distributed': False, 'ha': False, 'availability_zone_hints': [], 'routes': [], 'flavor_id': None, 'tags': [], 'created_at': '2025-11-28T18:33:36Z', 'updated_at': '2025-11-28T18:33:37Z', 'revision_number': 2, 'project_id': '855f9473686c4b74a8fa5455ad562abd'}
2025-11-28 18:33:38.516 66597 INFO tempest.lib.common.rest_client [req-a41ea40d-bef8-4d70-970d-07ffbe183040 req-a41ea40d-bef8-4d70-970d-07ffbe183040 ] Request (FloatingIPsTestJSON:setUpClass): 201 POST http://10.180.1.21/identity/v3/auth/tokens 0.103s
2025-11-28 18:33:38.520 66615 INFO tempest.lib.common.rest_client [req-b28af954-2d6d-451a-ad8e-293b2e56646f req-b28af954-2d6d-451a-ad8e-293b2e56646f ] Request (KeyPairsNegativeTestJSON:tearDownClass): 204 DELETE http://10.180.1.21/networking/v2.0/security-groups/e9f4a839-11d7-4873-944d-91bfb2b1ba48 1.094s
2025-11-28 18:33:38.589 66591 WARNING tempest.lib.common.ssh [-] Failed to establish authenticated ssh connection to cirros@10.180.180.248 ([Errno None] Unable to connect to port 22 on 10.180.180.248). Number attempts: 2. Retry after 3 seconds.: paramiko.ssh_exception.NoValidConnectionsError: [Errno None] Unable to connect to port 22 on 10.180.180.248
2025-11-28 18:33:38.597 66615 INFO tempest.lib.common.rest_client [req-e1aaf451-10d6-489a-8549-b7c59182c63a req-e1aaf451-10d6-489a-8549-b7c59182c63a ] Request (KeyPairsNegativeTestJSON:tearDownClass): 204 DELETE http://10.180.1.21/identity/v3/projects/39c10042d344467095884731af1235fb 0.075s
2025-11-28 18:33:38.605 66641 INFO tempest.lib.common.rest_client [req-c7f31005-be6f-4f61-8756-bbb98d3a2d1c req-c7f31005-be6f-4f61-8756-bbb98d3a2d1c ] Request (DeleteServersAdminTestJSON:test_delete_server_while_in_error_state): 200 GET http://10.180.1.21/compute/v2.1/servers/401aef07-e32e-4816-a349-ec5bc47af3da 3.685s
2025-11-28 18:33:38.616 66641 INFO tempest.common.waiters [-] State transition "ERROR/deleting" ==> "DELETED/None" after 5 second wait
2025-11-28 18:33:38.654 66627 WARNING tempest.lib.common.ssh [-] Failed to establish authenticated ssh connection to cirros@10.180.180.165 ([Errno None] Unable to connect to port 22 on 10.180.180.165). Number attempts: 8. Retry after 9 seconds.: paramiko.ssh_exception.NoValidConnectionsError: [Errno None] Unable to connect to port 22 on 10.180.180.165
2025-11-28 18:33:38.683 66615 INFO tempest.lib.common.rest_client [req-7b1a347d-d338-4b41-afe2-b50beae0f7b8 req-7b1a347d-d338-4b41-afe2-b50beae0f7b8 ] Request (ServerGroupTestJSON:setUpClass): 201 POST http://10.180.1.21/identity/v3/auth/tokens 0.084s
2025-11-28 18:33:38.723 66615 INFO tempest.lib.common.rest_client [req-7704d76e-c99a-4320-9202-bc4563ccb861 req-7704d76e-c99a-4320-9202-bc4563ccb861 ] Request (ServerGroupTestJSON:setUpClass): 201 POST http://10.180.1.21/identity/v3/auth/tokens 0.038s
2025-11-28 18:33:38.752 66651 INFO tempest.lib.common.rest_client [req-63f8b27e-b798-4c23-8eee-42923ddd0c8c req-63f8b27e-b798-4c23-8eee-42923ddd0c8c ] Request (ServersTestJSON:setUpClass): 200 GET http://10.180.1.21/compute/v2.1/servers/13e4ce1d-642e-4e39-bac4-98592fcdf089 3.815s
2025-11-28 18:33:38.758 66615 INFO tempest.lib.common.rest_client [req-cae4d96c-eb96-4efc-a381-94edaf1f0a59 req-cae4d96c-eb96-4efc-a381-94edaf1f0a59 ] Request (ServerGroupTestJSON:setUpClass): 200 GET http://10.180.1.21/identity/v3/domains?name=Default 0.035s
2025-11-28 18:33:38.812 66615 INFO tempest.lib.common.rest_client [req-1ca414f6-b9c5-48a5-bc9d-7fdbe6a64079 req-1ca414f6-b9c5-48a5-bc9d-7fdbe6a64079 ] Request (ServerGroupTestJSON:setUpClass): 201 POST http://10.180.1.21/identity/v3/projects 0.053s
2025-11-28 18:33:38.885 66615 INFO tempest.lib.common.rest_client [req-47f65f36-214d-45b3-bf25-c48bb2a5092f req-47f65f36-214d-45b3-bf25-c48bb2a5092f ] Request (ServerGroupTestJSON:setUpClass): 201 POST http://10.180.1.21/identity/v3/users 0.072s
2025-11-28 18:33:38.913 66615 INFO tempest.lib.common.rest_client [req-e9a821e5-c283-4ae8-a714-711ddd762d9b req-e9a821e5-c283-4ae8-a714-711ddd762d9b ] Request (ServerGroupTestJSON:setUpClass): 200 GET http://10.180.1.21/identity/v3/roles 0.028s
2025-11-28 18:33:38.963 66615 INFO tempest.lib.common.rest_client [req-ea2743c2-19d1-4122-b586-b650cb5f022f req-ea2743c2-19d1-4122-b586-b650cb5f022f ] Request (ServerGroupTestJSON:setUpClass): 204 PUT http://10.180.1.21/identity/v3/projects/19c7ae8e9e1644ce8540b96de44fbede/users/02a5db423c0d461386f9765cbcd474f7/roles/f678b5a156b94d31b0ff3328a885c991 0.049s
2025-11-28 18:33:38.963 66615 INFO tempest.lib.common.dynamic_creds [-] Dynamic test user 02a5db423c0d461386f9765cbcd474f7 is created with scope project and roles: ['member']
2025-11-28 18:33:38.964 66615 INFO tempest.lib.common.dynamic_creds [-] Acquired dynamic creds: credentials: Credentials: {'domain_id': 'default', 'domain_name': 'Default', 'username': 'tempest-ServerGroupTestJSON-373051167-project-member', 'project_domain_id': 'default', 'project_domain_name': 'Default', 'project_id': '19c7ae8e9e1644ce8540b96de44fbede', 'project_name': 'tempest-ServerGroupTestJSON-373051167', 'tenant_id': '19c7ae8e9e1644ce8540b96de44fbede', 'tenant_name': 'tempest-ServerGroupTestJSON-373051167', 'user_domain_id': 'default', 'user_domain_name': 'Default', 'user_id': '02a5db423c0d461386f9765cbcd474f7', 'system': None}, Network: None, Subnet: None, Router: None
2025-11-28 18:33:39.069 66615 INFO tempest.lib.common.rest_client [req-14195541-b465-4784-b2bf-1c048218b1f3 req-14195541-b465-4784-b2bf-1c048218b1f3 ] Request (ServerGroupTestJSON:setUpClass): 201 POST http://10.180.1.21/identity/v3/auth/tokens 0.104s
2025-11-28 18:33:39.187 66593 INFO tempest.lib.common.rest_client [req-b26b0894-f819-4f95-b145-68c8556e3b04 req-b26b0894-f819-4f95-b145-68c8556e3b04 ] Request (FloatingIPsAssociationNegativeTestJSON:_run_cleanups): 202 POST http://10.180.1.21/compute/v2.1/servers/1b8109b6-642f-4de2-971a-00900229f13f/action 5.369s
2025-11-28 18:33:39.191 66643 INFO tempest.lib.common.rest_client [req-71f26ecb-4474-4c16-bf0b-ce23859c10a3 req-71f26ecb-4474-4c16-bf0b-ce23859c10a3 ] Request (ImagesNegativeTestJSON:test_create_image_from_deleted_server): 200 GET http://10.180.1.21/compute/v2.1/servers/ff5117cb-afa2-4039-9da7-a4996b604b92 4.149s
2025-11-28 18:33:39.424 66639 INFO tempest.lib.common.rest_client [req-76f7013b-6a51-4734-8516-20dc57502519 req-76f7013b-6a51-4734-8516-20dc57502519 ] Request (ServersTestJSON:test_create_server_specify_multibyte_character_name): 200 GET http://10.180.1.21/compute/v2.1/servers/490e436a-6ce1-4a67-a430-2434ac7c8d2f 4.322s
2025-11-28 18:33:39.494 66603 INFO tempest.lib.common.rest_client [req-f076dbf8-dacc-4483-8774-73a25263c705 req-f076dbf8-dacc-4483-8774-73a25263c705 ] Request (SecurityGroupsTestJSON:test_list_security_groups_by_server): 200 GET http://10.180.1.21/compute/v2.1/servers/06398dd2-b6a0-4796-b4c5-c01c8a144940/os-security-groups 4.359s
2025-11-28 18:33:39.502 66615 INFO tempest.lib.common.rest_client [req-78f76c1e-0cd8-4696-99b6-422c8fbb8764 req-78f76c1e-0cd8-4696-99b6-422c8fbb8764 ] Request (ServerGroupTestJSON:setUpClass): 201 POST http://10.180.1.21/networking/v2.0/networks 0.433s
2025-11-28 18:33:39.524 66595 INFO tempest.lib.common.rest_client [req-fb5a6592-a45a-4de9-92b1-ea0fae1a1ccc req-fb5a6592-a45a-4de9-92b1-ea0fae1a1ccc ] Request (DeleteServersTestJSON:test_delete_server_while_in_attached_volume): 200 GET http://10.180.1.21/compute/v2.1/servers/9b1e0682-4487-470e-b09e-f8f43146d0cd 4.318s
2025-11-28 18:33:39.607 66621 INFO tempest.lib.common.rest_client [req-164c176d-a684-4c0a-a423-c2e1e0daf81a req-164c176d-a684-4c0a-a423-c2e1e0daf81a ] Request (ServersV294TestFqdnHostnames:tearDownClass): 200 GET http://10.180.1.21/compute/v2.1/servers/1015b363-9a81-4484-bbab-855aeee84696 4.244s
2025-11-28 18:33:39.683 66601 INFO tempest.lib.common.rest_client [req-0b26ef26-a28f-4030-93ad-f0b219d67d47 req-0b26ef26-a28f-4030-93ad-f0b219d67d47 ] Request (ServerShowV254Test:test_rebuild_server): 200 GET http://10.180.1.21/compute/v2.1/servers/2620a83a-4bdd-4c33-8142-f786f998ff3b 4.166s
2025-11-28 18:33:39.719 66615 INFO tempest.lib.common.rest_client [req-9416d753-aeb5-4d35-b620-03f757d2dac9 req-9416d753-aeb5-4d35-b620-03f757d2dac9 ] Request (ServerGroupTestJSON:setUpClass): 201 POST http://10.180.1.21/networking/v2.0/subnets 0.215s
2025-11-28 18:33:39.778 66607 INFO tempest.lib.common.rest_client [req-105bbb2e-88f1-4503-bf55-b8244049c086 req-105bbb2e-88f1-4503-bf55-b8244049c086 ] Request (ImagesOneServerNegativeTestJSON:_run_cleanups): 204 DELETE http://10.180.1.21/compute/v2.1/servers/8d3e8729-3296-40fb-a80f-b41503d0c666 4.240s
2025-11-28 18:33:39.935 66649 INFO tempest.lib.common.rest_client [req-a2b88050-211c-46a1-acbe-896c06657077 req-a2b88050-211c-46a1-acbe-896c06657077 ] Request (ServerRescueTestJSONUnderV235:setUpClass): 200 GET http://10.180.1.21/compute/v2.1/servers/906ef861-9b3e-4bcd-9ac9-b13c7ac92a40 4.247s
2025-11-28 18:33:39.953 66649 INFO tempest.common.waiters [-] State transition "ACTIVE/rescuing" ==> "RESCUE/None" after 9 second wait
2025-11-28 18:33:40.042 66625 INFO tempest.lib.common.rest_client [req-50154a8a-a4e6-43f7-9158-bd6605492a1d req-50154a8a-a4e6-43f7-9158-bd6605492a1d ] Request (ServerShowV247Test:tearDownClass): 200 GET http://10.180.1.21/compute/v2.1/servers/ea62e880-ec32-4df9-bc16-e2e9ce448c62 4.235s
2025-11-28 18:33:40.083 66631 INFO tempest.lib.common.rest_client [req-621c5a26-5809-431b-bfd1-7b18dc532399 req-621c5a26-5809-431b-bfd1-7b18dc532399 ] Request (ImagesTestJSON:test_create_image_from_stopped_server): 200 GET http://10.180.1.21/compute/v2.1/images/4fb900b0-763e-4815-8708-028936b7ca1d 4.234s
2025-11-28 18:33:40.087 66599 INFO tempest.lib.common.rest_client [-] Request (TestVersions:test_list_api_versions): 200 GET http://10.180.1.21/compute/ 4.212s
2025-11-28 18:33:40.199 66635 INFO tempest.lib.common.rest_client [req-08bc7c88-2103-46e1-8456-ed13bd9ecda3 req-08bc7c88-2103-46e1-8456-ed13bd9ecda3 ] Request (ServerAddressesTestJSON:setUpClass): 200 GET http://10.180.1.21/compute/v2.1/servers/f4034ff0-56b8-4906-875f-39f15b07c238 4.061s
2025-11-28 18:33:40.220 66599 INFO tempest.lib.common.rest_client [req-8d17af27-812e-42c9-ba75-966c8fe15039 req-8d17af27-812e-42c9-ba75-966c8fe15039 ] Request (TestVersions:tearDownClass): 204 DELETE http://10.180.1.21/identity/v3/users/4a83673c6eb84d2abe73354f848ffad3 0.125s
2025-11-28 18:33:40.220 66599 INFO tempest.lib.common.dynamic_creds [-] Deleting project and security group for project: cb0b69c76d98453694d4de66db5503ae
2025-11-28 18:33:40.228 66617 INFO tempest.lib.common.rest_client [req-3dc0d628-2301-4522-8930-95f54ed5a4d1 req-3dc0d628-2301-4522-8930-95f54ed5a4d1 ] Request (ServerDiagnosticsTest:test_get_server_diagnostics): 200 GET http://10.180.1.21/compute/v2.1/servers/e18e8035-ecd4-47d6-9e0b-4689f94c7316/diagnostics 4.846s
2025-11-28 18:33:40.248 66629 INFO tempest.lib.common.rest_client [req-23c69b81-addc-406f-9e1b-80ce75d2649b req-23c69b81-addc-406f-9e1b-80ce75d2649b ] Request (AggregatesAdminNegativeTestJSON:test_aggregate_remove_nonexistent_host): 404 POST http://10.180.1.21/compute/v2.1/os-aggregates/8/action 4.033s
2025-11-28 18:33:40.255 66589 INFO tempest.lib.common.rest_client [req-e0577f04-25e7-4026-aef3-6e0fc73ef21a req-e0577f04-25e7-4026-aef3-6e0fc73ef21a ] Request (HostsAdminTestJSON:test_list_hosts_with_zone): 200 GET http://10.180.1.21/compute/v2.1/os-hosts?zone=internal 4.015s
2025-11-28 18:33:40.298 66599 INFO tempest.lib.common.rest_client [req-23a42081-b2e9-4239-8753-b0ee7b80db80 req-23a42081-b2e9-4239-8753-b0ee7b80db80 ] Request (TestVersions:tearDownClass): 201 POST http://10.180.1.21/identity/v3/auth/tokens 0.077s
2025-11-28 18:33:40.322 66633 INFO tempest.lib.common.rest_client [req-c5602bf2-ebaf-4272-b56a-db8f31071f3c req-c5602bf2-ebaf-4272-b56a-db8f31071f3c ] Request (VolumesTestJSON:setUpClass): 200 GET http://10.180.1.21/compute/v2.1/os-volumes/1a982455-3921-410c-8880-ad97fe48d7e1 4.059s
2025-11-28 18:33:40.363 66613 INFO tempest.lib.common.rest_client [req-e9ddc607-018a-4683-8e0b-5141352ef7c6 req-e9ddc607-018a-4683-8e0b-5141352ef7c6 ] Request (FlavorsAdminTestJSON:test_is_public_string_variations): 200 GET http://10.180.1.21/compute/v2.1/flavors/detail?is_public=yes 3.907s
2025-11-28 18:33:40.485 66633 INFO tempest.lib.common.rest_client [req-18aededd-3e81-4114-85da-036a4599c196 req-18aededd-3e81-4114-85da-036a4599c196 ] Request (VolumesTestJSON:setUpClass): 202 POST http://10.180.1.21/volume/v3/volumes 0.159s
2025-11-28 18:33:40.532 66633 INFO tempest.lib.common.rest_client [req-88b68970-cf8b-4498-ba12-33b8f69b5325 req-88b68970-cf8b-4498-ba12-33b8f69b5325 ] Request (VolumesTestJSON:setUpClass): 200 GET http://10.180.1.21/volume/v3/volumes/af4ecbf2-a24a-44c9-be2a-86a2699875c4 0.039s
2025-11-28 18:33:40.532 66599 INFO tempest.lib.common.rest_client [req-f62c5bfc-0796-4326-95bc-5d0cf338f4c5 req-f62c5bfc-0796-4326-95bc-5d0cf338f4c5 ] Request (TestVersions:tearDownClass): 200 GET http://10.180.1.21/networking/v2.0/security-groups?tenant_id=cb0b69c76d98453694d4de66db5503ae&name=default 0.234s
2025-11-28 18:33:40.598 66615 INFO tempest.lib.common.rest_client [req-8d133d9c-c1fc-4cc2-b754-be26000e9116 req-8d133d9c-c1fc-4cc2-b754-be26000e9116 ] Request (ServerGroupTestJSON:setUpClass): 201 POST http://10.180.1.21/networking/v2.0/routers 0.879s
2025-11-28 18:33:40.732 66599 INFO tempest.lib.common.rest_client [req-c8cabff4-a51d-436b-9d9e-22fe89bb0028 req-c8cabff4-a51d-436b-9d9e-22fe89bb0028 ] Request (TestVersions:tearDownClass): 204 DELETE http://10.180.1.21/networking/v2.0/security-groups/ba871f71-98a8-47cf-84ed-a984c8943f63 0.200s
2025-11-28 18:33:40.780 66623 INFO tempest.lib.common.rest_client [req-84c4031d-b0c0-4908-bfd6-be60a96cab31 req-84c4031d-b0c0-4908-bfd6-be60a96cab31 ] Request (MigrationsAdminTest:test_list_migrations_in_flavor_resize_situation): 200 GET http://10.180.1.21/compute/v2.1/servers/0c5c9742-a48d-4721-8ca5-2ea76ae1725a 4.366s
2025-11-28 18:33:40.807 66619 INFO tempest.lib.common.rest_client [req-e315c4ff-c1a0-4982-a56d-7acb92b72820 req-e315c4ff-c1a0-4982-a56d-7acb92b72820 ] Request (ServerTagsTestJSON:setUpClass): 200 GET http://10.180.1.21/compute/v2.1/servers/9fc76834-8c6d-44fe-b2d3-e6be86577d72 4.220s
2025-11-28 18:33:40.808 66599 INFO tempest.lib.common.rest_client [req-4245aa3c-b2bc-46f1-aced-56aba56a79d3 req-4245aa3c-b2bc-46f1-aced-56aba56a79d3 ] Request (TestVersions:tearDownClass): 204 DELETE http://10.180.1.21/identity/v3/projects/cb0b69c76d98453694d4de66db5503ae 0.075s
2025-11-28 18:33:40.817 66619 INFO tempest.common.waiters [-] State transition "BUILD/spawning" ==> "ACTIVE/None" after 29 second wait
2025-11-28 18:33:40.874 66645 INFO tempest.lib.common.rest_client [req-661ab66e-0f31-45ed-87fb-3c592b1ad9f9 req-661ab66e-0f31-45ed-87fb-3c592b1ad9f9 ] Request (ServersTestBootFromVolume:tearDownClass): 200 GET http://10.180.1.21/compute/v2.1/servers/7e39d616-18e2-4604-ba45-da3103eb3aaa 4.096s
2025-11-28 18:33:40.964 66611 INFO tempest.lib.common.rest_client [req-ddd830fc-1bbc-47dc-9143-83c9b640c079 req-ddd830fc-1bbc-47dc-9143-83c9b640c079 ] Request (ListServersNegativeTestJSON:tearDownClass): 200 GET http://10.180.1.21/compute/v2.1/servers/e5bc36de-e829-45e3-89d2-7b2e4060b9cb 4.089s
2025-11-28 18:33:41.012 66647 INFO tempest.lib.common.rest_client [req-28c060a9-5d1d-4eec-b7de-32c60e4ce65e req-28c060a9-5d1d-4eec-b7de-32c60e4ce65e ] Request (InstanceActionsNegativeTestJSON:tearDownClass): 404 GET http://10.180.1.21/compute/v2.1/servers/94147215-8ede-43e8-9d40-be48f3c9f26e 3.590s
2025-11-28 18:33:41.590 66633 INFO tempest.lib.common.rest_client [req-ad99099a-207f-4a5b-aacb-62077175a0c4 req-ad99099a-207f-4a5b-aacb-62077175a0c4 ] Request (VolumesTestJSON:setUpClass): 200 GET http://10.180.1.21/volume/v3/volumes/af4ecbf2-a24a-44c9-be2a-86a2699875c4 0.047s
2025-11-28 18:33:41.601 66633 INFO tempest.common.waiters [-] volume af4ecbf2-a24a-44c9-be2a-86a2699875c4 reached available after waiting for 1.601384 seconds
2025-11-28 18:33:41.786 66615 INFO tempest.lib.common.rest_client [req-41d9f5eb-68d9-4c8f-914d-54c26d3d7909 req-41d9f5eb-68d9-4c8f-914d-54c26d3d7909 ] Request (ServerGroupTestJSON:setUpClass): 200 PUT http://10.180.1.21/networking/v2.0/routers/dbdc9ea1-bc93-48aa-aa93-789f0e1374a5/add_router_interface 1.187s
2025-11-28 18:33:41.786 66615 INFO tempest.lib.common.dynamic_creds [-] Created isolated network resources for: credentials: Credentials: {'domain_id': 'default', 'domain_name': 'Default', 'username': 'tempest-ServerGroupTestJSON-373051167-project-member', 'project_domain_id': 'default', 'project_domain_name': 'Default', 'project_id': '19c7ae8e9e1644ce8540b96de44fbede', 'project_name': 'tempest-ServerGroupTestJSON-373051167', 'tenant_id': '19c7ae8e9e1644ce8540b96de44fbede', 'tenant_name': 'tempest-ServerGroupTestJSON-373051167', 'user_domain_id': 'default', 'user_domain_name': 'Default', 'user_id': '02a5db423c0d461386f9765cbcd474f7', 'system': None}, Network: {'id': '5a088384-2ac2-4ed4-872e-6f1b13b23d1f', 'name': 'tempest-ServerGroupTestJSON-682987673-network', 'tenant_id': '19c7ae8e9e1644ce8540b96de44fbede', 'project_id': '19c7ae8e9e1644ce8540b96de44fbede', 'admin_state_up': True, 'mtu': 8950, 'status': 'ACTIVE', 'subnets': [], 'shared': False, 'port_security_enabled': True, 'router:external': False, 'provider:network_type': 'vlan', 'provider:physical_network': 'default', 'provider:segmentation_id': 537, 'availability_zone_hints': [], 'availability_zones': [], 'ipv4_address_scope': None, 'ipv6_address_scope': None, 'description': '', 'tags': [], 'created_at': '2025-11-28T18:33:39Z', 'updated_at': '2025-11-28T18:33:39Z', 'revision_number': 1}, Subnet: {'id': 'b7943bea-b3a4-4607-b673-b6d26bedc439', 'name': 'tempest-ServerGroupTestJSON-682987673-subnet', 'tenant_id': '19c7ae8e9e1644ce8540b96de44fbede', 'network_id': '5a088384-2ac2-4ed4-872e-6f1b13b23d1f', 'ip_version': 4, 'subnetpool_id': None, 'enable_dhcp': True, 'ipv6_ra_mode': None, 'ipv6_address_mode': None, 'gateway_ip': '192.168.128.1', 'cidr': '192.168.128.0/28', 'allocation_pools': [{'start': '192.168.128.2', 'end': '192.168.128.14'}], 'host_routes': [], 'dns_nameservers': [], 'description': '', 'router:external': False, 'service_types': [], 'tags': [], 'created_at': '2025-11-28T18:33:39Z', 'updated_at': '2025-11-28T18:33:39Z', 'revision_number': 0, 'project_id': '19c7ae8e9e1644ce8540b96de44fbede'}, Router: {'id': 'dbdc9ea1-bc93-48aa-aa93-789f0e1374a5', 'name': 'tempest-ServerGroupTestJSON-682987673-router', 'tenant_id': '19c7ae8e9e1644ce8540b96de44fbede', 'admin_state_up': True, 'status': 'ACTIVE', 'external_gateway_info': {'network_id': '992866d4-49e7-4c13-a122-a87e5fd8a52a', 'external_fixed_ips': [{'subnet_id': '70828788-ab19-4b1e-a7b8-b76d12211874', 'ip_address': '10.180.180.131'}], 'enable_snat': True}, 'description': '', 'availability_zones': [], 'distributed': False, 'ha': False, 'availability_zone_hints': [], 'routes': [], 'flavor_id': None, 'tags': [], 'created_at': '2025-11-28T18:33:39Z', 'updated_at': '2025-11-28T18:33:40Z', 'revision_number': 2, 'project_id': '19c7ae8e9e1644ce8540b96de44fbede'}
2025-11-28 18:33:41.817 66637 INFO tempest.lib.common.rest_client [req-06158abe-82fb-4e3f-8dc8-7957caaa28d3 req-06158abe-82fb-4e3f-8dc8-7957caaa28d3 ] Request (ServersAdminTestJSON:test_inject_network_info): 200 GET http://10.180.1.21/compute/v2.1/servers/59928aa0-9de2-4d13-8e84-449a3d5fe0fe 4.138s
2025-11-28 18:33:41.853 66609 INFO tempest.lib.common.rest_client [req-1a8359c4-3372-4cc4-844e-f67e6b247a80 req-1a8359c4-3372-4cc4-844e-f67e6b247a80 ] Request (FloatingIPsAssociationTestJSON:setUpClass): 200 GET http://10.180.1.21/compute/v2.1/servers/2c07c088-61fb-4cb4-8e46-64fd4cd745f6 4.665s
2025-11-28 18:33:41.902 66615 INFO tempest.lib.common.rest_client [req-a7958311-677b-438c-a452-92b06e0d5aac req-a7958311-677b-438c-a452-92b06e0d5aac ] Request (ServerGroupTestJSON:setUpClass): 201 POST http://10.180.1.21/identity/v3/auth/tokens 0.111s
2025-11-28 18:33:41.989 66647 INFO tempest.lib.common.rest_client [req-85f53741-1609-4218-a552-914232583404 req-85f53741-1609-4218-a552-914232583404 ] Request (InstanceActionsNegativeTestJSON:tearDownClass): 200 PUT http://10.180.1.21/networking/v2.0/routers/cae225c0-e3b4-4f96-9534-af8ff0c36209/remove_router_interface 0.976s
2025-11-28 18:33:42.022 66605 INFO tempest.lib.common.rest_client [req-535d3a1f-d794-4760-83c4-32047b727b22 req-535d3a1f-d794-4760-83c4-32047b727b22 ] Request (ServerRescueTestJSON:setUpClass): 200 GET http://10.180.1.21/compute/v2.1/servers/8ea8e2be-8671-44db-9b90-cd8172d7c831 3.525s
2025-11-28 18:33:42.030 66605 INFO tempest.common.waiters [-] State transition "BUILD/networking" ==> "BUILD/spawning" after 31 second wait
2025-11-28 18:33:42.535 66647 INFO tempest.lib.common.rest_client [req-eb99fc99-2394-4765-a461-22f798cbc167 req-eb99fc99-2394-4765-a461-22f798cbc167 ] Request (InstanceActionsNegativeTestJSON:tearDownClass): 204 DELETE http://10.180.1.21/networking/v2.0/routers/cae225c0-e3b4-4f96-9534-af8ff0c36209 0.546s
2025-11-28 18:33:42.704 66647 INFO tempest.lib.common.rest_client [req-5b6604f5-c134-4e8c-b40e-741bb777651e req-5b6604f5-c134-4e8c-b40e-741bb777651e ] Request (InstanceActionsNegativeTestJSON:tearDownClass): 204 DELETE http://10.180.1.21/networking/v2.0/subnets/3f7cc572-1489-4d30-bced-a964c39023a8 0.168s
2025-11-28 18:33:43.023 66647 INFO tempest.lib.common.rest_client [req-1ec9d203-8ed1-4b58-9235-ea97d4f34511 req-1ec9d203-8ed1-4b58-9235-ea97d4f34511 ] Request (InstanceActionsNegativeTestJSON:tearDownClass): 204 DELETE http://10.180.1.21/networking/v2.0/networks/c98cf3c0-eeb7-4f7f-9b4b-4390315c8289 0.319s
2025-11-28 18:33:43.079 66597 INFO tempest.lib.common.rest_client [req-80b0fa9e-182a-45f1-920b-c912a13cf570 req-80b0fa9e-182a-45f1-920b-c912a13cf570 ] Request (FloatingIPsTestJSON:test_allocate_floating_ip): 200 POST http://10.180.1.21/compute/v2.1/os-floating-ips 4.561s
2025-11-28 18:33:43.202 66647 INFO tempest.lib.common.rest_client [req-e2b97e89-bee7-4aad-8220-3d6b6f010b12 req-e2b97e89-bee7-4aad-8220-3d6b6f010b12 ] Request (InstanceActionsNegativeTestJSON:tearDownClass): 204 DELETE http://10.180.1.21/identity/v3/users/bb07ec6fbcf44709b1d9155d7175663b 0.178s
2025-11-28 18:33:43.207 66647 INFO tempest.lib.common.dynamic_creds [-] Deleting project and security group for project: d53341766177405cab6a27ca18a89a18
2025-11-28 18:33:43.276 66603 INFO tempest.lib.common.rest_client [req-f7228f4d-5cfe-482b-965f-f6215c9a3a8a req-f7228f4d-5cfe-482b-965f-f6215c9a3a8a ] Request (SecurityGroupsTestJSON:test_security_group_create_get_delete): 200 POST http://10.180.1.21/compute/v2.1/os-security-groups 3.766s
