2025-11-28 18:35:18.274 66627 WARNING tempest.lib.common.rest_client [-] Deprecated: "tenant_id" property is deprecated for removal, use "project_id" instead
2025-11-28 18:35:18.298 66621 INFO tempest.lib.common.rest_client [req-0baa9c28-c869-4399-975b-e207b5f2c5e0 req-0baa9c28-c869-4399-975b-e207b5f2c5e0 ] Request (ServersListShow298Test:tearDownClass): 200 GET http://10.180.1.21/compute/v2.1/servers/5ebae24c-5ffc-45cc-aa6f-bea8157eaa48 0.137s
2025-11-28 18:35:18.303 66627 INFO tempest.lib.common.rest_client [req-5bd77edf-1eff-45f3-9838-51617ef9dcb2 req-5bd77edf-1eff-45f3-9838-51617ef9dcb2 ] Request (QuotasAdminTestV236:test_get_updated_quotas): 200 GET http://10.180.1.21/identity/v3/domains?name=Default 0.027s
2025-11-28 18:35:18.327 66623 INFO tempest.lib.common.rest_client [req-ca0e612c-4385-428b-830c-6951eb910f85 req-ca0e612c-4385-428b-830c-6951eb910f85 ] Request (MigrationsAdminTest:test_resize_server_revert_deleted_flavor): 200 GET http://10.180.1.21/compute/v2.1/servers/a13de661-1de7-43d2-8383-4eb6770148d4 0.113s
2025-11-28 18:35:18.335 66597 WARNING tempest.lib.common.ssh [-] Failed to establish authenticated ssh connection to cirros@10.180.180.203 ([Errno None] Unable to connect to port 22 on 10.180.180.203). Number attempts: 6. Retry after 7 seconds.: paramiko.ssh_exception.NoValidConnectionsError: [Errno None] Unable to connect to port 22 on 10.180.180.203
2025-11-28 18:35:18.338 66627 INFO tempest.lib.common.rest_client [req-271e42f1-b73a-433e-842a-c8737e6577ee req-271e42f1-b73a-433e-842a-c8737e6577ee ] Request (QuotasAdminTestV236:test_get_updated_quotas): 201 POST http://10.180.1.21/identity/v3/projects 0.034s
2025-11-28 18:35:18.367 66595 INFO tempest.lib.common.rest_client [req-656ffcf1-8546-436d-b318-33bc55f7454b req-656ffcf1-8546-436d-b318-33bc55f7454b ] Request (DeleteServersTestJSON:test_delete_server_while_in_shelved_state): 200 GET http://10.180.1.21/compute/v2.1/servers/1ce8f894-b7ee-4a13-b846-da4ae3f30482 0.114s
2025-11-28 18:35:18.379 66635 INFO tempest.lib.common.rest_client [req-cd05887f-890b-4b61-8a03-755afcb10984 req-cd05887f-890b-4b61-8a03-755afcb10984 ] Request (ServersNegativeTestMultiTenantJSON:setUpClass): 200 GET http://10.180.1.21/compute/v2.1/servers/4de28db7-7ec1-45e0-bd5c-5de0ffcd273c 0.075s
2025-11-28 18:35:18.397 66627 INFO tempest.lib.common.rest_client [req-dd066f9f-6f50-453b-8de9-c88f3029f710 req-dd066f9f-6f50-453b-8de9-c88f3029f710 ] Request (QuotasAdminTestV236:test_get_updated_quotas): 200 GET http://10.180.1.21/identity/v3/domains?name=Default 0.058s
2025-11-28 18:35:18.422 66601 INFO tempest.lib.common.rest_client [req-40988206-5264-4b83-ab63-633f5d540056 req-40988206-5264-4b83-ab63-633f5d540056 ] Request (ServersNegativeTestJSON:setUpClass): 200 GET http://10.180.1.21/compute/v2.1/servers/c67e5748-ad72-480d-8928-0ff00d66c172 0.057s
2025-11-28 18:35:18.444 66641 INFO tempest.lib.common.rest_client [req-ceddb180-8778-4e34-ac2c-0fd7cc32b14b req-ceddb180-8778-4e34-ac2c-0fd7cc32b14b ] Request (ServerActionsV293TestJSON:setUpClass): 200 GET http://10.180.1.21/compute/v2.1/servers/19238bf2-6930-4488-940d-3dd96461abb6 0.057s
2025-11-28 18:35:18.522 66605 INFO tempest.lib.common.rest_client [req-fba4a999-72e4-42f6-8423-fdd0ce73d9ec req-fba4a999-72e4-42f6-8423-fdd0ce73d9ec ] Request (ServerRescueTestJSON:tearDownClass): 200 GET http://10.180.1.21/compute/v2.1/servers/1fccc512-b881-4fbd-8d8b-377e4617f08e 0.083s
2025-11-28 18:35:18.579 66627 INFO tempest.lib.common.rest_client [req-95b80f1f-4648-4b41-a7d6-1f607d19eedb req-95b80f1f-4648-4b41-a7d6-1f607d19eedb ] Request (QuotasAdminTestV236:test_get_updated_quotas): 200 PUT http://10.180.1.21/compute/v2.1/os-quota-sets/0b2880f86ff242f88ca338a9eb4ab575 0.182s
2025-11-28 18:35:18.614 66651 INFO tempest.lib.common.rest_client [req-5e453c28-50fd-4ba4-b581-a8c1fe0b3d0d req-5e453c28-50fd-4ba4-b581-a8c1fe0b3d0d ] Request (ServersTestJSON:tearDownClass): 200 GET http://10.180.1.21/compute/v2.1/servers/13e4ce1d-642e-4e39-bac4-98592fcdf089 0.159s
2025-11-28 18:35:18.647 66615 INFO tempest.lib.common.rest_client [req-b13c96c4-a196-4cb2-921f-1e22e14e512a req-b13c96c4-a196-4cb2-921f-1e22e14e512a ] Request (ServerGroupTestJSON:_run_cleanups): 200 GET http://10.180.1.21/compute/v2.1/servers/5038c339-189d-410a-af60-76fb14f45dcf 0.131s
2025-11-28 18:35:18.695 66627 INFO tempest.lib.common.rest_client [req-b77566f9-7f81-41b1-b717-96e3f53e3d4f req-b77566f9-7f81-41b1-b717-96e3f53e3d4f ] Request (QuotasAdminTestV236:test_get_updated_quotas): 200 GET http://10.180.1.21/compute/v2.1/os-quota-sets/0b2880f86ff242f88ca338a9eb4ab575/detail 0.114s
2025-11-28 18:35:18.733 66627 INFO tempest.lib.common.rest_client [req-9ae4f8b1-5f8c-4737-bb50-4e2250087b06 req-9ae4f8b1-5f8c-4737-bb50-4e2250087b06 ] Request (QuotasAdminTestV236:test_get_updated_quotas): 200 GET http://10.180.1.21/identity/v3/domains?name=Default 0.034s
2025-11-28 18:35:18.756 66613 INFO tempest.lib.common.rest_client [req-a7a37e00-fdbd-4e89-8e90-a0fe4707fc3e req-a7a37e00-fdbd-4e89-8e90-a0fe4707fc3e ] Request (VolumesAdminNegativeTest:test_update_attached_volume_with_nonexistent_volume_in_uri): 200 GET http://10.180.1.21/compute/v2.1/servers/15853c87-e9e2-47bb-829e-7d2c3b5eeeca 0.191s
2025-11-28 18:35:18.763 66627 INFO tempest.lib.common.rest_client [req-deba62e4-6097-4a56-bc2a-fab9c76dedca req-deba62e4-6097-4a56-bc2a-fab9c76dedca ] Request (QuotasAdminTestV236:test_get_updated_quotas): 201 POST http://10.180.1.21/identity/v3/users 0.029s
2025-11-28 18:35:18.774 66593 INFO tempest.lib.common.rest_client [req-a9eb3b02-d22f-4cb2-a25d-3d60d084878d req-a9eb3b02-d22f-4cb2-a25d-3d60d084878d ] Request (AttachInterfacesV270Test:test_create_get_list_interfaces): 200 GET http://10.180.1.21/compute/v2.1/servers/846d6963-0087-4bff-9934-b96a5782d12a 0.142s
2025-11-28 18:35:18.789 66627 INFO tempest.lib.common.rest_client [req-ca168099-8a52-4e3f-a250-9c2a59c48c63 req-ca168099-8a52-4e3f-a250-9c2a59c48c63 ] Request (QuotasAdminTestV236:test_get_updated_quotas): 200 GET http://10.180.1.21/identity/v3/domains?name=Default 0.025s
2025-11-28 18:35:18.833 66617 INFO tempest.lib.common.rest_client [req-968784d5-4cbe-46e6-90cb-e18af1dcd0a8 req-968784d5-4cbe-46e6-90cb-e18af1dcd0a8 ] Request (ServerDiagnosticsNegativeTest:tearDownClass): 200 GET http://10.180.1.21/compute/v2.1/servers/d8e2f5fb-4eee-48e5-8b16-e76d35feac14 0.068s
2025-11-28 18:35:18.882 66627 INFO tempest.lib.common.rest_client [req-c438a953-29a7-423e-a0f8-8ae555638bf3 req-c438a953-29a7-423e-a0f8-8ae555638bf3 ] Request (QuotasAdminTestV236:test_get_updated_quotas): 200 PUT http://10.180.1.21/compute/v2.1/os-quota-sets/0b2880f86ff242f88ca338a9eb4ab575?user_id=a7783559a97c43959aac0f4146c9b20e 0.092s
2025-11-28 18:35:18.929 66627 INFO tempest.lib.common.rest_client [req-b7c86628-c1db-4cea-894f-93362a8e2663 req-b7c86628-c1db-4cea-894f-93362a8e2663 ] Request (QuotasAdminTestV236:test_get_updated_quotas): 200 GET http://10.180.1.21/compute/v2.1/os-quota-sets/0b2880f86ff242f88ca338a9eb4ab575?user_id=a7783559a97c43959aac0f4146c9b20e 0.045s
2025-11-28 18:35:18.995 66603 INFO tempest.lib.common.rest_client [req-d735bd2c-9515-4053-8243-349892a628a0 req-d735bd2c-9515-4053-8243-349892a628a0 ] Request (SecurityGroupsTestJSON:test_server_security_groups): 200 GET http://10.180.1.21/compute/v2.1/servers/72ac1673-080a-466e-a6ad-143fe0fbe44d 0.114s
2025-11-28 18:35:19.014 66609 INFO tempest.lib.common.rest_client [req-1fbdfa0e-29f4-4110-82b5-3f824ca881a5 req-1fbdfa0e-29f4-4110-82b5-3f824ca881a5 ] Request (FloatingIPsAssociationTestJSON:tearDownClass): 200 GET http://10.180.1.21/compute/v2.1/servers/2c07c088-61fb-4cb4-8e46-64fd4cd745f6 0.123s
2025-11-28 18:35:19.059 66627 INFO tempest.lib.common.rest_client [req-ce67fc88-6798-40ab-9377-f6963d2ad1d1 req-ce67fc88-6798-40ab-9377-f6963d2ad1d1 ] Request (QuotasAdminTestV236:_run_cleanups): 204 DELETE http://10.180.1.21/identity/v3/users/a7783559a97c43959aac0f4146c9b20e 0.125s
2025-11-28 18:35:19.067 66631 INFO tempest.lib.common.rest_client [req-eef3dd2f-52c7-456e-ae48-6758cbe1f0ec req-eef3dd2f-52c7-456e-ae48-6758cbe1f0ec ] Request (ImagesTestJSON:test_create_server_from_snapshot): 200 GET http://10.180.1.21/compute/v2.1/servers/ee9667d5-6f56-4555-885b-36f954f9bb7e 0.118s
2025-11-28 18:35:19.129 66637 INFO tempest.lib.common.rest_client [req-355c49f1-0002-42bf-896f-811c6088433f req-355c49f1-0002-42bf-896f-811c6088433f ] Request (ServersAdminTestJSON:tearDownClass): 200 GET http://10.180.1.21/compute/v2.1/servers/59928aa0-9de2-4d13-8e84-449a3d5fe0fe 0.096s
2025-11-28 18:35:19.160 66607 INFO tempest.lib.common.rest_client [req-ee153571-fa9c-466b-99dc-0add335fc5db req-ee153571-fa9c-466b-99dc-0add335fc5db ] Request (ImagesOneServerNegativeTestJSON:_run_cleanups): 200 GET http://10.180.1.21/compute/v2.1/servers/04731b94-49ad-457a-a8d1-321f81f7701a 0.076s
2025-11-28 18:35:19.211 66627 INFO tempest.lib.common.rest_client [req-737983cf-b9e9-4030-90fe-cdef2d6a474f req-737983cf-b9e9-4030-90fe-cdef2d6a474f ] Request (QuotasAdminTestV236:_run_cleanups): 204 DELETE http://10.180.1.21/identity/v3/projects/0b2880f86ff242f88ca338a9eb4ab575 0.152s
2025-11-28 18:35:19.215 66611 INFO tempest.lib.common.rest_client [req-becf802e-4315-4115-8467-17805340feae req-becf802e-4315-4115-8467-17805340feae ] Request (MultipleCreateTestJSON:_run_cleanups): 200 GET http://10.180.1.21/compute/v2.1/servers/f06b9435-62d3-4660-97cc-87b3c5f29a91 0.113s
2025-11-28 18:35:19.250 66625 INFO tempest.lib.common.rest_client [req-214885f7-6784-4fea-87d2-4f7096c39dbe req-214885f7-6784-4fea-87d2-4f7096c39dbe ] Request (ServersListShow296Test:test_list_show_update_rebuild_server_296): 200 GET http://10.180.1.21/compute/v2.1/servers/26db5fba-6084-4e25-aac4-3c2138466fa4 0.095s
2025-11-28 18:35:19.272 66639 INFO tempest.lib.common.rest_client [req-291b13a4-6ea5-427d-8374-e1f45d71ace4 req-291b13a4-6ea5-427d-8374-e1f45d71ace4 ] Request (ServersTestJSON:test_create_server_with_ipv6_addr_only): 200 GET http://10.180.1.21/compute/v2.1/servers/bf9755d8-e53d-4dd1-b8f9-fc9ff848d67c 0.062s
2025-11-28 18:35:19.357 66627 INFO tempest.lib.common.rest_client [req-d1466f41-f03d-4338-867d-cab7ccd61c9f req-d1466f41-f03d-4338-867d-cab7ccd61c9f ] Request (QuotasAdminTestV236:tearDownClass): 204 DELETE http://10.180.1.21/identity/v3/users/180e4bd28ee44ee2af3e153d51a8c35a 0.145s
2025-11-28 18:35:19.373 66591 INFO tempest.lib.common.rest_client [req-c11b8441-b762-4fb3-9f11-15beb158c4c4 req-c11b8441-b762-4fb3-9f11-15beb158c4c4 ] Request (AttachInterfacesUnderV243Test:_run_cleanups): 200 GET http://10.180.1.21/compute/v2.1/servers/6e33cdfb-a412-4590-901f-a4c39c066709 0.149s
2025-11-28 18:35:19.394 66621 INFO tempest.lib.common.rest_client [req-2c97034f-c647-4fc2-aa92-43b87cc65bc7 req-2c97034f-c647-4fc2-aa92-43b87cc65bc7 ] Request (ServersListShow298Test:tearDownClass): 200 GET http://10.180.1.21/compute/v2.1/servers/5ebae24c-5ffc-45cc-aa6f-bea8157eaa48 0.083s
2025-11-28 18:35:19.491 66627 INFO tempest.lib.common.rest_client [req-83fe7a4a-98f1-4e09-a0aa-da929ca099e5 req-83fe7a4a-98f1-4e09-a0aa-da929ca099e5 ] Request (QuotasAdminTestV236:tearDownClass): 204 DELETE http://10.180.1.21/identity/v3/users/2c56fbd052aa41c6a2daa767289d47f4 0.133s
2025-11-28 18:35:19.491 66627 INFO tempest.lib.common.dynamic_creds [-] Deleting project and security group for project: a964f23a88c64fc09e2f34e5d7a9e03d
2025-11-28 18:35:19.523 66595 INFO tempest.lib.common.rest_client [req-7dadd3c0-6c45-4400-a35a-943fdeeda08a req-7dadd3c0-6c45-4400-a35a-943fdeeda08a ] Request (DeleteServersTestJSON:test_delete_server_while_in_shelved_state): 200 GET http://10.180.1.21/compute/v2.1/servers/1ce8f894-b7ee-4a13-b846-da4ae3f30482 0.147s
2025-11-28 18:35:19.555 66627 INFO tempest.lib.common.rest_client [req-07cd8cc6-9925-4cc8-8819-8fe721db681c req-07cd8cc6-9925-4cc8-8819-8fe721db681c ] Request (QuotasAdminTestV236:tearDownClass): 201 POST http://10.180.1.21/identity/v3/auth/tokens 0.063s
2025-11-28 18:35:19.557 66623 INFO tempest.lib.common.rest_client [req-f293da6d-552b-4d6d-9934-4019c9b70145 req-f293da6d-552b-4d6d-9934-4019c9b70145 ] Request (MigrationsAdminTest:test_resize_server_revert_deleted_flavor): 200 GET http://10.180.1.21/compute/v2.1/servers/a13de661-1de7-43d2-8383-4eb6770148d4 0.222s
2025-11-28 18:35:19.584 66635 INFO tempest.lib.common.rest_client [req-809781ca-0c2b-4eda-93c3-4dfcd2951148 req-809781ca-0c2b-4eda-93c3-4dfcd2951148 ] Request (ServersNegativeTestMultiTenantJSON:setUpClass): 200 GET http://10.180.1.21/compute/v2.1/servers/4de28db7-7ec1-45e0-bd5c-5de0ffcd273c 0.197s
2025-11-28 18:35:19.668 66601 INFO tempest.lib.common.rest_client [req-96a82c72-3fae-4acf-a19b-ccec36bab4e6 req-96a82c72-3fae-4acf-a19b-ccec36bab4e6 ] Request (ServersNegativeTestJSON:setUpClass): 200 GET http://10.180.1.21/compute/v2.1/servers/c67e5748-ad72-480d-8928-0ff00d66c172 0.235s
2025-11-28 18:35:19.686 66641 INFO tempest.lib.common.rest_client [req-e87cad4c-4cc8-4ca4-9433-37fdcba9eb6d req-e87cad4c-4cc8-4ca4-9433-37fdcba9eb6d ] Request (ServerActionsV293TestJSON:setUpClass): 200 GET http://10.180.1.21/compute/v2.1/servers/19238bf2-6930-4488-940d-3dd96461abb6 0.231s
2025-11-28 18:35:19.728 66605 INFO tempest.lib.common.rest_client [req-33eadea8-cf6b-411b-ab09-554ec2af7074 req-33eadea8-cf6b-411b-ab09-554ec2af7074 ] Request (ServerRescueTestJSON:tearDownClass): 200 GET http://10.180.1.21/compute/v2.1/servers/1fccc512-b881-4fbd-8d8b-377e4617f08e 0.197s
2025-11-28 18:35:19.777 66627 INFO tempest.lib.common.rest_client [req-bfba9c6b-ba9a-4147-82a0-a0572c1a60b5 req-bfba9c6b-ba9a-4147-82a0-a0572c1a60b5 ] Request (QuotasAdminTestV236:tearDownClass): 200 GET http://10.180.1.21/networking/v2.0/security-groups?tenant_id=a964f23a88c64fc09e2f34e5d7a9e03d&name=default 0.222s
2025-11-28 18:35:19.783 66651 INFO tempest.lib.common.rest_client [req-d51d9538-4aae-4e77-8291-4377f829705e req-d51d9538-4aae-4e77-8291-4377f829705e ] Request (ServersTestJSON:tearDownClass): 200 GET http://10.180.1.21/compute/v2.1/servers/13e4ce1d-642e-4e39-bac4-98592fcdf089 0.159s
2025-11-28 18:35:19.802 66629 WARNING tempest.lib.common.ssh [-] Failed to establish authenticated ssh connection to cirros@10.180.180.175 ([Errno None] Unable to connect to port 22 on 10.180.180.175). Number attempts: 5. Retry after 6 seconds.: paramiko.ssh_exception.NoValidConnectionsError: [Errno None] Unable to connect to port 22 on 10.180.180.175
2025-11-28 18:35:19.842 66615 INFO tempest.lib.common.rest_client [req-b0a2bae6-a552-4b28-b3e2-53de36432b46 req-b0a2bae6-a552-4b28-b3e2-53de36432b46 ] Request (ServerGroupTestJSON:_run_cleanups): 200 GET http://10.180.1.21/compute/v2.1/servers/5038c339-189d-410a-af60-76fb14f45dcf 0.183s
2025-11-28 18:35:19.881 66627 INFO tempest.lib.common.rest_client [req-fc830901-7c03-4de6-bb01-e9148911b0be req-fc830901-7c03-4de6-bb01-e9148911b0be ] Request (QuotasAdminTestV236:tearDownClass): 204 DELETE http://10.180.1.21/networking/v2.0/security-groups/9b5a6f18-b39c-408a-85c2-fe7f75330b38 0.103s
2025-11-28 18:35:19.949 66593 INFO tempest.lib.common.rest_client [req-a152c516-6fff-4517-a97e-de671c0eb81d req-a152c516-6fff-4517-a97e-de671c0eb81d ] Request (AttachInterfacesV270Test:test_create_get_list_interfaces): 200 GET http://10.180.1.21/compute/v2.1/servers/846d6963-0087-4bff-9934-b96a5782d12a 0.163s
2025-11-28 18:35:19.966 66627 INFO tempest.lib.common.rest_client [req-b133cf81-6cab-4d56-b113-3c15913badd9 req-b133cf81-6cab-4d56-b113-3c15913badd9 ] Request (QuotasAdminTestV236:tearDownClass): 204 DELETE http://10.180.1.21/identity/v3/projects/a964f23a88c64fc09e2f34e5d7a9e03d 0.085s
2025-11-28 18:35:19.967 66627 INFO tempest.lib.common.dynamic_creds [-] Deleting project and security group for project: ef01128e036c43ba90e05f06a610d044
2025-11-28 18:35:19.975 66613 INFO tempest.lib.common.rest_client [req-6bc7edec-46c5-486a-8709-60ebb3c08d27 req-6bc7edec-46c5-486a-8709-60ebb3c08d27 ] Request (VolumesAdminNegativeTest:test_update_attached_volume_with_nonexistent_volume_in_uri): 200 GET http://10.180.1.21/compute/v2.1/servers/15853c87-e9e2-47bb-829e-7d2c3b5eeeca 0.209s
2025-11-28 18:35:19.987 66613 INFO tempest.common.waiters [-] State transition "BUILD/spawning" ==> "ACTIVE/None" after 55 second wait
2025-11-28 18:35:20.099 66617 INFO tempest.lib.common.rest_client [req-9fad606d-3023-49ad-a7d3-f163e6a0e43a req-9fad606d-3023-49ad-a7d3-f163e6a0e43a ] Request (ServerDiagnosticsNegativeTest:tearDownClass): 200 GET http://10.180.1.21/compute/v2.1/servers/d8e2f5fb-4eee-48e5-8b16-e76d35feac14 0.255s
2025-11-28 18:35:20.107 66617 INFO tempest.common.waiters [-] State transition "ACTIVE/deleting" ==> "DELETED/None" after 4 second wait
2025-11-28 18:35:20.172 66627 INFO tempest.lib.common.rest_client [req-0c256868-b26a-496d-bfa8-1be0dc359916 req-0c256868-b26a-496d-bfa8-1be0dc359916 ] Request (QuotasAdminTestV236:tearDownClass): 200 GET http://10.180.1.21/networking/v2.0/security-groups?tenant_id=ef01128e036c43ba90e05f06a610d044&name=default 0.204s
2025-11-28 18:35:20.212 66613 INFO tempest.lib.common.rest_client [req-9043b4f6-f092-4e88-8f15-90bc9ce3f113 req-9043b4f6-f092-4e88-8f15-90bc9ce3f113 ] Request (VolumesAdminNegativeTest:test_update_attached_volume_with_nonexistent_volume_in_uri): 202 POST http://10.180.1.21/volume/v3/volumes 0.224s
2025-11-28 18:35:20.253 66613 INFO tempest.lib.common.rest_client [req-8a3caacb-e670-4bb1-a978-d9974167c7ee req-8a3caacb-e670-4bb1-a978-d9974167c7ee ] Request (VolumesAdminNegativeTest:test_update_attached_volume_with_nonexistent_volume_in_uri): 200 GET http://10.180.1.21/volume/v3/volumes/c7112003-8146-4d17-ab6f-f9572c37fea8 0.033s
2025-11-28 18:35:20.304 66609 INFO tempest.lib.common.rest_client [req-1f8028e7-968c-43b9-9b8f-8f27672382e7 req-1f8028e7-968c-43b9-9b8f-8f27672382e7 ] Request (FloatingIPsAssociationTestJSON:tearDownClass): 200 GET http://10.180.1.21/compute/v2.1/servers/2c07c088-61fb-4cb4-8e46-64fd4cd745f6 0.282s
2025-11-28 18:35:20.331 66603 INFO tempest.lib.common.rest_client [req-ac42884c-6475-46fc-bd82-f7e70d83a0b2 req-ac42884c-6475-46fc-bd82-f7e70d83a0b2 ] Request (SecurityGroupsTestJSON:test_server_security_groups): 200 GET http://10.180.1.21/compute/v2.1/servers/72ac1673-080a-466e-a6ad-143fe0fbe44d 0.327s
2025-11-28 18:35:20.340 66627 INFO tempest.lib.common.rest_client [req-0e67c945-f2f1-4066-a5de-63e384777b5a req-0e67c945-f2f1-4066-a5de-63e384777b5a ] Request (QuotasAdminTestV236:tearDownClass): 204 DELETE http://10.180.1.21/networking/v2.0/security-groups/1965b142-1f9d-4256-85c3-fbe012dee8fd 0.168s
2025-11-28 18:35:20.388 66631 INFO tempest.lib.common.rest_client [req-ec17c3ef-2fec-438c-ad0b-ee6bd500f6d4 req-ec17c3ef-2fec-438c-ad0b-ee6bd500f6d4 ] Request (ImagesTestJSON:test_create_server_from_snapshot): 200 GET http://10.180.1.21/compute/v2.1/servers/ee9667d5-6f56-4555-885b-36f954f9bb7e 0.312s
2025-11-28 18:35:20.418 66637 INFO tempest.lib.common.rest_client [req-47c41a06-7259-4c5d-9418-b335717f564f req-47c41a06-7259-4c5d-9418-b335717f564f ] Request (ServersAdminTestJSON:tearDownClass): 200 GET http://10.180.1.21/compute/v2.1/servers/59928aa0-9de2-4d13-8e84-449a3d5fe0fe 0.280s
2025-11-28 18:35:20.459 66607 INFO tempest.lib.common.rest_client [req-fc1c0d37-1a45-41e4-80a7-da54d5ede2e5 req-fc1c0d37-1a45-41e4-80a7-da54d5ede2e5 ] Request (ImagesOneServerNegativeTestJSON:_run_cleanups): 200 GET http://10.180.1.21/compute/v2.1/servers/04731b94-49ad-457a-a8d1-321f81f7701a 0.288s
2025-11-28 18:35:20.466 66607 INFO tempest.common.waiters [-] State transition "ACTIVE/deleting" ==> "DELETED/None" after 4 second wait
2025-11-28 18:35:20.478 66627 INFO tempest.lib.common.rest_client [req-6d582d49-3c14-4682-80c8-f8aff7a193c7 req-6d582d49-3c14-4682-80c8-f8aff7a193c7 ] Request (QuotasAdminTestV236:tearDownClass): 204 DELETE http://10.180.1.21/identity/v3/projects/ef01128e036c43ba90e05f06a610d044 0.138s
2025-11-28 18:35:20.483 66611 INFO tempest.lib.common.rest_client [req-d8bb1c4f-ac9c-4ab1-a5d7-1f8dabbb871a req-d8bb1c4f-ac9c-4ab1-a5d7-1f8dabbb871a ] Request (MultipleCreateTestJSON:_run_cleanups): 200 GET http://10.180.1.21/compute/v2.1/servers/f06b9435-62d3-4660-97cc-87b3c5f29a91 0.256s
2025-11-28 18:35:20.521 66625 INFO tempest.lib.common.rest_client [req-ba344a3e-7f16-4f29-b5fa-b0e86ce68c20 req-ba344a3e-7f16-4f29-b5fa-b0e86ce68c20 ] Request (ServersListShow296Test:test_list_show_update_rebuild_server_296): 200 GET http://10.180.1.21/compute/v2.1/servers/26db5fba-6084-4e25-aac4-3c2138466fa4 0.252s
2025-11-28 18:35:20.533 66639 INFO tempest.lib.common.rest_client [req-621f51e7-eefb-4f7e-911f-71ac9ac1683d req-621f51e7-eefb-4f7e-911f-71ac9ac1683d ] Request (ServersTestJSON:test_create_server_with_ipv6_addr_only): 200 GET http://10.180.1.21/compute/v2.1/servers/bf9755d8-e53d-4dd1-b8f9-fc9ff848d67c 0.252s
2025-11-28 18:35:20.539 66627 INFO tempest.lib.common.rest_client [req-2e1e795c-b4a3-4db4-a3a9-c01ea171df56 req-2e1e795c-b4a3-4db4-a3a9-c01ea171df56 ] Request (SecurityGroupsTestAdminJSON:setUpClass): 201 POST http://10.180.1.21/identity/v3/auth/tokens 0.059s
2025-11-28 18:35:20.575 66591 INFO tempest.lib.common.rest_client [req-1726e080-d707-4ee2-9ba3-fffb9698a900 req-1726e080-d707-4ee2-9ba3-fffb9698a900 ] Request (AttachInterfacesUnderV243Test:_run_cleanups): 200 GET http://10.180.1.21/compute/v2.1/servers/6e33cdfb-a412-4590-901f-a4c39c066709 0.193s
2025-11-28 18:35:20.575 66627 INFO tempest.lib.common.rest_client [req-0daab69b-b8d6-4ac6-b80f-eeb0068a8b7b req-0daab69b-b8d6-4ac6-b80f-eeb0068a8b7b ] Request (SecurityGroupsTestAdminJSON:setUpClass): 201 POST http://10.180.1.21/identity/v3/auth/tokens 0.033s
2025-11-28 18:35:20.604 66621 INFO tempest.lib.common.rest_client [req-e3b2c830-fc5e-41c0-9d79-9150957e4563 req-e3b2c830-fc5e-41c0-9d79-9150957e4563 ] Request (ServersListShow298Test:tearDownClass): 200 GET http://10.180.1.21/compute/v2.1/servers/5ebae24c-5ffc-45cc-aa6f-bea8157eaa48 0.197s
2025-11-28 18:35:20.604 66627 INFO tempest.lib.common.rest_client [req-1832831b-e192-4c1e-9f52-ed8db76c2dc0 req-1832831b-e192-4c1e-9f52-ed8db76c2dc0 ] Request (SecurityGroupsTestAdminJSON:setUpClass): 200 GET http://10.180.1.21/identity/v3/domains?name=Default 0.029s
2025-11-28 18:35:20.625 66595 INFO tempest.lib.common.rest_client [req-6795a87c-cbf9-48c9-9f4f-38d0ff07d3f6 req-6795a87c-cbf9-48c9-9f4f-38d0ff07d3f6 ] Request (DeleteServersTestJSON:test_delete_server_while_in_shelved_state): 200 GET http://10.180.1.21/compute/v2.1/servers/1ce8f894-b7ee-4a13-b846-da4ae3f30482 0.090s
2025-11-28 18:35:20.632 66627 INFO tempest.lib.common.rest_client [req-93f27003-f2aa-4ad9-8fa1-22fe921105c0 req-93f27003-f2aa-4ad9-8fa1-22fe921105c0 ] Request (SecurityGroupsTestAdminJSON:setUpClass): 201 POST http://10.180.1.21/identity/v3/projects 0.027s
2025-11-28 18:35:20.678 66635 INFO tempest.lib.common.rest_client [req-9dacb4b4-b455-4ca7-92ca-a72389fadcdf req-9dacb4b4-b455-4ca7-92ca-a72389fadcdf ] Request (ServersNegativeTestMultiTenantJSON:setUpClass): 200 GET http://10.180.1.21/compute/v2.1/servers/4de28db7-7ec1-45e0-bd5c-5de0ffcd273c 0.083s
2025-11-28 18:35:20.694 66627 INFO tempest.lib.common.rest_client [req-1d6cf42f-b6a0-4d6e-82f1-a179583ec888 req-1d6cf42f-b6a0-4d6e-82f1-a179583ec888 ] Request (SecurityGroupsTestAdminJSON:setUpClass): 201 POST http://10.180.1.21/identity/v3/users 0.061s
2025-11-28 18:35:20.704 66623 INFO tempest.lib.common.rest_client [req-38838f9b-b44e-4ed2-aaa5-42f94d6eab03 req-38838f9b-b44e-4ed2-aaa5-42f94d6eab03 ] Request (MigrationsAdminTest:test_resize_server_revert_deleted_flavor): 200 GET http://10.180.1.21/compute/v2.1/servers/a13de661-1de7-43d2-8383-4eb6770148d4 0.138s
2025-11-28 18:35:20.722 66627 INFO tempest.lib.common.rest_client [req-003d1a12-35e7-4652-ad05-48d2e64d063d req-003d1a12-35e7-4652-ad05-48d2e64d063d ] Request (SecurityGroupsTestAdminJSON:setUpClass): 200 GET http://10.180.1.21/identity/v3/roles 0.028s
2025-11-28 18:35:20.732 66601 INFO tempest.lib.common.rest_client [req-5e98bab0-9780-4435-8c7c-2f5b2fd17f68 req-5e98bab0-9780-4435-8c7c-2f5b2fd17f68 ] Request (ServersNegativeTestJSON:setUpClass): 200 GET http://10.180.1.21/compute/v2.1/servers/c67e5748-ad72-480d-8928-0ff00d66c172 0.054s
2025-11-28 18:35:20.762 66627 INFO tempest.lib.common.rest_client [req-b40d20a8-6458-4a30-a073-d7b1989026a3 req-b40d20a8-6458-4a30-a073-d7b1989026a3 ] Request (SecurityGroupsTestAdminJSON:setUpClass): 204 PUT http://10.180.1.21/identity/v3/projects/92e5833a15034e8ba6277fa04921b1b6/users/b339ef46ddf14ec7b3a5dbefc816367c/roles/f678b5a156b94d31b0ff3328a885c991 0.040s
2025-11-28 18:35:20.763 66627 INFO tempest.lib.common.dynamic_creds [-] Dynamic test user b339ef46ddf14ec7b3a5dbefc816367c is created with scope project and roles: ['member']
2025-11-28 18:35:20.763 66627 INFO tempest.lib.common.dynamic_creds [-] Acquired dynamic creds: credentials: Credentials: {'domain_id': 'default', 'domain_name': 'Default', 'username': 'tempest-SecurityGroupsTestAdminJSON-1521650984-project-member', 'project_domain_id': 'default', 'project_domain_name': 'Default', 'project_id': '92e5833a15034e8ba6277fa04921b1b6', 'project_name': 'tempest-SecurityGroupsTestAdminJSON-1521650984', 'tenant_id': '92e5833a15034e8ba6277fa04921b1b6', 'tenant_name': 'tempest-SecurityGroupsTestAdminJSON-1521650984', 'user_domain_id': 'default', 'user_domain_name': 'Default', 'user_id': 'b339ef46ddf14ec7b3a5dbefc816367c', 'system': None}, Network: None, Subnet: None, Router: None
2025-11-28 18:35:20.763 66627 INFO tempest.lib.common.dynamic_creds [-] Created isolated network resources for: credentials: Credentials: {'domain_id': 'default', 'domain_name': 'Default', 'username': 'tempest-SecurityGroupsTestAdminJSON-1521650984-project-member', 'project_domain_id': 'default', 'project_domain_name': 'Default', 'project_id': '92e5833a15034e8ba6277fa04921b1b6', 'project_name': 'tempest-SecurityGroupsTestAdminJSON-1521650984', 'tenant_id': '92e5833a15034e8ba6277fa04921b1b6', 'tenant_name': 'tempest-SecurityGroupsTestAdminJSON-1521650984', 'user_domain_id': 'default', 'user_domain_name': 'Default', 'user_id': 'b339ef46ddf14ec7b3a5dbefc816367c', 'system': None}, Network: None, Subnet: None, Router: None
2025-11-28 18:35:20.773 66641 INFO tempest.lib.common.rest_client [req-bd53e94d-f1e2-4a8e-b2eb-0b06f42eccfc req-bd53e94d-f1e2-4a8e-b2eb-0b06f42eccfc ] Request (ServerActionsV293TestJSON:setUpClass): 200 GET http://10.180.1.21/compute/v2.1/servers/19238bf2-6930-4488-940d-3dd96461abb6 0.077s
2025-11-28 18:35:20.820 66605 INFO tempest.lib.common.rest_client [req-f6287aa6-c4b8-43d3-ab02-99610a469310 req-f6287aa6-c4b8-43d3-ab02-99610a469310 ] Request (ServerRescueTestJSON:tearDownClass): 200 GET http://10.180.1.21/compute/v2.1/servers/1fccc512-b881-4fbd-8d8b-377e4617f08e 0.083s
2025-11-28 18:35:20.837 66627 INFO tempest.lib.common.rest_client [req-43a3022b-e8b4-43c1-b7aa-c06d4ee5ad89 req-43a3022b-e8b4-43c1-b7aa-c06d4ee5ad89 ] Request (SecurityGroupsTestAdminJSON:setUpClass): 201 POST http://10.180.1.21/identity/v3/auth/tokens 0.070s
2025-11-28 18:35:20.859 66651 INFO tempest.lib.common.rest_client [req-3d2abc0b-62da-486c-8a6a-4b73df3e47a3 req-3d2abc0b-62da-486c-8a6a-4b73df3e47a3 ] Request (ServersTestJSON:tearDownClass): 200 GET http://10.180.1.21/compute/v2.1/servers/13e4ce1d-642e-4e39-bac4-98592fcdf089 0.063s
2025-11-28 18:35:20.894 66627 INFO tempest.lib.common.rest_client [req-b63b5e58-f8de-407f-a142-59e059d7660f req-b63b5e58-f8de-407f-a142-59e059d7660f ] Request (SecurityGroupsTestAdminJSON:setUpClass): 201 POST http://10.180.1.21/identity/v3/projects 0.056s
2025-11-28 18:35:20.910 66615 INFO tempest.lib.common.rest_client [req-2f8bf55f-ccdf-4bdc-924e-fcd027c02c13 req-2f8bf55f-ccdf-4bdc-924e-fcd027c02c13 ] Request (ServerGroupTestJSON:_run_cleanups): 200 GET http://10.180.1.21/compute/v2.1/servers/5038c339-189d-410a-af60-76fb14f45dcf 0.059s
2025-11-28 18:35:20.948 66627 INFO tempest.lib.common.rest_client [req-bbcf2ea0-55a3-4ef0-9cb3-0c80366b85bb req-bbcf2ea0-55a3-4ef0-9cb3-0c80366b85bb ] Request (SecurityGroupsTestAdminJSON:setUpClass): 201 POST http://10.180.1.21/identity/v3/users 0.054s
2025-11-28 18:35:20.969 66627 INFO tempest.lib.common.rest_client [req-41a0073c-5a20-42c6-bc0f-60584a46e567 req-41a0073c-5a20-42c6-bc0f-60584a46e567 ] Request (SecurityGroupsTestAdminJSON:setUpClass): 200 GET http://10.180.1.21/identity/v3/roles 0.020s
2025-11-28 18:35:20.994 66627 INFO tempest.lib.common.rest_client [req-dd52afdd-5931-4688-b3de-1181b7687f46 req-dd52afdd-5931-4688-b3de-1181b7687f46 ] Request (SecurityGroupsTestAdminJSON:setUpClass): 204 PUT http://10.180.1.21/identity/v3/projects/4b1e1091c1f842a7961674c488dad328/users/de2db89ea56846dc83b7ca231e89c928/roles/cdc81afd37424c7cb6bd2a2c22ed7c2a 0.025s
2025-11-28 18:35:21.021 66593 INFO tempest.lib.common.rest_client [req-a1cdc09f-9416-47fa-9827-9c0f1b08b276 req-a1cdc09f-9416-47fa-9827-9c0f1b08b276 ] Request (AttachInterfacesV270Test:test_create_get_list_interfaces): 200 GET http://10.180.1.21/compute/v2.1/servers/846d6963-0087-4bff-9934-b96a5782d12a 0.060s
2025-11-28 18:35:21.051 66627 INFO tempest.lib.common.rest_client [req-193454e6-48ca-4633-b7ae-dfaa2bd99ba8 req-193454e6-48ca-4633-b7ae-dfaa2bd99ba8 ] Request (SecurityGroupsTestAdminJSON:setUpClass): 200 GET http://10.180.1.21/identity/v3/roles 0.056s
2025-11-28 18:35:21.070 66627 INFO tempest.lib.common.rest_client [req-e2645299-8071-4581-b908-c65b96d27953 req-e2645299-8071-4581-b908-c65b96d27953 ] Request (SecurityGroupsTestAdminJSON:setUpClass): 204 PUT http://10.180.1.21/identity/v3/projects/4b1e1091c1f842a7961674c488dad328/users/de2db89ea56846dc83b7ca231e89c928/roles/cdc81afd37424c7cb6bd2a2c22ed7c2a 0.019s
2025-11-28 18:35:21.071 66627 INFO tempest.lib.common.dynamic_creds [-] Dynamic test user de2db89ea56846dc83b7ca231e89c928 is created with scope project and roles: ['admin']
2025-11-28 18:35:21.071 66627 INFO tempest.lib.common.dynamic_creds [-] Acquired dynamic creds: credentials: Credentials: {'domain_id': 'default', 'domain_name': 'Default', 'username': 'tempest-SecurityGroupsTestAdminJSON-841605412-project-admin', 'project_domain_id': 'default', 'project_domain_name': 'Default', 'project_id': '4b1e1091c1f842a7961674c488dad328', 'project_name': 'tempest-SecurityGroupsTestAdminJSON-841605412', 'tenant_id': '4b1e1091c1f842a7961674c488dad328', 'tenant_name': 'tempest-SecurityGroupsTestAdminJSON-841605412', 'user_domain_id': 'default', 'user_domain_name': 'Default', 'user_id': 'de2db89ea56846dc83b7ca231e89c928', 'system': None}, Network: None, Subnet: None, Router: None
2025-11-28 18:35:21.071 66627 INFO tempest.lib.common.dynamic_creds [-] Created isolated network resources for: credentials: Credentials: {'domain_id': 'default', 'domain_name': 'Default', 'username': 'tempest-SecurityGroupsTestAdminJSON-841605412-project-admin', 'project_domain_id': 'default', 'project_domain_name': 'Default', 'project_id': '4b1e1091c1f842a7961674c488dad328', 'project_name': 'tempest-SecurityGroupsTestAdminJSON-841605412', 'tenant_id': '4b1e1091c1f842a7961674c488dad328', 'tenant_name': 'tempest-SecurityGroupsTestAdminJSON-841605412', 'user_domain_id': 'default', 'user_domain_name': 'Default', 'user_id': 'de2db89ea56846dc83b7ca231e89c928', 'system': None}, Network: None, Subnet: None, Router: None
2025-11-28 18:35:21.168 66627 INFO tempest.lib.common.rest_client [req-6d21fb87-96ee-4022-9f76-c7d694ef1870 req-6d21fb87-96ee-4022-9f76-c7d694ef1870 ] Request (SecurityGroupsTestAdminJSON:setUpClass): 201 POST http://10.180.1.21/identity/v3/auth/tokens 0.094s
2025-11-28 18:35:21.181 66617 INFO tempest.lib.common.rest_client [req-bd845bf6-1242-4196-a5fb-d4d60a3ce389 req-bd845bf6-1242-4196-a5fb-d4d60a3ce389 ] Request (ServerDiagnosticsNegativeTest:tearDownClass): 200 GET http://10.180.1.21/compute/v2.1/servers/d8e2f5fb-4eee-48e5-8b16-e76d35feac14 0.073s
2025-11-28 18:35:21.295 66613 INFO tempest.lib.common.rest_client [req-deaf3cdf-0413-4f4b-afd0-df5161c78a82 req-deaf3cdf-0413-4f4b-afd0-df5161c78a82 ] Request (VolumesAdminNegativeTest:test_update_attached_volume_with_nonexistent_volume_in_uri): 200 GET http://10.180.1.21/volume/v3/volumes/c7112003-8146-4d17-ab6f-f9572c37fea8 0.029s
2025-11-28 18:35:21.301 66613 INFO tempest.common.waiters [-] volume c7112003-8146-4d17-ab6f-f9572c37fea8 reached available after waiting for 1.301789 seconds
2025-11-28 18:35:21.409 66613 INFO tempest.lib.common.rest_client [req-f85d46af-012d-4b12-9cf7-71b240bba883 req-f85d46af-012d-4b12-9cf7-71b240bba883 ] Request (VolumesAdminNegativeTest:test_update_attached_volume_with_nonexistent_volume_in_uri): 404 PUT http://10.180.1.21/compute/v2.1/servers/15853c87-e9e2-47bb-829e-7d2c3b5eeeca/os-volume_attachments/a6787527-9746-4b9c-bbd8-031526da4773 0.106s
2025-11-28 18:35:21.446 66613 INFO tempest.lib.common.rest_client [req-208f8b0a-a1ab-40bd-8db0-6a88403c4b22 req-208f8b0a-a1ab-40bd-8db0-6a88403c4b22 ] Request (VolumesAdminNegativeTest:tearDownClass): 202 DELETE http://10.180.1.21/volume/v3/volumes/c7112003-8146-4d17-ab6f-f9572c37fea8 0.036s
2025-11-28 18:35:21.447 66627 INFO tempest.lib.common.rest_client [req-a010a5c6-4ccf-437b-81d9-853e7026c25e req-a010a5c6-4ccf-437b-81d9-853e7026c25e ] Request (SecurityGroupsTestAdminJSON:test_list_security_groups_list_all_tenants_filter): 200 POST http://10.180.1.21/compute/v2.1/os-security-groups 0.277s
2025-11-28 18:35:21.472 66613 INFO tempest.lib.common.rest_client [req-271ae09f-2170-4294-9472-1f3d950f9089 req-271ae09f-2170-4294-9472-1f3d950f9089 ] Request (VolumesAdminNegativeTest:tearDownClass): 200 GET http://10.180.1.21/volume/v3/volumes/c7112003-8146-4d17-ab6f-f9572c37fea8 0.025s
2025-11-28 18:35:21.479 66609 INFO tempest.lib.common.rest_client [req-1dcfbd39-87d1-4459-9ad6-be3c29842abd req-1dcfbd39-87d1-4459-9ad6-be3c29842abd ] Request (FloatingIPsAssociationTestJSON:tearDownClass): 200 GET http://10.180.1.21/compute/v2.1/servers/2c07c088-61fb-4cb4-8e46-64fd4cd745f6 0.163s
2025-11-28 18:35:21.532 66631 INFO tempest.lib.common.rest_client [req-190b6d40-b0b3-4e20-9dd4-508c26e5a349 req-190b6d40-b0b3-4e20-9dd4-508c26e5a349 ] Request (ImagesTestJSON:test_create_server_from_snapshot): 200 GET http://10.180.1.21/compute/v2.1/servers/ee9667d5-6f56-4555-885b-36f954f9bb7e 0.137s
2025-11-28 18:35:21.544 66603 INFO tempest.lib.common.rest_client [req-748f55a7-829a-4578-8b95-e7e66d00f91a req-748f55a7-829a-4578-8b95-e7e66d00f91a ] Request (SecurityGroupsTestJSON:test_server_security_groups): 200 GET http://10.180.1.21/compute/v2.1/servers/72ac1673-080a-466e-a6ad-143fe0fbe44d 0.204s
2025-11-28 18:35:21.593 66637 INFO tempest.lib.common.rest_client [req-cebfc8b1-b6ed-4b3c-a496-b6977c11cf74 req-cebfc8b1-b6ed-4b3c-a496-b6977c11cf74 ] Request (ServersAdminTestJSON:tearDownClass): 200 GET http://10.180.1.21/compute/v2.1/servers/59928aa0-9de2-4d13-8e84-449a3d5fe0fe 0.167s
2025-11-28 18:35:21.649 66627 INFO tempest.lib.common.rest_client [req-3e1deba7-b0e4-423a-a226-6d5447151c9c req-3e1deba7-b0e4-423a-a226-6d5447151c9c ] Request (SecurityGroupsTestAdminJSON:test_list_security_groups_list_all_tenants_filter): 200 POST http://10.180.1.21/compute/v2.1/os-security-groups 0.199s
2025-11-28 18:35:21.652 66607 INFO tempest.lib.common.rest_client [req-a87612b7-e127-4407-abcc-fcc10870aeb8 req-a87612b7-e127-4407-abcc-fcc10870aeb8 ] Request (ImagesOneServerNegativeTestJSON:_run_cleanups): 200 GET http://10.180.1.21/compute/v2.1/servers/04731b94-49ad-457a-a8d1-321f81f7701a 0.184s
2025-11-28 18:35:21.714 66611 INFO tempest.lib.common.rest_client [req-8beca237-3516-489a-871f-36bdf773dc8e req-8beca237-3516-489a-871f-36bdf773dc8e ] Request (MultipleCreateTestJSON:_run_cleanups): 200 GET http://10.180.1.21/compute/v2.1/servers/f06b9435-62d3-4660-97cc-87b3c5f29a91 0.222s
2025-11-28 18:35:21.717 66625 INFO tempest.lib.common.rest_client [req-ed2c3a39-7fd3-4f59-8432-5819009b60d7 req-ed2c3a39-7fd3-4f59-8432-5819009b60d7 ] Request (ServersListShow296Test:test_list_show_update_rebuild_server_296): 200 GET http://10.180.1.21/compute/v2.1/servers/26db5fba-6084-4e25-aac4-3c2138466fa4 0.182s
2025-11-28 18:35:21.772 66639 INFO tempest.lib.common.rest_client [req-def917e7-7366-4422-9e0c-55807233ab69 req-def917e7-7366-4422-9e0c-55807233ab69 ] Request (ServersTestJSON:test_create_server_with_ipv6_addr_only): 200 GET http://10.180.1.21/compute/v2.1/servers/bf9755d8-e53d-4dd1-b8f9-fc9ff848d67c 0.231s
2025-11-28 18:35:21.782 66591 INFO tempest.lib.common.rest_client [req-74962930-08e5-47b6-835c-7b68353a9ab0 req-74962930-08e5-47b6-835c-7b68353a9ab0 ] Request (AttachInterfacesUnderV243Test:_run_cleanups): 200 GET http://10.180.1.21/compute/v2.1/servers/6e33cdfb-a412-4590-901f-a4c39c066709 0.199s
2025-11-28 18:35:21.790 66591 INFO tempest.common.waiters [-] State transition "ACTIVE/deleting" ==> "DELETED/None" after 5 second wait
2025-11-28 18:35:21.837 66595 INFO tempest.lib.common.rest_client [req-67fa6a3e-c3ff-4f91-aed2-57a229288299 req-67fa6a3e-c3ff-4f91-aed2-57a229288299 ] Request (DeleteServersTestJSON:test_delete_server_while_in_shelved_state): 200 GET http://10.180.1.21/compute/v2.1/servers/1ce8f894-b7ee-4a13-b846-da4ae3f30482 0.204s
2025-11-28 18:35:21.854 66621 INFO tempest.lib.common.rest_client [req-cf4b4232-bb34-4fb4-b41c-8bb59a58470b req-cf4b4232-bb34-4fb4-b41c-8bb59a58470b ] Request (ServersListShow298Test:tearDownClass): 200 GET http://10.180.1.21/compute/v2.1/servers/5ebae24c-5ffc-45cc-aa6f-bea8157eaa48 0.235s
2025-11-28 18:35:21.909 66635 INFO tempest.lib.common.rest_client [req-e9f706fd-2d9b-41bb-8fe5-facb52090347 req-e9f706fd-2d9b-41bb-8fe5-facb52090347 ] Request (ServersNegativeTestMultiTenantJSON:setUpClass): 200 GET http://10.180.1.21/compute/v2.1/servers/4de28db7-7ec1-45e0-bd5c-5de0ffcd273c 0.222s
2025-11-28 18:35:22.016 66623 INFO tempest.lib.common.rest_client [req-32a82108-bcba-45f4-afb2-e55f4a8f7307 req-32a82108-bcba-45f4-afb2-e55f4a8f7307 ] Request (MigrationsAdminTest:test_resize_server_revert_deleted_flavor): 200 GET http://10.180.1.21/compute/v2.1/servers/a13de661-1de7-43d2-8383-4eb6770148d4 0.302s
2025-11-28 18:35:22.023 66623 INFO tempest.common.waiters [-] State transition "RESIZE/resize_prep" ==> "RESIZE/resize_migrating" after 42 second wait
2025-11-28 18:35:22.046 66627 INFO tempest.lib.common.rest_client [req-71bad697-0af7-499e-a936-31e499f13274 req-71bad697-0af7-499e-a936-31e499f13274 ] Request (SecurityGroupsTestAdminJSON:test_list_security_groups_list_all_tenants_filter): 200 POST http://10.180.1.21/compute/v2.1/os-security-groups 0.393s
2025-11-28 18:35:22.078 66601 INFO tempest.lib.common.rest_client [req-068c7390-5433-4c4d-b982-b50551a1c4a6 req-068c7390-5433-4c4d-b982-b50551a1c4a6 ] Request (ServersNegativeTestJSON:setUpClass): 200 GET http://10.180.1.21/compute/v2.1/servers/c67e5748-ad72-480d-8928-0ff00d66c172 0.338s
2025-11-28 18:35:22.112 66641 INFO tempest.lib.common.rest_client [req-fafbb85d-3168-48d0-9bf5-747f60c1d800 req-fafbb85d-3168-48d0-9bf5-747f60c1d800 ] Request (ServerActionsV293TestJSON:setUpClass): 200 GET http://10.180.1.21/compute/v2.1/servers/19238bf2-6930-4488-940d-3dd96461abb6 0.327s
2025-11-28 18:35:22.134 66651 INFO tempest.lib.common.rest_client [req-512152aa-99d7-47ff-909e-6a94d60d0907 req-512152aa-99d7-47ff-909e-6a94d60d0907 ] Request (ServersTestJSON:tearDownClass): 404 GET http://10.180.1.21/compute/v2.1/servers/13e4ce1d-642e-4e39-bac4-98592fcdf089 0.267s
2025-11-28 18:35:22.149 66605 INFO tempest.lib.common.rest_client [req-a2598d28-0ff3-4ca9-aa47-4daee844f17d req-a2598d28-0ff3-4ca9-aa47-4daee844f17d ] Request (ServerRescueTestJSON:tearDownClass): 200 GET http://10.180.1.21/compute/v2.1/servers/1fccc512-b881-4fbd-8d8b-377e4617f08e 0.320s
2025-11-28 18:35:22.192 66615 INFO tempest.lib.common.rest_client [req-df0c6457-175e-4ac1-8174-603b6ae4de6e req-df0c6457-175e-4ac1-8174-603b6ae4de6e ] Request (ServerGroupTestJSON:_run_cleanups): 200 GET http://10.180.1.21/compute/v2.1/servers/5038c339-189d-410a-af60-76fb14f45dcf 0.272s
2025-11-28 18:35:22.208 66593 INFO tempest.lib.common.rest_client [req-819c4b9c-e925-43c5-9af0-e7fae855724f req-819c4b9c-e925-43c5-9af0-e7fae855724f ] Request (AttachInterfacesV270Test:test_create_get_list_interfaces): 200 GET http://10.180.1.21/compute/v2.1/servers/846d6963-0087-4bff-9934-b96a5782d12a 0.177s
2025-11-28 18:35:22.227 66651 INFO tempest.lib.common.rest_client [req-5b5613bc-6b96-4369-8a7d-22c0b37413a8 req-5b5613bc-6b96-4369-8a7d-22c0b37413a8 ] Request (ServersTestJSON:tearDownClass): 202 DELETE http://10.180.1.21/compute/v2.1/os-keypairs/tempest-keypair-1843366035 0.092s
2025-11-28 18:35:22.304 66627 INFO tempest.lib.common.rest_client [req-9529e892-7e33-4f54-b80a-c61667d3487a req-9529e892-7e33-4f54-b80a-c61667d3487a ] Request (SecurityGroupsTestAdminJSON:test_list_security_groups_list_all_tenants_filter): 200 POST http://10.180.1.21/compute/v2.1/os-security-groups 0.255s
2025-11-28 18:35:22.319 66651 INFO tempest.lib.common.rest_client [req-96c4f0d6-c5e9-49c7-a052-f2395f279d66 req-96c4f0d6-c5e9-49c7-a052-f2395f279d66 ] Request (ServersTestJSON:tearDownClass): 204 DELETE http://10.180.1.21/networking/v2.0/security-groups/991ad104-dbbe-49a6-aed0-ee98abb8de6f 0.092s
2025-11-28 18:35:22.327 66617 INFO tempest.lib.common.rest_client [req-65123a68-6bef-497f-b10a-1581cd27d9e4 req-65123a68-6bef-497f-b10a-1581cd27d9e4 ] Request (ServerDiagnosticsNegativeTest:tearDownClass): 200 GET http://10.180.1.21/compute/v2.1/servers/d8e2f5fb-4eee-48e5-8b16-e76d35feac14 0.137s
2025-11-28 18:35:22.333 66651 INFO tempest.lib.common.rest_client [req-47c96dcd-54d7-4aac-9048-c50a027a3e33 req-47c96dcd-54d7-4aac-9048-c50a027a3e33 ] Request (ServersTestJSON:tearDownClass): 404 GET http://10.180.1.21/networking/v2.0/security-groups/991ad104-dbbe-49a6-aed0-ee98abb8de6f 0.013s
2025-11-28 18:35:22.498 66613 INFO tempest.lib.common.rest_client [req-856ba8b3-fb43-4985-8e9a-e32721d3d7ca req-856ba8b3-fb43-4985-8e9a-e32721d3d7ca ] Request (VolumesAdminNegativeTest:tearDownClass): 404 GET http://10.180.1.21/volume/v3/volumes/c7112003-8146-4d17-ab6f-f9572c37fea8 0.019s
2025-11-28 18:35:22.552 66609 INFO tempest.lib.common.rest_client [req-5d7debb1-747a-4d43-a5b4-7fa658417dfe req-5d7debb1-747a-4d43-a5b4-7fa658417dfe ] Request (FloatingIPsAssociationTestJSON:tearDownClass): 200 GET http://10.180.1.21/compute/v2.1/servers/2c07c088-61fb-4cb4-8e46-64fd4cd745f6 0.064s
2025-11-28 18:35:22.554 66651 INFO tempest.lib.common.rest_client [req-576b3193-6074-4571-9915-219aae22f7f7 req-576b3193-6074-4571-9915-219aae22f7f7 ] Request (ServersTestJSON:tearDownClass): 204 DELETE http://10.180.1.21/networking/v2.0/floatingips/8d6273b7-5aee-4471-b5b1-1e29e01e66af 0.220s
2025-11-28 18:35:22.652 66613 INFO tempest.lib.common.rest_client [req-8320ce13-6bc4-4f91-8796-4d8ce626d00d req-8320ce13-6bc4-4f91-8796-4d8ce626d00d ] Request (VolumesAdminNegativeTest:tearDownClass): 204 DELETE http://10.180.1.21/compute/v2.1/servers/15853c87-e9e2-47bb-829e-7d2c3b5eeeca 0.153s
2025-11-28 18:35:22.709 66631 INFO tempest.lib.common.rest_client [req-baf1617d-d970-48aa-9a25-b9435544f26f req-baf1617d-d970-48aa-9a25-b9435544f26f ] Request (ImagesTestJSON:test_create_server_from_snapshot): 200 GET http://10.180.1.21/compute/v2.1/servers/ee9667d5-6f56-4555-885b-36f954f9bb7e 0.169s
2025-11-28 18:35:22.884 66603 INFO tempest.lib.common.rest_client [req-82b30631-afaa-40a7-b7d3-d3611b49cc65 req-82b30631-afaa-40a7-b7d3-d3611b49cc65 ] Request (SecurityGroupsTestJSON:test_server_security_groups): 200 GET http://10.180.1.21/compute/v2.1/servers/72ac1673-080a-466e-a6ad-143fe0fbe44d 0.332s
2025-11-28 18:35:22.949 66637 INFO tempest.lib.common.rest_client [req-efbab3c9-2949-4e8b-8dce-bbb46b405de2 req-efbab3c9-2949-4e8b-8dce-bbb46b405de2 ] Request (ServersAdminTestJSON:tearDownClass): 200 GET http://10.180.1.21/compute/v2.1/servers/59928aa0-9de2-4d13-8e84-449a3d5fe0fe 0.349s
2025-11-28 18:35:23.164 66613 INFO tempest.lib.common.rest_client [req-facb93e7-4f2d-4204-a020-94a92e63e512 req-facb93e7-4f2d-4204-a020-94a92e63e512 ] Request (VolumesAdminNegativeTest:tearDownClass): 200 GET http://10.180.1.21/compute/v2.1/servers/15853c87-e9e2-47bb-829e-7d2c3b5eeeca 0.512s
2025-11-28 18:35:23.273 66607 INFO tempest.lib.common.rest_client [req-24e34524-6234-4151-b15d-64ac87f55368 req-24e34524-6234-4151-b15d-64ac87f55368 ] Request (ImagesOneServerNegativeTestJSON:_run_cleanups): 200 GET http://10.180.1.21/compute/v2.1/servers/04731b94-49ad-457a-a8d1-321f81f7701a 0.612s
2025-11-28 18:35:23.358 66611 INFO tempest.lib.common.rest_client [req-838d50e2-f47a-4627-a2dd-9c67c8983e44 req-838d50e2-f47a-4627-a2dd-9c67c8983e44 ] Request (MultipleCreateTestJSON:_run_cleanups): 200 GET http://10.180.1.21/compute/v2.1/servers/f06b9435-62d3-4660-97cc-87b3c5f29a91 0.635s
2025-11-28 18:35:23.405 66651 INFO tempest.lib.common.rest_client [req-6845a458-a07c-49cb-9997-b5bc4e9f8504 req-6845a458-a07c-49cb-9997-b5bc4e9f8504 ] Request (ServersTestJSON:tearDownClass): 200 PUT http://10.180.1.21/networking/v2.0/routers/44623d8d-7a36-43aa-819a-c5bd2b6ad441/remove_router_interface 0.851s
2025-11-28 18:35:23.449 66625 INFO tempest.lib.common.rest_client [req-bfa845e7-0cc3-4f73-bd18-77224b82a13b req-bfa845e7-0cc3-4f73-bd18-77224b82a13b ] Request (ServersListShow296Test:test_list_show_update_rebuild_server_296): 200 GET http://10.180.1.21/compute/v2.1/servers/26db5fba-6084-4e25-aac4-3c2138466fa4 0.721s
2025-11-28 18:35:23.530 66639 INFO tempest.lib.common.rest_client [req-36f020ce-56ac-4a84-9397-32f6a99d5872 req-36f020ce-56ac-4a84-9397-32f6a99d5872 ] Request (ServersTestJSON:test_create_server_with_ipv6_addr_only): 200 GET http://10.180.1.21/compute/v2.1/servers/bf9755d8-e53d-4dd1-b8f9-fc9ff848d67c 0.749s
2025-11-28 18:35:23.617 66591 INFO tempest.lib.common.rest_client [req-8fda6358-af3b-4049-9129-635e4a0c3e14 req-8fda6358-af3b-4049-9129-635e4a0c3e14 ] Request (AttachInterfacesUnderV243Test:_run_cleanups): 200 GET http://10.180.1.21/compute/v2.1/servers/6e33cdfb-a412-4590-901f-a4c39c066709 0.825s
2025-11-28 18:35:23.687 66595 INFO tempest.lib.common.rest_client [req-35f115b3-96c2-4a13-92d9-b795a8e2cc66 req-35f115b3-96c2-4a13-92d9-b795a8e2cc66 ] Request (DeleteServersTestJSON:test_delete_server_while_in_shelved_state): 200 GET http://10.180.1.21/compute/v2.1/servers/1ce8f894-b7ee-4a13-b846-da4ae3f30482 0.842s
2025-11-28 18:35:23.763 66621 INFO tempest.lib.common.rest_client [req-30290087-3565-46aa-b65b-70eb96ba1960 req-30290087-3565-46aa-b65b-70eb96ba1960 ] Request (ServersListShow298Test:tearDownClass): 200 GET http://10.180.1.21/compute/v2.1/servers/5ebae24c-5ffc-45cc-aa6f-bea8157eaa48 0.897s
2025-11-28 18:35:23.825 66651 INFO tempest.lib.common.rest_client [req-c1ca115b-3096-432e-803a-aecad1d76aad req-c1ca115b-3096-432e-803a-aecad1d76aad ] Request (ServersTestJSON:tearDownClass): 204 DELETE http://10.180.1.21/networking/v2.0/routers/44623d8d-7a36-43aa-819a-c5bd2b6ad441 0.418s
2025-11-28 18:35:23.842 66635 INFO tempest.lib.common.rest_client [req-d45acd14-145a-4004-9c77-273703ca6ef6 req-d45acd14-145a-4004-9c77-273703ca6ef6 ] Request (ServersNegativeTestMultiTenantJSON:setUpClass): 200 GET http://10.180.1.21/compute/v2.1/servers/4de28db7-7ec1-45e0-bd5c-5de0ffcd273c 0.924s
2025-11-28 18:35:23.949 66651 INFO tempest.lib.common.rest_client [req-861d01e2-87cf-46a4-9ade-3bba40d235ae req-861d01e2-87cf-46a4-9ade-3bba40d235ae ] Request (ServersTestJSON:tearDownClass): 204 DELETE http://10.180.1.21/networking/v2.0/subnets/3c7aa5df-4310-44d9-a5b6-0b99de8bf708 0.123s
2025-11-28 18:35:24.065 66623 INFO tempest.lib.common.rest_client [req-7773c0dd-f1e7-41d0-b49e-413addafce4f req-7773c0dd-f1e7-41d0-b49e-413addafce4f ] Request (MigrationsAdminTest:test_resize_server_revert_deleted_flavor): 200 GET http://10.180.1.21/compute/v2.1/servers/a13de661-1de7-43d2-8383-4eb6770148d4 1.041s
2025-11-28 18:35:24.153 66601 INFO tempest.lib.common.rest_client [req-90126eaf-d57e-4f0a-93ab-c281ec4e4d93 req-90126eaf-d57e-4f0a-93ab-c281ec4e4d93 ] Request (ServersNegativeTestJSON:setUpClass): 200 GET http://10.180.1.21/compute/v2.1/servers/c67e5748-ad72-480d-8928-0ff00d66c172 1.067s
2025-11-28 18:35:24.246 66641 INFO tempest.lib.common.rest_client [req-ee6b336e-d036-4700-ac76-c56d3248efab req-ee6b336e-d036-4700-ac76-c56d3248efab ] Request (ServerActionsV293TestJSON:setUpClass): 200 GET http://10.180.1.21/compute/v2.1/servers/19238bf2-6930-4488-940d-3dd96461abb6 1.122s
2025-11-28 18:35:24.302 66651 INFO tempest.lib.common.rest_client [req-0b9cd3a4-7c10-4862-a05c-c7559193b76e req-0b9cd3a4-7c10-4862-a05c-c7559193b76e ] Request (ServersTestJSON:tearDownClass): 204 DELETE http://10.180.1.21/networking/v2.0/networks/736837bc-8830-4942-95f7-23ddba770fed 0.352s
2025-11-28 18:35:24.320 66605 INFO tempest.lib.common.rest_client [req-9c32a210-2b85-4a21-a684-791c276d6ee7 req-9c32a210-2b85-4a21-a684-791c276d6ee7 ] Request (ServerRescueTestJSON:tearDownClass): 200 GET http://10.180.1.21/compute/v2.1/servers/1fccc512-b881-4fbd-8d8b-377e4617f08e 1.163s
2025-11-28 18:35:24.388 66615 INFO tempest.lib.common.rest_client [req-1f51b115-d089-4dab-a66f-181ca0adfc45 req-1f51b115-d089-4dab-a66f-181ca0adfc45 ] Request (ServerGroupTestJSON:_run_cleanups): 200 GET http://10.180.1.21/compute/v2.1/servers/5038c339-189d-410a-af60-76fb14f45dcf 1.185s
2025-11-28 18:35:24.440 66651 INFO tempest.lib.common.rest_client [req-7242c13b-1f79-4f11-ad5b-f5ad754d5341 req-7242c13b-1f79-4f11-ad5b-f5ad754d5341 ] Request (ServersTestJSON:tearDownClass): 204 DELETE http://10.180.1.21/identity/v3/users/17ef00a2e92649b1b40491a76f9334df 0.138s
2025-11-28 18:35:24.440 66651 INFO tempest.lib.common.dynamic_creds [-] Deleting project and security group for project: c68f111f0b2846ba80b3816a42f9438a
2025-11-28 18:35:24.464 66593 INFO tempest.lib.common.rest_client [req-52aa9387-f7b8-44e2-9c06-fed50d9e3167 req-52aa9387-f7b8-44e2-9c06-fed50d9e3167 ] Request (AttachInterfacesV270Test:test_create_get_list_interfaces): 200 GET http://10.180.1.21/compute/v2.1/servers/846d6963-0087-4bff-9934-b96a5782d12a 1.243s
