2025-11-28 18:35:03.701 66635 INFO tempest.lib.common.fixed_network [-] (ServersNegativeTestMultiTenantJSON:setUpClass) Found network {'id': 'c3ec7075-b10c-410e-b4de-8d8b728e8aee', 'name': 'tempest-ServersNegativeTestMultiTenantJSON-1009201728-network', 'tenant_id': 'f25fb9a414e545bda3c036142a84bcab', 'project_id': 'f25fb9a414e545bda3c036142a84bcab', 'admin_state_up': True, 'mtu': 8950, 'status': 'ACTIVE', 'subnets': [], 'shared': False, 'port_security_enabled': True, 'router:external': False, 'provider:network_type': 'vlan', 'provider:physical_network': 'default', 'provider:segmentation_id': 309, 'availability_zone_hints': [], 'availability_zones': [], 'ipv4_address_scope': None, 'ipv6_address_scope': None, 'description': '', 'tags': [], 'created_at': '2025-11-28T18:34:58Z', 'updated_at': '2025-11-28T18:34:58Z', 'revision_number': 1} available for tenant
2025-11-28 18:35:04.351 66601 INFO tempest.lib.common.rest_client [req-c41d888f-2152-40ce-b042-91e5edf62398 req-c41d888f-2152-40ce-b042-91e5edf62398 ] Request (ServersNegativeTestJSON:setUpClass): 200 PUT http://10.180.1.21/networking/v2.0/routers/d8945d5b-7ca9-46b2-af25-2f68846c4727/add_router_interface 1.674s
2025-11-28 18:35:04.351 66601 INFO tempest.lib.common.dynamic_creds [-] Created isolated network resources for: credentials: Credentials: {'domain_id': 'default', 'domain_name': 'Default', 'username': 'tempest-ServersNegativeTestJSON-1962420176-project-member', 'project_domain_id': 'default', 'project_domain_name': 'Default', 'project_id': 'e52b06bdd68b4a1fb6ba98e6dd701549', 'project_name': 'tempest-ServersNegativeTestJSON-1962420176', 'tenant_id': 'e52b06bdd68b4a1fb6ba98e6dd701549', 'tenant_name': 'tempest-ServersNegativeTestJSON-1962420176', 'user_domain_id': 'default', 'user_domain_name': 'Default', 'user_id': 'b55bcde5484c4c549cf2b60e50e46038', 'system': None}, Network: {'id': 'ed7baff4-2471-4fe6-844d-ab573a6b34e6', 'name': 'tempest-ServersNegativeTestJSON-635317338-network', 'tenant_id': 'e52b06bdd68b4a1fb6ba98e6dd701549', 'project_id': 'e52b06bdd68b4a1fb6ba98e6dd701549', 'admin_state_up': True, 'mtu': 8950, 'status': 'ACTIVE', 'subnets': [], 'shared': False, 'port_security_enabled': True, 'router:external': False, 'provider:network_type': 'vlan', 'provider:physical_network': 'default', 'provider:segmentation_id': 123, 'availability_zone_hints': [], 'availability_zones': [], 'ipv4_address_scope': None, 'ipv6_address_scope': None, 'description': '', 'tags': [], 'created_at': '2025-11-28T18:35:01Z', 'updated_at': '2025-11-28T18:35:01Z', 'revision_number': 1}, Subnet: {'id': '929bcaae-4e7e-4ec3-bf02-3bfc0de9d736', 'name': 'tempest-ServersNegativeTestJSON-635317338-subnet', 'tenant_id': 'e52b06bdd68b4a1fb6ba98e6dd701549', 'network_id': 'ed7baff4-2471-4fe6-844d-ab573a6b34e6', 'ip_version': 4, 'subnetpool_id': None, 'enable_dhcp': True, 'ipv6_ra_mode': None, 'ipv6_address_mode': None, 'gateway_ip': '192.168.128.1', 'cidr': '192.168.128.0/28', 'allocation_pools': [{'start': '192.168.128.2', 'end': '192.168.128.14'}], 'host_routes': [], 'dns_nameservers': [], 'description': '', 'router:external': False, 'service_types': [], 'tags': [], 'created_at': '2025-11-28T18:35:01Z', 'updated_at': '2025-11-28T18:35:01Z', 'revision_number': 0, 'project_id': 'e52b06bdd68b4a1fb6ba98e6dd701549'}, Router: {'id': 'd8945d5b-7ca9-46b2-af25-2f68846c4727', 'name': 'tempest-ServersNegativeTestJSON-635317338-router', 'tenant_id': 'e52b06bdd68b4a1fb6ba98e6dd701549', 'admin_state_up': True, 'status': 'ACTIVE', 'external_gateway_info': {'network_id': '992866d4-49e7-4c13-a122-a87e5fd8a52a', 'external_fixed_ips': [{'subnet_id': '70828788-ab19-4b1e-a7b8-b76d12211874', 'ip_address': '10.180.180.169'}], 'enable_snat': True}, 'description': '', 'availability_zones': [], 'distributed': False, 'ha': False, 'availability_zone_hints': [], 'routes': [], 'flavor_id': None, 'tags': [], 'created_at': '2025-11-28T18:35:01Z', 'updated_at': '2025-11-28T18:35:02Z', 'revision_number': 2, 'project_id': 'e52b06bdd68b4a1fb6ba98e6dd701549'}
2025-11-28 18:35:04.396 66623 INFO tempest.lib.common.rest_client [req-a808110b-b8c6-4f89-9ce9-114cc5e865bf req-a808110b-b8c6-4f89-9ce9-114cc5e865bf ] Request (MigrationsAdminTest:test_resize_server_revert_deleted_flavor): 200 GET http://10.180.1.21/compute/v2.1/servers/a13de661-1de7-43d2-8383-4eb6770148d4 2.829s
2025-11-28 18:35:04.425 66625 INFO tempest.lib.common.rest_client [req-39751e01-1ca7-4788-aa76-431724864776 req-39751e01-1ca7-4788-aa76-431724864776 ] Request (ServersListShow296Test:test_list_show_update_rebuild_server_296): 200 GET http://10.180.1.21/compute/v2.1/servers/26db5fba-6084-4e25-aac4-3c2138466fa4 2.859s
2025-11-28 18:35:04.459 66601 INFO tempest.lib.common.rest_client [req-7a84eb30-0541-4155-af83-77e4a978aa16 req-7a84eb30-0541-4155-af83-77e4a978aa16 ] Request (ServersNegativeTestJSON:setUpClass): 201 POST http://10.180.1.21/identity/v3/auth/tokens 0.104s
2025-11-28 18:35:04.517 66601 INFO tempest.lib.common.rest_client [req-79d73933-b883-4bc2-b52c-2513b286f116 req-79d73933-b883-4bc2-b52c-2513b286f116 ] Request (ServersNegativeTestJSON:setUpClass): 201 POST http://10.180.1.21/identity/v3/auth/tokens 0.048s
2025-11-28 18:35:04.518 66601 INFO tempest.lib.common.fixed_network [-] (ServersNegativeTestJSON:setUpClass) Found network {'id': 'ed7baff4-2471-4fe6-844d-ab573a6b34e6', 'name': 'tempest-ServersNegativeTestJSON-635317338-network', 'tenant_id': 'e52b06bdd68b4a1fb6ba98e6dd701549', 'project_id': 'e52b06bdd68b4a1fb6ba98e6dd701549', 'admin_state_up': True, 'mtu': 8950, 'status': 'ACTIVE', 'subnets': [], 'shared': False, 'port_security_enabled': True, 'router:external': False, 'provider:network_type': 'vlan', 'provider:physical_network': 'default', 'provider:segmentation_id': 123, 'availability_zone_hints': [], 'availability_zones': [], 'ipv4_address_scope': None, 'ipv6_address_scope': None, 'description': '', 'tags': [], 'created_at': '2025-11-28T18:35:01Z', 'updated_at': '2025-11-28T18:35:01Z', 'revision_number': 1} available for tenant
2025-11-28 18:35:04.674 66591 INFO paramiko.transport [-] Connected (version 2.0, client dropbear_2020.81)
2025-11-28 18:35:04.759 66639 INFO tempest.lib.common.rest_client [req-f6fad015-5ac3-4cc9-b948-231e5b9c1ad6 req-f6fad015-5ac3-4cc9-b948-231e5b9c1ad6 ] Request (ServersTestJSON:test_create_server_with_ipv6_addr_only): 200 GET http://10.180.1.21/compute/v2.1/servers/bf9755d8-e53d-4dd1-b8f9-fc9ff848d67c 3.129s
2025-11-28 18:35:04.781 66621 INFO tempest.lib.common.rest_client [req-ad466d37-c929-440a-86b0-5fa2d42bfa0c req-ad466d37-c929-440a-86b0-5fa2d42bfa0c ] Request (ServersListShow298Test:tearDownClass): 200 GET http://10.180.1.21/compute/v2.1/servers/5ebae24c-5ffc-45cc-aa6f-bea8157eaa48 3.136s
2025-11-28 18:35:04.783 66591 INFO paramiko.transport [-] Authentication (publickey) successful!
2025-11-28 18:35:04.784 66591 INFO tempest.lib.common.ssh [-] ssh connection to cirros@10.180.180.248 successfully created
2025-11-28 18:35:04.794 66621 INFO tempest.common.waiters [-] State transition "ACTIVE/deleting" ==> "DELETED/None" after 6 second wait
2025-11-28 18:35:05.257 66613 INFO tempest.lib.common.rest_client [req-17a81688-f054-488b-9d1a-1cda9d88606e req-17a81688-f054-488b-9d1a-1cda9d88606e ] Request (VolumesAdminNegativeTest:test_update_attached_volume_with_nonexistent_volume_in_uri): 200 GET http://10.180.1.21/compute/v2.1/servers/15853c87-e9e2-47bb-829e-7d2c3b5eeeca 3.537s
2025-11-28 18:35:05.285 66617 INFO tempest.lib.common.rest_client [req-9596e229-2551-49ef-957b-90e49b116fe9 req-9596e229-2551-49ef-957b-90e49b116fe9 ] Request (ServerDiagnosticsNegativeTest:test_get_server_diagnostics_by_non_admin): 200 GET http://10.180.1.21/compute/v2.1/servers/d8e2f5fb-4eee-48e5-8b16-e76d35feac14 3.588s
2025-11-28 18:35:05.292 66617 INFO tempest.common.waiters [-] State transition "BUILD/None" ==> "BUILD/spawning" after 41 second wait
2025-11-28 18:35:05.317 66627 INFO tempest.lib.common.rest_client [req-3d2a358e-f16c-4df5-96f3-32f07574166a req-3d2a358e-f16c-4df5-96f3-32f07574166a ] Request (VolumesAssistedSnapshotsTest:tearDownClass): 404 GET http://10.180.1.21/compute/v2.1/servers/ef19ceaa-5d3b-456f-b93f-3cab247427be 3.401s
2025-11-28 18:35:05.343 66641 INFO tempest.lib.common.rest_client [req-382965e6-0146-4b05-a465-87699f2e150f req-382965e6-0146-4b05-a465-87699f2e150f ] Request (ServerActionsV293TestJSON:setUpClass): 200 GET http://10.180.1.21/compute/v2.1/servers/19238bf2-6930-4488-940d-3dd96461abb6 3.504s
2025-11-28 18:35:05.386 66605 INFO tempest.lib.common.rest_client [req-f66b829d-a6ab-45bd-b0d5-91694217a051 req-f66b829d-a6ab-45bd-b0d5-91694217a051 ] Request (ServerRescueTestJSON:tearDownClass): 200 GET http://10.180.1.21/compute/v2.1/servers/1fccc512-b881-4fbd-8d8b-377e4617f08e 3.402s
2025-11-28 18:35:05.416 66595 INFO tempest.lib.common.rest_client [req-506c148b-7d25-469b-a747-8776358b3fdb req-506c148b-7d25-469b-a747-8776358b3fdb ] Request (DeleteServersTestJSON:test_delete_server_while_in_attached_volume): 200 GET http://10.180.1.21/compute/v2.1/servers/9b1e0682-4487-470e-b09e-f8f43146d0cd 3.397s
2025-11-28 18:35:05.466 66651 INFO tempest.lib.common.rest_client [req-ca647ef4-f707-47db-aec1-92e2ea43a5db req-ca647ef4-f707-47db-aec1-92e2ea43a5db ] Request (ServersTestJSON:tearDownClass): 200 GET http://10.180.1.21/compute/v2.1/servers/13e4ce1d-642e-4e39-bac4-98592fcdf089 3.370s
2025-11-28 18:35:05.493 66615 INFO tempest.lib.common.rest_client [req-84f8ce3b-8feb-4840-a6de-511ace45c442 req-84f8ce3b-8feb-4840-a6de-511ace45c442 ] Request (ServerGroupTestJSON:_run_cleanups): 200 GET http://10.180.1.21/compute/v2.1/servers/5038c339-189d-410a-af60-76fb14f45dcf 3.281s
2025-11-28 18:35:05.528 66609 INFO tempest.lib.common.rest_client [req-247546e4-91c5-435d-94c5-6c9105c2abf6 req-247546e4-91c5-435d-94c5-6c9105c2abf6 ] Request (FloatingIPsAssociationTestJSON:tearDownClass): 200 GET http://10.180.1.21/compute/v2.1/servers/ad33a8f3-b976-4dfb-8c04-2f68575719ba 3.300s
2025-11-28 18:35:05.556 66637 INFO tempest.lib.common.rest_client [req-185fd74c-df17-490a-b117-076dcad5dc26 req-185fd74c-df17-490a-b117-076dcad5dc26 ] Request (ServersAdminTestJSON:test_reset_state_server): 202 POST http://10.180.1.21/compute/v2.1/servers/87fa7fdf-4cee-419e-bd33-a647d306c571/action 3.141s
2025-11-28 18:35:05.588 66593 INFO tempest.lib.common.rest_client [req-61ece594-31c3-45e9-94af-f09bba5d16be req-61ece594-31c3-45e9-94af-f09bba5d16be ] Request (AttachInterfacesV270Test:test_create_get_list_interfaces): 200 GET http://10.180.1.21/compute/v2.1/servers/846d6963-0087-4bff-9934-b96a5782d12a 3.171s
2025-11-28 18:35:05.607 66603 INFO tempest.lib.common.rest_client [req-e6aedef1-eee8-4223-904e-fa5fc71125c0 req-e6aedef1-eee8-4223-904e-fa5fc71125c0 ] Request (SecurityGroupsTestJSON:test_server_security_groups): 200 GET http://10.180.1.21/compute/v2.1/servers/72ac1673-080a-466e-a6ad-143fe0fbe44d 3.185s
2025-11-28 18:35:05.648 66611 INFO tempest.lib.common.rest_client [req-98caad8f-1f51-4be1-9f80-98ec58cc6b60 req-98caad8f-1f51-4be1-9f80-98ec58cc6b60 ] Request (MultipleCreateTestJSON:_run_cleanups): 200 GET http://10.180.1.21/compute/v2.1/servers/f06b9435-62d3-4660-97cc-87b3c5f29a91 3.146s
2025-11-28 18:35:05.669 66631 INFO tempest.lib.common.rest_client [req-94efbc32-ac8c-4c15-b67b-5d13f3e53a0e req-94efbc32-ac8c-4c15-b67b-5d13f3e53a0e ] Request (ImagesTestJSON:test_create_server_from_snapshot): 200 GET http://10.180.1.21/compute/v2.1/servers/ee9667d5-6f56-4555-885b-36f954f9bb7e 2.926s
2025-11-28 18:35:05.803 66607 INFO tempest.lib.common.rest_client [req-ce035459-0d65-4be6-a310-7cb5307b59d9 req-ce035459-0d65-4be6-a310-7cb5307b59d9 ] Request (ImagesOneServerNegativeTestJSON:_run_cleanups): 200 GET http://10.180.1.21/compute/v2.1/servers/04731b94-49ad-457a-a8d1-321f81f7701a 1.598s
2025-11-28 18:35:05.810 66607 INFO tempest.common.waiters [-] State transition "BUILD/spawning" ==> "ACTIVE/None" after 42 second wait
2025-11-28 18:35:06.094 66635 INFO tempest.lib.common.rest_client [req-e374bdd3-9497-4b94-af30-36ffb529c70f req-e374bdd3-9497-4b94-af30-36ffb529c70f ] Request (ServersNegativeTestMultiTenantJSON:setUpClass): 202 POST http://10.180.1.21/compute/v2.1/servers 2.392s
2025-11-28 18:35:06.245 66601 INFO tempest.lib.common.rest_client [req-56dd565d-8cc4-489e-b70e-bcab331af82c req-56dd565d-8cc4-489e-b70e-bcab331af82c ] Request (ServersNegativeTestJSON:setUpClass): 202 POST http://10.180.1.21/compute/v2.1/servers 1.723s
2025-11-28 18:35:06.246 66591 INFO tempest.lib.common.rest_client [req-edae860a-2952-4f55-8dfd-3ae681d5260d req-edae860a-2952-4f55-8dfd-3ae681d5260d ] Request (AttachInterfacesUnderV243Test:test_add_remove_fixed_ip): 200 GET http://10.180.1.21/compute/v2.1/servers/6e33cdfb-a412-4590-901f-a4c39c066709/os-interface 1.462s
2025-11-28 18:35:06.274 66627 INFO tempest.lib.common.rest_client [req-ed22a15a-e05a-4021-b8d1-3f52475cf830 req-ed22a15a-e05a-4021-b8d1-3f52475cf830 ] Request (VolumesAssistedSnapshotsTest:tearDownClass): 202 DELETE http://10.180.1.21/compute/v2.1/os-keypairs/tempest-keypair-686501776 0.956s
2025-11-28 18:35:06.320 66597 WARNING tempest.lib.common.ssh [-] Failed to establish authenticated ssh connection to cirros@10.180.180.203 ([Errno None] Unable to connect to port 22 on 10.180.180.203). Number attempts: 4. Retry after 5 seconds.: paramiko.ssh_exception.NoValidConnectionsError: [Errno None] Unable to connect to port 22 on 10.180.180.203
2025-11-28 18:35:06.370 66625 INFO tempest.lib.common.rest_client [req-cd9eca35-17ab-4821-b920-f09b0eb52606 req-cd9eca35-17ab-4821-b920-f09b0eb52606 ] Request (ServersListShow296Test:test_list_show_update_rebuild_server_296): 200 GET http://10.180.1.21/compute/v2.1/servers/26db5fba-6084-4e25-aac4-3c2138466fa4 0.932s
2025-11-28 18:35:06.384 66627 INFO tempest.lib.common.rest_client [req-c0ceeb4b-83c9-477e-ac64-d65049baba45 req-c0ceeb4b-83c9-477e-ac64-d65049baba45 ] Request (VolumesAssistedSnapshotsTest:tearDownClass): 204 DELETE http://10.180.1.21/networking/v2.0/security-groups/d1afb929-26eb-4afd-90a6-58fa4dfbdf22 0.109s
2025-11-28 18:35:06.422 66627 INFO tempest.lib.common.rest_client [req-b91e3ad2-819d-470f-9584-d0287dd1bfa3 req-b91e3ad2-819d-470f-9584-d0287dd1bfa3 ] Request (VolumesAssistedSnapshotsTest:tearDownClass): 404 GET http://10.180.1.21/networking/v2.0/security-groups/d1afb929-26eb-4afd-90a6-58fa4dfbdf22 0.035s
2025-11-28 18:35:06.423 66623 INFO tempest.lib.common.rest_client [req-48aca110-0210-401f-9663-d1d99d20c5e3 req-48aca110-0210-401f-9663-d1d99d20c5e3 ] Request (MigrationsAdminTest:test_resize_server_revert_deleted_flavor): 200 GET http://10.180.1.21/compute/v2.1/servers/a13de661-1de7-43d2-8383-4eb6770148d4 1.017s
2025-11-28 18:35:06.512 66637 INFO tempest.lib.common.rest_client [req-1e5c1dcf-64b9-4925-b951-59e4063c6a4f req-1e5c1dcf-64b9-4925-b951-59e4063c6a4f ] Request (ServersAdminTestJSON:test_reset_state_server): 200 GET http://10.180.1.21/compute/v2.1/servers/87fa7fdf-4cee-419e-bd33-a647d306c571 0.956s
2025-11-28 18:35:06.522 66639 INFO tempest.lib.common.rest_client [req-2e6a241f-f42b-4155-8911-cfdf53f1a230 req-2e6a241f-f42b-4155-8911-cfdf53f1a230 ] Request (ServersTestJSON:test_create_server_with_ipv6_addr_only): 200 GET http://10.180.1.21/compute/v2.1/servers/bf9755d8-e53d-4dd1-b8f9-fc9ff848d67c 0.755s
2025-11-28 18:35:06.661 66621 INFO tempest.lib.common.rest_client [req-ea5b8ce0-2a3c-49f1-bab4-f323b61b1826 req-ea5b8ce0-2a3c-49f1-bab4-f323b61b1826 ] Request (ServersListShow298Test:tearDownClass): 200 GET http://10.180.1.21/compute/v2.1/servers/5ebae24c-5ffc-45cc-aa6f-bea8157eaa48 0.865s
2025-11-28 18:35:06.710 66627 INFO tempest.lib.common.rest_client [req-4518c9cc-bda0-4f71-a0dc-fadf88ce5db2 req-4518c9cc-bda0-4f71-a0dc-fadf88ce5db2 ] Request (VolumesAssistedSnapshotsTest:tearDownClass): 204 DELETE http://10.180.1.21/networking/v2.0/floatingips/2da4dd0a-368f-408c-b202-7dc0b3b1d86a 0.287s
2025-11-28 18:35:06.719 66607 INFO tempest.lib.common.rest_client [req-80a80765-4d0b-44d8-98fd-b4a7135c178e req-80a80765-4d0b-44d8-98fd-b4a7135c178e ] Request (ImagesOneServerNegativeTestJSON:setUp): 200 GET http://10.180.1.21/compute/v2.1/servers/04731b94-49ad-457a-a8d1-321f81f7701a 0.907s
2025-11-28 18:35:06.729 66627 INFO tempest.lib.common.rest_client [req-1f106854-4958-44f7-ba47-944b6e3273c1 req-1f106854-4958-44f7-ba47-944b6e3273c1 ] Request (VolumesAssistedSnapshotsTest:tearDownClass): 404 DELETE http://10.180.1.21/volume/v3/volumes/1a0f3f8b-2e3d-4cbd-b8f3-2bd830eec7b5 0.016s
2025-11-28 18:35:06.732 66635 INFO tempest.lib.common.rest_client [req-011d254c-93f7-4339-b774-963de5c65ca6 req-011d254c-93f7-4339-b774-963de5c65ca6 ] Request (ServersNegativeTestMultiTenantJSON:setUpClass): 200 GET http://10.180.1.21/compute/v2.1/servers/4de28db7-7ec1-45e0-bd5c-5de0ffcd273c 0.636s
2025-11-28 18:35:06.743 66627 INFO tempest.lib.common.rest_client [req-d6b12be1-6a03-4a01-80f1-e507eb9eba18 req-d6b12be1-6a03-4a01-80f1-e507eb9eba18 ] Request (VolumesAssistedSnapshotsTest:tearDownClass): 404 GET http://10.180.1.21/volume/v3/volumes/1a0f3f8b-2e3d-4cbd-b8f3-2bd830eec7b5 0.013s
2025-11-28 18:35:06.778 66601 INFO tempest.lib.common.rest_client [req-b9d03f85-c6e3-4ddf-b85f-67f95e8c7497 req-b9d03f85-c6e3-4ddf-b85f-67f95e8c7497 ] Request (ServersNegativeTestJSON:setUpClass): 200 GET http://10.180.1.21/compute/v2.1/servers/c67e5748-ad72-480d-8928-0ff00d66c172 0.531s
2025-11-28 18:35:06.849 66591 INFO tempest.lib.common.rest_client [req-d2b501d4-a862-46db-b1a4-1b6de9836ab2 req-d2b501d4-a862-46db-b1a4-1b6de9836ab2 ] Request (AttachInterfacesUnderV243Test:test_add_remove_fixed_ip): 200 GET http://10.180.1.21/compute/v2.1/servers/6e33cdfb-a412-4590-901f-a4c39c066709/os-interface/5f6a6075-3989-4a43-9899-19d84c7381f6 0.601s
2025-11-28 18:35:06.863 66613 INFO tempest.lib.common.rest_client [req-b232fb65-18a1-419c-ae28-99f8e0b3b9fd req-b232fb65-18a1-419c-ae28-99f8e0b3b9fd ] Request (VolumesAdminNegativeTest:test_update_attached_volume_with_nonexistent_volume_in_uri): 200 GET http://10.180.1.21/compute/v2.1/servers/15853c87-e9e2-47bb-829e-7d2c3b5eeeca 0.596s
2025-11-28 18:35:06.940 66641 INFO tempest.lib.common.rest_client [req-ace5e4f4-67f8-4c55-9eab-a8620f6ca1ae req-ace5e4f4-67f8-4c55-9eab-a8620f6ca1ae ] Request (ServerActionsV293TestJSON:setUpClass): 200 GET http://10.180.1.21/compute/v2.1/servers/19238bf2-6930-4488-940d-3dd96461abb6 0.585s
2025-11-28 18:35:06.962 66617 INFO tempest.lib.common.rest_client [req-e5cb1831-44d6-4729-8210-624d0fc35674 req-e5cb1831-44d6-4729-8210-624d0fc35674 ] Request (ServerDiagnosticsNegativeTest:test_get_server_diagnostics_by_non_admin): 200 GET http://10.180.1.21/compute/v2.1/servers/d8e2f5fb-4eee-48e5-8b16-e76d35feac14 0.669s
2025-11-28 18:35:07.008 66605 INFO tempest.lib.common.rest_client [req-22c25cdf-9ddc-49bb-9494-4ba86a8bebe0 req-22c25cdf-9ddc-49bb-9494-4ba86a8bebe0 ] Request (ServerRescueTestJSON:tearDownClass): 200 GET http://10.180.1.21/compute/v2.1/servers/1fccc512-b881-4fbd-8d8b-377e4617f08e 0.612s
2025-11-28 18:35:07.015 66605 INFO tempest.common.waiters [-] State transition "ACTIVE/deleting" ==> "DELETED/None" after 7 second wait
2025-11-28 18:35:07.039 66595 INFO tempest.lib.common.rest_client [req-45585990-59c5-44ba-ba3b-a904cd579012 req-45585990-59c5-44ba-ba3b-a904cd579012 ] Request (DeleteServersTestJSON:test_delete_server_while_in_attached_volume): 200 GET http://10.180.1.21/compute/v2.1/servers/9b1e0682-4487-470e-b09e-f8f43146d0cd 0.611s
2025-11-28 18:35:07.085 66651 INFO tempest.lib.common.rest_client [req-76244768-a13b-4a65-8ac2-094acfb42a4d req-76244768-a13b-4a65-8ac2-094acfb42a4d ] Request (ServersTestJSON:tearDownClass): 200 GET http://10.180.1.21/compute/v2.1/servers/13e4ce1d-642e-4e39-bac4-98592fcdf089 0.610s
2025-11-28 18:35:07.106 66615 INFO tempest.lib.common.rest_client [req-c6558f57-30d7-4892-8f28-3939890d35c8 req-c6558f57-30d7-4892-8f28-3939890d35c8 ] Request (ServerGroupTestJSON:_run_cleanups): 200 GET http://10.180.1.21/compute/v2.1/servers/5038c339-189d-410a-af60-76fb14f45dcf 0.604s
2025-11-28 18:35:07.137 66609 INFO tempest.lib.common.rest_client [req-22b33f22-37bf-4e1b-9489-03fb12be8872 req-22b33f22-37bf-4e1b-9489-03fb12be8872 ] Request (FloatingIPsAssociationTestJSON:tearDownClass): 404 GET http://10.180.1.21/compute/v2.1/servers/ad33a8f3-b976-4dfb-8c04-2f68575719ba 0.599s
2025-11-28 18:35:07.163 66637 INFO tempest.lib.common.rest_client [req-a1a77c84-3d77-413c-aa56-bae121f3f437 req-a1a77c84-3d77-413c-aa56-bae121f3f437 ] Request (ServersAdminTestJSON:test_reset_state_server): 202 POST http://10.180.1.21/compute/v2.1/servers/87fa7fdf-4cee-419e-bd33-a647d306c571/action 0.638s
2025-11-28 18:35:07.223 66593 INFO tempest.lib.common.rest_client [req-4de4d278-0227-44b0-a96e-d09e46c98649 req-4de4d278-0227-44b0-a96e-d09e46c98649 ] Request (AttachInterfacesV270Test:test_create_get_list_interfaces): 200 GET http://10.180.1.21/compute/v2.1/servers/846d6963-0087-4bff-9934-b96a5782d12a 0.624s
2025-11-28 18:35:07.234 66603 INFO tempest.lib.common.rest_client [req-378ddebb-7dc0-4703-89e2-8863ddde7be9 req-378ddebb-7dc0-4703-89e2-8863ddde7be9 ] Request (SecurityGroupsTestJSON:test_server_security_groups): 200 GET http://10.180.1.21/compute/v2.1/servers/72ac1673-080a-466e-a6ad-143fe0fbe44d 0.618s
2025-11-28 18:35:07.315 66631 INFO tempest.lib.common.rest_client [req-c576283b-41b9-4949-9ebb-aa3fd7b07936 req-c576283b-41b9-4949-9ebb-aa3fd7b07936 ] Request (ImagesTestJSON:test_create_server_from_snapshot): 200 GET http://10.180.1.21/compute/v2.1/servers/ee9667d5-6f56-4555-885b-36f954f9bb7e 0.627s
2025-11-28 18:35:07.331 66611 INFO tempest.lib.common.rest_client [req-8ccc0b54-97da-483e-a731-08d5be7b2f60 req-8ccc0b54-97da-483e-a731-08d5be7b2f60 ] Request (MultipleCreateTestJSON:_run_cleanups): 200 GET http://10.180.1.21/compute/v2.1/servers/f06b9435-62d3-4660-97cc-87b3c5f29a91 0.670s
2025-11-28 18:35:07.341 66611 INFO tempest.common.waiters [-] State transition "ACTIVE/deleting" ==> "DELETED/None" after 2 second wait
2025-11-28 18:35:07.368 66591 INFO tempest.lib.common.rest_client [req-d0ae27ab-0114-4514-9533-31d8f925c132 req-d0ae27ab-0114-4514-9533-31d8f925c132 ] Request (AttachInterfacesUnderV243Test:test_add_remove_fixed_ip): 200 GET http://10.180.1.21/compute/v2.1/servers/6e33cdfb-a412-4590-901f-a4c39c066709/ips 0.516s
2025-11-28 18:35:07.555 66627 INFO tempest.lib.common.rest_client [req-71c3527d-4446-47c9-84d7-1f5d30bb40e9 req-71c3527d-4446-47c9-84d7-1f5d30bb40e9 ] Request (VolumesAssistedSnapshotsTest:tearDownClass): 200 PUT http://10.180.1.21/networking/v2.0/routers/7d1da25d-8579-4c8b-b61d-7923af06cdac/remove_router_interface 0.812s
2025-11-28 18:35:07.710 66609 INFO tempest.lib.common.rest_client [req-6df59e2c-d2b6-4282-b9fd-0ffc63e09da4 req-6df59e2c-d2b6-4282-b9fd-0ffc63e09da4 ] Request (FloatingIPsAssociationTestJSON:tearDownClass): 202 DELETE http://10.180.1.21/compute/v2.1/os-floating-ips/c01e99c0-40b0-4bf8-bdc7-b3459bb025e5 0.572s
2025-11-28 18:35:07.795 66607 INFO tempest.lib.common.rest_client [req-3131c659-c592-472c-96c7-87fe47b480c2 req-3131c659-c592-472c-96c7-87fe47b480c2 ] Request (ImagesOneServerNegativeTestJSON:test_delete_image_that_is_not_yet_active): 202 POST http://10.180.1.21/compute/v2.1/servers/04731b94-49ad-457a-a8d1-321f81f7701a/action 1.065s
2025-11-28 18:35:07.833 66591 INFO tempest.lib.common.rest_client [req-86796b71-0141-4070-a7a6-c8db19320321 req-86796b71-0141-4070-a7a6-c8db19320321 ] Request (AttachInterfacesUnderV243Test:test_add_remove_fixed_ip): 202 POST http://10.180.1.21/compute/v2.1/servers/6e33cdfb-a412-4590-901f-a4c39c066709/action 0.463s
2025-11-28 18:35:07.852 66637 INFO tempest.lib.common.rest_client [req-7284993c-0e38-45de-a518-4db9a5d28217 req-7284993c-0e38-45de-a518-4db9a5d28217 ] Request (ServersAdminTestJSON:test_reset_state_server): 200 GET http://10.180.1.21/compute/v2.1/servers/87fa7fdf-4cee-419e-bd33-a647d306c571 0.688s
2025-11-28 18:35:07.955 66625 INFO tempest.lib.common.rest_client [req-51de76be-ae15-4b3f-9cfe-9bb1a39da96f req-51de76be-ae15-4b3f-9cfe-9bb1a39da96f ] Request (ServersListShow296Test:test_list_show_update_rebuild_server_296): 200 GET http://10.180.1.21/compute/v2.1/servers/26db5fba-6084-4e25-aac4-3c2138466fa4 0.572s
2025-11-28 18:35:07.977 66623 INFO tempest.lib.common.rest_client [req-57f30ac6-fbff-442a-b521-1d7b0e038eda req-57f30ac6-fbff-442a-b521-1d7b0e038eda ] Request (MigrationsAdminTest:test_resize_server_revert_deleted_flavor): 200 GET http://10.180.1.21/compute/v2.1/servers/a13de661-1de7-43d2-8383-4eb6770148d4 0.545s
2025-11-28 18:35:08.012 66639 INFO tempest.lib.common.rest_client [req-7cf12171-6ed0-4bd4-91b1-bd5628a5da65 req-7cf12171-6ed0-4bd4-91b1-bd5628a5da65 ] Request (ServersTestJSON:test_create_server_with_ipv6_addr_only): 200 GET http://10.180.1.21/compute/v2.1/servers/bf9755d8-e53d-4dd1-b8f9-fc9ff848d67c 0.481s
2025-11-28 18:35:08.049 66627 INFO tempest.lib.common.rest_client [req-aa9795f2-3005-4207-b8ed-5b68add1cdc9 req-aa9795f2-3005-4207-b8ed-5b68add1cdc9 ] Request (VolumesAssistedSnapshotsTest:tearDownClass): 204 DELETE http://10.180.1.21/networking/v2.0/routers/7d1da25d-8579-4c8b-b61d-7923af06cdac 0.493s
2025-11-28 18:35:08.068 66621 INFO tempest.lib.common.rest_client [req-6638f505-e9b3-4dd2-b264-dee836eebbf4 req-6638f505-e9b3-4dd2-b264-dee836eebbf4 ] Request (ServersListShow298Test:tearDownClass): 200 GET http://10.180.1.21/compute/v2.1/servers/5ebae24c-5ffc-45cc-aa6f-bea8157eaa48 0.389s
2025-11-28 18:35:08.112 66609 INFO tempest.lib.common.rest_client [req-d8471cea-3a14-49c7-b585-f28015ed2aef req-d8471cea-3a14-49c7-b585-f28015ed2aef ] Request (FloatingIPsAssociationTestJSON:tearDownClass): 204 DELETE http://10.180.1.21/compute/v2.1/servers/2c07c088-61fb-4cb4-8e46-64fd4cd745f6 0.401s
2025-11-28 18:35:08.128 66635 INFO tempest.lib.common.rest_client [req-191f5a9b-fec3-4aaf-9ac7-668e2e254866 req-191f5a9b-fec3-4aaf-9ac7-668e2e254866 ] Request (ServersNegativeTestMultiTenantJSON:setUpClass): 200 GET http://10.180.1.21/compute/v2.1/servers/4de28db7-7ec1-45e0-bd5c-5de0ffcd273c 0.388s
2025-11-28 18:35:08.140 66635 INFO tempest.common.waiters [-] State transition "BUILD/scheduling" ==> "BUILD/None" after 2 second wait
2025-11-28 18:35:08.183 66601 INFO tempest.lib.common.rest_client [req-9c7c800b-2f45-4ecd-b982-b0512c54e493 req-9c7c800b-2f45-4ecd-b982-b0512c54e493 ] Request (ServersNegativeTestJSON:setUpClass): 200 GET http://10.180.1.21/compute/v2.1/servers/c67e5748-ad72-480d-8928-0ff00d66c172 0.393s
2025-11-28 18:35:08.191 66601 INFO tempest.common.waiters [-] State transition "BUILD/scheduling" ==> "BUILD/None" after 2 second wait
2025-11-28 18:35:08.195 66627 INFO tempest.lib.common.rest_client [req-96813015-bc3a-4c20-8822-079f1f66a385 req-96813015-bc3a-4c20-8822-079f1f66a385 ] Request (VolumesAssistedSnapshotsTest:tearDownClass): 204 DELETE http://10.180.1.21/networking/v2.0/subnets/20ca1826-46d2-4468-820a-a96d4a15d9f4 0.145s
2025-11-28 18:35:08.214 66591 INFO tempest.lib.common.rest_client [req-cdc7acec-0de2-4995-b78d-4f6596837de0 req-cdc7acec-0de2-4995-b78d-4f6596837de0 ] Request (AttachInterfacesUnderV243Test:test_add_remove_fixed_ip): 200 GET http://10.180.1.21/compute/v2.1/servers/6e33cdfb-a412-4590-901f-a4c39c066709/ips 0.380s
2025-11-28 18:35:08.235 66607 INFO tempest.lib.common.rest_client [req-2d8cc037-86dd-464b-8557-cfdaae3f1e16 req-2d8cc037-86dd-464b-8557-cfdaae3f1e16 ] Request (ImagesOneServerNegativeTestJSON:test_delete_image_that_is_not_yet_active): 204 DELETE http://10.180.1.21/compute/v2.1/images/a8fd3e2a-e1a1-488f-bf10-e537020a2c3a 0.439s
2025-11-28 18:35:08.290 66637 INFO tempest.lib.common.rest_client [req-878e577c-8a4e-41e5-8fff-cbe1837d73a0 req-878e577c-8a4e-41e5-8fff-cbe1837d73a0 ] Request (ServersAdminTestJSON:tearDownClass): 204 DELETE http://10.180.1.21/compute/v2.1/servers/59928aa0-9de2-4d13-8e84-449a3d5fe0fe 0.428s
2025-11-28 18:35:08.319 66613 INFO tempest.lib.common.rest_client [req-5c8efb39-92ca-47bf-be79-68f22e564067 req-5c8efb39-92ca-47bf-be79-68f22e564067 ] Request (VolumesAdminNegativeTest:test_update_attached_volume_with_nonexistent_volume_in_uri): 200 GET http://10.180.1.21/compute/v2.1/servers/15853c87-e9e2-47bb-829e-7d2c3b5eeeca 0.448s
2025-11-28 18:35:08.369 66641 INFO tempest.lib.common.rest_client [req-f1c20eb0-4469-4aa1-a0d5-43c48a1e0e2b req-f1c20eb0-4469-4aa1-a0d5-43c48a1e0e2b ] Request (ServerActionsV293TestJSON:setUpClass): 200 GET http://10.180.1.21/compute/v2.1/servers/19238bf2-6930-4488-940d-3dd96461abb6 0.416s
2025-11-28 18:35:08.491 66627 INFO tempest.lib.common.rest_client [req-ebba939f-80a9-41bc-b428-fdbf0cdfdb0f req-ebba939f-80a9-41bc-b428-fdbf0cdfdb0f ] Request (VolumesAssistedSnapshotsTest:tearDownClass): 204 DELETE http://10.180.1.21/networking/v2.0/networks/554d9012-0c1c-4fad-a304-eb8379562487 0.295s
2025-11-28 18:35:08.520 66605 INFO tempest.lib.common.rest_client [req-7e1d10e0-7c33-4563-a51c-cce7f387439d req-7e1d10e0-7c33-4563-a51c-cce7f387439d ] Request (ServerRescueTestJSON:tearDownClass): 200 GET http://10.180.1.21/compute/v2.1/servers/1fccc512-b881-4fbd-8d8b-377e4617f08e 0.503s
2025-11-28 18:35:08.538 66617 INFO tempest.lib.common.rest_client [req-585ac3b8-13c1-408f-a2a1-e972e160398f req-585ac3b8-13c1-408f-a2a1-e972e160398f ] Request (ServerDiagnosticsNegativeTest:test_get_server_diagnostics_by_non_admin): 200 GET http://10.180.1.21/compute/v2.1/servers/d8e2f5fb-4eee-48e5-8b16-e76d35feac14 0.567s
2025-11-28 18:35:08.861 66595 INFO tempest.lib.common.rest_client [req-ba883412-bdfa-4e22-8035-8728b54746be req-ba883412-bdfa-4e22-8035-8728b54746be ] Request (DeleteServersTestJSON:test_delete_server_while_in_attached_volume): 200 GET http://10.180.1.21/compute/v2.1/servers/9b1e0682-4487-470e-b09e-f8f43146d0cd 0.814s
2025-11-28 18:35:08.876 66651 INFO tempest.lib.common.rest_client [req-a175d7d6-efc3-4fca-a792-8297bba160e2 req-a175d7d6-efc3-4fca-a792-8297bba160e2 ] Request (ServersTestJSON:tearDownClass): 200 GET http://10.180.1.21/compute/v2.1/servers/13e4ce1d-642e-4e39-bac4-98592fcdf089 0.782s
2025-11-28 18:35:08.977 66615 INFO tempest.lib.common.rest_client [req-c295046a-52e7-4643-8f69-9f5196eb941c req-c295046a-52e7-4643-8f69-9f5196eb941c ] Request (ServerGroupTestJSON:_run_cleanups): 200 GET http://10.180.1.21/compute/v2.1/servers/5038c339-189d-410a-af60-76fb14f45dcf 0.857s
2025-11-28 18:35:09.038 66607 INFO tempest.lib.common.rest_client [req-ee0c00dd-7e2e-46d0-aace-998edd57795f req-ee0c00dd-7e2e-46d0-aace-998edd57795f ] Request (ImagesOneServerNegativeTestJSON:test_delete_image_that_is_not_yet_active): 404 GET http://10.180.1.21/compute/v2.1/images/a8fd3e2a-e1a1-488f-bf10-e537020a2c3a 0.803s
2025-11-28 18:35:09.067 66609 INFO tempest.lib.common.rest_client [req-aeb38a5f-3ae6-4d9f-a8a1-61f1c0b31e32 req-aeb38a5f-3ae6-4d9f-a8a1-61f1c0b31e32 ] Request (FloatingIPsAssociationTestJSON:tearDownClass): 200 GET http://10.180.1.21/compute/v2.1/servers/2c07c088-61fb-4cb4-8e46-64fd4cd745f6 0.954s
2025-11-28 18:35:09.260 66627 INFO tempest.lib.common.rest_client [req-d0318a41-4d83-4079-9a73-a79dd864d1dd req-d0318a41-4d83-4079-9a73-a79dd864d1dd ] Request (VolumesAssistedSnapshotsTest:tearDownClass): 200 PUT http://10.180.1.21/networking/v2.0/routers/85f7d751-b8cf-4077-bd39-51a7772ea744/remove_router_interface 0.768s
2025-11-28 18:35:09.291 66593 INFO tempest.lib.common.rest_client [req-903e9375-e67d-4b8b-9364-f7dd65f93ef6 req-903e9375-e67d-4b8b-9364-f7dd65f93ef6 ] Request (AttachInterfacesV270Test:test_create_get_list_interfaces): 200 GET http://10.180.1.21/compute/v2.1/servers/846d6963-0087-4bff-9934-b96a5782d12a 1.056s
2025-11-28 18:35:09.308 66603 INFO tempest.lib.common.rest_client [req-99afda8a-9613-439c-9a8b-9d07cdc7a816 req-99afda8a-9613-439c-9a8b-9d07cdc7a816 ] Request (SecurityGroupsTestJSON:test_server_security_groups): 200 GET http://10.180.1.21/compute/v2.1/servers/72ac1673-080a-466e-a6ad-143fe0fbe44d 1.064s
2025-11-28 18:35:09.614 66631 INFO tempest.lib.common.rest_client [req-6cd43cdb-5d39-479c-869f-a1f8a6d27a96 req-6cd43cdb-5d39-479c-869f-a1f8a6d27a96 ] Request (ImagesTestJSON:test_create_server_from_snapshot): 200 GET http://10.180.1.21/compute/v2.1/servers/ee9667d5-6f56-4555-885b-36f954f9bb7e 1.287s
2025-11-28 18:35:09.787 66629 WARNING tempest.lib.common.ssh [-] Failed to establish authenticated ssh connection to cirros@10.180.180.175 ([Errno None] Unable to connect to port 22 on 10.180.180.175). Number attempts: 3. Retry after 4 seconds.: paramiko.ssh_exception.NoValidConnectionsError: [Errno None] Unable to connect to port 22 on 10.180.180.175
2025-11-28 18:35:09.788 66627 INFO tempest.lib.common.rest_client [req-84161d79-bcc1-4024-a7f4-d384a0f2378b req-84161d79-bcc1-4024-a7f4-d384a0f2378b ] Request (VolumesAssistedSnapshotsTest:tearDownClass): 204 DELETE http://10.180.1.21/networking/v2.0/routers/85f7d751-b8cf-4077-bd39-51a7772ea744 0.527s
2025-11-28 18:35:09.868 66637 INFO tempest.lib.common.rest_client [req-8f46fb5f-d236-4a19-b070-5c926cd47fb1 req-8f46fb5f-d236-4a19-b070-5c926cd47fb1 ] Request (ServersAdminTestJSON:tearDownClass): 200 GET http://10.180.1.21/compute/v2.1/servers/59928aa0-9de2-4d13-8e84-449a3d5fe0fe 1.577s
2025-11-28 18:35:09.890 66611 INFO tempest.lib.common.rest_client [req-141b54ce-c33e-42dc-abff-49865eaca712 req-141b54ce-c33e-42dc-abff-49865eaca712 ] Request (MultipleCreateTestJSON:_run_cleanups): 200 GET http://10.180.1.21/compute/v2.1/servers/f06b9435-62d3-4660-97cc-87b3c5f29a91 1.548s
2025-11-28 18:35:10.047 66627 INFO tempest.lib.common.rest_client [req-00a93200-fc71-4021-bb27-1b99e24364b9 req-00a93200-fc71-4021-bb27-1b99e24364b9 ] Request (VolumesAssistedSnapshotsTest:tearDownClass): 204 DELETE http://10.180.1.21/networking/v2.0/subnets/78b8bc30-5686-4f6d-aca4-00465b6f699d 0.259s
2025-11-28 18:35:10.135 66625 INFO tempest.lib.common.rest_client [req-84d45752-e3f3-49b7-bbc0-92ea10240f11 req-84d45752-e3f3-49b7-bbc0-92ea10240f11 ] Request (ServersListShow296Test:test_list_show_update_rebuild_server_296): 200 GET http://10.180.1.21/compute/v2.1/servers/26db5fba-6084-4e25-aac4-3c2138466fa4 1.167s
2025-11-28 18:35:10.419 66627 INFO tempest.lib.common.rest_client [req-0fc6e5f8-a9a1-484f-83aa-100cba8614d1 req-0fc6e5f8-a9a1-484f-83aa-100cba8614d1 ] Request (VolumesAssistedSnapshotsTest:tearDownClass): 204 DELETE http://10.180.1.21/networking/v2.0/networks/8555a64a-0822-42f9-a3b1-72b94d7b25a8 0.371s
2025-11-28 18:35:10.958 66623 INFO tempest.lib.common.rest_client [req-410bbc21-8ba4-438d-9089-1f383072776c req-410bbc21-8ba4-438d-9089-1f383072776c ] Request (MigrationsAdminTest:test_resize_server_revert_deleted_flavor): 200 GET http://10.180.1.21/compute/v2.1/servers/a13de661-1de7-43d2-8383-4eb6770148d4 1.969s
2025-11-28 18:35:10.974 66639 INFO tempest.lib.common.rest_client [req-d10915da-f865-4c0b-9146-de1fef8858a2 req-d10915da-f865-4c0b-9146-de1fef8858a2 ] Request (ServersTestJSON:test_create_server_with_ipv6_addr_only): 200 GET http://10.180.1.21/compute/v2.1/servers/bf9755d8-e53d-4dd1-b8f9-fc9ff848d67c 1.951s
2025-11-28 18:35:11.411 66621 INFO tempest.lib.common.rest_client [req-434dbc84-a953-4e30-bfdf-4e3509b1f54b req-434dbc84-a953-4e30-bfdf-4e3509b1f54b ] Request (ServersListShow298Test:tearDownClass): 200 GET http://10.180.1.21/compute/v2.1/servers/5ebae24c-5ffc-45cc-aa6f-bea8157eaa48 2.326s
2025-11-28 18:35:11.674 66627 INFO tempest.lib.common.rest_client [req-939fa045-c95a-4b92-a163-a49f55d1a7fc req-939fa045-c95a-4b92-a163-a49f55d1a7fc ] Request (VolumesAssistedSnapshotsTest:tearDownClass): 200 PUT http://10.180.1.21/networking/v2.0/routers/04d489c6-79ea-4c78-82f0-cf61eda6befc/remove_router_interface 1.254s
2025-11-28 18:35:11.709 66607 INFO tempest.lib.common.rest_client [req-4245bace-7b26-4b60-8380-0cbe09f878d5 req-4245bace-7b26-4b60-8380-0cbe09f878d5 ] Request (ImagesOneServerNegativeTestJSON:tearDown): 200 GET http://10.180.1.21/compute/v2.1/servers/04731b94-49ad-457a-a8d1-321f81f7701a 2.670s
2025-11-28 18:35:11.759 66635 INFO tempest.lib.common.rest_client [req-987698ba-26e3-468b-9340-d16f09df4ac0 req-987698ba-26e3-468b-9340-d16f09df4ac0 ] Request (ServersNegativeTestMultiTenantJSON:setUpClass): 200 GET http://10.180.1.21/compute/v2.1/servers/4de28db7-7ec1-45e0-bd5c-5de0ffcd273c 2.617s
2025-11-28 18:35:11.806 66591 INFO tempest.lib.common.rest_client [req-573c0e51-b1c9-401f-a3a2-1f5380882835 req-573c0e51-b1c9-401f-a3a2-1f5380882835 ] Request (AttachInterfacesUnderV243Test:test_add_remove_fixed_ip): 200 GET http://10.180.1.21/compute/v2.1/servers/6e33cdfb-a412-4590-901f-a4c39c066709/ips 2.590s
2025-11-28 18:35:11.827 66597 WARNING tempest.lib.common.ssh [-] Failed to establish authenticated ssh connection to cirros@10.180.180.203 ([Errno None] Unable to connect to port 22 on 10.180.180.203). Number attempts: 5. Retry after 6 seconds.: paramiko.ssh_exception.NoValidConnectionsError: [Errno None] Unable to connect to port 22 on 10.180.180.203
2025-11-28 18:35:11.878 66601 INFO tempest.lib.common.rest_client [req-76c72b1b-babb-4649-b3f8-7404d2c65402 req-76c72b1b-babb-4649-b3f8-7404d2c65402 ] Request (ServersNegativeTestJSON:setUpClass): 200 GET http://10.180.1.21/compute/v2.1/servers/c67e5748-ad72-480d-8928-0ff00d66c172 2.685s
2025-11-28 18:35:11.960 66641 INFO tempest.lib.common.rest_client [req-fd0df653-4545-421d-9f30-c690be8ba3c6 req-fd0df653-4545-421d-9f30-c690be8ba3c6 ] Request (ServerActionsV293TestJSON:setUpClass): 200 GET http://10.180.1.21/compute/v2.1/servers/19238bf2-6930-4488-940d-3dd96461abb6 2.580s
2025-11-28 18:35:12.044 66613 INFO tempest.lib.common.rest_client [req-84e0e418-817c-46b0-b32f-5b1873883cc1 req-84e0e418-817c-46b0-b32f-5b1873883cc1 ] Request (VolumesAdminNegativeTest:test_update_attached_volume_with_nonexistent_volume_in_uri): 200 GET http://10.180.1.21/compute/v2.1/servers/15853c87-e9e2-47bb-829e-7d2c3b5eeeca 2.715s
2025-11-28 18:35:12.051 66613 INFO tempest.common.waiters [-] State transition "BUILD/None" ==> "BUILD/spawning" after 48 second wait
2025-11-28 18:35:12.060 66605 INFO tempest.lib.common.rest_client [req-f6293292-fb9f-430f-a42d-e1d31717c540 req-f6293292-fb9f-430f-a42d-e1d31717c540 ] Request (ServerRescueTestJSON:tearDownClass): 200 GET http://10.180.1.21/compute/v2.1/servers/1fccc512-b881-4fbd-8d8b-377e4617f08e 2.532s
2025-11-28 18:35:12.083 66595 INFO tempest.lib.common.rest_client [req-fd91de85-5c0f-477d-bcb0-209a8f132777 req-fd91de85-5c0f-477d-bcb0-209a8f132777 ] Request (DeleteServersTestJSON:test_delete_server_while_in_attached_volume): 404 GET http://10.180.1.21/compute/v2.1/servers/9b1e0682-4487-470e-b09e-f8f43146d0cd 2.211s
2025-11-28 18:35:12.119 66595 INFO tempest.lib.common.rest_client [req-e9aa19aa-decc-413e-a5bd-8f5d3cd7312a req-e9aa19aa-decc-413e-a5bd-8f5d3cd7312a ] Request (DeleteServersTestJSON:test_delete_server_while_in_attached_volume): 200 GET http://10.180.1.21/volume/v3/volumes/54336f2f-3d09-4658-b3e8-53bac4f66555 0.035s
2025-11-28 18:35:12.127 66595 INFO tempest.common.waiters [-] volume 54336f2f-3d09-4658-b3e8-53bac4f66555 reached available after waiting for 0.127195 seconds
2025-11-28 18:35:12.152 66595 INFO tempest.lib.common.rest_client [req-eb091f9f-53d0-4ae1-b4a4-d836cbec40f1 req-eb091f9f-53d0-4ae1-b4a4-d836cbec40f1 ] Request (DeleteServersTestJSON:_run_cleanups): 200 GET http://10.180.1.21/volume/v3/volumes/54336f2f-3d09-4658-b3e8-53bac4f66555 0.024s
2025-11-28 18:35:12.210 66651 INFO tempest.lib.common.rest_client [req-6b9ad97f-ac2f-4e87-a0f6-402e87b083b8 req-6b9ad97f-ac2f-4e87-a0f6-402e87b083b8 ] Request (ServersTestJSON:tearDownClass): 200 GET http://10.180.1.21/compute/v2.1/servers/13e4ce1d-642e-4e39-bac4-98592fcdf089 2.324s
2025-11-28 18:35:12.213 66627 INFO tempest.lib.common.rest_client [req-5562a481-b2b9-4ed4-ac50-6e1fb1de867f req-5562a481-b2b9-4ed4-ac50-6e1fb1de867f ] Request (VolumesAssistedSnapshotsTest:tearDownClass): 204 DELETE http://10.180.1.21/networking/v2.0/routers/04d489c6-79ea-4c78-82f0-cf61eda6befc 0.538s
2025-11-28 18:35:12.230 66617 INFO tempest.lib.common.rest_client [req-a4915fa0-ca10-419e-b9b0-446f97c26948 req-a4915fa0-ca10-419e-b9b0-446f97c26948 ] Request (ServerDiagnosticsNegativeTest:test_get_server_diagnostics_by_non_admin): 200 GET http://10.180.1.21/compute/v2.1/servers/d8e2f5fb-4eee-48e5-8b16-e76d35feac14 2.684s
2025-11-28 18:35:12.283 66615 INFO tempest.lib.common.rest_client [req-0507a8f0-2f3d-4d11-80bf-08064e1e7e05 req-0507a8f0-2f3d-4d11-80bf-08064e1e7e05 ] Request (ServerGroupTestJSON:_run_cleanups): 200 GET http://10.180.1.21/compute/v2.1/servers/5038c339-189d-410a-af60-76fb14f45dcf 2.289s
2025-11-28 18:35:12.298 66609 INFO tempest.lib.common.rest_client [req-091ea6ab-162e-4a64-84da-1fec74777186 req-091ea6ab-162e-4a64-84da-1fec74777186 ] Request (FloatingIPsAssociationTestJSON:tearDownClass): 200 GET http://10.180.1.21/compute/v2.1/servers/2c07c088-61fb-4cb4-8e46-64fd4cd745f6 2.215s
2025-11-28 18:35:12.345 66593 INFO tempest.lib.common.rest_client [req-01c1d12a-46a0-4f9e-b32f-2fc793cbe567 req-01c1d12a-46a0-4f9e-b32f-2fc793cbe567 ] Request (AttachInterfacesV270Test:test_create_get_list_interfaces): 200 GET http://10.180.1.21/compute/v2.1/servers/846d6963-0087-4bff-9934-b96a5782d12a 2.029s
2025-11-28 18:35:12.360 66627 INFO tempest.lib.common.rest_client [req-1420ccd5-ff15-4fe2-9d58-e6c617e9364f req-1420ccd5-ff15-4fe2-9d58-e6c617e9364f ] Request (VolumesAssistedSnapshotsTest:tearDownClass): 204 DELETE http://10.180.1.21/networking/v2.0/subnets/c5acf83b-0abf-4a92-b7e8-a2b55217839c 0.146s
2025-11-28 18:35:12.376 66603 INFO tempest.lib.common.rest_client [req-b41a7bff-17b5-4dc6-9ec0-6c7fa631aabf req-b41a7bff-17b5-4dc6-9ec0-6c7fa631aabf ] Request (SecurityGroupsTestJSON:test_server_security_groups): 200 GET http://10.180.1.21/compute/v2.1/servers/72ac1673-080a-466e-a6ad-143fe0fbe44d 2.055s
2025-11-28 18:35:12.431 66631 INFO tempest.lib.common.rest_client [req-bb0283db-9cba-4f2e-a6d5-1bf7959ebb56 req-bb0283db-9cba-4f2e-a6d5-1bf7959ebb56 ] Request (ImagesTestJSON:test_create_server_from_snapshot): 200 GET http://10.180.1.21/compute/v2.1/servers/ee9667d5-6f56-4555-885b-36f954f9bb7e 1.809s
2025-11-28 18:35:12.453 66637 INFO tempest.lib.common.rest_client [req-64130f01-3d4d-4d6b-a719-9fc2cbd8cf48 req-64130f01-3d4d-4d6b-a719-9fc2cbd8cf48 ] Request (ServersAdminTestJSON:tearDownClass): 200 GET http://10.180.1.21/compute/v2.1/servers/59928aa0-9de2-4d13-8e84-449a3d5fe0fe 1.577s
2025-11-28 18:35:12.514 66611 INFO tempest.lib.common.rest_client [req-9783001e-235d-41d4-8bf0-e28dbebdc730 req-9783001e-235d-41d4-8bf0-e28dbebdc730 ] Request (MultipleCreateTestJSON:_run_cleanups): 200 GET http://10.180.1.21/compute/v2.1/servers/f06b9435-62d3-4660-97cc-87b3c5f29a91 1.607s
2025-11-28 18:35:12.570 66625 INFO tempest.lib.common.rest_client [req-467c89aa-bfc2-410d-978d-31bb756078e9 req-467c89aa-bfc2-410d-978d-31bb756078e9 ] Request (ServersListShow296Test:test_list_show_update_rebuild_server_296): 200 GET http://10.180.1.21/compute/v2.1/servers/26db5fba-6084-4e25-aac4-3c2138466fa4 1.421s
2025-11-28 18:35:12.634 66627 INFO tempest.lib.common.rest_client [req-adfd77aa-260e-4685-abd0-12fabbedcda5 req-adfd77aa-260e-4685-abd0-12fabbedcda5 ] Request (VolumesAssistedSnapshotsTest:tearDownClass): 204 DELETE http://10.180.1.21/networking/v2.0/networks/ce95dc68-9083-46c0-969d-7f33739d04c7 0.274s
2025-11-28 18:35:12.658 66639 INFO tempest.lib.common.rest_client [req-15860852-13d6-4b74-b93e-9bf7664fdb15 req-15860852-13d6-4b74-b93e-9bf7664fdb15 ] Request (ServersTestJSON:test_create_server_with_ipv6_addr_only): 200 GET http://10.180.1.21/compute/v2.1/servers/bf9755d8-e53d-4dd1-b8f9-fc9ff848d67c 0.672s
2025-11-28 18:35:12.668 66623 INFO tempest.lib.common.rest_client [req-13ad4d65-fcbf-4317-a66b-0ca3a19e7cb6 req-13ad4d65-fcbf-4317-a66b-0ca3a19e7cb6 ] Request (MigrationsAdminTest:test_resize_server_revert_deleted_flavor): 200 GET http://10.180.1.21/compute/v2.1/servers/a13de661-1de7-43d2-8383-4eb6770148d4 0.701s
2025-11-28 18:35:12.679 66595 INFO tempest.lib.common.rest_client [req-c3024d17-8d1b-43d5-a199-941befe4063d req-c3024d17-8d1b-43d5-a199-941befe4063d ] Request (DeleteServersTestJSON:_run_cleanups): 404 GET http://10.180.1.21/compute/v2.1/servers/9b1e0682-4487-470e-b09e-f8f43146d0cd/os-volume_attachments 0.520s
2025-11-28 18:35:12.721 66595 INFO tempest.lib.common.rest_client [req-42a00266-be94-4d77-b4b3-4d6da3dd3aab req-42a00266-be94-4d77-b4b3-4d6da3dd3aab ] Request (DeleteServersTestJSON:_run_cleanups): 200 GET http://10.180.1.21/volume/v3/volumes/54336f2f-3d09-4658-b3e8-53bac4f66555 0.042s
2025-11-28 18:35:12.729 66595 INFO tempest.common.waiters [-] volume 54336f2f-3d09-4658-b3e8-53bac4f66555 reached available after waiting for 0.729849 seconds
2025-11-28 18:35:12.739 66627 INFO tempest.lib.common.rest_client [req-39b80cf8-e262-430d-81c2-f0274160290e req-39b80cf8-e262-430d-81c2-f0274160290e ] Request (VolumesAssistedSnapshotsTest:tearDownClass): 204 DELETE http://10.180.1.21/identity/v3/users/1c9cfc80c9a343709c6bce218695e29d 0.102s
2025-11-28 18:35:12.750 66621 INFO tempest.lib.common.rest_client [req-40f69b4d-73df-4a7e-9067-d04c7f9a5775 req-40f69b4d-73df-4a7e-9067-d04c7f9a5775 ] Request (ServersListShow298Test:tearDownClass): 200 GET http://10.180.1.21/compute/v2.1/servers/5ebae24c-5ffc-45cc-aa6f-bea8157eaa48 0.327s
2025-11-28 18:35:12.790 66595 INFO tempest.lib.common.rest_client [req-5363af2c-a309-4a2e-9375-6d73094e7809 req-5363af2c-a309-4a2e-9375-6d73094e7809 ] Request (DeleteServersTestJSON:test_delete_server_while_in_building_state): 201 POST http://10.180.1.21/identity/v3/auth/tokens 0.057s
2025-11-28 18:35:12.791 66595 INFO tempest.lib.common.fixed_network [-] (DeleteServersTestJSON:test_delete_server_while_in_building_state) Found network {'id': 'ff6704d5-4b72-4d59-b54d-416105d39b74', 'name': 'tempest-DeleteServersTestJSON-1940442196-network', 'tenant_id': 'ee249edecc954ab59d77442597b6cb72', 'project_id': 'ee249edecc954ab59d77442597b6cb72', 'admin_state_up': True, 'mtu': 8950, 'status': 'ACTIVE', 'subnets': [], 'shared': False, 'port_security_enabled': True, 'router:external': False, 'provider:network_type': 'vlan', 'provider:physical_network': 'default', 'provider:segmentation_id': 620, 'availability_zone_hints': [], 'availability_zones': [], 'ipv4_address_scope': None, 'ipv6_address_scope': None, 'description': '', 'tags': [], 'created_at': '2025-11-28T18:32:21Z', 'updated_at': '2025-11-28T18:32:21Z', 'revision_number': 1} available for tenant
2025-11-28 18:35:12.828 66635 INFO tempest.lib.common.rest_client [req-e3718360-bc4f-43a1-a468-70e7fa773cf1 req-e3718360-bc4f-43a1-a468-70e7fa773cf1 ] Request (ServersNegativeTestMultiTenantJSON:setUpClass): 200 GET http://10.180.1.21/compute/v2.1/servers/4de28db7-7ec1-45e0-bd5c-5de0ffcd273c 0.056s
2025-11-28 18:35:12.838 66627 INFO tempest.lib.common.rest_client [req-002bf295-0c9d-4c1e-8049-ced38fb0efd2 req-002bf295-0c9d-4c1e-8049-ced38fb0efd2 ] Request (VolumesAssistedSnapshotsTest:tearDownClass): 204 DELETE http://10.180.1.21/identity/v3/users/afde6bea28954a7288013764333e1eeb 0.098s
2025-11-28 18:35:12.883 66607 INFO tempest.lib.common.rest_client [req-193a9a02-f2ac-4bc2-b982-b5943569ec12 req-193a9a02-f2ac-4bc2-b982-b5943569ec12 ] Request (ImagesOneServerNegativeTestJSON:tearDown): 200 GET http://10.180.1.21/compute/v2.1/servers/04731b94-49ad-457a-a8d1-321f81f7701a 0.166s
2025-11-28 18:35:12.889 66607 INFO tempest.common.waiters [-] State transition "ACTIVE/image_pending_upload" ==> "ACTIVE/image_uploading" after 1 second wait
2025-11-28 18:35:12.923 66591 INFO tempest.lib.common.rest_client [req-ed7d73c4-3310-413a-9ae6-228f597f6d97 req-ed7d73c4-3310-413a-9ae6-228f597f6d97 ] Request (AttachInterfacesUnderV243Test:test_add_remove_fixed_ip): 200 GET http://10.180.1.21/compute/v2.1/servers/6e33cdfb-a412-4590-901f-a4c39c066709/ips 0.113s
2025-11-28 18:35:12.949 66627 INFO tempest.lib.common.rest_client [req-39999cd2-a064-4aae-8621-d6665632f033 req-39999cd2-a064-4aae-8621-d6665632f033 ] Request (VolumesAssistedSnapshotsTest:tearDownClass): 204 DELETE http://10.180.1.21/identity/v3/users/656dcfdac03543929f47faa648b2f998 0.111s
2025-11-28 18:35:12.950 66627 INFO tempest.lib.common.dynamic_creds [-] Deleting project and security group for project: 2c881dea1f0949898d2efc92094822e3
2025-11-28 18:35:12.982 66627 INFO tempest.lib.common.rest_client [req-5e00ce31-42a4-4be2-8d08-72e616b06c6a req-5e00ce31-42a4-4be2-8d08-72e616b06c6a ] Request (VolumesAssistedSnapshotsTest:tearDownClass): 200 GET http://10.180.1.21/networking/v2.0/security-groups?tenant_id=2c881dea1f0949898d2efc92094822e3&name=default 0.032s
2025-11-28 18:35:12.991 66601 INFO tempest.lib.common.rest_client [req-a6c7f226-00cd-4c70-a364-1c9391a6e981 req-a6c7f226-00cd-4c70-a364-1c9391a6e981 ] Request (ServersNegativeTestJSON:setUpClass): 200 GET http://10.180.1.21/compute/v2.1/servers/c67e5748-ad72-480d-8928-0ff00d66c172 0.105s
2025-11-28 18:35:13.105 66627 INFO tempest.lib.common.rest_client [req-ce30b800-25cc-4888-8f49-d795f002b5d2 req-ce30b800-25cc-4888-8f49-d795f002b5d2 ] Request (VolumesAssistedSnapshotsTest:tearDownClass): 204 DELETE http://10.180.1.21/networking/v2.0/security-groups/59239d00-3da1-464f-afb0-3f33b43fea00 0.123s
2025-11-28 18:35:13.257 66627 INFO tempest.lib.common.rest_client [req-6d769437-4d9d-4a36-82f3-414f9e18aa8c req-6d769437-4d9d-4a36-82f3-414f9e18aa8c ] Request (VolumesAssistedSnapshotsTest:tearDownClass): 204 DELETE http://10.180.1.21/identity/v3/projects/2c881dea1f0949898d2efc92094822e3 0.151s
2025-11-28 18:35:13.257 66627 INFO tempest.lib.common.dynamic_creds [-] Deleting project and security group for project: f35f9ed7b9644d00b911b3b7c4968aaf
2025-11-28 18:35:13.260 66591 INFO tempest.lib.common.rest_client [req-5b81c6db-39b4-49a4-a31f-439f912030fb req-5b81c6db-39b4-49a4-a31f-439f912030fb ] Request (AttachInterfacesUnderV243Test:test_add_remove_fixed_ip): 200 GET http://10.180.1.21/compute/v2.1/servers/6e33cdfb-a412-4590-901f-a4c39c066709 0.335s
2025-11-28 18:35:13.284 66627 INFO tempest.lib.common.rest_client [req-50bb297a-9717-4737-a6a8-66e4926fdf96 req-50bb297a-9717-4737-a6a8-66e4926fdf96 ] Request (VolumesAssistedSnapshotsTest:tearDownClass): 200 GET http://10.180.1.21/networking/v2.0/security-groups?tenant_id=f35f9ed7b9644d00b911b3b7c4968aaf&name=default 0.027s
