2025-11-28 18:32:24.055 66633 INFO tempest.lib.common.rest_client [req-9a258dbb-fa70-479f-a148-042b55c5c025 req-9a258dbb-fa70-479f-a148-042b55c5c025 ] Request (KeyPairsV22TestJSON:test_keypair_create_delete): 201 POST http://10.180.1.21/compute/v2.1/os-keypairs 3.301s
2025-11-28 18:32:24.056 66651 INFO tempest.lib.common.rest_client [req-94798ffb-1cac-4d08-ae78-aef4ee4f2f8a req-94798ffb-1cac-4d08-ae78-aef4ee4f2f8a ] Request (HypervisorAdminNegativeUnderV252Test:setUpClass): 201 POST http://10.180.1.21/identity/v3/auth/tokens 0.110s
2025-11-28 18:32:24.105 66651 INFO tempest.lib.common.rest_client [req-540dc73f-09f6-47af-86bc-bd25ca4b41bc req-540dc73f-09f6-47af-86bc-bd25ca4b41bc ] Request (HypervisorAdminNegativeUnderV252Test:setUpClass): 201 POST http://10.180.1.21/identity/v3/auth/tokens 0.044s
2025-11-28 18:32:24.143 66651 INFO tempest.lib.common.rest_client [req-3ec4e9cf-6fec-47b8-b878-4cbe005ae1be req-3ec4e9cf-6fec-47b8-b878-4cbe005ae1be ] Request (HypervisorAdminNegativeUnderV252Test:setUpClass): 200 GET http://10.180.1.21/identity/v3/domains?name=Default 0.037s
2025-11-28 18:32:24.190 66651 INFO tempest.lib.common.rest_client [req-f937021e-2152-4275-bbbc-eb9bb5d69372 req-f937021e-2152-4275-bbbc-eb9bb5d69372 ] Request (HypervisorAdminNegativeUnderV252Test:setUpClass): 201 POST http://10.180.1.21/identity/v3/projects 0.046s
2025-11-28 18:32:24.264 66651 INFO tempest.lib.common.rest_client [req-dc0d8c78-86fa-4469-90a4-19f2b1d8c305 req-dc0d8c78-86fa-4469-90a4-19f2b1d8c305 ] Request (HypervisorAdminNegativeUnderV252Test:setUpClass): 201 POST http://10.180.1.21/identity/v3/users 0.073s
2025-11-28 18:32:24.288 66651 INFO tempest.lib.common.rest_client [req-66476292-9f5d-421b-b546-e705b4b3798f req-66476292-9f5d-421b-b546-e705b4b3798f ] Request (HypervisorAdminNegativeUnderV252Test:setUpClass): 200 GET http://10.180.1.21/identity/v3/roles 0.024s
2025-11-28 18:32:24.323 66651 INFO tempest.lib.common.rest_client [req-1890a86a-8d29-4fb8-bc3f-5cd0fce64028 req-1890a86a-8d29-4fb8-bc3f-5cd0fce64028 ] Request (HypervisorAdminNegativeUnderV252Test:setUpClass): 204 PUT http://10.180.1.21/identity/v3/projects/df29deb72a2f46e6b5ce0b75f1619273/users/3d59e92af9fd40109347be7381b7948c/roles/f678b5a156b94d31b0ff3328a885c991 0.034s
2025-11-28 18:32:24.323 66651 INFO tempest.lib.common.dynamic_creds [-] Dynamic test user 3d59e92af9fd40109347be7381b7948c is created with scope project and roles: ['member']
2025-11-28 18:32:24.324 66651 INFO tempest.lib.common.dynamic_creds [-] Acquired dynamic creds: credentials: Credentials: {'domain_id': 'default', 'domain_name': 'Default', 'username': 'tempest-HypervisorAdminNegativeUnderV252Test-1860640508-project-member', 'project_domain_id': 'default', 'project_domain_name': 'Default', 'project_id': 'df29deb72a2f46e6b5ce0b75f1619273', 'project_name': 'tempest-HypervisorAdminNegativeUnderV252Test-1860640508', 'tenant_id': 'df29deb72a2f46e6b5ce0b75f1619273', 'tenant_name': 'tempest-HypervisorAdminNegativeUnderV252Test-1860640508', 'user_domain_id': 'default', 'user_domain_name': 'Default', 'user_id': '3d59e92af9fd40109347be7381b7948c', 'system': None}, Network: None, Subnet: None, Router: None
2025-11-28 18:32:24.324 66651 INFO tempest.lib.common.dynamic_creds [-] Created isolated network resources for: credentials: Credentials: {'domain_id': 'default', 'domain_name': 'Default', 'username': 'tempest-HypervisorAdminNegativeUnderV252Test-1860640508-project-member', 'project_domain_id': 'default', 'project_domain_name': 'Default', 'project_id': 'df29deb72a2f46e6b5ce0b75f1619273', 'project_name': 'tempest-HypervisorAdminNegativeUnderV252Test-1860640508', 'tenant_id': 'df29deb72a2f46e6b5ce0b75f1619273', 'tenant_name': 'tempest-HypervisorAdminNegativeUnderV252Test-1860640508', 'user_domain_id': 'default', 'user_domain_name': 'Default', 'user_id': '3d59e92af9fd40109347be7381b7948c', 'system': None}, Network: None, Subnet: None, Router: None
2025-11-28 18:32:24.419 66651 INFO tempest.lib.common.rest_client [req-44bf98d1-ff25-48ba-bfe3-668244817a2a req-44bf98d1-ff25-48ba-bfe3-668244817a2a ] Request (HypervisorAdminNegativeUnderV252Test:setUpClass): 201 POST http://10.180.1.21/identity/v3/auth/tokens 0.091s
2025-11-28 18:32:24.466 66641 INFO tempest.lib.common.rest_client [req-826e0082-ceb2-42cc-ae84-b5435fb405a7 req-826e0082-ceb2-42cc-ae84-b5435fb405a7 ] Request (DeleteServersAdminTestJSON:test_admin_delete_servers_of_others): 200 GET http://10.180.1.21/compute/v2.1/servers/5644df0c-bdb6-4d75-8be2-e69104eb6c60 3.530s
2025-11-28 18:32:24.494 66651 INFO tempest.lib.common.rest_client [req-cc8b94a7-d44e-4815-838d-81e1e5d9ee31 req-cc8b94a7-d44e-4815-838d-81e1e5d9ee31 ] Request (HypervisorAdminNegativeUnderV252Test:setUpClass): 201 POST http://10.180.1.21/identity/v3/projects 0.074s
2025-11-28 18:32:24.552 66651 INFO tempest.lib.common.rest_client [req-ec462c65-847c-4d72-8b45-f2b200cd6707 req-ec462c65-847c-4d72-8b45-f2b200cd6707 ] Request (HypervisorAdminNegativeUnderV252Test:setUpClass): 201 POST http://10.180.1.21/identity/v3/users 0.057s
2025-11-28 18:32:24.575 66651 INFO tempest.lib.common.rest_client [req-2a7d3ee3-b7d1-46a1-8303-24bcb03f932a req-2a7d3ee3-b7d1-46a1-8303-24bcb03f932a ] Request (HypervisorAdminNegativeUnderV252Test:setUpClass): 200 GET http://10.180.1.21/identity/v3/roles 0.022s
2025-11-28 18:32:24.602 66651 INFO tempest.lib.common.rest_client [req-428bd22a-6210-44e3-b3af-d5ec755b05fa req-428bd22a-6210-44e3-b3af-d5ec755b05fa ] Request (HypervisorAdminNegativeUnderV252Test:setUpClass): 204 PUT http://10.180.1.21/identity/v3/projects/2a5fe364a3a74891be1c7e8dd7299d26/users/1588d6b9089547d39e1472600d54a654/roles/cdc81afd37424c7cb6bd2a2c22ed7c2a 0.027s
2025-11-28 18:32:24.668 66651 INFO tempest.lib.common.rest_client [req-a2219e28-a686-42e4-94dc-205f21af0c6d req-a2219e28-a686-42e4-94dc-205f21af0c6d ] Request (HypervisorAdminNegativeUnderV252Test:setUpClass): 200 GET http://10.180.1.21/identity/v3/roles 0.065s
2025-11-28 18:32:24.683 66639 INFO tempest.lib.common.rest_client [req-66b50e8d-0a65-4b38-a2b6-1fac169e5b91 req-66b50e8d-0a65-4b38-a2b6-1fac169e5b91 ] Request (TenantUsagesTestJSON:test_get_usage_tenant): 200 GET http://10.180.1.21/compute/v2.1/os-simple-tenant-usage/347499517bb04b0da9347d31143ad6d6?start=2025-11-27T18%3A32%3A21.042523&end=2025-11-29T18%3A32%3A21.042523 3.640s
2025-11-28 18:32:24.691 66651 INFO tempest.lib.common.rest_client [req-20746df8-cb08-49a1-a3df-fd6d467e52a3 req-20746df8-cb08-49a1-a3df-fd6d467e52a3 ] Request (HypervisorAdminNegativeUnderV252Test:setUpClass): 204 PUT http://10.180.1.21/identity/v3/projects/2a5fe364a3a74891be1c7e8dd7299d26/users/1588d6b9089547d39e1472600d54a654/roles/cdc81afd37424c7cb6bd2a2c22ed7c2a 0.022s
2025-11-28 18:32:24.692 66651 INFO tempest.lib.common.dynamic_creds [-] Dynamic test user 1588d6b9089547d39e1472600d54a654 is created with scope project and roles: ['admin']
2025-11-28 18:32:24.692 66651 INFO tempest.lib.common.dynamic_creds [-] Acquired dynamic creds: credentials: Credentials: {'domain_id': 'default', 'domain_name': 'Default', 'username': 'tempest-HypervisorAdminNegativeUnderV252Test-1493366637-project-admin', 'project_domain_id': 'default', 'project_domain_name': 'Default', 'project_id': '2a5fe364a3a74891be1c7e8dd7299d26', 'project_name': 'tempest-HypervisorAdminNegativeUnderV252Test-1493366637', 'tenant_id': '2a5fe364a3a74891be1c7e8dd7299d26', 'tenant_name': 'tempest-HypervisorAdminNegativeUnderV252Test-1493366637', 'user_domain_id': 'default', 'user_domain_name': 'Default', 'user_id': '1588d6b9089547d39e1472600d54a654', 'system': None}, Network: None, Subnet: None, Router: None
2025-11-28 18:32:24.692 66651 INFO tempest.lib.common.dynamic_creds [-] Created isolated network resources for: credentials: Credentials: {'domain_id': 'default', 'domain_name': 'Default', 'username': 'tempest-HypervisorAdminNegativeUnderV252Test-1493366637-project-admin', 'project_domain_id': 'default', 'project_domain_name': 'Default', 'project_id': '2a5fe364a3a74891be1c7e8dd7299d26', 'project_name': 'tempest-HypervisorAdminNegativeUnderV252Test-1493366637', 'tenant_id': '2a5fe364a3a74891be1c7e8dd7299d26', 'tenant_name': 'tempest-HypervisorAdminNegativeUnderV252Test-1493366637', 'user_domain_id': 'default', 'user_domain_name': 'Default', 'user_id': '1588d6b9089547d39e1472600d54a654', 'system': None}, Network: None, Subnet: None, Router: None
2025-11-28 18:32:24.706 66593 INFO tempest.lib.common.rest_client [req-54dca265-3396-4f39-8327-0698a5c82ff7 req-54dca265-3396-4f39-8327-0698a5c82ff7 ] Request (FlavorsExtraSpecsTestJSON:tearDownClass): 202 DELETE http://10.180.1.21/compute/v2.1/flavors/1198827148 3.657s
2025-11-28 18:32:24.734 66591 INFO tempest.lib.common.rest_client [req-32886657-5925-418c-b371-49aeb6fdddd9 req-32886657-5925-418c-b371-49aeb6fdddd9 ] Request (HypervisorAdminNegativeTestJSON:test_show_hypervisor_with_non_admin_user): 200 GET http://10.180.1.21/compute/v2.1/os-hypervisors 3.677s
2025-11-28 18:32:24.770 66623 INFO tempest.lib.common.rest_client [req-76c52fc9-874d-473c-b4b9-596d547176b0 req-76c52fc9-874d-473c-b4b9-596d547176b0 ] Request (MigrationsAdminTest:test_list_migrations_in_flavor_resize_situation): 200 GET http://10.180.1.21/compute/v2.1/servers/0c5c9742-a48d-4721-8ca5-2ea76ae1725a 3.851s
2025-11-28 18:32:24.780 66651 INFO tempest.lib.common.rest_client [req-0b8a8830-a541-49f2-99ec-a204cbd25af6 req-0b8a8830-a541-49f2-99ec-a204cbd25af6 ] Request (HypervisorAdminNegativeUnderV252Test:setUpClass): 201 POST http://10.180.1.21/identity/v3/auth/tokens 0.086s
2025-11-28 18:32:24.781 66623 INFO tempest.common.waiters [-] State transition "BUILD/spawning" ==> "ACTIVE/None" after 19 second wait
2025-11-28 18:32:24.801 66643 INFO tempest.lib.common.rest_client [req-356517d5-47ad-40d3-819b-31e6501ea57e req-356517d5-47ad-40d3-819b-31e6501ea57e ] Request (HypervisorAdminUnderV252Test:test_search_hypervisor): 200 GET http://10.180.1.21/compute/v2.1/os-hypervisors 3.676s
2025-11-28 18:32:24.830 66605 INFO tempest.lib.common.rest_client [req-9a23d2b1-47cd-4964-be28-05829e251243 req-9a23d2b1-47cd-4964-be28-05829e251243 ] Request (FlavorsExtraSpecsNegativeTestJSON:tearDownClass): 200 GET http://10.180.1.21/compute/v2.1/flavors/detail 3.691s
2025-11-28 18:32:24.854 66589 INFO tempest.lib.common.rest_client [req-27c2c8f3-f529-4d01-b177-7cf6b60346ab req-27c2c8f3-f529-4d01-b177-7cf6b60346ab ] Request (FlavorsAccessNegativeTestJSON:test_flavor_non_admin_add): 200 POST http://10.180.1.21/compute/v2.1/flavors 3.685s
2025-11-28 18:32:24.892 66629 INFO tempest.lib.common.rest_client [req-1a879150-5200-493b-ab9f-4d54fa12d856 req-1a879150-5200-493b-ab9f-4d54fa12d856 ] Request (AggregatesAdminNegativeTestJSON:_run_cleanups): 200 DELETE http://10.180.1.21/compute/v2.1/os-aggregates/3 3.711s
2025-11-28 18:32:24.919 66613 INFO tempest.lib.common.rest_client [req-07c13ec4-edcc-48f0-9464-e9b002473998 req-07c13ec4-edcc-48f0-9464-e9b002473998 ] Request (FlavorsAdminTestJSON:_run_cleanups): 202 DELETE http://10.180.1.21/compute/v2.1/flavors/6e2d6fd4-f911-40bd-9b77-c0f6dbb574a8 3.734s
2025-11-28 18:32:24.982 66627 INFO tempest.lib.common.rest_client [req-9faab48f-e545-48bf-9373-60a1018feee9 req-9faab48f-e545-48bf-9373-60a1018feee9 ] Request (VolumesAssistedSnapshotsTest:test_volume_assisted_snapshot_create_delete): 200 GET http://10.180.1.21/compute/v2.1/servers/ef19ceaa-5d3b-456f-b93f-3cab247427be 3.872s
2025-11-28 18:32:24.994 66627 INFO tempest.common.waiters [-] State transition "BUILD/None" ==> "BUILD/spawning" after 9 second wait
2025-11-28 18:32:25.042 66605 INFO tempest.lib.common.rest_client [req-aaa20d15-09ad-4294-bd62-f7b2eec3f741 req-aaa20d15-09ad-4294-bd62-f7b2eec3f741 ] Request (FlavorsExtraSpecsNegativeTestJSON:tearDownClass): 204 DELETE http://10.180.1.21/identity/v3/users/0d77b80571fb455bbd757077032ee5e4 0.203s
2025-11-28 18:32:25.051 66611 INFO tempest.lib.common.rest_client [req-01e53f05-e277-4607-ac55-beba984d611f req-01e53f05-e277-4607-ac55-beba984d611f ] Request (ListServersNegativeTestJSON:setUpClass): 200 GET http://10.180.1.21/compute/v2.1/servers/f1cbb306-1ff8-48cc-a2e3-376174be8976 3.515s
2025-11-28 18:32:25.172 66625 INFO tempest.lib.common.rest_client [req-8a06fc3d-428c-4d7d-9c42-73f32376dc56 req-8a06fc3d-428c-4d7d-9c42-73f32376dc56 ] Request (ServerShowV247Test:test_update_rebuild_list_server): 200 PUT http://10.180.1.21/compute/v2.1/servers/ea62e880-ec32-4df9-bc16-e2e9ce448c62 3.489s
2025-11-28 18:32:25.188 66603 INFO tempest.lib.common.rest_client [req-95532013-dd68-467a-86f5-0acd9219bd00 req-95532013-dd68-467a-86f5-0acd9219bd00 ] Request (QuotasAdminTestJSON:test_update_all_quota_resources_for_tenant): 200 GET http://10.180.1.21/compute/v2.1/os-quota-sets/462b3a0b87f14527a1db341f48e37196/defaults 3.620s
2025-11-28 18:32:25.218 66605 INFO tempest.lib.common.rest_client [req-02400e00-8066-44ba-8b7e-6ac3c0292b8d req-02400e00-8066-44ba-8b7e-6ac3c0292b8d ] Request (FlavorsExtraSpecsNegativeTestJSON:tearDownClass): 204 DELETE http://10.180.1.21/identity/v3/users/e96565b4621d457fb718d2c3b91af44b 0.175s
2025-11-28 18:32:25.218 66605 INFO tempest.lib.common.dynamic_creds [-] Deleting project and security group for project: 16f02e07105248aaa91d81c083d128ad
2025-11-28 18:32:25.333 66605 INFO tempest.lib.common.rest_client [req-c774b4ad-a91f-4925-a14c-8a5b2d5c4b01 req-c774b4ad-a91f-4925-a14c-8a5b2d5c4b01 ] Request (FlavorsExtraSpecsNegativeTestJSON:tearDownClass): 201 POST http://10.180.1.21/identity/v3/auth/tokens 0.114s
2025-11-28 18:32:25.355 66607 INFO tempest.lib.common.rest_client [req-cfa4cdda-5008-4354-8e7c-ddc9abfebaeb req-cfa4cdda-5008-4354-8e7c-ddc9abfebaeb ] Request (ImagesOneServerNegativeTestJSON:setUpClass): 200 GET http://10.180.1.21/compute/v2.1/servers/8d3e8729-3296-40fb-a80f-b41503d0c666 3.631s
2025-11-28 18:32:25.398 66647 INFO tempest.lib.common.rest_client [req-68b027ca-3dbf-4151-b83d-11356fef1348 req-68b027ca-3dbf-4151-b83d-11356fef1348 ] Request (ServicesAdminNegativeTestJSON:test_list_services_with_non_admin_user): 403 GET http://10.180.1.21/compute/v2.1/os-services 3.581s
2025-11-28 18:32:25.467 66631 INFO tempest.lib.common.rest_client [req-ff672f7a-4c7d-45f0-9969-df56c23e582f req-ff672f7a-4c7d-45f0-9969-df56c23e582f ] Request (TenantUsagesNegativeTestJSON:test_get_usage_tenant_with_empty_tenant_id): 404 GET http://10.180.1.21/compute/v2.1/os-simple-tenant-usage/?start=2025-11-27T18%3A32%3A22.240521&end=2025-11-29T18%3A32%3A22.240521 3.226s
2025-11-28 18:32:25.469 66631 WARNING tempest.lib.common.rest_client [-] Deprecated: "tenant_id" property is deprecated for removal, use "project_id" instead
2025-11-28 18:32:25.507 66647 INFO tempest.lib.common.rest_client [req-b301eb7c-313f-47ef-82be-8c7537f153bc req-b301eb7c-313f-47ef-82be-8c7537f153bc ] Request (ServicesAdminNegativeTestJSON:tearDownClass): 204 DELETE http://10.180.1.21/identity/v3/users/d4cea406a1c5426ba48b05ac8340a906 0.108s
2025-11-28 18:32:25.571 66605 INFO tempest.lib.common.rest_client [req-75a4f197-a449-4316-9822-1939e9a844a7 req-75a4f197-a449-4316-9822-1939e9a844a7 ] Request (FlavorsExtraSpecsNegativeTestJSON:tearDownClass): 200 GET http://10.180.1.21/networking/v2.0/security-groups?tenant_id=16f02e07105248aaa91d81c083d128ad&name=default 0.237s
2025-11-28 18:32:25.615 66647 INFO tempest.lib.common.rest_client [req-ccc3f945-3f3d-4341-ae64-db645e4c8185 req-ccc3f945-3f3d-4341-ae64-db645e4c8185 ] Request (ServicesAdminNegativeTestJSON:tearDownClass): 204 DELETE http://10.180.1.21/identity/v3/users/13b92ff0ff9c4d12b2c4792b6c8040db 0.108s
2025-11-28 18:32:25.616 66647 INFO tempest.lib.common.dynamic_creds [-] Deleting project and security group for project: 8eecbf173ac5447fb656dd255f030154
2025-11-28 18:32:25.689 66647 INFO tempest.lib.common.rest_client [req-4755d662-da6d-4571-9e23-d307ffd5a2a3 req-4755d662-da6d-4571-9e23-d307ffd5a2a3 ] Request (ServicesAdminNegativeTestJSON:tearDownClass): 201 POST http://10.180.1.21/identity/v3/auth/tokens 0.073s
2025-11-28 18:32:25.765 66605 INFO tempest.lib.common.rest_client [req-06a7cbe1-79ff-4a0d-b634-5bae838ac055 req-06a7cbe1-79ff-4a0d-b634-5bae838ac055 ] Request (FlavorsExtraSpecsNegativeTestJSON:tearDownClass): 204 DELETE http://10.180.1.21/networking/v2.0/security-groups/c5e64302-8040-4ead-8935-017d40b54a73 0.194s
2025-11-28 18:32:25.809 66609 INFO tempest.lib.common.rest_client [req-409b8bc7-e63b-4ce8-a302-8eecbfdadac2 req-409b8bc7-e63b-4ce8-a302-8eecbfdadac2 ] Request (ServerExternalEventsTest:test_create_server_external_events): 200 GET http://10.180.1.21/compute/v2.1/servers/03ec5275-88aa-4fd7-956d-61d5e371802e 3.011s
2025-11-28 18:32:25.822 66609 INFO tempest.common.waiters [-] State transition "BUILD/spawning" ==> "ACTIVE/None" after 24 second wait
2025-11-28 18:32:25.867 66605 INFO tempest.lib.common.rest_client [req-817da8a1-1464-4b63-863d-83f3b2e58afa req-817da8a1-1464-4b63-863d-83f3b2e58afa ] Request (FlavorsExtraSpecsNegativeTestJSON:tearDownClass): 204 DELETE http://10.180.1.21/identity/v3/projects/16f02e07105248aaa91d81c083d128ad 0.102s
2025-11-28 18:32:25.867 66605 INFO tempest.lib.common.dynamic_creds [-] Deleting project and security group for project: bcebbaa22c074657b3a75e5ec338fde1
2025-11-28 18:32:26.141 66647 INFO tempest.lib.common.rest_client [req-830411aa-68fd-478f-b8ef-5396308d9b75 req-830411aa-68fd-478f-b8ef-5396308d9b75 ] Request (ServicesAdminNegativeTestJSON:tearDownClass): 200 GET http://10.180.1.21/networking/v2.0/security-groups?tenant_id=8eecbf173ac5447fb656dd255f030154&name=default 0.451s
2025-11-28 18:32:26.148 66619 INFO tempest.lib.common.rest_client [req-92ddfd7b-6efb-4b5b-be5b-f61cafad1212 req-92ddfd7b-6efb-4b5b-be5b-f61cafad1212 ] Request (FloatingIPDetailsTestJSON:test_list_floating_ips): 200 GET http://10.180.1.21/compute/v2.1/os-floating-ips 3.142s
2025-11-28 18:32:26.319 66605 INFO tempest.lib.common.rest_client [req-133f750b-fc2c-40c5-84b3-8e3f46c45146 req-133f750b-fc2c-40c5-84b3-8e3f46c45146 ] Request (FlavorsExtraSpecsNegativeTestJSON:tearDownClass): 200 GET http://10.180.1.21/networking/v2.0/security-groups?tenant_id=bcebbaa22c074657b3a75e5ec338fde1&name=default 0.451s
2025-11-28 18:32:26.761 66647 INFO tempest.lib.common.rest_client [req-e26ae674-269b-44eb-8f4a-5ce3123beebf req-e26ae674-269b-44eb-8f4a-5ce3123beebf ] Request (ServicesAdminNegativeTestJSON:tearDownClass): 204 DELETE http://10.180.1.21/networking/v2.0/security-groups/d58551fd-84c3-4462-b7f8-2f316e7f6ff2 0.619s
2025-11-28 18:32:26.793 66597 INFO tempest.lib.common.rest_client [req-d4afd6ad-6dc8-451f-86bf-200685776534 req-d4afd6ad-6dc8-451f-86bf-200685776534 ] Request (ServersAdmin275Test:test_rebuild_update_server_275): 200 GET http://10.180.1.21/compute/v2.1/servers/7268c281-0f4a-4896-95c6-0be66caac2fe 3.128s
2025-11-28 18:32:26.825 66621 INFO tempest.lib.common.rest_client [req-26cbd02f-6c65-43c2-82ad-cc3770eaf81b req-26cbd02f-6c65-43c2-82ad-cc3770eaf81b ] Request (ServersV294TestFqdnHostnames:setUpClass): 200 GET http://10.180.1.21/compute/v2.1/servers/1015b363-9a81-4484-bbab-855aeee84696 3.506s
2025-11-28 18:32:26.854 66647 INFO tempest.lib.common.rest_client [req-36b7c026-0692-40c9-a8fb-09fa118a2c40 req-36b7c026-0692-40c9-a8fb-09fa118a2c40 ] Request (ServicesAdminNegativeTestJSON:tearDownClass): 204 DELETE http://10.180.1.21/identity/v3/projects/8eecbf173ac5447fb656dd255f030154 0.092s
2025-11-28 18:32:26.854 66647 INFO tempest.lib.common.dynamic_creds [-] Deleting project and security group for project: 4cfc93595311429688cabc7c263ee861
2025-11-28 18:32:26.902 66605 INFO tempest.lib.common.rest_client [req-5c5ff949-71ab-4b3c-b177-92cea33e242b req-5c5ff949-71ab-4b3c-b177-92cea33e242b ] Request (FlavorsExtraSpecsNegativeTestJSON:tearDownClass): 204 DELETE http://10.180.1.21/networking/v2.0/security-groups/e5153856-341b-4c06-98e4-f7218dc83a93 0.582s
2025-11-28 18:32:26.980 66599 INFO tempest.lib.common.rest_client [req-ef4a6dc3-def3-4170-80ce-c76a0f7cee30 req-ef4a6dc3-def3-4170-80ce-c76a0f7cee30 ] Request (SecurityGroupRulesTestJSON:test_security_group_rules_delete_when_peer_group_deleted): 200 POST http://10.180.1.21/compute/v2.1/os-security-groups 3.020s
2025-11-28 18:32:27.005 66649 INFO tempest.lib.common.rest_client [req-de369071-0f0a-4bf1-a6a7-f7d95aaf1a47 req-de369071-0f0a-4bf1-a6a7-f7d95aaf1a47 ] Request (ServicesAdminNegativeV253TestJSON:test_get_service_by_invalid_service_and_valid_host): 200 GET http://10.180.1.21/compute/v2.1/os-services?host=devstack&binary=xxx 3.009s
2025-11-28 18:32:27.021 66605 INFO tempest.lib.common.rest_client [req-903683d2-095f-49ef-b91b-1a264149c0eb req-903683d2-095f-49ef-b91b-1a264149c0eb ] Request (FlavorsExtraSpecsNegativeTestJSON:tearDownClass): 204 DELETE http://10.180.1.21/identity/v3/projects/bcebbaa22c074657b3a75e5ec338fde1 0.118s
2025-11-28 18:32:27.052 66647 INFO tempest.lib.common.rest_client [req-7e1cc495-9f1f-4974-9d67-7c540c86a9d7 req-7e1cc495-9f1f-4974-9d67-7c540c86a9d7 ] Request (ServicesAdminNegativeTestJSON:tearDownClass): 200 GET http://10.180.1.21/networking/v2.0/security-groups?tenant_id=4cfc93595311429688cabc7c263ee861&name=default 0.198s
2025-11-28 18:32:27.080 66645 INFO tempest.lib.common.rest_client [req-434cf8c3-0cc6-4ae7-bd69-a392d866086f req-434cf8c3-0cc6-4ae7-bd69-a392d866086f ] Request (ServersTestBootFromVolume:setUpClass): 200 GET http://10.180.1.21/compute/v2.1/servers/7e39d616-18e2-4604-ba45-da3103eb3aaa 3.042s
2025-11-28 18:32:27.089 66605 INFO tempest.lib.common.rest_client [req-44a254fd-1e5d-467c-9e0b-22c8545f98d7 req-44a254fd-1e5d-467c-9e0b-22c8545f98d7 ] Request (SecurityGroupsNegativeTestJSON:setUpClass): 201 POST http://10.180.1.21/identity/v3/auth/tokens 0.066s
2025-11-28 18:32:27.105 66633 INFO tempest.lib.common.rest_client [req-62b716f2-fa59-4056-9b0c-b7109e78544e req-62b716f2-fa59-4056-9b0c-b7109e78544e ] Request (KeyPairsV22TestJSON:_run_cleanups): 204 DELETE http://10.180.1.21/compute/v2.1/os-keypairs/tempest-keypair-1224083737 3.046s
2025-11-28 18:32:27.136 66605 INFO tempest.lib.common.rest_client [req-aea3c3ee-332f-4d80-a030-c4127c311a96 req-aea3c3ee-332f-4d80-a030-c4127c311a96 ] Request (SecurityGroupsNegativeTestJSON:setUpClass): 201 POST http://10.180.1.21/identity/v3/auth/tokens 0.043s
2025-11-28 18:32:27.155 66639 INFO tempest.lib.common.rest_client [req-f4238af0-a385-4186-8df1-d993745674aa req-f4238af0-a385-4186-8df1-d993745674aa ] Request (TenantUsagesTestJSON:test_get_usage_tenant_with_non_admin_user): 200 GET http://10.180.1.21/compute/v2.1/os-simple-tenant-usage/347499517bb04b0da9347d31143ad6d6?start=2025-11-27T18%3A32%3A21.042523&end=2025-11-29T18%3A32%3A21.042523 2.458s
2025-11-28 18:32:27.169 66605 INFO tempest.lib.common.rest_client [req-bb4146f8-e42a-4664-97a2-e9aa1f996a77 req-bb4146f8-e42a-4664-97a2-e9aa1f996a77 ] Request (SecurityGroupsNegativeTestJSON:setUpClass): 200 GET http://10.180.1.21/identity/v3/domains?name=Default 0.033s
2025-11-28 18:32:27.171 66647 INFO tempest.lib.common.rest_client [req-036e8993-c0f4-4dc4-bcf8-f9417c82954b req-036e8993-c0f4-4dc4-bcf8-f9417c82954b ] Request (ServicesAdminNegativeTestJSON:tearDownClass): 204 DELETE http://10.180.1.21/networking/v2.0/security-groups/e3867694-5ad6-4b91-8633-1d84e7d57015 0.118s
2025-11-28 18:32:27.180 66593 INFO tempest.lib.common.rest_client [req-1bd4b7ba-cbb7-45da-bbb6-013a4f853f15 req-1bd4b7ba-cbb7-45da-bbb6-013a4f853f15 ] Request (FlavorsExtraSpecsTestJSON:tearDownClass): 200 GET http://10.180.1.21/compute/v2.1/flavors/detail 2.474s
2025-11-28 18:32:27.187 66591 INFO tempest.lib.common.rest_client [req-59d1aa97-593b-49de-a4c4-ed4520d6d491 req-59d1aa97-593b-49de-a4c4-ed4520d6d491 ] Request (HypervisorAdminNegativeTestJSON:test_show_hypervisor_with_non_admin_user): 403 GET http://10.180.1.21/compute/v2.1/os-hypervisors/1 2.448s
2025-11-28 18:32:27.199 66605 INFO tempest.lib.common.rest_client [req-76acc874-ba01-4895-ab84-197657bd6189 req-76acc874-ba01-4895-ab84-197657bd6189 ] Request (SecurityGroupsNegativeTestJSON:setUpClass): 201 POST http://10.180.1.21/identity/v3/projects 0.029s
2025-11-28 18:32:27.232 66647 INFO tempest.lib.common.rest_client [req-10f2fb88-8a8f-4ac1-a673-e5d2ac27c2a7 req-10f2fb88-8a8f-4ac1-a673-e5d2ac27c2a7 ] Request (ServicesAdminNegativeTestJSON:tearDownClass): 204 DELETE http://10.180.1.21/identity/v3/projects/4cfc93595311429688cabc7c263ee861 0.061s
2025-11-28 18:32:27.233 66647 INFO tempest.test [-] raised in SpiceDirectConsoleTestJSON.setUpClass. Invoking tearDownClass.
2025-11-28 18:32:27.362 66651 INFO tempest.lib.common.rest_client [req-8ad818d6-da32-4d20-938f-e01d79f1af5b req-8ad818d6-da32-4d20-938f-e01d79f1af5b ] Request (HypervisorAdminNegativeUnderV252Test:test_search_hypervisor_with_non_admin_user): 200 GET http://10.180.1.21/compute/v2.1/os-hypervisors 2.580s
2025-11-28 18:32:27.371 66605 INFO tempest.lib.common.rest_client [req-25cad618-ebbd-4571-ace3-27e4ce963d5d req-25cad618-ebbd-4571-ace3-27e4ce963d5d ] Request (SecurityGroupsNegativeTestJSON:setUpClass): 201 POST http://10.180.1.21/identity/v3/users 0.171s
2025-11-28 18:32:27.395 66595 INFO tempest.lib.common.rest_client [req-8539fc05-7ce7-4251-8818-06fd02eee1a4 req-8539fc05-7ce7-4251-8818-06fd02eee1a4 ] Request (DeleteServersTestJSON:test_delete_active_server): 202 POST http://10.180.1.21/compute/v2.1/servers 3.593s
2025-11-28 18:32:27.404 66593 INFO tempest.lib.common.rest_client [req-5a479f35-9e72-45a0-a768-fb66fa99621c req-5a479f35-9e72-45a0-a768-fb66fa99621c ] Request (FlavorsExtraSpecsTestJSON:tearDownClass): 204 DELETE http://10.180.1.21/identity/v3/users/a09b6193a36b4817bb795171e602a2f1 0.218s
2025-11-28 18:32:27.422 66643 INFO tempest.lib.common.rest_client [req-e201c59d-21fe-4252-a732-e78f83dbed7b req-e201c59d-21fe-4252-a732-e78f83dbed7b ] Request (HypervisorAdminUnderV252Test:test_search_hypervisor): 200 GET http://10.180.1.21/compute/v2.1/os-hypervisors/domain-c8.fc996f14-c53b-4953-92e3-bdfa48f5cc28/search 2.620s
2025-11-28 18:32:27.445 66647 INFO tempest.lib.common.rest_client [req-9a58cb3f-28cd-4af5-b818-5b5f44263493 req-9a58cb3f-28cd-4af5-b818-5b5f44263493 ] Request (InstanceActionsNegativeTestJSON:setUpClass): 201 POST http://10.180.1.21/identity/v3/auth/tokens 0.205s
2025-11-28 18:32:27.487 66605 INFO tempest.lib.common.rest_client [req-fe1831f1-80dc-413a-9204-1020f84819ab req-fe1831f1-80dc-413a-9204-1020f84819ab ] Request (SecurityGroupsNegativeTestJSON:setUpClass): 200 GET http://10.180.1.21/identity/v3/roles 0.114s
2025-11-28 18:32:27.538 66593 INFO tempest.lib.common.rest_client [req-5f0b144c-6a1d-487e-9651-6647ae8fbda8 req-5f0b144c-6a1d-487e-9651-6647ae8fbda8 ] Request (FlavorsExtraSpecsTestJSON:tearDownClass): 204 DELETE http://10.180.1.21/identity/v3/users/17489392a8a4479dbad01ce66f33f1b5 0.134s
2025-11-28 18:32:27.538 66593 INFO tempest.lib.common.dynamic_creds [-] Deleting project and security group for project: 3172c76d0c3a406588f76ccb161d9b1a
2025-11-28 18:32:27.555 66643 INFO tempest.lib.common.rest_client [req-088cba9e-e8a2-47e2-9f9c-4892b733dacd req-088cba9e-e8a2-47e2-9f9c-4892b733dacd ] Request (HypervisorAdminUnderV252Test:tearDownClass): 204 DELETE http://10.180.1.21/identity/v3/users/018588fbece64f13bca52eed1775dd67 0.130s
2025-11-28 18:32:27.617 66623 INFO tempest.lib.common.rest_client [req-f070a296-9c32-4bca-9898-b06dd1889b52 req-f070a296-9c32-4bca-9898-b06dd1889b52 ] Request (MigrationsAdminTest:test_list_migrations_in_flavor_resize_situation): 202 POST http://10.180.1.21/compute/v2.1/servers/0c5c9742-a48d-4721-8ca5-2ea76ae1725a/action 2.835s
2025-11-28 18:32:27.624 66629 INFO tempest.lib.common.rest_client [req-19abb2ac-064f-49fc-8ff7-8802901e123a req-19abb2ac-064f-49fc-8ff7-8802901e123a ] Request (AggregatesAdminNegativeTestJSON:test_aggregate_create_aggregate_name_length_exceeds_255): 400 POST http://10.180.1.21/compute/v2.1/os-aggregates 2.730s
2025-11-28 18:32:27.629 66647 INFO tempest.lib.common.rest_client [req-53474a4c-0b35-4b4d-89d8-77fc7babea1d req-53474a4c-0b35-4b4d-89d8-77fc7babea1d ] Request (InstanceActionsNegativeTestJSON:setUpClass): 201 POST http://10.180.1.21/identity/v3/auth/tokens 0.181s
2025-11-28 18:32:27.647 66613 INFO tempest.lib.common.rest_client [req-80ae5265-f466-4c0b-9afc-3cd2787f5797 req-80ae5265-f466-4c0b-9afc-3cd2787f5797 ] Request (FlavorsAdminTestJSON:_run_cleanups): 200 GET http://10.180.1.21/compute/v2.1/flavors/detail 2.728s
2025-11-28 18:32:27.664 66605 INFO tempest.lib.common.rest_client [req-0e4b2453-9581-4653-8164-298824c3ed05 req-0e4b2453-9581-4653-8164-298824c3ed05 ] Request (SecurityGroupsNegativeTestJSON:setUpClass): 204 PUT http://10.180.1.21/identity/v3/projects/b2c35c72efa44ffb9c04a1554e24faf5/users/eec8b970f2034684b6db966ec373012a/roles/f678b5a156b94d31b0ff3328a885c991 0.177s
2025-11-28 18:32:27.664 66605 INFO tempest.lib.common.dynamic_creds [-] Dynamic test user eec8b970f2034684b6db966ec373012a is created with scope project and roles: ['member']
2025-11-28 18:32:27.664 66605 INFO tempest.lib.common.dynamic_creds [-] Acquired dynamic creds: credentials: Credentials: {'domain_id': 'default', 'domain_name': 'Default', 'username': 'tempest-SecurityGroupsNegativeTestJSON-1189138155-project-member', 'project_domain_id': 'default', 'project_domain_name': 'Default', 'project_id': 'b2c35c72efa44ffb9c04a1554e24faf5', 'project_name': 'tempest-SecurityGroupsNegativeTestJSON-1189138155', 'tenant_id': 'b2c35c72efa44ffb9c04a1554e24faf5', 'tenant_name': 'tempest-SecurityGroupsNegativeTestJSON-1189138155', 'user_domain_id': 'default', 'user_domain_name': 'Default', 'user_id': 'eec8b970f2034684b6db966ec373012a', 'system': None}, Network: None, Subnet: None, Router: None
2025-11-28 18:32:27.688 66589 INFO tempest.lib.common.rest_client [req-6dde04fb-7906-47ee-a1c1-c7f066bbeb58 req-6dde04fb-7906-47ee-a1c1-c7f066bbeb58 ] Request (FlavorsAccessNegativeTestJSON:test_flavor_non_admin_add): 403 POST http://10.180.1.21/compute/v2.1/flavors/704048430/action 2.831s
2025-11-28 18:32:27.714 66637 INFO tempest.lib.common.rest_client [req-577f76d1-0044-4f86-b867-99d4c3b4d61f req-577f76d1-0044-4f86-b867-99d4c3b4d61f ] Request (ServersAdminTestJSON:setUpClass): 200 GET http://10.180.1.21/compute/v2.1/servers/81f6a44c-6874-45e3-974d-689761f41a87 2.711s
2025-11-28 18:32:27.726 66593 INFO tempest.lib.common.rest_client [req-554077bb-daeb-4c73-ae08-f53e447b0dfb req-554077bb-daeb-4c73-ae08-f53e447b0dfb ] Request (FlavorsExtraSpecsTestJSON:tearDownClass): 201 POST http://10.180.1.21/identity/v3/auth/tokens 0.187s
2025-11-28 18:32:27.751 66647 INFO tempest.lib.common.rest_client [req-af9f7aee-1f4c-47ff-9afc-306efe68eb72 req-af9f7aee-1f4c-47ff-9afc-306efe68eb72 ] Request (InstanceActionsNegativeTestJSON:setUpClass): 200 GET http://10.180.1.21/identity/v3/domains?name=Default 0.122s
2025-11-28 18:32:27.753 66625 INFO tempest.lib.common.rest_client [req-daaed3c9-65cd-4dd8-b005-9e4c4562da06 req-daaed3c9-65cd-4dd8-b005-9e4c4562da06 ] Request (ServerShowV247Test:test_update_rebuild_list_server): 200 GET http://10.180.1.21/compute/v2.1/servers/ea62e880-ec32-4df9-bc16-e2e9ce448c62 2.573s
2025-11-28 18:32:27.762 66631 INFO tempest.lib.common.rest_client [req-ac5f6808-6652-427f-be62-1c089b7b6e88 req-ac5f6808-6652-427f-be62-1c089b7b6e88 ] Request (TenantUsagesNegativeTestJSON:test_get_usage_tenant_with_invalid_date): 400 GET http://10.180.1.21/compute/v2.1/os-simple-tenant-usage/3f6a08b7f10b43d0aebebc846f6f7a03?start=2025-11-29T18%3A32%3A22.240521&end=2025-11-27T18%3A32%3A22.240521 2.292s
2025-11-28 18:32:27.801 66643 INFO tempest.lib.common.rest_client [req-9efc0038-82f7-4a7f-9693-d106a349379b req-9efc0038-82f7-4a7f-9693-d106a349379b ] Request (HypervisorAdminUnderV252Test:tearDownClass): 204 DELETE http://10.180.1.21/identity/v3/users/05ce4467ddcd46838e470b553ffa048a 0.245s
2025-11-28 18:32:27.801 66643 INFO tempest.lib.common.dynamic_creds [-] Deleting project and security group for project: 47246a9be9f04557a964d225cb37be90
2025-11-28 18:32:27.826 66605 INFO tempest.lib.common.rest_client [req-a62fe6a8-90e6-4c18-a2dd-7d31ce845a4e req-a62fe6a8-90e6-4c18-a2dd-7d31ce845a4e ] Request (SecurityGroupsNegativeTestJSON:setUpClass): 201 POST http://10.180.1.21/identity/v3/auth/tokens 0.161s
2025-11-28 18:32:27.843 66641 INFO tempest.lib.common.rest_client [req-b4155c07-7e7b-4bfc-a6e7-898dbb7e158e req-b4155c07-7e7b-4bfc-a6e7-898dbb7e158e ] Request (DeleteServersAdminTestJSON:test_admin_delete_servers_of_others): 200 GET http://10.180.1.21/compute/v2.1/servers/5644df0c-bdb6-4d75-8be2-e69104eb6c60 2.362s
2025-11-28 18:32:27.853 66641 INFO tempest.common.waiters [-] State transition "ACTIVE/deleting" ==> "DELETED/None" after 3 second wait
2025-11-28 18:32:27.933 66647 INFO tempest.lib.common.rest_client [req-8f1e9c06-a790-4dc3-85ad-2f0bc9ace877 req-8f1e9c06-a790-4dc3-85ad-2f0bc9ace877 ] Request (InstanceActionsNegativeTestJSON:setUpClass): 201 POST http://10.180.1.21/identity/v3/projects 0.181s
2025-11-28 18:32:28.000 66643 INFO tempest.lib.common.rest_client [req-638526a6-a486-4ad8-88bd-06ea9483b96e req-638526a6-a486-4ad8-88bd-06ea9483b96e ] Request (HypervisorAdminUnderV252Test:tearDownClass): 201 POST http://10.180.1.21/identity/v3/auth/tokens 0.199s
2025-11-28 18:32:28.061 66593 INFO tempest.lib.common.rest_client [req-019bb904-4224-41ea-b12f-be1282f60af9 req-019bb904-4224-41ea-b12f-be1282f60af9 ] Request (FlavorsExtraSpecsTestJSON:tearDownClass): 200 GET http://10.180.1.21/networking/v2.0/security-groups?tenant_id=3172c76d0c3a406588f76ccb161d9b1a&name=default 0.334s
2025-11-28 18:32:28.113 66609 INFO tempest.lib.common.rest_client [req-bb42b2bc-5752-4e67-89e2-91aed4ec507e req-bb42b2bc-5752-4e67-89e2-91aed4ec507e ] Request (ServerExternalEventsTest:test_create_server_external_events): 200 POST http://10.180.1.21/compute/v2.1/os-server-external-events 2.291s
2025-11-28 18:32:28.130 66647 INFO tempest.lib.common.rest_client [req-13c66ff2-f452-4470-ab1e-a09d3c19c7e4 req-13c66ff2-f452-4470-ab1e-a09d3c19c7e4 ] Request (InstanceActionsNegativeTestJSON:setUpClass): 201 POST http://10.180.1.21/identity/v3/users 0.195s
2025-11-28 18:32:28.161 66647 INFO tempest.lib.common.rest_client [req-f79991b3-1fb2-442d-91c2-01b416c6fc53 req-f79991b3-1fb2-442d-91c2-01b416c6fc53 ] Request (InstanceActionsNegativeTestJSON:setUpClass): 200 GET http://10.180.1.21/identity/v3/roles 0.030s
2025-11-28 18:32:28.192 66647 INFO tempest.lib.common.rest_client [req-80551a59-e32e-494e-81fd-13f23c6630b2 req-80551a59-e32e-494e-81fd-13f23c6630b2 ] Request (InstanceActionsNegativeTestJSON:setUpClass): 204 PUT http://10.180.1.21/identity/v3/projects/d53341766177405cab6a27ca18a89a18/users/bb07ec6fbcf44709b1d9155d7175663b/roles/f678b5a156b94d31b0ff3328a885c991 0.030s
2025-11-28 18:32:28.193 66647 INFO tempest.lib.common.dynamic_creds [-] Dynamic test user bb07ec6fbcf44709b1d9155d7175663b is created with scope project and roles: ['member']
2025-11-28 18:32:28.193 66647 INFO tempest.lib.common.dynamic_creds [-] Acquired dynamic creds: credentials: Credentials: {'domain_id': 'default', 'domain_name': 'Default', 'username': 'tempest-InstanceActionsNegativeTestJSON-1486122274-project-member', 'project_domain_id': 'default', 'project_domain_name': 'Default', 'project_id': 'd53341766177405cab6a27ca18a89a18', 'project_name': 'tempest-InstanceActionsNegativeTestJSON-1486122274', 'tenant_id': 'd53341766177405cab6a27ca18a89a18', 'tenant_name': 'tempest-InstanceActionsNegativeTestJSON-1486122274', 'user_domain_id': 'default', 'user_domain_name': 'Default', 'user_id': 'bb07ec6fbcf44709b1d9155d7175663b', 'system': None}, Network: None, Subnet: None, Router: None
2025-11-28 18:32:28.224 66603 INFO tempest.lib.common.rest_client [req-4294307b-fc34-465c-9747-66fcdcc7adcd req-4294307b-fc34-465c-9747-66fcdcc7adcd ] Request (QuotasAdminTestJSON:test_update_all_quota_resources_for_tenant): 200 PUT http://10.180.1.21/compute/v2.1/os-quota-sets/462b3a0b87f14527a1db341f48e37196 3.033s
2025-11-28 18:32:28.248 66647 INFO tempest.lib.common.rest_client [req-a3fedc4c-8d7b-458a-a064-e11992025b60 req-a3fedc4c-8d7b-458a-a064-e11992025b60 ] Request (InstanceActionsNegativeTestJSON:setUpClass): 201 POST http://10.180.1.21/identity/v3/auth/tokens 0.055s
2025-11-28 18:32:28.289 66643 INFO tempest.lib.common.rest_client [req-8c5f57c1-2a66-4aee-8c4d-e7f28231b4ce req-8c5f57c1-2a66-4aee-8c4d-e7f28231b4ce ] Request (HypervisorAdminUnderV252Test:tearDownClass): 200 GET http://10.180.1.21/networking/v2.0/security-groups?tenant_id=47246a9be9f04557a964d225cb37be90&name=default 0.288s
2025-11-28 18:32:28.357 66605 INFO tempest.lib.common.rest_client [req-9aa57c2d-1575-4826-90a4-5f669c45ed7f req-9aa57c2d-1575-4826-90a4-5f669c45ed7f ] Request (SecurityGroupsNegativeTestJSON:setUpClass): 201 POST http://10.180.1.21/networking/v2.0/networks 0.530s
2025-11-28 18:32:28.373 66593 INFO tempest.lib.common.rest_client [req-0c14e623-60fa-4360-9419-52d1c10dcd3b req-0c14e623-60fa-4360-9419-52d1c10dcd3b ] Request (FlavorsExtraSpecsTestJSON:tearDownClass): 204 DELETE http://10.180.1.21/networking/v2.0/security-groups/21a12bd3-0b66-40bd-9d6e-e442008db664 0.311s
2025-11-28 18:32:28.451 66593 INFO tempest.lib.common.rest_client [req-e5cef6f2-c935-4907-80b3-8f37d78103bf req-e5cef6f2-c935-4907-80b3-8f37d78103bf ] Request (FlavorsExtraSpecsTestJSON:tearDownClass): 204 DELETE http://10.180.1.21/identity/v3/projects/3172c76d0c3a406588f76ccb161d9b1a 0.078s
2025-11-28 18:32:28.451 66593 INFO tempest.lib.common.dynamic_creds [-] Deleting project and security group for project: f3a3a9d925714ac597f7f0c2781f2f6e
2025-11-28 18:32:28.621 66611 INFO tempest.lib.common.rest_client [req-cf09810e-a7e6-496b-b27c-d1d467eccc0a req-cf09810e-a7e6-496b-b27c-d1d467eccc0a ] Request (ListServersNegativeTestJSON:setUpClass): 200 GET http://10.180.1.21/compute/v2.1/servers/f1cbb306-1ff8-48cc-a2e3-376174be8976 2.559s
2025-11-28 18:32:28.628 66611 INFO tempest.common.waiters [-] State transition "ACTIVE/deleting" ==> "DELETED/None" after 3 second wait
2025-11-28 18:32:28.699 66643 INFO tempest.lib.common.rest_client [req-baaec4eb-f9c5-45c7-91af-9ec356541e1d req-baaec4eb-f9c5-45c7-91af-9ec356541e1d ] Request (HypervisorAdminUnderV252Test:tearDownClass): 204 DELETE http://10.180.1.21/networking/v2.0/security-groups/b65450b3-c36d-4d63-98b9-e96be16acc0a 0.408s
2025-11-28 18:32:28.748 66647 INFO tempest.lib.common.rest_client [req-c9c8ab77-b04f-4e0c-932c-2cf7c13ca4e2 req-c9c8ab77-b04f-4e0c-932c-2cf7c13ca4e2 ] Request (InstanceActionsNegativeTestJSON:setUpClass): 201 POST http://10.180.1.21/networking/v2.0/networks 0.499s
2025-11-28 18:32:28.779 66643 INFO tempest.lib.common.rest_client [req-a297b7c4-c42c-40f2-a100-bde2db767ac3 req-a297b7c4-c42c-40f2-a100-bde2db767ac3 ] Request (HypervisorAdminUnderV252Test:tearDownClass): 204 DELETE http://10.180.1.21/identity/v3/projects/47246a9be9f04557a964d225cb37be90 0.077s
2025-11-28 18:32:28.779 66643 INFO tempest.lib.common.dynamic_creds [-] Deleting project and security group for project: 200ee68a6b4f41ed9a5e591d56e6d201
2025-11-28 18:32:28.891 66605 INFO tempest.lib.common.rest_client [req-cf9b902d-6b1c-41ac-bbd5-e167a6cc8aba req-cf9b902d-6b1c-41ac-bbd5-e167a6cc8aba ] Request (SecurityGroupsNegativeTestJSON:setUpClass): 201 POST http://10.180.1.21/networking/v2.0/subnets 0.533s
2025-11-28 18:32:28.928 66627 INFO tempest.lib.common.rest_client [req-7988d857-b759-47e2-b95a-9f503ee16123 req-7988d857-b759-47e2-b95a-9f503ee16123 ] Request (VolumesAssistedSnapshotsTest:test_volume_assisted_snapshot_create_delete): 200 GET http://10.180.1.21/compute/v2.1/servers/ef19ceaa-5d3b-456f-b93f-3cab247427be 2.933s
2025-11-28 18:32:29.035 66593 INFO tempest.lib.common.rest_client [req-bed3308e-139b-43b1-9844-e612e7e6555a req-bed3308e-139b-43b1-9844-e612e7e6555a ] Request (FlavorsExtraSpecsTestJSON:tearDownClass): 200 GET http://10.180.1.21/networking/v2.0/security-groups?tenant_id=f3a3a9d925714ac597f7f0c2781f2f6e&name=default 0.583s
2025-11-28 18:32:29.253 66643 INFO tempest.lib.common.rest_client [req-a1b7b096-ee4c-4eb0-9f03-a48d28f70d0e req-a1b7b096-ee4c-4eb0-9f03-a48d28f70d0e ] Request (HypervisorAdminUnderV252Test:tearDownClass): 200 GET http://10.180.1.21/networking/v2.0/security-groups?tenant_id=200ee68a6b4f41ed9a5e591d56e6d201&name=default 0.474s
2025-11-28 18:32:29.285 66647 INFO tempest.lib.common.rest_client [req-2c56aa81-9f69-4700-87b9-49febd86730e req-2c56aa81-9f69-4700-87b9-49febd86730e ] Request (InstanceActionsNegativeTestJSON:setUpClass): 201 POST http://10.180.1.21/networking/v2.0/subnets 0.535s
2025-11-28 18:32:29.455 66593 INFO tempest.lib.common.rest_client [req-f9219b1b-01e1-4cc2-b165-6dc3c667e95e req-f9219b1b-01e1-4cc2-b165-6dc3c667e95e ] Request (FlavorsExtraSpecsTestJSON:tearDownClass): 204 DELETE http://10.180.1.21/networking/v2.0/security-groups/6c800e28-c591-44f7-9868-2d0ac6608f33 0.420s
2025-11-28 18:32:29.577 66593 INFO tempest.lib.common.rest_client [req-df240737-1784-4f42-aebb-70916e0d92f5 req-df240737-1784-4f42-aebb-70916e0d92f5 ] Request (FlavorsExtraSpecsTestJSON:tearDownClass): 204 DELETE http://10.180.1.21/identity/v3/projects/f3a3a9d925714ac597f7f0c2781f2f6e 0.121s
2025-11-28 18:32:29.649 66593 INFO tempest.lib.common.rest_client [req-a7906d87-c6e9-426a-8f1f-377df56d1aec req-a7906d87-c6e9-426a-8f1f-377df56d1aec ] Request (FloatingIPsAssociationNegativeTestJSON:setUpClass): 201 POST http://10.180.1.21/identity/v3/auth/tokens 0.070s
2025-11-28 18:32:29.684 66593 INFO tempest.lib.common.rest_client [req-e35134d0-de09-4c20-9ec9-7fccebfeb081 req-e35134d0-de09-4c20-9ec9-7fccebfeb081 ] Request (FloatingIPsAssociationNegativeTestJSON:setUpClass): 201 POST http://10.180.1.21/identity/v3/auth/tokens 0.030s
2025-11-28 18:32:29.715 66593 INFO tempest.lib.common.rest_client [req-5c9b692d-4247-47ab-80af-fc3e5575f8f7 req-5c9b692d-4247-47ab-80af-fc3e5575f8f7 ] Request (FloatingIPsAssociationNegativeTestJSON:setUpClass): 200 GET http://10.180.1.21/identity/v3/domains?name=Default 0.031s
2025-11-28 18:32:29.746 66593 INFO tempest.lib.common.rest_client [req-c6376aa0-f96d-4003-8543-052ffc1e0179 req-c6376aa0-f96d-4003-8543-052ffc1e0179 ] Request (FloatingIPsAssociationNegativeTestJSON:setUpClass): 201 POST http://10.180.1.21/identity/v3/projects 0.030s
2025-11-28 18:32:29.816 66593 INFO tempest.lib.common.rest_client [req-71bab360-7692-4706-81f1-b2b485cd3db4 req-71bab360-7692-4706-81f1-b2b485cd3db4 ] Request (FloatingIPsAssociationNegativeTestJSON:setUpClass): 201 POST http://10.180.1.21/identity/v3/users 0.070s
2025-11-28 18:32:29.849 66593 INFO tempest.lib.common.rest_client [req-ae6c6b9d-b24b-49e8-9af3-0a154d7344b0 req-ae6c6b9d-b24b-49e8-9af3-0a154d7344b0 ] Request (FloatingIPsAssociationNegativeTestJSON:setUpClass): 200 GET http://10.180.1.21/identity/v3/roles 0.032s
2025-11-28 18:32:29.884 66593 INFO tempest.lib.common.rest_client [req-4fa37e56-6b59-4c0c-8c3f-9a263ac79879 req-4fa37e56-6b59-4c0c-8c3f-9a263ac79879 ] Request (FloatingIPsAssociationNegativeTestJSON:setUpClass): 204 PUT http://10.180.1.21/identity/v3/projects/6304d35837e34f8bb9a69e90bc9ecddb/users/26a967991c274f00ba0171d571cb7287/roles/f678b5a156b94d31b0ff3328a885c991 0.035s
2025-11-28 18:32:29.884 66593 INFO tempest.lib.common.dynamic_creds [-] Dynamic test user 26a967991c274f00ba0171d571cb7287 is created with scope project and roles: ['member']
2025-11-28 18:32:29.885 66593 INFO tempest.lib.common.dynamic_creds [-] Acquired dynamic creds: credentials: Credentials: {'domain_id': 'default', 'domain_name': 'Default', 'username': 'tempest-FloatingIPsAssociationNegativeTestJSON-1739796043-project-member', 'project_domain_id': 'default', 'project_domain_name': 'Default', 'project_id': '6304d35837e34f8bb9a69e90bc9ecddb', 'project_name': 'tempest-FloatingIPsAssociationNegativeTestJSON-1739796043', 'tenant_id': '6304d35837e34f8bb9a69e90bc9ecddb', 'tenant_name': 'tempest-FloatingIPsAssociationNegativeTestJSON-1739796043', 'user_domain_id': 'default', 'user_domain_name': 'Default', 'user_id': '26a967991c274f00ba0171d571cb7287', 'system': None}, Network: None, Subnet: None, Router: None
2025-11-28 18:32:29.954 66593 INFO tempest.lib.common.rest_client [req-93b030d7-d4a0-49d8-9d30-cb5d84909e2b req-93b030d7-d4a0-49d8-9d30-cb5d84909e2b ] Request (FloatingIPsAssociationNegativeTestJSON:setUpClass): 201 POST http://10.180.1.21/identity/v3/auth/tokens 0.069s
2025-11-28 18:32:30.052 66605 INFO tempest.lib.common.rest_client [req-0bd177f2-1dcd-4ef6-806e-24a631d457b5 req-0bd177f2-1dcd-4ef6-806e-24a631d457b5 ] Request (SecurityGroupsNegativeTestJSON:setUpClass): 201 POST http://10.180.1.21/networking/v2.0/routers 1.160s
2025-11-28 18:32:30.166 66643 INFO tempest.lib.common.rest_client [req-5bbc038f-53e6-4646-a852-fad626029469 req-5bbc038f-53e6-4646-a852-fad626029469 ] Request (HypervisorAdminUnderV252Test:tearDownClass): 204 DELETE http://10.180.1.21/networking/v2.0/security-groups/16471a75-0e35-48b3-b324-70dddb5e69be 0.913s
2025-11-28 18:32:30.245 66643 INFO tempest.lib.common.rest_client [req-6bc0b6bc-0f87-47c1-9a86-3a561e094f65 req-6bc0b6bc-0f87-47c1-9a86-3a561e094f65 ] Request (HypervisorAdminUnderV252Test:tearDownClass): 204 DELETE http://10.180.1.21/identity/v3/projects/200ee68a6b4f41ed9a5e591d56e6d201 0.078s
2025-11-28 18:32:30.246 66643 INFO tempest.test [-] raised in LiveAutoBlockMigrationV225Test.setUpClass. Invoking tearDownClass.
2025-11-28 18:32:30.333 66643 INFO tempest.lib.common.rest_client [req-b895128b-0fbf-4023-b1bb-a65763dfd094 req-b895128b-0fbf-4023-b1bb-a65763dfd094 ] Request (ImagesNegativeTestJSON:setUpClass): 201 POST http://10.180.1.21/identity/v3/auth/tokens 0.084s
2025-11-28 18:32:30.372 66643 INFO tempest.lib.common.rest_client [req-2972aabb-8f58-45d0-a90b-f62d2317dc1b req-2972aabb-8f58-45d0-a90b-f62d2317dc1b ] Request (ImagesNegativeTestJSON:setUpClass): 201 POST http://10.180.1.21/identity/v3/auth/tokens 0.035s
2025-11-28 18:32:30.407 66643 INFO tempest.lib.common.rest_client [req-df6fc1f2-fefa-4b4f-aa05-3c66e961f514 req-df6fc1f2-fefa-4b4f-aa05-3c66e961f514 ] Request (ImagesNegativeTestJSON:setUpClass): 200 GET http://10.180.1.21/identity/v3/domains?name=Default 0.035s
2025-11-28 18:32:30.441 66643 INFO tempest.lib.common.rest_client [req-8eb735f5-cdbe-45a4-9ebd-9fecc84f6d0b req-8eb735f5-cdbe-45a4-9ebd-9fecc84f6d0b ] Request (ImagesNegativeTestJSON:setUpClass): 201 POST http://10.180.1.21/identity/v3/projects 0.034s
2025-11-28 18:32:30.521 66643 INFO tempest.lib.common.rest_client [req-4e4c8121-bafd-4de4-b7b1-0a64eae2e7eb req-4e4c8121-bafd-4de4-b7b1-0a64eae2e7eb ] Request (ImagesNegativeTestJSON:setUpClass): 201 POST http://10.180.1.21/identity/v3/users 0.079s
2025-11-28 18:32:30.548 66643 INFO tempest.lib.common.rest_client [req-dc3b714c-a181-45ff-a9d9-1c9cef333a9a req-dc3b714c-a181-45ff-a9d9-1c9cef333a9a ] Request (ImagesNegativeTestJSON:setUpClass): 200 GET http://10.180.1.21/identity/v3/roles 0.026s
2025-11-28 18:32:30.586 66643 INFO tempest.lib.common.rest_client [req-a6130886-4227-495c-9829-74e73e123679 req-a6130886-4227-495c-9829-74e73e123679 ] Request (ImagesNegativeTestJSON:setUpClass): 204 PUT http://10.180.1.21/identity/v3/projects/a870121ce5ce438cb088cb746f7cd23c/users/6d37f3748fb944cfa2952d85a8374d7b/roles/f678b5a156b94d31b0ff3328a885c991 0.037s
2025-11-28 18:32:30.586 66643 INFO tempest.lib.common.dynamic_creds [-] Dynamic test user 6d37f3748fb944cfa2952d85a8374d7b is created with scope project and roles: ['member']
2025-11-28 18:32:30.586 66643 INFO tempest.lib.common.dynamic_creds [-] Acquired dynamic creds: credentials: Credentials: {'domain_id': 'default', 'domain_name': 'Default', 'username': 'tempest-ImagesNegativeTestJSON-755076798-project-member', 'project_domain_id': 'default', 'project_domain_name': 'Default', 'project_id': 'a870121ce5ce438cb088cb746f7cd23c', 'project_name': 'tempest-ImagesNegativeTestJSON-755076798', 'tenant_id': 'a870121ce5ce438cb088cb746f7cd23c', 'tenant_name': 'tempest-ImagesNegativeTestJSON-755076798', 'user_domain_id': 'default', 'user_domain_name': 'Default', 'user_id': '6d37f3748fb944cfa2952d85a8374d7b', 'system': None}, Network: None, Subnet: None, Router: None
2025-11-28 18:32:30.657 66643 INFO tempest.lib.common.rest_client [req-0d61c50a-7536-452a-a28b-2afec31eb17d req-0d61c50a-7536-452a-a28b-2afec31eb17d ] Request (ImagesNegativeTestJSON:setUpClass): 201 POST http://10.180.1.21/identity/v3/auth/tokens 0.070s
2025-11-28 18:32:30.947 66647 INFO tempest.lib.common.rest_client [req-04f91744-18b6-48bb-b49b-1ebfdb4c9c87 req-04f91744-18b6-48bb-b49b-1ebfdb4c9c87 ] Request (InstanceActionsNegativeTestJSON:setUpClass): 201 POST http://10.180.1.21/networking/v2.0/routers 1.661s
2025-11-28 18:32:31.027 66607 INFO tempest.lib.common.rest_client [req-c6305527-5588-4ec4-9908-238003b9bc69 req-c6305527-5588-4ec4-9908-238003b9bc69 ] Request (ImagesOneServerNegativeTestJSON:setUpClass): 200 GET http://10.180.1.21/compute/v2.1/servers/8d3e8729-3296-40fb-a80f-b41503d0c666 4.662s
2025-11-28 18:32:31.034 66607 INFO tempest.common.waiters [-] State transition "BUILD/spawning" ==> "ACTIVE/None" after 26 second wait
2025-11-28 18:32:31.410 66593 INFO tempest.lib.common.rest_client [req-dae9c2f7-92c1-4ff5-b076-0679b6fc14a4 req-dae9c2f7-92c1-4ff5-b076-0679b6fc14a4 ] Request (FloatingIPsAssociationNegativeTestJSON:setUpClass): 201 POST http://10.180.1.21/networking/v2.0/networks 1.456s
2025-11-28 18:32:31.570 66635 INFO tempest.lib.common.rest_client [req-3d9a73aa-a2e1-4991-8c93-614c28962776 req-3d9a73aa-a2e1-4991-8c93-614c28962776 ] Request (ServerDiagnosticsV248Test:test_get_server_diagnostics): 200 GET http://10.180.1.21/compute/v2.1/servers/e3bfba6a-af6b-4e88-b90a-7b4b5f6a6609/diagnostics 4.872s
2025-11-28 18:32:31.675 66643 INFO tempest.lib.common.rest_client [req-750175bf-eb95-4f6f-a65b-d3b6c703e022 req-750175bf-eb95-4f6f-a65b-d3b6c703e022 ] Request (ImagesNegativeTestJSON:setUpClass): 201 POST http://10.180.1.21/networking/v2.0/networks 1.017s
2025-11-28 18:32:32.349 66605 INFO tempest.lib.common.rest_client [req-8a44d784-6358-40b7-98d7-fd8b8ebe7e9f req-8a44d784-6358-40b7-98d7-fd8b8ebe7e9f ] Request (SecurityGroupsNegativeTestJSON:setUpClass): 200 PUT http://10.180.1.21/networking/v2.0/routers/48f93a9d-7ca7-46f3-b71c-431d7cb6f421/add_router_interface 2.296s
