2025-11-28 18:33:23.018 66639 INFO tempest.lib.common.rest_client [req-2eeb0b67-2f5f-4433-8b47-bc3c3de57a55 req-2eeb0b67-2f5f-4433-8b47-bc3c3de57a55 ] Request (ImagesDeleteNegativeTestJSON:tearDownClass): 200 GET http://10.180.1.21/networking/v2.0/security-groups?tenant_id=de20da20d3d742f1a80ba0ca401165dd&name=default 0.311s
2025-11-28 18:33:23.055 66623 INFO tempest.lib.common.rest_client [req-2d34b024-2cea-43f5-b2ef-cf1b43d7f6d8 req-2d34b024-2cea-43f5-b2ef-cf1b43d7f6d8 ] Request (MigrationsAdminTest:test_list_migrations_in_flavor_resize_situation): 200 GET http://10.180.1.21/compute/v2.1/servers/0c5c9742-a48d-4721-8ca5-2ea76ae1725a 3.099s
2025-11-28 18:33:23.090 66617 INFO tempest.lib.common.rest_client [req-17f61ef9-86c6-43dd-8ccb-c238f9635bac req-17f61ef9-86c6-43dd-8ccb-c238f9635bac ] Request (ServerDiagnosticsTest:test_get_server_diagnostics): 200 GET http://10.180.1.21/compute/v2.1/servers/e18e8035-ecd4-47d6-9e0b-4689f94c7316 2.974s
2025-11-28 18:33:23.108 66617 INFO tempest.common.waiters [-] State transition "BUILD/None" ==> "BUILD/block_device_mapping" after 17 second wait
2025-11-28 18:33:23.118 66613 INFO tempest.lib.common.rest_client [req-1b1a9d7e-7ee4-40bd-a4df-d279d6661cea req-1b1a9d7e-7ee4-40bd-a4df-d279d6661cea ] Request (FlavorsAdminTestJSON:test_is_public_string_variations): 200 GET http://10.180.1.21/compute/v2.1/flavors/detail?is_public=f 2.851s
2025-11-28 18:33:23.138 66615 INFO tempest.lib.common.rest_client [req-60cf8d38-5404-43a6-895a-9a848b0a2fb7 req-60cf8d38-5404-43a6-895a-9a848b0a2fb7 ] Request (KeyPairsNegativeTestJSON:test_create_keypair_with_duplicate_name): 202 DELETE http://10.180.1.21/compute/v2.1/os-keypairs/tempest-keypair-1247216224 2.829s
2025-11-28 18:33:23.231 66639 INFO tempest.lib.common.rest_client [req-1150cb0f-430e-45a5-a9bf-e1f327194fda req-1150cb0f-430e-45a5-a9bf-e1f327194fda ] Request (ImagesDeleteNegativeTestJSON:tearDownClass): 204 DELETE http://10.180.1.21/networking/v2.0/security-groups/6f30d579-2020-4e08-9002-c242db5aec29 0.212s
2025-11-28 18:33:23.334 66639 INFO tempest.lib.common.rest_client [req-7f55be96-3596-4c58-ae6a-5beb929623ca req-7f55be96-3596-4c58-ae6a-5beb929623ca ] Request (ImagesDeleteNegativeTestJSON:tearDownClass): 204 DELETE http://10.180.1.21/identity/v3/projects/de20da20d3d742f1a80ba0ca401165dd 0.102s
2025-11-28 18:33:23.387 66607 INFO tempest.lib.common.rest_client [req-ebf85263-de91-489f-9d60-7cb30c843e71 req-ebf85263-de91-489f-9d60-7cb30c843e71 ] Request (ImagesOneServerNegativeTestJSON:tearDown): 200 GET http://10.180.1.21/compute/v2.1/servers/8d3e8729-3296-40fb-a80f-b41503d0c666 3.149s
2025-11-28 18:33:23.418 66639 INFO tempest.lib.common.rest_client [req-1d7e5189-6d93-4941-84aa-ffa084eafa7d req-1d7e5189-6d93-4941-84aa-ffa084eafa7d ] Request (ServersTestJSON:setUpClass): 201 POST http://10.180.1.21/identity/v3/auth/tokens 0.082s
2025-11-28 18:33:23.468 66639 INFO tempest.lib.common.rest_client [req-e9e25a1a-13c1-48ca-92aa-f13f17e06afe req-e9e25a1a-13c1-48ca-92aa-f13f17e06afe ] Request (ServersTestJSON:setUpClass): 201 POST http://10.180.1.21/identity/v3/auth/tokens 0.046s
2025-11-28 18:33:23.485 66595 INFO tempest.lib.common.rest_client [req-ee390be7-2f94-4850-81a7-0e8be91fcfbd req-ee390be7-2f94-4850-81a7-0e8be91fcfbd ] Request (DeleteServersTestJSON:test_delete_active_server): 200 GET http://10.180.1.21/compute/v2.1/servers/872d2d03-44fe-4710-b88f-538c58f0ad9f 2.838s
2025-11-28 18:33:23.517 66639 INFO tempest.lib.common.rest_client [req-a478d662-c436-47d6-9510-e5486f5c6e7e req-a478d662-c436-47d6-9510-e5486f5c6e7e ] Request (ServersTestJSON:setUpClass): 200 GET http://10.180.1.21/identity/v3/domains?name=Default 0.049s
2025-11-28 18:33:23.566 66639 INFO tempest.lib.common.rest_client [req-062b00b4-85e3-4413-8023-0ebc731ad915 req-062b00b4-85e3-4413-8023-0ebc731ad915 ] Request (ServersTestJSON:setUpClass): 201 POST http://10.180.1.21/identity/v3/projects 0.048s
2025-11-28 18:33:23.571 66641 INFO tempest.lib.common.rest_client [req-2c9db763-bfaa-42da-9829-8cd1d8f84990 req-2c9db763-bfaa-42da-9829-8cd1d8f84990 ] Request (DeleteServersAdminTestJSON:test_delete_server_while_in_error_state): 202 POST http://10.180.1.21/compute/v2.1/servers/401aef07-e32e-4816-a349-ec5bc47af3da/action 2.907s
2025-11-28 18:33:23.631 66589 INFO tempest.lib.common.rest_client [req-9743f767-a5fa-4f8e-bcec-96d04070819d req-9743f767-a5fa-4f8e-bcec-96d04070819d ] Request (HostsAdminTestJSON:test_list_hosts_with_a_blank_zone): 200 GET http://10.180.1.21/compute/v2.1/os-hosts?zone= 2.653s
2025-11-28 18:33:23.687 66639 INFO tempest.lib.common.rest_client [req-4a990185-fa5c-4f65-9dc4-cfc93f1035f2 req-4a990185-fa5c-4f65-9dc4-cfc93f1035f2 ] Request (ServersTestJSON:setUpClass): 201 POST http://10.180.1.21/identity/v3/users 0.120s
2025-11-28 18:33:23.724 66639 INFO tempest.lib.common.rest_client [req-59017b7f-8993-4fb0-8668-0c427d9b0a44 req-59017b7f-8993-4fb0-8668-0c427d9b0a44 ] Request (ServersTestJSON:setUpClass): 200 GET http://10.180.1.21/identity/v3/roles 0.035s
2025-11-28 18:33:23.763 66639 INFO tempest.lib.common.rest_client [req-9df39142-82be-45f0-b15a-dd98946f80b3 req-9df39142-82be-45f0-b15a-dd98946f80b3 ] Request (ServersTestJSON:setUpClass): 204 PUT http://10.180.1.21/identity/v3/projects/b9432fceed504754858286193c2fbd97/users/b159a5dd1b9648109aadc5e6ff543cb4/roles/f678b5a156b94d31b0ff3328a885c991 0.039s
2025-11-28 18:33:23.763 66639 INFO tempest.lib.common.dynamic_creds [-] Dynamic test user b159a5dd1b9648109aadc5e6ff543cb4 is created with scope project and roles: ['member']
2025-11-28 18:33:23.764 66639 INFO tempest.lib.common.dynamic_creds [-] Acquired dynamic creds: credentials: Credentials: {'domain_id': 'default', 'domain_name': 'Default', 'username': 'tempest-ServersTestJSON-161536510-project-member', 'project_domain_id': 'default', 'project_domain_name': 'Default', 'project_id': 'b9432fceed504754858286193c2fbd97', 'project_name': 'tempest-ServersTestJSON-161536510', 'tenant_id': 'b9432fceed504754858286193c2fbd97', 'tenant_name': 'tempest-ServersTestJSON-161536510', 'user_domain_id': 'default', 'user_domain_name': 'Default', 'user_id': 'b159a5dd1b9648109aadc5e6ff543cb4', 'system': None}, Network: None, Subnet: None, Router: None
2025-11-28 18:33:23.795 66645 INFO tempest.lib.common.rest_client [req-91ba448f-483e-4e44-97cf-c53b17f5ffd9 req-91ba448f-483e-4e44-97cf-c53b17f5ffd9 ] Request (ServersTestBootFromVolume:test_list_servers): 200 GET http://10.180.1.21/compute/v2.1/servers 2.424s
2025-11-28 18:33:23.846 66635 INFO tempest.lib.common.rest_client [req-c49842b1-89f3-410d-bcd8-a2edb8490223 req-c49842b1-89f3-410d-bcd8-a2edb8490223 ] Request (ServerAddressesTestJSON:setUpClass): 202 POST http://10.180.1.21/compute/v2.1/servers 3.310s
2025-11-28 18:33:23.864 66639 INFO tempest.lib.common.rest_client [req-4343120f-3e40-450d-a1f6-44038b4d8590 req-4343120f-3e40-450d-a1f6-44038b4d8590 ] Request (ServersTestJSON:setUpClass): 201 POST http://10.180.1.21/identity/v3/auth/tokens 0.100s
2025-11-28 18:33:24.340 66619 INFO tempest.lib.common.rest_client [req-6af79640-3aef-4c9c-9dd9-89dedb3837dc req-6af79640-3aef-4c9c-9dd9-89dedb3837dc ] Request (ServerTagsTestJSON:setUpClass): 200 GET http://10.180.1.21/compute/v2.1/servers/9fc76834-8c6d-44fe-b2d3-e6be86577d72 2.835s
2025-11-28 18:33:24.351 66639 INFO tempest.lib.common.rest_client [req-7a7fdbbf-49c1-4ec0-af28-336d15655c29 req-7a7fdbbf-49c1-4ec0-af28-336d15655c29 ] Request (ServersTestJSON:setUpClass): 201 POST http://10.180.1.21/networking/v2.0/networks 0.486s
2025-11-28 18:33:24.373 66631 INFO tempest.lib.common.rest_client [req-b229f3bc-2bd4-4c10-8784-1659e8dae338 req-b229f3bc-2bd4-4c10-8784-1659e8dae338 ] Request (ImagesTestJSON:test_create_image_from_stopped_server): 200 GET http://10.180.1.21/compute/v2.1/servers/87935225-374d-4c36-8e76-ab3a1b3b37e7 2.939s
2025-11-28 18:33:24.465 66609 INFO tempest.lib.common.rest_client [req-01581435-d97f-4010-9fa9-120ca0936c8f req-01581435-d97f-4010-9fa9-120ca0936c8f ] Request (FloatingIPsAssociationTestJSON:setUpClass): 200 GET http://10.180.1.21/compute/v2.1/servers/2c07c088-61fb-4cb4-8e46-64fd4cd745f6 2.844s
2025-11-28 18:33:24.523 66647 INFO tempest.lib.common.rest_client [req-73e6e494-fe33-410c-a7df-13acd7141ad6 req-73e6e494-fe33-410c-a7df-13acd7141ad6 ] Request (InstanceActionsNegativeTestJSON:tearDownClass): 200 GET http://10.180.1.21/compute/v2.1/servers/94147215-8ede-43e8-9d40-be48f3c9f26e 2.754s
2025-11-28 18:33:24.567 66639 INFO tempest.lib.common.rest_client [req-00c0d19b-fbb1-4a55-b3ed-11f4f342af25 req-00c0d19b-fbb1-4a55-b3ed-11f4f342af25 ] Request (ServersTestJSON:setUpClass): 201 POST http://10.180.1.21/networking/v2.0/subnets 0.216s
2025-11-28 18:33:24.641 66605 INFO tempest.lib.common.rest_client [req-18b0ceba-d358-47cf-9a9f-9560673ad4e7 req-18b0ceba-d358-47cf-9a9f-9560673ad4e7 ] Request (ServerRescueTestJSON:setUpClass): 200 GET http://10.180.1.21/compute/v2.1/servers/8ea8e2be-8671-44db-9b90-cd8172d7c831 2.708s
2025-11-28 18:33:24.760 66649 INFO tempest.lib.common.rest_client [req-72157640-08a6-4518-bb89-7a66cfced44e req-72157640-08a6-4518-bb89-7a66cfced44e ] Request (ServerRescueTestJSONUnderV235:setUpClass): 200 GET http://10.180.1.21/compute/v2.1/servers/906ef861-9b3e-4bcd-9ac9-b13c7ac92a40 2.844s
2025-11-28 18:33:24.770 66649 INFO tempest.common.waiters [-] State transition "BUILD/spawning" ==> "ACTIVE/None" after 29 second wait
2025-11-28 18:33:24.777 66651 INFO tempest.lib.common.rest_client [req-445ddd46-20d1-46fc-a9ba-321fe8eb8830 req-445ddd46-20d1-46fc-a9ba-321fe8eb8830 ] Request (ServersTestJSON:setUpClass): 200 GET http://10.180.1.21/compute/v2.1/servers/13e4ce1d-642e-4e39-bac4-98592fcdf089 2.673s
2025-11-28 18:33:24.787 66611 INFO tempest.lib.common.rest_client [req-bf3c6c6f-af5b-49cc-8137-f34f0b83d26d req-bf3c6c6f-af5b-49cc-8137-f34f0b83d26d ] Request (ListServersNegativeTestJSON:tearDownClass): 404 DELETE http://10.180.1.21/compute/v2.1/servers/f1cbb306-1ff8-48cc-a2e3-376174be8976 2.624s
2025-11-28 18:33:25.219 66597 INFO tempest.lib.common.rest_client [req-c51b1d82-eafa-4b9b-b8a8-c4716f5b6bfb req-c51b1d82-eafa-4b9b-b8a8-c4716f5b6bfb ] Request (ServersAdmin275Test:tearDownClass): 200 GET http://10.180.1.21/compute/v2.1/servers/7268c281-0f4a-4896-95c6-0be66caac2fe 3.023s
2025-11-28 18:33:25.312 66603 INFO tempest.lib.common.rest_client [req-7de8eaf0-8f14-49cc-8450-6979a3202f90 req-7de8eaf0-8f14-49cc-8450-6979a3202f90 ] Request (SecurityGroupsTestJSON:test_list_security_groups_by_server): 200 GET http://10.180.1.21/compute/v2.1/servers/06398dd2-b6a0-4796-b4c5-c01c8a144940 3.143s
2025-11-28 18:33:25.412 66643 INFO tempest.lib.common.rest_client [req-af55ebb7-c97a-4b85-8cda-c303f7b821e3 req-af55ebb7-c97a-4b85-8cda-c303f7b821e3 ] Request (ImagesNegativeTestJSON:test_create_image_from_deleted_server): 200 GET http://10.180.1.21/compute/v2.1/servers/ff5117cb-afa2-4039-9da7-a4996b604b92 3.035s
2025-11-28 18:33:25.442 66591 INFO tempest.lib.common.rest_client [req-f2b902c1-2928-40ba-a416-9f229ad6a6e9 req-f2b902c1-2928-40ba-a416-9f229ad6a6e9 ] Request (AttachInterfacesUnderV243Test:test_add_remove_fixed_ip): 200 GET http://10.180.1.21/compute/v2.1/servers/6e33cdfb-a412-4590-901f-a4c39c066709 3.081s
2025-11-28 18:33:25.457 66591 INFO tempest.common.waiters [-] State transition "BUILD/spawning" ==> "ACTIVE/None" after 32 second wait
2025-11-28 18:33:25.810 66629 INFO tempest.lib.common.rest_client [req-4c8a1e67-bdfd-47c0-a0a0-ebf4eac4345e req-4c8a1e67-bdfd-47c0-a0a0-ebf4eac4345e ] Request (AggregatesAdminNegativeTestJSON:test_aggregate_remove_host_as_user): 200 POST http://10.180.1.21/compute/v2.1/os-aggregates/7/action 3.397s
2025-11-28 18:33:25.890 66639 INFO tempest.lib.common.rest_client [req-9aa98e4e-ea10-442d-9d1f-589ffe575382 req-9aa98e4e-ea10-442d-9d1f-589ffe575382 ] Request (ServersTestJSON:setUpClass): 201 POST http://10.180.1.21/networking/v2.0/routers 1.322s
2025-11-28 18:33:26.227 66599 INFO tempest.lib.common.rest_client [req-b4108c8a-9765-4dfd-ae94-6698e86be8ae req-b4108c8a-9765-4dfd-ae94-6698e86be8ae ] Request (SecurityGroupRulesTestJSON:tearDownClass): 202 DELETE http://10.180.1.21/compute/v2.1/os-security-groups/4cd5dd51-68fe-40eb-aeac-b61adb8aded0 3.646s
2025-11-28 18:33:26.240 66633 INFO tempest.lib.common.rest_client [req-d256eec5-adfd-45a7-88fb-07528707a680 req-d256eec5-adfd-45a7-88fb-07528707a680 ] Request (KeyPairsV22TestJSON:test_keypairsv22_create_list_show_with_type): 200 GET http://10.180.1.21/compute/v2.1/os-keypairs 3.618s
2025-11-28 18:33:26.862 66639 INFO tempest.lib.common.rest_client [req-7fe8160a-21fd-448d-95bc-7de60f03c38e req-7fe8160a-21fd-448d-95bc-7de60f03c38e ] Request (ServersTestJSON:setUpClass): 200 PUT http://10.180.1.21/networking/v2.0/routers/98af4517-972e-474e-be09-aa2569adcbe8/add_router_interface 0.971s
2025-11-28 18:33:26.862 66639 INFO tempest.lib.common.dynamic_creds [-] Created isolated network resources for: credentials: Credentials: {'domain_id': 'default', 'domain_name': 'Default', 'username': 'tempest-ServersTestJSON-161536510-project-member', 'project_domain_id': 'default', 'project_domain_name': 'Default', 'project_id': 'b9432fceed504754858286193c2fbd97', 'project_name': 'tempest-ServersTestJSON-161536510', 'tenant_id': 'b9432fceed504754858286193c2fbd97', 'tenant_name': 'tempest-ServersTestJSON-161536510', 'user_domain_id': 'default', 'user_domain_name': 'Default', 'user_id': 'b159a5dd1b9648109aadc5e6ff543cb4', 'system': None}, Network: {'id': '309ec6c9-0155-4b5c-99c3-2c222d65c769', 'name': 'tempest-ServersTestJSON-341580466-network', 'tenant_id': 'b9432fceed504754858286193c2fbd97', 'project_id': 'b9432fceed504754858286193c2fbd97', 'admin_state_up': True, 'mtu': 8950, 'status': 'ACTIVE', 'subnets': [], 'shared': False, 'port_security_enabled': True, 'router:external': False, 'provider:network_type': 'vlan', 'provider:physical_network': 'default', 'provider:segmentation_id': 851, 'availability_zone_hints': [], 'availability_zones': [], 'ipv4_address_scope': None, 'ipv6_address_scope': None, 'description': '', 'tags': [], 'created_at': '2025-11-28T18:33:24Z', 'updated_at': '2025-11-28T18:33:24Z', 'revision_number': 1}, Subnet: {'id': '1b1a33f9-90a3-4ee5-9043-eeab710e964f', 'name': 'tempest-ServersTestJSON-341580466-subnet', 'tenant_id': 'b9432fceed504754858286193c2fbd97', 'network_id': '309ec6c9-0155-4b5c-99c3-2c222d65c769', 'ip_version': 4, 'subnetpool_id': None, 'enable_dhcp': True, 'ipv6_ra_mode': None, 'ipv6_address_mode': None, 'gateway_ip': '192.168.128.1', 'cidr': '192.168.128.0/28', 'allocation_pools': [{'start': '192.168.128.2', 'end': '192.168.128.14'}], 'host_routes': [], 'dns_nameservers': [], 'description': '', 'router:external': False, 'service_types': [], 'tags': [], 'created_at': '2025-11-28T18:33:24Z', 'updated_at': '2025-11-28T18:33:24Z', 'revision_number': 0, 'project_id': 'b9432fceed504754858286193c2fbd97'}, Router: {'id': '98af4517-972e-474e-be09-aa2569adcbe8', 'name': 'tempest-ServersTestJSON-341580466-router', 'tenant_id': 'b9432fceed504754858286193c2fbd97', 'admin_state_up': True, 'status': 'ACTIVE', 'external_gateway_info': {'network_id': '992866d4-49e7-4c13-a122-a87e5fd8a52a', 'external_fixed_ips': [{'subnet_id': '70828788-ab19-4b1e-a7b8-b76d12211874', 'ip_address': '10.180.180.215'}], 'enable_snat': True}, 'description': '', 'availability_zones': [], 'distributed': False, 'ha': False, 'availability_zone_hints': [], 'routes': [], 'flavor_id': None, 'tags': [], 'created_at': '2025-11-28T18:33:24Z', 'updated_at': '2025-11-28T18:33:25Z', 'revision_number': 2, 'project_id': 'b9432fceed504754858286193c2fbd97'}
2025-11-28 18:33:26.920 66593 INFO tempest.lib.common.rest_client [req-71283c1f-7e26-4b15-89b3-3f6f11ad36e4 req-71283c1f-7e26-4b15-89b3-3f6f11ad36e4 ] Request (FloatingIPsAssociationNegativeTestJSON:test_associate_ip_to_server_with_floating_ip): 200 POST http://10.180.1.21/compute/v2.1/os-floating-ips 4.542s
2025-11-28 18:33:26.957 66621 INFO tempest.lib.common.rest_client [req-a122b7ae-9174-4d45-a442-a3008574905e req-a122b7ae-9174-4d45-a442-a3008574905e ] Request (ServersV294TestFqdnHostnames:tearDownClass): 200 GET http://10.180.1.21/compute/v2.1/servers/1015b363-9a81-4484-bbab-855aeee84696 3.955s
2025-11-28 18:33:26.968 66621 INFO tempest.common.waiters [-] State transition "ACTIVE/deleting" ==> "DELETED/None" after 4 second wait
2025-11-28 18:33:26.987 66613 INFO tempest.lib.common.rest_client [req-518d4f1d-f0a0-45bb-a872-7a15f2cbd428 req-518d4f1d-f0a0-45bb-a872-7a15f2cbd428 ] Request (FlavorsAdminTestJSON:test_is_public_string_variations): 200 GET http://10.180.1.21/compute/v2.1/flavors/detail?is_public=false 3.865s
2025-11-28 18:33:26.994 66615 INFO tempest.lib.common.rest_client [req-eb45809a-6733-4215-ac40-118d94aeca0a req-eb45809a-6733-4215-ac40-118d94aeca0a ] Request (KeyPairsNegativeTestJSON:test_create_keypair_with_empty_name_string): 400 POST http://10.180.1.21/compute/v2.1/os-keypairs 3.850s
2025-11-28 18:33:27.017 66639 INFO tempest.lib.common.rest_client [req-28caa6c1-ed0b-4dbc-b5f6-a6b0e0ef0d3a req-28caa6c1-ed0b-4dbc-b5f6-a6b0e0ef0d3a ] Request (ServersTestJSON:setUpClass): 201 POST http://10.180.1.21/identity/v3/auth/tokens 0.150s
2025-11-28 18:33:27.040 66601 INFO tempest.lib.common.rest_client [req-78975954-7296-47c4-beb0-a84296028b63 req-78975954-7296-47c4-beb0-a84296028b63 ] Request (ServerShowV254Test:test_rebuild_server): 200 GET http://10.180.1.21/compute/v2.1/servers/2620a83a-4bdd-4c33-8142-f786f998ff3b 3.927s
2025-11-28 18:33:27.042 66639 INFO tempest.lib.common.rest_client [req-1799e20b-1ad1-45cc-9b0d-c7f68c04f436 req-1799e20b-1ad1-45cc-9b0d-c7f68c04f436 ] Request (ServersTestJSON:setUpClass): 200 GET http://10.180.1.21/identity/v3/projects/b9432fceed504754858286193c2fbd97 0.024s
2025-11-28 18:33:27.043 66639 INFO tempest.lib.common.dynamic_creds [-] Using the existing project b9432fceed504754858286193c2fbd97 for scope project and roles: ['reader']
2025-11-28 18:33:27.090 66639 INFO tempest.lib.common.rest_client [req-707dc431-c78a-48d4-9741-10fee7e7c0d9 req-707dc431-c78a-48d4-9741-10fee7e7c0d9 ] Request (ServersTestJSON:setUpClass): 201 POST http://10.180.1.21/identity/v3/users 0.046s
2025-11-28 18:33:27.113 66599 INFO tempest.lib.common.rest_client [req-728e907f-adf2-4f46-b373-ef9b5053189f req-728e907f-adf2-4f46-b373-ef9b5053189f ] Request (SecurityGroupRulesTestJSON:tearDownClass): 200 PUT http://10.180.1.21/networking/v2.0/routers/6fb24edf-a72d-4f50-a8b0-4679f55fdd14/remove_router_interface 0.886s
2025-11-28 18:33:27.125 66639 INFO tempest.lib.common.rest_client [req-6eacd115-df07-473e-8847-37d2663faa3d req-6eacd115-df07-473e-8847-37d2663faa3d ] Request (ServersTestJSON:setUpClass): 200 GET http://10.180.1.21/identity/v3/roles 0.035s
2025-11-28 18:33:27.162 66639 INFO tempest.lib.common.rest_client [req-77607d8a-b738-4db6-a495-6d27242278be req-77607d8a-b738-4db6-a495-6d27242278be ] Request (ServersTestJSON:setUpClass): 204 PUT http://10.180.1.21/identity/v3/projects/b9432fceed504754858286193c2fbd97/users/91ed21b10ced4a728f791b5ce413b5ff/roles/d0413f1d96b745948b6b513037d4b71c 0.037s
2025-11-28 18:33:27.163 66639 INFO tempest.lib.common.dynamic_creds [-] Dynamic test user 91ed21b10ced4a728f791b5ce413b5ff is created with scope project and roles: ['reader']
2025-11-28 18:33:27.163 66639 INFO tempest.lib.common.dynamic_creds [-] Acquired dynamic creds: credentials: Credentials: {'domain_id': 'default', 'domain_name': 'Default', 'username': 'tempest-ServersTestJSON-161536510-project-reader', 'project_domain_id': 'default', 'project_domain_name': 'Default', 'project_id': 'b9432fceed504754858286193c2fbd97', 'project_name': 'tempest-ServersTestJSON-161536510', 'tenant_id': 'b9432fceed504754858286193c2fbd97', 'tenant_name': 'tempest-ServersTestJSON-161536510', 'user_domain_id': 'default', 'user_domain_name': 'Default', 'user_id': '91ed21b10ced4a728f791b5ce413b5ff', 'system': None}, Network: None, Subnet: None, Router: None
2025-11-28 18:33:27.163 66639 INFO tempest.lib.common.dynamic_creds [-] Network resources are not created for requested scope: project and credentials: Credentials: {'domain_id': 'default', 'domain_name': 'Default', 'username': 'tempest-ServersTestJSON-161536510-project-reader', 'project_domain_id': 'default', 'project_domain_name': 'Default', 'project_id': 'b9432fceed504754858286193c2fbd97', 'project_name': 'tempest-ServersTestJSON-161536510', 'tenant_id': 'b9432fceed504754858286193c2fbd97', 'tenant_name': 'tempest-ServersTestJSON-161536510', 'user_domain_id': 'default', 'user_domain_name': 'Default', 'user_id': '91ed21b10ced4a728f791b5ce413b5ff', 'system': None}, Network: None, Subnet: None, Router: None
2025-11-28 18:33:27.265 66639 INFO tempest.lib.common.rest_client [req-0a2a4533-2371-49f4-9243-25a7ac3f5704 req-0a2a4533-2371-49f4-9243-25a7ac3f5704 ] Request (ServersTestJSON:setUpClass): 201 POST http://10.180.1.21/identity/v3/auth/tokens 0.098s
2025-11-28 18:33:27.341 66639 INFO tempest.lib.common.rest_client [req-76ca86a1-35cf-4b98-9c16-5f0c636bd49c req-76ca86a1-35cf-4b98-9c16-5f0c636bd49c ] Request (ServersTestJSON:test_create_server_specify_multibyte_character_name): 201 POST http://10.180.1.21/identity/v3/auth/tokens 0.070s
2025-11-28 18:33:27.341 66639 INFO tempest.lib.common.fixed_network [-] (ServersTestJSON:test_create_server_specify_multibyte_character_name) Found network {'id': '309ec6c9-0155-4b5c-99c3-2c222d65c769', 'name': 'tempest-ServersTestJSON-341580466-network', 'tenant_id': 'b9432fceed504754858286193c2fbd97', 'project_id': 'b9432fceed504754858286193c2fbd97', 'admin_state_up': True, 'mtu': 8950, 'status': 'ACTIVE', 'subnets': [], 'shared': False, 'port_security_enabled': True, 'router:external': False, 'provider:network_type': 'vlan', 'provider:physical_network': 'default', 'provider:segmentation_id': 851, 'availability_zone_hints': [], 'availability_zones': [], 'ipv4_address_scope': None, 'ipv6_address_scope': None, 'description': '', 'tags': [], 'created_at': '2025-11-28T18:33:24Z', 'updated_at': '2025-11-28T18:33:24Z', 'revision_number': 1} available for tenant
2025-11-28 18:33:27.442 66637 INFO tempest.lib.common.rest_client [req-c6bcfa5b-c7b1-47b2-8cb2-f6ffbdccb4bf req-c6bcfa5b-c7b1-47b2-8cb2-f6ffbdccb4bf ] Request (ServersAdminTestJSON:test_create_server_with_scheduling_hint): 200 GET http://10.180.1.21/compute/v2.1/servers/6f64fd0c-7ee5-4dfe-8495-47b60a6a6cca 4.153s
2025-11-28 18:33:27.468 66641 INFO tempest.lib.common.rest_client [req-f096d55a-9c94-4e5e-a02f-ad51b384bc49 req-f096d55a-9c94-4e5e-a02f-ad51b384bc49 ] Request (DeleteServersAdminTestJSON:test_delete_server_while_in_error_state): 200 GET http://10.180.1.21/compute/v2.1/servers/401aef07-e32e-4816-a349-ec5bc47af3da 3.896s
2025-11-28 18:33:27.504 66589 INFO tempest.lib.common.rest_client [req-203debd9-1d8a-4370-a800-8b61bb6d2e56 req-203debd9-1d8a-4370-a800-8b61bb6d2e56 ] Request (HostsAdminTestJSON:test_list_hosts_with_nonexistent_zone): 200 GET http://10.180.1.21/compute/v2.1/os-hosts?zone=xxx 3.869s
2025-11-28 18:33:27.643 66599 INFO tempest.lib.common.rest_client [req-15c93084-1804-46b0-83a5-f88802c43f04 req-15c93084-1804-46b0-83a5-f88802c43f04 ] Request (SecurityGroupRulesTestJSON:tearDownClass): 204 DELETE http://10.180.1.21/networking/v2.0/routers/6fb24edf-a72d-4f50-a8b0-4679f55fdd14 0.529s
2025-11-28 18:33:27.903 66599 INFO tempest.lib.common.rest_client [req-4aa9cdc7-16a2-456b-890c-c9c8fb31d1c5 req-4aa9cdc7-16a2-456b-890c-c9c8fb31d1c5 ] Request (SecurityGroupRulesTestJSON:tearDownClass): 204 DELETE http://10.180.1.21/networking/v2.0/subnets/b2df89eb-9759-4360-9280-d68a83b6e37e 0.259s
2025-11-28 18:33:27.971 66625 INFO tempest.lib.common.rest_client [req-da4df661-5d3f-4f8d-9fae-c17053b8b47e req-da4df661-5d3f-4f8d-9fae-c17053b8b47e ] Request (ServerShowV247Test:tearDownClass): 200 GET http://10.180.1.21/compute/v2.1/servers/ea62e880-ec32-4df9-bc16-e2e9ce448c62 4.354s
2025-11-28 18:33:27.993 66645 INFO tempest.lib.common.rest_client [req-b6764914-bd8a-4ee6-83d1-e0db5619677b req-b6764914-bd8a-4ee6-83d1-e0db5619677b ] Request (ServersTestBootFromVolume:test_list_servers_with_detail): 200 GET http://10.180.1.21/compute/v2.1/servers/detail 4.193s
2025-11-28 18:33:28.232 66599 INFO tempest.lib.common.rest_client [req-512b6ea0-4db5-465f-8053-c77c3bfa53d7 req-512b6ea0-4db5-465f-8053-c77c3bfa53d7 ] Request (SecurityGroupRulesTestJSON:tearDownClass): 204 DELETE http://10.180.1.21/networking/v2.0/networks/c15c42e9-ef64-4cb1-8b53-a7f216413449 0.327s
2025-11-28 18:33:28.255 66635 INFO tempest.lib.common.rest_client [req-3cce5b23-fa0b-4880-a7d0-e7871cc1384a req-3cce5b23-fa0b-4880-a7d0-e7871cc1384a ] Request (ServerAddressesTestJSON:setUpClass): 200 GET http://10.180.1.21/compute/v2.1/servers/f4034ff0-56b8-4906-875f-39f15b07c238 4.407s
2025-11-28 18:33:28.390 66599 INFO tempest.lib.common.rest_client [req-ee6251e3-4f55-4194-9b62-e6267f3f459b req-ee6251e3-4f55-4194-9b62-e6267f3f459b ] Request (SecurityGroupRulesTestJSON:tearDownClass): 204 DELETE http://10.180.1.21/identity/v3/users/aa2827052e1348f48f8154aa541667bf 0.158s
2025-11-28 18:33:28.391 66599 INFO tempest.lib.common.dynamic_creds [-] Deleting project and security group for project: 2de91818888b4a42aaacc3922bcd61f4
2025-11-28 18:33:28.427 66623 INFO tempest.lib.common.rest_client [req-b157c240-c57f-4bd0-83f7-97dd7d55a6d1 req-b157c240-c57f-4bd0-83f7-97dd7d55a6d1 ] Request (MigrationsAdminTest:test_list_migrations_in_flavor_resize_situation): 200 GET http://10.180.1.21/compute/v2.1/servers/0c5c9742-a48d-4721-8ca5-2ea76ae1725a 4.361s
2025-11-28 18:33:28.454 66617 INFO tempest.lib.common.rest_client [req-82b277b8-4d1b-466f-bb9a-c7e8b63fc086 req-82b277b8-4d1b-466f-bb9a-c7e8b63fc086 ] Request (ServerDiagnosticsTest:test_get_server_diagnostics): 200 GET http://10.180.1.21/compute/v2.1/servers/e18e8035-ecd4-47d6-9e0b-4689f94c7316 4.344s
2025-11-28 18:33:28.463 66617 INFO tempest.common.waiters [-] State transition "BUILD/block_device_mapping" ==> "BUILD/spawning" after 22 second wait
2025-11-28 18:33:28.473 66599 INFO tempest.lib.common.rest_client [req-c4582e36-5b5d-4f93-a507-1d2e8e925c39 req-c4582e36-5b5d-4f93-a507-1d2e8e925c39 ] Request (SecurityGroupRulesTestJSON:tearDownClass): 200 GET http://10.180.1.21/networking/v2.0/security-groups?tenant_id=2de91818888b4a42aaacc3922bcd61f4&name=default 0.082s
2025-11-28 18:33:28.578 66599 INFO tempest.lib.common.rest_client [req-657969d4-4bcf-4d9e-9f80-64235d77659f req-657969d4-4bcf-4d9e-9f80-64235d77659f ] Request (SecurityGroupRulesTestJSON:tearDownClass): 204 DELETE http://10.180.1.21/networking/v2.0/security-groups/67e0985f-4169-4be9-8277-598a2c878ca8 0.103s
2025-11-28 18:33:28.678 66607 INFO tempest.lib.common.rest_client [req-dea85538-172c-4a5b-bdda-8a10434e002b req-dea85538-172c-4a5b-bdda-8a10434e002b ] Request (ImagesOneServerNegativeTestJSON:tearDown): 200 GET http://10.180.1.21/compute/v2.1/servers/8d3e8729-3296-40fb-a80f-b41503d0c666 4.278s
2025-11-28 18:33:28.680 66599 INFO tempest.lib.common.rest_client [req-b390b983-198c-4f28-a2a9-4ccd9556bb11 req-b390b983-198c-4f28-a2a9-4ccd9556bb11 ] Request (SecurityGroupRulesTestJSON:tearDownClass): 204 DELETE http://10.180.1.21/identity/v3/projects/2de91818888b4a42aaacc3922bcd61f4 0.102s
2025-11-28 18:33:28.681 66599 INFO tempest.test [-] raised in NoVNCConsoleTestJSON.setUpClass. Invoking tearDownClass.
2025-11-28 18:33:28.699 66595 INFO tempest.lib.common.rest_client [req-442c3853-c1ec-48f5-9d5b-8e8a76e92dbe req-442c3853-c1ec-48f5-9d5b-8e8a76e92dbe ] Request (DeleteServersTestJSON:test_delete_active_server): 404 GET http://10.180.1.21/compute/v2.1/servers/872d2d03-44fe-4710-b88f-538c58f0ad9f 4.203s
2025-11-28 18:33:28.752 66599 INFO tempest.lib.common.rest_client [req-2dd2eaa8-345f-4518-b0db-b95bafa5b538 req-2dd2eaa8-345f-4518-b0db-b95bafa5b538 ] Request (TestVersions:setUpClass): 201 POST http://10.180.1.21/identity/v3/auth/tokens 0.069s
2025-11-28 18:33:28.805 66649 INFO tempest.lib.common.rest_client [req-90bf2c49-fcfd-4ae6-8d16-08e81141a596 req-90bf2c49-fcfd-4ae6-8d16-08e81141a596 ] Request (ServerRescueTestJSONUnderV235:setUpClass): 200 POST http://10.180.1.21/compute/v2.1/servers/906ef861-9b3e-4bcd-9ac9-b13c7ac92a40/action 4.034s
2025-11-28 18:33:28.816 66595 INFO tempest.lib.common.rest_client [req-b897cca0-7ef2-473c-9d6c-65f12617c4be req-b897cca0-7ef2-473c-9d6c-65f12617c4be ] Request (DeleteServersTestJSON:test_delete_server_while_in_attached_volume): 201 POST http://10.180.1.21/identity/v3/auth/tokens 0.108s
2025-11-28 18:33:28.817 66595 INFO tempest.lib.common.fixed_network [-] (DeleteServersTestJSON:test_delete_server_while_in_attached_volume) Found network {'id': 'ff6704d5-4b72-4d59-b54d-416105d39b74', 'name': 'tempest-DeleteServersTestJSON-1940442196-network', 'tenant_id': 'ee249edecc954ab59d77442597b6cb72', 'project_id': 'ee249edecc954ab59d77442597b6cb72', 'admin_state_up': True, 'mtu': 8950, 'status': 'ACTIVE', 'subnets': [], 'shared': False, 'port_security_enabled': True, 'router:external': False, 'provider:network_type': 'vlan', 'provider:physical_network': 'default', 'provider:segmentation_id': 620, 'availability_zone_hints': [], 'availability_zones': [], 'ipv4_address_scope': None, 'ipv6_address_scope': None, 'description': '', 'tags': [], 'created_at': '2025-11-28T18:32:21Z', 'updated_at': '2025-11-28T18:32:21Z', 'revision_number': 1} available for tenant
2025-11-28 18:33:28.828 66599 INFO tempest.lib.common.rest_client [req-e1580f80-96f2-489b-9fcb-a754be165cdd req-e1580f80-96f2-489b-9fcb-a754be165cdd ] Request (TestVersions:setUpClass): 201 POST http://10.180.1.21/identity/v3/auth/tokens 0.071s
2025-11-28 18:33:28.858 66599 INFO tempest.lib.common.rest_client [req-dcec368f-97f8-4513-aa0c-3b2639e97472 req-dcec368f-97f8-4513-aa0c-3b2639e97472 ] Request (TestVersions:setUpClass): 200 GET http://10.180.1.21/identity/v3/domains?name=Default 0.029s
2025-11-28 18:33:28.922 66611 INFO tempest.lib.common.rest_client [req-9aa2fb63-dd2b-4e26-8b11-d16e40af0f2f req-9aa2fb63-dd2b-4e26-8b11-d16e40af0f2f ] Request (ListServersNegativeTestJSON:tearDownClass): 204 DELETE http://10.180.1.21/compute/v2.1/servers/e5bc36de-e829-45e3-89d2-7b2e4060b9cb 4.135s
2025-11-28 18:33:28.925 66599 INFO tempest.lib.common.rest_client [req-81267fc7-aecc-44e5-8a51-2afd48015172 req-81267fc7-aecc-44e5-8a51-2afd48015172 ] Request (TestVersions:setUpClass): 201 POST http://10.180.1.21/identity/v3/projects 0.067s
2025-11-28 18:33:29.042 66599 INFO tempest.lib.common.rest_client [req-10e20012-af36-4360-a2e1-79bfb49ee086 req-10e20012-af36-4360-a2e1-79bfb49ee086 ] Request (TestVersions:setUpClass): 201 POST http://10.180.1.21/identity/v3/users 0.116s
2025-11-28 18:33:29.067 66599 INFO tempest.lib.common.rest_client [req-51f76490-3ab1-4cff-b9e3-aacdb5c0a940 req-51f76490-3ab1-4cff-b9e3-aacdb5c0a940 ] Request (TestVersions:setUpClass): 200 GET http://10.180.1.21/identity/v3/roles 0.025s
2025-11-28 18:33:29.072 66631 INFO tempest.lib.common.rest_client [req-6d823e89-efad-45bf-95f5-2d2e337b7ba1 req-6d823e89-efad-45bf-95f5-2d2e337b7ba1 ] Request (ImagesTestJSON:test_create_image_from_stopped_server): 202 POST http://10.180.1.21/compute/v2.1/servers/87935225-374d-4c36-8e76-ab3a1b3b37e7/action 4.690s
2025-11-28 18:33:29.121 66599 INFO tempest.lib.common.rest_client [req-215f54ec-5292-4b37-9835-6923aba0d52e req-215f54ec-5292-4b37-9835-6923aba0d52e ] Request (TestVersions:setUpClass): 204 PUT http://10.180.1.21/identity/v3/projects/cb0b69c76d98453694d4de66db5503ae/users/4a83673c6eb84d2abe73354f848ffad3/roles/f678b5a156b94d31b0ff3328a885c991 0.053s
2025-11-28 18:33:29.122 66599 INFO tempest.lib.common.dynamic_creds [-] Dynamic test user 4a83673c6eb84d2abe73354f848ffad3 is created with scope project and roles: ['member']
2025-11-28 18:33:29.123 66599 INFO tempest.lib.common.dynamic_creds [-] Acquired dynamic creds: credentials: Credentials: {'domain_id': 'default', 'domain_name': 'Default', 'username': 'tempest-TestVersions-1536298224-project-member', 'project_domain_id': 'default', 'project_domain_name': 'Default', 'project_id': 'cb0b69c76d98453694d4de66db5503ae', 'project_name': 'tempest-TestVersions-1536298224', 'tenant_id': 'cb0b69c76d98453694d4de66db5503ae', 'tenant_name': 'tempest-TestVersions-1536298224', 'user_domain_id': 'default', 'user_domain_name': 'Default', 'user_id': '4a83673c6eb84d2abe73354f848ffad3', 'system': None}, Network: None, Subnet: None, Router: None
2025-11-28 18:33:29.123 66599 INFO tempest.lib.common.dynamic_creds [-] Created isolated network resources for: credentials: Credentials: {'domain_id': 'default', 'domain_name': 'Default', 'username': 'tempest-TestVersions-1536298224-project-member', 'project_domain_id': 'default', 'project_domain_name': 'Default', 'project_id': 'cb0b69c76d98453694d4de66db5503ae', 'project_name': 'tempest-TestVersions-1536298224', 'tenant_id': 'cb0b69c76d98453694d4de66db5503ae', 'tenant_name': 'tempest-TestVersions-1536298224', 'user_domain_id': 'default', 'user_domain_name': 'Default', 'user_id': '4a83673c6eb84d2abe73354f848ffad3', 'system': None}, Network: None, Subnet: None, Router: None
2025-11-28 18:33:29.143 66619 INFO tempest.lib.common.rest_client [req-176847c8-0015-4874-bb35-b17362fb7cd1 req-176847c8-0015-4874-bb35-b17362fb7cd1 ] Request (ServerTagsTestJSON:setUpClass): 200 GET http://10.180.1.21/compute/v2.1/servers/9fc76834-8c6d-44fe-b2d3-e6be86577d72 3.793s
2025-11-28 18:33:29.151 66619 INFO tempest.common.waiters [-] State transition "BUILD/None" ==> "BUILD/spawning" after 18 second wait
2025-11-28 18:33:29.182 66591 INFO tempest.lib.common.rest_client [req-3483280a-9585-41b7-bfb1-85133d23c0f3 req-3483280a-9585-41b7-bfb1-85133d23c0f3 ] Request (AttachInterfacesUnderV243Test:test_add_remove_fixed_ip): 200 GET http://10.180.1.21/compute/v2.1/servers/6e33cdfb-a412-4590-901f-a4c39c066709/os-interface 3.724s
2025-11-28 18:33:29.210 66609 INFO tempest.lib.common.rest_client [req-fc9387a0-86fc-40c6-af90-148aee8491e5 req-fc9387a0-86fc-40c6-af90-148aee8491e5 ] Request (FloatingIPsAssociationTestJSON:setUpClass): 200 GET http://10.180.1.21/compute/v2.1/servers/2c07c088-61fb-4cb4-8e46-64fd4cd745f6 3.731s
2025-11-28 18:33:29.232 66599 INFO tempest.lib.common.rest_client [req-8407e6b0-dc77-4ad0-a77f-77c615b380f0 req-8407e6b0-dc77-4ad0-a77f-77c615b380f0 ] Request (TestVersions:setUpClass): 201 POST http://10.180.1.21/identity/v3/auth/tokens 0.102s
2025-11-28 18:33:29.270 66647 INFO tempest.lib.common.rest_client [req-698bf325-2391-4ddb-9a46-2caa1ebe4370 req-698bf325-2391-4ddb-9a46-2caa1ebe4370 ] Request (InstanceActionsNegativeTestJSON:tearDownClass): 200 GET http://10.180.1.21/compute/v2.1/servers/94147215-8ede-43e8-9d40-be48f3c9f26e 3.733s
2025-11-28 18:33:29.322 66605 INFO tempest.lib.common.rest_client [req-7e5a0678-2248-4edc-8c0b-cf8951890a2f req-7e5a0678-2248-4edc-8c0b-cf8951890a2f ] Request (ServerRescueTestJSON:setUpClass): 200 GET http://10.180.1.21/compute/v2.1/servers/8ea8e2be-8671-44db-9b90-cd8172d7c831 3.672s
2025-11-28 18:33:29.328 66629 INFO tempest.lib.common.rest_client [req-9860d6ca-54cd-4521-b7b8-c7546935a378 req-9860d6ca-54cd-4521-b7b8-c7546935a378 ] Request (AggregatesAdminNegativeTestJSON:test_aggregate_remove_host_as_user): 403 POST http://10.180.1.21/compute/v2.1/os-aggregates/7/action 3.516s
2025-11-28 18:33:29.379 66651 INFO tempest.lib.common.rest_client [req-3fb0d8b7-91d5-40e5-bbcc-0df4757d073f req-3fb0d8b7-91d5-40e5-bbcc-0df4757d073f ] Request (ServersTestJSON:setUpClass): 200 GET http://10.180.1.21/compute/v2.1/servers/13e4ce1d-642e-4e39-bac4-98592fcdf089 3.591s
2025-11-28 18:33:29.404 66633 INFO tempest.lib.common.rest_client [req-8350a61f-79b9-4a5b-94ed-677a880d40bc req-8350a61f-79b9-4a5b-94ed-677a880d40bc ] Request (KeyPairsV22TestJSON:_run_cleanups): 204 DELETE http://10.180.1.21/compute/v2.1/os-keypairs/tempest-keypair-2066543786 3.163s
2025-11-28 18:33:29.421 66597 INFO tempest.lib.common.rest_client [req-4d427828-58cd-4118-86a0-86b585629bff req-4d427828-58cd-4118-86a0-86b585629bff ] Request (ServersAdmin275Test:tearDownClass): 200 GET http://10.180.1.21/compute/v2.1/servers/7268c281-0f4a-4896-95c6-0be66caac2fe 3.190s
2025-11-28 18:33:29.515 66643 INFO tempest.lib.common.rest_client [req-f80d3ba1-6ebd-44d2-8f08-90d576ece488 req-f80d3ba1-6ebd-44d2-8f08-90d576ece488 ] Request (ImagesNegativeTestJSON:test_create_image_from_deleted_server): 200 GET http://10.180.1.21/compute/v2.1/servers/ff5117cb-afa2-4039-9da7-a4996b604b92 3.086s
2025-11-28 18:33:29.527 66643 INFO tempest.common.waiters [-] State transition "ACTIVE/deleting" ==> "DELETED/None" after 4 second wait
2025-11-28 18:33:29.552 66603 INFO tempest.lib.common.rest_client [req-0a5dc192-5a55-494a-9d6f-8f0e1326d732 req-0a5dc192-5a55-494a-9d6f-8f0e1326d732 ] Request (SecurityGroupsTestJSON:test_list_security_groups_by_server): 200 GET http://10.180.1.21/compute/v2.1/servers/06398dd2-b6a0-4796-b4c5-c01c8a144940 3.230s
2025-11-28 18:33:29.563 66603 INFO tempest.common.waiters [-] State transition "BUILD/spawning" ==> "ACTIVE/None" after 34 second wait
2025-11-28 18:33:29.578 66613 INFO tempest.lib.common.rest_client [req-6ee4b720-fddf-4416-a33a-f72cd353e5b6 req-6ee4b720-fddf-4416-a33a-f72cd353e5b6 ] Request (FlavorsAdminTestJSON:test_is_public_string_variations): 200 GET http://10.180.1.21/compute/v2.1/flavors/detail?is_public=no 2.586s
2025-11-28 18:33:29.610 66633 INFO tempest.lib.common.rest_client [req-2c777291-8382-4223-a900-01a0e55e1987 req-2c777291-8382-4223-a900-01a0e55e1987 ] Request (KeyPairsV22TestJSON:tearDownClass): 204 DELETE http://10.180.1.21/identity/v3/users/4aadfbe8c9ad41479f965614c3c844b1 0.202s
2025-11-28 18:33:29.611 66633 INFO tempest.lib.common.dynamic_creds [-] Deleting project and security group for project: b60d2335e71740499f604083949fa88f
2025-11-28 18:33:29.627 66615 INFO tempest.lib.common.rest_client [req-8769d2c1-234e-4932-83f1-019ecf775552 req-8769d2c1-234e-4932-83f1-019ecf775552 ] Request (KeyPairsNegativeTestJSON:test_create_keypair_with_empty_public_key): 400 POST http://10.180.1.21/compute/v2.1/os-keypairs 2.629s
2025-11-28 18:33:29.706 66633 INFO tempest.lib.common.rest_client [req-aedb1722-acf5-451b-b9c9-07650b370172 req-aedb1722-acf5-451b-b9c9-07650b370172 ] Request (KeyPairsV22TestJSON:tearDownClass): 201 POST http://10.180.1.21/identity/v3/auth/tokens 0.094s
2025-11-28 18:33:29.937 66633 INFO tempest.lib.common.rest_client [req-8a0f2ca5-c4af-4df1-8639-260ec3666469 req-8a0f2ca5-c4af-4df1-8639-260ec3666469 ] Request (KeyPairsV22TestJSON:tearDownClass): 200 GET http://10.180.1.21/networking/v2.0/security-groups?tenant_id=b60d2335e71740499f604083949fa88f&name=default 0.231s
2025-11-28 18:33:29.944 66591 INFO tempest.lib.common.rest_client [req-d18bbc7d-695a-4f8b-9189-4fe6a4625872 req-d18bbc7d-695a-4f8b-9189-4fe6a4625872 ] Request (AttachInterfacesUnderV243Test:test_add_remove_fixed_ip): 200 PUT http://10.180.1.21/networking/v2.0/floatingips/4ef5d82c-8685-4dab-9b96-151a7f2317a2 0.760s
2025-11-28 18:33:30.137 66633 INFO tempest.lib.common.rest_client [req-0212544f-1dbe-45b3-86e7-da0c8e18f757 req-0212544f-1dbe-45b3-86e7-da0c8e18f757 ] Request (KeyPairsV22TestJSON:tearDownClass): 204 DELETE http://10.180.1.21/networking/v2.0/security-groups/24b0dd2c-754d-4fe0-81d4-c079bc577a2d 0.199s
2025-11-28 18:33:30.141 66627 WARNING tempest.lib.common.ssh [-] Failed to establish authenticated ssh connection to cirros@10.180.180.165 ([Errno None] Unable to connect to port 22 on 10.180.180.165). Number attempts: 7. Retry after 8 seconds.: paramiko.ssh_exception.NoValidConnectionsError: [Errno None] Unable to connect to port 22 on 10.180.180.165
2025-11-28 18:33:30.206 66593 INFO tempest.lib.common.rest_client [req-f8e94a3d-0e19-45c4-9861-bd9db433d8fd req-f8e94a3d-0e19-45c4-9861-bd9db433d8fd ] Request (FloatingIPsAssociationNegativeTestJSON:test_associate_ip_to_server_with_floating_ip): 400 POST http://10.180.1.21/compute/v2.1/servers/1b8109b6-642f-4de2-971a-00900229f13f/action 3.282s
2025-11-28 18:33:30.277 66633 INFO tempest.lib.common.rest_client [req-29ce9f70-6fc6-49d6-b779-526ea09c0829 req-29ce9f70-6fc6-49d6-b779-526ea09c0829 ] Request (KeyPairsV22TestJSON:tearDownClass): 204 DELETE http://10.180.1.21/identity/v3/projects/b60d2335e71740499f604083949fa88f 0.139s
2025-11-28 18:33:30.341 66641 INFO tempest.lib.common.rest_client [req-2df74b64-a8d1-4a4f-976e-afd9264a0f1b req-2df74b64-a8d1-4a4f-976e-afd9264a0f1b ] Request (DeleteServersAdminTestJSON:test_delete_server_while_in_error_state): 204 DELETE http://10.180.1.21/compute/v2.1/servers/401aef07-e32e-4816-a349-ec5bc47af3da 2.865s
2025-11-28 18:33:30.407 66633 INFO tempest.lib.common.rest_client [req-98abc14f-84a0-47d1-855c-66ece61752ae req-98abc14f-84a0-47d1-855c-66ece61752ae ] Request (VolumesTestJSON:setUpClass): 201 POST http://10.180.1.21/identity/v3/auth/tokens 0.128s
2025-11-28 18:33:30.451 66633 INFO tempest.lib.common.rest_client [req-41df439e-0c9d-42b8-96c5-d3d1d78e4dea req-41df439e-0c9d-42b8-96c5-d3d1d78e4dea ] Request (VolumesTestJSON:setUpClass): 201 POST http://10.180.1.21/identity/v3/auth/tokens 0.042s
2025-11-28 18:33:30.485 66633 INFO tempest.lib.common.rest_client [req-09597674-c4e5-40bb-a0b6-70efd4d9ccfa req-09597674-c4e5-40bb-a0b6-70efd4d9ccfa ] Request (VolumesTestJSON:setUpClass): 200 GET http://10.180.1.21/identity/v3/domains?name=Default 0.033s
2025-11-28 18:33:30.522 66633 INFO tempest.lib.common.rest_client [req-48cac99c-7f77-4e04-9762-59ae04cba6fc req-48cac99c-7f77-4e04-9762-59ae04cba6fc ] Request (VolumesTestJSON:setUpClass): 201 POST http://10.180.1.21/identity/v3/projects 0.036s
2025-11-28 18:33:30.528 66621 INFO tempest.lib.common.rest_client [req-70c9f660-16a9-4c65-9a8c-1ab73f9b927f req-70c9f660-16a9-4c65-9a8c-1ab73f9b927f ] Request (ServersV294TestFqdnHostnames:tearDownClass): 200 GET http://10.180.1.21/compute/v2.1/servers/1015b363-9a81-4484-bbab-855aeee84696 2.558s
2025-11-28 18:33:30.548 66645 INFO tempest.lib.common.rest_client [req-658988fb-4681-4739-84b2-2cf7a02c0ef3 req-658988fb-4681-4739-84b2-2cf7a02c0ef3 ] Request (ServersTestBootFromVolume:test_verify_created_server_vcpus): 200 GET http://10.180.1.21/compute/v2.1/flavors/42 2.546s
2025-11-28 18:33:30.555 66645 INFO tempest.lib.common.ssh [-] Creating ssh connection to '10.180.180.159:22' as 'cirros' with public key authentication
2025-11-28 18:33:30.564 66645 INFO paramiko.transport [-] Connected (version 2.0, client dropbear_2020.81)
2025-11-28 18:33:30.604 66633 INFO tempest.lib.common.rest_client [req-9c335e0b-197b-4ea4-9bf4-9be063b0132c req-9c335e0b-197b-4ea4-9bf4-9be063b0132c ] Request (VolumesTestJSON:setUpClass): 201 POST http://10.180.1.21/identity/v3/users 0.081s
2025-11-28 18:33:30.632 66633 INFO tempest.lib.common.rest_client [req-2a81ec84-7934-4b36-b5bc-a41735b4ac5e req-2a81ec84-7934-4b36-b5bc-a41735b4ac5e ] Request (VolumesTestJSON:setUpClass): 200 GET http://10.180.1.21/identity/v3/roles 0.028s
2025-11-28 18:33:30.672 66601 INFO tempest.lib.common.rest_client [req-649a4658-7fc0-43cc-abd3-84cea9bde748 req-649a4658-7fc0-43cc-abd3-84cea9bde748 ] Request (ServerShowV254Test:test_rebuild_server): 200 GET http://10.180.1.21/compute/v2.1/servers/2620a83a-4bdd-4c33-8142-f786f998ff3b 2.618s
2025-11-28 18:33:30.674 66645 INFO paramiko.transport [-] Authentication (publickey) successful!
2025-11-28 18:33:30.674 66645 INFO tempest.lib.common.ssh [-] ssh connection to cirros@10.180.180.159 successfully created
2025-11-28 18:33:30.680 66633 INFO tempest.lib.common.rest_client [req-939e22bf-8cdb-4f4a-bbc6-22edd99c85e3 req-939e22bf-8cdb-4f4a-bbc6-22edd99c85e3 ] Request (VolumesTestJSON:setUpClass): 204 PUT http://10.180.1.21/identity/v3/projects/e4cad46fb52a423fbbd8d26c3e84b41e/users/3f7dff68cc9d43bcaa90c512bae2520a/roles/f678b5a156b94d31b0ff3328a885c991 0.047s
2025-11-28 18:33:30.680 66633 INFO tempest.lib.common.dynamic_creds [-] Dynamic test user 3f7dff68cc9d43bcaa90c512bae2520a is created with scope project and roles: ['member']
2025-11-28 18:33:30.680 66633 INFO tempest.lib.common.dynamic_creds [-] Acquired dynamic creds: credentials: Credentials: {'domain_id': 'default', 'domain_name': 'Default', 'username': 'tempest-VolumesTestJSON-1636757544-project-member', 'project_domain_id': 'default', 'project_domain_name': 'Default', 'project_id': 'e4cad46fb52a423fbbd8d26c3e84b41e', 'project_name': 'tempest-VolumesTestJSON-1636757544', 'tenant_id': 'e4cad46fb52a423fbbd8d26c3e84b41e', 'tenant_name': 'tempest-VolumesTestJSON-1636757544', 'user_domain_id': 'default', 'user_domain_name': 'Default', 'user_id': '3f7dff68cc9d43bcaa90c512bae2520a', 'system': None}, Network: None, Subnet: None, Router: None
2025-11-28 18:33:30.681 66633 INFO tempest.lib.common.dynamic_creds [-] Created isolated network resources for: credentials: Credentials: {'domain_id': 'default', 'domain_name': 'Default', 'username': 'tempest-VolumesTestJSON-1636757544-project-member', 'project_domain_id': 'default', 'project_domain_name': 'Default', 'project_id': 'e4cad46fb52a423fbbd8d26c3e84b41e', 'project_name': 'tempest-VolumesTestJSON-1636757544', 'tenant_id': 'e4cad46fb52a423fbbd8d26c3e84b41e', 'tenant_name': 'tempest-VolumesTestJSON-1636757544', 'user_domain_id': 'default', 'user_domain_name': 'Default', 'user_id': '3f7dff68cc9d43bcaa90c512bae2520a', 'system': None}, Network: None, Subnet: None, Router: None
2025-11-28 18:33:30.696 66639 INFO tempest.lib.common.rest_client [req-1a4467af-8e58-4d9f-aa4f-0ef17226e343 req-1a4467af-8e58-4d9f-aa4f-0ef17226e343 ] Request (ServersTestJSON:test_create_server_specify_multibyte_character_name): 202 POST http://10.180.1.21/compute/v2.1/servers 3.354s
2025-11-28 18:33:30.781 66633 INFO tempest.lib.common.rest_client [req-449d1be7-b0d1-4937-85eb-36caa244e499 req-449d1be7-b0d1-4937-85eb-36caa244e499 ] Request (VolumesTestJSON:setUpClass): 201 POST http://10.180.1.21/identity/v3/auth/tokens 0.093s
2025-11-28 18:33:30.852 66637 INFO tempest.lib.common.rest_client [req-dd98a742-6a2d-4b41-9abd-9bf0d21c82a3 req-dd98a742-6a2d-4b41-9abd-9bf0d21c82a3 ] Request (ServersAdminTestJSON:test_create_server_with_scheduling_hint): 200 GET http://10.180.1.21/compute/v2.1/servers/6f64fd0c-7ee5-4dfe-8495-47b60a6a6cca 2.401s
2025-11-28 18:33:30.857 66649 INFO tempest.lib.common.rest_client [req-076380bb-bbed-496f-a449-a2a22af7b399 req-076380bb-bbed-496f-a449-a2a22af7b399 ] Request (ServerRescueTestJSONUnderV235:setUpClass): 200 GET http://10.180.1.21/compute/v2.1/servers/906ef861-9b3e-4bcd-9ac9-b13c7ac92a40 2.052s
2025-11-28 18:33:30.866 66637 INFO tempest.common.waiters [-] State transition "BUILD/spawning" ==> "ACTIVE/None" after 33 second wait
2025-11-28 18:33:30.956 66637 INFO tempest.lib.common.rest_client [req-733bad07-502d-4d9a-874b-108ef92999fe req-733bad07-502d-4d9a-874b-108ef92999fe ] Request (ServersAdminTestJSON:test_inject_network_info): 201 POST http://10.180.1.21/identity/v3/auth/tokens 0.081s
2025-11-28 18:33:30.957 66637 INFO tempest.lib.common.fixed_network [-] (ServersAdminTestJSON:test_inject_network_info) Found network {'id': 'c06bef5e-857c-419d-b5b8-06798b4825d2', 'name': 'tempest-ServersAdminTestJSON-2006061143-network', 'tenant_id': '60ee72f483574b4d8eb27daa95a677a3', 'project_id': '60ee72f483574b4d8eb27daa95a677a3', 'admin_state_up': True, 'mtu': 8950, 'status': 'ACTIVE', 'subnets': [], 'shared': False, 'port_security_enabled': True, 'router:external': False, 'provider:network_type': 'vlan', 'provider:physical_network': 'default', 'provider:segmentation_id': 520, 'availability_zone_hints': [], 'availability_zones': [], 'ipv4_address_scope': None, 'ipv6_address_scope': None, 'description': '', 'tags': [], 'created_at': '2025-11-28T18:32:00Z', 'updated_at': '2025-11-28T18:32:00Z', 'revision_number': 1} available for tenant
2025-11-28 18:33:31.014 66611 INFO tempest.lib.common.rest_client [req-7ed21533-0955-4454-b997-fc56c6d686da req-7ed21533-0955-4454-b997-fc56c6d686da ] Request (ListServersNegativeTestJSON:tearDownClass): 204 DELETE http://10.180.1.21/compute/v2.1/servers/409183f9-7cf4-466e-9716-824cd26cf54e 2.092s
2025-11-28 18:33:31.075 66633 INFO tempest.lib.common.rest_client [req-820daadc-937e-4889-bef3-ad7d1d1620ee req-820daadc-937e-4889-bef3-ad7d1d1620ee ] Request (VolumesTestJSON:setUpClass): 202 POST http://10.180.1.21/volume/v3/volumes 0.293s
2025-11-28 18:33:31.099 66625 INFO tempest.lib.common.rest_client [req-a5a268eb-f8e5-4c4c-a3ba-fa117d382808 req-a5a268eb-f8e5-4c4c-a3ba-fa117d382808 ] Request (ServerShowV247Test:tearDownClass): 200 GET http://10.180.1.21/compute/v2.1/servers/ea62e880-ec32-4df9-bc16-e2e9ce448c62 2.117s
2025-11-28 18:33:31.122 66633 INFO tempest.lib.common.rest_client [req-cfb33137-7303-430a-afd7-e1f000c22a4d req-cfb33137-7303-430a-afd7-e1f000c22a4d ] Request (VolumesTestJSON:setUpClass): 200 GET http://10.180.1.21/volume/v3/volumes/86de1c15-0fa1-4cb5-a5cf-ff2fc31081df 0.041s
2025-11-28 18:33:31.156 66631 INFO tempest.lib.common.rest_client [req-2abdaa5a-70fa-48c2-b7af-09b676c980ec req-2abdaa5a-70fa-48c2-b7af-09b676c980ec ] Request (ImagesTestJSON:test_create_image_from_stopped_server): 200 GET http://10.180.1.21/compute/v2.1/images/4fb900b0-763e-4815-8708-028936b7ca1d 2.083s
2025-11-28 18:33:31.162 66599 INFO tempest.lib.common.rest_client [-] Request (TestVersions:test_get_version_details): 200 GET http://10.180.1.21/compute/ 1.929s
2025-11-28 18:33:31.242 66635 INFO tempest.lib.common.rest_client [req-a9fe6420-638f-41a9-87fa-1891598d9fd4 req-a9fe6420-638f-41a9-87fa-1891598d9fd4 ] Request (ServerAddressesTestJSON:setUpClass): 200 GET http://10.180.1.21/compute/v2.1/servers/f4034ff0-56b8-4906-875f-39f15b07c238 1.977s
2025-11-28 18:33:31.282 66595 INFO tempest.lib.common.rest_client [req-368ce54b-ee95-4baf-90e2-497afb2be2b0 req-368ce54b-ee95-4baf-90e2-497afb2be2b0 ] Request (DeleteServersTestJSON:test_delete_server_while_in_attached_volume): 202 POST http://10.180.1.21/compute/v2.1/servers 2.464s
2025-11-28 18:33:31.403 66629 INFO tempest.lib.common.rest_client [req-d584e4b2-b358-4af6-840f-195099444203 req-d584e4b2-b358-4af6-840f-195099444203 ] Request (AggregatesAdminNegativeTestJSON:_run_cleanups): 200 POST http://10.180.1.21/compute/v2.1/os-aggregates/7/action 2.073s
