2025-11-12 18:50:29.451 66045 INFO tempest.lib.common.rest_client [req-23ffda20-b1be-42e1-b6b6-58ce2660491a req-23ffda20-b1be-42e1-b6b6-58ce2660491a ] Request (MultipleCreateTestJSON:test_multiple_create_with_reservation_return): 200 GET http://10.180.1.21/compute/v2.1/servers/2d1e4540-3db4-47bf-bb29-143b8b957a15 1.880s
2025-11-12 18:50:29.502 66051 INFO tempest.lib.common.rest_client [req-6d364793-61b7-4e84-b24c-402d7a65ea67 req-6d364793-61b7-4e84-b24c-402d7a65ea67 ] Request (ServerRescueTestJSONUnderV235:tearDownClass): 200 GET http://10.180.1.21/compute/v2.1/servers/360c1cd2-581b-4736-a06c-0fbc9666d794 1.818s
2025-11-12 18:50:29.516 66040 INFO tempest.lib.common.rest_client [req-bfc1914d-5c92-4155-9709-8b5676e21480 req-bfc1914d-5c92-4155-9709-8b5676e21480 ] Request (ServersTestMultiNic:_run_cleanups): 200 GET http://10.180.1.21/compute/v2.1/servers/7392d6c8-f109-48b6-ae90-b51f0818f7e7 1.815s
2025-11-12 18:50:29.571 66007 INFO tempest.lib.common.rest_client [req-af5d4ccc-5763-4139-95f5-4429c6ec48b6 req-af5d4ccc-5763-4139-95f5-4429c6ec48b6 ] Request (ServersAdminNegativeTestJSON:test_migrate_server_invalid_state): 200 GET http://10.180.1.21/compute/v2.1/servers/de7b7c97-f51c-41de-884f-4ff5e852b67f 1.327s
2025-11-12 18:50:29.578 66007 INFO tempest.common.waiters [-] State transition "BUILD/None" ==> "BUILD/networking" after 35 second wait
2025-11-12 18:50:29.584 66013 INFO tempest.lib.common.rest_client [req-d6970f7c-13b4-45ee-9ce3-cfca754c2b6b req-d6970f7c-13b4-45ee-9ce3-cfca754c2b6b ] Request (FloatingIPsAssociationTestJSON:tearDownClass): 200 GET http://10.180.1.21/compute/v2.1/servers/a72e2f9e-4d19-4f03-986a-63f25e4c61ca 1.841s
2025-11-12 18:50:29.653 66025 INFO tempest.lib.common.rest_client [req-fa36b591-5891-41ac-964f-4f46cd8f67e6 req-fa36b591-5891-41ac-964f-4f46cd8f67e6 ] Request (ServerAddressesTestJSON:setUpClass): 200 GET http://10.180.1.21/compute/v2.1/servers/04b155da-3a8f-4559-8c39-e8fe12f739d0 1.400s
2025-11-12 18:50:29.727 66023 INFO tempest.lib.common.rest_client [req-abed035e-ab71-43aa-9fa8-1235c42f9c1e req-abed035e-ab71-43aa-9fa8-1235c42f9c1e ] Request (AttachInterfacesUnderV243Test:test_add_remove_fixed_ip): 200 GET http://10.180.1.21/compute/v2.1/servers/37878dfc-7f8e-4756-8e97-993f7abf9081 1.060s
2025-11-12 18:50:29.734 66041 INFO tempest.lib.common.rest_client [req-5e3ad5c4-d683-41e7-a6bc-1a6c875b8aa2 req-5e3ad5c4-d683-41e7-a6bc-1a6c875b8aa2 ] Request (ServersTestBootFromVolume:setUpClass): 200 POST http://10.180.1.21/compute/v2.1/os-keypairs 1.482s
2025-11-12 18:50:29.772 66003 INFO tempest.lib.common.rest_client [req-2d26c09a-63c2-4f26-a70e-3476e18cd4fd req-2d26c09a-63c2-4f26-a70e-3476e18cd4fd ] Request (VolumesTestJSON:test_volume_list_with_detail_param_limit): 200 GET http://10.180.1.21/compute/v2.1/os-volumes/detail?limit=2 0.762s
2025-11-12 18:50:29.868 66041 INFO tempest.lib.common.rest_client [req-d2c075d9-ff83-4491-b419-e6ef244d3066 req-d2c075d9-ff83-4491-b419-e6ef244d3066 ] Request (ServersTestBootFromVolume:setUpClass): 201 POST http://10.180.1.21/networking/v2.0/security-groups 0.131s
2025-11-12 18:50:29.894 66017 INFO tempest.lib.common.rest_client [req-5faf1203-ef23-4714-908a-bb1a7719f442 req-5faf1203-ef23-4714-908a-bb1a7719f442 ] Request (InstanceActionsNegativeTestJSON:tearDownClass): 200 GET http://10.180.1.21/compute/v2.1/servers/23e4c646-0dee-40b6-b4a3-e3b891f45b5e 1.209s
2025-11-12 18:50:29.912 66019 INFO tempest.lib.common.rest_client [req-796d37d7-2078-4f30-93fd-ccb97ebe24ae req-796d37d7-2078-4f30-93fd-ccb97ebe24ae ] Request (ImagesOneServerTestJSON:tearDownClass): 200 GET http://10.180.1.21/compute/v2.1/servers/6d5b359a-49a3-440a-bf26-9acf0e571be3 0.459s
2025-11-12 18:50:30.016 66041 INFO tempest.lib.common.rest_client [req-1eb1297d-8a62-4087-8cf0-e5ca3ffb299a req-1eb1297d-8a62-4087-8cf0-e5ca3ffb299a ] Request (ServersTestBootFromVolume:setUpClass): 201 POST http://10.180.1.21/networking/v2.0/security-group-rules 0.147s
2025-11-12 18:50:30.156 66041 INFO tempest.lib.common.rest_client [req-e39a4751-7b08-4684-a48e-656b8cc116a6 req-e39a4751-7b08-4684-a48e-656b8cc116a6 ] Request (ServersTestBootFromVolume:setUpClass): 201 POST http://10.180.1.21/networking/v2.0/security-group-rules 0.139s
2025-11-12 18:50:30.202 66015 INFO tempest.lib.common.rest_client [req-e64af641-cb0d-4000-b611-bdec3f6c9c44 req-e64af641-cb0d-4000-b611-bdec3f6c9c44 ] Request (ServersWithSpecificFlavorTestJSON:test_verify_created_server_ephemeral_disk): 200 GET http://10.180.1.21/compute/v2.1/servers/40758c41-3a65-4c7d-9e6c-8e23ea20e8c9 0.722s
2025-11-12 18:50:30.209 66015 INFO tempest.common.waiters [-] State transition "BUILD/spawning" ==> "ACTIVE/None" after 40 second wait
2025-11-12 18:50:30.228 66001 INFO tempest.lib.common.rest_client [req-9db77b41-1bd3-406d-af2b-909225e91c23 req-9db77b41-1bd3-406d-af2b-909225e91c23 ] Request (ImagesTestJSON:test_create_image_from_suspended_server): 200 GET http://10.180.1.21/compute/v2.1/servers/d1f950ca-c309-4e34-b1a8-31454f9c0761 0.473s
2025-11-12 18:50:30.274 66003 INFO tempest.lib.common.rest_client [req-db441e92-ebf9-42ce-be92-b5a39cea127f req-db441e92-ebf9-42ce-be92-b5a39cea127f ] Request (VolumesTestJSON:test_volume_list_with_detail_param_offset_and_limit): 200 GET http://10.180.1.21/compute/v2.1/os-volumes/detail 0.492s
2025-11-12 18:50:30.640 66041 INFO tempest.lib.common.rest_client [req-3fb963c5-3830-4c80-8de3-88077618b0b4 req-3fb963c5-3830-4c80-8de3-88077618b0b4 ] Request (ServersTestBootFromVolume:setUpClass): 201 POST http://10.180.1.21/networking/v2.0/floatingips 0.484s
2025-11-12 18:50:30.678 66041 INFO tempest.lib.common.rest_client [req-1fb68046-1de6-4aa3-8eea-2305ff8f2cec req-1fb68046-1de6-4aa3-8eea-2305ff8f2cec ] Request (ServersTestBootFromVolume:setUpClass): 201 POST http://10.180.1.21/identity/v3/auth/tokens 0.035s
2025-11-12 18:50:30.679 66041 INFO tempest.lib.common.fixed_network [-] (ServersTestBootFromVolume:setUpClass) Found network {'id': '0418e2ee-c7c4-4a56-b8ee-9edd0dbf54d2', 'name': 'tempest-ServersTestBootFromVolume-717634459-network', 'tenant_id': '4fa018f2de324326ab1e16b8b0983157', 'project_id': '4fa018f2de324326ab1e16b8b0983157', 'admin_state_up': True, 'mtu': 8950, 'status': 'ACTIVE', 'subnets': [], 'shared': False, 'port_security_enabled': True, 'router:external': False, 'provider:network_type': 'vlan', 'provider:physical_network': 'default', 'provider:segmentation_id': 639, 'availability_zone_hints': [], 'availability_zones': [], 'ipv4_address_scope': None, 'ipv6_address_scope': None, 'description': '', 'tags': [], 'created_at': '2025-11-12T18:50:26Z', 'updated_at': '2025-11-12T18:50:26Z', 'revision_number': 1} available for tenant
2025-11-12 18:50:30.744 66049 INFO tempest.lib.common.rest_client [req-d29ddae5-b70a-466f-a874-1e1c35b9ca2d req-d29ddae5-b70a-466f-a874-1e1c35b9ca2d ] Request (VolumesAssistedSnapshotsTest:tearDownClass): 200 GET http://10.180.1.21/compute/v2.1/servers/094adfbd-12e0-482a-b720-df478b814947 0.850s
2025-11-12 18:50:30.770 66027 INFO tempest.lib.common.rest_client [req-147e307b-d75e-4171-b805-90bd00b80cb5 req-147e307b-d75e-4171-b805-90bd00b80cb5 ] Request (ServersAdminTestJSON:test_inject_network_info): 200 GET http://10.180.1.21/compute/v2.1/servers/1740776a-3140-49bc-812c-b4a7a9a1a38a 0.994s
2025-11-12 18:50:30.913 66047 INFO tempest.lib.common.rest_client [req-eec720f3-2cd9-4a0d-9501-9772e7e8954a req-eec720f3-2cd9-4a0d-9501-9772e7e8954a ] Request (ImagesOneServerNegativeTestJSON:_run_cleanups): 200 GET http://10.180.1.21/compute/v2.1/servers/a717b976-2440-4626-bb42-09242afeb7c4 0.942s
2025-11-12 18:50:30.977 65999 INFO tempest.lib.common.rest_client [req-d20408a2-7c52-4fb0-bc46-aa1bbb51b1a5 req-d20408a2-7c52-4fb0-bc46-aa1bbb51b1a5 ] Request (ServerPasswordTestJSON:setUpClass): 200 GET http://10.180.1.21/compute/v2.1/servers/6cfce060-66a1-496a-893c-46fecec394d0 1.050s
2025-11-12 18:50:31.015 66035 INFO tempest.lib.common.rest_client [req-11fa4b98-f1d7-4c35-a854-55e8da70abf9 req-11fa4b98-f1d7-4c35-a854-55e8da70abf9 ] Request (ServerDiskConfigTestJSON:test_rebuild_server_with_auto_disk_config): 200 GET http://10.180.1.21/compute/v2.1/servers/958e31d6-c5b6-4b3c-a46e-bde1f1581de6 1.028s
2025-11-12 18:50:31.057 66003 INFO tempest.lib.common.rest_client [req-de13e46a-b190-4f6e-ad8e-1ef5508cfa26 req-de13e46a-b190-4f6e-ad8e-1ef5508cfa26 ] Request (VolumesTestJSON:test_volume_list_with_detail_param_offset_and_limit): 200 GET http://10.180.1.21/compute/v2.1/os-volumes/detail?offset=1&limit=1 0.779s
2025-11-12 18:50:31.076 66041 INFO tempest.lib.common.rest_client [req-b7d30c48-c5de-462e-9c06-b7de6c78852d req-b7d30c48-c5de-462e-9c06-b7de6c78852d ] Request (ServersTestBootFromVolume:setUpClass): 202 POST http://10.180.1.21/volume/v3/volumes 0.397s
2025-11-12 18:50:31.110 66041 INFO tempest.lib.common.rest_client [req-4840c382-d797-401b-b316-3069a717addd req-4840c382-d797-401b-b316-3069a717addd ] Request (ServersTestBootFromVolume:setUpClass): 200 GET http://10.180.1.21/volume/v3/volumes/965d9094-ea52-49dc-ad2d-c10307fae6ea 0.028s
2025-11-12 18:50:31.122 66015 INFO tempest.lib.common.rest_client [req-df012108-3795-4196-b51d-6632d665b733 req-df012108-3795-4196-b51d-6632d665b733 ] Request (ServersWithSpecificFlavorTestJSON:test_verify_created_server_ephemeral_disk): 200 GET http://10.180.1.21/compute/v2.1/servers/40758c41-3a65-4c7d-9e6c-8e23ea20e8c9/os-interface 0.912s
2025-11-12 18:50:31.172 66061 INFO tempest.lib.common.rest_client [req-6a830cbe-fccb-4e03-94d5-61150e8e126b req-6a830cbe-fccb-4e03-94d5-61150e8e126b ] Request (ServerDiagnosticsTest:test_get_server_diagnostics): 200 GET http://10.180.1.21/compute/v2.1/servers/90cd5892-932c-438d-8d28-ab1bac9521d8 0.843s
2025-11-12 18:50:31.417 66030 WARNING tempest.lib.common.ssh [-] Failed to establish authenticated ssh connection to cirros@10.180.180.168 ([Errno None] Unable to connect to port 22 on 10.180.180.168). Number attempts: 7. Retry after 8 seconds.: paramiko.ssh_exception.NoValidConnectionsError: [Errno None] Unable to connect to port 22 on 10.180.180.168
2025-11-12 18:50:31.706 66015 INFO tempest.lib.common.rest_client [req-7997abac-8e6f-4f23-bbcf-a333a01ad260 req-7997abac-8e6f-4f23-bbcf-a333a01ad260 ] Request (ServersWithSpecificFlavorTestJSON:test_verify_created_server_ephemeral_disk): 200 PUT http://10.180.1.21/networking/v2.0/floatingips/37bb8d30-dcd2-4098-8450-d82ff48be62b 0.582s
2025-11-12 18:50:31.716 66021 INFO tempest.lib.common.rest_client [req-cabc2afe-194c-45e0-8d7f-d6cc442f0318 req-cabc2afe-194c-45e0-8d7f-d6cc442f0318 ] Request (AttachVolumeShelveTestJSON:test_attach_volume_shelved_or_offload_server): 200 GET http://10.180.1.21/compute/v2.1/servers/c2b620c4-7979-4883-b089-11a5cebe9699 1.310s
2025-11-12 18:50:31.732 66021 INFO tempest.common.waiters [-] State transition "BUILD/scheduling" ==> "BUILD/None" after 26 second wait
2025-11-12 18:50:31.746 66043 INFO tempest.lib.common.rest_client [req-26b8605a-8290-45c5-8d77-67f33d63f0c0 req-26b8605a-8290-45c5-8d77-67f33d63f0c0 ] Request (ListImageFiltersTestJSON:setUpClass): 200 GET http://10.180.1.21/compute/v2.1/servers/5bf7922a-8af9-4e7c-95b8-fcfab4d398a4 1.360s
2025-11-12 18:50:31.753 66043 INFO tempest.common.waiters [-] State transition "ACTIVE/image_uploading" ==> "ACTIVE/None" after 2 second wait
2025-11-12 18:50:31.783 66005 INFO tempest.lib.common.rest_client [req-82151ac7-ece3-4e27-842d-e922603d2b72 req-82151ac7-ece3-4e27-842d-e922603d2b72 ] Request (MigrationsAdminTest:test_resize_server_revert_deleted_flavor): 200 GET http://10.180.1.21/compute/v2.1/servers/b7537d11-6896-4fa7-ae9e-930f2454f2d8 1.333s
2025-11-12 18:50:31.818 66045 INFO tempest.lib.common.rest_client [req-adbb3aad-1e07-4fcb-bc57-008923a53053 req-adbb3aad-1e07-4fcb-bc57-008923a53053 ] Request (MultipleCreateTestJSON:test_multiple_create_with_reservation_return): 200 GET http://10.180.1.21/compute/v2.1/servers/2d1e4540-3db4-47bf-bb29-143b8b957a15 1.359s
2025-11-12 18:50:31.851 66040 INFO tempest.lib.common.rest_client [req-0b3470cb-388f-4c69-9efb-a29d68b55844 req-0b3470cb-388f-4c69-9efb-a29d68b55844 ] Request (ServersTestMultiNic:_run_cleanups): 404 GET http://10.180.1.21/compute/v2.1/servers/7392d6c8-f109-48b6-ae90-b51f0818f7e7 1.327s
2025-11-12 18:50:31.860 66051 INFO tempest.lib.common.rest_client [req-d2c97d78-4d36-43f8-a80a-2da469c710ad req-d2c97d78-4d36-43f8-a80a-2da469c710ad ] Request (ServerRescueTestJSONUnderV235:tearDownClass): 200 GET http://10.180.1.21/compute/v2.1/servers/360c1cd2-581b-4736-a06c-0fbc9666d794 1.340s
2025-11-12 18:50:31.968 66013 INFO tempest.lib.common.rest_client [req-4e47aff4-4bbd-4499-84dc-53d549e9a9e3 req-4e47aff4-4bbd-4499-84dc-53d549e9a9e3 ] Request (FloatingIPsAssociationTestJSON:tearDownClass): 200 GET http://10.180.1.21/compute/v2.1/servers/a72e2f9e-4d19-4f03-986a-63f25e4c61ca 1.372s
2025-11-12 18:50:31.993 66007 INFO tempest.lib.common.rest_client [req-fc6d6044-e3ee-4d12-8d43-471335c93858 req-fc6d6044-e3ee-4d12-8d43-471335c93858 ] Request (ServersAdminNegativeTestJSON:test_migrate_server_invalid_state): 200 GET http://10.180.1.21/compute/v2.1/servers/de7b7c97-f51c-41de-884f-4ff5e852b67f 1.413s
2025-11-12 18:50:32.000 66007 INFO tempest.common.waiters [-] State transition "BUILD/networking" ==> "BUILD/spawning" after 38 second wait
2025-11-12 18:50:32.037 66040 INFO tempest.lib.common.rest_client [req-ce5d63d3-4c51-4ad0-882e-eb82ea3524d7 req-ce5d63d3-4c51-4ad0-882e-eb82ea3524d7 ] Request (ServersTestMultiNic:_run_cleanups): 204 DELETE http://10.180.1.21/networking/v2.0/subnets/49ade05a-169c-427a-9c1f-decdd1925549 0.186s
2025-11-12 18:50:32.039 66025 INFO tempest.lib.common.rest_client [req-ec0ac649-afa4-495c-be3e-3da1e4042ce7 req-ec0ac649-afa4-495c-be3e-3da1e4042ce7 ] Request (ServerAddressesTestJSON:setUpClass): 200 GET http://10.180.1.21/compute/v2.1/servers/04b155da-3a8f-4559-8c39-e8fe12f739d0 1.373s
2025-11-12 18:50:32.065 66023 INFO tempest.lib.common.rest_client [req-e45d763b-54cf-411e-b85c-cc730c9c54a8 req-e45d763b-54cf-411e-b85c-cc730c9c54a8 ] Request (AttachInterfacesUnderV243Test:test_add_remove_fixed_ip): 200 GET http://10.180.1.21/compute/v2.1/servers/37878dfc-7f8e-4756-8e97-993f7abf9081 1.329s
2025-11-12 18:50:32.117 66017 INFO tempest.lib.common.rest_client [req-02526b7e-3470-49b1-a934-a935105ba482 req-02526b7e-3470-49b1-a934-a935105ba482 ] Request (InstanceActionsNegativeTestJSON:tearDownClass): 200 GET http://10.180.1.21/compute/v2.1/servers/23e4c646-0dee-40b6-b4a3-e3b891f45b5e 1.208s
2025-11-12 18:50:32.134 66019 INFO tempest.lib.common.rest_client [req-0928e499-15f9-48ab-8964-a2c6ac150a6d req-0928e499-15f9-48ab-8964-a2c6ac150a6d ] Request (ImagesOneServerTestJSON:tearDownClass): 200 GET http://10.180.1.21/compute/v2.1/servers/6d5b359a-49a3-440a-bf26-9acf0e571be3 1.210s
2025-11-12 18:50:32.141 66019 INFO tempest.common.waiters [-] State transition "ACTIVE/deleting" ==> "DELETED/None" after 4 second wait
2025-11-12 18:50:32.162 66041 INFO tempest.lib.common.rest_client [req-a31210aa-37ab-4aed-ac0e-9a69b0885d2b req-a31210aa-37ab-4aed-ac0e-9a69b0885d2b ] Request (ServersTestBootFromVolume:setUpClass): 200 GET http://10.180.1.21/volume/v3/volumes/965d9094-ea52-49dc-ad2d-c10307fae6ea 0.043s
2025-11-12 18:50:32.169 66003 INFO tempest.lib.common.rest_client [req-fa64c2bb-43aa-4070-9b77-e14c32e0a5a3 req-fa64c2bb-43aa-4070-9b77-e14c32e0a5a3 ] Request (VolumesTestJSON:test_volume_list_with_details): 200 GET http://10.180.1.21/compute/v2.1/os-volumes/detail 1.108s
2025-11-12 18:50:32.226 66003 INFO tempest.lib.common.rest_client [req-d1a6d119-7576-461b-9e19-09861ff7334c req-d1a6d119-7576-461b-9e19-09861ff7334c ] Request (VolumesTestJSON:tearDownClass): 202 DELETE http://10.180.1.21/volume/v3/volumes/0987adaf-b717-4b15-8681-d6ebb5614994 0.045s
2025-11-12 18:50:32.259 66003 INFO tempest.lib.common.rest_client [req-2364d79f-5d9f-45ed-a8e2-0e610191fe50 req-2364d79f-5d9f-45ed-a8e2-0e610191fe50 ] Request (VolumesTestJSON:tearDownClass): 200 GET http://10.180.1.21/volume/v3/volumes/0987adaf-b717-4b15-8681-d6ebb5614994 0.032s
2025-11-12 18:50:32.290 66001 INFO tempest.lib.common.rest_client [req-1f919394-56f0-4e70-b592-5e4a146ca2dc req-1f919394-56f0-4e70-b592-5e4a146ca2dc ] Request (ImagesTestJSON:test_create_image_from_suspended_server): 200 GET http://10.180.1.21/compute/v2.1/servers/d1f950ca-c309-4e34-b1a8-31454f9c0761 1.052s
2025-11-12 18:50:32.322 66015 INFO tempest.lib.common.rest_client [req-c2455b41-4755-4a6c-aa6c-270a79f52dfb req-c2455b41-4755-4a6c-aa6c-270a79f52dfb ] Request (ServersWithSpecificFlavorTestJSON:test_verify_created_server_ephemeral_disk): 200 GET http://10.180.1.21/compute/v2.1/servers/40758c41-3a65-4c7d-9e6c-8e23ea20e8c9 0.616s
2025-11-12 18:50:32.333 66015 INFO tempest.lib.common.ssh [-] Creating ssh connection to '10.180.180.245:22' as 'cirros' with public key authentication
2025-11-12 18:50:32.382 66049 INFO tempest.lib.common.rest_client [req-8866b1fc-fff9-4c1e-9521-376c2bd802bd req-8866b1fc-fff9-4c1e-9521-376c2bd802bd ] Request (VolumesAssistedSnapshotsTest:tearDownClass): 200 GET http://10.180.1.21/compute/v2.1/servers/094adfbd-12e0-482a-b720-df478b814947 0.629s
2025-11-12 18:50:32.402 66040 INFO tempest.lib.common.rest_client [req-7252daf5-acf8-4ad7-86f3-b91196e12a00 req-7252daf5-acf8-4ad7-86f3-b91196e12a00 ] Request (ServersTestMultiNic:_run_cleanups): 204 DELETE http://10.180.1.21/networking/v2.0/networks/c9392878-697b-4890-b3c9-3f35ca970049 0.364s
2025-11-12 18:50:32.543 66027 INFO tempest.lib.common.rest_client [req-7afbba25-a3dd-4444-a626-575e5b7e3d4a req-7afbba25-a3dd-4444-a626-575e5b7e3d4a ] Request (ServersAdminTestJSON:test_inject_network_info): 200 GET http://10.180.1.21/compute/v2.1/servers/1740776a-3140-49bc-812c-b4a7a9a1a38a 0.765s
2025-11-12 18:50:32.550 66027 INFO tempest.common.waiters [-] State transition "BUILD/spawning" ==> "ACTIVE/None" after 42 second wait
2025-11-12 18:50:32.569 66037 WARNING tempest.lib.common.ssh [-] Failed to establish authenticated ssh connection to cirros@10.180.180.213 ([Errno None] Unable to connect to port 22 on 10.180.180.213). Number attempts: 5. Retry after 6 seconds.: paramiko.ssh_exception.NoValidConnectionsError: [Errno None] Unable to connect to port 22 on 10.180.180.213
2025-11-12 18:50:32.584 66040 INFO tempest.lib.common.rest_client [req-cdde896a-d118-4db2-9bd6-4a3d28a4ba08 req-cdde896a-d118-4db2-9bd6-4a3d28a4ba08 ] Request (ServersTestMultiNic:_run_cleanups): 204 DELETE http://10.180.1.21/networking/v2.0/subnets/3a866a76-57fb-4274-bba4-f9847e1675aa 0.181s
2025-11-12 18:50:32.668 66047 INFO tempest.lib.common.rest_client [req-9b7ac392-c9a4-43a1-95c6-6792f3055f52 req-9b7ac392-c9a4-43a1-95c6-6792f3055f52 ] Request (ImagesOneServerNegativeTestJSON:_run_cleanups): 200 GET http://10.180.1.21/compute/v2.1/servers/a717b976-2440-4626-bb42-09242afeb7c4 0.747s
2025-11-12 18:50:32.800 65999 INFO tempest.lib.common.rest_client [req-a3f7f2b3-eecc-4594-9a8e-6f786563d71f req-a3f7f2b3-eecc-4594-9a8e-6f786563d71f ] Request (ServerPasswordTestJSON:setUpClass): 200 GET http://10.180.1.21/compute/v2.1/servers/6cfce060-66a1-496a-893c-46fecec394d0 0.816s
2025-11-12 18:50:32.820 66015 WARNING tempest.lib.common.ssh [-] Failed to establish authenticated ssh connection to cirros@10.180.180.245 ([Errno None] Unable to connect to port 22 on 10.180.180.245). Number attempts: 1. Retry after 2 seconds.: paramiko.ssh_exception.NoValidConnectionsError: [Errno None] Unable to connect to port 22 on 10.180.180.245
2025-11-12 18:50:32.863 66043 INFO tempest.lib.common.rest_client [req-b2ff2ec2-fa49-478a-90ce-3709a07fe448 req-b2ff2ec2-fa49-478a-90ce-3709a07fe448 ] Request (ListImageFiltersTestJSON:setUpClass): 202 POST http://10.180.1.21/compute/v2.1/servers/baf338a3-79be-460b-9f75-ccbb9dbb93ba/action 1.109s
2025-11-12 18:50:32.899 66035 INFO tempest.lib.common.rest_client [req-a1b1818c-b25d-415b-a7b6-d7015458ceb6 req-a1b1818c-b25d-415b-a7b6-d7015458ceb6 ] Request (ServerDiskConfigTestJSON:test_rebuild_server_with_auto_disk_config): 200 GET http://10.180.1.21/compute/v2.1/servers/958e31d6-c5b6-4b3c-a46e-bde1f1581de6 0.873s
2025-11-12 18:50:32.958 66040 INFO tempest.lib.common.rest_client [req-273316a2-d776-4430-998d-1fc8c06ecc94 req-273316a2-d776-4430-998d-1fc8c06ecc94 ] Request (ServersTestMultiNic:_run_cleanups): 204 DELETE http://10.180.1.21/networking/v2.0/networks/f7c11c2f-b131-42ee-b845-3cb3a4bcb4f4 0.374s
2025-11-12 18:50:32.961 66061 INFO tempest.lib.common.rest_client [req-5a2eaad8-4009-4616-8474-0c21cbaef128 req-5a2eaad8-4009-4616-8474-0c21cbaef128 ] Request (ServerDiagnosticsTest:test_get_server_diagnostics): 200 GET http://10.180.1.21/compute/v2.1/servers/90cd5892-932c-438d-8d28-ab1bac9521d8 0.779s
2025-11-12 18:50:33.042 66027 INFO tempest.lib.common.rest_client [req-d22836c1-856b-49f8-b4e8-3cc63d066163 req-d22836c1-856b-49f8-b4e8-3cc63d066163 ] Request (ServersAdminTestJSON:test_inject_network_info): 202 POST http://10.180.1.21/compute/v2.1/servers/1740776a-3140-49bc-812c-b4a7a9a1a38a/action 0.491s
2025-11-12 18:50:33.050 66021 INFO tempest.lib.common.rest_client [req-1db4de35-6c50-47db-b54d-9b263738aae1 req-1db4de35-6c50-47db-b54d-9b263738aae1 ] Request (AttachVolumeShelveTestJSON:test_attach_volume_shelved_or_offload_server): 200 GET http://10.180.1.21/compute/v2.1/servers/c2b620c4-7979-4883-b089-11a5cebe9699 0.316s
2025-11-12 18:50:33.093 66040 INFO tempest.lib.common.rest_client [req-662882ac-8b03-475b-b8c2-1ae1a64c27ce req-662882ac-8b03-475b-b8c2-1ae1a64c27ce ] Request (ServersTestMultiNic:test_verify_multiple_nics_order): 201 POST http://10.180.1.21/networking/v2.0/networks 0.134s
2025-11-12 18:50:33.116 66005 INFO tempest.lib.common.rest_client [req-e535913f-5b40-4904-9b27-e9d5f26a4eef req-e535913f-5b40-4904-9b27-e9d5f26a4eef ] Request (MigrationsAdminTest:test_resize_server_revert_deleted_flavor): 200 GET http://10.180.1.21/compute/v2.1/servers/b7537d11-6896-4fa7-ae9e-930f2454f2d8 0.320s
2025-11-12 18:50:33.126 66005 INFO tempest.common.waiters [-] State transition "BUILD/scheduling" ==> "BUILD/None" after 24 second wait
2025-11-12 18:50:33.131 66045 INFO tempest.lib.common.rest_client [req-c9373ea2-677a-452d-9b8b-57af2cdfd1c4 req-c9373ea2-677a-452d-9b8b-57af2cdfd1c4 ] Request (MultipleCreateTestJSON:test_multiple_create_with_reservation_return): 200 GET http://10.180.1.21/compute/v2.1/servers/2d1e4540-3db4-47bf-bb29-143b8b957a15 0.299s
2025-11-12 18:50:33.165 66043 INFO tempest.lib.common.rest_client [req-48c9f58a-3b18-4b3c-ad83-cd575882b215 req-48c9f58a-3b18-4b3c-ad83-cd575882b215 ] Request (ListImageFiltersTestJSON:setUpClass): 200 GET http://10.180.1.21/compute/v2.1/images/99bc3941-8628-47da-a2c6-ffd2ad7a1fca 0.300s
2025-11-12 18:50:33.227 66041 INFO tempest.lib.common.rest_client [req-1d6154bf-e19f-490f-ace8-896c4adb3d89 req-1d6154bf-e19f-490f-ace8-896c4adb3d89 ] Request (ServersTestBootFromVolume:setUpClass): 200 GET http://10.180.1.21/volume/v3/volumes/965d9094-ea52-49dc-ad2d-c10307fae6ea 0.057s
2025-11-12 18:50:33.273 66051 INFO tempest.lib.common.rest_client [req-47dac17f-b905-4d59-9736-bb28e4794596 req-47dac17f-b905-4d59-9736-bb28e4794596 ] Request (ServerRescueTestJSONUnderV235:tearDownClass): 200 GET http://10.180.1.21/compute/v2.1/servers/360c1cd2-581b-4736-a06c-0fbc9666d794 0.405s
2025-11-12 18:50:33.295 66003 INFO tempest.lib.common.rest_client [req-829e8466-e833-4a1d-98bb-b3ccce6e5e04 req-829e8466-e833-4a1d-98bb-b3ccce6e5e04 ] Request (VolumesTestJSON:tearDownClass): 404 GET http://10.180.1.21/volume/v3/volumes/0987adaf-b717-4b15-8681-d6ebb5614994 0.017s
2025-11-12 18:50:33.299 66013 INFO tempest.lib.common.rest_client [req-65467e4e-8a4d-4754-9550-7557ab41c970 req-65467e4e-8a4d-4754-9550-7557ab41c970 ] Request (FloatingIPsAssociationTestJSON:tearDownClass): 200 GET http://10.180.1.21/compute/v2.1/servers/a72e2f9e-4d19-4f03-986a-63f25e4c61ca 0.322s
2025-11-12 18:50:33.340 66003 INFO tempest.lib.common.rest_client [req-1c5b1840-1a6d-4197-a16d-31f3ee0b8c5c req-1c5b1840-1a6d-4197-a16d-31f3ee0b8c5c ] Request (VolumesTestJSON:tearDownClass): 202 DELETE http://10.180.1.21/volume/v3/volumes/e7800af3-4e6b-4cde-9e26-3745844d264f 0.045s
2025-11-12 18:50:33.348 66040 INFO tempest.lib.common.rest_client [req-40347c33-b5fd-480d-a575-0c867312db63 req-40347c33-b5fd-480d-a575-0c867312db63 ] Request (ServersTestMultiNic:test_verify_multiple_nics_order): 201 POST http://10.180.1.21/networking/v2.0/subnets 0.254s
2025-11-12 18:50:33.375 66003 INFO tempest.lib.common.rest_client [req-3fafc0f1-4e1d-4ac1-8f0f-0c9b818b4f65 req-3fafc0f1-4e1d-4ac1-8f0f-0c9b818b4f65 ] Request (VolumesTestJSON:tearDownClass): 200 GET http://10.180.1.21/volume/v3/volumes/e7800af3-4e6b-4cde-9e26-3745844d264f 0.034s
2025-11-12 18:50:33.375 66027 INFO tempest.lib.common.rest_client [req-c12fa18c-9c4f-488d-9ea0-32a13f0c2ca1 req-c12fa18c-9c4f-488d-9ea0-32a13f0c2ca1 ] Request (ServersAdminTestJSON:test_list_servers_by_admin): 200 GET http://10.180.1.21/compute/v2.1/servers/detail 0.330s
2025-11-12 18:50:33.491 66007 INFO tempest.lib.common.rest_client [req-7bc0b219-7018-4ebb-8a4b-11d07b0b87f3 req-7bc0b219-7018-4ebb-8a4b-11d07b0b87f3 ] Request (ServersAdminNegativeTestJSON:test_migrate_server_invalid_state): 200 GET http://10.180.1.21/compute/v2.1/servers/de7b7c97-f51c-41de-884f-4ff5e852b67f 0.489s
2025-11-12 18:50:33.501 66040 INFO tempest.lib.common.rest_client [req-cfed1118-bde9-494f-abee-edbe506c642c req-cfed1118-bde9-494f-abee-edbe506c642c ] Request (ServersTestMultiNic:test_verify_multiple_nics_order): 201 POST http://10.180.1.21/networking/v2.0/networks 0.152s
2025-11-12 18:50:33.507 66025 INFO tempest.lib.common.rest_client [req-f2352792-36be-478a-b2b5-1ad1d08b0d1b req-f2352792-36be-478a-b2b5-1ad1d08b0d1b ] Request (ServerAddressesTestJSON:setUpClass): 200 GET http://10.180.1.21/compute/v2.1/servers/04b155da-3a8f-4559-8c39-e8fe12f739d0 0.459s
2025-11-12 18:50:33.646 66023 INFO tempest.lib.common.rest_client [req-68dc13cd-40ae-4b07-acf8-556063caadd0 req-68dc13cd-40ae-4b07-acf8-556063caadd0 ] Request (AttachInterfacesUnderV243Test:test_add_remove_fixed_ip): 200 GET http://10.180.1.21/compute/v2.1/servers/37878dfc-7f8e-4756-8e97-993f7abf9081 0.570s
2025-11-12 18:50:33.691 66017 INFO tempest.lib.common.rest_client [req-f7f0691d-4d76-4273-9221-b2ac8a349762 req-f7f0691d-4d76-4273-9221-b2ac8a349762 ] Request (InstanceActionsNegativeTestJSON:tearDownClass): 200 GET http://10.180.1.21/compute/v2.1/servers/23e4c646-0dee-40b6-b4a3-e3b891f45b5e 0.564s
2025-11-12 18:50:33.739 66040 INFO tempest.lib.common.rest_client [req-a747c9cd-4074-49c7-ad6f-a8c237b77d04 req-a747c9cd-4074-49c7-ad6f-a8c237b77d04 ] Request (ServersTestMultiNic:test_verify_multiple_nics_order): 201 POST http://10.180.1.21/networking/v2.0/subnets 0.238s
2025-11-12 18:50:33.741 66019 INFO tempest.lib.common.rest_client [req-3b8c9b52-a159-4468-afb8-681ff68bf006 req-3b8c9b52-a159-4468-afb8-681ff68bf006 ] Request (ImagesOneServerTestJSON:tearDownClass): 200 GET http://10.180.1.21/compute/v2.1/servers/6d5b359a-49a3-440a-bf26-9acf0e571be3 0.597s
2025-11-12 18:50:33.808 66001 INFO tempest.lib.common.rest_client [req-14d098ea-7f37-4e6d-8705-6307278fac2e req-14d098ea-7f37-4e6d-8705-6307278fac2e ] Request (ImagesTestJSON:test_create_image_from_suspended_server): 200 GET http://10.180.1.21/compute/v2.1/servers/d1f950ca-c309-4e34-b1a8-31454f9c0761 0.507s
2025-11-12 18:50:33.817 66040 INFO tempest.lib.common.rest_client [req-3065804f-aaf6-42e7-96dd-832e983f456f req-3065804f-aaf6-42e7-96dd-832e983f456f ] Request (ServersTestMultiNic:test_verify_multiple_nics_order): 201 POST http://10.180.1.21/identity/v3/auth/tokens 0.074s
2025-11-12 18:50:33.818 66040 INFO tempest.lib.common.fixed_network [-] (ServersTestMultiNic:test_verify_multiple_nics_order) Found network {'id': '90338072-4f97-4274-9bfd-646fde5a7625', 'name': 'tempest-ServersTestMultiNic-607262316-network', 'tenant_id': 'a78b4a107dca477093df00a6eff655a1', 'project_id': 'a78b4a107dca477093df00a6eff655a1', 'admin_state_up': True, 'mtu': 8950, 'status': 'ACTIVE', 'subnets': [], 'shared': False, 'port_security_enabled': True, 'router:external': False, 'provider:network_type': 'vlan', 'provider:physical_network': 'default', 'provider:segmentation_id': 201, 'availability_zone_hints': [], 'availability_zones': [], 'ipv4_address_scope': None, 'ipv6_address_scope': None, 'description': '', 'tags': [], 'created_at': '2025-11-12T18:48:48Z', 'updated_at': '2025-11-12T18:48:48Z', 'revision_number': 1} available for tenant
2025-11-12 18:50:33.823 66001 INFO tempest.common.waiters [-] State transition "BUILD/spawning" ==> "ACTIVE/None" after 42 second wait
2025-11-12 18:50:33.916 66049 INFO tempest.lib.common.rest_client [req-34445f0b-d398-44ba-baac-9b714d6d5bfa req-34445f0b-d398-44ba-baac-9b714d6d5bfa ] Request (VolumesAssistedSnapshotsTest:tearDownClass): 200 GET http://10.180.1.21/compute/v2.1/servers/094adfbd-12e0-482a-b720-df478b814947 0.519s
2025-11-12 18:50:33.988 66047 INFO tempest.lib.common.rest_client [req-6539a8a0-8e24-4160-af8c-08831671b51e req-6539a8a0-8e24-4160-af8c-08831671b51e ] Request (ImagesOneServerNegativeTestJSON:_run_cleanups): 200 GET http://10.180.1.21/compute/v2.1/servers/a717b976-2440-4626-bb42-09242afeb7c4 0.312s
2025-11-12 18:50:34.148 66027 INFO tempest.lib.common.rest_client [req-c16a9da6-1cbc-4ec5-9c8c-a36f62d0fc12 req-c16a9da6-1cbc-4ec5-9c8c-a36f62d0fc12 ] Request (ServersAdminTestJSON:test_list_servers_by_admin_with_all_tenants): 200 GET http://10.180.1.21/compute/v2.1/servers/detail?all_tenants= 0.757s
2025-11-12 18:50:34.148 65999 INFO tempest.lib.common.rest_client [req-77614d48-f666-474d-988c-c761dfa71014 req-77614d48-f666-474d-988c-c761dfa71014 ] Request (ServerPasswordTestJSON:setUpClass): 200 GET http://10.180.1.21/compute/v2.1/servers/6cfce060-66a1-496a-893c-46fecec394d0 0.335s
2025-11-12 18:50:34.173 66027 WARNING tempest.lib.common.rest_client [-] Deprecated: "tenant_id" property is deprecated for removal, use "project_id" instead
2025-11-12 18:50:34.236 66001 INFO tempest.lib.common.rest_client [req-574fbf89-bb05-473d-b4e7-a7ecd36282b6 req-574fbf89-bb05-473d-b4e7-a7ecd36282b6 ] Request (ImagesTestJSON:test_create_image_from_suspended_server): 202 POST http://10.180.1.21/compute/v2.1/servers/d1f950ca-c309-4e34-b1a8-31454f9c0761/action 0.412s
2025-11-12 18:50:34.268 66041 INFO tempest.lib.common.rest_client [req-9bd32e28-799a-4fd4-8847-fe1104633769 req-9bd32e28-799a-4fd4-8847-fe1104633769 ] Request (ServersTestBootFromVolume:setUpClass): 200 GET http://10.180.1.21/volume/v3/volumes/965d9094-ea52-49dc-ad2d-c10307fae6ea 0.032s
2025-11-12 18:50:34.305 66035 INFO tempest.lib.common.rest_client [req-3e7c706a-f53c-41c0-9b36-a63f2c5a9ba8 req-3e7c706a-f53c-41c0-9b36-a63f2c5a9ba8 ] Request (ServerDiskConfigTestJSON:test_rebuild_server_with_auto_disk_config): 200 GET http://10.180.1.21/compute/v2.1/servers/958e31d6-c5b6-4b3c-a46e-bde1f1581de6 0.396s
2025-11-12 18:50:34.313 66035 INFO tempest.common.waiters [-] State transition "BUILD/None" ==> "BUILD/networking" after 34 second wait
2025-11-12 18:50:34.361 66061 INFO tempest.lib.common.rest_client [req-27f9006e-46fc-42ad-8866-6f789cf5a0f0 req-27f9006e-46fc-42ad-8866-6f789cf5a0f0 ] Request (ServerDiagnosticsTest:test_get_server_diagnostics): 200 GET http://10.180.1.21/compute/v2.1/servers/90cd5892-932c-438d-8d28-ab1bac9521d8 0.390s
2025-11-12 18:50:34.404 66003 INFO tempest.lib.common.rest_client [req-06199d24-e4c5-4dbb-aaa8-1f1a43dd0306 req-06199d24-e4c5-4dbb-aaa8-1f1a43dd0306 ] Request (VolumesTestJSON:tearDownClass): 404 GET http://10.180.1.21/volume/v3/volumes/e7800af3-4e6b-4cde-9e26-3745844d264f 0.019s
2025-11-12 18:50:34.424 66021 INFO tempest.lib.common.rest_client [req-36770dfd-30d2-4755-a7bc-221c5382d797 req-36770dfd-30d2-4755-a7bc-221c5382d797 ] Request (AttachVolumeShelveTestJSON:test_attach_volume_shelved_or_offload_server): 200 GET http://10.180.1.21/compute/v2.1/servers/c2b620c4-7979-4883-b089-11a5cebe9699 0.365s
2025-11-12 18:50:34.448 66003 INFO tempest.lib.common.rest_client [req-4f62b530-e334-4c7a-a2e1-182a4f174fac req-4f62b530-e334-4c7a-a2e1-182a4f174fac ] Request (VolumesTestJSON:tearDownClass): 202 DELETE http://10.180.1.21/volume/v3/volumes/3679200f-de57-49c6-8d93-bbb8249fa0ee 0.044s
2025-11-12 18:50:34.479 66003 INFO tempest.lib.common.rest_client [req-afdef7ec-e4b9-480d-bce0-b55c864e0345 req-afdef7ec-e4b9-480d-bce0-b55c864e0345 ] Request (VolumesTestJSON:tearDownClass): 200 GET http://10.180.1.21/volume/v3/volumes/3679200f-de57-49c6-8d93-bbb8249fa0ee 0.030s
2025-11-12 18:50:34.520 66005 INFO tempest.lib.common.rest_client [req-efa0fc29-50f1-4778-915a-71d87ae37821 req-efa0fc29-50f1-4778-915a-71d87ae37821 ] Request (MigrationsAdminTest:test_resize_server_revert_deleted_flavor): 200 GET http://10.180.1.21/compute/v2.1/servers/b7537d11-6896-4fa7-ae9e-930f2454f2d8 0.393s
2025-11-12 18:50:34.613 66045 INFO tempest.lib.common.rest_client [req-7ea073b9-70d5-459c-bce6-71060d2fdc2a req-7ea073b9-70d5-459c-bce6-71060d2fdc2a ] Request (MultipleCreateTestJSON:test_multiple_create_with_reservation_return): 200 GET http://10.180.1.21/compute/v2.1/servers/2d1e4540-3db4-47bf-bb29-143b8b957a15 0.474s
2025-11-12 18:50:34.648 66043 INFO tempest.lib.common.rest_client [req-02401fa4-d45d-473f-9f9e-70a5c1f271e8 req-02401fa4-d45d-473f-9f9e-70a5c1f271e8 ] Request (ListImageFiltersTestJSON:setUpClass): 200 GET http://10.180.1.21/compute/v2.1/images/99bc3941-8628-47da-a2c6-ffd2ad7a1fca 0.476s
2025-11-12 18:50:34.676 66040 INFO tempest.lib.common.rest_client [req-2c4806ed-0f64-4278-a0e2-4f71a2e848a5 req-2c4806ed-0f64-4278-a0e2-4f71a2e848a5 ] Request (ServersTestMultiNic:test_verify_multiple_nics_order): 202 POST http://10.180.1.21/compute/v2.1/servers 0.856s
2025-11-12 18:50:34.689 66027 INFO tempest.lib.common.rest_client [req-26edb9a2-3126-4fa4-9a76-31160d5abcf2 req-26edb9a2-3126-4fa4-9a76-31160d5abcf2 ] Request (ServersAdminTestJSON:test_list_servers_by_admin_with_specified_tenant): 200 GET http://10.180.1.21/compute/v2.1/servers/detail?tenant_id=15717528708a4e16a0065d4d02bcbd5f 0.515s
2025-11-12 18:50:34.769 66051 INFO tempest.lib.common.rest_client [req-49d9d3db-8a85-4255-855e-6ed201eb4137 req-49d9d3db-8a85-4255-855e-6ed201eb4137 ] Request (ServerRescueTestJSONUnderV235:tearDownClass): 200 GET http://10.180.1.21/compute/v2.1/servers/360c1cd2-581b-4736-a06c-0fbc9666d794 0.486s
2025-11-12 18:50:34.850 66013 INFO tempest.lib.common.rest_client [req-5031ba4f-17c9-4aa1-8d94-37c43e202093 req-5031ba4f-17c9-4aa1-8d94-37c43e202093 ] Request (FloatingIPsAssociationTestJSON:tearDownClass): 200 GET http://10.180.1.21/compute/v2.1/servers/a72e2f9e-4d19-4f03-986a-63f25e4c61ca 0.537s
2025-11-12 18:50:34.893 66001 INFO tempest.lib.common.rest_client [req-a11b55ec-a672-4c9b-a586-32b750c52f37 req-a11b55ec-a672-4c9b-a586-32b750c52f37 ] Request (ImagesTestJSON:test_create_image_from_suspended_server): 200 GET http://10.180.1.21/compute/v2.1/servers/d1f950ca-c309-4e34-b1a8-31454f9c0761 0.657s
2025-11-12 18:50:35.027 66025 INFO tempest.lib.common.rest_client [req-89e0ece1-8e5e-407e-be02-83e101809f60 req-89e0ece1-8e5e-407e-be02-83e101809f60 ] Request (ServerAddressesTestJSON:setUpClass): 200 GET http://10.180.1.21/compute/v2.1/servers/04b155da-3a8f-4559-8c39-e8fe12f739d0 0.509s
2025-11-12 18:50:35.090 66007 INFO tempest.lib.common.rest_client [req-5bfa23ee-73f8-4ed8-a6e2-29e4ecf394ef req-5bfa23ee-73f8-4ed8-a6e2-29e4ecf394ef ] Request (ServersAdminNegativeTestJSON:test_migrate_server_invalid_state): 200 GET http://10.180.1.21/compute/v2.1/servers/de7b7c97-f51c-41de-884f-4ff5e852b67f 0.585s
2025-11-12 18:50:35.150 66023 INFO tempest.lib.common.rest_client [req-b3cb770e-8715-403d-b3bd-2777cafea3bf req-b3cb770e-8715-403d-b3bd-2777cafea3bf ] Request (AttachInterfacesUnderV243Test:test_add_remove_fixed_ip): 200 GET http://10.180.1.21/compute/v2.1/servers/37878dfc-7f8e-4756-8e97-993f7abf9081 0.496s
2025-11-12 18:50:35.165 66040 INFO tempest.lib.common.rest_client [req-eb1627b4-a314-4f91-a48b-69270ee4f610 req-eb1627b4-a314-4f91-a48b-69270ee4f610 ] Request (ServersTestMultiNic:test_verify_multiple_nics_order): 200 GET http://10.180.1.21/compute/v2.1/servers/5af9f9ff-2c23-4ff0-90bf-9da5836a9c3e 0.487s
2025-11-12 18:50:35.248 66017 INFO tempest.lib.common.rest_client [req-5f5e3779-8c69-4b7f-ba72-9bff6bf44661 req-5f5e3779-8c69-4b7f-ba72-9bff6bf44661 ] Request (InstanceActionsNegativeTestJSON:tearDownClass): 200 GET http://10.180.1.21/compute/v2.1/servers/23e4c646-0dee-40b6-b4a3-e3b891f45b5e 0.546s
2025-11-12 18:50:35.310 66041 INFO tempest.lib.common.rest_client [req-bfb4876f-2a90-4bd0-a155-c107f473878b req-bfb4876f-2a90-4bd0-a155-c107f473878b ] Request (ServersTestBootFromVolume:setUpClass): 200 GET http://10.180.1.21/volume/v3/volumes/965d9094-ea52-49dc-ad2d-c10307fae6ea 0.031s
2025-11-12 18:50:35.327 66019 INFO tempest.lib.common.rest_client [req-62e75e52-b54c-43c8-8d73-6e451517ea19 req-62e75e52-b54c-43c8-8d73-6e451517ea19 ] Request (ImagesOneServerTestJSON:tearDownClass): 200 GET http://10.180.1.21/compute/v2.1/servers/6d5b359a-49a3-440a-bf26-9acf0e571be3 0.569s
2025-11-12 18:50:35.350 66027 INFO tempest.lib.common.rest_client [req-4ec3107c-9067-47c8-bfa5-baaea40cbe0e req-4ec3107c-9067-47c8-bfa5-baaea40cbe0e ] Request (ServersAdminTestJSON:test_list_servers_by_admin_with_specified_tenant): 200 GET http://10.180.1.21/compute/v2.1/servers/detail?all_tenants=&tenant_id=15717528708a4e16a0065d4d02bcbd5f 0.651s
2025-11-12 18:50:35.393 66049 INFO tempest.lib.common.rest_client [req-830a6b0b-fe06-454a-91d8-a589ee144c41 req-830a6b0b-fe06-454a-91d8-a589ee144c41 ] Request (VolumesAssistedSnapshotsTest:tearDownClass): 200 GET http://10.180.1.21/compute/v2.1/servers/094adfbd-12e0-482a-b720-df478b814947 0.467s
2025-11-12 18:50:35.423 66047 INFO tempest.lib.common.rest_client [req-fc0cb542-1838-43b6-a425-07f77d9675e8 req-fc0cb542-1838-43b6-a425-07f77d9675e8 ] Request (ImagesOneServerNegativeTestJSON:_run_cleanups): 200 GET http://10.180.1.21/compute/v2.1/servers/a717b976-2440-4626-bb42-09242afeb7c4 0.425s
2025-11-12 18:50:35.503 66003 INFO tempest.lib.common.rest_client [req-aecb4dd5-d205-4efc-a32b-ef31e84fa111 req-aecb4dd5-d205-4efc-a32b-ef31e84fa111 ] Request (VolumesTestJSON:tearDownClass): 404 GET http://10.180.1.21/volume/v3/volumes/3679200f-de57-49c6-8d93-bbb8249fa0ee 0.014s
2025-11-12 18:50:35.582 66003 INFO tempest.lib.common.rest_client [req-c624016c-3fd5-41f0-98d5-2a9e10edb0a1 req-c624016c-3fd5-41f0-98d5-2a9e10edb0a1 ] Request (VolumesTestJSON:tearDownClass): 204 DELETE http://10.180.1.21/identity/v3/users/c49b19fbf6464dd8bb4d7b005dbf61a3 0.078s
2025-11-12 18:50:35.582 66003 INFO tempest.lib.common.dynamic_creds [-] Deleting project and security group for project: 6b6eb72b829b4756bf679b090ecab33c
2025-11-12 18:50:35.592 65999 INFO tempest.lib.common.rest_client [req-98814e28-d67b-4a5a-a821-3671602fe64a req-98814e28-d67b-4a5a-a821-3671602fe64a ] Request (ServerPasswordTestJSON:setUpClass): 200 GET http://10.180.1.21/compute/v2.1/servers/6cfce060-66a1-496a-893c-46fecec394d0 0.436s
2025-11-12 18:50:35.615 66035 INFO tempest.lib.common.rest_client [req-1d48dcc7-46b7-4b2d-8b36-784807e23ad6 req-1d48dcc7-46b7-4b2d-8b36-784807e23ad6 ] Request (ServerDiskConfigTestJSON:test_rebuild_server_with_auto_disk_config): 200 GET http://10.180.1.21/compute/v2.1/servers/958e31d6-c5b6-4b3c-a46e-bde1f1581de6 0.301s
2025-11-12 18:50:35.622 66035 INFO tempest.common.waiters [-] State transition "BUILD/networking" ==> "BUILD/spawning" after 35 second wait
2025-11-12 18:50:35.627 66027 INFO tempest.lib.common.rest_client [req-cdb57223-7650-406c-93bf-723cb6e7b71c req-cdb57223-7650-406c-93bf-723cb6e7b71c ] Request (ServersAdminTestJSON:test_list_servers_by_admin_with_specified_tenant): 200 GET http://10.180.1.21/compute/v2.1/servers/detail?all_tenants=&tenant_id=8e700a14e85d41478992f62ceb2f42df 0.265s
2025-11-12 18:50:35.656 66003 INFO tempest.lib.common.rest_client [req-fff2acd0-d9a7-443a-8b09-bff07f3310b7 req-fff2acd0-d9a7-443a-8b09-bff07f3310b7 ] Request (VolumesTestJSON:tearDownClass): 201 POST http://10.180.1.21/identity/v3/auth/tokens 0.074s
2025-11-12 18:50:35.668 66061 INFO tempest.lib.common.rest_client [req-62488821-94d2-4591-b415-03f27bee5933 req-62488821-94d2-4591-b415-03f27bee5933 ] Request (ServerDiagnosticsTest:test_get_server_diagnostics): 200 GET http://10.180.1.21/compute/v2.1/servers/90cd5892-932c-438d-8d28-ab1bac9521d8 0.296s
2025-11-12 18:50:35.687 66021 INFO tempest.lib.common.rest_client [req-26236984-3cfe-4895-98e9-ca01004fc035 req-26236984-3cfe-4895-98e9-ca01004fc035 ] Request (AttachVolumeShelveTestJSON:test_attach_volume_shelved_or_offload_server): 200 GET http://10.180.1.21/compute/v2.1/servers/c2b620c4-7979-4883-b089-11a5cebe9699 0.254s
2025-11-12 18:50:35.846 66003 INFO tempest.lib.common.rest_client [req-a3f02f84-0e9a-41ca-98f3-bb7938865a67 req-a3f02f84-0e9a-41ca-98f3-bb7938865a67 ] Request (VolumesTestJSON:tearDownClass): 200 GET http://10.180.1.21/networking/v2.0/security-groups?tenant_id=6b6eb72b829b4756bf679b090ecab33c&name=default 0.190s
2025-11-12 18:50:35.871 66005 INFO tempest.lib.common.rest_client [req-00ad7218-16ef-4500-b8e7-bdab5961167e req-00ad7218-16ef-4500-b8e7-bdab5961167e ] Request (MigrationsAdminTest:test_resize_server_revert_deleted_flavor): 200 GET http://10.180.1.21/compute/v2.1/servers/b7537d11-6896-4fa7-ae9e-930f2454f2d8 0.342s
2025-11-12 18:50:35.877 66027 INFO tempest.lib.common.rest_client [req-6f0369e4-a2f1-4584-9842-691f22be1e1a req-6f0369e4-a2f1-4584-9842-691f22be1e1a ] Request (ServersAdminTestJSON:test_list_servers_detailed_filter_by_invalid_status): 200 GET http://10.180.1.21/compute/v2.1/servers/detail?status=invalid_status 0.241s
2025-11-12 18:50:35.896 66045 INFO tempest.lib.common.rest_client [req-e2153e9d-c9d3-4384-bdfa-eee94e08b006 req-e2153e9d-c9d3-4384-bdfa-eee94e08b006 ] Request (MultipleCreateTestJSON:test_multiple_create_with_reservation_return): 200 GET http://10.180.1.21/compute/v2.1/servers/2d1e4540-3db4-47bf-bb29-143b8b957a15 0.272s
2025-11-12 18:50:35.932 66043 INFO tempest.lib.common.rest_client [req-ccc8b785-7b03-4a56-856a-2be3f9648047 req-ccc8b785-7b03-4a56-856a-2be3f9648047 ] Request (ListImageFiltersTestJSON:setUpClass): 200 GET http://10.180.1.21/compute/v2.1/images/99bc3941-8628-47da-a2c6-ffd2ad7a1fca 0.280s
2025-11-12 18:50:36.007 66003 INFO tempest.lib.common.rest_client [req-7fa0f257-dad5-4be9-9a7e-e7f7b04bb02a req-7fa0f257-dad5-4be9-9a7e-e7f7b04bb02a ] Request (VolumesTestJSON:tearDownClass): 204 DELETE http://10.180.1.21/networking/v2.0/security-groups/0b8f7b27-913a-4c01-aded-9b561e6da634 0.160s
2025-11-12 18:50:36.033 66051 INFO tempest.lib.common.rest_client [req-eeb1ab4f-8006-41d3-aa22-f413ebe061ea req-eeb1ab4f-8006-41d3-aa22-f413ebe061ea ] Request (ServerRescueTestJSONUnderV235:tearDownClass): 200 GET http://10.180.1.21/compute/v2.1/servers/360c1cd2-581b-4736-a06c-0fbc9666d794 0.255s
2025-11-12 18:50:36.046 66013 INFO tempest.lib.common.rest_client [req-bd5a9756-9d22-45f2-befa-bfd886d6daaf req-bd5a9756-9d22-45f2-befa-bfd886d6daaf ] Request (FloatingIPsAssociationTestJSON:tearDownClass): 200 GET http://10.180.1.21/compute/v2.1/servers/a72e2f9e-4d19-4f03-986a-63f25e4c61ca 0.185s
2025-11-12 18:50:36.081 66003 INFO tempest.lib.common.rest_client [req-99245bca-362b-496f-a0c8-284b46c5c5a6 req-99245bca-362b-496f-a0c8-284b46c5c5a6 ] Request (VolumesTestJSON:tearDownClass): 204 DELETE http://10.180.1.21/identity/v3/projects/6b6eb72b829b4756bf679b090ecab33c 0.073s
2025-11-12 18:50:36.095 66027 INFO tempest.lib.common.rest_client [req-75f0ccf9-fd66-4e08-88fe-6cca50c5e556 req-75f0ccf9-fd66-4e08-88fe-6cca50c5e556 ] Request (ServersAdminTestJSON:test_list_servers_filter_by_error_status): 202 POST http://10.180.1.21/compute/v2.1/servers/fedbf848-9ee2-4b03-acc0-f7e927b84a63/action 0.206s
2025-11-12 18:50:36.148 66001 INFO tempest.lib.common.rest_client [req-68b663f2-f977-4847-b3b3-c04989471cdc req-68b663f2-f977-4847-b3b3-c04989471cdc ] Request (ImagesTestJSON:test_create_image_from_suspended_server): 200 GET http://10.180.1.21/compute/v2.1/servers/d1f950ca-c309-4e34-b1a8-31454f9c0761 0.246s
2025-11-12 18:50:36.163 66025 INFO tempest.lib.common.rest_client [req-aace2681-6127-4929-9096-0c0a01feea69 req-aace2681-6127-4929-9096-0c0a01feea69 ] Request (ServerAddressesTestJSON:setUpClass): 200 GET http://10.180.1.21/compute/v2.1/servers/04b155da-3a8f-4559-8c39-e8fe12f739d0 0.128s
2025-11-12 18:50:36.169 66025 INFO tempest.common.waiters [-] State transition "BUILD/scheduling" ==> "BUILD/None" after 22 second wait
2025-11-12 18:50:36.256 66027 INFO tempest.lib.common.rest_client [req-6a2e185e-26d0-4fc5-8a2a-a756ad65a77a req-6a2e185e-26d0-4fc5-8a2a-a756ad65a77a ] Request (ServersAdminTestJSON:test_list_servers_filter_by_error_status): 200 GET http://10.180.1.21/compute/v2.1/servers?status=error 0.160s
2025-11-12 18:50:36.260 66007 INFO tempest.lib.common.rest_client [req-27404f3a-6c7a-4468-9e58-733b719a21c5 req-27404f3a-6c7a-4468-9e58-733b719a21c5 ] Request (ServersAdminNegativeTestJSON:test_migrate_server_invalid_state): 200 GET http://10.180.1.21/compute/v2.1/servers/de7b7c97-f51c-41de-884f-4ff5e852b67f 0.161s
2025-11-12 18:50:36.310 66023 INFO tempest.lib.common.rest_client [req-48f1c2cd-f574-4a8a-aba6-457bb93ff206 req-48f1c2cd-f574-4a8a-aba6-457bb93ff206 ] Request (AttachInterfacesUnderV243Test:test_add_remove_fixed_ip): 200 GET http://10.180.1.21/compute/v2.1/servers/37878dfc-7f8e-4756-8e97-993f7abf9081 0.149s
2025-11-12 18:50:36.321 66040 INFO tempest.lib.common.rest_client [req-317a9ab4-ba17-495a-acb0-bd5e259ee547 req-317a9ab4-ba17-495a-acb0-bd5e259ee547 ] Request (ServersTestMultiNic:test_verify_multiple_nics_order): 200 GET http://10.180.1.21/compute/v2.1/servers/5af9f9ff-2c23-4ff0-90bf-9da5836a9c3e 0.142s
2025-11-12 18:50:36.351 66041 INFO tempest.lib.common.rest_client [req-63541659-b35d-4d4f-bf25-b993f5d8f081 req-63541659-b35d-4d4f-bf25-b993f5d8f081 ] Request (ServersTestBootFromVolume:setUpClass): 200 GET http://10.180.1.21/volume/v3/volumes/965d9094-ea52-49dc-ad2d-c10307fae6ea 0.032s
2025-11-12 18:50:36.378 66027 INFO tempest.lib.common.rest_client [req-e7f6bc34-a3c1-4300-99a7-748ff1f6bc0d req-e7f6bc34-a3c1-4300-99a7-748ff1f6bc0d ] Request (ServersAdminTestJSON:test_list_servers_filter_by_error_status): 202 POST http://10.180.1.21/compute/v2.1/servers/fedbf848-9ee2-4b03-acc0-f7e927b84a63/action 0.120s
2025-11-12 18:50:36.414 66017 INFO tempest.lib.common.rest_client [req-7149c9e8-3ed7-4829-9149-cf3b882210be req-7149c9e8-3ed7-4829-9149-cf3b882210be ] Request (InstanceActionsNegativeTestJSON:tearDownClass): 200 GET http://10.180.1.21/compute/v2.1/servers/23e4c646-0dee-40b6-b4a3-e3b891f45b5e 0.156s
2025-11-12 18:50:36.466 66019 INFO tempest.lib.common.rest_client [req-4461fcb7-f749-43f1-bfaf-199be2be0e07 req-4461fcb7-f749-43f1-bfaf-199be2be0e07 ] Request (ImagesOneServerTestJSON:tearDownClass): 200 GET http://10.180.1.21/compute/v2.1/servers/6d5b359a-49a3-440a-bf26-9acf0e571be3 0.132s
2025-11-12 18:50:36.522 66049 INFO tempest.lib.common.rest_client [req-761392a4-78d9-487f-b197-a4a4321a0611 req-761392a4-78d9-487f-b197-a4a4321a0611 ] Request (VolumesAssistedSnapshotsTest:tearDownClass): 200 GET http://10.180.1.21/compute/v2.1/servers/094adfbd-12e0-482a-b720-df478b814947 0.118s
2025-11-12 18:50:36.534 66027 INFO tempest.lib.common.rest_client [req-9fdef8d2-0e99-42bc-9bf3-ae5a3caee8c5 req-9fdef8d2-0e99-42bc-9bf3-ae5a3caee8c5 ] Request (ServersAdminTestJSON:test_list_servers_filter_by_error_status): 200 GET http://10.180.1.21/compute/v2.1/servers/fedbf848-9ee2-4b03-acc0-f7e927b84a63 0.156s
2025-11-12 18:50:36.588 66047 INFO tempest.lib.common.rest_client [req-9bd941a1-07e5-4db7-bac6-3d4621a635a2 req-9bd941a1-07e5-4db7-bac6-3d4621a635a2 ] Request (ImagesOneServerNegativeTestJSON:_run_cleanups): 200 GET http://10.180.1.21/compute/v2.1/servers/a717b976-2440-4626-bb42-09242afeb7c4 0.156s
2025-11-12 18:50:36.640 66027 INFO tempest.lib.common.rest_client [req-379ed115-9165-485f-ba42-ffd9558e7ad7 req-379ed115-9165-485f-ba42-ffd9558e7ad7 ] Request (ServersAdminTestJSON:test_list_servers_filter_by_exist_host): 200 GET http://10.180.1.21/compute/v2.1/servers/fedbf848-9ee2-4b03-acc0-f7e927b84a63 0.098s
2025-11-12 18:50:36.665 66053 WARNING tempest.lib.common.ssh [-] Failed to establish authenticated ssh connection to cirros@10.180.180.140 ([Errno None] Unable to connect to port 22 on 10.180.180.140). Number attempts: 4. Retry after 5 seconds.: paramiko.ssh_exception.NoValidConnectionsError: [Errno None] Unable to connect to port 22 on 10.180.180.140
2025-11-12 18:50:36.721 65999 INFO tempest.lib.common.rest_client [req-9d9e6c5d-7e5e-47bb-b887-756c99c39776 req-9d9e6c5d-7e5e-47bb-b887-756c99c39776 ] Request (ServerPasswordTestJSON:setUpClass): 200 GET http://10.180.1.21/compute/v2.1/servers/6cfce060-66a1-496a-893c-46fecec394d0 0.119s
2025-11-12 18:50:36.745 66035 INFO tempest.lib.common.rest_client [req-0193c3aa-ae6b-4c6f-8a97-2878f15680e6 req-0193c3aa-ae6b-4c6f-8a97-2878f15680e6 ] Request (ServerDiskConfigTestJSON:test_rebuild_server_with_auto_disk_config): 200 GET http://10.180.1.21/compute/v2.1/servers/958e31d6-c5b6-4b3c-a46e-bde1f1581de6 0.122s
2025-11-12 18:50:36.805 66061 INFO tempest.lib.common.rest_client [req-0c3bef15-00cb-45c1-9636-1aa72d756e0e req-0c3bef15-00cb-45c1-9636-1aa72d756e0e ] Request (ServerDiagnosticsTest:test_get_server_diagnostics): 200 GET http://10.180.1.21/compute/v2.1/servers/90cd5892-932c-438d-8d28-ab1bac9521d8 0.129s
2025-11-12 18:50:36.813 66061 INFO tempest.common.waiters [-] State transition "BUILD/None" ==> "BUILD/networking" after 36 second wait
2025-11-12 18:50:36.835 66027 INFO tempest.lib.common.rest_client [req-6d4dd5a8-268a-4f13-bbbb-37c255a9fd44 req-6d4dd5a8-268a-4f13-bbbb-37c255a9fd44 ] Request (ServersAdminTestJSON:test_list_servers_filter_by_exist_host): 200 GET http://10.180.1.21/compute/v2.1/servers?host=cpu-1&all_tenants=1 0.186s
2025-11-12 18:50:36.875 66027 INFO tempest.lib.common.rest_client [req-6d37ffa7-1771-4cde-9754-a1dfab380e4c req-6d37ffa7-1771-4cde-9754-a1dfab380e4c ] Request (ServersAdminTestJSON:test_list_servers_filter_by_exist_host): 200 GET http://10.180.1.21/compute/v2.1/servers?host=nonexistent_host&all_tenants=1 0.035s
