2025-11-12 18:52:17.254 66043 INFO tempest.lib.common.dynamic_creds [-] Created isolated network resources for: credentials: Credentials: {'domain_id': 'default', 'domain_name': 'Default', 'username': 'tempest-SecurityGroupRulesTestJSON-1276842070-project-member', 'project_domain_id': 'default', 'project_domain_name': 'Default', 'project_id': '97906529ece845bf9244c79558f64b39', 'project_name': 'tempest-SecurityGroupRulesTestJSON-1276842070', 'tenant_id': '97906529ece845bf9244c79558f64b39', 'tenant_name': 'tempest-SecurityGroupRulesTestJSON-1276842070', 'user_domain_id': 'default', 'user_domain_name': 'Default', 'user_id': '66567b88f8534bd8ab306d59c987cc36', 'system': None}, Network: {'id': '93aaaa33-57a2-4f06-b629-3e8669014fe1', 'name': 'tempest-SecurityGroupRulesTestJSON-1795678649-network', 'tenant_id': '97906529ece845bf9244c79558f64b39', 'project_id': '97906529ece845bf9244c79558f64b39', 'admin_state_up': True, 'mtu': 8950, 'status': 'ACTIVE', 'subnets': [], 'shared': False, 'port_security_enabled': True, 'router:external': False, 'provider:network_type': 'vlan', 'provider:physical_network': 'default', 'provider:segmentation_id': 538, 'availability_zone_hints': [], 'availability_zones': [], 'ipv4_address_scope': None, 'ipv6_address_scope': None, 'description': '', 'tags': [], 'created_at': '2025-11-12T18:52:14Z', 'updated_at': '2025-11-12T18:52:14Z', 'revision_number': 1}, Subnet: {'id': 'fbfc681e-78d7-49e0-99ba-7cdb929930b7', 'name': 'tempest-SecurityGroupRulesTestJSON-1795678649-subnet', 'tenant_id': '97906529ece845bf9244c79558f64b39', 'network_id': '93aaaa33-57a2-4f06-b629-3e8669014fe1', 'ip_version': 4, 'subnetpool_id': None, 'enable_dhcp': True, 'ipv6_ra_mode': None, 'ipv6_address_mode': None, 'gateway_ip': '192.168.128.1', 'cidr': '192.168.128.0/28', 'allocation_pools': [{'start': '192.168.128.2', 'end': '192.168.128.14'}], 'host_routes': [], 'dns_nameservers': [], 'description': '', 'router:external': False, 'service_types': [], 'tags': [], 'created_at': '2025-11-12T18:52:14Z', 'updated_at': '2025-11-12T18:52:14Z', 'revision_number': 0, 'project_id': '97906529ece845bf9244c79558f64b39'}, Router: {'id': 'f8ec594b-2192-4365-aad1-5caa309131ef', 'name': 'tempest-SecurityGroupRulesTestJSON-1795678649-router', 'tenant_id': '97906529ece845bf9244c79558f64b39', 'admin_state_up': True, 'status': 'ACTIVE', 'external_gateway_info': {'network_id': 'e0b471a4-ab87-4f1c-9b9c-9fc7da74adbd', 'external_fixed_ips': [{'subnet_id': 'aeca8ac5-cec6-4aef-80f2-e8b5076303c1', 'ip_address': '10.180.180.230'}], 'enable_snat': True}, 'description': '', 'availability_zones': [], 'distributed': False, 'ha': False, 'availability_zone_hints': [], 'routes': [], 'flavor_id': None, 'tags': [], 'created_at': '2025-11-12T18:52:14Z', 'updated_at': '2025-11-12T18:52:15Z', 'revision_number': 2, 'project_id': '97906529ece845bf9244c79558f64b39'}
2025-11-12 18:52:17.296 66040 INFO tempest.lib.common.rest_client [req-36de788e-7ba0-4288-a4a3-a2c9dee0acfc req-36de788e-7ba0-4288-a4a3-a2c9dee0acfc ] Request (DeleteServersTestJSON:test_delete_active_server): 200 GET http://10.180.1.21/compute/v2.1/servers/739a9fae-097d-46c1-8599-7abbea70f31e 0.790s
2025-11-12 18:52:17.332 66041 INFO tempest.lib.common.rest_client [req-ea02d29f-8999-46e8-8d0a-2b5df3cae665 req-ea02d29f-8999-46e8-8d0a-2b5df3cae665 ] Request (ServersTestBootFromVolume:tearDownClass): 200 GET http://10.180.1.21/compute/v2.1/servers/c8fc5dbc-7739-4f3f-a95a-3e54f9ed23b9 1.380s
2025-11-12 18:52:17.350 66043 INFO tempest.lib.common.rest_client [req-9482cc6a-ecb5-483b-b87a-76246fc4c5c0 req-9482cc6a-ecb5-483b-b87a-76246fc4c5c0 ] Request (SecurityGroupRulesTestJSON:setUpClass): 201 POST http://10.180.1.21/identity/v3/auth/tokens 0.090s
2025-11-12 18:52:17.415 65999 INFO tempest.lib.common.rest_client [req-8694b879-60b9-46b9-af25-b42e5bd90757 req-8694b879-60b9-46b9-af25-b42e5bd90757 ] Request (ServerTagsTestJSON:test_create_delete_tag): 201 PUT http://10.180.1.21/compute/v2.1/servers/c11b15fa-628a-48ff-b197-f082e6859356/tags/tempest-tag-1461583573 0.608s
2025-11-12 18:52:17.465 66027 INFO tempest.lib.common.rest_client [req-26c3dbd4-4fc4-4714-9eb7-72c769dc10e3 req-26c3dbd4-4fc4-4714-9eb7-72c769dc10e3 ] Request (ServersAdminTestJSON:tearDownClass): 200 GET http://10.180.1.21/compute/v2.1/servers/fedbf848-9ee2-4b03-acc0-f7e927b84a63 0.684s
2025-11-12 18:52:17.550 66035 INFO tempest.lib.common.rest_client [req-02823504-17b3-46c4-a767-1a1e33d6c003 req-02823504-17b3-46c4-a767-1a1e33d6c003 ] Request (ServerDiskConfigTestJSON:test_resize_server_from_auto_to_manual): 200 GET http://10.180.1.21/compute/v2.1/servers/6184aebe-657c-4894-93ff-32c692087a6d 0.711s
2025-11-12 18:52:17.563 66035 INFO tempest.common.waiters [-] State transition "BUILD/scheduling" ==> "BUILD/None" after 2 second wait
2025-11-12 18:52:17.578 66005 INFO tempest.lib.common.rest_client [req-40c8f7de-5f0f-4280-b4c2-4fa40bc2a54a req-40c8f7de-5f0f-4280-b4c2-4fa40bc2a54a ] Request (MigrationsAdminTest:test_resize_server_revert_deleted_flavor): 200 GET http://10.180.1.21/compute/v2.1/servers/b7537d11-6896-4fa7-ae9e-930f2454f2d8 0.761s
2025-11-12 18:52:17.589 66005 INFO tempest.common.waiters [-] State transition "RESIZE/resize_migrated" ==> "RESIZE/resize_finish" after 53 second wait
2025-11-12 18:52:17.614 66030 INFO tempest.lib.common.rest_client [req-d62b3fb0-3d4a-447c-b1f9-ced747593252 req-d62b3fb0-3d4a-447c-b1f9-ced747593252 ] Request (AttachInterfacesTestJSON:test_create_list_show_delete_interfaces_by_network_port): 200 GET http://10.180.1.21/compute/v2.1/servers/3d5e03a4-22d9-4b8f-b83e-964de4f6d7c0 0.691s
2025-11-12 18:52:17.642 66047 INFO tempest.lib.common.rest_client [req-5c01619d-30b2-48e2-b717-01cbd37d8b87 req-5c01619d-30b2-48e2-b717-01cbd37d8b87 ] Request (ImagesOneServerNegativeTestJSON:_run_cleanups): 200 GET http://10.180.1.21/compute/v2.1/servers/9d07c09c-1cb0-4f5e-bf5c-eb8cac4ad1c5 0.553s
2025-11-12 18:52:17.753 66021 INFO tempest.lib.common.rest_client [req-ff28b3a9-aafc-4e2b-92a5-dbc362866e25 req-ff28b3a9-aafc-4e2b-92a5-dbc362866e25 ] Request (AttachVolumeShelveTestJSON:test_attach_volume_shelved_or_offload_server): 200 GET http://10.180.1.21/compute/v2.1/servers/c2b620c4-7979-4883-b089-11a5cebe9699 0.362s
2025-11-12 18:52:17.772 65999 INFO tempest.lib.common.rest_client [req-eb24f1c1-3f1b-4ea9-a42f-fc7c1762f5e7 req-eb24f1c1-3f1b-4ea9-a42f-fc7c1762f5e7 ] Request (ServerTagsTestJSON:test_create_delete_tag): 200 GET http://10.180.1.21/compute/v2.1/servers/c11b15fa-628a-48ff-b197-f082e6859356/tags 0.356s
2025-11-12 18:52:17.786 66043 INFO tempest.lib.common.rest_client [req-3a5950c2-37ed-4b7c-b3e8-14b70b2b231b req-3a5950c2-37ed-4b7c-b3e8-14b70b2b231b ] Request (SecurityGroupRulesTestJSON:test_security_group_rules_create): 200 POST http://10.180.1.21/compute/v2.1/os-security-groups 0.435s
2025-11-12 18:52:17.830 66025 INFO tempest.lib.common.rest_client [req-db498508-acea-4dc1-973d-a454641873ff req-db498508-acea-4dc1-973d-a454641873ff ] Request (ServersTestJSON:test_create_server_specify_multibyte_character_name): 200 GET http://10.180.1.21/compute/v2.1/servers/2519c0a2-d085-4890-b942-489459287ae0 0.357s
2025-11-12 18:52:17.846 66013 INFO tempest.lib.common.rest_client [req-c1a97c85-4af3-430a-ae62-883099c0e069 req-c1a97c85-4af3-430a-ae62-883099c0e069 ] Request (ServerRescueNegativeTestJSON:setUpClass): 200 GET http://10.180.1.21/compute/v2.1/servers/ceb9b8c1-06cb-4383-93bb-358f05757abd 0.215s
2025-11-12 18:52:17.982 66007 INFO tempest.lib.common.rest_client [req-6f713239-b4f1-421d-94ae-f47e74490e31 req-6f713239-b4f1-421d-94ae-f47e74490e31 ] Request (ListServerFiltersTestJSON:setUpClass): 200 GET http://10.180.1.21/compute/v2.1/servers/1d2166fe-0de1-48a9-9089-b7ebb8645e27 0.218s
2025-11-12 18:52:18.035 66001 INFO tempest.lib.common.rest_client [req-f406e4a4-ff1a-49b2-84e8-4b02f933c306 req-f406e4a4-ff1a-49b2-84e8-4b02f933c306 ] Request (ImagesTestJSON:test_create_server_from_snapshot): 200 GET http://10.180.1.21/compute/v2.1/servers/23c224aa-0981-4844-86b6-f69aae2354d9 0.374s
2025-11-12 18:52:18.059 65999 INFO tempest.lib.common.rest_client [req-1a6385e2-5913-40a6-a1c2-d05c89ae85fa req-1a6385e2-5913-40a6-a1c2-d05c89ae85fa ] Request (ServerTagsTestJSON:test_create_delete_tag): 204 DELETE http://10.180.1.21/compute/v2.1/servers/c11b15fa-628a-48ff-b197-f082e6859356/tags/tempest-tag-1461583573 0.286s
2025-11-12 18:52:18.102 66023 INFO tempest.lib.common.rest_client [req-16929244-b76f-4aba-b05a-0e4df2b04227 req-16929244-b76f-4aba-b05a-0e4df2b04227 ] Request (AttachInterfacesUnderV243Test:test_add_remove_fixed_ip): 200 GET http://10.180.1.21/compute/v2.1/servers/37878dfc-7f8e-4756-8e97-993f7abf9081/ips 0.243s
2025-11-12 18:52:18.125 65999 INFO tempest.lib.common.rest_client [req-348662df-e0e5-4dd4-af0a-ce468bb2427f req-348662df-e0e5-4dd4-af0a-ce468bb2427f ] Request (ServerTagsTestJSON:test_create_delete_tag): 200 GET http://10.180.1.21/compute/v2.1/servers/c11b15fa-628a-48ff-b197-f082e6859356/tags 0.066s
2025-11-12 18:52:18.193 65999 INFO tempest.lib.common.rest_client [req-d42866b9-159b-4c35-81e3-a39a5e071ab9 req-d42866b9-159b-4c35-81e3-a39a5e071ab9 ] Request (ServerTagsTestJSON:_run_cleanups): 204 DELETE http://10.180.1.21/compute/v2.1/servers/c11b15fa-628a-48ff-b197-f082e6859356/tags 0.066s
2025-11-12 18:52:18.227 66043 INFO tempest.lib.common.rest_client [req-e4b88d4b-22b2-4b25-8193-e550e5157c4f req-e4b88d4b-22b2-4b25-8193-e550e5157c4f ] Request (SecurityGroupRulesTestJSON:test_security_group_rules_create): 200 POST http://10.180.1.21/compute/v2.1/os-security-group-rules 0.438s
2025-11-12 18:52:18.281 65999 INFO tempest.lib.common.rest_client [req-41f8294b-4ebe-4df4-893a-dd71ae1268b0 req-41f8294b-4ebe-4df4-893a-dd71ae1268b0 ] Request (ServerTagsTestJSON:test_delete_all_tags): 201 PUT http://10.180.1.21/compute/v2.1/servers/c11b15fa-628a-48ff-b197-f082e6859356/tags/tempest-tag-528209840 0.086s
2025-11-12 18:52:18.354 65999 INFO tempest.lib.common.rest_client [req-363dcf27-2c27-450d-9f30-3b0c8383b6a6 req-363dcf27-2c27-450d-9f30-3b0c8383b6a6 ] Request (ServerTagsTestJSON:test_delete_all_tags): 201 PUT http://10.180.1.21/compute/v2.1/servers/c11b15fa-628a-48ff-b197-f082e6859356/tags/tempest-tag-959765078 0.071s
2025-11-12 18:52:18.380 66043 INFO tempest.lib.common.rest_client [req-ccfa13fe-887f-4eca-94af-a092ace2e855 req-ccfa13fe-887f-4eca-94af-a092ace2e855 ] Request (SecurityGroupRulesTestJSON:test_security_group_rules_create_with_optional_cidr): 200 POST http://10.180.1.21/compute/v2.1/os-security-groups 0.149s
2025-11-12 18:52:18.416 66040 INFO tempest.lib.common.rest_client [req-05b6e2cc-2e7c-4a75-813f-4aaa9d9368de req-05b6e2cc-2e7c-4a75-813f-4aaa9d9368de ] Request (DeleteServersTestJSON:test_delete_active_server): 200 GET http://10.180.1.21/compute/v2.1/servers/739a9fae-097d-46c1-8599-7abbea70f31e 0.110s
2025-11-12 18:52:18.471 65999 INFO tempest.lib.common.rest_client [req-b6787c7d-3d72-46da-92da-3cb012e67d27 req-b6787c7d-3d72-46da-92da-3cb012e67d27 ] Request (ServerTagsTestJSON:test_delete_all_tags): 204 DELETE http://10.180.1.21/compute/v2.1/servers/c11b15fa-628a-48ff-b197-f082e6859356/tags 0.117s
2025-11-12 18:52:18.554 66041 INFO tempest.lib.common.rest_client [req-04ba81cc-0173-4694-ac72-f1219c5576ee req-04ba81cc-0173-4694-ac72-f1219c5576ee ] Request (ServersTestBootFromVolume:tearDownClass): 200 GET http://10.180.1.21/compute/v2.1/servers/c8fc5dbc-7739-4f3f-a95a-3e54f9ed23b9 0.214s
2025-11-12 18:52:18.606 65999 INFO tempest.lib.common.rest_client [req-cb5e67b6-a865-4d31-8b1f-05147ed3e38b req-cb5e67b6-a865-4d31-8b1f-05147ed3e38b ] Request (ServerTagsTestJSON:test_delete_all_tags): 200 GET http://10.180.1.21/compute/v2.1/servers/c11b15fa-628a-48ff-b197-f082e6859356/tags 0.134s
2025-11-12 18:52:18.639 66043 INFO tempest.lib.common.rest_client [req-3cb14674-12c5-4a51-93b7-a0b9042d8cda req-3cb14674-12c5-4a51-93b7-a0b9042d8cda ] Request (SecurityGroupRulesTestJSON:test_security_group_rules_create_with_optional_cidr): 200 POST http://10.180.1.21/compute/v2.1/os-security-group-rules 0.255s
2025-11-12 18:52:18.756 66035 INFO tempest.lib.common.rest_client [req-67fe6058-8081-4ce4-86c2-c50a088d89b1 req-67fe6058-8081-4ce4-86c2-c50a088d89b1 ] Request (ServerDiskConfigTestJSON:test_resize_server_from_auto_to_manual): 200 GET http://10.180.1.21/compute/v2.1/servers/6184aebe-657c-4894-93ff-32c692087a6d 0.191s
2025-11-12 18:52:18.789 66027 INFO tempest.lib.common.rest_client [req-774bb0de-3abe-4fbb-83bd-71778fb3ac2d req-774bb0de-3abe-4fbb-83bd-71778fb3ac2d ] Request (ServersAdminTestJSON:tearDownClass): 200 GET http://10.180.1.21/compute/v2.1/servers/fedbf848-9ee2-4b03-acc0-f7e927b84a63 0.313s
2025-11-12 18:52:18.849 65999 INFO tempest.lib.common.rest_client [req-194834c1-e4ed-4a86-a356-fed6b42475de req-194834c1-e4ed-4a86-a356-fed6b42475de ] Request (ServerTagsTestJSON:_run_cleanups): 204 DELETE http://10.180.1.21/compute/v2.1/servers/c11b15fa-628a-48ff-b197-f082e6859356/tags 0.242s
2025-11-12 18:52:18.946 66005 INFO tempest.lib.common.rest_client [req-105eab2b-5c7a-4780-a71b-e9f17d8dc44b req-105eab2b-5c7a-4780-a71b-e9f17d8dc44b ] Request (MigrationsAdminTest:test_resize_server_revert_deleted_flavor): 200 GET http://10.180.1.21/compute/v2.1/servers/b7537d11-6896-4fa7-ae9e-930f2454f2d8 0.356s
2025-11-12 18:52:18.968 66030 INFO tempest.lib.common.rest_client [req-43cdabc7-5ddb-409a-8314-3e15ce4b192b req-43cdabc7-5ddb-409a-8314-3e15ce4b192b ] Request (AttachInterfacesTestJSON:test_create_list_show_delete_interfaces_by_network_port): 200 GET http://10.180.1.21/compute/v2.1/servers/3d5e03a4-22d9-4b8f-b83e-964de4f6d7c0 0.342s
2025-11-12 18:52:19.065 66019 WARNING tempest.lib.common.ssh [-] Failed to establish authenticated ssh connection to cirros@10.180.180.239 ([Errno None] Unable to connect to port 22 on 10.180.180.239). Number attempts: 2. Retry after 3 seconds.: paramiko.ssh_exception.NoValidConnectionsError: [Errno None] Unable to connect to port 22 on 10.180.180.239
2025-11-12 18:52:19.081 66043 INFO tempest.lib.common.rest_client [req-e6576230-1529-4d6f-8ece-d344b8a7fcb2 req-e6576230-1529-4d6f-8ece-d344b8a7fcb2 ] Request (SecurityGroupRulesTestJSON:test_security_group_rules_create_with_optional_group_id): 200 POST http://10.180.1.21/compute/v2.1/os-security-groups 0.436s
2025-11-12 18:52:19.149 66047 INFO tempest.lib.common.rest_client [req-2cf2f742-c0ff-4b3e-a8b5-522aa69ea6a9 req-2cf2f742-c0ff-4b3e-a8b5-522aa69ea6a9 ] Request (ImagesOneServerNegativeTestJSON:_run_cleanups): 200 GET http://10.180.1.21/compute/v2.1/servers/9d07c09c-1cb0-4f5e-bf5c-eb8cac4ad1c5 0.497s
2025-11-12 18:52:19.438 66025 INFO tempest.lib.common.rest_client [req-4300e259-9e91-42de-b442-b8bf11622871 req-4300e259-9e91-42de-b442-b8bf11622871 ] Request (ServersTestJSON:test_create_server_specify_multibyte_character_name): 200 GET http://10.180.1.21/compute/v2.1/servers/2519c0a2-d085-4890-b942-489459287ae0 0.600s
2025-11-12 18:52:19.496 66021 INFO tempest.lib.common.rest_client [req-16586eed-0c72-4897-b58b-251e7a32caf6 req-16586eed-0c72-4897-b58b-251e7a32caf6 ] Request (AttachVolumeShelveTestJSON:test_attach_volume_shelved_or_offload_server): 200 GET http://10.180.1.21/compute/v2.1/servers/c2b620c4-7979-4883-b089-11a5cebe9699 0.727s
2025-11-12 18:52:19.502 65999 INFO tempest.lib.common.rest_client [req-c9793450-be27-4cc0-8fdb-d83f03b3ec16 req-c9793450-be27-4cc0-8fdb-d83f03b3ec16 ] Request (ServerTagsTestJSON:test_update_all_tags): 201 PUT http://10.180.1.21/compute/v2.1/servers/c11b15fa-628a-48ff-b197-f082e6859356/tags/tempest-tag-368784152 0.649s
2025-11-12 18:52:19.504 66021 INFO tempest.common.waiters [-] State transition "ACTIVE/shelving_image_uploading" ==> "SHELVED/shelving_offloading" after 21 second wait
2025-11-12 18:52:20.030 66013 INFO tempest.lib.common.rest_client [req-9b8a888c-d3f5-4f93-9695-69505d697672 req-9b8a888c-d3f5-4f93-9695-69505d697672 ] Request (ServerRescueNegativeTestJSON:setUpClass): 200 GET http://10.180.1.21/compute/v2.1/servers/ceb9b8c1-06cb-4383-93bb-358f05757abd 1.175s
2025-11-12 18:52:20.046 66007 INFO tempest.lib.common.rest_client [req-41b2884c-6297-44ae-a882-945c84ec2323 req-41b2884c-6297-44ae-a882-945c84ec2323 ] Request (ListServerFiltersTestJSON:setUpClass): 200 GET http://10.180.1.21/compute/v2.1/servers/1d2166fe-0de1-48a9-9089-b7ebb8645e27 1.053s
2025-11-12 18:52:20.288 66043 INFO tempest.lib.common.rest_client [req-08ffea3d-9ff1-4eb1-84ef-fb86bfddeff5 req-08ffea3d-9ff1-4eb1-84ef-fb86bfddeff5 ] Request (SecurityGroupRulesTestJSON:test_security_group_rules_create_with_optional_group_id): 200 POST http://10.180.1.21/compute/v2.1/os-security-groups 1.204s
2025-11-12 18:52:20.320 66023 INFO tempest.lib.common.rest_client [req-0dcd55b1-5c6b-440b-978e-e93d19fc321f req-0dcd55b1-5c6b-440b-978e-e93d19fc321f ] Request (AttachInterfacesUnderV243Test:test_add_remove_fixed_ip): 200 GET http://10.180.1.21/compute/v2.1/servers/37878dfc-7f8e-4756-8e97-993f7abf9081/ips 1.215s
2025-11-12 18:52:20.475 66001 INFO tempest.lib.common.rest_client [req-491bb552-8b01-4447-b771-be27e614e1c2 req-491bb552-8b01-4447-b771-be27e614e1c2 ] Request (ImagesTestJSON:test_create_server_from_snapshot): 200 GET http://10.180.1.21/compute/v2.1/servers/23c224aa-0981-4844-86b6-f69aae2354d9 1.430s
2025-11-12 18:52:20.493 66040 INFO tempest.lib.common.rest_client [req-2f9a0276-b9e4-45cb-968c-3c4b2551e3a5 req-2f9a0276-b9e4-45cb-968c-3c4b2551e3a5 ] Request (DeleteServersTestJSON:test_delete_active_server): 200 GET http://10.180.1.21/compute/v2.1/servers/739a9fae-097d-46c1-8599-7abbea70f31e 1.066s
2025-11-12 18:52:20.535 65999 INFO tempest.lib.common.rest_client [req-2bcbd492-3b4c-4dd7-8190-9b84ca39a9a0 req-2bcbd492-3b4c-4dd7-8190-9b84ca39a9a0 ] Request (ServerTagsTestJSON:test_update_all_tags): 201 PUT http://10.180.1.21/compute/v2.1/servers/c11b15fa-628a-48ff-b197-f082e6859356/tags/tempest-tag-1384791179 1.031s
2025-11-12 18:52:20.602 66041 INFO tempest.lib.common.rest_client [req-4c15fa3f-52cf-4ba5-ba10-74bb0ec37829 req-4c15fa3f-52cf-4ba5-ba10-74bb0ec37829 ] Request (ServersTestBootFromVolume:tearDownClass): 200 GET http://10.180.1.21/compute/v2.1/servers/c8fc5dbc-7739-4f3f-a95a-3e54f9ed23b9 1.039s
2025-11-12 18:52:20.662 66035 INFO tempest.lib.common.rest_client [req-67fab7e0-4d11-486b-b3e9-4678a7472727 req-67fab7e0-4d11-486b-b3e9-4678a7472727 ] Request (ServerDiskConfigTestJSON:test_resize_server_from_auto_to_manual): 200 GET http://10.180.1.21/compute/v2.1/servers/6184aebe-657c-4894-93ff-32c692087a6d 0.897s
2025-11-12 18:52:20.718 66027 INFO tempest.lib.common.rest_client [req-e3687d42-cde3-4a1a-b572-84bd5b2c9b7c req-e3687d42-cde3-4a1a-b572-84bd5b2c9b7c ] Request (ServersAdminTestJSON:tearDownClass): 200 GET http://10.180.1.21/compute/v2.1/servers/fedbf848-9ee2-4b03-acc0-f7e927b84a63 0.917s
2025-11-12 18:52:20.725 66027 INFO tempest.common.waiters [-] State transition "ACTIVE/deleting" ==> "DELETED/None" after 3 second wait
2025-11-12 18:52:20.800 66030 INFO tempest.lib.common.rest_client [req-35fcdd48-1b69-4812-896a-47847efa1261 req-35fcdd48-1b69-4812-896a-47847efa1261 ] Request (AttachInterfacesTestJSON:test_create_list_show_delete_interfaces_by_network_port): 200 GET http://10.180.1.21/compute/v2.1/servers/3d5e03a4-22d9-4b8f-b83e-964de4f6d7c0 0.823s
2025-11-12 18:52:20.808 66030 INFO tempest.common.waiters [-] State transition "BUILD/None" ==> "BUILD/networking" after 9 second wait
2025-11-12 18:52:20.823 66005 INFO tempest.lib.common.rest_client [req-f0cf238c-125d-4dba-b8a2-c7e8bdf85e15 req-f0cf238c-125d-4dba-b8a2-c7e8bdf85e15 ] Request (MigrationsAdminTest:test_resize_server_revert_deleted_flavor): 200 GET http://10.180.1.21/compute/v2.1/servers/b7537d11-6896-4fa7-ae9e-930f2454f2d8 0.867s
2025-11-12 18:52:20.830 66005 INFO tempest.common.waiters [-] State transition "RESIZE/resize_finish" ==> "VERIFY_RESIZE/None" after 56 second wait
2025-11-12 18:52:20.871 66047 INFO tempest.lib.common.rest_client [req-8656c5cc-246d-48cf-87f3-1e31a89bd131 req-8656c5cc-246d-48cf-87f3-1e31a89bd131 ] Request (ImagesOneServerNegativeTestJSON:_run_cleanups): 200 GET http://10.180.1.21/compute/v2.1/servers/9d07c09c-1cb0-4f5e-bf5c-eb8cac4ad1c5 0.713s
2025-11-12 18:52:21.028 66043 INFO tempest.lib.common.rest_client [req-39362eb9-59ce-4f78-a867-7f11bc6aa0b5 req-39362eb9-59ce-4f78-a867-7f11bc6aa0b5 ] Request (SecurityGroupRulesTestJSON:test_security_group_rules_create_with_optional_group_id): 200 POST http://10.180.1.21/compute/v2.1/os-security-group-rules 0.736s
2025-11-12 18:52:21.030 66043 WARNING tempest.lib.common.rest_client [-] Deprecated: "tenant_id" property is deprecated for removal, use "project_id" instead
2025-11-12 18:52:21.059 66023 INFO tempest.lib.common.rest_client [req-3f056ee1-91bf-4b98-952c-dc29bce3949c req-3f056ee1-91bf-4b98-952c-dc29bce3949c ] Request (AttachInterfacesUnderV243Test:test_add_remove_fixed_ip): 200 GET http://10.180.1.21/compute/v2.1/servers/37878dfc-7f8e-4756-8e97-993f7abf9081 0.736s
2025-11-12 18:52:21.102 66025 INFO tempest.lib.common.rest_client [req-6a6ad6f2-096e-4b66-9ace-ca72b2228e7b req-6a6ad6f2-096e-4b66-9ace-ca72b2228e7b ] Request (ServersTestJSON:test_create_server_specify_multibyte_character_name): 200 GET http://10.180.1.21/compute/v2.1/servers/2519c0a2-d085-4890-b942-489459287ae0 0.655s
2025-11-12 18:52:21.153 65999 INFO tempest.lib.common.rest_client [req-48492387-afca-4017-bc1b-9d5809252294 req-48492387-afca-4017-bc1b-9d5809252294 ] Request (ServerTagsTestJSON:test_update_all_tags): 200 PUT http://10.180.1.21/compute/v2.1/servers/c11b15fa-628a-48ff-b197-f082e6859356/tags 0.617s
2025-11-12 18:52:21.188 66021 INFO tempest.lib.common.rest_client [req-692ffd81-f532-4881-b97c-9fed86855916 req-692ffd81-f532-4881-b97c-9fed86855916 ] Request (AttachVolumeShelveTestJSON:test_attach_volume_shelved_or_offload_server): 200 GET http://10.180.1.21/compute/v2.1/servers/c2b620c4-7979-4883-b089-11a5cebe9699 0.683s
2025-11-12 18:52:21.320 66043 INFO tempest.lib.common.rest_client [req-2d8d232e-e28b-48ea-890e-a11e15bfa32b req-2d8d232e-e28b-48ea-890e-a11e15bfa32b ] Request (SecurityGroupRulesTestJSON:test_security_group_rules_delete_when_peer_group_deleted): 200 POST http://10.180.1.21/compute/v2.1/os-security-groups 0.289s
2025-11-12 18:52:21.387 66013 INFO tempest.lib.common.rest_client [req-427e9878-29cb-4c30-a874-967f099cceb3 req-427e9878-29cb-4c30-a874-967f099cceb3 ] Request (ServerRescueNegativeTestJSON:setUpClass): 200 GET http://10.180.1.21/compute/v2.1/servers/ceb9b8c1-06cb-4383-93bb-358f05757abd 0.345s
2025-11-12 18:52:21.403 66005 INFO tempest.lib.common.rest_client [req-9f47a6f2-c830-421c-941b-af5dc666980a req-9f47a6f2-c830-421c-941b-af5dc666980a ] Request (MigrationsAdminTest:test_resize_server_revert_deleted_flavor): 202 POST http://10.180.1.21/compute/v2.1/servers/b7537d11-6896-4fa7-ae9e-930f2454f2d8/action 0.572s
2025-11-12 18:52:21.436 66023 INFO tempest.lib.common.rest_client [req-1ed2ec07-66fb-484f-87a1-8b2d38dd7e48 req-1ed2ec07-66fb-484f-87a1-8b2d38dd7e48 ] Request (AttachInterfacesUnderV243Test:test_add_remove_fixed_ip): 202 POST http://10.180.1.21/compute/v2.1/servers/37878dfc-7f8e-4756-8e97-993f7abf9081/action 0.364s
2025-11-12 18:52:21.453 65999 INFO tempest.lib.common.rest_client [req-55f1839e-68ac-4c36-807e-c3719fa4b8a3 req-55f1839e-68ac-4c36-807e-c3719fa4b8a3 ] Request (ServerTagsTestJSON:test_update_all_tags): 200 GET http://10.180.1.21/compute/v2.1/servers/c11b15fa-628a-48ff-b197-f082e6859356/tags 0.299s
2025-11-12 18:52:21.494 66007 INFO tempest.lib.common.rest_client [req-77dee33f-2ed2-41a1-9384-4fea88a530e7 req-77dee33f-2ed2-41a1-9384-4fea88a530e7 ] Request (ListServerFiltersTestJSON:setUpClass): 200 GET http://10.180.1.21/compute/v2.1/servers/1d2166fe-0de1-48a9-9089-b7ebb8645e27 0.431s
2025-11-12 18:52:21.589 66043 INFO tempest.lib.common.rest_client [req-b54bb071-a9b7-4318-b16b-584f676d0c2e req-b54bb071-a9b7-4318-b16b-584f676d0c2e ] Request (SecurityGroupRulesTestJSON:test_security_group_rules_delete_when_peer_group_deleted): 200 POST http://10.180.1.21/compute/v2.1/os-security-groups 0.263s
2025-11-12 18:52:21.624 66023 INFO tempest.lib.common.rest_client [req-614a6e5e-6c51-4809-bc4b-dd77634ce401 req-614a6e5e-6c51-4809-bc4b-dd77634ce401 ] Request (AttachInterfacesUnderV243Test:test_add_remove_fixed_ip): 200 GET http://10.180.1.21/compute/v2.1/servers/37878dfc-7f8e-4756-8e97-993f7abf9081/ips 0.187s
2025-11-12 18:52:21.684 65999 INFO tempest.lib.common.rest_client [req-37321380-5cdf-4bb2-933c-43724f2ae5b6 req-37321380-5cdf-4bb2-933c-43724f2ae5b6 ] Request (ServerTagsTestJSON:_run_cleanups): 204 DELETE http://10.180.1.21/compute/v2.1/servers/c11b15fa-628a-48ff-b197-f082e6859356/tags 0.229s
2025-11-12 18:52:21.761 66037 INFO paramiko.transport [-] Connected (version 2.0, client dropbear_2020.81)
2025-11-12 18:52:21.868 66037 INFO paramiko.transport [-] Authentication (publickey) successful!
2025-11-12 18:52:21.874 66037 INFO tempest.lib.common.ssh [-] ssh connection to cirros@10.180.180.213 successfully created
2025-11-12 18:52:21.881 66037 INFO tempest.lib.common.ssh [-] Creating ssh connection to '10.180.180.213:22' as 'cirros' with public key authentication
2025-11-12 18:52:21.885 66005 INFO tempest.lib.common.rest_client [req-9f92aba4-b50c-48ed-a977-a4ab6a3a1ec1 req-9f92aba4-b50c-48ed-a977-a4ab6a3a1ec1 ] Request (MigrationsAdminTest:test_resize_server_revert_deleted_flavor): 200 GET http://10.180.1.21/compute/v2.1/servers/b7537d11-6896-4fa7-ae9e-930f2454f2d8 0.481s
2025-11-12 18:52:21.889 66037 INFO paramiko.transport [-] Connected (version 2.0, client dropbear_2020.81)
2025-11-12 18:52:21.937 66001 INFO tempest.lib.common.rest_client [req-24e53431-b9b3-4381-a4fa-970094e9f078 req-24e53431-b9b3-4381-a4fa-970094e9f078 ] Request (ImagesTestJSON:test_create_server_from_snapshot): 200 GET http://10.180.1.21/compute/v2.1/servers/23c224aa-0981-4844-86b6-f69aae2354d9 0.450s
2025-11-12 18:52:21.963 66037 INFO paramiko.transport [-] Authentication (publickey) successful!
2025-11-12 18:52:21.964 66037 INFO tempest.lib.common.ssh [-] ssh connection to cirros@10.180.180.213 successfully created
2025-11-12 18:52:22.072 66040 INFO tempest.lib.common.rest_client [req-4341f150-4bbc-427b-8f2d-ff6e8577a247 req-4341f150-4bbc-427b-8f2d-ff6e8577a247 ] Request (DeleteServersTestJSON:test_delete_active_server): 200 GET http://10.180.1.21/compute/v2.1/servers/739a9fae-097d-46c1-8599-7abbea70f31e 0.570s
2025-11-12 18:52:22.255 66041 INFO tempest.lib.common.rest_client [req-f45bd3ab-c806-4783-95f0-258a28769909 req-f45bd3ab-c806-4783-95f0-258a28769909 ] Request (ServersTestBootFromVolume:tearDownClass): 200 GET http://10.180.1.21/compute/v2.1/servers/c8fc5dbc-7739-4f3f-a95a-3e54f9ed23b9 0.641s
2025-11-12 18:52:22.262 66041 INFO tempest.common.waiters [-] State transition "ACTIVE/deleting" ==> "DELETED/None" after 5 second wait
2025-11-12 18:52:22.634 66035 INFO tempest.lib.common.rest_client [req-b18dfe3f-e0a8-40de-a1dc-3ac6dcb8825b req-b18dfe3f-e0a8-40de-a1dc-3ac6dcb8825b ] Request (ServerDiskConfigTestJSON:test_resize_server_from_auto_to_manual): 200 GET http://10.180.1.21/compute/v2.1/servers/6184aebe-657c-4894-93ff-32c692087a6d 0.960s
2025-11-12 18:52:22.716 65999 INFO tempest.lib.common.rest_client [req-9feefb67-405b-4cc6-8f08-0e754acc9018 req-9feefb67-405b-4cc6-8f08-0e754acc9018 ] Request (ServerTagsTestJSON:tearDownClass): 204 DELETE http://10.180.1.21/compute/v2.1/servers/c11b15fa-628a-48ff-b197-f082e6859356 1.030s
2025-11-12 18:52:22.793 66043 INFO tempest.lib.common.rest_client [req-4dc11b81-f675-4b5a-a65a-9790000eca03 req-4dc11b81-f675-4b5a-a65a-9790000eca03 ] Request (SecurityGroupRulesTestJSON:test_security_group_rules_delete_when_peer_group_deleted): 200 POST http://10.180.1.21/compute/v2.1/os-security-group-rules 1.196s
2025-11-12 18:52:22.849 66027 INFO tempest.lib.common.rest_client [req-e1a98e1a-fc92-4e31-b98d-a0296edb9738 req-e1a98e1a-fc92-4e31-b98d-a0296edb9738 ] Request (ServersAdminTestJSON:tearDownClass): 200 GET http://10.180.1.21/compute/v2.1/servers/fedbf848-9ee2-4b03-acc0-f7e927b84a63 1.123s
2025-11-12 18:52:23.004 66047 INFO tempest.lib.common.rest_client [req-7a8673a9-cdff-43b3-9fca-c00330ac7251 req-7a8673a9-cdff-43b3-9fca-c00330ac7251 ] Request (ImagesOneServerNegativeTestJSON:_run_cleanups): 200 GET http://10.180.1.21/compute/v2.1/servers/9d07c09c-1cb0-4f5e-bf5c-eb8cac4ad1c5 1.125s
2025-11-12 18:52:23.012 66047 INFO tempest.common.waiters [-] State transition "BUILD/None" ==> "BUILD/networking" after 12 second wait
2025-11-12 18:52:23.035 66030 INFO tempest.lib.common.rest_client [req-3fa0dc82-0dfe-4136-adf3-3b20069f04b0 req-3fa0dc82-0dfe-4136-adf3-3b20069f04b0 ] Request (AttachInterfacesTestJSON:test_create_list_show_delete_interfaces_by_network_port): 200 GET http://10.180.1.21/compute/v2.1/servers/3d5e03a4-22d9-4b8f-b83e-964de4f6d7c0 1.226s
2025-11-12 18:52:23.043 66030 INFO tempest.common.waiters [-] State transition "BUILD/networking" ==> "BUILD/spawning" after 12 second wait
2025-11-12 18:52:23.095 66037 INFO tempest.lib.common.rest_client [req-f0c5b6f8-bec4-419d-8d28-65bb7f104a74 req-f0c5b6f8-bec4-419d-8d28-65bb7f104a74 ] Request (ServerActionsTestJSON:test_reboot_server_hard): 202 POST http://10.180.1.21/compute/v2.1/servers/52102dba-f18b-4bb9-8581-6411b244ebe6/action 1.117s
2025-11-12 18:52:23.177 66025 INFO tempest.lib.common.rest_client [req-067e77b5-0c2b-4558-9b1f-ace735a21394 req-067e77b5-0c2b-4558-9b1f-ace735a21394 ] Request (ServersTestJSON:test_create_server_specify_multibyte_character_name): 200 GET http://10.180.1.21/compute/v2.1/servers/2519c0a2-d085-4890-b942-489459287ae0 1.067s
2025-11-12 18:52:23.444 66013 INFO tempest.lib.common.rest_client [req-e936aab2-d933-4452-a5ba-23c370f2310a req-e936aab2-d933-4452-a5ba-23c370f2310a ] Request (ServerRescueNegativeTestJSON:setUpClass): 200 GET http://10.180.1.21/compute/v2.1/servers/ceb9b8c1-06cb-4383-93bb-358f05757abd 1.044s
2025-11-12 18:52:23.505 66021 INFO tempest.lib.common.rest_client [req-4d6bddbb-048a-4fdc-aec8-65ea466ff0bf req-4d6bddbb-048a-4fdc-aec8-65ea466ff0bf ] Request (AttachVolumeShelveTestJSON:test_attach_volume_shelved_or_offload_server): 200 GET http://10.180.1.21/compute/v2.1/servers/c2b620c4-7979-4883-b089-11a5cebe9699 1.306s
2025-11-12 18:52:23.528 66007 INFO tempest.lib.common.rest_client [req-b02bb7ae-eafe-4b87-9f75-440a50955dbb req-b02bb7ae-eafe-4b87-9f75-440a50955dbb ] Request (ListServerFiltersTestJSON:setUpClass): 200 GET http://10.180.1.21/compute/v2.1/servers/1d2166fe-0de1-48a9-9089-b7ebb8645e27 1.027s
2025-11-12 18:52:23.538 66023 INFO tempest.lib.common.rest_client [req-1907238e-a3bc-4101-9e47-2c898a3d7f87 req-1907238e-a3bc-4101-9e47-2c898a3d7f87 ] Request (AttachInterfacesUnderV243Test:test_add_remove_fixed_ip): 200 GET http://10.180.1.21/compute/v2.1/servers/37878dfc-7f8e-4756-8e97-993f7abf9081/ips 0.911s
2025-11-12 18:52:23.672 65999 INFO tempest.lib.common.rest_client [req-d08b38ab-bc5d-4eff-ab84-863c3c7b81d6 req-d08b38ab-bc5d-4eff-ab84-863c3c7b81d6 ] Request (ServerTagsTestJSON:tearDownClass): 200 GET http://10.180.1.21/compute/v2.1/servers/c11b15fa-628a-48ff-b197-f082e6859356 0.955s
2025-11-12 18:52:23.687 66043 INFO tempest.lib.common.rest_client [req-b4328d13-9d08-43c2-a836-34c744a106d6 req-b4328d13-9d08-43c2-a836-34c744a106d6 ] Request (SecurityGroupRulesTestJSON:test_security_group_rules_delete_when_peer_group_deleted): 202 DELETE http://10.180.1.21/compute/v2.1/os-security-groups/4da4d943-4c70-4ef5-9bab-52ee8a366241 0.889s
2025-11-12 18:52:23.845 66005 INFO tempest.lib.common.rest_client [req-fdefbc8a-ab80-4521-ac2a-a3e2042af115 req-fdefbc8a-ab80-4521-ac2a-a3e2042af115 ] Request (MigrationsAdminTest:test_resize_server_revert_deleted_flavor): 200 GET http://10.180.1.21/compute/v2.1/servers/b7537d11-6896-4fa7-ae9e-930f2454f2d8 0.948s
2025-11-12 18:52:23.847 66001 INFO tempest.lib.common.rest_client [req-55b2f8d9-e623-4f5b-8794-87cc8b7b59ad req-55b2f8d9-e623-4f5b-8794-87cc8b7b59ad ] Request (ImagesTestJSON:test_create_server_from_snapshot): 200 GET http://10.180.1.21/compute/v2.1/servers/23c224aa-0981-4844-86b6-f69aae2354d9 0.901s
2025-11-12 18:52:23.919 66040 INFO tempest.lib.common.rest_client [req-bbe2f936-8f0b-4e1e-9203-dc7a2f215f41 req-bbe2f936-8f0b-4e1e-9203-dc7a2f215f41 ] Request (DeleteServersTestJSON:test_delete_active_server): 200 GET http://10.180.1.21/compute/v2.1/servers/739a9fae-097d-46c1-8599-7abbea70f31e 0.838s
2025-11-12 18:52:24.031 66037 INFO tempest.lib.common.rest_client [req-18bb3815-261e-4232-915e-54922c5ccd26 req-18bb3815-261e-4232-915e-54922c5ccd26 ] Request (ServerActionsTestJSON:test_reboot_server_hard): 200 GET http://10.180.1.21/compute/v2.1/servers/52102dba-f18b-4bb9-8581-6411b244ebe6 0.935s
2025-11-12 18:52:24.039 66041 INFO tempest.lib.common.rest_client [req-7d89b3cb-eac7-4ff3-8ae4-0e483f446d37 req-7d89b3cb-eac7-4ff3-8ae4-0e483f446d37 ] Request (ServersTestBootFromVolume:tearDownClass): 200 GET http://10.180.1.21/compute/v2.1/servers/c8fc5dbc-7739-4f3f-a95a-3e54f9ed23b9 0.775s
2025-11-12 18:52:24.071 66043 INFO tempest.lib.common.rest_client [req-71c7030b-f191-4730-9e45-048ee081507d req-71c7030b-f191-4730-9e45-048ee081507d ] Request (SecurityGroupRulesTestJSON:test_security_group_rules_delete_when_peer_group_deleted): 200 GET http://10.180.1.21/compute/v2.1/os-security-groups/e68994c1-7d51-48d9-92ac-d24cfddfcc2f 0.383s
2025-11-12 18:52:24.100 66035 INFO tempest.lib.common.rest_client [req-d5793f07-6daf-44d4-8305-63ea59f165a8 req-d5793f07-6daf-44d4-8305-63ea59f165a8 ] Request (ServerDiskConfigTestJSON:test_resize_server_from_auto_to_manual): 200 GET http://10.180.1.21/compute/v2.1/servers/6184aebe-657c-4894-93ff-32c692087a6d 0.457s
2025-11-12 18:52:24.135 66027 INFO tempest.lib.common.rest_client [req-b602c6ac-75fe-4b7f-956b-b1d899d2e581 req-b602c6ac-75fe-4b7f-956b-b1d899d2e581 ] Request (ServersAdminTestJSON:tearDownClass): 200 GET http://10.180.1.21/compute/v2.1/servers/fedbf848-9ee2-4b03-acc0-f7e927b84a63 0.277s
2025-11-12 18:52:24.230 66030 INFO tempest.lib.common.rest_client [req-ffa14f4d-4844-4048-82bc-eafaf09e66ad req-ffa14f4d-4844-4048-82bc-eafaf09e66ad ] Request (AttachInterfacesTestJSON:test_create_list_show_delete_interfaces_by_network_port): 200 GET http://10.180.1.21/compute/v2.1/servers/3d5e03a4-22d9-4b8f-b83e-964de4f6d7c0 0.185s
2025-11-12 18:52:24.260 66047 INFO tempest.lib.common.rest_client [req-0fe416ce-da18-404b-924d-50dca4a767ad req-0fe416ce-da18-404b-924d-50dca4a767ad ] Request (ImagesOneServerNegativeTestJSON:_run_cleanups): 200 GET http://10.180.1.21/compute/v2.1/servers/9d07c09c-1cb0-4f5e-bf5c-eb8cac4ad1c5 0.247s
2025-11-12 18:52:24.336 66025 INFO tempest.lib.common.rest_client [req-356ac2c9-b6c3-435c-862e-82ef94069ad6 req-356ac2c9-b6c3-435c-862e-82ef94069ad6 ] Request (ServersTestJSON:test_create_server_specify_multibyte_character_name): 200 GET http://10.180.1.21/compute/v2.1/servers/2519c0a2-d085-4890-b942-489459287ae0 0.151s
2025-11-12 18:52:24.349 66043 INFO tempest.lib.common.rest_client [req-91380304-9569-4693-a2a9-4a33d32ff9b6 req-91380304-9569-4693-a2a9-4a33d32ff9b6 ] Request (SecurityGroupRulesTestJSON:test_security_group_rules_list): 200 POST http://10.180.1.21/compute/v2.1/os-security-groups 0.274s
2025-11-12 18:52:24.565 66043 INFO tempest.lib.common.rest_client [req-694d49e9-0380-44e7-8fca-097500e5ebe5 req-694d49e9-0380-44e7-8fca-097500e5ebe5 ] Request (SecurityGroupRulesTestJSON:test_security_group_rules_list): 200 POST http://10.180.1.21/compute/v2.1/os-security-group-rules 0.212s
2025-11-12 18:52:24.622 66013 INFO tempest.lib.common.rest_client [req-ef0d445d-425f-4f19-a9f8-e54b9f37ebc4 req-ef0d445d-425f-4f19-a9f8-e54b9f37ebc4 ] Request (ServerRescueNegativeTestJSON:setUpClass): 200 GET http://10.180.1.21/compute/v2.1/servers/ceb9b8c1-06cb-4383-93bb-358f05757abd 0.171s
2025-11-12 18:52:24.650 66023 INFO tempest.lib.common.rest_client [req-1d55b556-6b60-483e-8ca3-313d39af5498 req-1d55b556-6b60-483e-8ca3-313d39af5498 ] Request (AttachInterfacesUnderV243Test:test_add_remove_fixed_ip): 200 GET http://10.180.1.21/compute/v2.1/servers/37878dfc-7f8e-4756-8e97-993f7abf9081/ips 0.110s
2025-11-12 18:52:24.706 66021 INFO tempest.lib.common.rest_client [req-63d61e1d-9bdc-446c-8a32-f6b64d9b9291 req-63d61e1d-9bdc-446c-8a32-f6b64d9b9291 ] Request (AttachVolumeShelveTestJSON:test_attach_volume_shelved_or_offload_server): 200 GET http://10.180.1.21/compute/v2.1/servers/c2b620c4-7979-4883-b089-11a5cebe9699 0.188s
2025-11-12 18:52:24.715 66021 INFO tempest.common.waiters [-] State transition "SHELVED/shelving_offloading" ==> "SHELVED_OFFLOADED/None" after 26 second wait
2025-11-12 18:52:24.715 66007 INFO tempest.lib.common.rest_client [req-db5ebd5f-d974-47ee-a6be-cf01a49932da req-db5ebd5f-d974-47ee-a6be-cf01a49932da ] Request (ListServerFiltersTestJSON:setUpClass): 200 GET http://10.180.1.21/compute/v2.1/servers/1d2166fe-0de1-48a9-9089-b7ebb8645e27 0.171s
2025-11-12 18:52:24.794 66023 INFO tempest.lib.common.rest_client [req-6c08e1a8-1167-4931-826d-15ed0e48c6ea req-6c08e1a8-1167-4931-826d-15ed0e48c6ea ] Request (AttachInterfacesUnderV243Test:_run_cleanups): 204 DELETE http://10.180.1.21/compute/v2.1/servers/37878dfc-7f8e-4756-8e97-993f7abf9081 0.142s
2025-11-12 18:52:24.835 66043 INFO tempest.lib.common.rest_client [req-da2c886f-e216-4eb6-875f-4003a4673a14 req-da2c886f-e216-4eb6-875f-4003a4673a14 ] Request (SecurityGroupRulesTestJSON:test_security_group_rules_list): 200 POST http://10.180.1.21/compute/v2.1/os-security-group-rules 0.267s
2025-11-12 18:52:25.035 65999 INFO tempest.lib.common.rest_client [req-6c44670d-cfce-42c4-a1cc-f8d5da805edd req-6c44670d-cfce-42c4-a1cc-f8d5da805edd ] Request (ServerTagsTestJSON:tearDownClass): 200 GET http://10.180.1.21/compute/v2.1/servers/c11b15fa-628a-48ff-b197-f082e6859356 0.349s
2025-11-12 18:52:25.069 66021 INFO tempest.lib.common.rest_client [req-c0c466c9-846d-441b-ac72-984256304d5d req-c0c466c9-846d-441b-ac72-984256304d5d ] Request (AttachVolumeShelveTestJSON:test_attach_volume_shelved_or_offload_server): 200 POST http://10.180.1.21/compute/v2.1/servers/c2b620c4-7979-4883-b089-11a5cebe9699/os-volume_attachments 0.353s
2025-11-12 18:52:25.107 66021 INFO tempest.lib.common.rest_client [req-ec98cc16-6c9d-4b82-b0db-c3405c1e8d72 req-ec98cc16-6c9d-4b82-b0db-c3405c1e8d72 ] Request (AttachVolumeShelveTestJSON:test_attach_volume_shelved_or_offload_server): 200 GET http://10.180.1.21/volume/v3/volumes/2ba012d2-c5da-421d-a0ba-e6fb9a3d3817 0.035s
2025-11-12 18:52:25.113 66021 INFO tempest.common.waiters [-] Attachment 071bb4ae-3e40-4887-ac85-45dfeb91b5e6 created for volume 2ba012d2-c5da-421d-a0ba-e6fb9a3d3817 to server c2b620c4-7979-4883-b089-11a5cebe9699 after waiting for 0.113772 seconds
2025-11-12 18:52:25.144 66021 INFO tempest.lib.common.rest_client [req-974f5346-874b-4e1c-8d0f-827379f9a916 req-974f5346-874b-4e1c-8d0f-827379f9a916 ] Request (AttachVolumeShelveTestJSON:test_attach_volume_shelved_or_offload_server): 200 GET http://10.180.1.21/volume/v3/volumes/2ba012d2-c5da-421d-a0ba-e6fb9a3d3817 0.030s
2025-11-12 18:52:25.151 66021 INFO tempest.common.waiters [-] volume 2ba012d2-c5da-421d-a0ba-e6fb9a3d3817 reached in-use after waiting for 0.151346 seconds
2025-11-12 18:52:25.196 66043 INFO tempest.lib.common.rest_client [req-060835e6-167c-47f3-802f-2c13f25b9cc9 req-060835e6-167c-47f3-802f-2c13f25b9cc9 ] Request (SecurityGroupRulesTestJSON:test_security_group_rules_list): 200 GET http://10.180.1.21/compute/v2.1/os-security-groups/5feec907-18d0-44ae-b29b-01e52c949857 0.357s
2025-11-12 18:52:25.356 66023 INFO tempest.lib.common.rest_client [req-69e11f30-e069-4eb3-af1d-829bf9064c93 req-69e11f30-e069-4eb3-af1d-829bf9064c93 ] Request (AttachInterfacesUnderV243Test:_run_cleanups): 200 GET http://10.180.1.21/compute/v2.1/servers/37878dfc-7f8e-4756-8e97-993f7abf9081 0.561s
2025-11-12 18:52:25.626 66001 INFO tempest.lib.common.rest_client [req-597e68b0-5357-4ba8-97aa-bf664f7e7717 req-597e68b0-5357-4ba8-97aa-bf664f7e7717 ] Request (ImagesTestJSON:test_create_server_from_snapshot): 200 GET http://10.180.1.21/compute/v2.1/servers/23c224aa-0981-4844-86b6-f69aae2354d9 0.771s
2025-11-12 18:52:25.659 66019 WARNING tempest.lib.common.ssh [-] Failed to establish authenticated ssh connection to cirros@10.180.180.239 ([Errno None] Unable to connect to port 22 on 10.180.180.239). Number attempts: 3. Retry after 4 seconds.: paramiko.ssh_exception.NoValidConnectionsError: [Errno None] Unable to connect to port 22 on 10.180.180.239
2025-11-12 18:52:25.838 66005 INFO tempest.lib.common.rest_client [req-1cf093b3-0e6d-4dbf-a5a8-dae373453656 req-1cf093b3-0e6d-4dbf-a5a8-dae373453656 ] Request (MigrationsAdminTest:test_resize_server_revert_deleted_flavor): 200 GET http://10.180.1.21/compute/v2.1/servers/b7537d11-6896-4fa7-ae9e-930f2454f2d8 0.977s
2025-11-12 18:52:25.895 66040 INFO tempest.lib.common.rest_client [req-ec94ab0c-a394-4db6-881d-6bb68992985e req-ec94ab0c-a394-4db6-881d-6bb68992985e ] Request (DeleteServersTestJSON:test_delete_active_server): 200 GET http://10.180.1.21/compute/v2.1/servers/739a9fae-097d-46c1-8599-7abbea70f31e 0.964s
2025-11-12 18:52:26.163 66041 INFO tempest.lib.common.rest_client [req-408baeb2-32f1-4627-b6c8-dc19d014222c req-408baeb2-32f1-4627-b6c8-dc19d014222c ] Request (ServersTestBootFromVolume:tearDownClass): 200 GET http://10.180.1.21/compute/v2.1/servers/c8fc5dbc-7739-4f3f-a95a-3e54f9ed23b9 1.117s
2025-11-12 18:52:26.220 66037 INFO tempest.lib.common.rest_client [req-c50a5c51-03ea-4d0a-809f-6f92d8e614ed req-c50a5c51-03ea-4d0a-809f-6f92d8e614ed ] Request (ServerActionsTestJSON:test_reboot_server_hard): 200 GET http://10.180.1.21/compute/v2.1/servers/52102dba-f18b-4bb9-8581-6411b244ebe6 1.182s
2025-11-12 18:52:26.241 66035 INFO tempest.lib.common.rest_client [req-ed6d4f49-51d1-44b1-825d-cd6ddff39f14 req-ed6d4f49-51d1-44b1-825d-cd6ddff39f14 ] Request (ServerDiskConfigTestJSON:test_resize_server_from_auto_to_manual): 200 GET http://10.180.1.21/compute/v2.1/servers/6184aebe-657c-4894-93ff-32c692087a6d 1.132s
2025-11-12 18:52:26.285 66027 INFO tempest.lib.common.rest_client [req-7edb7a64-86bd-43c8-bf28-8d11b2af42b8 req-7edb7a64-86bd-43c8-bf28-8d11b2af42b8 ] Request (ServersAdminTestJSON:tearDownClass): 200 GET http://10.180.1.21/compute/v2.1/servers/fedbf848-9ee2-4b03-acc0-f7e927b84a63 1.140s
2025-11-12 18:52:26.333 66021 INFO tempest.lib.common.rest_client [req-1ce17592-1504-43fd-90b0-6bbbf5ec6b98 req-1ce17592-1504-43fd-90b0-6bbbf5ec6b98 ] Request (AttachVolumeShelveTestJSON:test_attach_volume_shelved_or_offload_server): 202 POST http://10.180.1.21/compute/v2.1/servers/c2b620c4-7979-4883-b089-11a5cebe9699/action 1.181s
2025-11-12 18:52:26.442 66043 INFO tempest.lib.common.rest_client [req-3d2fbc94-7892-4869-90d6-2b7aeeb8f439 req-3d2fbc94-7892-4869-90d6-2b7aeeb8f439 ] Request (SecurityGroupRulesTestJSON:_run_cleanups): 202 DELETE http://10.180.1.21/compute/v2.1/os-security-group-rules/72560f37-c961-4f55-a982-d7baca5e9637 1.240s
2025-11-12 18:52:26.488 66030 INFO tempest.lib.common.rest_client [req-74f6f73f-40a4-4a64-93d6-8d3c58219a8f req-74f6f73f-40a4-4a64-93d6-8d3c58219a8f ] Request (AttachInterfacesTestJSON:test_create_list_show_delete_interfaces_by_network_port): 200 GET http://10.180.1.21/compute/v2.1/servers/3d5e03a4-22d9-4b8f-b83e-964de4f6d7c0 1.251s
2025-11-12 18:52:26.550 66025 INFO tempest.lib.common.rest_client [req-c6a9aa59-0a91-4eae-a3dc-c616f5b12b9f req-c6a9aa59-0a91-4eae-a3dc-c616f5b12b9f ] Request (ServersTestJSON:test_create_server_specify_multibyte_character_name): 200 GET http://10.180.1.21/compute/v2.1/servers/2519c0a2-d085-4890-b942-489459287ae0 1.204s
2025-11-12 18:52:26.557 66025 INFO tempest.common.waiters [-] State transition "BUILD/None" ==> "BUILD/networking" after 14 second wait
2025-11-12 18:52:26.581 66047 INFO tempest.lib.common.rest_client [req-aaa9a8ad-c387-402a-b8d4-2fdba0b9c306 req-aaa9a8ad-c387-402a-b8d4-2fdba0b9c306 ] Request (ImagesOneServerNegativeTestJSON:_run_cleanups): 200 GET http://10.180.1.21/compute/v2.1/servers/9d07c09c-1cb0-4f5e-bf5c-eb8cac4ad1c5 1.313s
2025-11-12 18:52:26.588 66047 INFO tempest.common.waiters [-] State transition "BUILD/networking" ==> "BUILD/spawning" after 15 second wait
2025-11-12 18:52:26.616 66013 INFO tempest.lib.common.rest_client [req-8ad1e6e8-75d8-4380-9e96-f9a3a325526d req-8ad1e6e8-75d8-4380-9e96-f9a3a325526d ] Request (ServerRescueNegativeTestJSON:setUpClass): 200 GET http://10.180.1.21/compute/v2.1/servers/ceb9b8c1-06cb-4383-93bb-358f05757abd 0.982s
2025-11-12 18:52:26.642 66007 INFO tempest.lib.common.rest_client [req-4aae4758-1b3c-4046-8076-7ecfb4fd0c55 req-4aae4758-1b3c-4046-8076-7ecfb4fd0c55 ] Request (ListServerFiltersTestJSON:setUpClass): 200 GET http://10.180.1.21/compute/v2.1/servers/1d2166fe-0de1-48a9-9089-b7ebb8645e27 0.919s
2025-11-12 18:52:26.781 65999 INFO tempest.lib.common.rest_client [req-b0da5359-6964-48f6-acbe-d8d420f3fba7 req-b0da5359-6964-48f6-acbe-d8d420f3fba7 ] Request (ServerTagsTestJSON:tearDownClass): 200 GET http://10.180.1.21/compute/v2.1/servers/c11b15fa-628a-48ff-b197-f082e6859356 0.735s
2025-11-12 18:52:26.849 66021 INFO tempest.lib.common.rest_client [req-061aa52d-21be-4668-8706-f4956fbbc2fa req-061aa52d-21be-4668-8706-f4956fbbc2fa ] Request (AttachVolumeShelveTestJSON:test_attach_volume_shelved_or_offload_server): 200 GET http://10.180.1.21/compute/v2.1/servers/c2b620c4-7979-4883-b089-11a5cebe9699 0.515s
2025-11-12 18:52:26.988 66023 INFO tempest.lib.common.rest_client [req-5e7bee2a-3756-4a13-a83d-8f6328c3fee4 req-5e7bee2a-3756-4a13-a83d-8f6328c3fee4 ] Request (AttachInterfacesUnderV243Test:_run_cleanups): 200 GET http://10.180.1.21/compute/v2.1/servers/37878dfc-7f8e-4756-8e97-993f7abf9081 0.619s
2025-11-12 18:52:27.085 66043 INFO tempest.lib.common.rest_client [req-e9530f28-34b6-43e2-93a8-5d8a5900bc07 req-e9530f28-34b6-43e2-93a8-5d8a5900bc07 ] Request (SecurityGroupRulesTestJSON:tearDownClass): 202 DELETE http://10.180.1.21/compute/v2.1/os-security-groups/5feec907-18d0-44ae-b29b-01e52c949857 0.641s
2025-11-12 18:52:27.277 66001 INFO tempest.lib.common.rest_client [req-80a8c8b0-b0f5-46b8-8201-c727fca4800b req-80a8c8b0-b0f5-46b8-8201-c727fca4800b ] Request (ImagesTestJSON:test_create_server_from_snapshot): 200 GET http://10.180.1.21/compute/v2.1/servers/23c224aa-0981-4844-86b6-f69aae2354d9 0.633s
2025-11-12 18:52:27.372 66005 INFO tempest.lib.common.rest_client [req-c64ea229-301e-4987-99e6-55c99649619b req-c64ea229-301e-4987-99e6-55c99649619b ] Request (MigrationsAdminTest:test_resize_server_revert_deleted_flavor): 200 GET http://10.180.1.21/compute/v2.1/servers/b7537d11-6896-4fa7-ae9e-930f2454f2d8 0.523s
2025-11-12 18:52:27.448 66040 INFO tempest.lib.common.rest_client [req-3d454559-9c58-43c4-a025-fb0f8c317b75 req-3d454559-9c58-43c4-a025-fb0f8c317b75 ] Request (DeleteServersTestJSON:test_delete_active_server): 200 GET http://10.180.1.21/compute/v2.1/servers/739a9fae-097d-46c1-8599-7abbea70f31e 0.545s
2025-11-12 18:52:27.484 66043 INFO tempest.lib.common.rest_client [req-dc54bf39-d36b-4b61-ab75-c5afa519bd19 req-dc54bf39-d36b-4b61-ab75-c5afa519bd19 ] Request (SecurityGroupRulesTestJSON:tearDownClass): 404 DELETE http://10.180.1.21/compute/v2.1/os-security-groups/4da4d943-4c70-4ef5-9bab-52ee8a366241 0.398s
2025-11-12 18:52:27.571 66041 INFO tempest.lib.common.rest_client [req-b685320f-905f-4d6e-b5b8-0ac9bbc08b7f req-b685320f-905f-4d6e-b5b8-0ac9bbc08b7f ] Request (ServersTestBootFromVolume:tearDownClass): 200 GET http://10.180.1.21/compute/v2.1/servers/c8fc5dbc-7739-4f3f-a95a-3e54f9ed23b9 0.398s
2025-11-12 18:52:27.731 66035 INFO tempest.lib.common.rest_client [req-c8a0dbdb-fac1-4934-9505-0a30407200ef req-c8a0dbdb-fac1-4934-9505-0a30407200ef ] Request (ServerDiskConfigTestJSON:test_resize_server_from_auto_to_manual): 200 GET http://10.180.1.21/compute/v2.1/servers/6184aebe-657c-4894-93ff-32c692087a6d 0.481s
2025-11-12 18:52:27.763 66037 INFO tempest.lib.common.rest_client [req-feeabb52-8420-4d61-bbff-806b4bd1bf13 req-feeabb52-8420-4d61-bbff-806b4bd1bf13 ] Request (ServerActionsTestJSON:test_reboot_server_hard): 200 GET http://10.180.1.21/compute/v2.1/servers/52102dba-f18b-4bb9-8581-6411b244ebe6 0.533s
2025-11-12 18:52:27.771 66037 INFO tempest.common.waiters [-] State transition "HARD_REBOOT/rebooting_hard" ==> "HARD_REBOOT/reboot_pending_hard" after 3 second wait
2025-11-12 18:52:27.913 66027 INFO tempest.lib.common.rest_client [req-f0d5c329-7a4b-4de1-82d8-75c5be393b99 req-f0d5c329-7a4b-4de1-82d8-75c5be393b99 ] Request (ServersAdminTestJSON:tearDownClass): 200 GET http://10.180.1.21/compute/v2.1/servers/fedbf848-9ee2-4b03-acc0-f7e927b84a63 0.620s
2025-11-12 18:52:28.099 66043 INFO tempest.lib.common.rest_client [req-11f2b4ea-a391-4816-a84e-3d6fe675c851 req-11f2b4ea-a391-4816-a84e-3d6fe675c851 ] Request (SecurityGroupRulesTestJSON:tearDownClass): 202 DELETE http://10.180.1.21/compute/v2.1/os-security-groups/e68994c1-7d51-48d9-92ac-d24cfddfcc2f 0.614s
2025-11-12 18:52:28.364 66030 INFO tempest.lib.common.rest_client [req-446dd1d7-6d51-41b0-8225-a172bb27d84c req-446dd1d7-6d51-41b0-8225-a172bb27d84c ] Request (AttachInterfacesTestJSON:test_create_list_show_delete_interfaces_by_network_port): 200 GET http://10.180.1.21/compute/v2.1/servers/3d5e03a4-22d9-4b8f-b83e-964de4f6d7c0 0.866s
2025-11-12 18:52:28.604 66025 INFO tempest.lib.common.rest_client [req-968ffa3b-ee17-4690-ab63-d8565d0a56cc req-968ffa3b-ee17-4690-ab63-d8565d0a56cc ] Request (ServersTestJSON:test_create_server_specify_multibyte_character_name): 200 GET http://10.180.1.21/compute/v2.1/servers/2519c0a2-d085-4890-b942-489459287ae0 1.046s
2025-11-12 18:52:28.613 66025 INFO tempest.common.waiters [-] State transition "BUILD/networking" ==> "BUILD/spawning" after 16 second wait
2025-11-12 18:52:28.663 66013 INFO tempest.lib.common.rest_client [req-05884482-c611-4e5d-89dc-8c2560df59f5 req-05884482-c611-4e5d-89dc-8c2560df59f5 ] Request (ServerRescueNegativeTestJSON:setUpClass): 200 GET http://10.180.1.21/compute/v2.1/servers/ceb9b8c1-06cb-4383-93bb-358f05757abd 1.039s
