2025-11-12 18:50:15.872 66023 INFO tempest.lib.common.rest_client [req-09ae1898-2e8b-497e-ae39-6a2d6b425cb7 req-09ae1898-2e8b-497e-ae39-6a2d6b425cb7 ] Request (AttachInterfacesUnderV243Test:test_add_remove_fixed_ip): 200 GET http://10.180.1.21/compute/v2.1/servers/37878dfc-7f8e-4756-8e97-993f7abf9081 0.451s
2025-11-12 18:50:15.891 66017 INFO tempest.lib.common.rest_client [req-cd33c833-220c-4cbe-903e-c9b9ec4ea9d7 req-cd33c833-220c-4cbe-903e-c9b9ec4ea9d7 ] Request (InstanceActionsNegativeTestJSON:tearDownClass): 200 GET http://10.180.1.21/compute/v2.1/servers/23e4c646-0dee-40b6-b4a3-e3b891f45b5e 0.305s
2025-11-12 18:50:15.916 66041 INFO tempest.lib.common.rest_client [req-933d02cf-0e98-463c-8188-43a77254fe5b req-933d02cf-0e98-463c-8188-43a77254fe5b ] Request (DeleteServersAdminTestJSON:test_delete_server_while_in_error_state): 404 GET http://10.180.1.21/compute/v2.1/servers/a2e93e9f-472b-4ca1-b6d4-23a1dffb6dc9 0.231s
2025-11-12 18:50:15.920 66009 INFO tempest.lib.common.rest_client [req-5349f9a7-19a6-4a14-add5-daa89176c572 req-5349f9a7-19a6-4a14-add5-daa89176c572 ] Request (VolumesNegativeTest:setUpClass): 201 POST http://10.180.1.21/identity/v3/auth/tokens 0.087s
2025-11-12 18:50:15.981 66027 INFO tempest.lib.common.rest_client [req-8c53fbb8-86c0-4e69-baf3-72beb91d6c87 req-8c53fbb8-86c0-4e69-baf3-72beb91d6c87 ] Request (ServersAdminTestJSON:test_inject_network_info): 200 GET http://10.180.1.21/compute/v2.1/servers/1740776a-3140-49bc-812c-b4a7a9a1a38a 0.386s
2025-11-12 18:50:15.985 66009 INFO tempest.lib.common.rest_client [req-0284d2a3-6999-41cb-be21-fba9e8c15a03 req-0284d2a3-6999-41cb-be21-fba9e8c15a03 ] Request (VolumesNegativeTest:setUpClass): 201 POST http://10.180.1.21/identity/v3/auth/tokens 0.062s
2025-11-12 18:50:16.018 66009 INFO tempest.lib.common.rest_client [req-c0f523a2-ca24-4934-ad89-090a94e77366 req-c0f523a2-ca24-4934-ad89-090a94e77366 ] Request (VolumesNegativeTest:setUpClass): 200 GET http://10.180.1.21/identity/v3/domains?name=Default 0.033s
2025-11-12 18:50:16.060 66009 INFO tempest.lib.common.rest_client [req-ac006b45-9161-4438-bd14-38f76a7f8b14 req-ac006b45-9161-4438-bd14-38f76a7f8b14 ] Request (VolumesNegativeTest:setUpClass): 201 POST http://10.180.1.21/identity/v3/projects 0.041s
2025-11-12 18:50:16.137 66009 INFO tempest.lib.common.rest_client [req-165becd8-2b1d-4a60-8734-3ad22a0bcbb1 req-165becd8-2b1d-4a60-8734-3ad22a0bcbb1 ] Request (VolumesNegativeTest:setUpClass): 201 POST http://10.180.1.21/identity/v3/users 0.077s
2025-11-12 18:50:16.138 66001 INFO tempest.lib.common.rest_client [req-f6724229-c8a9-4c34-b1a8-6b2b8b3c7bc1 req-f6724229-c8a9-4c34-b1a8-6b2b8b3c7bc1 ] Request (ImagesTestJSON:test_create_image_from_suspended_server): 200 GET http://10.180.1.21/compute/v2.1/servers/d1f950ca-c309-4e34-b1a8-31454f9c0761 0.398s
2025-11-12 18:50:16.179 66009 INFO tempest.lib.common.rest_client [req-69d4203f-7662-43aa-af74-95890d6773d0 req-69d4203f-7662-43aa-af74-95890d6773d0 ] Request (VolumesNegativeTest:setUpClass): 200 GET http://10.180.1.21/identity/v3/roles 0.041s
2025-11-12 18:50:16.217 66009 INFO tempest.lib.common.rest_client [req-b2406c42-c02e-40b5-ac1b-2a75239e4643 req-b2406c42-c02e-40b5-ac1b-2a75239e4643 ] Request (VolumesNegativeTest:setUpClass): 204 PUT http://10.180.1.21/identity/v3/projects/a8d875333d2d4b9d82a253cc45a693bf/users/835c1d7b0bab4e18bdd560095b495ed8/roles/19d8ddda8cd640488dabfe371d995af6 0.037s
2025-11-12 18:50:16.217 66009 INFO tempest.lib.common.dynamic_creds [-] Dynamic test user 835c1d7b0bab4e18bdd560095b495ed8 is created with scope project and roles: ['member']
2025-11-12 18:50:16.217 66009 INFO tempest.lib.common.dynamic_creds [-] Acquired dynamic creds: credentials: Credentials: {'domain_id': 'default', 'domain_name': 'Default', 'username': 'tempest-VolumesNegativeTest-257439716-project-member', 'project_domain_id': 'default', 'project_domain_name': 'Default', 'project_id': 'a8d875333d2d4b9d82a253cc45a693bf', 'project_name': 'tempest-VolumesNegativeTest-257439716', 'tenant_id': 'a8d875333d2d4b9d82a253cc45a693bf', 'tenant_name': 'tempest-VolumesNegativeTest-257439716', 'user_domain_id': 'default', 'user_domain_name': 'Default', 'user_id': '835c1d7b0bab4e18bdd560095b495ed8', 'system': None}, Network: None, Subnet: None, Router: None
2025-11-12 18:50:16.217 66009 INFO tempest.lib.common.dynamic_creds [-] Created isolated network resources for: credentials: Credentials: {'domain_id': 'default', 'domain_name': 'Default', 'username': 'tempest-VolumesNegativeTest-257439716-project-member', 'project_domain_id': 'default', 'project_domain_name': 'Default', 'project_id': 'a8d875333d2d4b9d82a253cc45a693bf', 'project_name': 'tempest-VolumesNegativeTest-257439716', 'tenant_id': 'a8d875333d2d4b9d82a253cc45a693bf', 'tenant_name': 'tempest-VolumesNegativeTest-257439716', 'user_domain_id': 'default', 'user_domain_name': 'Default', 'user_id': '835c1d7b0bab4e18bdd560095b495ed8', 'system': None}, Network: None, Subnet: None, Router: None
2025-11-12 18:50:16.228 66047 INFO tempest.lib.common.rest_client [req-85abaf14-e11a-49c1-8b31-3efa28357432 req-85abaf14-e11a-49c1-8b31-3efa28357432 ] Request (ImagesOneServerNegativeTestJSON:_run_cleanups): 200 GET http://10.180.1.21/compute/v2.1/servers/a717b976-2440-4626-bb42-09242afeb7c4 0.535s
2025-11-12 18:50:16.307 66009 INFO tempest.lib.common.rest_client [req-3427392b-95ef-499e-93f1-241e9b8b1f51 req-3427392b-95ef-499e-93f1-241e9b8b1f51 ] Request (VolumesNegativeTest:setUpClass): 201 POST http://10.180.1.21/identity/v3/auth/tokens 0.086s
2025-11-12 18:50:16.313 65999 INFO tempest.lib.common.rest_client [req-68055583-1f92-41f9-9cb6-0371bc49c03e req-68055583-1f92-41f9-9cb6-0371bc49c03e ] Request (ServerPasswordTestJSON:setUpClass): 200 GET http://10.180.1.21/compute/v2.1/servers/6cfce060-66a1-496a-893c-46fecec394d0 0.551s
2025-11-12 18:50:16.363 66035 INFO tempest.lib.common.rest_client [req-c4423a30-1d0e-4ac8-a38b-dff2be5e19d9 req-c4423a30-1d0e-4ac8-a38b-dff2be5e19d9 ] Request (ServerDiskConfigTestJSON:test_rebuild_server_with_auto_disk_config): 200 GET http://10.180.1.21/compute/v2.1/servers/958e31d6-c5b6-4b3c-a46e-bde1f1581de6 0.546s
2025-11-12 18:50:16.378 66037 WARNING tempest.lib.common.ssh [-] Failed to establish authenticated ssh connection to cirros@10.180.180.213 ([Errno None] Unable to connect to port 22 on 10.180.180.213). Number attempts: 3. Retry after 4 seconds.: paramiko.ssh_exception.NoValidConnectionsError: [Errno None] Unable to connect to port 22 on 10.180.180.213
2025-11-12 18:50:16.388 66003 INFO tempest.lib.common.rest_client [req-c9001c25-0a39-4c12-86b9-6f800cb15462 req-c9001c25-0a39-4c12-86b9-6f800cb15462 ] Request (ServersTestFqdnHostnames:tearDownClass): 200 PUT http://10.180.1.21/networking/v2.0/routers/0893d359-b211-4083-acb9-65530229093d/remove_router_interface 0.915s
2025-11-12 18:50:16.403 66043 INFO tempest.lib.common.rest_client [req-5c8d6b34-d321-4298-875f-3dcfe25e8e46 req-5c8d6b34-d321-4298-875f-3dcfe25e8e46 ] Request (ListImageFiltersTestJSON:setUpClass): 200 GET http://10.180.1.21/compute/v2.1/images/43daf1e8-72ef-4c31-9694-64d1832ee463 0.530s
2025-11-12 18:50:16.420 66061 INFO tempest.lib.common.rest_client [req-83cb0fd8-8a3f-4c6e-96a9-0d1363543cab req-83cb0fd8-8a3f-4c6e-96a9-0d1363543cab ] Request (ServerDiagnosticsTest:test_get_server_diagnostics): 200 GET http://10.180.1.21/compute/v2.1/servers/90cd5892-932c-438d-8d28-ab1bac9521d8 0.587s
2025-11-12 18:50:16.448 66041 INFO tempest.lib.common.rest_client [req-189c851b-22e2-4085-994c-562c1847efac req-189c851b-22e2-4085-994c-562c1847efac ] Request (DeleteServersAdminTestJSON:tearDownClass): 404 DELETE http://10.180.1.21/compute/v2.1/servers/a2e93e9f-472b-4ca1-b6d4-23a1dffb6dc9 0.527s
2025-11-12 18:50:16.466 66021 INFO tempest.lib.common.rest_client [req-bbf5b907-1db2-4fe8-8402-b5286bc429af req-bbf5b907-1db2-4fe8-8402-b5286bc429af ] Request (AttachVolumeShelveTestJSON:test_attach_volume_shelved_or_offload_server): 200 GET http://10.180.1.21/compute/v2.1/servers/c2b620c4-7979-4883-b089-11a5cebe9699 0.554s
2025-11-12 18:50:16.503 66005 INFO tempest.lib.common.rest_client [req-285f065c-88a1-48e7-92da-485367dd1975 req-285f065c-88a1-48e7-92da-485367dd1975 ] Request (MigrationsAdminTest:test_resize_server_revert_deleted_flavor): 200 GET http://10.180.1.21/compute/v2.1/servers/b7537d11-6896-4fa7-ae9e-930f2454f2d8 0.542s
2025-11-12 18:50:16.520 66045 INFO tempest.lib.common.rest_client [req-8329eadc-fe9c-41c1-9c59-24d94b463d62 req-8329eadc-fe9c-41c1-9c59-24d94b463d62 ] Request (MultipleCreateTestJSON:test_multiple_create_with_reservation_return): 200 GET http://10.180.1.21/compute/v2.1/servers/2d1e4540-3db4-47bf-bb29-143b8b957a15 0.535s
2025-11-12 18:50:16.544 66019 INFO tempest.lib.common.rest_client [req-9389ea5d-80b9-4cbd-9d78-1bf5ebb12fe8 req-9389ea5d-80b9-4cbd-9d78-1bf5ebb12fe8 ] Request (ImagesOneServerTestJSON:test_create_image_specify_multibyte_character_image_name): 200 GET http://10.180.1.21/compute/v2.1/images/de538eb4-e359-4627-a368-cde35b2beb5b 0.546s
2025-11-12 18:50:16.589 66040 INFO tempest.lib.common.rest_client [req-53e8b4e2-49a1-4c6a-8afc-1abc0f80284e req-53e8b4e2-49a1-4c6a-8afc-1abc0f80284e ] Request (ServersTestMultiNic:_run_cleanups): 200 GET http://10.180.1.21/compute/v2.1/servers/7392d6c8-f109-48b6-ae90-b51f0818f7e7 0.514s
2025-11-12 18:50:16.645 66009 INFO tempest.lib.common.rest_client [req-2bb72e59-7d75-4b16-882c-9388117b339b req-2bb72e59-7d75-4b16-882c-9388117b339b ] Request (VolumesNegativeTest:test_create_volume_with_invalid_size): 400 POST http://10.180.1.21/compute/v2.1/os-volumes 0.336s
2025-11-12 18:50:16.667 66041 INFO tempest.lib.common.rest_client [req-1bdb9222-d591-46d2-9a5c-61295dbacf65 req-1bdb9222-d591-46d2-9a5c-61295dbacf65 ] Request (DeleteServersAdminTestJSON:tearDownClass): 404 GET http://10.180.1.21/compute/v2.1/servers/a2e93e9f-472b-4ca1-b6d4-23a1dffb6dc9 0.219s
2025-11-12 18:50:16.724 66051 INFO tempest.lib.common.rest_client [req-5612fae6-29e5-42f0-8c96-f282656a0f82 req-5612fae6-29e5-42f0-8c96-f282656a0f82 ] Request (ServerRescueTestJSONUnderV235:tearDownClass): 200 GET http://10.180.1.21/compute/v2.1/servers/360c1cd2-581b-4736-a06c-0fbc9666d794 0.400s
2025-11-12 18:50:16.739 66013 INFO tempest.lib.common.rest_client [req-894cbe84-f96e-4b94-85e0-03f35bdf66ea req-894cbe84-f96e-4b94-85e0-03f35bdf66ea ] Request (FloatingIPsAssociationTestJSON:tearDownClass): 200 GET http://10.180.1.21/compute/v2.1/servers/a72e2f9e-4d19-4f03-986a-63f25e4c61ca 0.231s
2025-11-12 18:50:16.791 66007 INFO tempest.lib.common.rest_client [req-498714de-7a7a-4e16-931a-11a5d59fd52f req-498714de-7a7a-4e16-931a-11a5d59fd52f ] Request (ServersAdminNegativeTestJSON:test_migrate_server_invalid_state): 200 GET http://10.180.1.21/compute/v2.1/servers/de7b7c97-f51c-41de-884f-4ff5e852b67f 0.269s
2025-11-12 18:50:16.801 66015 INFO tempest.lib.common.rest_client [req-a89209b9-acd5-4384-a94d-d97f8477cbc9 req-a89209b9-acd5-4384-a94d-d97f8477cbc9 ] Request (ServersWithSpecificFlavorTestJSON:test_verify_created_server_ephemeral_disk): 200 GET http://10.180.1.21/compute/v2.1/servers/40758c41-3a65-4c7d-9e6c-8e23ea20e8c9 0.177s
2025-11-12 18:50:16.807 66009 INFO tempest.lib.common.rest_client [req-94147b0e-1c5e-422c-b037-68942eef8e39 req-94147b0e-1c5e-422c-b037-68942eef8e39 ] Request (VolumesNegativeTest:test_create_volume_with_size_zero): 400 POST http://10.180.1.21/compute/v2.1/os-volumes 0.160s
2025-11-12 18:50:16.824 66003 INFO tempest.lib.common.rest_client [req-3614fd20-60e4-4a61-946c-e24506af621f req-3614fd20-60e4-4a61-946c-e24506af621f ] Request (ServersTestFqdnHostnames:tearDownClass): 204 DELETE http://10.180.1.21/networking/v2.0/routers/0893d359-b211-4083-acb9-65530229093d 0.435s
2025-11-12 18:50:16.832 66041 INFO tempest.lib.common.rest_client [req-ded8ad25-949f-4280-80da-82d817f244e5 req-ded8ad25-949f-4280-80da-82d817f244e5 ] Request (DeleteServersAdminTestJSON:tearDownClass): 404 DELETE http://10.180.1.21/compute/v2.1/servers/a6cdd643-6d3b-4477-8f64-21d4c7e62d1d 0.164s
2025-11-12 18:50:16.838 66009 INFO tempest.lib.common.rest_client [req-a0e1e18b-b856-4700-8360-a6eceeefd444 req-a0e1e18b-b856-4700-8360-a6eceeefd444 ] Request (VolumesNegativeTest:test_create_volume_without_passing_size): 400 POST http://10.180.1.21/compute/v2.1/os-volumes 0.030s
2025-11-12 18:50:16.862 66041 INFO tempest.lib.common.rest_client [req-76614e96-9d0b-42f1-98a7-b4d25a60d16b req-76614e96-9d0b-42f1-98a7-b4d25a60d16b ] Request (DeleteServersAdminTestJSON:tearDownClass): 404 GET http://10.180.1.21/compute/v2.1/servers/a6cdd643-6d3b-4477-8f64-21d4c7e62d1d 0.030s
2025-11-12 18:50:16.867 66025 INFO tempest.lib.common.rest_client [req-517c6c42-7034-4528-b3ed-bb0537852fab req-517c6c42-7034-4528-b3ed-bb0537852fab ] Request (ServerAddressesTestJSON:setUpClass): 200 GET http://10.180.1.21/compute/v2.1/servers/04b155da-3a8f-4559-8c39-e8fe12f739d0 0.231s
2025-11-12 18:50:16.891 66009 INFO tempest.lib.common.rest_client [req-d03bb9b1-f596-463f-b9ae-33bd369226a9 req-d03bb9b1-f596-463f-b9ae-33bd369226a9 ] Request (VolumesNegativeTest:test_delete_invalid_volume_id): 404 DELETE http://10.180.1.21/compute/v2.1/os-volumes/tempest-invalid-1002722362 0.051s
2025-11-12 18:50:16.902 66009 INFO tempest.lib.common.rest_client [req-fdd68c8b-199f-4202-a977-6fa009af10e9 req-fdd68c8b-199f-4202-a977-6fa009af10e9 ] Request (VolumesNegativeTest:test_delete_volume_without_passing_volume_id): 404 DELETE http://10.180.1.21/compute/v2.1/os-volumes/ 0.009s
2025-11-12 18:50:16.906 66049 INFO tempest.lib.common.rest_client [req-257fd958-3a07-4a79-990c-19ae4a308ad9 req-257fd958-3a07-4a79-990c-19ae4a308ad9 ] Request (VolumesAssistedSnapshotsTest:_run_cleanups): 200 GET http://10.180.1.21/volume/v3/volumes/d550cff9-acb9-4945-af94-1afce65d0cb3 0.044s
2025-11-12 18:50:16.976 66023 INFO tempest.lib.common.rest_client [req-95c5a6d8-d808-4b9a-8286-30fd252b73e5 req-95c5a6d8-d808-4b9a-8286-30fd252b73e5 ] Request (AttachInterfacesUnderV243Test:test_add_remove_fixed_ip): 200 GET http://10.180.1.21/compute/v2.1/servers/37878dfc-7f8e-4756-8e97-993f7abf9081 0.095s
2025-11-12 18:50:16.980 66009 INFO tempest.lib.common.rest_client [req-29ba6771-2e75-4c39-a1e4-03f881f3d47e req-29ba6771-2e75-4c39-a1e4-03f881f3d47e ] Request (VolumesNegativeTest:test_get_volume_without_passing_volume_id): 404 GET http://10.180.1.21/compute/v2.1/os-volumes/ 0.076s
2025-11-12 18:50:17.008 66009 INFO tempest.lib.common.rest_client [req-f0fa9294-4c92-42f6-924c-af90f212ad8e req-f0fa9294-4c92-42f6-924c-af90f212ad8e ] Request (VolumesNegativeTest:test_volume_delete_nonexistent_volume_id): 404 DELETE http://10.180.1.21/compute/v2.1/os-volumes/6b015397-0ddc-4e78-b7ff-00042091a06d 0.027s
2025-11-12 18:50:17.013 66017 INFO tempest.lib.common.rest_client [req-fb8461df-cf9f-4d80-824c-84064f5e2cc6 req-fb8461df-cf9f-4d80-824c-84064f5e2cc6 ] Request (InstanceActionsNegativeTestJSON:tearDownClass): 200 GET http://10.180.1.21/compute/v2.1/servers/23e4c646-0dee-40b6-b4a3-e3b891f45b5e 0.109s
2025-11-12 18:50:17.055 66009 INFO tempest.lib.common.rest_client [req-f7f73156-c2a9-4652-b1aa-616151de7e55 req-f7f73156-c2a9-4652-b1aa-616151de7e55 ] Request (VolumesNegativeTest:test_volume_get_nonexistent_volume_id): 404 GET http://10.180.1.21/compute/v2.1/os-volumes/7ea4016a-ba6b-4a17-9958-69244b7636f1 0.045s
2025-11-12 18:50:17.057 66003 INFO tempest.lib.common.rest_client [req-9e772fdb-9ca3-4957-a18f-870e9f947dfa req-9e772fdb-9ca3-4957-a18f-870e9f947dfa ] Request (ServersTestFqdnHostnames:tearDownClass): 204 DELETE http://10.180.1.21/networking/v2.0/subnets/d4ba9ec4-4067-47da-98f6-ffa8a0f44c37 0.232s
2025-11-12 18:50:17.071 66041 INFO tempest.lib.common.rest_client [req-94e3fccb-d3e0-4283-b193-def6cff08bed req-94e3fccb-d3e0-4283-b193-def6cff08bed ] Request (DeleteServersAdminTestJSON:tearDownClass): 204 DELETE http://10.180.1.21/identity/v3/users/7802b7e664c648918e199de594746ff8 0.208s
2025-11-12 18:50:17.099 66027 INFO tempest.lib.common.rest_client [req-4ef30809-9934-4fdd-a54e-9a5fb66df84a req-4ef30809-9934-4fdd-a54e-9a5fb66df84a ] Request (ServersAdminTestJSON:test_inject_network_info): 200 GET http://10.180.1.21/compute/v2.1/servers/1740776a-3140-49bc-812c-b4a7a9a1a38a 0.109s
2025-11-12 18:50:17.171 66009 INFO tempest.lib.common.rest_client [req-91f52361-17ba-45c1-b72d-9e61044cb8b2 req-91f52361-17ba-45c1-b72d-9e61044cb8b2 ] Request (VolumesNegativeTest:tearDownClass): 204 DELETE http://10.180.1.21/identity/v3/users/835c1d7b0bab4e18bdd560095b495ed8 0.111s
2025-11-12 18:50:17.171 66009 INFO tempest.lib.common.dynamic_creds [-] Deleting project and security group for project: a8d875333d2d4b9d82a253cc45a693bf
2025-11-12 18:50:17.220 66041 INFO tempest.lib.common.rest_client [req-56d71aa9-db4b-4ca9-a0b2-ef461e647e42 req-56d71aa9-db4b-4ca9-a0b2-ef461e647e42 ] Request (DeleteServersAdminTestJSON:tearDownClass): 204 DELETE http://10.180.1.21/identity/v3/users/fa17c18b6e7f4774aedbd8ed8b642e66 0.149s
2025-11-12 18:50:17.220 66041 INFO tempest.lib.common.dynamic_creds [-] Deleting project and security group for project: deb1eb4f929e45f3bdaaae39d2fb1327
2025-11-12 18:50:17.221 66001 INFO tempest.lib.common.rest_client [req-e437042b-d4e3-48a4-b106-b60ed7afb784 req-e437042b-d4e3-48a4-b106-b60ed7afb784 ] Request (ImagesTestJSON:test_create_image_from_suspended_server): 200 GET http://10.180.1.21/compute/v2.1/servers/d1f950ca-c309-4e34-b1a8-31454f9c0761 0.072s
2025-11-12 18:50:17.238 66009 INFO tempest.lib.common.rest_client [req-58619b2b-5de9-489f-b4e3-b7d6557c46bf req-58619b2b-5de9-489f-b4e3-b7d6557c46bf ] Request (VolumesNegativeTest:tearDownClass): 201 POST http://10.180.1.21/identity/v3/auth/tokens 0.067s
2025-11-12 18:50:17.296 66041 INFO tempest.lib.common.rest_client [req-370c57b2-24d4-4149-ae48-3b785ae05e46 req-370c57b2-24d4-4149-ae48-3b785ae05e46 ] Request (DeleteServersAdminTestJSON:tearDownClass): 201 POST http://10.180.1.21/identity/v3/auth/tokens 0.075s
2025-11-12 18:50:17.382 66003 INFO tempest.lib.common.rest_client [req-c3527938-90ec-40ae-8cf0-58329a887d58 req-c3527938-90ec-40ae-8cf0-58329a887d58 ] Request (ServersTestFqdnHostnames:tearDownClass): 204 DELETE http://10.180.1.21/networking/v2.0/networks/34e09426-2811-43a3-9d77-6cb2e0267a5f 0.324s
2025-11-12 18:50:17.461 66003 INFO tempest.lib.common.rest_client [req-fc304740-c1ec-4ca9-bf13-76bd4a9d55f3 req-fc304740-c1ec-4ca9-bf13-76bd4a9d55f3 ] Request (ServersTestFqdnHostnames:tearDownClass): 204 DELETE http://10.180.1.21/identity/v3/users/f5c544bda8a54e3e8a76a9422cd5ae63 0.078s
2025-11-12 18:50:17.461 66003 INFO tempest.lib.common.dynamic_creds [-] Deleting project and security group for project: 6557708d0ebd4fad91f4c623ecf96f0c
2025-11-12 18:50:17.481 66009 INFO tempest.lib.common.rest_client [req-73a5b329-1ca1-484d-8ea0-e89cdd913b0d req-73a5b329-1ca1-484d-8ea0-e89cdd913b0d ] Request (VolumesNegativeTest:tearDownClass): 200 GET http://10.180.1.21/networking/v2.0/security-groups?tenant_id=a8d875333d2d4b9d82a253cc45a693bf&name=default 0.242s
2025-11-12 18:50:17.511 65999 INFO tempest.lib.common.rest_client [req-8f714c07-9af8-4eca-b393-7416976630de req-8f714c07-9af8-4eca-b393-7416976630de ] Request (ServerPasswordTestJSON:setUpClass): 200 GET http://10.180.1.21/compute/v2.1/servers/6cfce060-66a1-496a-893c-46fecec394d0 0.187s
2025-11-12 18:50:17.609 66041 INFO tempest.lib.common.rest_client [req-8bba94ff-3f33-4231-9626-cbca68fdda49 req-8bba94ff-3f33-4231-9626-cbca68fdda49 ] Request (DeleteServersAdminTestJSON:tearDownClass): 200 GET http://10.180.1.21/networking/v2.0/security-groups?tenant_id=deb1eb4f929e45f3bdaaae39d2fb1327&name=default 0.312s
2025-11-12 18:50:17.645 66047 INFO tempest.lib.common.rest_client [req-8f83fdda-4de8-4af0-ba0c-1400e2f863ca req-8f83fdda-4de8-4af0-ba0c-1400e2f863ca ] Request (ImagesOneServerNegativeTestJSON:_run_cleanups): 200 GET http://10.180.1.21/compute/v2.1/servers/a717b976-2440-4626-bb42-09242afeb7c4 0.405s
2025-11-12 18:50:17.661 66003 INFO tempest.lib.common.rest_client [req-a084d3ee-ac4b-4352-9da7-fc16cb9a1c3b req-a084d3ee-ac4b-4352-9da7-fc16cb9a1c3b ] Request (ServersTestFqdnHostnames:tearDownClass): 200 GET http://10.180.1.21/networking/v2.0/security-groups?tenant_id=6557708d0ebd4fad91f4c623ecf96f0c&name=default 0.199s
2025-11-12 18:50:17.693 66043 INFO tempest.lib.common.rest_client [req-96f14239-650d-4f70-afe7-3e5ff1a71ac4 req-96f14239-650d-4f70-afe7-3e5ff1a71ac4 ] Request (ListImageFiltersTestJSON:setUpClass): 200 GET http://10.180.1.21/compute/v2.1/images/43daf1e8-72ef-4c31-9694-64d1832ee463 0.285s
2025-11-12 18:50:17.745 66009 INFO tempest.lib.common.rest_client [req-3a0821be-2fc7-41ec-9f81-734e85f76bcc req-3a0821be-2fc7-41ec-9f81-734e85f76bcc ] Request (VolumesNegativeTest:tearDownClass): 204 DELETE http://10.180.1.21/networking/v2.0/security-groups/bb1ee3ce-eb3e-4702-aaf9-2d39a6aaf396 0.264s
2025-11-12 18:50:17.764 66035 INFO tempest.lib.common.rest_client [req-30cc9e7a-b597-4fb2-971b-ba95736e2c53 req-30cc9e7a-b597-4fb2-971b-ba95736e2c53 ] Request (ServerDiskConfigTestJSON:test_rebuild_server_with_auto_disk_config): 200 GET http://10.180.1.21/compute/v2.1/servers/958e31d6-c5b6-4b3c-a46e-bde1f1581de6 0.388s
2025-11-12 18:50:17.824 66009 INFO tempest.lib.common.rest_client [req-75c389ac-d34e-4b7f-866a-eb79fbc9c3fe req-75c389ac-d34e-4b7f-866a-eb79fbc9c3fe ] Request (VolumesNegativeTest:tearDownClass): 204 DELETE http://10.180.1.21/identity/v3/projects/a8d875333d2d4b9d82a253cc45a693bf 0.078s
2025-11-12 18:50:17.844 66041 INFO tempest.lib.common.rest_client [req-9c0a0cec-c5ab-4743-9d49-746b7cad4464 req-9c0a0cec-c5ab-4743-9d49-746b7cad4464 ] Request (DeleteServersAdminTestJSON:tearDownClass): 204 DELETE http://10.180.1.21/networking/v2.0/security-groups/c0e17eb1-5ac0-40fb-ac6a-0da5303f6f3b 0.234s
2025-11-12 18:50:17.850 66003 INFO tempest.lib.common.rest_client [req-fe981ba8-6217-4732-879e-71a4ac1b7541 req-fe981ba8-6217-4732-879e-71a4ac1b7541 ] Request (ServersTestFqdnHostnames:tearDownClass): 204 DELETE http://10.180.1.21/networking/v2.0/security-groups/3e0cf290-4471-4c63-9c53-428f55730655 0.189s
2025-11-12 18:50:17.870 66061 INFO tempest.lib.common.rest_client [req-7317168f-6926-4992-8c9c-6b3d7425534e req-7317168f-6926-4992-8c9c-6b3d7425534e ] Request (ServerDiagnosticsTest:test_get_server_diagnostics): 200 GET http://10.180.1.21/compute/v2.1/servers/90cd5892-932c-438d-8d28-ab1bac9521d8 0.441s
2025-11-12 18:50:17.882 66021 INFO tempest.lib.common.rest_client [req-d97db9d3-0651-43fa-b090-b15b5493c843 req-d97db9d3-0651-43fa-b090-b15b5493c843 ] Request (AttachVolumeShelveTestJSON:test_attach_volume_shelved_or_offload_server): 200 GET http://10.180.1.21/compute/v2.1/servers/c2b620c4-7979-4883-b089-11a5cebe9699 0.403s
2025-11-12 18:50:17.934 66049 INFO tempest.lib.common.rest_client [req-4b080a85-3d98-47f7-8426-c46285b44124 req-4b080a85-3d98-47f7-8426-c46285b44124 ] Request (VolumesAssistedSnapshotsTest:_run_cleanups): 404 GET http://10.180.1.21/volume/v3/volumes/d550cff9-acb9-4945-af94-1afce65d0cb3 0.019s
2025-11-12 18:50:17.964 66005 INFO tempest.lib.common.rest_client [req-4499dd70-a288-476b-9f42-9df064762ddc req-4499dd70-a288-476b-9f42-9df064762ddc ] Request (MigrationsAdminTest:test_resize_server_revert_deleted_flavor): 200 GET http://10.180.1.21/compute/v2.1/servers/b7537d11-6896-4fa7-ae9e-930f2454f2d8 0.453s
2025-11-12 18:50:17.971 66003 INFO tempest.lib.common.rest_client [req-bef750b6-9dc0-4f9b-b4ef-d7da651ab314 req-bef750b6-9dc0-4f9b-b4ef-d7da651ab314 ] Request (ServersTestFqdnHostnames:tearDownClass): 204 DELETE http://10.180.1.21/identity/v3/projects/6557708d0ebd4fad91f4c623ecf96f0c 0.120s
2025-11-12 18:50:17.972 66003 INFO tempest.test [-] raised in ServerPersonalityTestJSON.setUpClass. Invoking tearDownClass.
2025-11-12 18:50:17.972 66041 INFO tempest.lib.common.rest_client [req-af259f93-da18-48ba-bde7-2daaacd1a434 req-af259f93-da18-48ba-bde7-2daaacd1a434 ] Request (DeleteServersAdminTestJSON:tearDownClass): 204 DELETE http://10.180.1.21/identity/v3/projects/deb1eb4f929e45f3bdaaae39d2fb1327 0.127s
2025-11-12 18:50:17.972 66041 INFO tempest.lib.common.dynamic_creds [-] Deleting project and security group for project: 42fa8e14e24f4de0aa812e59e1e2419d
2025-11-12 18:50:17.979 66045 INFO tempest.lib.common.rest_client [req-b42216b7-b25f-4f51-8489-ccee833ae090 req-b42216b7-b25f-4f51-8489-ccee833ae090 ] Request (MultipleCreateTestJSON:test_multiple_create_with_reservation_return): 200 GET http://10.180.1.21/compute/v2.1/servers/2d1e4540-3db4-47bf-bb29-143b8b957a15 0.448s
2025-11-12 18:50:18.007 66019 INFO tempest.lib.common.rest_client [req-11afb367-012d-4055-b554-86e828f178b6 req-11afb367-012d-4055-b554-86e828f178b6 ] Request (ImagesOneServerTestJSON:test_create_image_specify_multibyte_character_image_name): 200 GET http://10.180.1.21/compute/v2.1/images/de538eb4-e359-4627-a368-cde35b2beb5b 0.457s
2025-11-12 18:50:18.095 66003 INFO tempest.lib.common.rest_client [req-ec1f3f07-a026-4f7e-85b4-bb404a7d8bfb req-ec1f3f07-a026-4f7e-85b4-bb404a7d8bfb ] Request (VolumesTestJSON:setUpClass): 201 POST http://10.180.1.21/identity/v3/auth/tokens 0.120s
2025-11-12 18:50:18.108 66041 INFO tempest.lib.common.rest_client [req-5f52f358-179d-48d4-88fa-8091c93bc3e8 req-5f52f358-179d-48d4-88fa-8091c93bc3e8 ] Request (DeleteServersAdminTestJSON:tearDownClass): 200 GET http://10.180.1.21/networking/v2.0/security-groups?tenant_id=42fa8e14e24f4de0aa812e59e1e2419d&name=default 0.135s
2025-11-12 18:50:18.133 66003 INFO tempest.lib.common.rest_client [req-b8771348-f722-40ec-9856-ddd99e95f804 req-b8771348-f722-40ec-9856-ddd99e95f804 ] Request (VolumesTestJSON:setUpClass): 201 POST http://10.180.1.21/identity/v3/auth/tokens 0.036s
2025-11-12 18:50:18.138 66040 INFO tempest.lib.common.rest_client [req-e9172b8b-a417-4b6f-bf21-91c52b8fbc4d req-e9172b8b-a417-4b6f-bf21-91c52b8fbc4d ] Request (ServersTestMultiNic:_run_cleanups): 200 GET http://10.180.1.21/compute/v2.1/servers/7392d6c8-f109-48b6-ae90-b51f0818f7e7 0.539s
2025-11-12 18:50:18.159 66051 INFO tempest.lib.common.rest_client [req-a97f8d41-98dd-49bf-b4ab-7aaf50641f06 req-a97f8d41-98dd-49bf-b4ab-7aaf50641f06 ] Request (ServerRescueTestJSONUnderV235:tearDownClass): 200 GET http://10.180.1.21/compute/v2.1/servers/360c1cd2-581b-4736-a06c-0fbc9666d794 0.424s
2025-11-12 18:50:18.169 66003 INFO tempest.lib.common.rest_client [req-7b379ae3-e8b7-49a5-a24f-8b6d2eca9c19 req-7b379ae3-e8b7-49a5-a24f-8b6d2eca9c19 ] Request (VolumesTestJSON:setUpClass): 200 GET http://10.180.1.21/identity/v3/domains?name=Default 0.031s
2025-11-12 18:50:18.198 66003 INFO tempest.lib.common.rest_client [req-8a568444-0b56-4c5a-a68e-6b3daf479235 req-8a568444-0b56-4c5a-a68e-6b3daf479235 ] Request (VolumesTestJSON:setUpClass): 201 POST http://10.180.1.21/identity/v3/projects 0.029s
2025-11-12 18:50:18.248 66041 INFO tempest.lib.common.rest_client [req-a448b86a-aa6b-4054-837a-4cb71cc07e4d req-a448b86a-aa6b-4054-837a-4cb71cc07e4d ] Request (DeleteServersAdminTestJSON:tearDownClass): 204 DELETE http://10.180.1.21/networking/v2.0/security-groups/315ce55d-3d47-4b02-b05f-d17e3307787a 0.140s
2025-11-12 18:50:18.270 66003 INFO tempest.lib.common.rest_client [req-fcf9940b-2542-4694-96ee-fc135357fabb req-fcf9940b-2542-4694-96ee-fc135357fabb ] Request (VolumesTestJSON:setUpClass): 201 POST http://10.180.1.21/identity/v3/users 0.071s
2025-11-12 18:50:18.274 66013 INFO tempest.lib.common.rest_client [req-080f56b8-b3c0-49ba-899b-d984c7722d6f req-080f56b8-b3c0-49ba-899b-d984c7722d6f ] Request (FloatingIPsAssociationTestJSON:tearDownClass): 200 GET http://10.180.1.21/compute/v2.1/servers/a72e2f9e-4d19-4f03-986a-63f25e4c61ca 0.523s
2025-11-12 18:50:18.279 66007 INFO tempest.lib.common.rest_client [req-9ebffd86-bb7d-4bed-8a8d-18ca905379e2 req-9ebffd86-bb7d-4bed-8a8d-18ca905379e2 ] Request (ServersAdminNegativeTestJSON:test_migrate_server_invalid_state): 200 GET http://10.180.1.21/compute/v2.1/servers/de7b7c97-f51c-41de-884f-4ff5e852b67f 0.478s
2025-11-12 18:50:18.300 66003 INFO tempest.lib.common.rest_client [req-a7f92ab7-a4dc-4378-b839-0ecd3fa6cdbc req-a7f92ab7-a4dc-4378-b839-0ecd3fa6cdbc ] Request (VolumesTestJSON:setUpClass): 200 GET http://10.180.1.21/identity/v3/roles 0.030s
2025-11-12 18:50:18.317 66041 INFO tempest.lib.common.rest_client [req-ae3dee05-27e3-4481-be92-e083cb8680ef req-ae3dee05-27e3-4481-be92-e083cb8680ef ] Request (DeleteServersAdminTestJSON:tearDownClass): 204 DELETE http://10.180.1.21/identity/v3/projects/42fa8e14e24f4de0aa812e59e1e2419d 0.068s
2025-11-12 18:50:18.333 66015 INFO tempest.lib.common.rest_client [req-ef0cad76-df8e-430a-80a9-1ec3468e11fe req-ef0cad76-df8e-430a-80a9-1ec3468e11fe ] Request (ServersWithSpecificFlavorTestJSON:test_verify_created_server_ephemeral_disk): 200 GET http://10.180.1.21/compute/v2.1/servers/40758c41-3a65-4c7d-9e6c-8e23ea20e8c9 0.521s
2025-11-12 18:50:18.333 66025 INFO tempest.lib.common.rest_client [req-71f9a0b9-fce5-4985-a098-c2a1cf6c4442 req-71f9a0b9-fce5-4985-a098-c2a1cf6c4442 ] Request (ServerAddressesTestJSON:setUpClass): 200 GET http://10.180.1.21/compute/v2.1/servers/04b155da-3a8f-4559-8c39-e8fe12f739d0 0.457s
2025-11-12 18:50:18.371 66003 INFO tempest.lib.common.rest_client [req-930f12c5-e752-4fcc-a2c2-0fc92e51c668 req-930f12c5-e752-4fcc-a2c2-0fc92e51c668 ] Request (VolumesTestJSON:setUpClass): 204 PUT http://10.180.1.21/identity/v3/projects/6b6eb72b829b4756bf679b090ecab33c/users/c49b19fbf6464dd8bb4d7b005dbf61a3/roles/19d8ddda8cd640488dabfe371d995af6 0.070s
2025-11-12 18:50:18.371 66003 INFO tempest.lib.common.dynamic_creds [-] Dynamic test user c49b19fbf6464dd8bb4d7b005dbf61a3 is created with scope project and roles: ['member']
2025-11-12 18:50:18.372 66003 INFO tempest.lib.common.dynamic_creds [-] Acquired dynamic creds: credentials: Credentials: {'domain_id': 'default', 'domain_name': 'Default', 'username': 'tempest-VolumesTestJSON-1532000411-project-member', 'project_domain_id': 'default', 'project_domain_name': 'Default', 'project_id': '6b6eb72b829b4756bf679b090ecab33c', 'project_name': 'tempest-VolumesTestJSON-1532000411', 'tenant_id': '6b6eb72b829b4756bf679b090ecab33c', 'tenant_name': 'tempest-VolumesTestJSON-1532000411', 'user_domain_id': 'default', 'user_domain_name': 'Default', 'user_id': 'c49b19fbf6464dd8bb4d7b005dbf61a3', 'system': None}, Network: None, Subnet: None, Router: None
2025-11-12 18:50:18.372 66003 INFO tempest.lib.common.dynamic_creds [-] Created isolated network resources for: credentials: Credentials: {'domain_id': 'default', 'domain_name': 'Default', 'username': 'tempest-VolumesTestJSON-1532000411-project-member', 'project_domain_id': 'default', 'project_domain_name': 'Default', 'project_id': '6b6eb72b829b4756bf679b090ecab33c', 'project_name': 'tempest-VolumesTestJSON-1532000411', 'tenant_id': '6b6eb72b829b4756bf679b090ecab33c', 'tenant_name': 'tempest-VolumesTestJSON-1532000411', 'user_domain_id': 'default', 'user_domain_name': 'Default', 'user_id': 'c49b19fbf6464dd8bb4d7b005dbf61a3', 'system': None}, Network: None, Subnet: None, Router: None
2025-11-12 18:50:18.379 66041 INFO tempest.lib.common.rest_client [req-0f7c07f6-0299-4fd4-a45c-f82fb1b7118d req-0f7c07f6-0299-4fd4-a45c-f82fb1b7118d ] Request (QuotasAdminTestJSON:setUpClass): 201 POST http://10.180.1.21/identity/v3/auth/tokens 0.060s
2025-11-12 18:50:18.391 66023 INFO tempest.lib.common.rest_client [req-386df54e-b708-47bf-968e-93185e29d21e req-386df54e-b708-47bf-968e-93185e29d21e ] Request (AttachInterfacesUnderV243Test:test_add_remove_fixed_ip): 200 GET http://10.180.1.21/compute/v2.1/servers/37878dfc-7f8e-4756-8e97-993f7abf9081 0.403s
2025-11-12 18:50:18.443 66041 INFO tempest.lib.common.rest_client [req-1a8d6e12-a9ea-4efe-95a2-c7dadb36f732 req-1a8d6e12-a9ea-4efe-95a2-c7dadb36f732 ] Request (QuotasAdminTestJSON:setUpClass): 201 POST http://10.180.1.21/identity/v3/auth/tokens 0.061s
2025-11-12 18:50:18.455 66003 INFO tempest.lib.common.rest_client [req-c7f8aae7-3651-421a-9bbf-56599ee4d5e2 req-c7f8aae7-3651-421a-9bbf-56599ee4d5e2 ] Request (VolumesTestJSON:setUpClass): 201 POST http://10.180.1.21/identity/v3/auth/tokens 0.079s
2025-11-12 18:50:18.456 66049 INFO tempest.lib.common.rest_client [req-28f06ed5-ae79-4bbd-a427-a64ef5954621 req-28f06ed5-ae79-4bbd-a427-a64ef5954621 ] Request (VolumesAssistedSnapshotsTest:tearDownClass): 204 DELETE http://10.180.1.21/compute/v2.1/servers/094adfbd-12e0-482a-b720-df478b814947 0.517s
2025-11-12 18:50:18.470 66041 INFO tempest.lib.common.rest_client [req-d5b15941-7ed1-4500-bedf-5a25cad1ab7e req-d5b15941-7ed1-4500-bedf-5a25cad1ab7e ] Request (QuotasAdminTestJSON:setUpClass): 200 GET http://10.180.1.21/identity/v3/domains?name=Default 0.026s
2025-11-12 18:50:18.490 66017 INFO tempest.lib.common.rest_client [req-5dd7ac4e-6d6b-4098-bd36-838b9c66d73b req-5dd7ac4e-6d6b-4098-bd36-838b9c66d73b ] Request (InstanceActionsNegativeTestJSON:tearDownClass): 200 GET http://10.180.1.21/compute/v2.1/servers/23e4c646-0dee-40b6-b4a3-e3b891f45b5e 0.465s
2025-11-12 18:50:18.503 66041 INFO tempest.lib.common.rest_client [req-08881eab-4f48-4956-9f15-f60b5e800e4f req-08881eab-4f48-4956-9f15-f60b5e800e4f ] Request (QuotasAdminTestJSON:setUpClass): 201 POST http://10.180.1.21/identity/v3/projects 0.033s
2025-11-12 18:50:18.515 66027 INFO tempest.lib.common.rest_client [req-0bcd1ffe-3734-41c1-ba42-ee714cd46697 req-0bcd1ffe-3734-41c1-ba42-ee714cd46697 ] Request (ServersAdminTestJSON:test_inject_network_info): 200 GET http://10.180.1.21/compute/v2.1/servers/1740776a-3140-49bc-812c-b4a7a9a1a38a 0.403s
2025-11-12 18:50:18.545 66001 INFO tempest.lib.common.rest_client [req-124fde28-0d30-4412-8ab4-ac1f0526edec req-124fde28-0d30-4412-8ab4-ac1f0526edec ] Request (ImagesTestJSON:test_create_image_from_suspended_server): 200 GET http://10.180.1.21/compute/v2.1/servers/d1f950ca-c309-4e34-b1a8-31454f9c0761 0.317s
2025-11-12 18:50:18.564 66041 INFO tempest.lib.common.rest_client [req-81f66bd7-5e53-4146-9a8e-8f356091b989 req-81f66bd7-5e53-4146-9a8e-8f356091b989 ] Request (QuotasAdminTestJSON:setUpClass): 201 POST http://10.180.1.21/identity/v3/users 0.060s
2025-11-12 18:50:18.590 66041 INFO tempest.lib.common.rest_client [req-0b85e113-27b2-45ce-ac1a-8b422982920d req-0b85e113-27b2-45ce-ac1a-8b422982920d ] Request (QuotasAdminTestJSON:setUpClass): 200 GET http://10.180.1.21/identity/v3/roles 0.026s
2025-11-12 18:50:18.613 65999 INFO tempest.lib.common.rest_client [req-78ea5fa6-3b80-4b12-852c-01bea6451239 req-78ea5fa6-3b80-4b12-852c-01bea6451239 ] Request (ServerPasswordTestJSON:setUpClass): 200 GET http://10.180.1.21/compute/v2.1/servers/6cfce060-66a1-496a-893c-46fecec394d0 0.091s
2025-11-12 18:50:18.622 66041 INFO tempest.lib.common.rest_client [req-5a93c296-f2aa-4887-8715-6447949b0f58 req-5a93c296-f2aa-4887-8715-6447949b0f58 ] Request (QuotasAdminTestJSON:setUpClass): 204 PUT http://10.180.1.21/identity/v3/projects/db7258bf26b94beaa05e5867b9041e4d/users/1606e9521a064b0f886141960af578be/roles/19d8ddda8cd640488dabfe371d995af6 0.032s
2025-11-12 18:50:18.623 66041 INFO tempest.lib.common.dynamic_creds [-] Dynamic test user 1606e9521a064b0f886141960af578be is created with scope project and roles: ['member']
2025-11-12 18:50:18.623 66041 INFO tempest.lib.common.dynamic_creds [-] Acquired dynamic creds: credentials: Credentials: {'domain_id': 'default', 'domain_name': 'Default', 'username': 'tempest-QuotasAdminTestJSON-656590201-project-member', 'project_domain_id': 'default', 'project_domain_name': 'Default', 'project_id': 'db7258bf26b94beaa05e5867b9041e4d', 'project_name': 'tempest-QuotasAdminTestJSON-656590201', 'tenant_id': 'db7258bf26b94beaa05e5867b9041e4d', 'tenant_name': 'tempest-QuotasAdminTestJSON-656590201', 'user_domain_id': 'default', 'user_domain_name': 'Default', 'user_id': '1606e9521a064b0f886141960af578be', 'system': None}, Network: None, Subnet: None, Router: None
2025-11-12 18:50:18.623 66041 INFO tempest.lib.common.dynamic_creds [-] Created isolated network resources for: credentials: Credentials: {'domain_id': 'default', 'domain_name': 'Default', 'username': 'tempest-QuotasAdminTestJSON-656590201-project-member', 'project_domain_id': 'default', 'project_domain_name': 'Default', 'project_id': 'db7258bf26b94beaa05e5867b9041e4d', 'project_name': 'tempest-QuotasAdminTestJSON-656590201', 'tenant_id': 'db7258bf26b94beaa05e5867b9041e4d', 'tenant_name': 'tempest-QuotasAdminTestJSON-656590201', 'user_domain_id': 'default', 'user_domain_name': 'Default', 'user_id': '1606e9521a064b0f886141960af578be', 'system': None}, Network: None, Subnet: None, Router: None
2025-11-12 18:50:18.716 66041 INFO tempest.lib.common.rest_client [req-14d29fa5-9177-41f8-8917-2faeabdc5e5e req-14d29fa5-9177-41f8-8917-2faeabdc5e5e ] Request (QuotasAdminTestJSON:setUpClass): 201 POST http://10.180.1.21/identity/v3/auth/tokens 0.087s
2025-11-12 18:50:18.726 66047 INFO tempest.lib.common.rest_client [req-19945600-89d7-4f08-ac1e-a85b889ac9eb req-19945600-89d7-4f08-ac1e-a85b889ac9eb ] Request (ImagesOneServerNegativeTestJSON:_run_cleanups): 200 GET http://10.180.1.21/compute/v2.1/servers/a717b976-2440-4626-bb42-09242afeb7c4 0.074s
2025-11-12 18:50:18.729 66049 INFO tempest.lib.common.rest_client [req-a41d6787-a2ec-4bad-ab89-186e0d8e1636 req-a41d6787-a2ec-4bad-ab89-186e0d8e1636 ] Request (VolumesAssistedSnapshotsTest:tearDownClass): 200 GET http://10.180.1.21/compute/v2.1/servers/094adfbd-12e0-482a-b720-df478b814947 0.272s
2025-11-12 18:50:18.788 66041 INFO tempest.lib.common.rest_client [req-d512b7fd-313e-4832-9292-71df7d6405e0 req-d512b7fd-313e-4832-9292-71df7d6405e0 ] Request (QuotasAdminTestJSON:setUpClass): 201 POST http://10.180.1.21/identity/v3/projects 0.071s
2025-11-12 18:50:18.806 66003 INFO tempest.lib.common.rest_client [req-997efd91-87d0-4859-8631-6e34a0156e3d req-997efd91-87d0-4859-8631-6e34a0156e3d ] Request (VolumesTestJSON:setUpClass): 202 POST http://10.180.1.21/volume/v3/volumes 0.350s
2025-11-12 18:50:18.849 66041 INFO tempest.lib.common.rest_client [req-3811c470-932b-4d73-869f-e46f3d74b7e0 req-3811c470-932b-4d73-869f-e46f3d74b7e0 ] Request (QuotasAdminTestJSON:setUpClass): 201 POST http://10.180.1.21/identity/v3/users 0.060s
2025-11-12 18:50:18.850 66003 INFO tempest.lib.common.rest_client [req-ae11f333-2ba8-4b80-8e0d-48ac959e6227 req-ae11f333-2ba8-4b80-8e0d-48ac959e6227 ] Request (VolumesTestJSON:setUpClass): 200 GET http://10.180.1.21/volume/v3/volumes/3679200f-de57-49c6-8d93-bbb8249fa0ee 0.037s
2025-11-12 18:50:18.851 66035 INFO tempest.lib.common.rest_client [req-fb59da62-d45b-467d-8c80-c6005b3f44d9 req-fb59da62-d45b-467d-8c80-c6005b3f44d9 ] Request (ServerDiskConfigTestJSON:test_rebuild_server_with_auto_disk_config): 200 GET http://10.180.1.21/compute/v2.1/servers/958e31d6-c5b6-4b3c-a46e-bde1f1581de6 0.079s
2025-11-12 18:50:18.885 66041 INFO tempest.lib.common.rest_client [req-6f5111d9-dc13-4cc0-859a-f19f6330f24a req-6f5111d9-dc13-4cc0-859a-f19f6330f24a ] Request (QuotasAdminTestJSON:setUpClass): 200 GET http://10.180.1.21/identity/v3/roles 0.035s
2025-11-12 18:50:18.917 66041 INFO tempest.lib.common.rest_client [req-ed992cf7-2713-4908-987c-90d8292136e6 req-ed992cf7-2713-4908-987c-90d8292136e6 ] Request (QuotasAdminTestJSON:setUpClass): 204 PUT http://10.180.1.21/identity/v3/projects/3b2727206afd41b99a2f1d50ad71f2f1/users/c5d1861759d44969938720089bebdb53/roles/4e0a47c71e6148aaa8d8e64c13f96fa4 0.032s
2025-11-12 18:50:18.950 66061 INFO tempest.lib.common.rest_client [req-05ed0f61-f203-41a9-8337-886f197fdaf1 req-05ed0f61-f203-41a9-8337-886f197fdaf1 ] Request (ServerDiagnosticsTest:test_get_server_diagnostics): 200 GET http://10.180.1.21/compute/v2.1/servers/90cd5892-932c-438d-8d28-ab1bac9521d8 0.072s
2025-11-12 18:50:18.986 66041 INFO tempest.lib.common.rest_client [req-fa71ad7e-dc7b-429b-9054-1b7df1ad1646 req-fa71ad7e-dc7b-429b-9054-1b7df1ad1646 ] Request (QuotasAdminTestJSON:setUpClass): 200 GET http://10.180.1.21/identity/v3/roles 0.068s
2025-11-12 18:50:19.008 66041 INFO tempest.lib.common.rest_client [req-4e918cf2-a27a-4078-9cf3-c7bc9fac9d4d req-4e918cf2-a27a-4078-9cf3-c7bc9fac9d4d ] Request (QuotasAdminTestJSON:setUpClass): 204 PUT http://10.180.1.21/identity/v3/projects/3b2727206afd41b99a2f1d50ad71f2f1/users/c5d1861759d44969938720089bebdb53/roles/4e0a47c71e6148aaa8d8e64c13f96fa4 0.021s
2025-11-12 18:50:19.008 66041 INFO tempest.lib.common.dynamic_creds [-] Dynamic test user c5d1861759d44969938720089bebdb53 is created with scope project and roles: ['admin']
2025-11-12 18:50:19.008 66041 INFO tempest.lib.common.dynamic_creds [-] Acquired dynamic creds: credentials: Credentials: {'domain_id': 'default', 'domain_name': 'Default', 'username': 'tempest-QuotasAdminTestJSON-1370820896-project-admin', 'project_domain_id': 'default', 'project_domain_name': 'Default', 'project_id': '3b2727206afd41b99a2f1d50ad71f2f1', 'project_name': 'tempest-QuotasAdminTestJSON-1370820896', 'tenant_id': '3b2727206afd41b99a2f1d50ad71f2f1', 'tenant_name': 'tempest-QuotasAdminTestJSON-1370820896', 'user_domain_id': 'default', 'user_domain_name': 'Default', 'user_id': 'c5d1861759d44969938720089bebdb53', 'system': None}, Network: None, Subnet: None, Router: None
2025-11-12 18:50:19.008 66041 INFO tempest.lib.common.dynamic_creds [-] Created isolated network resources for: credentials: Credentials: {'domain_id': 'default', 'domain_name': 'Default', 'username': 'tempest-QuotasAdminTestJSON-1370820896-project-admin', 'project_domain_id': 'default', 'project_domain_name': 'Default', 'project_id': '3b2727206afd41b99a2f1d50ad71f2f1', 'project_name': 'tempest-QuotasAdminTestJSON-1370820896', 'tenant_id': '3b2727206afd41b99a2f1d50ad71f2f1', 'tenant_name': 'tempest-QuotasAdminTestJSON-1370820896', 'user_domain_id': 'default', 'user_domain_name': 'Default', 'user_id': 'c5d1861759d44969938720089bebdb53', 'system': None}, Network: None, Subnet: None, Router: None
2025-11-12 18:50:19.025 66021 INFO tempest.lib.common.rest_client [req-ad62cc7a-d4a4-4993-99b6-657c57080116 req-ad62cc7a-d4a4-4993-99b6-657c57080116 ] Request (AttachVolumeShelveTestJSON:test_attach_volume_shelved_or_offload_server): 200 GET http://10.180.1.21/compute/v2.1/servers/c2b620c4-7979-4883-b089-11a5cebe9699 0.129s
2025-11-12 18:50:19.077 66005 INFO tempest.lib.common.rest_client [req-c7ba512c-b1d5-4929-9176-47b75ea9abed req-c7ba512c-b1d5-4929-9176-47b75ea9abed ] Request (MigrationsAdminTest:test_resize_server_revert_deleted_flavor): 200 GET http://10.180.1.21/compute/v2.1/servers/b7537d11-6896-4fa7-ae9e-930f2454f2d8 0.103s
2025-11-12 18:50:19.097 66041 INFO tempest.lib.common.rest_client [req-da3fdfc9-e613-4a87-ad8b-d4a610630b74 req-da3fdfc9-e613-4a87-ad8b-d4a610630b74 ] Request (QuotasAdminTestJSON:setUpClass): 201 POST http://10.180.1.21/identity/v3/auth/tokens 0.085s
2025-11-12 18:50:19.098 66041 WARNING tempest.lib.common.rest_client [-] Deprecated: "tenant_id" property is deprecated for removal, use "project_id" instead
2025-11-12 18:50:19.133 66041 INFO tempest.lib.common.rest_client [req-71d1fd1f-1d86-4c88-9837-e50b1ab64c2c req-71d1fd1f-1d86-4c88-9837-e50b1ab64c2c ] Request (QuotasAdminTestJSON:test_delete_quota): 200 GET http://10.180.1.21/identity/v3/domains?name=Default 0.034s
2025-11-12 18:50:19.138 66045 INFO tempest.lib.common.rest_client [req-ba05ec3a-933e-4a0e-b5a8-ef4306aca614 req-ba05ec3a-933e-4a0e-b5a8-ef4306aca614 ] Request (MultipleCreateTestJSON:test_multiple_create_with_reservation_return): 200 GET http://10.180.1.21/compute/v2.1/servers/2d1e4540-3db4-47bf-bb29-143b8b957a15 0.149s
2025-11-12 18:50:19.165 66041 INFO tempest.lib.common.rest_client [req-9432e599-d668-4e8d-8ebe-25e8aeddec11 req-9432e599-d668-4e8d-8ebe-25e8aeddec11 ] Request (QuotasAdminTestJSON:test_delete_quota): 201 POST http://10.180.1.21/identity/v3/projects 0.032s
2025-11-12 18:50:19.224 66041 INFO tempest.lib.common.rest_client [req-8fb64351-2b43-4d38-b099-14301c776531 req-8fb64351-2b43-4d38-b099-14301c776531 ] Request (QuotasAdminTestJSON:test_delete_quota): 200 GET http://10.180.1.21/identity/v3/domains?name=Default 0.058s
2025-11-12 18:50:19.386 66053 WARNING tempest.lib.common.ssh [-] Failed to establish authenticated ssh connection to cirros@10.180.180.140 ([Errno None] Unable to connect to port 22 on 10.180.180.140). Number attempts: 1. Retry after 2 seconds.: paramiko.ssh_exception.NoValidConnectionsError: [Errno None] Unable to connect to port 22 on 10.180.180.140
2025-11-12 18:50:19.892 66003 INFO tempest.lib.common.rest_client [req-bd98630f-622f-4461-99a7-560542ceae1c req-bd98630f-622f-4461-99a7-560542ceae1c ] Request (VolumesTestJSON:setUpClass): 200 GET http://10.180.1.21/volume/v3/volumes/3679200f-de57-49c6-8d93-bbb8249fa0ee 0.028s
2025-11-12 18:50:19.898 66003 INFO tempest.common.waiters [-] volume 3679200f-de57-49c6-8d93-bbb8249fa0ee reached available after waiting for 1.898807 seconds
2025-11-12 18:50:20.856 66030 WARNING tempest.lib.common.ssh [-] Failed to establish authenticated ssh connection to cirros@10.180.180.168 ([Errno None] Unable to connect to port 22 on 10.180.180.168). Number attempts: 6. Retry after 7 seconds.: paramiko.ssh_exception.NoValidConnectionsError: [Errno None] Unable to connect to port 22 on 10.180.180.168
2025-11-12 18:50:21.385 66043 INFO tempest.lib.common.rest_client [req-8fb4e349-7924-43bd-9de1-78da0a1fec20 req-8fb4e349-7924-43bd-9de1-78da0a1fec20 ] Request (ListImageFiltersTestJSON:setUpClass): 200 GET http://10.180.1.21/compute/v2.1/images/43daf1e8-72ef-4c31-9694-64d1832ee463 2.684s
2025-11-12 18:50:21.391 66019 INFO tempest.lib.common.rest_client [req-4ccca2ca-7242-451d-8cfc-3477782cf08a req-4ccca2ca-7242-451d-8cfc-3477782cf08a ] Request (ImagesOneServerTestJSON:test_create_image_specify_multibyte_character_image_name): 200 GET http://10.180.1.21/compute/v2.1/images/de538eb4-e359-4627-a368-cde35b2beb5b 2.379s
2025-11-12 18:50:21.467 66040 INFO tempest.lib.common.rest_client [req-32bba2a5-9528-4e97-8ad3-23f623ca13b5 req-32bba2a5-9528-4e97-8ad3-23f623ca13b5 ] Request (ServersTestMultiNic:_run_cleanups): 200 GET http://10.180.1.21/compute/v2.1/servers/7392d6c8-f109-48b6-ae90-b51f0818f7e7 2.321s
2025-11-12 18:50:21.468 66051 INFO tempest.lib.common.rest_client [req-570c13da-aa00-4a1a-ad1a-bba5bb78b292 req-570c13da-aa00-4a1a-ad1a-bba5bb78b292 ] Request (ServerRescueTestJSONUnderV235:tearDownClass): 200 GET http://10.180.1.21/compute/v2.1/servers/360c1cd2-581b-4736-a06c-0fbc9666d794 2.299s
2025-11-12 18:50:21.476 66051 INFO tempest.common.waiters [-] State transition "RESCUE/deleting" ==> "DELETED/None" after 6 second wait
2025-11-12 18:50:21.568 66013 INFO tempest.lib.common.rest_client [req-69cc4189-6d9a-4651-93d6-c23136cfec32 req-69cc4189-6d9a-4651-93d6-c23136cfec32 ] Request (FloatingIPsAssociationTestJSON:tearDownClass): 200 GET http://10.180.1.21/compute/v2.1/servers/a72e2f9e-4d19-4f03-986a-63f25e4c61ca 2.286s
2025-11-12 18:50:21.622 66041 INFO tempest.lib.common.rest_client [req-c551d4a1-ff83-4435-8afa-dace2c681373 req-c551d4a1-ff83-4435-8afa-dace2c681373 ] Request (QuotasAdminTestJSON:test_delete_quota): 200 GET http://10.180.1.21/compute/v2.1/os-quota-sets/2234aca4983c491a9cfd38959f0ed9cd 2.397s
2025-11-12 18:50:21.626 66007 INFO tempest.lib.common.rest_client [req-3cf9a932-d518-42a8-b573-5976537fb13c req-3cf9a932-d518-42a8-b573-5976537fb13c ] Request (ServersAdminNegativeTestJSON:test_migrate_server_invalid_state): 200 GET http://10.180.1.21/compute/v2.1/servers/de7b7c97-f51c-41de-884f-4ff5e852b67f 2.330s
2025-11-12 18:50:21.706 66025 INFO tempest.lib.common.rest_client [req-f6d41ca2-cc9c-4c3c-8abe-26e8f23f21b7 req-f6d41ca2-cc9c-4c3c-8abe-26e8f23f21b7 ] Request (ServerAddressesTestJSON:setUpClass): 200 GET http://10.180.1.21/compute/v2.1/servers/04b155da-3a8f-4559-8c39-e8fe12f739d0 2.358s
2025-11-12 18:50:21.730 66015 INFO tempest.lib.common.rest_client [req-c22e50cd-d793-4b9c-97a1-b437dcfb4922 req-c22e50cd-d793-4b9c-97a1-b437dcfb4922 ] Request (ServersWithSpecificFlavorTestJSON:test_verify_created_server_ephemeral_disk): 200 GET http://10.180.1.21/compute/v2.1/servers/40758c41-3a65-4c7d-9e6c-8e23ea20e8c9 2.381s
2025-11-12 18:50:21.739 66015 INFO tempest.common.waiters [-] State transition "BUILD/None" ==> "BUILD/spawning" after 31 second wait
2025-11-12 18:50:21.755 66023 INFO tempest.lib.common.rest_client [req-a8efb216-b484-4881-8c46-571d7032e85c req-a8efb216-b484-4881-8c46-571d7032e85c ] Request (AttachInterfacesUnderV243Test:test_add_remove_fixed_ip): 200 GET http://10.180.1.21/compute/v2.1/servers/37878dfc-7f8e-4756-8e97-993f7abf9081 2.357s
2025-11-12 18:50:21.795 66017 INFO tempest.lib.common.rest_client [req-6b2bcca8-888f-45c4-a3db-8c07c5ccbe9e req-6b2bcca8-888f-45c4-a3db-8c07c5ccbe9e ] Request (InstanceActionsNegativeTestJSON:tearDownClass): 200 GET http://10.180.1.21/compute/v2.1/servers/23e4c646-0dee-40b6-b4a3-e3b891f45b5e 2.296s
2025-11-12 18:50:21.809 66027 INFO tempest.lib.common.rest_client [req-bba23aad-3baf-48af-b19d-d6f906ef99fb req-bba23aad-3baf-48af-b19d-d6f906ef99fb ] Request (ServersAdminTestJSON:test_inject_network_info): 200 GET http://10.180.1.21/compute/v2.1/servers/1740776a-3140-49bc-812c-b4a7a9a1a38a 2.286s
2025-11-12 18:50:21.816 66027 INFO tempest.common.waiters [-] State transition "BUILD/None" ==> "BUILD/networking" after 31 second wait
2025-11-12 18:50:21.853 66001 INFO tempest.lib.common.rest_client [req-ba636946-ed90-4174-851d-baea97c8b215 req-ba636946-ed90-4174-851d-baea97c8b215 ] Request (ImagesTestJSON:test_create_image_from_suspended_server): 200 GET http://10.180.1.21/compute/v2.1/servers/d1f950ca-c309-4e34-b1a8-31454f9c0761 2.295s
2025-11-12 18:50:21.865 65999 INFO tempest.lib.common.rest_client [req-9a82b7f8-fb17-4dad-8e90-4bb3f0b73471 req-9a82b7f8-fb17-4dad-8e90-4bb3f0b73471 ] Request (ServerPasswordTestJSON:setUpClass): 200 GET http://10.180.1.21/compute/v2.1/servers/6cfce060-66a1-496a-893c-46fecec394d0 2.243s
2025-11-12 18:50:21.933 66049 INFO tempest.lib.common.rest_client [req-8bf0be70-ea87-4a9a-97ac-69c69331581c req-8bf0be70-ea87-4a9a-97ac-69c69331581c ] Request (VolumesAssistedSnapshotsTest:tearDownClass): 200 GET http://10.180.1.21/compute/v2.1/servers/094adfbd-12e0-482a-b720-df478b814947 2.192s
