2025-11-12 18:51:05.528 66049 INFO tempest.lib.common.rest_client [req-bbc43595-329a-4dc1-83fc-e09379d2f7a3 req-bbc43595-329a-4dc1-83fc-e09379d2f7a3 ] Request (VolumesAssistedSnapshotsTest:tearDownClass): 200 PUT http://10.180.1.21/networking/v2.0/routers/e7de3da3-b89c-444f-8836-c5846c4f034b/remove_router_interface 0.887s
2025-11-12 18:51:05.538 66061 INFO tempest.lib.common.rest_client [req-e9768e0f-2f07-41d7-9afd-3d6947b10c00 req-e9768e0f-2f07-41d7-9afd-3d6947b10c00 ] Request (ServerDiagnosticsTest:tearDownClass): 200 GET http://10.180.1.21/compute/v2.1/servers/90cd5892-932c-438d-8d28-ab1bac9521d8 0.385s
2025-11-12 18:51:05.570 66019 INFO tempest.lib.common.rest_client [req-9a664560-9ccf-464d-982c-96949f7c03a3 req-9a664560-9ccf-464d-982c-96949f7c03a3 ] Request (ImagesOneServerTestJSON:tearDownClass): 204 DELETE http://10.180.1.21/identity/v3/projects/8670fd0197d24f57b170fb2ef76b19d9 0.133s
2025-11-12 18:51:05.599 66013 INFO tempest.lib.common.rest_client [req-789cfd96-e863-4079-82d5-da6b54502efd req-789cfd96-e863-4079-82d5-da6b54502efd ] Request (AttachInterfacesV270Test:test_create_get_list_interfaces): 200 GET http://10.180.1.21/compute/v2.1/servers/f15bdee2-5d75-4acb-9d29-ed880bde7b5a 0.272s
2025-11-12 18:51:05.648 66019 INFO tempest.lib.common.rest_client [req-b1c41111-7e8d-4e21-aa55-6728c79f40c6 req-b1c41111-7e8d-4e21-aa55-6728c79f40c6 ] Request (ServerActionsTestOtherA:setUpClass): 201 POST http://10.180.1.21/identity/v3/auth/tokens 0.075s
2025-11-12 18:51:05.666 66027 INFO tempest.lib.common.rest_client [req-9346aa2f-c20e-4fde-8aef-b6137fa957c7 req-9346aa2f-c20e-4fde-8aef-b6137fa957c7 ] Request (ServersAdminTestJSON:_run_cleanups): 200 GET http://10.180.1.21/compute/v2.1/servers/fedbf848-9ee2-4b03-acc0-f7e927b84a63 0.301s
2025-11-12 18:51:05.676 66027 INFO tempest.common.waiters [-] State transition "REBUILD/rebuild_spawning" ==> "ACTIVE/None" after 9 second wait
2025-11-12 18:51:05.712 66019 INFO tempest.lib.common.rest_client [req-31da67af-a350-485b-9900-ff5eace53caa req-31da67af-a350-485b-9900-ff5eace53caa ] Request (ServerActionsTestOtherA:setUpClass): 201 POST http://10.180.1.21/identity/v3/auth/tokens 0.059s
2025-11-12 18:51:05.742 66019 INFO tempest.lib.common.rest_client [req-3d613b77-cc27-4eef-994f-2063f370b5b1 req-3d613b77-cc27-4eef-994f-2063f370b5b1 ] Request (ServerActionsTestOtherA:setUpClass): 200 GET http://10.180.1.21/identity/v3/domains?name=Default 0.029s
2025-11-12 18:51:05.767 66027 INFO tempest.lib.common.rest_client [req-a37b8fc7-3471-4458-9dfb-8ff72028d055 req-a37b8fc7-3471-4458-9dfb-8ff72028d055 ] Request (ServersAdminTestJSON:test_reset_state_server): 202 POST http://10.180.1.21/compute/v2.1/servers/fedbf848-9ee2-4b03-acc0-f7e927b84a63/action 0.085s
2025-11-12 18:51:05.778 66019 INFO tempest.lib.common.rest_client [req-5cf16085-a8f8-4adf-9bd8-a12b494bf8f0 req-5cf16085-a8f8-4adf-9bd8-a12b494bf8f0 ] Request (ServerActionsTestOtherA:setUpClass): 201 POST http://10.180.1.21/identity/v3/projects 0.035s
2025-11-12 18:51:05.811 66005 INFO tempest.lib.common.rest_client [req-856678fa-68d0-4225-ab58-3fcb90cdde22 req-856678fa-68d0-4225-ab58-3fcb90cdde22 ] Request (MigrationsAdminTest:test_resize_server_revert_deleted_flavor): 200 GET http://10.180.1.21/compute/v2.1/servers/b7537d11-6896-4fa7-ae9e-930f2454f2d8 0.161s
2025-11-12 18:51:05.843 66019 INFO tempest.lib.common.rest_client [req-c3098eb8-6c8b-448b-8207-64f2295a9d5b req-c3098eb8-6c8b-448b-8207-64f2295a9d5b ] Request (ServerActionsTestOtherA:setUpClass): 201 POST http://10.180.1.21/identity/v3/users 0.065s
2025-11-12 18:51:05.869 66019 INFO tempest.lib.common.rest_client [req-9d48c35a-205a-401b-8088-d8277197a674 req-9d48c35a-205a-401b-8088-d8277197a674 ] Request (ServerActionsTestOtherA:setUpClass): 200 GET http://10.180.1.21/identity/v3/roles 0.025s
2025-11-12 18:51:05.906 66019 INFO tempest.lib.common.rest_client [req-a9fc256d-dd19-44b9-b031-593194b34e30 req-a9fc256d-dd19-44b9-b031-593194b34e30 ] Request (ServerActionsTestOtherA:setUpClass): 204 PUT http://10.180.1.21/identity/v3/projects/4a9a1b28d9c34963a3a4ae02fa49a621/users/108697ecb142449a894af491f3897fd4/roles/19d8ddda8cd640488dabfe371d995af6 0.036s
2025-11-12 18:51:05.906 66019 INFO tempest.lib.common.dynamic_creds [-] Dynamic test user 108697ecb142449a894af491f3897fd4 is created with scope project and roles: ['member']
2025-11-12 18:51:05.906 66019 INFO tempest.lib.common.dynamic_creds [-] Acquired dynamic creds: credentials: Credentials: {'domain_id': 'default', 'domain_name': 'Default', 'username': 'tempest-ServerActionsTestOtherA-80589459-project-member', 'project_domain_id': 'default', 'project_domain_name': 'Default', 'project_id': '4a9a1b28d9c34963a3a4ae02fa49a621', 'project_name': 'tempest-ServerActionsTestOtherA-80589459', 'tenant_id': '4a9a1b28d9c34963a3a4ae02fa49a621', 'tenant_name': 'tempest-ServerActionsTestOtherA-80589459', 'user_domain_id': 'default', 'user_domain_name': 'Default', 'user_id': '108697ecb142449a894af491f3897fd4', 'system': None}, Network: None, Subnet: None, Router: None
2025-11-12 18:51:05.992 66019 INFO tempest.lib.common.rest_client [req-c1df8f23-bae8-4dc2-8525-9aafb2efc720 req-c1df8f23-bae8-4dc2-8525-9aafb2efc720 ] Request (ServerActionsTestOtherA:setUpClass): 201 POST http://10.180.1.21/identity/v3/auth/tokens 0.085s
2025-11-12 18:51:06.058 66049 INFO tempest.lib.common.rest_client [req-26e9f405-45b0-49be-8ff7-59eb7db69a86 req-26e9f405-45b0-49be-8ff7-59eb7db69a86 ] Request (VolumesAssistedSnapshotsTest:tearDownClass): 204 DELETE http://10.180.1.21/networking/v2.0/routers/e7de3da3-b89c-444f-8836-c5846c4f034b 0.530s
2025-11-12 18:51:06.154 66045 INFO tempest.lib.common.rest_client [req-6ea367bf-4f05-4e70-a1bb-83ddf60dae1f req-6ea367bf-4f05-4e70-a1bb-83ddf60dae1f ] Request (MultipleCreateTestJSON:tearDownClass): 200 GET http://10.180.1.21/compute/v2.1/servers/fe57a131-f541-4f53-850d-fdf6031044c5 0.335s
2025-11-12 18:51:06.421 66019 INFO tempest.lib.common.rest_client [req-8d79da86-5ca5-4784-85e0-0cb5d2b019ae req-8d79da86-5ca5-4784-85e0-0cb5d2b019ae ] Request (ServerActionsTestOtherA:setUpClass): 201 POST http://10.180.1.21/networking/v2.0/networks 0.428s
2025-11-12 18:51:06.466 66049 INFO tempest.lib.common.rest_client [req-482cc186-963b-4606-b9aa-8b0181e09ba1 req-482cc186-963b-4606-b9aa-8b0181e09ba1 ] Request (VolumesAssistedSnapshotsTest:tearDownClass): 204 DELETE http://10.180.1.21/networking/v2.0/subnets/6c572126-5a00-421b-8bea-5e08836b1b6c 0.407s
2025-11-12 18:51:06.491 66027 INFO tempest.lib.common.rest_client [req-b199a6d6-e289-4362-94be-610f48ace66c req-b199a6d6-e289-4362-94be-610f48ace66c ] Request (ServersAdminTestJSON:test_reset_state_server): 200 GET http://10.180.1.21/compute/v2.1/servers/fedbf848-9ee2-4b03-acc0-f7e927b84a63 0.723s
2025-11-12 18:51:06.491 66041 INFO tempest.lib.common.rest_client [req-67d56db6-1646-40da-afba-fdcd7546fbf7 req-67d56db6-1646-40da-afba-fdcd7546fbf7 ] Request (ServersTestBootFromVolume:setUpClass): 200 GET http://10.180.1.21/compute/v2.1/servers/c8fc5dbc-7739-4f3f-a95a-3e54f9ed23b9 0.657s
2025-11-12 18:51:06.539 66043 INFO tempest.lib.common.rest_client [req-e3e41716-90f0-4ad6-9e7b-ccbc61342ca9 req-e3e41716-90f0-4ad6-9e7b-ccbc61342ca9 ] Request (ListImageFiltersTestJSON:setUpClass): 200 GET http://10.180.1.21/compute/v2.1/images/ffe4deb2-81ac-40d1-ac85-95134e611201 0.666s
2025-11-12 18:51:06.661 66019 INFO tempest.lib.common.rest_client [req-a03d39b8-7128-4f80-8fe8-5958533a7f78 req-a03d39b8-7128-4f80-8fe8-5958533a7f78 ] Request (ServerActionsTestOtherA:setUpClass): 201 POST http://10.180.1.21/networking/v2.0/subnets 0.240s
2025-11-12 18:51:06.756 66049 INFO tempest.lib.common.rest_client [req-66008274-e698-4581-a9f4-3757d8e7d92a req-66008274-e698-4581-a9f4-3757d8e7d92a ] Request (VolumesAssistedSnapshotsTest:tearDownClass): 204 DELETE http://10.180.1.21/networking/v2.0/networks/12c6348b-5526-48f2-a354-98739f384132 0.290s
2025-11-12 18:51:06.779 65999 INFO tempest.lib.common.rest_client [req-fcce9f04-cd9d-4376-9038-6560c448bcab req-fcce9f04-cd9d-4376-9038-6560c448bcab ] Request (ServerPasswordTestJSON:tearDownClass): 200 GET http://10.180.1.21/compute/v2.1/servers/6cfce060-66a1-496a-893c-46fecec394d0 0.620s
2025-11-12 18:51:06.794 66017 INFO tempest.lib.common.rest_client [req-bb65a194-cea7-4644-98f8-166377855163 req-bb65a194-cea7-4644-98f8-166377855163 ] Request (ServersListShow296Test:test_list_show_update_rebuild_server_296): 200 GET http://10.180.1.21/compute/v2.1/servers/1f90640a-819e-48a5-ae22-4b7301e3a056 0.604s
2025-11-12 18:51:07.480 66019 INFO tempest.lib.common.rest_client [req-e3c4529c-df71-4fcf-ad15-85d89120d412 req-e3c4529c-df71-4fcf-ad15-85d89120d412 ] Request (ServerActionsTestOtherA:setUpClass): 201 POST http://10.180.1.21/networking/v2.0/routers 0.818s
2025-11-12 18:51:07.506 66035 INFO tempest.lib.common.rest_client [req-1f382656-0a7f-4966-8308-7dcf8f1b1588 req-1f382656-0a7f-4966-8308-7dcf8f1b1588 ] Request (ServerDiskConfigTestJSON:test_rebuild_server_with_manual_disk_config): 200 GET http://10.180.1.21/compute/v2.1/servers/89669ab9-1dff-41bd-a477-7befbb180901 1.261s
2025-11-12 18:51:07.519 66025 INFO tempest.lib.common.rest_client [req-7867fc74-3c36-44f7-ad55-c611b7952f1d req-7867fc74-3c36-44f7-ad55-c611b7952f1d ] Request (ServerAddressesTestJSON:setUpClass): 200 GET http://10.180.1.21/compute/v2.1/servers/04b155da-3a8f-4559-8c39-e8fe12f739d0 1.259s
2025-11-12 18:51:07.689 66049 INFO tempest.lib.common.rest_client [req-19c8c55b-9d3b-46e2-ae9d-c1bf8434df5f req-19c8c55b-9d3b-46e2-ae9d-c1bf8434df5f ] Request (VolumesAssistedSnapshotsTest:tearDownClass): 200 PUT http://10.180.1.21/networking/v2.0/routers/35feef01-fb99-4610-99b1-ada85d8dd74b/remove_router_interface 0.932s
2025-11-12 18:51:08.534 66019 INFO tempest.lib.common.rest_client [req-6afaf981-c5be-4cd9-b4e8-3418e4b98b0b req-6afaf981-c5be-4cd9-b4e8-3418e4b98b0b ] Request (ServerActionsTestOtherA:setUpClass): 200 PUT http://10.180.1.21/networking/v2.0/routers/7c6a3c42-9759-4c3c-af94-f45a9ee97ac3/add_router_interface 1.053s
2025-11-12 18:51:08.535 66019 INFO tempest.lib.common.dynamic_creds [-] Created isolated network resources for: credentials: Credentials: {'domain_id': 'default', 'domain_name': 'Default', 'username': 'tempest-ServerActionsTestOtherA-80589459-project-member', 'project_domain_id': 'default', 'project_domain_name': 'Default', 'project_id': '4a9a1b28d9c34963a3a4ae02fa49a621', 'project_name': 'tempest-ServerActionsTestOtherA-80589459', 'tenant_id': '4a9a1b28d9c34963a3a4ae02fa49a621', 'tenant_name': 'tempest-ServerActionsTestOtherA-80589459', 'user_domain_id': 'default', 'user_domain_name': 'Default', 'user_id': '108697ecb142449a894af491f3897fd4', 'system': None}, Network: {'id': '818d6c5f-054c-48b8-874c-485b966e23a7', 'name': 'tempest-ServerActionsTestOtherA-1907646490-network', 'tenant_id': '4a9a1b28d9c34963a3a4ae02fa49a621', 'project_id': '4a9a1b28d9c34963a3a4ae02fa49a621', 'admin_state_up': True, 'mtu': 8950, 'status': 'ACTIVE', 'subnets': [], 'shared': False, 'port_security_enabled': True, 'router:external': False, 'provider:network_type': 'vlan', 'provider:physical_network': 'default', 'provider:segmentation_id': 368, 'availability_zone_hints': [], 'availability_zones': [], 'ipv4_address_scope': None, 'ipv6_address_scope': None, 'description': '', 'tags': [], 'created_at': '2025-11-12T18:51:06Z', 'updated_at': '2025-11-12T18:51:06Z', 'revision_number': 1}, Subnet: {'id': 'c5017560-0bc8-4338-b83f-b57db6f915d6', 'name': 'tempest-ServerActionsTestOtherA-1907646490-subnet', 'tenant_id': '4a9a1b28d9c34963a3a4ae02fa49a621', 'network_id': '818d6c5f-054c-48b8-874c-485b966e23a7', 'ip_version': 4, 'subnetpool_id': None, 'enable_dhcp': True, 'ipv6_ra_mode': None, 'ipv6_address_mode': None, 'gateway_ip': '192.168.128.1', 'cidr': '192.168.128.0/28', 'allocation_pools': [{'start': '192.168.128.2', 'end': '192.168.128.14'}], 'host_routes': [], 'dns_nameservers': [], 'description': '', 'router:external': False, 'service_types': [], 'tags': [], 'created_at': '2025-11-12T18:51:06Z', 'updated_at': '2025-11-12T18:51:06Z', 'revision_number': 0, 'project_id': '4a9a1b28d9c34963a3a4ae02fa49a621'}, Router: {'id': '7c6a3c42-9759-4c3c-af94-f45a9ee97ac3', 'name': 'tempest-ServerActionsTestOtherA-1907646490-router', 'tenant_id': '4a9a1b28d9c34963a3a4ae02fa49a621', 'admin_state_up': True, 'status': 'ACTIVE', 'external_gateway_info': {'network_id': 'e0b471a4-ab87-4f1c-9b9c-9fc7da74adbd', 'external_fixed_ips': [{'subnet_id': 'aeca8ac5-cec6-4aef-80f2-e8b5076303c1', 'ip_address': '10.180.180.167'}], 'enable_snat': True}, 'description': '', 'availability_zones': [], 'distributed': False, 'ha': False, 'availability_zone_hints': [], 'routes': [], 'flavor_id': None, 'tags': [], 'created_at': '2025-11-12T18:51:06Z', 'updated_at': '2025-11-12T18:51:07Z', 'revision_number': 2, 'project_id': '4a9a1b28d9c34963a3a4ae02fa49a621'}
2025-11-12 18:51:08.558 66040 INFO tempest.lib.common.rest_client [req-2c46ea37-c822-4db4-ba04-a0f7e20d8af2 req-2c46ea37-c822-4db4-ba04-a0f7e20d8af2 ] Request (ServersTestMultiNic:test_verify_multiple_nics_order): 200 GET http://10.180.1.21/compute/v2.1/servers/5af9f9ff-2c23-4ff0-90bf-9da5836a9c3e 2.205s
2025-11-12 18:51:08.579 66007 INFO tempest.lib.common.rest_client [req-aa1d4c1f-ca33-4462-a917-6a0f7d119900 req-aa1d4c1f-ca33-4462-a917-6a0f7d119900 ] Request (ServersAdminNegativeTestJSON:tearDownClass): 200 GET http://10.180.1.21/compute/v2.1/servers/de7b7c97-f51c-41de-884f-4ff5e852b67f 2.210s
2025-11-12 18:51:08.644 66019 INFO tempest.lib.common.rest_client [req-2104aa4c-779a-4a61-ad19-d98ec7f861fc req-2104aa4c-779a-4a61-ad19-d98ec7f861fc ] Request (ServerActionsTestOtherA:setUpClass): 201 POST http://10.180.1.21/identity/v3/auth/tokens 0.104s
2025-11-12 18:51:09.174 66001 INFO tempest.lib.common.rest_client [req-b59fd975-ff16-480d-90d5-80315a61c16a req-b59fd975-ff16-480d-90d5-80315a61c16a ] Request (ImagesTestJSON:test_create_server_from_snapshot): 200 GET http://10.180.1.21/compute/v2.1/servers/fe46a167-8633-496a-8bbf-d1d8ca2d36ea 2.706s
2025-11-12 18:51:09.185 66047 INFO tempest.lib.common.rest_client [req-a82369e3-9307-4000-89cf-664eea544fc2 req-a82369e3-9307-4000-89cf-664eea544fc2 ] Request (ImagesOneServerNegativeTestJSON:_run_cleanups): 200 GET http://10.180.1.21/compute/v2.1/servers/509fb989-ef6d-485d-9b14-2ce11c2f812d 2.704s
2025-11-12 18:51:09.299 66027 INFO tempest.lib.common.rest_client [req-79fd775f-2bc3-47ef-b134-85b21a2b60d0 req-79fd775f-2bc3-47ef-b134-85b21a2b60d0 ] Request (ServersAdminTestJSON:test_reset_state_server): 202 POST http://10.180.1.21/compute/v2.1/servers/fedbf848-9ee2-4b03-acc0-f7e927b84a63/action 2.801s
2025-11-12 18:51:09.527 66049 INFO tempest.lib.common.rest_client [req-30eff866-b158-4ad0-9c2a-81916f993695 req-30eff866-b158-4ad0-9c2a-81916f993695 ] Request (VolumesAssistedSnapshotsTest:tearDownClass): 204 DELETE http://10.180.1.21/networking/v2.0/routers/35feef01-fb99-4610-99b1-ada85d8dd74b 1.837s
2025-11-12 18:51:09.554 66061 INFO tempest.lib.common.rest_client [req-20fdd730-20d7-4554-820c-306656770b69 req-20fdd730-20d7-4554-820c-306656770b69 ] Request (ServerDiagnosticsTest:tearDownClass): 200 GET http://10.180.1.21/compute/v2.1/servers/90cd5892-932c-438d-8d28-ab1bac9521d8 3.001s
2025-11-12 18:51:09.610 66021 INFO tempest.lib.common.rest_client [req-9c4b1ef2-ac5b-4754-a815-d8b65d385162 req-9c4b1ef2-ac5b-4754-a815-d8b65d385162 ] Request (AttachVolumeShelveTestJSON:test_attach_volume_shelved_or_offload_server): 200 GET http://10.180.1.21/compute/v2.1/servers/c2b620c4-7979-4883-b089-11a5cebe9699 3.074s
2025-11-12 18:51:09.623 66021 INFO tempest.common.waiters [-] State transition "BUILD/None" ==> "BUILD/spawning" after 64 second wait
2025-11-12 18:51:09.744 66049 INFO tempest.lib.common.rest_client [req-7f201b70-4557-4ac1-aaf2-ec10180e2c78 req-7f201b70-4557-4ac1-aaf2-ec10180e2c78 ] Request (VolumesAssistedSnapshotsTest:tearDownClass): 204 DELETE http://10.180.1.21/networking/v2.0/subnets/5770570c-1c5d-432c-a3c3-9ce7c84b67c4 0.216s
2025-11-12 18:51:09.779 66013 INFO tempest.lib.common.rest_client [req-5519aa85-c745-4768-9028-a06201a1396c req-5519aa85-c745-4768-9028-a06201a1396c ] Request (AttachInterfacesV270Test:test_create_get_list_interfaces): 200 GET http://10.180.1.21/compute/v2.1/servers/f15bdee2-5d75-4acb-9d29-ed880bde7b5a 3.167s
2025-11-12 18:51:09.919 66045 INFO tempest.lib.common.rest_client [req-2df4f11a-e70e-42b9-b061-65cc47c537a3 req-2df4f11a-e70e-42b9-b061-65cc47c537a3 ] Request (MultipleCreateTestJSON:tearDownClass): 200 GET http://10.180.1.21/compute/v2.1/servers/fe57a131-f541-4f53-850d-fdf6031044c5 2.755s
2025-11-12 18:51:09.928 66045 INFO tempest.common.waiters [-] State transition "ACTIVE/deleting" ==> "DELETED/None" after 5 second wait
2025-11-12 18:51:09.955 66005 INFO tempest.lib.common.rest_client [req-ccd00792-fc45-4d04-b0d9-5104f7e5f973 req-ccd00792-fc45-4d04-b0d9-5104f7e5f973 ] Request (MigrationsAdminTest:test_resize_server_revert_deleted_flavor): 200 GET http://10.180.1.21/compute/v2.1/servers/b7537d11-6896-4fa7-ae9e-930f2454f2d8 3.135s
2025-11-12 18:51:09.962 66005 INFO tempest.common.waiters [-] State transition "BUILD/None" ==> "BUILD/block_device_mapping" after 60 second wait
2025-11-12 18:51:10.000 66043 INFO tempest.lib.common.rest_client [req-e42e89ec-3253-4a0d-89a9-c4483f36f8f0 req-e42e89ec-3253-4a0d-89a9-c4483f36f8f0 ] Request (ListImageFiltersTestJSON:setUpClass): 200 GET http://10.180.1.21/compute/v2.1/images/ffe4deb2-81ac-40d1-ac85-95134e611201 2.456s
2025-11-12 18:51:10.188 66049 INFO tempest.lib.common.rest_client [req-4b1fd8fd-102f-492d-aaaf-be18e14fb3fb req-4b1fd8fd-102f-492d-aaaf-be18e14fb3fb ] Request (VolumesAssistedSnapshotsTest:tearDownClass): 204 DELETE http://10.180.1.21/networking/v2.0/networks/849b326e-2779-4ebd-ae6e-a32cecf94008 0.443s
2025-11-12 18:51:10.215 66041 INFO tempest.lib.common.rest_client [req-1ffc7976-c182-490b-9384-e2ac98a82614 req-1ffc7976-c182-490b-9384-e2ac98a82614 ] Request (ServersTestBootFromVolume:setUpClass): 200 GET http://10.180.1.21/compute/v2.1/servers/c8fc5dbc-7739-4f3f-a95a-3e54f9ed23b9 2.714s
2025-11-12 18:51:10.231 65999 INFO tempest.lib.common.rest_client [req-75a689fb-a871-427e-961f-e50b1891de2f req-75a689fb-a871-427e-961f-e50b1891de2f ] Request (ServerPasswordTestJSON:tearDownClass): 200 GET http://10.180.1.21/compute/v2.1/servers/6cfce060-66a1-496a-893c-46fecec394d0 2.444s
2025-11-12 18:51:10.298 66049 INFO tempest.lib.common.rest_client [req-058face0-cf63-46b7-8451-0efc1e3f5c5b req-058face0-cf63-46b7-8451-0efc1e3f5c5b ] Request (VolumesAssistedSnapshotsTest:tearDownClass): 204 DELETE http://10.180.1.21/identity/v3/users/3acca785d51542e196b258ee59f73f28 0.109s
2025-11-12 18:51:10.305 66017 INFO tempest.lib.common.rest_client [req-8eb2406b-48ee-47e0-9c91-1172a59b9b79 req-8eb2406b-48ee-47e0-9c91-1172a59b9b79 ] Request (ServersListShow296Test:test_list_show_update_rebuild_server_296): 200 GET http://10.180.1.21/compute/v2.1/servers/1f90640a-819e-48a5-ae22-4b7301e3a056 2.496s
2025-11-12 18:51:10.337 66035 INFO tempest.lib.common.rest_client [req-077d8912-29e8-483a-9c09-b504b8da83cd req-077d8912-29e8-483a-9c09-b504b8da83cd ] Request (ServerDiskConfigTestJSON:test_rebuild_server_with_manual_disk_config): 200 GET http://10.180.1.21/compute/v2.1/servers/89669ab9-1dff-41bd-a477-7befbb180901 1.818s
2025-11-12 18:51:10.385 66025 INFO tempest.lib.common.rest_client [req-7e76fc0d-5a4e-4658-a059-df8376e86da6 req-7e76fc0d-5a4e-4658-a059-df8376e86da6 ] Request (ServerAddressesTestJSON:setUpClass): 200 GET http://10.180.1.21/compute/v2.1/servers/04b155da-3a8f-4559-8c39-e8fe12f739d0 1.856s
2025-11-12 18:51:10.428 66049 INFO tempest.lib.common.rest_client [req-68976f21-218d-4726-b2f9-c0b1aee54009 req-68976f21-218d-4726-b2f9-c0b1aee54009 ] Request (VolumesAssistedSnapshotsTest:tearDownClass): 204 DELETE http://10.180.1.21/identity/v3/users/ff655b5c6d46468fabb3064f6eb64899 0.130s
2025-11-12 18:51:10.538 66019 INFO tempest.lib.common.rest_client [req-112bdc08-1d41-486b-95b2-0a0ed2ab505e req-112bdc08-1d41-486b-95b2-0a0ed2ab505e ] Request (ServerActionsTestOtherA:setUpClass): 200 POST http://10.180.1.21/compute/v2.1/os-keypairs 1.891s
2025-11-12 18:51:10.558 66049 INFO tempest.lib.common.rest_client [req-4b02846a-ba33-456e-b25b-72d433818914 req-4b02846a-ba33-456e-b25b-72d433818914 ] Request (VolumesAssistedSnapshotsTest:tearDownClass): 204 DELETE http://10.180.1.21/identity/v3/users/b8e669bde8b44be487282e94442a716f 0.130s
2025-11-12 18:51:10.558 66049 INFO tempest.lib.common.dynamic_creds [-] Deleting project and security group for project: 0eccfe85e72846608ed96701b06a0aa5
2025-11-12 18:51:10.561 66027 INFO tempest.lib.common.rest_client [req-e16dd5b9-ab9c-46b3-a4c0-ee0806f4b565 req-e16dd5b9-ab9c-46b3-a4c0-ee0806f4b565 ] Request (ServersAdminTestJSON:test_reset_state_server): 200 GET http://10.180.1.21/compute/v2.1/servers/fedbf848-9ee2-4b03-acc0-f7e927b84a63 1.262s
2025-11-12 18:51:10.585 66023 WARNING tempest.lib.common.ssh [-] Failed to establish authenticated ssh connection to cirros@10.180.180.136 ([Errno None] Unable to connect to port 22 on 10.180.180.136). Number attempts: 3. Retry after 4 seconds.: paramiko.ssh_exception.NoValidConnectionsError: [Errno None] Unable to connect to port 22 on 10.180.180.136
2025-11-12 18:51:10.686 66019 INFO tempest.lib.common.rest_client [req-557ac0cb-cc1b-49e6-8e9a-0d88e59cbe38 req-557ac0cb-cc1b-49e6-8e9a-0d88e59cbe38 ] Request (ServerActionsTestOtherA:setUpClass): 201 POST http://10.180.1.21/networking/v2.0/security-groups 0.146s
2025-11-12 18:51:10.712 66049 INFO tempest.lib.common.rest_client [req-c64328c5-9379-45f8-9f00-33c0b33693d8 req-c64328c5-9379-45f8-9f00-33c0b33693d8 ] Request (VolumesAssistedSnapshotsTest:tearDownClass): 200 GET http://10.180.1.21/networking/v2.0/security-groups?tenant_id=0eccfe85e72846608ed96701b06a0aa5&name=default 0.153s
2025-11-12 18:51:10.743 66040 INFO tempest.lib.common.rest_client [req-058b5760-7e86-465e-b792-532b3964379b req-058b5760-7e86-465e-b792-532b3964379b ] Request (ServersTestMultiNic:test_verify_multiple_nics_order): 200 GET http://10.180.1.21/compute/v2.1/servers/5af9f9ff-2c23-4ff0-90bf-9da5836a9c3e 1.177s
2025-11-12 18:51:10.763 66007 INFO tempest.lib.common.rest_client [req-90383992-1dd1-46a7-b466-e3d08efabe39 req-90383992-1dd1-46a7-b466-e3d08efabe39 ] Request (ServersAdminNegativeTestJSON:tearDownClass): 200 GET http://10.180.1.21/compute/v2.1/servers/de7b7c97-f51c-41de-884f-4ff5e852b67f 1.175s
2025-11-12 18:51:10.777 66015 WARNING tempest.lib.common.ssh [-] Failed to establish authenticated ssh connection to cirros@10.180.180.245 ([Errno None] Unable to connect to port 22 on 10.180.180.245). Number attempts: 6. Retry after 7 seconds.: paramiko.ssh_exception.NoValidConnectionsError: [Errno None] Unable to connect to port 22 on 10.180.180.245
2025-11-12 18:51:10.861 66019 INFO tempest.lib.common.rest_client [req-a460295d-d53f-48f8-b08c-798a6c24067e req-a460295d-d53f-48f8-b08c-798a6c24067e ] Request (ServerActionsTestOtherA:setUpClass): 201 POST http://10.180.1.21/networking/v2.0/security-group-rules 0.174s
2025-11-12 18:51:10.969 66049 INFO tempest.lib.common.rest_client [req-e7d06b85-9440-4feb-8da5-89caf0443278 req-e7d06b85-9440-4feb-8da5-89caf0443278 ] Request (VolumesAssistedSnapshotsTest:tearDownClass): 204 DELETE http://10.180.1.21/networking/v2.0/security-groups/9a92184f-77bd-432a-8068-9d439df3a94a 0.256s
2025-11-12 18:51:10.997 66001 INFO tempest.lib.common.rest_client [req-b5cee10b-09cf-4ee8-8fa2-772edbed34f0 req-b5cee10b-09cf-4ee8-8fa2-772edbed34f0 ] Request (ImagesTestJSON:test_create_server_from_snapshot): 200 GET http://10.180.1.21/compute/v2.1/servers/fe46a167-8633-496a-8bbf-d1d8ca2d36ea 0.813s
2025-11-12 18:51:11.016 66047 INFO tempest.lib.common.rest_client [req-b16df2c9-b097-42b7-a918-97b0f9447c9a req-b16df2c9-b097-42b7-a918-97b0f9447c9a ] Request (ImagesOneServerNegativeTestJSON:_run_cleanups): 200 GET http://10.180.1.21/compute/v2.1/servers/509fb989-ef6d-485d-9b14-2ce11c2f812d 0.814s
2025-11-12 18:51:11.120 66027 INFO tempest.lib.common.rest_client [req-77ca9b82-7c27-4e48-b71f-15d82ff1c30e req-77ca9b82-7c27-4e48-b71f-15d82ff1c30e ] Request (ServersAdminTestJSON:tearDownClass): 204 DELETE http://10.180.1.21/compute/v2.1/servers/1740776a-3140-49bc-812c-b4a7a9a1a38a 0.549s
2025-11-12 18:51:11.123 66019 INFO tempest.lib.common.rest_client [req-5570baee-1beb-42aa-9e9a-8ad8dce8d6f2 req-5570baee-1beb-42aa-9e9a-8ad8dce8d6f2 ] Request (ServerActionsTestOtherA:setUpClass): 201 POST http://10.180.1.21/networking/v2.0/security-group-rules 0.262s
2025-11-12 18:51:11.151 66061 INFO tempest.lib.common.rest_client [req-0f2f762c-8cd4-4e21-bbcb-598663bd1146 req-0f2f762c-8cd4-4e21-bbcb-598663bd1146 ] Request (ServerDiagnosticsTest:tearDownClass): 200 GET http://10.180.1.21/compute/v2.1/servers/90cd5892-932c-438d-8d28-ab1bac9521d8 0.581s
2025-11-12 18:51:11.176 66049 INFO tempest.lib.common.rest_client [req-94aa52f0-e0a9-4b97-ad1a-9220f3fd61bd req-94aa52f0-e0a9-4b97-ad1a-9220f3fd61bd ] Request (VolumesAssistedSnapshotsTest:tearDownClass): 204 DELETE http://10.180.1.21/identity/v3/projects/0eccfe85e72846608ed96701b06a0aa5 0.206s
2025-11-12 18:51:11.176 66049 INFO tempest.lib.common.dynamic_creds [-] Deleting project and security group for project: d1830cb03513425a9073706726e427cc
2025-11-12 18:51:11.624 66019 INFO tempest.lib.common.rest_client [req-0c713ce7-7a7d-4643-9f9c-0608023dcd6e req-0c713ce7-7a7d-4643-9f9c-0608023dcd6e ] Request (ServerActionsTestOtherA:setUpClass): 201 POST http://10.180.1.21/networking/v2.0/floatingips 0.500s
2025-11-12 18:51:11.665 66049 INFO tempest.lib.common.rest_client [req-aee10aec-eab6-4cfd-b94e-874a99046be7 req-aee10aec-eab6-4cfd-b94e-874a99046be7 ] Request (VolumesAssistedSnapshotsTest:tearDownClass): 200 GET http://10.180.1.21/networking/v2.0/security-groups?tenant_id=d1830cb03513425a9073706726e427cc&name=default 0.489s
2025-11-12 18:51:11.681 66013 INFO tempest.lib.common.rest_client [req-a8992abc-d6d9-457a-a616-5aba44fd31df req-a8992abc-d6d9-457a-a616-5aba44fd31df ] Request (AttachInterfacesV270Test:test_create_get_list_interfaces): 200 GET http://10.180.1.21/compute/v2.1/servers/f15bdee2-5d75-4acb-9d29-ed880bde7b5a 0.886s
2025-11-12 18:51:11.710 66021 INFO tempest.lib.common.rest_client [req-5d93de4c-7508-45bf-9d73-949228f7e546 req-5d93de4c-7508-45bf-9d73-949228f7e546 ] Request (AttachVolumeShelveTestJSON:test_attach_volume_shelved_or_offload_server): 200 GET http://10.180.1.21/compute/v2.1/servers/c2b620c4-7979-4883-b089-11a5cebe9699 1.086s
2025-11-12 18:51:11.723 66019 INFO tempest.lib.common.rest_client [req-ddf0a6e8-3f95-44f6-8123-c6f2014329ea req-ddf0a6e8-3f95-44f6-8123-c6f2014329ea ] Request (ServerActionsTestOtherA:setUpClass): 201 POST http://10.180.1.21/identity/v3/auth/tokens 0.096s
2025-11-12 18:51:11.723 66019 INFO tempest.lib.common.fixed_network [-] (ServerActionsTestOtherA:setUpClass) Found network {'id': '818d6c5f-054c-48b8-874c-485b966e23a7', 'name': 'tempest-ServerActionsTestOtherA-1907646490-network', 'tenant_id': '4a9a1b28d9c34963a3a4ae02fa49a621', 'project_id': '4a9a1b28d9c34963a3a4ae02fa49a621', 'admin_state_up': True, 'mtu': 8950, 'status': 'ACTIVE', 'subnets': [], 'shared': False, 'port_security_enabled': True, 'router:external': False, 'provider:network_type': 'vlan', 'provider:physical_network': 'default', 'provider:segmentation_id': 368, 'availability_zone_hints': [], 'availability_zones': [], 'ipv4_address_scope': None, 'ipv6_address_scope': None, 'description': '', 'tags': [], 'created_at': '2025-11-12T18:51:06Z', 'updated_at': '2025-11-12T18:51:06Z', 'revision_number': 1} available for tenant
2025-11-12 18:51:11.794 66049 INFO tempest.lib.common.rest_client [req-e7b3fd52-ee6d-4821-b4e0-c9c997f4e9e4 req-e7b3fd52-ee6d-4821-b4e0-c9c997f4e9e4 ] Request (VolumesAssistedSnapshotsTest:tearDownClass): 204 DELETE http://10.180.1.21/networking/v2.0/security-groups/551d4f58-e930-45a5-b5e4-3c3edbc03f7a 0.128s
2025-11-12 18:51:11.818 66045 INFO tempest.lib.common.rest_client [req-325290b2-db36-47e5-90a1-2de650cff27c req-325290b2-db36-47e5-90a1-2de650cff27c ] Request (MultipleCreateTestJSON:tearDownClass): 200 GET http://10.180.1.21/compute/v2.1/servers/fe57a131-f541-4f53-850d-fdf6031044c5 0.890s
2025-11-12 18:51:11.860 66043 INFO tempest.lib.common.rest_client [req-9978f060-51b7-475e-8d1a-f02eb57bdd36 req-9978f060-51b7-475e-8d1a-f02eb57bdd36 ] Request (ListImageFiltersTestJSON:setUpClass): 200 GET http://10.180.1.21/compute/v2.1/images/ffe4deb2-81ac-40d1-ac85-95134e611201 0.853s
2025-11-12 18:51:11.883 66005 INFO tempest.lib.common.rest_client [req-4d7ec4bc-9103-41da-b7c7-b73dc9c7691a req-4d7ec4bc-9103-41da-b7c7-b73dc9c7691a ] Request (MigrationsAdminTest:test_resize_server_revert_deleted_flavor): 200 GET http://10.180.1.21/compute/v2.1/servers/b7537d11-6896-4fa7-ae9e-930f2454f2d8 0.920s
2025-11-12 18:51:11.892 66005 INFO tempest.common.waiters [-] State transition "BUILD/block_device_mapping" ==> "BUILD/spawning" after 62 second wait
2025-11-12 18:51:11.957 66049 INFO tempest.lib.common.rest_client [req-3cbaebeb-f4ff-4e81-b233-66982694dd9e req-3cbaebeb-f4ff-4e81-b233-66982694dd9e ] Request (VolumesAssistedSnapshotsTest:tearDownClass): 204 DELETE http://10.180.1.21/identity/v3/projects/d1830cb03513425a9073706726e427cc 0.163s
2025-11-12 18:51:11.957 66049 INFO tempest.lib.common.dynamic_creds [-] Deleting project and security group for project: b1a4307ab02f465ca190c8198ce3baba
2025-11-12 18:51:12.019 66041 INFO tempest.lib.common.rest_client [req-0fef8a91-3a62-4334-8cea-df4ce301f95c req-0fef8a91-3a62-4334-8cea-df4ce301f95c ] Request (ServersTestBootFromVolume:setUpClass): 200 GET http://10.180.1.21/compute/v2.1/servers/c8fc5dbc-7739-4f3f-a95a-3e54f9ed23b9 0.795s
2025-11-12 18:51:12.033 66049 INFO tempest.lib.common.rest_client [req-27681fe3-e3a8-4929-b5b6-90204db894f6 req-27681fe3-e3a8-4929-b5b6-90204db894f6 ] Request (VolumesAssistedSnapshotsTest:tearDownClass): 200 GET http://10.180.1.21/networking/v2.0/security-groups?tenant_id=b1a4307ab02f465ca190c8198ce3baba&name=default 0.075s
2025-11-12 18:51:12.083 66027 INFO tempest.lib.common.rest_client [req-97a53c84-4c28-4c85-accd-c9896efdd501 req-97a53c84-4c28-4c85-accd-c9896efdd501 ] Request (ServersAdminTestJSON:tearDownClass): 200 GET http://10.180.1.21/compute/v2.1/servers/1740776a-3140-49bc-812c-b4a7a9a1a38a 0.962s
2025-11-12 18:51:12.139 65999 INFO tempest.lib.common.rest_client [req-aa8a4b75-0300-439d-a49d-dba4b3c3ce37 req-aa8a4b75-0300-439d-a49d-dba4b3c3ce37 ] Request (ServerPasswordTestJSON:tearDownClass): 200 GET http://10.180.1.21/compute/v2.1/servers/6cfce060-66a1-496a-893c-46fecec394d0 0.899s
2025-11-12 18:51:12.165 66017 INFO tempest.lib.common.rest_client [req-2e7dee7f-50b8-4142-81cd-49e28c0da2af req-2e7dee7f-50b8-4142-81cd-49e28c0da2af ] Request (ServersListShow296Test:test_list_show_update_rebuild_server_296): 200 GET http://10.180.1.21/compute/v2.1/servers/1f90640a-819e-48a5-ae22-4b7301e3a056 0.845s
2025-11-12 18:51:12.168 66049 INFO tempest.lib.common.rest_client [req-2d72765c-08e4-4471-adcc-b52714dc1a1d req-2d72765c-08e4-4471-adcc-b52714dc1a1d ] Request (VolumesAssistedSnapshotsTest:tearDownClass): 204 DELETE http://10.180.1.21/networking/v2.0/security-groups/f3c7a764-0b97-46e9-810c-e9c950d24dba 0.134s
2025-11-12 18:51:12.210 66035 INFO tempest.lib.common.rest_client [req-91e31eec-dff7-4cf7-b64b-d5aa2d525b39 req-91e31eec-dff7-4cf7-b64b-d5aa2d525b39 ] Request (ServerDiskConfigTestJSON:test_rebuild_server_with_manual_disk_config): 200 GET http://10.180.1.21/compute/v2.1/servers/89669ab9-1dff-41bd-a477-7befbb180901 0.858s
2025-11-12 18:51:12.327 66025 INFO tempest.lib.common.rest_client [req-aba85128-d16d-4734-ac23-a368da668511 req-aba85128-d16d-4734-ac23-a368da668511 ] Request (ServerAddressesTestJSON:setUpClass): 200 GET http://10.180.1.21/compute/v2.1/servers/04b155da-3a8f-4559-8c39-e8fe12f739d0 0.932s
2025-11-12 18:51:12.330 66049 INFO tempest.lib.common.rest_client [req-d88e24c1-071b-446e-b464-cbe100cede37 req-d88e24c1-071b-446e-b464-cbe100cede37 ] Request (VolumesAssistedSnapshotsTest:tearDownClass): 204 DELETE http://10.180.1.21/identity/v3/projects/b1a4307ab02f465ca190c8198ce3baba 0.161s
2025-11-12 18:51:12.331 66049 INFO tempest.test [-] raised in LiveMigrationNegativeTest.setUpClass. Invoking tearDownClass.
2025-11-12 18:51:12.335 66025 INFO tempest.common.waiters [-] State transition "BUILD/None" ==> "BUILD/block_device_mapping" after 58 second wait
2025-11-12 18:51:12.418 66049 INFO tempest.lib.common.rest_client [req-97462a81-e77d-4ec8-9c85-49d2b3c0797d req-97462a81-e77d-4ec8-9c85-49d2b3c0797d ] Request (ServicesAdminNegativeV253TestJSON:setUpClass): 201 POST http://10.180.1.21/identity/v3/auth/tokens 0.082s
2025-11-12 18:51:12.418 66040 INFO tempest.lib.common.rest_client [req-d113c06c-3abd-4f0f-8c4c-86ef19da1a2f req-d113c06c-3abd-4f0f-8c4c-86ef19da1a2f ] Request (ServersTestMultiNic:test_verify_multiple_nics_order): 200 GET http://10.180.1.21/compute/v2.1/servers/5af9f9ff-2c23-4ff0-90bf-9da5836a9c3e 0.666s
2025-11-12 18:51:12.457 66049 INFO tempest.lib.common.rest_client [req-5669ddbe-15af-458e-b650-b1b8a834fa9c req-5669ddbe-15af-458e-b650-b1b8a834fa9c ] Request (ServicesAdminNegativeV253TestJSON:setUpClass): 201 POST http://10.180.1.21/identity/v3/auth/tokens 0.035s
2025-11-12 18:51:12.482 66049 INFO tempest.lib.common.rest_client [req-d2c6c9e2-b758-463d-924c-44f6eb26a8ea req-d2c6c9e2-b758-463d-924c-44f6eb26a8ea ] Request (ServicesAdminNegativeV253TestJSON:setUpClass): 200 GET http://10.180.1.21/identity/v3/domains?name=Default 0.025s
2025-11-12 18:51:12.509 66007 INFO tempest.lib.common.rest_client [req-d9e2d74a-0646-47a8-9c70-24a854c33980 req-d9e2d74a-0646-47a8-9c70-24a854c33980 ] Request (ServersAdminNegativeTestJSON:tearDownClass): 200 GET http://10.180.1.21/compute/v2.1/servers/de7b7c97-f51c-41de-884f-4ff5e852b67f 0.737s
2025-11-12 18:51:12.516 66049 INFO tempest.lib.common.rest_client [req-9b27db26-1aa8-435b-8b8e-b71ccab54431 req-9b27db26-1aa8-435b-8b8e-b71ccab54431 ] Request (ServicesAdminNegativeV253TestJSON:setUpClass): 201 POST http://10.180.1.21/identity/v3/projects 0.033s
2025-11-12 18:51:12.583 66049 INFO tempest.lib.common.rest_client [req-6f898249-04a3-4f6b-b96e-5236c5d5196c req-6f898249-04a3-4f6b-b96e-5236c5d5196c ] Request (ServicesAdminNegativeV253TestJSON:setUpClass): 201 POST http://10.180.1.21/identity/v3/users 0.066s
2025-11-12 18:51:12.607 66049 INFO tempest.lib.common.rest_client [req-2a695411-c4f4-48f1-9435-2c501db94566 req-2a695411-c4f4-48f1-9435-2c501db94566 ] Request (ServicesAdminNegativeV253TestJSON:setUpClass): 200 GET http://10.180.1.21/identity/v3/roles 0.024s
2025-11-12 18:51:12.615 66001 INFO tempest.lib.common.rest_client [req-e6c9221b-d213-4707-b4b0-bd646d20ac89 req-e6c9221b-d213-4707-b4b0-bd646d20ac89 ] Request (ImagesTestJSON:test_create_server_from_snapshot): 200 GET http://10.180.1.21/compute/v2.1/servers/fe46a167-8633-496a-8bbf-d1d8ca2d36ea 0.603s
2025-11-12 18:51:12.638 66049 INFO tempest.lib.common.rest_client [req-c94b5f9a-a9b6-4809-a0d2-9c2eb26a0389 req-c94b5f9a-a9b6-4809-a0d2-9c2eb26a0389 ] Request (ServicesAdminNegativeV253TestJSON:setUpClass): 204 PUT http://10.180.1.21/identity/v3/projects/580ca79abf7243b7b84fc58fd046a23e/users/7c9a84d9242c417b8c96dc806ff769dc/roles/19d8ddda8cd640488dabfe371d995af6 0.030s
2025-11-12 18:51:12.638 66049 INFO tempest.lib.common.dynamic_creds [-] Dynamic test user 7c9a84d9242c417b8c96dc806ff769dc is created with scope project and roles: ['member']
2025-11-12 18:51:12.638 66049 INFO tempest.lib.common.dynamic_creds [-] Acquired dynamic creds: credentials: Credentials: {'domain_id': 'default', 'domain_name': 'Default', 'username': 'tempest-ServicesAdminNegativeV253TestJSON-1257347837-project-member', 'project_domain_id': 'default', 'project_domain_name': 'Default', 'project_id': '580ca79abf7243b7b84fc58fd046a23e', 'project_name': 'tempest-ServicesAdminNegativeV253TestJSON-1257347837', 'tenant_id': '580ca79abf7243b7b84fc58fd046a23e', 'tenant_name': 'tempest-ServicesAdminNegativeV253TestJSON-1257347837', 'user_domain_id': 'default', 'user_domain_name': 'Default', 'user_id': '7c9a84d9242c417b8c96dc806ff769dc', 'system': None}, Network: None, Subnet: None, Router: None
2025-11-12 18:51:12.639 66049 INFO tempest.lib.common.dynamic_creds [-] Created isolated network resources for: credentials: Credentials: {'domain_id': 'default', 'domain_name': 'Default', 'username': 'tempest-ServicesAdminNegativeV253TestJSON-1257347837-project-member', 'project_domain_id': 'default', 'project_domain_name': 'Default', 'project_id': '580ca79abf7243b7b84fc58fd046a23e', 'project_name': 'tempest-ServicesAdminNegativeV253TestJSON-1257347837', 'tenant_id': '580ca79abf7243b7b84fc58fd046a23e', 'tenant_name': 'tempest-ServicesAdminNegativeV253TestJSON-1257347837', 'user_domain_id': 'default', 'user_domain_name': 'Default', 'user_id': '7c9a84d9242c417b8c96dc806ff769dc', 'system': None}, Network: None, Subnet: None, Router: None
2025-11-12 18:51:12.684 66047 INFO tempest.lib.common.rest_client [req-5107ba90-2ea4-4a87-a841-ef55b7b75bf1 req-5107ba90-2ea4-4a87-a841-ef55b7b75bf1 ] Request (ImagesOneServerNegativeTestJSON:_run_cleanups): 200 GET http://10.180.1.21/compute/v2.1/servers/509fb989-ef6d-485d-9b14-2ce11c2f812d 0.652s
2025-11-12 18:51:12.706 66019 INFO tempest.lib.common.rest_client [req-62967750-82f6-486c-9a9f-1bd08de1b5fd req-62967750-82f6-486c-9a9f-1bd08de1b5fd ] Request (ServerActionsTestOtherA:setUpClass): 202 POST http://10.180.1.21/compute/v2.1/servers 0.982s
2025-11-12 18:51:12.763 66049 INFO tempest.lib.common.rest_client [req-9587d8f6-fd1d-4b48-83d6-1044f04b4157 req-9587d8f6-fd1d-4b48-83d6-1044f04b4157 ] Request (ServicesAdminNegativeV253TestJSON:setUpClass): 201 POST http://10.180.1.21/identity/v3/auth/tokens 0.121s
2025-11-12 18:51:12.814 66061 INFO tempest.lib.common.rest_client [req-99ae0a69-2775-4075-aed1-121f70f9b5aa req-99ae0a69-2775-4075-aed1-121f70f9b5aa ] Request (ServerDiagnosticsTest:tearDownClass): 200 GET http://10.180.1.21/compute/v2.1/servers/90cd5892-932c-438d-8d28-ab1bac9521d8 0.652s
2025-11-12 18:51:12.840 66013 INFO tempest.lib.common.rest_client [req-a772a387-7986-436f-ab79-eb257e001c17 req-a772a387-7986-436f-ab79-eb257e001c17 ] Request (AttachInterfacesV270Test:test_create_get_list_interfaces): 200 GET http://10.180.1.21/compute/v2.1/servers/f15bdee2-5d75-4acb-9d29-ed880bde7b5a 0.147s
2025-11-12 18:51:12.855 66049 INFO tempest.lib.common.rest_client [req-b2bf5924-2349-4503-a04e-2d0ecbc0555c req-b2bf5924-2349-4503-a04e-2d0ecbc0555c ] Request (ServicesAdminNegativeV253TestJSON:setUpClass): 201 POST http://10.180.1.21/identity/v3/projects 0.091s
2025-11-12 18:51:12.891 66019 INFO tempest.lib.common.rest_client [req-2c20f891-3c11-4e47-a38b-3d3d92aad14c req-2c20f891-3c11-4e47-a38b-3d3d92aad14c ] Request (ServerActionsTestOtherA:setUpClass): 200 GET http://10.180.1.21/compute/v2.1/servers/299428b6-f34f-4826-a89c-fc691e82835e 0.182s
2025-11-12 18:51:12.975 66049 INFO tempest.lib.common.rest_client [req-563c51db-28f7-4cd0-98da-8c014f5505eb req-563c51db-28f7-4cd0-98da-8c014f5505eb ] Request (ServicesAdminNegativeV253TestJSON:setUpClass): 201 POST http://10.180.1.21/identity/v3/users 0.119s
2025-11-12 18:51:12.995 66049 INFO tempest.lib.common.rest_client [req-2cedba36-54ca-44c8-8fb0-ed3c2e93ebfe req-2cedba36-54ca-44c8-8fb0-ed3c2e93ebfe ] Request (ServicesAdminNegativeV253TestJSON:setUpClass): 200 GET http://10.180.1.21/identity/v3/roles 0.019s
2025-11-12 18:51:13.021 66049 INFO tempest.lib.common.rest_client [req-3f2817be-4b8a-42b7-be7e-36ad0e3c0dfc req-3f2817be-4b8a-42b7-be7e-36ad0e3c0dfc ] Request (ServicesAdminNegativeV253TestJSON:setUpClass): 204 PUT http://10.180.1.21/identity/v3/projects/77aeca1a01ed41f29c34a29ebe603bde/users/e48a8a0b8f104491a39ff88c5a1ed5c7/roles/4e0a47c71e6148aaa8d8e64c13f96fa4 0.025s
2025-11-12 18:51:13.074 66045 INFO tempest.lib.common.rest_client [req-70ebe892-902a-4955-89f0-fabaecaeda2f req-70ebe892-902a-4955-89f0-fabaecaeda2f ] Request (MultipleCreateTestJSON:tearDownClass): 200 GET http://10.180.1.21/compute/v2.1/servers/fe57a131-f541-4f53-850d-fdf6031044c5 0.248s
2025-11-12 18:51:13.090 66049 INFO tempest.lib.common.rest_client [req-93cfc137-1031-4d9d-8760-bb090466575a req-93cfc137-1031-4d9d-8760-bb090466575a ] Request (ServicesAdminNegativeV253TestJSON:setUpClass): 200 GET http://10.180.1.21/identity/v3/roles 0.069s
2025-11-12 18:51:13.103 66021 INFO tempest.lib.common.rest_client [req-f3ee59bc-ec53-4df8-9b3e-06fe66883133 req-f3ee59bc-ec53-4df8-9b3e-06fe66883133 ] Request (AttachVolumeShelveTestJSON:test_attach_volume_shelved_or_offload_server): 200 GET http://10.180.1.21/compute/v2.1/servers/c2b620c4-7979-4883-b089-11a5cebe9699 0.384s
2025-11-12 18:51:13.108 66049 INFO tempest.lib.common.rest_client [req-d6d2233d-d091-437e-a12e-422e6910da8d req-d6d2233d-d091-437e-a12e-422e6910da8d ] Request (ServicesAdminNegativeV253TestJSON:setUpClass): 204 PUT http://10.180.1.21/identity/v3/projects/77aeca1a01ed41f29c34a29ebe603bde/users/e48a8a0b8f104491a39ff88c5a1ed5c7/roles/4e0a47c71e6148aaa8d8e64c13f96fa4 0.017s
2025-11-12 18:51:13.109 66049 INFO tempest.lib.common.dynamic_creds [-] Dynamic test user e48a8a0b8f104491a39ff88c5a1ed5c7 is created with scope project and roles: ['admin']
2025-11-12 18:51:13.109 66049 INFO tempest.lib.common.dynamic_creds [-] Acquired dynamic creds: credentials: Credentials: {'domain_id': 'default', 'domain_name': 'Default', 'username': 'tempest-ServicesAdminNegativeV253TestJSON-87985706-project-admin', 'project_domain_id': 'default', 'project_domain_name': 'Default', 'project_id': '77aeca1a01ed41f29c34a29ebe603bde', 'project_name': 'tempest-ServicesAdminNegativeV253TestJSON-87985706', 'tenant_id': '77aeca1a01ed41f29c34a29ebe603bde', 'tenant_name': 'tempest-ServicesAdminNegativeV253TestJSON-87985706', 'user_domain_id': 'default', 'user_domain_name': 'Default', 'user_id': 'e48a8a0b8f104491a39ff88c5a1ed5c7', 'system': None}, Network: None, Subnet: None, Router: None
2025-11-12 18:51:13.109 66049 INFO tempest.lib.common.dynamic_creds [-] Created isolated network resources for: credentials: Credentials: {'domain_id': 'default', 'domain_name': 'Default', 'username': 'tempest-ServicesAdminNegativeV253TestJSON-87985706-project-admin', 'project_domain_id': 'default', 'project_domain_name': 'Default', 'project_id': '77aeca1a01ed41f29c34a29ebe603bde', 'project_name': 'tempest-ServicesAdminNegativeV253TestJSON-87985706', 'tenant_id': '77aeca1a01ed41f29c34a29ebe603bde', 'tenant_name': 'tempest-ServicesAdminNegativeV253TestJSON-87985706', 'user_domain_id': 'default', 'user_domain_name': 'Default', 'user_id': 'e48a8a0b8f104491a39ff88c5a1ed5c7', 'system': None}, Network: None, Subnet: None, Router: None
2025-11-12 18:51:13.111 66043 INFO tempest.lib.common.rest_client [req-d7296538-638a-4fb8-ae46-32c87c65c8b0 req-d7296538-638a-4fb8-ae46-32c87c65c8b0 ] Request (ListImageFiltersTestJSON:setUpClass): 200 GET http://10.180.1.21/compute/v2.1/images/ffe4deb2-81ac-40d1-ac85-95134e611201 0.245s
2025-11-12 18:51:13.190 66049 INFO tempest.lib.common.rest_client [req-047214cd-69b0-4955-b614-a3a424d65789 req-047214cd-69b0-4955-b614-a3a424d65789 ] Request (ServicesAdminNegativeV253TestJSON:setUpClass): 201 POST http://10.180.1.21/identity/v3/auth/tokens 0.078s
2025-11-12 18:51:13.204 66041 INFO tempest.lib.common.rest_client [req-0e86032d-617c-403a-b710-c83ad1fcfbe9 req-0e86032d-617c-403a-b710-c83ad1fcfbe9 ] Request (ServersTestBootFromVolume:setUpClass): 200 GET http://10.180.1.21/compute/v2.1/servers/c8fc5dbc-7739-4f3f-a95a-3e54f9ed23b9 0.174s
2025-11-12 18:51:13.233 66005 INFO tempest.lib.common.rest_client [req-800dd969-4ed8-4a49-8ab0-ecf63a79867a req-800dd969-4ed8-4a49-8ab0-ecf63a79867a ] Request (MigrationsAdminTest:test_resize_server_revert_deleted_flavor): 200 GET http://10.180.1.21/compute/v2.1/servers/b7537d11-6896-4fa7-ae9e-930f2454f2d8 0.339s
2025-11-12 18:51:13.269 66043 INFO tempest.lib.common.rest_client [req-233a38c6-1646-4e43-9134-9da061642ce9 req-233a38c6-1646-4e43-9134-9da061642ce9 ] Request (ListImageFiltersTestJSON:setUpClass): 200 GET http://10.180.1.21/compute/v2.1/images/ffe4deb2-81ac-40d1-ac85-95134e611201 0.154s
2025-11-12 18:51:13.336 66027 INFO tempest.lib.common.rest_client [req-209a8ed7-7381-462b-825c-d4293865a359 req-209a8ed7-7381-462b-825c-d4293865a359 ] Request (ServersAdminTestJSON:tearDownClass): 200 GET http://10.180.1.21/compute/v2.1/servers/1740776a-3140-49bc-812c-b4a7a9a1a38a 0.244s
2025-11-12 18:51:13.350 65999 INFO tempest.lib.common.rest_client [req-f6fed52f-7ff6-4e63-9ac6-d9aa99221522 req-f6fed52f-7ff6-4e63-9ac6-d9aa99221522 ] Request (ServerPasswordTestJSON:tearDownClass): 200 GET http://10.180.1.21/compute/v2.1/servers/6cfce060-66a1-496a-893c-46fecec394d0 0.204s
2025-11-12 18:51:13.464 66049 INFO tempest.lib.common.rest_client [req-8f724a21-e376-4d79-86cf-6dfa03c01dee req-8f724a21-e376-4d79-86cf-6dfa03c01dee ] Request (ServicesAdminNegativeV253TestJSON:test_disable_log_reason_with_invalid_service_id): 404 PUT http://10.180.1.21/compute/v2.1/os-services/fc165c76-d535-4db6-af11-ed80111b5f8c 0.273s
2025-11-12 18:51:13.471 66017 INFO tempest.lib.common.rest_client [req-6780578e-22a7-4f62-8e85-a4a0b22f6f1a req-6780578e-22a7-4f62-8e85-a4a0b22f6f1a ] Request (ServersListShow296Test:test_list_show_update_rebuild_server_296): 200 GET http://10.180.1.21/compute/v2.1/servers/1f90640a-819e-48a5-ae22-4b7301e3a056 0.291s
2025-11-12 18:51:13.717 66035 INFO tempest.lib.common.rest_client [req-0ea25fee-0768-4390-b532-b583dbdaa01d req-0ea25fee-0768-4390-b532-b583dbdaa01d ] Request (ServerDiskConfigTestJSON:test_rebuild_server_with_manual_disk_config): 200 GET http://10.180.1.21/compute/v2.1/servers/89669ab9-1dff-41bd-a477-7befbb180901 0.495s
2025-11-12 18:51:13.795 66043 INFO tempest.lib.common.rest_client [req-45ceeb29-5599-4dd6-af44-08410e92eadd req-45ceeb29-5599-4dd6-af44-08410e92eadd ] Request (ListImageFiltersTestJSON:setUpClass): 200 GET http://10.180.1.21/compute/v2.1/servers/5bf7922a-8af9-4e7c-95b8-fcfab4d398a4 0.522s
2025-11-12 18:51:13.824 66037 WARNING tempest.lib.common.ssh [-] Failed to establish authenticated ssh connection to cirros@10.180.180.213 ([Errno None] Unable to connect to port 22 on 10.180.180.213). Number attempts: 9. Retry after 10 seconds.: paramiko.ssh_exception.NoValidConnectionsError: [Errno None] Unable to connect to port 22 on 10.180.180.213
2025-11-12 18:51:13.850 66025 INFO tempest.lib.common.rest_client [req-d61f4bfc-9100-4662-a8bc-c99a882a4962 req-d61f4bfc-9100-4662-a8bc-c99a882a4962 ] Request (ServerAddressesTestJSON:setUpClass): 200 GET http://10.180.1.21/compute/v2.1/servers/04b155da-3a8f-4559-8c39-e8fe12f739d0 0.513s
2025-11-12 18:51:13.855 66040 INFO tempest.lib.common.rest_client [req-37e34b4e-5765-418f-82ed-e010f8ec99f6 req-37e34b4e-5765-418f-82ed-e010f8ec99f6 ] Request (ServersTestMultiNic:test_verify_multiple_nics_order): 200 GET http://10.180.1.21/compute/v2.1/servers/5af9f9ff-2c23-4ff0-90bf-9da5836a9c3e 0.429s
2025-11-12 18:51:13.859 66025 INFO tempest.common.waiters [-] State transition "BUILD/block_device_mapping" ==> "BUILD/spawning" after 59 second wait
2025-11-12 18:51:13.864 66040 INFO tempest.common.waiters [-] State transition "BUILD/None" ==> "BUILD/networking" after 38 second wait
2025-11-12 18:51:13.871 66049 INFO tempest.lib.common.rest_client [req-5c42cf64-5630-4d42-b3e0-280f7b6cffb2 req-5c42cf64-5630-4d42-b3e0-280f7b6cffb2 ] Request (ServicesAdminNegativeV253TestJSON:test_disable_service_with_invalid_service_id): 404 PUT http://10.180.1.21/compute/v2.1/os-services/fc165c76-d535-4db6-af11-ed80111b5f8c 0.405s
2025-11-12 18:51:13.930 66001 INFO tempest.lib.common.rest_client [req-d46e41e9-c8fd-497e-a075-3990218be8bd req-d46e41e9-c8fd-497e-a075-3990218be8bd ] Request (ImagesTestJSON:test_create_server_from_snapshot): 200 GET http://10.180.1.21/compute/v2.1/servers/fe46a167-8633-496a-8bbf-d1d8ca2d36ea 0.304s
2025-11-12 18:51:13.933 66007 INFO tempest.lib.common.rest_client [req-ade3768f-671e-47a4-8b42-a228050617ec req-ade3768f-671e-47a4-8b42-a228050617ec ] Request (ServersAdminNegativeTestJSON:tearDownClass): 200 GET http://10.180.1.21/compute/v2.1/servers/de7b7c97-f51c-41de-884f-4ff5e852b67f 0.409s
2025-11-12 18:51:14.001 66047 INFO tempest.lib.common.rest_client [req-7bb97dc7-9ac7-4dee-a8f0-2bc3e260f387 req-7bb97dc7-9ac7-4dee-a8f0-2bc3e260f387 ] Request (ImagesOneServerNegativeTestJSON:_run_cleanups): 200 GET http://10.180.1.21/compute/v2.1/servers/509fb989-ef6d-485d-9b14-2ce11c2f812d 0.308s
2025-11-12 18:51:14.037 66061 INFO tempest.lib.common.rest_client [req-7b2414e1-5ae4-4a15-8eb6-2b36f075063f req-7b2414e1-5ae4-4a15-8eb6-2b36f075063f ] Request (ServerDiagnosticsTest:tearDownClass): 200 GET http://10.180.1.21/compute/v2.1/servers/90cd5892-932c-438d-8d28-ab1bac9521d8 0.212s
2025-11-12 18:51:14.051 66049 INFO tempest.lib.common.rest_client [req-1e76e374-66b3-49a4-9006-fb44eb6983b4 req-1e76e374-66b3-49a4-9006-fb44eb6983b4 ] Request (ServicesAdminNegativeV253TestJSON:test_enable_service_with_invalid_service_id): 404 PUT http://10.180.1.21/compute/v2.1/os-services/fc165c76-d535-4db6-af11-ed80111b5f8c 0.179s
2025-11-12 18:51:14.058 66013 INFO tempest.lib.common.rest_client [req-6dae8a83-51c7-45d4-9043-2b19fd794979 req-6dae8a83-51c7-45d4-9043-2b19fd794979 ] Request (AttachInterfacesV270Test:test_create_get_list_interfaces): 200 GET http://10.180.1.21/compute/v2.1/servers/f15bdee2-5d75-4acb-9d29-ed880bde7b5a 0.205s
2025-11-12 18:51:14.078 66049 INFO tempest.lib.common.rest_client [req-8ed06a57-2884-441e-a7f4-b629a2e105eb req-8ed06a57-2884-441e-a7f4-b629a2e105eb ] Request (ServicesAdminNegativeV253TestJSON:test_get_service_by_invalid_params): 200 GET http://10.180.1.21/compute/v2.1/os-services 0.026s
2025-11-12 18:51:14.100 66049 INFO tempest.lib.common.rest_client [req-c93828a0-ffc4-4a8d-a18e-28449838cc02 req-c93828a0-ffc4-4a8d-a18e-28449838cc02 ] Request (ServicesAdminNegativeV253TestJSON:test_get_service_by_invalid_params): 200 GET http://10.180.1.21/compute/v2.1/os-services?xxx=nova-compute 0.020s
