2025-11-12 18:48:20.182 65999 INFO tempest.lib.common.dynamic_creds [-] Created isolated network resources for: credentials: Credentials: {'domain_id': 'default', 'domain_name': 'Default', 'username': 'tempest-SecurityGroupRulesNegativeTestJSON-726431997-project-member', 'project_domain_id': 'default', 'project_domain_name': 'Default', 'project_id': '03908943bcfc47bf866d50d5673ff671', 'project_name': 'tempest-SecurityGroupRulesNegativeTestJSON-726431997', 'tenant_id': '03908943bcfc47bf866d50d5673ff671', 'tenant_name': 'tempest-SecurityGroupRulesNegativeTestJSON-726431997', 'user_domain_id': 'default', 'user_domain_name': 'Default', 'user_id': 'b97b8c7b156145fc9bb811c643ebc868', 'system': None}, Network: {'id': '47efdb30-9547-4403-9132-69bba73ad2ff', 'name': 'tempest-SecurityGroupRulesNegativeTestJSON-834693394-network', 'tenant_id': '03908943bcfc47bf866d50d5673ff671', 'project_id': '03908943bcfc47bf866d50d5673ff671', 'admin_state_up': True, 'mtu': 8950, 'status': 'ACTIVE', 'subnets': [], 'shared': False, 'port_security_enabled': True, 'router:external': False, 'provider:network_type': 'vlan', 'provider:physical_network': 'default', 'provider:segmentation_id': 314, 'availability_zone_hints': [], 'availability_zones': [], 'ipv4_address_scope': None, 'ipv6_address_scope': None, 'description': '', 'tags': [], 'created_at': '2025-11-12T18:48:17Z', 'updated_at': '2025-11-12T18:48:17Z', 'revision_number': 1}, Subnet: {'id': '53bde441-7851-4ea4-b122-27e6fc1b9220', 'name': 'tempest-SecurityGroupRulesNegativeTestJSON-834693394-subnet', 'tenant_id': '03908943bcfc47bf866d50d5673ff671', 'network_id': '47efdb30-9547-4403-9132-69bba73ad2ff', 'ip_version': 4, 'subnetpool_id': None, 'enable_dhcp': True, 'ipv6_ra_mode': None, 'ipv6_address_mode': None, 'gateway_ip': '192.168.128.1', 'cidr': '192.168.128.0/28', 'allocation_pools': [{'start': '192.168.128.2', 'end': '192.168.128.14'}], 'host_routes': [], 'dns_nameservers': [], 'description': '', 'router:external': False, 'service_types': [], 'tags': [], 'created_at': '2025-11-12T18:48:18Z', 'updated_at': '2025-11-12T18:48:18Z', 'revision_number': 0, 'project_id': '03908943bcfc47bf866d50d5673ff671'}, Router: {'id': '36dde3af-2e33-4b9e-b0dd-37c5d30e35c0', 'name': 'tempest-SecurityGroupRulesNegativeTestJSON-834693394-router', 'tenant_id': '03908943bcfc47bf866d50d5673ff671', 'admin_state_up': True, 'status': 'ACTIVE', 'external_gateway_info': {'network_id': 'e0b471a4-ab87-4f1c-9b9c-9fc7da74adbd', 'external_fixed_ips': [{'subnet_id': 'aeca8ac5-cec6-4aef-80f2-e8b5076303c1', 'ip_address': '10.180.180.185'}], 'enable_snat': True}, 'description': '', 'availability_zones': [], 'distributed': False, 'ha': False, 'availability_zone_hints': [], 'routes': [], 'flavor_id': None, 'tags': [], 'created_at': '2025-11-12T18:48:18Z', 'updated_at': '2025-11-12T18:48:18Z', 'revision_number': 2, 'project_id': '03908943bcfc47bf866d50d5673ff671'}
2025-11-12 18:48:20.247 66005 INFO tempest.lib.common.rest_client [req-3df7bc76-c288-435c-aaed-8cb25d87fe1b req-3df7bc76-c288-435c-aaed-8cb25d87fe1b ] Request (MigrationsAdminTest:test_list_migrations_in_flavor_resize_situation): 200 GET http://10.180.1.21/compute/v2.1/servers/1d080395-3616-4a80-824f-f82a33734bfc 5.703s
2025-11-12 18:48:20.259 66005 INFO tempest.common.waiters [-] State transition "BUILD/None" ==> "BUILD/block_device_mapping" after 19 second wait
2025-11-12 18:48:20.299 65999 INFO tempest.lib.common.rest_client [req-ac08f240-d8a0-4913-9ed9-73ac75d854f8 req-ac08f240-d8a0-4913-9ed9-73ac75d854f8 ] Request (SecurityGroupRulesNegativeTestJSON:setUpClass): 201 POST http://10.180.1.21/identity/v3/auth/tokens 0.113s
2025-11-12 18:48:20.403 66019 INFO tempest.lib.common.rest_client [req-a58f0737-c74a-4021-948b-7d938eea69da req-a58f0737-c74a-4021-948b-7d938eea69da ] Request (HypervisorAdminNegativeUnderV252Test:test_search_hypervisor_with_non_admin_user): 200 GET http://10.180.1.21/compute/v2.1/os-hypervisors 5.757s
2025-11-12 18:48:20.487 66059 INFO tempest.lib.common.rest_client [req-9ea9c4a6-f58b-41c9-98b2-43cc2ef555e8 req-9ea9c4a6-f58b-41c9-98b2-43cc2ef555e8 ] Request (HostsAdminTestJSON:test_list_hosts): 200 GET http://10.180.1.21/compute/v2.1/os-hosts 5.718s
2025-11-12 18:48:20.528 65997 INFO tempest.lib.common.rest_client [req-52300aaa-9133-4474-a039-d42c7bbace9c req-52300aaa-9133-4474-a039-d42c7bbace9c ] Request (SecurityGroupsTestAdminJSON:test_list_security_groups_list_all_tenants_filter): 200 GET http://10.180.1.21/compute/v2.1/os-security-groups?all_tenants=true 8.153s
2025-11-12 18:48:20.548 66051 INFO tempest.lib.common.rest_client [req-1c55308f-20bc-403d-aaa6-7e962c040c3e req-1c55308f-20bc-403d-aaa6-7e962c040c3e ] Request (ImagesNegativeTestJSON:test_create_image_from_deleted_server): 200 GET http://10.180.1.21/compute/v2.1/servers/53437c04-9d97-4d5a-b475-c98fe60b8f5f 5.760s
2025-11-12 18:48:20.565 66009 INFO tempest.lib.common.rest_client [req-56ea987f-ed11-4059-96ef-9c3ef732c806 req-56ea987f-ed11-4059-96ef-9c3ef732c806 ] Request (FlavorsAdminTestJSON:_run_cleanups): 202 DELETE http://10.180.1.21/compute/v2.1/flavors/1841859708 5.579s
2025-11-12 18:48:20.702 66043 INFO tempest.lib.common.rest_client [req-189c547a-8794-4a95-99ff-748aad9391d8 req-189c547a-8794-4a95-99ff-748aad9391d8 ] Request (ServerExternalEventsTest:test_create_server_external_events): 200 GET http://10.180.1.21/compute/v2.1/servers/3e9fa1a6-db21-4ea0-80ce-b438a57d407b 5.716s
2025-11-12 18:48:20.711 66043 INFO tempest.common.waiters [-] State transition "BUILD/spawning" ==> "ACTIVE/None" after 25 second wait
2025-11-12 18:48:20.782 66041 INFO tempest.lib.common.rest_client [req-3f9208f1-f0ba-4989-8fac-724185a2ab91 req-3f9208f1-f0ba-4989-8fac-724185a2ab91 ] Request (DeleteServersAdminTestJSON:test_admin_delete_servers_of_others): 204 DELETE http://10.180.1.21/compute/v2.1/servers/a6cdd643-6d3b-4477-8f64-21d4c7e62d1d 5.809s
2025-11-12 18:48:20.865 66017 INFO tempest.lib.common.rest_client [req-e47e1e27-0934-493c-9061-20e611f17796 req-e47e1e27-0934-493c-9061-20e611f17796 ] Request (InstanceActionsTestJSON:setUpClass): 200 GET http://10.180.1.21/compute/v2.1/servers/2448fdfd-05bb-4c24-ade5-686c6da65553 5.642s
2025-11-12 18:48:20.877 66049 INFO tempest.lib.common.rest_client [req-7b98182e-55e0-4a5e-bd55-abd473f3afc6 req-7b98182e-55e0-4a5e-bd55-abd473f3afc6 ] Request (VolumesAssistedSnapshotsTest:test_volume_assisted_snapshot_create_delete): 200 GET http://10.180.1.21/compute/v2.1/servers/094adfbd-12e0-482a-b720-df478b814947 5.579s
2025-11-12 18:48:21.008 66027 INFO tempest.lib.common.rest_client [req-cf7ae5d1-0971-4b28-841b-ca4951a18d49 req-cf7ae5d1-0971-4b28-841b-ca4951a18d49 ] Request (ServersAdminTestJSON:setUpClass): 200 GET http://10.180.1.21/compute/v2.1/servers/3b2e17db-ad9e-498a-949f-a95ffee6baf4 5.538s
2025-11-12 18:48:21.043 66023 INFO tempest.lib.common.rest_client [req-54722382-b7ad-4fd5-9bbd-0b33ec643f65 req-54722382-b7ad-4fd5-9bbd-0b33ec643f65 ] Request (FloatingIPsAssociationNegativeTestJSON:setUpClass): 200 GET http://10.180.1.21/compute/v2.1/servers/5010f12f-798c-4702-887e-357f71b96938 5.613s
2025-11-12 18:48:21.052 66023 INFO tempest.common.waiters [-] State transition "BUILD/spawning" ==> "ACTIVE/None" after 24 second wait
2025-11-12 18:48:21.175 66047 INFO tempest.lib.common.rest_client [req-856b528d-9f65-4b16-896f-40a31bb58c46 req-856b528d-9f65-4b16-896f-40a31bb58c46 ] Request (ImagesMetadataTestJSON:setUp): 200 PUT http://10.180.1.21/compute/v2.1/images/fddff44b-f3eb-4c7e-919f-c8a9795a7f27/metadata 5.669s
2025-11-12 18:48:21.199 66013 INFO tempest.lib.common.rest_client [req-d051dbd3-804a-4cc2-96a4-d8740a719a52 req-d051dbd3-804a-4cc2-96a4-d8740a719a52 ] Request (FloatingIPsAssociationTestJSON:setUpClass): 200 GET http://10.180.1.21/compute/v2.1/servers/a72e2f9e-4d19-4f03-986a-63f25e4c61ca 5.686s
2025-11-12 18:48:21.206 66013 INFO tempest.common.waiters [-] State transition "BUILD/None" ==> "BUILD/spawning" after 23 second wait
2025-11-12 18:48:21.223 66021 INFO tempest.lib.common.rest_client [req-510389f1-ea3c-402a-9248-d20fa56b2bec req-510389f1-ea3c-402a-9248-d20fa56b2bec ] Request (FlavorsAccessTestJSON:_run_cleanups): 202 DELETE http://10.180.1.21/compute/v2.1/flavors/782315850 4.428s
2025-11-12 18:48:21.308 66040 INFO tempest.lib.common.rest_client [req-8a3964dc-028d-4519-b87e-8834330c1bb4 req-8a3964dc-028d-4519-b87e-8834330c1bb4 ] Request (FloatingIPDetailsTestJSON:test_get_floating_ip_details): 200 GET http://10.180.1.21/compute/v2.1/os-floating-ips/6b376acf-3aea-49fd-a86e-652e06f990ef 4.535s
2025-11-12 18:48:21.336 66035 INFO tempest.lib.common.rest_client [req-3a18da91-5a38-44ec-8725-6b1b1e1fdb81 req-3a18da91-5a38-44ec-8725-6b1b1e1fdb81 ] Request (FlavorsExtraSpecsTestJSON:test_flavor_set_get_update_show_unset_keys): 200 DELETE http://10.180.1.21/compute/v2.1/flavors/1903048454/os-extra_specs/hw:numa_nodes 4.470s
2025-11-12 18:48:21.345 66055 INFO tempest.lib.common.rest_client [req-f3fa82ab-d283-43a5-a480-ed0285dced03 req-f3fa82ab-d283-43a5-a480-ed0285dced03 ] Request (FlavorsExtraSpecsNegativeTestJSON:test_flavor_update_more_key): 400 PUT http://10.180.1.21/compute/v2.1/flavors/16647317/os-extra_specs/hw:numa_nodes 4.466s
2025-11-12 18:48:21.350 66057 INFO tempest.lib.common.rest_client [req-6111ac9c-6adf-44d9-9992-751fe72d1b6f req-6111ac9c-6adf-44d9-9992-751fe72d1b6f ] Request (TenantUsagesTestJSON:tearDownClass): 204 DELETE http://10.180.1.21/compute/v2.1/servers/77158e2a-34e9-4342-8e59-81fbb54d220f 4.493s
2025-11-12 18:48:21.432 66025 INFO tempest.lib.common.rest_client [req-e723326e-7e6a-418e-96aa-1d4b48b3f081 req-e723326e-7e6a-418e-96aa-1d4b48b3f081 ] Request (ListServersNegativeTestJSON:setUpClass): 204 DELETE http://10.180.1.21/compute/v2.1/servers/aa59c165-0a27-475a-8f6c-5ee1e2b6b976 3.421s
2025-11-12 18:48:21.468 66003 INFO tempest.lib.common.rest_client [req-7ba4cc87-bef2-43f9-a059-6b7f4d6e9dd9 req-7ba4cc87-bef2-43f9-a059-6b7f4d6e9dd9 ] Request (ServersTestFqdnHostnames:test_create_server_with_fqdn_name): 200 POST http://10.180.1.21/compute/v2.1/os-keypairs 4.017s
2025-11-12 18:48:21.505 66045 INFO tempest.lib.common.rest_client [req-515f7fef-6781-43a7-b6a0-8026ac252478 req-515f7fef-6781-43a7-b6a0-8026ac252478 ] Request (ServicesAdminNegativeTestJSON:test_get_service_by_invalid_service_and_valid_host): 200 GET http://10.180.1.21/compute/v2.1/os-services 3.417s
2025-11-12 18:48:21.529 66037 INFO tempest.lib.common.rest_client [req-a1ebfb9d-1f8c-4ef9-a9c5-f79b482714cf req-a1ebfb9d-1f8c-4ef9-a9c5-f79b482714cf ] Request (ServerDiagnosticsNegativeTest:tearDownClass): 204 DELETE http://10.180.1.21/compute/v2.1/servers/fbfe6e55-741f-4649-beb5-9d3bab086fb0 3.465s
2025-11-12 18:48:21.643 66001 INFO tempest.lib.common.rest_client [req-d6e191a3-0338-4080-b3d7-4e85b15c650c req-d6e191a3-0338-4080-b3d7-4e85b15c650c ] Request (QuotasAdminTestV257:test_get_updated_quotas): 200 GET http://10.180.1.21/compute/v2.1/os-quota-sets/de39b29be8da49f3bd9f373b4b24aee4?user_id=0d17a6ae25bc488e8e40cfd93899e115 3.333s
2025-11-12 18:48:21.658 66003 INFO tempest.lib.common.rest_client [req-3bc5b33c-0d2b-437c-a009-aa884ac1973d req-3bc5b33c-0d2b-437c-a009-aa884ac1973d ] Request (ServersTestFqdnHostnames:test_create_server_with_fqdn_name): 201 POST http://10.180.1.21/networking/v2.0/security-groups 0.188s
2025-11-12 18:48:21.709 66061 INFO tempest.lib.common.rest_client [req-f0f65075-af38-4402-9e86-6a963e16ba1d req-f0f65075-af38-4402-9e86-6a963e16ba1d ] Request (AggregatesAdminNegativeTestJSON:test_aggregate_add_non_exist_host): 404 POST http://10.180.1.21/compute/v2.1/os-aggregates/3/action 2.335s
2025-11-12 18:48:21.710 66011 INFO tempest.lib.common.rest_client [req-e58d8365-097c-4c3a-955d-e1a88cbcde9a req-e58d8365-097c-4c3a-955d-e1a88cbcde9a ] Request (ServersAaction247Test:test_create_backup): 202 POST http://10.180.1.21/compute/v2.1/servers 3.123s
2025-11-12 18:48:21.759 66001 INFO tempest.lib.common.rest_client [req-c43705b6-6daa-43a3-aae8-339c2a53d9e6 req-c43705b6-6daa-43a3-aae8-339c2a53d9e6 ] Request (QuotasAdminTestV257:_run_cleanups): 204 DELETE http://10.180.1.21/identity/v3/users/0d17a6ae25bc488e8e40cfd93899e115 0.113s
2025-11-12 18:48:21.931 66001 INFO tempest.lib.common.rest_client [req-18315d96-a01e-49b0-b35b-d6bd81a4b6aa req-18315d96-a01e-49b0-b35b-d6bd81a4b6aa ] Request (QuotasAdminTestV257:_run_cleanups): 204 DELETE http://10.180.1.21/identity/v3/projects/de39b29be8da49f3bd9f373b4b24aee4 0.172s
2025-11-12 18:48:22.045 66003 INFO tempest.lib.common.rest_client [req-afe4ca4d-7961-496b-ab65-71307e38202a req-afe4ca4d-7961-496b-ab65-71307e38202a ] Request (ServersTestFqdnHostnames:test_create_server_with_fqdn_name): 201 POST http://10.180.1.21/networking/v2.0/security-group-rules 0.386s
2025-11-12 18:48:22.118 66001 INFO tempest.lib.common.rest_client [req-c601aaf8-c47b-4a75-8a81-b1767a296a86 req-c601aaf8-c47b-4a75-8a81-b1767a296a86 ] Request (QuotasAdminTestV257:tearDownClass): 204 DELETE http://10.180.1.21/identity/v3/users/816b5e13f6524cd487885287b6d0e604 0.178s
2025-11-12 18:48:22.209 66003 INFO tempest.lib.common.rest_client [req-3ceefc64-661f-4189-8bcf-54853d6e82df req-3ceefc64-661f-4189-8bcf-54853d6e82df ] Request (ServersTestFqdnHostnames:test_create_server_with_fqdn_name): 201 POST http://10.180.1.21/networking/v2.0/security-group-rules 0.163s
2025-11-12 18:48:22.222 66001 INFO tempest.lib.common.rest_client [req-cc3bb9ed-e95b-4a3b-89dc-6f73af9023ce req-cc3bb9ed-e95b-4a3b-89dc-6f73af9023ce ] Request (QuotasAdminTestV257:tearDownClass): 204 DELETE http://10.180.1.21/identity/v3/users/ccbe9fcf09394deb9c5b053e89361cc4 0.103s
2025-11-12 18:48:22.222 66001 INFO tempest.lib.common.dynamic_creds [-] Deleting project and security group for project: 2bc2353b26d042c9b29d0355fb741c43
2025-11-12 18:48:22.293 66001 INFO tempest.lib.common.rest_client [req-76a34a70-be4f-4d00-8a86-c5c9ec1f7c10 req-76a34a70-be4f-4d00-8a86-c5c9ec1f7c10 ] Request (QuotasAdminTestV257:tearDownClass): 201 POST http://10.180.1.21/identity/v3/auth/tokens 0.071s
2025-11-12 18:48:22.459 66007 INFO tempest.lib.common.rest_client [req-46d5ab67-441e-4a14-8d26-fce3b257a1c7 req-46d5ab67-441e-4a14-8d26-fce3b257a1c7 ] Request (ServerDiagnosticsV248Test:test_get_server_diagnostics): 200 GET http://10.180.1.21/compute/v2.1/servers/df23717e-fceb-4c88-9be6-74a243600374/diagnostics 2.810s
2025-11-12 18:48:22.774 66003 INFO tempest.lib.common.rest_client [req-68c92831-d485-4dc2-b1a5-14eef4f4f38b req-68c92831-d485-4dc2-b1a5-14eef4f4f38b ] Request (ServersTestFqdnHostnames:test_create_server_with_fqdn_name): 201 POST http://10.180.1.21/networking/v2.0/floatingips 0.564s
2025-11-12 18:48:22.856 66003 INFO tempest.lib.common.rest_client [req-999fc953-2dd3-48f7-9569-a047a38db2d1 req-999fc953-2dd3-48f7-9569-a047a38db2d1 ] Request (ServersTestFqdnHostnames:test_create_server_with_fqdn_name): 201 POST http://10.180.1.21/identity/v3/auth/tokens 0.079s
2025-11-12 18:48:22.857 66003 INFO tempest.lib.common.fixed_network [-] (ServersTestFqdnHostnames:test_create_server_with_fqdn_name) Found network {'id': '34e09426-2811-43a3-9d77-6cb2e0267a5f', 'name': 'tempest-ServersTestFqdnHostnames-1759317416-network', 'tenant_id': '6557708d0ebd4fad91f4c623ecf96f0c', 'project_id': '6557708d0ebd4fad91f4c623ecf96f0c', 'admin_state_up': True, 'mtu': 8950, 'status': 'ACTIVE', 'subnets': [], 'shared': False, 'port_security_enabled': True, 'router:external': False, 'provider:network_type': 'vlan', 'provider:physical_network': 'default', 'provider:segmentation_id': 550, 'availability_zone_hints': [], 'availability_zones': [], 'ipv4_address_scope': None, 'ipv6_address_scope': None, 'description': '', 'tags': [], 'created_at': '2025-11-12T18:48:15Z', 'updated_at': '2025-11-12T18:48:15Z', 'revision_number': 1} available for tenant
2025-11-12 18:48:23.042 66001 INFO tempest.lib.common.rest_client [req-8ef2f33a-fd94-44f2-80b3-eaeb256c5d71 req-8ef2f33a-fd94-44f2-80b3-eaeb256c5d71 ] Request (QuotasAdminTestV257:tearDownClass): 200 GET http://10.180.1.21/networking/v2.0/security-groups?tenant_id=2bc2353b26d042c9b29d0355fb741c43&name=default 0.748s
2025-11-12 18:48:23.152 65999 INFO tempest.lib.common.rest_client [req-2dea2aac-a7db-444f-88de-bc65250dd1c0 req-2dea2aac-a7db-444f-88de-bc65250dd1c0 ] Request (SecurityGroupRulesNegativeTestJSON:test_create_security_group_rule_duplicate): 200 POST http://10.180.1.21/compute/v2.1/os-security-groups 2.852s
2025-11-12 18:48:23.308 66001 INFO tempest.lib.common.rest_client [req-8c9cfb48-2f81-40ce-9006-b4519ac7f0c2 req-8c9cfb48-2f81-40ce-9006-b4519ac7f0c2 ] Request (QuotasAdminTestV257:tearDownClass): 204 DELETE http://10.180.1.21/networking/v2.0/security-groups/b48a9037-aaf6-4f36-b975-9100f4010a9b 0.266s
2025-11-12 18:48:23.381 66001 INFO tempest.lib.common.rest_client [req-1743574a-4628-46fb-8903-82e74a3c1286 req-1743574a-4628-46fb-8903-82e74a3c1286 ] Request (QuotasAdminTestV257:tearDownClass): 204 DELETE http://10.180.1.21/identity/v3/projects/2bc2353b26d042c9b29d0355fb741c43 0.072s
2025-11-12 18:48:23.381 66001 INFO tempest.lib.common.dynamic_creds [-] Deleting project and security group for project: b4eacdb2e4c54bceabd82b6e0a9656a3
2025-11-12 18:48:23.456 66015 INFO tempest.lib.common.rest_client [req-0e5050a3-c262-4328-a98d-34ee7e319439 req-0e5050a3-c262-4328-a98d-34ee7e319439 ] Request (ServersWithSpecificFlavorTestJSON:test_verify_created_server_ephemeral_disk): 202 POST http://10.180.1.21/compute/v2.1/servers 3.848s
2025-11-12 18:48:23.552 66001 INFO tempest.lib.common.rest_client [req-518e6cec-94d3-4a1b-9406-ee2122b27a48 req-518e6cec-94d3-4a1b-9406-ee2122b27a48 ] Request (QuotasAdminTestV257:tearDownClass): 200 GET http://10.180.1.21/networking/v2.0/security-groups?tenant_id=b4eacdb2e4c54bceabd82b6e0a9656a3&name=default 0.170s
2025-11-12 18:48:23.600 66019 INFO tempest.lib.common.rest_client [req-73b70998-b54e-4b6a-951a-2a0eb364aeb1 req-73b70998-b54e-4b6a-951a-2a0eb364aeb1 ] Request (HypervisorAdminNegativeUnderV252Test:test_search_hypervisor_with_non_admin_user): 403 GET http://10.180.1.21/compute/v2.1/os-hypervisors/domain-c8.fc996f14-c53b-4953-92e3-bdfa48f5cc28/search 3.195s
2025-11-12 18:48:23.606 66053 INFO tempest.lib.common.rest_client [req-cef9ac37-2697-47d3-8f25-59d9b1de3e49 req-cef9ac37-2697-47d3-8f25-59d9b1de3e49 ] Request (VolumesAdminNegativeTest:test_update_attached_volume_with_nonexistent_volume_in_uri): 200 GET http://10.180.1.21/compute/v2.1/servers/a76f88bf-01e4-4417-951b-abb360a0241b 3.250s
2025-11-12 18:48:23.618 66053 INFO tempest.common.waiters [-] State transition "BUILD/None" ==> "BUILD/spawning" after 20 second wait
2025-11-12 18:48:23.633 66059 INFO tempest.lib.common.rest_client [req-07b32eb8-c4f7-4bdc-86f7-8c5704dd7e43 req-07b32eb8-c4f7-4bdc-86f7-8c5704dd7e43 ] Request (HostsAdminTestJSON:test_list_hosts_with_a_blank_zone): 200 GET http://10.180.1.21/compute/v2.1/os-hosts?zone= 3.144s
2025-11-12 18:48:23.657 66009 INFO tempest.lib.common.rest_client [req-22ada3db-4853-40ab-986d-3dcd1c891462 req-22ada3db-4853-40ab-986d-3dcd1c891462 ] Request (FlavorsAdminTestJSON:_run_cleanups): 200 GET http://10.180.1.21/compute/v2.1/flavors/detail 3.092s
2025-11-12 18:48:23.776 66043 INFO tempest.lib.common.rest_client [req-ef627c06-bcd2-4de3-a4ed-ed387b03fff9 req-ef627c06-bcd2-4de3-a4ed-ed387b03fff9 ] Request (ServerExternalEventsTest:test_create_server_external_events): 200 POST http://10.180.1.21/compute/v2.1/os-server-external-events 3.065s
2025-11-12 18:48:23.801 66001 INFO tempest.lib.common.rest_client [req-cc9005c8-05a9-4338-942e-4aad34b5a424 req-cc9005c8-05a9-4338-942e-4aad34b5a424 ] Request (QuotasAdminTestV257:tearDownClass): 204 DELETE http://10.180.1.21/networking/v2.0/security-groups/30fa3c63-9e1b-4651-8ff1-bdce39880225 0.248s
2025-11-12 18:48:23.954 66001 INFO tempest.lib.common.rest_client [req-1b8d32ca-e722-4d4a-9be7-44f14b58676a req-1b8d32ca-e722-4d4a-9be7-44f14b58676a ] Request (QuotasAdminTestV257:tearDownClass): 204 DELETE http://10.180.1.21/identity/v3/projects/b4eacdb2e4c54bceabd82b6e0a9656a3 0.153s
2025-11-12 18:48:24.037 66001 INFO tempest.lib.common.rest_client [req-eb165acd-c4fe-4208-bf83-f20436445ad6 req-eb165acd-c4fe-4208-bf83-f20436445ad6 ] Request (ImagesTestJSON:setUpClass): 201 POST http://10.180.1.21/identity/v3/auth/tokens 0.080s
2025-11-12 18:48:24.075 66001 INFO tempest.lib.common.rest_client [req-33f8225f-832f-4e48-a171-391e63a9b5e3 req-33f8225f-832f-4e48-a171-391e63a9b5e3 ] Request (ImagesTestJSON:setUpClass): 201 POST http://10.180.1.21/identity/v3/auth/tokens 0.036s
2025-11-12 18:48:24.118 66001 INFO tempest.lib.common.rest_client [req-e2933c0d-884b-46f8-9a71-e4abd2e218e2 req-e2933c0d-884b-46f8-9a71-e4abd2e218e2 ] Request (ImagesTestJSON:setUpClass): 200 GET http://10.180.1.21/identity/v3/domains?name=Default 0.042s
2025-11-12 18:48:24.158 66001 INFO tempest.lib.common.rest_client [req-f510812a-1722-45bd-856b-286f08ab0147 req-f510812a-1722-45bd-856b-286f08ab0147 ] Request (ImagesTestJSON:setUpClass): 201 POST http://10.180.1.21/identity/v3/projects 0.039s
2025-11-12 18:48:24.178 66041 INFO tempest.lib.common.rest_client [req-46373612-3ed2-4130-b4e9-e56632c5ec0a req-46373612-3ed2-4130-b4e9-e56632c5ec0a ] Request (DeleteServersAdminTestJSON:test_admin_delete_servers_of_others): 200 GET http://10.180.1.21/compute/v2.1/servers/a6cdd643-6d3b-4477-8f64-21d4c7e62d1d 3.396s
2025-11-12 18:48:24.205 65997 INFO tempest.lib.common.rest_client [req-d04d8004-f66a-435e-9d01-808592b56044 req-d04d8004-f66a-435e-9d01-808592b56044 ] Request (SecurityGroupsTestAdminJSON:test_list_security_groups_list_all_tenants_filter): 200 GET http://10.180.1.21/compute/v2.1/os-security-groups?all_tenants=true 3.668s
2025-11-12 18:48:24.238 66001 INFO tempest.lib.common.rest_client [req-8273ce66-40f2-4b20-8b87-e4e8103b762c req-8273ce66-40f2-4b20-8b87-e4e8103b762c ] Request (ImagesTestJSON:setUpClass): 201 POST http://10.180.1.21/identity/v3/users 0.079s
2025-11-12 18:48:24.262 66001 INFO tempest.lib.common.rest_client [req-de7b5943-0efb-4eb8-870a-e16586f5edec req-de7b5943-0efb-4eb8-870a-e16586f5edec ] Request (ImagesTestJSON:setUpClass): 200 GET http://10.180.1.21/identity/v3/roles 0.023s
2025-11-12 18:48:24.303 66001 INFO tempest.lib.common.rest_client [req-2119a215-d0ff-42fe-9267-9a65d85cef69 req-2119a215-d0ff-42fe-9267-9a65d85cef69 ] Request (ImagesTestJSON:setUpClass): 204 PUT http://10.180.1.21/identity/v3/projects/d1ee81ee82414ae8a486171ace8eeb39/users/b1089074570841229a858196907e2ca9/roles/19d8ddda8cd640488dabfe371d995af6 0.040s
2025-11-12 18:48:24.303 66001 INFO tempest.lib.common.dynamic_creds [-] Dynamic test user b1089074570841229a858196907e2ca9 is created with scope project and roles: ['member']
2025-11-12 18:48:24.303 66001 INFO tempest.lib.common.dynamic_creds [-] Acquired dynamic creds: credentials: Credentials: {'domain_id': 'default', 'domain_name': 'Default', 'username': 'tempest-ImagesTestJSON-928551763-project-member', 'project_domain_id': 'default', 'project_domain_name': 'Default', 'project_id': 'd1ee81ee82414ae8a486171ace8eeb39', 'project_name': 'tempest-ImagesTestJSON-928551763', 'tenant_id': 'd1ee81ee82414ae8a486171ace8eeb39', 'tenant_name': 'tempest-ImagesTestJSON-928551763', 'user_domain_id': 'default', 'user_domain_name': 'Default', 'user_id': 'b1089074570841229a858196907e2ca9', 'system': None}, Network: None, Subnet: None, Router: None
2025-11-12 18:48:24.370 66001 INFO tempest.lib.common.rest_client [req-08585135-cc09-43f5-9ab8-ed40625591d4 req-08585135-cc09-43f5-9ab8-ed40625591d4 ] Request (ImagesTestJSON:setUpClass): 201 POST http://10.180.1.21/identity/v3/auth/tokens 0.066s
2025-11-12 18:48:24.475 66047 INFO tempest.lib.common.rest_client [req-57450762-a889-4761-8ae0-510fdb0668dc req-57450762-a889-4761-8ae0-510fdb0668dc ] Request (ImagesMetadataTestJSON:test_set_image_metadata): 200 PUT http://10.180.1.21/compute/v2.1/images/fddff44b-f3eb-4c7e-919f-c8a9795a7f27/metadata 3.299s
2025-11-12 18:48:24.507 66021 INFO tempest.lib.common.rest_client [req-de3cef97-e1cd-4e6a-b9f0-eab325062c13 req-de3cef97-e1cd-4e6a-b9f0-eab325062c13 ] Request (FlavorsAccessTestJSON:_run_cleanups): 200 GET http://10.180.1.21/compute/v2.1/flavors/detail 3.284s
2025-11-12 18:48:24.634 66021 INFO tempest.lib.common.rest_client [req-0f7bbf7d-3f40-4c4d-95b7-4917fb1d039a req-0f7bbf7d-3f40-4c4d-95b7-4917fb1d039a ] Request (FlavorsAccessTestJSON:tearDownClass): 204 DELETE http://10.180.1.21/identity/v3/users/fb5baeabf92148bfabac4972f8644174 0.121s
2025-11-12 18:48:24.769 66021 INFO tempest.lib.common.rest_client [req-836dedb6-7375-43e7-bc2b-8e5ab74e4221 req-836dedb6-7375-43e7-bc2b-8e5ab74e4221 ] Request (FlavorsAccessTestJSON:tearDownClass): 204 DELETE http://10.180.1.21/identity/v3/users/12cf99d5b73a48ffa1bdbc2bf98a4838 0.134s
2025-11-12 18:48:24.769 66021 INFO tempest.lib.common.dynamic_creds [-] Deleting project and security group for project: 97c39a3f001c4101be0eda025b105822
2025-11-12 18:48:24.864 66021 INFO tempest.lib.common.rest_client [req-593b8dd1-ebbd-4d16-bae7-f07f19937eea req-593b8dd1-ebbd-4d16-bae7-f07f19937eea ] Request (FlavorsAccessTestJSON:tearDownClass): 201 POST http://10.180.1.21/identity/v3/auth/tokens 0.094s
2025-11-12 18:48:24.989 66001 INFO tempest.lib.common.rest_client [req-e591c640-7c1c-4d64-8835-fd99dcc3b127 req-e591c640-7c1c-4d64-8835-fd99dcc3b127 ] Request (ImagesTestJSON:setUpClass): 201 POST http://10.180.1.21/networking/v2.0/networks 0.618s
2025-11-12 18:48:25.805 66021 INFO tempest.lib.common.rest_client [req-bfb9171b-37dd-418e-a640-8874a6aadee5 req-bfb9171b-37dd-418e-a640-8874a6aadee5 ] Request (FlavorsAccessTestJSON:tearDownClass): 200 GET http://10.180.1.21/networking/v2.0/security-groups?tenant_id=97c39a3f001c4101be0eda025b105822&name=default 0.941s
2025-11-12 18:48:26.046 66001 INFO tempest.lib.common.rest_client [req-c7f223bc-2e05-463b-a8a3-45ed6acd7823 req-c7f223bc-2e05-463b-a8a3-45ed6acd7823 ] Request (ImagesTestJSON:setUpClass): 201 POST http://10.180.1.21/networking/v2.0/subnets 1.057s
2025-11-12 18:48:26.102 66005 INFO tempest.lib.common.rest_client [req-25a6efa5-514d-449d-8589-28192c74941a req-25a6efa5-514d-449d-8589-28192c74941a ] Request (MigrationsAdminTest:test_list_migrations_in_flavor_resize_situation): 200 GET http://10.180.1.21/compute/v2.1/servers/1d080395-3616-4a80-824f-f82a33734bfc 4.842s
2025-11-12 18:48:26.110 66005 INFO tempest.common.waiters [-] State transition "BUILD/block_device_mapping" ==> "BUILD/spawning" after 25 second wait
2025-11-12 18:48:26.224 66021 INFO tempest.lib.common.rest_client [req-f8b488a9-683f-4c66-a269-621681791628 req-f8b488a9-683f-4c66-a269-621681791628 ] Request (FlavorsAccessTestJSON:tearDownClass): 204 DELETE http://10.180.1.21/networking/v2.0/security-groups/5c18f16b-40df-4796-aa96-a3dc026ec8e5 0.418s
2025-11-12 18:48:26.392 66021 INFO tempest.lib.common.rest_client [req-76442225-32b5-4ea4-b966-5b953074412d req-76442225-32b5-4ea4-b966-5b953074412d ] Request (FlavorsAccessTestJSON:tearDownClass): 204 DELETE http://10.180.1.21/identity/v3/projects/97c39a3f001c4101be0eda025b105822 0.167s
2025-11-12 18:48:26.392 66021 INFO tempest.lib.common.dynamic_creds [-] Deleting project and security group for project: 95bbc8ba740a4639ace095e2f4b9dfb1
2025-11-12 18:48:26.754 66023 INFO tempest.lib.common.rest_client [req-9aa94ecf-cdf9-4603-9016-e6cd28a7a089 req-9aa94ecf-cdf9-4603-9016-e6cd28a7a089 ] Request (FloatingIPsAssociationNegativeTestJSON:test_associate_ip_to_server_with_floating_ip): 200 POST http://10.180.1.21/compute/v2.1/os-floating-ips 5.700s
2025-11-12 18:48:26.788 66035 INFO tempest.lib.common.rest_client [req-020f50a1-28cc-4bde-b7cc-43709af5f793 req-020f50a1-28cc-4bde-b7cc-43709af5f793 ] Request (FlavorsExtraSpecsTestJSON:test_flavor_set_get_update_show_unset_keys): 200 DELETE http://10.180.1.21/compute/v2.1/flavors/1903048454/os-extra_specs/hw:cpu_policy 5.452s
2025-11-12 18:48:26.808 66055 INFO tempest.lib.common.rest_client [req-74aebfaa-e594-40d2-a7d0-23dd8bb287d3 req-74aebfaa-e594-40d2-a7d0-23dd8bb287d3 ] Request (FlavorsExtraSpecsNegativeTestJSON:tearDownClass): 202 DELETE http://10.180.1.21/compute/v2.1/flavors/16647317 5.461s
2025-11-12 18:48:26.972 66021 INFO tempest.lib.common.rest_client [req-10304f2e-0127-4ece-88ba-9e367ea2ea87 req-10304f2e-0127-4ece-88ba-9e367ea2ea87 ] Request (FlavorsAccessTestJSON:tearDownClass): 200 GET http://10.180.1.21/networking/v2.0/security-groups?tenant_id=95bbc8ba740a4639ace095e2f4b9dfb1&name=default 0.580s
2025-11-12 18:48:27.095 66057 INFO tempest.lib.common.rest_client [req-8bad8c00-8afe-47ab-999a-a2650541a023 req-8bad8c00-8afe-47ab-999a-a2650541a023 ] Request (TenantUsagesTestJSON:tearDownClass): 200 GET http://10.180.1.21/compute/v2.1/servers/77158e2a-34e9-4342-8e59-81fbb54d220f 5.744s
2025-11-12 18:48:27.100 66001 INFO tempest.lib.common.rest_client [req-e79c644f-2b31-4d64-af8f-d3e44676e8bc req-e79c644f-2b31-4d64-af8f-d3e44676e8bc ] Request (ImagesTestJSON:setUpClass): 201 POST http://10.180.1.21/networking/v2.0/routers 1.053s
2025-11-12 18:48:27.182 66021 INFO tempest.lib.common.rest_client [req-1324906d-ffaf-47ec-bc7f-b21b685c7bec req-1324906d-ffaf-47ec-bc7f-b21b685c7bec ] Request (FlavorsAccessTestJSON:tearDownClass): 204 DELETE http://10.180.1.21/networking/v2.0/security-groups/22aeba08-2884-4d47-83b0-27f04e658e39 0.209s
2025-11-12 18:48:27.287 66021 INFO tempest.lib.common.rest_client [req-ca94d3f1-ffc3-4f48-b3b2-440939110868 req-ca94d3f1-ffc3-4f48-b3b2-440939110868 ] Request (FlavorsAccessTestJSON:tearDownClass): 204 DELETE http://10.180.1.21/identity/v3/projects/95bbc8ba740a4639ace095e2f4b9dfb1 0.104s
2025-11-12 18:48:27.386 66021 INFO tempest.lib.common.rest_client [req-582b5f34-744f-4043-a688-79cb2b8d14a3 req-582b5f34-744f-4043-a688-79cb2b8d14a3 ] Request (KeyPairsV210TestJSON:setUpClass): 201 POST http://10.180.1.21/identity/v3/auth/tokens 0.097s
2025-11-12 18:48:27.425 66021 INFO tempest.lib.common.rest_client [req-2a364842-889a-4449-836b-177dd3fe8485 req-2a364842-889a-4449-836b-177dd3fe8485 ] Request (KeyPairsV210TestJSON:setUpClass): 201 POST http://10.180.1.21/identity/v3/auth/tokens 0.036s
2025-11-12 18:48:27.454 66021 INFO tempest.lib.common.rest_client [req-7d7721b1-6b43-40f6-8f12-4c3ec814c59c req-7d7721b1-6b43-40f6-8f12-4c3ec814c59c ] Request (KeyPairsV210TestJSON:setUpClass): 200 GET http://10.180.1.21/identity/v3/domains?name=Default 0.029s
2025-11-12 18:48:27.492 66021 INFO tempest.lib.common.rest_client [req-1218a799-3e9b-495b-a3ee-646af33f84f8 req-1218a799-3e9b-495b-a3ee-646af33f84f8 ] Request (KeyPairsV210TestJSON:setUpClass): 201 POST http://10.180.1.21/identity/v3/projects 0.037s
2025-11-12 18:48:27.544 66025 INFO tempest.lib.common.rest_client [req-a2c4652f-62f2-4529-8756-04d467257d09 req-a2c4652f-62f2-4529-8756-04d467257d09 ] Request (ListServersNegativeTestJSON:setUpClass): 200 GET http://10.180.1.21/compute/v2.1/servers/aa59c165-0a27-475a-8f6c-5ee1e2b6b976 6.112s
2025-11-12 18:48:27.567 66021 INFO tempest.lib.common.rest_client [req-2e089e49-ee54-4e45-998f-554bc6a7249a req-2e089e49-ee54-4e45-998f-554bc6a7249a ] Request (KeyPairsV210TestJSON:setUpClass): 201 POST http://10.180.1.21/identity/v3/users 0.074s
2025-11-12 18:48:27.573 66045 INFO tempest.lib.common.rest_client [req-abc39399-e237-4198-a57c-5733d83e420d req-abc39399-e237-4198-a57c-5733d83e420d ] Request (ServicesAdminNegativeTestJSON:test_get_service_by_invalid_service_and_valid_host): 200 GET http://10.180.1.21/compute/v2.1/os-services?host=devstack&binary=xxx 6.065s
2025-11-12 18:48:27.599 66021 INFO tempest.lib.common.rest_client [req-5c7b91c0-b018-40a8-ade5-9cf6ac88add8 req-5c7b91c0-b018-40a8-ade5-9cf6ac88add8 ] Request (KeyPairsV210TestJSON:setUpClass): 200 GET http://10.180.1.21/identity/v3/roles 0.032s
2025-11-12 18:48:27.638 66021 INFO tempest.lib.common.rest_client [req-2f2e4edd-f44b-464d-a1f1-449852b4bfdc req-2f2e4edd-f44b-464d-a1f1-449852b4bfdc ] Request (KeyPairsV210TestJSON:setUpClass): 204 PUT http://10.180.1.21/identity/v3/projects/ee8503fe71c34de6ab9f309105b01750/users/43d4aef1c3024a9bbd9c9ad49bb6edaf/roles/19d8ddda8cd640488dabfe371d995af6 0.038s
2025-11-12 18:48:27.638 66021 INFO tempest.lib.common.dynamic_creds [-] Dynamic test user 43d4aef1c3024a9bbd9c9ad49bb6edaf is created with scope project and roles: ['member']
2025-11-12 18:48:27.638 66021 INFO tempest.lib.common.dynamic_creds [-] Acquired dynamic creds: credentials: Credentials: {'domain_id': 'default', 'domain_name': 'Default', 'username': 'tempest-KeyPairsV210TestJSON-1960349895-project-member', 'project_domain_id': 'default', 'project_domain_name': 'Default', 'project_id': 'ee8503fe71c34de6ab9f309105b01750', 'project_name': 'tempest-KeyPairsV210TestJSON-1960349895', 'tenant_id': 'ee8503fe71c34de6ab9f309105b01750', 'tenant_name': 'tempest-KeyPairsV210TestJSON-1960349895', 'user_domain_id': 'default', 'user_domain_name': 'Default', 'user_id': '43d4aef1c3024a9bbd9c9ad49bb6edaf', 'system': None}, Network: None, Subnet: None, Router: None
2025-11-12 18:48:27.638 66021 INFO tempest.lib.common.dynamic_creds [-] Created isolated network resources for: credentials: Credentials: {'domain_id': 'default', 'domain_name': 'Default', 'username': 'tempest-KeyPairsV210TestJSON-1960349895-project-member', 'project_domain_id': 'default', 'project_domain_name': 'Default', 'project_id': 'ee8503fe71c34de6ab9f309105b01750', 'project_name': 'tempest-KeyPairsV210TestJSON-1960349895', 'tenant_id': 'ee8503fe71c34de6ab9f309105b01750', 'tenant_name': 'tempest-KeyPairsV210TestJSON-1960349895', 'user_domain_id': 'default', 'user_domain_name': 'Default', 'user_id': '43d4aef1c3024a9bbd9c9ad49bb6edaf', 'system': None}, Network: None, Subnet: None, Router: None
2025-11-12 18:48:27.740 66021 INFO tempest.lib.common.rest_client [req-8e39ba0f-c498-4493-8eb3-f81c320fa0a4 req-8e39ba0f-c498-4493-8eb3-f81c320fa0a4 ] Request (KeyPairsV210TestJSON:setUpClass): 201 POST http://10.180.1.21/identity/v3/auth/tokens 0.092s
2025-11-12 18:48:27.836 66021 INFO tempest.lib.common.rest_client [req-322350df-5230-4c0a-872d-4333947e79b8 req-322350df-5230-4c0a-872d-4333947e79b8 ] Request (KeyPairsV210TestJSON:setUpClass): 201 POST http://10.180.1.21/identity/v3/projects 0.095s
2025-11-12 18:48:27.922 66021 INFO tempest.lib.common.rest_client [req-7e74a6cc-d1f7-485b-b814-8ae61194e69f req-7e74a6cc-d1f7-485b-b814-8ae61194e69f ] Request (KeyPairsV210TestJSON:setUpClass): 201 POST http://10.180.1.21/identity/v3/users 0.085s
2025-11-12 18:48:27.943 66021 INFO tempest.lib.common.rest_client [req-d504cd23-68dd-4c3e-9e1e-2ada2ad0da37 req-d504cd23-68dd-4c3e-9e1e-2ada2ad0da37 ] Request (KeyPairsV210TestJSON:setUpClass): 200 GET http://10.180.1.21/identity/v3/roles 0.020s
2025-11-12 18:48:27.972 66021 INFO tempest.lib.common.rest_client [req-afddc147-93b2-4f41-9d48-2dd520432805 req-afddc147-93b2-4f41-9d48-2dd520432805 ] Request (KeyPairsV210TestJSON:setUpClass): 204 PUT http://10.180.1.21/identity/v3/projects/28cd9d3f4c9040ffb54f324d63f3017d/users/700f761fef17446997c486cbf481e15b/roles/4e0a47c71e6148aaa8d8e64c13f96fa4 0.028s
2025-11-12 18:48:28.014 66001 INFO tempest.lib.common.rest_client [req-fd972af9-2eac-4c76-b595-3e0c34585103 req-fd972af9-2eac-4c76-b595-3e0c34585103 ] Request (ImagesTestJSON:setUpClass): 200 PUT http://10.180.1.21/networking/v2.0/routers/0bb1460a-b0d3-4ef5-b49c-890f20c2f616/add_router_interface 0.913s
2025-11-12 18:48:28.014 66001 INFO tempest.lib.common.dynamic_creds [-] Created isolated network resources for: credentials: Credentials: {'domain_id': 'default', 'domain_name': 'Default', 'username': 'tempest-ImagesTestJSON-928551763-project-member', 'project_domain_id': 'default', 'project_domain_name': 'Default', 'project_id': 'd1ee81ee82414ae8a486171ace8eeb39', 'project_name': 'tempest-ImagesTestJSON-928551763', 'tenant_id': 'd1ee81ee82414ae8a486171ace8eeb39', 'tenant_name': 'tempest-ImagesTestJSON-928551763', 'user_domain_id': 'default', 'user_domain_name': 'Default', 'user_id': 'b1089074570841229a858196907e2ca9', 'system': None}, Network: {'id': 'ea8c833b-2ed2-478b-ba5d-605379ab2471', 'name': 'tempest-ImagesTestJSON-1978082712-network', 'tenant_id': 'd1ee81ee82414ae8a486171ace8eeb39', 'project_id': 'd1ee81ee82414ae8a486171ace8eeb39', 'admin_state_up': True, 'mtu': 8950, 'status': 'ACTIVE', 'subnets': [], 'shared': False, 'port_security_enabled': True, 'router:external': False, 'provider:network_type': 'vlan', 'provider:physical_network': 'default', 'provider:segmentation_id': 824, 'availability_zone_hints': [], 'availability_zones': [], 'ipv4_address_scope': None, 'ipv6_address_scope': None, 'description': '', 'tags': [], 'created_at': '2025-11-12T18:48:24Z', 'updated_at': '2025-11-12T18:48:24Z', 'revision_number': 1}, Subnet: {'id': '347388c5-9a73-4b50-95dd-a6de17e3492a', 'name': 'tempest-ImagesTestJSON-1978082712-subnet', 'tenant_id': 'd1ee81ee82414ae8a486171ace8eeb39', 'network_id': 'ea8c833b-2ed2-478b-ba5d-605379ab2471', 'ip_version': 4, 'subnetpool_id': None, 'enable_dhcp': True, 'ipv6_ra_mode': None, 'ipv6_address_mode': None, 'gateway_ip': '192.168.128.1', 'cidr': '192.168.128.0/28', 'allocation_pools': [{'start': '192.168.128.2', 'end': '192.168.128.14'}], 'host_routes': [], 'dns_nameservers': [], 'description': '', 'router:external': False, 'service_types': [], 'tags': [], 'created_at': '2025-11-12T18:48:25Z', 'updated_at': '2025-11-12T18:48:25Z', 'revision_number': 0, 'project_id': 'd1ee81ee82414ae8a486171ace8eeb39'}, Router: {'id': '0bb1460a-b0d3-4ef5-b49c-890f20c2f616', 'name': 'tempest-ImagesTestJSON-1978082712-router', 'tenant_id': 'd1ee81ee82414ae8a486171ace8eeb39', 'admin_state_up': True, 'status': 'ACTIVE', 'external_gateway_info': {'network_id': 'e0b471a4-ab87-4f1c-9b9c-9fc7da74adbd', 'external_fixed_ips': [{'subnet_id': 'aeca8ac5-cec6-4aef-80f2-e8b5076303c1', 'ip_address': '10.180.180.224'}], 'enable_snat': True}, 'description': '', 'availability_zones': [], 'distributed': False, 'ha': False, 'availability_zone_hints': [], 'routes': [], 'flavor_id': None, 'tags': [], 'created_at': '2025-11-12T18:48:26Z', 'updated_at': '2025-11-12T18:48:26Z', 'revision_number': 2, 'project_id': 'd1ee81ee82414ae8a486171ace8eeb39'}
2025-11-12 18:48:28.032 66021 INFO tempest.lib.common.rest_client [req-b603d496-4de9-47c1-a9cf-0049adc3457f req-b603d496-4de9-47c1-a9cf-0049adc3457f ] Request (KeyPairsV210TestJSON:setUpClass): 200 GET http://10.180.1.21/identity/v3/roles 0.060s
2025-11-12 18:48:28.060 66021 INFO tempest.lib.common.rest_client [req-affb3ec2-8d73-49d7-a414-3d94198a3de1 req-affb3ec2-8d73-49d7-a414-3d94198a3de1 ] Request (KeyPairsV210TestJSON:setUpClass): 204 PUT http://10.180.1.21/identity/v3/projects/28cd9d3f4c9040ffb54f324d63f3017d/users/700f761fef17446997c486cbf481e15b/roles/4e0a47c71e6148aaa8d8e64c13f96fa4 0.026s
2025-11-12 18:48:28.060 66021 INFO tempest.lib.common.dynamic_creds [-] Dynamic test user 700f761fef17446997c486cbf481e15b is created with scope project and roles: ['admin']
2025-11-12 18:48:28.060 66021 INFO tempest.lib.common.dynamic_creds [-] Acquired dynamic creds: credentials: Credentials: {'domain_id': 'default', 'domain_name': 'Default', 'username': 'tempest-KeyPairsV210TestJSON-1225875164-project-admin', 'project_domain_id': 'default', 'project_domain_name': 'Default', 'project_id': '28cd9d3f4c9040ffb54f324d63f3017d', 'project_name': 'tempest-KeyPairsV210TestJSON-1225875164', 'tenant_id': '28cd9d3f4c9040ffb54f324d63f3017d', 'tenant_name': 'tempest-KeyPairsV210TestJSON-1225875164', 'user_domain_id': 'default', 'user_domain_name': 'Default', 'user_id': '700f761fef17446997c486cbf481e15b', 'system': None}, Network: None, Subnet: None, Router: None
2025-11-12 18:48:28.060 66021 INFO tempest.lib.common.dynamic_creds [-] Created isolated network resources for: credentials: Credentials: {'domain_id': 'default', 'domain_name': 'Default', 'username': 'tempest-KeyPairsV210TestJSON-1225875164-project-admin', 'project_domain_id': 'default', 'project_domain_name': 'Default', 'project_id': '28cd9d3f4c9040ffb54f324d63f3017d', 'project_name': 'tempest-KeyPairsV210TestJSON-1225875164', 'tenant_id': '28cd9d3f4c9040ffb54f324d63f3017d', 'tenant_name': 'tempest-KeyPairsV210TestJSON-1225875164', 'user_domain_id': 'default', 'user_domain_name': 'Default', 'user_id': '700f761fef17446997c486cbf481e15b', 'system': None}, Network: None, Subnet: None, Router: None
2025-11-12 18:48:28.069 66037 INFO tempest.lib.common.rest_client [req-1a059e6c-bbd4-404b-ac60-f2e5cd4154dc req-1a059e6c-bbd4-404b-ac60-f2e5cd4154dc ] Request (ServerDiagnosticsNegativeTest:tearDownClass): 200 GET http://10.180.1.21/compute/v2.1/servers/fbfe6e55-741f-4649-beb5-9d3bab086fb0 6.540s
2025-11-12 18:48:28.117 66001 INFO tempest.lib.common.rest_client [req-a74e0718-6e38-4512-9a51-d57dce1a62cc req-a74e0718-6e38-4512-9a51-d57dce1a62cc ] Request (ImagesTestJSON:setUpClass): 201 POST http://10.180.1.21/identity/v3/auth/tokens 0.099s
2025-11-12 18:48:28.151 66001 INFO tempest.lib.common.rest_client [req-d6e40ac7-1898-4e2a-8657-afb28bde3a86 req-d6e40ac7-1898-4e2a-8657-afb28bde3a86 ] Request (ImagesTestJSON:test_create_image_from_stopped_server): 201 POST http://10.180.1.21/identity/v3/auth/tokens 0.030s
2025-11-12 18:48:28.152 66001 INFO tempest.lib.common.fixed_network [-] (ImagesTestJSON:test_create_image_from_stopped_server) Found network {'id': 'ea8c833b-2ed2-478b-ba5d-605379ab2471', 'name': 'tempest-ImagesTestJSON-1978082712-network', 'tenant_id': 'd1ee81ee82414ae8a486171ace8eeb39', 'project_id': 'd1ee81ee82414ae8a486171ace8eeb39', 'admin_state_up': True, 'mtu': 8950, 'status': 'ACTIVE', 'subnets': [], 'shared': False, 'port_security_enabled': True, 'router:external': False, 'provider:network_type': 'vlan', 'provider:physical_network': 'default', 'provider:segmentation_id': 824, 'availability_zone_hints': [], 'availability_zones': [], 'ipv4_address_scope': None, 'ipv6_address_scope': None, 'description': '', 'tags': [], 'created_at': '2025-11-12T18:48:24Z', 'updated_at': '2025-11-12T18:48:24Z', 'revision_number': 1} available for tenant
2025-11-12 18:48:28.157 66021 INFO tempest.lib.common.rest_client [req-7d3c1ab3-7d45-4d9e-8f2e-d7d48a629009 req-7d3c1ab3-7d45-4d9e-8f2e-d7d48a629009 ] Request (KeyPairsV210TestJSON:setUpClass): 201 POST http://10.180.1.21/identity/v3/auth/tokens 0.090s
2025-11-12 18:48:28.333 66040 INFO tempest.lib.common.rest_client [req-a85058bf-6e06-4dfd-8c5c-893c381dd7df req-a85058bf-6e06-4dfd-8c5c-893c381dd7df ] Request (FloatingIPDetailsTestJSON:_run_cleanups): 202 DELETE http://10.180.1.21/compute/v2.1/os-floating-ips/6b376acf-3aea-49fd-a86e-652e06f990ef 7.023s
2025-11-12 18:48:28.366 66061 INFO tempest.lib.common.rest_client [req-118ee9bf-b1ce-408f-a157-e6252ad769d5 req-118ee9bf-b1ce-408f-a157-e6252ad769d5 ] Request (AggregatesAdminNegativeTestJSON:_run_cleanups): 200 DELETE http://10.180.1.21/compute/v2.1/os-aggregates/3 6.656s
2025-11-12 18:48:28.448 66051 INFO tempest.lib.common.rest_client [req-6bac5100-7bdf-4ed4-8256-dccfc70f94ce req-6bac5100-7bdf-4ed4-8256-dccfc70f94ce ] Request (ImagesNegativeTestJSON:test_create_image_from_deleted_server): 200 GET http://10.180.1.21/compute/v2.1/servers/53437c04-9d97-4d5a-b475-c98fe60b8f5f 6.891s
2025-11-12 18:48:28.456 66051 INFO tempest.common.waiters [-] State transition "BUILD/None" ==> "BUILD/spawning" after 22 second wait
2025-11-12 18:48:28.463 66011 INFO tempest.lib.common.rest_client [req-1a308943-c557-4bd3-ab09-bc306b19363c req-1a308943-c557-4bd3-ab09-bc306b19363c ] Request (ServersAaction247Test:test_create_backup): 200 GET http://10.180.1.21/compute/v2.1/servers/2b68d8b5-e6dc-4a88-a3af-f1e5cc978ad5 6.750s
2025-11-12 18:48:28.698 66049 INFO tempest.lib.common.rest_client [req-5a35a43a-7f97-468e-b78e-e875a0521be5 req-5a35a43a-7f97-468e-b78e-e875a0521be5 ] Request (VolumesAssistedSnapshotsTest:test_volume_assisted_snapshot_create_delete): 200 GET http://10.180.1.21/compute/v2.1/servers/094adfbd-12e0-482a-b720-df478b814947 6.812s
2025-11-12 18:48:28.707 66049 INFO tempest.common.waiters [-] State transition "BUILD/None" ==> "BUILD/spawning" after 21 second wait
2025-11-12 18:48:28.724 66017 INFO tempest.lib.common.rest_client [req-3e58110f-ac5a-430f-b02c-e0eca0ebecae req-3e58110f-ac5a-430f-b02c-e0eca0ebecae ] Request (InstanceActionsTestJSON:setUpClass): 200 GET http://10.180.1.21/compute/v2.1/servers/2448fdfd-05bb-4c24-ade5-686c6da65553 6.851s
2025-11-12 18:48:28.733 66017 INFO tempest.common.waiters [-] State transition "BUILD/spawning" ==> "ACTIVE/None" after 31 second wait
2025-11-12 18:48:28.828 66027 INFO tempest.lib.common.rest_client [req-d9c06366-7557-4ef0-9287-96d69a098933 req-d9c06366-7557-4ef0-9287-96d69a098933 ] Request (ServersAdminTestJSON:setUpClass): 200 GET http://10.180.1.21/compute/v2.1/servers/3b2e17db-ad9e-498a-949f-a95ffee6baf4 6.812s
2025-11-12 18:48:28.872 66030 INFO tempest.lib.common.rest_client [req-b3e4aee2-64bb-42a0-be1d-45d39f3dc19a req-b3e4aee2-64bb-42a0-be1d-45d39f3dc19a ] Request (QuotaClassesAdmin257Test:test_update_default_quotas): 200 GET http://10.180.1.21/compute/v2.1/os-quota-class-sets/default 6.857s
2025-11-12 18:48:29.282 66013 INFO tempest.lib.common.rest_client [req-e8ea1391-b436-496b-a8ee-e29efadf9b04 req-e8ea1391-b436-496b-a8ee-e29efadf9b04 ] Request (FloatingIPsAssociationTestJSON:setUpClass): 200 GET http://10.180.1.21/compute/v2.1/servers/a72e2f9e-4d19-4f03-986a-63f25e4c61ca 7.074s
2025-11-12 18:48:29.295 66013 INFO tempest.common.waiters [-] State transition "BUILD/spawning" ==> "ACTIVE/None" after 31 second wait
2025-11-12 18:48:29.429 65999 INFO tempest.lib.common.rest_client [req-438fdcbf-07be-426b-bd5a-cc074d909602 req-438fdcbf-07be-426b-bd5a-cc074d909602 ] Request (SecurityGroupRulesNegativeTestJSON:test_create_security_group_rule_duplicate): 200 POST http://10.180.1.21/compute/v2.1/os-security-group-rules 6.272s
2025-11-12 18:48:29.534 66015 INFO tempest.lib.common.rest_client [req-ac662bd9-ffd0-4f8a-8413-f1ce3b7a5a5b req-ac662bd9-ffd0-4f8a-8413-f1ce3b7a5a5b ] Request (ServersWithSpecificFlavorTestJSON:test_verify_created_server_ephemeral_disk): 200 GET http://10.180.1.21/compute/v2.1/servers/13a0b8bb-adf5-4612-8ced-ef59ae232261 6.075s
2025-11-12 18:48:29.551 66019 INFO tempest.lib.common.rest_client [req-72404405-b366-49b3-a51a-011dd6420ee7 req-72404405-b366-49b3-a51a-011dd6420ee7 ] Request (HypervisorAdminNegativeUnderV252Test:test_search_nonexistent_hypervisor): 404 GET http://10.180.1.21/compute/v2.1/os-hypervisors/nonexistent_hypervisor_name/search 5.949s
2025-11-12 18:48:29.574 66059 INFO tempest.lib.common.rest_client [req-8d4ebafa-3a00-4dd4-afd8-299c1d077a2b req-8d4ebafa-3a00-4dd4-afd8-299c1d077a2b ] Request (HostsAdminTestJSON:test_list_hosts_with_nonexistent_zone): 200 GET http://10.180.1.21/compute/v2.1/os-hosts?zone=xxx 5.936s
2025-11-12 18:48:29.593 66009 INFO tempest.lib.common.rest_client [req-82ce3a13-552f-4421-9b22-268d062a3cf8 req-82ce3a13-552f-4421-9b22-268d062a3cf8 ] Request (FlavorsAdminTestJSON:test_create_flavor_with_none_id): 200 POST http://10.180.1.21/compute/v2.1/flavors 5.927s
2025-11-12 18:48:29.717 66003 INFO tempest.lib.common.rest_client [req-547f61f9-4b6d-41e4-ad66-36c9bc903e15 req-547f61f9-4b6d-41e4-ad66-36c9bc903e15 ] Request (ServersTestFqdnHostnames:test_create_server_with_fqdn_name): 202 POST http://10.180.1.21/compute/v2.1/servers 6.859s
2025-11-12 18:48:29.730 66043 INFO tempest.lib.common.rest_client [req-eba49902-9d7d-47f9-8bac-93bbf4c32e1f req-eba49902-9d7d-47f9-8bac-93bbf4c32e1f ] Request (ServerExternalEventsTest:tearDownClass): 204 DELETE http://10.180.1.21/compute/v2.1/servers/3e9fa1a6-db21-4ea0-80ce-b438a57d407b 5.947s
2025-11-12 18:48:29.777 66047 INFO tempest.lib.common.rest_client [req-abd83942-1a3b-4cc1-8a98-637f31acdff5 req-abd83942-1a3b-4cc1-8a98-637f31acdff5 ] Request (ImagesMetadataTestJSON:test_set_image_metadata): 200 GET http://10.180.1.21/compute/v2.1/images/fddff44b-f3eb-4c7e-919f-c8a9795a7f27/metadata 5.301s
2025-11-12 18:48:30.029 65997 INFO tempest.lib.common.rest_client [req-bd03ddc5-b78c-419c-b950-1f9f4a029836 req-bd03ddc5-b78c-419c-b950-1f9f4a029836 ] Request (SecurityGroupsTestAdminJSON:_run_cleanups): 202 DELETE http://10.180.1.21/compute/v2.1/os-security-groups/e7e0d8b6-8b59-4ada-926a-02fe6b505c33 5.819s
2025-11-12 18:48:30.140 66053 INFO tempest.lib.common.rest_client [req-074c46db-fce3-474f-9802-b9adbb0d66d9 req-074c46db-fce3-474f-9802-b9adbb0d66d9 ] Request (VolumesAdminNegativeTest:test_update_attached_volume_with_nonexistent_volume_in_uri): 200 GET http://10.180.1.21/compute/v2.1/servers/a76f88bf-01e4-4417-951b-abb360a0241b 5.521s
2025-11-12 18:48:30.194 66041 INFO tempest.lib.common.rest_client [req-6175aa37-cf25-4081-a7b5-c2fe67a993a7 req-6175aa37-cf25-4081-a7b5-c2fe67a993a7 ] Request (DeleteServersAdminTestJSON:test_admin_delete_servers_of_others): 200 GET http://10.180.1.21/compute/v2.1/servers/a6cdd643-6d3b-4477-8f64-21d4c7e62d1d 5.005s
2025-11-12 18:48:30.201 66041 INFO tempest.common.waiters [-] State transition "ACTIVE/deleting" ==> "DELETED/None" after 6 second wait
2025-11-12 18:48:30.209 66035 INFO tempest.lib.common.rest_client [req-5e65b291-f402-437c-a96d-e0fbd5bc51e9 req-5e65b291-f402-437c-a96d-e0fbd5bc51e9 ] Request (FlavorsExtraSpecsTestJSON:test_flavor_set_get_update_show_unset_keys): 200 GET http://10.180.1.21/compute/v2.1/flavors/1903048454/os-extra_specs 3.420s
2025-11-12 18:48:30.237 66055 INFO tempest.lib.common.rest_client [req-94605d3f-2077-4d63-b310-a80d25bbe69b req-94605d3f-2077-4d63-b310-a80d25bbe69b ] Request (FlavorsExtraSpecsNegativeTestJSON:tearDownClass): 200 GET http://10.180.1.21/compute/v2.1/flavors/detail 3.428s
2025-11-12 18:48:30.425 66055 INFO tempest.lib.common.rest_client [req-f2dcddf9-fcf1-4525-887c-b1c3831eaebf req-f2dcddf9-fcf1-4525-887c-b1c3831eaebf ] Request (FlavorsExtraSpecsNegativeTestJSON:tearDownClass): 204 DELETE http://10.180.1.21/identity/v3/users/de822dd336bf404f9c1cbacd0d812913 0.183s
2025-11-12 18:48:30.513 66055 INFO tempest.lib.common.rest_client [req-c65ec4b7-2d61-4db5-8a27-e3eeb8b55760 req-c65ec4b7-2d61-4db5-8a27-e3eeb8b55760 ] Request (FlavorsExtraSpecsNegativeTestJSON:tearDownClass): 204 DELETE http://10.180.1.21/identity/v3/users/0dba9fe7b017434fa213843317e459e6 0.088s
