2025-12-12 21:03:26.735 66033 INFO tempest.lib.common.rest_client [req-cef509a8-5bee-43da-adc7-367c25d64a2d req-cef509a8-5bee-43da-adc7-367c25d64a2d ] Request (ListImagesTestJSON:tearDownClass): 204 DELETE http://10.180.1.21/networking/v2.0/security-groups/d897caa8-5977-4619-bdb2-cc4025770470 0.180s
2025-12-12 21:03:26.766 66051 INFO tempest.lib.common.rest_client [req-0e83c324-2aa9-4213-a4cb-6c80262e3e45 req-0e83c324-2aa9-4213-a4cb-6c80262e3e45 ] Request (AggregatesAdminNegativeTestJSON:tearDownClass): 200 GET http://10.180.1.21/networking/v2.0/security-groups?tenant_id=926eb60b7565419da41c5cabbf0f1361&name=default 0.309s
2025-12-12 21:03:26.775 66075 INFO tempest.lib.common.rest_client [req-78e27ac2-8ebe-4a31-affe-4470993e1338 req-78e27ac2-8ebe-4a31-affe-4470993e1338 ] Request (TenantUsagesTestJSON:setUpClass): 200 GET http://10.180.1.21/compute/v2.1/servers/13453839-56de-4849-bb67-e4f90135ccb7 1.268s
2025-12-12 21:03:26.783 66075 INFO tempest.common.waiters [-] State transition "BUILD/spawning" ==> "ACTIVE/None" after 40 second wait
2025-12-12 21:03:26.801 66093 INFO tempest.lib.common.rest_client [req-f8fca804-f4ff-4826-9065-bcf41be4d602 req-f8fca804-f4ff-4826-9065-bcf41be4d602 ] Request (FloatingIPsAssociationTestJSON:setUpClass): 200 GET http://10.180.1.21/compute/v2.1/servers/198e8167-638d-43fe-869a-90bb3b185497 1.205s
2025-12-12 21:03:26.814 66033 INFO tempest.lib.common.rest_client [req-839e3b02-3916-4d02-abec-37e71637fde3 req-839e3b02-3916-4d02-abec-37e71637fde3 ] Request (ListImagesTestJSON:tearDownClass): 204 DELETE http://10.180.1.21/identity/v3/projects/b0e019ce12294b6aad1da5901cadec1a 0.079s
2025-12-12 21:03:26.849 66051 INFO tempest.lib.common.rest_client [req-671d5b72-d11b-46dd-829f-7a774459eab9 req-671d5b72-d11b-46dd-829f-7a774459eab9 ] Request (AggregatesAdminNegativeTestJSON:tearDownClass): 204 DELETE http://10.180.1.21/networking/v2.0/security-groups/ce0c4673-9a4b-4bbc-958b-2f2798c2ab61 0.082s
2025-12-12 21:03:26.871 66065 INFO tempest.lib.common.rest_client [req-2655ca0d-619a-444d-b137-44cb3ad0c8e7 req-2655ca0d-619a-444d-b137-44cb3ad0c8e7 ] Request (ServerRescueTestJSONUnderV235:setUpClass): 200 GET http://10.180.1.21/compute/v2.1/servers/3152c30d-43a9-4c5f-a140-4d3bd37ba55a 0.960s
2025-12-12 21:03:26.897 66033 INFO tempest.lib.common.rest_client [req-e510483a-9a5f-4800-8ade-3523e5b87dc0 req-e510483a-9a5f-4800-8ade-3523e5b87dc0 ] Request (KeyPairsV2TestJSON:setUpClass): 201 POST http://10.180.1.21/identity/v3/auth/tokens 0.081s
2025-12-12 21:03:26.933 66033 INFO tempest.lib.common.rest_client [req-9f8262f8-21a1-4745-94f4-210f39a00ed5 req-9f8262f8-21a1-4745-94f4-210f39a00ed5 ] Request (KeyPairsV2TestJSON:setUpClass): 201 POST http://10.180.1.21/identity/v3/auth/tokens 0.034s
2025-12-12 21:03:26.946 66047 INFO tempest.lib.common.rest_client [req-2463590d-69a1-499a-96dc-8a7009466e93 req-2463590d-69a1-499a-96dc-8a7009466e93 ] Request (ServerDiagnosticsNegativeTest:test_get_server_diagnostics_by_non_admin): 200 GET http://10.180.1.21/compute/v2.1/servers/4623be46-2e87-416f-9ce3-0beacbac154d 1.122s
2025-12-12 21:03:26.947 66083 INFO tempest.lib.common.rest_client [req-a5af25a7-45b3-4d06-9c71-69d42bc7110b req-a5af25a7-45b3-4d06-9c71-69d42bc7110b ] Request (DeleteServersAdminTestJSON:test_delete_server_while_in_error_state): 200 GET http://10.180.1.21/compute/v2.1/servers/ef0657f4-6b66-48f8-b307-e78fc0ce02e4 0.941s
2025-12-12 21:03:26.967 66051 INFO tempest.lib.common.rest_client [req-1405ecc9-7b5e-4ff0-b094-3a329c40eb2a req-1405ecc9-7b5e-4ff0-b094-3a329c40eb2a ] Request (AggregatesAdminNegativeTestJSON:tearDownClass): 204 DELETE http://10.180.1.21/identity/v3/projects/926eb60b7565419da41c5cabbf0f1361 0.117s
2025-12-12 21:03:26.967 66051 INFO tempest.lib.common.dynamic_creds [-] Deleting project and security group for project: 60f9912ffa7a49ecac89150de108ced3
2025-12-12 21:03:27.008 66033 INFO tempest.lib.common.rest_client [req-9e909587-5714-451d-b8fe-1b408d740897 req-9e909587-5714-451d-b8fe-1b408d740897 ] Request (KeyPairsV2TestJSON:setUpClass): 200 GET http://10.180.1.21/identity/v3/domains?name=Default 0.074s
2025-12-12 21:03:27.008 66049 INFO tempest.lib.common.rest_client [req-9a51df73-5fbb-4010-9863-9ef7341040f6 req-9a51df73-5fbb-4010-9863-9ef7341040f6 ] Request (ServersTestFqdnHostnames:test_create_server_with_fqdn_name): 200 GET http://10.180.1.21/compute/v2.1/servers/2ff6433a-865b-42e4-81c8-35c9d837543f 0.849s
2025-12-12 21:03:27.039 66071 INFO tempest.lib.common.rest_client [req-6713b70b-aac5-411c-9511-4ab0147c19fd req-6713b70b-aac5-411c-9511-4ab0147c19fd ] Request (VolumesNegativeTest:test_volume_get_nonexistent_volume_id): 404 GET http://10.180.1.21/compute/v2.1/os-volumes/a128c7b4-816f-4fb1-a744-768d141957f0 0.857s
2025-12-12 21:03:27.052 66033 INFO tempest.lib.common.rest_client [req-5c556b86-2ac9-45a7-a02b-53f0d9e0399b req-5c556b86-2ac9-45a7-a02b-53f0d9e0399b ] Request (KeyPairsV2TestJSON:setUpClass): 201 POST http://10.180.1.21/identity/v3/projects 0.044s
2025-12-12 21:03:27.099 66051 INFO tempest.lib.common.rest_client [req-1aaa77d9-bd72-4382-8597-3bf0c1f433cc req-1aaa77d9-bd72-4382-8597-3bf0c1f433cc ] Request (AggregatesAdminNegativeTestJSON:tearDownClass): 200 GET http://10.180.1.21/networking/v2.0/security-groups?tenant_id=60f9912ffa7a49ecac89150de108ced3&name=default 0.132s
2025-12-12 21:03:27.131 66033 INFO tempest.lib.common.rest_client [req-7dbe0acd-cfae-4235-bcac-992830dffb33 req-7dbe0acd-cfae-4235-bcac-992830dffb33 ] Request (KeyPairsV2TestJSON:setUpClass): 201 POST http://10.180.1.21/identity/v3/users 0.078s
2025-12-12 21:03:27.152 66033 INFO tempest.lib.common.rest_client [req-f0dfbbec-f91b-470b-b5a0-fc3d1733d846 req-f0dfbbec-f91b-470b-b5a0-fc3d1733d846 ] Request (KeyPairsV2TestJSON:setUpClass): 200 GET http://10.180.1.21/identity/v3/roles 0.020s
2025-12-12 21:03:27.178 66071 INFO tempest.lib.common.rest_client [req-c3a41263-d373-40ad-8227-411606697245 req-c3a41263-d373-40ad-8227-411606697245 ] Request (VolumesNegativeTest:tearDownClass): 204 DELETE http://10.180.1.21/identity/v3/users/d0017069a47a49f9987cf26918cc60d3 0.132s
2025-12-12 21:03:27.178 66071 INFO tempest.lib.common.dynamic_creds [-] Deleting project and security group for project: a057249b6b1042328b24a71a598ff4e4
2025-12-12 21:03:27.199 66051 INFO tempest.lib.common.rest_client [req-deab60b6-6e81-4b3d-963d-6e79cc849848 req-deab60b6-6e81-4b3d-963d-6e79cc849848 ] Request (AggregatesAdminNegativeTestJSON:tearDownClass): 204 DELETE http://10.180.1.21/networking/v2.0/security-groups/7df352a0-710b-4789-89c6-9a2b5b3fb7b7 0.097s
2025-12-12 21:03:27.217 66033 INFO tempest.lib.common.rest_client [req-fa5f11ab-9b99-4001-bf4d-08fd811ac283 req-fa5f11ab-9b99-4001-bf4d-08fd811ac283 ] Request (KeyPairsV2TestJSON:setUpClass): 204 PUT http://10.180.1.21/identity/v3/projects/8bba0fa75a3148f8b8d7310f00643770/users/6ed7bde39a6b45c2a7a16d3cf233d11f/roles/22d52857a4284787b3ac0561173e1020 0.064s
2025-12-12 21:03:27.217 66033 INFO tempest.lib.common.dynamic_creds [-] Dynamic test user 6ed7bde39a6b45c2a7a16d3cf233d11f is created with scope project and roles: ['member']
2025-12-12 21:03:27.217 66033 INFO tempest.lib.common.dynamic_creds [-] Acquired dynamic creds: credentials: Credentials: {'domain_id': 'default', 'domain_name': 'Default', 'username': 'tempest-KeyPairsV2TestJSON-502945329-project-member', 'project_domain_id': 'default', 'project_domain_name': 'Default', 'project_id': '8bba0fa75a3148f8b8d7310f00643770', 'project_name': 'tempest-KeyPairsV2TestJSON-502945329', 'tenant_id': '8bba0fa75a3148f8b8d7310f00643770', 'tenant_name': 'tempest-KeyPairsV2TestJSON-502945329', 'user_domain_id': 'default', 'user_domain_name': 'Default', 'user_id': '6ed7bde39a6b45c2a7a16d3cf233d11f', 'system': None}, Network: None, Subnet: None, Router: None
2025-12-12 21:03:27.217 66033 INFO tempest.lib.common.dynamic_creds [-] Created isolated network resources for: credentials: Credentials: {'domain_id': 'default', 'domain_name': 'Default', 'username': 'tempest-KeyPairsV2TestJSON-502945329-project-member', 'project_domain_id': 'default', 'project_domain_name': 'Default', 'project_id': '8bba0fa75a3148f8b8d7310f00643770', 'project_name': 'tempest-KeyPairsV2TestJSON-502945329', 'tenant_id': '8bba0fa75a3148f8b8d7310f00643770', 'tenant_name': 'tempest-KeyPairsV2TestJSON-502945329', 'user_domain_id': 'default', 'user_domain_name': 'Default', 'user_id': '6ed7bde39a6b45c2a7a16d3cf233d11f', 'system': None}, Network: None, Subnet: None, Router: None
2025-12-12 21:03:27.247 66071 INFO tempest.lib.common.rest_client [req-f3a54851-d814-430f-bed2-638201fc1f93 req-f3a54851-d814-430f-bed2-638201fc1f93 ] Request (VolumesNegativeTest:tearDownClass): 201 POST http://10.180.1.21/identity/v3/auth/tokens 0.068s
2025-12-12 21:03:27.317 66051 INFO tempest.lib.common.rest_client [req-078cdf65-dec1-494f-938b-1591fd69ede0 req-078cdf65-dec1-494f-938b-1591fd69ede0 ] Request (AggregatesAdminNegativeTestJSON:tearDownClass): 204 DELETE http://10.180.1.21/identity/v3/projects/60f9912ffa7a49ecac89150de108ced3 0.118s
2025-12-12 21:03:27.318 66051 INFO tempest.test [-] raised in LiveMigrationNegativeTest.setUpClass. Invoking tearDownClass.
2025-12-12 21:03:27.340 66033 INFO tempest.lib.common.rest_client [req-1eef4f34-d511-4790-adf6-533ce690da9f req-1eef4f34-d511-4790-adf6-533ce690da9f ] Request (KeyPairsV2TestJSON:setUpClass): 201 POST http://10.180.1.21/identity/v3/auth/tokens 0.117s
2025-12-12 21:03:27.405 66051 INFO tempest.lib.common.rest_client [req-5d22f40b-bb28-4055-a865-8a137a1c76de req-5d22f40b-bb28-4055-a865-8a137a1c76de ] Request (QuotasAdminNegativeTest:setUpClass): 201 POST http://10.180.1.21/identity/v3/auth/tokens 0.084s
2025-12-12 21:03:27.438 66051 INFO tempest.lib.common.rest_client [req-0c13fd85-81f2-4988-b571-6c7208a7a396 req-0c13fd85-81f2-4988-b571-6c7208a7a396 ] Request (QuotasAdminNegativeTest:setUpClass): 201 POST http://10.180.1.21/identity/v3/auth/tokens 0.030s
2025-12-12 21:03:27.466 66051 INFO tempest.lib.common.rest_client [req-a2117817-5d92-4e56-89e2-26d9b38883e7 req-a2117817-5d92-4e56-89e2-26d9b38883e7 ] Request (QuotasAdminNegativeTest:setUpClass): 200 GET http://10.180.1.21/identity/v3/domains?name=Default 0.027s
2025-12-12 21:03:27.504 66051 INFO tempest.lib.common.rest_client [req-80db332e-2315-42ae-9c83-8ff1c1beda6a req-80db332e-2315-42ae-9c83-8ff1c1beda6a ] Request (QuotasAdminNegativeTest:setUpClass): 201 POST http://10.180.1.21/identity/v3/projects 0.036s
2025-12-12 21:03:27.532 66071 INFO tempest.lib.common.rest_client [req-dfde459c-a212-4522-a2ed-40b90bda480c req-dfde459c-a212-4522-a2ed-40b90bda480c ] Request (VolumesNegativeTest:tearDownClass): 200 GET http://10.180.1.21/networking/v2.0/security-groups?tenant_id=a057249b6b1042328b24a71a598ff4e4&name=default 0.285s
2025-12-12 21:03:27.596 66051 INFO tempest.lib.common.rest_client [req-7a0b9e03-c947-477d-949b-6a8cf56a4a2e req-7a0b9e03-c947-477d-949b-6a8cf56a4a2e ] Request (QuotasAdminNegativeTest:setUpClass): 201 POST http://10.180.1.21/identity/v3/users 0.091s
2025-12-12 21:03:27.625 66051 INFO tempest.lib.common.rest_client [req-9065ed11-96fa-4133-9978-5f7b9bd3ba35 req-9065ed11-96fa-4133-9978-5f7b9bd3ba35 ] Request (QuotasAdminNegativeTest:setUpClass): 200 GET http://10.180.1.21/identity/v3/roles 0.028s
2025-12-12 21:03:27.655 66051 INFO tempest.lib.common.rest_client [req-feae184f-a8fa-405c-9b55-ffdb9946d696 req-feae184f-a8fa-405c-9b55-ffdb9946d696 ] Request (QuotasAdminNegativeTest:setUpClass): 204 PUT http://10.180.1.21/identity/v3/projects/3babf37a24d54c23a293f4fa1a56907c/users/56ce48b69cb94a608bcb790f07268df2/roles/22d52857a4284787b3ac0561173e1020 0.029s
2025-12-12 21:03:27.655 66051 INFO tempest.lib.common.dynamic_creds [-] Dynamic test user 56ce48b69cb94a608bcb790f07268df2 is created with scope project and roles: ['member']
2025-12-12 21:03:27.655 66051 INFO tempest.lib.common.dynamic_creds [-] Acquired dynamic creds: credentials: Credentials: {'domain_id': 'default', 'domain_name': 'Default', 'username': 'tempest-QuotasAdminNegativeTest-1146663688-project-member', 'project_domain_id': 'default', 'project_domain_name': 'Default', 'project_id': '3babf37a24d54c23a293f4fa1a56907c', 'project_name': 'tempest-QuotasAdminNegativeTest-1146663688', 'tenant_id': '3babf37a24d54c23a293f4fa1a56907c', 'tenant_name': 'tempest-QuotasAdminNegativeTest-1146663688', 'user_domain_id': 'default', 'user_domain_name': 'Default', 'user_id': '56ce48b69cb94a608bcb790f07268df2', 'system': None}, Network: None, Subnet: None, Router: None
2025-12-12 21:03:27.655 66051 INFO tempest.lib.common.dynamic_creds [-] Created isolated network resources for: credentials: Credentials: {'domain_id': 'default', 'domain_name': 'Default', 'username': 'tempest-QuotasAdminNegativeTest-1146663688-project-member', 'project_domain_id': 'default', 'project_domain_name': 'Default', 'project_id': '3babf37a24d54c23a293f4fa1a56907c', 'project_name': 'tempest-QuotasAdminNegativeTest-1146663688', 'tenant_id': '3babf37a24d54c23a293f4fa1a56907c', 'tenant_name': 'tempest-QuotasAdminNegativeTest-1146663688', 'user_domain_id': 'default', 'user_domain_name': 'Default', 'user_id': '56ce48b69cb94a608bcb790f07268df2', 'system': None}, Network: None, Subnet: None, Router: None
2025-12-12 21:03:27.668 66071 INFO tempest.lib.common.rest_client [req-238b55c3-12fe-4c2c-b6b0-77b8e9885487 req-238b55c3-12fe-4c2c-b6b0-77b8e9885487 ] Request (VolumesNegativeTest:tearDownClass): 204 DELETE http://10.180.1.21/networking/v2.0/security-groups/c404aad9-d530-4f57-b002-c830b17b26dc 0.135s
2025-12-12 21:03:27.671 66037 INFO tempest.lib.common.rest_client [req-c91e94e4-46d6-4005-a040-0e13e6d56b4b req-c91e94e4-46d6-4005-a040-0e13e6d56b4b ] Request (ServersAdminNegativeTestJSON:test_migrate_server_invalid_state): 202 POST http://10.180.1.21/compute/v2.1/servers 1.467s
2025-12-12 21:03:27.696 66059 INFO tempest.lib.common.rest_client [req-e1e52d9d-85b6-49d0-a53c-531b33648fad req-e1e52d9d-85b6-49d0-a53c-531b33648fad ] Request (FloatingIPDetailsTestJSON:setUpClass): 200 POST http://10.180.1.21/compute/v2.1/os-floating-ips 1.652s
2025-12-12 21:03:27.710 66073 INFO tempest.lib.common.rest_client [req-3262af6e-7622-4904-b1a2-632f6a95a4cb req-3262af6e-7622-4904-b1a2-632f6a95a4cb ] Request (ServicesAdminNegativeTestJSON:test_get_service_by_invalid_service_and_valid_host): 200 GET http://10.180.1.21/compute/v2.1/os-services 1.484s
2025-12-12 21:03:27.774 66051 INFO tempest.lib.common.rest_client [req-45cde79c-62ff-4eb2-a046-072fa6574f54 req-45cde79c-62ff-4eb2-a046-072fa6574f54 ] Request (QuotasAdminNegativeTest:setUpClass): 201 POST http://10.180.1.21/identity/v3/auth/tokens 0.116s
2025-12-12 21:03:27.820 66071 INFO tempest.lib.common.rest_client [req-b5fd7e00-09db-453b-9996-c552095924ac req-b5fd7e00-09db-453b-9996-c552095924ac ] Request (VolumesNegativeTest:tearDownClass): 204 DELETE http://10.180.1.21/identity/v3/projects/a057249b6b1042328b24a71a598ff4e4 0.151s
2025-12-12 21:03:27.827 66081 INFO tempest.lib.common.rest_client [req-d97b8e1b-9d04-4328-8c63-ab5f50ce2b10 req-d97b8e1b-9d04-4328-8c63-ab5f50ce2b10 ] Request (ImagesNegativeTestJSON:test_create_image_from_deleted_server): 200 GET http://10.180.1.21/compute/v2.1/servers/308ab81b-eb37-4674-a098-2d475145a72a 1.582s
2025-12-12 21:03:27.857 66053 INFO tempest.lib.common.rest_client [req-04de7041-8b2f-4015-b07a-1bb9f8962cff req-04de7041-8b2f-4015-b07a-1bb9f8962cff ] Request (InstanceActionsNegativeTestJSON:tearDownClass): 404 GET http://10.180.1.21/compute/v2.1/servers/0eb99ded-7754-43bb-8e51-8ebb59a1345f 1.524s
2025-12-12 21:03:27.890 66051 INFO tempest.lib.common.rest_client [req-287e6c34-a51e-4c83-a0a1-fc94e9faaa0b req-287e6c34-a51e-4c83-a0a1-fc94e9faaa0b ] Request (QuotasAdminNegativeTest:setUpClass): 201 POST http://10.180.1.21/identity/v3/projects 0.115s
2025-12-12 21:03:27.901 66087 INFO tempest.lib.common.rest_client [req-c708d55d-f6ba-4cb1-ab57-b50fc6b3e6b3 req-c708d55d-f6ba-4cb1-ab57-b50fc6b3e6b3 ] Request (SecurityGroupsTestJSON:test_security_groups_create_list_delete): 200 GET http://10.180.1.21/compute/v2.1/os-security-groups 1.667s
2025-12-12 21:03:27.979 66091 INFO tempest.lib.common.rest_client [req-2b672cf3-891f-4cdd-b4bf-78d9da106326 req-2b672cf3-891f-4cdd-b4bf-78d9da106326 ] Request (ServerGroupTestJSON:test_create_delete_multiple_server_groups_with_same_name_policy): 200 POST http://10.180.1.21/compute/v2.1/os-server-groups 1.619s
2025-12-12 21:03:27.993 66051 INFO tempest.lib.common.rest_client [req-9a28206a-4ff0-4e8e-be72-d794f02437b7 req-9a28206a-4ff0-4e8e-be72-d794f02437b7 ] Request (QuotasAdminNegativeTest:setUpClass): 201 POST http://10.180.1.21/identity/v3/users 0.101s
2025-12-12 21:03:28.019 66051 INFO tempest.lib.common.rest_client [req-d21f5d02-29ca-4bd9-9bd7-302e4296829b req-d21f5d02-29ca-4bd9-9bd7-302e4296829b ] Request (QuotasAdminNegativeTest:setUpClass): 200 GET http://10.180.1.21/identity/v3/roles 0.025s
2025-12-12 21:03:28.048 66039 INFO tempest.lib.common.rest_client [req-51c8aa27-d03c-4b4c-870c-2940e78c6d47 req-51c8aa27-d03c-4b4c-870c-2940e78c6d47 ] Request (ServerDiskConfigTestJSON:test_rebuild_server_with_manual_disk_config): 200 GET http://10.180.1.21/compute/v2.1/servers/d76b97b9-f760-4f77-a19e-719184fe206b 1.653s
2025-12-12 21:03:28.051 66051 INFO tempest.lib.common.rest_client [req-bee0c551-0b74-46fb-89f9-f9d2a6db0020 req-bee0c551-0b74-46fb-89f9-f9d2a6db0020 ] Request (QuotasAdminNegativeTest:setUpClass): 204 PUT http://10.180.1.21/identity/v3/projects/d1f4cce750824cbc9673217658eb5730/users/b41f87c97f824317a22057bf102c9012/roles/ed4e178f8cfe40bbb57f757b04f1a3b4 0.031s
2025-12-12 21:03:28.081 66035 INFO tempest.lib.common.rest_client [req-31a55e33-c406-4fb6-b5da-0607fbfb781d req-31a55e33-c406-4fb6-b5da-0607fbfb781d ] Request (MigrationsAdminTest:test_list_migrations_in_flavor_resize_situation): 200 GET http://10.180.1.21/compute/v2.1/servers/716a6a77-92ae-427f-8f6f-fe77d0c17d32 1.725s
2025-12-12 21:03:28.109 66043 INFO tempest.lib.common.rest_client [req-948d723d-c5b8-492d-aad1-03caf15a62fc req-948d723d-c5b8-492d-aad1-03caf15a62fc ] Request (AttachInterfacesTestJSON:test_create_list_show_delete_interfaces_by_fixed_ip): 200 GET http://10.180.1.21/compute/v2.1/servers/72abea97-6d60-48ec-8524-31bd01232db7 1.701s
2025-12-12 21:03:28.130 66051 INFO tempest.lib.common.rest_client [req-72b4026b-addc-47cd-9a45-82f146ca09d2 req-72b4026b-addc-47cd-9a45-82f146ca09d2 ] Request (QuotasAdminNegativeTest:setUpClass): 200 GET http://10.180.1.21/identity/v3/roles 0.078s
2025-12-12 21:03:28.149 66051 INFO tempest.lib.common.rest_client [req-b2383b97-d7d2-4d35-8fe9-00a0df089973 req-b2383b97-d7d2-4d35-8fe9-00a0df089973 ] Request (QuotasAdminNegativeTest:setUpClass): 204 PUT http://10.180.1.21/identity/v3/projects/d1f4cce750824cbc9673217658eb5730/users/b41f87c97f824317a22057bf102c9012/roles/ed4e178f8cfe40bbb57f757b04f1a3b4 0.018s
2025-12-12 21:03:28.149 66051 INFO tempest.lib.common.dynamic_creds [-] Dynamic test user b41f87c97f824317a22057bf102c9012 is created with scope project and roles: ['admin']
2025-12-12 21:03:28.149 66051 INFO tempest.lib.common.dynamic_creds [-] Acquired dynamic creds: credentials: Credentials: {'domain_id': 'default', 'domain_name': 'Default', 'username': 'tempest-QuotasAdminNegativeTest-1137056503-project-admin', 'project_domain_id': 'default', 'project_domain_name': 'Default', 'project_id': 'd1f4cce750824cbc9673217658eb5730', 'project_name': 'tempest-QuotasAdminNegativeTest-1137056503', 'tenant_id': 'd1f4cce750824cbc9673217658eb5730', 'tenant_name': 'tempest-QuotasAdminNegativeTest-1137056503', 'user_domain_id': 'default', 'user_domain_name': 'Default', 'user_id': 'b41f87c97f824317a22057bf102c9012', 'system': None}, Network: None, Subnet: None, Router: None
2025-12-12 21:03:28.149 66051 INFO tempest.lib.common.dynamic_creds [-] Created isolated network resources for: credentials: Credentials: {'domain_id': 'default', 'domain_name': 'Default', 'username': 'tempest-QuotasAdminNegativeTest-1137056503-project-admin', 'project_domain_id': 'default', 'project_domain_name': 'Default', 'project_id': 'd1f4cce750824cbc9673217658eb5730', 'project_name': 'tempest-QuotasAdminNegativeTest-1137056503', 'tenant_id': 'd1f4cce750824cbc9673217658eb5730', 'tenant_name': 'tempest-QuotasAdminNegativeTest-1137056503', 'user_domain_id': 'default', 'user_domain_name': 'Default', 'user_id': 'b41f87c97f824317a22057bf102c9012', 'system': None}, Network: None, Subnet: None, Router: None
2025-12-12 21:03:28.170 66077 INFO tempest.lib.common.rest_client [req-435a9ec7-5f7b-40b5-b76e-609fb097ba62 req-435a9ec7-5f7b-40b5-b76e-609fb097ba62 ] Request (ImagesOneServerNegativeTestJSON:_run_cleanups): 200 GET http://10.180.1.21/compute/v2.1/servers/6d821119-e902-4a05-9840-69d3e50ed8f6 1.263s
2025-12-12 21:03:28.227 66051 INFO tempest.lib.common.rest_client [req-276aa838-20e9-4e01-a3fe-e0619c1e27f6 req-276aa838-20e9-4e01-a3fe-e0619c1e27f6 ] Request (QuotasAdminNegativeTest:setUpClass): 201 POST http://10.180.1.21/identity/v3/auth/tokens 0.074s
2025-12-12 21:03:28.227 66051 WARNING tempest.lib.common.rest_client [-] Deprecated: "tenant_id" property is deprecated for removal, use "project_id" instead
2025-12-12 21:03:28.227 66061 INFO tempest.lib.common.rest_client [req-f7129e62-3195-4a67-b1fb-8b1d911ab696 req-f7129e62-3195-4a67-b1fb-8b1d911ab696 ] Request (ServersAdminTestJSON:test_create_server_with_scheduling_hint): 200 GET http://10.180.1.21/compute/v2.1/servers/e39ff174-4117-4d18-8305-bac2c225995a 1.213s
2025-12-12 21:03:28.240 66061 INFO tempest.common.waiters [-] State transition "BUILD/scheduling" ==> "BUILD/None" after 2 second wait
2025-12-12 21:03:28.289 66057 INFO tempest.lib.common.rest_client [req-89494c56-78d4-457e-b0c7-d564e21932b2 req-89494c56-78d4-457e-b0c7-d564e21932b2 ] Request (ServerActionsV293TestJSON:setUpClass): 200 GET http://10.180.1.21/compute/v2.1/servers/d9ae8b4e-c19a-4428-bc4f-e660fc097ddc 1.193s
2025-12-12 21:03:28.376 66041 INFO tempest.lib.common.rest_client [req-160a9a7c-b3a3-4453-a85b-6863fc707a17 req-160a9a7c-b3a3-4453-a85b-6863fc707a17 ] Request (ImagesTestJSON:test_create_image_from_suspended_server): 200 GET http://10.180.1.21/compute/v2.1/servers/5e689782-5875-4af6-bed1-f5c7e086a393 1.171s
2025-12-12 21:03:28.439 66075 INFO tempest.lib.common.rest_client [req-5fb35791-c17d-45ad-aeed-7314924e155b req-5fb35791-c17d-45ad-aeed-7314924e155b ] Request (TenantUsagesTestJSON:test_get_usage_tenant): 200 GET http://10.180.1.21/compute/v2.1/os-simple-tenant-usage/c1a0c4108c744454823ba6de8f37db34?start=2025-12-11T21%3A03%3A26.784134&end=2025-12-13T21%3A03%3A26.784134 1.654s
2025-12-12 21:03:28.440 66079 INFO tempest.lib.common.rest_client [req-63e4bd8d-5437-4cfa-be00-0f8fe0e202b9 req-63e4bd8d-5437-4cfa-be00-0f8fe0e202b9 ] Request (DeleteServersTestJSON:test_delete_server_while_in_attached_volume): 200 GET http://10.180.1.21/compute/v2.1/servers/4dfbd028-515c-4860-a21b-9d08c5e8d591 1.150s
2025-12-12 21:03:28.462 66045 WARNING tempest.lib.common.ssh [-] Failed to establish authenticated ssh connection to cirros@10.180.180.233 ([Errno None] Unable to connect to port 22 on 10.180.180.233). Number attempts: 8. Retry after 9 seconds.: paramiko.ssh_exception.NoValidConnectionsError: [Errno None] Unable to connect to port 22 on 10.180.180.233
2025-12-12 21:03:28.571 66033 INFO tempest.lib.common.rest_client [req-e28594ad-c53c-40b5-87ee-fa29a76a3b92 req-e28594ad-c53c-40b5-87ee-fa29a76a3b92 ] Request (KeyPairsV2TestJSON:test_get_keypair_detail): 200 POST http://10.180.1.21/compute/v2.1/os-keypairs 1.229s
2025-12-12 21:03:28.599 66055 INFO tempest.lib.common.rest_client [req-b2abc6b6-95e7-4632-ae19-9fcad1b507de req-b2abc6b6-95e7-4632-ae19-9fcad1b507de ] Request (ImagesOneServerTestJSON:setUpClass): 200 GET http://10.180.1.21/compute/v2.1/servers/65bf20fc-a813-4e1c-be44-97414ab6a928 1.240s
2025-12-12 21:03:28.666 66037 INFO tempest.lib.common.rest_client [req-549db7f2-13be-48d4-96d6-04bce01d3d6e req-549db7f2-13be-48d4-96d6-04bce01d3d6e ] Request (ServersAdminNegativeTestJSON:test_migrate_server_invalid_state): 200 GET http://10.180.1.21/compute/v2.1/servers/f7d2ff07-e1e1-47f7-ad24-e6b30dfb6098 0.993s
2025-12-12 21:03:28.675 66053 INFO tempest.lib.common.rest_client [req-8c5d2ce8-3f03-436a-a570-1b6d7427d776 req-8c5d2ce8-3f03-436a-a570-1b6d7427d776 ] Request (InstanceActionsNegativeTestJSON:tearDownClass): 200 PUT http://10.180.1.21/networking/v2.0/routers/e0b35302-1386-4984-bdda-26f652603278/remove_router_interface 0.817s
2025-12-12 21:03:28.689 66073 INFO tempest.lib.common.rest_client [req-dd37f944-be67-4b28-be0e-258cdc346dcb req-dd37f944-be67-4b28-be0e-258cdc346dcb ] Request (ServicesAdminNegativeTestJSON:test_get_service_by_invalid_service_and_valid_host): 200 GET http://10.180.1.21/compute/v2.1/os-services?host=devstack&binary=xxx 0.975s
2025-12-12 21:03:29.101 66053 INFO tempest.lib.common.rest_client [req-8e3baa43-8bb7-4f41-a1d9-ed078e1572e6 req-8e3baa43-8bb7-4f41-a1d9-ed078e1572e6 ] Request (InstanceActionsNegativeTestJSON:tearDownClass): 204 DELETE http://10.180.1.21/networking/v2.0/routers/e0b35302-1386-4984-bdda-26f652603278 0.425s
2025-12-12 21:03:29.232 66063 WARNING tempest.lib.common.ssh [-] Failed to establish authenticated ssh connection to cirros@10.180.180.161 ([Errno None] Unable to connect to port 22 on 10.180.180.161). Number attempts: 8. Retry after 9 seconds.: paramiko.ssh_exception.NoValidConnectionsError: [Errno None] Unable to connect to port 22 on 10.180.180.161
2025-12-12 21:03:29.270 66053 INFO tempest.lib.common.rest_client [req-1b490e22-46bf-43fb-903c-3236523c6733 req-1b490e22-46bf-43fb-903c-3236523c6733 ] Request (InstanceActionsNegativeTestJSON:tearDownClass): 204 DELETE http://10.180.1.21/networking/v2.0/subnets/e05aa336-dce8-4df9-9ea3-f306c0f543c2 0.168s
2025-12-12 21:03:29.297 66093 INFO tempest.lib.common.rest_client [req-9dce3f0e-1c43-453d-844c-0c302b60b713 req-9dce3f0e-1c43-453d-844c-0c302b60b713 ] Request (FloatingIPsAssociationTestJSON:setUpClass): 200 GET http://10.180.1.21/compute/v2.1/servers/198e8167-638d-43fe-869a-90bb3b185497 1.487s
2025-12-12 21:03:29.347 66069 WARNING tempest.lib.common.ssh [-] Failed to establish authenticated ssh connection to cirros@10.180.180.236 ([Errno None] Unable to connect to port 22 on 10.180.180.236). Number attempts: 4. Retry after 5 seconds.: paramiko.ssh_exception.NoValidConnectionsError: [Errno None] Unable to connect to port 22 on 10.180.180.236
2025-12-12 21:03:29.360 66059 INFO tempest.lib.common.rest_client [req-e0891681-885b-4275-9eae-5a8ef03ee4bb req-e0891681-885b-4275-9eae-5a8ef03ee4bb ] Request (FloatingIPDetailsTestJSON:test_get_floating_ip_details): 200 POST http://10.180.1.21/compute/v2.1/os-floating-ips 1.661s
2025-12-12 21:03:29.598 66053 INFO tempest.lib.common.rest_client [req-0e56f154-feb8-4003-8d46-fe49bf33a9ce req-0e56f154-feb8-4003-8d46-fe49bf33a9ce ] Request (InstanceActionsNegativeTestJSON:tearDownClass): 204 DELETE http://10.180.1.21/networking/v2.0/networks/4cf900eb-fab6-4e46-bcb7-77874bbbb47c 0.327s
2025-12-12 21:03:29.624 66065 INFO tempest.lib.common.rest_client [req-e498191b-99a7-4606-8507-609f51538c02 req-e498191b-99a7-4606-8507-609f51538c02 ] Request (ServerRescueTestJSONUnderV235:setUpClass): 200 GET http://10.180.1.21/compute/v2.1/servers/3152c30d-43a9-4c5f-a140-4d3bd37ba55a 1.743s
2025-12-12 21:03:29.754 66087 INFO tempest.lib.common.rest_client [req-cf1888cd-23a8-4e77-8b62-0c75878c631d req-cf1888cd-23a8-4e77-8b62-0c75878c631d ] Request (SecurityGroupsTestJSON:test_server_security_groups): 200 POST http://10.180.1.21/compute/v2.1/os-security-groups 1.844s
2025-12-12 21:03:29.771 66053 INFO tempest.lib.common.rest_client [req-4e9421c0-e747-4f42-ab34-874a2cccf776 req-4e9421c0-e747-4f42-ab34-874a2cccf776 ] Request (InstanceActionsNegativeTestJSON:tearDownClass): 204 DELETE http://10.180.1.21/identity/v3/users/a66604070be64999a96f94850be4b97c 0.173s
2025-12-12 21:03:29.772 66053 INFO tempest.lib.common.dynamic_creds [-] Deleting project and security group for project: 24e69cbb79bb44688bdb0c3b03d5420f
2025-12-12 21:03:29.831 66053 INFO tempest.lib.common.rest_client [req-6039a77c-73ab-42b3-8345-55927a6568b8 req-6039a77c-73ab-42b3-8345-55927a6568b8 ] Request (InstanceActionsNegativeTestJSON:tearDownClass): 200 GET http://10.180.1.21/networking/v2.0/security-groups?tenant_id=24e69cbb79bb44688bdb0c3b03d5420f&name=default 0.059s
2025-12-12 21:03:29.892 66047 INFO tempest.lib.common.rest_client [req-bc43e202-e57e-45e3-839d-ed8a4ddbf3ef req-bc43e202-e57e-45e3-839d-ed8a4ddbf3ef ] Request (ServerDiagnosticsNegativeTest:test_get_server_diagnostics_by_non_admin): 200 GET http://10.180.1.21/compute/v2.1/servers/4623be46-2e87-416f-9ce3-0beacbac154d 1.937s
2025-12-12 21:03:29.900 66047 INFO tempest.common.waiters [-] State transition "BUILD/spawning" ==> "ACTIVE/None" after 43 second wait
2025-12-12 21:03:29.907 66083 INFO tempest.lib.common.rest_client [req-056ffe99-d441-49c5-afda-e4b7e5e28ffa req-056ffe99-d441-49c5-afda-e4b7e5e28ffa ] Request (DeleteServersAdminTestJSON:test_delete_server_while_in_error_state): 200 GET http://10.180.1.21/compute/v2.1/servers/ef0657f4-6b66-48f8-b307-e78fc0ce02e4 1.950s
2025-12-12 21:03:29.922 66067 WARNING tempest.lib.common.ssh [-] Failed to establish authenticated ssh connection to cirros@10.180.180.140 ([Errno None] Unable to connect to port 22 on 10.180.180.140). Number attempts: 7. Retry after 8 seconds.: paramiko.ssh_exception.NoValidConnectionsError: [Errno None] Unable to connect to port 22 on 10.180.180.140
2025-12-12 21:03:29.925 66091 INFO tempest.lib.common.rest_client [req-5f132ef8-4f69-45e7-80be-994bdf72a77b req-5f132ef8-4f69-45e7-80be-994bdf72a77b ] Request (ServerGroupTestJSON:test_create_delete_multiple_server_groups_with_same_name_policy): 204 DELETE http://10.180.1.21/compute/v2.1/os-server-groups/f52f0e68-67c4-4805-a80a-407db2592d39 1.944s
2025-12-12 21:03:29.988 66053 INFO tempest.lib.common.rest_client [req-0bd96888-3a63-4a50-a88e-893989306ca6 req-0bd96888-3a63-4a50-a88e-893989306ca6 ] Request (InstanceActionsNegativeTestJSON:tearDownClass): 204 DELETE http://10.180.1.21/networking/v2.0/security-groups/c6d3e8ff-d0b6-47a0-a2d0-4c9f9075e5fc 0.156s
2025-12-12 21:03:30.036 66049 INFO tempest.lib.common.rest_client [req-3e37ba3b-4607-4686-a5de-5116676e0c59 req-3e37ba3b-4607-4686-a5de-5116676e0c59 ] Request (ServersTestFqdnHostnames:test_create_server_with_fqdn_name): 200 GET http://10.180.1.21/compute/v2.1/servers/2ff6433a-865b-42e4-81c8-35c9d837543f 2.016s
2025-12-12 21:03:30.090 66075 INFO tempest.lib.common.rest_client [req-74ef1cc5-524c-4689-98a5-aa84ce49e22a req-74ef1cc5-524c-4689-98a5-aa84ce49e22a ] Request (TenantUsagesTestJSON:test_get_usage_tenant_with_non_admin_user): 200 GET http://10.180.1.21/compute/v2.1/os-simple-tenant-usage/c1a0c4108c744454823ba6de8f37db34?start=2025-12-11T21%3A03%3A26.784134&end=2025-12-13T21%3A03%3A26.784134 1.646s
2025-12-12 21:03:30.103 66033 INFO tempest.lib.common.rest_client [req-1f759c11-5e4e-4caf-95a7-a322086aa254 req-1f759c11-5e4e-4caf-95a7-a322086aa254 ] Request (KeyPairsV2TestJSON:test_get_keypair_detail): 200 GET http://10.180.1.21/compute/v2.1/os-keypairs/tempest-keypair-812405906 1.531s
2025-12-12 21:03:30.114 66053 INFO tempest.lib.common.rest_client [req-e943b04e-4a99-41e4-9835-165a11ee8b21 req-e943b04e-4a99-41e4-9835-165a11ee8b21 ] Request (InstanceActionsNegativeTestJSON:tearDownClass): 204 DELETE http://10.180.1.21/identity/v3/projects/24e69cbb79bb44688bdb0c3b03d5420f 0.126s
2025-12-12 21:03:30.115 66053 INFO tempest.test [-] raised in ServerPersonalityTestJSON.setUpClass. Invoking tearDownClass.
2025-12-12 21:03:30.131 66073 INFO tempest.lib.common.rest_client [req-6e987941-ae53-49ab-b79f-eb63d50ec0b4 req-6e987941-ae53-49ab-b79f-eb63d50ec0b4 ] Request (ServicesAdminNegativeTestJSON:test_get_service_with_valid_service_and_invalid_host): 200 GET http://10.180.1.21/compute/v2.1/os-services 1.440s
2025-12-12 21:03:30.151 66051 INFO tempest.lib.common.rest_client [req-07b92070-ed79-4bb6-b026-8ee248a5b856 req-07b92070-ed79-4bb6-b026-8ee248a5b856 ] Request (QuotasAdminNegativeTest:test_create_server_when_cpu_quota_is_full): 200 GET http://10.180.1.21/compute/v2.1/os-quota-sets/3babf37a24d54c23a293f4fa1a56907c 1.923s
2025-12-12 21:03:30.210 66053 INFO tempest.lib.common.rest_client [req-5a84a409-de20-467a-ac6e-5ceb6635b22c req-5a84a409-de20-467a-ac6e-5ceb6635b22c ] Request (ServerShowV247Test:setUpClass): 201 POST http://10.180.1.21/identity/v3/auth/tokens 0.092s
2025-12-12 21:03:30.251 66053 INFO tempest.lib.common.rest_client [req-8b17f4b3-90d6-4946-b155-88ece698d735 req-8b17f4b3-90d6-4946-b155-88ece698d735 ] Request (ServerShowV247Test:setUpClass): 201 POST http://10.180.1.21/identity/v3/auth/tokens 0.033s
2025-12-12 21:03:30.283 66053 INFO tempest.lib.common.rest_client [req-4c562c47-db4d-4eb9-920d-9634e8d6d4ec req-4c562c47-db4d-4eb9-920d-9634e8d6d4ec ] Request (ServerShowV247Test:setUpClass): 200 GET http://10.180.1.21/identity/v3/domains?name=Default 0.032s
2025-12-12 21:03:30.315 66053 INFO tempest.lib.common.rest_client [req-82dd45a7-0c34-4682-9404-955303b0aad5 req-82dd45a7-0c34-4682-9404-955303b0aad5 ] Request (ServerShowV247Test:setUpClass): 201 POST http://10.180.1.21/identity/v3/projects 0.032s
2025-12-12 21:03:30.322 66039 INFO tempest.lib.common.rest_client [req-b2c3dba1-3350-4100-9a80-7cf218c0f503 req-b2c3dba1-3350-4100-9a80-7cf218c0f503 ] Request (ServerDiskConfigTestJSON:test_rebuild_server_with_manual_disk_config): 200 GET http://10.180.1.21/compute/v2.1/servers/d76b97b9-f760-4f77-a19e-719184fe206b 1.265s
2025-12-12 21:03:30.334 66039 INFO tempest.common.waiters [-] State transition "BUILD/None" ==> "BUILD/block_device_mapping" after 37 second wait
2025-12-12 21:03:30.383 66053 INFO tempest.lib.common.rest_client [req-e890b50c-3982-465b-87bb-5e02dde8167e req-e890b50c-3982-465b-87bb-5e02dde8167e ] Request (ServerShowV247Test:setUpClass): 201 POST http://10.180.1.21/identity/v3/users 0.066s
2025-12-12 21:03:30.405 66053 INFO tempest.lib.common.rest_client [req-a14a17d9-632b-4306-b80f-14540ab4a2d4 req-a14a17d9-632b-4306-b80f-14540ab4a2d4 ] Request (ServerShowV247Test:setUpClass): 200 GET http://10.180.1.21/identity/v3/roles 0.022s
2025-12-12 21:03:30.435 66053 INFO tempest.lib.common.rest_client [req-5a26702c-ee97-4afd-920a-f5fd39b58811 req-5a26702c-ee97-4afd-920a-f5fd39b58811 ] Request (ServerShowV247Test:setUpClass): 204 PUT http://10.180.1.21/identity/v3/projects/9aa2bf1abf474e4abc080b18fa82040e/users/19680291a8a146539fb2224dee508069/roles/22d52857a4284787b3ac0561173e1020 0.029s
2025-12-12 21:03:30.435 66053 INFO tempest.lib.common.dynamic_creds [-] Dynamic test user 19680291a8a146539fb2224dee508069 is created with scope project and roles: ['member']
2025-12-12 21:03:30.435 66053 INFO tempest.lib.common.dynamic_creds [-] Acquired dynamic creds: credentials: Credentials: {'domain_id': 'default', 'domain_name': 'Default', 'username': 'tempest-ServerShowV247Test-723214521-project-member', 'project_domain_id': 'default', 'project_domain_name': 'Default', 'project_id': '9aa2bf1abf474e4abc080b18fa82040e', 'project_name': 'tempest-ServerShowV247Test-723214521', 'tenant_id': '9aa2bf1abf474e4abc080b18fa82040e', 'tenant_name': 'tempest-ServerShowV247Test-723214521', 'user_domain_id': 'default', 'user_domain_name': 'Default', 'user_id': '19680291a8a146539fb2224dee508069', 'system': None}, Network: None, Subnet: None, Router: None
2025-12-12 21:03:30.435 66053 INFO tempest.lib.common.dynamic_creds [-] Created isolated network resources for: credentials: Credentials: {'domain_id': 'default', 'domain_name': 'Default', 'username': 'tempest-ServerShowV247Test-723214521-project-member', 'project_domain_id': 'default', 'project_domain_name': 'Default', 'project_id': '9aa2bf1abf474e4abc080b18fa82040e', 'project_name': 'tempest-ServerShowV247Test-723214521', 'tenant_id': '9aa2bf1abf474e4abc080b18fa82040e', 'tenant_name': 'tempest-ServerShowV247Test-723214521', 'user_domain_id': 'default', 'user_domain_name': 'Default', 'user_id': '19680291a8a146539fb2224dee508069', 'system': None}, Network: None, Subnet: None, Router: None
2025-12-12 21:03:30.439 66035 INFO tempest.lib.common.rest_client [req-f9cb391c-5b4e-473c-8932-0f4c2fb76ef3 req-f9cb391c-5b4e-473c-8932-0f4c2fb76ef3 ] Request (MigrationsAdminTest:test_list_migrations_in_flavor_resize_situation): 200 GET http://10.180.1.21/compute/v2.1/servers/716a6a77-92ae-427f-8f6f-fe77d0c17d32 1.346s
2025-12-12 21:03:30.456 66081 INFO tempest.lib.common.rest_client [req-a8f9e8fc-6899-4227-bb4d-ccead393d4ac req-a8f9e8fc-6899-4227-bb4d-ccead393d4ac ] Request (ImagesNegativeTestJSON:test_create_image_from_deleted_server): 200 GET http://10.180.1.21/compute/v2.1/servers/308ab81b-eb37-4674-a098-2d475145a72a 1.617s
2025-12-12 21:03:30.495 66043 INFO tempest.lib.common.rest_client [req-3c9f8b2a-7e2e-468c-a118-c2cd747644a6 req-3c9f8b2a-7e2e-468c-a118-c2cd747644a6 ] Request (AttachInterfacesTestJSON:test_create_list_show_delete_interfaces_by_fixed_ip): 200 GET http://10.180.1.21/compute/v2.1/servers/72abea97-6d60-48ec-8524-31bd01232db7 1.377s
2025-12-12 21:03:30.520 66077 INFO tempest.lib.common.rest_client [req-3609bb87-b74a-4e8a-9384-8f72706df254 req-3609bb87-b74a-4e8a-9384-8f72706df254 ] Request (ImagesOneServerNegativeTestJSON:_run_cleanups): 200 GET http://10.180.1.21/compute/v2.1/servers/6d821119-e902-4a05-9840-69d3e50ed8f6 1.341s
2025-12-12 21:03:30.521 66053 INFO tempest.lib.common.rest_client [req-ad79102f-faff-4da8-8ce2-cd78930b9c9a req-ad79102f-faff-4da8-8ce2-cd78930b9c9a ] Request (ServerShowV247Test:setUpClass): 201 POST http://10.180.1.21/identity/v3/auth/tokens 0.082s
2025-12-12 21:03:30.550 66061 INFO tempest.lib.common.rest_client [req-69a820ca-442a-4582-89c1-db6d370d1a35 req-69a820ca-442a-4582-89c1-db6d370d1a35 ] Request (ServersAdminTestJSON:test_create_server_with_scheduling_hint): 200 GET http://10.180.1.21/compute/v2.1/servers/e39ff174-4117-4d18-8305-bac2c225995a 1.306s
2025-12-12 21:03:30.586 66053 INFO tempest.lib.common.rest_client [req-93c78f9c-9f75-4513-a93e-eb34471df9db req-93c78f9c-9f75-4513-a93e-eb34471df9db ] Request (ServerShowV247Test:setUpClass): 200 GET http://10.180.1.21/identity/v3/projects/9aa2bf1abf474e4abc080b18fa82040e 0.064s
2025-12-12 21:03:30.586 66053 INFO tempest.lib.common.dynamic_creds [-] Using the existing project 9aa2bf1abf474e4abc080b18fa82040e for scope project and roles: ['reader']
2025-12-12 21:03:30.592 66057 INFO tempest.lib.common.rest_client [req-b513a1c3-f306-4bef-ba10-d24ac91f8861 req-b513a1c3-f306-4bef-ba10-d24ac91f8861 ] Request (ServerActionsV293TestJSON:setUpClass): 200 GET http://10.180.1.21/compute/v2.1/servers/d9ae8b4e-c19a-4428-bc4f-e660fc097ddc 1.289s
2025-12-12 21:03:30.618 66053 INFO tempest.lib.common.rest_client [req-6b76cfe8-580c-4994-bd67-0a4fea4e64cb req-6b76cfe8-580c-4994-bd67-0a4fea4e64cb ] Request (ServerShowV247Test:setUpClass): 201 POST http://10.180.1.21/identity/v3/users 0.031s
2025-12-12 21:03:30.649 66053 INFO tempest.lib.common.rest_client [req-773e0969-b7b4-41f1-bf44-a180365a03ff req-773e0969-b7b4-41f1-bf44-a180365a03ff ] Request (ServerShowV247Test:setUpClass): 200 GET http://10.180.1.21/identity/v3/roles 0.028s
2025-12-12 21:03:30.682 66041 INFO tempest.lib.common.rest_client [req-1067b929-147e-4993-ba75-7a7ed2aa573f req-1067b929-147e-4993-ba75-7a7ed2aa573f ] Request (ImagesTestJSON:test_create_image_from_suspended_server): 200 GET http://10.180.1.21/compute/v2.1/servers/5e689782-5875-4af6-bed1-f5c7e086a393 1.296s
2025-12-12 21:03:30.684 66059 INFO tempest.lib.common.rest_client [req-519ce64e-700e-40d5-ba1b-ece1a203ed42 req-519ce64e-700e-40d5-ba1b-ece1a203ed42 ] Request (FloatingIPDetailsTestJSON:test_get_floating_ip_details): 200 GET http://10.180.1.21/compute/v2.1/os-floating-ips/69c32e0a-1f24-413f-9041-27971f9ec532 1.322s
2025-12-12 21:03:30.693 66041 INFO tempest.common.waiters [-] State transition "BUILD/scheduling" ==> "BUILD/None" after 4 second wait
2025-12-12 21:03:30.699 66053 INFO tempest.lib.common.rest_client [req-e03a7ad1-66ca-4f2f-9b11-c3d7627e9d08 req-e03a7ad1-66ca-4f2f-9b11-c3d7627e9d08 ] Request (ServerShowV247Test:setUpClass): 204 PUT http://10.180.1.21/identity/v3/projects/9aa2bf1abf474e4abc080b18fa82040e/users/36dcd310987644f3bb9a27148020697f/roles/b26b545c93ca4b0bb20b7ede2f16b9ff 0.049s
2025-12-12 21:03:30.699 66053 INFO tempest.lib.common.dynamic_creds [-] Dynamic test user 36dcd310987644f3bb9a27148020697f is created with scope project and roles: ['reader']
2025-12-12 21:03:30.699 66053 INFO tempest.lib.common.dynamic_creds [-] Acquired dynamic creds: credentials: Credentials: {'domain_id': 'default', 'domain_name': 'Default', 'username': 'tempest-ServerShowV247Test-723214521-project-reader', 'project_domain_id': 'default', 'project_domain_name': 'Default', 'project_id': '9aa2bf1abf474e4abc080b18fa82040e', 'project_name': 'tempest-ServerShowV247Test-723214521', 'tenant_id': '9aa2bf1abf474e4abc080b18fa82040e', 'tenant_name': 'tempest-ServerShowV247Test-723214521', 'user_domain_id': 'default', 'user_domain_name': 'Default', 'user_id': '36dcd310987644f3bb9a27148020697f', 'system': None}, Network: None, Subnet: None, Router: None
2025-12-12 21:03:30.699 66053 INFO tempest.lib.common.dynamic_creds [-] Network resources are not created for requested scope: project and credentials: Credentials: {'domain_id': 'default', 'domain_name': 'Default', 'username': 'tempest-ServerShowV247Test-723214521-project-reader', 'project_domain_id': 'default', 'project_domain_name': 'Default', 'project_id': '9aa2bf1abf474e4abc080b18fa82040e', 'project_name': 'tempest-ServerShowV247Test-723214521', 'tenant_id': '9aa2bf1abf474e4abc080b18fa82040e', 'tenant_name': 'tempest-ServerShowV247Test-723214521', 'user_domain_id': 'default', 'user_domain_name': 'Default', 'user_id': '36dcd310987644f3bb9a27148020697f', 'system': None}, Network: None, Subnet: None, Router: None
2025-12-12 21:03:30.756 66079 INFO tempest.lib.common.rest_client [req-e5f6a7c2-f249-444c-afc1-659896b4df22 req-e5f6a7c2-f249-444c-afc1-659896b4df22 ] Request (DeleteServersTestJSON:test_delete_server_while_in_attached_volume): 200 GET http://10.180.1.21/compute/v2.1/servers/4dfbd028-515c-4860-a21b-9d08c5e8d591 1.308s
2025-12-12 21:03:30.806 66053 INFO tempest.lib.common.rest_client [req-9cfad12f-f794-488e-b074-744448b62b45 req-9cfad12f-f794-488e-b074-744448b62b45 ] Request (ServerShowV247Test:setUpClass): 201 POST http://10.180.1.21/identity/v3/auth/tokens 0.103s
2025-12-12 21:03:30.880 66037 INFO tempest.lib.common.rest_client [req-f01c6f49-3910-4f8f-896b-88e7064f6599 req-f01c6f49-3910-4f8f-896b-88e7064f6599 ] Request (ServersAdminNegativeTestJSON:test_migrate_server_invalid_state): 200 GET http://10.180.1.21/compute/v2.1/servers/f7d2ff07-e1e1-47f7-ad24-e6b30dfb6098 1.205s
2025-12-12 21:03:30.888 66053 INFO tempest.lib.common.rest_client [req-149fcb40-83d8-4a02-8745-4af5fbbe481f req-149fcb40-83d8-4a02-8745-4af5fbbe481f ] Request (ServerShowV247Test:test_show_server): 201 POST http://10.180.1.21/identity/v3/auth/tokens 0.076s
2025-12-12 21:03:30.889 66053 INFO tempest.lib.common.fixed_network [-] (ServerShowV247Test:test_show_server) Found network None available for tenant
2025-12-12 21:03:30.910 66055 INFO tempest.lib.common.rest_client [req-2fa1d411-5c97-4504-bfc0-bab1bb540104 req-2fa1d411-5c97-4504-bfc0-bab1bb540104 ] Request (ImagesOneServerTestJSON:setUpClass): 200 GET http://10.180.1.21/compute/v2.1/servers/65bf20fc-a813-4e1c-be44-97414ab6a928 1.302s
2025-12-12 21:03:30.945 66047 INFO tempest.lib.common.rest_client [req-f4c97e2f-959a-43eb-9357-50009907f492 req-f4c97e2f-959a-43eb-9357-50009907f492 ] Request (ServerDiagnosticsNegativeTest:test_get_server_diagnostics_by_non_admin): 403 GET http://10.180.1.21/compute/v2.1/servers/4623be46-2e87-416f-9ce3-0beacbac154d/diagnostics 1.044s
2025-12-12 21:03:30.962 66091 INFO tempest.lib.common.rest_client [req-7cc9fc0a-1720-41d3-916b-a468538982d0 req-7cc9fc0a-1720-41d3-916b-a468538982d0 ] Request (ServerGroupTestJSON:test_create_delete_multiple_server_groups_with_same_name_policy): 200 GET http://10.180.1.21/compute/v2.1/os-server-groups 1.037s
2025-12-12 21:03:31.015 66075 INFO tempest.lib.common.rest_client [req-121dd596-a0d7-42fe-896e-2f50f00e57c1 req-121dd596-a0d7-42fe-896e-2f50f00e57c1 ] Request (TenantUsagesTestJSON:test_list_usage_all_tenants): 200 GET http://10.180.1.21/compute/v2.1/os-simple-tenant-usage?start=2025-12-11T21%3A03%3A26.784134&end=2025-12-13T21%3A03%3A26.784134&detailed=1 0.919s
2025-12-12 21:03:31.021 66087 INFO tempest.lib.common.rest_client [req-2c435e0a-e029-4cdf-aa2f-33b422e2c8b0 req-2c435e0a-e029-4cdf-aa2f-33b422e2c8b0 ] Request (SecurityGroupsTestJSON:test_server_security_groups): 200 POST http://10.180.1.21/compute/v2.1/os-security-groups 1.264s
2025-12-12 21:03:31.035 66033 INFO tempest.lib.common.rest_client [req-77246250-c981-4c28-a9d4-dfb1a3e9e275 req-77246250-c981-4c28-a9d4-dfb1a3e9e275 ] Request (KeyPairsV2TestJSON:_run_cleanups): 202 DELETE http://10.180.1.21/compute/v2.1/os-keypairs/tempest-keypair-812405906 0.928s
2025-12-12 21:03:31.045 66073 INFO tempest.lib.common.rest_client [req-0c0712e0-ff85-4035-89a6-4ef37262c440 req-0c0712e0-ff85-4035-89a6-4ef37262c440 ] Request (ServicesAdminNegativeTestJSON:test_get_service_with_valid_service_and_invalid_host): 200 GET http://10.180.1.21/compute/v2.1/os-services?host=xxx&binary=nova-scheduler 0.909s
2025-12-12 21:03:31.100 66087 INFO tempest.lib.common.rest_client [req-5b6861a2-7aa2-4514-907d-b6f9e55f4bff req-5b6861a2-7aa2-4514-907d-b6f9e55f4bff ] Request (SecurityGroupsTestJSON:test_server_security_groups): 201 POST http://10.180.1.21/identity/v3/auth/tokens 0.073s
2025-12-12 21:03:31.100 66087 INFO tempest.lib.common.fixed_network [-] (SecurityGroupsTestJSON:test_server_security_groups) Found network {'id': 'b1bb518d-4d38-4659-abeb-77192165cad9', 'name': 'tempest-SecurityGroupsTestJSON-1343711889-network', 'tenant_id': 'b2a4ae1b9e8d419aad334dbfb3215312', 'project_id': 'b2a4ae1b9e8d419aad334dbfb3215312', 'admin_state_up': True, 'mtu': 8950, 'status': 'ACTIVE', 'subnets': [], 'shared': False, 'port_security_enabled': True, 'router:external': False, 'provider:network_type': 'vlan', 'provider:physical_network': 'default', 'provider:segmentation_id': 928, 'availability_zone_hints': [], 'availability_zones': [], 'ipv4_address_scope': None, 'ipv6_address_scope': None, 'description': '', 'tags': [], 'created_at': '2025-12-12T21:01:47Z', 'updated_at': '2025-12-12T21:01:47Z', 'revision_number': 1} available for tenant
2025-12-12 21:03:31.147 66093 INFO tempest.lib.common.rest_client [req-24788177-e371-4a1c-9aa8-274a553677ee req-24788177-e371-4a1c-9aa8-274a553677ee ] Request (FloatingIPsAssociationTestJSON:setUpClass): 200 GET http://10.180.1.21/compute/v2.1/servers/198e8167-638d-43fe-869a-90bb3b185497 0.842s
2025-12-12 21:03:31.187 66051 INFO tempest.lib.common.rest_client [req-c4384b82-825d-48ab-bd2f-7a6bae0ac572 req-c4384b82-825d-48ab-bd2f-7a6bae0ac572 ] Request (QuotasAdminNegativeTest:test_create_server_when_cpu_quota_is_full): 200 PUT http://10.180.1.21/compute/v2.1/os-quota-sets/3babf37a24d54c23a293f4fa1a56907c 1.032s
2025-12-12 21:03:31.210 66065 INFO tempest.lib.common.rest_client [req-d4800cd4-ec85-42e3-bdea-372e1b4be941 req-d4800cd4-ec85-42e3-bdea-372e1b4be941 ] Request (ServerRescueTestJSONUnderV235:setUpClass): 200 GET http://10.180.1.21/compute/v2.1/servers/3152c30d-43a9-4c5f-a140-4d3bd37ba55a 0.578s
2025-12-12 21:03:31.250 66051 INFO tempest.lib.common.rest_client [req-aac30205-1cb7-4240-ae44-e5a093237acb req-aac30205-1cb7-4240-ae44-e5a093237acb ] Request (QuotasAdminNegativeTest:test_create_server_when_cpu_quota_is_full): 201 POST http://10.180.1.21/identity/v3/auth/tokens 0.056s
2025-12-12 21:03:31.250 66051 INFO tempest.lib.common.fixed_network [-] (QuotasAdminNegativeTest:test_create_server_when_cpu_quota_is_full) Found network None available for tenant
2025-12-12 21:03:31.364 66053 INFO tempest.lib.common.rest_client [req-68d68b96-d8f6-458d-baa1-400aa8e9322e req-68d68b96-d8f6-458d-baa1-400aa8e9322e ] Request (ServerShowV247Test:test_show_server): 202 POST http://10.180.1.21/compute/v2.1/servers 0.474s
2025-12-12 21:03:31.441 66083 INFO tempest.lib.common.rest_client [req-11852101-6ee5-4b9c-8bf8-cb0cbd490cd6 req-11852101-6ee5-4b9c-8bf8-cb0cbd490cd6 ] Request (DeleteServersAdminTestJSON:test_delete_server_while_in_error_state): 200 GET http://10.180.1.21/compute/v2.1/servers/ef0657f4-6b66-48f8-b307-e78fc0ce02e4 0.524s
2025-12-12 21:03:31.520 66047 INFO tempest.lib.common.rest_client [req-be47b17a-de93-44b4-bb40-5e87ca209fb9 req-be47b17a-de93-44b4-bb40-5e87ca209fb9 ] Request (ServerDiagnosticsNegativeTest:tearDownClass): 204 DELETE http://10.180.1.21/compute/v2.1/servers/4623be46-2e87-416f-9ce3-0beacbac154d 0.573s
2025-12-12 21:03:31.564 66091 INFO tempest.lib.common.rest_client [req-7284c6d5-bdcd-4652-b0bb-7bad428229f6 req-7284c6d5-bdcd-4652-b0bb-7bad428229f6 ] Request (ServerGroupTestJSON:test_create_delete_multiple_server_groups_with_same_name_policy): 204 DELETE http://10.180.1.21/compute/v2.1/os-server-groups/c580fca0-cf54-4d96-b298-0c5f8d887a5f 0.600s
2025-12-12 21:03:31.631 66059 INFO tempest.lib.common.rest_client [req-c0a0e625-018b-4475-b7a2-e0ba06e99165 req-c0a0e625-018b-4475-b7a2-e0ba06e99165 ] Request (FloatingIPDetailsTestJSON:_run_cleanups): 202 DELETE http://10.180.1.21/compute/v2.1/os-floating-ips/69c32e0a-1f24-413f-9041-27971f9ec532 0.943s
2025-12-12 21:03:31.643 66075 INFO tempest.lib.common.rest_client [req-1bfd1265-b919-48aa-88dd-27d9510919f4 req-1bfd1265-b919-48aa-88dd-27d9510919f4 ] Request (TenantUsagesTestJSON:tearDownClass): 204 DELETE http://10.180.1.21/compute/v2.1/servers/13453839-56de-4849-bb67-e4f90135ccb7 0.616s
2025-12-12 21:03:31.670 66033 INFO tempest.lib.common.rest_client [req-ee3e4abc-6770-484f-bf9b-7c988bd97665 req-ee3e4abc-6770-484f-bf9b-7c988bd97665 ] Request (KeyPairsV2TestJSON:test_keypair_create_delete): 200 POST http://10.180.1.21/compute/v2.1/os-keypairs 0.633s
