2025-12-12 21:05:45.011 66091 INFO tempest.lib.common.rest_client [req-88e398cf-2f53-4eb9-bd62-28ad50f837e3 req-88e398cf-2f53-4eb9-bd62-28ad50f837e3 ] Request (ServerGroupTestJSON:tearDownClass): 404 DELETE http://10.180.1.21/compute/v2.1/servers/ddd8ae50-1bfa-4d9b-aac4-ba8fe3960aa4 0.394s
2025-12-12 21:05:45.071 66063 INFO tempest.lib.common.rest_client [req-f570af13-eb7e-43e8-9ac1-8be5984f158a req-f570af13-eb7e-43e8-9ac1-8be5984f158a ] Request (ServersAaction247Test:tearDownClass): 200 GET http://10.180.1.21/compute/v2.1/servers/e450d688-5fe0-4af5-845c-dfd5e09fffdf 0.365s
2025-12-12 21:05:45.165 66061 INFO tempest.lib.common.rest_client [req-d23d628b-6458-4a96-b9f2-01937cb22cdd req-d23d628b-6458-4a96-b9f2-01937cb22cdd ] Request (ServersAdminTestJSON:_run_cleanups): 200 GET http://10.180.1.21/compute/v2.1/servers/5735000c-b8fc-450e-ae98-53deec9b44d2 0.547s
2025-12-12 21:05:45.231 66035 INFO tempest.lib.common.rest_client [req-e8981fcf-ff1c-407a-82e4-5f71829aa8a8 req-e8981fcf-ff1c-407a-82e4-5f71829aa8a8 ] Request (MigrationsAdminTest:test_resize_server_revert_deleted_flavor): 200 GET http://10.180.1.21/compute/v2.1/servers/723c31d3-c043-4413-9de6-ce4b975c2731 0.515s
2025-12-12 21:05:45.245 66083 INFO tempest.lib.common.rest_client [req-0962d7dd-cabc-49d0-b235-09816673cb89 req-0962d7dd-cabc-49d0-b235-09816673cb89 ] Request (FloatingIPsAssociationNegativeTestJSON:tearDownClass): 200 GET http://10.180.1.21/compute/v2.1/servers/2ffd35db-ae96-4360-9411-a62c0bcacbad 0.463s
2025-12-12 21:05:45.345 66067 INFO tempest.lib.common.rest_client [req-1be31828-413d-43a9-899b-2f9d07aae486 req-1be31828-413d-43a9-899b-2f9d07aae486 ] Request (ServerActionsTestOtherA:setUpClass): 200 GET http://10.180.1.21/compute/v2.1/servers/641fba8f-782e-45f7-ac76-e07dd3fa75f2 0.518s
2025-12-12 21:05:45.366 66091 INFO tempest.lib.common.rest_client [req-975d385f-2995-4ffd-9201-99b3dbdccfd9 req-975d385f-2995-4ffd-9201-99b3dbdccfd9 ] Request (ServerGroupTestJSON:tearDownClass): 404 GET http://10.180.1.21/compute/v2.1/servers/ddd8ae50-1bfa-4d9b-aac4-ba8fe3960aa4 0.354s
2025-12-12 21:05:45.490 66093 INFO tempest.lib.common.rest_client [req-6e67a920-f117-458f-8ee6-dc7ce697b0ee req-6e67a920-f117-458f-8ee6-dc7ce697b0ee ] Request (FloatingIPsAssociationTestJSON:tearDownClass): 200 GET http://10.180.1.21/compute/v2.1/servers/198e8167-638d-43fe-869a-90bb3b185497 0.409s
2025-12-12 21:05:45.606 66065 INFO tempest.lib.common.rest_client [req-b145a8f9-2caa-4f3b-bd0d-0dfc99c44cfb req-b145a8f9-2caa-4f3b-bd0d-0dfc99c44cfb ] Request (ServerShowV257Test:test_rebuild_server): 200 GET http://10.180.1.21/compute/v2.1/servers/ebb1d2c8-175a-41ec-abea-d425622e060c 0.469s
2025-12-12 21:05:45.623 66091 INFO tempest.lib.common.rest_client [req-bffe3cd6-d6d9-4379-b6f9-8e38ea4b1e8d req-bffe3cd6-d6d9-4379-b6f9-8e38ea4b1e8d ] Request (ServerGroupTestJSON:tearDownClass): 404 DELETE http://10.180.1.21/compute/v2.1/os-server-groups/e2ddfcf6-aabd-4e62-8b48-e4038dd09ec0 0.257s
2025-12-12 21:05:45.760 66031 INFO tempest.lib.common.rest_client [req-55f55dec-ccea-45d7-85d0-db4d8343a303 req-55f55dec-ccea-45d7-85d0-db4d8343a303 ] Request (VolumesAssistedSnapshotsTest:tearDownClass): 200 GET http://10.180.1.21/compute/v2.1/servers/ad10c43d-66b7-4621-b7cc-f8f87c5b24e6 0.329s
2025-12-12 21:05:45.823 66085 INFO tempest.lib.common.rest_client [req-93b1b738-8830-4d36-92b1-5a555a8e81e2 req-93b1b738-8830-4d36-92b1-5a555a8e81e2 ] Request (ServerActionsTestOtherB:setUpClass): 202 POST http://10.180.1.21/compute/v2.1/servers 0.920s
2025-12-12 21:05:45.840 66043 INFO tempest.lib.common.rest_client [req-6f747ec8-7742-4ee1-bca9-f63f64581498 req-6f747ec8-7742-4ee1-bca9-f63f64581498 ] Request (AttachInterfacesTestJSON:_run_cleanups): 200 GET http://10.180.1.21/compute/v2.1/servers/72abea97-6d60-48ec-8524-31bd01232db7 0.402s
2025-12-12 21:05:45.965 66051 INFO tempest.lib.common.rest_client [req-e8d0a1ec-fb34-447c-a6a6-2b62b32552c3 req-e8d0a1ec-fb34-447c-a6a6-2b62b32552c3 ] Request (ServerTagsTestJSON:tearDownClass): 200 GET http://10.180.1.21/compute/v2.1/servers/fda88615-7cc8-4a7e-b176-9f084114a23e 0.450s
2025-12-12 21:05:45.988 66041 INFO tempest.lib.common.rest_client [req-fc291f1b-eeac-427d-ac82-bb230814e4a0 req-fc291f1b-eeac-427d-ac82-bb230814e4a0 ] Request (ImagesTestJSON:test_create_server_from_snapshot): 200 GET http://10.180.1.21/compute/v2.1/servers/4e48175a-f76c-4e7e-b3c6-4c0ccb3930c5 0.499s
2025-12-12 21:05:45.996 66041 INFO tempest.common.waiters [-] State transition "BUILD/None" ==> "BUILD/networking" after 70 second wait
2025-12-12 21:05:46.053 66053 INFO tempest.lib.common.rest_client [req-3da206f8-5c25-46a4-8c8f-ce9d685c4a43 req-3da206f8-5c25-46a4-8c8f-ce9d685c4a43 ] Request (ServerShowV247Test:tearDownClass): 200 GET http://10.180.1.21/compute/v2.1/servers/47f08470-78ac-455e-80d5-12beca45f6c1 0.482s
2025-12-12 21:05:46.064 66091 INFO tempest.lib.common.rest_client [req-5c000cb7-69f9-4266-8091-aca57bfa996e req-5c000cb7-69f9-4266-8091-aca57bfa996e ] Request (ServerGroupTestJSON:tearDownClass): 404 DELETE http://10.180.1.21/compute/v2.1/os-server-groups/9d42e77d-191d-48ef-a1f0-6c620d509508 0.440s
2025-12-12 21:05:46.155 66045 INFO tempest.lib.common.rest_client [req-9d63811b-55f1-455b-a886-0c29cd193d23 req-9d63811b-55f1-455b-a886-0c29cd193d23 ] Request (ServerRescueTestJSON:setUpClass): 200 GET http://10.180.1.21/compute/v2.1/servers/938db235-16a4-4166-8125-6af185b758ae 0.555s
2025-12-12 21:05:46.172 66037 INFO tempest.lib.common.rest_client [req-07cb2114-bfd9-4ffb-b152-c7895d59ba63 req-07cb2114-bfd9-4ffb-b152-c7895d59ba63 ] Request (ServersAdminNegativeTestJSON:tearDownClass): 200 GET http://10.180.1.21/compute/v2.1/servers/2cd45324-9f6b-4de6-9355-cac81753a29b 0.478s
2025-12-12 21:05:46.297 66047 WARNING tempest.lib.common.ssh [-] Failed to establish authenticated ssh connection to cirros@10.180.180.212 ([Errno None] Unable to connect to port 22 on 10.180.180.212). Number attempts: 4. Retry after 5 seconds.: paramiko.ssh_exception.NoValidConnectionsError: [Errno None] Unable to connect to port 22 on 10.180.180.212
2025-12-12 21:05:46.415 66069 WARNING tempest.lib.common.ssh [-] Failed to establish authenticated ssh connection to cirros@10.180.180.236 ([Errno None] Unable to connect to port 22 on 10.180.180.236). Number attempts: 5. Retry after 6 seconds.: paramiko.ssh_exception.NoValidConnectionsError: [Errno None] Unable to connect to port 22 on 10.180.180.236
2025-12-12 21:05:46.625 66085 INFO tempest.lib.common.rest_client [req-9f1d5775-8831-46cd-8080-1951d8c4050a req-9f1d5775-8831-46cd-8080-1951d8c4050a ] Request (ServerActionsTestOtherB:setUpClass): 200 GET http://10.180.1.21/compute/v2.1/servers/373f1e07-a136-4902-affd-1fa95a1f5d59 0.801s
2025-12-12 21:05:46.658 66057 INFO tempest.lib.common.rest_client [req-4ed8f6c6-f0ab-486f-84c8-df703e169afe req-4ed8f6c6-f0ab-486f-84c8-df703e169afe ] Request (ServerActionsV293TestJSON:tearDownClass): 200 GET http://10.180.1.21/compute/v2.1/servers/d9ae8b4e-c19a-4428-bc4f-e660fc097ddc 0.854s
2025-12-12 21:05:46.769 66079 INFO tempest.lib.common.rest_client [req-d81f9a04-3252-429d-98d5-8ef90a063a59 req-d81f9a04-3252-429d-98d5-8ef90a063a59 ] Request (DeleteServersTestJSON:test_delete_server_while_in_shelved_state): 200 GET http://10.180.1.21/compute/v2.1/servers/d17d93c8-02ee-4e69-a110-33c467abbdd9 0.890s
2025-12-12 21:05:46.796 66039 INFO tempest.lib.common.rest_client [req-ea711f6d-5643-4256-abab-0ccd419d20d2 req-ea711f6d-5643-4256-abab-0ccd419d20d2 ] Request (ServerDiskConfigTestJSON:test_resize_server_from_auto_to_manual): 200 GET http://10.180.1.21/compute/v2.1/servers/1bd3add4-ba3e-4f0e-baa6-a0ae152cc076 0.946s
2025-12-12 21:05:46.849 66077 INFO tempest.lib.common.rest_client [req-3c4554d9-9c74-4d98-b416-2e742a64a5c1 req-3c4554d9-9c74-4d98-b416-2e742a64a5c1 ] Request (ImagesOneServerNegativeTestJSON:_run_cleanups): 200 GET http://10.180.1.21/compute/v2.1/servers/5745015d-9314-4dfc-a508-29b912f5e320 0.926s
2025-12-12 21:05:46.863 66055 INFO tempest.lib.common.rest_client [req-d4a92987-ac7a-48e8-8fa3-bffd61e7286c req-d4a92987-ac7a-48e8-8fa3-bffd61e7286c ] Request (AttachInterfacesV270Test:test_create_get_list_interfaces): 200 GET http://10.180.1.21/compute/v2.1/servers/f69e714e-239c-405f-96cc-5dc90fc4810b 0.915s
2025-12-12 21:05:46.922 66087 INFO tempest.lib.common.rest_client [req-99afc378-5af8-454e-ad44-8c12b696fb3b req-99afc378-5af8-454e-ad44-8c12b696fb3b ] Request (SecurityGroupsTestJSON:tearDownClass): 200 GET http://10.180.1.21/compute/v2.1/servers/9eb1497c-62a4-4a4a-b913-613ec6eb5dab 0.923s
2025-12-12 21:05:46.930 66091 INFO tempest.lib.common.rest_client [req-cdd076fd-1b21-41b2-b7aa-4c44e7b28ffc req-cdd076fd-1b21-41b2-b7aa-4c44e7b28ffc ] Request (ServerGroupTestJSON:tearDownClass): 404 DELETE http://10.180.1.21/compute/v2.1/os-server-groups/c580fca0-cf54-4d96-b298-0c5f8d887a5f 0.865s
2025-12-12 21:05:46.934 66075 INFO tempest.lib.common.rest_client [req-c4ddc7f5-5d97-4e27-b4c1-d7172d629d71 req-c4ddc7f5-5d97-4e27-b4c1-d7172d629d71 ] Request (ServersNegativeTestMultiTenantJSON:tearDownClass): 200 GET http://10.180.1.21/compute/v2.1/servers/ef7457ca-13c5-4d45-86f7-e110de47bd86 0.921s
2025-12-12 21:05:46.988 66063 INFO tempest.lib.common.rest_client [req-5ef46948-e2f1-4300-a37d-24727f881b53 req-5ef46948-e2f1-4300-a37d-24727f881b53 ] Request (ServersAaction247Test:tearDownClass): 200 GET http://10.180.1.21/compute/v2.1/servers/e450d688-5fe0-4af5-845c-dfd5e09fffdf 0.902s
2025-12-12 21:05:47.105 66061 INFO tempest.lib.common.rest_client [req-08aee524-107d-48ed-94df-bcd5614672bb req-08aee524-107d-48ed-94df-bcd5614672bb ] Request (ServersAdminTestJSON:_run_cleanups): 200 GET http://10.180.1.21/compute/v2.1/servers/5735000c-b8fc-450e-ae98-53deec9b44d2 0.927s
2025-12-12 21:05:47.115 66061 INFO tempest.common.waiters [-] State transition "REBUILD/rebuild_spawning" ==> "ACTIVE/None" after 11 second wait
2025-12-12 21:05:47.145 66035 INFO tempest.lib.common.rest_client [req-55d0bed4-d7ad-42c6-96b6-0a3d580d6df7 req-55d0bed4-d7ad-42c6-96b6-0a3d580d6df7 ] Request (MigrationsAdminTest:test_resize_server_revert_deleted_flavor): 200 GET http://10.180.1.21/compute/v2.1/servers/723c31d3-c043-4413-9de6-ce4b975c2731 0.906s
2025-12-12 21:05:47.193 66083 INFO tempest.lib.common.rest_client [req-328c3899-a1e3-4368-9bde-7ed33eb1217f req-328c3899-a1e3-4368-9bde-7ed33eb1217f ] Request (FloatingIPsAssociationNegativeTestJSON:tearDownClass): 200 GET http://10.180.1.21/compute/v2.1/servers/2ffd35db-ae96-4360-9411-a62c0bcacbad 0.940s
2025-12-12 21:05:47.322 66093 INFO tempest.lib.common.rest_client [req-829989ce-3f57-4c27-9b23-ba319463b1d0 req-829989ce-3f57-4c27-9b23-ba319463b1d0 ] Request (FloatingIPsAssociationTestJSON:tearDownClass): 200 GET http://10.180.1.21/compute/v2.1/servers/198e8167-638d-43fe-869a-90bb3b185497 0.817s
2025-12-12 21:05:47.349 66067 INFO tempest.lib.common.rest_client [req-a5ecee7a-711c-4e5f-abe6-cd44a5e6362d req-a5ecee7a-711c-4e5f-abe6-cd44a5e6362d ] Request (ServerActionsTestOtherA:setUpClass): 200 GET http://10.180.1.21/compute/v2.1/servers/641fba8f-782e-45f7-ac76-e07dd3fa75f2 0.995s
2025-12-12 21:05:47.397 66065 INFO tempest.lib.common.rest_client [req-b611cb90-3ab6-430c-8543-72b7289ba988 req-b611cb90-3ab6-430c-8543-72b7289ba988 ] Request (ServerShowV257Test:test_rebuild_server): 200 GET http://10.180.1.21/compute/v2.1/servers/ebb1d2c8-175a-41ec-abea-d425622e060c 0.777s
2025-12-12 21:05:47.416 66031 INFO tempest.lib.common.rest_client [req-66cf2702-6957-4c13-a34c-f9cbdb59dab1 req-66cf2702-6957-4c13-a34c-f9cbdb59dab1 ] Request (VolumesAssistedSnapshotsTest:tearDownClass): 200 GET http://10.180.1.21/compute/v2.1/servers/ad10c43d-66b7-4621-b7cc-f8f87c5b24e6 0.647s
2025-12-12 21:05:47.423 66091 INFO tempest.lib.common.rest_client [req-81614948-e584-4059-93e9-c33052de1cd9 req-81614948-e584-4059-93e9-c33052de1cd9 ] Request (ServerGroupTestJSON:tearDownClass): 404 DELETE http://10.180.1.21/compute/v2.1/os-server-groups/f52f0e68-67c4-4805-a80a-407db2592d39 0.492s
2025-12-12 21:05:47.462 66043 INFO tempest.lib.common.rest_client [req-6ea804a7-c53c-4799-a6b2-25aa744f82ee req-6ea804a7-c53c-4799-a6b2-25aa744f82ee ] Request (AttachInterfacesTestJSON:_run_cleanups): 200 GET http://10.180.1.21/compute/v2.1/servers/72abea97-6d60-48ec-8524-31bd01232db7 0.608s
2025-12-12 21:05:47.485 66051 INFO tempest.lib.common.rest_client [req-587fcc4e-e449-4428-aa50-c986c519255f req-587fcc4e-e449-4428-aa50-c986c519255f ] Request (ServerTagsTestJSON:tearDownClass): 200 GET http://10.180.1.21/compute/v2.1/servers/fda88615-7cc8-4a7e-b176-9f084114a23e 0.508s
2025-12-12 21:05:47.541 66053 INFO tempest.lib.common.rest_client [req-ca347c8a-1482-45bd-a8a1-2bac0c0259ab req-ca347c8a-1482-45bd-a8a1-2bac0c0259ab ] Request (ServerShowV247Test:tearDownClass): 200 GET http://10.180.1.21/compute/v2.1/servers/47f08470-78ac-455e-80d5-12beca45f6c1 0.479s
2025-12-12 21:05:47.596 66041 INFO tempest.lib.common.rest_client [req-c4236378-026c-4aff-aef5-0741aa5478e3 req-c4236378-026c-4aff-aef5-0741aa5478e3 ] Request (ImagesTestJSON:test_create_server_from_snapshot): 200 GET http://10.180.1.21/compute/v2.1/servers/4e48175a-f76c-4e7e-b3c6-4c0ccb3930c5 0.599s
2025-12-12 21:05:47.600 66061 INFO tempest.lib.common.rest_client [req-0e49fd20-2a3e-4913-99e6-61a968fdc9ca req-0e49fd20-2a3e-4913-99e6-61a968fdc9ca ] Request (ServersAdminTestJSON:test_reset_state_server): 202 POST http://10.180.1.21/compute/v2.1/servers/5735000c-b8fc-450e-ae98-53deec9b44d2/action 0.483s
2025-12-12 21:05:47.604 66041 INFO tempest.common.waiters [-] State transition "BUILD/networking" ==> "BUILD/spawning" after 72 second wait
2025-12-12 21:05:47.666 66037 INFO tempest.lib.common.rest_client [req-cf5db9a8-c9dc-4541-9cad-31206c1602b7 req-cf5db9a8-c9dc-4541-9cad-31206c1602b7 ] Request (ServersAdminNegativeTestJSON:tearDownClass): 200 GET http://10.180.1.21/compute/v2.1/servers/2cd45324-9f6b-4de6-9355-cac81753a29b 0.480s
2025-12-12 21:05:47.713 66045 INFO tempest.lib.common.rest_client [req-03edc9f0-e8cb-4b7d-87e3-1e1a87018dd2 req-03edc9f0-e8cb-4b7d-87e3-1e1a87018dd2 ] Request (ServerRescueTestJSON:setUpClass): 200 GET http://10.180.1.21/compute/v2.1/servers/938db235-16a4-4166-8125-6af185b758ae 0.548s
2025-12-12 21:05:47.714 66091 INFO tempest.lib.common.rest_client [req-59edb8c1-1da0-4021-bb35-097e13f8e9e9 req-59edb8c1-1da0-4021-bb35-097e13f8e9e9 ] Request (ServerGroupTestJSON:tearDownClass): 204 DELETE http://10.180.1.21/compute/v2.1/os-server-groups/5e2b6c5e-61dd-4fcb-a3a8-ed095d2b2df8 0.290s
2025-12-12 21:05:47.768 66085 INFO tempest.lib.common.rest_client [req-bb34618d-8dc7-4976-88ce-235d521e010e req-bb34618d-8dc7-4976-88ce-235d521e010e ] Request (ServerActionsTestOtherB:setUpClass): 200 GET http://10.180.1.21/compute/v2.1/servers/373f1e07-a136-4902-affd-1fa95a1f5d59 0.129s
2025-12-12 21:05:47.777 66085 INFO tempest.common.waiters [-] State transition "BUILD/scheduling" ==> "BUILD/None" after 1 second wait
2025-12-12 21:05:47.795 66057 INFO tempest.lib.common.rest_client [req-7f34ee89-2b14-4871-b260-7199795d1a4c req-7f34ee89-2b14-4871-b260-7199795d1a4c ] Request (ServerActionsV293TestJSON:tearDownClass): 404 GET http://10.180.1.21/compute/v2.1/servers/d9ae8b4e-c19a-4428-bc4f-e660fc097ddc 0.125s
2025-12-12 21:05:47.879 66061 INFO tempest.lib.common.rest_client [req-18c01d37-50e3-4087-9949-8e96324fb955 req-18c01d37-50e3-4087-9949-8e96324fb955 ] Request (ServersAdminTestJSON:test_reset_state_server): 200 GET http://10.180.1.21/compute/v2.1/servers/5735000c-b8fc-450e-ae98-53deec9b44d2 0.279s
2025-12-12 21:05:47.896 66079 INFO tempest.lib.common.rest_client [req-16b99ebb-bd43-44e3-89d7-97fe6eb82e72 req-16b99ebb-bd43-44e3-89d7-97fe6eb82e72 ] Request (DeleteServersTestJSON:test_delete_server_while_in_shelved_state): 200 GET http://10.180.1.21/compute/v2.1/servers/d17d93c8-02ee-4e69-a110-33c467abbdd9 0.116s
2025-12-12 21:05:47.904 66057 INFO tempest.lib.common.rest_client [req-24286402-2728-4a32-8968-dd72a72db6ab req-24286402-2728-4a32-8968-dd72a72db6ab ] Request (ServerActionsV293TestJSON:tearDownClass): 204 DELETE http://10.180.1.21/compute/v2.1/os-keypairs/tempest-keypair-1056421885 0.109s
2025-12-12 21:05:48.006 66057 INFO tempest.lib.common.rest_client [req-18bbeddc-1d8a-4ba3-b343-bebce8a74634 req-18bbeddc-1d8a-4ba3-b343-bebce8a74634 ] Request (ServerActionsV293TestJSON:tearDownClass): 204 DELETE http://10.180.1.21/networking/v2.0/security-groups/c1eb2de6-d66a-4bca-8278-8e185e57c1a9 0.101s
2025-12-12 21:05:48.091 66077 INFO tempest.lib.common.rest_client [req-3acd2d82-b8b9-4efe-bd8d-82cedd2f565c req-3acd2d82-b8b9-4efe-bd8d-82cedd2f565c ] Request (ImagesOneServerNegativeTestJSON:_run_cleanups): 200 GET http://10.180.1.21/compute/v2.1/servers/5745015d-9314-4dfc-a508-29b912f5e320 0.233s
2025-12-12 21:05:48.092 66057 INFO tempest.lib.common.rest_client [req-20ab1944-96f0-492b-abae-5dc6a42a358e req-20ab1944-96f0-492b-abae-5dc6a42a358e ] Request (ServerActionsV293TestJSON:tearDownClass): 404 GET http://10.180.1.21/networking/v2.0/security-groups/c1eb2de6-d66a-4bca-8278-8e185e57c1a9 0.085s
2025-12-12 21:05:48.125 66039 INFO tempest.lib.common.rest_client [req-8168466c-d69a-41f1-92db-f0d8e68a4942 req-8168466c-d69a-41f1-92db-f0d8e68a4942 ] Request (ServerDiskConfigTestJSON:test_resize_server_from_auto_to_manual): 200 GET http://10.180.1.21/compute/v2.1/servers/1bd3add4-ba3e-4f0e-baa6-a0ae152cc076 0.321s
2025-12-12 21:05:48.185 66061 INFO tempest.lib.common.rest_client [req-3ea1c286-bb0d-43cd-944a-ab650bc24540 req-3ea1c286-bb0d-43cd-944a-ab650bc24540 ] Request (ServersAdminTestJSON:test_reset_state_server): 202 POST http://10.180.1.21/compute/v2.1/servers/5735000c-b8fc-450e-ae98-53deec9b44d2/action 0.296s
2025-12-12 21:05:48.304 66057 INFO tempest.lib.common.rest_client [req-961ce1e4-c8aa-4007-9299-470e46cbd982 req-961ce1e4-c8aa-4007-9299-470e46cbd982 ] Request (ServerActionsV293TestJSON:tearDownClass): 204 DELETE http://10.180.1.21/networking/v2.0/floatingips/e65c5863-0479-4673-8c3e-3611d960fa0b 0.212s
2025-12-12 21:05:48.333 66055 INFO tempest.lib.common.rest_client [req-78ebdb97-1977-4010-a64b-bab139baa466 req-78ebdb97-1977-4010-a64b-bab139baa466 ] Request (AttachInterfacesV270Test:test_create_get_list_interfaces): 200 GET http://10.180.1.21/compute/v2.1/servers/f69e714e-239c-405f-96cc-5dc90fc4810b 0.460s
2025-12-12 21:05:48.349 66087 INFO tempest.lib.common.rest_client [req-9b125135-ee8d-4024-9915-f6325643f19d req-9b125135-ee8d-4024-9915-f6325643f19d ] Request (SecurityGroupsTestJSON:tearDownClass): 200 GET http://10.180.1.21/compute/v2.1/servers/9eb1497c-62a4-4a4a-b913-613ec6eb5dab 0.419s
2025-12-12 21:05:48.455 66091 INFO tempest.lib.common.rest_client [req-43a01fd3-2eca-4151-98bd-773b4baaaa2f req-43a01fd3-2eca-4151-98bd-773b4baaaa2f ] Request (ServerGroupTestJSON:tearDownClass): 200 PUT http://10.180.1.21/networking/v2.0/routers/a442cd77-df0c-401c-a3e0-ed736634eac5/remove_router_interface 0.740s
2025-12-12 21:05:48.490 66075 INFO tempest.lib.common.rest_client [req-d3b183dc-b46c-4198-a188-a45a0e03cd27 req-d3b183dc-b46c-4198-a188-a45a0e03cd27 ] Request (ServersNegativeTestMultiTenantJSON:tearDownClass): 200 GET http://10.180.1.21/compute/v2.1/servers/ef7457ca-13c5-4d45-86f7-e110de47bd86 0.547s
2025-12-12 21:05:48.543 66063 INFO tempest.lib.common.rest_client [req-3d959f15-e36d-41bc-8624-9d3d8c8bf7ee req-3d959f15-e36d-41bc-8624-9d3d8c8bf7ee ] Request (ServersAaction247Test:tearDownClass): 200 GET http://10.180.1.21/compute/v2.1/servers/e450d688-5fe0-4af5-845c-dfd5e09fffdf 0.542s
2025-12-12 21:05:48.895 66091 INFO tempest.lib.common.rest_client [req-69bdcb7f-9873-4147-a588-e0133dc8bd11 req-69bdcb7f-9873-4147-a588-e0133dc8bd11 ] Request (ServerGroupTestJSON:tearDownClass): 204 DELETE http://10.180.1.21/networking/v2.0/routers/a442cd77-df0c-401c-a3e0-ed736634eac5 0.440s
2025-12-12 21:05:49.007 66057 INFO tempest.lib.common.rest_client [req-61397fc6-8fa5-40e9-bdb6-2ade387498ce req-61397fc6-8fa5-40e9-bdb6-2ade387498ce ] Request (ServerActionsV293TestJSON:tearDownClass): 200 PUT http://10.180.1.21/networking/v2.0/routers/7bcb819f-fc3f-4718-9512-9928020d8371/remove_router_interface 0.700s
2025-12-12 21:05:49.069 66035 INFO tempest.lib.common.rest_client [req-99031a48-6909-439d-aa7a-a643e61da873 req-99031a48-6909-439d-aa7a-a643e61da873 ] Request (MigrationsAdminTest:test_resize_server_revert_deleted_flavor): 200 GET http://10.180.1.21/compute/v2.1/servers/723c31d3-c043-4413-9de6-ce4b975c2731 0.915s
2025-12-12 21:05:49.103 66061 INFO tempest.lib.common.rest_client [req-e9c2243a-da31-4be8-a14e-d6b58b4070b3 req-e9c2243a-da31-4be8-a14e-d6b58b4070b3 ] Request (ServersAdminTestJSON:test_reset_state_server): 200 GET http://10.180.1.21/compute/v2.1/servers/5735000c-b8fc-450e-ae98-53deec9b44d2 0.917s
2025-12-12 21:05:49.144 66091 INFO tempest.lib.common.rest_client [req-cb599358-92bf-4050-a937-e85cc85e651e req-cb599358-92bf-4050-a937-e85cc85e651e ] Request (ServerGroupTestJSON:tearDownClass): 204 DELETE http://10.180.1.21/networking/v2.0/subnets/047d23b4-9ac5-4b39-80ce-bc20575124d5 0.249s
2025-12-12 21:05:49.201 66083 INFO tempest.lib.common.rest_client [req-29b0c903-c4da-40f6-a931-5892ea067869 req-29b0c903-c4da-40f6-a931-5892ea067869 ] Request (FloatingIPsAssociationNegativeTestJSON:tearDownClass): 200 GET http://10.180.1.21/compute/v2.1/servers/2ffd35db-ae96-4360-9411-a62c0bcacbad 0.998s
2025-12-12 21:05:49.487 66091 INFO tempest.lib.common.rest_client [req-3d44bb17-ac11-42e0-8162-54a977208dbc req-3d44bb17-ac11-42e0-8162-54a977208dbc ] Request (ServerGroupTestJSON:tearDownClass): 204 DELETE http://10.180.1.21/networking/v2.0/networks/677795a7-8f77-481d-ba13-60d1d66c8bd7 0.342s
2025-12-12 21:05:49.515 66093 INFO tempest.lib.common.rest_client [req-49853e8a-6d4c-44c4-ab02-69dd9345d120 req-49853e8a-6d4c-44c4-ab02-69dd9345d120 ] Request (FloatingIPsAssociationTestJSON:tearDownClass): 200 GET http://10.180.1.21/compute/v2.1/servers/198e8167-638d-43fe-869a-90bb3b185497 1.185s
2025-12-12 21:05:49.548 66057 INFO tempest.lib.common.rest_client [req-4f6de43c-9356-444b-9d18-673486c9aa78 req-4f6de43c-9356-444b-9d18-673486c9aa78 ] Request (ServerActionsV293TestJSON:tearDownClass): 204 DELETE http://10.180.1.21/networking/v2.0/routers/7bcb819f-fc3f-4718-9512-9928020d8371 0.541s
2025-12-12 21:05:49.585 66065 INFO tempest.lib.common.rest_client [req-f7950216-29ff-4fbc-8049-6050f0ab19c7 req-f7950216-29ff-4fbc-8049-6050f0ab19c7 ] Request (ServerShowV257Test:test_rebuild_server): 200 GET http://10.180.1.21/compute/v2.1/servers/ebb1d2c8-175a-41ec-abea-d425622e060c 1.176s
2025-12-12 21:05:49.646 66091 INFO tempest.lib.common.rest_client [req-5fb5b58a-69ec-4bb1-b468-235f6d4bf274 req-5fb5b58a-69ec-4bb1-b468-235f6d4bf274 ] Request (ServerGroupTestJSON:tearDownClass): 204 DELETE http://10.180.1.21/identity/v3/users/545ea790c8de43da8fa34e9c7615ef53 0.159s
2025-12-12 21:05:49.646 66091 INFO tempest.lib.common.dynamic_creds [-] Deleting project and security group for project: fa050bef592d4f8a8e5a3a7e403f678f
2025-12-12 21:05:49.727 66091 INFO tempest.lib.common.rest_client [req-3a676a00-f0a9-41a9-8e6d-0111cbe2677f req-3a676a00-f0a9-41a9-8e6d-0111cbe2677f ] Request (ServerGroupTestJSON:tearDownClass): 200 GET http://10.180.1.21/networking/v2.0/security-groups?tenant_id=fa050bef592d4f8a8e5a3a7e403f678f&name=default 0.081s
2025-12-12 21:05:49.755 66031 INFO tempest.lib.common.rest_client [req-24b58582-72f8-4c31-9ac7-b4fa48d7bfb7 req-24b58582-72f8-4c31-9ac7-b4fa48d7bfb7 ] Request (VolumesAssistedSnapshotsTest:tearDownClass): 200 GET http://10.180.1.21/compute/v2.1/servers/ad10c43d-66b7-4621-b7cc-f8f87c5b24e6 1.331s
2025-12-12 21:05:49.755 66057 INFO tempest.lib.common.rest_client [req-062cdd75-b014-461b-bc49-34e297b48e6c req-062cdd75-b014-461b-bc49-34e297b48e6c ] Request (ServerActionsV293TestJSON:tearDownClass): 204 DELETE http://10.180.1.21/networking/v2.0/subnets/91ee8fbf-0fed-4887-bfe6-b61ebd7e7ba8 0.207s
2025-12-12 21:05:49.763 66031 INFO tempest.common.waiters [-] State transition "ACTIVE/deleting" ==> "DELETED/None" after 5 second wait
2025-12-12 21:05:49.790 66067 INFO tempest.lib.common.rest_client [req-13513d1f-346c-4c7d-a9c0-280d10de838a req-13513d1f-346c-4c7d-a9c0-280d10de838a ] Request (ServerActionsTestOtherA:setUpClass): 200 GET http://10.180.1.21/compute/v2.1/servers/641fba8f-782e-45f7-ac76-e07dd3fa75f2 1.432s
2025-12-12 21:05:49.905 66091 INFO tempest.lib.common.rest_client [req-1a769545-01bc-4039-bd9a-cca501a80543 req-1a769545-01bc-4039-bd9a-cca501a80543 ] Request (ServerGroupTestJSON:tearDownClass): 204 DELETE http://10.180.1.21/networking/v2.0/security-groups/b61f1e33-d5d4-4ea0-beb7-94f1d7321595 0.177s
2025-12-12 21:05:49.929 66073 WARNING tempest.lib.common.ssh [-] Failed to establish authenticated ssh connection to cirros@10.180.180.254 ([Errno None] Unable to connect to port 22 on 10.180.180.254). Number attempts: 9. Retry after 10 seconds.: paramiko.ssh_exception.NoValidConnectionsError: [Errno None] Unable to connect to port 22 on 10.180.180.254
2025-12-12 21:05:49.931 66043 INFO tempest.lib.common.rest_client [req-20152d33-25aa-4395-9f58-1a41bf00301e req-20152d33-25aa-4395-9f58-1a41bf00301e ] Request (AttachInterfacesTestJSON:_run_cleanups): 200 GET http://10.180.1.21/compute/v2.1/servers/72abea97-6d60-48ec-8524-31bd01232db7 1.460s
2025-12-12 21:05:49.948 66051 INFO tempest.lib.common.rest_client [req-14b85e44-b8c7-49cb-b92c-c406da1c7643 req-14b85e44-b8c7-49cb-b92c-c406da1c7643 ] Request (ServerTagsTestJSON:tearDownClass): 200 GET http://10.180.1.21/compute/v2.1/servers/fda88615-7cc8-4a7e-b176-9f084114a23e 1.451s
2025-12-12 21:05:50.016 66091 INFO tempest.lib.common.rest_client [req-835e3da4-3c04-4927-9eab-3298f3e14935 req-835e3da4-3c04-4927-9eab-3298f3e14935 ] Request (ServerGroupTestJSON:tearDownClass): 204 DELETE http://10.180.1.21/identity/v3/projects/fa050bef592d4f8a8e5a3a7e403f678f 0.110s
2025-12-12 21:05:50.047 66053 INFO tempest.lib.common.rest_client [req-8756542d-45ee-40b3-b3f8-dab90b9fa88a req-8756542d-45ee-40b3-b3f8-dab90b9fa88a ] Request (ServerShowV247Test:tearDownClass): 200 GET http://10.180.1.21/compute/v2.1/servers/47f08470-78ac-455e-80d5-12beca45f6c1 1.495s
2025-12-12 21:05:50.067 66037 INFO tempest.lib.common.rest_client [req-342f6e8b-107a-485d-b367-6dd840750798 req-342f6e8b-107a-485d-b367-6dd840750798 ] Request (ServersAdminNegativeTestJSON:tearDownClass): 404 GET http://10.180.1.21/compute/v2.1/servers/2cd45324-9f6b-4de6-9355-cac81753a29b 1.391s
2025-12-12 21:05:50.090 66057 INFO tempest.lib.common.rest_client [req-a2d6d3b3-8971-44a9-97a3-38fe502c8b0f req-a2d6d3b3-8971-44a9-97a3-38fe502c8b0f ] Request (ServerActionsV293TestJSON:tearDownClass): 204 DELETE http://10.180.1.21/networking/v2.0/networks/5f425c80-63aa-49ed-a175-3e357b09132c 0.334s
2025-12-12 21:05:50.091 66041 INFO tempest.lib.common.rest_client [req-f3713554-3e6a-4f51-912c-a543816a007b req-f3713554-3e6a-4f51-912c-a543816a007b ] Request (ImagesTestJSON:test_create_server_from_snapshot): 200 GET http://10.180.1.21/compute/v2.1/servers/4e48175a-f76c-4e7e-b3c6-4c0ccb3930c5 1.485s
2025-12-12 21:05:50.157 66085 INFO tempest.lib.common.rest_client [req-9ec5ae14-d49e-40b2-86e0-0d9be3615ffe req-9ec5ae14-d49e-40b2-86e0-0d9be3615ffe ] Request (ServerActionsTestOtherB:setUpClass): 200 GET http://10.180.1.21/compute/v2.1/servers/373f1e07-a136-4902-affd-1fa95a1f5d59 1.380s
2025-12-12 21:05:50.209 66079 INFO tempest.lib.common.rest_client [req-76b9068a-faa0-4fd5-b462-f434a1a930d2 req-76b9068a-faa0-4fd5-b462-f434a1a930d2 ] Request (DeleteServersTestJSON:test_delete_server_while_in_shelved_state): 200 GET http://10.180.1.21/compute/v2.1/servers/d17d93c8-02ee-4e69-a110-33c467abbdd9 1.301s
2025-12-12 21:05:50.234 66037 INFO tempest.lib.common.rest_client [req-49cdde63-3aa7-45d8-b544-37547839820d req-49cdde63-3aa7-45d8-b544-37547839820d ] Request (ServersAdminNegativeTestJSON:tearDownClass): 204 DELETE http://10.180.1.21/identity/v3/users/2e1a1c090eb74ac2bec54bf49161f6c0 0.166s
2025-12-12 21:05:50.235 66057 INFO tempest.lib.common.rest_client [req-4ae6bd9a-5e12-4e1f-8e47-543d09c1dbff req-4ae6bd9a-5e12-4e1f-8e47-543d09c1dbff ] Request (ServerActionsV293TestJSON:tearDownClass): 204 DELETE http://10.180.1.21/identity/v3/users/ce8973e257664042b85a1c8754227cce 0.145s
2025-12-12 21:05:50.235 66057 INFO tempest.lib.common.dynamic_creds [-] Deleting project and security group for project: cadea0db167747ff83004656f1d716a5
2025-12-12 21:05:50.240 66045 INFO tempest.lib.common.rest_client [req-c4404621-2aa6-4ab7-82aa-f5bd5c403dd4 req-c4404621-2aa6-4ab7-82aa-f5bd5c403dd4 ] Request (ServerRescueTestJSON:setUpClass): 200 GET http://10.180.1.21/compute/v2.1/servers/938db235-16a4-4166-8125-6af185b758ae 1.518s
2025-12-12 21:05:50.273 66057 INFO tempest.lib.common.rest_client [req-0e5331ea-eadc-44e7-9d69-fed364df1634 req-0e5331ea-eadc-44e7-9d69-fed364df1634 ] Request (ServerActionsV293TestJSON:tearDownClass): 200 GET http://10.180.1.21/networking/v2.0/security-groups?tenant_id=cadea0db167747ff83004656f1d716a5&name=default 0.037s
2025-12-12 21:05:50.277 66077 INFO tempest.lib.common.rest_client [req-186e2f0c-b598-4000-80ae-0c7e2b67ea4c req-186e2f0c-b598-4000-80ae-0c7e2b67ea4c ] Request (ImagesOneServerNegativeTestJSON:_run_cleanups): 200 GET http://10.180.1.21/compute/v2.1/servers/5745015d-9314-4dfc-a508-29b912f5e320 1.177s
2025-12-12 21:05:50.329 66061 INFO tempest.lib.common.rest_client [req-600073e6-38b3-4f67-9958-56338e2f31e9 req-600073e6-38b3-4f67-9958-56338e2f31e9 ] Request (ServersAdminTestJSON:tearDownClass): 204 DELETE http://10.180.1.21/compute/v2.1/servers/efdfd045-1d6e-490f-812d-f6b86d333292 1.212s
2025-12-12 21:05:50.388 66057 INFO tempest.lib.common.rest_client [req-000a37fc-e2e8-48a2-aa95-7f0e00f968c1 req-000a37fc-e2e8-48a2-aa95-7f0e00f968c1 ] Request (ServerActionsV293TestJSON:tearDownClass): 204 DELETE http://10.180.1.21/networking/v2.0/security-groups/79894bd6-734c-4e14-accd-1e635cb97d3d 0.115s
2025-12-12 21:05:50.416 66055 INFO tempest.lib.common.rest_client [req-e31ddeb1-c2aa-4aab-884b-af941491df19 req-e31ddeb1-c2aa-4aab-884b-af941491df19 ] Request (AttachInterfacesV270Test:test_create_get_list_interfaces): 200 GET http://10.180.1.21/compute/v2.1/servers/f69e714e-239c-405f-96cc-5dc90fc4810b 1.072s
2025-12-12 21:05:50.424 66037 INFO tempest.lib.common.rest_client [req-39476717-5340-4ee6-af93-6e259da4ef6e req-39476717-5340-4ee6-af93-6e259da4ef6e ] Request (ServersAdminNegativeTestJSON:tearDownClass): 204 DELETE http://10.180.1.21/identity/v3/users/bb3964f0034640c399303d758558a6a2 0.190s
2025-12-12 21:05:50.424 66037 INFO tempest.lib.common.dynamic_creds [-] Deleting project and security group for project: c0fd383178da42eead5560601e4d4d53
2025-12-12 21:05:50.438 66039 INFO tempest.lib.common.rest_client [req-817bc89f-e6e0-4588-9133-f5480e54a9ce req-817bc89f-e6e0-4588-9133-f5480e54a9ce ] Request (ServerDiskConfigTestJSON:test_resize_server_from_auto_to_manual): 200 GET http://10.180.1.21/compute/v2.1/servers/1bd3add4-ba3e-4f0e-baa6-a0ae152cc076 1.303s
2025-12-12 21:05:50.489 66037 INFO tempest.lib.common.rest_client [req-3704b036-0647-4792-bbc2-ed386cce8cca req-3704b036-0647-4792-bbc2-ed386cce8cca ] Request (ServersAdminNegativeTestJSON:tearDownClass): 201 POST http://10.180.1.21/identity/v3/auth/tokens 0.065s
2025-12-12 21:05:50.498 66057 INFO tempest.lib.common.rest_client [req-3e583db1-6bd5-4313-91e5-115273ace768 req-3e583db1-6bd5-4313-91e5-115273ace768 ] Request (ServerActionsV293TestJSON:tearDownClass): 204 DELETE http://10.180.1.21/identity/v3/projects/cadea0db167747ff83004656f1d716a5 0.109s
2025-12-12 21:05:50.499 66075 INFO tempest.lib.common.rest_client [req-680f9f41-7649-4fd5-b2f3-32fe2518de19 req-680f9f41-7649-4fd5-b2f3-32fe2518de19 ] Request (ServersNegativeTestMultiTenantJSON:tearDownClass): 200 GET http://10.180.1.21/compute/v2.1/servers/ef7457ca-13c5-4d45-86f7-e110de47bd86 0.998s
2025-12-12 21:05:50.500 66087 INFO tempest.lib.common.rest_client [req-5e9c9597-8b73-4be9-ad06-c1d4b9ab9f11 req-5e9c9597-8b73-4be9-ad06-c1d4b9ab9f11 ] Request (SecurityGroupsTestJSON:tearDownClass): 200 GET http://10.180.1.21/compute/v2.1/servers/9eb1497c-62a4-4a4a-b913-613ec6eb5dab 1.140s
2025-12-12 21:05:50.562 66063 INFO tempest.lib.common.rest_client [req-e3b4fb0e-15dd-495b-a2fb-44a16d5ffd05 req-e3b4fb0e-15dd-495b-a2fb-44a16d5ffd05 ] Request (ServersAaction247Test:tearDownClass): 200 GET http://10.180.1.21/compute/v2.1/servers/e450d688-5fe0-4af5-845c-dfd5e09fffdf 1.008s
2025-12-12 21:05:50.573 66057 INFO tempest.lib.common.rest_client [req-19219e9b-d638-4c81-9ad6-3f62ac01401a req-19219e9b-d638-4c81-9ad6-3f62ac01401a ] Request (ServerMetadataTestJSON:setUpClass): 201 POST http://10.180.1.21/identity/v3/auth/tokens 0.073s
2025-12-12 21:05:50.574 66063 INFO tempest.common.waiters [-] State transition "ACTIVE/deleting" ==> "DELETED/None" after 5 second wait
2025-12-12 21:05:50.610 66057 INFO tempest.lib.common.rest_client [req-76cd774c-688b-428d-aecd-c565e7f4afd9 req-76cd774c-688b-428d-aecd-c565e7f4afd9 ] Request (ServerMetadataTestJSON:setUpClass): 201 POST http://10.180.1.21/identity/v3/auth/tokens 0.034s
2025-12-12 21:05:50.616 66037 INFO tempest.lib.common.rest_client [req-9318a4f9-1ef6-4cdf-b2a3-2f672dcee9e6 req-9318a4f9-1ef6-4cdf-b2a3-2f672dcee9e6 ] Request (ServersAdminNegativeTestJSON:tearDownClass): 200 GET http://10.180.1.21/networking/v2.0/security-groups?tenant_id=c0fd383178da42eead5560601e4d4d53&name=default 0.127s
2025-12-12 21:05:50.637 66057 INFO tempest.lib.common.rest_client [req-2a6e0b7a-5a69-441b-a40a-228a55df74f2 req-2a6e0b7a-5a69-441b-a40a-228a55df74f2 ] Request (ServerMetadataTestJSON:setUpClass): 200 GET http://10.180.1.21/identity/v3/domains?name=Default 0.027s
2025-12-12 21:05:50.642 66083 INFO tempest.lib.common.rest_client [req-dfda8fec-8a4c-4310-9801-30600b96e56f req-dfda8fec-8a4c-4310-9801-30600b96e56f ] Request (FloatingIPsAssociationNegativeTestJSON:tearDownClass): 200 GET http://10.180.1.21/compute/v2.1/servers/2ffd35db-ae96-4360-9411-a62c0bcacbad 0.428s
2025-12-12 21:05:50.670 66057 INFO tempest.lib.common.rest_client [req-83f1ffa3-2678-415a-ba8c-15a4e0845fe8 req-83f1ffa3-2678-415a-ba8c-15a4e0845fe8 ] Request (ServerMetadataTestJSON:setUpClass): 201 POST http://10.180.1.21/identity/v3/projects 0.031s
2025-12-12 21:05:50.670 66035 INFO tempest.lib.common.rest_client [req-40778971-1359-476b-ada0-a17471dc29a5 req-40778971-1359-476b-ada0-a17471dc29a5 ] Request (MigrationsAdminTest:test_resize_server_revert_deleted_flavor): 200 GET http://10.180.1.21/compute/v2.1/servers/723c31d3-c043-4413-9de6-ce4b975c2731 0.591s
2025-12-12 21:05:50.707 66037 INFO tempest.lib.common.rest_client [req-e75b2251-5512-4edf-b998-6463859e7f29 req-e75b2251-5512-4edf-b998-6463859e7f29 ] Request (ServersAdminNegativeTestJSON:tearDownClass): 204 DELETE http://10.180.1.21/networking/v2.0/security-groups/bc5bbf39-8a01-4d0f-bbbb-db00a782420a 0.090s
2025-12-12 21:05:50.734 66057 INFO tempest.lib.common.rest_client [req-07e01ecb-861f-45d1-be22-0f9512f7e3da req-07e01ecb-861f-45d1-be22-0f9512f7e3da ] Request (ServerMetadataTestJSON:setUpClass): 201 POST http://10.180.1.21/identity/v3/users 0.064s
2025-12-12 21:05:50.740 66093 INFO tempest.lib.common.rest_client [req-e9a356c6-b6c6-4152-9241-f80f0a9209b1 req-e9a356c6-b6c6-4152-9241-f80f0a9209b1 ] Request (FloatingIPsAssociationTestJSON:tearDownClass): 200 GET http://10.180.1.21/compute/v2.1/servers/198e8167-638d-43fe-869a-90bb3b185497 0.215s
2025-12-12 21:05:50.754 66057 INFO tempest.lib.common.rest_client [req-1dc83f00-b8c8-4067-b9dd-4b50f2761548 req-1dc83f00-b8c8-4067-b9dd-4b50f2761548 ] Request (ServerMetadataTestJSON:setUpClass): 200 GET http://10.180.1.21/identity/v3/roles 0.019s
2025-12-12 21:05:50.769 66061 INFO tempest.lib.common.rest_client [req-825188ef-3cb9-41bc-96de-38ae17141809 req-825188ef-3cb9-41bc-96de-38ae17141809 ] Request (ServersAdminTestJSON:tearDownClass): 200 GET http://10.180.1.21/compute/v2.1/servers/efdfd045-1d6e-490f-812d-f6b86d333292 0.439s
2025-12-12 21:05:50.785 66057 INFO tempest.lib.common.rest_client [req-e8e36847-7b9e-4353-84b0-55055c8f92d8 req-e8e36847-7b9e-4353-84b0-55055c8f92d8 ] Request (ServerMetadataTestJSON:setUpClass): 204 PUT http://10.180.1.21/identity/v3/projects/81b6eff02e004541a3f670d25cdd512b/users/d7d441811e6c4e538fdcc6ff6af42a48/roles/22d52857a4284787b3ac0561173e1020 0.030s
2025-12-12 21:05:50.785 66057 INFO tempest.lib.common.dynamic_creds [-] Dynamic test user d7d441811e6c4e538fdcc6ff6af42a48 is created with scope project and roles: ['member']
2025-12-12 21:05:50.786 66057 INFO tempest.lib.common.dynamic_creds [-] Acquired dynamic creds: credentials: Credentials: {'domain_id': 'default', 'domain_name': 'Default', 'username': 'tempest-ServerMetadataTestJSON-436790914-project-member', 'project_domain_id': 'default', 'project_domain_name': 'Default', 'project_id': '81b6eff02e004541a3f670d25cdd512b', 'project_name': 'tempest-ServerMetadataTestJSON-436790914', 'tenant_id': '81b6eff02e004541a3f670d25cdd512b', 'tenant_name': 'tempest-ServerMetadataTestJSON-436790914', 'user_domain_id': 'default', 'user_domain_name': 'Default', 'user_id': 'd7d441811e6c4e538fdcc6ff6af42a48', 'system': None}, Network: None, Subnet: None, Router: None
2025-12-12 21:05:50.811 66065 INFO tempest.lib.common.rest_client [req-90083091-c547-4a40-ae4b-57151c35a5c3 req-90083091-c547-4a40-ae4b-57151c35a5c3 ] Request (ServerShowV257Test:test_rebuild_server): 200 GET http://10.180.1.21/compute/v2.1/servers/ebb1d2c8-175a-41ec-abea-d425622e060c 0.214s
2025-12-12 21:05:50.857 66031 INFO tempest.lib.common.rest_client [req-4b7ff75f-2a6a-46b8-b27b-2d73a4775e7d req-4b7ff75f-2a6a-46b8-b27b-2d73a4775e7d ] Request (VolumesAssistedSnapshotsTest:tearDownClass): 200 GET http://10.180.1.21/compute/v2.1/servers/ad10c43d-66b7-4621-b7cc-f8f87c5b24e6 0.091s
2025-12-12 21:05:50.859 66037 INFO tempest.lib.common.rest_client [req-9712a69a-d1ae-40ae-9061-2d9737553fad req-9712a69a-d1ae-40ae-9061-2d9737553fad ] Request (ServersAdminNegativeTestJSON:tearDownClass): 204 DELETE http://10.180.1.21/identity/v3/projects/c0fd383178da42eead5560601e4d4d53 0.152s
2025-12-12 21:05:50.860 66037 INFO tempest.lib.common.dynamic_creds [-] Deleting project and security group for project: 56d7833128b94e79b728ab14c390aa62
2025-12-12 21:05:50.860 66057 INFO tempest.lib.common.rest_client [req-64ae6e57-563c-439e-ae5f-bae4d079634f req-64ae6e57-563c-439e-ae5f-bae4d079634f ] Request (ServerMetadataTestJSON:setUpClass): 201 POST http://10.180.1.21/identity/v3/auth/tokens 0.074s
2025-12-12 21:05:50.896 66037 INFO tempest.lib.common.rest_client [req-47c7296b-4829-4aa0-92b4-a829f8fda2b6 req-47c7296b-4829-4aa0-92b4-a829f8fda2b6 ] Request (ServersAdminNegativeTestJSON:tearDownClass): 200 GET http://10.180.1.21/networking/v2.0/security-groups?tenant_id=56d7833128b94e79b728ab14c390aa62&name=default 0.036s
2025-12-12 21:05:50.997 66037 INFO tempest.lib.common.rest_client [req-25f5e5aa-8b0b-46b1-958f-967e1cca55dc req-25f5e5aa-8b0b-46b1-958f-967e1cca55dc ] Request (ServersAdminNegativeTestJSON:tearDownClass): 204 DELETE http://10.180.1.21/networking/v2.0/security-groups/acd4f0f3-ee28-47e2-9021-5c415afcdda1 0.101s
2025-12-12 21:05:51.033 66067 INFO tempest.lib.common.rest_client [req-c1e5d97d-d740-4abc-a1c9-f265cae8c8da req-c1e5d97d-d740-4abc-a1c9-f265cae8c8da ] Request (ServerActionsTestOtherA:setUpClass): 200 GET http://10.180.1.21/compute/v2.1/servers/641fba8f-782e-45f7-ac76-e07dd3fa75f2 0.233s
2025-12-12 21:05:51.042 66067 INFO tempest.common.waiters [-] State transition "BUILD/spawning" ==> "ACTIVE/None" after 77 second wait
2025-12-12 21:05:51.051 66043 INFO tempest.lib.common.rest_client [req-084e50ed-adf0-47ec-947f-82e6e1fc8f6d req-084e50ed-adf0-47ec-947f-82e6e1fc8f6d ] Request (AttachInterfacesTestJSON:_run_cleanups): 200 GET http://10.180.1.21/compute/v2.1/servers/72abea97-6d60-48ec-8524-31bd01232db7 0.112s
2025-12-12 21:05:51.099 66037 INFO tempest.lib.common.rest_client [req-0b54e476-3a61-49dc-980f-9715af32c66c req-0b54e476-3a61-49dc-980f-9715af32c66c ] Request (ServersAdminNegativeTestJSON:tearDownClass): 204 DELETE http://10.180.1.21/identity/v3/projects/56d7833128b94e79b728ab14c390aa62 0.101s
2025-12-12 21:05:51.131 66067 INFO tempest.lib.common.rest_client [req-b099086e-407f-4cd0-a4d0-afb631537c98 req-b099086e-407f-4cd0-a4d0-afb631537c98 ] Request (ServerActionsTestOtherA:setUpClass): 200 GET http://10.180.1.21/compute/v2.1/servers/641fba8f-782e-45f7-ac76-e07dd3fa75f2/os-interface 0.088s
2025-12-12 21:05:51.158 66051 INFO tempest.lib.common.rest_client [req-ca0ec6eb-619e-494d-9011-6bcb83d72077 req-ca0ec6eb-619e-494d-9011-6bcb83d72077 ] Request (ServerTagsTestJSON:tearDownClass): 200 GET http://10.180.1.21/compute/v2.1/servers/fda88615-7cc8-4a7e-b176-9f084114a23e 0.201s
2025-12-12 21:05:51.176 66037 INFO tempest.lib.common.rest_client [req-7035df10-ad8b-4ca6-b430-7f2ed068b2cb req-7035df10-ad8b-4ca6-b430-7f2ed068b2cb ] Request (FloatingIPsNegativeTestJSON:setUpClass): 201 POST http://10.180.1.21/identity/v3/auth/tokens 0.072s
2025-12-12 21:05:51.186 66057 INFO tempest.lib.common.rest_client [req-90038522-64a7-46c8-8bef-a4e69341ad7a req-90038522-64a7-46c8-8bef-a4e69341ad7a ] Request (ServerMetadataTestJSON:setUpClass): 201 POST http://10.180.1.21/networking/v2.0/networks 0.325s
2025-12-12 21:05:51.213 66037 INFO tempest.lib.common.rest_client [req-4caf5aaf-7df9-41b6-807a-1297045c9496 req-4caf5aaf-7df9-41b6-807a-1297045c9496 ] Request (FloatingIPsNegativeTestJSON:setUpClass): 201 POST http://10.180.1.21/identity/v3/auth/tokens 0.035s
2025-12-12 21:05:51.217 66053 INFO tempest.lib.common.rest_client [req-f98fefab-40b5-407b-aa8d-4f800efe48a3 req-f98fefab-40b5-407b-aa8d-4f800efe48a3 ] Request (ServerShowV247Test:tearDownClass): 200 GET http://10.180.1.21/compute/v2.1/servers/47f08470-78ac-455e-80d5-12beca45f6c1 0.160s
2025-12-12 21:05:51.242 66037 INFO tempest.lib.common.rest_client [req-9d8e0107-be0c-483e-8627-5692ed0cf7b5 req-9d8e0107-be0c-483e-8627-5692ed0cf7b5 ] Request (FloatingIPsNegativeTestJSON:setUpClass): 200 GET http://10.180.1.21/identity/v3/domains?name=Default 0.029s
2025-12-12 21:05:51.277 66037 INFO tempest.lib.common.rest_client [req-18cc145f-c01d-4f32-9b1f-6c75264b81a2 req-18cc145f-c01d-4f32-9b1f-6c75264b81a2 ] Request (FloatingIPsNegativeTestJSON:setUpClass): 201 POST http://10.180.1.21/identity/v3/projects 0.035s
2025-12-12 21:05:51.358 66037 INFO tempest.lib.common.rest_client [req-7ad8b592-83fa-4a59-a2da-97110e0d2de6 req-7ad8b592-83fa-4a59-a2da-97110e0d2de6 ] Request (FloatingIPsNegativeTestJSON:setUpClass): 201 POST http://10.180.1.21/identity/v3/users 0.080s
2025-12-12 21:05:51.367 66057 INFO tempest.lib.common.rest_client [req-aa80b6bf-83a8-4f17-b4c4-34c87ab0596e req-aa80b6bf-83a8-4f17-b4c4-34c87ab0596e ] Request (ServerMetadataTestJSON:setUpClass): 201 POST http://10.180.1.21/networking/v2.0/subnets 0.180s
2025-12-12 21:05:51.382 66037 INFO tempest.lib.common.rest_client [req-22554649-4fa0-4e44-8960-08070980efd3 req-22554649-4fa0-4e44-8960-08070980efd3 ] Request (FloatingIPsNegativeTestJSON:setUpClass): 200 GET http://10.180.1.21/identity/v3/roles 0.023s
2025-12-12 21:05:51.416 66037 INFO tempest.lib.common.rest_client [req-b6de97c1-f313-4aad-a50a-6bed48037434 req-b6de97c1-f313-4aad-a50a-6bed48037434 ] Request (FloatingIPsNegativeTestJSON:setUpClass): 204 PUT http://10.180.1.21/identity/v3/projects/242fb82c74e8420db331917d1f313f16/users/5112cc4d097843ac83ac3f164b1149ec/roles/22d52857a4284787b3ac0561173e1020 0.033s
2025-12-12 21:05:51.416 66037 INFO tempest.lib.common.dynamic_creds [-] Dynamic test user 5112cc4d097843ac83ac3f164b1149ec is created with scope project and roles: ['member']
2025-12-12 21:05:51.416 66037 INFO tempest.lib.common.dynamic_creds [-] Acquired dynamic creds: credentials: Credentials: {'domain_id': 'default', 'domain_name': 'Default', 'username': 'tempest-FloatingIPsNegativeTestJSON-1773899463-project-member', 'project_domain_id': 'default', 'project_domain_name': 'Default', 'project_id': '242fb82c74e8420db331917d1f313f16', 'project_name': 'tempest-FloatingIPsNegativeTestJSON-1773899463', 'tenant_id': '242fb82c74e8420db331917d1f313f16', 'tenant_name': 'tempest-FloatingIPsNegativeTestJSON-1773899463', 'user_domain_id': 'default', 'user_domain_name': 'Default', 'user_id': '5112cc4d097843ac83ac3f164b1149ec', 'system': None}, Network: None, Subnet: None, Router: None
2025-12-12 21:05:51.445 66085 INFO tempest.lib.common.rest_client [req-19153c5f-a670-4d40-ba28-3fd0e1c70e20 req-19153c5f-a670-4d40-ba28-3fd0e1c70e20 ] Request (ServerActionsTestOtherB:setUpClass): 200 GET http://10.180.1.21/compute/v2.1/servers/373f1e07-a136-4902-affd-1fa95a1f5d59 0.279s
2025-12-12 21:05:51.486 66037 INFO tempest.lib.common.rest_client [req-7f71f690-35fb-4530-b1a8-00d0cf5a4cb5 req-7f71f690-35fb-4530-b1a8-00d0cf5a4cb5 ] Request (FloatingIPsNegativeTestJSON:setUpClass): 201 POST http://10.180.1.21/identity/v3/auth/tokens 0.070s
2025-12-12 21:05:51.697 66067 INFO tempest.lib.common.rest_client [req-629f87e8-f335-4071-a75d-24763cd77a5d req-629f87e8-f335-4071-a75d-24763cd77a5d ] Request (ServerActionsTestOtherA:setUpClass): 200 PUT http://10.180.1.21/networking/v2.0/floatingips/418684f2-ff48-4f5d-b548-7f4dc8802976 0.562s
2025-12-12 21:05:51.698 66067 INFO tempest.lib.common.ssh [-] Creating ssh connection to '10.180.180.211:22' as 'cirros' with public key authentication
2025-12-12 21:05:51.747 66041 INFO tempest.lib.common.rest_client [req-08423462-3ba2-4285-a104-f8c40563652f req-08423462-3ba2-4285-a104-f8c40563652f ] Request (ImagesTestJSON:test_create_server_from_snapshot): 200 GET http://10.180.1.21/compute/v2.1/servers/4e48175a-f76c-4e7e-b3c6-4c0ccb3930c5 0.646s
2025-12-12 21:05:51.803 66047 WARNING tempest.lib.common.ssh [-] Failed to establish authenticated ssh connection to cirros@10.180.180.212 ([Errno None] Unable to connect to port 22 on 10.180.180.212). Number attempts: 5. Retry after 6 seconds.: paramiko.ssh_exception.NoValidConnectionsError: [Errno None] Unable to connect to port 22 on 10.180.180.212
2025-12-12 21:05:52.048 66037 INFO tempest.lib.common.rest_client [req-ecdc081d-8743-4eb1-8890-58870021510c req-ecdc081d-8743-4eb1-8890-58870021510c ] Request (FloatingIPsNegativeTestJSON:setUpClass): 201 POST http://10.180.1.21/networking/v2.0/networks 0.561s
2025-12-12 21:05:52.077 66079 INFO tempest.lib.common.rest_client [req-fcc8a167-b1e7-4015-ba30-3f2bf45f253f req-fcc8a167-b1e7-4015-ba30-3f2bf45f253f ] Request (DeleteServersTestJSON:test_delete_server_while_in_shelved_state): 200 GET http://10.180.1.21/compute/v2.1/servers/d17d93c8-02ee-4e69-a110-33c467abbdd9 0.858s
2025-12-12 21:05:52.167 66057 INFO tempest.lib.common.rest_client [req-6b9db387-14f9-4383-969a-826182161d46 req-6b9db387-14f9-4383-969a-826182161d46 ] Request (ServerMetadataTestJSON:setUpClass): 201 POST http://10.180.1.21/networking/v2.0/routers 0.800s
2025-12-12 21:05:52.234 66077 INFO tempest.lib.common.rest_client [req-f15e2b58-e657-4a03-be49-789ad2e9efdb req-f15e2b58-e657-4a03-be49-789ad2e9efdb ] Request (ImagesOneServerNegativeTestJSON:_run_cleanups): 200 GET http://10.180.1.21/compute/v2.1/servers/5745015d-9314-4dfc-a508-29b912f5e320 0.948s
2025-12-12 21:05:52.328 66037 INFO tempest.lib.common.rest_client [req-7c14421e-f994-4049-8b59-8cec5e56f2d4 req-7c14421e-f994-4049-8b59-8cec5e56f2d4 ] Request (FloatingIPsNegativeTestJSON:setUpClass): 201 POST http://10.180.1.21/networking/v2.0/subnets 0.279s
2025-12-12 21:05:52.367 66045 INFO tempest.lib.common.rest_client [req-862d7590-d543-4acf-8a6f-c5f2a9218b35 req-862d7590-d543-4acf-8a6f-c5f2a9218b35 ] Request (ServerRescueTestJSON:setUpClass): 200 GET http://10.180.1.21/compute/v2.1/servers/938db235-16a4-4166-8125-6af185b758ae 1.114s
2025-12-12 21:05:52.374 66045 INFO tempest.common.waiters [-] State transition "ACTIVE/rescuing" ==> "RESCUE/None" after 8 second wait
2025-12-12 21:05:52.464 66055 INFO tempest.lib.common.rest_client [req-b55b314d-87e0-4712-a3f7-e774c9951e2d req-b55b314d-87e0-4712-a3f7-e774c9951e2d ] Request (AttachInterfacesV270Test:test_create_get_list_interfaces): 200 GET http://10.180.1.21/compute/v2.1/servers/f69e714e-239c-405f-96cc-5dc90fc4810b 1.035s
2025-12-12 21:05:52.465 66045 INFO tempest.lib.common.rest_client [req-0e83c0f4-342b-47a2-8a95-8a45d2a5adce req-0e83c0f4-342b-47a2-8a95-8a45d2a5adce ] Request (ServerRescueTestJSON:test_rescue_unrescue_instance): 201 POST http://10.180.1.21/identity/v3/auth/tokens 0.087s
2025-12-12 21:05:52.465 66045 INFO tempest.lib.common.fixed_network [-] (ServerRescueTestJSON:test_rescue_unrescue_instance) Found network {'id': '8d3a6542-3e9a-41b6-81f7-0d3908256a8e', 'name': 'tempest-ServerRescueTestJSON-1958878265-network', 'tenant_id': '0a42cd81b92344108ba556012b8bec44', 'project_id': '0a42cd81b92344108ba556012b8bec44', 'admin_state_up': True, 'mtu': 8950, 'status': 'ACTIVE', 'subnets': [], 'shared': False, 'port_security_enabled': True, 'router:external': False, 'provider:network_type': 'vlan', 'provider:physical_network': 'default', 'provider:segmentation_id': 364, 'availability_zone_hints': [], 'availability_zones': [], 'ipv4_address_scope': None, 'ipv6_address_scope': None, 'description': '', 'tags': [], 'created_at': '2025-12-12T21:04:23Z', 'updated_at': '2025-12-12T21:04:23Z', 'revision_number': 1} available for tenant
2025-12-12 21:05:53.082 66057 INFO tempest.lib.common.rest_client [req-64c5911c-0cf0-4a6a-952d-5ca0a8c2c2d6 req-64c5911c-0cf0-4a6a-952d-5ca0a8c2c2d6 ] Request (ServerMetadataTestJSON:setUpClass): 200 PUT http://10.180.1.21/networking/v2.0/routers/7347486a-c2ef-4b0e-9127-db81db303594/add_router_interface 0.914s
