2025-12-12 21:04:21.740 66051 INFO tempest.lib.common.rest_client [req-ea6a78fa-dce8-4abb-8f63-821d817b0224 req-ea6a78fa-dce8-4abb-8f63-821d817b0224 ] Request (ServerTagsTestJSON:setUpClass): 200 GET http://10.180.1.21/compute/v2.1/servers/fda88615-7cc8-4a7e-b176-9f084114a23e 0.517s
2025-12-12 21:04:21.827 66045 INFO tempest.lib.common.rest_client [req-cb0d5c48-390e-4a33-94a7-d361933c03e0 req-cb0d5c48-390e-4a33-94a7-d361933c03e0 ] Request (ServersTestManualDisk:tearDownClass): 200 PUT http://10.180.1.21/networking/v2.0/routers/9fc49ce1-c45f-400f-a0e5-38ff200d8a03/remove_router_interface 0.808s
2025-12-12 21:04:21.842 66061 INFO tempest.lib.common.rest_client [req-26a33134-fd22-41e2-ab20-7e680d8110d4 req-26a33134-fd22-41e2-ab20-7e680d8110d4 ] Request (ServersAdminTestJSON:test_inject_network_info): 200 GET http://10.180.1.21/compute/v2.1/servers/efdfd045-1d6e-490f-812d-f6b86d333292 0.532s
2025-12-12 21:04:21.893 66041 INFO tempest.lib.common.rest_client [req-279616e5-4e17-4ba4-bcf1-d732229cf9cd req-279616e5-4e17-4ba4-bcf1-d732229cf9cd ] Request (ImagesTestJSON:test_create_image_from_suspended_server): 200 GET http://10.180.1.21/compute/v2.1/images/ea357954-7b03-4be0-b203-63801fa56ac5 0.546s
2025-12-12 21:04:21.985 66053 INFO tempest.lib.common.rest_client [req-277ab866-d172-47e3-b945-1bef34f40d02 req-277ab866-d172-47e3-b945-1bef34f40d02 ] Request (ServerShowV247Test:test_update_rebuild_list_server): 200 GET http://10.180.1.21/compute/v2.1/servers/6c26cdf6-a4c1-4cf1-845d-e74a028fb1eb 0.569s
2025-12-12 21:04:22.007 66037 INFO tempest.lib.common.rest_client [req-f6e4c2bc-4f82-4ec8-8dba-2c91e976ba37 req-f6e4c2bc-4f82-4ec8-8dba-2c91e976ba37 ] Request (ServersAdminNegativeTestJSON:test_resize_server_using_overlimit_vcpus): 200 POST http://10.180.1.21/compute/v2.1/flavors 0.540s
2025-12-12 21:04:22.039 66065 INFO tempest.lib.common.rest_client [req-e702520b-8a81-42d9-a618-2fc88d256280 req-e702520b-8a81-42d9-a618-2fc88d256280 ] Request (ServerRescueTestJSONUnderV235:test_rescued_vm_associate_dissociate_floating_ip): 202 POST http://10.180.1.21/compute/v2.1/servers/3152c30d-43a9-4c5f-a140-4d3bd37ba55a/action 1.326s
2025-12-12 21:04:22.080 66083 INFO tempest.lib.common.rest_client [req-23d1b054-8174-4f0b-b8a8-83f2f9bf64f6 req-23d1b054-8174-4f0b-b8a8-83f2f9bf64f6 ] Request (FloatingIPsAssociationNegativeTestJSON:setUpClass): 200 GET http://10.180.1.21/compute/v2.1/servers/2ffd35db-ae96-4360-9411-a62c0bcacbad 0.608s
2025-12-12 21:04:22.120 66077 INFO tempest.lib.common.rest_client [req-14cc00f6-ccc1-476a-96d3-14f994b335d5 req-14cc00f6-ccc1-476a-96d3-14f994b335d5 ] Request (ImagesOneServerNegativeTestJSON:_run_cleanups): 200 GET http://10.180.1.21/compute/v2.1/servers/5745015d-9314-4dfc-a508-29b912f5e320 0.601s
2025-12-12 21:04:22.179 66039 INFO tempest.lib.common.rest_client [req-c90ceda6-e56b-4802-950b-eac2d0eccbf1 req-c90ceda6-e56b-4802-950b-eac2d0eccbf1 ] Request (ServerDiskConfigTestJSON:test_resize_server_from_auto_to_manual): 200 GET http://10.180.1.21/compute/v2.1/servers/1bd3add4-ba3e-4f0e-baa6-a0ae152cc076 0.610s
2025-12-12 21:04:22.201 66035 INFO tempest.lib.common.rest_client [req-84e70a70-3e31-43c8-8e7e-e2c704be648a req-84e70a70-3e31-43c8-8e7e-e2c704be648a ] Request (MigrationsAdminTest:test_resize_server_revert_deleted_flavor): 200 GET http://10.180.1.21/compute/v2.1/servers/723c31d3-c043-4413-9de6-ce4b975c2731 0.523s
2025-12-12 21:04:22.257 66073 INFO tempest.lib.common.rest_client [req-d33aaed2-a2a8-46d2-9106-7acecc04f4e8 req-d33aaed2-a2a8-46d2-9106-7acecc04f4e8 ] Request (ServerActionsTestJSON:setUpClass): 200 GET http://10.180.1.21/compute/v2.1/servers/325b52a4-71d0-43bc-bdc3-f62c5f587c9e 0.508s
2025-12-12 21:04:22.283 66045 INFO tempest.lib.common.rest_client [req-71d43ca0-ea9c-4eea-8932-1771f34a8954 req-71d43ca0-ea9c-4eea-8932-1771f34a8954 ] Request (ServersTestManualDisk:tearDownClass): 204 DELETE http://10.180.1.21/networking/v2.0/routers/9fc49ce1-c45f-400f-a0e5-38ff200d8a03 0.455s
2025-12-12 21:04:22.287 66063 INFO tempest.lib.common.rest_client [req-d20f0ef7-1b35-4144-9074-5ae18621e390 req-d20f0ef7-1b35-4144-9074-5ae18621e390 ] Request (ServersTestJSON:tearDownClass): 200 GET http://10.180.1.21/compute/v2.1/servers/f15ae25b-4c6b-4e67-81ee-7acc379c94be 0.447s
2025-12-12 21:04:22.326 66069 INFO tempest.lib.common.rest_client [req-9ec37753-2420-4e08-9aae-d8ce9d85e389 req-9ec37753-2420-4e08-9aae-d8ce9d85e389 ] Request (ServersWithSpecificFlavorTestJSON:test_verify_created_server_ephemeral_disk): 200 GET http://10.180.1.21/compute/v2.1/servers/dad2580f-c0fc-4d73-a29f-8cf6eba61ee0 0.469s
2025-12-12 21:04:22.375 66091 INFO tempest.lib.common.rest_client [req-2c8a625b-c98f-4a1a-9c28-e9f4703eae3e req-2c8a625b-c98f-4a1a-9c28-e9f4703eae3e ] Request (ServerGroupTestJSON:test_create_server_with_scheduler_hint_group): 200 GET http://10.180.1.21/compute/v2.1/servers/ddd8ae50-1bfa-4d9b-aac4-ba8fe3960aa4 0.431s
2025-12-12 21:04:22.461 66045 INFO tempest.lib.common.rest_client [req-63eab137-f254-4c50-8a81-380d9e928495 req-63eab137-f254-4c50-8a81-380d9e928495 ] Request (ServersTestManualDisk:tearDownClass): 204 DELETE http://10.180.1.21/networking/v2.0/subnets/e9aa96e6-dd42-4978-b9dc-924d7771e9a7 0.177s
2025-12-12 21:04:22.467 66079 INFO tempest.lib.common.rest_client [req-02684135-6773-42d8-b2c4-38aece6a2e5d req-02684135-6773-42d8-b2c4-38aece6a2e5d ] Request (DeleteServersTestJSON:test_delete_server_while_in_attached_volume): 200 GET http://10.180.1.21/compute/v2.1/servers/4dfbd028-515c-4860-a21b-9d08c5e8d591 0.511s
2025-12-12 21:04:22.513 66037 INFO tempest.lib.common.rest_client [req-57dd1c11-3a6b-4277-95e3-3b732b760b91 req-57dd1c11-3a6b-4277-95e3-3b732b760b91 ] Request (ServersAdminNegativeTestJSON:test_resize_server_using_overlimit_vcpus): 403 POST http://10.180.1.21/compute/v2.1/servers/2cd45324-9f6b-4de6-9355-cac81753a29b/action 0.502s
2025-12-12 21:04:22.575 66093 INFO tempest.lib.common.rest_client [req-6f2de55f-2343-49fa-ab31-607a06270edb req-6f2de55f-2343-49fa-ab31-607a06270edb ] Request (FloatingIPsAssociationTestJSON:test_associate_already_associated_floating_ip): 200 GET http://10.180.1.21/compute/v2.1/servers/20b08310-c08a-4c58-af50-52a76d13c040 0.531s
2025-12-12 21:04:22.643 66067 INFO tempest.lib.common.rest_client [req-19c9413c-bf5b-423c-b29d-5d6c77851a5b req-19c9413c-bf5b-423c-b29d-5d6c77851a5b ] Request (ServersTestBootFromVolume:tearDownClass): 200 GET http://10.180.1.21/compute/v2.1/servers/9e9eadec-44d4-47fd-a27b-752987b1f387 0.588s
2025-12-12 21:04:22.743 66045 INFO tempest.lib.common.rest_client [req-5a065757-4f72-4e44-963a-986f2595563d req-5a065757-4f72-4e44-963a-986f2595563d ] Request (ServersTestManualDisk:tearDownClass): 204 DELETE http://10.180.1.21/networking/v2.0/networks/0ab66c7c-833a-498f-8fab-7ebda3df58fa 0.282s
2025-12-12 21:04:22.780 66075 INFO tempest.lib.common.rest_client [req-90a3eac9-5859-4f5e-9d66-4511baa47d0a req-90a3eac9-5859-4f5e-9d66-4511baa47d0a ] Request (ServersNegativeTestMultiTenantJSON:setUpClass): 200 GET http://10.180.1.21/compute/v2.1/servers/ef7457ca-13c5-4d45-86f7-e110de47bd86 0.660s
2025-12-12 21:04:22.900 66047 INFO tempest.lib.common.rest_client [req-0e6f1e2b-31d7-436b-aea9-a2d00d5856ba req-0e6f1e2b-31d7-436b-aea9-a2d00d5856ba ] Request (AttachInterfacesUnderV243Test:test_add_remove_fixed_ip): 200 GET http://10.180.1.21/compute/v2.1/servers/3f3e95d1-1364-4abe-8df2-c5b5f0e0a035 0.770s
2025-12-12 21:04:22.931 66045 INFO tempest.lib.common.rest_client [req-5a652865-e4d4-4a1d-b49a-db425f85b5e0 req-5a652865-e4d4-4a1d-b49a-db425f85b5e0 ] Request (ServersTestManualDisk:tearDownClass): 204 DELETE http://10.180.1.21/identity/v3/users/897ef597f833446e8aae52a50581388e 0.188s
2025-12-12 21:04:22.932 66045 INFO tempest.lib.common.dynamic_creds [-] Deleting project and security group for project: 29f45bc4378b4d8fbde3d92377697d0b
2025-12-12 21:04:22.961 66045 INFO tempest.lib.common.rest_client [req-7b82c55d-0c8e-4723-b79e-b1da098ba52a req-7b82c55d-0c8e-4723-b79e-b1da098ba52a ] Request (ServersTestManualDisk:tearDownClass): 200 GET http://10.180.1.21/networking/v2.0/security-groups?tenant_id=29f45bc4378b4d8fbde3d92377697d0b&name=default 0.029s
2025-12-12 21:04:23.018 66065 INFO tempest.lib.common.rest_client [req-84cbd7f6-68e3-4098-bb42-3f4b8e2cdc81 req-84cbd7f6-68e3-4098-bb42-3f4b8e2cdc81 ] Request (ServerRescueTestJSONUnderV235:_run_cleanups): 202 DELETE http://10.180.1.21/compute/v2.1/os-floating-ips/7f7cddda-3453-407b-b01c-b34e306a7fbe 0.978s
2025-12-12 21:04:23.049 66087 INFO tempest.lib.common.rest_client [req-04b6dbfe-ec00-4fad-ba8c-eb65d27582b7 req-04b6dbfe-ec00-4fad-ba8c-eb65d27582b7 ] Request (SecurityGroupsTestJSON:test_server_security_groups): 200 GET http://10.180.1.21/compute/v2.1/servers/7db884bb-c2be-4ba9-a766-6e4adf0b36b7 0.767s
2025-12-12 21:04:23.059 66055 INFO tempest.lib.common.rest_client [req-99b69fe4-c0e3-4743-b0eb-d9cdc5b1e53a req-99b69fe4-c0e3-4743-b0eb-d9cdc5b1e53a ] Request (ImagesOneServerTestJSON:test_create_image_specify_multibyte_character_image_name): 200 GET http://10.180.1.21/compute/v2.1/images/e33897cd-005b-4f83-8d11-3e52b6f74895 0.741s
2025-12-12 21:04:23.073 66037 INFO tempest.lib.common.rest_client [req-bc2b91b0-c49d-4026-9e99-9bc39760d099 req-bc2b91b0-c49d-4026-9e99-9bc39760d099 ] Request (ServersAdminNegativeTestJSON:_run_cleanups): 202 DELETE http://10.180.1.21/compute/v2.1/flavors/2119320664 0.559s
2025-12-12 21:04:23.093 66045 INFO tempest.lib.common.rest_client [req-d89d27ae-5d8c-4564-a1aa-8fb0bcda98af req-d89d27ae-5d8c-4564-a1aa-8fb0bcda98af ] Request (ServersTestManualDisk:tearDownClass): 204 DELETE http://10.180.1.21/networking/v2.0/security-groups/62ac2919-c7e8-4cdf-bd8e-e08542db1060 0.131s
2025-12-12 21:04:23.124 66051 INFO tempest.lib.common.rest_client [req-1460ab78-9b0e-41cc-8479-f607e4fb4b41 req-1460ab78-9b0e-41cc-8479-f607e4fb4b41 ] Request (ServerTagsTestJSON:setUpClass): 200 GET http://10.180.1.21/compute/v2.1/servers/fda88615-7cc8-4a7e-b176-9f084114a23e 0.374s
2025-12-12 21:04:23.137 66061 INFO tempest.lib.common.rest_client [req-72f7938c-f446-4c25-8176-5daf994dd7df req-72f7938c-f446-4c25-8176-5daf994dd7df ] Request (ServersAdminTestJSON:test_inject_network_info): 200 GET http://10.180.1.21/compute/v2.1/servers/efdfd045-1d6e-490f-812d-f6b86d333292 0.285s
2025-12-12 21:04:23.166 66041 INFO tempest.lib.common.rest_client [req-1a132837-0a07-4bff-9036-5af38b65cbd4 req-1a132837-0a07-4bff-9036-5af38b65cbd4 ] Request (ImagesTestJSON:test_create_image_from_suspended_server): 200 GET http://10.180.1.21/compute/v2.1/images/ea357954-7b03-4be0-b203-63801fa56ac5 0.266s
2025-12-12 21:04:23.200 66053 INFO tempest.lib.common.rest_client [req-b2eb58ba-382e-4b62-9cdc-b4d6fa517456 req-b2eb58ba-382e-4b62-9cdc-b4d6fa517456 ] Request (ServerShowV247Test:test_update_rebuild_list_server): 200 GET http://10.180.1.21/compute/v2.1/servers/6c26cdf6-a4c1-4cf1-845d-e74a028fb1eb 0.203s
2025-12-12 21:04:23.220 66045 INFO tempest.lib.common.rest_client [req-b9b8efef-3845-4fac-a2b2-1100343807ca req-b9b8efef-3845-4fac-a2b2-1100343807ca ] Request (ServersTestManualDisk:tearDownClass): 204 DELETE http://10.180.1.21/identity/v3/projects/29f45bc4378b4d8fbde3d92377697d0b 0.126s
2025-12-12 21:04:23.225 66037 INFO tempest.lib.common.rest_client [req-47efa2eb-6b8a-4cff-99c8-8e86c588e90e req-47efa2eb-6b8a-4cff-99c8-8e86c588e90e ] Request (ServersAdminNegativeTestJSON:_run_cleanups): 200 GET http://10.180.1.21/compute/v2.1/flavors/detail 0.151s
2025-12-12 21:04:23.279 66083 INFO tempest.lib.common.rest_client [req-bc43bb2a-78f9-4c3b-a792-386665a6f375 req-bc43bb2a-78f9-4c3b-a792-386665a6f375 ] Request (FloatingIPsAssociationNegativeTestJSON:setUpClass): 200 GET http://10.180.1.21/compute/v2.1/servers/2ffd35db-ae96-4360-9411-a62c0bcacbad 0.184s
2025-12-12 21:04:23.293 66065 INFO tempest.lib.common.rest_client [req-fca72d5d-66d4-44f0-8912-9ddb4f90ec9f req-fca72d5d-66d4-44f0-8912-9ddb4f90ec9f ] Request (ServerRescueTestJSONUnderV235:tearDownClass): 202 DELETE http://10.180.1.21/compute/v2.1/os-security-groups/f67d169f-700f-453a-8eae-85488f023749 0.273s
2025-12-12 21:04:23.298 66045 INFO tempest.lib.common.rest_client [req-90294bc3-9867-41e6-ab28-edf042318082 req-90294bc3-9867-41e6-ab28-edf042318082 ] Request (ServerRescueTestJSON:setUpClass): 201 POST http://10.180.1.21/identity/v3/auth/tokens 0.077s
2025-12-12 21:04:23.335 66045 INFO tempest.lib.common.rest_client [req-c57737e0-32c9-4912-b6ea-6668d2f3b1f1 req-c57737e0-32c9-4912-b6ea-6668d2f3b1f1 ] Request (ServerRescueTestJSON:setUpClass): 201 POST http://10.180.1.21/identity/v3/auth/tokens 0.029s
2025-12-12 21:04:23.337 66077 INFO tempest.lib.common.rest_client [req-bd5db236-f429-4ea7-9b5d-9d136e2b168c req-bd5db236-f429-4ea7-9b5d-9d136e2b168c ] Request (ImagesOneServerNegativeTestJSON:_run_cleanups): 200 GET http://10.180.1.21/compute/v2.1/servers/5745015d-9314-4dfc-a508-29b912f5e320 0.199s
2025-12-12 21:04:23.362 66045 INFO tempest.lib.common.rest_client [req-a7dacfbe-e9a4-4939-b5ba-257e2f9c1f21 req-a7dacfbe-e9a4-4939-b5ba-257e2f9c1f21 ] Request (ServerRescueTestJSON:setUpClass): 200 GET http://10.180.1.21/identity/v3/domains?name=Default 0.026s
2025-12-12 21:04:23.394 66039 INFO tempest.lib.common.rest_client [req-8d4cb4e5-53f6-4bd8-b7bf-a98ee4ce3565 req-8d4cb4e5-53f6-4bd8-b7bf-a98ee4ce3565 ] Request (ServerDiskConfigTestJSON:test_resize_server_from_auto_to_manual): 200 GET http://10.180.1.21/compute/v2.1/servers/1bd3add4-ba3e-4f0e-baa6-a0ae152cc076 0.202s
2025-12-12 21:04:23.401 66035 INFO tempest.lib.common.rest_client [req-7762a9f1-158e-41c2-8530-bf62454ba2ba req-7762a9f1-158e-41c2-8530-bf62454ba2ba ] Request (MigrationsAdminTest:test_resize_server_revert_deleted_flavor): 200 GET http://10.180.1.21/compute/v2.1/servers/723c31d3-c043-4413-9de6-ce4b975c2731 0.188s
2025-12-12 21:04:23.403 66045 INFO tempest.lib.common.rest_client [req-0587bbdf-ac6f-420e-94b7-5fac2f510a1a req-0587bbdf-ac6f-420e-94b7-5fac2f510a1a ] Request (ServerRescueTestJSON:setUpClass): 201 POST http://10.180.1.21/identity/v3/projects 0.040s
2025-12-12 21:04:23.431 66037 INFO tempest.lib.common.rest_client [req-5c3c0811-f7c1-4ca8-9cb5-7f2bfd7dcb78 req-5c3c0811-f7c1-4ca8-9cb5-7f2bfd7dcb78 ] Request (ServersAdminNegativeTestJSON:test_restore_server_invalid_state): 409 POST http://10.180.1.21/compute/v2.1/servers/2cd45324-9f6b-4de6-9355-cac81753a29b/action 0.200s
2025-12-12 21:04:23.475 66045 INFO tempest.lib.common.rest_client [req-e1c1bb0c-949a-4686-b551-460932b14e63 req-e1c1bb0c-949a-4686-b551-460932b14e63 ] Request (ServerRescueTestJSON:setUpClass): 201 POST http://10.180.1.21/identity/v3/users 0.072s
2025-12-12 21:04:23.480 66073 INFO tempest.lib.common.rest_client [req-5c01a355-91f7-4a42-b501-324ecef3bbcc req-5c01a355-91f7-4a42-b501-324ecef3bbcc ] Request (ServerActionsTestJSON:setUpClass): 200 GET http://10.180.1.21/compute/v2.1/servers/325b52a4-71d0-43bc-bdc3-f62c5f587c9e 0.215s
2025-12-12 21:04:23.499 66045 INFO tempest.lib.common.rest_client [req-1eca05e2-39f2-4d43-975b-30fbb3762061 req-1eca05e2-39f2-4d43-975b-30fbb3762061 ] Request (ServerRescueTestJSON:setUpClass): 200 GET http://10.180.1.21/identity/v3/roles 0.023s
2025-12-12 21:04:23.515 66065 INFO tempest.lib.common.rest_client [req-83d603f8-9866-4a34-a1dd-3b7349438a57 req-83d603f8-9866-4a34-a1dd-3b7349438a57 ] Request (ServerRescueTestJSONUnderV235:tearDownClass): 204 DELETE http://10.180.1.21/compute/v2.1/servers/3152c30d-43a9-4c5f-a140-4d3bd37ba55a 0.221s
2025-12-12 21:04:23.536 66045 INFO tempest.lib.common.rest_client [req-45e203bf-1fc7-4a07-8b64-8c413aaa2788 req-45e203bf-1fc7-4a07-8b64-8c413aaa2788 ] Request (ServerRescueTestJSON:setUpClass): 204 PUT http://10.180.1.21/identity/v3/projects/0a42cd81b92344108ba556012b8bec44/users/ca9f8eeed8564a8781a41932db3d975c/roles/22d52857a4284787b3ac0561173e1020 0.037s
2025-12-12 21:04:23.536 66045 INFO tempest.lib.common.dynamic_creds [-] Dynamic test user ca9f8eeed8564a8781a41932db3d975c is created with scope project and roles: ['member']
2025-12-12 21:04:23.537 66045 INFO tempest.lib.common.dynamic_creds [-] Acquired dynamic creds: credentials: Credentials: {'domain_id': 'default', 'domain_name': 'Default', 'username': 'tempest-ServerRescueTestJSON-1422254753-project-member', 'project_domain_id': 'default', 'project_domain_name': 'Default', 'project_id': '0a42cd81b92344108ba556012b8bec44', 'project_name': 'tempest-ServerRescueTestJSON-1422254753', 'tenant_id': '0a42cd81b92344108ba556012b8bec44', 'tenant_name': 'tempest-ServerRescueTestJSON-1422254753', 'user_domain_id': 'default', 'user_domain_name': 'Default', 'user_id': 'ca9f8eeed8564a8781a41932db3d975c', 'system': None}, Network: None, Subnet: None, Router: None
2025-12-12 21:04:23.548 66063 INFO tempest.lib.common.rest_client [req-ff160962-5463-4d1c-8ab0-e1539843c119 req-ff160962-5463-4d1c-8ab0-e1539843c119 ] Request (ServersTestJSON:tearDownClass): 200 GET http://10.180.1.21/compute/v2.1/servers/f15ae25b-4c6b-4e67-81ee-7acc379c94be 0.252s
2025-12-12 21:04:23.568 66069 INFO tempest.lib.common.rest_client [req-aad02228-8ea4-488c-9c62-74fe212407bc req-aad02228-8ea4-488c-9c62-74fe212407bc ] Request (ServersWithSpecificFlavorTestJSON:test_verify_created_server_ephemeral_disk): 200 GET http://10.180.1.21/compute/v2.1/servers/dad2580f-c0fc-4d73-a29f-8cf6eba61ee0 0.232s
2025-12-12 21:04:23.603 66091 INFO tempest.lib.common.rest_client [req-6a857cd6-1d54-43db-9f41-47845c865196 req-6a857cd6-1d54-43db-9f41-47845c865196 ] Request (ServerGroupTestJSON:test_create_server_with_scheduler_hint_group): 200 GET http://10.180.1.21/compute/v2.1/servers/ddd8ae50-1bfa-4d9b-aac4-ba8fe3960aa4 0.218s
2025-12-12 21:04:23.618 66045 INFO tempest.lib.common.rest_client [req-e4b6311c-c6e0-4fc6-8d59-25c0bc75416e req-e4b6311c-c6e0-4fc6-8d59-25c0bc75416e ] Request (ServerRescueTestJSON:setUpClass): 201 POST http://10.180.1.21/identity/v3/auth/tokens 0.081s
2025-12-12 21:04:23.666 66037 INFO tempest.lib.common.rest_client [req-7f1bfec9-9aea-42e8-a230-34a67dd7e35c req-7f1bfec9-9aea-42e8-a230-34a67dd7e35c ] Request (ServersAdminNegativeTestJSON:tearDownClass): 204 DELETE http://10.180.1.21/compute/v2.1/servers/f7d2ff07-e1e1-47f7-ad24-e6b30dfb6098 0.233s
2025-12-12 21:04:23.683 66079 INFO tempest.lib.common.rest_client [req-8928969d-319c-4314-a03d-da49174e1deb req-8928969d-319c-4314-a03d-da49174e1deb ] Request (DeleteServersTestJSON:test_delete_server_while_in_attached_volume): 200 GET http://10.180.1.21/compute/v2.1/servers/4dfbd028-515c-4860-a21b-9d08c5e8d591 0.205s
2025-12-12 21:04:23.746 66043 WARNING tempest.lib.common.ssh [-] Failed to establish authenticated ssh connection to cirros@10.180.180.253 ([Errno None] Unable to connect to port 22 on 10.180.180.253). Number attempts: 5. Retry after 6 seconds.: paramiko.ssh_exception.NoValidConnectionsError: [Errno None] Unable to connect to port 22 on 10.180.180.253
2025-12-12 21:04:23.874 66093 INFO tempest.lib.common.rest_client [req-fb402a80-209d-48e1-941c-959982a357f2 req-fb402a80-209d-48e1-941c-959982a357f2 ] Request (FloatingIPsAssociationTestJSON:test_associate_already_associated_floating_ip): 200 GET http://10.180.1.21/compute/v2.1/servers/20b08310-c08a-4c58-af50-52a76d13c040 0.288s
2025-12-12 21:04:23.907 66067 INFO tempest.lib.common.rest_client [req-c1d23238-a536-45fe-b04c-5f64ef9c750b req-c1d23238-a536-45fe-b04c-5f64ef9c750b ] Request (ServersTestBootFromVolume:tearDownClass): 404 GET http://10.180.1.21/compute/v2.1/servers/9e9eadec-44d4-47fd-a27b-752987b1f387 0.254s
2025-12-12 21:04:23.956 66065 INFO tempest.lib.common.rest_client [req-76be8ce6-5b95-4786-ab00-7070fbffb32a req-76be8ce6-5b95-4786-ab00-7070fbffb32a ] Request (ServerRescueTestJSONUnderV235:tearDownClass): 200 GET http://10.180.1.21/compute/v2.1/servers/3152c30d-43a9-4c5f-a140-4d3bd37ba55a 0.441s
2025-12-12 21:04:23.997 66045 INFO tempest.lib.common.rest_client [req-0612be56-f8ee-4daa-833f-66ed8d6a9bec req-0612be56-f8ee-4daa-833f-66ed8d6a9bec ] Request (ServerRescueTestJSON:setUpClass): 201 POST http://10.180.1.21/networking/v2.0/networks 0.379s
2025-12-12 21:04:24.045 66075 INFO tempest.lib.common.rest_client [req-8e16406e-5c1c-4697-a3df-8e74722ea354 req-8e16406e-5c1c-4697-a3df-8e74722ea354 ] Request (ServersNegativeTestMultiTenantJSON:setUpClass): 200 GET http://10.180.1.21/compute/v2.1/servers/ef7457ca-13c5-4d45-86f7-e110de47bd86 0.253s
2025-12-12 21:04:24.071 66067 INFO tempest.lib.common.rest_client [req-c4e5994e-b2e4-42eb-abac-93baf68f713b req-c4e5994e-b2e4-42eb-abac-93baf68f713b ] Request (ServersTestBootFromVolume:tearDownClass): 202 DELETE http://10.180.1.21/compute/v2.1/os-keypairs/tempest-keypair-1573338809 0.163s
2025-12-12 21:04:24.090 66037 INFO tempest.lib.common.rest_client [req-96b11aa9-08d7-4b94-83b2-9611fe2eefab req-96b11aa9-08d7-4b94-83b2-9611fe2eefab ] Request (ServersAdminNegativeTestJSON:tearDownClass): 200 GET http://10.180.1.21/compute/v2.1/servers/f7d2ff07-e1e1-47f7-ad24-e6b30dfb6098 0.424s
2025-12-12 21:04:24.195 66067 INFO tempest.lib.common.rest_client [req-c946408d-e218-4354-bef2-91de069bb19c req-c946408d-e218-4354-bef2-91de069bb19c ] Request (ServersTestBootFromVolume:tearDownClass): 204 DELETE http://10.180.1.21/networking/v2.0/security-groups/ab0608f5-d5dd-4c66-919c-b7f19df42c7e 0.123s
2025-12-12 21:04:24.210 66045 INFO tempest.lib.common.rest_client [req-7823d038-5124-4ec6-a498-55f7713e0176 req-7823d038-5124-4ec6-a498-55f7713e0176 ] Request (ServerRescueTestJSON:setUpClass): 201 POST http://10.180.1.21/networking/v2.0/subnets 0.213s
2025-12-12 21:04:24.218 66067 INFO tempest.lib.common.rest_client [req-90ad594e-3553-4214-af0f-c826bad493c8 req-90ad594e-3553-4214-af0f-c826bad493c8 ] Request (ServersTestBootFromVolume:tearDownClass): 404 GET http://10.180.1.21/networking/v2.0/security-groups/ab0608f5-d5dd-4c66-919c-b7f19df42c7e 0.023s
2025-12-12 21:04:24.225 66047 INFO tempest.lib.common.rest_client [req-d0731953-2f5d-4f62-a99c-93ad4272c24a req-d0731953-2f5d-4f62-a99c-93ad4272c24a ] Request (AttachInterfacesUnderV243Test:test_add_remove_fixed_ip): 200 GET http://10.180.1.21/compute/v2.1/servers/3f3e95d1-1364-4abe-8df2-c5b5f0e0a035 0.313s
2025-12-12 21:04:24.275 66055 INFO tempest.lib.common.rest_client [req-f5466796-5f8f-4a43-bc4d-06b55cdce40d req-f5466796-5f8f-4a43-bc4d-06b55cdce40d ] Request (ImagesOneServerTestJSON:test_create_image_specify_multibyte_character_image_name): 200 GET http://10.180.1.21/compute/v2.1/images/e33897cd-005b-4f83-8d11-3e52b6f74895 0.211s
2025-12-12 21:04:24.539 66067 INFO tempest.lib.common.rest_client [req-592c482a-81c8-4dc3-8cc1-b17df86ef417 req-592c482a-81c8-4dc3-8cc1-b17df86ef417 ] Request (ServersTestBootFromVolume:tearDownClass): 204 DELETE http://10.180.1.21/networking/v2.0/floatingips/a90e2a82-d207-41b2-b6a9-2501d21e2367 0.321s
2025-12-12 21:04:24.578 66087 INFO tempest.lib.common.rest_client [req-8536696d-85ec-49e1-a47f-054865127934 req-8536696d-85ec-49e1-a47f-054865127934 ] Request (SecurityGroupsTestJSON:test_server_security_groups): 200 GET http://10.180.1.21/compute/v2.1/servers/7db884bb-c2be-4ba9-a766-6e4adf0b36b7 0.520s
2025-12-12 21:04:24.598 66051 INFO tempest.lib.common.rest_client [req-97daa954-9106-46ce-a3c8-8e60889f02cf req-97daa954-9106-46ce-a3c8-8e60889f02cf ] Request (ServerTagsTestJSON:setUpClass): 200 GET http://10.180.1.21/compute/v2.1/servers/fda88615-7cc8-4a7e-b176-9f084114a23e 0.462s
2025-12-12 21:04:24.655 66041 INFO tempest.lib.common.rest_client [req-3a9d7eea-1127-4dfd-9f08-68225110b553 req-3a9d7eea-1127-4dfd-9f08-68225110b553 ] Request (ImagesTestJSON:test_create_image_from_suspended_server): 200 GET http://10.180.1.21/compute/v2.1/images/ea357954-7b03-4be0-b203-63801fa56ac5 0.486s
2025-12-12 21:04:25.374 66067 INFO tempest.lib.common.rest_client [req-7a71d61b-413b-44e6-8a77-7d425eb50013 req-7a71d61b-413b-44e6-8a77-7d425eb50013 ] Request (ServersTestBootFromVolume:tearDownClass): 200 PUT http://10.180.1.21/networking/v2.0/routers/b687bf2f-3252-43bf-ae7d-61b827f788b9/remove_router_interface 0.834s
2025-12-12 21:04:25.399 66061 INFO tempest.lib.common.rest_client [req-7dd82981-ddf8-4e23-8ed2-827b8a251bf4 req-7dd82981-ddf8-4e23-8ed2-827b8a251bf4 ] Request (ServersAdminTestJSON:test_inject_network_info): 200 GET http://10.180.1.21/compute/v2.1/servers/efdfd045-1d6e-490f-812d-f6b86d333292 1.253s
2025-12-12 21:04:25.417 66053 INFO tempest.lib.common.rest_client [req-be1d1713-ce00-4c65-93a0-6a7653e749f0 req-be1d1713-ce00-4c65-93a0-6a7653e749f0 ] Request (ServerShowV247Test:test_update_rebuild_list_server): 200 GET http://10.180.1.21/compute/v2.1/servers/6c26cdf6-a4c1-4cf1-845d-e74a028fb1eb 1.208s
2025-12-12 21:04:25.446 66055 INFO tempest.lib.common.rest_client [req-6d50759e-1dc5-480a-89f5-989aa5d7f689 req-6d50759e-1dc5-480a-89f5-989aa5d7f689 ] Request (ImagesOneServerTestJSON:test_create_image_specify_multibyte_character_image_name): 200 GET http://10.180.1.21/compute/v2.1/images/e33897cd-005b-4f83-8d11-3e52b6f74895 1.166s
2025-12-12 21:04:25.497 66045 INFO tempest.lib.common.rest_client [req-38dc1b42-14d9-4f85-a5a5-062c4b5f5069 req-38dc1b42-14d9-4f85-a5a5-062c4b5f5069 ] Request (ServerRescueTestJSON:setUpClass): 201 POST http://10.180.1.21/networking/v2.0/routers 1.286s
2025-12-12 21:04:25.565 66083 INFO tempest.lib.common.rest_client [req-8bec82f2-5fcd-467d-be56-1fba0f05af1d req-8bec82f2-5fcd-467d-be56-1fba0f05af1d ] Request (FloatingIPsAssociationNegativeTestJSON:setUpClass): 200 GET http://10.180.1.21/compute/v2.1/servers/2ffd35db-ae96-4360-9411-a62c0bcacbad 1.274s
2025-12-12 21:04:25.576 66077 INFO tempest.lib.common.rest_client [req-ada5492e-46c3-44e1-abaa-8eb6d73f38af req-ada5492e-46c3-44e1-abaa-8eb6d73f38af ] Request (ImagesOneServerNegativeTestJSON:_run_cleanups): 200 GET http://10.180.1.21/compute/v2.1/servers/5745015d-9314-4dfc-a508-29b912f5e320 1.230s
2025-12-12 21:04:25.968 66067 INFO tempest.lib.common.rest_client [req-9b3acbc1-a220-4166-95c5-074ac9f9d121 req-9b3acbc1-a220-4166-95c5-074ac9f9d121 ] Request (ServersTestBootFromVolume:tearDownClass): 204 DELETE http://10.180.1.21/networking/v2.0/routers/b687bf2f-3252-43bf-ae7d-61b827f788b9 0.593s
2025-12-12 21:04:26.008 66035 INFO tempest.lib.common.rest_client [req-afbdb7ad-3a1c-4e6d-8c6f-b173a927a75b req-afbdb7ad-3a1c-4e6d-8c6f-b173a927a75b ] Request (MigrationsAdminTest:test_resize_server_revert_deleted_flavor): 200 GET http://10.180.1.21/compute/v2.1/servers/723c31d3-c043-4413-9de6-ce4b975c2731 1.594s
2025-12-12 21:04:26.034 66039 INFO tempest.lib.common.rest_client [req-306f5c58-0b51-4a10-9759-690349b7bb3a req-306f5c58-0b51-4a10-9759-690349b7bb3a ] Request (ServerDiskConfigTestJSON:test_resize_server_from_auto_to_manual): 200 GET http://10.180.1.21/compute/v2.1/servers/1bd3add4-ba3e-4f0e-baa6-a0ae152cc076 1.631s
2025-12-12 21:04:26.065 66063 INFO tempest.lib.common.rest_client [req-cc9877f0-afe2-467d-8098-6bfef9d44343 req-cc9877f0-afe2-467d-8098-6bfef9d44343 ] Request (ServersTestJSON:tearDownClass): 404 GET http://10.180.1.21/compute/v2.1/servers/f15ae25b-4c6b-4e67-81ee-7acc379c94be 1.508s
2025-12-12 21:04:26.148 66067 INFO tempest.lib.common.rest_client [req-e38e49e5-cc8e-4afa-923e-47fd034c9501 req-e38e49e5-cc8e-4afa-923e-47fd034c9501 ] Request (ServersTestBootFromVolume:tearDownClass): 204 DELETE http://10.180.1.21/networking/v2.0/subnets/2dc91812-11e6-4f84-96d2-ed5a8972db98 0.180s
2025-12-12 21:04:26.221 66073 INFO tempest.lib.common.rest_client [req-0917890b-061e-4915-9c0e-2282e21368d7 req-0917890b-061e-4915-9c0e-2282e21368d7 ] Request (ServerActionsTestJSON:setUpClass): 200 GET http://10.180.1.21/compute/v2.1/servers/325b52a4-71d0-43bc-bdc3-f62c5f587c9e 1.730s
2025-12-12 21:04:26.239 66069 INFO tempest.lib.common.rest_client [req-499a3360-a74b-47fa-9fbc-88dca9dd5766 req-499a3360-a74b-47fa-9fbc-88dca9dd5766 ] Request (ServersWithSpecificFlavorTestJSON:test_verify_created_server_ephemeral_disk): 200 GET http://10.180.1.21/compute/v2.1/servers/dad2580f-c0fc-4d73-a29f-8cf6eba61ee0 1.662s
2025-12-12 21:04:26.473 66067 INFO tempest.lib.common.rest_client [req-e298ebe2-89be-4bce-8934-11c95d99afb5 req-e298ebe2-89be-4bce-8934-11c95d99afb5 ] Request (ServersTestBootFromVolume:tearDownClass): 204 DELETE http://10.180.1.21/networking/v2.0/networks/2eccc805-9df0-40fe-b015-c4589ece6573 0.324s
2025-12-12 21:04:26.477 66057 WARNING tempest.lib.common.ssh [-] Failed to establish authenticated ssh connection to cirros@10.180.180.180 ([Errno None] Unable to connect to port 22 on 10.180.180.180). Number attempts: 6. Retry after 7 seconds.: paramiko.ssh_exception.NoValidConnectionsError: [Errno None] Unable to connect to port 22 on 10.180.180.180
2025-12-12 21:04:26.539 66091 INFO tempest.lib.common.rest_client [req-10ec8398-4ecd-4ec7-882a-8f3d4be36550 req-10ec8398-4ecd-4ec7-882a-8f3d4be36550 ] Request (ServerGroupTestJSON:test_create_server_with_scheduler_hint_group): 200 GET http://10.180.1.21/compute/v2.1/servers/ddd8ae50-1bfa-4d9b-aac4-ba8fe3960aa4 1.927s
2025-12-12 21:04:26.602 66067 INFO tempest.lib.common.rest_client [req-207de485-213a-4c90-9f86-088a36c40f87 req-207de485-213a-4c90-9f86-088a36c40f87 ] Request (ServersTestBootFromVolume:tearDownClass): 204 DELETE http://10.180.1.21/identity/v3/users/665d767ca8fb40a497ce578c30ef631f 0.128s
2025-12-12 21:04:26.602 66067 INFO tempest.lib.common.dynamic_creds [-] Deleting project and security group for project: 3cc59e0e8b5d4c56b7dc7f84a4ec9146
2025-12-12 21:04:26.603 66079 INFO tempest.lib.common.rest_client [req-053a303f-d1b7-42ef-aade-e1b51c95457e req-053a303f-d1b7-42ef-aade-e1b51c95457e ] Request (DeleteServersTestJSON:test_delete_server_while_in_attached_volume): 200 GET http://10.180.1.21/compute/v2.1/servers/4dfbd028-515c-4860-a21b-9d08c5e8d591 1.901s
2025-12-12 21:04:26.877 66045 INFO tempest.lib.common.rest_client [req-43db86da-00ed-4f0e-853a-092658883a90 req-43db86da-00ed-4f0e-853a-092658883a90 ] Request (ServerRescueTestJSON:setUpClass): 200 PUT http://10.180.1.21/networking/v2.0/routers/0ab69fa6-48cf-4319-98b9-96311860e5a5/add_router_interface 1.379s
2025-12-12 21:04:26.877 66045 INFO tempest.lib.common.dynamic_creds [-] Created isolated network resources for: credentials: Credentials: {'domain_id': 'default', 'domain_name': 'Default', 'username': 'tempest-ServerRescueTestJSON-1422254753-project-member', 'project_domain_id': 'default', 'project_domain_name': 'Default', 'project_id': '0a42cd81b92344108ba556012b8bec44', 'project_name': 'tempest-ServerRescueTestJSON-1422254753', 'tenant_id': '0a42cd81b92344108ba556012b8bec44', 'tenant_name': 'tempest-ServerRescueTestJSON-1422254753', 'user_domain_id': 'default', 'user_domain_name': 'Default', 'user_id': 'ca9f8eeed8564a8781a41932db3d975c', 'system': None}, Network: {'id': '8d3a6542-3e9a-41b6-81f7-0d3908256a8e', 'name': 'tempest-ServerRescueTestJSON-1958878265-network', 'tenant_id': '0a42cd81b92344108ba556012b8bec44', 'project_id': '0a42cd81b92344108ba556012b8bec44', 'admin_state_up': True, 'mtu': 8950, 'status': 'ACTIVE', 'subnets': [], 'shared': False, 'port_security_enabled': True, 'router:external': False, 'provider:network_type': 'vlan', 'provider:physical_network': 'default', 'provider:segmentation_id': 364, 'availability_zone_hints': [], 'availability_zones': [], 'ipv4_address_scope': None, 'ipv6_address_scope': None, 'description': '', 'tags': [], 'created_at': '2025-12-12T21:04:23Z', 'updated_at': '2025-12-12T21:04:23Z', 'revision_number': 1}, Subnet: {'id': '56c87cf8-f799-43c3-a095-2c805c17690e', 'name': 'tempest-ServerRescueTestJSON-1958878265-subnet', 'tenant_id': '0a42cd81b92344108ba556012b8bec44', 'network_id': '8d3a6542-3e9a-41b6-81f7-0d3908256a8e', 'ip_version': 4, 'subnetpool_id': None, 'enable_dhcp': False, 'ipv6_ra_mode': None, 'ipv6_address_mode': None, 'gateway_ip': '192.168.128.1', 'cidr': '192.168.128.0/28', 'allocation_pools': [{'start': '192.168.128.2', 'end': '192.168.128.14'}], 'host_routes': [], 'dns_nameservers': [], 'description': '', 'router:external': False, 'service_types': [], 'tags': [], 'created_at': '2025-12-12T21:04:24Z', 'updated_at': '2025-12-12T21:04:24Z', 'revision_number': 0, 'project_id': '0a42cd81b92344108ba556012b8bec44'}, Router: {'id': '0ab69fa6-48cf-4319-98b9-96311860e5a5', 'name': 'tempest-ServerRescueTestJSON-1958878265-router', 'tenant_id': '0a42cd81b92344108ba556012b8bec44', 'admin_state_up': True, 'status': 'ACTIVE', 'external_gateway_info': {'network_id': '8de6b53b-4a81-4fd8-a38d-5ff23045981e', 'external_fixed_ips': [{'subnet_id': '052cd9ad-2107-434c-b6e8-0a8c3698df36', 'ip_address': '10.180.180.190'}], 'enable_snat': True}, 'description': '', 'availability_zones': [], 'distributed': False, 'ha': False, 'availability_zone_hints': [], 'routes': [], 'flavor_id': None, 'tags': [], 'created_at': '2025-12-12T21:04:24Z', 'updated_at': '2025-12-12T21:04:25Z', 'revision_number': 2, 'project_id': '0a42cd81b92344108ba556012b8bec44'}
2025-12-12 21:04:26.908 66093 INFO tempest.lib.common.rest_client [req-1b703602-1d3d-455b-8fc0-cf3ea35a56dc req-1b703602-1d3d-455b-8fc0-cf3ea35a56dc ] Request (FloatingIPsAssociationTestJSON:test_associate_already_associated_floating_ip): 200 GET http://10.180.1.21/compute/v2.1/servers/20b08310-c08a-4c58-af50-52a76d13c040 2.025s
2025-12-12 21:04:26.916 66067 INFO tempest.lib.common.rest_client [req-1b6509d3-667e-413c-b27d-f79be83a2e9a req-1b6509d3-667e-413c-b27d-f79be83a2e9a ] Request (ServersTestBootFromVolume:tearDownClass): 200 GET http://10.180.1.21/networking/v2.0/security-groups?tenant_id=3cc59e0e8b5d4c56b7dc7f84a4ec9146&name=default 0.314s
2025-12-12 21:04:26.948 66065 INFO tempest.lib.common.rest_client [req-b18ed722-f1f6-404b-b5dc-a04b552ebf3c req-b18ed722-f1f6-404b-b5dc-a04b552ebf3c ] Request (ServerRescueTestJSONUnderV235:tearDownClass): 200 GET http://10.180.1.21/compute/v2.1/servers/3152c30d-43a9-4c5f-a140-4d3bd37ba55a 1.982s
2025-12-12 21:04:26.974 66075 INFO tempest.lib.common.rest_client [req-20808bfd-e382-4344-9957-f63323721025 req-20808bfd-e382-4344-9957-f63323721025 ] Request (ServersNegativeTestMultiTenantJSON:setUpClass): 200 GET http://10.180.1.21/compute/v2.1/servers/ef7457ca-13c5-4d45-86f7-e110de47bd86 1.918s
2025-12-12 21:04:27.010 66045 INFO tempest.lib.common.rest_client [req-9d49ce1f-379f-4e20-ad09-f2c3e9bd973b req-9d49ce1f-379f-4e20-ad09-f2c3e9bd973b ] Request (ServerRescueTestJSON:setUpClass): 201 POST http://10.180.1.21/identity/v3/auth/tokens 0.129s
2025-12-12 21:04:27.031 66037 INFO tempest.lib.common.rest_client [req-fe9d560f-24ea-4c38-838f-9359a44733c9 req-fe9d560f-24ea-4c38-838f-9359a44733c9 ] Request (ServersAdminNegativeTestJSON:tearDownClass): 200 GET http://10.180.1.21/compute/v2.1/servers/f7d2ff07-e1e1-47f7-ad24-e6b30dfb6098 1.931s
2025-12-12 21:04:27.040 66037 INFO tempest.common.waiters [-] State transition "SUSPENDED/deleting" ==> "DELETED/None" after 3 second wait
2025-12-12 21:04:27.046 66047 INFO tempest.lib.common.rest_client [req-33077a9f-ee70-427d-aaeb-4335004b487b req-33077a9f-ee70-427d-aaeb-4335004b487b ] Request (AttachInterfacesUnderV243Test:test_add_remove_fixed_ip): 200 GET http://10.180.1.21/compute/v2.1/servers/3f3e95d1-1364-4abe-8df2-c5b5f0e0a035 1.814s
2025-12-12 21:04:27.060 66045 INFO tempest.lib.common.rest_client [req-a16c5a87-262c-48d4-affc-a7268e2d15b3 req-a16c5a87-262c-48d4-affc-a7268e2d15b3 ] Request (ServerRescueTestJSON:setUpClass): 201 POST http://10.180.1.21/identity/v3/auth/tokens 0.046s
2025-12-12 21:04:27.061 66045 INFO tempest.lib.common.fixed_network [-] (ServerRescueTestJSON:setUpClass) Found network {'id': '8d3a6542-3e9a-41b6-81f7-0d3908256a8e', 'name': 'tempest-ServerRescueTestJSON-1958878265-network', 'tenant_id': '0a42cd81b92344108ba556012b8bec44', 'project_id': '0a42cd81b92344108ba556012b8bec44', 'admin_state_up': True, 'mtu': 8950, 'status': 'ACTIVE', 'subnets': [], 'shared': False, 'port_security_enabled': True, 'router:external': False, 'provider:network_type': 'vlan', 'provider:physical_network': 'default', 'provider:segmentation_id': 364, 'availability_zone_hints': [], 'availability_zones': [], 'ipv4_address_scope': None, 'ipv6_address_scope': None, 'description': '', 'tags': [], 'created_at': '2025-12-12T21:04:23Z', 'updated_at': '2025-12-12T21:04:23Z', 'revision_number': 1} available for tenant
2025-12-12 21:04:27.061 66067 INFO tempest.lib.common.rest_client [req-f7d11a31-eb56-4dd1-942b-d327ef95f5e8 req-f7d11a31-eb56-4dd1-942b-d327ef95f5e8 ] Request (ServersTestBootFromVolume:tearDownClass): 204 DELETE http://10.180.1.21/networking/v2.0/security-groups/3de3c20e-aeff-405d-90f6-ac20e46f0b69 0.144s
2025-12-12 21:04:27.113 66051 INFO tempest.lib.common.rest_client [req-09f99b10-f460-4e7c-90c1-98d16b3ca1da req-09f99b10-f460-4e7c-90c1-98d16b3ca1da ] Request (ServerTagsTestJSON:setUpClass): 200 GET http://10.180.1.21/compute/v2.1/servers/fda88615-7cc8-4a7e-b176-9f084114a23e 1.504s
2025-12-12 21:04:27.183 66031 WARNING tempest.lib.common.ssh [-] Failed to establish authenticated ssh connection to cirros@10.180.180.185 ([Errno None] Unable to connect to port 22 on 10.180.180.185). Number attempts: 11. Retry after 12 seconds.: paramiko.ssh_exception.NoValidConnectionsError: [Errno None] Unable to connect to port 22 on 10.180.180.185
2025-12-12 21:04:27.211 66067 INFO tempest.lib.common.rest_client [req-3918b52c-ad66-4c63-9bda-b978df6ed679 req-3918b52c-ad66-4c63-9bda-b978df6ed679 ] Request (ServersTestBootFromVolume:tearDownClass): 204 DELETE http://10.180.1.21/identity/v3/projects/3cc59e0e8b5d4c56b7dc7f84a4ec9146 0.150s
2025-12-12 21:04:27.219 66055 INFO tempest.lib.common.rest_client [req-e17775dc-fee9-4588-909e-0e073d8bf2de req-e17775dc-fee9-4588-909e-0e073d8bf2de ] Request (ImagesOneServerTestJSON:test_create_image_specify_multibyte_character_image_name): 200 GET http://10.180.1.21/compute/v2.1/servers/65bf20fc-a813-4e1c-be44-97414ab6a928 1.770s
2025-12-12 21:04:27.220 66087 INFO tempest.lib.common.rest_client [req-38091ed5-1006-4a57-9757-a4ca9100edd5 req-38091ed5-1006-4a57-9757-a4ca9100edd5 ] Request (SecurityGroupsTestJSON:test_server_security_groups): 200 GET http://10.180.1.21/compute/v2.1/servers/7db884bb-c2be-4ba9-a766-6e4adf0b36b7 1.595s
2025-12-12 21:04:27.227 66087 INFO tempest.common.waiters [-] State transition "BUILD/spawning" ==> "ACTIVE/None" after 53 second wait
2025-12-12 21:04:27.255 66041 INFO tempest.lib.common.rest_client [req-5cf3f939-430b-4732-92df-8301b7649e78 req-5cf3f939-430b-4732-92df-8301b7649e78 ] Request (ImagesTestJSON:test_create_image_from_suspended_server): 200 GET http://10.180.1.21/compute/v2.1/images/ea357954-7b03-4be0-b203-63801fa56ac5 1.592s
2025-12-12 21:04:27.258 66063 INFO tempest.lib.common.rest_client [req-d7632b27-5a66-4ffa-b3cf-4c7ee6ea34f2 req-d7632b27-5a66-4ffa-b3cf-4c7ee6ea34f2 ] Request (ServersTestJSON:tearDownClass): 202 DELETE http://10.180.1.21/compute/v2.1/os-keypairs/tempest-keypair-416676939 1.193s
2025-12-12 21:04:27.285 66067 INFO tempest.lib.common.rest_client [req-04a98c44-7950-4484-b1c5-8695e54b05d9 req-04a98c44-7950-4484-b1c5-8695e54b05d9 ] Request (ServerActionsTestOtherA:setUpClass): 201 POST http://10.180.1.21/identity/v3/auth/tokens 0.072s
2025-12-12 21:04:27.309 66061 INFO tempest.lib.common.rest_client [req-8cdbfdaa-ccff-44bf-b1bf-b7d6d97fe9f1 req-8cdbfdaa-ccff-44bf-b1bf-b7d6d97fe9f1 ] Request (ServersAdminTestJSON:test_inject_network_info): 200 GET http://10.180.1.21/compute/v2.1/servers/efdfd045-1d6e-490f-812d-f6b86d333292 0.897s
2025-12-12 21:04:27.323 66067 INFO tempest.lib.common.rest_client [req-55e52a24-344f-4351-89fc-d64cdef364bc req-55e52a24-344f-4351-89fc-d64cdef364bc ] Request (ServerActionsTestOtherA:setUpClass): 201 POST http://10.180.1.21/identity/v3/auth/tokens 0.035s
2025-12-12 21:04:27.337 66053 INFO tempest.lib.common.rest_client [req-6569cdca-ecb2-49d4-9206-96d8db448475 req-6569cdca-ecb2-49d4-9206-96d8db448475 ] Request (ServerShowV247Test:test_update_rebuild_list_server): 200 GET http://10.180.1.21/compute/v2.1/servers/6c26cdf6-a4c1-4cf1-845d-e74a028fb1eb 0.906s
2025-12-12 21:04:27.341 66063 INFO tempest.lib.common.rest_client [req-ed9c9c76-e460-4ae4-bade-1cdaf690ab89 req-ed9c9c76-e460-4ae4-bade-1cdaf690ab89 ] Request (ServersTestJSON:tearDownClass): 204 DELETE http://10.180.1.21/networking/v2.0/security-groups/3e1ed471-f65f-40d6-8b21-2b0474dba053 0.082s
2025-12-12 21:04:27.350 66063 INFO tempest.lib.common.rest_client [req-8ed6479e-2018-4157-98e9-ce757a4dea10 req-8ed6479e-2018-4157-98e9-ce757a4dea10 ] Request (ServersTestJSON:tearDownClass): 404 GET http://10.180.1.21/networking/v2.0/security-groups/3e1ed471-f65f-40d6-8b21-2b0474dba053 0.008s
2025-12-12 21:04:27.353 66067 INFO tempest.lib.common.rest_client [req-c5e16500-d9d7-4fe1-b539-35591e7e917a req-c5e16500-d9d7-4fe1-b539-35591e7e917a ] Request (ServerActionsTestOtherA:setUpClass): 200 GET http://10.180.1.21/identity/v3/domains?name=Default 0.028s
2025-12-12 21:04:27.373 66083 INFO tempest.lib.common.rest_client [req-68f3d136-3ffa-4262-9149-d51cc8bfb181 req-68f3d136-3ffa-4262-9149-d51cc8bfb181 ] Request (FloatingIPsAssociationNegativeTestJSON:setUpClass): 200 GET http://10.180.1.21/compute/v2.1/servers/2ffd35db-ae96-4360-9411-a62c0bcacbad 0.798s
2025-12-12 21:04:27.381 66067 INFO tempest.lib.common.rest_client [req-51a0d077-09b8-4548-a4e3-e56771231460 req-51a0d077-09b8-4548-a4e3-e56771231460 ] Request (ServerActionsTestOtherA:setUpClass): 201 POST http://10.180.1.21/identity/v3/projects 0.027s
2025-12-12 21:04:27.392 66077 INFO tempest.lib.common.rest_client [req-bc7eda67-7b3a-48b4-992e-7e9941959fc1 req-bc7eda67-7b3a-48b4-992e-7e9941959fc1 ] Request (ImagesOneServerNegativeTestJSON:_run_cleanups): 200 GET http://10.180.1.21/compute/v2.1/servers/5745015d-9314-4dfc-a508-29b912f5e320 0.808s
2025-12-12 21:04:27.448 66067 INFO tempest.lib.common.rest_client [req-da90eeff-a013-4369-ac92-2714028ce18b req-da90eeff-a013-4369-ac92-2714028ce18b ] Request (ServerActionsTestOtherA:setUpClass): 201 POST http://10.180.1.21/identity/v3/users 0.066s
2025-12-12 21:04:27.456 66035 INFO tempest.lib.common.rest_client [req-0c30a6af-2b01-45f8-a419-de6b7f35e9d7 req-0c30a6af-2b01-45f8-a419-de6b7f35e9d7 ] Request (MigrationsAdminTest:test_resize_server_revert_deleted_flavor): 200 GET http://10.180.1.21/compute/v2.1/servers/723c31d3-c043-4413-9de6-ce4b975c2731 0.436s
2025-12-12 21:04:27.475 66039 INFO tempest.lib.common.rest_client [req-912a8b39-59f7-4352-b3b1-7b5a296f1fd1 req-912a8b39-59f7-4352-b3b1-7b5a296f1fd1 ] Request (ServerDiskConfigTestJSON:test_resize_server_from_auto_to_manual): 200 GET http://10.180.1.21/compute/v2.1/servers/1bd3add4-ba3e-4f0e-baa6-a0ae152cc076 0.429s
2025-12-12 21:04:27.477 66067 INFO tempest.lib.common.rest_client [req-ec16de61-3f34-4b5d-8abe-f6230104122f req-ec16de61-3f34-4b5d-8abe-f6230104122f ] Request (ServerActionsTestOtherA:setUpClass): 200 GET http://10.180.1.21/identity/v3/roles 0.029s
2025-12-12 21:04:27.528 66067 INFO tempest.lib.common.rest_client [req-16e1d783-27fd-4a86-9bfe-1544011dc971 req-16e1d783-27fd-4a86-9bfe-1544011dc971 ] Request (ServerActionsTestOtherA:setUpClass): 204 PUT http://10.180.1.21/identity/v3/projects/6123390cc0944a59892be7c9413566d2/users/e515ef2010e94993b3a30872b1ea8e99/roles/22d52857a4284787b3ac0561173e1020 0.048s
2025-12-12 21:04:27.528 66067 INFO tempest.lib.common.dynamic_creds [-] Dynamic test user e515ef2010e94993b3a30872b1ea8e99 is created with scope project and roles: ['member']
2025-12-12 21:04:27.528 66067 INFO tempest.lib.common.dynamic_creds [-] Acquired dynamic creds: credentials: Credentials: {'domain_id': 'default', 'domain_name': 'Default', 'username': 'tempest-ServerActionsTestOtherA-639188317-project-member', 'project_domain_id': 'default', 'project_domain_name': 'Default', 'project_id': '6123390cc0944a59892be7c9413566d2', 'project_name': 'tempest-ServerActionsTestOtherA-639188317', 'tenant_id': '6123390cc0944a59892be7c9413566d2', 'tenant_name': 'tempest-ServerActionsTestOtherA-639188317', 'user_domain_id': 'default', 'user_domain_name': 'Default', 'user_id': 'e515ef2010e94993b3a30872b1ea8e99', 'system': None}, Network: None, Subnet: None, Router: None
2025-12-12 21:04:27.610 66063 INFO tempest.lib.common.rest_client [req-ec974e18-08a5-4b7b-8931-fd49df8b1b66 req-ec974e18-08a5-4b7b-8931-fd49df8b1b66 ] Request (ServersTestJSON:tearDownClass): 204 DELETE http://10.180.1.21/networking/v2.0/floatingips/4462b94d-77b2-4e2f-ae53-d246a6c3a1ec 0.260s
2025-12-12 21:04:27.611 66067 INFO tempest.lib.common.rest_client [req-8a042ff8-7aaa-454c-be3a-cbaad942da97 req-8a042ff8-7aaa-454c-be3a-cbaad942da97 ] Request (ServerActionsTestOtherA:setUpClass): 201 POST http://10.180.1.21/identity/v3/auth/tokens 0.082s
2025-12-12 21:04:27.874 66087 INFO tempest.lib.common.rest_client [req-3724e23b-0566-44a8-9ae9-5bf1e3796c3f req-3724e23b-0566-44a8-9ae9-5bf1e3796c3f ] Request (SecurityGroupsTestJSON:test_server_security_groups): 202 POST http://10.180.1.21/compute/v2.1/servers/7db884bb-c2be-4ba9-a766-6e4adf0b36b7/action 0.646s
2025-12-12 21:04:28.015 66055 INFO tempest.lib.common.rest_client [req-1ce60e3f-dcbe-440d-810a-f257fb3761c3 req-1ce60e3f-dcbe-440d-810a-f257fb3761c3 ] Request (ImagesOneServerTestJSON:tearDownClass): 204 DELETE http://10.180.1.21/compute/v2.1/images/e33897cd-005b-4f83-8d11-3e52b6f74895 0.785s
2025-12-12 21:04:28.199 66067 INFO tempest.lib.common.rest_client [req-ec8afec0-a6c5-4cb1-9584-3eb1a56981a9 req-ec8afec0-a6c5-4cb1-9584-3eb1a56981a9 ] Request (ServerActionsTestOtherA:setUpClass): 201 POST http://10.180.1.21/networking/v2.0/networks 0.588s
2025-12-12 21:04:28.263 66073 INFO tempest.lib.common.rest_client [req-b1b9539a-9d44-42c5-8f62-cffc6d2894c2 req-b1b9539a-9d44-42c5-8f62-cffc6d2894c2 ] Request (ServerActionsTestJSON:setUpClass): 200 GET http://10.180.1.21/compute/v2.1/servers/325b52a4-71d0-43bc-bdc3-f62c5f587c9e 1.028s
2025-12-12 21:04:28.405 66063 INFO tempest.lib.common.rest_client [req-3dfbad05-91b4-4c05-8e5e-183a58eef9f4 req-3dfbad05-91b4-4c05-8e5e-183a58eef9f4 ] Request (ServersTestJSON:tearDownClass): 200 PUT http://10.180.1.21/networking/v2.0/routers/c8899672-15e4-42b4-a124-8d9c28e8f9ff/remove_router_interface 0.794s
2025-12-12 21:04:28.432 66067 INFO tempest.lib.common.rest_client [req-132b06c5-4c68-403d-90e1-3d0c479f40a0 req-132b06c5-4c68-403d-90e1-3d0c479f40a0 ] Request (ServerActionsTestOtherA:setUpClass): 201 POST http://10.180.1.21/networking/v2.0/subnets 0.232s
2025-12-12 21:04:28.440 66069 INFO tempest.lib.common.rest_client [req-7e477725-f95d-478c-8ef8-d702c7b61c46 req-7e477725-f95d-478c-8ef8-d702c7b61c46 ] Request (ServersWithSpecificFlavorTestJSON:test_verify_created_server_ephemeral_disk): 200 GET http://10.180.1.21/compute/v2.1/servers/dad2580f-c0fc-4d73-a29f-8cf6eba61ee0 1.187s
2025-12-12 21:04:28.577 66085 WARNING tempest.lib.common.ssh [-] Failed to establish authenticated ssh connection to cirros@10.180.180.249 ([Errno None] Unable to connect to port 22 on 10.180.180.249). Number attempts: 11. Retry after 12 seconds.: paramiko.ssh_exception.NoValidConnectionsError: [Errno None] Unable to connect to port 22 on 10.180.180.249
2025-12-12 21:04:28.900 66063 INFO tempest.lib.common.rest_client [req-bbcd680a-82cb-4991-ac1b-3d3cb532007d req-bbcd680a-82cb-4991-ac1b-3d3cb532007d ] Request (ServersTestJSON:tearDownClass): 204 DELETE http://10.180.1.21/networking/v2.0/routers/c8899672-15e4-42b4-a124-8d9c28e8f9ff 0.494s
2025-12-12 21:04:28.955 66091 INFO tempest.lib.common.rest_client [req-c133e68d-bc29-4141-8573-dddbdb28ceda req-c133e68d-bc29-4141-8573-dddbdb28ceda ] Request (ServerGroupTestJSON:test_create_server_with_scheduler_hint_group): 200 GET http://10.180.1.21/compute/v2.1/servers/ddd8ae50-1bfa-4d9b-aac4-ba8fe3960aa4 1.406s
2025-12-12 21:04:29.177 66063 INFO tempest.lib.common.rest_client [req-632815a0-c515-4e4a-b7ca-a6f1babb17d4 req-632815a0-c515-4e4a-b7ca-a6f1babb17d4 ] Request (ServersTestJSON:tearDownClass): 204 DELETE http://10.180.1.21/networking/v2.0/subnets/97843718-7d87-4d50-bc8a-8a004171c89d 0.276s
2025-12-12 21:04:29.234 66049 WARNING tempest.lib.common.ssh [-] Failed to establish authenticated ssh connection to cirros@10.180.180.197 ([Errno None] Unable to connect to port 22 on 10.180.180.197). Number attempts: 4. Retry after 5 seconds.: paramiko.ssh_exception.NoValidConnectionsError: [Errno None] Unable to connect to port 22 on 10.180.180.197
2025-12-12 21:04:29.267 66079 INFO tempest.lib.common.rest_client [req-6b2dede9-1395-462e-83f0-cb51384c339a req-6b2dede9-1395-462e-83f0-cb51384c339a ] Request (DeleteServersTestJSON:test_delete_server_while_in_attached_volume): 200 GET http://10.180.1.21/compute/v2.1/servers/4dfbd028-515c-4860-a21b-9d08c5e8d591 1.650s
2025-12-12 21:04:29.669 66067 INFO tempest.lib.common.rest_client [req-af3f0d4e-fef6-43d2-ba81-a8f2cbe35d76 req-af3f0d4e-fef6-43d2-ba81-a8f2cbe35d76 ] Request (ServerActionsTestOtherA:setUpClass): 201 POST http://10.180.1.21/networking/v2.0/routers 1.236s
2025-12-12 21:04:29.828 66045 INFO tempest.lib.common.rest_client [req-6a7dcf5e-07ab-401f-9a73-24fcdf78353e req-6a7dcf5e-07ab-401f-9a73-24fcdf78353e ] Request (ServerRescueTestJSON:setUpClass): 202 POST http://10.180.1.21/compute/v2.1/servers 2.766s
2025-12-12 21:04:29.904 66063 INFO tempest.lib.common.rest_client [req-416e9cec-07af-4c74-9d11-5e354fe0a171 req-416e9cec-07af-4c74-9d11-5e354fe0a171 ] Request (ServersTestJSON:tearDownClass): 204 DELETE http://10.180.1.21/networking/v2.0/networks/73510bc5-ede0-4ccc-b75f-e96692e17547 0.726s
2025-12-12 21:04:30.009 66063 INFO tempest.lib.common.rest_client [req-fe84d901-4606-4599-b38e-27b75e610f7a req-fe84d901-4606-4599-b38e-27b75e610f7a ] Request (ServersTestJSON:tearDownClass): 204 DELETE http://10.180.1.21/identity/v3/users/6a599b1f211a40a7a5eda6f6116e4584 0.105s
2025-12-12 21:04:30.010 66063 INFO tempest.lib.common.dynamic_creds [-] Deleting project and security group for project: 5a396524d25f452ebdc166d0db84711f
2025-12-12 21:04:30.256 66043 WARNING tempest.lib.common.ssh [-] Failed to establish authenticated ssh connection to cirros@10.180.180.253 ([Errno None] Unable to connect to port 22 on 10.180.180.253). Number attempts: 6. Retry after 7 seconds.: paramiko.ssh_exception.NoValidConnectionsError: [Errno None] Unable to connect to port 22 on 10.180.180.253
