2025-11-21 01:51:00.497 66058 INFO tempest.lib.common.rest_client [req-24a6f665-5ed7-4cf7-9b52-f9835a509583 req-24a6f665-5ed7-4cf7-9b52-f9835a509583 ] Request (ServerDiagnosticsV248Test:test_get_server_diagnostics): 200 GET http://10.180.1.21/compute/v2.1/servers/fb1c31cf-cafb-4b82-ac3f-ee06b26c45cb 4.209s
2025-11-21 01:51:00.522 66050 INFO tempest.lib.common.rest_client [req-b9cff12c-c939-4e25-9f32-024ebae94817 req-b9cff12c-c939-4e25-9f32-024ebae94817 ] Request (ServersAaction247Test:tearDownClass): 204 DELETE http://10.180.1.21/identity/v3/users/c8b1cfbbb58648aca3b372f1ead2ea47 0.133s
2025-11-21 01:51:00.523 66050 INFO tempest.lib.common.dynamic_creds [-] Deleting project and security group for project: 433da4c788324f36817490297f40a361
2025-11-21 01:51:00.557 66048 INFO tempest.lib.common.rest_client [req-0e0a4e8d-c550-4f41-a834-55d8d595186f req-0e0a4e8d-c550-4f41-a834-55d8d595186f ] Request (ServersAdmin275Test:test_rebuild_update_server_275): 201 POST http://10.180.1.21/identity/v3/auth/tokens 0.072s
2025-11-21 01:51:00.557 66048 INFO tempest.lib.common.fixed_network [-] (ServersAdmin275Test:test_rebuild_update_server_275) Found network None available for tenant
2025-11-21 01:51:00.562 66062 INFO tempest.lib.common.rest_client [req-fc50ffe3-e08a-4baf-9775-fcac4db3f4a4 req-fc50ffe3-e08a-4baf-9775-fcac4db3f4a4 ] Request (ListImagesTestJSON:test_list_images): 200 GET http://10.180.1.21/compute/v2.1/images 4.067s
2025-11-21 01:51:00.582 66050 INFO tempest.lib.common.rest_client [req-08769080-dc75-439c-8987-29dc488ca18f req-08769080-dc75-439c-8987-29dc488ca18f ] Request (ServersAaction247Test:tearDownClass): 201 POST http://10.180.1.21/identity/v3/auth/tokens 0.059s
2025-11-21 01:51:00.607 66060 INFO tempest.lib.common.rest_client [req-57e1a07c-b19d-43ac-88b3-4eaa8804f06b req-57e1a07c-b19d-43ac-88b3-4eaa8804f06b ] Request (ServersTestBootFromVolume:setUpClass): 200 GET http://10.180.1.21/volume/v3/volumes/9acca043-3a13-44cb-91d4-8c8eb827c510 0.036s
2025-11-21 01:51:00.652 66038 INFO tempest.lib.common.rest_client [req-a1032881-10f5-4693-8b65-517299a8d058 req-a1032881-10f5-4693-8b65-517299a8d058 ] Request (FloatingIPsAssociationNegativeTestJSON:setUpClass): 200 GET http://10.180.1.21/compute/v2.1/servers/3f3ec145-1d9e-4f4b-acda-2fe533f4dc35 4.182s
2025-11-21 01:51:00.662 66066 INFO tempest.lib.common.rest_client [req-abde0950-7c59-4871-98f4-3bd55687b7b5 req-abde0950-7c59-4871-98f4-3bd55687b7b5 ] Request (AttachInterfacesTestJSON:setUpClass): 201 POST http://10.180.1.21/networking/v2.0/routers 0.851s
2025-11-21 01:51:00.665 66038 INFO tempest.common.waiters [-] State transition "BUILD/spawning" ==> "ACTIVE/None" after 17 second wait
2025-11-21 01:51:00.704 66080 INFO tempest.lib.common.rest_client [req-769f5737-eba4-4b46-812b-a03ba62a0c3a req-769f5737-eba4-4b46-812b-a03ba62a0c3a ] Request (ListImageFiltersTestJSON:setUpClass): 200 GET http://10.180.1.21/compute/v2.1/images/cee7a22d-111c-4f58-8ebe-bf64f96acbdc 3.516s
2025-11-21 01:51:00.735 66032 INFO tempest.lib.common.rest_client [req-b847ea37-d88e-4c58-8360-7f91d0aae391 req-b847ea37-d88e-4c58-8360-7f91d0aae391 ] Request (ServicesAdminNegativeV253TestJSON:test_get_service_with_valid_service_and_invalid_host): 200 GET http://10.180.1.21/compute/v2.1/os-services 3.499s
2025-11-21 01:51:00.768 66082 INFO tempest.lib.common.rest_client [req-4d6ccbaa-eb0a-4c51-97e9-8b8c93a82509 req-4d6ccbaa-eb0a-4c51-97e9-8b8c93a82509 ] Request (FlavorsExtraSpecsNegativeTestJSON:test_flavor_non_admin_update_specific_key): 200 POST http://10.180.1.21/compute/v2.1/flavors/184464171/os-extra_specs 3.528s
2025-11-21 01:51:00.810 66056 INFO tempest.lib.common.rest_client [req-fc2c6af9-4a91-4eb8-8300-309eab7630e2 req-fc2c6af9-4a91-4eb8-8300-309eab7630e2 ] Request (ImagesOneServerTestJSON:test_create_delete_image): 200 GET http://10.180.1.21/compute/v2.1/images/689d66c9-8188-4aad-a903-68a0cdbb05be 3.522s
2025-11-21 01:51:00.907 66050 INFO tempest.lib.common.rest_client [req-c04608d2-c253-4899-b502-63ec87bc5c91 req-c04608d2-c253-4899-b502-63ec87bc5c91 ] Request (ServersAaction247Test:tearDownClass): 200 GET http://10.180.1.21/networking/v2.0/security-groups?tenant_id=433da4c788324f36817490297f40a361&name=default 0.324s
2025-11-21 01:51:00.945 66089 INFO tempest.lib.common.rest_client [req-e29b9d44-66cf-4f08-8755-986d633bbf1d req-e29b9d44-66cf-4f08-8755-986d633bbf1d ] Request (InstanceActionsV221TestJSON:test_get_list_deleted_instance_actions): 200 GET http://10.180.1.21/compute/v2.1/servers/554f0677-3fc1-44f3-8f3e-866857e88a1b 4.232s
2025-11-21 01:51:00.957 66089 INFO tempest.common.waiters [-] State transition "BUILD/spawning" ==> "ACTIVE/None" after 16 second wait
2025-11-21 01:51:01.063 66050 INFO tempest.lib.common.rest_client [req-db87761a-f500-4bea-bf77-e576c7ca3eba req-db87761a-f500-4bea-bf77-e576c7ca3eba ] Request (ServersAaction247Test:tearDownClass): 204 DELETE http://10.180.1.21/networking/v2.0/security-groups/bc018367-8261-4cda-9ca5-46311bee2cc4 0.155s
2025-11-21 01:51:01.140 66080 INFO tempest.lib.common.rest_client [req-79db0253-000e-4672-af1b-53a9a9e77f21 req-79db0253-000e-4672-af1b-53a9a9e77f21 ] Request (ListImageFiltersTestJSON:setUpClass): 201 POST http://10.180.1.21/image/v2/images 0.424s
2025-11-21 01:51:01.175 66050 INFO tempest.lib.common.rest_client [req-c2bbf5cf-4dce-4b3b-8fa1-a1487226c6a6 req-c2bbf5cf-4dce-4b3b-8fa1-a1487226c6a6 ] Request (ServersAaction247Test:tearDownClass): 204 DELETE http://10.180.1.21/identity/v3/projects/433da4c788324f36817490297f40a361 0.112s
2025-11-21 01:51:01.282 66050 INFO tempest.lib.common.rest_client [req-99fa4a10-d826-43a7-938d-c9087da4684a req-99fa4a10-d826-43a7-938d-c9087da4684a ] Request (QuotasTestJSON:setUpClass): 201 POST http://10.180.1.21/identity/v3/auth/tokens 0.105s
2025-11-21 01:51:01.292 66074 INFO tempest.lib.common.rest_client [req-57939ba9-ab9c-44d2-84a1-30d6a90e80dd req-57939ba9-ab9c-44d2-84a1-30d6a90e80dd ] Request (SecurityGroupsTestJSON:test_list_security_groups_by_server): 200 POST http://10.180.1.21/compute/v2.1/os-security-groups 3.620s
2025-11-21 01:51:01.341 66050 INFO tempest.lib.common.rest_client [req-d5f0dbd9-5012-4d97-9ba5-cd1ede0598f5 req-d5f0dbd9-5012-4d97-9ba5-cd1ede0598f5 ] Request (QuotasTestJSON:setUpClass): 201 POST http://10.180.1.21/identity/v3/auth/tokens 0.052s
2025-11-21 01:51:01.374 66050 INFO tempest.lib.common.rest_client [req-8bc15172-44d5-4efe-8ce8-46935b4073ff req-8bc15172-44d5-4efe-8ce8-46935b4073ff ] Request (QuotasTestJSON:setUpClass): 200 GET http://10.180.1.21/identity/v3/domains?name=Default 0.033s
2025-11-21 01:51:01.400 66074 INFO tempest.lib.common.rest_client [req-7ab846ba-bd03-4d4b-b9d5-244504ea6185 req-7ab846ba-bd03-4d4b-b9d5-244504ea6185 ] Request (SecurityGroupsTestJSON:test_list_security_groups_by_server): 201 POST http://10.180.1.21/identity/v3/auth/tokens 0.100s
2025-11-21 01:51:01.400 66074 INFO tempest.lib.common.fixed_network [-] (SecurityGroupsTestJSON:test_list_security_groups_by_server) Found network {'id': '30222191-36e2-4107-b76f-f299a14d65fa', 'name': 'tempest-SecurityGroupsTestJSON-1149188399-network', 'tenant_id': '67cf519d561a41b18e1b5c6ebeac431d', 'project_id': '67cf519d561a41b18e1b5c6ebeac431d', 'admin_state_up': True, 'mtu': 8950, 'status': 'ACTIVE', 'subnets': [], 'shared': False, 'port_security_enabled': True, 'router:external': False, 'provider:network_type': 'vlan', 'provider:physical_network': 'default', 'provider:segmentation_id': 170, 'availability_zone_hints': [], 'availability_zones': [], 'ipv4_address_scope': None, 'ipv6_address_scope': None, 'description': '', 'tags': [], 'created_at': '2025-11-21T01:50:47Z', 'updated_at': '2025-11-21T01:50:47Z', 'revision_number': 1} available for tenant
2025-11-21 01:51:01.435 66050 INFO tempest.lib.common.rest_client [req-0f6ccb27-df67-42ec-a57d-5253b83c07cf req-0f6ccb27-df67-42ec-a57d-5253b83c07cf ] Request (QuotasTestJSON:setUpClass): 201 POST http://10.180.1.21/identity/v3/projects 0.057s
2025-11-21 01:51:01.533 66050 INFO tempest.lib.common.rest_client [req-e13633dd-48a0-405a-ab0e-eb75af6230cc req-e13633dd-48a0-405a-ab0e-eb75af6230cc ] Request (QuotasTestJSON:setUpClass): 201 POST http://10.180.1.21/identity/v3/users 0.097s
2025-11-21 01:51:01.568 66050 INFO tempest.lib.common.rest_client [req-56fa73d5-6a84-41ff-9b8c-6b2341a4997b req-56fa73d5-6a84-41ff-9b8c-6b2341a4997b ] Request (QuotasTestJSON:setUpClass): 200 GET http://10.180.1.21/identity/v3/roles 0.034s
2025-11-21 01:51:01.601 66050 INFO tempest.lib.common.rest_client [req-76d75bd3-e450-4273-a7d6-470d898fbf77 req-76d75bd3-e450-4273-a7d6-470d898fbf77 ] Request (QuotasTestJSON:setUpClass): 204 PUT http://10.180.1.21/identity/v3/projects/bcecd4125c094d3998df0ad1c9b7b638/users/96f62da51fd04986a70748df6522d3d2/roles/9e2ca452ae2c4a8b9ca14ed8e681c5c9 0.032s
2025-11-21 01:51:01.602 66050 INFO tempest.lib.common.dynamic_creds [-] Dynamic test user 96f62da51fd04986a70748df6522d3d2 is created with scope project and roles: ['member']
2025-11-21 01:51:01.602 66050 INFO tempest.lib.common.dynamic_creds [-] Acquired dynamic creds: credentials: Credentials: {'domain_id': 'default', 'domain_name': 'Default', 'username': 'tempest-QuotasTestJSON-213901333-project-member', 'project_domain_id': 'default', 'project_domain_name': 'Default', 'project_id': 'bcecd4125c094d3998df0ad1c9b7b638', 'project_name': 'tempest-QuotasTestJSON-213901333', 'tenant_id': 'bcecd4125c094d3998df0ad1c9b7b638', 'tenant_name': 'tempest-QuotasTestJSON-213901333', 'user_domain_id': 'default', 'user_domain_name': 'Default', 'user_id': '96f62da51fd04986a70748df6522d3d2', 'system': None}, Network: None, Subnet: None, Router: None
2025-11-21 01:51:01.602 66050 INFO tempest.lib.common.dynamic_creds [-] Created isolated network resources for: credentials: Credentials: {'domain_id': 'default', 'domain_name': 'Default', 'username': 'tempest-QuotasTestJSON-213901333-project-member', 'project_domain_id': 'default', 'project_domain_name': 'Default', 'project_id': 'bcecd4125c094d3998df0ad1c9b7b638', 'project_name': 'tempest-QuotasTestJSON-213901333', 'tenant_id': 'bcecd4125c094d3998df0ad1c9b7b638', 'tenant_name': 'tempest-QuotasTestJSON-213901333', 'user_domain_id': 'default', 'user_domain_name': 'Default', 'user_id': '96f62da51fd04986a70748df6522d3d2', 'system': None}, Network: None, Subnet: None, Router: None
2025-11-21 01:51:01.612 66090 INFO tempest.lib.common.rest_client [req-eb85dab4-7c4a-49e2-bd6b-7639d9272f70 req-eb85dab4-7c4a-49e2-bd6b-7639d9272f70 ] Request (ImagesOneServerNegativeTestJSON:setUp): 200 GET http://10.180.1.21/compute/v2.1/servers/d818b6d4-391c-4911-a267-c42aae775098 3.644s
2025-11-21 01:51:01.651 66060 INFO tempest.lib.common.rest_client [req-92b2e41e-67a4-4902-901a-b4c621902b33 req-92b2e41e-67a4-4902-901a-b4c621902b33 ] Request (ServersTestBootFromVolume:setUpClass): 200 GET http://10.180.1.21/volume/v3/volumes/9acca043-3a13-44cb-91d4-8c8eb827c510 0.037s
2025-11-21 01:51:01.711 66050 INFO tempest.lib.common.rest_client [req-f35b0988-4fff-45ec-ace9-baceb3590d72 req-f35b0988-4fff-45ec-ace9-baceb3590d72 ] Request (QuotasTestJSON:setUpClass): 201 POST http://10.180.1.21/identity/v3/auth/tokens 0.106s
2025-11-21 01:51:01.713 66050 WARNING tempest.lib.common.rest_client [-] Deprecated: "tenant_id" property is deprecated for removal, use "project_id" instead
2025-11-21 01:51:01.798 66072 INFO tempest.lib.common.rest_client [req-43591e41-415a-4206-b70f-a34f6efec713 req-43591e41-415a-4206-b70f-a34f6efec713 ] Request (ServerExternalEventsTest:test_create_server_external_events): 200 GET http://10.180.1.21/compute/v2.1/servers/cfd6df13-9082-4925-9d31-bef7fea6b3ca 3.657s
2025-11-21 01:51:01.842 66043 INFO tempest.lib.common.rest_client [req-38bef669-e285-449a-a0a5-8e6ab9043946 req-38bef669-e285-449a-a0a5-8e6ab9043946 ] Request (ImagesTestJSON:test_create_image_from_stopped_server): 200 GET http://10.180.1.21/compute/v2.1/images/735e56fb-12ae-4b5b-ab43-c4c82ae3a4a1 3.119s
2025-11-21 01:51:01.867 66066 INFO tempest.lib.common.rest_client [req-b6937af1-fa23-4979-a79e-33c5479cb076 req-b6937af1-fa23-4979-a79e-33c5479cb076 ] Request (AttachInterfacesTestJSON:setUpClass): 200 PUT http://10.180.1.21/networking/v2.0/routers/3aad6118-654e-45fc-a6e5-a8d207b7c80d/add_router_interface 1.204s
2025-11-21 01:51:01.867 66066 INFO tempest.lib.common.dynamic_creds [-] Created isolated network resources for: credentials: Credentials: {'domain_id': 'default', 'domain_name': 'Default', 'username': 'tempest-AttachInterfacesTestJSON-589313202-project-member', 'project_domain_id': 'default', 'project_domain_name': 'Default', 'project_id': 'e37d468304be4ff7bb5ab108978b4cb1', 'project_name': 'tempest-AttachInterfacesTestJSON-589313202', 'tenant_id': 'e37d468304be4ff7bb5ab108978b4cb1', 'tenant_name': 'tempest-AttachInterfacesTestJSON-589313202', 'user_domain_id': 'default', 'user_domain_name': 'Default', 'user_id': 'e2679a3d31d948c59fa636bd65d14b2b', 'system': None}, Network: {'id': '86e26676-b93d-4438-ae11-5c77fae018b0', 'name': 'tempest-AttachInterfacesTestJSON-179573472-network', 'tenant_id': 'e37d468304be4ff7bb5ab108978b4cb1', 'project_id': 'e37d468304be4ff7bb5ab108978b4cb1', 'admin_state_up': True, 'mtu': 8950, 'status': 'ACTIVE', 'subnets': [], 'shared': False, 'port_security_enabled': True, 'router:external': False, 'provider:network_type': 'vlan', 'provider:physical_network': 'default', 'provider:segmentation_id': 39, 'availability_zone_hints': [], 'availability_zones': [], 'ipv4_address_scope': None, 'ipv6_address_scope': None, 'description': '', 'tags': [], 'created_at': '2025-11-21T01:50:59Z', 'updated_at': '2025-11-21T01:50:59Z', 'revision_number': 1}, Subnet: {'id': '53c1912a-086a-4a7e-b2ee-371cad3b5f4e', 'name': 'tempest-AttachInterfacesTestJSON-179573472-subnet', 'tenant_id': 'e37d468304be4ff7bb5ab108978b4cb1', 'network_id': '86e26676-b93d-4438-ae11-5c77fae018b0', 'ip_version': 4, 'subnetpool_id': None, 'enable_dhcp': True, 'ipv6_ra_mode': None, 'ipv6_address_mode': None, 'gateway_ip': '192.168.128.1', 'cidr': '192.168.128.0/28', 'allocation_pools': [{'start': '192.168.128.2', 'end': '192.168.128.14'}], 'host_routes': [], 'dns_nameservers': [], 'description': '', 'router:external': False, 'service_types': [], 'tags': [], 'created_at': '2025-11-21T01:50:59Z', 'updated_at': '2025-11-21T01:50:59Z', 'revision_number': 0, 'project_id': 'e37d468304be4ff7bb5ab108978b4cb1'}, Router: {'id': '3aad6118-654e-45fc-a6e5-a8d207b7c80d', 'name': 'tempest-AttachInterfacesTestJSON-179573472-router', 'tenant_id': 'e37d468304be4ff7bb5ab108978b4cb1', 'admin_state_up': True, 'status': 'ACTIVE', 'external_gateway_info': {'network_id': '1d4c1883-ef12-4663-80bd-026528d8d317', 'external_fixed_ips': [{'subnet_id': '2e253986-92cf-4f43-9a91-cb05350c01d8', 'ip_address': '10.180.180.199'}], 'enable_snat': True}, 'description': '', 'availability_zones': [], 'distributed': False, 'ha': False, 'availability_zone_hints': [], 'routes': [], 'flavor_id': None, 'tags': [], 'created_at': '2025-11-21T01:50:59Z', 'updated_at': '2025-11-21T01:51:00Z', 'revision_number': 2, 'project_id': 'e37d468304be4ff7bb5ab108978b4cb1'}
2025-11-21 01:51:01.878 66078 INFO tempest.lib.common.rest_client [req-b3f2af87-0294-4e3d-9dd9-b8448e5ea96e req-b3f2af87-0294-4e3d-9dd9-b8448e5ea96e ] Request (AggregatesAdminNegativeTestJSON:_run_cleanups): 200 DELETE http://10.180.1.21/compute/v2.1/os-aggregates/4 3.142s
2025-11-21 01:51:01.968 66066 INFO tempest.lib.common.rest_client [req-723377ea-fa7d-432b-ac77-54ec6cd478fe req-723377ea-fa7d-432b-ac77-54ec6cd478fe ] Request (AttachInterfacesTestJSON:setUpClass): 201 POST http://10.180.1.21/identity/v3/auth/tokens 0.098s
2025-11-21 01:51:02.351 66046 INFO tempest.lib.common.rest_client [req-9e8b1c56-c623-4f58-aaed-b73b2dcb9a95 req-9e8b1c56-c623-4f58-aaed-b73b2dcb9a95 ] Request (ServersTestManualDisk:setUpClass): 202 POST http://10.180.1.21/compute/v2.1/servers 3.568s
2025-11-21 01:51:02.561 66052 INFO tempest.lib.common.rest_client [req-a4f865d2-2dbb-4e33-8d7a-da6f482f52c4 req-a4f865d2-2dbb-4e33-8d7a-da6f482f52c4 ] Request (ServersWithSpecificFlavorTestJSON:test_verify_created_server_ephemeral_disk): 200 GET http://10.180.1.21/compute/v2.1/servers/dac85a2b-df9a-4c8f-8bc9-022a161e8b1f 3.759s
2025-11-21 01:51:02.569 66052 INFO tempest.lib.common.ssh [-] Creating ssh connection to '10.180.180.209:22' as 'cirros' with public key authentication
2025-11-21 01:51:02.570 66040 INFO tempest.lib.common.rest_client [req-1af6aa2b-09c2-471c-9b08-362a1300007d req-1af6aa2b-09c2-471c-9b08-362a1300007d ] Request (VolumesAssistedSnapshotsTest:test_volume_assisted_snapshot_create_delete): 200 POST http://10.180.1.21/compute/v2.1/servers/df12d483-63ce-44fe-a57c-97e068cdd54d/os-volume_attachments 4.929s
2025-11-21 01:51:02.591 66086 INFO tempest.lib.common.rest_client [req-2e40ed4f-7a01-4ec3-8805-659dbd0d8635 req-2e40ed4f-7a01-4ec3-8805-659dbd0d8635 ] Request (KeyPairsV22TestJSON:_run_cleanups): 204 DELETE http://10.180.1.21/compute/v2.1/os-keypairs/tempest-keypair-306589528 3.721s
2025-11-21 01:51:02.618 66030 INFO tempest.lib.common.rest_client [req-0b38f918-6681-4d51-944f-e58505110590 req-0b38f918-6681-4d51-944f-e58505110590 ] Request (ImagesMetadataTestJSON:test_update_image_metadata): 200 GET http://10.180.1.21/compute/v2.1/images/f58898ea-e339-4eb4-a2ad-8425197b956f/metadata 3.607s
2025-11-21 01:51:02.621 66040 INFO tempest.lib.common.rest_client [req-b88c225d-b842-41b3-bd1f-b55817f3b694 req-b88c225d-b842-41b3-bd1f-b55817f3b694 ] Request (VolumesAssistedSnapshotsTest:test_volume_assisted_snapshot_create_delete): 200 GET http://10.180.1.21/volume/v3/volumes/8c3ebd90-80a3-406c-af6a-0f6e42b33b5d 0.049s
2025-11-21 01:51:02.698 66060 INFO tempest.lib.common.rest_client [req-bc327ee7-d12e-4f87-9d50-2b5d13f84be9 req-bc327ee7-d12e-4f87-9d50-2b5d13f84be9 ] Request (ServersTestBootFromVolume:setUpClass): 200 GET http://10.180.1.21/volume/v3/volumes/9acca043-3a13-44cb-91d4-8c8eb827c510 0.037s
2025-11-21 01:51:02.722 66030 INFO tempest.lib.common.rest_client [req-993af46e-2287-48e8-9a90-11b9821e2078 req-993af46e-2287-48e8-9a90-11b9821e2078 ] Request (ImagesMetadataTestJSON:tearDownClass): 204 DELETE http://10.180.1.21/image/v2/images/f58898ea-e339-4eb4-a2ad-8425197b956f 0.102s
2025-11-21 01:51:02.734 66068 INFO tempest.lib.common.rest_client [req-85ff7551-2c09-41c8-bed6-5f629d321624 req-85ff7551-2c09-41c8-bed6-5f629d321624 ] Request (AttachInterfacesUnderV243Test:test_add_remove_fixed_ip): 200 GET http://10.180.1.21/compute/v2.1/servers/061d0a51-8aff-4fbc-b6f6-788c95e25cb6 3.109s
2025-11-21 01:51:02.745 66068 INFO tempest.lib.common.ssh [-] Creating ssh connection to '10.180.180.219:22' as 'cirros' with public key authentication
2025-11-21 01:51:02.750 66068 WARNING tempest.lib.common.ssh [-] Failed to establish authenticated ssh connection to cirros@10.180.180.219 ([Errno None] Unable to connect to port 22 on 10.180.180.219). Number attempts: 1. Retry after 2 seconds.: paramiko.ssh_exception.NoValidConnectionsError: [Errno None] Unable to connect to port 22 on 10.180.180.219
2025-11-21 01:51:02.761 66034 INFO tempest.lib.common.rest_client [req-16e99f4a-c8b2-4e6f-bc9e-0df952eacce4 req-16e99f4a-c8b2-4e6f-bc9e-0df952eacce4 ] Request (ServerRescueTestJSON:test_rescue_unrescue_instance): 200 POST http://10.180.1.21/compute/v2.1/servers/2131c077-505d-4a05-ba67-16049b9794ca/action 2.965s
2025-11-21 01:51:02.824 66064 INFO tempest.lib.common.rest_client [req-28b03835-43ae-4287-9e76-c508a3f50fc8 req-28b03835-43ae-4287-9e76-c508a3f50fc8 ] Request (KeyPairsV2TestJSON:test_keypairs_create_list_delete): 200 POST http://10.180.1.21/compute/v2.1/os-keypairs 2.388s
2025-11-21 01:51:02.924 66030 INFO tempest.lib.common.rest_client [req-2035a54b-d6fb-42d0-b65f-1b37d189e264 req-2035a54b-d6fb-42d0-b65f-1b37d189e264 ] Request (ImagesMetadataTestJSON:tearDownClass): 204 DELETE http://10.180.1.21/identity/v3/users/4d81ddcfac8b4b7c93da32d675084f8c 0.202s
2025-11-21 01:51:02.924 66030 INFO tempest.lib.common.dynamic_creds [-] Deleting project and security group for project: 7992faa1b3324259885d51be6d9a0e6f
2025-11-21 01:51:02.925 66036 INFO tempest.lib.common.rest_client [req-a2a51341-2a8a-44b9-ae26-9d5865a48459 req-a2a51341-2a8a-44b9-ae26-9d5865a48459 ] Request (DeleteServersAdminTestJSON:test_delete_server_while_in_error_state): 204 DELETE http://10.180.1.21/compute/v2.1/servers/6f3219fa-eb13-4b5d-ba48-8e8a8f002e74 2.458s
2025-11-21 01:51:03.022 66070 INFO tempest.lib.common.rest_client [req-42dfb794-ba79-4e37-b307-3350a4129d4c req-42dfb794-ba79-4e37-b307-3350a4129d4c ] Request (FlavorsAccessNegativeTestJSON:_run_cleanups): 200 POST http://10.180.1.21/compute/v2.1/flavors/1088074964/action 2.627s
2025-11-21 01:51:03.072 66062 INFO tempest.lib.common.rest_client [req-435ae05b-397f-444a-8fcf-0cdeaed4cf5b req-435ae05b-397f-444a-8fcf-0cdeaed4cf5b ] Request (ListImagesTestJSON:test_list_images_with_detail): 200 GET http://10.180.1.21/compute/v2.1/images/detail 2.502s
2025-11-21 01:51:03.071 66030 INFO tempest.lib.common.rest_client [req-f36ae361-8117-4718-9923-07dca44ebeb3 req-f36ae361-8117-4718-9923-07dca44ebeb3 ] Request (ImagesMetadataTestJSON:tearDownClass): 201 POST http://10.180.1.21/identity/v3/auth/tokens 0.147s
2025-11-21 01:51:03.250 66080 INFO tempest.lib.common.rest_client [req-68c61f19-22b6-4fa9-94d4-0b92ddf7a05d req-68c61f19-22b6-4fa9-94d4-0b92ddf7a05d ] Request (ListImageFiltersTestJSON:setUpClass): 204 PUT http://10.180.1.21/image/v2/images/1e549815-4578-41ce-a08f-a8e0a505c929/file 1.108s
2025-11-21 01:51:03.340 66062 INFO tempest.lib.common.rest_client [req-d50a4d30-a3f7-449f-9e18-4f4eb18dd202 req-d50a4d30-a3f7-449f-9e18-4f4eb18dd202 ] Request (ListImagesTestJSON:tearDownClass): 204 DELETE http://10.180.1.21/identity/v3/users/002e9954483d4167aa786ddcdb234e0d 0.260s
2025-11-21 01:51:03.340 66062 INFO tempest.lib.common.dynamic_creds [-] Deleting project and security group for project: 3ee83ae513bf47ba9690399cb6d14377
2025-11-21 01:51:03.369 66048 INFO tempest.lib.common.rest_client [req-092bdb2b-5a78-4c7f-af6f-e2f1cea00219 req-092bdb2b-5a78-4c7f-af6f-e2f1cea00219 ] Request (ServersAdmin275Test:test_rebuild_update_server_275): 202 POST http://10.180.1.21/compute/v2.1/servers 2.810s
2025-11-21 01:51:03.398 66030 INFO tempest.lib.common.rest_client [req-9a6f1d61-1a42-4461-a826-f39eccea2ea4 req-9a6f1d61-1a42-4461-a826-f39eccea2ea4 ] Request (ImagesMetadataTestJSON:tearDownClass): 200 GET http://10.180.1.21/networking/v2.0/security-groups?tenant_id=7992faa1b3324259885d51be6d9a0e6f&name=default 0.325s
2025-11-21 01:51:03.404 66032 INFO tempest.lib.common.rest_client [req-e59acf74-8cc9-4fe6-8e66-f2a85cc4ffc5 req-e59acf74-8cc9-4fe6-8e66-f2a85cc4ffc5 ] Request (ServicesAdminNegativeV253TestJSON:test_get_service_with_valid_service_and_invalid_host): 200 GET http://10.180.1.21/compute/v2.1/os-services?host=xxx&binary=nova-scheduler 2.667s
2025-11-21 01:51:03.408 66082 INFO tempest.lib.common.rest_client [req-b628bb30-338b-4bb6-8f04-f990e0f2af9a req-b628bb30-338b-4bb6-8f04-f990e0f2af9a ] Request (FlavorsExtraSpecsNegativeTestJSON:test_flavor_non_admin_update_specific_key): 403 PUT http://10.180.1.21/compute/v2.1/flavors/184464171/os-extra_specs/hw:numa_nodes 2.638s
2025-11-21 01:51:03.427 66062 INFO tempest.lib.common.rest_client [req-c018adba-3988-4fa0-b606-c5845cf80de1 req-c018adba-3988-4fa0-b606-c5845cf80de1 ] Request (ListImagesTestJSON:tearDownClass): 201 POST http://10.180.1.21/identity/v3/auth/tokens 0.086s
2025-11-21 01:51:03.604 66030 INFO tempest.lib.common.rest_client [req-acc93164-c5b6-467b-99f6-75122f219044 req-acc93164-c5b6-467b-99f6-75122f219044 ] Request (ImagesMetadataTestJSON:tearDownClass): 204 DELETE http://10.180.1.21/networking/v2.0/security-groups/ea434bb9-1317-4b70-9061-b0e2df54d012 0.205s
2025-11-21 01:51:03.670 66040 INFO tempest.lib.common.rest_client [req-d3cd09dd-8385-4126-9813-34bc0fa4237c req-d3cd09dd-8385-4126-9813-34bc0fa4237c ] Request (VolumesAssistedSnapshotsTest:test_volume_assisted_snapshot_create_delete): 200 GET http://10.180.1.21/volume/v3/volumes/8c3ebd90-80a3-406c-af6a-0f6e42b33b5d 0.036s
2025-11-21 01:51:03.692 66030 INFO tempest.lib.common.rest_client [req-d7da372b-7e1c-42d2-9d48-fe540309a08c req-d7da372b-7e1c-42d2-9d48-fe540309a08c ] Request (ImagesMetadataTestJSON:tearDownClass): 204 DELETE http://10.180.1.21/identity/v3/projects/7992faa1b3324259885d51be6d9a0e6f 0.088s
2025-11-21 01:51:03.747 66060 INFO tempest.lib.common.rest_client [req-cc535a70-15de-4a61-ae5f-17e53f59e566 req-cc535a70-15de-4a61-ae5f-17e53f59e566 ] Request (ServersTestBootFromVolume:setUpClass): 200 GET http://10.180.1.21/volume/v3/volumes/9acca043-3a13-44cb-91d4-8c8eb827c510 0.037s
2025-11-21 01:51:03.772 66030 INFO tempest.lib.common.rest_client [req-871f047b-f540-4aa5-afda-54abd43fb371 req-871f047b-f540-4aa5-afda-54abd43fb371 ] Request (ImagesNegativeTestJSON:setUpClass): 201 POST http://10.180.1.21/identity/v3/auth/tokens 0.078s
2025-11-21 01:51:03.824 66030 INFO tempest.lib.common.rest_client [req-d39fb87b-73ab-4110-ad82-c5c64fe3c753 req-d39fb87b-73ab-4110-ad82-c5c64fe3c753 ] Request (ImagesNegativeTestJSON:setUpClass): 201 POST http://10.180.1.21/identity/v3/auth/tokens 0.049s
2025-11-21 01:51:03.864 66030 INFO tempest.lib.common.rest_client [req-e4b3e7c6-944d-40a9-aad4-cb0328432b8f req-e4b3e7c6-944d-40a9-aad4-cb0328432b8f ] Request (ImagesNegativeTestJSON:setUpClass): 200 GET http://10.180.1.21/identity/v3/domains?name=Default 0.040s
2025-11-21 01:51:03.891 66062 INFO tempest.lib.common.rest_client [req-daf159f6-a89e-44cc-a978-35b8d86c2da0 req-daf159f6-a89e-44cc-a978-35b8d86c2da0 ] Request (ListImagesTestJSON:tearDownClass): 200 GET http://10.180.1.21/networking/v2.0/security-groups?tenant_id=3ee83ae513bf47ba9690399cb6d14377&name=default 0.463s
2025-11-21 01:51:03.907 66030 INFO tempest.lib.common.rest_client [req-5d1d4496-c839-459f-b031-cdee24ebee10 req-5d1d4496-c839-459f-b031-cdee24ebee10 ] Request (ImagesNegativeTestJSON:setUpClass): 201 POST http://10.180.1.21/identity/v3/projects 0.041s
2025-11-21 01:51:03.989 66030 INFO tempest.lib.common.rest_client [req-5b8b8469-f750-417e-8136-39279640ac84 req-5b8b8469-f750-417e-8136-39279640ac84 ] Request (ImagesNegativeTestJSON:setUpClass): 201 POST http://10.180.1.21/identity/v3/users 0.081s
2025-11-21 01:51:03.993 66038 INFO tempest.lib.common.rest_client [req-4e839e75-f055-484e-a32f-1ae2b7150ef1 req-4e839e75-f055-484e-a32f-1ae2b7150ef1 ] Request (FloatingIPsAssociationNegativeTestJSON:test_associate_ip_to_server_with_floating_ip): 200 POST http://10.180.1.21/compute/v2.1/os-floating-ips 3.327s
2025-11-21 01:51:04.021 66030 INFO tempest.lib.common.rest_client [req-3c5f74f0-d0c5-444c-9fe1-15800e006338 req-3c5f74f0-d0c5-444c-9fe1-15800e006338 ] Request (ImagesNegativeTestJSON:setUpClass): 200 GET http://10.180.1.21/identity/v3/roles 0.031s
2025-11-21 01:51:04.050 66056 INFO tempest.lib.common.rest_client [req-d71016df-a6a3-4dff-a9c1-832986ca3f52 req-d71016df-a6a3-4dff-a9c1-832986ca3f52 ] Request (ImagesOneServerTestJSON:test_create_delete_image): 200 GET http://10.180.1.21/compute/v2.1/servers/e25b3cbf-58dd-4d7e-80eb-6eb790774abe 3.235s
2025-11-21 01:51:04.068 66062 INFO tempest.lib.common.rest_client [req-ab4a69d9-43f1-4126-9bf2-584da2807d68 req-ab4a69d9-43f1-4126-9bf2-584da2807d68 ] Request (ListImagesTestJSON:tearDownClass): 204 DELETE http://10.180.1.21/networking/v2.0/security-groups/af9b7381-1e31-47ee-9474-82dfef5d8277 0.177s
2025-11-21 01:51:04.086 66030 INFO tempest.lib.common.rest_client [req-655e45de-f546-4c3d-95c3-e0d6b291f259 req-655e45de-f546-4c3d-95c3-e0d6b291f259 ] Request (ImagesNegativeTestJSON:setUpClass): 204 PUT http://10.180.1.21/identity/v3/projects/a96ed59df9c54f86a4544e993ff67253/users/214fcdd60a9b459a93b3bf6e1eed2ee6/roles/9e2ca452ae2c4a8b9ca14ed8e681c5c9 0.064s
2025-11-21 01:51:04.087 66030 INFO tempest.lib.common.dynamic_creds [-] Dynamic test user 214fcdd60a9b459a93b3bf6e1eed2ee6 is created with scope project and roles: ['member']
2025-11-21 01:51:04.089 66030 INFO tempest.lib.common.dynamic_creds [-] Acquired dynamic creds: credentials: Credentials: {'domain_id': 'default', 'domain_name': 'Default', 'username': 'tempest-ImagesNegativeTestJSON-1210036936-project-member', 'project_domain_id': 'default', 'project_domain_name': 'Default', 'project_id': 'a96ed59df9c54f86a4544e993ff67253', 'project_name': 'tempest-ImagesNegativeTestJSON-1210036936', 'tenant_id': 'a96ed59df9c54f86a4544e993ff67253', 'tenant_name': 'tempest-ImagesNegativeTestJSON-1210036936', 'user_domain_id': 'default', 'user_domain_name': 'Default', 'user_id': '214fcdd60a9b459a93b3bf6e1eed2ee6', 'system': None}, Network: None, Subnet: None, Router: None
2025-11-21 01:51:04.153 66077 INFO tempest.lib.common.rest_client [req-1b238686-4b17-4780-ac9b-5b4acc60716c req-1b238686-4b17-4780-ac9b-5b4acc60716c ] Request (MigrationsAdminTest:test_list_migrations_in_flavor_resize_situation): 200 GET http://10.180.1.21/compute/v2.1/servers/ddd3d3d7-b6ce-4e5c-b454-19a1e55a353e 3.297s
2025-11-21 01:51:04.164 66089 INFO tempest.lib.common.rest_client [req-a0b07f6a-094f-4dcf-9460-360c39910e41 req-a0b07f6a-094f-4dcf-9460-360c39910e41 ] Request (InstanceActionsV221TestJSON:test_get_list_deleted_instance_actions): 204 DELETE http://10.180.1.21/compute/v2.1/servers/554f0677-3fc1-44f3-8f3e-866857e88a1b 3.206s
2025-11-21 01:51:04.166 66077 INFO tempest.common.waiters [-] State transition "BUILD/spawning" ==> "ACTIVE/None" after 11 second wait
2025-11-21 01:51:04.167 66030 INFO tempest.lib.common.rest_client [req-83034836-8fda-4cca-adab-d755ea9a7885 req-83034836-8fda-4cca-adab-d755ea9a7885 ] Request (ImagesNegativeTestJSON:setUpClass): 201 POST http://10.180.1.21/identity/v3/auth/tokens 0.078s
2025-11-21 01:51:04.211 66062 INFO tempest.lib.common.rest_client [req-95a90f84-46cc-4d33-a299-5b733ff238aa req-95a90f84-46cc-4d33-a299-5b733ff238aa ] Request (ListImagesTestJSON:tearDownClass): 204 DELETE http://10.180.1.21/identity/v3/projects/3ee83ae513bf47ba9690399cb6d14377 0.142s
2025-11-21 01:51:04.296 66062 INFO tempest.lib.common.rest_client [req-493efa59-543f-4215-b4d5-da2b57bd7276 req-493efa59-543f-4215-b4d5-da2b57bd7276 ] Request (ServerActionsTestOtherA:setUpClass): 201 POST http://10.180.1.21/identity/v3/auth/tokens 0.083s
2025-11-21 01:51:04.342 66062 INFO tempest.lib.common.rest_client [req-0b565437-f8ad-415e-b733-134a1c24fd4c req-0b565437-f8ad-415e-b733-134a1c24fd4c ] Request (ServerActionsTestOtherA:setUpClass): 201 POST http://10.180.1.21/identity/v3/auth/tokens 0.044s
2025-11-21 01:51:04.374 66062 INFO tempest.lib.common.rest_client [req-804faa1b-ecf0-47b2-a331-97afd244d447 req-804faa1b-ecf0-47b2-a331-97afd244d447 ] Request (ServerActionsTestOtherA:setUpClass): 200 GET http://10.180.1.21/identity/v3/domains?name=Default 0.031s
2025-11-21 01:51:04.409 66062 INFO tempest.lib.common.rest_client [req-b896de59-7c00-4db9-9d61-e5a0ba432af3 req-b896de59-7c00-4db9-9d61-e5a0ba432af3 ] Request (ServerActionsTestOtherA:setUpClass): 201 POST http://10.180.1.21/identity/v3/projects 0.034s
2025-11-21 01:51:04.487 66062 INFO tempest.lib.common.rest_client [req-0a0c5ebd-8274-454e-966f-e89ff9f43af0 req-0a0c5ebd-8274-454e-966f-e89ff9f43af0 ] Request (ServerActionsTestOtherA:setUpClass): 201 POST http://10.180.1.21/identity/v3/users 0.077s
2025-11-21 01:51:04.518 66062 INFO tempest.lib.common.rest_client [req-7b9fb4b9-e83b-44ee-870e-b318e5ee7155 req-7b9fb4b9-e83b-44ee-870e-b318e5ee7155 ] Request (ServerActionsTestOtherA:setUpClass): 200 GET http://10.180.1.21/identity/v3/roles 0.030s
2025-11-21 01:51:04.522 66054 INFO tempest.lib.common.rest_client [req-12054ed4-8946-457a-a47f-c0f1d7e6b021 req-12054ed4-8946-457a-a47f-c0f1d7e6b021 ] Request (ServersTestMultiNic:test_verify_duplicate_network_nics): 200 GET http://10.180.1.21/compute/v2.1/servers/44173d80-d8cb-4800-9740-7c61d7ad9fee 3.307s
2025-11-21 01:51:04.547 66030 INFO tempest.lib.common.rest_client [req-145ded4e-2e0e-4efa-983a-08afab16dd8e req-145ded4e-2e0e-4efa-983a-08afab16dd8e ] Request (ImagesNegativeTestJSON:setUpClass): 201 POST http://10.180.1.21/networking/v2.0/networks 0.379s
2025-11-21 01:51:04.549 66062 INFO tempest.lib.common.rest_client [req-1301d377-1f6d-4694-b207-3262c58da562 req-1301d377-1f6d-4694-b207-3262c58da562 ] Request (ServerActionsTestOtherA:setUpClass): 204 PUT http://10.180.1.21/identity/v3/projects/3065dcf941fc4006846ab55b10d23b1d/users/8df3c289d7554d6f9c00ab94f2fc9855/roles/9e2ca452ae2c4a8b9ca14ed8e681c5c9 0.030s
2025-11-21 01:51:04.550 66062 INFO tempest.lib.common.dynamic_creds [-] Dynamic test user 8df3c289d7554d6f9c00ab94f2fc9855 is created with scope project and roles: ['member']
2025-11-21 01:51:04.550 66062 INFO tempest.lib.common.dynamic_creds [-] Acquired dynamic creds: credentials: Credentials: {'domain_id': 'default', 'domain_name': 'Default', 'username': 'tempest-ServerActionsTestOtherA-412230151-project-member', 'project_domain_id': 'default', 'project_domain_name': 'Default', 'project_id': '3065dcf941fc4006846ab55b10d23b1d', 'project_name': 'tempest-ServerActionsTestOtherA-412230151', 'tenant_id': '3065dcf941fc4006846ab55b10d23b1d', 'tenant_name': 'tempest-ServerActionsTestOtherA-412230151', 'user_domain_id': 'default', 'user_domain_name': 'Default', 'user_id': '8df3c289d7554d6f9c00ab94f2fc9855', 'system': None}, Network: None, Subnet: None, Router: None
2025-11-21 01:51:04.552 66085 INFO tempest.lib.common.rest_client [req-70ade233-8c63-403c-947c-322315074400 req-70ade233-8c63-403c-947c-322315074400 ] Request (ServerAddressesTestJSON:setUpClass): 200 GET http://10.180.1.21/compute/v2.1/servers/05a75830-46da-4eb8-830d-ac30fe832fcf 3.247s
2025-11-21 01:51:04.563 66085 INFO tempest.common.waiters [-] State transition "BUILD/spawning" ==> "ACTIVE/None" after 10 second wait
2025-11-21 01:51:04.637 66062 INFO tempest.lib.common.rest_client [req-f3d7a1e3-efe0-430c-b209-e44d48a983ca req-f3d7a1e3-efe0-430c-b209-e44d48a983ca ] Request (ServerActionsTestOtherA:setUpClass): 201 POST http://10.180.1.21/identity/v3/auth/tokens 0.087s
2025-11-21 01:51:04.638 66028 INFO tempest.lib.common.rest_client [req-aa190de7-e028-491d-b2be-5ed85e86dd18 req-aa190de7-e028-491d-b2be-5ed85e86dd18 ] Request (ServersAdminNegativeTestJSON:test_migrate_server_invalid_state): 200 GET http://10.180.1.21/compute/v2.1/servers/3f79901b-3af0-497b-b3d5-3d130e8375e9 3.265s
2025-11-21 01:51:04.732 66040 INFO tempest.lib.common.rest_client [req-44bbd11c-dc75-4cb3-a44c-d2da05546204 req-44bbd11c-dc75-4cb3-a44c-d2da05546204 ] Request (VolumesAssistedSnapshotsTest:test_volume_assisted_snapshot_create_delete): 200 GET http://10.180.1.21/volume/v3/volumes/8c3ebd90-80a3-406c-af6a-0f6e42b33b5d 0.045s
2025-11-21 01:51:04.800 66060 INFO tempest.lib.common.rest_client [req-0ab77fad-e870-4b50-be4f-e906ed36879d req-0ab77fad-e870-4b50-be4f-e906ed36879d ] Request (ServersTestBootFromVolume:setUpClass): 200 GET http://10.180.1.21/volume/v3/volumes/9acca043-3a13-44cb-91d4-8c8eb827c510 0.041s
2025-11-21 01:51:04.801 66030 INFO tempest.lib.common.rest_client [req-3ad98aea-2ee0-49be-a682-176a221e61e4 req-3ad98aea-2ee0-49be-a682-176a221e61e4 ] Request (ImagesNegativeTestJSON:setUpClass): 201 POST http://10.180.1.21/networking/v2.0/subnets 0.254s
2025-11-21 01:51:04.883 66058 INFO tempest.lib.common.rest_client [req-c9d2c28c-29d1-4cc2-9098-3844d7c7d6b8 req-c9d2c28c-29d1-4cc2-9098-3844d7c7d6b8 ] Request (ServerDiagnosticsV248Test:test_get_server_diagnostics): 200 GET http://10.180.1.21/compute/v2.1/servers/fb1c31cf-cafb-4b82-ac3f-ee06b26c45cb 3.368s
2025-11-21 01:51:05.075 66062 INFO tempest.lib.common.rest_client [req-ad23d792-3da4-453e-9c39-c092a6a8c3c5 req-ad23d792-3da4-453e-9c39-c092a6a8c3c5 ] Request (ServerActionsTestOtherA:setUpClass): 201 POST http://10.180.1.21/networking/v2.0/networks 0.438s
2025-11-21 01:51:05.259 66068 WARNING tempest.lib.common.ssh [-] Failed to establish authenticated ssh connection to cirros@10.180.180.219 ([Errno None] Unable to connect to port 22 on 10.180.180.219). Number attempts: 2. Retry after 3 seconds.: paramiko.ssh_exception.NoValidConnectionsError: [Errno None] Unable to connect to port 22 on 10.180.180.219
2025-11-21 01:51:05.505 66062 INFO tempest.lib.common.rest_client [req-cc82565d-eefc-4065-af5c-18f8a7e633f2 req-cc82565d-eefc-4065-af5c-18f8a7e633f2 ] Request (ServerActionsTestOtherA:setUpClass): 201 POST http://10.180.1.21/networking/v2.0/subnets 0.429s
2025-11-21 01:51:05.560 66090 INFO tempest.lib.common.rest_client [req-05340b6b-fc61-4b16-ab32-fd92991d2d50 req-05340b6b-fc61-4b16-ab32-fd92991d2d50 ] Request (ImagesOneServerNegativeTestJSON:test_create_second_image_when_first_image_is_being_saved): 202 POST http://10.180.1.21/compute/v2.1/servers/d818b6d4-391c-4911-a267-c42aae775098/action 3.939s
2025-11-21 01:51:05.676 66052 WARNING tempest.lib.common.ssh [-] Failed to establish authenticated ssh connection to cirros@10.180.180.209 ([Errno None] Unable to connect to port 22 on 10.180.180.209). Number attempts: 1. Retry after 2 seconds.: paramiko.ssh_exception.NoValidConnectionsError: [Errno None] Unable to connect to port 22 on 10.180.180.209
2025-11-21 01:51:05.734 66050 INFO tempest.lib.common.rest_client [req-e7738527-9048-49a9-a6d5-12d48a17e123 req-e7738527-9048-49a9-a6d5-12d48a17e123 ] Request (QuotasTestJSON:test_compare_tenant_quotas_with_default_quotas): 200 GET http://10.180.1.21/compute/v2.1/os-quota-sets/bcecd4125c094d3998df0ad1c9b7b638/defaults 4.020s
2025-11-21 01:51:05.769 66078 INFO tempest.lib.common.rest_client [req-8b404ac4-d535-426c-be57-112ca82ef579 req-8b404ac4-d535-426c-be57-112ca82ef579 ] Request (AggregatesAdminNegativeTestJSON:test_aggregate_delete_as_user): 200 POST http://10.180.1.21/compute/v2.1/os-aggregates 3.889s
2025-11-21 01:51:05.796 66040 INFO tempest.lib.common.rest_client [req-9db2be35-1825-4708-abb5-7538aa54d9de req-9db2be35-1825-4708-abb5-7538aa54d9de ] Request (VolumesAssistedSnapshotsTest:test_volume_assisted_snapshot_create_delete): 200 GET http://10.180.1.21/volume/v3/volumes/8c3ebd90-80a3-406c-af6a-0f6e42b33b5d 0.056s
2025-11-21 01:51:05.857 66060 INFO tempest.lib.common.rest_client [req-ed1569a4-f8e7-4f97-a222-e9f91c85e628 req-ed1569a4-f8e7-4f97-a222-e9f91c85e628 ] Request (ServersTestBootFromVolume:setUpClass): 200 GET http://10.180.1.21/volume/v3/volumes/9acca043-3a13-44cb-91d4-8c8eb827c510 0.041s
2025-11-21 01:51:05.935 66066 INFO tempest.lib.common.rest_client [req-64cf02ee-c419-4659-a740-470f0270b6b4 req-64cf02ee-c419-4659-a740-470f0270b6b4 ] Request (ValidationResourcesFixture:setUp): 200 POST http://10.180.1.21/compute/v2.1/os-keypairs 3.964s
2025-11-21 01:51:06.005 66030 INFO tempest.lib.common.rest_client [req-210adda0-977e-462b-bb30-f44e52547a0d req-210adda0-977e-462b-bb30-f44e52547a0d ] Request (ImagesNegativeTestJSON:setUpClass): 201 POST http://10.180.1.21/networking/v2.0/routers 1.203s
2025-11-21 01:51:06.210 66074 INFO tempest.lib.common.rest_client [req-24ed0e9c-2916-4e2a-9f70-07c386607f69 req-24ed0e9c-2916-4e2a-9f70-07c386607f69 ] Request (SecurityGroupsTestJSON:test_list_security_groups_by_server): 202 POST http://10.180.1.21/compute/v2.1/servers 4.808s
2025-11-21 01:51:06.267 66086 INFO tempest.lib.common.rest_client [req-ccfec9b9-0b30-4884-86c3-7c8ed23f4799 req-ccfec9b9-0b30-4884-86c3-7c8ed23f4799 ] Request (KeyPairsV22TestJSON:test_keypair_create_with_pub_key): 201 POST http://10.180.1.21/compute/v2.1/os-keypairs 3.671s
2025-11-21 01:51:06.380 66066 INFO tempest.lib.common.rest_client [req-d803b4b2-354d-485b-8825-54371101afb3 req-d803b4b2-354d-485b-8825-54371101afb3 ] Request (ValidationResourcesFixture:setUp): 201 POST http://10.180.1.21/networking/v2.0/security-groups 0.443s
2025-11-21 01:51:06.418 66046 INFO tempest.lib.common.rest_client [req-f85afa04-6cc9-489d-a4c7-a6cdb7edb3c8 req-f85afa04-6cc9-489d-a4c7-a6cdb7edb3c8 ] Request (ServersTestManualDisk:setUpClass): 200 GET http://10.180.1.21/compute/v2.1/servers/74339a14-3bb6-4fc6-9b3f-5f870b3971bc 4.065s
2025-11-21 01:51:06.852 66040 INFO tempest.lib.common.rest_client [req-59e39dd2-cf6a-4a66-8f91-7b650aabe884 req-59e39dd2-cf6a-4a66-8f91-7b650aabe884 ] Request (VolumesAssistedSnapshotsTest:test_volume_assisted_snapshot_create_delete): 200 GET http://10.180.1.21/volume/v3/volumes/8c3ebd90-80a3-406c-af6a-0f6e42b33b5d 0.046s
2025-11-21 01:51:06.918 66060 INFO tempest.lib.common.rest_client [req-34630622-d575-4b9d-bbe5-71510c8b0dbb req-34630622-d575-4b9d-bbe5-71510c8b0dbb ] Request (ServersTestBootFromVolume:setUpClass): 200 GET http://10.180.1.21/volume/v3/volumes/9acca043-3a13-44cb-91d4-8c8eb827c510 0.049s
2025-11-21 01:51:07.187 66062 INFO tempest.lib.common.rest_client [req-78a76b64-43fa-41e8-9188-0d90d58b7718 req-78a76b64-43fa-41e8-9188-0d90d58b7718 ] Request (ServerActionsTestOtherA:setUpClass): 201 POST http://10.180.1.21/networking/v2.0/routers 1.681s
2025-11-21 01:51:07.465 66066 INFO tempest.lib.common.rest_client [req-515e7ac0-0937-4b9c-9214-24e511e5c801 req-515e7ac0-0937-4b9c-9214-24e511e5c801 ] Request (ValidationResourcesFixture:setUp): 201 POST http://10.180.1.21/networking/v2.0/security-group-rules 1.085s
2025-11-21 01:51:07.604 66030 INFO tempest.lib.common.rest_client [req-42d5b2e7-6e16-4d6a-a333-d08572e290c8 req-42d5b2e7-6e16-4d6a-a333-d08572e290c8 ] Request (ImagesNegativeTestJSON:setUpClass): 200 PUT http://10.180.1.21/networking/v2.0/routers/6c3e6a2d-1423-4743-b266-e2a3cc234ca7/add_router_interface 1.598s
2025-11-21 01:51:07.604 66030 INFO tempest.lib.common.dynamic_creds [-] Created isolated network resources for: credentials: Credentials: {'domain_id': 'default', 'domain_name': 'Default', 'username': 'tempest-ImagesNegativeTestJSON-1210036936-project-member', 'project_domain_id': 'default', 'project_domain_name': 'Default', 'project_id': 'a96ed59df9c54f86a4544e993ff67253', 'project_name': 'tempest-ImagesNegativeTestJSON-1210036936', 'tenant_id': 'a96ed59df9c54f86a4544e993ff67253', 'tenant_name': 'tempest-ImagesNegativeTestJSON-1210036936', 'user_domain_id': 'default', 'user_domain_name': 'Default', 'user_id': '214fcdd60a9b459a93b3bf6e1eed2ee6', 'system': None}, Network: {'id': 'af7cbc1f-f815-4835-a90c-27eb235e7917', 'name': 'tempest-ImagesNegativeTestJSON-663961378-network', 'tenant_id': 'a96ed59df9c54f86a4544e993ff67253', 'project_id': 'a96ed59df9c54f86a4544e993ff67253', 'admin_state_up': True, 'mtu': 8950, 'status': 'ACTIVE', 'subnets': [], 'shared': False, 'port_security_enabled': True, 'router:external': False, 'provider:network_type': 'vlan', 'provider:physical_network': 'default', 'provider:segmentation_id': 780, 'availability_zone_hints': [], 'availability_zones': [], 'ipv4_address_scope': None, 'ipv6_address_scope': None, 'description': '', 'tags': [], 'created_at': '2025-11-21T01:51:04Z', 'updated_at': '2025-11-21T01:51:04Z', 'revision_number': 1}, Subnet: {'id': 'b4fb7cab-5f56-4932-81cc-34096fa0d666', 'name': 'tempest-ImagesNegativeTestJSON-663961378-subnet', 'tenant_id': 'a96ed59df9c54f86a4544e993ff67253', 'network_id': 'af7cbc1f-f815-4835-a90c-27eb235e7917', 'ip_version': 4, 'subnetpool_id': None, 'enable_dhcp': True, 'ipv6_ra_mode': None, 'ipv6_address_mode': None, 'gateway_ip': '192.168.128.1', 'cidr': '192.168.128.0/28', 'allocation_pools': [{'start': '192.168.128.2', 'end': '192.168.128.14'}], 'host_routes': [], 'dns_nameservers': [], 'description': '', 'router:external': False, 'service_types': [], 'tags': [], 'created_at': '2025-11-21T01:51:04Z', 'updated_at': '2025-11-21T01:51:04Z', 'revision_number': 0, 'project_id': 'a96ed59df9c54f86a4544e993ff67253'}, Router: {'id': '6c3e6a2d-1423-4743-b266-e2a3cc234ca7', 'name': 'tempest-ImagesNegativeTestJSON-663961378-router', 'tenant_id': 'a96ed59df9c54f86a4544e993ff67253', 'admin_state_up': True, 'status': 'ACTIVE', 'external_gateway_info': {'network_id': '1d4c1883-ef12-4663-80bd-026528d8d317', 'external_fixed_ips': [{'subnet_id': '2e253986-92cf-4f43-9a91-cb05350c01d8', 'ip_address': '10.180.180.212'}], 'enable_snat': True}, 'description': '', 'availability_zones': [], 'distributed': False, 'ha': False, 'availability_zone_hints': [], 'routes': [], 'flavor_id': None, 'tags': [], 'created_at': '2025-11-21T01:51:04Z', 'updated_at': '2025-11-21T01:51:05Z', 'revision_number': 2, 'project_id': 'a96ed59df9c54f86a4544e993ff67253'}
2025-11-21 01:51:07.716 66030 INFO tempest.lib.common.rest_client [req-ebf498a3-23e5-48d9-b904-189bc188c483 req-ebf498a3-23e5-48d9-b904-189bc188c483 ] Request (ImagesNegativeTestJSON:setUpClass): 201 POST http://10.180.1.21/identity/v3/auth/tokens 0.106s
2025-11-21 01:51:07.757 66030 INFO tempest.lib.common.rest_client [req-38827ce0-7ec3-42ee-a69c-5d078db2b3f5 req-38827ce0-7ec3-42ee-a69c-5d078db2b3f5 ] Request (ImagesNegativeTestJSON:test_create_image_from_deleted_server): 201 POST http://10.180.1.21/identity/v3/auth/tokens 0.034s
2025-11-21 01:51:07.758 66030 INFO tempest.lib.common.fixed_network [-] (ImagesNegativeTestJSON:test_create_image_from_deleted_server) Found network {'id': 'af7cbc1f-f815-4835-a90c-27eb235e7917', 'name': 'tempest-ImagesNegativeTestJSON-663961378-network', 'tenant_id': 'a96ed59df9c54f86a4544e993ff67253', 'project_id': 'a96ed59df9c54f86a4544e993ff67253', 'admin_state_up': True, 'mtu': 8950, 'status': 'ACTIVE', 'subnets': [], 'shared': False, 'port_security_enabled': True, 'router:external': False, 'provider:network_type': 'vlan', 'provider:physical_network': 'default', 'provider:segmentation_id': 780, 'availability_zone_hints': [], 'availability_zones': [], 'ipv4_address_scope': None, 'ipv6_address_scope': None, 'description': '', 'tags': [], 'created_at': '2025-11-21T01:51:04Z', 'updated_at': '2025-11-21T01:51:04Z', 'revision_number': 1} available for tenant
2025-11-21 01:51:07.906 66040 INFO tempest.lib.common.rest_client [req-7b44c460-6071-49c2-bec4-7bbf0bbc756c req-7b44c460-6071-49c2-bec4-7bbf0bbc756c ] Request (VolumesAssistedSnapshotsTest:test_volume_assisted_snapshot_create_delete): 200 GET http://10.180.1.21/volume/v3/volumes/8c3ebd90-80a3-406c-af6a-0f6e42b33b5d 0.045s
2025-11-21 01:51:07.915 66044 WARNING tempest.lib.common.ssh [-] Failed to establish authenticated ssh connection to cirros@10.180.180.243 ([Errno None] Unable to connect to port 22 on 10.180.180.243). Number attempts: 7. Retry after 8 seconds.: paramiko.ssh_exception.NoValidConnectionsError: [Errno None] Unable to connect to port 22 on 10.180.180.243
2025-11-21 01:51:07.968 66060 INFO tempest.lib.common.rest_client [req-e4b6ac23-ef1e-43be-94cc-9440de55371b req-e4b6ac23-ef1e-43be-94cc-9440de55371b ] Request (ServersTestBootFromVolume:setUpClass): 200 GET http://10.180.1.21/volume/v3/volumes/9acca043-3a13-44cb-91d4-8c8eb827c510 0.040s
2025-11-21 01:51:08.081 66034 INFO tempest.lib.common.rest_client [req-ececa3e8-e451-4ccd-bcd3-2e3a10375674 req-ececa3e8-e451-4ccd-bcd3-2e3a10375674 ] Request (ServerRescueTestJSON:test_rescue_unrescue_instance): 200 GET http://10.180.1.21/compute/v2.1/servers/2131c077-505d-4a05-ba67-16049b9794ca 5.319s
2025-11-21 01:51:08.104 66064 INFO tempest.lib.common.rest_client [req-ffae7944-37d3-40e5-8a83-136a5af7ef47 req-ffae7944-37d3-40e5-8a83-136a5af7ef47 ] Request (KeyPairsV2TestJSON:test_keypairs_create_list_delete): 200 GET http://10.180.1.21/compute/v2.1/os-keypairs 5.275s
2025-11-21 01:51:08.164 66043 INFO tempest.lib.common.rest_client [req-9682ecaf-d9c3-4ad3-b784-22e9c6743a0b req-9682ecaf-d9c3-4ad3-b784-22e9c6743a0b ] Request (ImagesTestJSON:test_create_image_from_stopped_server): 200 GET http://10.180.1.21/compute/v2.1/images/735e56fb-12ae-4b5b-ab43-c4c82ae3a4a1 5.314s
2025-11-21 01:51:08.251 66066 INFO tempest.lib.common.rest_client [req-4d55428a-35dd-4d5f-aea7-b5f875957c9b req-4d55428a-35dd-4d5f-aea7-b5f875957c9b ] Request (ValidationResourcesFixture:setUp): 201 POST http://10.180.1.21/networking/v2.0/security-group-rules 0.785s
2025-11-21 01:51:08.301 66072 INFO tempest.lib.common.rest_client [req-2359e7b4-25fd-4609-876c-c7cf6317df0c req-2359e7b4-25fd-4609-876c-c7cf6317df0c ] Request (ServerExternalEventsTest:test_create_server_external_events): 200 GET http://10.180.1.21/compute/v2.1/servers/cfd6df13-9082-4925-9d31-bef7fea6b3ca 5.494s
2025-11-21 01:51:08.326 66070 INFO tempest.lib.common.rest_client [req-4e06f54e-8df6-4361-97a6-cb22edaad4aa req-4e06f54e-8df6-4361-97a6-cb22edaad4aa ] Request (FlavorsAccessNegativeTestJSON:_run_cleanups): 202 DELETE http://10.180.1.21/compute/v2.1/flavors/1088074964 5.301s
2025-11-21 01:51:08.410 66080 INFO tempest.lib.common.rest_client [req-47438d1d-7e61-4c7d-a23c-827b97b818d5 req-47438d1d-7e61-4c7d-a23c-827b97b818d5 ] Request (ListImageFiltersTestJSON:setUpClass): 200 GET http://10.180.1.21/compute/v2.1/images/1e549815-4578-41ce-a08f-a8e0a505c929 5.159s
2025-11-21 01:51:08.746 66052 WARNING tempest.lib.common.ssh [-] Failed to establish authenticated ssh connection to cirros@10.180.180.209 ([Errno None] Unable to connect to port 22 on 10.180.180.209). Number attempts: 2. Retry after 3 seconds.: paramiko.ssh_exception.NoValidConnectionsError: [Errno None] Unable to connect to port 22 on 10.180.180.209
2025-11-21 01:51:08.769 66068 WARNING tempest.lib.common.ssh [-] Failed to establish authenticated ssh connection to cirros@10.180.180.219 ([Errno None] Unable to connect to port 22 on 10.180.180.219). Number attempts: 3. Retry after 4 seconds.: paramiko.ssh_exception.NoValidConnectionsError: [Errno None] Unable to connect to port 22 on 10.180.180.219
2025-11-21 01:51:08.803 66062 INFO tempest.lib.common.rest_client [req-4a453d70-edde-4ca8-9cd1-13a19ddda228 req-4a453d70-edde-4ca8-9cd1-13a19ddda228 ] Request (ServerActionsTestOtherA:setUpClass): 200 PUT http://10.180.1.21/networking/v2.0/routers/e1cc7328-af6f-4a11-ac69-996a0d672d31/add_router_interface 1.616s
