2025-11-21 01:51:27.547 66070 INFO tempest.lib.common.dynamic_creds [-] Created isolated network resources for: credentials: Credentials: {'domain_id': 'default', 'domain_name': 'Default', 'username': 'tempest-ExtensionsTest-958265152-project-member', 'project_domain_id': 'default', 'project_domain_name': 'Default', 'project_id': 'd86e093c0a814151ab8afb32bc856f61', 'project_name': 'tempest-ExtensionsTest-958265152', 'tenant_id': 'd86e093c0a814151ab8afb32bc856f61', 'tenant_name': 'tempest-ExtensionsTest-958265152', 'user_domain_id': 'default', 'user_domain_name': 'Default', 'user_id': 'b421191a31fd465babdaec95760c8c07', 'system': None}, Network: None, Subnet: None, Router: None
2025-11-21 01:51:27.648 66070 INFO tempest.lib.common.rest_client [req-6d42ad89-70ae-4316-a774-061f65eadd39 req-6d42ad89-70ae-4316-a774-061f65eadd39 ] Request (ExtensionsTest:setUpClass): 201 POST http://10.180.1.21/identity/v3/auth/tokens 0.094s
2025-11-21 01:51:28.062 66082 INFO tempest.lib.common.rest_client [req-b03d4647-9b53-46c2-ac93-7876c1078596 req-b03d4647-9b53-46c2-ac93-7876c1078596 ] Request (AttachInterfacesV270Test:setUpClass): 200 PUT http://10.180.1.21/networking/v2.0/routers/26cc702e-5c41-419c-a0f9-f4107f063a5f/add_router_interface 1.090s
2025-11-21 01:51:28.063 66082 INFO tempest.lib.common.dynamic_creds [-] Created isolated network resources for: credentials: Credentials: {'domain_id': 'default', 'domain_name': 'Default', 'username': 'tempest-AttachInterfacesV270Test-224696429-project-member', 'project_domain_id': 'default', 'project_domain_name': 'Default', 'project_id': 'fb076909d69b4406b61c953573c27314', 'project_name': 'tempest-AttachInterfacesV270Test-224696429', 'tenant_id': 'fb076909d69b4406b61c953573c27314', 'tenant_name': 'tempest-AttachInterfacesV270Test-224696429', 'user_domain_id': 'default', 'user_domain_name': 'Default', 'user_id': '17c1c988f9314b339cec01d21e3ad907', 'system': None}, Network: {'id': '78cf7021-8a6f-461b-9717-22ca5fa1da87', 'name': 'tempest-AttachInterfacesV270Test-446423209-network', 'tenant_id': 'fb076909d69b4406b61c953573c27314', 'project_id': 'fb076909d69b4406b61c953573c27314', 'admin_state_up': True, 'mtu': 8950, 'status': 'ACTIVE', 'subnets': [], 'shared': False, 'port_security_enabled': True, 'router:external': False, 'provider:network_type': 'vlan', 'provider:physical_network': 'default', 'provider:segmentation_id': 238, 'availability_zone_hints': [], 'availability_zones': [], 'ipv4_address_scope': None, 'ipv6_address_scope': None, 'description': '', 'tags': [], 'created_at': '2025-11-21T01:51:25Z', 'updated_at': '2025-11-21T01:51:25Z', 'revision_number': 1}, Subnet: {'id': '52e6e54d-7411-4e95-aff6-dc858fd0f9a9', 'name': 'tempest-AttachInterfacesV270Test-446423209-subnet', 'tenant_id': 'fb076909d69b4406b61c953573c27314', 'network_id': '78cf7021-8a6f-461b-9717-22ca5fa1da87', 'ip_version': 4, 'subnetpool_id': None, 'enable_dhcp': True, 'ipv6_ra_mode': None, 'ipv6_address_mode': None, 'gateway_ip': '192.168.128.1', 'cidr': '192.168.128.0/28', 'allocation_pools': [{'start': '192.168.128.2', 'end': '192.168.128.14'}], 'host_routes': [], 'dns_nameservers': [], 'description': '', 'router:external': False, 'service_types': [], 'tags': [], 'created_at': '2025-11-21T01:51:25Z', 'updated_at': '2025-11-21T01:51:25Z', 'revision_number': 0, 'project_id': 'fb076909d69b4406b61c953573c27314'}, Router: {'id': '26cc702e-5c41-419c-a0f9-f4107f063a5f', 'name': 'tempest-AttachInterfacesV270Test-446423209-router', 'tenant_id': 'fb076909d69b4406b61c953573c27314', 'admin_state_up': True, 'status': 'ACTIVE', 'external_gateway_info': {'network_id': '1d4c1883-ef12-4663-80bd-026528d8d317', 'external_fixed_ips': [{'subnet_id': '2e253986-92cf-4f43-9a91-cb05350c01d8', 'ip_address': '10.180.180.214'}], 'enable_snat': True}, 'description': '', 'availability_zones': [], 'distributed': False, 'ha': False, 'availability_zone_hints': [], 'routes': [], 'flavor_id': None, 'tags': [], 'created_at': '2025-11-21T01:51:26Z', 'updated_at': '2025-11-21T01:51:26Z', 'revision_number': 2, 'project_id': 'fb076909d69b4406b61c953573c27314'}
2025-11-21 01:51:28.140 66082 INFO tempest.lib.common.rest_client [req-0fd5b8ee-c643-47d5-b73e-55fe1a5f8be4 req-0fd5b8ee-c643-47d5-b73e-55fe1a5f8be4 ] Request (AttachInterfacesV270Test:setUpClass): 201 POST http://10.180.1.21/identity/v3/auth/tokens 0.074s
2025-11-21 01:51:28.184 66082 INFO tempest.lib.common.rest_client [req-87b12f46-2abf-47a5-8782-e99f7bfcf88d req-87b12f46-2abf-47a5-8782-e99f7bfcf88d ] Request (AttachInterfacesV270Test:test_create_get_list_interfaces): 201 POST http://10.180.1.21/identity/v3/auth/tokens 0.039s
2025-11-21 01:51:28.184 66082 INFO tempest.lib.common.fixed_network [-] (AttachInterfacesV270Test:test_create_get_list_interfaces) Found network {'id': '78cf7021-8a6f-461b-9717-22ca5fa1da87', 'name': 'tempest-AttachInterfacesV270Test-446423209-network', 'tenant_id': 'fb076909d69b4406b61c953573c27314', 'project_id': 'fb076909d69b4406b61c953573c27314', 'admin_state_up': True, 'mtu': 8950, 'status': 'ACTIVE', 'subnets': [], 'shared': False, 'port_security_enabled': True, 'router:external': False, 'provider:network_type': 'vlan', 'provider:physical_network': 'default', 'provider:segmentation_id': 238, 'availability_zone_hints': [], 'availability_zones': [], 'ipv4_address_scope': None, 'ipv6_address_scope': None, 'description': '', 'tags': [], 'created_at': '2025-11-21T01:51:25Z', 'updated_at': '2025-11-21T01:51:25Z', 'revision_number': 1} available for tenant
2025-11-21 01:51:28.837 66043 INFO tempest.lib.common.rest_client [req-5874e513-f87e-497c-a791-595be6a6d653 req-5874e513-f87e-497c-a791-595be6a6d653 ] Request (ImagesTestJSON:test_create_image_from_suspended_server): 202 POST http://10.180.1.21/compute/v2.1/servers 5.570s
2025-11-21 01:51:29.121 66090 INFO tempest.lib.common.rest_client [req-a7d90ffc-5ff8-4f60-b110-3030a01e3a86 req-a7d90ffc-5ff8-4f60-b110-3030a01e3a86 ] Request (ImagesOneServerNegativeTestJSON:tearDown): 200 GET http://10.180.1.21/compute/v2.1/servers/d818b6d4-391c-4911-a267-c42aae775098 5.838s
2025-11-21 01:51:29.128 66090 INFO tempest.common.waiters [-] State transition "ACTIVE/image_uploading" ==> "ACTIVE/None" after 10 second wait
2025-11-21 01:51:29.198 66056 INFO tempest.lib.common.rest_client [req-6db1e696-a3ee-465f-b63e-03ab799ded44 req-6db1e696-a3ee-465f-b63e-03ab799ded44 ] Request (ImagesOneServerTestJSON:test_create_image_specify_multibyte_character_image_name): 200 GET http://10.180.1.21/compute/v2.1/images/d7120b81-59ba-4e5b-be77-4e3e742b229e 5.742s
2025-11-21 01:51:29.230 66078 INFO tempest.lib.common.rest_client [req-b1947de6-493e-44f5-b4c6-955e909c9445 req-b1947de6-493e-44f5-b4c6-955e909c9445 ] Request (AggregatesAdminNegativeTestJSON:_run_cleanups): 200 DELETE http://10.180.1.21/compute/v2.1/os-aggregates/6 5.669s
2025-11-21 01:51:29.256 66038 INFO tempest.lib.common.rest_client [req-ccb2121a-a79d-44ca-ad8b-a01348b7a117 req-ccb2121a-a79d-44ca-ad8b-a01348b7a117 ] Request (FloatingIPsAssociationNegativeTestJSON:_run_cleanups): 202 POST http://10.180.1.21/compute/v2.1/servers/3f3ec145-1d9e-4f4b-acda-2fe533f4dc35/action 6.627s
2025-11-21 01:51:29.318 66048 INFO tempest.lib.common.rest_client [req-9c5fcf1d-1d60-46dc-89c8-bcdfb8810739 req-9c5fcf1d-1d60-46dc-89c8-bcdfb8810739 ] Request (ServersAdmin275Test:test_rebuild_update_server_275): 200 GET http://10.180.1.21/compute/v2.1/servers/34cf3cb4-80d2-4544-8d57-e0bcfa3ad590 5.627s
2025-11-21 01:51:29.328 66048 INFO tempest.common.waiters [-] State transition "BUILD/spawning" ==> "ACTIVE/None" after 14 second wait
2025-11-21 01:51:29.346 66080 INFO tempest.lib.common.rest_client [req-2f1957ba-8110-4e2a-a1e9-27f01df0a536 req-2f1957ba-8110-4e2a-a1e9-27f01df0a536 ] Request (ListImageFiltersTestJSON:setUpClass): 200 GET http://10.180.1.21/compute/v2.1/servers/39ad9760-bdb8-4da7-bd9a-0ae0ceabc832 5.583s
2025-11-21 01:51:29.379 66064 INFO tempest.lib.common.rest_client [req-e57def14-9dcd-4d5d-8087-07ac7a53de55 req-e57def14-9dcd-4d5d-8087-07ac7a53de55 ] Request (VolumesTestJSON:setUpClass): 200 GET http://10.180.1.21/compute/v2.1/os-volumes/88329e8b-8f7b-4101-b227-412df51c2e16 5.613s
2025-11-21 01:51:29.380 66032 INFO tempest.lib.common.rest_client [req-ce08bdc0-4791-4b73-a3d6-ddd49a5bd84a req-ce08bdc0-4791-4b73-a3d6-ddd49a5bd84a ] Request (FlavorsV2TestJSON:test_list_flavors_detailed_filter_by_min_disk): 200 GET http://10.180.1.21/compute/v2.1/flavors/detail?minDisk=2 5.495s
2025-11-21 01:51:29.409 66086 INFO tempest.lib.common.rest_client [req-26e0b878-3728-4a34-b375-214a0f1ca19a req-26e0b878-3728-4a34-b375-214a0f1ca19a ] Request (KeyPairsV22TestJSON:_run_cleanups): 204 DELETE http://10.180.1.21/compute/v2.1/os-keypairs/tempest-KeyPairsV22TestJSON-keypair-369557665 5.508s
2025-11-21 01:51:29.431 66036 INFO tempest.lib.common.rest_client [req-dc2b04e6-2b5b-48fa-9c47-21a31ee8ccf7 req-dc2b04e6-2b5b-48fa-9c47-21a31ee8ccf7 ] Request (DeleteServersAdminTestJSON:tearDownClass): 404 DELETE http://10.180.1.21/compute/v2.1/servers/9bc559ae-f1f5-4416-9bb3-d0c8292f002a 5.475s
2025-11-21 01:51:29.593 66028 INFO tempest.lib.common.rest_client [req-f1998f1c-374c-4bda-ac11-a81ad741f257 req-f1998f1c-374c-4bda-ac11-a81ad741f257 ] Request (ServersAdminNegativeTestJSON:test_migrate_server_invalid_state): 202 POST http://10.180.1.21/compute/v2.1/servers/3f79901b-3af0-497b-b3d5-3d130e8375e9/action 5.551s
2025-11-21 01:51:29.600 66064 INFO tempest.lib.common.rest_client [req-7e271e6f-682d-417b-9d22-333c0c2968e9 req-7e271e6f-682d-417b-9d22-333c0c2968e9 ] Request (VolumesTestJSON:setUpClass): 202 POST http://10.180.1.21/volume/v3/volumes 0.217s
2025-11-21 01:51:29.608 66077 INFO tempest.lib.common.rest_client [req-04a17364-c6e8-43d3-8144-45655b2fbbde req-04a17364-c6e8-43d3-8144-45655b2fbbde ] Request (MigrationsAdminTest:test_list_migrations_in_flavor_resize_situation): 200 GET http://10.180.1.21/compute/v2.1/servers/ddd3d3d7-b6ce-4e5c-b454-19a1e55a353e 5.665s
2025-11-21 01:51:29.621 66077 INFO tempest.common.waiters [-] State transition "RESIZE/resize_prep" ==> "RESIZE/resize_migrating" after 14 second wait
2025-11-21 01:51:29.650 66064 INFO tempest.lib.common.rest_client [req-9a1123d4-9596-4ff2-917e-b3a88a4545f1 req-9a1123d4-9596-4ff2-917e-b3a88a4545f1 ] Request (VolumesTestJSON:setUpClass): 200 GET http://10.180.1.21/volume/v3/volumes/fef61ca2-639f-4cce-aa83-8c5f26f3b3ab 0.038s
2025-11-21 01:51:29.655 66040 INFO tempest.lib.common.rest_client [req-69213a13-e4c2-414b-a948-2ff6e9f2b68a req-69213a13-e4c2-414b-a948-2ff6e9f2b68a ] Request (VolumesAssistedSnapshotsTest:_run_cleanups): 200 GET http://10.180.1.21/compute/v2.1/servers/df12d483-63ce-44fe-a57c-97e068cdd54d/os-volume_attachments 5.099s
2025-11-21 01:51:29.660 66085 INFO tempest.lib.common.rest_client [req-7940ba84-2b3d-4421-b5a0-2289700d8629 req-7940ba84-2b3d-4421-b5a0-2289700d8629 ] Request (ServerAddressesTestJSON:tearDownClass): 200 GET http://10.180.1.21/compute/v2.1/servers/05a75830-46da-4eb8-830d-ac30fe832fcf 5.129s
2025-11-21 01:51:29.673 66085 INFO tempest.common.waiters [-] State transition "ACTIVE/deleting" ==> "DELETED/None" after 6 second wait
2025-11-21 01:51:29.704 66040 INFO tempest.lib.common.rest_client [req-2c543292-8118-4810-89c0-421e9ca6b7d5 req-2c543292-8118-4810-89c0-421e9ca6b7d5 ] Request (VolumesAssistedSnapshotsTest:_run_cleanups): 200 GET http://10.180.1.21/volume/v3/volumes/8c3ebd90-80a3-406c-af6a-0f6e42b33b5d 0.048s
2025-11-21 01:51:29.712 66040 INFO tempest.common.waiters [-] volume 8c3ebd90-80a3-406c-af6a-0f6e42b33b5d reached available after waiting for 0.712064 seconds
2025-11-21 01:51:29.770 66040 INFO tempest.lib.common.rest_client [req-d34e1ba7-eb15-4cf5-92c0-a5eafe9239b6 req-d34e1ba7-eb15-4cf5-92c0-a5eafe9239b6 ] Request (VolumesAssistedSnapshotsTest:_run_cleanups): 202 DELETE http://10.180.1.21/volume/v3/volumes/8c3ebd90-80a3-406c-af6a-0f6e42b33b5d 0.058s
2025-11-21 01:51:29.772 66034 INFO tempest.lib.common.rest_client [req-0c2eefee-9692-41d6-92bc-2141937c5417 req-0c2eefee-9692-41d6-92bc-2141937c5417 ] Request (ServerRescueTestJSON:tearDownClass): 204 DELETE http://10.180.1.21/compute/v2.1/servers/2131c077-505d-4a05-ba67-16049b9794ca 4.990s
2025-11-21 01:51:29.800 66072 INFO tempest.lib.common.rest_client [req-cc5385e0-5c69-4f36-9845-adc807edbc2f req-cc5385e0-5c69-4f36-9845-adc807edbc2f ] Request (ServerExternalEventsTest:tearDownClass): 200 GET http://10.180.1.21/compute/v2.1/servers/cfd6df13-9082-4925-9d31-bef7fea6b3ca 4.928s
2025-11-21 01:51:29.815 66068 INFO tempest.lib.common.rest_client [req-fd9487ea-04aa-46f6-b7eb-1d1f7b7dd667 req-fd9487ea-04aa-46f6-b7eb-1d1f7b7dd667 ] Request (AttachInterfacesUnderV243Test:test_add_remove_fixed_ip): 200 GET http://10.180.1.21/compute/v2.1/servers/061d0a51-8aff-4fbc-b6f6-788c95e25cb6/ips 4.596s
2025-11-21 01:51:29.818 66072 INFO tempest.common.waiters [-] State transition "ACTIVE/deleting" ==> "DELETED/None" after 6 second wait
2025-11-21 01:51:29.837 66040 INFO tempest.lib.common.rest_client [req-ab22cf1f-523d-4a16-ba99-52fda62dabd2 req-ab22cf1f-523d-4a16-ba99-52fda62dabd2 ] Request (VolumesAssistedSnapshotsTest:_run_cleanups): 200 GET http://10.180.1.21/volume/v3/volumes/8c3ebd90-80a3-406c-af6a-0f6e42b33b5d 0.066s
2025-11-21 01:51:29.894 66060 INFO tempest.lib.common.rest_client [req-eb2e3a15-df3b-4a57-8ddd-c06e49304de1 req-eb2e3a15-df3b-4a57-8ddd-c06e49304de1 ] Request (ServersTestBootFromVolume:setUpClass): 200 GET http://10.180.1.21/compute/v2.1/servers/c532c241-c981-42db-808f-09059f75d8e7 4.337s
2025-11-21 01:51:30.000 66046 INFO tempest.lib.common.rest_client [req-08de93fd-753d-4fe9-8744-bf84d6551ccf req-08de93fd-753d-4fe9-8744-bf84d6551ccf ] Request (ServersTestManualDisk:setUpClass): 200 GET http://10.180.1.21/compute/v2.1/servers/74339a14-3bb6-4fc6-9b3f-5f870b3971bc/os-interface 4.132s
2025-11-21 01:51:30.100 66050 INFO tempest.lib.common.rest_client [req-3c288c1e-0fca-45cd-a789-7023382a0ecd req-3c288c1e-0fca-45cd-a789-7023382a0ecd ] Request (ValidationResourcesFixture:setUp): 201 POST http://10.180.1.21/compute/v2.1/os-keypairs 4.172s
2025-11-21 01:51:30.124 66089 INFO tempest.lib.common.rest_client [req-997df200-28e1-43b3-8178-284a6892daaa req-997df200-28e1-43b3-8178-284a6892daaa ] Request (InstanceActionsV221TestJSON:tearDownClass): 404 DELETE http://10.180.1.21/compute/v2.1/servers/554f0677-3fc1-44f3-8f3e-866857e88a1b 3.255s
2025-11-21 01:51:30.698 66064 INFO tempest.lib.common.rest_client [req-1a86ad25-877e-4713-8548-69cfebca8035 req-1a86ad25-877e-4713-8548-69cfebca8035 ] Request (VolumesTestJSON:setUpClass): 200 GET http://10.180.1.21/volume/v3/volumes/fef61ca2-639f-4cce-aa83-8c5f26f3b3ab 0.039s
2025-11-21 01:51:30.705 66064 INFO tempest.common.waiters [-] volume fef61ca2-639f-4cce-aa83-8c5f26f3b3ab reached available after waiting for 1.705207 seconds
2025-11-21 01:51:30.772 66046 INFO tempest.lib.common.rest_client [req-7a4d8992-1e44-4148-b579-1074b86f33c7 req-7a4d8992-1e44-4148-b579-1074b86f33c7 ] Request (ServersTestManualDisk:setUpClass): 200 PUT http://10.180.1.21/networking/v2.0/floatingips/d1829fcd-ba3e-45e9-9850-58589ed0923a 0.769s
2025-11-21 01:51:30.890 66040 INFO tempest.lib.common.rest_client [req-a7529013-c5af-4fa8-8d23-472cbc48ab5d req-a7529013-c5af-4fa8-8d23-472cbc48ab5d ] Request (VolumesAssistedSnapshotsTest:_run_cleanups): 200 GET http://10.180.1.21/volume/v3/volumes/8c3ebd90-80a3-406c-af6a-0f6e42b33b5d 0.039s
2025-11-21 01:51:31.008 66050 INFO tempest.lib.common.rest_client [req-09e3ba91-6ca6-4ba6-b63d-5c3e7a633365 req-09e3ba91-6ca6-4ba6-b63d-5c3e7a633365 ] Request (ValidationResourcesFixture:setUp): 201 POST http://10.180.1.21/networking/v2.0/security-groups 0.906s
2025-11-21 01:51:31.035 66054 INFO tempest.lib.common.rest_client [req-2bcdd9e2-555b-488f-befc-862173cda9a6 req-2bcdd9e2-555b-488f-befc-862173cda9a6 ] Request (ServersTestMultiNic:_run_cleanups): 200 GET http://10.180.1.21/compute/v2.1/servers/44173d80-d8cb-4800-9740-7c61d7ad9fee 4.142s
2025-11-21 01:51:31.091 66074 INFO tempest.lib.common.rest_client [req-e97dc312-f531-49cb-accd-221f73a08351 req-e97dc312-f531-49cb-accd-221f73a08351 ] Request (SecurityGroupsTestJSON:test_list_security_groups_by_server): 200 GET http://10.180.1.21/compute/v2.1/servers/4a0468b9-683d-4516-922c-bb41d4925c2e 4.927s
2025-11-21 01:51:31.101 66074 INFO tempest.common.waiters [-] State transition "BUILD/spawning" ==> "ACTIVE/None" after 19 second wait
2025-11-21 01:51:31.269 66050 INFO tempest.lib.common.rest_client [req-eb007788-bb04-4274-af57-16b26596c945 req-eb007788-bb04-4274-af57-16b26596c945 ] Request (ValidationResourcesFixture:setUp): 201 POST http://10.180.1.21/networking/v2.0/security-group-rules 0.260s
2025-11-21 01:51:31.448 66062 INFO tempest.lib.common.rest_client [req-7173f042-3bd2-4e9b-ac65-6b00a96e83c0 req-7173f042-3bd2-4e9b-ac65-6b00a96e83c0 ] Request (ServerActionsTestOtherA:setUpClass): 200 GET http://10.180.1.21/compute/v2.1/servers/ee6d6221-ddea-44f1-9a44-aa9a423ef62a 4.187s
2025-11-21 01:51:31.496 66070 INFO tempest.lib.common.rest_client [req-3a6eff12-a08c-4b71-9598-c21e127bb133 req-3a6eff12-a08c-4b71-9598-c21e127bb133 ] Request (ExtensionsTest:test_get_extension): 200 GET http://10.180.1.21/compute/v2.1/extensions/os-consoles 3.846s
2025-11-21 01:51:31.530 66052 WARNING tempest.lib.common.ssh [-] Failed to establish authenticated ssh connection to cirros@10.180.180.209 ([Errno None] Unable to connect to port 22 on 10.180.180.209). Number attempts: 5. Retry after 6 seconds.: paramiko.ssh_exception.NoValidConnectionsError: [Errno None] Unable to connect to port 22 on 10.180.180.209
2025-11-21 01:51:31.546 66050 INFO tempest.lib.common.rest_client [req-926894e4-d78d-431c-8cf6-01f3ee1264cd req-926894e4-d78d-431c-8cf6-01f3ee1264cd ] Request (ValidationResourcesFixture:setUp): 201 POST http://10.180.1.21/networking/v2.0/security-group-rules 0.276s
2025-11-21 01:51:31.618 66030 INFO tempest.lib.common.rest_client [req-94fe5ffe-06a9-4152-b180-460a6becc75b req-94fe5ffe-06a9-4152-b180-460a6becc75b ] Request (ImagesNegativeTestJSON:test_create_image_from_deleted_server): 200 GET http://10.180.1.21/compute/v2.1/servers/53db67e8-27a4-4a3c-99aa-9eee5f750c58 4.514s
2025-11-21 01:51:31.632 66030 INFO tempest.common.waiters [-] State transition "BUILD/None" ==> "BUILD/spawning" after 13 second wait
2025-11-21 01:51:31.919 66040 INFO tempest.lib.common.rest_client [req-6308ecf7-a783-400c-ad5b-d3caaf0c1209 req-6308ecf7-a783-400c-ad5b-d3caaf0c1209 ] Request (VolumesAssistedSnapshotsTest:_run_cleanups): 404 GET http://10.180.1.21/volume/v3/volumes/8c3ebd90-80a3-406c-af6a-0f6e42b33b5d 0.015s
2025-11-21 01:51:31.926 66066 INFO tempest.lib.common.rest_client [req-0f15c911-f04f-4928-80a2-400121546954 req-0f15c911-f04f-4928-80a2-400121546954 ] Request (AttachInterfacesTestJSON:test_create_list_show_delete_interfaces_by_fixed_ip): 200 GET http://10.180.1.21/compute/v2.1/servers/3d4056ad-9ddb-4e50-8a18-34d1468b335c 4.116s
2025-11-21 01:51:31.934 66066 INFO tempest.common.waiters [-] State transition "BUILD/None" ==> "BUILD/spawning" after 13 second wait
2025-11-21 01:51:32.099 66043 INFO tempest.lib.common.rest_client [req-8be12d59-c156-437f-aea3-a4352e9e1fd4 req-8be12d59-c156-437f-aea3-a4352e9e1fd4 ] Request (ImagesTestJSON:test_create_image_from_suspended_server): 200 GET http://10.180.1.21/compute/v2.1/servers/a1554552-52d4-4791-a13b-8e12e4b62d2b 3.260s
2025-11-21 01:51:32.107 66044 WARNING tempest.lib.common.ssh [-] Failed to establish authenticated ssh connection to cirros@10.180.180.243 ([Errno None] Unable to connect to port 22 on 10.180.180.243). Number attempts: 9. Retry after 10 seconds.: paramiko.ssh_exception.NoValidConnectionsError: [Errno None] Unable to connect to port 22 on 10.180.180.243
2025-11-21 01:51:32.130 66050 INFO tempest.lib.common.rest_client [req-94d058da-6f5a-4f9f-aac8-e8d15a025e50 req-94d058da-6f5a-4f9f-aac8-e8d15a025e50 ] Request (ValidationResourcesFixture:setUp): 201 POST http://10.180.1.21/networking/v2.0/floatingips 0.584s
2025-11-21 01:51:32.179 66050 INFO tempest.lib.common.rest_client [req-903cbccb-6075-4560-8fa6-77c6e9ca93ee req-903cbccb-6075-4560-8fa6-77c6e9ca93ee ] Request (AttachVolumeShelveTestJSON:test_attach_volume_shelved_or_offload_server): 201 POST http://10.180.1.21/identity/v3/auth/tokens 0.042s
2025-11-21 01:51:32.179 66050 INFO tempest.lib.common.fixed_network [-] (AttachVolumeShelveTestJSON:test_attach_volume_shelved_or_offload_server) Found network {'id': '1e7b69c3-212e-4f30-bdb0-84c2676e5c4f', 'name': 'tempest-AttachVolumeShelveTestJSON-481673245-network', 'tenant_id': '3f4801b2fe82405f9960b20792f1ec57', 'project_id': '3f4801b2fe82405f9960b20792f1ec57', 'admin_state_up': True, 'mtu': 8950, 'status': 'ACTIVE', 'subnets': [], 'shared': False, 'port_security_enabled': True, 'router:external': False, 'provider:network_type': 'vlan', 'provider:physical_network': 'default', 'provider:segmentation_id': 543, 'availability_zone_hints': [], 'availability_zones': [], 'ipv4_address_scope': None, 'ipv6_address_scope': None, 'description': '', 'tags': [], 'created_at': '2025-11-21T01:51:23Z', 'updated_at': '2025-11-21T01:51:23Z', 'revision_number': 1} available for tenant
2025-11-21 01:51:32.204 66090 INFO tempest.lib.common.rest_client [req-d20196d6-b9e0-4a07-809d-bf5407d62209 req-d20196d6-b9e0-4a07-809d-bf5407d62209 ] Request (ImagesOneServerNegativeTestJSON:_run_cleanups): 204 DELETE http://10.180.1.21/compute/v2.1/servers/d818b6d4-391c-4911-a267-c42aae775098 3.075s
2025-11-21 01:51:32.214 66078 INFO tempest.lib.common.rest_client [req-1e6d99de-5eaa-43de-932c-00bdbbe406b9 req-1e6d99de-5eaa-43de-932c-00bdbbe406b9 ] Request (AggregatesAdminNegativeTestJSON:test_aggregate_get_details_with_invalid_id): 404 GET http://10.180.1.21/compute/v2.1/os-aggregates/-1 2.979s
2025-11-21 01:51:32.464 66082 INFO tempest.lib.common.rest_client [req-c227cf9a-75f2-4a56-8344-c90bb7cb405d req-c227cf9a-75f2-4a56-8344-c90bb7cb405d ] Request (AttachInterfacesV270Test:test_create_get_list_interfaces): 202 POST http://10.180.1.21/compute/v2.1/servers 4.279s
2025-11-21 01:51:32.842 66038 INFO tempest.lib.common.rest_client [req-2d0e7c6c-5c85-4e8a-a9d4-5fe55fa85089 req-2d0e7c6c-5c85-4e8a-a9d4-5fe55fa85089 ] Request (FloatingIPsAssociationNegativeTestJSON:_run_cleanups): 202 DELETE http://10.180.1.21/compute/v2.1/os-floating-ips/915b1c52-15bf-4811-b04f-a8edfae0ddd2 3.585s
2025-11-21 01:51:32.860 66032 INFO tempest.lib.common.rest_client [req-a352f8bc-5e4a-41d3-8d79-d9db4f6429df req-a352f8bc-5e4a-41d3-8d79-d9db4f6429df ] Request (FlavorsV2TestJSON:test_list_flavors_detailed_filter_by_min_ram): 200 GET http://10.180.1.21/compute/v2.1/flavors/42 3.471s
2025-11-21 01:51:32.873 66048 INFO tempest.lib.common.rest_client [req-5b70f1f7-6dac-4424-9bc3-b90c49ff8ef5 req-5b70f1f7-6dac-4424-9bc3-b90c49ff8ef5 ] Request (ServersAdmin275Test:test_rebuild_update_server_275): 202 POST http://10.180.1.21/compute/v2.1/servers/34cf3cb4-80d2-4544-8d57-e0bcfa3ad590/action 3.542s
2025-11-21 01:51:32.882 66086 INFO tempest.lib.common.rest_client [req-d91f8cea-70b2-4f55-b6ba-0156b13e94a8 req-d91f8cea-70b2-4f55-b6ba-0156b13e94a8 ] Request (KeyPairsV22TestJSON:_run_cleanups): 204 DELETE http://10.180.1.21/compute/v2.1/os-keypairs/tempest-KeyPairsV22TestJSON-keypair-964552135 3.470s
2025-11-21 01:51:32.902 66036 INFO tempest.lib.common.rest_client [req-bfea0827-3bb8-4200-a471-c63fcc284445 req-bfea0827-3bb8-4200-a471-c63fcc284445 ] Request (DeleteServersAdminTestJSON:tearDownClass): 404 GET http://10.180.1.21/compute/v2.1/servers/9bc559ae-f1f5-4416-9bb3-d0c8292f002a 3.470s
2025-11-21 01:51:32.991 66034 INFO tempest.lib.common.rest_client [req-5738382c-4920-4a16-9a75-f240210707aa req-5738382c-4920-4a16-9a75-f240210707aa ] Request (ServerRescueTestJSON:tearDownClass): 200 GET http://10.180.1.21/compute/v2.1/servers/2131c077-505d-4a05-ba67-16049b9794ca 3.218s
2025-11-21 01:51:33.066 66036 INFO tempest.lib.common.rest_client [req-cdbde32a-1d25-4587-808c-8df7cc14892d req-cdbde32a-1d25-4587-808c-8df7cc14892d ] Request (DeleteServersAdminTestJSON:tearDownClass): 204 DELETE http://10.180.1.21/identity/v3/users/dc33d518ba5d4dfc9f355c5eb7f575e7 0.164s
2025-11-21 01:51:33.205 66036 INFO tempest.lib.common.rest_client [req-3e63ace7-63e0-489b-80cc-22cdbb0507b8 req-3e63ace7-63e0-489b-80cc-22cdbb0507b8 ] Request (DeleteServersAdminTestJSON:tearDownClass): 204 DELETE http://10.180.1.21/identity/v3/users/3ed8a583710d4b74ad06146202255261 0.138s
2025-11-21 01:51:33.205 66036 INFO tempest.lib.common.dynamic_creds [-] Deleting project and security group for project: f36c5ad4bdbc41d6a781cb5c451041ff
2025-11-21 01:51:33.218 66028 INFO tempest.lib.common.rest_client [req-f157a221-21e3-4ad5-90de-a545a4da91f3 req-f157a221-21e3-4ad5-90de-a545a4da91f3 ] Request (ServersAdminNegativeTestJSON:test_migrate_server_invalid_state): 200 GET http://10.180.1.21/compute/v2.1/servers/3f79901b-3af0-497b-b3d5-3d130e8375e9 3.625s
2025-11-21 01:51:33.242 66089 INFO tempest.lib.common.rest_client [req-4cc69471-2c8c-43a6-8ae8-376b92dffec9 req-4cc69471-2c8c-43a6-8ae8-376b92dffec9 ] Request (InstanceActionsV221TestJSON:tearDownClass): 404 GET http://10.180.1.21/compute/v2.1/servers/554f0677-3fc1-44f3-8f3e-866857e88a1b 3.118s
2025-11-21 01:51:33.300 66036 INFO tempest.lib.common.rest_client [req-a32ac478-c36c-43a4-a8d2-6d018f97446e req-a32ac478-c36c-43a4-a8d2-6d018f97446e ] Request (DeleteServersAdminTestJSON:tearDownClass): 201 POST http://10.180.1.21/identity/v3/auth/tokens 0.094s
2025-11-21 01:51:33.312 66056 INFO tempest.lib.common.rest_client [req-cccd4274-42a5-43c5-a02d-1016d121d1cf req-cccd4274-42a5-43c5-a02d-1016d121d1cf ] Request (ImagesOneServerTestJSON:test_create_image_specify_multibyte_character_image_name): 200 GET http://10.180.1.21/compute/v2.1/images/d7120b81-59ba-4e5b-be77-4e3e742b229e 3.107s
2025-11-21 01:51:34.593 66036 INFO tempest.lib.common.rest_client [req-0819400e-c59c-48bd-b586-de0aec3071b2 req-0819400e-c59c-48bd-b586-de0aec3071b2 ] Request (DeleteServersAdminTestJSON:tearDownClass): 200 GET http://10.180.1.21/networking/v2.0/security-groups?tenant_id=f36c5ad4bdbc41d6a781cb5c451041ff&name=default 1.293s
2025-11-21 01:51:34.604 66089 INFO tempest.lib.common.rest_client [req-861dd33d-e7ea-4090-a783-bb94fa0a6012 req-861dd33d-e7ea-4090-a783-bb94fa0a6012 ] Request (InstanceActionsV221TestJSON:tearDownClass): 200 PUT http://10.180.1.21/networking/v2.0/routers/dfd2a452-b7de-4fb8-974b-e221900cdbc5/remove_router_interface 1.360s
2025-11-21 01:51:34.626 66080 INFO tempest.lib.common.rest_client [req-2223b666-88e7-4ec5-8a7d-00ce8eec52ef req-2223b666-88e7-4ec5-8a7d-00ce8eec52ef ] Request (ListImageFiltersTestJSON:setUpClass): 200 GET http://10.180.1.21/compute/v2.1/servers/39ad9760-bdb8-4da7-bd9a-0ae0ceabc832 4.271s
2025-11-21 01:51:34.627 66068 INFO tempest.lib.common.rest_client [req-c9cd7378-9b26-484c-b308-63baed055d93 req-c9cd7378-9b26-484c-b308-63baed055d93 ] Request (AttachInterfacesUnderV243Test:test_add_remove_fixed_ip): 200 GET http://10.180.1.21/compute/v2.1/servers/061d0a51-8aff-4fbc-b6f6-788c95e25cb6 4.810s
2025-11-21 01:51:34.811 66036 INFO tempest.lib.common.rest_client [req-7156ae69-2dde-419d-a23e-3dffee26964c req-7156ae69-2dde-419d-a23e-3dffee26964c ] Request (DeleteServersAdminTestJSON:tearDownClass): 204 DELETE http://10.180.1.21/networking/v2.0/security-groups/9e5c9295-006a-4e0c-9523-593fd05ecaff 0.217s
2025-11-21 01:51:34.913 66036 INFO tempest.lib.common.rest_client [req-f0be0ed7-298c-473e-b09e-a3f7684b3a4e req-f0be0ed7-298c-473e-b09e-a3f7684b3a4e ] Request (DeleteServersAdminTestJSON:tearDownClass): 204 DELETE http://10.180.1.21/identity/v3/projects/f36c5ad4bdbc41d6a781cb5c451041ff 0.101s
2025-11-21 01:51:34.913 66036 INFO tempest.lib.common.dynamic_creds [-] Deleting project and security group for project: ba3f61b6fc4e4779978e030463fb1c3b
2025-11-21 01:51:35.193 66058 INFO tempest.lib.common.rest_client [req-0371f24f-ff94-482f-9e71-082f10e17e5b req-0371f24f-ff94-482f-9e71-082f10e17e5b ] Request (ServerDiagnosticsV248Test:test_get_server_diagnostics): 200 GET http://10.180.1.21/compute/v2.1/servers/fb1c31cf-cafb-4b82-ac3f-ee06b26c45cb/diagnostics 4.709s
2025-11-21 01:51:35.215 66077 INFO tempest.lib.common.rest_client [req-d1055d84-ff6f-45f7-8943-0a1104c832d8 req-d1055d84-ff6f-45f7-8943-0a1104c832d8 ] Request (MigrationsAdminTest:test_list_migrations_in_flavor_resize_situation): 200 GET http://10.180.1.21/compute/v2.1/servers/ddd3d3d7-b6ce-4e5c-b454-19a1e55a353e 4.594s
2025-11-21 01:51:35.277 66064 INFO tempest.lib.common.rest_client [req-4f3dfc11-d3f0-421a-9faf-4c2f735e566d req-4f3dfc11-d3f0-421a-9faf-4c2f735e566d ] Request (VolumesTestJSON:setUpClass): 200 GET http://10.180.1.21/compute/v2.1/os-volumes/fef61ca2-639f-4cce-aa83-8c5f26f3b3ab 4.572s
2025-11-21 01:51:35.298 66089 INFO tempest.lib.common.rest_client [req-5d1b2101-c4c5-4a56-afc0-cb1820be2558 req-5d1b2101-c4c5-4a56-afc0-cb1820be2558 ] Request (InstanceActionsV221TestJSON:tearDownClass): 204 DELETE http://10.180.1.21/networking/v2.0/routers/dfd2a452-b7de-4fb8-974b-e221900cdbc5 0.693s
2025-11-21 01:51:35.442 66036 INFO tempest.lib.common.rest_client [req-7464291f-4f4f-48b6-bd05-cac3173cd492 req-7464291f-4f4f-48b6-bd05-cac3173cd492 ] Request (DeleteServersAdminTestJSON:tearDownClass): 200 GET http://10.180.1.21/networking/v2.0/security-groups?tenant_id=ba3f61b6fc4e4779978e030463fb1c3b&name=default 0.528s
2025-11-21 01:51:35.479 66085 INFO tempest.lib.common.rest_client [req-a5fc96d6-c8dd-4eff-9388-30bbd9a608f6 req-a5fc96d6-c8dd-4eff-9388-30bbd9a608f6 ] Request (ServerAddressesTestJSON:tearDownClass): 200 GET http://10.180.1.21/compute/v2.1/servers/05a75830-46da-4eb8-830d-ac30fe832fcf 4.805s
2025-11-21 01:51:35.497 66064 INFO tempest.lib.common.rest_client [req-2a023631-eb99-4eab-a119-ab35c6caa24e req-2a023631-eb99-4eab-a119-ab35c6caa24e ] Request (VolumesTestJSON:setUpClass): 202 POST http://10.180.1.21/volume/v3/volumes 0.216s
2025-11-21 01:51:35.560 66064 INFO tempest.lib.common.rest_client [req-90564eb0-e10b-4208-93a8-3bd92fb268c4 req-90564eb0-e10b-4208-93a8-3bd92fb268c4 ] Request (VolumesTestJSON:setUpClass): 200 GET http://10.180.1.21/volume/v3/volumes/6afa21e2-295d-4fb7-8da4-d3731927a8cc 0.051s
2025-11-21 01:51:35.639 66089 INFO tempest.lib.common.rest_client [req-31087a6a-74ce-4033-a764-06864b27cc67 req-31087a6a-74ce-4033-a764-06864b27cc67 ] Request (InstanceActionsV221TestJSON:tearDownClass): 204 DELETE http://10.180.1.21/networking/v2.0/subnets/af69ee3c-6338-4a37-b9de-ad6775b6c84d 0.341s
2025-11-21 01:51:35.773 66072 INFO tempest.lib.common.rest_client [req-c68b7cff-9623-4c0c-97a4-a3e1109981fa req-c68b7cff-9623-4c0c-97a4-a3e1109981fa ] Request (ServerExternalEventsTest:tearDownClass): 200 GET http://10.180.1.21/compute/v2.1/servers/cfd6df13-9082-4925-9d31-bef7fea6b3ca 4.953s
2025-11-21 01:51:35.815 66036 INFO tempest.lib.common.rest_client [req-d38ae515-8035-4be4-ad59-b91d77873ec8 req-d38ae515-8035-4be4-ad59-b91d77873ec8 ] Request (DeleteServersAdminTestJSON:tearDownClass): 204 DELETE http://10.180.1.21/networking/v2.0/security-groups/ae83fa7f-111d-42bc-96b3-d4b96528911d 0.372s
2025-11-21 01:51:35.928 66036 INFO tempest.lib.common.rest_client [req-b8a029c3-7ee0-4459-8635-6dd5fdcbcad9 req-b8a029c3-7ee0-4459-8635-6dd5fdcbcad9 ] Request (DeleteServersAdminTestJSON:tearDownClass): 204 DELETE http://10.180.1.21/identity/v3/projects/ba3f61b6fc4e4779978e030463fb1c3b 0.113s
2025-11-21 01:51:35.999 66036 INFO tempest.lib.common.rest_client [req-0e3b0d0d-24f9-4900-8228-e7783d0a565a req-0e3b0d0d-24f9-4900-8228-e7783d0a565a ] Request (FloatingIPsAssociationTestJSON:setUpClass): 201 POST http://10.180.1.21/identity/v3/auth/tokens 0.069s
2025-11-21 01:51:36.027 66089 INFO tempest.lib.common.rest_client [req-daafbab6-ee23-481e-bfeb-03aef59b13af req-daafbab6-ee23-481e-bfeb-03aef59b13af ] Request (InstanceActionsV221TestJSON:tearDownClass): 204 DELETE http://10.180.1.21/networking/v2.0/networks/d4ba199e-2e65-4b1b-9cb0-1b71e38669a9 0.386s
2025-11-21 01:51:36.031 66036 INFO tempest.lib.common.rest_client [req-852ad272-b291-43eb-b45d-358c0af5b4f8 req-852ad272-b291-43eb-b45d-358c0af5b4f8 ] Request (FloatingIPsAssociationTestJSON:setUpClass): 201 POST http://10.180.1.21/identity/v3/auth/tokens 0.029s
2025-11-21 01:51:36.057 66036 INFO tempest.lib.common.rest_client [req-3ab8ae6a-999e-4ef8-b379-904eeed60e63 req-3ab8ae6a-999e-4ef8-b379-904eeed60e63 ] Request (FloatingIPsAssociationTestJSON:setUpClass): 200 GET http://10.180.1.21/identity/v3/domains?name=Default 0.025s
2025-11-21 01:51:36.070 66046 INFO tempest.lib.common.rest_client [req-9f45e2c3-e9d6-4710-acd1-7f81f93a3812 req-9f45e2c3-e9d6-4710-acd1-7f81f93a3812 ] Request (ServersTestManualDisk:setUpClass): 200 GET http://10.180.1.21/compute/v2.1/servers/74339a14-3bb6-4fc6-9b3f-5f870b3971bc 5.297s
2025-11-21 01:51:36.080 66046 INFO tempest.lib.common.ssh [-] Creating ssh connection to '10.180.180.248:22' as 'cirros' with public key authentication
2025-11-21 01:51:36.087 66036 INFO tempest.lib.common.rest_client [req-27bd6f16-eaed-4022-aa2e-1fa05e22d35c req-27bd6f16-eaed-4022-aa2e-1fa05e22d35c ] Request (FloatingIPsAssociationTestJSON:setUpClass): 201 POST http://10.180.1.21/identity/v3/projects 0.030s
2025-11-21 01:51:36.090 66046 WARNING tempest.lib.common.ssh [-] Failed to establish authenticated ssh connection to cirros@10.180.180.248 ([Errno None] Unable to connect to port 22 on 10.180.180.248). Number attempts: 1. Retry after 2 seconds.: paramiko.ssh_exception.NoValidConnectionsError: [Errno None] Unable to connect to port 22 on 10.180.180.248
2025-11-21 01:51:36.112 66089 INFO tempest.lib.common.rest_client [req-0b87a03e-d6c7-4a68-b9fd-c700f5c63a57 req-0b87a03e-d6c7-4a68-b9fd-c700f5c63a57 ] Request (InstanceActionsV221TestJSON:tearDownClass): 204 DELETE http://10.180.1.21/identity/v3/users/48be1bf18cd944049696f5096de018b9 0.085s
2025-11-21 01:51:36.112 66089 INFO tempest.lib.common.dynamic_creds [-] Deleting project and security group for project: b9c409414bd342f684224543f3ec4d7d
2025-11-21 01:51:36.207 66036 INFO tempest.lib.common.rest_client [req-3378f1bb-f87f-427c-b95a-acc8e7f738d9 req-3378f1bb-f87f-427c-b95a-acc8e7f738d9 ] Request (FloatingIPsAssociationTestJSON:setUpClass): 201 POST http://10.180.1.21/identity/v3/users 0.119s
2025-11-21 01:51:36.216 66089 INFO tempest.lib.common.rest_client [req-85561b60-2a30-4b29-a402-3a199a593e41 req-85561b60-2a30-4b29-a402-3a199a593e41 ] Request (InstanceActionsV221TestJSON:tearDownClass): 200 GET http://10.180.1.21/networking/v2.0/security-groups?tenant_id=b9c409414bd342f684224543f3ec4d7d&name=default 0.103s
2025-11-21 01:51:36.240 66036 INFO tempest.lib.common.rest_client [req-c563fd7c-4a5a-4d21-9507-cc76ede67e7b req-c563fd7c-4a5a-4d21-9507-cc76ede67e7b ] Request (FloatingIPsAssociationTestJSON:setUpClass): 200 GET http://10.180.1.21/identity/v3/roles 0.032s
2025-11-21 01:51:36.290 66060 INFO tempest.lib.common.rest_client [req-60f4ce03-7bf7-43ab-a855-818be31c5254 req-60f4ce03-7bf7-43ab-a855-818be31c5254 ] Request (ServersTestBootFromVolume:setUpClass): 200 GET http://10.180.1.21/compute/v2.1/servers/c532c241-c981-42db-808f-09059f75d8e7 5.381s
2025-11-21 01:51:36.300 66060 INFO tempest.common.waiters [-] State transition "BUILD/None" ==> "BUILD/block_device_mapping" after 16 second wait
2025-11-21 01:51:36.301 66036 INFO tempest.lib.common.rest_client [req-9eb0ade8-62f5-4f5f-a6b1-250d4dc6e271 req-9eb0ade8-62f5-4f5f-a6b1-250d4dc6e271 ] Request (FloatingIPsAssociationTestJSON:setUpClass): 204 PUT http://10.180.1.21/identity/v3/projects/bcc22ffd34cb40f18e40860ea88a6f78/users/7450c7e84ffd440d8f7edc605282171d/roles/9e2ca452ae2c4a8b9ca14ed8e681c5c9 0.060s
2025-11-21 01:51:36.301 66036 INFO tempest.lib.common.dynamic_creds [-] Dynamic test user 7450c7e84ffd440d8f7edc605282171d is created with scope project and roles: ['member']
2025-11-21 01:51:36.301 66036 INFO tempest.lib.common.dynamic_creds [-] Acquired dynamic creds: credentials: Credentials: {'domain_id': 'default', 'domain_name': 'Default', 'username': 'tempest-FloatingIPsAssociationTestJSON-140662757-project-member', 'project_domain_id': 'default', 'project_domain_name': 'Default', 'project_id': 'bcc22ffd34cb40f18e40860ea88a6f78', 'project_name': 'tempest-FloatingIPsAssociationTestJSON-140662757', 'tenant_id': 'bcc22ffd34cb40f18e40860ea88a6f78', 'tenant_name': 'tempest-FloatingIPsAssociationTestJSON-140662757', 'user_domain_id': 'default', 'user_domain_name': 'Default', 'user_id': '7450c7e84ffd440d8f7edc605282171d', 'system': None}, Network: None, Subnet: None, Router: None
2025-11-21 01:51:36.357 66070 INFO tempest.lib.common.rest_client [req-ae34b6ed-bcce-4d1a-bafc-efb182d13b51 req-ae34b6ed-bcce-4d1a-bafc-efb182d13b51 ] Request (ExtensionsTest:test_list_extensions): 200 GET http://10.180.1.21/compute/v2.1/extensions 4.857s
2025-11-21 01:51:36.385 66036 INFO tempest.lib.common.rest_client [req-3b3557b8-7283-4e7d-834c-f7940ae412dd req-3b3557b8-7283-4e7d-834c-f7940ae412dd ] Request (FloatingIPsAssociationTestJSON:setUpClass): 201 POST http://10.180.1.21/identity/v3/auth/tokens 0.083s
2025-11-21 01:51:36.477 66089 INFO tempest.lib.common.rest_client [req-febe291e-f650-4246-a9c3-0f9a841d22f8 req-febe291e-f650-4246-a9c3-0f9a841d22f8 ] Request (InstanceActionsV221TestJSON:tearDownClass): 204 DELETE http://10.180.1.21/networking/v2.0/security-groups/3faed94d-7a92-4b4a-b28b-6afef17d9159 0.260s
2025-11-21 01:51:36.498 66070 INFO tempest.lib.common.rest_client [req-45296655-bb36-45ae-89a2-a2bb2d242fa9 req-45296655-bb36-45ae-89a2-a2bb2d242fa9 ] Request (ExtensionsTest:tearDownClass): 204 DELETE http://10.180.1.21/identity/v3/users/b421191a31fd465babdaec95760c8c07 0.130s
2025-11-21 01:51:36.499 66070 INFO tempest.lib.common.dynamic_creds [-] Deleting project and security group for project: d86e093c0a814151ab8afb32bc856f61
2025-11-21 01:51:36.568 66070 INFO tempest.lib.common.rest_client [req-9c4c2136-07bc-479b-a412-e5520e54db9c req-9c4c2136-07bc-479b-a412-e5520e54db9c ] Request (ExtensionsTest:tearDownClass): 201 POST http://10.180.1.21/identity/v3/auth/tokens 0.069s
2025-11-21 01:51:36.592 66089 INFO tempest.lib.common.rest_client [req-b8d24a60-399b-4edc-9638-13d0344d70d6 req-b8d24a60-399b-4edc-9638-13d0344d70d6 ] Request (InstanceActionsV221TestJSON:tearDownClass): 204 DELETE http://10.180.1.21/identity/v3/projects/b9c409414bd342f684224543f3ec4d7d 0.115s
2025-11-21 01:51:36.593 66089 INFO tempest.test [-] raised in AttachVolumeMultiAttachTest.setUpClass. Invoking tearDownClass.
2025-11-21 01:51:36.600 66064 INFO tempest.lib.common.rest_client [req-86624e32-7f69-4532-a0e4-328e7553a8a2 req-86624e32-7f69-4532-a0e4-328e7553a8a2 ] Request (VolumesTestJSON:setUpClass): 200 GET http://10.180.1.21/volume/v3/volumes/6afa21e2-295d-4fb7-8da4-d3731927a8cc 0.029s
2025-11-21 01:51:36.613 66064 INFO tempest.common.waiters [-] volume 6afa21e2-295d-4fb7-8da4-d3731927a8cc reached available after waiting for 1.613939 seconds
2025-11-21 01:51:36.711 66040 INFO tempest.lib.common.rest_client [req-6a08e273-085a-40cf-b0e6-df8bb85a6112 req-6a08e273-085a-40cf-b0e6-df8bb85a6112 ] Request (VolumesAssistedSnapshotsTest:tearDownClass): 204 DELETE http://10.180.1.21/compute/v2.1/servers/df12d483-63ce-44fe-a57c-97e068cdd54d 4.783s
2025-11-21 01:51:36.978 66036 INFO tempest.lib.common.rest_client [req-cefd12b0-bcb5-43bd-b95b-ec50b72b7ce3 req-cefd12b0-bcb5-43bd-b95b-ec50b72b7ce3 ] Request (FloatingIPsAssociationTestJSON:setUpClass): 201 POST http://10.180.1.21/networking/v2.0/networks 0.593s
2025-11-21 01:51:37.272 66074 INFO tempest.lib.common.rest_client [req-01f2b320-a7aa-4593-9c57-9f9dcd47426e req-01f2b320-a7aa-4593-9c57-9f9dcd47426e ] Request (SecurityGroupsTestJSON:test_list_security_groups_by_server): 202 POST http://10.180.1.21/compute/v2.1/servers/4a0468b9-683d-4516-922c-bb41d4925c2e/action 6.170s
2025-11-21 01:51:37.425 66070 INFO tempest.lib.common.rest_client [req-64bec563-3813-4878-be80-ac15619931b6 req-64bec563-3813-4878-be80-ac15619931b6 ] Request (ExtensionsTest:tearDownClass): 200 GET http://10.180.1.21/networking/v2.0/security-groups?tenant_id=d86e093c0a814151ab8afb32bc856f61&name=default 0.857s
2025-11-21 01:51:37.521 66054 INFO tempest.lib.common.rest_client [req-d74a7b6d-dbf7-48ff-afe3-ea7ead197e2e req-d74a7b6d-dbf7-48ff-afe3-ea7ead197e2e ] Request (ServersTestMultiNic:_run_cleanups): 200 GET http://10.180.1.21/compute/v2.1/servers/44173d80-d8cb-4800-9740-7c61d7ad9fee 5.477s
2025-11-21 01:51:37.720 66070 INFO tempest.lib.common.rest_client [req-0a79553d-0595-45a5-b02b-6f8fab9c4716 req-0a79553d-0595-45a5-b02b-6f8fab9c4716 ] Request (ExtensionsTest:tearDownClass): 204 DELETE http://10.180.1.21/networking/v2.0/security-groups/590d2c74-70d5-4390-be9b-4f0210d3fb66 0.293s
2025-11-21 01:51:37.764 66036 INFO tempest.lib.common.rest_client [req-973d786c-0b75-4c29-bd7a-37cb8fef0f04 req-973d786c-0b75-4c29-bd7a-37cb8fef0f04 ] Request (FloatingIPsAssociationTestJSON:setUpClass): 201 POST http://10.180.1.21/networking/v2.0/subnets 0.785s
2025-11-21 01:51:37.798 66090 INFO tempest.lib.common.rest_client [req-eaa627c6-a07f-4edb-8372-497c348cb105 req-eaa627c6-a07f-4edb-8372-497c348cb105 ] Request (ImagesOneServerNegativeTestJSON:_run_cleanups): 200 GET http://10.180.1.21/compute/v2.1/servers/d818b6d4-391c-4911-a267-c42aae775098 5.594s
2025-11-21 01:51:37.806 66078 INFO tempest.lib.common.rest_client [req-c20b4ec4-8ba8-4168-86bd-c232f890ed13 req-c20b4ec4-8ba8-4168-86bd-c232f890ed13 ] Request (AggregatesAdminNegativeTestJSON:test_aggregate_list_as_user): 403 GET http://10.180.1.21/compute/v2.1/os-aggregates 5.590s
2025-11-21 01:51:37.862 66070 INFO tempest.lib.common.rest_client [req-4b77e2e5-82d6-4d08-b898-f3fa4cebbee1 req-4b77e2e5-82d6-4d08-b898-f3fa4cebbee1 ] Request (ExtensionsTest:tearDownClass): 204 DELETE http://10.180.1.21/identity/v3/projects/d86e093c0a814151ab8afb32bc856f61 0.141s
2025-11-21 01:51:37.975 66070 INFO tempest.lib.common.rest_client [req-48a9f9e4-2824-4f10-afb1-8b20524f75df req-48a9f9e4-2824-4f10-afb1-8b20524f75df ] Request (VolumesGetTestJSON:setUpClass): 201 POST http://10.180.1.21/identity/v3/auth/tokens 0.112s
2025-11-21 01:51:38.014 66070 INFO tempest.lib.common.rest_client [req-6e5eec2e-ff16-48f3-bc54-b0557326c0f9 req-6e5eec2e-ff16-48f3-bc54-b0557326c0f9 ] Request (VolumesGetTestJSON:setUpClass): 201 POST http://10.180.1.21/identity/v3/auth/tokens 0.035s
2025-11-21 01:51:38.044 66070 INFO tempest.lib.common.rest_client [req-0208c86d-fdd7-42ad-aa06-7b784d80c9da req-0208c86d-fdd7-42ad-aa06-7b784d80c9da ] Request (VolumesGetTestJSON:setUpClass): 200 GET http://10.180.1.21/identity/v3/domains?name=Default 0.029s
2025-11-21 01:51:38.079 66070 INFO tempest.lib.common.rest_client [req-f590613d-7426-4a3c-8759-22885314c42d req-f590613d-7426-4a3c-8759-22885314c42d ] Request (VolumesGetTestJSON:setUpClass): 201 POST http://10.180.1.21/identity/v3/projects 0.034s
2025-11-21 01:51:38.158 66070 INFO tempest.lib.common.rest_client [req-fbb2cd22-f766-4ac1-a384-322bfe42f7b3 req-fbb2cd22-f766-4ac1-a384-322bfe42f7b3 ] Request (VolumesGetTestJSON:setUpClass): 201 POST http://10.180.1.21/identity/v3/users 0.078s
2025-11-21 01:51:38.188 66070 INFO tempest.lib.common.rest_client [req-861f9fb4-23f1-472f-9575-29facaa295b9 req-861f9fb4-23f1-472f-9575-29facaa295b9 ] Request (VolumesGetTestJSON:setUpClass): 200 GET http://10.180.1.21/identity/v3/roles 0.029s
2025-11-21 01:51:38.230 66070 INFO tempest.lib.common.rest_client [req-0dab0aec-8a0c-42d7-ad4e-dd141eba91f9 req-0dab0aec-8a0c-42d7-ad4e-dd141eba91f9 ] Request (VolumesGetTestJSON:setUpClass): 204 PUT http://10.180.1.21/identity/v3/projects/a96e28e1e7a74806a75d1cad611984a2/users/a2cbb3d72568468281488d4cafc8cc9b/roles/9e2ca452ae2c4a8b9ca14ed8e681c5c9 0.042s
2025-11-21 01:51:38.231 66070 INFO tempest.lib.common.dynamic_creds [-] Dynamic test user a2cbb3d72568468281488d4cafc8cc9b is created with scope project and roles: ['member']
2025-11-21 01:51:38.231 66070 INFO tempest.lib.common.dynamic_creds [-] Acquired dynamic creds: credentials: Credentials: {'domain_id': 'default', 'domain_name': 'Default', 'username': 'tempest-VolumesGetTestJSON-1683361067-project-member', 'project_domain_id': 'default', 'project_domain_name': 'Default', 'project_id': 'a96e28e1e7a74806a75d1cad611984a2', 'project_name': 'tempest-VolumesGetTestJSON-1683361067', 'tenant_id': 'a96e28e1e7a74806a75d1cad611984a2', 'tenant_name': 'tempest-VolumesGetTestJSON-1683361067', 'user_domain_id': 'default', 'user_domain_name': 'Default', 'user_id': 'a2cbb3d72568468281488d4cafc8cc9b', 'system': None}, Network: None, Subnet: None, Router: None
2025-11-21 01:51:38.231 66070 INFO tempest.lib.common.dynamic_creds [-] Created isolated network resources for: credentials: Credentials: {'domain_id': 'default', 'domain_name': 'Default', 'username': 'tempest-VolumesGetTestJSON-1683361067-project-member', 'project_domain_id': 'default', 'project_domain_name': 'Default', 'project_id': 'a96e28e1e7a74806a75d1cad611984a2', 'project_name': 'tempest-VolumesGetTestJSON-1683361067', 'tenant_id': 'a96e28e1e7a74806a75d1cad611984a2', 'tenant_name': 'tempest-VolumesGetTestJSON-1683361067', 'user_domain_id': 'default', 'user_domain_name': 'Default', 'user_id': 'a2cbb3d72568468281488d4cafc8cc9b', 'system': None}, Network: None, Subnet: None, Router: None
2025-11-21 01:51:38.369 66070 INFO tempest.lib.common.rest_client [req-35ea8366-ac8f-4a28-9654-2585e1202a32 req-35ea8366-ac8f-4a28-9654-2585e1202a32 ] Request (VolumesGetTestJSON:setUpClass): 201 POST http://10.180.1.21/identity/v3/auth/tokens 0.133s
2025-11-21 01:51:38.594 66046 WARNING tempest.lib.common.ssh [-] Failed to establish authenticated ssh connection to cirros@10.180.180.248 ([Errno None] Unable to connect to port 22 on 10.180.180.248). Number attempts: 2. Retry after 3 seconds.: paramiko.ssh_exception.NoValidConnectionsError: [Errno None] Unable to connect to port 22 on 10.180.180.248
2025-11-21 01:51:38.687 66036 INFO tempest.lib.common.rest_client [req-0c5a8887-726a-4a3e-a5b7-ec33877d0958 req-0c5a8887-726a-4a3e-a5b7-ec33877d0958 ] Request (FloatingIPsAssociationTestJSON:setUpClass): 201 POST http://10.180.1.21/networking/v2.0/routers 0.922s
2025-11-21 01:51:38.725 66062 INFO tempest.lib.common.rest_client [req-592a41f3-4eac-4d57-91d4-d9ecaa9486d5 req-592a41f3-4eac-4d57-91d4-d9ecaa9486d5 ] Request (ServerActionsTestOtherA:setUpClass): 200 GET http://10.180.1.21/compute/v2.1/servers/ee6d6221-ddea-44f1-9a44-aa9a423ef62a 6.267s
2025-11-21 01:51:38.733 66062 INFO tempest.common.waiters [-] State transition "BUILD/None" ==> "BUILD/block_device_mapping" after 17 second wait
2025-11-21 01:51:39.760 66036 INFO tempest.lib.common.rest_client [req-d6ea4787-c196-4acc-8d77-822fe79083f7 req-d6ea4787-c196-4acc-8d77-822fe79083f7 ] Request (FloatingIPsAssociationTestJSON:setUpClass): 200 PUT http://10.180.1.21/networking/v2.0/routers/0d185afb-fd42-4543-b8ad-16f8fc8f4d3d/add_router_interface 1.073s
2025-11-21 01:51:39.761 66036 INFO tempest.lib.common.dynamic_creds [-] Created isolated network resources for: credentials: Credentials: {'domain_id': 'default', 'domain_name': 'Default', 'username': 'tempest-FloatingIPsAssociationTestJSON-140662757-project-member', 'project_domain_id': 'default', 'project_domain_name': 'Default', 'project_id': 'bcc22ffd34cb40f18e40860ea88a6f78', 'project_name': 'tempest-FloatingIPsAssociationTestJSON-140662757', 'tenant_id': 'bcc22ffd34cb40f18e40860ea88a6f78', 'tenant_name': 'tempest-FloatingIPsAssociationTestJSON-140662757', 'user_domain_id': 'default', 'user_domain_name': 'Default', 'user_id': '7450c7e84ffd440d8f7edc605282171d', 'system': None}, Network: {'id': '6264943d-32a4-4654-83fc-7770dbce7862', 'name': 'tempest-FloatingIPsAssociationTestJSON-1488680330-network', 'tenant_id': 'bcc22ffd34cb40f18e40860ea88a6f78', 'project_id': 'bcc22ffd34cb40f18e40860ea88a6f78', 'admin_state_up': True, 'mtu': 8950, 'status': 'ACTIVE', 'subnets': [], 'shared': False, 'port_security_enabled': True, 'router:external': False, 'provider:network_type': 'vlan', 'provider:physical_network': 'default', 'provider:segmentation_id': 714, 'availability_zone_hints': [], 'availability_zones': [], 'ipv4_address_scope': None, 'ipv6_address_scope': None, 'description': '', 'tags': [], 'created_at': '2025-11-21T01:51:36Z', 'updated_at': '2025-11-21T01:51:36Z', 'revision_number': 1}, Subnet: {'id': 'ab41b769-dc3d-4f58-9b8a-b5e7d77c187a', 'name': 'tempest-FloatingIPsAssociationTestJSON-1488680330-subnet', 'tenant_id': 'bcc22ffd34cb40f18e40860ea88a6f78', 'network_id': '6264943d-32a4-4654-83fc-7770dbce7862', 'ip_version': 4, 'subnetpool_id': None, 'enable_dhcp': True, 'ipv6_ra_mode': None, 'ipv6_address_mode': None, 'gateway_ip': '192.168.128.1', 'cidr': '192.168.128.0/28', 'allocation_pools': [{'start': '192.168.128.2', 'end': '192.168.128.14'}], 'host_routes': [], 'dns_nameservers': [], 'description': '', 'router:external': False, 'service_types': [], 'tags': [], 'created_at': '2025-11-21T01:51:37Z', 'updated_at': '2025-11-21T01:51:37Z', 'revision_number': 0, 'project_id': 'bcc22ffd34cb40f18e40860ea88a6f78'}, Router: {'id': '0d185afb-fd42-4543-b8ad-16f8fc8f4d3d', 'name': 'tempest-FloatingIPsAssociationTestJSON-1488680330-router', 'tenant_id': 'bcc22ffd34cb40f18e40860ea88a6f78', 'admin_state_up': True, 'status': 'ACTIVE', 'external_gateway_info': {'network_id': '1d4c1883-ef12-4663-80bd-026528d8d317', 'external_fixed_ips': [{'subnet_id': '2e253986-92cf-4f43-9a91-cb05350c01d8', 'ip_address': '10.180.180.244'}], 'enable_snat': True}, 'description': '', 'availability_zones': [], 'distributed': False, 'ha': False, 'availability_zone_hints': [], 'routes': [], 'flavor_id': None, 'tags': [], 'created_at': '2025-11-21T01:51:37Z', 'updated_at': '2025-11-21T01:51:38Z', 'revision_number': 2, 'project_id': 'bcc22ffd34cb40f18e40860ea88a6f78'}
2025-11-21 01:51:39.832 66082 INFO tempest.lib.common.rest_client [req-f8738842-73db-4c35-91db-d6256345e07e req-f8738842-73db-4c35-91db-d6256345e07e ] Request (AttachInterfacesV270Test:test_create_get_list_interfaces): 200 GET http://10.180.1.21/compute/v2.1/servers/4a8b1a59-bd0a-4c61-9a5b-9d752b2fdfcf 7.366s
