2025-11-21 01:52:16.587 66040 INFO tempest.lib.common.rest_client [req-99c81d27-973b-48bc-a1c9-b7e547612cd1 req-99c81d27-973b-48bc-a1c9-b7e547612cd1 ] Request (VolumesAssistedSnapshotsTest:tearDownClass): 204 DELETE http://10.180.1.21/identity/v3/users/36715b1c33c046c4a428b1a954d05c9a 0.113s
2025-11-21 01:52:16.587 66040 INFO tempest.lib.common.dynamic_creds [-] Deleting project and security group for project: 203fe801f0a94d5f9790fe737f3976ce
2025-11-21 01:52:16.661 66066 INFO paramiko.transport [-] Connected (version 2.0, client dropbear_2020.81)
2025-11-21 01:52:16.727 66066 INFO paramiko.transport [-] Authentication (publickey) successful!
2025-11-21 01:52:16.729 66066 INFO tempest.lib.common.ssh [-] ssh connection to cirros@10.180.180.140 successfully created
2025-11-21 01:52:16.730 66028 INFO tempest.lib.common.rest_client [req-a6765fb4-4313-4f8b-b612-539daf5ac3df req-a6765fb4-4313-4f8b-b612-539daf5ac3df ] Request (ServersAdminNegativeTestJSON:tearDownClass): 200 GET http://10.180.1.21/compute/v2.1/servers/3f79901b-3af0-497b-b3d5-3d130e8375e9 3.296s
2025-11-21 01:52:16.740 66028 INFO tempest.common.waiters [-] State transition "SUSPENDED/deleting" ==> "DELETED/None" after 4 second wait
2025-11-21 01:52:16.792 66040 INFO tempest.lib.common.rest_client [req-5be4a5b4-58f8-496e-adaf-3c51b3a0a684 req-5be4a5b4-58f8-496e-adaf-3c51b3a0a684 ] Request (VolumesAssistedSnapshotsTest:tearDownClass): 200 GET http://10.180.1.21/networking/v2.0/security-groups?tenant_id=203fe801f0a94d5f9790fe737f3976ce&name=default 0.204s
2025-11-21 01:52:17.033 66058 INFO tempest.lib.common.rest_client [req-1c503efd-0731-4f3d-a92a-0bace5862e6b req-1c503efd-0731-4f3d-a92a-0bace5862e6b ] Request (SecurityGroupRulesTestJSON:setUpClass): 200 PUT http://10.180.1.21/networking/v2.0/routers/33aa0e8f-24ab-44f9-b4b4-591844ae3591/add_router_interface 0.998s
2025-11-21 01:52:17.034 66058 INFO tempest.lib.common.dynamic_creds [-] Created isolated network resources for: credentials: Credentials: {'domain_id': 'default', 'domain_name': 'Default', 'username': 'tempest-SecurityGroupRulesTestJSON-1867610577-project-member', 'project_domain_id': 'default', 'project_domain_name': 'Default', 'project_id': 'd25a255d41ce4b909edf117b47a92991', 'project_name': 'tempest-SecurityGroupRulesTestJSON-1867610577', 'tenant_id': 'd25a255d41ce4b909edf117b47a92991', 'tenant_name': 'tempest-SecurityGroupRulesTestJSON-1867610577', 'user_domain_id': 'default', 'user_domain_name': 'Default', 'user_id': '3dcb979c78c4449e802a397e96182982', 'system': None}, Network: {'id': '6b89d535-da70-4191-a4b9-0da26fa959e4', 'name': 'tempest-SecurityGroupRulesTestJSON-29177750-network', 'tenant_id': 'd25a255d41ce4b909edf117b47a92991', 'project_id': 'd25a255d41ce4b909edf117b47a92991', 'admin_state_up': True, 'mtu': 8950, 'status': 'ACTIVE', 'subnets': [], 'shared': False, 'port_security_enabled': True, 'router:external': False, 'provider:network_type': 'vlan', 'provider:physical_network': 'default', 'provider:segmentation_id': 676, 'availability_zone_hints': [], 'availability_zones': [], 'ipv4_address_scope': None, 'ipv6_address_scope': None, 'description': '', 'tags': [], 'created_at': '2025-11-21T01:52:14Z', 'updated_at': '2025-11-21T01:52:14Z', 'revision_number': 1}, Subnet: {'id': 'e0872903-dbea-44f8-a97e-76a7f3c65a74', 'name': 'tempest-SecurityGroupRulesTestJSON-29177750-subnet', 'tenant_id': 'd25a255d41ce4b909edf117b47a92991', 'network_id': '6b89d535-da70-4191-a4b9-0da26fa959e4', 'ip_version': 4, 'subnetpool_id': None, 'enable_dhcp': True, 'ipv6_ra_mode': None, 'ipv6_address_mode': None, 'gateway_ip': '192.168.128.1', 'cidr': '192.168.128.0/28', 'allocation_pools': [{'start': '192.168.128.2', 'end': '192.168.128.14'}], 'host_routes': [], 'dns_nameservers': [], 'description': '', 'router:external': False, 'service_types': [], 'tags': [], 'created_at': '2025-11-21T01:52:14Z', 'updated_at': '2025-11-21T01:52:14Z', 'revision_number': 0, 'project_id': 'd25a255d41ce4b909edf117b47a92991'}, Router: {'id': '33aa0e8f-24ab-44f9-b4b4-591844ae3591', 'name': 'tempest-SecurityGroupRulesTestJSON-29177750-router', 'tenant_id': 'd25a255d41ce4b909edf117b47a92991', 'admin_state_up': True, 'status': 'ACTIVE', 'external_gateway_info': {'network_id': '1d4c1883-ef12-4663-80bd-026528d8d317', 'external_fixed_ips': [{'subnet_id': '2e253986-92cf-4f43-9a91-cb05350c01d8', 'ip_address': '10.180.180.173'}], 'enable_snat': True}, 'description': '', 'availability_zones': [], 'distributed': False, 'ha': False, 'availability_zone_hints': [], 'routes': [], 'flavor_id': None, 'tags': [], 'created_at': '2025-11-21T01:52:15Z', 'updated_at': '2025-11-21T01:52:15Z', 'revision_number': 2, 'project_id': 'd25a255d41ce4b909edf117b47a92991'}
2025-11-21 01:52:17.114 66058 INFO tempest.lib.common.rest_client [req-f5eaef5e-e059-4fae-94f9-32946649e466 req-f5eaef5e-e059-4fae-94f9-32946649e466 ] Request (SecurityGroupRulesTestJSON:setUpClass): 201 POST http://10.180.1.21/identity/v3/auth/tokens 0.074s
2025-11-21 01:52:17.181 66036 INFO tempest.lib.common.rest_client [req-e10183cc-0082-4e6f-89ba-92dad2c25bed req-e10183cc-0082-4e6f-89ba-92dad2c25bed ] Request (FloatingIPsAssociationTestJSON:setUpClass): 200 GET http://10.180.1.21/compute/v2.1/servers/a5304212-8168-4fe4-ab5b-f19dd1914bba 3.716s
2025-11-21 01:52:17.214 66030 INFO tempest.lib.common.rest_client [req-02ab6f22-988b-4c32-a5a2-b3cc890a8956 req-02ab6f22-988b-4c32-a5a2-b3cc890a8956 ] Request (ImagesNegativeTestJSON:test_create_image_from_deleted_server): 404 GET http://10.180.1.21/compute/v2.1/servers/53db67e8-27a4-4a3c-99aa-9eee5f750c58 3.690s
2025-11-21 01:52:17.245 66040 INFO tempest.lib.common.rest_client [req-8c10b72e-a6ce-45b6-8ce3-027872cb80cc req-8c10b72e-a6ce-45b6-8ce3-027872cb80cc ] Request (VolumesAssistedSnapshotsTest:tearDownClass): 204 DELETE http://10.180.1.21/networking/v2.0/security-groups/537fc505-e1f7-466a-9dea-2916b35a904a 0.450s
2025-11-21 01:52:17.287 66072 INFO tempest.lib.common.rest_client [req-1dd1ec5b-b4cd-4201-93ab-9f5a17995020 req-1dd1ec5b-b4cd-4201-93ab-9f5a17995020 ] Request (ServersAdminTestJSON:setUpClass): 200 GET http://10.180.1.21/compute/v2.1/servers/6fcefb01-6b8e-4be1-a186-60142ca9fa54 3.745s
2025-11-21 01:52:17.374 66038 INFO tempest.lib.common.rest_client [req-195730f6-98ad-4b3e-9e9f-6519909c0048 req-195730f6-98ad-4b3e-9e9f-6519909c0048 ] Request (FloatingIPsAssociationNegativeTestJSON:tearDownClass): 200 GET http://10.180.1.21/compute/v2.1/servers/3f3ec145-1d9e-4f4b-acda-2fe533f4dc35 3.776s
2025-11-21 01:52:17.403 66040 INFO tempest.lib.common.rest_client [req-efdb1509-228b-4cb6-8137-1047d911cee4 req-efdb1509-228b-4cb6-8137-1047d911cee4 ] Request (VolumesAssistedSnapshotsTest:tearDownClass): 204 DELETE http://10.180.1.21/identity/v3/projects/203fe801f0a94d5f9790fe737f3976ce 0.158s
2025-11-21 01:52:17.404 66040 INFO tempest.lib.common.dynamic_creds [-] Deleting project and security group for project: 30479cceff4f419ca6f7826e3281ebb1
2025-11-21 01:52:17.441 66040 INFO tempest.lib.common.rest_client [req-e62213c7-9599-43be-bbb7-11bd1709cd2a req-e62213c7-9599-43be-bbb7-11bd1709cd2a ] Request (VolumesAssistedSnapshotsTest:tearDownClass): 200 GET http://10.180.1.21/networking/v2.0/security-groups?tenant_id=30479cceff4f419ca6f7826e3281ebb1&name=default 0.037s
2025-11-21 01:52:17.598 66040 INFO tempest.lib.common.rest_client [req-fc737211-c6df-4eea-b988-fdbc5498ec58 req-fc737211-c6df-4eea-b988-fdbc5498ec58 ] Request (VolumesAssistedSnapshotsTest:tearDownClass): 204 DELETE http://10.180.1.21/networking/v2.0/security-groups/6582a3d6-139f-4696-8762-424ec75ed346 0.156s
2025-11-21 01:52:17.642 66054 INFO tempest.lib.common.rest_client [req-cae8d0d8-972b-4de5-98e1-1f2defbd14a9 req-cae8d0d8-972b-4de5-98e1-1f2defbd14a9 ] Request (ServersTestMultiNic:test_verify_multiple_nics_order): 200 GET http://10.180.1.21/compute/v2.1/servers/d75788c2-be9a-4baf-be5a-c0a4fd6dfc8a 3.946s
2025-11-21 01:52:17.651 66054 INFO tempest.common.waiters [-] State transition "BUILD/None" ==> "BUILD/spawning" after 26 second wait
2025-11-21 01:52:17.748 66040 INFO tempest.lib.common.rest_client [req-9910e043-1b83-4c1a-8a0a-ac7f91afb28a req-9910e043-1b83-4c1a-8a0a-ac7f91afb28a ] Request (VolumesAssistedSnapshotsTest:tearDownClass): 204 DELETE http://10.180.1.21/identity/v3/projects/30479cceff4f419ca6f7826e3281ebb1 0.150s
2025-11-21 01:52:17.749 66040 INFO tempest.lib.common.dynamic_creds [-] Deleting project and security group for project: 9898a6d6a68a4d62b60cf3d40a1cff38
2025-11-21 01:52:17.818 66040 INFO tempest.lib.common.rest_client [req-c559dc00-c350-4c47-975b-d60da2befae4 req-c559dc00-c350-4c47-975b-d60da2befae4 ] Request (VolumesAssistedSnapshotsTest:tearDownClass): 200 GET http://10.180.1.21/networking/v2.0/security-groups?tenant_id=9898a6d6a68a4d62b60cf3d40a1cff38&name=default 0.069s
2025-11-21 01:52:17.854 66050 INFO tempest.lib.common.rest_client [req-df23590c-6c05-4e1c-9fcc-8e7b7ba6f477 req-df23590c-6c05-4e1c-9fcc-8e7b7ba6f477 ] Request (AttachVolumeShelveTestJSON:test_attach_volume_shelved_or_offload_server): 200 GET http://10.180.1.21/compute/v2.1/servers/3ca986e5-2a75-4856-9abd-956ecf4f6ce6 4.126s
2025-11-21 01:52:17.864 66050 INFO tempest.common.waiters [-] State transition "BUILD/spawning" ==> "ACTIVE/None" after 34 second wait
2025-11-21 01:52:17.934 66040 INFO tempest.lib.common.rest_client [req-a2c3c4c8-b45c-416b-af7d-40dbefda93fe req-a2c3c4c8-b45c-416b-af7d-40dbefda93fe ] Request (VolumesAssistedSnapshotsTest:tearDownClass): 204 DELETE http://10.180.1.21/networking/v2.0/security-groups/640a3c3b-9741-4659-b2da-028664103d79 0.116s
2025-11-21 01:52:17.964 66078 INFO tempest.lib.common.rest_client [req-44e4dfe4-e135-4522-a4d1-5f9cbb82a7ec req-44e4dfe4-e135-4522-a4d1-5f9cbb82a7ec ] Request (SecurityGroupRulesNegativeTestJSON:test_create_security_group_rule_duplicate): 400 POST http://10.180.1.21/compute/v2.1/os-security-group-rules 4.211s
2025-11-21 01:52:18.024 66040 INFO tempest.lib.common.rest_client [req-e1482253-df7e-40e5-83fb-2cb47790646f req-e1482253-df7e-40e5-83fb-2cb47790646f ] Request (VolumesAssistedSnapshotsTest:tearDownClass): 204 DELETE http://10.180.1.21/identity/v3/projects/9898a6d6a68a4d62b60cf3d40a1cff38 0.089s
2025-11-21 01:52:18.028 66034 INFO tempest.lib.common.rest_client [req-b6e337c2-0c9c-4e94-8f41-727fa2d231d8 req-b6e337c2-0c9c-4e94-8f41-727fa2d231d8 ] Request (ServerRescueTestJSON:tearDownClass): 200 GET http://10.180.1.21/compute/v2.1/servers/66fe4863-3cd9-4a24-bb2e-867cf1a1b83c 4.242s
2025-11-21 01:52:18.099 66068 INFO tempest.lib.common.rest_client [req-9f8db48d-1e9e-4abd-91d5-10a8d9318903 req-9f8db48d-1e9e-4abd-91d5-10a8d9318903 ] Request (AttachInterfacesUnderV243Test:_run_cleanups): 200 GET http://10.180.1.21/compute/v2.1/servers/061d0a51-8aff-4fbc-b6f6-788c95e25cb6 4.053s
2025-11-21 01:52:18.105 66040 INFO tempest.lib.common.rest_client [req-915ba52d-820c-4058-a351-62db075eb71e req-915ba52d-820c-4058-a351-62db075eb71e ] Request (FlavorMetadataValidation:setUpClass): 201 POST http://10.180.1.21/identity/v3/auth/tokens 0.079s
2025-11-21 01:52:18.146 66080 INFO tempest.lib.common.rest_client [req-0061839b-d9d2-4263-b16a-5336db97ca23 req-0061839b-d9d2-4263-b16a-5336db97ca23 ] Request (ListImageFiltersTestJSON:setUpClass): 200 GET http://10.180.1.21/compute/v2.1/images/724f3061-f838-4a8a-8d1e-37d310973145 4.011s
2025-11-21 01:52:18.152 66040 INFO tempest.lib.common.rest_client [req-6b33681f-1755-4bc1-a96b-0c9889cd49e1 req-6b33681f-1755-4bc1-a96b-0c9889cd49e1 ] Request (FlavorMetadataValidation:setUpClass): 201 POST http://10.180.1.21/identity/v3/auth/tokens 0.042s
2025-11-21 01:52:18.186 66040 INFO tempest.lib.common.rest_client [req-a3ab18b4-5521-4266-aa2b-abed229a807b req-a3ab18b4-5521-4266-aa2b-abed229a807b ] Request (FlavorMetadataValidation:setUpClass): 200 GET http://10.180.1.21/identity/v3/domains?name=Default 0.034s
2025-11-21 01:52:18.230 66040 INFO tempest.lib.common.rest_client [req-91b2983c-43e3-48d8-af45-ce3d615f5a58 req-91b2983c-43e3-48d8-af45-ce3d615f5a58 ] Request (FlavorMetadataValidation:setUpClass): 201 POST http://10.180.1.21/identity/v3/projects 0.043s
2025-11-21 01:52:18.230 66046 INFO tempest.lib.common.rest_client [req-10a9a9dc-188a-42d5-8266-67b89b801d4f req-10a9a9dc-188a-42d5-8266-67b89b801d4f ] Request (ServersTestManualDisk:tearDownClass): 200 GET http://10.180.1.21/compute/v2.1/servers/74339a14-3bb6-4fc6-9b3f-5f870b3971bc 3.770s
2025-11-21 01:52:18.292 66032 INFO tempest.lib.common.rest_client [req-3110b969-9abe-4574-b901-9b5bf7cbdad7 req-3110b969-9abe-4574-b901-9b5bf7cbdad7 ] Request (ServerActionsTestJSON:setUpClass): 200 GET http://10.180.1.21/compute/v2.1/servers/d33a4192-fc2b-493b-9c6d-40c5984af961 3.829s
2025-11-21 01:52:18.305 66040 INFO tempest.lib.common.rest_client [req-eb3d0bac-1d9b-4624-b50d-3e57f2d33902 req-eb3d0bac-1d9b-4624-b50d-3e57f2d33902 ] Request (FlavorMetadataValidation:setUpClass): 201 POST http://10.180.1.21/identity/v3/users 0.074s
2025-11-21 01:52:18.334 66043 INFO tempest.lib.common.rest_client [req-09719250-c5a7-4b80-ad3b-208de380891c req-09719250-c5a7-4b80-ad3b-208de380891c ] Request (ImagesTestJSON:test_create_image_from_suspended_server): 200 GET http://10.180.1.21/compute/v2.1/images/f467e6c2-bb1c-4f39-9542-f15ea9a41a65 3.770s
2025-11-21 01:52:18.340 66040 INFO tempest.lib.common.rest_client [req-24b80d95-45a5-470f-838a-a51010608745 req-24b80d95-45a5-470f-838a-a51010608745 ] Request (FlavorMetadataValidation:setUpClass): 200 GET http://10.180.1.21/identity/v3/roles 0.034s
2025-11-21 01:52:18.391 66040 INFO tempest.lib.common.rest_client [req-0362314c-bdb4-46b5-8e8c-632005d4f20c req-0362314c-bdb4-46b5-8e8c-632005d4f20c ] Request (FlavorMetadataValidation:setUpClass): 204 PUT http://10.180.1.21/identity/v3/projects/1b256e96c75444c2acf435f19acbc637/users/3e73a59e2bc14c55bbc4fa83845eed40/roles/9e2ca452ae2c4a8b9ca14ed8e681c5c9 0.051s
2025-11-21 01:52:18.391 66040 INFO tempest.lib.common.dynamic_creds [-] Dynamic test user 3e73a59e2bc14c55bbc4fa83845eed40 is created with scope project and roles: ['member']
2025-11-21 01:52:18.392 66040 INFO tempest.lib.common.dynamic_creds [-] Acquired dynamic creds: credentials: Credentials: {'domain_id': 'default', 'domain_name': 'Default', 'username': 'tempest-FlavorMetadataValidation-751335404-project-member', 'project_domain_id': 'default', 'project_domain_name': 'Default', 'project_id': '1b256e96c75444c2acf435f19acbc637', 'project_name': 'tempest-FlavorMetadataValidation-751335404', 'tenant_id': '1b256e96c75444c2acf435f19acbc637', 'tenant_name': 'tempest-FlavorMetadataValidation-751335404', 'user_domain_id': 'default', 'user_domain_name': 'Default', 'user_id': '3e73a59e2bc14c55bbc4fa83845eed40', 'system': None}, Network: None, Subnet: None, Router: None
2025-11-21 01:52:18.392 66040 INFO tempest.lib.common.dynamic_creds [-] Created isolated network resources for: credentials: Credentials: {'domain_id': 'default', 'domain_name': 'Default', 'username': 'tempest-FlavorMetadataValidation-751335404-project-member', 'project_domain_id': 'default', 'project_domain_name': 'Default', 'project_id': '1b256e96c75444c2acf435f19acbc637', 'project_name': 'tempest-FlavorMetadataValidation-751335404', 'tenant_id': '1b256e96c75444c2acf435f19acbc637', 'tenant_name': 'tempest-FlavorMetadataValidation-751335404', 'user_domain_id': 'default', 'user_domain_name': 'Default', 'user_id': '3e73a59e2bc14c55bbc4fa83845eed40', 'system': None}, Network: None, Subnet: None, Router: None
2025-11-21 01:52:18.417 66090 INFO tempest.lib.common.rest_client [req-5bfeec41-0888-461f-9416-d9fa69241a53 req-5bfeec41-0888-461f-9416-d9fa69241a53 ] Request (ImagesOneServerNegativeTestJSON:_run_cleanups): 200 GET http://10.180.1.21/compute/v2.1/servers/69ca333b-92f1-47ed-b99d-24f65cf526da 3.780s
2025-11-21 01:52:18.486 66040 INFO tempest.lib.common.rest_client [req-5ca7a916-77f2-4cf5-92fa-e9dc41ab6e7b req-5ca7a916-77f2-4cf5-92fa-e9dc41ab6e7b ] Request (FlavorMetadataValidation:setUpClass): 201 POST http://10.180.1.21/identity/v3/auth/tokens 0.089s
2025-11-21 01:52:18.502 66082 INFO tempest.lib.common.rest_client [req-80c05274-7fbb-42fd-8a5a-e00a1b0d797c req-80c05274-7fbb-42fd-8a5a-e00a1b0d797c ] Request (AttachInterfacesV270Test:test_create_get_list_interfaces): 400 POST http://10.180.1.21/compute/v2.1/servers/4a8b1a59-bd0a-4c61-9a5b-9d752b2fdfcf/os-interface 5.393s
2025-11-21 01:52:18.542 66056 INFO tempest.lib.common.rest_client [req-6fd8fdb8-eb75-497b-bd4c-54feb148d552 req-6fd8fdb8-eb75-497b-bd4c-54feb148d552 ] Request (ImagesOneServerTestJSON:tearDownClass): 200 GET http://10.180.1.21/compute/v2.1/servers/e25b3cbf-58dd-4d7e-80eb-6eb790774abe 3.590s
2025-11-21 01:52:18.620 66040 INFO tempest.lib.common.rest_client [req-136ce5d2-463e-4676-aaa0-65691184f3aa req-136ce5d2-463e-4676-aaa0-65691184f3aa ] Request (FlavorMetadataValidation:setUpClass): 201 POST http://10.180.1.21/identity/v3/projects 0.133s
2025-11-21 01:52:18.672 66086 INFO tempest.lib.common.rest_client [req-f13be079-4952-4dab-b379-19fe3a167d3a req-f13be079-4952-4dab-b379-19fe3a167d3a ] Request (InstanceActionsNegativeTestJSON:setUpClass): 200 GET http://10.180.1.21/compute/v2.1/servers/db2fdf80-c9b7-474c-84a5-bc46bdc2eded 2.716s
2025-11-21 01:52:18.690 66048 INFO tempest.lib.common.rest_client [req-825b26c5-aa77-4722-95d0-fa341d615f4c req-825b26c5-aa77-4722-95d0-fa341d615f4c ] Request (ServersAdmin275Test:tearDownClass): 200 GET http://10.180.1.21/compute/v2.1/servers/34cf3cb4-80d2-4544-8d57-e0bcfa3ad590 3.121s
2025-11-21 01:52:18.754 66040 INFO tempest.lib.common.rest_client [req-53d5715d-98c0-42c4-acb2-f2c8f92c572a req-53d5715d-98c0-42c4-acb2-f2c8f92c572a ] Request (FlavorMetadataValidation:setUpClass): 201 POST http://10.180.1.21/identity/v3/users 0.133s
2025-11-21 01:52:18.793 66040 INFO tempest.lib.common.rest_client [req-89094ce9-4448-496c-aeb1-2150cf9bf22f req-89094ce9-4448-496c-aeb1-2150cf9bf22f ] Request (FlavorMetadataValidation:setUpClass): 200 GET http://10.180.1.21/identity/v3/roles 0.039s
2025-11-21 01:52:18.835 66074 INFO tempest.lib.common.rest_client [req-1326dfb9-fb1c-4702-b60a-0ee7539569f8 req-1326dfb9-fb1c-4702-b60a-0ee7539569f8 ] Request (SecurityGroupsTestJSON:test_server_security_groups): 200 POST http://10.180.1.21/compute/v2.1/os-security-groups 2.628s
2025-11-21 01:52:18.838 66040 INFO tempest.lib.common.rest_client [req-2ddafcf4-e3ab-4018-b586-0eb188f01abf req-2ddafcf4-e3ab-4018-b586-0eb188f01abf ] Request (FlavorMetadataValidation:setUpClass): 204 PUT http://10.180.1.21/identity/v3/projects/a9b70a1a9461455fb0ea523930f09c51/users/07f9668bcb0f432bbd99b3fe120ef923/roles/ebc5aaee97a64b45b25b5e15394e8ba3 0.044s
2025-11-21 01:52:18.899 66040 INFO tempest.lib.common.rest_client [req-cb03c364-344a-4736-b8b8-e746911a120c req-cb03c364-344a-4736-b8b8-e746911a120c ] Request (FlavorMetadataValidation:setUpClass): 200 GET http://10.180.1.21/identity/v3/roles 0.060s
2025-11-21 01:52:18.921 66040 INFO tempest.lib.common.rest_client [req-ee8646e5-f6ff-4688-8217-5e93ec6ace73 req-ee8646e5-f6ff-4688-8217-5e93ec6ace73 ] Request (FlavorMetadataValidation:setUpClass): 204 PUT http://10.180.1.21/identity/v3/projects/a9b70a1a9461455fb0ea523930f09c51/users/07f9668bcb0f432bbd99b3fe120ef923/roles/ebc5aaee97a64b45b25b5e15394e8ba3 0.022s
2025-11-21 01:52:18.921 66040 INFO tempest.lib.common.dynamic_creds [-] Dynamic test user 07f9668bcb0f432bbd99b3fe120ef923 is created with scope project and roles: ['admin']
2025-11-21 01:52:18.921 66040 INFO tempest.lib.common.dynamic_creds [-] Acquired dynamic creds: credentials: Credentials: {'domain_id': 'default', 'domain_name': 'Default', 'username': 'tempest-FlavorMetadataValidation-1102942239-project-admin', 'project_domain_id': 'default', 'project_domain_name': 'Default', 'project_id': 'a9b70a1a9461455fb0ea523930f09c51', 'project_name': 'tempest-FlavorMetadataValidation-1102942239', 'tenant_id': 'a9b70a1a9461455fb0ea523930f09c51', 'tenant_name': 'tempest-FlavorMetadataValidation-1102942239', 'user_domain_id': 'default', 'user_domain_name': 'Default', 'user_id': '07f9668bcb0f432bbd99b3fe120ef923', 'system': None}, Network: None, Subnet: None, Router: None
2025-11-21 01:52:18.921 66040 INFO tempest.lib.common.dynamic_creds [-] Created isolated network resources for: credentials: Credentials: {'domain_id': 'default', 'domain_name': 'Default', 'username': 'tempest-FlavorMetadataValidation-1102942239-project-admin', 'project_domain_id': 'default', 'project_domain_name': 'Default', 'project_id': 'a9b70a1a9461455fb0ea523930f09c51', 'project_name': 'tempest-FlavorMetadataValidation-1102942239', 'tenant_id': 'a9b70a1a9461455fb0ea523930f09c51', 'tenant_name': 'tempest-FlavorMetadataValidation-1102942239', 'user_domain_id': 'default', 'user_domain_name': 'Default', 'user_id': '07f9668bcb0f432bbd99b3fe120ef923', 'system': None}, Network: None, Subnet: None, Router: None
2025-11-21 01:52:18.985 66066 INFO tempest.lib.common.rest_client [req-126ecb55-6b0c-4a8e-856c-b199967829b0 req-126ecb55-6b0c-4a8e-856c-b199967829b0 ] Request (AttachInterfacesTestJSON:test_create_list_show_delete_interfaces_by_fixed_ip): 200 GET http://10.180.1.21/compute/v2.1/servers/3d4056ad-9ddb-4e50-8a18-34d1468b335c/os-interface 2.255s
2025-11-21 01:52:19.013 66077 INFO tempest.lib.common.rest_client [req-b87e37e5-997b-4b39-8375-d189f3a7b40f req-b87e37e5-997b-4b39-8375-d189f3a7b40f ] Request (MigrationsAdminTest:test_list_migrations_in_flavor_resize_situation): 200 GET http://10.180.1.21/compute/v2.1/servers/ddd3d3d7-b6ce-4e5c-b454-19a1e55a353e 2.811s
2025-11-21 01:52:19.023 66040 INFO tempest.lib.common.rest_client [req-0d87d014-f7fe-4af2-8e93-89288078e850 req-0d87d014-f7fe-4af2-8e93-89288078e850 ] Request (FlavorMetadataValidation:setUpClass): 201 POST http://10.180.1.21/identity/v3/auth/tokens 0.099s
2025-11-21 01:52:19.091 66085 INFO tempest.lib.common.rest_client [req-ca6dbb5d-baf8-43cd-9383-bfb1ddd52d3b req-ca6dbb5d-baf8-43cd-9383-bfb1ddd52d3b ] Request (ServersListShow2100Test:test_list_show_rebuild_update_server_2100): 200 GET http://10.180.1.21/compute/v2.1/servers/cbb71370-c4d6-4693-8594-1b33b7841b03 2.293s
2025-11-21 01:52:19.116 66030 INFO tempest.lib.common.rest_client [req-c350c152-6afd-47ac-8c89-56b95dcea2ad req-c350c152-6afd-47ac-8c89-56b95dcea2ad ] Request (ImagesNegativeTestJSON:test_create_image_from_deleted_server): 404 POST http://10.180.1.21/compute/v2.1/servers/53db67e8-27a4-4a3c-99aa-9eee5f750c58/action 1.902s
2025-11-21 01:52:19.191 66028 INFO tempest.lib.common.rest_client [req-8aeb9044-2595-4952-b69d-d9c46dbc93da req-8aeb9044-2595-4952-b69d-d9c46dbc93da ] Request (ServersAdminNegativeTestJSON:tearDownClass): 200 GET http://10.180.1.21/compute/v2.1/servers/3f79901b-3af0-497b-b3d5-3d130e8375e9 1.450s
2025-11-21 01:52:19.254 66058 INFO tempest.lib.common.rest_client [req-c775096f-29ec-4e6e-91ea-587337dcdc35 req-c775096f-29ec-4e6e-91ea-587337dcdc35 ] Request (SecurityGroupRulesTestJSON:test_security_group_rules_create): 200 POST http://10.180.1.21/compute/v2.1/os-security-groups 2.138s
2025-11-21 01:52:19.286 66050 INFO tempest.lib.common.rest_client [req-6503342b-281d-47f8-be26-11590e5bc193 req-6503342b-281d-47f8-be26-11590e5bc193 ] Request (AttachVolumeShelveTestJSON:test_attach_volume_shelved_or_offload_server): 200 GET http://10.180.1.21/compute/v2.1/servers/3ca986e5-2a75-4856-9abd-956ecf4f6ce6/os-interface 1.422s
2025-11-21 01:52:19.348 66080 INFO tempest.lib.common.rest_client [req-5fe09a00-1eff-46a9-954a-870c2581bf25 req-5fe09a00-1eff-46a9-954a-870c2581bf25 ] Request (ListImageFiltersTestJSON:setUpClass): 200 GET http://10.180.1.21/compute/v2.1/images/724f3061-f838-4a8a-8d1e-37d310973145 1.196s
2025-11-21 01:52:19.480 66078 INFO tempest.lib.common.rest_client [req-b3e85493-c8cb-4fb7-9c8d-47af067cec94 req-b3e85493-c8cb-4fb7-9c8d-47af067cec94 ] Request (SecurityGroupRulesNegativeTestJSON:_run_cleanups): 202 DELETE http://10.180.1.21/compute/v2.1/os-security-group-rules/51c9cb3a-1a87-4671-bd1e-c5b439669d6c 1.515s
2025-11-21 01:52:19.544 66036 INFO tempest.lib.common.rest_client [req-fbd3300f-abc0-4179-82e0-b7c463e553a1 req-fbd3300f-abc0-4179-82e0-b7c463e553a1 ] Request (FloatingIPsAssociationTestJSON:setUpClass): 200 GET http://10.180.1.21/compute/v2.1/servers/a5304212-8168-4fe4-ab5b-f19dd1914bba 1.351s
2025-11-21 01:52:19.893 66050 INFO tempest.lib.common.rest_client [req-1af54184-900f-4a41-a7ba-395e15a75870 req-1af54184-900f-4a41-a7ba-395e15a75870 ] Request (AttachVolumeShelveTestJSON:test_attach_volume_shelved_or_offload_server): 200 PUT http://10.180.1.21/networking/v2.0/floatingips/487cf10e-219e-45e6-abcf-63eb2f339f5f 0.603s
2025-11-21 01:52:19.895 66050 INFO tempest.lib.common.ssh [-] Creating ssh connection to '10.180.180.193:22' as 'cirros' with public key authentication
2025-11-21 01:52:19.927 66072 INFO tempest.lib.common.rest_client [req-293d01f3-9167-47f1-a241-2f0eb6caef24 req-293d01f3-9167-47f1-a241-2f0eb6caef24 ] Request (ServersAdminTestJSON:setUpClass): 200 GET http://10.180.1.21/compute/v2.1/servers/6fcefb01-6b8e-4be1-a186-60142ca9fa54 1.631s
2025-11-21 01:52:19.939 66038 INFO tempest.lib.common.rest_client [req-fab32c2e-c5ce-4144-9ac3-730bd4ffb0f0 req-fab32c2e-c5ce-4144-9ac3-730bd4ffb0f0 ] Request (FloatingIPsAssociationNegativeTestJSON:tearDownClass): 200 GET http://10.180.1.21/compute/v2.1/servers/3f3ec145-1d9e-4f4b-acda-2fe533f4dc35 1.549s
2025-11-21 01:52:20.051 66082 INFO tempest.lib.common.rest_client [req-5d743641-9a8a-4750-8ae8-b5ad9c86caa7 req-5d743641-9a8a-4750-8ae8-b5ad9c86caa7 ] Request (AttachInterfacesV270Test:tearDownClass): 204 DELETE http://10.180.1.21/compute/v2.1/servers/4a8b1a59-bd0a-4c61-9a5b-9d752b2fdfcf 1.539s
2025-11-21 01:52:20.066 66054 INFO tempest.lib.common.rest_client [req-57a9a42b-1617-4d1a-b4ea-d744b191c904 req-57a9a42b-1617-4d1a-b4ea-d744b191c904 ] Request (ServersTestMultiNic:test_verify_multiple_nics_order): 200 GET http://10.180.1.21/compute/v2.1/servers/d75788c2-be9a-4baf-be5a-c0a4fd6dfc8a 1.412s
2025-11-21 01:52:20.178 66074 INFO tempest.lib.common.rest_client [req-8cd19454-9131-4ae0-b3d8-fc5b04245b62 req-8cd19454-9131-4ae0-b3d8-fc5b04245b62 ] Request (SecurityGroupsTestJSON:test_server_security_groups): 200 POST http://10.180.1.21/compute/v2.1/os-security-groups 1.337s
2025-11-21 01:52:20.208 66066 INFO tempest.lib.common.rest_client [req-206ef11e-7099-40e9-85ad-e8d11a005f60 req-206ef11e-7099-40e9-85ad-e8d11a005f60 ] Request (AttachInterfacesTestJSON:test_create_list_show_delete_interfaces_by_fixed_ip): 200 GET http://10.180.1.21/compute/v2.1/servers/3d4056ad-9ddb-4e50-8a18-34d1468b335c/os-interface/35d99be6-c1a0-4ae9-8620-50a0b210b599 1.221s
2025-11-21 01:52:20.237 66040 INFO tempest.lib.common.rest_client [req-c369131a-aa4b-47ea-86ce-8b1b849492c5 req-c369131a-aa4b-47ea-86ce-8b1b849492c5 ] Request (FlavorMetadataValidation:test_flavor_update_with_custom_namespace): 200 POST http://10.180.1.21/compute/v2.1/flavors 1.213s
2025-11-21 01:52:20.268 66068 INFO tempest.lib.common.rest_client [req-72b11579-057f-4a03-88f2-559bcba47c9f req-72b11579-057f-4a03-88f2-559bcba47c9f ] Request (AttachInterfacesUnderV243Test:_run_cleanups): 404 GET http://10.180.1.21/compute/v2.1/servers/061d0a51-8aff-4fbc-b6f6-788c95e25cb6 1.154s
2025-11-21 01:52:20.276 66030 INFO tempest.lib.common.rest_client [req-faa42441-210c-4d71-b9c6-c137ab86474d req-faa42441-210c-4d71-b9c6-c137ab86474d ] Request (ImagesNegativeTestJSON:test_create_image_from_invalid_server): 404 POST http://10.180.1.21/compute/v2.1/servers/tempest-invalid-2109607912/action 1.157s
2025-11-21 01:52:20.280 66074 INFO tempest.lib.common.rest_client [req-b281b758-511e-4600-82c2-89ad6d155548 req-b281b758-511e-4600-82c2-89ad6d155548 ] Request (SecurityGroupsTestJSON:test_server_security_groups): 201 POST http://10.180.1.21/identity/v3/auth/tokens 0.092s
2025-11-21 01:52:20.280 66074 INFO tempest.lib.common.fixed_network [-] (SecurityGroupsTestJSON:test_server_security_groups) Found network {'id': '30222191-36e2-4107-b76f-f299a14d65fa', 'name': 'tempest-SecurityGroupsTestJSON-1149188399-network', 'tenant_id': '67cf519d561a41b18e1b5c6ebeac431d', 'project_id': '67cf519d561a41b18e1b5c6ebeac431d', 'admin_state_up': True, 'mtu': 8950, 'status': 'ACTIVE', 'subnets': [], 'shared': False, 'port_security_enabled': True, 'router:external': False, 'provider:network_type': 'vlan', 'provider:physical_network': 'default', 'provider:segmentation_id': 170, 'availability_zone_hints': [], 'availability_zones': [], 'ipv4_address_scope': None, 'ipv6_address_scope': None, 'description': '', 'tags': [], 'created_at': '2025-11-21T01:50:47Z', 'updated_at': '2025-11-21T01:50:47Z', 'revision_number': 1} available for tenant
2025-11-21 01:52:20.281 66066 INFO tempest.lib.common.rest_client [req-d27220fc-2f40-4250-b700-162ac141270f req-d27220fc-2f40-4250-b700-162ac141270f ] Request (AttachInterfacesTestJSON:test_create_list_show_delete_interfaces_by_fixed_ip): 200 GET http://10.180.1.21/networking/v2.0/ports?network_id=86e26676-b93d-4438-ae11-5c77fae018b0 0.071s
2025-11-21 01:52:20.306 66034 INFO tempest.lib.common.rest_client [req-77b464ed-41c7-47fa-8f7a-9cf4bb60c0e5 req-77b464ed-41c7-47fa-8f7a-9cf4bb60c0e5 ] Request (ServerRescueTestJSON:tearDownClass): 200 GET http://10.180.1.21/compute/v2.1/servers/66fe4863-3cd9-4a24-bb2e-867cf1a1b83c 1.266s
2025-11-21 01:52:20.334 66066 INFO tempest.lib.common.rest_client [req-da87d469-23f2-46d4-a288-06b83e6a4c59 req-da87d469-23f2-46d4-a288-06b83e6a4c59 ] Request (AttachInterfacesTestJSON:test_create_list_show_delete_interfaces_by_fixed_ip): 200 GET http://10.180.1.21/networking/v2.0/subnets/53c1912a-086a-4a7e-b2ee-371cad3b5f4e 0.052s
2025-11-21 01:52:20.386 66046 INFO tempest.lib.common.rest_client [req-3e46514c-eef8-4bee-a366-f17327b369d1 req-3e46514c-eef8-4bee-a366-f17327b369d1 ] Request (ServersTestManualDisk:tearDownClass): 200 GET http://10.180.1.21/compute/v2.1/servers/74339a14-3bb6-4fc6-9b3f-5f870b3971bc 1.143s
2025-11-21 01:52:20.489 66058 INFO tempest.lib.common.rest_client [req-763b5809-9335-4661-ba7f-3ae7216ab6b2 req-763b5809-9335-4661-ba7f-3ae7216ab6b2 ] Request (SecurityGroupRulesTestJSON:test_security_group_rules_create): 200 POST http://10.180.1.21/compute/v2.1/os-security-group-rules 1.232s
2025-11-21 01:52:20.514 66032 INFO tempest.lib.common.rest_client [req-7d53e01d-c052-411f-ba4c-30e622ad4e04 req-7d53e01d-c052-411f-ba4c-30e622ad4e04 ] Request (ServerActionsTestJSON:setUpClass): 200 GET http://10.180.1.21/compute/v2.1/servers/d33a4192-fc2b-493b-9c6d-40c5984af961 1.205s
2025-11-21 01:52:20.528 66043 INFO tempest.lib.common.rest_client [req-5462307a-214b-46c8-9f20-104987673009 req-5462307a-214b-46c8-9f20-104987673009 ] Request (ImagesTestJSON:test_create_image_from_suspended_server): 200 GET http://10.180.1.21/compute/v2.1/images/f467e6c2-bb1c-4f39-9542-f15ea9a41a65 1.189s
2025-11-21 01:52:20.623 66090 INFO tempest.lib.common.rest_client [req-a2aab9df-299c-4dbd-92ca-480339436eac req-a2aab9df-299c-4dbd-92ca-480339436eac ] Request (ImagesOneServerNegativeTestJSON:_run_cleanups): 200 GET http://10.180.1.21/compute/v2.1/servers/69ca333b-92f1-47ed-b99d-24f65cf526da 1.196s
2025-11-21 01:52:20.649 66080 INFO tempest.lib.common.rest_client [req-fc1afd01-8203-4e36-8647-755658e94717 req-fc1afd01-8203-4e36-8647-755658e94717 ] Request (ListImageFiltersTestJSON:setUpClass): 200 GET http://10.180.1.21/compute/v2.1/servers/1a1c4c74-e31f-427c-80fc-c1f197e16745 1.296s
2025-11-21 01:52:20.734 66078 INFO tempest.lib.common.rest_client [req-44f2d77a-0fd7-4756-9c46-001d482dacfb req-44f2d77a-0fd7-4756-9c46-001d482dacfb ] Request (SecurityGroupRulesNegativeTestJSON:test_create_security_group_rule_with_invalid_from_port): 200 POST http://10.180.1.21/compute/v2.1/os-security-groups 1.252s
2025-11-21 01:52:20.752 66056 INFO tempest.lib.common.rest_client [req-e0086c70-3cb5-49f1-9dcf-ee7da25136d7 req-e0086c70-3cb5-49f1-9dcf-ee7da25136d7 ] Request (ImagesOneServerTestJSON:tearDownClass): 200 GET http://10.180.1.21/compute/v2.1/servers/e25b3cbf-58dd-4d7e-80eb-6eb790774abe 1.189s
2025-11-21 01:52:20.785 66086 INFO tempest.lib.common.rest_client [req-45e31560-a447-4d9f-911d-2e92e3da5131 req-45e31560-a447-4d9f-911d-2e92e3da5131 ] Request (InstanceActionsNegativeTestJSON:setUpClass): 200 GET http://10.180.1.21/compute/v2.1/servers/db2fdf80-c9b7-474c-84a5-bc46bdc2eded 1.099s
2025-11-21 01:52:20.820 66048 INFO tempest.lib.common.rest_client [req-96850ef4-2356-40cf-8cc4-74bd72c58dc7 req-96850ef4-2356-40cf-8cc4-74bd72c58dc7 ] Request (ServersAdmin275Test:tearDownClass): 200 GET http://10.180.1.21/compute/v2.1/servers/34cf3cb4-80d2-4544-8d57-e0bcfa3ad590 1.119s
2025-11-21 01:52:20.881 66077 INFO tempest.lib.common.rest_client [req-06cb8ea1-8371-410b-81d1-9c785366faa5 req-06cb8ea1-8371-410b-81d1-9c785366faa5 ] Request (MigrationsAdminTest:test_list_migrations_in_flavor_resize_situation): 200 GET http://10.180.1.21/compute/v2.1/servers/ddd3d3d7-b6ce-4e5c-b454-19a1e55a353e 0.851s
2025-11-21 01:52:20.978 66085 INFO tempest.lib.common.rest_client [req-14d14390-ad33-4761-9907-178675e594df req-14d14390-ad33-4761-9907-178675e594df ] Request (ServersListShow2100Test:test_list_show_rebuild_update_server_2100): 200 GET http://10.180.1.21/compute/v2.1/servers/cbb71370-c4d6-4693-8594-1b33b7841b03 0.871s
2025-11-21 01:52:21.011 66082 INFO tempest.lib.common.rest_client [req-48811271-8ece-4be2-8ef8-aa24d7422c1b req-48811271-8ece-4be2-8ef8-aa24d7422c1b ] Request (AttachInterfacesV270Test:tearDownClass): 200 GET http://10.180.1.21/compute/v2.1/servers/4a8b1a59-bd0a-4c61-9a5b-9d752b2fdfcf 0.960s
2025-11-21 01:52:21.040 66028 INFO tempest.lib.common.rest_client [req-ed92fb6b-5607-474f-a97f-3d665e7b01d6 req-ed92fb6b-5607-474f-a97f-3d665e7b01d6 ] Request (ServersAdminNegativeTestJSON:tearDownClass): 200 GET http://10.180.1.21/compute/v2.1/servers/3f79901b-3af0-497b-b3d5-3d130e8375e9 0.841s
2025-11-21 01:52:21.057 66068 INFO tempest.lib.common.rest_client [req-19ecfa1c-6ad5-45d7-8b1f-cef36fd85b82 req-19ecfa1c-6ad5-45d7-8b1f-cef36fd85b82 ] Request (AttachInterfacesUnderV243Test:_run_cleanups): 202 DELETE http://10.180.1.21/compute/v2.1/os-keypairs/tempest-keypair-364882167 0.788s
2025-11-21 01:52:21.067 66030 INFO tempest.lib.common.rest_client [req-0950fbb4-d313-4d7b-b35c-9ec0a1503781 req-0950fbb4-d313-4d7b-b35c-9ec0a1503781 ] Request (ImagesNegativeTestJSON:test_create_image_specify_uuid_35_characters_or_less): 404 POST http://10.180.1.21/compute/v2.1/servers/aaaaaaaaaaaaaaaaaaaaaaaaaaaaaaaaaaa/action 0.790s
2025-11-21 01:52:21.118 66040 INFO tempest.lib.common.rest_client [req-38a6fe01-5e96-42a8-9eef-726340cd1bed req-38a6fe01-5e96-42a8-9eef-726340cd1bed ] Request (FlavorMetadataValidation:test_flavor_update_with_custom_namespace): 200 POST http://10.180.1.21/compute/v2.1/flavors/1244334162/os-extra_specs 0.876s
2025-11-21 01:52:21.150 66068 INFO tempest.lib.common.rest_client [req-14db7bba-c8d7-4aa6-bc7b-63f961baeabe req-14db7bba-c8d7-4aa6-bc7b-63f961baeabe ] Request (AttachInterfacesUnderV243Test:_run_cleanups): 204 DELETE http://10.180.1.21/networking/v2.0/security-groups/1bd88d09-7208-4cfa-b04c-cce3368dbb62 0.093s
2025-11-21 01:52:21.164 66068 INFO tempest.lib.common.rest_client [req-f28b189c-0f41-40db-94d8-b93b93daa6bf req-f28b189c-0f41-40db-94d8-b93b93daa6bf ] Request (AttachInterfacesUnderV243Test:_run_cleanups): 404 GET http://10.180.1.21/networking/v2.0/security-groups/1bd88d09-7208-4cfa-b04c-cce3368dbb62 0.013s
2025-11-21 01:52:21.450 66074 INFO tempest.lib.common.rest_client [req-3a7c23d4-05f6-4187-bf68-a5367091b0eb req-3a7c23d4-05f6-4187-bf68-a5367091b0eb ] Request (SecurityGroupsTestJSON:test_server_security_groups): 202 POST http://10.180.1.21/compute/v2.1/servers 1.169s
2025-11-21 01:52:21.456 66068 INFO tempest.lib.common.rest_client [req-21efa7de-9bc8-4d9b-baca-f9e232aa4098 req-21efa7de-9bc8-4d9b-baca-f9e232aa4098 ] Request (AttachInterfacesUnderV243Test:_run_cleanups): 204 DELETE http://10.180.1.21/networking/v2.0/floatingips/c3f6149f-4bc4-420a-8984-a4024231ccde 0.291s
2025-11-21 01:52:21.611 66058 INFO tempest.lib.common.rest_client [req-f4179e6e-5034-4bb2-8449-956ad7847712 req-f4179e6e-5034-4bb2-8449-956ad7847712 ] Request (SecurityGroupRulesTestJSON:test_security_group_rules_create_with_optional_cidr): 200 POST http://10.180.1.21/compute/v2.1/os-security-groups 1.119s
2025-11-21 01:52:21.773 66036 INFO tempest.lib.common.rest_client [req-5a27cbc2-9203-4e86-bf48-7c695a54706d req-5a27cbc2-9203-4e86-bf48-7c695a54706d ] Request (FloatingIPsAssociationTestJSON:setUpClass): 200 GET http://10.180.1.21/compute/v2.1/servers/a5304212-8168-4fe4-ab5b-f19dd1914bba 1.221s
2025-11-21 01:52:21.782 66036 INFO tempest.common.waiters [-] State transition "BUILD/spawning" ==> "ACTIVE/None" after 36 second wait
2025-11-21 01:52:22.240 66080 INFO tempest.lib.common.rest_client [req-582cf63f-6353-49af-b8b0-b12294c01c80 req-582cf63f-6353-49af-b8b0-b12294c01c80 ] Request (ListImageFiltersTestJSON:setUpClass): 202 POST http://10.180.1.21/compute/v2.1/servers/39ad9760-bdb8-4da7-bd9a-0ae0ceabc832/action 1.583s
2025-11-21 01:52:22.317 66078 INFO tempest.lib.common.rest_client [req-82c6b15d-aac7-4502-ab6e-a7f64b008dca req-82c6b15d-aac7-4502-ab6e-a7f64b008dca ] Request (SecurityGroupRulesNegativeTestJSON:test_create_security_group_rule_with_invalid_from_port): 400 POST http://10.180.1.21/compute/v2.1/os-security-group-rules 1.580s
2025-11-21 01:52:22.458 66072 INFO tempest.lib.common.rest_client [req-c0baabd8-9b22-4ca0-850c-3e1d5e32f29e req-c0baabd8-9b22-4ca0-850c-3e1d5e32f29e ] Request (ServersAdminTestJSON:setUpClass): 200 GET http://10.180.1.21/compute/v2.1/servers/6fcefb01-6b8e-4be1-a186-60142ca9fa54 1.508s
2025-11-21 01:52:22.490 66038 INFO tempest.lib.common.rest_client [req-98327176-06f3-47c3-b557-c731de6c99aa req-98327176-06f3-47c3-b557-c731de6c99aa ] Request (FloatingIPsAssociationNegativeTestJSON:tearDownClass): 404 GET http://10.180.1.21/compute/v2.1/servers/3f3ec145-1d9e-4f4b-acda-2fe533f4dc35 1.533s
2025-11-21 01:52:22.495 66030 INFO tempest.lib.common.rest_client [req-2cc5aa7f-b71e-4147-a629-51a8a22687c2 req-2cc5aa7f-b71e-4147-a629-51a8a22687c2 ] Request (ImagesNegativeTestJSON:test_create_image_specify_uuid_37_characters_or_more): 404 POST http://10.180.1.21/compute/v2.1/servers/aaaaaaaaaaaaaaaaaaaaaaaaaaaaaaaaaaaaa/action 1.426s
2025-11-21 01:52:22.740 66060 WARNING tempest.lib.common.ssh [-] Failed to establish authenticated ssh connection to cirros@10.180.180.240 ([Errno None] Unable to connect to port 22 on 10.180.180.240). Number attempts: 6. Retry after 7 seconds.: paramiko.ssh_exception.NoValidConnectionsError: [Errno None] Unable to connect to port 22 on 10.180.180.240
2025-11-21 01:52:22.804 66054 INFO tempest.lib.common.rest_client [req-be8706c7-db45-47ef-a5e1-1afda1c56879 req-be8706c7-db45-47ef-a5e1-1afda1c56879 ] Request (ServersTestMultiNic:test_verify_multiple_nics_order): 200 GET http://10.180.1.21/compute/v2.1/servers/d75788c2-be9a-4baf-be5a-c0a4fd6dfc8a 1.727s
2025-11-21 01:52:22.825 66040 INFO tempest.lib.common.rest_client [req-5877b1ed-923f-4243-81a7-0218af5f3c2d req-5877b1ed-923f-4243-81a7-0218af5f3c2d ] Request (FlavorMetadataValidation:_run_cleanups): 202 DELETE http://10.180.1.21/compute/v2.1/flavors/1244334162 1.705s
2025-11-21 01:52:23.242 66038 INFO tempest.lib.common.rest_client [req-a07c81b3-f78b-4a92-bdd9-9df8dd01223f req-a07c81b3-f78b-4a92-bdd9-9df8dd01223f ] Request (FloatingIPsAssociationNegativeTestJSON:tearDownClass): 200 PUT http://10.180.1.21/networking/v2.0/routers/f3a65eda-7eed-42f4-9f5b-3e7e2cb2cd74/remove_router_interface 0.752s
2025-11-21 01:52:23.258 66034 INFO tempest.lib.common.rest_client [req-ca7c53f6-f140-4a66-bd32-a7114932c43a req-ca7c53f6-f140-4a66-bd32-a7114932c43a ] Request (ServerRescueTestJSON:tearDownClass): 200 GET http://10.180.1.21/compute/v2.1/servers/66fe4863-3cd9-4a24-bb2e-867cf1a1b83c 1.942s
2025-11-21 01:52:23.711 66038 INFO tempest.lib.common.rest_client [req-82de0be2-3962-453a-9d32-8aab7a88527c req-82de0be2-3962-453a-9d32-8aab7a88527c ] Request (FloatingIPsAssociationNegativeTestJSON:tearDownClass): 204 DELETE http://10.180.1.21/networking/v2.0/routers/f3a65eda-7eed-42f4-9f5b-3e7e2cb2cd74 0.468s
2025-11-21 01:52:23.751 66046 INFO tempest.lib.common.rest_client [req-f6086c77-878c-4931-85c9-d8f9b5842d9a req-f6086c77-878c-4931-85c9-d8f9b5842d9a ] Request (ServersTestManualDisk:tearDownClass): 200 GET http://10.180.1.21/compute/v2.1/servers/74339a14-3bb6-4fc6-9b3f-5f870b3971bc 2.354s
2025-11-21 01:52:23.864 66038 INFO tempest.lib.common.rest_client [req-b290821e-5258-4e39-bd32-d25a30182afe req-b290821e-5258-4e39-bd32-d25a30182afe ] Request (FloatingIPsAssociationNegativeTestJSON:tearDownClass): 204 DELETE http://10.180.1.21/networking/v2.0/subnets/393f137d-7aa0-475a-a022-3c2586429211 0.152s
2025-11-21 01:52:23.911 66074 INFO tempest.lib.common.rest_client [req-00dfeb45-f759-4f4a-abc9-f1a2f6a9f0bf req-00dfeb45-f759-4f4a-abc9-f1a2f6a9f0bf ] Request (SecurityGroupsTestJSON:test_server_security_groups): 200 GET http://10.180.1.21/compute/v2.1/servers/2081e7b0-b19a-40a2-b7c4-9c6df3351a4e 2.460s
2025-11-21 01:52:23.936 66068 INFO tempest.lib.common.rest_client [req-500736fe-1d1a-4c02-a048-68635099a491 req-500736fe-1d1a-4c02-a048-68635099a491 ] Request (AttachInterfacesUnderV243Test:tearDownClass): 404 DELETE http://10.180.1.21/compute/v2.1/servers/061d0a51-8aff-4fbc-b6f6-788c95e25cb6 2.478s
2025-11-21 01:52:24.013 66050 WARNING tempest.lib.common.ssh [-] Failed to establish authenticated ssh connection to cirros@10.180.180.193 ([Errno None] Unable to connect to port 22 on 10.180.180.193). Number attempts: 1. Retry after 2 seconds.: paramiko.ssh_exception.NoValidConnectionsError: [Errno None] Unable to connect to port 22 on 10.180.180.193
2025-11-21 01:52:24.151 66038 INFO tempest.lib.common.rest_client [req-07f7a903-6ec5-4ccc-af93-c803c635e565 req-07f7a903-6ec5-4ccc-af93-c803c635e565 ] Request (FloatingIPsAssociationNegativeTestJSON:tearDownClass): 204 DELETE http://10.180.1.21/networking/v2.0/networks/de0830d5-c8ab-4fe3-8f08-21c228a0bdf7 0.286s
2025-11-21 01:52:24.192 66032 INFO tempest.lib.common.rest_client [req-b7ec5c36-0c13-4e42-bfb1-25bce9e13319 req-b7ec5c36-0c13-4e42-bfb1-25bce9e13319 ] Request (ServerActionsTestJSON:setUpClass): 200 GET http://10.180.1.21/compute/v2.1/servers/d33a4192-fc2b-493b-9c6d-40c5984af961 2.667s
2025-11-21 01:52:24.236 66043 INFO tempest.lib.common.rest_client [req-3b981f8c-3e59-4b83-8209-376a8ed9ba66 req-3b981f8c-3e59-4b83-8209-376a8ed9ba66 ] Request (ImagesTestJSON:test_create_image_from_suspended_server): 200 GET http://10.180.1.21/compute/v2.1/images/f467e6c2-bb1c-4f39-9542-f15ea9a41a65 2.702s
2025-11-21 01:52:24.271 66038 INFO tempest.lib.common.rest_client [req-43b5b8e4-7a29-4dc5-bfaa-cf382eee2cbb req-43b5b8e4-7a29-4dc5-bfaa-cf382eee2cbb ] Request (FloatingIPsAssociationNegativeTestJSON:tearDownClass): 204 DELETE http://10.180.1.21/identity/v3/users/551767a0a20b448aba88e57c260360db 0.120s
2025-11-21 01:52:24.271 66038 INFO tempest.lib.common.dynamic_creds [-] Deleting project and security group for project: 47b07ac71633457e92a3f8b3dbf0c7ae
2025-11-21 01:52:24.343 66038 INFO tempest.lib.common.rest_client [req-bc93e234-7ea5-4284-8e08-9285f6234b88 req-bc93e234-7ea5-4284-8e08-9285f6234b88 ] Request (FloatingIPsAssociationNegativeTestJSON:tearDownClass): 200 GET http://10.180.1.21/networking/v2.0/security-groups?tenant_id=47b07ac71633457e92a3f8b3dbf0c7ae&name=default 0.072s
2025-11-21 01:52:24.471 66058 INFO tempest.lib.common.rest_client [req-b6dd403d-9b1e-4261-af92-8d295b081750 req-b6dd403d-9b1e-4261-af92-8d295b081750 ] Request (SecurityGroupRulesTestJSON:test_security_group_rules_create_with_optional_cidr): 200 POST http://10.180.1.21/compute/v2.1/os-security-group-rules 2.856s
2025-11-21 01:52:24.561 66038 INFO tempest.lib.common.rest_client [req-d0fd87ec-d3ae-4da8-9684-f0bf2aa5c1dd req-d0fd87ec-d3ae-4da8-9684-f0bf2aa5c1dd ] Request (FloatingIPsAssociationNegativeTestJSON:tearDownClass): 204 DELETE http://10.180.1.21/networking/v2.0/security-groups/162cb45f-a26e-4208-9b55-776a74f96c2e 0.217s
2025-11-21 01:52:24.586 66062 WARNING tempest.lib.common.ssh [-] Failed to establish authenticated ssh connection to cirros@10.180.180.187 ([Errno None] Unable to connect to port 22 on 10.180.180.187). Number attempts: 5. Retry after 6 seconds.: paramiko.ssh_exception.NoValidConnectionsError: [Errno None] Unable to connect to port 22 on 10.180.180.187
2025-11-21 01:52:24.617 66090 INFO tempest.lib.common.rest_client [req-51becbca-1dbb-4b46-b5df-cad51151ed2c req-51becbca-1dbb-4b46-b5df-cad51151ed2c ] Request (ImagesOneServerNegativeTestJSON:_run_cleanups): 200 GET http://10.180.1.21/compute/v2.1/servers/69ca333b-92f1-47ed-b99d-24f65cf526da 2.986s
2025-11-21 01:52:24.704 66038 INFO tempest.lib.common.rest_client [req-fd3739ea-8814-4cce-a3b0-02b69ecdb56e req-fd3739ea-8814-4cce-a3b0-02b69ecdb56e ] Request (FloatingIPsAssociationNegativeTestJSON:tearDownClass): 204 DELETE http://10.180.1.21/identity/v3/projects/47b07ac71633457e92a3f8b3dbf0c7ae 0.142s
2025-11-21 01:52:24.715 66056 INFO tempest.lib.common.rest_client [req-48eebc84-ca7e-45e1-b515-7ad9b2dc1c51 req-48eebc84-ca7e-45e1-b515-7ad9b2dc1c51 ] Request (ImagesOneServerTestJSON:tearDownClass): 200 GET http://10.180.1.21/compute/v2.1/servers/e25b3cbf-58dd-4d7e-80eb-6eb790774abe 2.954s
2025-11-21 01:52:24.779 66038 INFO tempest.lib.common.rest_client [req-c09ff3a0-f632-4dfa-bd47-cd65ffce4cc5 req-c09ff3a0-f632-4dfa-bd47-cd65ffce4cc5 ] Request (ServerActionsTestOtherB:setUpClass): 201 POST http://10.180.1.21/identity/v3/auth/tokens 0.074s
2025-11-21 01:52:24.818 66038 INFO tempest.lib.common.rest_client [req-36929216-b050-4585-a978-7d4c8b07d1eb req-36929216-b050-4585-a978-7d4c8b07d1eb ] Request (ServerActionsTestOtherB:setUpClass): 201 POST http://10.180.1.21/identity/v3/auth/tokens 0.036s
2025-11-21 01:52:24.850 66038 INFO tempest.lib.common.rest_client [req-7b8c5494-33b1-4daf-9ef6-bdc44cd078a4 req-7b8c5494-33b1-4daf-9ef6-bdc44cd078a4 ] Request (ServerActionsTestOtherB:setUpClass): 200 GET http://10.180.1.21/identity/v3/domains?name=Default 0.031s
2025-11-21 01:52:24.884 66038 INFO tempest.lib.common.rest_client [req-6a4786a4-67d8-43a3-a685-878670dedbf1 req-6a4786a4-67d8-43a3-a685-878670dedbf1 ] Request (ServerActionsTestOtherB:setUpClass): 201 POST http://10.180.1.21/identity/v3/projects 0.033s
2025-11-21 01:52:24.972 66038 INFO tempest.lib.common.rest_client [req-3a923786-e4f6-4365-a7fa-296de408d41c req-3a923786-e4f6-4365-a7fa-296de408d41c ] Request (ServerActionsTestOtherB:setUpClass): 201 POST http://10.180.1.21/identity/v3/users 0.088s
2025-11-21 01:52:24.992 66038 INFO tempest.lib.common.rest_client [req-064889f1-04a0-47f7-b848-e700a24e1db9 req-064889f1-04a0-47f7-b848-e700a24e1db9 ] Request (ServerActionsTestOtherB:setUpClass): 200 GET http://10.180.1.21/identity/v3/roles 0.019s
2025-11-21 01:52:25.021 66038 INFO tempest.lib.common.rest_client [req-414a3969-98ba-4fcf-832f-17d45545b52c req-414a3969-98ba-4fcf-832f-17d45545b52c ] Request (ServerActionsTestOtherB:setUpClass): 204 PUT http://10.180.1.21/identity/v3/projects/4f05be1a8ab14ac4876ecfa02c834177/users/f1d26ba07f9843d5b6ebc19d337781c3/roles/9e2ca452ae2c4a8b9ca14ed8e681c5c9 0.028s
2025-11-21 01:52:25.021 66038 INFO tempest.lib.common.dynamic_creds [-] Dynamic test user f1d26ba07f9843d5b6ebc19d337781c3 is created with scope project and roles: ['member']
2025-11-21 01:52:25.021 66038 INFO tempest.lib.common.dynamic_creds [-] Acquired dynamic creds: credentials: Credentials: {'domain_id': 'default', 'domain_name': 'Default', 'username': 'tempest-ServerActionsTestOtherB-1282515570-project-member', 'project_domain_id': 'default', 'project_domain_name': 'Default', 'project_id': '4f05be1a8ab14ac4876ecfa02c834177', 'project_name': 'tempest-ServerActionsTestOtherB-1282515570', 'tenant_id': '4f05be1a8ab14ac4876ecfa02c834177', 'tenant_name': 'tempest-ServerActionsTestOtherB-1282515570', 'user_domain_id': 'default', 'user_domain_name': 'Default', 'user_id': 'f1d26ba07f9843d5b6ebc19d337781c3', 'system': None}, Network: None, Subnet: None, Router: None
2025-11-21 01:52:25.081 66038 INFO tempest.lib.common.rest_client [req-3e776758-4237-43cf-8630-ea1156528f40 req-3e776758-4237-43cf-8630-ea1156528f40 ] Request (ServerActionsTestOtherB:setUpClass): 201 POST http://10.180.1.21/identity/v3/auth/tokens 0.059s
2025-11-21 01:52:25.295 66036 INFO tempest.lib.common.rest_client [req-78315006-fd68-42d9-81cf-6f3fc2c6bd15 req-78315006-fd68-42d9-81cf-6f3fc2c6bd15 ] Request (FloatingIPsAssociationTestJSON:setUpClass): 200 POST http://10.180.1.21/compute/v2.1/os-floating-ips 3.513s
2025-11-21 01:52:25.364 66038 INFO tempest.lib.common.rest_client [req-b6d7c405-33c2-43d1-893c-d0a5c2b64b6a req-b6d7c405-33c2-43d1-893c-d0a5c2b64b6a ] Request (ServerActionsTestOtherB:setUpClass): 201 POST http://10.180.1.21/networking/v2.0/networks 0.282s
2025-11-21 01:52:25.395 66036 INFO tempest.lib.common.rest_client [req-e2a19217-7256-4450-85c3-1d709c1811b5 req-e2a19217-7256-4450-85c3-1d709c1811b5 ] Request (FloatingIPsAssociationTestJSON:test_associate_already_associated_floating_ip): 201 POST http://10.180.1.21/identity/v3/auth/tokens 0.094s
2025-11-21 01:52:25.395 66036 INFO tempest.lib.common.fixed_network [-] (FloatingIPsAssociationTestJSON:test_associate_already_associated_floating_ip) Found network {'id': '6264943d-32a4-4654-83fc-7770dbce7862', 'name': 'tempest-FloatingIPsAssociationTestJSON-1488680330-network', 'tenant_id': 'bcc22ffd34cb40f18e40860ea88a6f78', 'project_id': 'bcc22ffd34cb40f18e40860ea88a6f78', 'admin_state_up': True, 'mtu': 8950, 'status': 'ACTIVE', 'subnets': [], 'shared': False, 'port_security_enabled': True, 'router:external': False, 'provider:network_type': 'vlan', 'provider:physical_network': 'default', 'provider:segmentation_id': 714, 'availability_zone_hints': [], 'availability_zones': [], 'ipv4_address_scope': None, 'ipv6_address_scope': None, 'description': '', 'tags': [], 'created_at': '2025-11-21T01:51:36Z', 'updated_at': '2025-11-21T01:51:36Z', 'revision_number': 1} available for tenant
