2025-11-21 01:50:07.838 66054 INFO tempest.lib.common.rest_client [req-367678d0-dd7c-46bf-b785-3cb7711a5532 req-367678d0-dd7c-46bf-b785-3cb7711a5532 ] Request (QuotasAdminTestV236:setUpClass): 204 PUT http://10.180.1.21/identity/v3/projects/91e2fbf6e96f436b9a7ebb2a9de8b3fb/users/8ffa6cdf6cba466faaad2bbf7938fbe7/roles/ebc5aaee97a64b45b25b5e15394e8ba3 0.062s
2025-11-21 01:50:07.865 66058 INFO tempest.lib.common.rest_client [req-83ef70b3-5d32-4937-86fa-5f6a4104c161 req-83ef70b3-5d32-4937-86fa-5f6a4104c161 ] Request (FlavorsV255TestJSON:tearDownClass): 204 DELETE http://10.180.1.21/identity/v3/users/e5a55458322d4a27b92558e9365d6eab 0.108s
2025-11-21 01:50:07.865 66058 INFO tempest.lib.common.dynamic_creds [-] Deleting project and security group for project: 6579c03bf2234059b54a324292c43ddc
2025-11-21 01:50:07.871 66062 INFO tempest.lib.common.rest_client [req-6b9f6dbf-9756-49ae-a88a-e9ad09ddc7b7 req-6b9f6dbf-9756-49ae-a88a-e9ad09ddc7b7 ] Request (VolumesAdminNegativeTest:test_update_attached_volume_with_nonexistent_volume_in_uri): 200 GET http://10.180.1.21/compute/v2.1/servers/c0fb7dd7-d108-4d73-9432-c5be6c7435b2 3.322s
2025-11-21 01:50:07.942 66058 INFO tempest.lib.common.rest_client [req-ae354530-8442-4c23-ad0a-f129fb2ebd42 req-ae354530-8442-4c23-ad0a-f129fb2ebd42 ] Request (FlavorsV255TestJSON:tearDownClass): 201 POST http://10.180.1.21/identity/v3/auth/tokens 0.077s
2025-11-21 01:50:07.959 66054 INFO tempest.lib.common.rest_client [req-5937a967-f033-4cb9-9b0c-1e2a4487aa9e req-5937a967-f033-4cb9-9b0c-1e2a4487aa9e ] Request (QuotasAdminTestV236:setUpClass): 200 GET http://10.180.1.21/identity/v3/roles 0.120s
2025-11-21 01:50:07.986 66054 INFO tempest.lib.common.rest_client [req-9f4c409c-3c7a-4328-8385-a6dd93558567 req-9f4c409c-3c7a-4328-8385-a6dd93558567 ] Request (QuotasAdminTestV236:setUpClass): 204 PUT http://10.180.1.21/identity/v3/projects/91e2fbf6e96f436b9a7ebb2a9de8b3fb/users/8ffa6cdf6cba466faaad2bbf7938fbe7/roles/ebc5aaee97a64b45b25b5e15394e8ba3 0.026s
2025-11-21 01:50:07.986 66054 INFO tempest.lib.common.dynamic_creds [-] Dynamic test user 8ffa6cdf6cba466faaad2bbf7938fbe7 is created with scope project and roles: ['admin']
2025-11-21 01:50:07.987 66054 INFO tempest.lib.common.dynamic_creds [-] Acquired dynamic creds: credentials: Credentials: {'domain_id': 'default', 'domain_name': 'Default', 'username': 'tempest-QuotasAdminTestV236-2089930245-project-admin', 'project_domain_id': 'default', 'project_domain_name': 'Default', 'project_id': '91e2fbf6e96f436b9a7ebb2a9de8b3fb', 'project_name': 'tempest-QuotasAdminTestV236-2089930245', 'tenant_id': '91e2fbf6e96f436b9a7ebb2a9de8b3fb', 'tenant_name': 'tempest-QuotasAdminTestV236-2089930245', 'user_domain_id': 'default', 'user_domain_name': 'Default', 'user_id': '8ffa6cdf6cba466faaad2bbf7938fbe7', 'system': None}, Network: None, Subnet: None, Router: None
2025-11-21 01:50:07.987 66054 INFO tempest.lib.common.dynamic_creds [-] Created isolated network resources for: credentials: Credentials: {'domain_id': 'default', 'domain_name': 'Default', 'username': 'tempest-QuotasAdminTestV236-2089930245-project-admin', 'project_domain_id': 'default', 'project_domain_name': 'Default', 'project_id': '91e2fbf6e96f436b9a7ebb2a9de8b3fb', 'project_name': 'tempest-QuotasAdminTestV236-2089930245', 'tenant_id': '91e2fbf6e96f436b9a7ebb2a9de8b3fb', 'tenant_name': 'tempest-QuotasAdminTestV236-2089930245', 'user_domain_id': 'default', 'user_domain_name': 'Default', 'user_id': '8ffa6cdf6cba466faaad2bbf7938fbe7', 'system': None}, Network: None, Subnet: None, Router: None
2025-11-21 01:50:08.008 66028 INFO tempest.lib.common.rest_client [req-6d150d0e-a6bd-448c-b4d2-4f386e13886b req-6d150d0e-a6bd-448c-b4d2-4f386e13886b ] Request (ServersAdminNegativeTestJSON:setUpClass): 200 GET http://10.180.1.21/compute/v2.1/servers/0a73e46d-f5ac-41c6-8c54-f5441f343a7d 2.706s
2025-11-21 01:50:08.037 66032 INFO tempest.lib.common.rest_client [req-d1b22013-4727-42a3-92cf-21a945a4e858 req-d1b22013-4727-42a3-92cf-21a945a4e858 ] Request (FlavorsV261TestJSON:test_crud_flavor): 200 GET http://10.180.1.21/compute/v2.1/flavors 2.696s
2025-11-21 01:50:08.123 66054 INFO tempest.lib.common.rest_client [req-b7c72c85-a2f0-4aa6-911b-5c9dd0a55655 req-b7c72c85-a2f0-4aa6-911b-5c9dd0a55655 ] Request (QuotasAdminTestV236:setUpClass): 201 POST http://10.180.1.21/identity/v3/auth/tokens 0.132s
2025-11-21 01:50:08.123 66054 WARNING tempest.lib.common.rest_client [-] Deprecated: "tenant_id" property is deprecated for removal, use "project_id" instead
2025-11-21 01:50:08.158 66054 INFO tempest.lib.common.rest_client [req-e8ffbb01-3605-4080-875d-06bedca2919a req-e8ffbb01-3605-4080-875d-06bedca2919a ] Request (QuotasAdminTestV236:test_get_updated_quotas): 200 GET http://10.180.1.21/identity/v3/domains?name=Default 0.033s
2025-11-21 01:50:08.191 66054 INFO tempest.lib.common.rest_client [req-ddd6479e-2843-4c9c-b1e8-30a0fce9fba1 req-ddd6479e-2843-4c9c-b1e8-30a0fce9fba1 ] Request (QuotasAdminTestV236:test_get_updated_quotas): 201 POST http://10.180.1.21/identity/v3/projects 0.032s
2025-11-21 01:50:08.273 66054 INFO tempest.lib.common.rest_client [req-b7a4507e-582b-4ce5-800e-f82dcdee2518 req-b7a4507e-582b-4ce5-800e-f82dcdee2518 ] Request (QuotasAdminTestV236:test_get_updated_quotas): 200 GET http://10.180.1.21/identity/v3/domains?name=Default 0.082s
2025-11-21 01:50:08.348 66058 INFO tempest.lib.common.rest_client [req-e1004e74-2b27-4ad8-9662-136ab2cc55e2 req-e1004e74-2b27-4ad8-9662-136ab2cc55e2 ] Request (FlavorsV255TestJSON:tearDownClass): 200 GET http://10.180.1.21/networking/v2.0/security-groups?tenant_id=6579c03bf2234059b54a324292c43ddc&name=default 0.405s
2025-11-21 01:50:08.385 66046 INFO tempest.lib.common.rest_client [req-e56eea68-f41a-4671-a823-c88571085b7f req-e56eea68-f41a-4671-a823-c88571085b7f ] Request (SecurityGroupsTestAdminJSON:test_list_security_groups_list_all_tenants_filter): 200 GET http://10.180.1.21/compute/v2.1/os-security-groups?all_tenants=true 3.172s
2025-11-21 01:50:08.401 66072 INFO tempest.lib.common.rest_client [req-5a1e29d9-aff7-45f6-a3f3-238d36d2697b req-5a1e29d9-aff7-45f6-a3f3-238d36d2697b ] Request (FlavorsExtraSpecsTestJSON:test_flavor_set_get_update_show_unset_keys): 200 GET http://10.180.1.21/compute/v2.1/flavors/1608662300/os-extra_specs 2.953s
2025-11-21 01:50:08.421 66077 INFO tempest.lib.common.rest_client [req-c9aed927-9068-4be4-8db5-39da832ea72f req-c9aed927-9068-4be4-8db5-39da832ea72f ] Request (FlavorsAdminTestJSON:_run_cleanups): 202 DELETE http://10.180.1.21/compute/v2.1/flavors/1393682999 2.941s
2025-11-21 01:50:08.464 66030 INFO tempest.lib.common.rest_client [req-a11b58fd-6780-479c-9097-12db7c422004 req-a11b58fd-6780-479c-9097-12db7c422004 ] Request (ImagesMetadataTestJSON:test_get_image_metadata_item): 200 GET http://10.180.1.21/compute/v2.1/images/f58898ea-e339-4eb4-a2ad-8425197b956f/metadata/os_distro 2.983s
2025-11-21 01:50:08.543 66078 INFO tempest.lib.common.rest_client [req-6c705c2e-d927-4f8a-bfc9-2fbcb46de84e req-6c705c2e-d927-4f8a-bfc9-2fbcb46de84e ] Request (AggregatesAdminNegativeTestJSON:test_aggregate_add_host_as_user): 200 POST http://10.180.1.21/compute/v2.1/os-aggregates 3.014s
2025-11-21 01:50:08.576 66082 INFO tempest.lib.common.rest_client [req-a5c9e831-07f9-446c-b76f-7e2f6deb7570 req-a5c9e831-07f9-446c-b76f-7e2f6deb7570 ] Request (FlavorsAccessTestJSON:_run_cleanups): 200 GET http://10.180.1.21/compute/v2.1/flavors/detail 3.042s
2025-11-21 01:50:08.610 66058 INFO tempest.lib.common.rest_client [req-edc349d8-32e1-469f-ae93-73338595c406 req-edc349d8-32e1-469f-ae93-73338595c406 ] Request (FlavorsV255TestJSON:tearDownClass): 204 DELETE http://10.180.1.21/networking/v2.0/security-groups/fe240b74-0e1f-46af-9e05-058dbc738a60 0.262s
2025-11-21 01:50:08.746 66058 INFO tempest.lib.common.rest_client [req-04680b47-e95b-47a5-ad75-763336547876 req-04680b47-e95b-47a5-ad75-763336547876 ] Request (FlavorsV255TestJSON:tearDownClass): 204 DELETE http://10.180.1.21/identity/v3/projects/6579c03bf2234059b54a324292c43ddc 0.136s
2025-11-21 01:50:08.746 66058 INFO tempest.lib.common.dynamic_creds [-] Deleting project and security group for project: bded7d218ba34bcd8e0d2a823d372bfb
2025-11-21 01:50:08.942 66058 INFO tempest.lib.common.rest_client [req-fd39a2a2-2a67-4146-ac57-3a56a9e74422 req-fd39a2a2-2a67-4146-ac57-3a56a9e74422 ] Request (FlavorsV255TestJSON:tearDownClass): 200 GET http://10.180.1.21/networking/v2.0/security-groups?tenant_id=bded7d218ba34bcd8e0d2a823d372bfb&name=default 0.195s
2025-11-21 01:50:08.985 66090 INFO tempest.lib.common.rest_client [req-a9a1078c-6545-4d90-9732-23a99c9e8754 req-a9a1078c-6545-4d90-9732-23a99c9e8754 ] Request (ImagesOneServerNegativeTestJSON:setUpClass): 200 GET http://10.180.1.21/compute/v2.1/servers/d818b6d4-391c-4911-a267-c42aae775098 3.402s
2025-11-21 01:50:08.996 66090 INFO tempest.common.waiters [-] State transition "BUILD/spawning" ==> "ACTIVE/None" after 22 second wait
2025-11-21 01:50:09.013 66074 INFO tempest.lib.common.rest_client [req-c9cf89e3-3405-4e0e-948c-995fe71d99ab req-c9cf89e3-3405-4e0e-948c-995fe71d99ab ] Request (InstanceUsageAuditLogTestJSON:test_list_instance_usage_audit_logs): 200 GET http://10.180.1.21/compute/v2.1/os-instance_usage_audit_log 3.292s
2025-11-21 01:50:09.139 66074 INFO tempest.lib.common.rest_client [req-021c9d4d-f5a3-4885-8ffd-0c60d63f0d4f req-021c9d4d-f5a3-4885-8ffd-0c60d63f0d4f ] Request (InstanceUsageAuditLogTestJSON:tearDownClass): 204 DELETE http://10.180.1.21/identity/v3/users/206971635b82405180a7694db33e0b2a 0.123s
2025-11-21 01:50:09.210 66086 INFO tempest.lib.common.rest_client [req-79fbd260-61e0-4bb8-aebb-3ddf032eeae6 req-79fbd260-61e0-4bb8-aebb-3ddf032eeae6 ] Request (TenantUsagesTestJSON:test_get_usage_tenant): 200 GET http://10.180.1.21/compute/v2.1/os-simple-tenant-usage/3a136dda2d73430d93ca6844b98adf7d?start=2025-11-20T01%3A50%3A06.104357&end=2025-11-22T01%3A50%3A06.104357 3.105s
2025-11-21 01:50:09.257 66058 INFO tempest.lib.common.rest_client [req-2b747739-5319-49ce-9d32-d1b774f110e3 req-2b747739-5319-49ce-9d32-d1b774f110e3 ] Request (FlavorsV255TestJSON:tearDownClass): 204 DELETE http://10.180.1.21/networking/v2.0/security-groups/67720dba-cb39-4995-8cf7-f0a43079da7b 0.314s
2025-11-21 01:50:09.281 66074 INFO tempest.lib.common.rest_client [req-aea15501-173f-4b19-9057-e1262f6f175e req-aea15501-173f-4b19-9057-e1262f6f175e ] Request (InstanceUsageAuditLogTestJSON:tearDownClass): 204 DELETE http://10.180.1.21/identity/v3/users/a28152593ddb44dab39bc4b47314c131 0.142s
2025-11-21 01:50:09.282 66074 INFO tempest.lib.common.dynamic_creds [-] Deleting project and security group for project: ced28377d9294c6d91a84e9e5fc7fffe
2025-11-21 01:50:09.361 66074 INFO tempest.lib.common.rest_client [req-76449c5a-86c8-44e5-9d4b-aeb1ad231f94 req-76449c5a-86c8-44e5-9d4b-aeb1ad231f94 ] Request (InstanceUsageAuditLogTestJSON:tearDownClass): 201 POST http://10.180.1.21/identity/v3/auth/tokens 0.079s
2025-11-21 01:50:09.375 66058 INFO tempest.lib.common.rest_client [req-5c376f48-8f9f-45a1-8eae-f4168ccd6d58 req-5c376f48-8f9f-45a1-8eae-f4168ccd6d58 ] Request (FlavorsV255TestJSON:tearDownClass): 204 DELETE http://10.180.1.21/identity/v3/projects/bded7d218ba34bcd8e0d2a823d372bfb 0.118s
2025-11-21 01:50:09.439 66058 INFO tempest.lib.common.rest_client [req-9d412115-e7bd-4e4b-895d-f851e95915fe req-9d412115-e7bd-4e4b-895d-f851e95915fe ] Request (QuotaClassesAdmin257Test:setUpClass): 201 POST http://10.180.1.21/identity/v3/auth/tokens 0.062s
2025-11-21 01:50:09.469 66058 INFO tempest.lib.common.rest_client [req-72b4bfd0-8200-43c1-9fd1-2ff9a8200e9f req-72b4bfd0-8200-43c1-9fd1-2ff9a8200e9f ] Request (QuotaClassesAdmin257Test:setUpClass): 201 POST http://10.180.1.21/identity/v3/auth/tokens 0.027s
2025-11-21 01:50:09.499 66058 INFO tempest.lib.common.rest_client [req-481b3a30-38e8-4348-a905-91bebab5228b req-481b3a30-38e8-4348-a905-91bebab5228b ] Request (QuotaClassesAdmin257Test:setUpClass): 200 GET http://10.180.1.21/identity/v3/domains?name=Default 0.029s
2025-11-21 01:50:09.528 66058 INFO tempest.lib.common.rest_client [req-9d46dead-a12d-4291-9393-64036c9fe9cc req-9d46dead-a12d-4291-9393-64036c9fe9cc ] Request (QuotaClassesAdmin257Test:setUpClass): 201 POST http://10.180.1.21/identity/v3/projects 0.028s
2025-11-21 01:50:09.581 66058 INFO tempest.lib.common.rest_client [req-f18439e7-8a33-48ef-8d58-e0f3c5a3a0e6 req-f18439e7-8a33-48ef-8d58-e0f3c5a3a0e6 ] Request (QuotaClassesAdmin257Test:setUpClass): 201 POST http://10.180.1.21/identity/v3/users 0.052s
2025-11-21 01:50:09.601 66058 INFO tempest.lib.common.rest_client [req-350b817c-abbc-4ee8-93fe-ceb5e3b6808f req-350b817c-abbc-4ee8-93fe-ceb5e3b6808f ] Request (QuotaClassesAdmin257Test:setUpClass): 200 GET http://10.180.1.21/identity/v3/roles 0.020s
2025-11-21 01:50:09.629 66058 INFO tempest.lib.common.rest_client [req-bc5dfca2-68cf-4c7f-b3ee-2106559aaa1d req-bc5dfca2-68cf-4c7f-b3ee-2106559aaa1d ] Request (QuotaClassesAdmin257Test:setUpClass): 204 PUT http://10.180.1.21/identity/v3/projects/b7ceee835df94dec9478f28fde52c480/users/905761eba6424adbb3a06ca56973abf6/roles/9e2ca452ae2c4a8b9ca14ed8e681c5c9 0.027s
2025-11-21 01:50:09.629 66058 INFO tempest.lib.common.dynamic_creds [-] Dynamic test user 905761eba6424adbb3a06ca56973abf6 is created with scope project and roles: ['member']
2025-11-21 01:50:09.629 66058 INFO tempest.lib.common.dynamic_creds [-] Acquired dynamic creds: credentials: Credentials: {'domain_id': 'default', 'domain_name': 'Default', 'username': 'tempest-QuotaClassesAdmin257Test-182258593-project-member', 'project_domain_id': 'default', 'project_domain_name': 'Default', 'project_id': 'b7ceee835df94dec9478f28fde52c480', 'project_name': 'tempest-QuotaClassesAdmin257Test-182258593', 'tenant_id': 'b7ceee835df94dec9478f28fde52c480', 'tenant_name': 'tempest-QuotaClassesAdmin257Test-182258593', 'user_domain_id': 'default', 'user_domain_name': 'Default', 'user_id': '905761eba6424adbb3a06ca56973abf6', 'system': None}, Network: None, Subnet: None, Router: None
2025-11-21 01:50:09.629 66058 INFO tempest.lib.common.dynamic_creds [-] Created isolated network resources for: credentials: Credentials: {'domain_id': 'default', 'domain_name': 'Default', 'username': 'tempest-QuotaClassesAdmin257Test-182258593-project-member', 'project_domain_id': 'default', 'project_domain_name': 'Default', 'project_id': 'b7ceee835df94dec9478f28fde52c480', 'project_name': 'tempest-QuotaClassesAdmin257Test-182258593', 'tenant_id': 'b7ceee835df94dec9478f28fde52c480', 'tenant_name': 'tempest-QuotaClassesAdmin257Test-182258593', 'user_domain_id': 'default', 'user_domain_name': 'Default', 'user_id': '905761eba6424adbb3a06ca56973abf6', 'system': None}, Network: None, Subnet: None, Router: None
2025-11-21 01:50:09.709 66074 INFO tempest.lib.common.rest_client [req-9f83cb11-c542-4ea4-bed1-3cb8cb1d325f req-9f83cb11-c542-4ea4-bed1-3cb8cb1d325f ] Request (InstanceUsageAuditLogTestJSON:tearDownClass): 200 GET http://10.180.1.21/networking/v2.0/security-groups?tenant_id=ced28377d9294c6d91a84e9e5fc7fffe&name=default 0.347s
2025-11-21 01:50:09.714 66058 INFO tempest.lib.common.rest_client [req-dd9703f8-f53f-4f78-ab8f-00473fb6d918 req-dd9703f8-f53f-4f78-ab8f-00473fb6d918 ] Request (QuotaClassesAdmin257Test:setUpClass): 201 POST http://10.180.1.21/identity/v3/auth/tokens 0.082s
2025-11-21 01:50:09.789 66058 INFO tempest.lib.common.rest_client [req-2258a1b1-168b-4caf-9b09-b712343a0db7 req-2258a1b1-168b-4caf-9b09-b712343a0db7 ] Request (QuotaClassesAdmin257Test:setUpClass): 201 POST http://10.180.1.21/identity/v3/projects 0.074s
2025-11-21 01:50:09.853 66040 INFO tempest.lib.common.rest_client [req-c67743e1-38e4-4d84-9f5c-34508b7871fb req-c67743e1-38e4-4d84-9f5c-34508b7871fb ] Request (VolumesAssistedSnapshotsTest:test_volume_assisted_snapshot_create_delete): 200 GET http://10.180.1.21/compute/v2.1/servers/df12d483-63ce-44fe-a57c-97e068cdd54d 3.427s
2025-11-21 01:50:09.860 66058 INFO tempest.lib.common.rest_client [req-a9ebbbc8-f53c-487f-889a-c22decf30424 req-a9ebbbc8-f53c-487f-889a-c22decf30424 ] Request (QuotaClassesAdmin257Test:setUpClass): 201 POST http://10.180.1.21/identity/v3/users 0.071s
2025-11-21 01:50:09.861 66040 INFO tempest.common.waiters [-] State transition "BUILD/networking" ==> "BUILD/spawning" after 4 second wait
2025-11-21 01:50:09.864 66048 INFO tempest.lib.common.rest_client [req-4ef87c60-bf4e-4a46-9dda-256d5e181947 req-4ef87c60-bf4e-4a46-9dda-256d5e181947 ] Request (HostsAdminNegativeTestJSON:test_show_host_detail_with_nonexistent_hostname): 404 GET http://10.180.1.21/compute/v2.1/os-hosts/nonexistent_hostname 3.434s
2025-11-21 01:50:09.870 66068 INFO tempest.lib.common.rest_client [req-9b32eb9c-438a-42d4-b5ee-fd34a76eabd9 req-9b32eb9c-438a-42d4-b5ee-fd34a76eabd9 ] Request (AttachInterfacesUnderV243Test:test_add_remove_fixed_ip): 202 POST http://10.180.1.21/compute/v2.1/servers 4.481s
2025-11-21 01:50:09.870 66038 INFO tempest.lib.common.rest_client [req-002065ad-6d45-4c92-ab8a-d39e807954e3 req-002065ad-6d45-4c92-ab8a-d39e807954e3 ] Request (HypervisorAdminNegativeTestJSON:test_get_hypervisor_uptime_with_non_admin_user): 403 GET http://10.180.1.21/compute/v2.1/os-hypervisors/1/uptime 3.299s
2025-11-21 01:50:09.897 66058 INFO tempest.lib.common.rest_client [req-43b3c30d-260d-475d-acab-0551253777a0 req-43b3c30d-260d-475d-acab-0551253777a0 ] Request (QuotaClassesAdmin257Test:setUpClass): 200 GET http://10.180.1.21/identity/v3/roles 0.036s
2025-11-21 01:50:09.930 66058 INFO tempest.lib.common.rest_client [req-10ce0518-ca31-4a74-9d8f-2d2d642802c5 req-10ce0518-ca31-4a74-9d8f-2d2d642802c5 ] Request (QuotaClassesAdmin257Test:setUpClass): 204 PUT http://10.180.1.21/identity/v3/projects/dcf0564e13fb4991a366a1f84dc33f9c/users/5c6b07a3d62b4d9c90b835e7d3777d07/roles/ebc5aaee97a64b45b25b5e15394e8ba3 0.033s
2025-11-21 01:50:09.979 66074 INFO tempest.lib.common.rest_client [req-fef93ac7-2f75-43b5-a3f6-4d670538219f req-fef93ac7-2f75-43b5-a3f6-4d670538219f ] Request (InstanceUsageAuditLogTestJSON:tearDownClass): 204 DELETE http://10.180.1.21/networking/v2.0/security-groups/03c6714c-e42d-4ece-8779-9319bfc1f819 0.269s
2025-11-21 01:50:09.991 66058 INFO tempest.lib.common.rest_client [req-4004af40-2374-465a-a870-4ca8ca789212 req-4004af40-2374-465a-a870-4ca8ca789212 ] Request (QuotaClassesAdmin257Test:setUpClass): 200 GET http://10.180.1.21/identity/v3/roles 0.061s
2025-11-21 01:50:10.014 66058 INFO tempest.lib.common.rest_client [req-ead16862-0ad6-431f-8b82-1a5b447d158e req-ead16862-0ad6-431f-8b82-1a5b447d158e ] Request (QuotaClassesAdmin257Test:setUpClass): 204 PUT http://10.180.1.21/identity/v3/projects/dcf0564e13fb4991a366a1f84dc33f9c/users/5c6b07a3d62b4d9c90b835e7d3777d07/roles/ebc5aaee97a64b45b25b5e15394e8ba3 0.022s
2025-11-21 01:50:10.014 66058 INFO tempest.lib.common.dynamic_creds [-] Dynamic test user 5c6b07a3d62b4d9c90b835e7d3777d07 is created with scope project and roles: ['admin']
2025-11-21 01:50:10.014 66058 INFO tempest.lib.common.dynamic_creds [-] Acquired dynamic creds: credentials: Credentials: {'domain_id': 'default', 'domain_name': 'Default', 'username': 'tempest-QuotaClassesAdmin257Test-1722627589-project-admin', 'project_domain_id': 'default', 'project_domain_name': 'Default', 'project_id': 'dcf0564e13fb4991a366a1f84dc33f9c', 'project_name': 'tempest-QuotaClassesAdmin257Test-1722627589', 'tenant_id': 'dcf0564e13fb4991a366a1f84dc33f9c', 'tenant_name': 'tempest-QuotaClassesAdmin257Test-1722627589', 'user_domain_id': 'default', 'user_domain_name': 'Default', 'user_id': '5c6b07a3d62b4d9c90b835e7d3777d07', 'system': None}, Network: None, Subnet: None, Router: None
2025-11-21 01:50:10.014 66058 INFO tempest.lib.common.dynamic_creds [-] Created isolated network resources for: credentials: Credentials: {'domain_id': 'default', 'domain_name': 'Default', 'username': 'tempest-QuotaClassesAdmin257Test-1722627589-project-admin', 'project_domain_id': 'default', 'project_domain_name': 'Default', 'project_id': 'dcf0564e13fb4991a366a1f84dc33f9c', 'project_name': 'tempest-QuotaClassesAdmin257Test-1722627589', 'tenant_id': 'dcf0564e13fb4991a366a1f84dc33f9c', 'tenant_name': 'tempest-QuotaClassesAdmin257Test-1722627589', 'user_domain_id': 'default', 'user_domain_name': 'Default', 'user_id': '5c6b07a3d62b4d9c90b835e7d3777d07', 'system': None}, Network: None, Subnet: None, Router: None
2025-11-21 01:50:10.067 66074 INFO tempest.lib.common.rest_client [req-7094bc10-8441-4859-8cb9-f049bd7e5060 req-7094bc10-8441-4859-8cb9-f049bd7e5060 ] Request (InstanceUsageAuditLogTestJSON:tearDownClass): 204 DELETE http://10.180.1.21/identity/v3/projects/ced28377d9294c6d91a84e9e5fc7fffe 0.087s
2025-11-21 01:50:10.067 66074 INFO tempest.lib.common.dynamic_creds [-] Deleting project and security group for project: 67711764d6964496a8fe6b7cbc996ad7
2025-11-21 01:50:10.131 66058 INFO tempest.lib.common.rest_client [req-8fce40ad-88ab-4950-aab5-3c0ab5deb9b4 req-8fce40ad-88ab-4950-aab5-3c0ab5deb9b4 ] Request (QuotaClassesAdmin257Test:setUpClass): 201 POST http://10.180.1.21/identity/v3/auth/tokens 0.114s
2025-11-21 01:50:10.199 66034 INFO tempest.lib.common.rest_client [req-7c2a934f-eae4-4f23-80a6-166d53f9637f req-7c2a934f-eae4-4f23-80a6-166d53f9637f ] Request (ServerRescueTestJSON:setUpClass): 200 GET http://10.180.1.21/compute/v2.1/servers/66fe4863-3cd9-4a24-bb2e-867cf1a1b83c 3.432s
2025-11-21 01:50:10.208 66034 INFO tempest.common.waiters [-] State transition "BUILD/spawning" ==> "ACTIVE/None" after 22 second wait
2025-11-21 01:50:10.225 66044 INFO tempest.lib.common.rest_client [req-f30a726e-938e-437b-ac45-3ae11dda28b7 req-f30a726e-938e-437b-ac45-3ae11dda28b7 ] Request (ServersTestJSON:setUpClass): 200 GET http://10.180.1.21/compute/v2.1/servers/ef4543c6-4341-4260-84ed-8a3e53eb43b7 3.157s
2025-11-21 01:50:10.261 66080 INFO tempest.lib.common.rest_client [req-2df7ebe0-15b1-48c2-a49a-d8f1918d8633 req-2df7ebe0-15b1-48c2-a49a-d8f1918d8633 ] Request (ServerDiagnosticsNegativeTest:test_get_server_diagnostics_by_non_admin): 403 GET http://10.180.1.21/compute/v2.1/servers/160e5116-e880-4ae9-b243-d8b1f7ce343b/diagnostics 3.119s
2025-11-21 01:50:10.269 66074 INFO tempest.lib.common.rest_client [req-2fe529c1-fb39-48ac-9440-796323519cd4 req-2fe529c1-fb39-48ac-9440-796323519cd4 ] Request (InstanceUsageAuditLogTestJSON:tearDownClass): 200 GET http://10.180.1.21/networking/v2.0/security-groups?tenant_id=67711764d6964496a8fe6b7cbc996ad7&name=default 0.202s
2025-11-21 01:50:10.361 66074 INFO tempest.lib.common.rest_client [req-f67bb266-7453-4ccd-aaf4-de1222ad8927 req-f67bb266-7453-4ccd-aaf4-de1222ad8927 ] Request (InstanceUsageAuditLogTestJSON:tearDownClass): 204 DELETE http://10.180.1.21/networking/v2.0/security-groups/be9b2844-0729-426a-aa1b-9cfd63fd8ad6 0.091s
2025-11-21 01:50:10.474 66074 INFO tempest.lib.common.rest_client [req-9cafa427-e54e-4dcb-90e3-f4b5b1a9d2e7 req-9cafa427-e54e-4dcb-90e3-f4b5b1a9d2e7 ] Request (InstanceUsageAuditLogTestJSON:tearDownClass): 204 DELETE http://10.180.1.21/identity/v3/projects/67711764d6964496a8fe6b7cbc996ad7 0.113s
2025-11-21 01:50:10.491 66060 INFO tempest.lib.common.rest_client [req-fa83a272-09bd-4b15-a36a-c551e0c9582e req-fa83a272-09bd-4b15-a36a-c551e0c9582e ] Request (ServerDiagnosticsTest:test_get_server_diagnostics): 200 GET http://10.180.1.21/compute/v2.1/servers/23015485-1b33-4806-93a3-e02fae399998 3.062s
2025-11-21 01:50:10.539 66074 INFO tempest.lib.common.rest_client [req-b7133050-386c-4b2d-a057-d0c3decf24a4 req-b7133050-386c-4b2d-a057-d0c3decf24a4 ] Request (ServicesAdminNegativeTestJSON:setUpClass): 201 POST http://10.180.1.21/identity/v3/auth/tokens 0.062s
2025-11-21 01:50:10.591 66074 INFO tempest.lib.common.rest_client [req-6b1df42a-a2eb-4345-b4cb-42c41174e376 req-6b1df42a-a2eb-4345-b4cb-42c41174e376 ] Request (ServicesAdminNegativeTestJSON:setUpClass): 201 POST http://10.180.1.21/identity/v3/auth/tokens 0.044s
2025-11-21 01:50:10.622 66074 INFO tempest.lib.common.rest_client [req-229ab9f2-3926-410d-8e6f-0681df0dd15a req-229ab9f2-3926-410d-8e6f-0681df0dd15a ] Request (ServicesAdminNegativeTestJSON:setUpClass): 200 GET http://10.180.1.21/identity/v3/domains?name=Default 0.030s
2025-11-21 01:50:10.654 66074 INFO tempest.lib.common.rest_client [req-e99eefde-7f07-4413-9125-23efbd9e3300 req-e99eefde-7f07-4413-9125-23efbd9e3300 ] Request (ServicesAdminNegativeTestJSON:setUpClass): 201 POST http://10.180.1.21/identity/v3/projects 0.032s
2025-11-21 01:50:10.735 66085 INFO tempest.lib.common.rest_client [req-584f644f-f374-4b64-b665-05cb5bbe7843 req-584f644f-f374-4b64-b665-05cb5bbe7843 ] Request (QuotasAdminNegativeTest:_run_cleanups): 200 PUT http://10.180.1.21/compute/v2.1/os-quota-sets/69cbb480100e48c1b3f99336dc2cdca9 3.275s
2025-11-21 01:50:10.774 66074 INFO tempest.lib.common.rest_client [req-513ea601-29d4-4131-aa23-f7993aa3f3f8 req-513ea601-29d4-4131-aa23-f7993aa3f3f8 ] Request (ServicesAdminNegativeTestJSON:setUpClass): 201 POST http://10.180.1.21/identity/v3/users 0.119s
2025-11-21 01:50:10.811 66074 INFO tempest.lib.common.rest_client [req-c3ee7052-069e-45b3-8dc2-94cae4eec300 req-c3ee7052-069e-45b3-8dc2-94cae4eec300 ] Request (ServicesAdminNegativeTestJSON:setUpClass): 200 GET http://10.180.1.21/identity/v3/roles 0.036s
2025-11-21 01:50:10.862 66074 INFO tempest.lib.common.rest_client [req-36ba1538-191c-453c-aacc-e132c63e5f40 req-36ba1538-191c-453c-aacc-e132c63e5f40 ] Request (ServicesAdminNegativeTestJSON:setUpClass): 204 PUT http://10.180.1.21/identity/v3/projects/295179a5d97f4c4b8c6e40a162c99aeb/users/4ec1b7c11bd94c328b5a84f2b5a8e6f9/roles/9e2ca452ae2c4a8b9ca14ed8e681c5c9 0.050s
2025-11-21 01:50:10.862 66074 INFO tempest.lib.common.dynamic_creds [-] Dynamic test user 4ec1b7c11bd94c328b5a84f2b5a8e6f9 is created with scope project and roles: ['member']
2025-11-21 01:50:10.862 66074 INFO tempest.lib.common.dynamic_creds [-] Acquired dynamic creds: credentials: Credentials: {'domain_id': 'default', 'domain_name': 'Default', 'username': 'tempest-ServicesAdminNegativeTestJSON-1041050444-project-member', 'project_domain_id': 'default', 'project_domain_name': 'Default', 'project_id': '295179a5d97f4c4b8c6e40a162c99aeb', 'project_name': 'tempest-ServicesAdminNegativeTestJSON-1041050444', 'tenant_id': '295179a5d97f4c4b8c6e40a162c99aeb', 'tenant_name': 'tempest-ServicesAdminNegativeTestJSON-1041050444', 'user_domain_id': 'default', 'user_domain_name': 'Default', 'user_id': '4ec1b7c11bd94c328b5a84f2b5a8e6f9', 'system': None}, Network: None, Subnet: None, Router: None
2025-11-21 01:50:10.863 66074 INFO tempest.lib.common.dynamic_creds [-] Created isolated network resources for: credentials: Credentials: {'domain_id': 'default', 'domain_name': 'Default', 'username': 'tempest-ServicesAdminNegativeTestJSON-1041050444-project-member', 'project_domain_id': 'default', 'project_domain_name': 'Default', 'project_id': '295179a5d97f4c4b8c6e40a162c99aeb', 'project_name': 'tempest-ServicesAdminNegativeTestJSON-1041050444', 'tenant_id': '295179a5d97f4c4b8c6e40a162c99aeb', 'tenant_name': 'tempest-ServicesAdminNegativeTestJSON-1041050444', 'user_domain_id': 'default', 'user_domain_name': 'Default', 'user_id': '4ec1b7c11bd94c328b5a84f2b5a8e6f9', 'system': None}, Network: None, Subnet: None, Router: None
2025-11-21 01:50:10.876 66066 INFO tempest.lib.common.rest_client [req-52d3b8c9-d38c-438c-ab00-bd0fdc953365 req-52d3b8c9-d38c-438c-ab00-bd0fdc953365 ] Request (FloatingIPsTestJSON:test_delete_floating_ip): 202 DELETE http://10.180.1.21/compute/v2.1/os-floating-ips/55e98a0a-d8a0-48f4-9739-33c61849264d 3.637s
2025-11-21 01:50:10.958 66074 INFO tempest.lib.common.rest_client [req-08434f58-f55a-4d1b-84f8-c054ac2dd1b3 req-08434f58-f55a-4d1b-84f8-c054ac2dd1b3 ] Request (ServicesAdminNegativeTestJSON:setUpClass): 201 POST http://10.180.1.21/identity/v3/auth/tokens 0.092s
2025-11-21 01:50:11.035 66074 INFO tempest.lib.common.rest_client [req-15355e43-13d4-4136-9a41-0296c5b6acab req-15355e43-13d4-4136-9a41-0296c5b6acab ] Request (ServicesAdminNegativeTestJSON:setUpClass): 201 POST http://10.180.1.21/identity/v3/projects 0.076s
2025-11-21 01:50:11.054 66050 INFO tempest.lib.common.rest_client [req-c4f6f154-9910-4d8f-af26-d06b70b384ef req-c4f6f154-9910-4d8f-af26-d06b70b384ef ] Request (ServersAaction247Test:test_create_backup): 200 GET http://10.180.1.21/compute/v2.1/servers/a1150e1d-9a95-472d-bcfc-02422a4cc0cc 3.522s
2025-11-21 01:50:11.075 66064 INFO tempest.lib.common.rest_client [req-33db7fb9-87a0-44ac-8522-9550d34aabb3 req-33db7fb9-87a0-44ac-8522-9550d34aabb3 ] Request (KeyPairsV210TestJSON:_run_cleanups): 204 DELETE http://10.180.1.21/compute/v2.1/os-keypairs/tempest-keypair-1700989985?user_id=a1777bf83fc64e648a8b670775627a76 3.521s
2025-11-21 01:50:11.115 66070 INFO tempest.lib.common.rest_client [req-b2e4393b-ec2b-47be-be94-1c83340ad52a req-b2e4393b-ec2b-47be-be94-1c83340ad52a ] Request (FlavorsAccessNegativeTestJSON:test_flavor_access_list_with_public_flavor): 200 POST http://10.180.1.21/compute/v2.1/flavors 3.540s
2025-11-21 01:50:11.129 66089 INFO tempest.lib.common.rest_client [req-c26370a3-15e5-4fa7-931d-c4ca9d53e40d req-c26370a3-15e5-4fa7-931d-c4ca9d53e40d ] Request (SecurityGroupsNegativeTestJSON:test_delete_the_default_security_group): 200 GET http://10.180.1.21/compute/v2.1/os-security-groups 3.664s
2025-11-21 01:50:11.133 66052 INFO tempest.lib.common.rest_client [req-24d9574c-4e69-4893-a79b-2b1000965af5 req-24d9574c-4e69-4893-a79b-2b1000965af5 ] Request (ServersWithSpecificFlavorTestJSON:test_verify_created_server_ephemeral_disk): 200 GET http://10.180.1.21/compute/v2.1/flavors/42/os-extra_specs 3.548s
2025-11-21 01:50:11.140 66074 INFO tempest.lib.common.rest_client [req-56a56dd5-c1e7-438a-b29a-3bc8217b1f6f req-56a56dd5-c1e7-438a-b29a-3bc8217b1f6f ] Request (ServicesAdminNegativeTestJSON:setUpClass): 201 POST http://10.180.1.21/identity/v3/users 0.104s
2025-11-21 01:50:11.147 66032 INFO tempest.lib.common.rest_client [req-9e12d263-3264-4e36-bbf5-91a24bf38dea req-9e12d263-3264-4e36-bbf5-91a24bf38dea ] Request (FlavorsV261TestJSON:_run_cleanups): 202 DELETE http://10.180.1.21/compute/v2.1/flavors/668111200 3.105s
2025-11-21 01:50:11.164 66074 INFO tempest.lib.common.rest_client [req-ac1590e0-c538-4ff1-80f6-2cef0e7dc278 req-ac1590e0-c538-4ff1-80f6-2cef0e7dc278 ] Request (ServicesAdminNegativeTestJSON:setUpClass): 200 GET http://10.180.1.21/identity/v3/roles 0.023s
2025-11-21 01:50:11.224 66064 INFO tempest.lib.common.rest_client [req-1adc6b12-7344-4cc3-9426-21db3187c5f2 req-1adc6b12-7344-4cc3-9426-21db3187c5f2 ] Request (KeyPairsV210TestJSON:tearDownClass): 204 DELETE http://10.180.1.21/identity/v3/users/a1777bf83fc64e648a8b670775627a76 0.141s
2025-11-21 01:50:11.287 66074 INFO tempest.lib.common.rest_client [req-db4c686c-0e2a-4933-afd3-ee5b3ef7d98b req-db4c686c-0e2a-4933-afd3-ee5b3ef7d98b ] Request (ServicesAdminNegativeTestJSON:setUpClass): 204 PUT http://10.180.1.21/identity/v3/projects/4b71eb7958834863a35630466e1edaf8/users/f39abbf2d03c4e598ace4f69170b1004/roles/ebc5aaee97a64b45b25b5e15394e8ba3 0.123s
2025-11-21 01:50:11.340 66056 INFO tempest.lib.common.rest_client [req-d02399a5-7d31-44ea-9583-a22f45a31d4d req-d02399a5-7d31-44ea-9583-a22f45a31d4d ] Request (ImagesOneServerTestJSON:setUpClass): 200 GET http://10.180.1.21/compute/v2.1/servers/e25b3cbf-58dd-4d7e-80eb-6eb790774abe 3.090s
2025-11-21 01:50:11.347 66056 INFO tempest.common.waiters [-] State transition "BUILD/None" ==> "BUILD/spawning" after 4 second wait
2025-11-21 01:50:11.353 66074 INFO tempest.lib.common.rest_client [req-7322b877-1e06-4b39-b675-c8fecc94e772 req-7322b877-1e06-4b39-b675-c8fecc94e772 ] Request (ServicesAdminNegativeTestJSON:setUpClass): 200 GET http://10.180.1.21/identity/v3/roles 0.065s
2025-11-21 01:50:11.380 66064 INFO tempest.lib.common.rest_client [req-5aa01f85-a44d-480c-bd97-2c1141a6fe57 req-5aa01f85-a44d-480c-bd97-2c1141a6fe57 ] Request (KeyPairsV210TestJSON:tearDownClass): 204 DELETE http://10.180.1.21/identity/v3/users/281ba4b52d1d4b0bbd2381940e68c300 0.155s
2025-11-21 01:50:11.380 66064 INFO tempest.lib.common.dynamic_creds [-] Deleting project and security group for project: 95d7a6f17d984cd581c7f2d29744dff8
2025-11-21 01:50:11.441 66074 INFO tempest.lib.common.rest_client [req-d47038b7-cef5-482d-8daf-e38a1a98e20b req-d47038b7-cef5-482d-8daf-e38a1a98e20b ] Request (ServicesAdminNegativeTestJSON:setUpClass): 204 PUT http://10.180.1.21/identity/v3/projects/4b71eb7958834863a35630466e1edaf8/users/f39abbf2d03c4e598ace4f69170b1004/roles/ebc5aaee97a64b45b25b5e15394e8ba3 0.087s
2025-11-21 01:50:11.441 66074 INFO tempest.lib.common.dynamic_creds [-] Dynamic test user f39abbf2d03c4e598ace4f69170b1004 is created with scope project and roles: ['admin']
2025-11-21 01:50:11.441 66074 INFO tempest.lib.common.dynamic_creds [-] Acquired dynamic creds: credentials: Credentials: {'domain_id': 'default', 'domain_name': 'Default', 'username': 'tempest-ServicesAdminNegativeTestJSON-1191503159-project-admin', 'project_domain_id': 'default', 'project_domain_name': 'Default', 'project_id': '4b71eb7958834863a35630466e1edaf8', 'project_name': 'tempest-ServicesAdminNegativeTestJSON-1191503159', 'tenant_id': '4b71eb7958834863a35630466e1edaf8', 'tenant_name': 'tempest-ServicesAdminNegativeTestJSON-1191503159', 'user_domain_id': 'default', 'user_domain_name': 'Default', 'user_id': 'f39abbf2d03c4e598ace4f69170b1004', 'system': None}, Network: None, Subnet: None, Router: None
2025-11-21 01:50:11.442 66074 INFO tempest.lib.common.dynamic_creds [-] Created isolated network resources for: credentials: Credentials: {'domain_id': 'default', 'domain_name': 'Default', 'username': 'tempest-ServicesAdminNegativeTestJSON-1191503159-project-admin', 'project_domain_id': 'default', 'project_domain_name': 'Default', 'project_id': '4b71eb7958834863a35630466e1edaf8', 'project_name': 'tempest-ServicesAdminNegativeTestJSON-1191503159', 'tenant_id': '4b71eb7958834863a35630466e1edaf8', 'tenant_name': 'tempest-ServicesAdminNegativeTestJSON-1191503159', 'user_domain_id': 'default', 'user_domain_name': 'Default', 'user_id': 'f39abbf2d03c4e598ace4f69170b1004', 'system': None}, Network: None, Subnet: None, Router: None
2025-11-21 01:50:11.502 66064 INFO tempest.lib.common.rest_client [req-8337dca6-1ea6-43b9-afbe-e47a93120535 req-8337dca6-1ea6-43b9-afbe-e47a93120535 ] Request (KeyPairsV210TestJSON:tearDownClass): 201 POST http://10.180.1.21/identity/v3/auth/tokens 0.121s
2025-11-21 01:50:11.510 66046 INFO tempest.lib.common.rest_client [req-95bc8b8b-b23d-4e1a-9b88-e5ca08608075 req-95bc8b8b-b23d-4e1a-9b88-e5ca08608075 ] Request (SecurityGroupsTestAdminJSON:_run_cleanups): 202 DELETE http://10.180.1.21/compute/v2.1/os-security-groups/9bcd36fd-10a2-416e-b442-084bc4d53bab 3.120s
2025-11-21 01:50:11.543 66072 INFO tempest.lib.common.rest_client [req-8f71baa8-5c2b-4ebf-bead-e910d7a3baf1 req-8f71baa8-5c2b-4ebf-bead-e910d7a3baf1 ] Request (FlavorsExtraSpecsTestJSON:test_flavor_set_get_update_show_unset_keys): 200 PUT http://10.180.1.21/compute/v2.1/flavors/1608662300/os-extra_specs/hw:numa_nodes 3.140s
2025-11-21 01:50:11.559 66054 INFO tempest.lib.common.rest_client [req-ccb108b0-fc15-4afd-adb9-65b73ed960ea req-ccb108b0-fc15-4afd-adb9-65b73ed960ea ] Request (QuotasAdminTestV236:test_get_updated_quotas): 200 PUT http://10.180.1.21/compute/v2.1/os-quota-sets/f1cdf039324141878e925749ef91495d 3.284s
2025-11-21 01:50:11.565 66077 INFO tempest.lib.common.rest_client [req-30784d7f-7fe3-46ba-a51e-ea64994bdb4d req-30784d7f-7fe3-46ba-a51e-ea64994bdb4d ] Request (FlavorsAdminTestJSON:_run_cleanups): 200 GET http://10.180.1.21/compute/v2.1/flavors/detail 3.143s
2025-11-21 01:50:11.587 66074 INFO tempest.lib.common.rest_client [req-a47f54a5-8fab-4fd1-b296-f6c94c2cf947 req-a47f54a5-8fab-4fd1-b296-f6c94c2cf947 ] Request (ServicesAdminNegativeTestJSON:setUpClass): 201 POST http://10.180.1.21/identity/v3/auth/tokens 0.141s
2025-11-21 01:50:11.716 66030 INFO tempest.lib.common.rest_client [req-15564f50-c2c7-4412-a33b-be5718ced083 req-15564f50-c2c7-4412-a33b-be5718ced083 ] Request (ImagesMetadataTestJSON:setUp): 200 PUT http://10.180.1.21/compute/v2.1/images/f58898ea-e339-4eb4-a2ad-8425197b956f/metadata 3.249s
2025-11-21 01:50:11.782 66064 INFO tempest.lib.common.rest_client [req-ee4403ce-1abd-497f-aeb1-ba45d8f0c46f req-ee4403ce-1abd-497f-aeb1-ba45d8f0c46f ] Request (KeyPairsV210TestJSON:tearDownClass): 200 GET http://10.180.1.21/networking/v2.0/security-groups?tenant_id=95d7a6f17d984cd581c7f2d29744dff8&name=default 0.280s
2025-11-21 01:50:11.818 66078 INFO tempest.lib.common.rest_client [req-40c02425-6fe8-4481-8da9-23c1b70d99c5 req-40c02425-6fe8-4481-8da9-23c1b70d99c5 ] Request (AggregatesAdminNegativeTestJSON:test_aggregate_add_host_as_user): 403 POST http://10.180.1.21/compute/v2.1/os-aggregates/2/action 3.273s
2025-11-21 01:50:11.837 66082 INFO tempest.lib.common.rest_client [req-4e0d86bd-54d0-4807-90d3-a8a69c50d900 req-4e0d86bd-54d0-4807-90d3-a8a69c50d900 ] Request (FlavorsAccessTestJSON:test_flavor_access_list_with_private_flavor): 200 POST http://10.180.1.21/compute/v2.1/flavors 3.250s
2025-11-21 01:50:12.064 66064 INFO tempest.lib.common.rest_client [req-32d0eee3-68bf-427f-a813-ada40773c6ed req-32d0eee3-68bf-427f-a813-ada40773c6ed ] Request (KeyPairsV210TestJSON:tearDownClass): 204 DELETE http://10.180.1.21/networking/v2.0/security-groups/f3332678-4d42-41b9-a97c-f010d3646fd4 0.281s
2025-11-21 01:50:12.132 66036 INFO tempest.lib.common.rest_client [req-f096c42f-e763-42f9-a755-0c5cf0a56547 req-f096c42f-e763-42f9-a755-0c5cf0a56547 ] Request (DeleteServersAdminTestJSON:test_admin_delete_servers_of_others): 200 GET http://10.180.1.21/compute/v2.1/servers/9bc559ae-f1f5-4416-9bb3-d0c8292f002a 3.379s
2025-11-21 01:50:12.145 66036 INFO tempest.common.waiters [-] State transition "ACTIVE/deleting" ==> "DELETED/None" after 5 second wait
2025-11-21 01:50:12.182 66064 INFO tempest.lib.common.rest_client [req-e21017e6-ea00-453a-9956-095ec7751e09 req-e21017e6-ea00-453a-9956-095ec7751e09 ] Request (KeyPairsV210TestJSON:tearDownClass): 204 DELETE http://10.180.1.21/identity/v3/projects/95d7a6f17d984cd581c7f2d29744dff8 0.117s
2025-11-21 01:50:12.182 66064 INFO tempest.lib.common.dynamic_creds [-] Deleting project and security group for project: ef8c337cb0a746dfab0fa089fb28cd09
2025-11-21 01:50:12.245 66043 INFO tempest.lib.common.rest_client [req-c527b8f4-9543-4a9f-9cdc-46e73fc8f52a req-c527b8f4-9543-4a9f-9cdc-46e73fc8f52a ] Request (ImagesTestJSON:test_create_image_from_stopped_server): 200 GET http://10.180.1.21/compute/v2.1/servers/1e0b4763-f5d2-47ad-8354-17d3a9b2a726 3.707s
2025-11-21 01:50:12.253 66043 INFO tempest.common.waiters [-] State transition "BUILD/None" ==> "BUILD/spawning" after 5 second wait
2025-11-21 01:50:12.375 66064 INFO tempest.lib.common.rest_client [req-dc6dcee9-0279-4a3d-8c31-e57a9b1b473c req-dc6dcee9-0279-4a3d-8c31-e57a9b1b473c ] Request (KeyPairsV210TestJSON:tearDownClass): 200 GET http://10.180.1.21/networking/v2.0/security-groups?tenant_id=ef8c337cb0a746dfab0fa089fb28cd09&name=default 0.193s
2025-11-21 01:50:12.441 66062 INFO tempest.lib.common.rest_client [req-9fc06320-781b-4a2e-bf60-7f8380ee5629 req-9fc06320-781b-4a2e-bf60-7f8380ee5629 ] Request (VolumesAdminNegativeTest:test_update_attached_volume_with_nonexistent_volume_in_uri): 200 GET http://10.180.1.21/compute/v2.1/servers/c0fb7dd7-d108-4d73-9432-c5be6c7435b2 3.558s
2025-11-21 01:50:12.452 66062 INFO tempest.common.waiters [-] State transition "BUILD/spawning" ==> "ACTIVE/None" after 19 second wait
2025-11-21 01:50:12.519 66090 INFO tempest.lib.common.rest_client [req-79a67c29-0d3c-48a8-a9af-b12c43b9a182 req-79a67c29-0d3c-48a8-a9af-b12c43b9a182 ] Request (ImagesOneServerNegativeTestJSON:setUp): 200 GET http://10.180.1.21/compute/v2.1/servers/d818b6d4-391c-4911-a267-c42aae775098 3.521s
2025-11-21 01:50:12.521 66064 INFO tempest.lib.common.rest_client [req-ffc8ea13-4c70-4691-8599-6f749f3979e3 req-ffc8ea13-4c70-4691-8599-6f749f3979e3 ] Request (KeyPairsV210TestJSON:tearDownClass): 204 DELETE http://10.180.1.21/networking/v2.0/security-groups/2239f016-acb6-423b-8e2b-fab998442e30 0.145s
2025-11-21 01:50:12.534 66028 INFO tempest.lib.common.rest_client [req-f33bea8f-4198-4bfd-9123-20344ad515e8 req-f33bea8f-4198-4bfd-9123-20344ad515e8 ] Request (ServersAdminNegativeTestJSON:setUpClass): 200 GET http://10.180.1.21/compute/v2.1/servers/0a73e46d-f5ac-41c6-8c54-f5441f343a7d 3.513s
2025-11-21 01:50:12.542 66028 INFO tempest.common.waiters [-] State transition "BUILD/None" ==> "BUILD/networking" after 4 second wait
2025-11-21 01:50:12.546 66086 INFO tempest.lib.common.rest_client [req-79359286-568b-401a-8469-93ac368639a3 req-79359286-568b-401a-8469-93ac368639a3 ] Request (TenantUsagesTestJSON:test_get_usage_tenant_with_non_admin_user): 200 GET http://10.180.1.21/compute/v2.1/os-simple-tenant-usage/3a136dda2d73430d93ca6844b98adf7d?start=2025-11-20T01%3A50%3A06.104357&end=2025-11-22T01%3A50%3A06.104357 3.318s
2025-11-21 01:50:12.557 66048 INFO tempest.lib.common.rest_client [req-71a8dda2-a990-4c4f-9d0d-78dae7f164ff req-71a8dda2-a990-4c4f-9d0d-78dae7f164ff ] Request (HostsAdminNegativeTestJSON:test_shutdown_host_with_non_admin_user): 403 GET http://10.180.1.21/compute/v2.1/os-hosts/devstack/shutdown 2.692s
2025-11-21 01:50:12.563 66038 INFO tempest.lib.common.rest_client [req-afa2f26b-7a53-4c15-9357-5a96ab0491d5 req-afa2f26b-7a53-4c15-9357-5a96ab0491d5 ] Request (HypervisorAdminNegativeTestJSON:test_get_nonexistent_hypervisor_uptime): 404 GET http://10.180.1.21/compute/v2.1/os-hypervisors/5a4c5057-6500-4623-a152-8762617d5765/uptime 2.691s
2025-11-21 01:50:12.618 66068 INFO tempest.lib.common.rest_client [req-a37217d8-ed34-4f9e-87cf-f1808ade6c0f req-a37217d8-ed34-4f9e-87cf-f1808ade6c0f ] Request (AttachInterfacesUnderV243Test:test_add_remove_fixed_ip): 200 GET http://10.180.1.21/compute/v2.1/servers/061d0a51-8aff-4fbc-b6f6-788c95e25cb6 2.746s
2025-11-21 01:50:12.676 66064 INFO tempest.lib.common.rest_client [req-5c4e4b4b-60f3-4ba1-8ed6-b24ae0adb072 req-5c4e4b4b-60f3-4ba1-8ed6-b24ae0adb072 ] Request (KeyPairsV210TestJSON:tearDownClass): 204 DELETE http://10.180.1.21/identity/v3/projects/ef8c337cb0a746dfab0fa089fb28cd09 0.155s
2025-11-21 01:50:12.677 66064 INFO tempest.test [-] raised in SpiceDirectConsoleTestJSON.setUpClass. Invoking tearDownClass.
2025-11-21 01:50:12.699 66034 INFO tempest.lib.common.rest_client [req-c6a75f1d-cb06-410d-9a49-857ded63420d req-c6a75f1d-cb06-410d-9a49-857ded63420d ] Request (ServerRescueTestJSON:setUpClass): 200 POST http://10.180.1.21/compute/v2.1/servers/66fe4863-3cd9-4a24-bb2e-867cf1a1b83c/action 2.490s
2025-11-21 01:50:12.779 66064 INFO tempest.lib.common.rest_client [req-d1997538-b975-46f2-8ef5-df0f3a2d14eb req-d1997538-b975-46f2-8ef5-df0f3a2d14eb ] Request (KeyPairsV2TestJSON:setUpClass): 201 POST http://10.180.1.21/identity/v3/auth/tokens 0.100s
2025-11-21 01:50:12.780 66080 INFO tempest.lib.common.rest_client [req-ae0473da-b07e-430d-8b2a-363d859afec2 req-ae0473da-b07e-430d-8b2a-363d859afec2 ] Request (ServerDiagnosticsNegativeTest:tearDownClass): 204 DELETE http://10.180.1.21/compute/v2.1/servers/160e5116-e880-4ae9-b243-d8b1f7ce343b 2.506s
2025-11-21 01:50:12.826 66064 INFO tempest.lib.common.rest_client [req-52056fdf-f2d8-4267-ac56-6b53c0c90af4 req-52056fdf-f2d8-4267-ac56-6b53c0c90af4 ] Request (KeyPairsV2TestJSON:setUpClass): 201 POST http://10.180.1.21/identity/v3/auth/tokens 0.040s
2025-11-21 01:50:12.843 66085 INFO tempest.lib.common.rest_client [req-c107d042-3cb3-41eb-a5b7-d2e63bde893b req-c107d042-3cb3-41eb-a5b7-d2e63bde893b ] Request (QuotasAdminNegativeTest:test_create_server_when_memory_quota_is_full): 200 GET http://10.180.1.21/compute/v2.1/os-quota-sets/69cbb480100e48c1b3f99336dc2cdca9 2.105s
2025-11-21 01:50:12.864 66064 INFO tempest.lib.common.rest_client [req-93831cd3-575b-46d8-8308-25b894234acf req-93831cd3-575b-46d8-8308-25b894234acf ] Request (KeyPairsV2TestJSON:setUpClass): 200 GET http://10.180.1.21/identity/v3/domains?name=Default 0.037s
2025-11-21 01:50:12.911 66062 INFO tempest.lib.common.rest_client [req-9a0a3595-b784-40ee-b2e0-638d384ef321 req-9a0a3595-b784-40ee-b2e0-638d384ef321 ] Request (VolumesAdminNegativeTest:test_update_attached_volume_with_nonexistent_volume_in_uri): 202 POST http://10.180.1.21/volume/v3/volumes 0.458s
2025-11-21 01:50:12.912 66064 INFO tempest.lib.common.rest_client [req-48d6820b-3fb8-487e-a2ca-cfa7fdb014b1 req-48d6820b-3fb8-487e-a2ca-cfa7fdb014b1 ] Request (KeyPairsV2TestJSON:setUpClass): 201 POST http://10.180.1.21/identity/v3/projects 0.047s
2025-11-21 01:50:12.950 66066 INFO tempest.lib.common.rest_client [req-da4ddcf4-e7ca-44d1-9661-7c5cb83215bf req-da4ddcf4-e7ca-44d1-9661-7c5cb83215bf ] Request (FloatingIPsTestJSON:test_delete_floating_ip): 404 GET http://10.180.1.21/compute/v2.1/os-floating-ips/55e98a0a-d8a0-48f4-9739-33c61849264d 2.073s
2025-11-21 01:50:12.964 66070 INFO tempest.lib.common.rest_client [req-a4998684-0087-4a3f-9b22-4b5a60360439 req-a4998684-0087-4a3f-9b22-4b5a60360439 ] Request (FlavorsAccessNegativeTestJSON:test_flavor_access_list_with_public_flavor): 404 GET http://10.180.1.21/compute/v2.1/flavors/592075200/os-flavor-access 1.846s
2025-11-21 01:50:12.989 66052 INFO tempest.lib.common.rest_client [req-09d8ee44-75a2-4091-902e-540bc62a26c1 req-09d8ee44-75a2-4091-902e-540bc62a26c1 ] Request (ServersWithSpecificFlavorTestJSON:test_verify_created_server_ephemeral_disk): 200 POST http://10.180.1.21/compute/v2.1/flavors/541507376/os-extra_specs 1.854s
2025-11-21 01:50:12.991 66040 INFO tempest.lib.common.rest_client [req-f257bb8b-973d-4f1e-90b5-fe641ffec071 req-f257bb8b-973d-4f1e-90b5-fe641ffec071 ] Request (VolumesAssistedSnapshotsTest:test_volume_assisted_snapshot_create_delete): 200 GET http://10.180.1.21/compute/v2.1/servers/df12d483-63ce-44fe-a57c-97e068cdd54d 2.128s
2025-11-21 01:50:13.018 66064 INFO tempest.lib.common.rest_client [req-043d0f6a-6be9-4400-842b-3de3405b72ab req-043d0f6a-6be9-4400-842b-3de3405b72ab ] Request (KeyPairsV2TestJSON:setUpClass): 201 POST http://10.180.1.21/identity/v3/users 0.105s
2025-11-21 01:50:13.023 66032 INFO tempest.lib.common.rest_client [req-5af6d4be-f0d7-4b02-ab2c-c53d0a7cd2c6 req-5af6d4be-f0d7-4b02-ab2c-c53d0a7cd2c6 ] Request (FlavorsV261TestJSON:_run_cleanups): 200 GET http://10.180.1.21/compute/v2.1/flavors/detail 1.876s
2025-11-21 01:50:13.049 66064 INFO tempest.lib.common.rest_client [req-410ae2d6-fda3-4644-b37b-9457c0424e3e req-410ae2d6-fda3-4644-b37b-9457c0424e3e ] Request (KeyPairsV2TestJSON:setUpClass): 200 GET http://10.180.1.21/identity/v3/roles 0.031s
2025-11-21 01:50:13.090 66064 INFO tempest.lib.common.rest_client [req-b04c0490-c34d-44b5-834d-1351c33bc332 req-b04c0490-c34d-44b5-834d-1351c33bc332 ] Request (KeyPairsV2TestJSON:setUpClass): 204 PUT http://10.180.1.21/identity/v3/projects/c3eee748c6504fbe96faa89132e9be27/users/1c4e97ebb2114cde8be963145276059a/roles/9e2ca452ae2c4a8b9ca14ed8e681c5c9 0.040s
2025-11-21 01:50:13.090 66064 INFO tempest.lib.common.dynamic_creds [-] Dynamic test user 1c4e97ebb2114cde8be963145276059a is created with scope project and roles: ['member']
2025-11-21 01:50:13.090 66064 INFO tempest.lib.common.dynamic_creds [-] Acquired dynamic creds: credentials: Credentials: {'domain_id': 'default', 'domain_name': 'Default', 'username': 'tempest-KeyPairsV2TestJSON-1210567115-project-member', 'project_domain_id': 'default', 'project_domain_name': 'Default', 'project_id': 'c3eee748c6504fbe96faa89132e9be27', 'project_name': 'tempest-KeyPairsV2TestJSON-1210567115', 'tenant_id': 'c3eee748c6504fbe96faa89132e9be27', 'tenant_name': 'tempest-KeyPairsV2TestJSON-1210567115', 'user_domain_id': 'default', 'user_domain_name': 'Default', 'user_id': '1c4e97ebb2114cde8be963145276059a', 'system': None}, Network: None, Subnet: None, Router: None
2025-11-21 01:50:13.090 66064 INFO tempest.lib.common.dynamic_creds [-] Created isolated network resources for: credentials: Credentials: {'domain_id': 'default', 'domain_name': 'Default', 'username': 'tempest-KeyPairsV2TestJSON-1210567115-project-member', 'project_domain_id': 'default', 'project_domain_name': 'Default', 'project_id': 'c3eee748c6504fbe96faa89132e9be27', 'project_name': 'tempest-KeyPairsV2TestJSON-1210567115', 'tenant_id': 'c3eee748c6504fbe96faa89132e9be27', 'tenant_name': 'tempest-KeyPairsV2TestJSON-1210567115', 'user_domain_id': 'default', 'user_domain_name': 'Default', 'user_id': '1c4e97ebb2114cde8be963145276059a', 'system': None}, Network: None, Subnet: None, Router: None
2025-11-21 01:50:13.099 66089 INFO tempest.lib.common.rest_client [req-c5bb554d-8ff0-4ad4-b56e-e9adfca2ad21 req-c5bb554d-8ff0-4ad4-b56e-e9adfca2ad21 ] Request (SecurityGroupsNegativeTestJSON:test_delete_the_default_security_group): 400 DELETE http://10.180.1.21/compute/v2.1/os-security-groups/2af7636c-77f1-46bf-9aee-e30bc771c375 1.963s
2025-11-21 01:50:13.113 66062 INFO tempest.lib.common.rest_client [req-7cf6975b-3510-451d-8d28-8f0db482af5f req-7cf6975b-3510-451d-8d28-8f0db482af5f ] Request (VolumesAdminNegativeTest:test_update_attached_volume_with_nonexistent_volume_in_uri): 200 GET http://10.180.1.21/volume/v3/volumes/1dca3aa5-00f2-4734-b175-b25960f31440 0.195s
2025-11-21 01:50:13.191 66032 INFO tempest.lib.common.rest_client [req-26f9a305-c15f-4766-a62e-0b52181bcbc3 req-26f9a305-c15f-4766-a62e-0b52181bcbc3 ] Request (FlavorsV261TestJSON:tearDownClass): 204 DELETE http://10.180.1.21/identity/v3/users/061d65711eec49649839893bd25b4511 0.160s
2025-11-21 01:50:13.201 66064 INFO tempest.lib.common.rest_client [req-f119d575-a729-4481-8e8b-fa2c322d599c req-f119d575-a729-4481-8e8b-fa2c322d599c ] Request (KeyPairsV2TestJSON:setUpClass): 201 POST http://10.180.1.21/identity/v3/auth/tokens 0.107s
2025-11-21 01:50:13.310 66044 INFO tempest.lib.common.rest_client [req-22fe42fd-9b71-489f-aed5-7440254b8777 req-22fe42fd-9b71-489f-aed5-7440254b8777 ] Request (ServersTestJSON:setUpClass): 200 GET http://10.180.1.21/compute/v2.1/servers/ef4543c6-4341-4260-84ed-8a3e53eb43b7 2.078s
2025-11-21 01:50:13.323 66044 INFO tempest.common.waiters [-] State transition "BUILD/spawning" ==> "ACTIVE/None" after 13 second wait
