2025-11-21 22:36:45.157 67195 INFO tempest.lib.common.rest_client [req-ca5498db-c1fc-44c0-87b5-6aead9a152f0 req-ca5498db-c1fc-44c0-87b5-6aead9a152f0 ] Request (FlavorsV2TestJSON:test_list_flavors_filter_by_min_disk): 200 GET http://10.180.1.21/compute/v2.1/flavors?minDisk=2 2.246s
2025-11-21 22:36:45.221 67225 WARNING tempest.lib.common.ssh [-] Failed to establish authenticated ssh connection to cirros@10.180.180.254 ([Errno None] Unable to connect to port 22 on 10.180.180.254). Number attempts: 4. Retry after 5 seconds.: paramiko.ssh_exception.NoValidConnectionsError: [Errno None] Unable to connect to port 22 on 10.180.180.254
2025-11-21 22:36:45.313 67207 INFO tempest.lib.common.rest_client [req-2b379523-09ba-48a8-8134-c385a1414f03 req-2b379523-09ba-48a8-8134-c385a1414f03 ] Request (SecurityGroupsTestJSON:test_security_group_create_get_delete): 200 POST http://10.180.1.21/compute/v2.1/os-security-groups 2.397s
2025-11-21 22:36:45.500 67216 INFO tempest.lib.common.rest_client [req-3b379ca6-3e6e-4daf-8978-2ae3f4b2ed05 req-3b379ca6-3e6e-4daf-8978-2ae3f4b2ed05 ] Request (ServerActionsTestJSON:setUp): 200 GET http://10.180.1.21/compute/v2.1/servers/cf7193b4-6056-4c7a-a399-1aa2ee72a5f0 2.173s
2025-11-21 22:36:45.602 67233 INFO tempest.lib.common.rest_client [req-31c6d681-a732-4c77-b303-3707ae4fede5 req-31c6d681-a732-4c77-b303-3707ae4fede5 ] Request (ServersAdminNegativeTestJSON:setUpClass): 200 GET http://10.180.1.21/compute/v2.1/servers/ac19b60c-072a-4ee0-b0b3-7376827efc25 2.150s
2025-11-21 22:36:45.645 67237 INFO tempest.lib.common.rest_client [req-418edce5-4717-477e-8588-0c0b0965c078 req-418edce5-4717-477e-8588-0c0b0965c078 ] Request (SecurityGroupRulesTestJSON:test_security_group_rules_delete_when_peer_group_deleted): 200 GET http://10.180.1.21/compute/v2.1/os-security-groups/02335e4b-52f9-4b1f-8752-1efa38a6d256 2.161s
2025-11-21 22:36:45.666 67249 INFO tempest.lib.common.rest_client [req-e90c32b7-0cf0-437a-b0d2-db7a9ac14e18 req-e90c32b7-0cf0-437a-b0d2-db7a9ac14e18 ] Request (FloatingIPsAssociationNegativeTestJSON:_run_cleanups): 202 DELETE http://10.180.1.21/compute/v2.1/os-floating-ips/9aa8da1d-2989-4d5b-a3bf-2df73000bedc 2.778s
2025-11-21 22:36:45.710 67217 INFO tempest.lib.common.rest_client [req-7a13b813-13e6-45cd-8b90-e7ef55b778de req-7a13b813-13e6-45cd-8b90-e7ef55b778de ] Request (ServerActionsTestOtherB:setUpClass): 200 GET http://10.180.1.21/compute/v2.1/servers/8bd9cc28-9532-4d85-8a53-da2bea83a489 2.067s
2025-11-21 22:36:45.757 67251 INFO tempest.lib.common.rest_client [req-37fbf111-e9da-45f3-8be3-80b14a934ed4 req-37fbf111-e9da-45f3-8be3-80b14a934ed4 ] Request (ServersListShow2100Test:test_list_show_rebuild_update_server_2100): 200 GET http://10.180.1.21/compute/v2.1/servers/99415842-fd71-490d-8a71-bff7b9e8dd81 2.082s
2025-11-21 22:36:45.769 67251 INFO tempest.common.waiters [-] State transition "BUILD/None" ==> "BUILD/networking" after 22 second wait
2025-11-21 22:36:45.844 67221 INFO tempest.lib.common.rest_client [req-0b5adfab-1369-4f6b-83e1-4c20937d6991 req-0b5adfab-1369-4f6b-83e1-4c20937d6991 ] Request (DeleteServersAdminTestJSON:test_delete_server_while_in_error_state): 200 GET http://10.180.1.21/compute/v2.1/servers/0b482770-1aac-4eeb-92e3-362751e397e1 2.043s
2025-11-21 22:36:45.910 67203 INFO tempest.lib.common.rest_client [req-9bb57461-a254-4467-b27e-e632898f8874 req-9bb57461-a254-4467-b27e-e632898f8874 ] Request (DeleteServersTestJSON:test_delete_active_server): 200 GET http://10.180.1.21/compute/v2.1/servers/b22c1d92-5760-4729-a98d-9078c8c9ab2d 1.929s
2025-11-21 22:36:45.947 67239 INFO tempest.lib.common.rest_client [req-864d9c8d-bf75-4a89-bac1-e01bd6f74375 req-864d9c8d-bf75-4a89-bac1-e01bd6f74375 ] Request (KeyPairsV22TestJSON:test_keypairsv22_create_list_show): 201 POST http://10.180.1.21/compute/v2.1/os-keypairs 1.932s
2025-11-21 22:36:45.961 67227 INFO tempest.lib.common.rest_client [req-5c8afb26-5ae1-4229-b97f-a7bb19865fe3 req-5c8afb26-5ae1-4229-b97f-a7bb19865fe3 ] Request (FlavorsAdminTestJSON:test_is_public_string_variations): 200 GET http://10.180.1.21/compute/v2.1/flavors/detail?is_public=0 1.926s
2025-11-21 22:36:45.979 67205 INFO tempest.lib.common.rest_client [req-ab38599a-5a75-459c-8cc1-e92ea281afdc req-ab38599a-5a75-459c-8cc1-e92ea281afdc ] Request (ServerShowV247Test:test_show_server): 202 POST http://10.180.1.21/compute/v2.1/servers 2.167s
2025-11-21 22:36:46.033 67235 INFO tempest.lib.common.rest_client [req-7b3ce317-8e9d-4275-a4ca-47f68b2b3585 req-7b3ce317-8e9d-4275-a4ca-47f68b2b3585 ] Request (InstanceActionsTestJSON:tearDownClass): 200 GET http://10.180.1.21/compute/v2.1/servers/f32ca116-7f85-4a41-bb87-201b9dcc0cbb 1.976s
2025-11-21 22:36:46.115 67229 INFO tempest.lib.common.rest_client [req-47bf7a0d-0954-4dea-85e4-462339b5fe7b req-47bf7a0d-0954-4dea-85e4-462339b5fe7b ] Request (VolumesAdminNegativeTest:test_update_attached_volume_with_nonexistent_volume_in_uri): 200 GET http://10.180.1.21/compute/v2.1/servers/5a50926b-404a-46f7-adf0-ed8b5f818448 2.035s
2025-11-21 22:36:46.132 67211 INFO tempest.lib.common.rest_client [req-e1a0be7f-70cb-4c9d-9506-6b46140c40fc req-e1a0be7f-70cb-4c9d-9506-6b46140c40fc ] Request (ServerExternalEventsTest:tearDownClass): 200 GET http://10.180.1.21/compute/v2.1/servers/1094bb0d-fb41-4e5c-b0e8-90d260c01a34 1.971s
2025-11-21 22:36:46.268 67255 INFO tempest.lib.common.rest_client [req-138a0171-922a-4553-8375-2bcefe15f300 req-138a0171-922a-4553-8375-2bcefe15f300 ] Request (AggregatesAdminNegativeTestJSON:_run_cleanups): 200 POST http://10.180.1.21/compute/v2.1/os-aggregates/7/action 1.815s
2025-11-21 22:36:46.271 67245 INFO tempest.lib.common.rest_client [req-e3cc22d2-4e16-48de-9967-f4830a57f839 req-e3cc22d2-4e16-48de-9967-f4830a57f839 ] Request (SecurityGroupRulesNegativeTestJSON:test_create_security_group_rule_with_invalid_to_port): 200 POST http://10.180.1.21/compute/v2.1/os-security-groups 1.822s
2025-11-21 22:36:46.500 67197 INFO tempest.lib.common.rest_client [req-3b98e0c3-7e09-4fd9-bbd8-750d2e7794c5 req-3b98e0c3-7e09-4fd9-bbd8-750d2e7794c5 ] Request (ImagesMetadataTestJSON:setUp): 200 PUT http://10.180.1.21/compute/v2.1/images/a2d917af-5fce-46ae-a7cc-e8846495ff60/metadata 1.842s
2025-11-21 22:36:46.558 67257 INFO tempest.lib.common.rest_client [req-90fc1fe3-25a3-4511-af57-430d6cdce986 req-90fc1fe3-25a3-4511-af57-430d6cdce986 ] Request (ServerAddressesTestJSON:setUpClass): 200 GET http://10.180.1.21/compute/v2.1/servers/9d931556-0d4b-44a6-9cb3-44e4db7d4092 1.829s
2025-11-21 22:36:46.604 67209 INFO tempest.lib.common.rest_client [req-21f86c7a-f4ba-4cb9-8836-30fa6a592372 req-21f86c7a-f4ba-4cb9-8836-30fa6a592372 ] Request (ImagesTestJSON:test_create_image_from_suspended_server): 202 POST http://10.180.1.21/compute/v2.1/servers 2.001s
2025-11-21 22:36:46.638 67231 INFO tempest.lib.common.rest_client [req-16a802e9-2562-4a44-a5dd-e1993db8e5f7 req-16a802e9-2562-4a44-a5dd-e1993db8e5f7 ] Request (ImagesOneServerNegativeTestJSON:_run_cleanups): 200 GET http://10.180.1.21/compute/v2.1/servers/3d33e99a-11b4-4752-b403-271b988375c3 1.636s
2025-11-21 22:36:46.651 67231 INFO tempest.common.waiters [-] State transition "ACTIVE/deleting" ==> "DELETED/None" after 2 second wait
2025-11-21 22:36:46.828 67247 INFO tempest.lib.common.rest_client [req-aa192dee-b81e-48c2-93e1-65e7114e6e4e req-aa192dee-b81e-48c2-93e1-65e7114e6e4e ] Request (FloatingIPsAssociationTestJSON:test_associate_already_associated_floating_ip): 200 GET http://10.180.1.21/compute/v2.1/servers/51ed60b4-ed04-4e05-bd06-af7bedbf165d 1.700s
2025-11-21 22:36:46.842 67195 INFO tempest.lib.common.rest_client [req-92817df2-9441-47a6-ae35-e6880f8c2b5f req-92817df2-9441-47a6-ae35-e6880f8c2b5f ] Request (FlavorsV2TestJSON:test_list_flavors_filter_by_min_ram): 200 GET http://10.180.1.21/compute/v2.1/flavors/42 1.679s
2025-11-21 22:36:46.932 67207 INFO tempest.lib.common.rest_client [req-69a7490b-1a70-456f-939d-8f93f2afe9f7 req-69a7490b-1a70-456f-939d-8f93f2afe9f7 ] Request (SecurityGroupsTestJSON:test_security_group_create_get_delete): 200 GET http://10.180.1.21/compute/v2.1/os-security-groups/0a3ffc36-0869-4e25-93b6-70d94b3e3053 1.615s
2025-11-21 22:36:47.001 67216 INFO tempest.lib.common.rest_client [req-cad9541b-d8dc-4387-a33f-52e170f28ef9 req-cad9541b-d8dc-4387-a33f-52e170f28ef9 ] Request (ServerActionsTestJSON:test_lock_unlock_server): 202 POST http://10.180.1.21/compute/v2.1/servers/cf7193b4-6056-4c7a-a399-1aa2ee72a5f0/action 1.490s
2025-11-21 22:36:47.095 67199 INFO tempest.lib.common.rest_client [req-7d83b6e5-9b56-4ae9-828d-12c2b06f1551 req-7d83b6e5-9b56-4ae9-828d-12c2b06f1551 ] Request (ServerActionsTestOtherA:setUpClass): 202 POST http://10.180.1.21/compute/v2.1/servers 2.046s
2025-11-21 22:36:47.205 67243 INFO tempest.lib.common.rest_client [req-cbde5fbe-7f2c-4422-a803-8fee3c0653df req-cbde5fbe-7f2c-4422-a803-8fee3c0653df ] Request (ServerDiskConfigTestJSON:test_rebuild_server_with_auto_disk_config): 200 GET http://10.180.1.21/compute/v2.1/servers/ace2ee09-f113-40db-b5f1-93cc36d8c030 1.576s
2025-11-21 22:36:47.214 67249 INFO tempest.lib.common.rest_client [req-f00aef43-27ae-4348-b2c4-4eaae88ca76c req-f00aef43-27ae-4348-b2c4-4eaae88ca76c ] Request (FloatingIPsAssociationNegativeTestJSON:test_associate_ip_to_server_without_passing_floating_ip): 400 POST http://10.180.1.21/compute/v2.1/servers/ef828a8b-286f-4612-85a3-244aedff1ec1/action 1.546s
2025-11-21 22:36:47.247 67237 INFO tempest.lib.common.rest_client [req-a03c4c3f-43a8-43f8-ba1a-46b6f3ecd08c req-a03c4c3f-43a8-43f8-ba1a-46b6f3ecd08c ] Request (SecurityGroupRulesTestJSON:test_security_group_rules_list): 200 POST http://10.180.1.21/compute/v2.1/os-security-groups 1.596s
2025-11-21 22:36:47.263 67239 INFO tempest.lib.common.rest_client [req-a8b33616-caec-427c-a794-a330f5d1663f req-a8b33616-caec-427c-a794-a330f5d1663f ] Request (KeyPairsV22TestJSON:test_keypairsv22_create_list_show): 200 GET http://10.180.1.21/compute/v2.1/os-keypairs/tempest-keypair-850216192 1.312s
2025-11-21 22:36:47.296 67227 INFO tempest.lib.common.rest_client [req-552578c5-ce2a-482e-be4f-3bd8393552e3 req-552578c5-ce2a-482e-be4f-3bd8393552e3 ] Request (FlavorsAdminTestJSON:test_is_public_string_variations): 200 GET http://10.180.1.21/compute/v2.1/flavors/detail?is_public=t 1.331s
2025-11-21 22:36:47.334 67221 INFO tempest.lib.common.rest_client [req-8aa09cb7-4e1f-444e-8ba3-e735dcb9459e req-8aa09cb7-4e1f-444e-8ba3-e735dcb9459e ] Request (DeleteServersAdminTestJSON:test_delete_server_while_in_error_state): 204 DELETE http://10.180.1.21/compute/v2.1/servers/0b482770-1aac-4eeb-92e3-362751e397e1 1.482s
2025-11-21 22:36:47.398 67205 INFO tempest.lib.common.rest_client [req-f6696037-e302-43c2-ad0b-80a5fb2e034e req-f6696037-e302-43c2-ad0b-80a5fb2e034e ] Request (ServerShowV247Test:test_show_server): 200 GET http://10.180.1.21/compute/v2.1/servers/e2bcb492-f484-4df3-bab5-43e77bada5a2 1.417s
2025-11-21 22:36:47.410 67253 INFO tempest.lib.common.rest_client [req-2a0195db-38fc-4596-943c-a1102ece58a5 req-2a0195db-38fc-4596-943c-a1102ece58a5 ] Request (ServersAdmin275Test:tearDownClass): 200 GET http://10.180.1.21/compute/v2.1/servers/f2bd4c38-2dd4-4f1b-94c0-75095095a37d 1.313s
2025-11-21 22:36:47.432 67255 INFO tempest.lib.common.rest_client [req-f51149ae-fbc9-45c4-8349-53ffc9adc8ee req-f51149ae-fbc9-45c4-8349-53ffc9adc8ee ] Request (AggregatesAdminNegativeTestJSON:_run_cleanups): 200 DELETE http://10.180.1.21/compute/v2.1/os-aggregates/7 1.161s
2025-11-21 22:36:47.460 67205 INFO tempest.lib.common.rest_client [req-68bd4cbb-2aa5-4b3f-b8d5-7e1de258a131 req-68bd4cbb-2aa5-4b3f-b8d5-7e1de258a131 ] Request (ServerShowV247Test:test_update_rebuild_list_server): 201 POST http://10.180.1.21/identity/v3/auth/tokens 0.048s
2025-11-21 22:36:47.461 67205 INFO tempest.lib.common.fixed_network [-] (ServerShowV247Test:test_update_rebuild_list_server) Found network None available for tenant
2025-11-21 22:36:47.473 67245 INFO tempest.lib.common.rest_client [req-e0e3d1e2-dc96-4094-bc1e-d5ca79b872fe req-e0e3d1e2-dc96-4094-bc1e-d5ca79b872fe ] Request (SecurityGroupRulesNegativeTestJSON:test_create_security_group_rule_with_invalid_to_port): 400 POST http://10.180.1.21/compute/v2.1/os-security-group-rules 1.199s
2025-11-21 22:36:47.517 67223 INFO tempest.lib.common.rest_client [req-c1daa070-96df-419a-9da8-6504136a79eb req-c1daa070-96df-419a-9da8-6504136a79eb ] Request (MigrationsAdminTest:test_list_migrations_in_flavor_resize_situation): 200 GET http://10.180.1.21/compute/v2.1/servers/ee1029a1-ead8-4dda-a025-dd6812127c63 1.382s
2025-11-21 22:36:47.525 67223 INFO tempest.common.waiters [-] State transition "RESIZE/resize_migrated" ==> "RESIZE/resize_finish" after 41 second wait
2025-11-21 22:36:47.586 67209 INFO tempest.lib.common.rest_client [req-c921237e-5431-4fd9-a430-752215ceca6f req-c921237e-5431-4fd9-a430-752215ceca6f ] Request (ImagesTestJSON:test_create_image_from_suspended_server): 200 GET http://10.180.1.21/compute/v2.1/servers/022fed05-75c9-4c54-9118-89e78739a7fe 0.980s
2025-11-21 22:36:47.631 67197 INFO tempest.lib.common.rest_client [req-2c109ca5-bcdc-40ba-b610-f96d00e8712f req-2c109ca5-bcdc-40ba-b610-f96d00e8712f ] Request (ImagesMetadataTestJSON:test_delete_image_metadata_item): 204 DELETE http://10.180.1.21/compute/v2.1/images/a2d917af-5fce-46ae-a7cc-e8846495ff60/metadata/os_version 1.129s
2025-11-21 22:36:47.689 67217 INFO tempest.lib.common.rest_client [req-6ca5557d-8c5f-4f46-a771-ba15fce8b908 req-6ca5557d-8c5f-4f46-a771-ba15fce8b908 ] Request (ServerActionsTestOtherB:setUpClass): 200 GET http://10.180.1.21/compute/v2.1/servers/8bd9cc28-9532-4d85-8a53-da2bea83a489 0.966s
2025-11-21 22:36:47.708 67233 INFO tempest.lib.common.rest_client [req-36fef630-e55a-45d1-87fb-f07f7fa4dc5b req-36fef630-e55a-45d1-87fb-f07f7fa4dc5b ] Request (ServersAdminNegativeTestJSON:setUpClass): 200 GET http://10.180.1.21/compute/v2.1/servers/ac19b60c-072a-4ee0-b0b3-7376827efc25 1.097s
2025-11-21 22:36:47.720 67233 INFO tempest.common.waiters [-] State transition "BUILD/spawning" ==> "ACTIVE/None" after 32 second wait
2025-11-21 22:36:47.744 67195 INFO tempest.lib.common.rest_client [req-c2521398-d48f-45e2-b5e1-638c1f798d78 req-c2521398-d48f-45e2-b5e1-638c1f798d78 ] Request (FlavorsV2TestJSON:test_list_flavors_filter_by_min_ram): 200 GET http://10.180.1.21/compute/v2.1/flavors?minRam=193 0.898s
2025-11-21 22:36:47.765 67251 INFO tempest.lib.common.rest_client [req-6a872f40-3fff-4390-b33f-4faa294d0785 req-6a872f40-3fff-4390-b33f-4faa294d0785 ] Request (ServersListShow2100Test:test_list_show_rebuild_update_server_2100): 200 GET http://10.180.1.21/compute/v2.1/servers/99415842-fd71-490d-8a71-bff7b9e8dd81 0.994s
2025-11-21 22:36:47.777 67251 INFO tempest.common.waiters [-] State transition "BUILD/networking" ==> "BUILD/spawning" after 24 second wait
2025-11-21 22:36:47.824 67203 INFO tempest.lib.common.rest_client [req-2bba0334-1785-4d9c-bfe1-cfacdf9ef390 req-2bba0334-1785-4d9c-bfe1-cfacdf9ef390 ] Request (DeleteServersTestJSON:test_delete_active_server): 200 GET http://10.180.1.21/compute/v2.1/servers/b22c1d92-5760-4729-a98d-9078c8c9ab2d 0.905s
2025-11-21 22:36:47.924 67207 INFO tempest.lib.common.rest_client [req-c83e1a3f-fcce-40b8-b90e-d0959f64b552 req-c83e1a3f-fcce-40b8-b90e-d0959f64b552 ] Request (SecurityGroupsTestJSON:test_security_group_create_get_delete): 202 DELETE http://10.180.1.21/compute/v2.1/os-security-groups/0a3ffc36-0869-4e25-93b6-70d94b3e3053 0.989s
2025-11-21 22:36:47.940 67216 INFO tempest.lib.common.rest_client [req-db8ca59e-4b5e-4179-ad5b-94c538d05c59 req-db8ca59e-4b5e-4179-ad5b-94c538d05c59 ] Request (ServerActionsTestJSON:test_lock_unlock_server): 200 GET http://10.180.1.21/compute/v2.1/servers/cf7193b4-6056-4c7a-a399-1aa2ee72a5f0 0.939s
2025-11-21 22:36:47.942 67235 INFO tempest.lib.common.rest_client [req-947f6090-c0e5-46fd-b797-e84723b68313 req-947f6090-c0e5-46fd-b797-e84723b68313 ] Request (InstanceActionsTestJSON:tearDownClass): 404 GET http://10.180.1.21/compute/v2.1/servers/f32ca116-7f85-4a41-bb87-201b9dcc0cbb 0.899s
2025-11-21 22:36:47.987 67199 INFO tempest.lib.common.rest_client [req-daaf88cf-ec7b-4d25-aace-f0d82ac7efcc req-daaf88cf-ec7b-4d25-aace-f0d82ac7efcc ] Request (ServerActionsTestOtherA:setUpClass): 200 GET http://10.180.1.21/compute/v2.1/servers/4a2f1d9a-0bfd-42c0-8b6c-540f3b798e86 0.890s
2025-11-21 22:36:48.050 67229 INFO tempest.lib.common.rest_client [req-8c356776-991b-4d9d-b4e9-43ea07a517f7 req-8c356776-991b-4d9d-b4e9-43ea07a517f7 ] Request (VolumesAdminNegativeTest:test_update_attached_volume_with_nonexistent_volume_in_uri): 200 GET http://10.180.1.21/compute/v2.1/servers/5a50926b-404a-46f7-adf0-ed8b5f818448 0.927s
2025-11-21 22:36:48.059 67211 INFO tempest.lib.common.rest_client [req-c8013fb0-0be9-46f8-b3be-90fa5818cb3b req-c8013fb0-0be9-46f8-b3be-90fa5818cb3b ] Request (ServerExternalEventsTest:tearDownClass): 200 GET http://10.180.1.21/compute/v2.1/servers/1094bb0d-fb41-4e5c-b0e8-90d260c01a34 0.918s
2025-11-21 22:36:48.268 67237 INFO tempest.lib.common.rest_client [req-b3619a76-b7a8-41ba-8583-2be07d180e22 req-b3619a76-b7a8-41ba-8583-2be07d180e22 ] Request (SecurityGroupRulesTestJSON:test_security_group_rules_list): 200 POST http://10.180.1.21/compute/v2.1/os-security-group-rules 1.018s
2025-11-21 22:36:48.286 67239 INFO tempest.lib.common.rest_client [req-b4c8cab3-c39f-49eb-8092-9e936827d5d8 req-b4c8cab3-c39f-49eb-8092-9e936827d5d8 ] Request (KeyPairsV22TestJSON:test_keypairsv22_create_list_show): 200 GET http://10.180.1.21/compute/v2.1/os-keypairs 1.019s
2025-11-21 22:36:48.294 67249 INFO tempest.lib.common.rest_client [req-ef48e9d0-a09b-4ba3-9772-7750a4faa8c2 req-ef48e9d0-a09b-4ba3-9772-7750a4faa8c2 ] Request (FloatingIPsAssociationNegativeTestJSON:test_associate_nonexistent_floating_ip): 404 POST http://10.180.1.21/compute/v2.1/servers/ef828a8b-286f-4612-85a3-244aedff1ec1/action 1.078s
2025-11-21 22:36:48.316 67227 INFO tempest.lib.common.rest_client [req-a104508e-35f4-4bb4-9719-3673bd361dbb req-a104508e-35f4-4bb4-9719-3673bd361dbb ] Request (FlavorsAdminTestJSON:test_is_public_string_variations): 200 GET http://10.180.1.21/compute/v2.1/flavors/detail?is_public=true 1.011s
2025-11-21 22:36:48.346 67255 INFO tempest.lib.common.rest_client [req-e8c1a0e2-1a23-4340-94c9-ee2d326f3626 req-e8c1a0e2-1a23-4340-94c9-ee2d326f3626 ] Request (AggregatesAdminNegativeTestJSON:test_aggregate_remove_nonexistent_host): 200 POST http://10.180.1.21/compute/v2.1/os-aggregates 0.913s
2025-11-21 22:36:48.477 67221 INFO tempest.lib.common.rest_client [req-e6f8aae7-44e7-4982-bba3-d71d468e4ea1 req-e6f8aae7-44e7-4982-bba3-d71d468e4ea1 ] Request (DeleteServersAdminTestJSON:test_delete_server_while_in_error_state): 200 GET http://10.180.1.21/compute/v2.1/servers/0b482770-1aac-4eeb-92e3-362751e397e1 1.142s
2025-11-21 22:36:48.493 67205 INFO tempest.lib.common.rest_client [req-9be2b34f-d714-49b4-a6c5-881a5730229f req-9be2b34f-d714-49b4-a6c5-881a5730229f ] Request (ServerShowV247Test:test_update_rebuild_list_server): 202 POST http://10.180.1.21/compute/v2.1/servers 1.032s
2025-11-21 22:36:48.497 67245 INFO tempest.lib.common.rest_client [req-2c3c7bc3-3c27-446c-8bfa-bcdf136beff7 req-2c3c7bc3-3c27-446c-8bfa-bcdf136beff7 ] Request (SecurityGroupRulesNegativeTestJSON:test_create_security_group_rule_with_non_existent_id): 404 POST http://10.180.1.21/compute/v2.1/os-security-group-rules 1.023s
2025-11-21 22:36:48.535 67197 INFO tempest.lib.common.rest_client [req-2ac6396b-6e0b-4811-8122-690bae2d99a7 req-2ac6396b-6e0b-4811-8122-690bae2d99a7 ] Request (ImagesMetadataTestJSON:test_delete_image_metadata_item): 200 GET http://10.180.1.21/compute/v2.1/images/a2d917af-5fce-46ae-a7cc-e8846495ff60/metadata 0.903s
2025-11-21 22:36:48.572 67257 INFO tempest.lib.common.rest_client [req-b9eda5f0-2b02-43a3-9702-7b13d4ccb14f req-b9eda5f0-2b02-43a3-9702-7b13d4ccb14f ] Request (ServerAddressesTestJSON:setUpClass): 200 GET http://10.180.1.21/compute/v2.1/servers/9d931556-0d4b-44a6-9cb3-44e4db7d4092 1.005s
2025-11-21 22:36:48.643 67231 INFO tempest.lib.common.rest_client [req-64661232-bc2e-4016-925a-bf418466fbc4 req-64661232-bc2e-4016-925a-bf418466fbc4 ] Request (ImagesOneServerNegativeTestJSON:_run_cleanups): 200 GET http://10.180.1.21/compute/v2.1/servers/3d33e99a-11b4-4752-b403-271b988375c3 0.991s
2025-11-21 22:36:48.663 67195 INFO tempest.lib.common.rest_client [req-fca20148-3b66-4e33-9747-bf2b2ce66326 req-fca20148-3b66-4e33-9747-bf2b2ce66326 ] Request (FlavorsV2TestJSON:test_list_flavors_limit_results): 200 GET http://10.180.1.21/compute/v2.1/flavors?limit=1 0.915s
2025-11-21 22:36:48.676 67233 INFO tempest.lib.common.rest_client [req-45ddcdad-a888-47cf-ad8b-541834d2cccc req-45ddcdad-a888-47cf-ad8b-541834d2cccc ] Request (ServersAdminNegativeTestJSON:test_migrate_non_existent_server): 404 POST http://10.180.1.21/compute/v2.1/servers/4481f52d-2cdd-45b8-b482-5d5113e35c70/action 0.955s
2025-11-21 22:36:48.704 67207 INFO tempest.lib.common.rest_client [req-7109b355-b672-4964-bd6e-c0b714ad514f req-7109b355-b672-4964-bd6e-c0b714ad514f ] Request (SecurityGroupsTestJSON:test_security_group_create_get_delete): 404 GET http://10.180.1.21/compute/v2.1/os-security-groups/0a3ffc36-0869-4e25-93b6-70d94b3e3053 0.780s
2025-11-21 22:36:48.732 67216 INFO tempest.lib.common.rest_client [req-8e2ac2c6-7f94-4b85-a02c-9ac0928b6494 req-8e2ac2c6-7f94-4b85-a02c-9ac0928b6494 ] Request (ServerActionsTestJSON:test_lock_unlock_server): 409 POST http://10.180.1.21/compute/v2.1/servers/cf7193b4-6056-4c7a-a399-1aa2ee72a5f0/action 0.783s
2025-11-21 22:36:48.775 67233 INFO tempest.lib.common.rest_client [req-44b8717c-b6f0-4e68-8b10-031fbd679651 req-44b8717c-b6f0-4e68-8b10-031fbd679651 ] Request (ServersAdminNegativeTestJSON:test_migrate_server_invalid_state): 201 POST http://10.180.1.21/identity/v3/auth/tokens 0.094s
2025-11-21 22:36:48.775 67233 INFO tempest.lib.common.fixed_network [-] (ServersAdminNegativeTestJSON:test_migrate_server_invalid_state) Found network None available for tenant
2025-11-21 22:36:48.794 67247 INFO tempest.lib.common.rest_client [req-4dba8d3d-1f11-42e2-808d-ea9523241c21 req-4dba8d3d-1f11-42e2-808d-ea9523241c21 ] Request (FloatingIPsAssociationTestJSON:test_associate_already_associated_floating_ip): 200 GET http://10.180.1.21/compute/v2.1/servers/51ed60b4-ed04-4e05-bd06-af7bedbf165d 0.957s
2025-11-21 22:36:48.866 67235 INFO tempest.lib.common.rest_client [req-d3d1dac7-cd97-4dd2-a03c-f9c1d0557044 req-d3d1dac7-cd97-4dd2-a03c-f9c1d0557044 ] Request (InstanceActionsTestJSON:tearDownClass): 200 PUT http://10.180.1.21/networking/v2.0/routers/88de6fd0-66e3-49f6-b8bc-13c84b7edab1/remove_router_interface 0.924s
2025-11-21 22:36:48.875 67243 INFO tempest.lib.common.rest_client [req-92fbc387-51a1-47c8-8920-36fc8c34d067 req-92fbc387-51a1-47c8-8920-36fc8c34d067 ] Request (ServerDiskConfigTestJSON:test_rebuild_server_with_auto_disk_config): 200 GET http://10.180.1.21/compute/v2.1/servers/ace2ee09-f113-40db-b5f1-93cc36d8c030 0.659s
2025-11-21 22:36:48.896 67239 INFO tempest.lib.common.rest_client [req-308e0af8-e350-4e37-a81b-e891931f61de req-308e0af8-e350-4e37-a81b-e891931f61de ] Request (KeyPairsV22TestJSON:_run_cleanups): 204 DELETE http://10.180.1.21/compute/v2.1/os-keypairs/tempest-keypair-850216192 0.608s
2025-11-21 22:36:48.986 67237 INFO tempest.lib.common.rest_client [req-019c3722-0973-480f-9f2f-2210f92bb2fc req-019c3722-0973-480f-9f2f-2210f92bb2fc ] Request (SecurityGroupRulesTestJSON:test_security_group_rules_list): 200 POST http://10.180.1.21/compute/v2.1/os-security-group-rules 0.715s
2025-11-21 22:36:49.024 67227 INFO tempest.lib.common.rest_client [req-3fc3d465-c5af-4d86-ba7d-c0c1d33da233 req-3fc3d465-c5af-4d86-ba7d-c0c1d33da233 ] Request (FlavorsAdminTestJSON:test_is_public_string_variations): 200 GET http://10.180.1.21/compute/v2.1/flavors/detail?is_public=yes 0.701s
2025-11-21 22:36:49.040 67249 INFO tempest.lib.common.rest_client [req-179dcc1f-2528-41b6-845f-4204a666feab req-179dcc1f-2528-41b6-845f-4204a666feab ] Request (FloatingIPsAssociationNegativeTestJSON:test_dissociate_nonexistent_floating_ip): 404 POST http://10.180.1.21/compute/v2.1/servers/ef828a8b-286f-4612-85a3-244aedff1ec1/action 0.744s
2025-11-21 22:36:49.061 67255 INFO tempest.lib.common.rest_client [req-deff614e-9d2c-4576-93e2-c78b4443da17 req-deff614e-9d2c-4576-93e2-c78b4443da17 ] Request (AggregatesAdminNegativeTestJSON:test_aggregate_remove_nonexistent_host): 404 POST http://10.180.1.21/compute/v2.1/os-aggregates/8/action 0.712s
2025-11-21 22:36:49.098 67205 INFO tempest.lib.common.rest_client [req-79c2fb7e-c290-409b-8824-123e1d982c54 req-79c2fb7e-c290-409b-8824-123e1d982c54 ] Request (ServerShowV247Test:test_update_rebuild_list_server): 200 PUT http://10.180.1.21/compute/v2.1/servers/f5ebed34-3b00-471c-bb3d-7fe5b0527bf1 0.601s
2025-11-21 22:36:49.115 67245 INFO tempest.lib.common.rest_client [req-67d8ac08-9f30-41d8-b27b-c8a6fe43e482 req-67d8ac08-9f30-41d8-b27b-c8a6fe43e482 ] Request (SecurityGroupRulesNegativeTestJSON:test_delete_security_group_rule_with_non_existent_id): 404 DELETE http://10.180.1.21/compute/v2.1/os-security-group-rules/33ccf1db-ad4f-48fb-b93b-765b991c1d74 0.615s
2025-11-21 22:36:49.162 67253 INFO tempest.lib.common.rest_client [req-778d6c74-6772-4149-857e-c2581fd3d86f req-778d6c74-6772-4149-857e-c2581fd3d86f ] Request (ServersAdmin275Test:tearDownClass): 200 GET http://10.180.1.21/compute/v2.1/servers/f2bd4c38-2dd4-4f1b-94c0-75095095a37d 0.741s
2025-11-21 22:36:49.254 67201 WARNING tempest.lib.common.ssh [-] Failed to establish authenticated ssh connection to cirros@10.180.180.142 ([Errno None] Unable to connect to port 22 on 10.180.180.142). Number attempts: 3. Retry after 4 seconds.: paramiko.ssh_exception.NoValidConnectionsError: [Errno None] Unable to connect to port 22 on 10.180.180.142
2025-11-21 22:36:49.278 67223 INFO tempest.lib.common.rest_client [req-f3abb2bb-b491-452e-ae49-309824607d7a req-f3abb2bb-b491-452e-ae49-309824607d7a ] Request (MigrationsAdminTest:test_list_migrations_in_flavor_resize_situation): 200 GET http://10.180.1.21/compute/v2.1/servers/ee1029a1-ead8-4dda-a025-dd6812127c63 0.751s
2025-11-21 22:36:49.287 67223 INFO tempest.common.waiters [-] State transition "RESIZE/resize_finish" ==> "VERIFY_RESIZE/None" after 43 second wait
2025-11-21 22:36:49.333 67235 INFO tempest.lib.common.rest_client [req-181cf927-789e-4b42-ba4d-8909e363aa0c req-181cf927-789e-4b42-ba4d-8909e363aa0c ] Request (InstanceActionsTestJSON:tearDownClass): 204 DELETE http://10.180.1.21/networking/v2.0/routers/88de6fd0-66e3-49f6-b8bc-13c84b7edab1 0.466s
2025-11-21 22:36:49.353 67209 INFO tempest.lib.common.rest_client [req-f7f9098e-c6c2-4338-ad66-f7052252b846 req-f7f9098e-c6c2-4338-ad66-f7052252b846 ] Request (ImagesTestJSON:test_create_image_from_suspended_server): 200 GET http://10.180.1.21/compute/v2.1/servers/022fed05-75c9-4c54-9118-89e78739a7fe 0.756s
2025-11-21 22:36:49.366 67195 INFO tempest.lib.common.rest_client [req-09d61e2b-65e5-48e8-9618-712bbe05bce8 req-09d61e2b-65e5-48e8-9618-712bbe05bce8 ] Request (FlavorsV2TestJSON:test_list_flavors_using_marker): 200 GET http://10.180.1.21/compute/v2.1/flavors/42 0.700s
2025-11-21 22:36:49.367 67209 INFO tempest.common.waiters [-] State transition "BUILD/scheduling" ==> "BUILD/None" after 2 second wait
2025-11-21 22:36:49.381 67197 INFO tempest.lib.common.rest_client [req-94dd0f63-8e25-4325-8d8a-d918ea6aa0d1 req-94dd0f63-8e25-4325-8d8a-d918ea6aa0d1 ] Request (ImagesMetadataTestJSON:setUp): 200 PUT http://10.180.1.21/compute/v2.1/images/a2d917af-5fce-46ae-a7cc-e8846495ff60/metadata 0.844s
2025-11-21 22:36:49.475 67235 INFO tempest.lib.common.rest_client [req-c73a276c-aa94-404c-896c-d58f34794735 req-c73a276c-aa94-404c-896c-d58f34794735 ] Request (InstanceActionsTestJSON:tearDownClass): 204 DELETE http://10.180.1.21/networking/v2.0/subnets/1c3f655b-38b7-4dd9-920c-cfc15512d03f 0.141s
2025-11-21 22:36:49.500 67217 INFO tempest.lib.common.rest_client [req-56850ccc-f47b-4ca0-8aa9-308dcce42a4a req-56850ccc-f47b-4ca0-8aa9-308dcce42a4a ] Request (ServerActionsTestOtherB:setUpClass): 200 GET http://10.180.1.21/compute/v2.1/servers/8bd9cc28-9532-4d85-8a53-da2bea83a489 0.801s
2025-11-21 22:36:49.515 67207 INFO tempest.lib.common.rest_client [req-c11a1414-c123-4276-846a-237b3a99c4ff req-c11a1414-c123-4276-846a-237b3a99c4ff ] Request (SecurityGroupsTestJSON:test_security_groups_create_list_delete): 200 POST http://10.180.1.21/compute/v2.1/os-security-groups 0.808s
2025-11-21 22:36:49.614 67216 INFO tempest.lib.common.rest_client [req-bf28f1f9-d910-4c44-8170-d590af347b40 req-bf28f1f9-d910-4c44-8170-d590af347b40 ] Request (ServerActionsTestJSON:test_lock_unlock_server): 202 POST http://10.180.1.21/compute/v2.1/servers/cf7193b4-6056-4c7a-a399-1aa2ee72a5f0/action 0.881s
2025-11-21 22:36:49.772 67235 INFO tempest.lib.common.rest_client [req-17d5755d-8f03-4916-a844-74ff95b29cf9 req-17d5755d-8f03-4916-a844-74ff95b29cf9 ] Request (InstanceActionsTestJSON:tearDownClass): 204 DELETE http://10.180.1.21/networking/v2.0/networks/13411128-71da-4f42-980b-7faa366f4d43 0.297s
2025-11-21 22:36:49.829 67251 INFO tempest.lib.common.rest_client [req-61e926f9-8c77-4dd7-acdf-3a31b69d86a6 req-61e926f9-8c77-4dd7-acdf-3a31b69d86a6 ] Request (ServersListShow2100Test:test_list_show_rebuild_update_server_2100): 200 GET http://10.180.1.21/compute/v2.1/servers/99415842-fd71-490d-8a71-bff7b9e8dd81 1.051s
2025-11-21 22:36:49.830 67213 WARNING tempest.lib.common.ssh [-] Failed to establish authenticated ssh connection to cirros@10.180.180.227 ([Errno None] Unable to connect to port 22 on 10.180.180.227). Number attempts: 5. Retry after 6 seconds.: paramiko.ssh_exception.NoValidConnectionsError: [Errno None] Unable to connect to port 22 on 10.180.180.227
2025-11-21 22:36:49.886 67203 INFO tempest.lib.common.rest_client [req-a6a239bb-27da-49aa-9909-9f4ff5d4a5df req-a6a239bb-27da-49aa-9909-9f4ff5d4a5df ] Request (DeleteServersTestJSON:test_delete_active_server): 200 GET http://10.180.1.21/compute/v2.1/servers/b22c1d92-5760-4729-a98d-9078c8c9ab2d 1.053s
2025-11-21 22:36:49.936 67235 INFO tempest.lib.common.rest_client [req-d1d88924-e5d7-471d-ad25-a9ee09a44cd6 req-d1d88924-e5d7-471d-ad25-a9ee09a44cd6 ] Request (InstanceActionsTestJSON:tearDownClass): 204 DELETE http://10.180.1.21/identity/v3/users/61a2bfd9c81c4dd8ac94434df1ebeccb 0.163s
2025-11-21 22:36:49.936 67235 INFO tempest.lib.common.dynamic_creds [-] Deleting project and security group for project: b9203dca04554f278ec3f42c8ba0d682
2025-11-21 22:36:49.943 67233 INFO tempest.lib.common.rest_client [req-16baff4e-3b51-45a2-816d-ad0046e69176 req-16baff4e-3b51-45a2-816d-ad0046e69176 ] Request (ServersAdminNegativeTestJSON:test_migrate_server_invalid_state): 202 POST http://10.180.1.21/compute/v2.1/servers 1.168s
2025-11-21 22:36:49.974 67235 INFO tempest.lib.common.rest_client [req-e6245507-0c88-4770-ada6-b4491e55dbb2 req-e6245507-0c88-4770-ada6-b4491e55dbb2 ] Request (InstanceActionsTestJSON:tearDownClass): 200 GET http://10.180.1.21/networking/v2.0/security-groups?tenant_id=b9203dca04554f278ec3f42c8ba0d682&name=default 0.037s
2025-11-21 22:36:49.994 67237 INFO tempest.lib.common.rest_client [req-ac7ff049-df70-4fd3-97d3-719ea03bfc0c req-ac7ff049-df70-4fd3-97d3-719ea03bfc0c ] Request (SecurityGroupRulesTestJSON:test_security_group_rules_list): 200 GET http://10.180.1.21/compute/v2.1/os-security-groups/80288e06-6e77-4c35-9df8-7aad83a410bb 1.005s
2025-11-21 22:36:50.059 67199 INFO tempest.lib.common.rest_client [req-01ca1f84-0778-4774-a7cd-da0c7b136185 req-01ca1f84-0778-4774-a7cd-da0c7b136185 ] Request (ServerActionsTestOtherA:setUpClass): 200 GET http://10.180.1.21/compute/v2.1/servers/4a2f1d9a-0bfd-42c0-8b6c-540f3b798e86 1.063s
2025-11-21 22:36:50.067 67235 INFO tempest.lib.common.rest_client [req-5d0d42d1-d5c3-4e92-a98f-322c1e08be9f req-5d0d42d1-d5c3-4e92-a98f-322c1e08be9f ] Request (InstanceActionsTestJSON:tearDownClass): 204 DELETE http://10.180.1.21/networking/v2.0/security-groups/659c3ecb-b49f-4d7f-8978-4e0221530e96 0.093s
2025-11-21 22:36:50.072 67199 INFO tempest.common.waiters [-] State transition "BUILD/scheduling" ==> "BUILD/None" after 3 second wait
2025-11-21 22:36:50.097 67227 INFO tempest.lib.common.rest_client [req-b3312190-a3df-4006-8c21-bfb2c2d96b07 req-b3312190-a3df-4006-8c21-bfb2c2d96b07 ] Request (FlavorsAdminTestJSON:test_is_public_string_variations): 200 GET http://10.180.1.21/compute/v2.1/flavors/detail?is_public=1 1.064s
2025-11-21 22:36:50.175 67235 INFO tempest.lib.common.rest_client [req-7af156d4-fdad-43c6-a7d6-71edbef425dd req-7af156d4-fdad-43c6-a7d6-71edbef425dd ] Request (InstanceActionsTestJSON:tearDownClass): 204 DELETE http://10.180.1.21/identity/v3/projects/b9203dca04554f278ec3f42c8ba0d682 0.106s
2025-11-21 22:36:50.195 67249 INFO tempest.lib.common.rest_client [req-82fc4f91-ffe3-473c-a63e-3d9a5d18d8a5 req-82fc4f91-ffe3-473c-a63e-3d9a5d18d8a5 ] Request (FloatingIPsAssociationNegativeTestJSON:tearDownClass): 204 DELETE http://10.180.1.21/compute/v2.1/servers/ef828a8b-286f-4612-85a3-244aedff1ec1 1.152s
2025-11-21 22:36:50.220 67255 INFO tempest.lib.common.rest_client [req-447dbb55-bdf4-4af1-acd7-a63ff4b0e595 req-447dbb55-bdf4-4af1-acd7-a63ff4b0e595 ] Request (AggregatesAdminNegativeTestJSON:_run_cleanups): 200 DELETE http://10.180.1.21/compute/v2.1/os-aggregates/8 1.158s
2025-11-21 22:36:50.274 67235 INFO tempest.lib.common.rest_client [req-348d5bdc-fe09-431e-baa9-9a9c99fb4d4b req-348d5bdc-fe09-431e-baa9-9a9c99fb4d4b ] Request (ServerTagsTestJSON:setUpClass): 201 POST http://10.180.1.21/identity/v3/auth/tokens 0.097s
2025-11-21 22:36:50.321 67235 INFO tempest.lib.common.rest_client [req-c741c401-10ce-40ea-912d-14865560e11b req-c741c401-10ce-40ea-912d-14865560e11b ] Request (ServerTagsTestJSON:setUpClass): 201 POST http://10.180.1.21/identity/v3/auth/tokens 0.042s
2025-11-21 22:36:50.348 67235 INFO tempest.lib.common.rest_client [req-1cb1722a-4000-4f91-8e41-d5094999d858 req-1cb1722a-4000-4f91-8e41-d5094999d858 ] Request (ServerTagsTestJSON:setUpClass): 200 GET http://10.180.1.21/identity/v3/domains?name=Default 0.027s
2025-11-21 22:36:50.378 67255 INFO tempest.lib.common.rest_client [req-089c0814-0de9-4877-a2d8-c9690948bd02 req-089c0814-0de9-4877-a2d8-c9690948bd02 ] Request (AggregatesAdminNegativeTestJSON:tearDownClass): 204 DELETE http://10.180.1.21/identity/v3/users/8423ed64ddf849ed81f2db8db5b2d2f1 0.157s
2025-11-21 22:36:50.411 67229 INFO tempest.lib.common.rest_client [req-bc2d8122-ef0f-4d7e-a7fa-14d4bf0671ab req-bc2d8122-ef0f-4d7e-a7fa-14d4bf0671ab ] Request (VolumesAdminNegativeTest:test_update_attached_volume_with_nonexistent_volume_in_uri): 200 GET http://10.180.1.21/compute/v2.1/servers/5a50926b-404a-46f7-adf0-ed8b5f818448 1.348s
2025-11-21 22:36:50.423 67235 INFO tempest.lib.common.rest_client [req-5587fb26-e77f-4b95-9479-d7d4659e5172 req-5587fb26-e77f-4b95-9479-d7d4659e5172 ] Request (ServerTagsTestJSON:setUpClass): 201 POST http://10.180.1.21/identity/v3/projects 0.074s
2025-11-21 22:36:50.426 67229 INFO tempest.common.waiters [-] State transition "BUILD/spawning" ==> "ACTIVE/None" after 29 second wait
2025-11-21 22:36:50.448 67211 INFO tempest.lib.common.rest_client [req-7f03db85-53ce-4672-8e7c-4581646273ae req-7f03db85-53ce-4672-8e7c-4581646273ae ] Request (ServerExternalEventsTest:tearDownClass): 404 GET http://10.180.1.21/compute/v2.1/servers/1094bb0d-fb41-4e5c-b0e8-90d260c01a34 1.378s
2025-11-21 22:36:50.536 67235 INFO tempest.lib.common.rest_client [req-89084303-7342-4651-98e5-dc2cc38dcc7d req-89084303-7342-4651-98e5-dc2cc38dcc7d ] Request (ServerTagsTestJSON:setUpClass): 201 POST http://10.180.1.21/identity/v3/users 0.113s
2025-11-21 22:36:50.583 67205 INFO tempest.lib.common.rest_client [req-9a6422dd-27e7-4a73-b924-d90fb0d16df4 req-9a6422dd-27e7-4a73-b924-d90fb0d16df4 ] Request (ServerShowV247Test:test_update_rebuild_list_server): 200 GET http://10.180.1.21/compute/v2.1/servers/f5ebed34-3b00-471c-bb3d-7fe5b0527bf1 1.478s
2025-11-21 22:36:50.585 67255 INFO tempest.lib.common.rest_client [req-bcb3931f-8175-4151-9cc5-7218e4f9e366 req-bcb3931f-8175-4151-9cc5-7218e4f9e366 ] Request (AggregatesAdminNegativeTestJSON:tearDownClass): 204 DELETE http://10.180.1.21/identity/v3/users/5bd826c14efa4269b700f13432ff78b5 0.206s
2025-11-21 22:36:50.586 67255 INFO tempest.lib.common.dynamic_creds [-] Deleting project and security group for project: ba5f6e2f0cd74650b259d3d36b909a23
2025-11-21 22:36:50.687 67211 INFO tempest.lib.common.rest_client [req-3efb77f8-1cb7-485e-9b44-00b9f5a44e49 req-3efb77f8-1cb7-485e-9b44-00b9f5a44e49 ] Request (ServerExternalEventsTest:tearDownClass): 204 DELETE http://10.180.1.21/identity/v3/users/9d2173d6bd99438aaf3a9dd69a0849be 0.238s
2025-11-21 22:36:50.709 67239 INFO tempest.lib.common.rest_client [req-6b416aaf-950f-4679-ad71-7d90fb38ef66 req-6b416aaf-950f-4679-ad71-7d90fb38ef66 ] Request (KeyPairsV22TestJSON:test_keypairsv22_create_list_show_with_type): 201 POST http://10.180.1.21/compute/v2.1/os-keypairs 1.812s
2025-11-21 22:36:50.718 67235 INFO tempest.lib.common.rest_client [req-5bc1ffab-1abf-47bc-8e39-9eaa2eb11005 req-5bc1ffab-1abf-47bc-8e39-9eaa2eb11005 ] Request (ServerTagsTestJSON:setUpClass): 200 GET http://10.180.1.21/identity/v3/roles 0.181s
2025-11-21 22:36:50.751 67245 INFO tempest.lib.common.rest_client [req-5d6388ee-9f07-4af7-9036-675ada1dfc74 req-5d6388ee-9f07-4af7-9036-675ada1dfc74 ] Request (SecurityGroupRulesNegativeTestJSON:tearDownClass): 202 DELETE http://10.180.1.21/compute/v2.1/os-security-groups/d8eb4fd4-2c04-4e6d-a612-20cf0a7c66b3 1.633s
2025-11-21 22:36:50.781 67195 INFO tempest.lib.common.rest_client [req-7cc05b68-2e9b-451b-8012-cf13fa003434 req-7cc05b68-2e9b-451b-8012-cf13fa003434 ] Request (FlavorsV2TestJSON:test_list_flavors_using_marker): 200 GET http://10.180.1.21/compute/v2.1/flavors?marker=42 1.412s
2025-11-21 22:36:50.785 67255 INFO tempest.lib.common.rest_client [req-1ba1b0ae-04d3-448d-af1a-45eea1e8276c req-1ba1b0ae-04d3-448d-af1a-45eea1e8276c ] Request (AggregatesAdminNegativeTestJSON:tearDownClass): 201 POST http://10.180.1.21/identity/v3/auth/tokens 0.199s
2025-11-21 22:36:50.807 67223 INFO tempest.lib.common.rest_client [req-f9a7103e-1a14-4cdd-a978-b858fe32dd82 req-f9a7103e-1a14-4cdd-a978-b858fe32dd82 ] Request (MigrationsAdminTest:test_list_migrations_in_flavor_resize_situation): 204 POST http://10.180.1.21/compute/v2.1/servers/ee1029a1-ead8-4dda-a025-dd6812127c63/action 1.519s
2025-11-21 22:36:50.825 67197 INFO tempest.lib.common.rest_client [req-2f3c915a-405e-4b9d-a0de-c2e24294ddee req-2f3c915a-405e-4b9d-a0de-c2e24294ddee ] Request (ImagesMetadataTestJSON:test_get_image_metadata_item): 200 GET http://10.180.1.21/compute/v2.1/images/a2d917af-5fce-46ae-a7cc-e8846495ff60/metadata/os_distro 1.443s
2025-11-21 22:36:50.839 67235 INFO tempest.lib.common.rest_client [req-3f91e6bf-3745-456a-9967-1671d41672e2 req-3f91e6bf-3745-456a-9967-1671d41672e2 ] Request (ServerTagsTestJSON:setUpClass): 204 PUT http://10.180.1.21/identity/v3/projects/4435fa050c184be0821e74e0e2bb7f9f/users/660e8672414c4262bdaf720d38f1212e/roles/b668181682c545f585b5f8ee45677a44 0.120s
2025-11-21 22:36:50.840 67235 INFO tempest.lib.common.dynamic_creds [-] Dynamic test user 660e8672414c4262bdaf720d38f1212e is created with scope project and roles: ['member']
2025-11-21 22:36:50.840 67235 INFO tempest.lib.common.dynamic_creds [-] Acquired dynamic creds: credentials: Credentials: {'domain_id': 'default', 'domain_name': 'Default', 'username': 'tempest-ServerTagsTestJSON-2062520612-project-member', 'project_domain_id': 'default', 'project_domain_name': 'Default', 'project_id': '4435fa050c184be0821e74e0e2bb7f9f', 'project_name': 'tempest-ServerTagsTestJSON-2062520612', 'tenant_id': '4435fa050c184be0821e74e0e2bb7f9f', 'tenant_name': 'tempest-ServerTagsTestJSON-2062520612', 'user_domain_id': 'default', 'user_domain_name': 'Default', 'user_id': '660e8672414c4262bdaf720d38f1212e', 'system': None}, Network: None, Subnet: None, Router: None
2025-11-21 22:36:50.863 67229 INFO tempest.lib.common.rest_client [req-1a29ae5e-67d4-4ea8-82fe-d52584b05296 req-1a29ae5e-67d4-4ea8-82fe-d52584b05296 ] Request (VolumesAdminNegativeTest:test_update_attached_volume_with_nonexistent_volume_in_uri): 202 POST http://10.180.1.21/volume/v3/volumes 0.437s
2025-11-21 22:36:50.886 67211 INFO tempest.lib.common.rest_client [req-7823a03f-f4b5-4cf4-84a9-7f22edad00e9 req-7823a03f-f4b5-4cf4-84a9-7f22edad00e9 ] Request (ServerExternalEventsTest:tearDownClass): 204 DELETE http://10.180.1.21/identity/v3/users/7efb6679c3de48259ac398710e94574f 0.197s
2025-11-21 22:36:50.926 67229 INFO tempest.lib.common.rest_client [req-fd670939-197a-4c64-82a9-65c6829f0838 req-fd670939-197a-4c64-82a9-65c6829f0838 ] Request (VolumesAdminNegativeTest:test_update_attached_volume_with_nonexistent_volume_in_uri): 200 GET http://10.180.1.21/volume/v3/volumes/15d7de95-85ca-47e8-a9e4-082ad9e6199d 0.057s
2025-11-21 22:36:50.950 67235 INFO tempest.lib.common.rest_client [req-c0fb9d2f-e4cf-4318-95d4-7d0bf142b383 req-c0fb9d2f-e4cf-4318-95d4-7d0bf142b383 ] Request (ServerTagsTestJSON:setUpClass): 201 POST http://10.180.1.21/identity/v3/auth/tokens 0.110s
2025-11-21 22:36:50.958 67207 INFO tempest.lib.common.rest_client [req-186d8f02-c520-4584-8015-19c604985714 req-186d8f02-c520-4584-8015-19c604985714 ] Request (SecurityGroupsTestJSON:test_security_groups_create_list_delete): 200 POST http://10.180.1.21/compute/v2.1/os-security-groups 1.440s
2025-11-21 22:36:50.983 67221 INFO tempest.lib.common.rest_client [req-19f52c64-93b4-48d6-bd7f-ebed828af4c1 req-19f52c64-93b4-48d6-bd7f-ebed828af4c1 ] Request (DeleteServersAdminTestJSON:test_delete_server_while_in_error_state): 200 GET http://10.180.1.21/compute/v2.1/servers/0b482770-1aac-4eeb-92e3-362751e397e1 1.495s
2025-11-21 22:36:51.064 67211 INFO tempest.lib.common.rest_client [req-17ff0f70-57e4-4921-a852-a4f634350b55 req-17ff0f70-57e4-4921-a852-a4f634350b55 ] Request (ServerExternalEventsTest:tearDownClass): 204 DELETE http://10.180.1.21/identity/v3/users/6568cf6ad8a6463d9392ece05a16646e 0.176s
2025-11-21 22:36:51.064 67211 INFO tempest.lib.common.dynamic_creds [-] Deleting project and security group for project: 63fa98e65d104562b71ba89c3ed6c7fa
2025-11-21 22:36:51.092 67216 INFO tempest.lib.common.rest_client [req-e530788d-2d8c-4601-92d1-f745a3d15072 req-e530788d-2d8c-4601-92d1-f745a3d15072 ] Request (ServerActionsTestJSON:test_lock_unlock_server): 202 POST http://10.180.1.21/compute/v2.1/servers/cf7193b4-6056-4c7a-a399-1aa2ee72a5f0/action 1.478s
2025-11-21 22:36:51.108 67255 INFO tempest.lib.common.rest_client [req-e9a5b2f6-bbdc-43a6-8f06-fc2e024d2a5c req-e9a5b2f6-bbdc-43a6-8f06-fc2e024d2a5c ] Request (AggregatesAdminNegativeTestJSON:tearDownClass): 200 GET http://10.180.1.21/networking/v2.0/security-groups?tenant_id=ba5f6e2f0cd74650b259d3d36b909a23&name=default 0.323s
2025-11-21 22:36:51.137 67257 INFO tempest.lib.common.rest_client [req-85f85ea4-ec96-4a59-8da6-18da972b8953 req-85f85ea4-ec96-4a59-8da6-18da972b8953 ] Request (ServerAddressesTestJSON:setUpClass): 200 GET http://10.180.1.21/compute/v2.1/servers/9d931556-0d4b-44a6-9cb3-44e4db7d4092 1.551s
2025-11-21 22:36:51.153 67211 INFO tempest.lib.common.rest_client [req-078a547a-582a-45a2-ae2e-0bd39ad09eb0 req-078a547a-582a-45a2-ae2e-0bd39ad09eb0 ] Request (ServerExternalEventsTest:tearDownClass): 201 POST http://10.180.1.21/identity/v3/auth/tokens 0.089s
2025-11-21 22:36:51.235 67235 INFO tempest.lib.common.rest_client [req-53a09d9b-603f-4fb1-a4e5-6b7b75dada13 req-53a09d9b-603f-4fb1-a4e5-6b7b75dada13 ] Request (ServerTagsTestJSON:setUpClass): 201 POST http://10.180.1.21/networking/v2.0/networks 0.284s
2025-11-21 22:36:51.248 67255 INFO tempest.lib.common.rest_client [req-886756c8-6117-4961-9173-0035b331d587 req-886756c8-6117-4961-9173-0035b331d587 ] Request (AggregatesAdminNegativeTestJSON:tearDownClass): 204 DELETE http://10.180.1.21/networking/v2.0/security-groups/181e49ac-8aa2-49fb-91b6-2c25240be1c7 0.139s
2025-11-21 22:36:51.268 67231 INFO tempest.lib.common.rest_client [req-68d58d04-9095-41ed-88f2-cd3f0a14e783 req-68d58d04-9095-41ed-88f2-cd3f0a14e783 ] Request (ImagesOneServerNegativeTestJSON:_run_cleanups): 200 GET http://10.180.1.21/compute/v2.1/servers/3d33e99a-11b4-4752-b403-271b988375c3 1.611s
2025-11-21 22:36:51.349 67255 INFO tempest.lib.common.rest_client [req-4a2e9af6-b6fd-497f-88e0-2aa9aaa92e93 req-4a2e9af6-b6fd-497f-88e0-2aa9aaa92e93 ] Request (AggregatesAdminNegativeTestJSON:tearDownClass): 204 DELETE http://10.180.1.21/identity/v3/projects/ba5f6e2f0cd74650b259d3d36b909a23 0.101s
2025-11-21 22:36:51.350 67255 INFO tempest.lib.common.dynamic_creds [-] Deleting project and security group for project: 9575ad26acb94af9b5aac3cbb6db6380
2025-11-21 22:36:51.429 67211 INFO tempest.lib.common.rest_client [req-5eff8916-80c0-415a-876b-ffa6d741ac73 req-5eff8916-80c0-415a-876b-ffa6d741ac73 ] Request (ServerExternalEventsTest:tearDownClass): 200 GET http://10.180.1.21/networking/v2.0/security-groups?tenant_id=63fa98e65d104562b71ba89c3ed6c7fa&name=default 0.275s
2025-11-21 22:36:51.548 67235 INFO tempest.lib.common.rest_client [req-f97c12a3-7c7c-44f8-8ef5-86f7001f129c req-f97c12a3-7c7c-44f8-8ef5-86f7001f129c ] Request (ServerTagsTestJSON:setUpClass): 201 POST http://10.180.1.21/networking/v2.0/subnets 0.312s
2025-11-21 22:36:51.594 67247 INFO tempest.lib.common.rest_client [req-c317c1ad-acda-4cce-8ed9-55da971cd322 req-c317c1ad-acda-4cce-8ed9-55da971cd322 ] Request (FloatingIPsAssociationTestJSON:test_associate_already_associated_floating_ip): 200 GET http://10.180.1.21/compute/v2.1/servers/51ed60b4-ed04-4e05-bd06-af7bedbf165d 1.791s
2025-11-21 22:36:51.627 67255 INFO tempest.lib.common.rest_client [req-a0f21a35-16ba-4dd0-b360-b0a5e9c7a2f7 req-a0f21a35-16ba-4dd0-b360-b0a5e9c7a2f7 ] Request (AggregatesAdminNegativeTestJSON:tearDownClass): 200 GET http://10.180.1.21/networking/v2.0/security-groups?tenant_id=9575ad26acb94af9b5aac3cbb6db6380&name=default 0.277s
2025-11-21 22:36:51.669 67243 INFO tempest.lib.common.rest_client [req-e3a4e209-5431-400a-8605-7d3306644f52 req-e3a4e209-5431-400a-8605-7d3306644f52 ] Request (ServerDiskConfigTestJSON:test_rebuild_server_with_auto_disk_config): 200 GET http://10.180.1.21/compute/v2.1/servers/ace2ee09-f113-40db-b5f1-93cc36d8c030 1.780s
2025-11-21 22:36:51.672 67211 INFO tempest.lib.common.rest_client [req-928859b9-a839-4f65-8d58-6f858b8bdf1b req-928859b9-a839-4f65-8d58-6f858b8bdf1b ] Request (ServerExternalEventsTest:tearDownClass): 204 DELETE http://10.180.1.21/networking/v2.0/security-groups/5d94ff53-7681-4585-8b67-0008ea6eb54a 0.242s
2025-11-21 22:36:51.753 67255 INFO tempest.lib.common.rest_client [req-18180f42-d38d-4759-b301-76a842bde0bf req-18180f42-d38d-4759-b301-76a842bde0bf ] Request (AggregatesAdminNegativeTestJSON:tearDownClass): 204 DELETE http://10.180.1.21/networking/v2.0/security-groups/6902c7cf-686c-439b-96b5-0a68a5986252 0.126s
2025-11-21 22:36:51.778 67233 INFO tempest.lib.common.rest_client [req-e4bb8174-2021-44a0-b3ef-553385ae6001 req-e4bb8174-2021-44a0-b3ef-553385ae6001 ] Request (ServersAdminNegativeTestJSON:test_migrate_server_invalid_state): 200 GET http://10.180.1.21/compute/v2.1/servers/8747ced0-f246-4a5d-bf54-290265a8d9c1 1.832s
2025-11-21 22:36:51.791 67211 INFO tempest.lib.common.rest_client [req-008e108f-4304-4f17-a91a-88aa5edde643 req-008e108f-4304-4f17-a91a-88aa5edde643 ] Request (ServerExternalEventsTest:tearDownClass): 204 DELETE http://10.180.1.21/identity/v3/projects/63fa98e65d104562b71ba89c3ed6c7fa 0.118s
2025-11-21 22:36:51.791 67211 INFO tempest.lib.common.dynamic_creds [-] Deleting project and security group for project: 92c28c0de44740d0859ad1c0b8e28971
2025-11-21 22:36:51.800 67227 INFO tempest.lib.common.rest_client [req-397fde50-a895-4f27-a2c6-bf8715085a90 req-397fde50-a895-4f27-a2c6-bf8715085a90 ] Request (FlavorsAdminTestJSON:_run_cleanups): 202 DELETE http://10.180.1.21/compute/v2.1/flavors/727493667 1.696s
2025-11-21 22:36:51.853 67211 INFO tempest.lib.common.rest_client [req-438d9740-df7a-49bf-b389-d72902243e90 req-438d9740-df7a-49bf-b389-d72902243e90 ] Request (ServerExternalEventsTest:tearDownClass): 200 GET http://10.180.1.21/networking/v2.0/security-groups?tenant_id=92c28c0de44740d0859ad1c0b8e28971&name=default 0.062s
2025-11-21 22:36:51.873 67255 INFO tempest.lib.common.rest_client [req-426edf61-5f60-4b1a-9ba4-874d4a970aea req-426edf61-5f60-4b1a-9ba4-874d4a970aea ] Request (AggregatesAdminNegativeTestJSON:tearDownClass): 204 DELETE http://10.180.1.21/identity/v3/projects/9575ad26acb94af9b5aac3cbb6db6380 0.119s
2025-11-21 22:36:51.917 67237 INFO tempest.lib.common.rest_client [req-2c91c530-9fc5-4aa9-8063-7463c8d8818d req-2c91c530-9fc5-4aa9-8063-7463c8d8818d ] Request (SecurityGroupRulesTestJSON:_run_cleanups): 202 DELETE http://10.180.1.21/compute/v2.1/os-security-group-rules/62d6b4c5-696d-41a5-a186-93186a43cead 1.919s
2025-11-21 22:36:51.949 67255 INFO tempest.lib.common.rest_client [req-76eb7d95-fa43-4bbf-894c-1c16ce8fbe6c req-76eb7d95-fa43-4bbf-894c-1c16ce8fbe6c ] Request (FlavorsAccessTestJSON:setUpClass): 201 POST http://10.180.1.21/identity/v3/auth/tokens 0.074s
2025-11-21 22:36:51.971 67229 INFO tempest.lib.common.rest_client [req-e47bbd92-0c00-43af-91a2-16160873adc3 req-e47bbd92-0c00-43af-91a2-16160873adc3 ] Request (VolumesAdminNegativeTest:test_update_attached_volume_with_nonexistent_volume_in_uri): 200 GET http://10.180.1.21/volume/v3/volumes/15d7de95-85ca-47e8-a9e4-082ad9e6199d 0.034s
2025-11-21 22:36:51.979 67229 INFO tempest.common.waiters [-] volume 15d7de95-85ca-47e8-a9e4-082ad9e6199d reached available after waiting for 1.979303 seconds
2025-11-21 22:36:51.988 67255 INFO tempest.lib.common.rest_client [req-49f6f37e-96d5-42d0-af17-62fb614428b5 req-49f6f37e-96d5-42d0-af17-62fb614428b5 ] Request (FlavorsAccessTestJSON:setUpClass): 201 POST http://10.180.1.21/identity/v3/auth/tokens 0.034s
2025-11-21 22:36:52.012 67253 INFO tempest.lib.common.rest_client [req-ab245ea2-f4b4-4d35-8618-e66b2b3fe827 req-ab245ea2-f4b4-4d35-8618-e66b2b3fe827 ] Request (ServersAdmin275Test:tearDownClass): 200 GET http://10.180.1.21/compute/v2.1/servers/f2bd4c38-2dd4-4f1b-94c0-75095095a37d 1.837s
