2025-11-21 22:39:32.636 67257 INFO tempest.lib.common.rest_client [req-b963343d-4cc0-410b-833b-af9ff9adda99 req-b963343d-4cc0-410b-833b-af9ff9adda99 ] Request (ServerMetadataTestJSON:tearDownClass): 200 GET http://10.180.1.21/compute/v2.1/servers/cfc626ef-e1f2-4d5b-8292-980a8fcaf51b 0.061s
2025-11-21 22:39:32.742 67209 INFO tempest.lib.common.rest_client [req-9552c481-701b-408e-9148-ba2b44e82e23 req-9552c481-701b-408e-9148-ba2b44e82e23 ] Request (ImagesTestJSON:test_create_server_from_snapshot): 200 GET http://10.180.1.21/compute/v2.1/servers/42237b29-9184-4354-9a46-278f2f6e6b9d 0.054s
2025-11-21 22:39:32.750 67209 INFO tempest.common.waiters [-] State transition "BUILD/scheduling" ==> "BUILD/None" after 2 second wait
2025-11-21 22:39:33.029 67223 INFO tempest.lib.common.rest_client [req-399b12d7-2ac0-4e62-9be1-00a4d82e41cd req-399b12d7-2ac0-4e62-9be1-00a4d82e41cd ] Request (MigrationsAdminTest:test_resize_server_revert_deleted_flavor): 200 GET http://10.180.1.21/compute/v2.1/servers/01a42fda-a0bd-40f9-9576-4aa82b98b00d 0.114s
2025-11-21 22:39:33.147 67231 INFO tempest.lib.common.rest_client [req-30cd34c4-1df9-4aa6-8d08-48cb87053d36 req-30cd34c4-1df9-4aa6-8d08-48cb87053d36 ] Request (ImagesOneServerNegativeTestJSON:_run_cleanups): 200 GET http://10.180.1.21/compute/v2.1/servers/a5c936f3-9a41-439d-82e9-e7e52628d553 0.122s
2025-11-21 22:39:33.154 67231 INFO tempest.common.waiters [-] State transition "BUILD/spawning" ==> "ACTIVE/None" after 57 second wait
2025-11-21 22:39:33.185 67243 INFO tempest.lib.common.rest_client [req-d444de72-89d4-480b-8ee4-11c6a34d1f7c req-d444de72-89d4-480b-8ee4-11c6a34d1f7c ] Request (ServerDiskConfigTestJSON:test_resize_server_from_auto_to_manual): 200 GET http://10.180.1.21/compute/v2.1/servers/49ecf517-6245-4ab7-b5bd-f3c7df8176ef 0.143s
2025-11-21 22:39:33.197 67225 INFO tempest.lib.common.rest_client [req-707592e5-5267-4be2-86c5-6c6d902003e7 req-707592e5-5267-4be2-86c5-6c6d902003e7 ] Request (ServersWithSpecificFlavorTestJSON:test_verify_created_server_ephemeral_disk): 200 GET http://10.180.1.21/compute/v2.1/servers/bc7fa48b-8246-4af5-8c65-231e00dede10 0.123s
2025-11-21 22:39:33.246 67201 INFO tempest.lib.common.rest_client [req-29be2122-c338-46e3-9011-e1231785ec92 req-29be2122-c338-46e3-9011-e1231785ec92 ] Request (ListServersNegativeTestJSON:setUpClass): 200 GET http://10.180.1.21/compute/v2.1/servers/436d154b-c2df-4976-9910-44b538fc3f73 0.121s
2025-11-21 22:39:33.246 67213 INFO tempest.lib.common.rest_client [req-ff3061ff-039c-43c2-908c-d4623f460334 req-ff3061ff-039c-43c2-908c-d4623f460334 ] Request (VolumesAssistedSnapshotsTest:tearDownClass): 200 GET http://10.180.1.21/compute/v2.1/servers/d70d749d-1b93-4ae3-9994-791aa3621080 0.145s
2025-11-21 22:39:33.327 67231 INFO tempest.lib.common.rest_client [req-79b66755-f1a4-49b7-b371-2777ecadc5cf req-79b66755-f1a4-49b7-b371-2777ecadc5cf ] Request (ImagesOneServerNegativeTestJSON:tearDownClass): 204 DELETE http://10.180.1.21/compute/v2.1/servers/a5c936f3-9a41-439d-82e9-e7e52628d553 0.172s
2025-11-21 22:39:33.341 67197 INFO tempest.lib.common.rest_client [req-e7499648-44e3-478b-b595-8abf22a595f5 req-e7499648-44e3-478b-b595-8abf22a595f5 ] Request (AttachInterfacesTestJSON:test_create_list_show_delete_interfaces_by_fixed_ip): 200 GET http://10.180.1.21/compute/v2.1/servers/b36dbc98-faf9-46f1-aa59-7b5f22d0f673/os-interface 0.178s
2025-11-21 22:39:33.395 67203 INFO tempest.lib.common.rest_client [req-a2ef1421-0d28-4d8d-ae3a-1e96d88a2751 req-a2ef1421-0d28-4d8d-ae3a-1e96d88a2751 ] Request (DeleteServersTestJSON:test_delete_server_while_in_shelved_state): 200 GET http://10.180.1.21/compute/v2.1/servers/81fbd0f1-8890-4b6a-b372-9f2f7d20edfb 0.216s
2025-11-21 22:39:33.437 67211 INFO tempest.lib.common.rest_client [req-a1f1c148-6688-4393-a724-1712ef7cb78b req-a1f1c148-6688-4393-a724-1712ef7cb78b ] Request (ServersAdminTestJSON:test_inject_network_info): 200 GET http://10.180.1.21/compute/v2.1/servers/4c73c6d6-5d88-4313-9d39-4d96eaff350f 0.220s
2025-11-21 22:39:33.472 67233 INFO tempest.lib.common.rest_client [req-537e1fd5-4593-40ce-966a-ef40d9cc4e59 req-537e1fd5-4593-40ce-966a-ef40d9cc4e59 ] Request (ServersV294TestFqdnHostnames:setUpClass): 200 GET http://10.180.1.21/compute/v2.1/servers/349bfb6c-3cd9-4d60-8be0-0f6d6314cba1 0.225s
2025-11-21 22:39:33.523 67249 INFO tempest.lib.common.rest_client [req-d0d8f16d-4b54-4845-9854-d25317211fb1 req-d0d8f16d-4b54-4845-9854-d25317211fb1 ] Request (ServersTestJSON:tearDownClass): 200 GET http://10.180.1.21/compute/v2.1/servers/48bebaa2-011a-4d59-88fc-f54201b97a5c 0.237s
2025-11-21 22:39:33.621 67231 INFO tempest.lib.common.rest_client [req-d2bad8ea-e9e4-4e84-a18e-d7800fdf13eb req-d2bad8ea-e9e4-4e84-a18e-d7800fdf13eb ] Request (ImagesOneServerNegativeTestJSON:tearDownClass): 200 GET http://10.180.1.21/compute/v2.1/servers/a5c936f3-9a41-439d-82e9-e7e52628d553 0.293s
2025-11-21 22:39:33.676 67229 INFO tempest.lib.common.rest_client [req-da655cb3-b5ab-4063-a29b-7dd04e9b1fc4 req-da655cb3-b5ab-4063-a29b-7dd04e9b1fc4 ] Request (ListServerFiltersTestJSON:tearDownClass): 200 GET http://10.180.1.21/compute/v2.1/servers/7edace55-c2b8-4508-b55c-d3086b31912a 0.321s
2025-11-21 22:39:33.686 67217 INFO tempest.lib.common.rest_client [req-85478681-de11-4206-b284-b38290153e8a req-85478681-de11-4206-b284-b38290153e8a ] Request (ServerActionsTestOtherB:test_resize_server_confirm_from_stopped): 200 GET http://10.180.1.21/compute/v2.1/servers/8bd9cc28-9532-4d85-8a53-da2bea83a489 0.332s
2025-11-21 22:39:33.738 67195 INFO tempest.lib.common.rest_client [req-4daf41c0-1fdf-45c3-b866-0e54a02404b9 req-4daf41c0-1fdf-45c3-b866-0e54a02404b9 ] Request (ServersTestFqdnHostnames:tearDownClass): 200 GET http://10.180.1.21/compute/v2.1/servers/12a0b9f2-d6c1-4375-8f74-5015626d5be9 0.303s
2025-11-21 22:39:33.741 67247 INFO tempest.lib.common.rest_client [req-736b333c-aeca-4842-8f60-08fc71c6e89a req-736b333c-aeca-4842-8f60-08fc71c6e89a ] Request (ServerShowV254Test:tearDownClass): 200 GET http://10.180.1.21/compute/v2.1/servers/32e5e02a-0271-41df-9bd0-6c74b85376d5 0.305s
2025-11-21 22:39:33.795 67239 INFO tempest.lib.common.rest_client [req-b6eb4243-cc3f-4f2f-99c0-523670f20cf2 req-b6eb4243-cc3f-4f2f-99c0-523670f20cf2 ] Request (ServersTestManualDisk:tearDownClass): 200 GET http://10.180.1.21/compute/v2.1/servers/0bf1bed8-feba-4b11-b3c6-26e9b01c417b 0.227s
2025-11-21 22:39:33.796 67207 INFO tempest.lib.common.rest_client [req-73b8bb32-72ce-44a8-806a-7d778a73ec34 req-73b8bb32-72ce-44a8-806a-7d778a73ec34 ] Request (SecurityGroupsTestJSON:tearDownClass): 200 GET http://10.180.1.21/compute/v2.1/servers/552a7996-af70-47bc-a1c6-067a088f0561 0.284s
2025-11-21 22:39:33.834 67221 INFO tempest.lib.common.rest_client [req-cb0561a3-2212-4217-9206-e3019ea76c98 req-cb0561a3-2212-4217-9206-e3019ea76c98 ] Request (ListImageFiltersTestJSON:setUpClass): 200 GET http://10.180.1.21/compute/v2.1/images/0a71d140-2166-433b-9c6f-215a7dd51ab9 0.217s
2025-11-21 22:39:33.882 67257 INFO tempest.lib.common.rest_client [req-5f995269-c497-455a-960e-abda5cccd4cd req-5f995269-c497-455a-960e-abda5cccd4cd ] Request (ServerMetadataTestJSON:tearDownClass): 200 GET http://10.180.1.21/compute/v2.1/servers/cfc626ef-e1f2-4d5b-8292-980a8fcaf51b 0.237s
2025-11-21 22:39:33.890 67209 INFO tempest.lib.common.rest_client [req-efc588f0-2e10-4778-a860-30376d8df0b0 req-efc588f0-2e10-4778-a860-30376d8df0b0 ] Request (ImagesTestJSON:test_create_server_from_snapshot): 200 GET http://10.180.1.21/compute/v2.1/servers/42237b29-9184-4354-9a46-278f2f6e6b9d 0.139s
2025-11-21 22:39:34.158 67223 INFO tempest.lib.common.rest_client [req-cb6de322-6554-4152-95cc-3498d17b401a req-cb6de322-6554-4152-95cc-3498d17b401a ] Request (MigrationsAdminTest:test_resize_server_revert_deleted_flavor): 200 GET http://10.180.1.21/compute/v2.1/servers/01a42fda-a0bd-40f9-9576-4aa82b98b00d 0.122s
2025-11-21 22:39:34.258 67225 INFO tempest.lib.common.rest_client [req-ec190204-94ac-44b9-baaa-6f811b83c75e req-ec190204-94ac-44b9-baaa-6f811b83c75e ] Request (ServersWithSpecificFlavorTestJSON:test_verify_created_server_ephemeral_disk): 200 GET http://10.180.1.21/compute/v2.1/servers/bc7fa48b-8246-4af5-8c65-231e00dede10 0.053s
2025-11-21 22:39:34.295 67243 INFO tempest.lib.common.rest_client [req-32e3c549-11bc-4499-82ff-cea0f8c7cd42 req-32e3c549-11bc-4499-82ff-cea0f8c7cd42 ] Request (ServerDiskConfigTestJSON:test_resize_server_from_auto_to_manual): 200 GET http://10.180.1.21/compute/v2.1/servers/49ecf517-6245-4ab7-b5bd-f3c7df8176ef 0.098s
2025-11-21 22:39:34.297 67216 WARNING tempest.lib.common.ssh [-] Failed to establish authenticated ssh connection to cirros@10.180.180.148 ([Errno None] Unable to connect to port 22 on 10.180.180.148). Number attempts: 3. Retry after 4 seconds.: paramiko.ssh_exception.NoValidConnectionsError: [Errno None] Unable to connect to port 22 on 10.180.180.148
2025-11-21 22:39:34.305 67201 INFO tempest.lib.common.rest_client [req-54ce8a6c-dc38-485f-b1a7-55a098d52823 req-54ce8a6c-dc38-485f-b1a7-55a098d52823 ] Request (ListServersNegativeTestJSON:setUpClass): 200 GET http://10.180.1.21/compute/v2.1/servers/436d154b-c2df-4976-9910-44b538fc3f73 0.052s
2025-11-21 22:39:34.358 67213 INFO tempest.lib.common.rest_client [req-9e3f2b59-135b-48bb-9250-e002a1a29c04 req-9e3f2b59-135b-48bb-9250-e002a1a29c04 ] Request (VolumesAssistedSnapshotsTest:tearDownClass): 200 GET http://10.180.1.21/compute/v2.1/servers/d70d749d-1b93-4ae3-9994-791aa3621080 0.104s
2025-11-21 22:39:34.430 67197 INFO tempest.lib.common.rest_client [req-7fb9dc1d-8f87-4842-9c9e-b092ca9b10db req-7fb9dc1d-8f87-4842-9c9e-b092ca9b10db ] Request (AttachInterfacesTestJSON:test_create_list_show_delete_interfaces_by_fixed_ip): 200 GET http://10.180.1.21/compute/v2.1/servers/b36dbc98-faf9-46f1-aa59-7b5f22d0f673/os-interface 0.085s
2025-11-21 22:39:34.449 67197 INFO tempest.lib.common.rest_client [req-e4dce6fd-36e8-4d48-9018-3179a7407120 req-e4dce6fd-36e8-4d48-9018-3179a7407120 ] Request (AttachInterfacesTestJSON:_run_cleanups): 404 DELETE http://10.180.1.21/networking/v2.0/ports/92863b73-1ad1-4f2c-a5dc-88860d80e6c5 0.017s
2025-11-21 22:39:34.475 67203 INFO tempest.lib.common.rest_client [req-935aa84a-57d1-490b-af59-1681cb3a593d req-935aa84a-57d1-490b-af59-1681cb3a593d ] Request (DeleteServersTestJSON:test_delete_server_while_in_shelved_state): 200 GET http://10.180.1.21/compute/v2.1/servers/81fbd0f1-8890-4b6a-b372-9f2f7d20edfb 0.064s
2025-11-21 22:39:34.536 67211 INFO tempest.lib.common.rest_client [req-2b7923af-e3de-4e9a-a965-f0b1f5a406b3 req-2b7923af-e3de-4e9a-a965-f0b1f5a406b3 ] Request (ServersAdminTestJSON:test_inject_network_info): 200 GET http://10.180.1.21/compute/v2.1/servers/4c73c6d6-5d88-4313-9d39-4d96eaff350f 0.086s
2025-11-21 22:39:34.541 67197 INFO tempest.lib.common.rest_client [req-322b5ba2-0cfa-4cc9-a775-c4da06e8626a req-322b5ba2-0cfa-4cc9-a775-c4da06e8626a ] Request (AttachInterfacesTestJSON:_run_cleanups): 204 DELETE http://10.180.1.21/compute/v2.1/servers/b36dbc98-faf9-46f1-aa59-7b5f22d0f673 0.091s
2025-11-21 22:39:34.609 67233 INFO tempest.lib.common.rest_client [req-0e28a57e-d3a3-49a2-ac50-0843278df35a req-0e28a57e-d3a3-49a2-ac50-0843278df35a ] Request (ServersV294TestFqdnHostnames:setUpClass): 200 GET http://10.180.1.21/compute/v2.1/servers/349bfb6c-3cd9-4d60-8be0-0f6d6314cba1 0.121s
2025-11-21 22:39:34.615 67249 INFO tempest.lib.common.rest_client [req-d7f0aadb-e299-4ebe-bf48-c22b857cf01e req-d7f0aadb-e299-4ebe-bf48-c22b857cf01e ] Request (ServersTestJSON:tearDownClass): 200 GET http://10.180.1.21/compute/v2.1/servers/48bebaa2-011a-4d59-88fc-f54201b97a5c 0.079s
2025-11-21 22:39:34.752 67231 INFO tempest.lib.common.rest_client [req-c8d45fe0-8394-46ae-af3d-53dcac606c16 req-c8d45fe0-8394-46ae-af3d-53dcac606c16 ] Request (ImagesOneServerNegativeTestJSON:tearDownClass): 200 GET http://10.180.1.21/compute/v2.1/servers/a5c936f3-9a41-439d-82e9-e7e52628d553 0.120s
2025-11-21 22:39:34.756 67197 INFO tempest.lib.common.rest_client [req-8c4b420f-d01c-4159-b6b2-3258b6b60c98 req-8c4b420f-d01c-4159-b6b2-3258b6b60c98 ] Request (AttachInterfacesTestJSON:_run_cleanups): 200 GET http://10.180.1.21/compute/v2.1/servers/b36dbc98-faf9-46f1-aa59-7b5f22d0f673 0.214s
2025-11-21 22:39:34.814 67229 INFO tempest.lib.common.rest_client [req-901da706-16f8-4524-900c-4ef8d67f14a6 req-901da706-16f8-4524-900c-4ef8d67f14a6 ] Request (ListServerFiltersTestJSON:tearDownClass): 200 GET http://10.180.1.21/compute/v2.1/servers/7edace55-c2b8-4508-b55c-d3086b31912a 0.129s
2025-11-21 22:39:34.867 67217 INFO tempest.lib.common.rest_client [req-56fc316b-f4cd-415e-bb95-5808af27f168 req-56fc316b-f4cd-415e-bb95-5808af27f168 ] Request (ServerActionsTestOtherB:test_resize_server_confirm_from_stopped): 200 GET http://10.180.1.21/compute/v2.1/servers/8bd9cc28-9532-4d85-8a53-da2bea83a489 0.173s
2025-11-21 22:39:34.881 67195 INFO tempest.lib.common.rest_client [req-35dfef8d-1c8b-4b80-bd4b-42f8414b174e req-35dfef8d-1c8b-4b80-bd4b-42f8414b174e ] Request (ServersTestFqdnHostnames:tearDownClass): 200 GET http://10.180.1.21/compute/v2.1/servers/12a0b9f2-d6c1-4375-8f74-5015626d5be9 0.135s
2025-11-21 22:39:34.929 67247 INFO tempest.lib.common.rest_client [req-1de0f1cf-4f97-497f-a857-9e98499c5f5e req-1de0f1cf-4f97-497f-a857-9e98499c5f5e ] Request (ServerShowV254Test:tearDownClass): 200 GET http://10.180.1.21/compute/v2.1/servers/32e5e02a-0271-41df-9bd0-6c74b85376d5 0.178s
2025-11-21 22:39:34.944 67239 INFO tempest.lib.common.rest_client [req-82373be5-759f-4c09-8f6e-01e45fa2b02d req-82373be5-759f-4c09-8f6e-01e45fa2b02d ] Request (ServersTestManualDisk:tearDownClass): 200 GET http://10.180.1.21/compute/v2.1/servers/0bf1bed8-feba-4b11-b3c6-26e9b01c417b 0.140s
2025-11-21 22:39:34.983 67221 INFO tempest.lib.common.rest_client [req-7b1f5c40-3113-425d-b5e2-45385e7a6325 req-7b1f5c40-3113-425d-b5e2-45385e7a6325 ] Request (ListImageFiltersTestJSON:setUpClass): 200 GET http://10.180.1.21/compute/v2.1/images/0a71d140-2166-433b-9c6f-215a7dd51ab9 0.145s
2025-11-21 22:39:34.996 67207 INFO tempest.lib.common.rest_client [req-cd0d13ec-f97f-4ea5-8760-40a7b7d5f125 req-cd0d13ec-f97f-4ea5-8760-40a7b7d5f125 ] Request (SecurityGroupsTestJSON:tearDownClass): 200 GET http://10.180.1.21/compute/v2.1/servers/552a7996-af70-47bc-a1c6-067a088f0561 0.190s
2025-11-21 22:39:35.047 67257 INFO tempest.lib.common.rest_client [req-fede1259-3eba-43c4-b13e-f23c77e2a801 req-fede1259-3eba-43c4-b13e-f23c77e2a801 ] Request (ServerMetadataTestJSON:tearDownClass): 200 GET http://10.180.1.21/compute/v2.1/servers/cfc626ef-e1f2-4d5b-8292-980a8fcaf51b 0.158s
2025-11-21 22:39:35.053 67209 INFO tempest.lib.common.rest_client [req-ae355159-4e7f-4876-94b9-391bce3328bc req-ae355159-4e7f-4876-94b9-391bce3328bc ] Request (ImagesTestJSON:test_create_server_from_snapshot): 200 GET http://10.180.1.21/compute/v2.1/servers/42237b29-9184-4354-9a46-278f2f6e6b9d 0.156s
2025-11-21 22:39:35.271 67223 INFO tempest.lib.common.rest_client [req-1e5a1cdd-8377-4e72-9eca-b1768f4f3c9d req-1e5a1cdd-8377-4e72-9eca-b1768f4f3c9d ] Request (MigrationsAdminTest:test_resize_server_revert_deleted_flavor): 200 GET http://10.180.1.21/compute/v2.1/servers/01a42fda-a0bd-40f9-9576-4aa82b98b00d 0.102s
2025-11-21 22:39:35.279 67223 INFO tempest.common.waiters [-] State transition "RESIZE/resize_migrating" ==> "RESIZE/resize_migrated" after 56 second wait
2025-11-21 22:39:35.318 67225 INFO tempest.lib.common.rest_client [req-1b07be44-3747-44c0-a904-aadd122e8961 req-1b07be44-3747-44c0-a904-aadd122e8961 ] Request (ServersWithSpecificFlavorTestJSON:test_verify_created_server_ephemeral_disk): 200 GET http://10.180.1.21/compute/v2.1/servers/bc7fa48b-8246-4af5-8c65-231e00dede10 0.051s
2025-11-21 22:39:35.373 67201 INFO tempest.lib.common.rest_client [req-4bb62cb6-7dc6-4610-9aad-ee371faaa676 req-4bb62cb6-7dc6-4610-9aad-ee371faaa676 ] Request (ListServersNegativeTestJSON:setUpClass): 200 GET http://10.180.1.21/compute/v2.1/servers/436d154b-c2df-4976-9910-44b538fc3f73 0.060s
2025-11-21 22:39:35.417 67243 INFO tempest.lib.common.rest_client [req-6d5440f7-e8c7-423d-b93b-e2c78a800c07 req-6d5440f7-e8c7-423d-b93b-e2c78a800c07 ] Request (ServerDiskConfigTestJSON:test_resize_server_from_auto_to_manual): 200 GET http://10.180.1.21/compute/v2.1/servers/49ecf517-6245-4ab7-b5bd-f3c7df8176ef 0.114s
2025-11-21 22:39:35.445 67213 INFO tempest.lib.common.rest_client [req-1e4d5938-7b1e-4adc-8d1e-fa63740da170 req-1e4d5938-7b1e-4adc-8d1e-fa63740da170 ] Request (VolumesAssistedSnapshotsTest:tearDownClass): 200 GET http://10.180.1.21/compute/v2.1/servers/d70d749d-1b93-4ae3-9994-791aa3621080 0.079s
2025-11-21 22:39:35.535 67203 INFO tempest.lib.common.rest_client [req-4866962f-af8e-40c7-975d-018aef0bc4f2 req-4866962f-af8e-40c7-975d-018aef0bc4f2 ] Request (DeleteServersTestJSON:test_delete_server_while_in_shelved_state): 200 GET http://10.180.1.21/compute/v2.1/servers/81fbd0f1-8890-4b6a-b372-9f2f7d20edfb 0.052s
2025-11-21 22:39:35.606 67211 INFO tempest.lib.common.rest_client [req-e114392a-ba67-412c-9b6c-8cc9c2ecae1c req-e114392a-ba67-412c-9b6c-8cc9c2ecae1c ] Request (ServersAdminTestJSON:test_inject_network_info): 200 GET http://10.180.1.21/compute/v2.1/servers/4c73c6d6-5d88-4313-9d39-4d96eaff350f 0.059s
2025-11-21 22:39:35.716 67233 INFO tempest.lib.common.rest_client [req-83da8570-7db7-45ec-9fef-f0882648a714 req-83da8570-7db7-45ec-9fef-f0882648a714 ] Request (ServersV294TestFqdnHostnames:setUpClass): 200 GET http://10.180.1.21/compute/v2.1/servers/349bfb6c-3cd9-4d60-8be0-0f6d6314cba1 0.094s
2025-11-21 22:39:35.719 67199 WARNING tempest.lib.common.ssh [-] Failed to establish authenticated ssh connection to cirros@10.180.180.224 ([Errno None] Unable to connect to port 22 on 10.180.180.224). Number attempts: 12. Retry after 13 seconds.: paramiko.ssh_exception.NoValidConnectionsError: [Errno None] Unable to connect to port 22 on 10.180.180.224
2025-11-21 22:39:35.727 67249 INFO tempest.lib.common.rest_client [req-0bad309e-d505-4809-b59d-dbd4ca45e0f2 req-0bad309e-d505-4809-b59d-dbd4ca45e0f2 ] Request (ServersTestJSON:tearDownClass): 200 GET http://10.180.1.21/compute/v2.1/servers/48bebaa2-011a-4d59-88fc-f54201b97a5c 0.104s
2025-11-21 22:39:35.860 67231 INFO tempest.lib.common.rest_client [req-0c060351-1b6d-4d36-9335-6df8eeda1444 req-0c060351-1b6d-4d36-9335-6df8eeda1444 ] Request (ImagesOneServerNegativeTestJSON:tearDownClass): 200 GET http://10.180.1.21/compute/v2.1/servers/a5c936f3-9a41-439d-82e9-e7e52628d553 0.095s
2025-11-21 22:39:35.888 67197 INFO tempest.lib.common.rest_client [req-42d2e84f-138f-4d83-ae1c-ce9a381e79be req-42d2e84f-138f-4d83-ae1c-ce9a381e79be ] Request (AttachInterfacesTestJSON:_run_cleanups): 200 GET http://10.180.1.21/compute/v2.1/servers/b36dbc98-faf9-46f1-aa59-7b5f22d0f673 0.122s
2025-11-21 22:39:35.924 67229 INFO tempest.lib.common.rest_client [req-19e54805-0e0b-4edf-a967-1bd05ea44bde req-19e54805-0e0b-4edf-a967-1bd05ea44bde ] Request (ListServerFiltersTestJSON:tearDownClass): 200 GET http://10.180.1.21/compute/v2.1/servers/7edace55-c2b8-4508-b55c-d3086b31912a 0.103s
2025-11-21 22:39:36.002 67195 INFO tempest.lib.common.rest_client [req-e83a864d-904b-4f22-bb5f-e0600cb5f75d req-e83a864d-904b-4f22-bb5f-e0600cb5f75d ] Request (ServersTestFqdnHostnames:tearDownClass): 200 GET http://10.180.1.21/compute/v2.1/servers/12a0b9f2-d6c1-4375-8f74-5015626d5be9 0.112s
2025-11-21 22:39:36.016 67217 INFO tempest.lib.common.rest_client [req-bdcb2bb3-7d67-4bb2-a689-2dbe507deaf6 req-bdcb2bb3-7d67-4bb2-a689-2dbe507deaf6 ] Request (ServerActionsTestOtherB:test_resize_server_confirm_from_stopped): 200 GET http://10.180.1.21/compute/v2.1/servers/8bd9cc28-9532-4d85-8a53-da2bea83a489 0.140s
2025-11-21 22:39:36.062 67247 INFO tempest.lib.common.rest_client [req-09a36269-7ed0-4905-a225-a0d643ef7ce7 req-09a36269-7ed0-4905-a225-a0d643ef7ce7 ] Request (ServerShowV254Test:tearDownClass): 200 GET http://10.180.1.21/compute/v2.1/servers/32e5e02a-0271-41df-9bd0-6c74b85376d5 0.121s
2025-11-21 22:39:36.072 67239 INFO tempest.lib.common.rest_client [req-9d491a19-7303-4aeb-85ed-3ef38521ba6a req-9d491a19-7303-4aeb-85ed-3ef38521ba6a ] Request (ServersTestManualDisk:tearDownClass): 200 GET http://10.180.1.21/compute/v2.1/servers/0bf1bed8-feba-4b11-b3c6-26e9b01c417b 0.116s
2025-11-21 22:39:36.100 67221 INFO tempest.lib.common.rest_client [req-42f94e79-ac25-4ceb-9ca8-6618fd1f2085 req-42f94e79-ac25-4ceb-9ca8-6618fd1f2085 ] Request (ListImageFiltersTestJSON:setUpClass): 200 GET http://10.180.1.21/compute/v2.1/images/0a71d140-2166-433b-9c6f-215a7dd51ab9 0.111s
2025-11-21 22:39:36.137 67207 INFO tempest.lib.common.rest_client [req-d8388491-4141-4521-8df4-de64fcfc0c79 req-d8388491-4141-4521-8df4-de64fcfc0c79 ] Request (SecurityGroupsTestJSON:tearDownClass): 200 GET http://10.180.1.21/compute/v2.1/servers/552a7996-af70-47bc-a1c6-067a088f0561 0.133s
2025-11-21 22:39:36.159 67257 INFO tempest.lib.common.rest_client [req-a74b9325-553d-4d50-9dae-61da15a6f0c3 req-a74b9325-553d-4d50-9dae-61da15a6f0c3 ] Request (ServerMetadataTestJSON:tearDownClass): 200 GET http://10.180.1.21/compute/v2.1/servers/cfc626ef-e1f2-4d5b-8292-980a8fcaf51b 0.104s
2025-11-21 22:39:36.192 67209 INFO tempest.lib.common.rest_client [req-97444295-2e5d-42c1-8cad-cad2a0d3d75e req-97444295-2e5d-42c1-8cad-cad2a0d3d75e ] Request (ImagesTestJSON:test_create_server_from_snapshot): 200 GET http://10.180.1.21/compute/v2.1/servers/42237b29-9184-4354-9a46-278f2f6e6b9d 0.130s
2025-11-21 22:39:36.402 67223 INFO tempest.lib.common.rest_client [req-dbf47e76-67b7-49aa-acbc-3f2a644a07ed req-dbf47e76-67b7-49aa-acbc-3f2a644a07ed ] Request (MigrationsAdminTest:test_resize_server_revert_deleted_flavor): 200 GET http://10.180.1.21/compute/v2.1/servers/01a42fda-a0bd-40f9-9576-4aa82b98b00d 0.122s
2025-11-21 22:39:36.413 67225 INFO tempest.lib.common.rest_client [req-4c989f86-0944-4b6a-8a66-d3ea0a241279 req-4c989f86-0944-4b6a-8a66-d3ea0a241279 ] Request (ServersWithSpecificFlavorTestJSON:test_verify_created_server_ephemeral_disk): 200 GET http://10.180.1.21/compute/v2.1/servers/bc7fa48b-8246-4af5-8c65-231e00dede10 0.086s
2025-11-21 22:39:36.457 67201 INFO tempest.lib.common.rest_client [req-17798f15-0a75-42e1-87dd-2d78678a12fa req-17798f15-0a75-42e1-87dd-2d78678a12fa ] Request (ListServersNegativeTestJSON:setUpClass): 200 GET http://10.180.1.21/compute/v2.1/servers/436d154b-c2df-4976-9910-44b538fc3f73 0.076s
2025-11-21 22:39:36.528 67213 INFO tempest.lib.common.rest_client [req-ef1994a2-fa04-4fe6-966f-9a90eafd3384 req-ef1994a2-fa04-4fe6-966f-9a90eafd3384 ] Request (VolumesAssistedSnapshotsTest:tearDownClass): 200 GET http://10.180.1.21/compute/v2.1/servers/d70d749d-1b93-4ae3-9994-791aa3621080 0.075s
2025-11-21 22:39:36.540 67243 INFO tempest.lib.common.rest_client [req-50510630-4a64-4437-986e-1cacbb399000 req-50510630-4a64-4437-986e-1cacbb399000 ] Request (ServerDiskConfigTestJSON:test_resize_server_from_auto_to_manual): 200 GET http://10.180.1.21/compute/v2.1/servers/49ecf517-6245-4ab7-b5bd-f3c7df8176ef 0.114s
2025-11-21 22:39:36.596 67203 INFO tempest.lib.common.rest_client [req-b801db5a-211d-4109-9ee0-c3b9c5129efa req-b801db5a-211d-4109-9ee0-c3b9c5129efa ] Request (DeleteServersTestJSON:test_delete_server_while_in_shelved_state): 200 GET http://10.180.1.21/compute/v2.1/servers/81fbd0f1-8890-4b6a-b372-9f2f7d20edfb 0.053s
2025-11-21 22:39:36.666 67211 INFO tempest.lib.common.rest_client [req-37709e17-b423-4d59-8d91-3798fa0448fd req-37709e17-b423-4d59-8d91-3798fa0448fd ] Request (ServersAdminTestJSON:test_inject_network_info): 200 GET http://10.180.1.21/compute/v2.1/servers/4c73c6d6-5d88-4313-9d39-4d96eaff350f 0.052s
2025-11-21 22:39:36.673 67211 INFO tempest.common.waiters [-] State transition "BUILD/None" ==> "BUILD/networking" after 44 second wait
2025-11-21 22:39:36.948 67233 INFO tempest.lib.common.rest_client [req-e5b6f290-451a-409a-9bcd-d24f77558967 req-e5b6f290-451a-409a-9bcd-d24f77558967 ] Request (ServersV294TestFqdnHostnames:setUpClass): 200 GET http://10.180.1.21/compute/v2.1/servers/349bfb6c-3cd9-4d60-8be0-0f6d6314cba1 0.219s
2025-11-21 22:39:36.956 67249 INFO tempest.lib.common.rest_client [req-4e7a40c3-4b99-4d1d-b20e-b687de5edb73 req-4e7a40c3-4b99-4d1d-b20e-b687de5edb73 ] Request (ServersTestJSON:tearDownClass): 200 GET http://10.180.1.21/compute/v2.1/servers/48bebaa2-011a-4d59-88fc-f54201b97a5c 0.221s
2025-11-21 22:39:37.185 67231 INFO tempest.lib.common.rest_client [req-8514ede3-55ba-44f6-85cb-a434862a93c4 req-8514ede3-55ba-44f6-85cb-a434862a93c4 ] Request (ImagesOneServerNegativeTestJSON:tearDownClass): 200 GET http://10.180.1.21/compute/v2.1/servers/a5c936f3-9a41-439d-82e9-e7e52628d553 0.312s
2025-11-21 22:39:37.192 67231 INFO tempest.common.waiters [-] State transition "ACTIVE/deleting" ==> "DELETED/None" after 4 second wait
2025-11-21 22:39:37.205 67197 INFO tempest.lib.common.rest_client [req-2b5028ab-0a96-423e-8605-a45928698d81 req-2b5028ab-0a96-423e-8605-a45928698d81 ] Request (AttachInterfacesTestJSON:_run_cleanups): 200 GET http://10.180.1.21/compute/v2.1/servers/b36dbc98-faf9-46f1-aa59-7b5f22d0f673 0.308s
2025-11-21 22:39:37.269 67229 INFO tempest.lib.common.rest_client [req-f582e7e1-728d-46e9-9f51-cb58396af0bd req-f582e7e1-728d-46e9-9f51-cb58396af0bd ] Request (ListServerFiltersTestJSON:tearDownClass): 200 GET http://10.180.1.21/compute/v2.1/servers/7edace55-c2b8-4508-b55c-d3086b31912a 0.336s
2025-11-21 22:39:37.282 67195 INFO tempest.lib.common.rest_client [req-813ac0e1-1f11-4fac-93b2-096d8f372bd1 req-813ac0e1-1f11-4fac-93b2-096d8f372bd1 ] Request (ServersTestFqdnHostnames:tearDownClass): 200 GET http://10.180.1.21/compute/v2.1/servers/12a0b9f2-d6c1-4375-8f74-5015626d5be9 0.273s
2025-11-21 22:39:37.356 67247 INFO tempest.lib.common.rest_client [req-11e64dae-7fca-476e-bef4-bb9e0b95a102 req-11e64dae-7fca-476e-bef4-bb9e0b95a102 ] Request (ServerShowV254Test:tearDownClass): 200 GET http://10.180.1.21/compute/v2.1/servers/32e5e02a-0271-41df-9bd0-6c74b85376d5 0.282s
2025-11-21 22:39:37.390 67217 INFO tempest.lib.common.rest_client [req-66c0b64f-7f9c-4ccb-8d9f-05a3f56d8ed2 req-66c0b64f-7f9c-4ccb-8d9f-05a3f56d8ed2 ] Request (ServerActionsTestOtherB:test_resize_server_confirm_from_stopped): 200 GET http://10.180.1.21/compute/v2.1/servers/8bd9cc28-9532-4d85-8a53-da2bea83a489 0.365s
2025-11-21 22:39:37.433 67221 INFO tempest.lib.common.rest_client [req-f4d2fe59-5c6b-4fda-acb5-38f31e66f114 req-f4d2fe59-5c6b-4fda-acb5-38f31e66f114 ] Request (ListImageFiltersTestJSON:setUpClass): 200 GET http://10.180.1.21/compute/v2.1/images/0a71d140-2166-433b-9c6f-215a7dd51ab9 0.327s
2025-11-21 22:39:37.458 67239 INFO tempest.lib.common.rest_client [req-f3c4d431-6ba3-4890-a4e5-3aa7b0447a8d req-f3c4d431-6ba3-4890-a4e5-3aa7b0447a8d ] Request (ServersTestManualDisk:tearDownClass): 200 GET http://10.180.1.21/compute/v2.1/servers/0bf1bed8-feba-4b11-b3c6-26e9b01c417b 0.378s
2025-11-21 22:39:37.512 67207 INFO tempest.lib.common.rest_client [req-30ad03d1-fca6-413d-b7ec-fd15dec69c71 req-30ad03d1-fca6-413d-b7ec-fd15dec69c71 ] Request (SecurityGroupsTestJSON:tearDownClass): 200 GET http://10.180.1.21/compute/v2.1/servers/552a7996-af70-47bc-a1c6-067a088f0561 0.366s
2025-11-21 22:39:37.526 67257 INFO tempest.lib.common.rest_client [req-21d14e60-c3ba-4f8a-b40f-2463911b6e54 req-21d14e60-c3ba-4f8a-b40f-2463911b6e54 ] Request (ServerMetadataTestJSON:tearDownClass): 200 GET http://10.180.1.21/compute/v2.1/servers/cfc626ef-e1f2-4d5b-8292-980a8fcaf51b 0.357s
2025-11-21 22:39:37.577 67209 INFO tempest.lib.common.rest_client [req-0511881b-eff0-4730-b355-43725cce18d5 req-0511881b-eff0-4730-b355-43725cce18d5 ] Request (ImagesTestJSON:test_create_server_from_snapshot): 200 GET http://10.180.1.21/compute/v2.1/servers/42237b29-9184-4354-9a46-278f2f6e6b9d 0.377s
2025-11-21 22:39:37.648 67225 INFO tempest.lib.common.rest_client [req-8f0023d0-4655-428f-bcb2-9e5d542f2b3c req-8f0023d0-4655-428f-bcb2-9e5d542f2b3c ] Request (ServersWithSpecificFlavorTestJSON:test_verify_created_server_ephemeral_disk): 200 GET http://10.180.1.21/compute/v2.1/servers/bc7fa48b-8246-4af5-8c65-231e00dede10 0.227s
2025-11-21 22:39:37.675 67223 INFO tempest.lib.common.rest_client [req-cef65511-943e-422e-b493-520a080926dc req-cef65511-943e-422e-b493-520a080926dc ] Request (MigrationsAdminTest:test_resize_server_revert_deleted_flavor): 200 GET http://10.180.1.21/compute/v2.1/servers/01a42fda-a0bd-40f9-9576-4aa82b98b00d 0.264s
2025-11-21 22:39:37.683 67223 INFO tempest.common.waiters [-] State transition "RESIZE/resize_migrated" ==> "RESIZE/resize_finish" after 58 second wait
2025-11-21 22:39:37.702 67201 INFO tempest.lib.common.rest_client [req-95d0e554-c431-4dc3-bd9b-0f675f8de74f req-95d0e554-c431-4dc3-bd9b-0f675f8de74f ] Request (ListServersNegativeTestJSON:setUpClass): 200 GET http://10.180.1.21/compute/v2.1/servers/436d154b-c2df-4976-9910-44b538fc3f73 0.237s
2025-11-21 22:39:37.734 67213 INFO tempest.lib.common.rest_client [req-69b439db-68a3-450f-bf4a-9fb38f64f8b1 req-69b439db-68a3-450f-bf4a-9fb38f64f8b1 ] Request (VolumesAssistedSnapshotsTest:tearDownClass): 200 GET http://10.180.1.21/compute/v2.1/servers/d70d749d-1b93-4ae3-9994-791aa3621080 0.197s
2025-11-21 22:39:37.810 67203 INFO tempest.lib.common.rest_client [req-6d3addd2-d58a-47f0-887f-a32b1cfe3018 req-6d3addd2-d58a-47f0-887f-a32b1cfe3018 ] Request (DeleteServersTestJSON:test_delete_server_while_in_shelved_state): 200 GET http://10.180.1.21/compute/v2.1/servers/81fbd0f1-8890-4b6a-b372-9f2f7d20edfb 0.205s
2025-11-21 22:39:37.838 67243 INFO tempest.lib.common.rest_client [req-d10c7c22-a773-4085-89b7-5cccac338de1 req-d10c7c22-a773-4085-89b7-5cccac338de1 ] Request (ServerDiskConfigTestJSON:test_resize_server_from_auto_to_manual): 200 GET http://10.180.1.21/compute/v2.1/servers/49ecf517-6245-4ab7-b5bd-f3c7df8176ef 0.289s
2025-11-21 22:39:37.937 67211 INFO tempest.lib.common.rest_client [req-31d44c91-2087-4ac4-b62d-40be314b7a6f req-31d44c91-2087-4ac4-b62d-40be314b7a6f ] Request (ServersAdminTestJSON:test_inject_network_info): 200 GET http://10.180.1.21/compute/v2.1/servers/4c73c6d6-5d88-4313-9d39-4d96eaff350f 0.263s
2025-11-21 22:39:37.945 67211 INFO tempest.common.waiters [-] State transition "BUILD/networking" ==> "BUILD/spawning" after 45 second wait
2025-11-21 22:39:38.024 67249 INFO tempest.lib.common.rest_client [req-b59495a1-7b22-431e-ae8d-4eb75108ac76 req-b59495a1-7b22-431e-ae8d-4eb75108ac76 ] Request (ServersTestJSON:tearDownClass): 200 GET http://10.180.1.21/compute/v2.1/servers/48bebaa2-011a-4d59-88fc-f54201b97a5c 0.059s
2025-11-21 22:39:38.043 67233 INFO tempest.lib.common.rest_client [req-2540d338-c9c5-4ae5-9709-75fac3410294 req-2540d338-c9c5-4ae5-9709-75fac3410294 ] Request (ServersV294TestFqdnHostnames:setUpClass): 200 GET http://10.180.1.21/compute/v2.1/servers/349bfb6c-3cd9-4d60-8be0-0f6d6314cba1 0.074s
2025-11-21 22:39:38.254 67231 INFO tempest.lib.common.rest_client [req-929bd911-2100-44a7-8a3c-bf5dd8be3050 req-929bd911-2100-44a7-8a3c-bf5dd8be3050 ] Request (ImagesOneServerNegativeTestJSON:tearDownClass): 200 GET http://10.180.1.21/compute/v2.1/servers/a5c936f3-9a41-439d-82e9-e7e52628d553 0.060s
2025-11-21 22:39:38.271 67197 INFO tempest.lib.common.rest_client [req-0dd22157-20fb-49b6-bda0-bf051b6755be req-0dd22157-20fb-49b6-bda0-bf051b6755be ] Request (AttachInterfacesTestJSON:_run_cleanups): 200 GET http://10.180.1.21/compute/v2.1/servers/b36dbc98-faf9-46f1-aa59-7b5f22d0f673 0.057s
2025-11-21 22:39:38.278 67197 INFO tempest.common.waiters [-] State transition "ACTIVE/deleting" ==> "DELETED/None" after 4 second wait
2025-11-21 22:39:38.344 67229 INFO tempest.lib.common.rest_client [req-c6c7c462-71ff-45db-b6e2-311aeedb2e40 req-c6c7c462-71ff-45db-b6e2-311aeedb2e40 ] Request (ListServerFiltersTestJSON:tearDownClass): 200 GET http://10.180.1.21/compute/v2.1/servers/7edace55-c2b8-4508-b55c-d3086b31912a 0.066s
2025-11-21 22:39:38.358 67195 INFO tempest.lib.common.rest_client [req-4752cd87-fc08-4603-ba08-255bcc47a27e req-4752cd87-fc08-4603-ba08-255bcc47a27e ] Request (ServersTestFqdnHostnames:tearDownClass): 200 GET http://10.180.1.21/compute/v2.1/servers/12a0b9f2-d6c1-4375-8f74-5015626d5be9 0.067s
2025-11-21 22:39:38.443 67247 INFO tempest.lib.common.rest_client [req-04f326d0-77e9-47a2-a1b1-7d5a76a6feb6 req-04f326d0-77e9-47a2-a1b1-7d5a76a6feb6 ] Request (ServerShowV254Test:tearDownClass): 200 GET http://10.180.1.21/compute/v2.1/servers/32e5e02a-0271-41df-9bd0-6c74b85376d5 0.073s
2025-11-21 22:39:38.483 67221 INFO tempest.lib.common.rest_client [req-1a193c0f-b3a7-412b-8ffa-4c7c206da921 req-1a193c0f-b3a7-412b-8ffa-4c7c206da921 ] Request (ListImageFiltersTestJSON:setUpClass): 200 GET http://10.180.1.21/compute/v2.1/images/0a71d140-2166-433b-9c6f-215a7dd51ab9 0.046s
2025-11-21 22:39:38.524 67217 INFO tempest.lib.common.rest_client [req-067c07c6-f91a-4124-94e5-b267edf2dcdd req-067c07c6-f91a-4124-94e5-b267edf2dcdd ] Request (ServerActionsTestOtherB:test_resize_server_confirm_from_stopped): 200 GET http://10.180.1.21/compute/v2.1/servers/8bd9cc28-9532-4d85-8a53-da2bea83a489 0.123s
2025-11-21 22:39:38.564 67239 INFO tempest.lib.common.rest_client [req-1a48a522-1ef2-4467-8ffd-442e9cc2ed37 req-1a48a522-1ef2-4467-8ffd-442e9cc2ed37 ] Request (ServersTestManualDisk:tearDownClass): 200 GET http://10.180.1.21/compute/v2.1/servers/0bf1bed8-feba-4b11-b3c6-26e9b01c417b 0.096s
2025-11-21 22:39:38.585 67207 INFO tempest.lib.common.rest_client [req-2968e7d1-c9da-49f8-931a-d1351d884686 req-2968e7d1-c9da-49f8-931a-d1351d884686 ] Request (SecurityGroupsTestJSON:tearDownClass): 200 GET http://10.180.1.21/compute/v2.1/servers/552a7996-af70-47bc-a1c6-067a088f0561 0.065s
2025-11-21 22:39:38.622 67257 INFO tempest.lib.common.rest_client [req-0e7faa3c-b70c-4d1d-9ef1-d1ea64abf39b req-0e7faa3c-b70c-4d1d-9ef1-d1ea64abf39b ] Request (ServerMetadataTestJSON:tearDownClass): 200 GET http://10.180.1.21/compute/v2.1/servers/cfc626ef-e1f2-4d5b-8292-980a8fcaf51b 0.088s
2025-11-21 22:39:38.638 67209 INFO tempest.lib.common.rest_client [req-72bc2282-171a-45f6-888e-9193a172fedd req-72bc2282-171a-45f6-888e-9193a172fedd ] Request (ImagesTestJSON:test_create_server_from_snapshot): 200 GET http://10.180.1.21/compute/v2.1/servers/42237b29-9184-4354-9a46-278f2f6e6b9d 0.052s
2025-11-21 22:39:38.711 67225 INFO tempest.lib.common.rest_client [req-39417cec-5230-4903-9120-bab9a55acd1f req-39417cec-5230-4903-9120-bab9a55acd1f ] Request (ServersWithSpecificFlavorTestJSON:test_verify_created_server_ephemeral_disk): 200 GET http://10.180.1.21/compute/v2.1/servers/bc7fa48b-8246-4af5-8c65-231e00dede10 0.052s
2025-11-21 22:39:38.762 67201 INFO tempest.lib.common.rest_client [req-e15dd374-6708-43fd-8a1d-a614528fd5b5 req-e15dd374-6708-43fd-8a1d-a614528fd5b5 ] Request (ListServersNegativeTestJSON:setUpClass): 200 GET http://10.180.1.21/compute/v2.1/servers/436d154b-c2df-4976-9910-44b538fc3f73 0.051s
2025-11-21 22:39:38.776 67223 INFO tempest.lib.common.rest_client [req-09b54419-f94c-4203-b7ec-2d6e469dedfb req-09b54419-f94c-4203-b7ec-2d6e469dedfb ] Request (MigrationsAdminTest:test_resize_server_revert_deleted_flavor): 200 GET http://10.180.1.21/compute/v2.1/servers/01a42fda-a0bd-40f9-9576-4aa82b98b00d 0.092s
2025-11-21 22:39:38.804 67216 WARNING tempest.lib.common.ssh [-] Failed to establish authenticated ssh connection to cirros@10.180.180.148 ([Errno None] Unable to connect to port 22 on 10.180.180.148). Number attempts: 4. Retry after 5 seconds.: paramiko.ssh_exception.NoValidConnectionsError: [Errno None] Unable to connect to port 22 on 10.180.180.148
2025-11-21 22:39:38.818 67213 INFO tempest.lib.common.rest_client [req-13594ad8-aa27-4384-ab73-cb40be56c3ef req-13594ad8-aa27-4384-ab73-cb40be56c3ef ] Request (VolumesAssistedSnapshotsTest:tearDownClass): 200 GET http://10.180.1.21/compute/v2.1/servers/d70d749d-1b93-4ae3-9994-791aa3621080 0.076s
2025-11-21 22:39:38.872 67203 INFO tempest.lib.common.rest_client [req-9f20d597-6852-4e30-84e9-e61b12ac0cb2 req-9f20d597-6852-4e30-84e9-e61b12ac0cb2 ] Request (DeleteServersTestJSON:test_delete_server_while_in_shelved_state): 200 GET http://10.180.1.21/compute/v2.1/servers/81fbd0f1-8890-4b6a-b372-9f2f7d20edfb 0.054s
2025-11-21 22:39:39.070 67211 INFO tempest.lib.common.rest_client [req-e776b3ba-935d-4522-916e-17cc3f2b77f6 req-e776b3ba-935d-4522-916e-17cc3f2b77f6 ] Request (ServersAdminTestJSON:test_inject_network_info): 200 GET http://10.180.1.21/compute/v2.1/servers/4c73c6d6-5d88-4313-9d39-4d96eaff350f 0.124s
2025-11-21 22:39:39.115 67243 INFO tempest.lib.common.rest_client [req-7e600e6d-da53-49ff-9d02-7bf30e2b15d5 req-7e600e6d-da53-49ff-9d02-7bf30e2b15d5 ] Request (ServerDiskConfigTestJSON:test_resize_server_from_auto_to_manual): 200 GET http://10.180.1.21/compute/v2.1/servers/49ecf517-6245-4ab7-b5bd-f3c7df8176ef 0.269s
2025-11-21 22:39:39.128 67249 INFO tempest.lib.common.rest_client [req-bda9a686-b9d9-440e-ae4b-bad488d3b96e req-bda9a686-b9d9-440e-ae4b-bad488d3b96e ] Request (ServersTestJSON:tearDownClass): 200 GET http://10.180.1.21/compute/v2.1/servers/48bebaa2-011a-4d59-88fc-f54201b97a5c 0.094s
2025-11-21 22:39:39.171 67233 INFO tempest.lib.common.rest_client [req-e42839b7-81c5-42d4-848f-21a642c0b5c7 req-e42839b7-81c5-42d4-848f-21a642c0b5c7 ] Request (ServersV294TestFqdnHostnames:setUpClass): 200 GET http://10.180.1.21/compute/v2.1/servers/349bfb6c-3cd9-4d60-8be0-0f6d6314cba1 0.118s
2025-11-21 22:39:39.318 67231 INFO tempest.lib.common.rest_client [req-482f7d27-92f0-41e2-9f4e-a8496812d663 req-482f7d27-92f0-41e2-9f4e-a8496812d663 ] Request (ImagesOneServerNegativeTestJSON:tearDownClass): 200 GET http://10.180.1.21/compute/v2.1/servers/a5c936f3-9a41-439d-82e9-e7e52628d553 0.055s
2025-11-21 22:39:39.335 67197 INFO tempest.lib.common.rest_client [req-94ba971f-59b8-4985-8ae1-2793abbc7d46 req-94ba971f-59b8-4985-8ae1-2793abbc7d46 ] Request (AttachInterfacesTestJSON:_run_cleanups): 200 GET http://10.180.1.21/compute/v2.1/servers/b36dbc98-faf9-46f1-aa59-7b5f22d0f673 0.056s
2025-11-21 22:39:39.427 67229 INFO tempest.lib.common.rest_client [req-0981d25a-c72f-459b-b834-3a6bcc488188 req-0981d25a-c72f-459b-b834-3a6bcc488188 ] Request (ListServerFiltersTestJSON:tearDownClass): 200 GET http://10.180.1.21/compute/v2.1/servers/7edace55-c2b8-4508-b55c-d3086b31912a 0.074s
2025-11-21 22:39:39.428 67195 INFO tempest.lib.common.rest_client [req-56ec237d-8d88-4cc9-98a3-62cb9eef5f2f req-56ec237d-8d88-4cc9-98a3-62cb9eef5f2f ] Request (ServersTestFqdnHostnames:tearDownClass): 200 GET http://10.180.1.21/compute/v2.1/servers/12a0b9f2-d6c1-4375-8f74-5015626d5be9 0.060s
2025-11-21 22:39:39.513 67247 INFO tempest.lib.common.rest_client [req-00d988d6-5a9c-46f0-a682-b05f41b73129 req-00d988d6-5a9c-46f0-a682-b05f41b73129 ] Request (ServerShowV254Test:tearDownClass): 200 GET http://10.180.1.21/compute/v2.1/servers/32e5e02a-0271-41df-9bd0-6c74b85376d5 0.061s
2025-11-21 22:39:39.527 67221 INFO tempest.lib.common.rest_client [req-9a44286b-f66e-4787-890b-4f9ff1675a94 req-9a44286b-f66e-4787-890b-4f9ff1675a94 ] Request (ListImageFiltersTestJSON:setUpClass): 200 GET http://10.180.1.21/compute/v2.1/images/0a71d140-2166-433b-9c6f-215a7dd51ab9 0.039s
2025-11-21 22:39:39.662 67239 INFO tempest.lib.common.rest_client [req-471cb5f7-7f27-4567-909b-6698a0ffa0d8 req-471cb5f7-7f27-4567-909b-6698a0ffa0d8 ] Request (ServersTestManualDisk:tearDownClass): 200 GET http://10.180.1.21/compute/v2.1/servers/0bf1bed8-feba-4b11-b3c6-26e9b01c417b 0.089s
2025-11-21 22:39:39.682 67217 INFO tempest.lib.common.rest_client [req-d341926b-88ad-47ac-b20d-eec8b7671b86 req-d341926b-88ad-47ac-b20d-eec8b7671b86 ] Request (ServerActionsTestOtherB:test_resize_server_confirm_from_stopped): 200 GET http://10.180.1.21/compute/v2.1/servers/8bd9cc28-9532-4d85-8a53-da2bea83a489 0.150s
2025-11-21 22:39:39.729 67207 INFO tempest.lib.common.rest_client [req-781fdfe4-2c81-4d20-8c5c-d7645e8d8667 req-781fdfe4-2c81-4d20-8c5c-d7645e8d8667 ] Request (SecurityGroupsTestJSON:tearDownClass): 200 GET http://10.180.1.21/compute/v2.1/servers/552a7996-af70-47bc-a1c6-067a088f0561 0.136s
2025-11-21 22:39:39.750 67257 INFO tempest.lib.common.rest_client [req-e4339fef-4aae-447f-afcd-63c0093dca3e req-e4339fef-4aae-447f-afcd-63c0093dca3e ] Request (ServerMetadataTestJSON:tearDownClass): 200 GET http://10.180.1.21/compute/v2.1/servers/cfc626ef-e1f2-4d5b-8292-980a8fcaf51b 0.120s
2025-11-21 22:39:39.782 67209 INFO tempest.lib.common.rest_client [req-6c0b95f3-75ff-4b5c-95fa-ffcb2457f1c8 req-6c0b95f3-75ff-4b5c-95fa-ffcb2457f1c8 ] Request (ImagesTestJSON:test_create_server_from_snapshot): 200 GET http://10.180.1.21/compute/v2.1/servers/42237b29-9184-4354-9a46-278f2f6e6b9d 0.136s
2025-11-21 22:39:39.809 67225 INFO tempest.lib.common.rest_client [req-9ba81c0f-84b6-469c-a1da-7d6cd9bf91a4 req-9ba81c0f-84b6-469c-a1da-7d6cd9bf91a4 ] Request (ServersWithSpecificFlavorTestJSON:test_verify_created_server_ephemeral_disk): 200 GET http://10.180.1.21/compute/v2.1/servers/bc7fa48b-8246-4af5-8c65-231e00dede10 0.091s
2025-11-21 22:39:39.833 67201 INFO tempest.lib.common.rest_client [req-eecfe09a-d933-40e1-b59d-94373294b77f req-eecfe09a-d933-40e1-b59d-94373294b77f ] Request (ListServersNegativeTestJSON:setUpClass): 200 GET http://10.180.1.21/compute/v2.1/servers/436d154b-c2df-4976-9910-44b538fc3f73 0.063s
2025-11-21 22:39:39.890 67213 INFO tempest.lib.common.rest_client [req-b792bf06-59ee-4b1a-a588-054d653acc71 req-b792bf06-59ee-4b1a-a588-054d653acc71 ] Request (VolumesAssistedSnapshotsTest:tearDownClass): 200 GET http://10.180.1.21/compute/v2.1/servers/d70d749d-1b93-4ae3-9994-791aa3621080 0.065s
2025-11-21 22:39:39.932 67223 INFO tempest.lib.common.rest_client [req-102fa732-a0cb-4d0b-9565-fce778f5fc68 req-102fa732-a0cb-4d0b-9565-fce778f5fc68 ] Request (MigrationsAdminTest:test_resize_server_revert_deleted_flavor): 200 GET http://10.180.1.21/compute/v2.1/servers/01a42fda-a0bd-40f9-9576-4aa82b98b00d 0.148s
2025-11-21 22:39:39.939 67223 INFO tempest.common.waiters [-] State transition "RESIZE/resize_finish" ==> "VERIFY_RESIZE/None" after 60 second wait
2025-11-21 22:39:39.939 67203 INFO tempest.lib.common.rest_client [req-085f31a2-0f95-4312-8454-c7732eb7d527 req-085f31a2-0f95-4312-8454-c7732eb7d527 ] Request (DeleteServersTestJSON:test_delete_server_while_in_shelved_state): 200 GET http://10.180.1.21/compute/v2.1/servers/81fbd0f1-8890-4b6a-b372-9f2f7d20edfb 0.059s
2025-11-21 22:39:40.045 67223 INFO tempest.lib.common.rest_client [req-5806baeb-84db-49be-9f6b-dc858b81695c req-5806baeb-84db-49be-9f6b-dc858b81695c ] Request (MigrationsAdminTest:test_resize_server_revert_deleted_flavor): 202 POST http://10.180.1.21/compute/v2.1/servers/01a42fda-a0bd-40f9-9576-4aa82b98b00d/action 0.105s
2025-11-21 22:39:40.148 67223 INFO tempest.lib.common.rest_client [req-a0a38c3f-01b3-4424-8667-b4eb25e7924b req-a0a38c3f-01b3-4424-8667-b4eb25e7924b ] Request (MigrationsAdminTest:test_resize_server_revert_deleted_flavor): 200 GET http://10.180.1.21/compute/v2.1/servers/01a42fda-a0bd-40f9-9576-4aa82b98b00d 0.102s
2025-11-21 22:39:40.177 67211 INFO tempest.lib.common.rest_client [req-e81ea7b4-4ae6-400d-8e6f-0f99ba61375c req-e81ea7b4-4ae6-400d-8e6f-0f99ba61375c ] Request (ServersAdminTestJSON:test_inject_network_info): 200 GET http://10.180.1.21/compute/v2.1/servers/4c73c6d6-5d88-4313-9d39-4d96eaff350f 0.098s
2025-11-21 22:39:40.232 67249 INFO tempest.lib.common.rest_client [req-fcc7ab20-5124-460a-9c2f-a7d9ece6bb2b req-fcc7ab20-5124-460a-9c2f-a7d9ece6bb2b ] Request (ServersTestJSON:tearDownClass): 200 GET http://10.180.1.21/compute/v2.1/servers/48bebaa2-011a-4d59-88fc-f54201b97a5c 0.097s
2025-11-21 22:39:40.243 67243 INFO tempest.lib.common.rest_client [req-33a4bc32-3a15-4f46-8b44-1ff93b437a82 req-33a4bc32-3a15-4f46-8b44-1ff93b437a82 ] Request (ServerDiskConfigTestJSON:test_resize_server_from_auto_to_manual): 200 GET http://10.180.1.21/compute/v2.1/servers/49ecf517-6245-4ab7-b5bd-f3c7df8176ef 0.120s
2025-11-21 22:39:40.290 67233 INFO tempest.lib.common.rest_client [req-9104a471-ecf7-4587-af1a-66a6c6337848 req-9104a471-ecf7-4587-af1a-66a6c6337848 ] Request (ServersV294TestFqdnHostnames:setUpClass): 200 GET http://10.180.1.21/compute/v2.1/servers/349bfb6c-3cd9-4d60-8be0-0f6d6314cba1 0.109s
2025-11-21 22:39:40.404 67231 INFO tempest.lib.common.rest_client [req-bac159e1-2ec0-4262-bc08-e789361e76d0 req-bac159e1-2ec0-4262-bc08-e789361e76d0 ] Request (ImagesOneServerNegativeTestJSON:tearDownClass): 200 GET http://10.180.1.21/compute/v2.1/servers/a5c936f3-9a41-439d-82e9-e7e52628d553 0.078s
2025-11-21 22:39:40.420 67197 INFO tempest.lib.common.rest_client [req-50fba5ec-f2c9-491d-9638-3d8bf8ad8574 req-50fba5ec-f2c9-491d-9638-3d8bf8ad8574 ] Request (AttachInterfacesTestJSON:_run_cleanups): 200 GET http://10.180.1.21/compute/v2.1/servers/b36dbc98-faf9-46f1-aa59-7b5f22d0f673 0.075s
2025-11-21 22:39:40.507 67195 INFO tempest.lib.common.rest_client [req-48ebfe90-c670-42c2-83c0-9def2b3882c0 req-48ebfe90-c670-42c2-83c0-9def2b3882c0 ] Request (ServersTestFqdnHostnames:tearDownClass): 200 GET http://10.180.1.21/compute/v2.1/servers/12a0b9f2-d6c1-4375-8f74-5015626d5be9 0.072s
2025-11-21 22:39:40.513 67229 INFO tempest.lib.common.rest_client [req-15788ef1-aecd-4c90-88e3-4257f23220cb req-15788ef1-aecd-4c90-88e3-4257f23220cb ] Request (ListServerFiltersTestJSON:tearDownClass): 200 GET http://10.180.1.21/compute/v2.1/servers/7edace55-c2b8-4508-b55c-d3086b31912a 0.076s
2025-11-21 22:39:40.574 67221 INFO tempest.lib.common.rest_client [req-cb66de09-75d6-4e6f-b74e-d1f037508125 req-cb66de09-75d6-4e6f-b74e-d1f037508125 ] Request (ListImageFiltersTestJSON:setUpClass): 200 GET http://10.180.1.21/compute/v2.1/images/0a71d140-2166-433b-9c6f-215a7dd51ab9 0.044s
2025-11-21 22:39:40.594 67247 INFO tempest.lib.common.rest_client [req-066eac0f-ef28-4a62-befb-de358de9a8fc req-066eac0f-ef28-4a62-befb-de358de9a8fc ] Request (ServerShowV254Test:tearDownClass): 200 GET http://10.180.1.21/compute/v2.1/servers/32e5e02a-0271-41df-9bd0-6c74b85376d5 0.071s
2025-11-21 22:39:40.733 67239 INFO tempest.lib.common.rest_client [req-d91a224c-b6cb-45d7-9e28-164eb0ae3bf8 req-d91a224c-b6cb-45d7-9e28-164eb0ae3bf8 ] Request (ServersTestManualDisk:tearDownClass): 200 GET http://10.180.1.21/compute/v2.1/servers/0bf1bed8-feba-4b11-b3c6-26e9b01c417b 0.063s
2025-11-21 22:39:40.801 67207 INFO tempest.lib.common.rest_client [req-b2cb21e0-1444-469a-9aa7-f994cb253324 req-b2cb21e0-1444-469a-9aa7-f994cb253324 ] Request (SecurityGroupsTestJSON:tearDownClass): 200 GET http://10.180.1.21/compute/v2.1/servers/552a7996-af70-47bc-a1c6-067a088f0561 0.064s
2025-11-21 22:39:40.806 67217 INFO tempest.lib.common.rest_client [req-2cec6d59-f4f3-4ab4-ac27-1dbc9211f508 req-2cec6d59-f4f3-4ab4-ac27-1dbc9211f508 ] Request (ServerActionsTestOtherB:test_resize_server_confirm_from_stopped): 200 GET http://10.180.1.21/compute/v2.1/servers/8bd9cc28-9532-4d85-8a53-da2bea83a489 0.115s
2025-11-21 22:39:40.859 67257 INFO tempest.lib.common.rest_client [req-1585d17c-19ae-446e-a047-986da6bc1eee req-1585d17c-19ae-446e-a047-986da6bc1eee ] Request (ServerMetadataTestJSON:tearDownClass): 200 GET http://10.180.1.21/compute/v2.1/servers/cfc626ef-e1f2-4d5b-8292-980a8fcaf51b 0.100s
2025-11-21 22:39:40.861 67209 INFO tempest.lib.common.rest_client [req-0da20fe3-bb72-4460-94e7-fd0a4128bd61 req-0da20fe3-bb72-4460-94e7-fd0a4128bd61 ] Request (ImagesTestJSON:test_create_server_from_snapshot): 200 GET http://10.180.1.21/compute/v2.1/servers/42237b29-9184-4354-9a46-278f2f6e6b9d 0.070s
2025-11-21 22:39:40.910 67201 INFO tempest.lib.common.rest_client [req-fc190265-c240-4ca8-ac33-5ba25e881928 req-fc190265-c240-4ca8-ac33-5ba25e881928 ] Request (ListServersNegativeTestJSON:setUpClass): 200 GET http://10.180.1.21/compute/v2.1/servers/436d154b-c2df-4976-9910-44b538fc3f73 0.069s
2025-11-21 22:39:40.915 67225 INFO tempest.lib.common.rest_client [req-b34d6c30-d7d0-404b-9b50-939cda43d17b req-b34d6c30-d7d0-404b-9b50-939cda43d17b ] Request (ServersWithSpecificFlavorTestJSON:test_verify_created_server_ephemeral_disk): 200 GET http://10.180.1.21/compute/v2.1/servers/bc7fa48b-8246-4af5-8c65-231e00dede10 0.098s
2025-11-21 22:39:40.971 67213 INFO tempest.lib.common.rest_client [req-897defd4-4f79-4886-ba7a-91003939831c req-897defd4-4f79-4886-ba7a-91003939831c ] Request (VolumesAssistedSnapshotsTest:tearDownClass): 200 GET http://10.180.1.21/compute/v2.1/servers/d70d749d-1b93-4ae3-9994-791aa3621080 0.074s
2025-11-21 22:39:41.006 67203 INFO tempest.lib.common.rest_client [req-be0ec4c8-2668-4ec3-bb6e-7da01df455a2 req-be0ec4c8-2668-4ec3-bb6e-7da01df455a2 ] Request (DeleteServersTestJSON:test_delete_server_while_in_shelved_state): 200 GET http://10.180.1.21/compute/v2.1/servers/81fbd0f1-8890-4b6a-b372-9f2f7d20edfb 0.059s
2025-11-21 22:39:41.277 67223 INFO tempest.lib.common.rest_client [req-1d7048f0-deb1-40bd-9e2e-b11bdafb5597 req-1d7048f0-deb1-40bd-9e2e-b11bdafb5597 ] Request (MigrationsAdminTest:test_resize_server_revert_deleted_flavor): 200 GET http://10.180.1.21/compute/v2.1/servers/01a42fda-a0bd-40f9-9576-4aa82b98b00d 0.121s
2025-11-21 22:39:41.304 67211 INFO tempest.lib.common.rest_client [req-20597283-19fc-425a-8f40-035cdf7ae2d4 req-20597283-19fc-425a-8f40-035cdf7ae2d4 ] Request (ServersAdminTestJSON:test_inject_network_info): 200 GET http://10.180.1.21/compute/v2.1/servers/4c73c6d6-5d88-4313-9d39-4d96eaff350f 0.120s
2025-11-21 22:39:41.346 67249 INFO tempest.lib.common.rest_client [req-b7f2396f-1abb-4eb1-b292-685121ff4beb req-b7f2396f-1abb-4eb1-b292-685121ff4beb ] Request (ServersTestJSON:tearDownClass): 200 GET http://10.180.1.21/compute/v2.1/servers/48bebaa2-011a-4d59-88fc-f54201b97a5c 0.105s
2025-11-21 22:39:41.406 67243 INFO tempest.lib.common.rest_client [req-e3ec5bee-87f2-4e4b-90ac-b5c45105de5f req-e3ec5bee-87f2-4e4b-90ac-b5c45105de5f ] Request (ServerDiskConfigTestJSON:test_resize_server_from_auto_to_manual): 200 GET http://10.180.1.21/compute/v2.1/servers/49ecf517-6245-4ab7-b5bd-f3c7df8176ef 0.155s
2025-11-21 22:39:41.420 67233 INFO tempest.lib.common.rest_client [req-d6900c82-61ff-4cb9-b7cd-cf3d4ac4580d req-d6900c82-61ff-4cb9-b7cd-cf3d4ac4580d ] Request (ServersV294TestFqdnHostnames:setUpClass): 200 GET http://10.180.1.21/compute/v2.1/servers/349bfb6c-3cd9-4d60-8be0-0f6d6314cba1 0.119s
