2025-11-21 22:35:09.948 67235 INFO tempest.lib.common.dynamic_creds [-] Created isolated network resources for: credentials: Credentials: {'domain_id': 'default', 'domain_name': 'Default', 'username': 'tempest-InstanceActionsTestJSON-2076877083-project-member', 'project_domain_id': 'default', 'project_domain_name': 'Default', 'project_id': 'b9203dca04554f278ec3f42c8ba0d682', 'project_name': 'tempest-InstanceActionsTestJSON-2076877083', 'tenant_id': 'b9203dca04554f278ec3f42c8ba0d682', 'tenant_name': 'tempest-InstanceActionsTestJSON-2076877083', 'user_domain_id': 'default', 'user_domain_name': 'Default', 'user_id': '61a2bfd9c81c4dd8ac94434df1ebeccb', 'system': None}, Network: {'id': '13411128-71da-4f42-980b-7faa366f4d43', 'name': 'tempest-InstanceActionsTestJSON-581936589-network', 'tenant_id': 'b9203dca04554f278ec3f42c8ba0d682', 'project_id': 'b9203dca04554f278ec3f42c8ba0d682', 'admin_state_up': True, 'mtu': 8950, 'status': 'ACTIVE', 'subnets': [], 'shared': False, 'port_security_enabled': True, 'router:external': False, 'provider:network_type': 'vlan', 'provider:physical_network': 'default', 'provider:segmentation_id': 817, 'availability_zone_hints': [], 'availability_zones': [], 'ipv4_address_scope': None, 'ipv6_address_scope': None, 'description': '', 'tags': [], 'created_at': '2025-11-21T22:35:05Z', 'updated_at': '2025-11-21T22:35:05Z', 'revision_number': 1}, Subnet: {'id': '1c3f655b-38b7-4dd9-920c-cfc15512d03f', 'name': 'tempest-InstanceActionsTestJSON-581936589-subnet', 'tenant_id': 'b9203dca04554f278ec3f42c8ba0d682', 'network_id': '13411128-71da-4f42-980b-7faa366f4d43', 'ip_version': 4, 'subnetpool_id': None, 'enable_dhcp': True, 'ipv6_ra_mode': None, 'ipv6_address_mode': None, 'gateway_ip': '192.168.128.1', 'cidr': '192.168.128.0/28', 'allocation_pools': [{'start': '192.168.128.2', 'end': '192.168.128.14'}], 'host_routes': [], 'dns_nameservers': [], 'description': '', 'router:external': False, 'service_types': [], 'tags': [], 'created_at': '2025-11-21T22:35:05Z', 'updated_at': '2025-11-21T22:35:05Z', 'revision_number': 0, 'project_id': 'b9203dca04554f278ec3f42c8ba0d682'}, Router: {'id': '88de6fd0-66e3-49f6-b8bc-13c84b7edab1', 'name': 'tempest-InstanceActionsTestJSON-581936589-router', 'tenant_id': 'b9203dca04554f278ec3f42c8ba0d682', 'admin_state_up': True, 'status': 'ACTIVE', 'external_gateway_info': {'network_id': 'd0ed963a-e96d-4674-85c7-9fda24527960', 'external_fixed_ips': [{'subnet_id': '97455abf-d85a-4138-b6fe-71dab7275c43', 'ip_address': '10.180.180.173'}], 'enable_snat': True}, 'description': '', 'availability_zones': [], 'distributed': False, 'ha': False, 'availability_zone_hints': [], 'routes': [], 'flavor_id': None, 'tags': [], 'created_at': '2025-11-21T22:35:06Z', 'updated_at': '2025-11-21T22:35:07Z', 'revision_number': 2, 'project_id': 'b9203dca04554f278ec3f42c8ba0d682'}
2025-11-21 22:35:09.964 67225 INFO tempest.lib.common.rest_client [req-27b2e78e-3269-48f9-964e-8a55561d9f17 req-27b2e78e-3269-48f9-964e-8a55561d9f17 ] Request (ServersWithSpecificFlavorTestJSON:setUpClass): 201 POST http://10.180.1.21/identity/v3/projects 0.281s
2025-11-21 22:35:10.001 67223 INFO tempest.lib.common.rest_client [req-5cd1332e-0408-43b3-b4f5-e9a86af8f1a3 req-5cd1332e-0408-43b3-b4f5-e9a86af8f1a3 ] Request (MigrationsAdminTest:setUpClass): 201 POST http://10.180.1.21/identity/v3/auth/tokens 0.231s
2025-11-21 22:35:10.002 67223 INFO tempest.api.compute.admin.test_migrations [-] Using project manager for migrating servers, project manager user id: a95379232fa341e2867d8f23a6522f6d
2025-11-21 22:35:10.071 67219 INFO tempest.lib.common.rest_client [req-ca9b1739-f319-4c05-adc8-4f08c1da355d req-ca9b1739-f319-4c05-adc8-4f08c1da355d ] Request (FlavorMetadataValidation:test_flavor_update_with_custom_namespace): 200 POST http://10.180.1.21/compute/v2.1/flavors 1.874s
2025-11-21 22:35:10.078 67257 INFO tempest.lib.common.rest_client [req-55da4290-f20f-4f90-bb9a-f152a68c50b3 req-55da4290-f20f-4f90-bb9a-f152a68c50b3 ] Request (FlavorsAccessNegativeTestJSON:setUpClass): 201 POST http://10.180.1.21/identity/v3/auth/tokens 0.188s
2025-11-21 22:35:10.079 67257 WARNING tempest.lib.common.rest_client [-] Deprecated: "tenant_id" property is deprecated for removal, use "project_id" instead
2025-11-21 22:35:10.150 67253 INFO tempest.lib.common.rest_client [req-947f1969-cc7c-4994-a300-16f9dff3ccb4 req-947f1969-cc7c-4994-a300-16f9dff3ccb4 ] Request (ServersAdmin275Test:setUpClass): 204 PUT http://10.180.1.21/identity/v3/projects/04c272000d14498c878e258a020a6545/users/9f0757afba6249eb860dcae5de76589e/roles/8c6df3b168584ccc82eb989b6e90f7f1 0.211s
2025-11-21 22:35:10.184 67235 INFO tempest.lib.common.rest_client [req-7dc2c807-4dec-4545-baf5-babb4f01f0ef req-7dc2c807-4dec-4545-baf5-babb4f01f0ef ] Request (InstanceActionsTestJSON:setUpClass): 201 POST http://10.180.1.21/identity/v3/auth/tokens 0.228s
2025-11-21 22:35:10.214 67225 INFO tempest.lib.common.rest_client [req-c5071c49-01f2-477e-8683-7aec3dc6ee3b req-c5071c49-01f2-477e-8683-7aec3dc6ee3b ] Request (ServersWithSpecificFlavorTestJSON:setUpClass): 201 POST http://10.180.1.21/identity/v3/users 0.250s
2025-11-21 22:35:10.301 67245 INFO tempest.lib.common.rest_client [req-140fbe8d-31b3-4df9-8124-40343dd51731 req-140fbe8d-31b3-4df9-8124-40343dd51731 ] Request (HypervisorAdminNegativeTestJSON:test_get_hypervisor_list_details_with_non_admin_user): 403 GET http://10.180.1.21/compute/v2.1/os-hypervisors/detail 2.039s
2025-11-21 22:35:10.313 67253 INFO tempest.lib.common.rest_client [req-e8cfc8ec-7138-43b7-bca7-b87b4a5221eb req-e8cfc8ec-7138-43b7-bca7-b87b4a5221eb ] Request (ServersAdmin275Test:setUpClass): 200 GET http://10.180.1.21/identity/v3/roles 0.162s
2025-11-21 22:35:10.345 67225 INFO tempest.lib.common.rest_client [req-08c60ff0-c43d-4ecf-9a7a-1b41039eff4e req-08c60ff0-c43d-4ecf-9a7a-1b41039eff4e ] Request (ServersWithSpecificFlavorTestJSON:setUpClass): 200 GET http://10.180.1.21/identity/v3/roles 0.130s
2025-11-21 22:35:10.364 67235 INFO tempest.lib.common.rest_client [req-41686ff4-a2dc-4e6a-9155-c35119e86484 req-41686ff4-a2dc-4e6a-9155-c35119e86484 ] Request (InstanceActionsTestJSON:setUpClass): 201 POST http://10.180.1.21/identity/v3/auth/tokens 0.177s
2025-11-21 22:35:10.365 67235 INFO tempest.lib.common.fixed_network [-] (InstanceActionsTestJSON:setUpClass) Found network {'id': '13411128-71da-4f42-980b-7faa366f4d43', 'name': 'tempest-InstanceActionsTestJSON-581936589-network', 'tenant_id': 'b9203dca04554f278ec3f42c8ba0d682', 'project_id': 'b9203dca04554f278ec3f42c8ba0d682', 'admin_state_up': True, 'mtu': 8950, 'status': 'ACTIVE', 'subnets': [], 'shared': False, 'port_security_enabled': True, 'router:external': False, 'provider:network_type': 'vlan', 'provider:physical_network': 'default', 'provider:segmentation_id': 817, 'availability_zone_hints': [], 'availability_zones': [], 'ipv4_address_scope': None, 'ipv6_address_scope': None, 'description': '', 'tags': [], 'created_at': '2025-11-21T22:35:05Z', 'updated_at': '2025-11-21T22:35:05Z', 'revision_number': 1} available for tenant
2025-11-21 22:35:10.425 67253 INFO tempest.lib.common.rest_client [req-06d407cf-a322-4af4-8e27-bf2bd8eee181 req-06d407cf-a322-4af4-8e27-bf2bd8eee181 ] Request (ServersAdmin275Test:setUpClass): 204 PUT http://10.180.1.21/identity/v3/projects/04c272000d14498c878e258a020a6545/users/9f0757afba6249eb860dcae5de76589e/roles/8c6df3b168584ccc82eb989b6e90f7f1 0.112s
2025-11-21 22:35:10.425 67253 INFO tempest.lib.common.dynamic_creds [-] Dynamic test user 9f0757afba6249eb860dcae5de76589e is created with scope project and roles: ['admin']
2025-11-21 22:35:10.425 67253 INFO tempest.lib.common.dynamic_creds [-] Acquired dynamic creds: credentials: Credentials: {'domain_id': 'default', 'domain_name': 'Default', 'username': 'tempest-ServersAdmin275Test-1125606634-project-admin', 'project_domain_id': 'default', 'project_domain_name': 'Default', 'project_id': '04c272000d14498c878e258a020a6545', 'project_name': 'tempest-ServersAdmin275Test-1125606634', 'tenant_id': '04c272000d14498c878e258a020a6545', 'tenant_name': 'tempest-ServersAdmin275Test-1125606634', 'user_domain_id': 'default', 'user_domain_name': 'Default', 'user_id': '9f0757afba6249eb860dcae5de76589e', 'system': None}, Network: None, Subnet: None, Router: None
2025-11-21 22:35:10.426 67253 INFO tempest.lib.common.dynamic_creds [-] Created isolated network resources for: credentials: Credentials: {'domain_id': 'default', 'domain_name': 'Default', 'username': 'tempest-ServersAdmin275Test-1125606634-project-admin', 'project_domain_id': 'default', 'project_domain_name': 'Default', 'project_id': '04c272000d14498c878e258a020a6545', 'project_name': 'tempest-ServersAdmin275Test-1125606634', 'tenant_id': '04c272000d14498c878e258a020a6545', 'tenant_name': 'tempest-ServersAdmin275Test-1125606634', 'user_domain_id': 'default', 'user_domain_name': 'Default', 'user_id': '9f0757afba6249eb860dcae5de76589e', 'system': None}, Network: None, Subnet: None, Router: None
2025-11-21 22:35:10.443 67251 INFO tempest.lib.common.rest_client [req-9b4783ee-7b60-44d4-bf9d-d2110f9f54b7 req-9b4783ee-7b60-44d4-bf9d-d2110f9f54b7 ] Request (FlavorsExtraSpecsNegativeTestJSON:setUpClass): 200 POST http://10.180.1.21/compute/v2.1/flavors 2.108s
2025-11-21 22:35:10.452 67231 INFO tempest.lib.common.rest_client [req-ffbd90ec-c6a3-42e7-b4b1-e9fe9b3ae59a req-ffbd90ec-c6a3-42e7-b4b1-e9fe9b3ae59a ] Request (ImagesOneServerNegativeTestJSON:setUpClass): 200 PUT http://10.180.1.21/networking/v2.0/routers/144aa2bc-fff5-4704-9935-68884e781799/add_router_interface 3.005s
2025-11-21 22:35:10.452 67231 INFO tempest.lib.common.dynamic_creds [-] Created isolated network resources for: credentials: Credentials: {'domain_id': 'default', 'domain_name': 'Default', 'username': 'tempest-ImagesOneServerNegativeTestJSON-1609959325-project-member', 'project_domain_id': 'default', 'project_domain_name': 'Default', 'project_id': '872701dbeaf0414d8cfa1c8bb524fa74', 'project_name': 'tempest-ImagesOneServerNegativeTestJSON-1609959325', 'tenant_id': '872701dbeaf0414d8cfa1c8bb524fa74', 'tenant_name': 'tempest-ImagesOneServerNegativeTestJSON-1609959325', 'user_domain_id': 'default', 'user_domain_name': 'Default', 'user_id': 'e066e7a29dbb4ff19c8e5b06fbac0c3b', 'system': None}, Network: {'id': '2371821e-5403-4904-a7a6-d4a27591f0c4', 'name': 'tempest-ImagesOneServerNegativeTestJSON-1529419333-network', 'tenant_id': '872701dbeaf0414d8cfa1c8bb524fa74', 'project_id': '872701dbeaf0414d8cfa1c8bb524fa74', 'admin_state_up': True, 'mtu': 8950, 'status': 'ACTIVE', 'subnets': [], 'shared': False, 'port_security_enabled': True, 'router:external': False, 'provider:network_type': 'vlan', 'provider:physical_network': 'default', 'provider:segmentation_id': 479, 'availability_zone_hints': [], 'availability_zones': [], 'ipv4_address_scope': None, 'ipv6_address_scope': None, 'description': '', 'tags': [], 'created_at': '2025-11-21T22:35:04Z', 'updated_at': '2025-11-21T22:35:04Z', 'revision_number': 1}, Subnet: {'id': 'fb623ff5-4fc5-4674-8a24-42dae40b87ee', 'name': 'tempest-ImagesOneServerNegativeTestJSON-1529419333-subnet', 'tenant_id': '872701dbeaf0414d8cfa1c8bb524fa74', 'network_id': '2371821e-5403-4904-a7a6-d4a27591f0c4', 'ip_version': 4, 'subnetpool_id': None, 'enable_dhcp': True, 'ipv6_ra_mode': None, 'ipv6_address_mode': None, 'gateway_ip': '192.168.128.1', 'cidr': '192.168.128.0/28', 'allocation_pools': [{'start': '192.168.128.2', 'end': '192.168.128.14'}], 'host_routes': [], 'dns_nameservers': [], 'description': '', 'router:external': False, 'service_types': [], 'tags': [], 'created_at': '2025-11-21T22:35:05Z', 'updated_at': '2025-11-21T22:35:05Z', 'revision_number': 0, 'project_id': '872701dbeaf0414d8cfa1c8bb524fa74'}, Router: {'id': '144aa2bc-fff5-4704-9935-68884e781799', 'name': 'tempest-ImagesOneServerNegativeTestJSON-1529419333-router', 'tenant_id': '872701dbeaf0414d8cfa1c8bb524fa74', 'admin_state_up': True, 'status': 'ACTIVE', 'external_gateway_info': {'network_id': 'd0ed963a-e96d-4674-85c7-9fda24527960', 'external_fixed_ips': [{'subnet_id': '97455abf-d85a-4138-b6fe-71dab7275c43', 'ip_address': '10.180.180.200'}], 'enable_snat': True}, 'description': '', 'availability_zones': [], 'distributed': False, 'ha': False, 'availability_zone_hints': [], 'routes': [], 'flavor_id': None, 'tags': [], 'created_at': '2025-11-21T22:35:06Z', 'updated_at': '2025-11-21T22:35:07Z', 'revision_number': 2, 'project_id': '872701dbeaf0414d8cfa1c8bb524fa74'}
2025-11-21 22:35:10.518 67225 INFO tempest.lib.common.rest_client [req-9c9c46da-ccc8-48d6-b9cd-812a1dd01cd9 req-9c9c46da-ccc8-48d6-b9cd-812a1dd01cd9 ] Request (ServersWithSpecificFlavorTestJSON:setUpClass): 204 PUT http://10.180.1.21/identity/v3/projects/a072b0b03d7c40e2a465ba9e7e14f5d5/users/a10a7231bb9c45cd830d2ea1bdc1cfd9/roles/8c6df3b168584ccc82eb989b6e90f7f1 0.172s
2025-11-21 22:35:10.573 67217 INFO tempest.lib.common.rest_client [req-ff9039c2-aa83-49b3-a205-efb56f98c09c req-ff9039c2-aa83-49b3-a205-efb56f98c09c ] Request (FlavorsV2NegativeTest:test_boot_with_low_ram): 204 PUT http://10.180.1.21/image/v2/images/6ebfdff3-4f82-4627-adc3-f3901bcd617a/file 3.510s
2025-11-21 22:35:10.609 67253 INFO tempest.lib.common.rest_client [req-f95d0093-003e-41cb-b7c8-e97e71ede685 req-f95d0093-003e-41cb-b7c8-e97e71ede685 ] Request (ServersAdmin275Test:setUpClass): 201 POST http://10.180.1.21/identity/v3/auth/tokens 0.177s
2025-11-21 22:35:10.620 67203 INFO tempest.lib.common.rest_client [req-811a945b-24f6-4bc8-a94c-e5569469762e req-811a945b-24f6-4bc8-a94c-e5569469762e ] Request (ServerDiagnosticsV248Test:test_get_server_diagnostics): 202 POST http://10.180.1.21/compute/v2.1/servers 2.438s
2025-11-21 22:35:10.684 67231 INFO tempest.lib.common.rest_client [req-16452253-d1e8-4fa3-a741-bac2f0f35330 req-16452253-d1e8-4fa3-a741-bac2f0f35330 ] Request (ImagesOneServerNegativeTestJSON:setUpClass): 201 POST http://10.180.1.21/identity/v3/auth/tokens 0.225s
2025-11-21 22:35:10.687 67225 INFO tempest.lib.common.rest_client [req-e943419b-4cb2-46d2-8ede-021193882e28 req-e943419b-4cb2-46d2-8ede-021193882e28 ] Request (ServersWithSpecificFlavorTestJSON:setUpClass): 200 GET http://10.180.1.21/identity/v3/roles 0.169s
2025-11-21 22:35:10.737 67217 INFO tempest.lib.common.rest_client [req-70602fd9-24a0-41eb-8495-a53a3a0e3d56 req-70602fd9-24a0-41eb-8495-a53a3a0e3d56 ] Request (FlavorsV2NegativeTest:test_boot_with_low_ram): 201 POST http://10.180.1.21/identity/v3/auth/tokens 0.157s
2025-11-21 22:35:10.737 67217 INFO tempest.lib.common.fixed_network [-] (FlavorsV2NegativeTest:test_boot_with_low_ram) Found network None available for tenant
2025-11-21 22:35:10.738 67253 INFO tempest.lib.common.rest_client [req-8a205758-4507-4b1f-8feb-5abffc2def41 req-8a205758-4507-4b1f-8feb-5abffc2def41 ] Request (ServersAdmin275Test:test_rebuild_update_server_275): 201 POST http://10.180.1.21/identity/v3/auth/tokens 0.121s
2025-11-21 22:35:10.738 67253 INFO tempest.lib.common.fixed_network [-] (ServersAdmin275Test:test_rebuild_update_server_275) Found network None available for tenant
2025-11-21 22:35:10.831 67225 INFO tempest.lib.common.rest_client [req-f123a27a-4a39-4572-8a2e-ed07877e8203 req-f123a27a-4a39-4572-8a2e-ed07877e8203 ] Request (ServersWithSpecificFlavorTestJSON:setUpClass): 204 PUT http://10.180.1.21/identity/v3/projects/a072b0b03d7c40e2a465ba9e7e14f5d5/users/a10a7231bb9c45cd830d2ea1bdc1cfd9/roles/8c6df3b168584ccc82eb989b6e90f7f1 0.144s
2025-11-21 22:35:10.832 67225 INFO tempest.lib.common.dynamic_creds [-] Dynamic test user a10a7231bb9c45cd830d2ea1bdc1cfd9 is created with scope project and roles: ['admin']
2025-11-21 22:35:10.832 67225 INFO tempest.lib.common.dynamic_creds [-] Acquired dynamic creds: credentials: Credentials: {'domain_id': 'default', 'domain_name': 'Default', 'username': 'tempest-ServersWithSpecificFlavorTestJSON-1387305774-project-admin', 'project_domain_id': 'default', 'project_domain_name': 'Default', 'project_id': 'a072b0b03d7c40e2a465ba9e7e14f5d5', 'project_name': 'tempest-ServersWithSpecificFlavorTestJSON-1387305774', 'tenant_id': 'a072b0b03d7c40e2a465ba9e7e14f5d5', 'tenant_name': 'tempest-ServersWithSpecificFlavorTestJSON-1387305774', 'user_domain_id': 'default', 'user_domain_name': 'Default', 'user_id': 'a10a7231bb9c45cd830d2ea1bdc1cfd9', 'system': None}, Network: None, Subnet: None, Router: None
2025-11-21 22:35:10.839 67233 INFO tempest.lib.common.rest_client [req-ca5be82b-f393-4a83-b096-ec61cb61e75e req-ca5be82b-f393-4a83-b096-ec61cb61e75e ] Request (HostsAdminNegativeTestJSON:setUpClass): 200 GET http://10.180.1.21/compute/v2.1/os-hosts 2.313s
2025-11-21 22:35:10.864 67231 INFO tempest.lib.common.rest_client [req-1aa6e882-2579-4eb3-a4dc-80877ecefabc req-1aa6e882-2579-4eb3-a4dc-80877ecefabc ] Request (ImagesOneServerNegativeTestJSON:setUpClass): 201 POST http://10.180.1.21/identity/v3/auth/tokens 0.176s
2025-11-21 22:35:10.865 67231 INFO tempest.lib.common.fixed_network [-] (ImagesOneServerNegativeTestJSON:setUpClass) Found network {'id': '2371821e-5403-4904-a7a6-d4a27591f0c4', 'name': 'tempest-ImagesOneServerNegativeTestJSON-1529419333-network', 'tenant_id': '872701dbeaf0414d8cfa1c8bb524fa74', 'project_id': '872701dbeaf0414d8cfa1c8bb524fa74', 'admin_state_up': True, 'mtu': 8950, 'status': 'ACTIVE', 'subnets': [], 'shared': False, 'port_security_enabled': True, 'router:external': False, 'provider:network_type': 'vlan', 'provider:physical_network': 'default', 'provider:segmentation_id': 479, 'availability_zone_hints': [], 'availability_zones': [], 'ipv4_address_scope': None, 'ipv6_address_scope': None, 'description': '', 'tags': [], 'created_at': '2025-11-21T22:35:04Z', 'updated_at': '2025-11-21T22:35:04Z', 'revision_number': 1} available for tenant
2025-11-21 22:35:10.897 67216 INFO tempest.lib.common.rest_client [req-05e87f11-662a-40a5-b094-20fb4fb99db7 req-05e87f11-662a-40a5-b094-20fb4fb99db7 ] Request (FloatingIPDetailsNegativeTestJSON:tearDownClass): 200 PUT http://10.180.1.21/networking/v2.0/routers/941fb1af-940a-4597-9990-6c82ef19f870/remove_router_interface 2.575s
2025-11-21 22:35:11.006 67205 INFO tempest.lib.common.rest_client [req-c94104cf-a79e-495b-979e-509c9ac78b53 req-c94104cf-a79e-495b-979e-509c9ac78b53 ] Request (HypervisorAdminV253TestBase:tearDownClass): 204 DELETE http://10.180.1.21/networking/v2.0/security-groups/c7479d82-a114-44de-8a07-5cb9c473cb3c 1.502s
2025-11-21 22:35:11.117 67205 INFO tempest.lib.common.rest_client [req-dd33616a-e8c1-4786-9400-c55e7718193c req-dd33616a-e8c1-4786-9400-c55e7718193c ] Request (HypervisorAdminV253TestBase:tearDownClass): 204 DELETE http://10.180.1.21/identity/v3/projects/06a5472b9f3446f0b5917e1320bee7a6 0.110s
2025-11-21 22:35:11.117 67205 INFO tempest.lib.common.dynamic_creds [-] Deleting project and security group for project: a7437b0b008e4c7db0be69a6d568d037
2025-11-21 22:35:11.175 67209 INFO tempest.lib.common.rest_client [req-98d2f105-b665-4fb5-ba9a-566572575662 req-98d2f105-b665-4fb5-ba9a-566572575662 ] Request (TenantUsagesNegativeTestJSON:tearDownClass): 200 GET http://10.180.1.21/networking/v2.0/security-groups?tenant_id=b3be624a3eb247e087c4e93123dc56e9&name=default 1.347s
2025-11-21 22:35:11.335 67213 INFO tempest.lib.common.rest_client [req-052ec5e2-267e-4097-96f2-72f928511f5f req-052ec5e2-267e-4097-96f2-72f928511f5f ] Request (VolumesAssistedSnapshotsTest:setUpClass): 200 PUT http://10.180.1.21/networking/v2.0/routers/23a1cb95-813f-45b3-9986-4adb99430e80/add_router_interface 2.372s
2025-11-21 22:35:11.336 67213 INFO tempest.lib.common.dynamic_creds [-] Created isolated network resources for: credentials: Credentials: {'domain_id': 'default', 'domain_name': 'Default', 'username': 'tempest-VolumesAssistedSnapshotsTest-105506614-project-member', 'project_domain_id': 'default', 'project_domain_name': 'Default', 'project_id': '0e4351d550174415b63c1b6dba1acaae', 'project_name': 'tempest-VolumesAssistedSnapshotsTest-105506614', 'tenant_id': '0e4351d550174415b63c1b6dba1acaae', 'tenant_name': 'tempest-VolumesAssistedSnapshotsTest-105506614', 'user_domain_id': 'default', 'user_domain_name': 'Default', 'user_id': '0bf25d819fe94965919d122058032a3d', 'system': None}, Network: {'id': 'a15fd565-37d7-45e0-8aa3-35d4badf9836', 'name': 'tempest-VolumesAssistedSnapshotsTest-133742828-network', 'tenant_id': '0e4351d550174415b63c1b6dba1acaae', 'project_id': '0e4351d550174415b63c1b6dba1acaae', 'admin_state_up': True, 'mtu': 8950, 'status': 'ACTIVE', 'subnets': [], 'shared': False, 'port_security_enabled': True, 'router:external': False, 'provider:network_type': 'vlan', 'provider:physical_network': 'default', 'provider:segmentation_id': 82, 'availability_zone_hints': [], 'availability_zones': [], 'ipv4_address_scope': None, 'ipv6_address_scope': None, 'description': '', 'tags': [], 'created_at': '2025-11-21T22:35:05Z', 'updated_at': '2025-11-21T22:35:05Z', 'revision_number': 1}, Subnet: {'id': '57f1fc68-5c64-4609-8b22-474f07f81385', 'name': 'tempest-VolumesAssistedSnapshotsTest-133742828-subnet', 'tenant_id': '0e4351d550174415b63c1b6dba1acaae', 'network_id': 'a15fd565-37d7-45e0-8aa3-35d4badf9836', 'ip_version': 4, 'subnetpool_id': None, 'enable_dhcp': True, 'ipv6_ra_mode': None, 'ipv6_address_mode': None, 'gateway_ip': '192.168.128.1', 'cidr': '192.168.128.0/28', 'allocation_pools': [{'start': '192.168.128.2', 'end': '192.168.128.14'}], 'host_routes': [], 'dns_nameservers': [], 'description': '', 'router:external': False, 'service_types': [], 'tags': [], 'created_at': '2025-11-21T22:35:06Z', 'updated_at': '2025-11-21T22:35:06Z', 'revision_number': 0, 'project_id': '0e4351d550174415b63c1b6dba1acaae'}, Router: {'id': '23a1cb95-813f-45b3-9986-4adb99430e80', 'name': 'tempest-VolumesAssistedSnapshotsTest-133742828-router', 'tenant_id': '0e4351d550174415b63c1b6dba1acaae', 'admin_state_up': True, 'status': 'ACTIVE', 'external_gateway_info': {'network_id': 'd0ed963a-e96d-4674-85c7-9fda24527960', 'external_fixed_ips': [{'subnet_id': '97455abf-d85a-4138-b6fe-71dab7275c43', 'ip_address': '10.180.180.166'}], 'enable_snat': True}, 'description': '', 'availability_zones': [], 'distributed': False, 'ha': False, 'availability_zone_hints': [], 'routes': [], 'flavor_id': None, 'tags': [], 'created_at': '2025-11-21T22:35:08Z', 'updated_at': '2025-11-21T22:35:08Z', 'revision_number': 2, 'project_id': '0e4351d550174415b63c1b6dba1acaae'}
2025-11-21 22:35:11.373 67237 INFO tempest.lib.common.rest_client [req-01c5c0a7-123e-4cdf-aa35-abe388f9f6bb req-01c5c0a7-123e-4cdf-aa35-abe388f9f6bb ] Request (AZAdminNegativeTestJSON:tearDownClass): 200 GET http://10.180.1.21/networking/v2.0/security-groups?tenant_id=d0bc0d8083a34e7cbb636761d7f8c5c6&name=default 1.439s
2025-11-21 22:35:11.434 67213 INFO tempest.lib.common.rest_client [req-e8b5ce0e-2bb8-4484-99d2-851da256342c req-e8b5ce0e-2bb8-4484-99d2-851da256342c ] Request (VolumesAssistedSnapshotsTest:setUpClass): 201 POST http://10.180.1.21/identity/v3/auth/tokens 0.091s
2025-11-21 22:35:11.437 67241 INFO tempest.lib.common.rest_client [req-1a8d87cf-de9c-4384-a591-f4d1a4bc421e req-1a8d87cf-de9c-4384-a591-f4d1a4bc421e ] Request (NetworksTest:test_get_network): 200 GET http://10.180.1.21/compute/v2.1/os-networks 3.037s
2025-11-21 22:35:11.472 67213 INFO tempest.lib.common.rest_client [req-c0cbc15f-a8ef-423d-a352-c6e7089acee3 req-c0cbc15f-a8ef-423d-a352-c6e7089acee3 ] Request (VolumesAssistedSnapshotsTest:setUpClass): 201 POST http://10.180.1.21/identity/v3/projects 0.037s
2025-11-21 22:35:11.556 67213 INFO tempest.lib.common.rest_client [req-0798a52e-6458-4eb8-821a-06e4943d0ffe req-0798a52e-6458-4eb8-821a-06e4943d0ffe ] Request (VolumesAssistedSnapshotsTest:setUpClass): 201 POST http://10.180.1.21/identity/v3/users 0.083s
2025-11-21 22:35:11.560 67225 INFO tempest.lib.common.rest_client [req-c87e53c3-f05a-4018-bd3b-3aeea7f7d213 req-c87e53c3-f05a-4018-bd3b-3aeea7f7d213 ] Request (ServersWithSpecificFlavorTestJSON:setUpClass): 201 POST http://10.180.1.21/networking/v2.0/networks 0.728s
2025-11-21 22:35:11.580 67213 INFO tempest.lib.common.rest_client [req-752f7114-7eec-4de9-8331-82cca06df25b req-752f7114-7eec-4de9-8331-82cca06df25b ] Request (VolumesAssistedSnapshotsTest:setUpClass): 200 GET http://10.180.1.21/identity/v3/roles 0.023s
2025-11-21 22:35:11.585 67201 INFO tempest.lib.common.rest_client [req-e6989bec-f87b-45b4-b743-57fed0a98195 req-e6989bec-f87b-45b4-b743-57fed0a98195 ] Request (KeyPairsNegativeTestJSON:test_create_keypair_invalid_name): 400 POST http://10.180.1.21/compute/v2.1/os-keypairs 2.942s
2025-11-21 22:35:11.618 67213 INFO tempest.lib.common.rest_client [req-b35c9f98-1730-458a-81b8-26654cb859e3 req-b35c9f98-1730-458a-81b8-26654cb859e3 ] Request (VolumesAssistedSnapshotsTest:setUpClass): 204 PUT http://10.180.1.21/identity/v3/projects/9c76bfe70e1849a4b5e980d4b4ca5d4b/users/b198cbb8bdca4c798ef9bfefd4c2d9e7/roles/8c6df3b168584ccc82eb989b6e90f7f1 0.038s
2025-11-21 22:35:11.678 67213 INFO tempest.lib.common.rest_client [req-0d83db6d-da85-46d9-95f4-01be914d0a26 req-0d83db6d-da85-46d9-95f4-01be914d0a26 ] Request (VolumesAssistedSnapshotsTest:setUpClass): 200 GET http://10.180.1.21/identity/v3/roles 0.059s
2025-11-21 22:35:11.711 67213 INFO tempest.lib.common.rest_client [req-184a61b0-1d1b-424e-9283-f572be9362b5 req-184a61b0-1d1b-424e-9283-f572be9362b5 ] Request (VolumesAssistedSnapshotsTest:setUpClass): 204 PUT http://10.180.1.21/identity/v3/projects/9c76bfe70e1849a4b5e980d4b4ca5d4b/users/b198cbb8bdca4c798ef9bfefd4c2d9e7/roles/8c6df3b168584ccc82eb989b6e90f7f1 0.033s
2025-11-21 22:35:11.713 67213 INFO tempest.lib.common.dynamic_creds [-] Dynamic test user b198cbb8bdca4c798ef9bfefd4c2d9e7 is created with scope project and roles: ['admin']
2025-11-21 22:35:11.714 67213 INFO tempest.lib.common.dynamic_creds [-] Acquired dynamic creds: credentials: Credentials: {'domain_id': 'default', 'domain_name': 'Default', 'username': 'tempest-VolumesAssistedSnapshotsTest-548930290-project-admin', 'project_domain_id': 'default', 'project_domain_name': 'Default', 'project_id': '9c76bfe70e1849a4b5e980d4b4ca5d4b', 'project_name': 'tempest-VolumesAssistedSnapshotsTest-548930290', 'tenant_id': '9c76bfe70e1849a4b5e980d4b4ca5d4b', 'tenant_name': 'tempest-VolumesAssistedSnapshotsTest-548930290', 'user_domain_id': 'default', 'user_domain_name': 'Default', 'user_id': 'b198cbb8bdca4c798ef9bfefd4c2d9e7', 'system': None}, Network: None, Subnet: None, Router: None
2025-11-21 22:35:11.756 67243 INFO tempest.lib.common.rest_client [req-9eaa113a-bd02-4071-ba3e-6a48902b0ee1 req-9eaa113a-bd02-4071-ba3e-6a48902b0ee1 ] Request (SecurityGroupsTestAdminJSON:test_list_security_groups_list_all_tenants_filter): 200 POST http://10.180.1.21/compute/v2.1/os-security-groups 3.176s
2025-11-21 22:35:11.849 67205 INFO tempest.lib.common.rest_client [req-6ac2d798-a1cd-46d7-809a-2cd33b3125f7 req-6ac2d798-a1cd-46d7-809a-2cd33b3125f7 ] Request (HypervisorAdminV253TestBase:tearDownClass): 200 GET http://10.180.1.21/networking/v2.0/security-groups?tenant_id=a7437b0b008e4c7db0be69a6d568d037&name=default 0.731s
2025-11-21 22:35:11.923 67216 INFO tempest.lib.common.rest_client [req-00a66f3a-3df3-4d62-ab05-68859d82a740 req-00a66f3a-3df3-4d62-ab05-68859d82a740 ] Request (FloatingIPDetailsNegativeTestJSON:tearDownClass): 204 DELETE http://10.180.1.21/networking/v2.0/routers/941fb1af-940a-4597-9990-6c82ef19f870 1.025s
2025-11-21 22:35:11.926 67209 INFO tempest.lib.common.rest_client [req-b03ce4ef-41bc-40c8-be00-cc25c18271f1 req-b03ce4ef-41bc-40c8-be00-cc25c18271f1 ] Request (TenantUsagesNegativeTestJSON:tearDownClass): 204 DELETE http://10.180.1.21/networking/v2.0/security-groups/0d60aa44-71d1-4bc2-ae56-5dc0e7d6426b 0.751s
2025-11-21 22:35:11.999 67237 INFO tempest.lib.common.rest_client [req-a7f79c13-631d-4523-83eb-16ccb0e04bd5 req-a7f79c13-631d-4523-83eb-16ccb0e04bd5 ] Request (AZAdminNegativeTestJSON:tearDownClass): 204 DELETE http://10.180.1.21/networking/v2.0/security-groups/26587653-8543-4a18-975c-020a6a1dfee5 0.625s
2025-11-21 22:35:12.039 67209 INFO tempest.lib.common.rest_client [req-b6f04988-d54e-4e78-83aa-f80cdae88e73 req-b6f04988-d54e-4e78-83aa-f80cdae88e73 ] Request (TenantUsagesNegativeTestJSON:tearDownClass): 204 DELETE http://10.180.1.21/identity/v3/projects/b3be624a3eb247e087c4e93123dc56e9 0.112s
2025-11-21 22:35:12.039 67209 INFO tempest.lib.common.dynamic_creds [-] Deleting project and security group for project: ee90d599669b4ce09a04a8166cc17cf7
2025-11-21 22:35:12.121 67237 INFO tempest.lib.common.rest_client [req-e44c08c2-388e-4ddd-8703-b4772d9349d5 req-e44c08c2-388e-4ddd-8703-b4772d9349d5 ] Request (AZAdminNegativeTestJSON:tearDownClass): 204 DELETE http://10.180.1.21/identity/v3/projects/d0bc0d8083a34e7cbb636761d7f8c5c6 0.121s
2025-11-21 22:35:12.121 67237 INFO tempest.lib.common.dynamic_creds [-] Deleting project and security group for project: e1b580c94c694b38a91094228a74c6e7
2025-11-21 22:35:12.129 67225 INFO tempest.lib.common.rest_client [req-47fb9375-fe30-4d53-838c-5e866c3cbd49 req-47fb9375-fe30-4d53-838c-5e866c3cbd49 ] Request (ServersWithSpecificFlavorTestJSON:setUpClass): 201 POST http://10.180.1.21/networking/v2.0/subnets 0.568s
2025-11-21 22:35:12.258 67205 INFO tempest.lib.common.rest_client [req-3693a104-1713-4e0e-b447-1fffa17428db req-3693a104-1713-4e0e-b447-1fffa17428db ] Request (HypervisorAdminV253TestBase:tearDownClass): 204 DELETE http://10.180.1.21/networking/v2.0/security-groups/49801d66-b171-497d-8cae-2912cef93259 0.409s
2025-11-21 22:35:12.270 67213 INFO tempest.lib.common.rest_client [req-40baa8cf-0b98-46d3-a964-edb9214b4897 req-40baa8cf-0b98-46d3-a964-edb9214b4897 ] Request (VolumesAssistedSnapshotsTest:setUpClass): 201 POST http://10.180.1.21/networking/v2.0/networks 0.556s
2025-11-21 22:35:12.377 67205 INFO tempest.lib.common.rest_client [req-fdf97d52-6dba-4d6d-98a1-cdabdcecbd1f req-fdf97d52-6dba-4d6d-98a1-cdabdcecbd1f ] Request (HypervisorAdminV253TestBase:tearDownClass): 204 DELETE http://10.180.1.21/identity/v3/projects/a7437b0b008e4c7db0be69a6d568d037 0.118s
2025-11-21 22:35:12.378 67205 INFO tempest.test [-] raised in LiveMigrationRemoteConsolesV26Test.setUpClass. Invoking tearDownClass.
2025-11-21 22:35:12.379 67205 INFO tempest.test [-] raised in LiveMigrationNegativeTest.setUpClass. Invoking tearDownClass.
2025-11-21 22:35:12.406 67216 INFO tempest.lib.common.rest_client [req-360df3de-6c4f-4545-bf06-6d9ec1bed948 req-360df3de-6c4f-4545-bf06-6d9ec1bed948 ] Request (FloatingIPDetailsNegativeTestJSON:tearDownClass): 204 DELETE http://10.180.1.21/networking/v2.0/subnets/1df8c335-cbb8-4fe1-bd40-0e205391856c 0.482s
2025-11-21 22:35:12.426 67209 INFO tempest.lib.common.rest_client [req-8ecd06a4-f754-42c9-93b5-82aa70d3b146 req-8ecd06a4-f754-42c9-93b5-82aa70d3b146 ] Request (TenantUsagesNegativeTestJSON:tearDownClass): 200 GET http://10.180.1.21/networking/v2.0/security-groups?tenant_id=ee90d599669b4ce09a04a8166cc17cf7&name=default 0.386s
2025-11-21 22:35:12.449 67205 INFO tempest.lib.common.rest_client [req-f0fd5cd9-0c6e-417a-8a26-24bd6e840b88 req-f0fd5cd9-0c6e-417a-8a26-24bd6e840b88 ] Request (InstanceActionsV221TestJSON:setUpClass): 201 POST http://10.180.1.21/identity/v3/auth/tokens 0.067s
2025-11-21 22:35:12.496 67205 INFO tempest.lib.common.rest_client [req-8591de45-fbf3-4eb3-858c-9e05cd86e1d8 req-8591de45-fbf3-4eb3-858c-9e05cd86e1d8 ] Request (InstanceActionsV221TestJSON:setUpClass): 201 POST http://10.180.1.21/identity/v3/auth/tokens 0.041s
2025-11-21 22:35:12.506 67237 INFO tempest.lib.common.rest_client [req-e399d925-7fe3-4dab-9f6b-0c2a72c09a52 req-e399d925-7fe3-4dab-9f6b-0c2a72c09a52 ] Request (AZAdminNegativeTestJSON:tearDownClass): 200 GET http://10.180.1.21/networking/v2.0/security-groups?tenant_id=e1b580c94c694b38a91094228a74c6e7&name=default 0.385s
2025-11-21 22:35:12.537 67205 INFO tempest.lib.common.rest_client [req-c20358db-6782-4c47-b574-349582b76190 req-c20358db-6782-4c47-b574-349582b76190 ] Request (InstanceActionsV221TestJSON:setUpClass): 200 GET http://10.180.1.21/identity/v3/domains?name=Default 0.040s
2025-11-21 22:35:12.573 67205 INFO tempest.lib.common.rest_client [req-08806a7b-b585-4e4e-8605-9de45f5b8e45 req-08806a7b-b585-4e4e-8605-9de45f5b8e45 ] Request (InstanceActionsV221TestJSON:setUpClass): 201 POST http://10.180.1.21/identity/v3/projects 0.035s
2025-11-21 22:35:12.639 67205 INFO tempest.lib.common.rest_client [req-1aef04e7-71e4-48b4-beeb-1fc12a215533 req-1aef04e7-71e4-48b4-beeb-1fc12a215533 ] Request (InstanceActionsV221TestJSON:setUpClass): 201 POST http://10.180.1.21/identity/v3/users 0.066s
2025-11-21 22:35:12.664 67205 INFO tempest.lib.common.rest_client [req-31ceee61-c429-4ef8-9ba7-25cec4780a53 req-31ceee61-c429-4ef8-9ba7-25cec4780a53 ] Request (InstanceActionsV221TestJSON:setUpClass): 200 GET http://10.180.1.21/identity/v3/roles 0.024s
2025-11-21 22:35:12.668 67213 INFO tempest.lib.common.rest_client [req-a28aa9f6-fcd9-4e3a-8c7d-48762152a3af req-a28aa9f6-fcd9-4e3a-8c7d-48762152a3af ] Request (VolumesAssistedSnapshotsTest:setUpClass): 201 POST http://10.180.1.21/networking/v2.0/subnets 0.397s
2025-11-21 22:35:12.693 67205 INFO tempest.lib.common.rest_client [req-297a77d5-ae22-417a-8ae5-ea21575b4c8a req-297a77d5-ae22-417a-8ae5-ea21575b4c8a ] Request (InstanceActionsV221TestJSON:setUpClass): 204 PUT http://10.180.1.21/identity/v3/projects/0c901930492c418ebc3f191de2fc8b25/users/24dc6eb4bcf8492a92e81f3ca68c2c81/roles/b668181682c545f585b5f8ee45677a44 0.029s
2025-11-21 22:35:12.694 67205 INFO tempest.lib.common.dynamic_creds [-] Dynamic test user 24dc6eb4bcf8492a92e81f3ca68c2c81 is created with scope project and roles: ['member']
2025-11-21 22:35:12.694 67205 INFO tempest.lib.common.dynamic_creds [-] Acquired dynamic creds: credentials: Credentials: {'domain_id': 'default', 'domain_name': 'Default', 'username': 'tempest-InstanceActionsV221TestJSON-163739217-project-member', 'project_domain_id': 'default', 'project_domain_name': 'Default', 'project_id': '0c901930492c418ebc3f191de2fc8b25', 'project_name': 'tempest-InstanceActionsV221TestJSON-163739217', 'tenant_id': '0c901930492c418ebc3f191de2fc8b25', 'tenant_name': 'tempest-InstanceActionsV221TestJSON-163739217', 'user_domain_id': 'default', 'user_domain_name': 'Default', 'user_id': '24dc6eb4bcf8492a92e81f3ca68c2c81', 'system': None}, Network: None, Subnet: None, Router: None
2025-11-21 22:35:12.749 67205 INFO tempest.lib.common.rest_client [req-daf6d374-512a-4c0f-8018-ace0be53a4ed req-daf6d374-512a-4c0f-8018-ace0be53a4ed ] Request (InstanceActionsV221TestJSON:setUpClass): 201 POST http://10.180.1.21/identity/v3/auth/tokens 0.055s
2025-11-21 22:35:13.083 67216 INFO tempest.lib.common.rest_client [req-3dd3562e-6408-4ac0-9fe5-e4c8e458b4bd req-3dd3562e-6408-4ac0-9fe5-e4c8e458b4bd ] Request (FloatingIPDetailsNegativeTestJSON:tearDownClass): 204 DELETE http://10.180.1.21/networking/v2.0/networks/72b6620e-578c-457d-95c7-a76854c12611 0.676s
2025-11-21 22:35:13.195 67216 INFO tempest.lib.common.rest_client [req-cde7aac6-f8f7-4002-a0de-151471f35a24 req-cde7aac6-f8f7-4002-a0de-151471f35a24 ] Request (FloatingIPDetailsNegativeTestJSON:tearDownClass): 204 DELETE http://10.180.1.21/identity/v3/users/be107623e78745e5828a75889da50f37 0.112s
2025-11-21 22:35:13.195 67216 INFO tempest.lib.common.dynamic_creds [-] Deleting project and security group for project: d7961086cf734edb8fae0fe6b9faede3
2025-11-21 22:35:13.207 67209 INFO tempest.lib.common.rest_client [req-07c127ae-b1a2-4a71-afb2-8499dc3b6fc7 req-07c127ae-b1a2-4a71-afb2-8499dc3b6fc7 ] Request (TenantUsagesNegativeTestJSON:tearDownClass): 204 DELETE http://10.180.1.21/networking/v2.0/security-groups/30e50428-9b2e-4844-82d0-507bf8b6bfba 0.781s
2025-11-21 22:35:13.304 67237 INFO tempest.lib.common.rest_client [req-1383876f-fd6b-4b90-8e2c-24005cf90fd0 req-1383876f-fd6b-4b90-8e2c-24005cf90fd0 ] Request (AZAdminNegativeTestJSON:tearDownClass): 204 DELETE http://10.180.1.21/networking/v2.0/security-groups/c317c952-5841-4aed-ba20-b77794e94182 0.797s
2025-11-21 22:35:13.318 67209 INFO tempest.lib.common.rest_client [req-85024b13-00eb-4451-a813-f1790261aaec req-85024b13-00eb-4451-a813-f1790261aaec ] Request (TenantUsagesNegativeTestJSON:tearDownClass): 204 DELETE http://10.180.1.21/identity/v3/projects/ee90d599669b4ce09a04a8166cc17cf7 0.110s
2025-11-21 22:35:13.319 67209 INFO tempest.test [-] raised in TestMultiAttachVolumeSwap.setUpClass. Invoking tearDownClass.
2025-11-21 22:35:13.392 67209 INFO tempest.lib.common.rest_client [req-082b6c15-9a96-43c6-9688-a84f6755f188 req-082b6c15-9a96-43c6-9688-a84f6755f188 ] Request (ImagesTestJSON:setUpClass): 201 POST http://10.180.1.21/identity/v3/auth/tokens 0.070s
2025-11-21 22:35:13.399 67225 INFO tempest.lib.common.rest_client [req-925840e4-8397-440e-b8f1-eed710b17abe req-925840e4-8397-440e-b8f1-eed710b17abe ] Request (ServersWithSpecificFlavorTestJSON:setUpClass): 201 POST http://10.180.1.21/networking/v2.0/routers 1.270s
2025-11-21 22:35:13.434 67237 INFO tempest.lib.common.rest_client [req-5253e1d6-ef92-4f4e-9608-677269fca241 req-5253e1d6-ef92-4f4e-9608-677269fca241 ] Request (AZAdminNegativeTestJSON:tearDownClass): 204 DELETE http://10.180.1.21/identity/v3/projects/e1b580c94c694b38a91094228a74c6e7 0.129s
2025-11-21 22:35:13.461 67209 INFO tempest.lib.common.rest_client [req-676965c5-b1a5-43ab-b436-f7840f2f14f3 req-676965c5-b1a5-43ab-b436-f7840f2f14f3 ] Request (ImagesTestJSON:setUpClass): 201 POST http://10.180.1.21/identity/v3/auth/tokens 0.066s
2025-11-21 22:35:13.464 67237 INFO tempest.lib.common.rest_client [req-168540d3-7489-4dcd-8d8e-15bf5038eae3 req-168540d3-7489-4dcd-8d8e-15bf5038eae3 ] Request (QuotasAdminNegativeTest:setUpClass): 201 POST http://10.180.1.21/identity/v3/auth/tokens 0.028s
2025-11-21 22:35:13.491 67209 INFO tempest.lib.common.rest_client [req-bba25ee7-dfe0-4ce8-a884-9bbfd030509f req-bba25ee7-dfe0-4ce8-a884-9bbfd030509f ] Request (ImagesTestJSON:setUpClass): 200 GET http://10.180.1.21/identity/v3/domains?name=Default 0.029s
2025-11-21 22:35:13.516 67237 INFO tempest.lib.common.rest_client [req-009ecc01-1620-4389-874a-1b25615f23ad req-009ecc01-1620-4389-874a-1b25615f23ad ] Request (QuotasAdminNegativeTest:setUpClass): 201 POST http://10.180.1.21/identity/v3/auth/tokens 0.047s
2025-11-21 22:35:13.546 67209 INFO tempest.lib.common.rest_client [req-e650737a-5b9f-43dc-8f1a-da8da7044e21 req-e650737a-5b9f-43dc-8f1a-da8da7044e21 ] Request (ImagesTestJSON:setUpClass): 201 POST http://10.180.1.21/identity/v3/projects 0.055s
2025-11-21 22:35:13.548 67237 INFO tempest.lib.common.rest_client [req-4f0c77a6-78a8-4d81-b454-df9ff3e11d6b req-4f0c77a6-78a8-4d81-b454-df9ff3e11d6b ] Request (QuotasAdminNegativeTest:setUpClass): 200 GET http://10.180.1.21/identity/v3/domains?name=Default 0.031s
2025-11-21 22:35:13.568 67195 INFO tempest.lib.common.rest_client [req-a9aee30b-30ed-4329-9a89-24f00cf9b00e req-a9aee30b-30ed-4329-9a89-24f00cf9b00e ] Request (TenantUsagesTestJSON:setUpClass): 202 POST http://10.180.1.21/compute/v2.1/servers 4.902s
2025-11-21 22:35:13.614 67237 INFO tempest.lib.common.rest_client [req-5e662f95-22cc-4b1a-9d88-f928d18238be req-5e662f95-22cc-4b1a-9d88-f928d18238be ] Request (QuotasAdminNegativeTest:setUpClass): 201 POST http://10.180.1.21/identity/v3/projects 0.065s
2025-11-21 22:35:13.619 67209 INFO tempest.lib.common.rest_client [req-ad385c36-6acf-4e78-85d1-b7fe1197412e req-ad385c36-6acf-4e78-85d1-b7fe1197412e ] Request (ImagesTestJSON:setUpClass): 201 POST http://10.180.1.21/identity/v3/users 0.072s
2025-11-21 22:35:13.699 67237 INFO tempest.lib.common.rest_client [req-e153c736-ecf3-4684-b679-cd3043d81261 req-e153c736-ecf3-4684-b679-cd3043d81261 ] Request (QuotasAdminNegativeTest:setUpClass): 201 POST http://10.180.1.21/identity/v3/users 0.084s
2025-11-21 22:35:13.724 67209 INFO tempest.lib.common.rest_client [req-7f76761a-b5ff-4493-9124-a970890c6059 req-7f76761a-b5ff-4493-9124-a970890c6059 ] Request (ImagesTestJSON:setUpClass): 200 GET http://10.180.1.21/identity/v3/roles 0.104s
2025-11-21 22:35:13.746 67205 INFO tempest.lib.common.rest_client [req-ad05df04-6e38-42ca-a45e-6bf835be994f req-ad05df04-6e38-42ca-a45e-6bf835be994f ] Request (InstanceActionsV221TestJSON:setUpClass): 201 POST http://10.180.1.21/networking/v2.0/networks 0.996s
2025-11-21 22:35:13.749 67237 INFO tempest.lib.common.rest_client [req-728dccae-227b-44a6-9390-d58e5018b0c0 req-728dccae-227b-44a6-9390-d58e5018b0c0 ] Request (QuotasAdminNegativeTest:setUpClass): 200 GET http://10.180.1.21/identity/v3/roles 0.050s
2025-11-21 22:35:13.767 67209 INFO tempest.lib.common.rest_client [req-a52b7b46-1d4c-458f-9bc1-4d626d709b46 req-a52b7b46-1d4c-458f-9bc1-4d626d709b46 ] Request (ImagesTestJSON:setUpClass): 204 PUT http://10.180.1.21/identity/v3/projects/4f158c20b8fb452c8995c99dad00c0c6/users/4bee6c451bf34eba8e27b8d594c4a630/roles/b668181682c545f585b5f8ee45677a44 0.043s
2025-11-21 22:35:13.767 67209 INFO tempest.lib.common.dynamic_creds [-] Dynamic test user 4bee6c451bf34eba8e27b8d594c4a630 is created with scope project and roles: ['member']
2025-11-21 22:35:13.767 67209 INFO tempest.lib.common.dynamic_creds [-] Acquired dynamic creds: credentials: Credentials: {'domain_id': 'default', 'domain_name': 'Default', 'username': 'tempest-ImagesTestJSON-910661197-project-member', 'project_domain_id': 'default', 'project_domain_name': 'Default', 'project_id': '4f158c20b8fb452c8995c99dad00c0c6', 'project_name': 'tempest-ImagesTestJSON-910661197', 'tenant_id': '4f158c20b8fb452c8995c99dad00c0c6', 'tenant_name': 'tempest-ImagesTestJSON-910661197', 'user_domain_id': 'default', 'user_domain_name': 'Default', 'user_id': '4bee6c451bf34eba8e27b8d594c4a630', 'system': None}, Network: None, Subnet: None, Router: None
2025-11-21 22:35:13.770 67216 INFO tempest.lib.common.rest_client [req-d0b6b147-fc9a-47a5-a028-6382794fe25b req-d0b6b147-fc9a-47a5-a028-6382794fe25b ] Request (FloatingIPDetailsNegativeTestJSON:tearDownClass): 200 GET http://10.180.1.21/networking/v2.0/security-groups?tenant_id=d7961086cf734edb8fae0fe6b9faede3&name=default 0.575s
2025-11-21 22:35:13.847 67237 INFO tempest.lib.common.rest_client [req-67cd46b5-9d6b-4670-a08a-e04fda0a93a1 req-67cd46b5-9d6b-4670-a08a-e04fda0a93a1 ] Request (QuotasAdminNegativeTest:setUpClass): 204 PUT http://10.180.1.21/identity/v3/projects/1d5a8742389b462f810ed82b8434dd40/users/43f733a46e0041ac93142f3c2039aee5/roles/b668181682c545f585b5f8ee45677a44 0.097s
2025-11-21 22:35:13.848 67237 INFO tempest.lib.common.dynamic_creds [-] Dynamic test user 43f733a46e0041ac93142f3c2039aee5 is created with scope project and roles: ['member']
2025-11-21 22:35:13.848 67237 INFO tempest.lib.common.dynamic_creds [-] Acquired dynamic creds: credentials: Credentials: {'domain_id': 'default', 'domain_name': 'Default', 'username': 'tempest-QuotasAdminNegativeTest-1032190745-project-member', 'project_domain_id': 'default', 'project_domain_name': 'Default', 'project_id': '1d5a8742389b462f810ed82b8434dd40', 'project_name': 'tempest-QuotasAdminNegativeTest-1032190745', 'tenant_id': '1d5a8742389b462f810ed82b8434dd40', 'tenant_name': 'tempest-QuotasAdminNegativeTest-1032190745', 'user_domain_id': 'default', 'user_domain_name': 'Default', 'user_id': '43f733a46e0041ac93142f3c2039aee5', 'system': None}, Network: None, Subnet: None, Router: None
2025-11-21 22:35:13.848 67237 INFO tempest.lib.common.dynamic_creds [-] Created isolated network resources for: credentials: Credentials: {'domain_id': 'default', 'domain_name': 'Default', 'username': 'tempest-QuotasAdminNegativeTest-1032190745-project-member', 'project_domain_id': 'default', 'project_domain_name': 'Default', 'project_id': '1d5a8742389b462f810ed82b8434dd40', 'project_name': 'tempest-QuotasAdminNegativeTest-1032190745', 'tenant_id': '1d5a8742389b462f810ed82b8434dd40', 'tenant_name': 'tempest-QuotasAdminNegativeTest-1032190745', 'user_domain_id': 'default', 'user_domain_name': 'Default', 'user_id': '43f733a46e0041ac93142f3c2039aee5', 'system': None}, Network: None, Subnet: None, Router: None
2025-11-21 22:35:13.869 67209 INFO tempest.lib.common.rest_client [req-239cae9e-6a82-4fec-8fb8-d6d7e6a70422 req-239cae9e-6a82-4fec-8fb8-d6d7e6a70422 ] Request (ImagesTestJSON:setUpClass): 201 POST http://10.180.1.21/identity/v3/auth/tokens 0.100s
2025-11-21 22:35:13.933 67237 INFO tempest.lib.common.rest_client [req-b62fba22-b023-415a-b6b9-62f819179e1d req-b62fba22-b023-415a-b6b9-62f819179e1d ] Request (QuotasAdminNegativeTest:setUpClass): 201 POST http://10.180.1.21/identity/v3/auth/tokens 0.080s
2025-11-21 22:35:13.991 67237 INFO tempest.lib.common.rest_client [req-785974e6-df0b-40c3-9d54-8f6939a4e82e req-785974e6-df0b-40c3-9d54-8f6939a4e82e ] Request (QuotasAdminNegativeTest:setUpClass): 201 POST http://10.180.1.21/identity/v3/projects 0.057s
2025-11-21 22:35:14.052 67237 INFO tempest.lib.common.rest_client [req-40d14297-27f0-48de-9c29-0aecf58354ff req-40d14297-27f0-48de-9c29-0aecf58354ff ] Request (QuotasAdminNegativeTest:setUpClass): 201 POST http://10.180.1.21/identity/v3/users 0.061s
2025-11-21 22:35:14.075 67213 INFO tempest.lib.common.rest_client [req-57db7896-8d3e-4c26-b9dd-3744a0262d8e req-57db7896-8d3e-4c26-b9dd-3744a0262d8e ] Request (VolumesAssistedSnapshotsTest:setUpClass): 201 POST http://10.180.1.21/networking/v2.0/routers 1.406s
2025-11-21 22:35:14.076 67237 INFO tempest.lib.common.rest_client [req-d3eddaaa-ca79-438d-88fb-b2146f52392f req-d3eddaaa-ca79-438d-88fb-b2146f52392f ] Request (QuotasAdminNegativeTest:setUpClass): 200 GET http://10.180.1.21/identity/v3/roles 0.023s
2025-11-21 22:35:14.103 67237 INFO tempest.lib.common.rest_client [req-9ab566be-b71c-476f-84e2-304dff50ed69 req-9ab566be-b71c-476f-84e2-304dff50ed69 ] Request (QuotasAdminNegativeTest:setUpClass): 204 PUT http://10.180.1.21/identity/v3/projects/be15e6baea9142d1b61d4cfeb77cf3ee/users/6644478850334975b320bfae4cbb2a40/roles/8c6df3b168584ccc82eb989b6e90f7f1 0.026s
2025-11-21 22:35:14.182 67237 INFO tempest.lib.common.rest_client [req-df32d77c-5934-421c-b52c-68ccf6eb1947 req-df32d77c-5934-421c-b52c-68ccf6eb1947 ] Request (QuotasAdminNegativeTest:setUpClass): 200 GET http://10.180.1.21/identity/v3/roles 0.078s
2025-11-21 22:35:14.234 67237 INFO tempest.lib.common.rest_client [req-53cbe0fd-75b5-463d-81e5-96f9b6f392b2 req-53cbe0fd-75b5-463d-81e5-96f9b6f392b2 ] Request (QuotasAdminNegativeTest:setUpClass): 204 PUT http://10.180.1.21/identity/v3/projects/be15e6baea9142d1b61d4cfeb77cf3ee/users/6644478850334975b320bfae4cbb2a40/roles/8c6df3b168584ccc82eb989b6e90f7f1 0.051s
2025-11-21 22:35:14.234 67237 INFO tempest.lib.common.dynamic_creds [-] Dynamic test user 6644478850334975b320bfae4cbb2a40 is created with scope project and roles: ['admin']
2025-11-21 22:35:14.234 67237 INFO tempest.lib.common.dynamic_creds [-] Acquired dynamic creds: credentials: Credentials: {'domain_id': 'default', 'domain_name': 'Default', 'username': 'tempest-QuotasAdminNegativeTest-775157991-project-admin', 'project_domain_id': 'default', 'project_domain_name': 'Default', 'project_id': 'be15e6baea9142d1b61d4cfeb77cf3ee', 'project_name': 'tempest-QuotasAdminNegativeTest-775157991', 'tenant_id': 'be15e6baea9142d1b61d4cfeb77cf3ee', 'tenant_name': 'tempest-QuotasAdminNegativeTest-775157991', 'user_domain_id': 'default', 'user_domain_name': 'Default', 'user_id': '6644478850334975b320bfae4cbb2a40', 'system': None}, Network: None, Subnet: None, Router: None
2025-11-21 22:35:14.235 67237 INFO tempest.lib.common.dynamic_creds [-] Created isolated network resources for: credentials: Credentials: {'domain_id': 'default', 'domain_name': 'Default', 'username': 'tempest-QuotasAdminNegativeTest-775157991-project-admin', 'project_domain_id': 'default', 'project_domain_name': 'Default', 'project_id': 'be15e6baea9142d1b61d4cfeb77cf3ee', 'project_name': 'tempest-QuotasAdminNegativeTest-775157991', 'tenant_id': 'be15e6baea9142d1b61d4cfeb77cf3ee', 'tenant_name': 'tempest-QuotasAdminNegativeTest-775157991', 'user_domain_id': 'default', 'user_domain_name': 'Default', 'user_id': '6644478850334975b320bfae4cbb2a40', 'system': None}, Network: None, Subnet: None, Router: None
2025-11-21 22:35:14.246 67221 INFO tempest.lib.common.rest_client [req-6235cbde-22a6-4c1b-a01e-456dca546b57 req-6235cbde-22a6-4c1b-a01e-456dca546b57 ] Request (DeleteServersAdminTestJSON:test_admin_delete_servers_of_others): 202 POST http://10.180.1.21/compute/v2.1/servers 5.506s
2025-11-21 22:35:14.380 67237 INFO tempest.lib.common.rest_client [req-e14c6cdd-7f25-4392-85c0-da583bd0ecbe req-e14c6cdd-7f25-4392-85c0-da583bd0ecbe ] Request (QuotasAdminNegativeTest:setUpClass): 201 POST http://10.180.1.21/identity/v3/auth/tokens 0.140s
2025-11-21 22:35:14.383 67237 WARNING tempest.lib.common.rest_client [-] Deprecated: "tenant_id" property is deprecated for removal, use "project_id" instead
2025-11-21 22:35:14.458 67205 INFO tempest.lib.common.rest_client [req-2a7e2e2d-c92f-4726-894f-266ffe399c0b req-2a7e2e2d-c92f-4726-894f-266ffe399c0b ] Request (InstanceActionsV221TestJSON:setUpClass): 201 POST http://10.180.1.21/networking/v2.0/subnets 0.710s
2025-11-21 22:35:14.563 67216 INFO tempest.lib.common.rest_client [req-fee7540b-dbdb-4704-808b-216e5037c7da req-fee7540b-dbdb-4704-808b-216e5037c7da ] Request (FloatingIPDetailsNegativeTestJSON:tearDownClass): 204 DELETE http://10.180.1.21/networking/v2.0/security-groups/2c04a635-eb84-4edd-8fe7-e4c8b5de5105 0.791s
2025-11-21 22:35:14.699 67216 INFO tempest.lib.common.rest_client [req-53faf440-46a1-47da-95d0-6759def683bd req-53faf440-46a1-47da-95d0-6759def683bd ] Request (FloatingIPDetailsNegativeTestJSON:tearDownClass): 204 DELETE http://10.180.1.21/identity/v3/projects/d7961086cf734edb8fae0fe6b9faede3 0.136s
2025-11-21 22:35:14.765 67216 INFO tempest.lib.common.rest_client [req-4aa448f1-ce7f-410f-92b3-1124e34c20ee req-4aa448f1-ce7f-410f-92b3-1124e34c20ee ] Request (ServerActionsTestJSON:setUpClass): 201 POST http://10.180.1.21/identity/v3/auth/tokens 0.063s
2025-11-21 22:35:14.765 67225 INFO tempest.lib.common.rest_client [req-e8876549-c203-4686-a880-29682cd046c7 req-e8876549-c203-4686-a880-29682cd046c7 ] Request (ServersWithSpecificFlavorTestJSON:setUpClass): 200 PUT http://10.180.1.21/networking/v2.0/routers/4275e984-ceaa-47bf-a803-ff0d55d60f6f/add_router_interface 1.365s
