2025-11-21 22:36:58.777 67211 INFO tempest.lib.common.dynamic_creds [-] Created isolated network resources for: credentials: Credentials: {'domain_id': 'default', 'domain_name': 'Default', 'username': 'tempest-ServersAdminTestJSON-1542757501-project-admin', 'project_domain_id': 'default', 'project_domain_name': 'Default', 'project_id': '99d49abd229c4c81976dd000e57b9198', 'project_name': 'tempest-ServersAdminTestJSON-1542757501', 'tenant_id': '99d49abd229c4c81976dd000e57b9198', 'tenant_name': 'tempest-ServersAdminTestJSON-1542757501', 'user_domain_id': 'default', 'user_domain_name': 'Default', 'user_id': '637d4f2f0258443c9b865bd369d5ed48', 'system': None}, Network: {'id': '0e6b63dc-0bc1-4d99-880f-04cdd10569e0', 'name': 'tempest-ServersAdminTestJSON-1254233340-network', 'tenant_id': '99d49abd229c4c81976dd000e57b9198', 'project_id': '99d49abd229c4c81976dd000e57b9198', 'admin_state_up': True, 'mtu': 8950, 'status': 'ACTIVE', 'subnets': [], 'shared': False, 'port_security_enabled': True, 'router:external': False, 'provider:network_type': 'vlan', 'provider:physical_network': 'default', 'provider:segmentation_id': 624, 'availability_zone_hints': [], 'availability_zones': [], 'ipv4_address_scope': None, 'ipv6_address_scope': None, 'description': '', 'tags': [], 'created_at': '2025-11-21T22:36:56Z', 'updated_at': '2025-11-21T22:36:56Z', 'revision_number': 1}, Subnet: {'id': 'f78c11f6-b614-4235-8df2-bb54bc362c4d', 'name': 'tempest-ServersAdminTestJSON-1254233340-subnet', 'tenant_id': '99d49abd229c4c81976dd000e57b9198', 'network_id': '0e6b63dc-0bc1-4d99-880f-04cdd10569e0', 'ip_version': 4, 'subnetpool_id': None, 'enable_dhcp': True, 'ipv6_ra_mode': None, 'ipv6_address_mode': None, 'gateway_ip': '192.168.128.1', 'cidr': '192.168.128.0/28', 'allocation_pools': [{'start': '192.168.128.2', 'end': '192.168.128.14'}], 'host_routes': [], 'dns_nameservers': [], 'description': '', 'router:external': False, 'service_types': [], 'tags': [], 'created_at': '2025-11-21T22:36:56Z', 'updated_at': '2025-11-21T22:36:56Z', 'revision_number': 0, 'project_id': '99d49abd229c4c81976dd000e57b9198'}, Router: {'id': '3cf35e27-2af8-4132-ba3d-a5941e44d0f5', 'name': 'tempest-ServersAdminTestJSON-1254233340-router', 'tenant_id': '99d49abd229c4c81976dd000e57b9198', 'admin_state_up': True, 'status': 'ACTIVE', 'external_gateway_info': {'network_id': 'd0ed963a-e96d-4674-85c7-9fda24527960', 'external_fixed_ips': [{'subnet_id': '97455abf-d85a-4138-b6fe-71dab7275c43', 'ip_address': '10.180.180.251'}], 'enable_snat': True}, 'description': '', 'availability_zones': [], 'distributed': False, 'ha': False, 'availability_zone_hints': [], 'routes': [], 'flavor_id': None, 'tags': [], 'created_at': '2025-11-21T22:36:56Z', 'updated_at': '2025-11-21T22:36:57Z', 'revision_number': 2, 'project_id': '99d49abd229c4c81976dd000e57b9198'}
2025-11-21 22:36:58.813 67253 INFO tempest.lib.common.rest_client [req-627db19f-5e45-4746-abe3-080c4db930a7 req-627db19f-5e45-4746-abe3-080c4db930a7 ] Request (ServicesAdminNegativeV253TestJSON:setUpClass): 204 PUT http://10.180.1.21/identity/v3/projects/e4903096ab434b7e880990f1f8f91a59/users/579699f28b854edf81b472868c21239b/roles/b668181682c545f585b5f8ee45677a44 0.046s
2025-11-21 22:36:58.814 67253 INFO tempest.lib.common.dynamic_creds [-] Dynamic test user 579699f28b854edf81b472868c21239b is created with scope project and roles: ['member']
2025-11-21 22:36:58.814 67253 INFO tempest.lib.common.dynamic_creds [-] Acquired dynamic creds: credentials: Credentials: {'domain_id': 'default', 'domain_name': 'Default', 'username': 'tempest-ServicesAdminNegativeV253TestJSON-412908796-project-member', 'project_domain_id': 'default', 'project_domain_name': 'Default', 'project_id': 'e4903096ab434b7e880990f1f8f91a59', 'project_name': 'tempest-ServicesAdminNegativeV253TestJSON-412908796', 'tenant_id': 'e4903096ab434b7e880990f1f8f91a59', 'tenant_name': 'tempest-ServicesAdminNegativeV253TestJSON-412908796', 'user_domain_id': 'default', 'user_domain_name': 'Default', 'user_id': '579699f28b854edf81b472868c21239b', 'system': None}, Network: None, Subnet: None, Router: None
2025-11-21 22:36:58.814 67253 INFO tempest.lib.common.dynamic_creds [-] Created isolated network resources for: credentials: Credentials: {'domain_id': 'default', 'domain_name': 'Default', 'username': 'tempest-ServicesAdminNegativeV253TestJSON-412908796-project-member', 'project_domain_id': 'default', 'project_domain_name': 'Default', 'project_id': 'e4903096ab434b7e880990f1f8f91a59', 'project_name': 'tempest-ServicesAdminNegativeV253TestJSON-412908796', 'tenant_id': 'e4903096ab434b7e880990f1f8f91a59', 'tenant_name': 'tempest-ServicesAdminNegativeV253TestJSON-412908796', 'user_domain_id': 'default', 'user_domain_name': 'Default', 'user_id': '579699f28b854edf81b472868c21239b', 'system': None}, Network: None, Subnet: None, Router: None
2025-11-21 22:36:58.894 67211 INFO tempest.lib.common.rest_client [req-00784b05-07f3-4b09-b88a-f8aa879d0454 req-00784b05-07f3-4b09-b88a-f8aa879d0454 ] Request (ServersAdminTestJSON:setUpClass): 201 POST http://10.180.1.21/identity/v3/auth/tokens 0.114s
2025-11-21 22:36:58.914 67253 INFO tempest.lib.common.rest_client [req-b1053368-5b3d-4419-b09d-c03f4092ad69 req-b1053368-5b3d-4419-b09d-c03f4092ad69 ] Request (ServicesAdminNegativeV253TestJSON:setUpClass): 201 POST http://10.180.1.21/identity/v3/auth/tokens 0.094s
2025-11-21 22:36:58.968 67211 INFO tempest.lib.common.rest_client [req-be261ba0-fad6-4283-a240-1d4fc0698afa req-be261ba0-fad6-4283-a240-1d4fc0698afa ] Request (ServersAdminTestJSON:setUpClass): 201 POST http://10.180.1.21/identity/v3/auth/tokens 0.070s
2025-11-21 22:36:58.968 67211 INFO tempest.lib.common.fixed_network [-] (ServersAdminTestJSON:setUpClass) Found network {'id': '791d4e27-15c5-4f6c-8910-5685785ffe5d', 'name': 'tempest-ServersAdminTestJSON-1364485984-network', 'tenant_id': '9497357ea6f54e07b2d8941384d6a562', 'project_id': '9497357ea6f54e07b2d8941384d6a562', 'admin_state_up': True, 'mtu': 8950, 'status': 'ACTIVE', 'subnets': [], 'shared': False, 'port_security_enabled': True, 'router:external': False, 'provider:network_type': 'vlan', 'provider:physical_network': 'default', 'provider:segmentation_id': 958, 'availability_zone_hints': [], 'availability_zones': [], 'ipv4_address_scope': None, 'ipv6_address_scope': None, 'description': '', 'tags': [], 'created_at': '2025-11-21T22:36:53Z', 'updated_at': '2025-11-21T22:36:53Z', 'revision_number': 1} available for tenant
2025-11-21 22:36:58.983 67253 INFO tempest.lib.common.rest_client [req-f46b5e73-a25c-4dae-9371-f3bfdd656b7e req-f46b5e73-a25c-4dae-9371-f3bfdd656b7e ] Request (ServicesAdminNegativeV253TestJSON:setUpClass): 201 POST http://10.180.1.21/identity/v3/projects 0.068s
2025-11-21 22:36:59.052 67253 INFO tempest.lib.common.rest_client [req-a4d88da8-d0bd-4d81-bef2-a606e37fa509 req-a4d88da8-d0bd-4d81-bef2-a606e37fa509 ] Request (ServicesAdminNegativeV253TestJSON:setUpClass): 201 POST http://10.180.1.21/identity/v3/users 0.067s
2025-11-21 22:36:59.080 67253 INFO tempest.lib.common.rest_client [req-92946405-392d-4025-baa7-0e3d39e1a6ca req-92946405-392d-4025-baa7-0e3d39e1a6ca ] Request (ServicesAdminNegativeV253TestJSON:setUpClass): 200 GET http://10.180.1.21/identity/v3/roles 0.027s
2025-11-21 22:36:59.106 67253 INFO tempest.lib.common.rest_client [req-59bbc72a-d3fc-4dce-9e01-9a0d36c5082c req-59bbc72a-d3fc-4dce-9e01-9a0d36c5082c ] Request (ServicesAdminNegativeV253TestJSON:setUpClass): 204 PUT http://10.180.1.21/identity/v3/projects/788c634381f74bc3ab3cea6b27c6ed3a/users/93421f3c97e64b41a352ccb6dad36014/roles/8c6df3b168584ccc82eb989b6e90f7f1 0.026s
2025-11-21 22:36:59.146 67205 INFO tempest.lib.common.rest_client [req-b261704d-7c4d-4677-bd3d-d22e07e35394 req-b261704d-7c4d-4677-bd3d-d22e07e35394 ] Request (ServerShowV247Test:test_update_rebuild_list_server): 200 GET http://10.180.1.21/compute/v2.1/servers/f5ebed34-3b00-471c-bb3d-7fe5b0527bf1 4.033s
2025-11-21 22:36:59.158 67253 INFO tempest.lib.common.rest_client [req-d050ed49-6deb-43f2-ad8c-81e78a7b21dd req-d050ed49-6deb-43f2-ad8c-81e78a7b21dd ] Request (ServicesAdminNegativeV253TestJSON:setUpClass): 200 GET http://10.180.1.21/identity/v3/roles 0.051s
2025-11-21 22:36:59.172 67195 INFO tempest.lib.common.rest_client [req-40c1452e-9968-40d9-b9bc-f0bb5998750a req-40c1452e-9968-40d9-b9bc-f0bb5998750a ] Request (ServersTestFqdnHostnames:setUpClass): 201 POST http://10.180.1.21/networking/v2.0/routers 1.102s
2025-11-21 22:36:59.180 67253 INFO tempest.lib.common.rest_client [req-5ac8d8df-b114-49eb-9465-4d9a8c58b03d req-5ac8d8df-b114-49eb-9465-4d9a8c58b03d ] Request (ServicesAdminNegativeV253TestJSON:setUpClass): 204 PUT http://10.180.1.21/identity/v3/projects/788c634381f74bc3ab3cea6b27c6ed3a/users/93421f3c97e64b41a352ccb6dad36014/roles/8c6df3b168584ccc82eb989b6e90f7f1 0.022s
2025-11-21 22:36:59.180 67253 INFO tempest.lib.common.dynamic_creds [-] Dynamic test user 93421f3c97e64b41a352ccb6dad36014 is created with scope project and roles: ['admin']
2025-11-21 22:36:59.180 67253 INFO tempest.lib.common.dynamic_creds [-] Acquired dynamic creds: credentials: Credentials: {'domain_id': 'default', 'domain_name': 'Default', 'username': 'tempest-ServicesAdminNegativeV253TestJSON-1208248044-project-admin', 'project_domain_id': 'default', 'project_domain_name': 'Default', 'project_id': '788c634381f74bc3ab3cea6b27c6ed3a', 'project_name': 'tempest-ServicesAdminNegativeV253TestJSON-1208248044', 'tenant_id': '788c634381f74bc3ab3cea6b27c6ed3a', 'tenant_name': 'tempest-ServicesAdminNegativeV253TestJSON-1208248044', 'user_domain_id': 'default', 'user_domain_name': 'Default', 'user_id': '93421f3c97e64b41a352ccb6dad36014', 'system': None}, Network: None, Subnet: None, Router: None
2025-11-21 22:36:59.180 67253 INFO tempest.lib.common.dynamic_creds [-] Created isolated network resources for: credentials: Credentials: {'domain_id': 'default', 'domain_name': 'Default', 'username': 'tempest-ServicesAdminNegativeV253TestJSON-1208248044-project-admin', 'project_domain_id': 'default', 'project_domain_name': 'Default', 'project_id': '788c634381f74bc3ab3cea6b27c6ed3a', 'project_name': 'tempest-ServicesAdminNegativeV253TestJSON-1208248044', 'tenant_id': '788c634381f74bc3ab3cea6b27c6ed3a', 'tenant_name': 'tempest-ServicesAdminNegativeV253TestJSON-1208248044', 'user_domain_id': 'default', 'user_domain_name': 'Default', 'user_id': '93421f3c97e64b41a352ccb6dad36014', 'system': None}, Network: None, Subnet: None, Router: None
2025-11-21 22:36:59.189 67237 INFO tempest.lib.common.rest_client [req-6d1aebcc-759b-43df-b875-ace977f264c1 req-6d1aebcc-759b-43df-b875-ace977f264c1 ] Request (SecurityGroupRulesTestJSON:tearDownClass): 404 DELETE http://10.180.1.21/compute/v2.1/os-security-groups/6f9f15c9-0343-463c-a945-2252284a3aba 3.233s
2025-11-21 22:36:59.221 67239 INFO tempest.lib.common.rest_client [req-46f94b6a-ce95-4821-a4eb-ec7aa80267d8 req-46f94b6a-ce95-4821-a4eb-ec7aa80267d8 ] Request (KeyPairsV22TestJSON:_run_cleanups): 204 DELETE http://10.180.1.21/compute/v2.1/os-keypairs/tempest-keypair-204720493 3.241s
2025-11-21 22:36:59.320 67253 INFO tempest.lib.common.rest_client [req-7c364347-5dc4-409c-befb-68480852872e req-7c364347-5dc4-409c-befb-68480852872e ] Request (ServicesAdminNegativeV253TestJSON:setUpClass): 201 POST http://10.180.1.21/identity/v3/auth/tokens 0.130s
2025-11-21 22:36:59.395 67239 INFO tempest.lib.common.rest_client [req-62d19964-1f37-47f4-bd02-b94e1174b279 req-62d19964-1f37-47f4-bd02-b94e1174b279 ] Request (KeyPairsV22TestJSON:tearDownClass): 204 DELETE http://10.180.1.21/identity/v3/users/20504795aff04970862089c524255f3b 0.173s
2025-11-21 22:36:59.396 67239 INFO tempest.lib.common.dynamic_creds [-] Deleting project and security group for project: d6e5ba0c20e943ed8c676232a7ce6af7
2025-11-21 22:36:59.432 67213 WARNING tempest.lib.common.ssh [-] Failed to establish authenticated ssh connection to cirros@10.180.180.227 ([Errno None] Unable to connect to port 22 on 10.180.180.227). Number attempts: 6. Retry after 7 seconds.: paramiko.ssh_exception.NoValidConnectionsError: [Errno None] Unable to connect to port 22 on 10.180.180.227
2025-11-21 22:36:59.495 67239 INFO tempest.lib.common.rest_client [req-c0cbfb2d-c7d2-4c85-842c-fa7d6401be6f req-c0cbfb2d-c7d2-4c85-842c-fa7d6401be6f ] Request (KeyPairsV22TestJSON:tearDownClass): 201 POST http://10.180.1.21/identity/v3/auth/tokens 0.099s
2025-11-21 22:37:00.064 67195 INFO tempest.lib.common.rest_client [req-0c2b6c1d-ccfb-4975-901f-0b0a5079304a req-0c2b6c1d-ccfb-4975-901f-0b0a5079304a ] Request (ServersTestFqdnHostnames:setUpClass): 200 PUT http://10.180.1.21/networking/v2.0/routers/786ad531-635a-4313-bf60-f7b2c83f892d/add_router_interface 0.892s
2025-11-21 22:37:00.064 67195 INFO tempest.lib.common.dynamic_creds [-] Created isolated network resources for: credentials: Credentials: {'domain_id': 'default', 'domain_name': 'Default', 'username': 'tempest-ServersTestFqdnHostnames-454654824-project-member', 'project_domain_id': 'default', 'project_domain_name': 'Default', 'project_id': 'b2c8bf02af0e444781c62c9dadd1f994', 'project_name': 'tempest-ServersTestFqdnHostnames-454654824', 'tenant_id': 'b2c8bf02af0e444781c62c9dadd1f994', 'tenant_name': 'tempest-ServersTestFqdnHostnames-454654824', 'user_domain_id': 'default', 'user_domain_name': 'Default', 'user_id': '004a18c0e69d43fa938afef03f598f59', 'system': None}, Network: {'id': '6d58ea4a-b255-4b67-b69b-f9e485f7c38c', 'name': 'tempest-ServersTestFqdnHostnames-1514002374-network', 'tenant_id': 'b2c8bf02af0e444781c62c9dadd1f994', 'project_id': 'b2c8bf02af0e444781c62c9dadd1f994', 'admin_state_up': True, 'mtu': 8950, 'status': 'ACTIVE', 'subnets': [], 'shared': False, 'port_security_enabled': True, 'router:external': False, 'provider:network_type': 'vlan', 'provider:physical_network': 'default', 'provider:segmentation_id': 964, 'availability_zone_hints': [], 'availability_zones': [], 'ipv4_address_scope': None, 'ipv6_address_scope': None, 'description': '', 'tags': [], 'created_at': '2025-11-21T22:36:57Z', 'updated_at': '2025-11-21T22:36:57Z', 'revision_number': 1}, Subnet: {'id': 'd49679aa-a3a9-42df-bcdf-831f6b6f4d81', 'name': 'tempest-ServersTestFqdnHostnames-1514002374-subnet', 'tenant_id': 'b2c8bf02af0e444781c62c9dadd1f994', 'network_id': '6d58ea4a-b255-4b67-b69b-f9e485f7c38c', 'ip_version': 4, 'subnetpool_id': None, 'enable_dhcp': True, 'ipv6_ra_mode': None, 'ipv6_address_mode': None, 'gateway_ip': '192.168.128.1', 'cidr': '192.168.128.0/28', 'allocation_pools': [{'start': '192.168.128.2', 'end': '192.168.128.14'}], 'host_routes': [], 'dns_nameservers': [], 'description': '', 'router:external': False, 'service_types': [], 'tags': [], 'created_at': '2025-11-21T22:36:57Z', 'updated_at': '2025-11-21T22:36:57Z', 'revision_number': 0, 'project_id': 'b2c8bf02af0e444781c62c9dadd1f994'}, Router: {'id': '786ad531-635a-4313-bf60-f7b2c83f892d', 'name': 'tempest-ServersTestFqdnHostnames-1514002374-router', 'tenant_id': 'b2c8bf02af0e444781c62c9dadd1f994', 'admin_state_up': True, 'status': 'ACTIVE', 'external_gateway_info': {'network_id': 'd0ed963a-e96d-4674-85c7-9fda24527960', 'external_fixed_ips': [{'subnet_id': '97455abf-d85a-4138-b6fe-71dab7275c43', 'ip_address': '10.180.180.234'}], 'enable_snat': True}, 'description': '', 'availability_zones': [], 'distributed': False, 'ha': False, 'availability_zone_hints': [], 'routes': [], 'flavor_id': None, 'tags': [], 'created_at': '2025-11-21T22:36:58Z', 'updated_at': '2025-11-21T22:36:58Z', 'revision_number': 2, 'project_id': 'b2c8bf02af0e444781c62c9dadd1f994'}
2025-11-21 22:37:00.092 67221 INFO tempest.lib.common.rest_client [req-d43bd772-06d0-4d70-9b23-fd6c66320854 req-d43bd772-06d0-4d70-9b23-fd6c66320854 ] Request (DeleteServersAdminTestJSON:test_delete_server_while_in_error_state): 200 GET http://10.180.1.21/compute/v2.1/servers/0b482770-1aac-4eeb-92e3-362751e397e1 4.132s
2025-11-21 22:37:00.165 67195 INFO tempest.lib.common.rest_client [req-c400e265-ebc9-44a8-93e2-c8186fe694dc req-c400e265-ebc9-44a8-93e2-c8186fe694dc ] Request (ServersTestFqdnHostnames:setUpClass): 201 POST http://10.180.1.21/identity/v3/auth/tokens 0.094s
2025-11-21 22:37:00.370 67239 INFO tempest.lib.common.rest_client [req-0c6d2d46-e863-421f-9838-05fd712fc81d req-0c6d2d46-e863-421f-9838-05fd712fc81d ] Request (KeyPairsV22TestJSON:tearDownClass): 200 GET http://10.180.1.21/networking/v2.0/security-groups?tenant_id=d6e5ba0c20e943ed8c676232a7ce6af7&name=default 0.874s
2025-11-21 22:37:00.536 67239 INFO tempest.lib.common.rest_client [req-3bb4d3b2-4872-427b-a293-75057d8bbbfb req-3bb4d3b2-4872-427b-a293-75057d8bbbfb ] Request (KeyPairsV22TestJSON:tearDownClass): 204 DELETE http://10.180.1.21/networking/v2.0/security-groups/ec4e823a-3d40-4125-bcc7-28915f903021 0.165s
2025-11-21 22:37:00.614 67245 INFO tempest.lib.common.rest_client [req-a9c296d1-c4ec-4c5b-90b4-825bd3946e03 req-a9c296d1-c4ec-4c5b-90b4-825bd3946e03 ] Request (SecurityGroupRulesNegativeTestJSON:tearDownClass): 202 DELETE http://10.180.1.21/compute/v2.1/os-security-groups/2f28ff88-5236-4129-bf4c-88adbb113a03 4.421s
2025-11-21 22:37:00.651 67239 INFO tempest.lib.common.rest_client [req-ca7ea9ae-54ee-4e66-80d9-5c615e017501 req-ca7ea9ae-54ee-4e66-80d9-5c615e017501 ] Request (KeyPairsV22TestJSON:tearDownClass): 204 DELETE http://10.180.1.21/identity/v3/projects/d6e5ba0c20e943ed8c676232a7ce6af7 0.115s
2025-11-21 22:37:00.774 67239 INFO tempest.lib.common.rest_client [req-be78a1b5-00bb-4d45-8f08-c2aee3aa647c req-be78a1b5-00bb-4d45-8f08-c2aee3aa647c ] Request (ServersTestManualDisk:setUpClass): 201 POST http://10.180.1.21/identity/v3/auth/tokens 0.121s
2025-11-21 22:37:00.795 67197 INFO tempest.lib.common.rest_client [req-6ee0069d-2c29-44da-adc9-c569846b9a0a req-6ee0069d-2c29-44da-adc9-c569846b9a0a ] Request (ImagesMetadataTestJSON:setUp): 200 PUT http://10.180.1.21/compute/v2.1/images/a2d917af-5fce-46ae-a7cc-e8846495ff60/metadata 4.536s
2025-11-21 22:37:00.826 67239 INFO tempest.lib.common.rest_client [req-31d08a47-a241-4e48-8467-1e4be2ed5dc2 req-31d08a47-a241-4e48-8467-1e4be2ed5dc2 ] Request (ServersTestManualDisk:setUpClass): 201 POST http://10.180.1.21/identity/v3/auth/tokens 0.047s
2025-11-21 22:37:00.859 67239 INFO tempest.lib.common.rest_client [req-72bc1d41-fc6d-46a0-9600-de9b0dee34b7 req-72bc1d41-fc6d-46a0-9600-de9b0dee34b7 ] Request (ServersTestManualDisk:setUpClass): 200 GET http://10.180.1.21/identity/v3/domains?name=Default 0.032s
2025-11-21 22:37:00.890 67239 INFO tempest.lib.common.rest_client [req-9875251f-eec4-493e-858e-de4d5deb3951 req-9875251f-eec4-493e-858e-de4d5deb3951 ] Request (ServersTestManualDisk:setUpClass): 201 POST http://10.180.1.21/identity/v3/projects 0.030s
2025-11-21 22:37:00.959 67239 INFO tempest.lib.common.rest_client [req-15cff47c-005b-49ca-b4dd-f11251aed2a4 req-15cff47c-005b-49ca-b4dd-f11251aed2a4 ] Request (ServersTestManualDisk:setUpClass): 201 POST http://10.180.1.21/identity/v3/users 0.068s
2025-11-21 22:37:00.984 67239 INFO tempest.lib.common.rest_client [req-21856b32-de24-4025-9d6f-8994dbfb5c95 req-21856b32-de24-4025-9d6f-8994dbfb5c95 ] Request (ServersTestManualDisk:setUpClass): 200 GET http://10.180.1.21/identity/v3/roles 0.024s
2025-11-21 22:37:01.010 67239 INFO tempest.lib.common.rest_client [req-fb4538ea-4c75-46a8-beb7-4ff3f6018810 req-fb4538ea-4c75-46a8-beb7-4ff3f6018810 ] Request (ServersTestManualDisk:setUpClass): 204 PUT http://10.180.1.21/identity/v3/projects/9f28d63335d345949834cb0b84647fb9/users/928ec9a2bc3144eaa2fdcaf8783a5500/roles/b668181682c545f585b5f8ee45677a44 0.025s
2025-11-21 22:37:01.010 67239 INFO tempest.lib.common.dynamic_creds [-] Dynamic test user 928ec9a2bc3144eaa2fdcaf8783a5500 is created with scope project and roles: ['member']
2025-11-21 22:37:01.010 67239 INFO tempest.lib.common.dynamic_creds [-] Acquired dynamic creds: credentials: Credentials: {'domain_id': 'default', 'domain_name': 'Default', 'username': 'tempest-ServersTestManualDisk-242123046-project-member', 'project_domain_id': 'default', 'project_domain_name': 'Default', 'project_id': '9f28d63335d345949834cb0b84647fb9', 'project_name': 'tempest-ServersTestManualDisk-242123046', 'tenant_id': '9f28d63335d345949834cb0b84647fb9', 'tenant_name': 'tempest-ServersTestManualDisk-242123046', 'user_domain_id': 'default', 'user_domain_name': 'Default', 'user_id': '928ec9a2bc3144eaa2fdcaf8783a5500', 'system': None}, Network: None, Subnet: None, Router: None
2025-11-21 22:37:01.080 67239 INFO tempest.lib.common.rest_client [req-f21dccad-75c6-4ab4-a2df-b6b59b32a6a8 req-f21dccad-75c6-4ab4-a2df-b6b59b32a6a8 ] Request (ServersTestManualDisk:setUpClass): 201 POST http://10.180.1.21/identity/v3/auth/tokens 0.069s
2025-11-21 22:37:01.279 67243 INFO tempest.lib.common.rest_client [req-9651747c-8d31-4d27-ba6c-1e1a4f2ef1de req-9651747c-8d31-4d27-ba6c-1e1a4f2ef1de ] Request (ServerDiskConfigTestJSON:test_rebuild_server_with_auto_disk_config): 200 GET http://10.180.1.21/compute/v2.1/servers/ace2ee09-f113-40db-b5f1-93cc36d8c030 4.709s
2025-11-21 22:37:01.424 67255 INFO tempest.lib.common.rest_client [req-14ec49cf-3eb3-4cb7-85e5-806222bea82c req-14ec49cf-3eb3-4cb7-85e5-806222bea82c ] Request (FlavorsAccessTestJSON:test_flavor_access_add_remove): 200 POST http://10.180.1.21/compute/v2.1/flavors/695731510/action 4.798s
2025-11-21 22:37:01.630 67239 INFO tempest.lib.common.rest_client [req-801dea6c-a2e6-4f2c-b2e9-5ce4410b9a10 req-801dea6c-a2e6-4f2c-b2e9-5ce4410b9a10 ] Request (ServersTestManualDisk:setUpClass): 201 POST http://10.180.1.21/networking/v2.0/networks 0.550s
2025-11-21 22:37:01.778 67207 INFO tempest.lib.common.rest_client [req-16e2ad81-c935-4ef6-8c79-4a86044b0403 req-16e2ad81-c935-4ef6-8c79-4a86044b0403 ] Request (SecurityGroupsTestJSON:test_security_groups_create_list_delete): 202 DELETE http://10.180.1.21/compute/v2.1/os-security-groups/840817d6-f667-4c5d-a29c-25912667374e 4.915s
2025-11-21 22:37:01.863 67239 INFO tempest.lib.common.rest_client [req-7c9659ff-6630-4e18-95db-67246041f388 req-7c9659ff-6630-4e18-95db-67246041f388 ] Request (ServersTestManualDisk:setUpClass): 201 POST http://10.180.1.21/networking/v2.0/subnets 0.232s
2025-11-21 22:37:01.980 67257 INFO tempest.lib.common.rest_client [req-9c1b5c7b-96cc-401b-a9f9-124ebbe13070 req-9c1b5c7b-96cc-401b-a9f9-124ebbe13070 ] Request (ServerAddressesTestJSON:setUpClass): 200 GET http://10.180.1.21/compute/v2.1/servers/9d931556-0d4b-44a6-9cb3-44e4db7d4092 4.985s
2025-11-21 22:37:01.987 67257 INFO tempest.common.waiters [-] State transition "BUILD/None" ==> "BUILD/spawning" after 18 second wait
2025-11-21 22:37:02.027 67231 INFO tempest.lib.common.rest_client [req-bed3079f-722b-4063-b99d-db307c10b354 req-bed3079f-722b-4063-b99d-db307c10b354 ] Request (ImagesOneServerNegativeTestJSON:_run_cleanups): 404 GET http://10.180.1.21/compute/v2.1/servers/3d33e99a-11b4-4752-b403-271b988375c3 4.962s
2025-11-21 22:37:02.060 67227 INFO tempest.lib.common.rest_client [req-2d716b4b-fa64-40d1-89f4-64e3c3e04bb2 req-2d716b4b-fa64-40d1-89f4-64e3c3e04bb2 ] Request (FlavorsAdminTestJSON:_run_cleanups): 200 GET http://10.180.1.21/compute/v2.1/flavors/detail 4.946s
2025-11-21 22:37:02.270 67247 INFO tempest.lib.common.rest_client [req-2f7e020a-14eb-4ea4-8c64-bf9b65a53017 req-2f7e020a-14eb-4ea4-8c64-bf9b65a53017 ] Request (FloatingIPsAssociationTestJSON:test_associate_already_associated_floating_ip): 202 POST http://10.180.1.21/compute/v2.1/servers/4fc5490d-1401-440f-be9a-9a3c71c2be67/action 6.080s
2025-11-21 22:37:02.332 67216 INFO tempest.lib.common.rest_client [req-07cde4e8-06ea-4858-9bc6-eea8587c2c79 req-07cde4e8-06ea-4858-9bc6-eea8587c2c79 ] Request (ServerActionsTestJSON:test_lock_unlock_server): 200 GET http://10.180.1.21/compute/v2.1/servers/cf7193b4-6056-4c7a-a399-1aa2ee72a5f0 5.145s
2025-11-21 22:37:02.390 67233 INFO tempest.lib.common.rest_client [req-dca7cd4f-62ed-4a52-9d7b-9e18ba954a4b req-dca7cd4f-62ed-4a52-9d7b-9e18ba954a4b ] Request (ServersAdminNegativeTestJSON:test_migrate_server_invalid_state): 200 GET http://10.180.1.21/compute/v2.1/servers/8747ced0-f246-4a5d-bf54-290265a8d9c1 4.917s
2025-11-21 22:37:02.443 67209 INFO tempest.lib.common.rest_client [req-6a5b4dd5-d7ad-4300-8562-a859a2167ead req-6a5b4dd5-d7ad-4300-8562-a859a2167ead ] Request (ImagesTestJSON:test_create_image_from_suspended_server): 200 GET http://10.180.1.21/compute/v2.1/servers/022fed05-75c9-4c54-9118-89e78739a7fe 4.761s
2025-11-21 22:37:02.464 67251 INFO tempest.lib.common.rest_client [req-a135f8e3-8ebd-465c-9b9e-b0e804a714e5 req-a135f8e3-8ebd-465c-9b9e-b0e804a714e5 ] Request (ServersListShow2100Test:test_list_show_rebuild_update_server_2100): 200 GET http://10.180.1.21/compute/v2.1/servers/detail 5.122s
2025-11-21 22:37:02.501 67249 INFO tempest.lib.common.rest_client [req-57bb06a8-8349-4aee-87f8-d0def1c44553 req-57bb06a8-8349-4aee-87f8-d0def1c44553 ] Request (FloatingIPsAssociationNegativeTestJSON:tearDownClass): 200 GET http://10.180.1.21/compute/v2.1/servers/ef828a8b-286f-4612-85a3-244aedff1ec1 4.781s
2025-11-21 22:37:02.516 67217 INFO tempest.lib.common.rest_client [req-03a40094-82b5-435d-af45-6dd892cfa12c req-03a40094-82b5-435d-af45-6dd892cfa12c ] Request (ServerActionsTestOtherB:setUpClass): 200 GET http://10.180.1.21/compute/v2.1/servers/8bd9cc28-9532-4d85-8a53-da2bea83a489 4.755s
2025-11-21 22:37:02.524 67217 INFO tempest.common.waiters [-] State transition "BUILD/None" ==> "BUILD/networking" after 17 second wait
2025-11-21 22:37:02.631 67235 INFO tempest.lib.common.rest_client [req-73ec2245-df69-4f58-aad6-d85caee44f9d req-73ec2245-df69-4f58-aad6-d85caee44f9d ] Request (ServerTagsTestJSON:setUpClass): 200 GET http://10.180.1.21/compute/v2.1/servers/b18679bc-51fe-4504-870a-27805244bb4a 4.429s
2025-11-21 22:37:02.690 67223 INFO tempest.lib.common.rest_client [req-e4753d4b-83f0-49ca-9d88-9e22cc710281 req-e4753d4b-83f0-49ca-9d88-9e22cc710281 ] Request (MigrationsAdminTest:test_list_migrations_in_flavor_resize_situation): 200 GET http://10.180.1.21/compute/v2.1/servers/ee1029a1-ead8-4dda-a025-dd6812127c63 4.587s
2025-11-21 22:37:02.713 67239 INFO tempest.lib.common.rest_client [req-588867d2-c066-4a29-988a-52b55b382d95 req-588867d2-c066-4a29-988a-52b55b382d95 ] Request (ServersTestManualDisk:setUpClass): 201 POST http://10.180.1.21/networking/v2.0/routers 0.849s
2025-11-21 22:37:02.739 67229 INFO tempest.lib.common.rest_client [req-2e739c42-e908-4065-9353-a5817e2ea8d4 req-2e739c42-e908-4065-9353-a5817e2ea8d4 ] Request (VolumesAdminNegativeTest:tearDownClass): 200 GET http://10.180.1.21/compute/v2.1/servers/5a50926b-404a-46f7-adf0-ed8b5f818448 4.206s
2025-11-21 22:37:03.399 67225 WARNING tempest.lib.common.ssh [-] Failed to establish authenticated ssh connection to cirros@10.180.180.254 ([Errno None] Unable to connect to port 22 on 10.180.180.254). Number attempts: 6. Retry after 7 seconds.: paramiko.ssh_exception.NoValidConnectionsError: [Errno None] Unable to connect to port 22 on 10.180.180.254
2025-11-21 22:37:03.676 67239 INFO tempest.lib.common.rest_client [req-d2350573-70ac-4b3a-82dc-ca476beaa0d8 req-d2350573-70ac-4b3a-82dc-ca476beaa0d8 ] Request (ServersTestManualDisk:setUpClass): 200 PUT http://10.180.1.21/networking/v2.0/routers/10508c6b-e013-4318-8202-a1c8e401884c/add_router_interface 0.962s
2025-11-21 22:37:03.676 67239 INFO tempest.lib.common.dynamic_creds [-] Created isolated network resources for: credentials: Credentials: {'domain_id': 'default', 'domain_name': 'Default', 'username': 'tempest-ServersTestManualDisk-242123046-project-member', 'project_domain_id': 'default', 'project_domain_name': 'Default', 'project_id': '9f28d63335d345949834cb0b84647fb9', 'project_name': 'tempest-ServersTestManualDisk-242123046', 'tenant_id': '9f28d63335d345949834cb0b84647fb9', 'tenant_name': 'tempest-ServersTestManualDisk-242123046', 'user_domain_id': 'default', 'user_domain_name': 'Default', 'user_id': '928ec9a2bc3144eaa2fdcaf8783a5500', 'system': None}, Network: {'id': '926dd7f6-6316-4f81-9c22-e8488e800f9a', 'name': 'tempest-ServersTestManualDisk-400519389-network', 'tenant_id': '9f28d63335d345949834cb0b84647fb9', 'project_id': '9f28d63335d345949834cb0b84647fb9', 'admin_state_up': True, 'mtu': 8950, 'status': 'ACTIVE', 'subnets': [], 'shared': False, 'port_security_enabled': True, 'router:external': False, 'provider:network_type': 'vlan', 'provider:physical_network': 'default', 'provider:segmentation_id': 766, 'availability_zone_hints': [], 'availability_zones': [], 'ipv4_address_scope': None, 'ipv6_address_scope': None, 'description': '', 'tags': [], 'created_at': '2025-11-21T22:37:01Z', 'updated_at': '2025-11-21T22:37:01Z', 'revision_number': 1}, Subnet: {'id': 'b8af005e-a15d-435d-ad00-830e49c25b36', 'name': 'tempest-ServersTestManualDisk-400519389-subnet', 'tenant_id': '9f28d63335d345949834cb0b84647fb9', 'network_id': '926dd7f6-6316-4f81-9c22-e8488e800f9a', 'ip_version': 4, 'subnetpool_id': None, 'enable_dhcp': True, 'ipv6_ra_mode': None, 'ipv6_address_mode': None, 'gateway_ip': '192.168.128.1', 'cidr': '192.168.128.0/28', 'allocation_pools': [{'start': '192.168.128.2', 'end': '192.168.128.14'}], 'host_routes': [], 'dns_nameservers': [], 'description': '', 'router:external': False, 'service_types': [], 'tags': [], 'created_at': '2025-11-21T22:37:01Z', 'updated_at': '2025-11-21T22:37:01Z', 'revision_number': 0, 'project_id': '9f28d63335d345949834cb0b84647fb9'}, Router: {'id': '10508c6b-e013-4318-8202-a1c8e401884c', 'name': 'tempest-ServersTestManualDisk-400519389-router', 'tenant_id': '9f28d63335d345949834cb0b84647fb9', 'admin_state_up': True, 'status': 'ACTIVE', 'external_gateway_info': {'network_id': 'd0ed963a-e96d-4674-85c7-9fda24527960', 'external_fixed_ips': [{'subnet_id': '97455abf-d85a-4138-b6fe-71dab7275c43', 'ip_address': '10.180.180.153'}], 'enable_snat': True}, 'description': '', 'availability_zones': [], 'distributed': False, 'ha': False, 'availability_zone_hints': [], 'routes': [], 'flavor_id': None, 'tags': [], 'created_at': '2025-11-21T22:37:01Z', 'updated_at': '2025-11-21T22:37:02Z', 'revision_number': 2, 'project_id': '9f28d63335d345949834cb0b84647fb9'}
2025-11-21 22:37:03.710 67203 INFO tempest.lib.common.rest_client [req-0921fde7-f281-4072-861c-216f12e4e099 req-0921fde7-f281-4072-861c-216f12e4e099 ] Request (DeleteServersTestJSON:test_delete_active_server): 200 GET http://10.180.1.21/compute/v2.1/servers/b22c1d92-5760-4729-a98d-9078c8c9ab2d 4.787s
2025-11-21 22:37:03.765 67239 INFO tempest.lib.common.rest_client [req-abb9f5da-9b58-411b-9734-4861a46ba511 req-abb9f5da-9b58-411b-9734-4861a46ba511 ] Request (ServersTestManualDisk:setUpClass): 201 POST http://10.180.1.21/identity/v3/auth/tokens 0.085s
2025-11-21 22:37:03.893 67237 INFO tempest.lib.common.rest_client [req-ad7f4738-8ec3-4ba5-b2e6-c26453822edc req-ad7f4738-8ec3-4ba5-b2e6-c26453822edc ] Request (SecurityGroupRulesTestJSON:tearDownClass): 202 DELETE http://10.180.1.21/compute/v2.1/os-security-groups/02335e4b-52f9-4b1f-8752-1efa38a6d256 4.704s
2025-11-21 22:37:03.985 67253 INFO tempest.lib.common.rest_client [req-d4331d61-e752-44e3-92d4-c67096f181b3 req-d4331d61-e752-44e3-92d4-c67096f181b3 ] Request (ServicesAdminNegativeV253TestJSON:test_disable_log_reason_with_invalid_service_id): 404 PUT http://10.180.1.21/compute/v2.1/os-services/7dbd6b8c-2b24-477a-9ce7-36658a782ed6 4.664s
2025-11-21 22:37:04.005 67211 INFO tempest.lib.common.rest_client [req-aa0807f6-8730-41fe-bb2f-c389d021f4f7 req-aa0807f6-8730-41fe-bb2f-c389d021f4f7 ] Request (ServersAdminTestJSON:setUpClass): 202 POST http://10.180.1.21/compute/v2.1/servers 5.036s
2025-11-21 22:37:04.048 67211 INFO tempest.lib.common.rest_client [req-6209369d-f6e5-4cc1-9528-029fd6869198 req-6209369d-f6e5-4cc1-9528-029fd6869198 ] Request (ServersAdminTestJSON:setUpClass): 201 POST http://10.180.1.21/identity/v3/auth/tokens 0.038s
2025-11-21 22:37:04.049 67211 INFO tempest.lib.common.fixed_network [-] (ServersAdminTestJSON:setUpClass) Found network {'id': '791d4e27-15c5-4f6c-8910-5685785ffe5d', 'name': 'tempest-ServersAdminTestJSON-1364485984-network', 'tenant_id': '9497357ea6f54e07b2d8941384d6a562', 'project_id': '9497357ea6f54e07b2d8941384d6a562', 'admin_state_up': True, 'mtu': 8950, 'status': 'ACTIVE', 'subnets': [], 'shared': False, 'port_security_enabled': True, 'router:external': False, 'provider:network_type': 'vlan', 'provider:physical_network': 'default', 'provider:segmentation_id': 958, 'availability_zone_hints': [], 'availability_zones': [], 'ipv4_address_scope': None, 'ipv6_address_scope': None, 'description': '', 'tags': [], 'created_at': '2025-11-21T22:36:53Z', 'updated_at': '2025-11-21T22:36:53Z', 'revision_number': 1} available for tenant
2025-11-21 22:37:04.054 67199 INFO tempest.lib.common.rest_client [req-4157e2b2-985d-4673-bc41-0626650fe26d req-4157e2b2-985d-4673-bc41-0626650fe26d ] Request (ServerActionsTestOtherA:setUpClass): 200 GET http://10.180.1.21/compute/v2.1/servers/4a2f1d9a-0bfd-42c0-8b6c-540f3b798e86 4.640s
2025-11-21 22:37:04.069 67205 INFO tempest.lib.common.rest_client [req-4f841954-5577-47f8-854a-740c0e685d70 req-4f841954-5577-47f8-854a-740c0e685d70 ] Request (ServerShowV247Test:test_update_rebuild_list_server): 200 GET http://10.180.1.21/compute/v2.1/servers/f5ebed34-3b00-471c-bb3d-7fe5b0527bf1 3.910s
2025-11-21 22:37:04.200 67195 INFO tempest.lib.common.rest_client [req-e6f6cd82-1384-4f60-a517-2213a2ce10bf req-e6f6cd82-1384-4f60-a517-2213a2ce10bf ] Request (ServersTestFqdnHostnames:test_create_server_with_fqdn_name): 200 POST http://10.180.1.21/compute/v2.1/os-keypairs 4.032s
2025-11-21 22:37:04.304 67245 INFO tempest.lib.common.rest_client [req-5fc719b5-ba06-4df8-96ed-c783f14b2919 req-5fc719b5-ba06-4df8-96ed-c783f14b2919 ] Request (SecurityGroupRulesNegativeTestJSON:tearDownClass): 202 DELETE http://10.180.1.21/compute/v2.1/os-security-groups/6a07275b-99ba-4b3d-abcb-baff541878ff 3.689s
2025-11-21 22:37:04.447 67195 INFO tempest.lib.common.rest_client [req-7ff39370-1273-4804-a73f-4aee177866ca req-7ff39370-1273-4804-a73f-4aee177866ca ] Request (ServersTestFqdnHostnames:test_create_server_with_fqdn_name): 201 POST http://10.180.1.21/networking/v2.0/security-groups 0.245s
2025-11-21 22:37:04.458 67197 INFO tempest.lib.common.rest_client [req-6ab6ead4-6cab-41f0-9b04-c3664d65962a req-6ab6ead4-6cab-41f0-9b04-c3664d65962a ] Request (ImagesMetadataTestJSON:test_set_image_metadata): 200 PUT http://10.180.1.21/compute/v2.1/images/a2d917af-5fce-46ae-a7cc-e8846495ff60/metadata 3.662s
2025-11-21 22:37:04.647 67243 INFO tempest.lib.common.rest_client [req-eec8e3c3-034d-4d09-a388-6e94ee66c1c9 req-eec8e3c3-034d-4d09-a388-6e94ee66c1c9 ] Request (ServerDiskConfigTestJSON:test_rebuild_server_with_auto_disk_config): 202 POST http://10.180.1.21/compute/v2.1/servers/ace2ee09-f113-40db-b5f1-93cc36d8c030/action 3.360s
2025-11-21 22:37:04.749 67255 INFO tempest.lib.common.rest_client [req-c0a90bcc-0355-4555-9ddb-c5bcc00f9c4e req-c0a90bcc-0355-4555-9ddb-c5bcc00f9c4e ] Request (FlavorsAccessTestJSON:test_flavor_access_add_remove): 200 GET http://10.180.1.21/compute/v2.1/flavors/detail 3.324s
2025-11-21 22:37:04.828 67221 INFO tempest.lib.common.rest_client [req-626c71ad-448c-4c78-86d5-06b86ac6b9bc req-626c71ad-448c-4c78-86d5-06b86ac6b9bc ] Request (DeleteServersAdminTestJSON:test_delete_server_while_in_error_state): 200 GET http://10.180.1.21/compute/v2.1/servers/0b482770-1aac-4eeb-92e3-362751e397e1 3.726s
2025-11-21 22:37:04.866 67231 INFO tempest.lib.common.rest_client [req-7eb72625-56e6-4298-aee3-4d38321c09b4 req-7eb72625-56e6-4298-aee3-4d38321c09b4 ] Request (ImagesOneServerNegativeTestJSON:_run_cleanups): 200 POST http://10.180.1.21/compute/v2.1/os-keypairs 2.837s
2025-11-21 22:37:04.880 67227 INFO tempest.lib.common.rest_client [req-69453399-52ce-4d2a-80f0-27f26c9dbced req-69453399-52ce-4d2a-80f0-27f26c9dbced ] Request (FlavorsAdminTestJSON:test_list_non_public_flavor): 200 POST http://10.180.1.21/compute/v2.1/flavors 2.815s
2025-11-21 22:37:04.920 67195 INFO tempest.lib.common.rest_client [req-e724b089-4c8a-4f69-b8da-e10421926d3f req-e724b089-4c8a-4f69-b8da-e10421926d3f ] Request (ServersTestFqdnHostnames:test_create_server_with_fqdn_name): 201 POST http://10.180.1.21/networking/v2.0/security-group-rules 0.469s
2025-11-21 22:37:04.931 67207 INFO tempest.lib.common.rest_client [req-fe95f419-a2f2-4d50-b850-f49629d534be req-fe95f419-a2f2-4d50-b850-f49629d534be ] Request (SecurityGroupsTestJSON:test_security_groups_create_list_delete): 404 GET http://10.180.1.21/compute/v2.1/os-security-groups/840817d6-f667-4c5d-a29c-25912667374e 3.152s
2025-11-21 22:37:05.055 67231 INFO tempest.lib.common.rest_client [req-7cddf2f4-1d45-4f21-8a42-8562f284eae0 req-7cddf2f4-1d45-4f21-8a42-8562f284eae0 ] Request (ImagesOneServerNegativeTestJSON:_run_cleanups): 201 POST http://10.180.1.21/networking/v2.0/security-groups 0.188s
2025-11-21 22:37:05.182 67195 INFO tempest.lib.common.rest_client [req-d6c4b1dc-2934-4d16-832c-09bdf39b7697 req-d6c4b1dc-2934-4d16-832c-09bdf39b7697 ] Request (ServersTestFqdnHostnames:test_create_server_with_fqdn_name): 201 POST http://10.180.1.21/networking/v2.0/security-group-rules 0.262s
2025-11-21 22:37:05.226 67251 INFO tempest.lib.common.rest_client [req-a0fc41e3-02fa-4ce4-9127-4473ae72db1f req-a0fc41e3-02fa-4ce4-9127-4473ae72db1f ] Request (ServersListShow2100Test:test_list_show_rebuild_update_server_2100): 200 GET http://10.180.1.21/compute/v2.1/servers/99415842-fd71-490d-8a71-bff7b9e8dd81 2.749s
2025-11-21 22:37:05.234 67245 INFO tempest.lib.common.rest_client [req-c384b71c-8d70-4a85-a244-42911cda518b req-c384b71c-8d70-4a85-a244-42911cda518b ] Request (SecurityGroupRulesNegativeTestJSON:tearDownClass): 200 PUT http://10.180.1.21/networking/v2.0/routers/3b4c032a-a7e3-40ef-be58-c3476d14af66/remove_router_interface 0.930s
2025-11-21 22:37:05.363 67231 INFO tempest.lib.common.rest_client [req-064f819f-8a81-4fc6-8588-2de2aa638755 req-064f819f-8a81-4fc6-8588-2de2aa638755 ] Request (ImagesOneServerNegativeTestJSON:_run_cleanups): 201 POST http://10.180.1.21/networking/v2.0/security-group-rules 0.307s
2025-11-21 22:37:05.445 67201 WARNING tempest.lib.common.ssh [-] Failed to establish authenticated ssh connection to cirros@10.180.180.142 ([Errno None] Unable to connect to port 22 on 10.180.180.142). Number attempts: 5. Retry after 6 seconds.: paramiko.ssh_exception.NoValidConnectionsError: [Errno None] Unable to connect to port 22 on 10.180.180.142
2025-11-21 22:37:05.767 67195 INFO tempest.lib.common.rest_client [req-89a3f0b5-d24a-4c33-8855-6c0cc6a28a1b req-89a3f0b5-d24a-4c33-8855-6c0cc6a28a1b ] Request (ServersTestFqdnHostnames:test_create_server_with_fqdn_name): 201 POST http://10.180.1.21/networking/v2.0/floatingips 0.584s
2025-11-21 22:37:05.813 67195 INFO tempest.lib.common.rest_client [req-58bd5095-1431-44bc-925f-4972a0de6d44 req-58bd5095-1431-44bc-925f-4972a0de6d44 ] Request (ServersTestFqdnHostnames:test_create_server_with_fqdn_name): 201 POST http://10.180.1.21/identity/v3/auth/tokens 0.043s
2025-11-21 22:37:05.813 67195 INFO tempest.lib.common.fixed_network [-] (ServersTestFqdnHostnames:test_create_server_with_fqdn_name) Found network {'id': '6d58ea4a-b255-4b67-b69b-f9e485f7c38c', 'name': 'tempest-ServersTestFqdnHostnames-1514002374-network', 'tenant_id': 'b2c8bf02af0e444781c62c9dadd1f994', 'project_id': 'b2c8bf02af0e444781c62c9dadd1f994', 'admin_state_up': True, 'mtu': 8950, 'status': 'ACTIVE', 'subnets': [], 'shared': False, 'port_security_enabled': True, 'router:external': False, 'provider:network_type': 'vlan', 'provider:physical_network': 'default', 'provider:segmentation_id': 964, 'availability_zone_hints': [], 'availability_zones': [], 'ipv4_address_scope': None, 'ipv6_address_scope': None, 'description': '', 'tags': [], 'created_at': '2025-11-21T22:36:57Z', 'updated_at': '2025-11-21T22:36:57Z', 'revision_number': 1} available for tenant
2025-11-21 22:37:05.825 67245 INFO tempest.lib.common.rest_client [req-90a6f5b4-e944-49df-9986-10d6b368e29c req-90a6f5b4-e944-49df-9986-10d6b368e29c ] Request (SecurityGroupRulesNegativeTestJSON:tearDownClass): 204 DELETE http://10.180.1.21/networking/v2.0/routers/3b4c032a-a7e3-40ef-be58-c3476d14af66 0.590s
2025-11-21 22:37:05.925 67231 INFO tempest.lib.common.rest_client [req-dfcfbe92-d2c4-4aaa-94ee-a7b43f0e9104 req-dfcfbe92-d2c4-4aaa-94ee-a7b43f0e9104 ] Request (ImagesOneServerNegativeTestJSON:_run_cleanups): 201 POST http://10.180.1.21/networking/v2.0/security-group-rules 0.561s
2025-11-21 22:37:06.150 67245 INFO tempest.lib.common.rest_client [req-797fd1a0-787e-4c52-8f0a-185db76e9fc0 req-797fd1a0-787e-4c52-8f0a-185db76e9fc0 ] Request (SecurityGroupRulesNegativeTestJSON:tearDownClass): 204 DELETE http://10.180.1.21/networking/v2.0/subnets/2bade090-c2dd-4c5a-a774-a6b2a54b2190 0.325s
2025-11-21 22:37:06.192 67257 INFO tempest.lib.common.rest_client [req-d9d83c8a-c40b-4c27-ad08-7cc3234eb9eb req-d9d83c8a-c40b-4c27-ad08-7cc3234eb9eb ] Request (ServerAddressesTestJSON:setUpClass): 200 GET http://10.180.1.21/compute/v2.1/servers/9d931556-0d4b-44a6-9cb3-44e4db7d4092 3.204s
2025-11-21 22:37:06.664 67231 INFO tempest.lib.common.rest_client [req-4b72d2ad-0efd-4f6a-b40a-86f96f864930 req-4b72d2ad-0efd-4f6a-b40a-86f96f864930 ] Request (ImagesOneServerNegativeTestJSON:_run_cleanups): 201 POST http://10.180.1.21/networking/v2.0/floatingips 0.739s
2025-11-21 22:37:06.733 67231 INFO tempest.lib.common.rest_client [req-d47b3154-fab8-4b2c-b415-469d70b9b2ea req-d47b3154-fab8-4b2c-b415-469d70b9b2ea ] Request (ImagesOneServerNegativeTestJSON:_run_cleanups): 201 POST http://10.180.1.21/identity/v3/auth/tokens 0.065s
2025-11-21 22:37:06.734 67231 INFO tempest.lib.common.fixed_network [-] (ImagesOneServerNegativeTestJSON:_run_cleanups) Found network {'id': '2371821e-5403-4904-a7a6-d4a27591f0c4', 'name': 'tempest-ImagesOneServerNegativeTestJSON-1529419333-network', 'tenant_id': '872701dbeaf0414d8cfa1c8bb524fa74', 'project_id': '872701dbeaf0414d8cfa1c8bb524fa74', 'admin_state_up': True, 'mtu': 8950, 'status': 'ACTIVE', 'subnets': [], 'shared': False, 'port_security_enabled': True, 'router:external': False, 'provider:network_type': 'vlan', 'provider:physical_network': 'default', 'provider:segmentation_id': 479, 'availability_zone_hints': [], 'availability_zones': [], 'ipv4_address_scope': None, 'ipv6_address_scope': None, 'description': '', 'tags': [], 'created_at': '2025-11-21T22:35:04Z', 'updated_at': '2025-11-21T22:35:04Z', 'revision_number': 1} available for tenant
2025-11-21 22:37:06.834 67216 INFO tempest.lib.common.rest_client [req-4aa42f23-8609-4776-86d7-03b23fcc0b9c req-4aa42f23-8609-4776-86d7-03b23fcc0b9c ] Request (ServerActionsTestJSON:test_lock_unlock_server): 200 GET http://10.180.1.21/compute/v2.1/servers/cf7193b4-6056-4c7a-a399-1aa2ee72a5f0 3.490s
2025-11-21 22:37:06.843 67216 INFO tempest.common.waiters [-] State transition "SHUTOFF/powering-on" ==> "ACTIVE/None" after 4 second wait
2025-11-21 22:37:06.886 67245 INFO tempest.lib.common.rest_client [req-a2eb17b7-2e9b-4fb2-ae5d-70db791276d7 req-a2eb17b7-2e9b-4fb2-ae5d-70db791276d7 ] Request (SecurityGroupRulesNegativeTestJSON:tearDownClass): 204 DELETE http://10.180.1.21/networking/v2.0/networks/1f7f162d-a2b7-4dd0-9bf3-2ed0804622d1 0.736s
2025-11-21 22:37:06.953 67233 INFO tempest.lib.common.rest_client [req-7c5ad3ef-0e34-4854-91b7-4deab5b13adb req-7c5ad3ef-0e34-4854-91b7-4deab5b13adb ] Request (ServersAdminNegativeTestJSON:test_migrate_server_invalid_state): 200 GET http://10.180.1.21/compute/v2.1/servers/8747ced0-f246-4a5d-bf54-290265a8d9c1 3.554s
2025-11-21 22:37:06.976 67245 INFO tempest.lib.common.rest_client [req-03cc19ec-50ad-49ef-86ff-fafe80df9758 req-03cc19ec-50ad-49ef-86ff-fafe80df9758 ] Request (SecurityGroupRulesNegativeTestJSON:tearDownClass): 204 DELETE http://10.180.1.21/identity/v3/users/fd0a1dbb59f54cf787fde9bdce5233f6 0.089s
2025-11-21 22:37:06.976 67245 INFO tempest.lib.common.dynamic_creds [-] Deleting project and security group for project: 269afc77c79f4c7ab0877f3a7973a28b
2025-11-21 22:37:07.011 67245 INFO tempest.lib.common.rest_client [req-34cdb03e-3e0c-4fe8-aa6b-7d9bce754607 req-34cdb03e-3e0c-4fe8-aa6b-7d9bce754607 ] Request (SecurityGroupRulesNegativeTestJSON:tearDownClass): 200 GET http://10.180.1.21/networking/v2.0/security-groups?tenant_id=269afc77c79f4c7ab0877f3a7973a28b&name=default 0.034s
2025-11-21 22:37:07.012 67209 INFO tempest.lib.common.rest_client [req-47a0dbd2-ca81-424b-946d-0c9ef6a999aa req-47a0dbd2-ca81-424b-946d-0c9ef6a999aa ] Request (ImagesTestJSON:test_create_image_from_suspended_server): 200 GET http://10.180.1.21/compute/v2.1/servers/022fed05-75c9-4c54-9118-89e78739a7fe 3.559s
2025-11-21 22:37:07.099 67249 INFO tempest.lib.common.rest_client [req-c98e8525-a492-440c-a064-da666d4564eb req-c98e8525-a492-440c-a064-da666d4564eb ] Request (FloatingIPsAssociationNegativeTestJSON:tearDownClass): 200 GET http://10.180.1.21/compute/v2.1/servers/ef828a8b-286f-4612-85a3-244aedff1ec1 3.590s
2025-11-21 22:37:07.107 67245 INFO tempest.lib.common.rest_client [req-04c5d7b5-d241-4df5-8a79-fb3564a1e9e3 req-04c5d7b5-d241-4df5-8a79-fb3564a1e9e3 ] Request (SecurityGroupRulesNegativeTestJSON:tearDownClass): 204 DELETE http://10.180.1.21/networking/v2.0/security-groups/a6c0e91d-f200-4b3b-a7be-d417cd754b03 0.096s
2025-11-21 22:37:07.223 67245 INFO tempest.lib.common.rest_client [req-b80de432-b1d1-4a15-ba45-617f84b6ede5 req-b80de432-b1d1-4a15-ba45-617f84b6ede5 ] Request (SecurityGroupRulesNegativeTestJSON:tearDownClass): 204 DELETE http://10.180.1.21/identity/v3/projects/269afc77c79f4c7ab0877f3a7973a28b 0.115s
2025-11-21 22:37:07.245 67217 INFO tempest.lib.common.rest_client [req-97f3a3fb-3892-4e1c-b951-a26ec746e3a5 req-97f3a3fb-3892-4e1c-b951-a26ec746e3a5 ] Request (ServerActionsTestOtherB:setUpClass): 200 GET http://10.180.1.21/compute/v2.1/servers/8bd9cc28-9532-4d85-8a53-da2bea83a489 3.719s
2025-11-21 22:37:07.252 67217 INFO tempest.common.waiters [-] State transition "BUILD/networking" ==> "BUILD/spawning" after 22 second wait
2025-11-21 22:37:07.311 67245 INFO tempest.lib.common.rest_client [req-08fc1701-cafe-49a0-8808-909a4f1d76d7 req-08fc1701-cafe-49a0-8808-909a4f1d76d7 ] Request (ServersListShow298Test:setUpClass): 201 POST http://10.180.1.21/identity/v3/auth/tokens 0.085s
2025-11-21 22:37:07.312 67235 INFO tempest.lib.common.rest_client [req-45a0b8dc-99b5-4a69-af99-821f4be11be9 req-45a0b8dc-99b5-4a69-af99-821f4be11be9 ] Request (ServerTagsTestJSON:setUpClass): 200 GET http://10.180.1.21/compute/v2.1/servers/b18679bc-51fe-4504-870a-27805244bb4a 3.665s
2025-11-21 22:37:07.344 67245 INFO tempest.lib.common.rest_client [req-42467ef2-6026-40db-8a28-d09d957c8af1 req-42467ef2-6026-40db-8a28-d09d957c8af1 ] Request (ServersListShow298Test:setUpClass): 201 POST http://10.180.1.21/identity/v3/auth/tokens 0.030s
2025-11-21 22:37:07.376 67245 INFO tempest.lib.common.rest_client [req-d0d88b34-5151-4345-bb0e-6cf4feef87a5 req-d0d88b34-5151-4345-bb0e-6cf4feef87a5 ] Request (ServersListShow298Test:setUpClass): 200 GET http://10.180.1.21/identity/v3/domains?name=Default 0.032s
2025-11-21 22:37:07.415 67245 INFO tempest.lib.common.rest_client [req-78190f75-098b-4f06-a421-e6047b666bf1 req-78190f75-098b-4f06-a421-e6047b666bf1 ] Request (ServersListShow298Test:setUpClass): 201 POST http://10.180.1.21/identity/v3/projects 0.038s
2025-11-21 22:37:07.434 67223 INFO tempest.lib.common.rest_client [req-9c73cbd7-4124-47b5-bc4a-1c7155272bc5 req-9c73cbd7-4124-47b5-bc4a-1c7155272bc5 ] Request (MigrationsAdminTest:test_list_migrations_in_flavor_resize_situation): 200 GET http://10.180.1.21/compute/v2.1/servers/ee1029a1-ead8-4dda-a025-dd6812127c63 3.727s
2025-11-21 22:37:07.482 67245 INFO tempest.lib.common.rest_client [req-6caf94f1-1795-4638-be53-f684d5c51833 req-6caf94f1-1795-4638-be53-f684d5c51833 ] Request (ServersListShow298Test:setUpClass): 201 POST http://10.180.1.21/identity/v3/users 0.066s
2025-11-21 22:37:07.487 67247 INFO tempest.lib.common.rest_client [req-66b876e6-f7f2-40ed-9f02-3ebfffdc4ab5 req-66b876e6-f7f2-40ed-9f02-3ebfffdc4ab5 ] Request (FloatingIPsAssociationTestJSON:test_associate_already_associated_floating_ip): 202 POST http://10.180.1.21/compute/v2.1/servers/51ed60b4-ed04-4e05-bd06-af7bedbf165d/action 5.217s
2025-11-21 22:37:07.507 67229 INFO tempest.lib.common.rest_client [req-706b9a4b-72a6-471e-971b-742e1a637f5a req-706b9a4b-72a6-471e-971b-742e1a637f5a ] Request (VolumesAdminNegativeTest:tearDownClass): 200 GET http://10.180.1.21/compute/v2.1/servers/5a50926b-404a-46f7-adf0-ed8b5f818448 3.753s
2025-11-21 22:37:07.514 67245 INFO tempest.lib.common.rest_client [req-eea8e007-21c8-4d10-a6b9-a2f351df8a68 req-eea8e007-21c8-4d10-a6b9-a2f351df8a68 ] Request (ServersListShow298Test:setUpClass): 200 GET http://10.180.1.21/identity/v3/roles 0.032s
2025-11-21 22:37:07.551 67245 INFO tempest.lib.common.rest_client [req-d8f1fcc6-2669-4734-a6b0-7c8e55d09dee req-d8f1fcc6-2669-4734-a6b0-7c8e55d09dee ] Request (ServersListShow298Test:setUpClass): 204 PUT http://10.180.1.21/identity/v3/projects/b257b382be0d47d8940345d224817938/users/6a1c56b4b0784fdeb7e03609c7a29104/roles/b668181682c545f585b5f8ee45677a44 0.036s
2025-11-21 22:37:07.551 67245 INFO tempest.lib.common.dynamic_creds [-] Dynamic test user 6a1c56b4b0784fdeb7e03609c7a29104 is created with scope project and roles: ['member']
2025-11-21 22:37:07.551 67245 INFO tempest.lib.common.dynamic_creds [-] Acquired dynamic creds: credentials: Credentials: {'domain_id': 'default', 'domain_name': 'Default', 'username': 'tempest-ServersListShow298Test-317174947-project-member', 'project_domain_id': 'default', 'project_domain_name': 'Default', 'project_id': 'b257b382be0d47d8940345d224817938', 'project_name': 'tempest-ServersListShow298Test-317174947', 'tenant_id': 'b257b382be0d47d8940345d224817938', 'tenant_name': 'tempest-ServersListShow298Test-317174947', 'user_domain_id': 'default', 'user_domain_name': 'Default', 'user_id': '6a1c56b4b0784fdeb7e03609c7a29104', 'system': None}, Network: None, Subnet: None, Router: None
