2025-11-21 23:35:25.172 66369 INFO tempest.lib.common.rest_client [req-f9dcd0c0-2b48-482f-8066-00278ed43df2 req-f9dcd0c0-2b48-482f-8066-00278ed43df2 ] Request (FloatingIPsAssociationNegativeTestJSON:tearDownClass): 200 GET http://10.180.1.21/compute/v2.1/servers/011de074-0049-4a2d-adbe-89a3952b03ac 4.280s
2025-11-21 23:35:25.223 66377 INFO tempest.lib.common.rest_client [req-05b74ae5-564f-4138-a059-06f70f83e800 req-05b74ae5-564f-4138-a059-06f70f83e800 ] Request (VolumesAdminNegativeTest:setUpClass): 201 POST http://10.180.1.21/networking/v2.0/networks 0.643s
2025-11-21 23:35:25.266 66387 INFO tempest.lib.common.rest_client [req-a12f5c63-94be-4e2d-aad7-c744d657a99c req-a12f5c63-94be-4e2d-aad7-c744d657a99c ] Request (ServersTestManualDisk:setUpClass): 200 GET http://10.180.1.21/compute/v2.1/servers/829a12cf-03f5-43bc-9424-1f0120c4eb74 3.806s
2025-11-21 23:35:25.277 66387 INFO tempest.common.waiters [-] State transition "BUILD/None" ==> "BUILD/spawning" after 38 second wait
2025-11-21 23:35:25.413 66367 INFO tempest.lib.common.rest_client [req-c6f55af0-b011-4848-889c-6f34263dd44d req-c6f55af0-b011-4848-889c-6f34263dd44d ] Request (MigrationsAdminTest:test_list_migrations_in_flavor_resize_situation): 200 GET http://10.180.1.21/compute/v2.1/servers/b4ed6a82-7fe9-48a6-83e2-3aba0ae58088 3.901s
2025-11-21 23:35:25.430 66397 INFO tempest.lib.common.rest_client [req-47601107-2874-431c-91e8-d74afdaafef8 req-47601107-2874-431c-91e8-d74afdaafef8 ] Request (ImagesOneServerTestJSON:setUpClass): 200 GET http://10.180.1.21/compute/v2.1/servers/88201c5f-9bb5-4e94-b36f-1e743e478175 3.867s
2025-11-21 23:35:25.439 66397 INFO tempest.common.waiters [-] State transition "BUILD/None" ==> "BUILD/networking" after 33 second wait
2025-11-21 23:35:25.466 66377 INFO tempest.lib.common.rest_client [req-7c8f3311-09fd-4556-9040-5bf9fc9b36a5 req-7c8f3311-09fd-4556-9040-5bf9fc9b36a5 ] Request (VolumesAdminNegativeTest:setUpClass): 201 POST http://10.180.1.21/networking/v2.0/subnets 0.242s
2025-11-21 23:35:25.489 66421 INFO tempest.lib.common.rest_client [req-62f22836-9958-4766-aa82-998f3915182e req-62f22836-9958-4766-aa82-998f3915182e ] Request (ServerRescueNegativeTestJSON:setUpClass): 200 GET http://10.180.1.21/compute/v2.1/servers/096b7c36-f694-4188-950b-cc39c513fd04 3.890s
2025-11-21 23:35:25.497 66421 INFO tempest.common.waiters [-] State transition "BUILD/scheduling" ==> "BUILD/None" after 27 second wait
2025-11-21 23:35:25.831 66399 INFO tempest.lib.common.rest_client [req-cf19b302-4b5a-4b49-b311-7c5adf6dab3e req-cf19b302-4b5a-4b49-b311-7c5adf6dab3e ] Request (ServersTestJSON:tearDownClass): 200 GET http://10.180.1.21/compute/v2.1/servers/9dd346f2-880d-476f-878d-f1f39a895cf4 4.111s
2025-11-21 23:35:25.880 66381 INFO tempest.lib.common.rest_client [req-59b3612b-a14f-40dd-873f-dae1d6894d28 req-59b3612b-a14f-40dd-873f-dae1d6894d28 ] Request (DeleteServersAdminTestJSON:test_delete_server_while_in_error_state): 200 GET http://10.180.1.21/compute/v2.1/servers/af3d0080-d795-4ecc-8b4e-3a6d0acdca17 3.851s
2025-11-21 23:35:26.263 66377 INFO tempest.lib.common.rest_client [req-d060000a-036b-484d-a54b-14cbea48a6a2 req-d060000a-036b-484d-a54b-14cbea48a6a2 ] Request (VolumesAdminNegativeTest:setUpClass): 201 POST http://10.180.1.21/networking/v2.0/routers 0.797s
2025-11-21 23:35:26.315 66365 INFO tempest.lib.common.rest_client [req-58868620-5324-442f-915b-47e31d18321c req-58868620-5324-442f-915b-47e31d18321c ] Request (ImagesOneServerNegativeTestJSON:_run_cleanups): 200 GET http://10.180.1.21/compute/v2.1/servers/85d3ff30-4649-4c5b-958c-14e74ac7981e 3.907s
2025-11-21 23:35:26.334 66417 INFO tempest.lib.common.rest_client [req-9fbe1cc1-8302-43c6-be48-c89a2318b4b4 req-9fbe1cc1-8302-43c6-be48-c89a2318b4b4 ] Request (ServerAddressesNegativeTestJSON:tearDownClass): 200 GET http://10.180.1.21/compute/v2.1/servers/2dfdd810-3d67-4cdd-8d6c-15371cc135d9 3.461s
2025-11-21 23:35:26.340 66417 INFO tempest.common.waiters [-] State transition "ACTIVE/deleting" ==> "DELETED/None" after 5 second wait
2025-11-21 23:35:27.226 66377 INFO tempest.lib.common.rest_client [req-66c6cef0-cb93-46a8-a1d1-4be8a2bcbcad req-66c6cef0-cb93-46a8-a1d1-4be8a2bcbcad ] Request (VolumesAdminNegativeTest:setUpClass): 200 PUT http://10.180.1.21/networking/v2.0/routers/c55e84a3-36f6-43aa-aab6-213e57d83718/add_router_interface 0.962s
2025-11-21 23:35:27.226 66377 INFO tempest.lib.common.dynamic_creds [-] Created isolated network resources for: credentials: Credentials: {'domain_id': 'default', 'domain_name': 'Default', 'username': 'tempest-VolumesAdminNegativeTest-927742916-project-admin', 'project_domain_id': 'default', 'project_domain_name': 'Default', 'project_id': 'b591c1e41ddd4ae985f9eb73d7973a10', 'project_name': 'tempest-VolumesAdminNegativeTest-927742916', 'tenant_id': 'b591c1e41ddd4ae985f9eb73d7973a10', 'tenant_name': 'tempest-VolumesAdminNegativeTest-927742916', 'user_domain_id': 'default', 'user_domain_name': 'Default', 'user_id': 'da2b7462c5cf478399c74629845ebd2e', 'system': None}, Network: {'id': 'a5069df7-71c4-4adc-bd05-937ad3d56f0e', 'name': 'tempest-VolumesAdminNegativeTest-1779290210-network', 'tenant_id': 'b591c1e41ddd4ae985f9eb73d7973a10', 'project_id': 'b591c1e41ddd4ae985f9eb73d7973a10', 'admin_state_up': True, 'mtu': 8950, 'status': 'ACTIVE', 'subnets': [], 'shared': False, 'port_security_enabled': True, 'router:external': False, 'provider:network_type': 'vlan', 'provider:physical_network': 'default', 'provider:segmentation_id': 344, 'availability_zone_hints': [], 'availability_zones': [], 'ipv4_address_scope': None, 'ipv6_address_scope': None, 'description': '', 'tags': [], 'created_at': '2025-11-21T23:35:25Z', 'updated_at': '2025-11-21T23:35:25Z', 'revision_number': 1}, Subnet: {'id': '6c665f96-d83b-4771-942d-8c7b60b1f3e1', 'name': 'tempest-VolumesAdminNegativeTest-1779290210-subnet', 'tenant_id': 'b591c1e41ddd4ae985f9eb73d7973a10', 'network_id': 'a5069df7-71c4-4adc-bd05-937ad3d56f0e', 'ip_version': 4, 'subnetpool_id': None, 'enable_dhcp': True, 'ipv6_ra_mode': None, 'ipv6_address_mode': None, 'gateway_ip': '192.168.128.1', 'cidr': '192.168.128.0/28', 'allocation_pools': [{'start': '192.168.128.2', 'end': '192.168.128.14'}], 'host_routes': [], 'dns_nameservers': [], 'description': '', 'router:external': False, 'service_types': [], 'tags': [], 'created_at': '2025-11-21T23:35:25Z', 'updated_at': '2025-11-21T23:35:25Z', 'revision_number': 0, 'project_id': 'b591c1e41ddd4ae985f9eb73d7973a10'}, Router: {'id': 'c55e84a3-36f6-43aa-aab6-213e57d83718', 'name': 'tempest-VolumesAdminNegativeTest-1779290210-router', 'tenant_id': 'b591c1e41ddd4ae985f9eb73d7973a10', 'admin_state_up': True, 'status': 'ACTIVE', 'external_gateway_info': {'network_id': '7dc5aad0-497d-4e52-9cf3-47e3bf2ca605', 'external_fixed_ips': [{'subnet_id': '2ed1673a-2ed1-42c7-ad25-2920bde6e9f5', 'ip_address': '10.180.180.225'}], 'enable_snat': True}, 'description': '', 'availability_zones': [], 'distributed': False, 'ha': False, 'availability_zone_hints': [], 'routes': [], 'flavor_id': None, 'tags': [], 'created_at': '2025-11-21T23:35:25Z', 'updated_at': '2025-11-21T23:35:25Z', 'revision_number': 2, 'project_id': 'b591c1e41ddd4ae985f9eb73d7973a10'}
2025-11-21 23:35:27.329 66377 INFO tempest.lib.common.rest_client [req-218b7bda-244e-4a87-9bba-646da9495d98 req-218b7bda-244e-4a87-9bba-646da9495d98 ] Request (VolumesAdminNegativeTest:setUpClass): 201 POST http://10.180.1.21/identity/v3/auth/tokens 0.100s
2025-11-21 23:35:27.337 66403 INFO tempest.lib.common.rest_client [req-8790f089-a8a0-4cd6-978f-2d2ceb5e0d2d req-8790f089-a8a0-4cd6-978f-2d2ceb5e0d2d ] Request (DeleteServersTestJSON:test_delete_active_server): 200 GET http://10.180.1.21/compute/v2.1/servers/1434dd3e-1033-40db-9132-0a0577a6c0b5 4.229s
2025-11-21 23:35:27.420 66377 INFO tempest.lib.common.rest_client [req-fee60184-29c6-45fa-9ee8-be8dff61a91f req-fee60184-29c6-45fa-9ee8-be8dff61a91f ] Request (VolumesAdminNegativeTest:setUpClass): 201 POST http://10.180.1.21/identity/v3/projects 0.090s
2025-11-21 23:35:27.509 66377 INFO tempest.lib.common.rest_client [req-47a255a8-698a-46ac-9b2b-2c78efd4ee01 req-47a255a8-698a-46ac-9b2b-2c78efd4ee01 ] Request (VolumesAdminNegativeTest:setUpClass): 201 POST http://10.180.1.21/identity/v3/users 0.089s
2025-11-21 23:35:27.537 66377 INFO tempest.lib.common.rest_client [req-3c10b561-b160-4e54-84ef-70b07757dbc6 req-3c10b561-b160-4e54-84ef-70b07757dbc6 ] Request (VolumesAdminNegativeTest:setUpClass): 200 GET http://10.180.1.21/identity/v3/roles 0.027s
2025-11-21 23:35:27.545 66395 INFO tempest.lib.common.rest_client [req-ad7d27e8-d136-4a88-94bf-7d5f61627820 req-ad7d27e8-d136-4a88-94bf-7d5f61627820 ] Request (HypervisorAdminV253TestBase:test_list_show_detail_hypervisors): 200 GET http://10.180.1.21/compute/v2.1/os-hypervisors/detail?with_servers=True 4.395s
2025-11-21 23:35:27.592 66377 INFO tempest.lib.common.rest_client [req-d1f51584-4f94-4e7e-a731-6097d1a8d22b req-d1f51584-4f94-4e7e-a731-6097d1a8d22b ] Request (VolumesAdminNegativeTest:setUpClass): 204 PUT http://10.180.1.21/identity/v3/projects/ef3b6d908ebf4f8ab138b10d8f362a13/users/0023ea764cb143bab0625cfd58711e6c/roles/6e80c1479e80441fa0f17a8bb5eb1516 0.054s
2025-11-21 23:35:27.662 66377 INFO tempest.lib.common.rest_client [req-eaf34fbd-5822-469f-a393-cc3b63c15cbd req-eaf34fbd-5822-469f-a393-cc3b63c15cbd ] Request (VolumesAdminNegativeTest:setUpClass): 200 GET http://10.180.1.21/identity/v3/roles 0.069s
2025-11-21 23:35:27.662 66415 INFO tempest.lib.common.rest_client [req-fd1fb263-6a3f-4cb8-bfa8-d106e38fa8c0 req-fd1fb263-6a3f-4cb8-bfa8-d106e38fa8c0 ] Request (ServerMetadataNegativeTestJSON:test_metadata_items_limit): 403 POST http://10.180.1.21/compute/v2.1/servers/5d2f2ce1-acb3-43d5-8822-ad3d517d0373/metadata 4.436s
2025-11-21 23:35:27.693 66377 INFO tempest.lib.common.rest_client [req-f81180a0-dda0-412b-8ae3-57f472e300f6 req-f81180a0-dda0-412b-8ae3-57f472e300f6 ] Request (VolumesAdminNegativeTest:setUpClass): 204 PUT http://10.180.1.21/identity/v3/projects/ef3b6d908ebf4f8ab138b10d8f362a13/users/0023ea764cb143bab0625cfd58711e6c/roles/e42a4edb0e5d4b47a1316d47e0e4dbe1 0.030s
2025-11-21 23:35:27.693 66377 INFO tempest.lib.common.dynamic_creds [-] Dynamic test user 0023ea764cb143bab0625cfd58711e6c is created with scope project and roles: ['service', 'admin']
2025-11-21 23:35:27.693 66377 INFO tempest.lib.common.dynamic_creds [-] Acquired dynamic creds: credentials: Credentials: {'domain_id': 'default', 'domain_name': 'Default', 'username': 'tempest-VolumesAdminNegativeTest-536333717-project', 'project_domain_id': 'default', 'project_domain_name': 'Default', 'project_id': 'ef3b6d908ebf4f8ab138b10d8f362a13', 'project_name': 'tempest-VolumesAdminNegativeTest-536333717', 'tenant_id': 'ef3b6d908ebf4f8ab138b10d8f362a13', 'tenant_name': 'tempest-VolumesAdminNegativeTest-536333717', 'user_domain_id': 'default', 'user_domain_name': 'Default', 'user_id': '0023ea764cb143bab0625cfd58711e6c', 'system': None}, Network: None, Subnet: None, Router: None
2025-11-21 23:35:27.718 66401 INFO tempest.lib.common.rest_client [req-681eec49-3c23-4842-b70e-e9fa2c52e217 req-681eec49-3c23-4842-b70e-e9fa2c52e217 ] Request (FloatingIPsAssociationTestJSON:test_associate_disassociate_floating_ip): 200 GET http://10.180.1.21/compute/v2.1/os-floating-ips/a65783b5-e65c-4ec6-89a1-1db706c5ae60 4.646s
2025-11-21 23:35:27.731 66415 INFO tempest.lib.common.rest_client [req-b15042a7-94d6-44ef-baa5-34db48df6e34 req-b15042a7-94d6-44ef-baa5-34db48df6e34 ] Request (ServerMetadataNegativeTestJSON:test_server_create_metadata_key_too_long): 201 POST http://10.180.1.21/identity/v3/auth/tokens 0.063s
2025-11-21 23:35:27.732 66415 INFO tempest.lib.common.fixed_network [-] (ServerMetadataNegativeTestJSON:test_server_create_metadata_key_too_long) Found network {'id': 'ee5e51d1-42c3-4de5-a511-d92bd1dc5b00', 'name': 'tempest-ServerMetadataNegativeTestJSON-489223232-network', 'tenant_id': 'bbe0a0c1f31b4cb4a9fcc6bb063db428', 'project_id': 'bbe0a0c1f31b4cb4a9fcc6bb063db428', 'admin_state_up': True, 'mtu': 8950, 'status': 'ACTIVE', 'subnets': [], 'shared': False, 'port_security_enabled': True, 'router:external': False, 'provider:network_type': 'vlan', 'provider:physical_network': 'default', 'provider:segmentation_id': 140, 'availability_zone_hints': [], 'availability_zones': [], 'ipv4_address_scope': None, 'ipv6_address_scope': None, 'description': '', 'tags': [], 'created_at': '2025-11-21T23:34:22Z', 'updated_at': '2025-11-21T23:34:22Z', 'revision_number': 1} available for tenant
2025-11-21 23:35:27.924 66391 INFO tempest.lib.common.rest_client [req-22712f92-70e3-48e2-a8d3-d98cff61e165 req-22712f92-70e3-48e2-a8d3-d98cff61e165 ] Request (ServerRescueTestJSON:test_rescue_unrescue_instance): 200 GET http://10.180.1.21/compute/v2.1/servers/146e205d-b71d-44a7-9159-c1fcd038135f 4.555s
2025-11-21 23:35:27.970 66371 INFO tempest.lib.common.rest_client [req-aee351ca-d4dc-4712-963f-050526df8e52 req-aee351ca-d4dc-4712-963f-050526df8e52 ] Request (ServersTestBootFromVolume:setUpClass): 200 GET http://10.180.1.21/compute/v2.1/servers/2bd8f11d-7971-40b6-8b81-0b4725654a76 4.012s
2025-11-21 23:35:28.006 66377 INFO tempest.lib.common.rest_client [req-1c52499e-1c9d-4671-9f7d-445624ec4689 req-1c52499e-1c9d-4671-9f7d-445624ec4689 ] Request (VolumesAdminNegativeTest:setUpClass): 201 POST http://10.180.1.21/networking/v2.0/networks 0.313s
2025-11-21 23:35:28.119 66419 INFO tempest.lib.common.rest_client [req-07e64de8-e5a7-41d9-a1c2-db3f34034a10 req-07e64de8-e5a7-41d9-a1c2-db3f34034a10 ] Request (ServersTestFqdnHostnames:tearDownClass): 200 GET http://10.180.1.21/compute/v2.1/servers/9b16d4c2-2802-4b46-96d9-6bcf29b741ba 4.023s
2025-11-21 23:35:28.185 66385 INFO tempest.lib.common.rest_client [req-5dc2aa46-3565-4df1-a6c0-43f382cd1de6 req-5dc2aa46-3565-4df1-a6c0-43f382cd1de6 ] Request (ServersTestJSON:test_create_server_specify_multibyte_character_name): 200 GET http://10.180.1.21/compute/v2.1/servers/b6bdb81a-d29f-41df-882e-f8d5f1923960 4.022s
2025-11-21 23:35:28.374 66377 INFO tempest.lib.common.rest_client [req-0d2d8441-7304-4b60-b893-f8c4daee259c req-0d2d8441-7304-4b60-b893-f8c4daee259c ] Request (VolumesAdminNegativeTest:setUpClass): 201 POST http://10.180.1.21/networking/v2.0/subnets 0.367s
2025-11-21 23:35:28.396 66379 INFO tempest.lib.common.rest_client [req-1a81f578-a39a-40c2-90ff-89db1b4f66ff req-1a81f578-a39a-40c2-90ff-89db1b4f66ff ] Request (ServerExternalEventsTest:tearDownClass): 200 GET http://10.180.1.21/compute/v2.1/servers/41be40ac-1127-4773-bc63-bd4f272ba352 4.090s
2025-11-21 23:35:28.397 66375 INFO tempest.lib.common.rest_client [req-65381cfc-9396-4c8d-9ee0-4884ca44447e req-65381cfc-9396-4c8d-9ee0-4884ca44447e ] Request (ServersNegativeTestJSON:setUpClass): 200 GET http://10.180.1.21/compute/v2.1/servers/23d2886e-5671-44ca-b765-9cd0082c124f 4.214s
2025-11-21 23:35:28.408 66375 INFO tempest.common.waiters [-] State transition "BUILD/scheduling" ==> "BUILD/None" after 27 second wait
2025-11-21 23:35:28.445 66389 INFO tempest.lib.common.rest_client [req-3759afda-b7d5-409e-a90c-76d7515e5ce9 req-3759afda-b7d5-409e-a90c-76d7515e5ce9 ] Request (ImagesTestJSON:test_create_image_from_stopped_server): 200 GET http://10.180.1.21/compute/v2.1/images/dbe1dfd2-0a70-4742-9580-5139bbe044a6 4.082s
2025-11-21 23:35:28.473 66407 INFO tempest.lib.common.rest_client [req-3d829189-e346-4876-89a4-9608eda6338f req-3d829189-e346-4876-89a4-9608eda6338f ] Request (ServerDiagnosticsV248Test:tearDownClass): 200 GET http://10.180.1.21/compute/v2.1/servers/059a71d5-9341-44d8-ba20-ba615b34ae29 3.917s
2025-11-21 23:35:28.494 66389 INFO tempest.lib.common.rest_client [req-1a4f95e4-dd82-44e2-b796-73872fb2b6ba req-1a4f95e4-dd82-44e2-b796-73872fb2b6ba ] Request (ImagesTestJSON:test_create_image_from_stopped_server): 200 GET http://10.180.1.21/image/v2/images/dbe1dfd2-0a70-4742-9580-5139bbe044a6/tasks 0.046s
2025-11-21 23:35:28.587 66411 INFO tempest.lib.common.rest_client [req-67a73015-5279-4600-bf5a-d8746b24c771 req-67a73015-5279-4600-bf5a-d8746b24c771 ] Request (TenantUsagesTestJSON:setUpClass): 200 GET http://10.180.1.21/compute/v2.1/servers/b4c4e064-c752-4f70-96d7-ebfe7357892f 3.400s
2025-11-21 23:35:28.610 66427 INFO tempest.lib.common.rest_client [req-2352a771-7a10-4a4c-939a-6edba2d8ecfc req-2352a771-7a10-4a4c-939a-6edba2d8ecfc ] Request (MultipleCreateTestJSON:test_multiple_create_with_reservation_return): 200 GET http://10.180.1.21/compute/v2.1/servers/848d6835-5500-4295-8259-c562bf2ab3fa 4.017s
2025-11-21 23:35:28.793 66423 INFO tempest.lib.common.rest_client [req-c94b0c33-597a-4fe6-b94a-b7ededf32cff req-c94b0c33-597a-4fe6-b94a-b7ededf32cff ] Request (AttachInterfacesTestJSON:test_create_list_show_delete_interfaces_by_fixed_ip): 200 GET http://10.180.1.21/compute/v2.1/servers/23384830-f56c-4e79-ae50-bd66c714b662 3.279s
2025-11-21 23:35:28.824 66393 INFO tempest.lib.common.rest_client [req-e88a6dbc-88f5-47cb-9310-5d5932578877 req-e88a6dbc-88f5-47cb-9310-5d5932578877 ] Request (ServersAdminTestJSON:test_inject_network_info): 200 GET http://10.180.1.21/compute/v2.1/servers/1d2acffb-0ae3-4a62-8287-18f5b5df12f3 3.609s
2025-11-21 23:35:28.836 66393 INFO tempest.common.waiters [-] State transition "BUILD/spawning" ==> "ACTIVE/None" after 42 second wait
2025-11-21 23:35:28.932 66413 INFO tempest.lib.common.rest_client [req-ccad2ef5-9ec0-4d21-b93a-c96501bd0d30 req-ccad2ef5-9ec0-4d21-b93a-c96501bd0d30 ] Request (ServersAdminNegativeTestJSON:tearDownClass): 200 GET http://10.180.1.21/compute/v2.1/servers/4750be1c-3f25-4e58-abac-5f94c5824840 3.331s
2025-11-21 23:35:28.970 66369 INFO tempest.lib.common.rest_client [req-acb9240b-9938-4b0c-b356-a33833f893f6 req-acb9240b-9938-4b0c-b356-a33833f893f6 ] Request (FloatingIPsAssociationNegativeTestJSON:tearDownClass): 200 GET http://10.180.1.21/compute/v2.1/servers/011de074-0049-4a2d-adbe-89a3952b03ac 2.786s
2025-11-21 23:35:28.979 66369 INFO tempest.common.waiters [-] State transition "ACTIVE/deleting" ==> "DELETED/None" after 3 second wait
2025-11-21 23:35:29.107 66377 INFO tempest.lib.common.rest_client [req-72ac19b5-4dd9-4519-865f-4f394d1a4397 req-72ac19b5-4dd9-4519-865f-4f394d1a4397 ] Request (VolumesAdminNegativeTest:setUpClass): 201 POST http://10.180.1.21/networking/v2.0/routers 0.732s
2025-11-21 23:35:29.243 66387 INFO tempest.lib.common.rest_client [req-9857e319-e2b8-41c2-9beb-3a0382e0f5b5 req-9857e319-e2b8-41c2-9beb-3a0382e0f5b5 ] Request (ServersTestManualDisk:setUpClass): 200 GET http://10.180.1.21/compute/v2.1/servers/829a12cf-03f5-43bc-9424-1f0120c4eb74 2.964s
2025-11-21 23:35:29.275 66367 INFO tempest.lib.common.rest_client [req-025c8ae0-7790-4469-9c4c-2bbc9c564951 req-025c8ae0-7790-4469-9c4c-2bbc9c564951 ] Request (MigrationsAdminTest:test_list_migrations_in_flavor_resize_situation): 200 GET http://10.180.1.21/compute/v2.1/servers/b4ed6a82-7fe9-48a6-83e2-3aba0ae58088 2.850s
2025-11-21 23:35:29.289 66367 INFO tempest.common.waiters [-] State transition "RESIZE/resize_migrating" ==> "RESIZE/resize_migrated" after 42 second wait
2025-11-21 23:35:29.427 66421 INFO tempest.lib.common.rest_client [req-480d6a63-89e7-4e17-89f3-71c8d470767d req-480d6a63-89e7-4e17-89f3-71c8d470767d ] Request (ServerRescueNegativeTestJSON:setUpClass): 200 GET http://10.180.1.21/compute/v2.1/servers/096b7c36-f694-4188-950b-cc39c513fd04 2.926s
2025-11-21 23:35:29.449 66397 INFO tempest.lib.common.rest_client [req-91bd9b88-82e4-425f-907d-3f4200adc445 req-91bd9b88-82e4-425f-907d-3f4200adc445 ] Request (ImagesOneServerTestJSON:setUpClass): 200 GET http://10.180.1.21/compute/v2.1/servers/88201c5f-9bb5-4e94-b36f-1e743e478175 3.008s
2025-11-21 23:35:29.456 66397 INFO tempest.common.waiters [-] State transition "BUILD/networking" ==> "BUILD/spawning" after 37 second wait
2025-11-21 23:35:29.523 66381 INFO tempest.lib.common.rest_client [req-d4cde158-a4c9-4b17-afb0-cee1aea84ab8 req-d4cde158-a4c9-4b17-afb0-cee1aea84ab8 ] Request (DeleteServersAdminTestJSON:test_delete_server_while_in_error_state): 200 GET http://10.180.1.21/compute/v2.1/servers/af3d0080-d795-4ecc-8b4e-3a6d0acdca17 2.630s
2025-11-21 23:35:29.536 66399 INFO tempest.lib.common.rest_client [req-5aa3aa77-c5d2-47b1-a861-279ef2717a4f req-5aa3aa77-c5d2-47b1-a861-279ef2717a4f ] Request (ServersTestJSON:tearDownClass): 200 GET http://10.180.1.21/compute/v2.1/servers/9dd346f2-880d-476f-878d-f1f39a895cf4 2.696s
2025-11-21 23:35:29.595 66365 INFO tempest.lib.common.rest_client [req-91ba9c59-e42d-4560-94b7-a66a01707456 req-91ba9c59-e42d-4560-94b7-a66a01707456 ] Request (ImagesOneServerNegativeTestJSON:_run_cleanups): 200 GET http://10.180.1.21/compute/v2.1/servers/85d3ff30-4649-4c5b-958c-14e74ac7981e 2.272s
2025-11-21 23:35:29.622 66417 INFO tempest.lib.common.rest_client [req-8c98fbeb-ce8c-4c9c-81be-237ae4901e10 req-8c98fbeb-ce8c-4c9c-81be-237ae4901e10 ] Request (ServerAddressesNegativeTestJSON:tearDownClass): 200 GET http://10.180.1.21/compute/v2.1/servers/2dfdd810-3d67-4cdd-8d6c-15371cc135d9 2.280s
2025-11-21 23:35:29.658 66395 INFO tempest.lib.common.rest_client [req-2891728c-1ff0-4bde-94bc-cf12da7095c6 req-2891728c-1ff0-4bde-94bc-cf12da7095c6 ] Request (HypervisorAdminV253TestBase:test_list_show_detail_hypervisors): 200 GET http://10.180.1.21/compute/v2.1/os-hypervisors?with_servers=True 2.107s
2025-11-21 23:35:29.666 66415 INFO tempest.lib.common.rest_client [req-869a450d-d06d-4906-afda-ecfa8370a4d8 req-869a450d-d06d-4906-afda-ecfa8370a4d8 ] Request (ServerMetadataNegativeTestJSON:test_server_create_metadata_key_too_long): 400 POST http://10.180.1.21/compute/v2.1/servers 1.933s
2025-11-21 23:35:29.708 66415 INFO tempest.lib.common.rest_client [req-6f78ddb9-31e8-47b3-bee4-2a14c26219a7 req-6f78ddb9-31e8-47b3-bee4-2a14c26219a7 ] Request (ServerMetadataNegativeTestJSON:test_server_create_metadata_key_too_long): 201 POST http://10.180.1.21/identity/v3/auth/tokens 0.038s
2025-11-21 23:35:29.709 66415 INFO tempest.lib.common.fixed_network [-] (ServerMetadataNegativeTestJSON:test_server_create_metadata_key_too_long) Found network {'id': 'ee5e51d1-42c3-4de5-a511-d92bd1dc5b00', 'name': 'tempest-ServerMetadataNegativeTestJSON-489223232-network', 'tenant_id': 'bbe0a0c1f31b4cb4a9fcc6bb063db428', 'project_id': 'bbe0a0c1f31b4cb4a9fcc6bb063db428', 'admin_state_up': True, 'mtu': 8950, 'status': 'ACTIVE', 'subnets': [], 'shared': False, 'port_security_enabled': True, 'router:external': False, 'provider:network_type': 'vlan', 'provider:physical_network': 'default', 'provider:segmentation_id': 140, 'availability_zone_hints': [], 'availability_zones': [], 'ipv4_address_scope': None, 'ipv6_address_scope': None, 'description': '', 'tags': [], 'created_at': '2025-11-21T23:34:22Z', 'updated_at': '2025-11-21T23:34:22Z', 'revision_number': 1} available for tenant
2025-11-21 23:35:29.765 66403 INFO tempest.lib.common.rest_client [req-b428fb6f-d75d-41c2-bafd-16adafd9141d req-b428fb6f-d75d-41c2-bafd-16adafd9141d ] Request (DeleteServersTestJSON:test_delete_active_server): 200 GET http://10.180.1.21/compute/v2.1/servers/1434dd3e-1033-40db-9132-0a0577a6c0b5 1.417s
2025-11-21 23:35:29.772 66403 INFO tempest.common.waiters [-] State transition "BUILD/scheduling" ==> "BUILD/None" after 10 second wait
2025-11-21 23:35:29.879 66389 INFO tempest.lib.common.rest_client [req-840105af-83b9-4a69-9b15-5a41d79823d3 req-840105af-83b9-4a69-9b15-5a41d79823d3 ] Request (ImagesTestJSON:_run_cleanups): 204 DELETE http://10.180.1.21/compute/v2.1/images/dbe1dfd2-0a70-4742-9580-5139bbe044a6 1.384s
2025-11-21 23:35:29.976 66427 INFO tempest.lib.common.rest_client [req-27de62f3-0a3f-4948-ad57-7f550091e316 req-27de62f3-0a3f-4948-ad57-7f550091e316 ] Request (MultipleCreateTestJSON:tearDownClass): 204 DELETE http://10.180.1.21/compute/v2.1/servers/848d6835-5500-4295-8259-c562bf2ab3fa 1.352s
2025-11-21 23:35:30.063 66377 INFO tempest.lib.common.rest_client [req-54f4fb12-ec28-433d-8768-9365a5de9fe2 req-54f4fb12-ec28-433d-8768-9365a5de9fe2 ] Request (VolumesAdminNegativeTest:setUpClass): 200 PUT http://10.180.1.21/networking/v2.0/routers/55aa96ef-8a21-48ce-b57c-e08aa6cbf64d/add_router_interface 0.955s
2025-11-21 23:35:30.063 66377 INFO tempest.lib.common.dynamic_creds [-] Created isolated network resources for: credentials: Credentials: {'domain_id': 'default', 'domain_name': 'Default', 'username': 'tempest-VolumesAdminNegativeTest-536333717-project', 'project_domain_id': 'default', 'project_domain_name': 'Default', 'project_id': 'ef3b6d908ebf4f8ab138b10d8f362a13', 'project_name': 'tempest-VolumesAdminNegativeTest-536333717', 'tenant_id': 'ef3b6d908ebf4f8ab138b10d8f362a13', 'tenant_name': 'tempest-VolumesAdminNegativeTest-536333717', 'user_domain_id': 'default', 'user_domain_name': 'Default', 'user_id': '0023ea764cb143bab0625cfd58711e6c', 'system': None}, Network: {'id': '0fa26788-8098-4d61-ba7c-5d1895c4f2f9', 'name': 'tempest-VolumesAdminNegativeTest-1090668999-network', 'tenant_id': 'ef3b6d908ebf4f8ab138b10d8f362a13', 'project_id': 'ef3b6d908ebf4f8ab138b10d8f362a13', 'admin_state_up': True, 'mtu': 8950, 'status': 'ACTIVE', 'subnets': [], 'shared': False, 'port_security_enabled': True, 'router:external': False, 'provider:network_type': 'vlan', 'provider:physical_network': 'default', 'provider:segmentation_id': 605, 'availability_zone_hints': [], 'availability_zones': [], 'ipv4_address_scope': None, 'ipv6_address_scope': None, 'description': '', 'tags': [], 'created_at': '2025-11-21T23:35:27Z', 'updated_at': '2025-11-21T23:35:27Z', 'revision_number': 1}, Subnet: {'id': '3582a634-b333-4446-a5c1-9be192999709', 'name': 'tempest-VolumesAdminNegativeTest-1090668999-subnet', 'tenant_id': 'ef3b6d908ebf4f8ab138b10d8f362a13', 'network_id': '0fa26788-8098-4d61-ba7c-5d1895c4f2f9', 'ip_version': 4, 'subnetpool_id': None, 'enable_dhcp': True, 'ipv6_ra_mode': None, 'ipv6_address_mode': None, 'gateway_ip': '192.168.128.1', 'cidr': '192.168.128.0/28', 'allocation_pools': [{'start': '192.168.128.2', 'end': '192.168.128.14'}], 'host_routes': [], 'dns_nameservers': [], 'description': '', 'router:external': False, 'service_types': [], 'tags': [], 'created_at': '2025-11-21T23:35:28Z', 'updated_at': '2025-11-21T23:35:28Z', 'revision_number': 0, 'project_id': 'ef3b6d908ebf4f8ab138b10d8f362a13'}, Router: {'id': '55aa96ef-8a21-48ce-b57c-e08aa6cbf64d', 'name': 'tempest-VolumesAdminNegativeTest-1090668999-router', 'tenant_id': 'ef3b6d908ebf4f8ab138b10d8f362a13', 'admin_state_up': True, 'status': 'ACTIVE', 'external_gateway_info': {'network_id': '7dc5aad0-497d-4e52-9cf3-47e3bf2ca605', 'external_fixed_ips': [{'subnet_id': '2ed1673a-2ed1-42c7-ad25-2920bde6e9f5', 'ip_address': '10.180.180.198'}], 'enable_snat': True}, 'description': '', 'availability_zones': [], 'distributed': False, 'ha': False, 'availability_zone_hints': [], 'routes': [], 'flavor_id': None, 'tags': [], 'created_at': '2025-11-21T23:35:28Z', 'updated_at': '2025-11-21T23:35:28Z', 'revision_number': 2, 'project_id': 'ef3b6d908ebf4f8ab138b10d8f362a13'}
2025-11-21 23:35:30.144 66393 INFO tempest.lib.common.rest_client [req-2593eb6d-e125-45e2-99f4-90f2956e018e req-2593eb6d-e125-45e2-99f4-90f2956e018e ] Request (ServersAdminTestJSON:test_inject_network_info): 202 POST http://10.180.1.21/compute/v2.1/servers/1d2acffb-0ae3-4a62-8287-18f5b5df12f3/action 1.305s
2025-11-21 23:35:30.198 66377 INFO tempest.lib.common.rest_client [req-beddd8a0-e385-4b37-857b-aecd5edf9fd7 req-beddd8a0-e385-4b37-857b-aecd5edf9fd7 ] Request (VolumesAdminNegativeTest:setUpClass): 201 POST http://10.180.1.21/identity/v3/auth/tokens 0.132s
2025-11-21 23:35:30.260 66391 INFO tempest.lib.common.rest_client [req-8c1be197-8ff5-4b5e-bec6-4896833e70b9 req-8c1be197-8ff5-4b5e-bec6-4896833e70b9 ] Request (ServerRescueTestJSON:test_rescue_unrescue_instance): 200 GET http://10.180.1.21/compute/v2.1/servers/146e205d-b71d-44a7-9159-c1fcd038135f 1.325s
2025-11-21 23:35:30.292 66377 INFO tempest.lib.common.rest_client [req-c41f7eef-a5c6-4104-9edb-ad0d59efc689 req-c41f7eef-a5c6-4104-9edb-ad0d59efc689 ] Request (VolumesAdminNegativeTest:test_update_attached_volume_with_nonexistent_volume_in_uri): 201 POST http://10.180.1.21/identity/v3/auth/tokens 0.085s
2025-11-21 23:35:30.292 66377 INFO tempest.lib.common.fixed_network [-] (VolumesAdminNegativeTest:test_update_attached_volume_with_nonexistent_volume_in_uri) Found network {'id': '577eecb5-a957-4613-b378-997f4cd71163', 'name': 'tempest-VolumesAdminNegativeTest-543185563-network', 'tenant_id': '655fd0ce9d654b8791f0d549c18ed921', 'project_id': '655fd0ce9d654b8791f0d549c18ed921', 'admin_state_up': True, 'mtu': 8950, 'status': 'ACTIVE', 'subnets': [], 'shared': False, 'port_security_enabled': True, 'router:external': False, 'provider:network_type': 'vlan', 'provider:physical_network': 'default', 'provider:segmentation_id': 305, 'availability_zone_hints': [], 'availability_zones': [], 'ipv4_address_scope': None, 'ipv6_address_scope': None, 'description': '', 'tags': [], 'created_at': '2025-11-21T23:35:21Z', 'updated_at': '2025-11-21T23:35:21Z', 'revision_number': 1} available for tenant
2025-11-21 23:35:30.337 66371 INFO tempest.lib.common.rest_client [req-44a80827-0663-470e-bbfb-0ced9a3550e6 req-44a80827-0663-470e-bbfb-0ced9a3550e6 ] Request (ServersTestBootFromVolume:setUpClass): 200 GET http://10.180.1.21/compute/v2.1/servers/2bd8f11d-7971-40b6-8b81-0b4725654a76 1.356s
2025-11-21 23:35:30.418 66419 INFO tempest.lib.common.rest_client [req-0c8ad903-83bb-4227-9466-f39f9dca32da req-0c8ad903-83bb-4227-9466-f39f9dca32da ] Request (ServersTestFqdnHostnames:tearDownClass): 200 GET http://10.180.1.21/compute/v2.1/servers/9b16d4c2-2802-4b46-96d9-6bcf29b741ba 1.282s
2025-11-21 23:35:30.487 66385 INFO tempest.lib.common.rest_client [req-d3d80fae-3325-498c-8c14-3009cc1ada22 req-d3d80fae-3325-498c-8c14-3009cc1ada22 ] Request (ServersTestJSON:test_create_server_specify_multibyte_character_name): 200 GET http://10.180.1.21/compute/v2.1/servers/b6bdb81a-d29f-41df-882e-f8d5f1923960 1.292s
2025-11-21 23:35:30.545 66379 INFO tempest.lib.common.rest_client [req-4a4568ef-6529-45c6-99c4-a2eb7a6babe5 req-4a4568ef-6529-45c6-99c4-a2eb7a6babe5 ] Request (ServerExternalEventsTest:tearDownClass): 200 GET http://10.180.1.21/compute/v2.1/servers/41be40ac-1127-4773-bc63-bd4f272ba352 1.139s
2025-11-21 23:35:30.552 66379 INFO tempest.common.waiters [-] State transition "ACTIVE/deleting" ==> "DELETED/None" after 2 second wait
2025-11-21 23:35:30.614 66375 INFO tempest.lib.common.rest_client [req-16e83be9-da8c-46c9-a610-474c3a44b1aa req-16e83be9-da8c-46c9-a610-474c3a44b1aa ] Request (ServersNegativeTestJSON:setUpClass): 200 GET http://10.180.1.21/compute/v2.1/servers/23d2886e-5671-44ca-b765-9cd0082c124f 1.205s
2025-11-21 23:35:30.616 66401 INFO tempest.lib.common.rest_client [req-1b2b1dcd-af3d-47ee-aeb2-3d4d999a89d1 req-1b2b1dcd-af3d-47ee-aeb2-3d4d999a89d1 ] Request (FloatingIPsAssociationTestJSON:test_associate_disassociate_floating_ip): 202 POST http://10.180.1.21/compute/v2.1/servers/1d9f9fda-04d4-4907-9c18-a459c9970aa8/action 2.894s
2025-11-21 23:35:30.692 66411 INFO tempest.lib.common.rest_client [req-f3230abd-2f32-4a69-bf1f-d5c40395ed0e req-f3230abd-2f32-4a69-bf1f-d5c40395ed0e ] Request (TenantUsagesTestJSON:setUpClass): 200 GET http://10.180.1.21/compute/v2.1/servers/b4c4e064-c752-4f70-96d7-ebfe7357892f 1.096s
2025-11-21 23:35:30.709 66407 INFO tempest.lib.common.rest_client [req-e0a048fa-5a4c-47fe-b38c-b5e36eb96ca6 req-e0a048fa-5a4c-47fe-b38c-b5e36eb96ca6 ] Request (ServerDiagnosticsV248Test:tearDownClass): 200 GET http://10.180.1.21/compute/v2.1/servers/059a71d5-9341-44d8-ba20-ba615b34ae29 1.217s
2025-11-21 23:35:30.717 66415 INFO tempest.lib.common.rest_client [req-352d7626-9608-40b2-b726-4c4f02178e4f req-352d7626-9608-40b2-b726-4c4f02178e4f ] Request (ServerMetadataNegativeTestJSON:test_server_create_metadata_key_too_long): 400 POST http://10.180.1.21/compute/v2.1/servers 1.007s
2025-11-21 23:35:30.720 66395 INFO tempest.lib.common.rest_client [req-c9326dc0-f8b2-4ccc-bfe7-d4258a45eb3a req-c9326dc0-f8b2-4ccc-bfe7-d4258a45eb3a ] Request (HypervisorAdminV253TestBase:test_list_show_detail_hypervisors): 200 GET http://10.180.1.21/compute/v2.1/os-hypervisors/3bac627b-69ef-42e9-bfc7-dbc2d645ddc7 1.059s
2025-11-21 23:35:30.758 66415 INFO tempest.lib.common.rest_client [req-3e634375-9292-4376-9f65-b4b144906adc req-3e634375-9292-4376-9f65-b4b144906adc ] Request (ServerMetadataNegativeTestJSON:test_server_create_metadata_key_too_long): 201 POST http://10.180.1.21/identity/v3/auth/tokens 0.039s
2025-11-21 23:35:30.759 66415 INFO tempest.lib.common.fixed_network [-] (ServerMetadataNegativeTestJSON:test_server_create_metadata_key_too_long) Found network {'id': 'ee5e51d1-42c3-4de5-a511-d92bd1dc5b00', 'name': 'tempest-ServerMetadataNegativeTestJSON-489223232-network', 'tenant_id': 'bbe0a0c1f31b4cb4a9fcc6bb063db428', 'project_id': 'bbe0a0c1f31b4cb4a9fcc6bb063db428', 'admin_state_up': True, 'mtu': 8950, 'status': 'ACTIVE', 'subnets': [], 'shared': False, 'port_security_enabled': True, 'router:external': False, 'provider:network_type': 'vlan', 'provider:physical_network': 'default', 'provider:segmentation_id': 140, 'availability_zone_hints': [], 'availability_zones': [], 'ipv4_address_scope': None, 'ipv6_address_scope': None, 'description': '', 'tags': [], 'created_at': '2025-11-21T23:34:22Z', 'updated_at': '2025-11-21T23:34:22Z', 'revision_number': 1} available for tenant
2025-11-21 23:35:30.791 66423 INFO tempest.lib.common.rest_client [req-408e35d4-89dc-486e-a3fd-29ff8205f24b req-408e35d4-89dc-486e-a3fd-29ff8205f24b ] Request (AttachInterfacesTestJSON:test_create_list_show_delete_interfaces_by_fixed_ip): 200 GET http://10.180.1.21/compute/v2.1/servers/23384830-f56c-4e79-ae50-bd66c714b662 0.990s
2025-11-21 23:35:30.813 66389 INFO tempest.lib.common.rest_client [req-670714a4-c0c6-47ed-80ac-01dc5f579c21 req-670714a4-c0c6-47ed-80ac-01dc5f579c21 ] Request (ImagesTestJSON:_run_cleanups): 204 DELETE http://10.180.1.21/compute/v2.1/servers/a54910a0-6cf6-4d9a-8e4f-341837e9950b 0.934s
2025-11-21 23:35:30.872 66413 INFO tempest.lib.common.rest_client [req-2148a0c4-0365-4daf-a239-5d95872cbfdd req-2148a0c4-0365-4daf-a239-5d95872cbfdd ] Request (ServersAdminNegativeTestJSON:tearDownClass): 200 GET http://10.180.1.21/compute/v2.1/servers/4750be1c-3f25-4e58-abac-5f94c5824840 0.928s
2025-11-21 23:35:30.889 66395 INFO tempest.lib.common.rest_client [req-1da59f18-49e7-433c-8ef2-961fda9af761 req-1da59f18-49e7-433c-8ef2-961fda9af761 ] Request (HypervisorAdminV253TestBase:tearDownClass): 204 DELETE http://10.180.1.21/identity/v3/users/d565eae4342b4e87af31ae557562c0d0 0.160s
2025-11-21 23:35:30.901 66389 INFO tempest.lib.common.rest_client [req-07030a4c-97fe-4e73-8a6a-883879b79e31 req-07030a4c-97fe-4e73-8a6a-883879b79e31 ] Request (ImagesTestJSON:test_create_image_from_suspended_server): 201 POST http://10.180.1.21/identity/v3/auth/tokens 0.083s
2025-11-21 23:35:30.902 66389 INFO tempest.lib.common.fixed_network [-] (ImagesTestJSON:test_create_image_from_suspended_server) Found network {'id': '64db0f77-4cda-4dee-909e-6aa7e9c43903', 'name': 'tempest-ImagesTestJSON-1819289257-network', 'tenant_id': 'c8b700f786004fb5bdf0f1a73d9f888c', 'project_id': 'c8b700f786004fb5bdf0f1a73d9f888c', 'admin_state_up': True, 'mtu': 8950, 'status': 'ACTIVE', 'subnets': [], 'shared': False, 'port_security_enabled': True, 'router:external': False, 'provider:network_type': 'vlan', 'provider:physical_network': 'default', 'provider:segmentation_id': 601, 'availability_zone_hints': [], 'availability_zones': [], 'ipv4_address_scope': None, 'ipv6_address_scope': None, 'description': '', 'tags': [], 'created_at': '2025-11-21T23:34:14Z', 'updated_at': '2025-11-21T23:34:14Z', 'revision_number': 1} available for tenant
2025-11-21 23:35:30.921 66427 INFO tempest.lib.common.rest_client [req-7e54cdc9-f713-4ca0-bdfc-4f6d86d58e30 req-7e54cdc9-f713-4ca0-bdfc-4f6d86d58e30 ] Request (MultipleCreateTestJSON:tearDownClass): 204 DELETE http://10.180.1.21/compute/v2.1/servers/82dfb992-9fb3-44b1-b0cf-fe7ffb54bf60 0.945s
2025-11-21 23:35:30.949 66369 INFO tempest.lib.common.rest_client [req-73864957-da4e-4502-a125-c75f265f7828 req-73864957-da4e-4502-a125-c75f265f7828 ] Request (FloatingIPsAssociationNegativeTestJSON:tearDownClass): 200 GET http://10.180.1.21/compute/v2.1/servers/011de074-0049-4a2d-adbe-89a3952b03ac 0.969s
2025-11-21 23:35:30.960 66393 INFO tempest.lib.common.rest_client [req-20b92f7a-c37b-4e3e-bc61-61530c03aefd req-20b92f7a-c37b-4e3e-bc61-61530c03aefd ] Request (ServersAdminTestJSON:test_list_servers_by_admin): 200 GET http://10.180.1.21/compute/v2.1/servers/detail 0.814s
2025-11-21 23:35:31.008 66395 INFO tempest.lib.common.rest_client [req-53450c2e-53ad-48b5-ab14-c1c95842f75f req-53450c2e-53ad-48b5-ab14-c1c95842f75f ] Request (HypervisorAdminV253TestBase:tearDownClass): 204 DELETE http://10.180.1.21/identity/v3/users/38e8ccd6fe164571adf9f09c799caaa1 0.118s
2025-11-21 23:35:31.008 66395 INFO tempest.lib.common.dynamic_creds [-] Deleting project and security group for project: 1c4adc35e9d04bd081dd3d5f1082c2bb
2025-11-21 23:35:31.077 66395 INFO tempest.lib.common.rest_client [req-13ac18ca-6611-4dd3-a88c-13b29b52975e req-13ac18ca-6611-4dd3-a88c-13b29b52975e ] Request (HypervisorAdminV253TestBase:tearDownClass): 201 POST http://10.180.1.21/identity/v3/auth/tokens 0.068s
2025-11-21 23:35:31.122 66387 INFO tempest.lib.common.rest_client [req-2c1827bb-848e-471b-a34e-a311b17b93e3 req-2c1827bb-848e-471b-a34e-a311b17b93e3 ] Request (ServersTestManualDisk:setUpClass): 200 GET http://10.180.1.21/compute/v2.1/servers/829a12cf-03f5-43bc-9424-1f0120c4eb74 0.870s
2025-11-21 23:35:31.144 66367 INFO tempest.lib.common.rest_client [req-0037a0de-45c9-4f98-b9e9-5867bb528a18 req-0037a0de-45c9-4f98-b9e9-5867bb528a18 ] Request (MigrationsAdminTest:test_list_migrations_in_flavor_resize_situation): 200 GET http://10.180.1.21/compute/v2.1/servers/b4ed6a82-7fe9-48a6-83e2-3aba0ae58088 0.853s
2025-11-21 23:35:31.160 66367 INFO tempest.common.waiters [-] State transition "RESIZE/resize_migrated" ==> "RESIZE/resize_finish" after 44 second wait
2025-11-21 23:35:31.195 66409 WARNING tempest.lib.common.ssh [-] Failed to establish authenticated ssh connection to cirros@10.180.180.219 ([Errno None] Unable to connect to port 22 on 10.180.180.219). Number attempts: 9. Retry after 10 seconds.: paramiko.ssh_exception.NoValidConnectionsError: [Errno None] Unable to connect to port 22 on 10.180.180.219
2025-11-21 23:35:31.220 66421 INFO tempest.lib.common.rest_client [req-aef66b0a-676f-474e-93e4-f8ba88cb37b3 req-aef66b0a-676f-474e-93e4-f8ba88cb37b3 ] Request (ServerRescueNegativeTestJSON:setUpClass): 200 GET http://10.180.1.21/compute/v2.1/servers/096b7c36-f694-4188-950b-cc39c513fd04 0.783s
2025-11-21 23:35:31.289 66395 INFO tempest.lib.common.rest_client [req-f11abcd6-e73c-4c58-b062-5c303d927016 req-f11abcd6-e73c-4c58-b062-5c303d927016 ] Request (HypervisorAdminV253TestBase:tearDownClass): 200 GET http://10.180.1.21/networking/v2.0/security-groups?tenant_id=1c4adc35e9d04bd081dd3d5f1082c2bb&name=default 0.212s
2025-11-21 23:35:31.352 66397 INFO tempest.lib.common.rest_client [req-1c77fd5a-b75f-4e24-ad69-880fff5b1a98 req-1c77fd5a-b75f-4e24-ad69-880fff5b1a98 ] Request (ImagesOneServerTestJSON:setUpClass): 200 GET http://10.180.1.21/compute/v2.1/servers/88201c5f-9bb5-4e94-b36f-1e743e478175 0.895s
2025-11-21 23:35:31.389 66395 INFO tempest.lib.common.rest_client [req-0611e306-f5dd-4397-8833-0a31d6914338 req-0611e306-f5dd-4397-8833-0a31d6914338 ] Request (HypervisorAdminV253TestBase:tearDownClass): 204 DELETE http://10.180.1.21/networking/v2.0/security-groups/9932e613-d644-44a0-8b1b-97ae2f731f2b 0.100s
2025-11-21 23:35:31.437 66381 INFO tempest.lib.common.rest_client [req-51d13945-3b23-45c2-85e9-9a4be6c79b3c req-51d13945-3b23-45c2-85e9-9a4be6c79b3c ] Request (DeleteServersAdminTestJSON:test_delete_server_while_in_error_state): 200 GET http://10.180.1.21/compute/v2.1/servers/af3d0080-d795-4ecc-8b4e-3a6d0acdca17 0.906s
2025-11-21 23:35:31.491 66395 INFO tempest.lib.common.rest_client [req-7bfa8150-40c6-4b73-ae57-10675a5fb167 req-7bfa8150-40c6-4b73-ae57-10675a5fb167 ] Request (HypervisorAdminV253TestBase:tearDownClass): 204 DELETE http://10.180.1.21/identity/v3/projects/1c4adc35e9d04bd081dd3d5f1082c2bb 0.101s
2025-11-21 23:35:31.491 66395 INFO tempest.lib.common.dynamic_creds [-] Deleting project and security group for project: 4407c3f383ed43479acc928728fb4e38
2025-11-21 23:35:31.511 66399 INFO tempest.lib.common.rest_client [req-ffafe486-169d-4cad-a228-7256b0d45c80 req-ffafe486-169d-4cad-a228-7256b0d45c80 ] Request (ServersTestJSON:tearDownClass): 200 GET http://10.180.1.21/compute/v2.1/servers/9dd346f2-880d-476f-878d-f1f39a895cf4 0.965s
2025-11-21 23:35:31.637 66395 INFO tempest.lib.common.rest_client [req-2d4ec777-248e-4179-afcd-0105668645a5 req-2d4ec777-248e-4179-afcd-0105668645a5 ] Request (HypervisorAdminV253TestBase:tearDownClass): 200 GET http://10.180.1.21/networking/v2.0/security-groups?tenant_id=4407c3f383ed43479acc928728fb4e38&name=default 0.145s
2025-11-21 23:35:31.647 66365 INFO tempest.lib.common.rest_client [req-dfd5faf3-a8ae-4806-be2c-bd1da69b5c6c req-dfd5faf3-a8ae-4806-be2c-bd1da69b5c6c ] Request (ImagesOneServerNegativeTestJSON:_run_cleanups): 200 GET http://10.180.1.21/compute/v2.1/servers/85d3ff30-4649-4c5b-958c-14e74ac7981e 1.043s
2025-11-21 23:35:31.713 66377 INFO tempest.lib.common.rest_client [req-2c2b21ed-34aa-4cad-b2be-8e725fbc9385 req-2c2b21ed-34aa-4cad-b2be-8e725fbc9385 ] Request (VolumesAdminNegativeTest:test_update_attached_volume_with_nonexistent_volume_in_uri): 202 POST http://10.180.1.21/compute/v2.1/servers 1.420s
2025-11-21 23:35:31.754 66395 INFO tempest.lib.common.rest_client [req-d83c156b-9b52-4615-9864-d464aaada05b req-d83c156b-9b52-4615-9864-d464aaada05b ] Request (HypervisorAdminV253TestBase:tearDownClass): 204 DELETE http://10.180.1.21/networking/v2.0/security-groups/baad7d93-7054-4322-ab09-4fd8f58b3745 0.116s
2025-11-21 23:35:31.767 66401 INFO tempest.lib.common.rest_client [req-62bab49d-7860-438c-9ce8-62f3a9d06bfc req-62bab49d-7860-438c-9ce8-62f3a9d06bfc ] Request (FloatingIPsAssociationTestJSON:tearDownClass): 204 DELETE http://10.180.1.21/compute/v2.1/servers/c8edfd83-a2f8-4708-af16-1d1a63059a62 1.149s
2025-11-21 23:35:31.774 66415 INFO tempest.lib.common.rest_client [req-7906ac5f-471a-4962-8b9d-e0ba31a44af1 req-7906ac5f-471a-4962-8b9d-e0ba31a44af1 ] Request (ServerMetadataNegativeTestJSON:test_server_create_metadata_key_too_long): 400 POST http://10.180.1.21/compute/v2.1/servers 1.014s
2025-11-21 23:35:31.814 66417 INFO tempest.lib.common.rest_client [req-6febda77-672a-44e3-a78b-62a60ab70ea3 req-6febda77-672a-44e3-a78b-62a60ab70ea3 ] Request (ServerAddressesNegativeTestJSON:tearDownClass): 200 GET http://10.180.1.21/compute/v2.1/servers/2dfdd810-3d67-4cdd-8d6c-15371cc135d9 1.183s
2025-11-21 23:35:31.862 66403 INFO tempest.lib.common.rest_client [req-0a3d07a9-2b02-4a37-ada0-a0c3dd522195 req-0a3d07a9-2b02-4a37-ada0-a0c3dd522195 ] Request (DeleteServersTestJSON:test_delete_active_server): 200 GET http://10.180.1.21/compute/v2.1/servers/1434dd3e-1033-40db-9132-0a0577a6c0b5 1.088s
2025-11-21 23:35:31.870 66415 INFO tempest.lib.common.rest_client [req-b7b17c96-645b-4252-b25c-5b9562021eed req-b7b17c96-645b-4252-b25c-5b9562021eed ] Request (ServerMetadataNegativeTestJSON:test_server_create_metadata_key_too_long): 201 POST http://10.180.1.21/identity/v3/auth/tokens 0.091s
2025-11-21 23:35:31.870 66415 INFO tempest.lib.common.fixed_network [-] (ServerMetadataNegativeTestJSON:test_server_create_metadata_key_too_long) Found network {'id': 'ee5e51d1-42c3-4de5-a511-d92bd1dc5b00', 'name': 'tempest-ServerMetadataNegativeTestJSON-489223232-network', 'tenant_id': 'bbe0a0c1f31b4cb4a9fcc6bb063db428', 'project_id': 'bbe0a0c1f31b4cb4a9fcc6bb063db428', 'admin_state_up': True, 'mtu': 8950, 'status': 'ACTIVE', 'subnets': [], 'shared': False, 'port_security_enabled': True, 'router:external': False, 'provider:network_type': 'vlan', 'provider:physical_network': 'default', 'provider:segmentation_id': 140, 'availability_zone_hints': [], 'availability_zones': [], 'ipv4_address_scope': None, 'ipv6_address_scope': None, 'description': '', 'tags': [], 'created_at': '2025-11-21T23:34:22Z', 'updated_at': '2025-11-21T23:34:22Z', 'revision_number': 1} available for tenant
2025-11-21 23:35:31.875 66405 INFO paramiko.transport [-] Connected (version 2.0, client dropbear_2020.81)
2025-11-21 23:35:31.897 66395 INFO tempest.lib.common.rest_client [req-9db82dcb-352d-4a63-beac-2891a4c0f17d req-9db82dcb-352d-4a63-beac-2891a4c0f17d ] Request (HypervisorAdminV253TestBase:tearDownClass): 204 DELETE http://10.180.1.21/identity/v3/projects/4407c3f383ed43479acc928728fb4e38 0.143s
2025-11-21 23:35:31.983 66427 INFO tempest.lib.common.rest_client [req-3dd95d10-bdd8-4f45-bb05-650696d9e218 req-3dd95d10-bdd8-4f45-bb05-650696d9e218 ] Request (MultipleCreateTestJSON:tearDownClass): 200 GET http://10.180.1.21/compute/v2.1/servers/848d6835-5500-4295-8259-c562bf2ab3fa 1.061s
2025-11-21 23:35:31.983 66405 INFO paramiko.transport [-] Authentication (publickey) successful!
2025-11-21 23:35:31.983 66405 INFO tempest.lib.common.ssh [-] ssh connection to cirros@10.180.180.186 successfully created
2025-11-21 23:35:31.988 66395 INFO tempest.lib.common.rest_client [req-e317a423-0f5b-43aa-ac88-00e0945cc0cf req-e317a423-0f5b-43aa-ac88-00e0945cc0cf ] Request (ImagesMetadataNegativeTestJSON:setUpClass): 201 POST http://10.180.1.21/identity/v3/auth/tokens 0.088s
2025-11-21 23:35:32.020 66395 INFO tempest.lib.common.rest_client [req-50509553-91dc-46d5-8095-ec197914e25e req-50509553-91dc-46d5-8095-ec197914e25e ] Request (ImagesMetadataNegativeTestJSON:setUpClass): 201 POST http://10.180.1.21/identity/v3/auth/tokens 0.028s
2025-11-21 23:35:32.055 66395 INFO tempest.lib.common.rest_client [req-280495d4-34a0-4fce-96a5-3a1fb3057ab9 req-280495d4-34a0-4fce-96a5-3a1fb3057ab9 ] Request (ImagesMetadataNegativeTestJSON:setUpClass): 200 GET http://10.180.1.21/identity/v3/domains?name=Default 0.035s
2025-11-21 23:35:32.091 66395 INFO tempest.lib.common.rest_client [req-7dee133c-53aa-4ecf-bccf-2c4ff089b1ec req-7dee133c-53aa-4ecf-bccf-2c4ff089b1ec ] Request (ImagesMetadataNegativeTestJSON:setUpClass): 201 POST http://10.180.1.21/identity/v3/projects 0.035s
2025-11-21 23:35:32.211 66395 INFO tempest.lib.common.rest_client [req-9dc269e7-17e1-4c28-b0bc-57000e729362 req-9dc269e7-17e1-4c28-b0bc-57000e729362 ] Request (ImagesMetadataNegativeTestJSON:setUpClass): 201 POST http://10.180.1.21/identity/v3/users 0.120s
2025-11-21 23:35:32.241 66395 INFO tempest.lib.common.rest_client [req-04f13c22-4d2a-4042-b386-b0001b747c9c req-04f13c22-4d2a-4042-b386-b0001b747c9c ] Request (ImagesMetadataNegativeTestJSON:setUpClass): 200 GET http://10.180.1.21/identity/v3/roles 0.029s
2025-11-21 23:35:32.262 66389 INFO tempest.lib.common.rest_client [req-651da56e-9773-4493-b0d1-26320e87b926 req-651da56e-9773-4493-b0d1-26320e87b926 ] Request (ImagesTestJSON:test_create_image_from_suspended_server): 202 POST http://10.180.1.21/compute/v2.1/servers 1.359s
2025-11-21 23:35:32.306 66395 INFO tempest.lib.common.rest_client [req-f02c2bdf-f90a-4953-9e9b-dea889f45fac req-f02c2bdf-f90a-4953-9e9b-dea889f45fac ] Request (ImagesMetadataNegativeTestJSON:setUpClass): 204 PUT http://10.180.1.21/identity/v3/projects/27c13de6e3454868866d2dd8234620d8/users/86b3f91b11fc4e7f8516690182b6940a/roles/dcbede15cb6744c4b05561776f5aa16a 0.064s
2025-11-21 23:35:32.307 66395 INFO tempest.lib.common.dynamic_creds [-] Dynamic test user 86b3f91b11fc4e7f8516690182b6940a is created with scope project and roles: ['member']
2025-11-21 23:35:32.307 66395 INFO tempest.lib.common.dynamic_creds [-] Acquired dynamic creds: credentials: Credentials: {'domain_id': 'default', 'domain_name': 'Default', 'username': 'tempest-ImagesMetadataNegativeTestJSON-1365362026-project-member', 'project_domain_id': 'default', 'project_domain_name': 'Default', 'project_id': '27c13de6e3454868866d2dd8234620d8', 'project_name': 'tempest-ImagesMetadataNegativeTestJSON-1365362026', 'tenant_id': '27c13de6e3454868866d2dd8234620d8', 'tenant_name': 'tempest-ImagesMetadataNegativeTestJSON-1365362026', 'user_domain_id': 'default', 'user_domain_name': 'Default', 'user_id': '86b3f91b11fc4e7f8516690182b6940a', 'system': None}, Network: None, Subnet: None, Router: None
2025-11-21 23:35:32.307 66395 INFO tempest.lib.common.dynamic_creds [-] Created isolated network resources for: credentials: Credentials: {'domain_id': 'default', 'domain_name': 'Default', 'username': 'tempest-ImagesMetadataNegativeTestJSON-1365362026-project-member', 'project_domain_id': 'default', 'project_domain_name': 'Default', 'project_id': '27c13de6e3454868866d2dd8234620d8', 'project_name': 'tempest-ImagesMetadataNegativeTestJSON-1365362026', 'tenant_id': '27c13de6e3454868866d2dd8234620d8', 'tenant_name': 'tempest-ImagesMetadataNegativeTestJSON-1365362026', 'user_domain_id': 'default', 'user_domain_name': 'Default', 'user_id': '86b3f91b11fc4e7f8516690182b6940a', 'system': None}, Network: None, Subnet: None, Router: None
2025-11-21 23:35:32.383 66391 INFO tempest.lib.common.rest_client [req-be5fc51c-7172-4e55-94b6-b8f39f12f240 req-be5fc51c-7172-4e55-94b6-b8f39f12f240 ] Request (ServerRescueTestJSON:test_rescue_unrescue_instance): 200 GET http://10.180.1.21/compute/v2.1/servers/146e205d-b71d-44a7-9159-c1fcd038135f 1.114s
2025-11-21 23:35:32.449 66393 INFO tempest.lib.common.rest_client [req-2551bd85-d55d-486a-a42f-d5731d4a9872 req-2551bd85-d55d-486a-a42f-d5731d4a9872 ] Request (ServersAdminTestJSON:test_list_servers_by_admin_with_all_tenants): 200 GET http://10.180.1.21/compute/v2.1/servers/detail?all_tenants= 1.479s
2025-11-21 23:35:32.476 66395 INFO tempest.lib.common.rest_client [req-9c185613-74c8-4365-aa45-0311f46a21b3 req-9c185613-74c8-4365-aa45-0311f46a21b3 ] Request (ImagesMetadataNegativeTestJSON:setUpClass): 201 POST http://10.180.1.21/identity/v3/auth/tokens 0.162s
