2025-11-21 23:33:44.796 66377 INFO tempest.lib.common.dynamic_creds [-] Acquired dynamic creds: credentials: Credentials: {'domain_id': 'default', 'domain_name': 'Default', 'username': 'tempest-ServersAdmin275Test-278091380-project-member', 'project_domain_id': 'default', 'project_domain_name': 'Default', 'project_id': 'c2dec3320c5d44c5ad3ee86e37a1b7ba', 'project_name': 'tempest-ServersAdmin275Test-278091380', 'tenant_id': 'c2dec3320c5d44c5ad3ee86e37a1b7ba', 'tenant_name': 'tempest-ServersAdmin275Test-278091380', 'user_domain_id': 'default', 'user_domain_name': 'Default', 'user_id': '4f30c96cbc04405d99630972676083d9', 'system': None}, Network: None, Subnet: None, Router: None
2025-11-21 23:33:44.796 66377 INFO tempest.lib.common.dynamic_creds [-] Created isolated network resources for: credentials: Credentials: {'domain_id': 'default', 'domain_name': 'Default', 'username': 'tempest-ServersAdmin275Test-278091380-project-member', 'project_domain_id': 'default', 'project_domain_name': 'Default', 'project_id': 'c2dec3320c5d44c5ad3ee86e37a1b7ba', 'project_name': 'tempest-ServersAdmin275Test-278091380', 'tenant_id': 'c2dec3320c5d44c5ad3ee86e37a1b7ba', 'tenant_name': 'tempest-ServersAdmin275Test-278091380', 'user_domain_id': 'default', 'user_domain_name': 'Default', 'user_id': '4f30c96cbc04405d99630972676083d9', 'system': None}, Network: None, Subnet: None, Router: None
2025-11-21 23:33:44.851 66409 INFO tempest.lib.common.rest_client [req-046a5d54-4835-4bfa-8642-1f56f8e36ef4 req-046a5d54-4835-4bfa-8642-1f56f8e36ef4 ] Request (ServerActionsV293TestJSON:setUpClass): 200 GET http://10.180.1.21/volume/v3/volumes/c2109e1e-783b-4a04-be34-00083a7f9f53 0.027s
2025-11-21 23:33:44.863 66387 INFO tempest.lib.common.rest_client [req-31ce6bc7-38f8-450a-8e69-710dc3a19a1a req-31ce6bc7-38f8-450a-8e69-710dc3a19a1a ] Request (SecurityGroupRulesNegativeTestJSON:test_create_security_group_rule_with_invalid_from_port): 200 POST http://10.180.1.21/compute/v2.1/os-security-groups 3.142s
2025-11-21 23:33:44.873 66377 INFO tempest.lib.common.rest_client [req-45c5dfab-e854-4e32-aae2-6b5cc4d81173 req-45c5dfab-e854-4e32-aae2-6b5cc4d81173 ] Request (ServersAdmin275Test:setUpClass): 201 POST http://10.180.1.21/identity/v3/auth/tokens 0.073s
2025-11-21 23:33:44.885 66367 INFO tempest.lib.common.rest_client [req-121258a2-5950-4d87-afba-3610058c5c79 req-121258a2-5950-4d87-afba-3610058c5c79 ] Request (FlavorsAccessTestJSON:_run_cleanups): 200 GET http://10.180.1.21/compute/v2.1/flavors/detail 3.148s
2025-11-21 23:33:44.901 66385 INFO tempest.lib.common.rest_client [req-6a818788-501b-46aa-ad3b-9cd38dd0a1c7 req-6a818788-501b-46aa-ad3b-9cd38dd0a1c7 ] Request (FlavorsV255TestJSON:_run_cleanups): 202 DELETE http://10.180.1.21/compute/v2.1/flavors/1386664839 3.144s
2025-11-21 23:33:44.931 66377 INFO tempest.lib.common.rest_client [req-f9a23cb4-4626-4d53-bd81-e96ef64b87ba req-f9a23cb4-4626-4d53-bd81-e96ef64b87ba ] Request (ServersAdmin275Test:setUpClass): 201 POST http://10.180.1.21/identity/v3/projects 0.057s
2025-11-21 23:33:44.990 66377 INFO tempest.lib.common.rest_client [req-53dd74d3-c533-423b-b062-f8a802d2e130 req-53dd74d3-c533-423b-b062-f8a802d2e130 ] Request (ServersAdmin275Test:setUpClass): 201 POST http://10.180.1.21/identity/v3/users 0.058s
2025-11-21 23:33:45.011 66377 INFO tempest.lib.common.rest_client [req-455aab6c-a553-4147-a9e0-65895c989bed req-455aab6c-a553-4147-a9e0-65895c989bed ] Request (ServersAdmin275Test:setUpClass): 200 GET http://10.180.1.21/identity/v3/roles 0.020s
2025-11-21 23:33:45.043 66381 INFO tempest.lib.common.rest_client [req-f26cd9db-f1c1-442c-be88-100de7119698 req-f26cd9db-f1c1-442c-be88-100de7119698 ] Request (DeleteServersAdminTestJSON:test_admin_delete_servers_of_others): 200 GET http://10.180.1.21/compute/v2.1/servers/45d47d3e-0e8d-4543-8c1a-0096eb1098de 3.171s
2025-11-21 23:33:45.044 66377 INFO tempest.lib.common.rest_client [req-3b35334c-102a-482f-a1c3-c3470b6c8829 req-3b35334c-102a-482f-a1c3-c3470b6c8829 ] Request (ServersAdmin275Test:setUpClass): 204 PUT http://10.180.1.21/identity/v3/projects/650d34811704493e8d54e1f9595fa0ed/users/bd497c7270254715bf0d9df23778c912/roles/e42a4edb0e5d4b47a1316d47e0e4dbe1 0.032s
2025-11-21 23:33:45.101 66377 INFO tempest.lib.common.rest_client [req-b546d931-49e8-4e17-8cb1-95d335a1fafd req-b546d931-49e8-4e17-8cb1-95d335a1fafd ] Request (ServersAdmin275Test:setUpClass): 200 GET http://10.180.1.21/identity/v3/roles 0.057s
2025-11-21 23:33:45.121 66377 INFO tempest.lib.common.rest_client [req-4f28c0f5-a7ca-437d-b616-952ddd321151 req-4f28c0f5-a7ca-437d-b616-952ddd321151 ] Request (ServersAdmin275Test:setUpClass): 204 PUT http://10.180.1.21/identity/v3/projects/650d34811704493e8d54e1f9595fa0ed/users/bd497c7270254715bf0d9df23778c912/roles/e42a4edb0e5d4b47a1316d47e0e4dbe1 0.019s
2025-11-21 23:33:45.121 66377 INFO tempest.lib.common.dynamic_creds [-] Dynamic test user bd497c7270254715bf0d9df23778c912 is created with scope project and roles: ['admin']
2025-11-21 23:33:45.121 66377 INFO tempest.lib.common.dynamic_creds [-] Acquired dynamic creds: credentials: Credentials: {'domain_id': 'default', 'domain_name': 'Default', 'username': 'tempest-ServersAdmin275Test-1878258584-project-admin', 'project_domain_id': 'default', 'project_domain_name': 'Default', 'project_id': '650d34811704493e8d54e1f9595fa0ed', 'project_name': 'tempest-ServersAdmin275Test-1878258584', 'tenant_id': '650d34811704493e8d54e1f9595fa0ed', 'tenant_name': 'tempest-ServersAdmin275Test-1878258584', 'user_domain_id': 'default', 'user_domain_name': 'Default', 'user_id': 'bd497c7270254715bf0d9df23778c912', 'system': None}, Network: None, Subnet: None, Router: None
2025-11-21 23:33:45.121 66377 INFO tempest.lib.common.dynamic_creds [-] Created isolated network resources for: credentials: Credentials: {'domain_id': 'default', 'domain_name': 'Default', 'username': 'tempest-ServersAdmin275Test-1878258584-project-admin', 'project_domain_id': 'default', 'project_domain_name': 'Default', 'project_id': '650d34811704493e8d54e1f9595fa0ed', 'project_name': 'tempest-ServersAdmin275Test-1878258584', 'tenant_id': '650d34811704493e8d54e1f9595fa0ed', 'tenant_name': 'tempest-ServersAdmin275Test-1878258584', 'user_domain_id': 'default', 'user_domain_name': 'Default', 'user_id': 'bd497c7270254715bf0d9df23778c912', 'system': None}, Network: None, Subnet: None, Router: None
2025-11-21 23:33:45.149 66419 INFO tempest.lib.common.rest_client [req-6dbeb8bc-0418-43f5-95c6-a11e413a955c req-6dbeb8bc-0418-43f5-95c6-a11e413a955c ] Request (FloatingIPsNegativeTestJSON:test_delete_nonexistent_floating_ip): 404 DELETE http://10.180.1.21/compute/v2.1/os-floating-ips/3228c5a7-af9d-4b1c-ac85-393cf5c2dc43 2.886s
2025-11-21 23:33:45.172 66425 INFO tempest.lib.common.rest_client [req-67283d72-7034-4d10-8612-e6092c885721 req-67283d72-7034-4d10-8612-e6092c885721 ] Request (FlavorsExtraSpecsTestJSON:test_flavor_non_admin_get_specific_key): 200 POST http://10.180.1.21/compute/v2.1/flavors/1055777522/os-extra_specs 2.748s
2025-11-21 23:33:45.208 66377 INFO tempest.lib.common.rest_client [req-ed37aabf-8ff9-4fb0-979f-da07295300c6 req-ed37aabf-8ff9-4fb0-979f-da07295300c6 ] Request (ServersAdmin275Test:setUpClass): 201 POST http://10.180.1.21/identity/v3/auth/tokens 0.084s
2025-11-21 23:33:45.277 66377 INFO tempest.lib.common.rest_client [req-240cd71c-5eab-4596-becf-13004903646f req-240cd71c-5eab-4596-becf-13004903646f ] Request (ServersAdmin275Test:test_rebuild_update_server_275): 201 POST http://10.180.1.21/identity/v3/auth/tokens 0.063s
2025-11-21 23:33:45.277 66377 INFO tempest.lib.common.fixed_network [-] (ServersAdmin275Test:test_rebuild_update_server_275) Found network None available for tenant
2025-11-21 23:33:45.389 66383 INFO tempest.lib.common.rest_client [req-451c52ac-8335-4459-b038-62817f983eb9 req-451c52ac-8335-4459-b038-62817f983eb9 ] Request (ServerShowV254Test:test_rebuild_server): 202 POST http://10.180.1.21/compute/v2.1/servers 2.774s
2025-11-21 23:33:45.897 66409 INFO tempest.lib.common.rest_client [req-08f81933-ba04-4315-824c-7e91f5ace71e req-08f81933-ba04-4315-824c-7e91f5ace71e ] Request (ServerActionsV293TestJSON:setUpClass): 200 GET http://10.180.1.21/volume/v3/volumes/c2109e1e-783b-4a04-be34-00083a7f9f53 0.037s
2025-11-21 23:33:46.146 66419 INFO tempest.lib.common.rest_client [req-6333cd7d-7c6c-4a7d-8155-a70eddc4f956 req-6333cd7d-7c6c-4a7d-8155-a70eddc4f956 ] Request (FloatingIPsNegativeTestJSON:tearDownClass): 200 PUT http://10.180.1.21/networking/v2.0/routers/8d93d212-57e9-42dd-8314-e47d74c79127/remove_router_interface 0.995s
2025-11-21 23:33:46.222 66389 INFO tempest.lib.common.rest_client [req-0e0c6ff7-e5e1-4d59-9463-ff2b239e29ad req-0e0c6ff7-e5e1-4d59-9463-ff2b239e29ad ] Request (ServerDiagnosticsNegativeTest:test_get_server_diagnostics_by_non_admin): 200 GET http://10.180.1.21/compute/v2.1/servers/084acaaf-8846-4894-b1d7-7182eade1294 3.556s
2025-11-21 23:33:46.650 66419 INFO tempest.lib.common.rest_client [req-e851f4cf-41dc-46b1-8ca6-94d18357857f req-e851f4cf-41dc-46b1-8ca6-94d18357857f ] Request (FloatingIPsNegativeTestJSON:tearDownClass): 204 DELETE http://10.180.1.21/networking/v2.0/routers/8d93d212-57e9-42dd-8314-e47d74c79127 0.504s
2025-11-21 23:33:46.793 66419 INFO tempest.lib.common.rest_client [req-9ea1e19d-3bff-4180-b8c0-7b78687a9b52 req-9ea1e19d-3bff-4180-b8c0-7b78687a9b52 ] Request (FloatingIPsNegativeTestJSON:tearDownClass): 204 DELETE http://10.180.1.21/networking/v2.0/subnets/7233ae3e-1845-49f5-9e26-55c27d8cb025 0.142s
2025-11-21 23:33:46.939 66409 INFO tempest.lib.common.rest_client [req-1dd71ce6-423d-402e-8477-e888b3c8f390 req-1dd71ce6-423d-402e-8477-e888b3c8f390 ] Request (ServerActionsV293TestJSON:setUpClass): 200 GET http://10.180.1.21/volume/v3/volumes/c2109e1e-783b-4a04-be34-00083a7f9f53 0.031s
2025-11-21 23:33:47.091 66419 INFO tempest.lib.common.rest_client [req-d44f2a20-a721-46a3-878e-7e6a944799f6 req-d44f2a20-a721-46a3-878e-7e6a944799f6 ] Request (FloatingIPsNegativeTestJSON:tearDownClass): 204 DELETE http://10.180.1.21/networking/v2.0/networks/221bc21c-a901-4939-8959-5349bc45f017 0.298s
2025-11-21 23:33:47.099 66369 INFO tempest.lib.common.rest_client [req-9572687c-cd8c-4152-8ea4-7b511c64b057 req-9572687c-cd8c-4152-8ea4-7b511c64b057 ] Request (FloatingIPsTestJSON:test_allocate_floating_ip): 200 GET http://10.180.1.21/compute/v2.1/os-floating-ips 4.372s
2025-11-21 23:33:47.243 66419 INFO tempest.lib.common.rest_client [req-c1d257cf-8001-470c-94ab-b7f5c66dc42f req-c1d257cf-8001-470c-94ab-b7f5c66dc42f ] Request (FloatingIPsNegativeTestJSON:tearDownClass): 204 DELETE http://10.180.1.21/identity/v3/users/3d6f1ff832934176991ba96884404743 0.152s
2025-11-21 23:33:47.243 66419 INFO tempest.lib.common.dynamic_creds [-] Deleting project and security group for project: 1551b6823db54fc58a2161c1fd111d2e
2025-11-21 23:33:47.300 66373 INFO tempest.lib.common.rest_client [req-91b9add6-8377-4b81-a993-09d7dffe9bf1 req-91b9add6-8377-4b81-a993-09d7dffe9bf1 ] Request (VolumesAssistedSnapshotsTest:test_volume_assisted_snapshot_create_delete): 200 GET http://10.180.1.21/compute/v2.1/servers/ed106386-9ddd-4e51-822b-796471ad5106 4.523s
2025-11-21 23:33:47.366 66419 INFO tempest.lib.common.rest_client [req-65f86e3b-abf3-4f8e-b7d5-28982b01998f req-65f86e3b-abf3-4f8e-b7d5-28982b01998f ] Request (FloatingIPsNegativeTestJSON:tearDownClass): 200 GET http://10.180.1.21/networking/v2.0/security-groups?tenant_id=1551b6823db54fc58a2161c1fd111d2e&name=default 0.122s
2025-11-21 23:33:47.628 66419 INFO tempest.lib.common.rest_client [req-75666eb3-0b1d-42d7-bfb0-db3698384206 req-75666eb3-0b1d-42d7-bfb0-db3698384206 ] Request (FloatingIPsNegativeTestJSON:tearDownClass): 204 DELETE http://10.180.1.21/networking/v2.0/security-groups/553cfe09-91cb-453f-9893-3367660f36b4 0.262s
2025-11-21 23:33:47.694 66413 INFO tempest.lib.common.rest_client [req-315c68c2-5686-4d03-9748-47c331454cde req-315c68c2-5686-4d03-9748-47c331454cde ] Request (ServersAdminNegativeTestJSON:setUpClass): 200 GET http://10.180.1.21/compute/v2.1/servers/ecf9b85f-ecf9-4674-804c-d90387238be3 4.737s
2025-11-21 23:33:47.752 66419 INFO tempest.lib.common.rest_client [req-00282399-bbf3-4ca0-969f-841926cb1a41 req-00282399-bbf3-4ca0-969f-841926cb1a41 ] Request (FloatingIPsNegativeTestJSON:tearDownClass): 204 DELETE http://10.180.1.21/identity/v3/projects/1551b6823db54fc58a2161c1fd111d2e 0.123s
2025-11-21 23:33:47.814 66419 INFO tempest.lib.common.rest_client [req-6b22071c-81e7-4639-b801-ec2375f382e4 req-6b22071c-81e7-4639-b801-ec2375f382e4 ] Request (ServersTestFqdnHostnames:setUpClass): 201 POST http://10.180.1.21/identity/v3/auth/tokens 0.059s
2025-11-21 23:33:47.842 66419 INFO tempest.lib.common.rest_client [req-ecc481aa-f000-4cac-a958-76d5f28faf5d req-ecc481aa-f000-4cac-a958-76d5f28faf5d ] Request (ServersTestFqdnHostnames:setUpClass): 201 POST http://10.180.1.21/identity/v3/auth/tokens 0.025s
2025-11-21 23:33:47.866 66419 INFO tempest.lib.common.rest_client [req-8c06c6da-e291-4713-8437-1d391728457c req-8c06c6da-e291-4713-8437-1d391728457c ] Request (ServersTestFqdnHostnames:setUpClass): 200 GET http://10.180.1.21/identity/v3/domains?name=Default 0.024s
2025-11-21 23:33:47.896 66371 INFO tempest.lib.common.rest_client [req-3372e566-a515-48ae-b302-9a9a2dded09b req-3372e566-a515-48ae-b302-9a9a2dded09b ] Request (QuotasAdminNegativeTest:test_create_server_when_cpu_quota_is_full): 200 PUT http://10.180.1.21/compute/v2.1/os-quota-sets/0c3ad664a16943f1b8c660c199ab1246 4.864s
2025-11-21 23:33:47.901 66419 INFO tempest.lib.common.rest_client [req-cdb1d26e-d81e-429c-9fa4-6ab463477cbc req-cdb1d26e-d81e-429c-9fa4-6ab463477cbc ] Request (ServersTestFqdnHostnames:setUpClass): 201 POST http://10.180.1.21/identity/v3/projects 0.035s
2025-11-21 23:33:47.931 66407 INFO tempest.lib.common.rest_client [req-5ef2d388-9a9d-4bc5-ade6-cd574af66432 req-5ef2d388-9a9d-4bc5-ade6-cd574af66432 ] Request (SecurityGroupsTestAdminJSON:test_list_security_groups_list_all_tenants_filter): 200 GET http://10.180.1.21/compute/v2.1/os-security-groups?all_tenants=true 7.225s
2025-11-21 23:33:47.979 66371 INFO tempest.lib.common.rest_client [req-24a422f3-7ac5-40a6-b3b3-6d05ec626b28 req-24a422f3-7ac5-40a6-b3b3-6d05ec626b28 ] Request (QuotasAdminNegativeTest:test_create_server_when_cpu_quota_is_full): 201 POST http://10.180.1.21/identity/v3/auth/tokens 0.072s
2025-11-21 23:33:47.980 66371 INFO tempest.lib.common.fixed_network [-] (QuotasAdminNegativeTest:test_create_server_when_cpu_quota_is_full) Found network None available for tenant
2025-11-21 23:33:47.981 66409 INFO tempest.lib.common.rest_client [req-f8148126-9899-4d14-8fe4-ea54dcb5a5cf req-f8148126-9899-4d14-8fe4-ea54dcb5a5cf ] Request (ServerActionsV293TestJSON:setUpClass): 200 GET http://10.180.1.21/volume/v3/volumes/c2109e1e-783b-4a04-be34-00083a7f9f53 0.034s
2025-11-21 23:33:47.982 66419 INFO tempest.lib.common.rest_client [req-aa7190b1-410d-4b83-88b6-a0a97848f7fc req-aa7190b1-410d-4b83-88b6-a0a97848f7fc ] Request (ServersTestFqdnHostnames:setUpClass): 201 POST http://10.180.1.21/identity/v3/users 0.081s
2025-11-21 23:33:48.008 66419 INFO tempest.lib.common.rest_client [req-11a333d7-fc89-4341-9960-cd7668a6b383 req-11a333d7-fc89-4341-9960-cd7668a6b383 ] Request (ServersTestFqdnHostnames:setUpClass): 200 GET http://10.180.1.21/identity/v3/roles 0.025s
2025-11-21 23:33:48.049 66419 INFO tempest.lib.common.rest_client [req-1b049920-7890-4e1c-b2ab-1ad241f21be6 req-1b049920-7890-4e1c-b2ab-1ad241f21be6 ] Request (ServersTestFqdnHostnames:setUpClass): 204 PUT http://10.180.1.21/identity/v3/projects/68e1aaa70eaa4d2eb13a68e263325236/users/26fc0e92e86c4512a2308738126264dc/roles/dcbede15cb6744c4b05561776f5aa16a 0.040s
2025-11-21 23:33:48.049 66419 INFO tempest.lib.common.dynamic_creds [-] Dynamic test user 26fc0e92e86c4512a2308738126264dc is created with scope project and roles: ['member']
2025-11-21 23:33:48.049 66419 INFO tempest.lib.common.dynamic_creds [-] Acquired dynamic creds: credentials: Credentials: {'domain_id': 'default', 'domain_name': 'Default', 'username': 'tempest-ServersTestFqdnHostnames-1455372342-project-member', 'project_domain_id': 'default', 'project_domain_name': 'Default', 'project_id': '68e1aaa70eaa4d2eb13a68e263325236', 'project_name': 'tempest-ServersTestFqdnHostnames-1455372342', 'tenant_id': '68e1aaa70eaa4d2eb13a68e263325236', 'tenant_name': 'tempest-ServersTestFqdnHostnames-1455372342', 'user_domain_id': 'default', 'user_domain_name': 'Default', 'user_id': '26fc0e92e86c4512a2308738126264dc', 'system': None}, Network: None, Subnet: None, Router: None
2025-11-21 23:33:48.073 66375 INFO tempest.lib.common.rest_client [req-ab181b49-7852-4b99-8d75-846a9930d5ea req-ab181b49-7852-4b99-8d75-846a9930d5ea ] Request (ServersListShow298Test:test_list_show_update_rebuild_server_298): 200 GET http://10.180.1.21/compute/v2.1/servers/1159259f-56ca-4900-8aa6-f14f04e6748d 4.983s
2025-11-21 23:33:48.100 66393 INFO tempest.lib.common.rest_client [req-323f4541-7ad9-4d55-b5cf-6878bb6cbaa2 req-323f4541-7ad9-4d55-b5cf-6878bb6cbaa2 ] Request (ServersAdminTestJSON:setUpClass): 200 GET http://10.180.1.21/compute/v2.1/servers/6e7ff16f-4908-414f-b9a6-1fde7fcc1870 4.995s
2025-11-21 23:33:48.107 66393 INFO tempest.common.waiters [-] State transition "BUILD/None" ==> "BUILD/spawning" after 6 second wait
2025-11-21 23:33:48.143 66419 INFO tempest.lib.common.rest_client [req-f0438faa-f8b5-4e8c-af73-a8d93747a83b req-f0438faa-f8b5-4e8c-af73-a8d93747a83b ] Request (ServersTestFqdnHostnames:setUpClass): 201 POST http://10.180.1.21/identity/v3/auth/tokens 0.094s
2025-11-21 23:33:48.199 66401 INFO tempest.lib.common.rest_client [req-110c9061-d57c-472c-ac95-06f12533c712 req-110c9061-d57c-472c-ac95-06f12533c712 ] Request (ServicesAdminNegativeTestJSON:test_list_services_with_non_admin_user): 403 GET http://10.180.1.21/compute/v2.1/os-services 5.074s
2025-11-21 23:33:48.222 66405 INFO tempest.lib.common.rest_client [req-ad053c75-4e0d-44f3-9a1b-ddaedb1e644b req-ad053c75-4e0d-44f3-9a1b-ddaedb1e644b ] Request (ServersWithSpecificFlavorTestJSON:test_verify_created_server_ephemeral_disk): 200 POST http://10.180.1.21/compute/v2.1/flavors 5.023s
2025-11-21 23:33:48.243 66395 INFO tempest.lib.common.rest_client [req-4f69c055-7ebb-4005-87b4-33f0814446c7 req-4f69c055-7ebb-4005-87b4-33f0814446c7 ] Request (FlavorsAdminTestJSON:_run_cleanups): 200 GET http://10.180.1.21/compute/v2.1/flavors/detail 5.021s
2025-11-21 23:33:48.266 66365 INFO tempest.lib.common.rest_client [req-a03ce6da-d168-47d1-8f0e-68bbbd545223 req-a03ce6da-d168-47d1-8f0e-68bbbd545223 ] Request (ServicesAdminTestJSON:test_get_service_by_service_binary_name): 200 GET http://10.180.1.21/compute/v2.1/os-services?binary=nova-compute 4.884s
2025-11-21 23:33:48.298 66401 INFO tempest.lib.common.rest_client [req-399bb0b2-7bdb-41ed-8f6d-0963e2262f92 req-399bb0b2-7bdb-41ed-8f6d-0963e2262f92 ] Request (ServicesAdminNegativeTestJSON:tearDownClass): 204 DELETE http://10.180.1.21/identity/v3/users/cd9e16ebd606488fa86e3b9309ea56f8 0.098s
2025-11-21 23:33:48.430 66401 INFO tempest.lib.common.rest_client [req-2bee2542-4cd1-4dc6-85c7-60cfd81c794a req-2bee2542-4cd1-4dc6-85c7-60cfd81c794a ] Request (ServicesAdminNegativeTestJSON:tearDownClass): 204 DELETE http://10.180.1.21/identity/v3/users/22406c6cde2c4440b8cc202867c98c51 0.131s
2025-11-21 23:33:48.430 66401 INFO tempest.lib.common.dynamic_creds [-] Deleting project and security group for project: 8f4aab3cb1cc4f4385e6667b3aece81a
2025-11-21 23:33:48.461 66391 INFO tempest.lib.common.rest_client [req-29bf5cc0-c504-4c61-a056-68cfc8ac8ed3 req-29bf5cc0-c504-4c61-a056-68cfc8ac8ed3 ] Request (QuotasAdminTestV236:test_get_updated_quotas): 200 GET http://10.180.1.21/compute/v2.1/os-quota-sets/f32245e8a36a475083dc11894a3184a1/detail 4.857s
2025-11-21 23:33:48.467 66411 INFO tempest.lib.common.rest_client [req-1fb4280c-3083-40f8-a923-dd0063e54171 req-1fb4280c-3083-40f8-a923-dd0063e54171 ] Request (ServerDiagnosticsTest:test_get_server_diagnostics): 202 POST http://10.180.1.21/compute/v2.1/servers 5.278s
2025-11-21 23:33:48.496 66419 INFO tempest.lib.common.rest_client [req-da666614-dede-44fa-832e-773e58208680 req-da666614-dede-44fa-832e-773e58208680 ] Request (ServersTestFqdnHostnames:setUpClass): 201 POST http://10.180.1.21/networking/v2.0/networks 0.352s
2025-11-21 23:33:48.498 66421 INFO tempest.lib.common.rest_client [req-486b2a6d-c249-46f0-ac1b-8e3a4d260110 req-486b2a6d-c249-46f0-ac1b-8e3a4d260110 ] Request (FlavorsAccessNegativeTestJSON:_run_cleanups): 200 GET http://10.180.1.21/compute/v2.1/flavors/detail 4.884s
2025-11-21 23:33:48.502 66417 INFO tempest.lib.common.rest_client [req-1a017850-939e-402b-ba90-358fe00bc99c req-1a017850-939e-402b-ba90-358fe00bc99c ] Request (FlavorsV261TestJSON:_run_cleanups): 200 GET http://10.180.1.21/compute/v2.1/flavors/detail 4.824s
2025-11-21 23:33:48.519 66401 INFO tempest.lib.common.rest_client [req-eed174f4-21c4-41bd-a15d-5c7670eb6846 req-eed174f4-21c4-41bd-a15d-5c7670eb6846 ] Request (ServicesAdminNegativeTestJSON:tearDownClass): 201 POST http://10.180.1.21/identity/v3/auth/tokens 0.089s
2025-11-21 23:33:48.527 66403 INFO tempest.lib.common.rest_client [req-35aba1fe-f888-41e6-a2b5-b088c4b88e2c req-35aba1fe-f888-41e6-a2b5-b088c4b88e2c ] Request (AggregatesAdminNegativeTestJSON:test_aggregate_add_host_as_user): 200 POST http://10.180.1.21/compute/v2.1/os-aggregates 4.807s
2025-11-21 23:33:48.546 66423 INFO tempest.lib.common.rest_client [req-699ff594-c4de-4f78-a352-8099f043d3e9 req-699ff594-c4de-4f78-a352-8099f043d3e9 ] Request (ServicesAdminNegativeV253TestJSON:test_get_service_by_invalid_params): 200 GET http://10.180.1.21/compute/v2.1/os-services 4.852s
2025-11-21 23:33:48.613 66391 INFO tempest.lib.common.rest_client [req-6f5025b7-babf-446c-bd09-e2d001978840 req-6f5025b7-babf-446c-bd09-e2d001978840 ] Request (QuotasAdminTestV236:test_get_updated_quotas): 200 GET http://10.180.1.21/identity/v3/domains?name=Default 0.148s
2025-11-21 23:33:48.647 66417 INFO tempest.lib.common.rest_client [req-78d6e606-5499-4ad4-80b9-2475a30a1344 req-78d6e606-5499-4ad4-80b9-2475a30a1344 ] Request (FlavorsV261TestJSON:tearDownClass): 204 DELETE http://10.180.1.21/identity/v3/users/e9b9bff721c44a92a8cf1b38c52f6d9f 0.131s
2025-11-21 23:33:48.755 66391 INFO tempest.lib.common.rest_client [req-22d26224-89e8-4964-a547-ef4e865c4cbc req-22d26224-89e8-4964-a547-ef4e865c4cbc ] Request (QuotasAdminTestV236:test_get_updated_quotas): 201 POST http://10.180.1.21/identity/v3/users 0.140s
2025-11-21 23:33:48.803 66419 INFO tempest.lib.common.rest_client [req-58e286e7-2157-409b-9822-ee509b2f5da6 req-58e286e7-2157-409b-9822-ee509b2f5da6 ] Request (ServersTestFqdnHostnames:setUpClass): 201 POST http://10.180.1.21/networking/v2.0/subnets 0.305s
2025-11-21 23:33:48.842 66391 INFO tempest.lib.common.rest_client [req-290f44b4-63a3-4292-8e17-dfeee4bfce80 req-290f44b4-63a3-4292-8e17-dfeee4bfce80 ] Request (QuotasAdminTestV236:test_get_updated_quotas): 200 GET http://10.180.1.21/identity/v3/domains?name=Default 0.086s
2025-11-21 23:33:48.925 66417 INFO tempest.lib.common.rest_client [req-be5c3137-6106-436d-8d9d-1a58b37f57f9 req-be5c3137-6106-436d-8d9d-1a58b37f57f9 ] Request (FlavorsV261TestJSON:tearDownClass): 204 DELETE http://10.180.1.21/identity/v3/users/a788e195dd55480f8bd0a522e5515021 0.277s
2025-11-21 23:33:48.926 66417 INFO tempest.lib.common.dynamic_creds [-] Deleting project and security group for project: 8707a2dc5c344a349d087c244b4a4c27
2025-11-21 23:33:48.946 66401 INFO tempest.lib.common.rest_client [req-0bf2f2a6-f30c-4e1c-8d93-ecf934fd1d8d req-0bf2f2a6-f30c-4e1c-8d93-ecf934fd1d8d ] Request (ServicesAdminNegativeTestJSON:tearDownClass): 200 GET http://10.180.1.21/networking/v2.0/security-groups?tenant_id=8f4aab3cb1cc4f4385e6667b3aece81a&name=default 0.426s
2025-11-21 23:33:49.033 66417 INFO tempest.lib.common.rest_client [req-705c7f64-67c7-4e2d-be9a-727ebfd6d66b req-705c7f64-67c7-4e2d-be9a-727ebfd6d66b ] Request (FlavorsV261TestJSON:tearDownClass): 201 POST http://10.180.1.21/identity/v3/auth/tokens 0.107s
2025-11-21 23:33:49.054 66409 INFO tempest.lib.common.rest_client [req-f3846ae1-d890-46e9-b096-1a06206dd946 req-f3846ae1-d890-46e9-b096-1a06206dd946 ] Request (ServerActionsV293TestJSON:setUpClass): 200 GET http://10.180.1.21/volume/v3/volumes/c2109e1e-783b-4a04-be34-00083a7f9f53 0.060s
2025-11-21 23:33:49.101 66399 INFO tempest.lib.common.rest_client [req-0561434f-bf74-453c-9c73-8db173842a52 req-0561434f-bf74-453c-9c73-8db173842a52 ] Request (ServersTestJSON:setUpClass): 200 GET http://10.180.1.21/compute/v2.1/servers/9dd346f2-880d-476f-878d-f1f39a895cf4 4.392s
2025-11-21 23:33:49.121 66415 INFO tempest.lib.common.rest_client [req-e6ff0c0d-e7a2-4090-ab58-f998e23b2b90 req-e6ff0c0d-e7a2-4090-ab58-f998e23b2b90 ] Request (KeyPairsV22TestJSON:test_keypairs_create_list_delete): 200 GET http://10.180.1.21/compute/v2.1/os-keypairs 4.369s
2025-11-21 23:33:49.365 66401 INFO tempest.lib.common.rest_client [req-68f2251d-da96-4f50-b2bb-20dc7782c4cc req-68f2251d-da96-4f50-b2bb-20dc7782c4cc ] Request (ServicesAdminNegativeTestJSON:tearDownClass): 204 DELETE http://10.180.1.21/networking/v2.0/security-groups/bf20d11d-de9f-462e-b30b-2ceae4e0b123 0.419s
2025-11-21 23:33:49.443 66401 INFO tempest.lib.common.rest_client [req-e35a25c8-a071-4947-ae72-c1ff2064cf84 req-e35a25c8-a071-4947-ae72-c1ff2064cf84 ] Request (ServicesAdminNegativeTestJSON:tearDownClass): 204 DELETE http://10.180.1.21/identity/v3/projects/8f4aab3cb1cc4f4385e6667b3aece81a 0.077s
2025-11-21 23:33:49.443 66401 INFO tempest.lib.common.dynamic_creds [-] Deleting project and security group for project: 77fbc7e9c6b74bbea77348f478ef2b63
2025-11-21 23:33:49.612 66417 INFO tempest.lib.common.rest_client [req-36a597f1-b317-4b7d-8a28-fe5fe16df183 req-36a597f1-b317-4b7d-8a28-fe5fe16df183 ] Request (FlavorsV261TestJSON:tearDownClass): 200 GET http://10.180.1.21/networking/v2.0/security-groups?tenant_id=8707a2dc5c344a349d087c244b4a4c27&name=default 0.578s
2025-11-21 23:33:49.646 66427 INFO tempest.lib.common.rest_client [req-1575f3bd-2460-4a4d-abc4-cb462939f9df req-1575f3bd-2460-4a4d-abc4-cb462939f9df ] Request (MultipleCreateTestJSON:test_multiple_create): 200 GET http://10.180.1.21/compute/v2.1/servers/1336118f-6bad-4a82-9b97-16a6e29a4982 5.311s
2025-11-21 23:33:49.653 66427 INFO tempest.common.waiters [-] State transition "BUILD/None" ==> "BUILD/spawning" after 6 second wait
2025-11-21 23:33:49.657 66387 INFO tempest.lib.common.rest_client [req-c0fbc416-8556-4f46-a77a-a8d5d7ca711a req-c0fbc416-8556-4f46-a77a-a8d5d7ca711a ] Request (SecurityGroupRulesNegativeTestJSON:test_create_security_group_rule_with_invalid_from_port): 400 POST http://10.180.1.21/compute/v2.1/os-security-group-rules 4.790s
2025-11-21 23:33:49.663 66367 INFO tempest.lib.common.rest_client [req-2701c18f-6b09-4dcf-b316-a356d97dcb0e req-2701c18f-6b09-4dcf-b316-a356d97dcb0e ] Request (FlavorsAccessTestJSON:test_flavor_access_list_with_private_flavor): 200 POST http://10.180.1.21/compute/v2.1/flavors 4.768s
2025-11-21 23:33:49.673 66425 INFO tempest.lib.common.rest_client [req-605d902a-31f9-4f18-a2fc-8dc451d4c0b4 req-605d902a-31f9-4f18-a2fc-8dc451d4c0b4 ] Request (FlavorsExtraSpecsTestJSON:test_flavor_non_admin_get_specific_key): 200 GET http://10.180.1.21/compute/v2.1/flavors/1055777522/os-extra_specs/hw:numa_nodes 4.499s
2025-11-21 23:33:49.683 66385 INFO tempest.lib.common.rest_client [req-18052ff8-7aac-4a0f-b221-f4c751c797c8 req-18052ff8-7aac-4a0f-b221-f4c751c797c8 ] Request (FlavorsV255TestJSON:_run_cleanups): 200 GET http://10.180.1.21/compute/v2.1/flavors/detail 4.781s
2025-11-21 23:33:49.780 66385 INFO tempest.lib.common.rest_client [req-04e00801-b3e0-42ee-88e6-10b0e38f6cec req-04e00801-b3e0-42ee-88e6-10b0e38f6cec ] Request (FlavorsV255TestJSON:tearDownClass): 204 DELETE http://10.180.1.21/identity/v3/users/06ea0ae3a9ba4fcba39b0e45c3086ad8 0.087s
2025-11-21 23:33:49.900 66385 INFO tempest.lib.common.rest_client [req-925098f7-6e18-4bbd-9aec-cd7a0310c452 req-925098f7-6e18-4bbd-9aec-cd7a0310c452 ] Request (FlavorsV255TestJSON:tearDownClass): 204 DELETE http://10.180.1.21/identity/v3/users/b0097fc0bb5a44f7ad3fa9a5b214b25c 0.120s
2025-11-21 23:33:49.900 66385 INFO tempest.lib.common.dynamic_creds [-] Deleting project and security group for project: 29b0d2b3147c4cc78fe87822a2cd2c22
2025-11-21 23:33:49.911 66419 INFO tempest.lib.common.rest_client [req-57a0650c-2b27-49eb-b194-cdbe87365bf0 req-57a0650c-2b27-49eb-b194-cdbe87365bf0 ] Request (ServersTestFqdnHostnames:setUpClass): 201 POST http://10.180.1.21/networking/v2.0/routers 1.107s
2025-11-21 23:33:49.949 66377 INFO tempest.lib.common.rest_client [req-eb02a970-a984-4574-9650-51a536458b93 req-eb02a970-a984-4574-9650-51a536458b93 ] Request (ServersAdmin275Test:test_rebuild_update_server_275): 202 POST http://10.180.1.21/compute/v2.1/servers 4.671s
2025-11-21 23:33:49.977 66385 INFO tempest.lib.common.rest_client [req-a4a471b3-252e-4755-9d6a-17680c6e2ce5 req-a4a471b3-252e-4755-9d6a-17680c6e2ce5 ] Request (FlavorsV255TestJSON:tearDownClass): 201 POST http://10.180.1.21/identity/v3/auth/tokens 0.076s
2025-11-21 23:33:50.103 66409 INFO tempest.lib.common.rest_client [req-e7f610c8-c5f5-46cb-8eee-11a77024f34d req-e7f610c8-c5f5-46cb-8eee-11a77024f34d ] Request (ServerActionsV293TestJSON:setUpClass): 200 GET http://10.180.1.21/volume/v3/volumes/c2109e1e-783b-4a04-be34-00083a7f9f53 0.039s
2025-11-21 23:33:50.104 66401 INFO tempest.lib.common.rest_client [req-3dfc77e5-d2d5-493a-817b-2bbb74cfc5d3 req-3dfc77e5-d2d5-493a-817b-2bbb74cfc5d3 ] Request (ServicesAdminNegativeTestJSON:tearDownClass): 200 GET http://10.180.1.21/networking/v2.0/security-groups?tenant_id=77fbc7e9c6b74bbea77348f478ef2b63&name=default 0.661s
2025-11-21 23:33:50.191 66417 INFO tempest.lib.common.rest_client [req-3e9a68c3-9e4d-4751-99f3-4bd9c7afcce3 req-3e9a68c3-9e4d-4751-99f3-4bd9c7afcce3 ] Request (FlavorsV261TestJSON:tearDownClass): 204 DELETE http://10.180.1.21/networking/v2.0/security-groups/6ff1cb90-5188-45d2-aabc-c93a5571a6a9 0.578s
2025-11-21 23:33:50.220 66383 INFO tempest.lib.common.rest_client [req-d541050a-9cba-4fac-8e8c-ad543fe73d66 req-d541050a-9cba-4fac-8e8c-ad543fe73d66 ] Request (ServerShowV254Test:test_rebuild_server): 200 GET http://10.180.1.21/compute/v2.1/servers/2d3d8843-777f-4b24-a36f-282b12e18add 4.828s
2025-11-21 23:33:50.266 66417 INFO tempest.lib.common.rest_client [req-d3d6bac2-a650-4e73-b0de-2c599dde7ed9 req-d3d6bac2-a650-4e73-b0de-2c599dde7ed9 ] Request (FlavorsV261TestJSON:tearDownClass): 204 DELETE http://10.180.1.21/identity/v3/projects/8707a2dc5c344a349d087c244b4a4c27 0.074s
2025-11-21 23:33:50.266 66417 INFO tempest.lib.common.dynamic_creds [-] Deleting project and security group for project: 9596a21d11cd42aba68cfce52cabaf45
2025-11-21 23:33:51.139 66409 INFO tempest.lib.common.rest_client [req-9c11c45a-74d8-47e7-b0e2-7751f1d5dde2 req-9c11c45a-74d8-47e7-b0e2-7751f1d5dde2 ] Request (ServerActionsV293TestJSON:setUpClass): 200 GET http://10.180.1.21/volume/v3/volumes/c2109e1e-783b-4a04-be34-00083a7f9f53 0.028s
2025-11-21 23:33:51.147 66409 INFO tempest.common.waiters [-] volume c2109e1e-783b-4a04-be34-00083a7f9f53 reached available after waiting for 19.147059 seconds
2025-11-21 23:33:51.372 66419 INFO tempest.lib.common.rest_client [req-bc4d76c9-be29-4c1c-931f-a897712e4142 req-bc4d76c9-be29-4c1c-931f-a897712e4142 ] Request (ServersTestFqdnHostnames:setUpClass): 200 PUT http://10.180.1.21/networking/v2.0/routers/d8073cef-bdcb-4e2b-8ced-5aaa28ddfbad/add_router_interface 1.460s
2025-11-21 23:33:51.372 66419 INFO tempest.lib.common.dynamic_creds [-] Created isolated network resources for: credentials: Credentials: {'domain_id': 'default', 'domain_name': 'Default', 'username': 'tempest-ServersTestFqdnHostnames-1455372342-project-member', 'project_domain_id': 'default', 'project_domain_name': 'Default', 'project_id': '68e1aaa70eaa4d2eb13a68e263325236', 'project_name': 'tempest-ServersTestFqdnHostnames-1455372342', 'tenant_id': '68e1aaa70eaa4d2eb13a68e263325236', 'tenant_name': 'tempest-ServersTestFqdnHostnames-1455372342', 'user_domain_id': 'default', 'user_domain_name': 'Default', 'user_id': '26fc0e92e86c4512a2308738126264dc', 'system': None}, Network: {'id': 'e03ff45a-c39d-4621-822c-beedcd158de1', 'name': 'tempest-ServersTestFqdnHostnames-949718857-network', 'tenant_id': '68e1aaa70eaa4d2eb13a68e263325236', 'project_id': '68e1aaa70eaa4d2eb13a68e263325236', 'admin_state_up': True, 'mtu': 8950, 'status': 'ACTIVE', 'subnets': [], 'shared': False, 'port_security_enabled': True, 'router:external': False, 'provider:network_type': 'vlan', 'provider:physical_network': 'default', 'provider:segmentation_id': 831, 'availability_zone_hints': [], 'availability_zones': [], 'ipv4_address_scope': None, 'ipv6_address_scope': None, 'description': '', 'tags': [], 'created_at': '2025-11-21T23:33:48Z', 'updated_at': '2025-11-21T23:33:48Z', 'revision_number': 1}, Subnet: {'id': 'effc83fc-8ca2-442d-82e8-7376522393dd', 'name': 'tempest-ServersTestFqdnHostnames-949718857-subnet', 'tenant_id': '68e1aaa70eaa4d2eb13a68e263325236', 'network_id': 'e03ff45a-c39d-4621-822c-beedcd158de1', 'ip_version': 4, 'subnetpool_id': None, 'enable_dhcp': True, 'ipv6_ra_mode': None, 'ipv6_address_mode': None, 'gateway_ip': '192.168.128.1', 'cidr': '192.168.128.0/28', 'allocation_pools': [{'start': '192.168.128.2', 'end': '192.168.128.14'}], 'host_routes': [], 'dns_nameservers': [], 'description': '', 'router:external': False, 'service_types': [], 'tags': [], 'created_at': '2025-11-21T23:33:48Z', 'updated_at': '2025-11-21T23:33:48Z', 'revision_number': 0, 'project_id': '68e1aaa70eaa4d2eb13a68e263325236'}, Router: {'id': 'd8073cef-bdcb-4e2b-8ced-5aaa28ddfbad', 'name': 'tempest-ServersTestFqdnHostnames-949718857-router', 'tenant_id': '68e1aaa70eaa4d2eb13a68e263325236', 'admin_state_up': True, 'status': 'ACTIVE', 'external_gateway_info': {'network_id': '7dc5aad0-497d-4e52-9cf3-47e3bf2ca605', 'external_fixed_ips': [{'subnet_id': '2ed1673a-2ed1-42c7-ad25-2920bde6e9f5', 'ip_address': '10.180.180.199'}], 'enable_snat': True}, 'description': '', 'availability_zones': [], 'distributed': False, 'ha': False, 'availability_zone_hints': [], 'routes': [], 'flavor_id': None, 'tags': [], 'created_at': '2025-11-21T23:33:49Z', 'updated_at': '2025-11-21T23:33:49Z', 'revision_number': 2, 'project_id': '68e1aaa70eaa4d2eb13a68e263325236'}
2025-11-21 23:33:51.463 66419 INFO tempest.lib.common.rest_client [req-b8635318-ae3f-4976-8834-2aa28caa35ae req-b8635318-ae3f-4976-8834-2aa28caa35ae ] Request (ServersTestFqdnHostnames:setUpClass): 201 POST http://10.180.1.21/identity/v3/auth/tokens 0.087s
2025-11-21 23:33:51.499 66385 INFO tempest.lib.common.rest_client [req-61e9cdbe-eb35-4fcd-b0b5-3c1e6bdfc8a9 req-61e9cdbe-eb35-4fcd-b0b5-3c1e6bdfc8a9 ] Request (FlavorsV255TestJSON:tearDownClass): 200 GET http://10.180.1.21/networking/v2.0/security-groups?tenant_id=29b0d2b3147c4cc78fe87822a2cd2c22&name=default 1.522s
2025-11-21 23:33:51.562 66401 INFO tempest.lib.common.rest_client [req-063b4215-5688-47fa-bb41-d078aae4cb01 req-063b4215-5688-47fa-bb41-d078aae4cb01 ] Request (ServicesAdminNegativeTestJSON:tearDownClass): 204 DELETE http://10.180.1.21/networking/v2.0/security-groups/98bf2eaa-10a8-494b-8751-67ad0518f390 1.458s
2025-11-21 23:33:51.648 66401 INFO tempest.lib.common.rest_client [req-6dd1548d-7a46-4a77-ae0d-29142bb349f6 req-6dd1548d-7a46-4a77-ae0d-29142bb349f6 ] Request (ServicesAdminNegativeTestJSON:tearDownClass): 204 DELETE http://10.180.1.21/identity/v3/projects/77fbc7e9c6b74bbea77348f478ef2b63 0.084s
2025-11-21 23:33:51.663 66417 INFO tempest.lib.common.rest_client [req-9fa4cf6c-4f1e-4ca9-8d5d-c7a19dc3f3ba req-9fa4cf6c-4f1e-4ca9-8d5d-c7a19dc3f3ba ] Request (FlavorsV261TestJSON:tearDownClass): 200 GET http://10.180.1.21/networking/v2.0/security-groups?tenant_id=9596a21d11cd42aba68cfce52cabaf45&name=default 1.396s
2025-11-21 23:33:51.672 66381 INFO tempest.lib.common.rest_client [req-5c88133a-efb3-4c3b-beaf-31094bc9d14d req-5c88133a-efb3-4c3b-beaf-31094bc9d14d ] Request (DeleteServersAdminTestJSON:test_admin_delete_servers_of_others): 200 GET http://10.180.1.21/compute/v2.1/servers/45d47d3e-0e8d-4543-8c1a-0096eb1098de 5.621s
2025-11-21 23:33:51.684 66381 INFO tempest.common.waiters [-] State transition "BUILD/spawning" ==> "ACTIVE/None" after 24 second wait
2025-11-21 23:33:51.743 66385 INFO tempest.lib.common.rest_client [req-a32d9e2f-de1b-4df3-889c-a958fa80e93d req-a32d9e2f-de1b-4df3-889c-a958fa80e93d ] Request (FlavorsV255TestJSON:tearDownClass): 204 DELETE http://10.180.1.21/networking/v2.0/security-groups/9462bd72-7a51-497d-9d2d-6ec58df09566 0.243s
2025-11-21 23:33:51.743 66401 INFO tempest.lib.common.rest_client [req-df9cdaa7-34a3-49ad-a132-c428bfc5702c req-df9cdaa7-34a3-49ad-a132-c428bfc5702c ] Request (FloatingIPsAssociationTestJSON:setUpClass): 201 POST http://10.180.1.21/identity/v3/auth/tokens 0.093s
2025-11-21 23:33:51.778 66401 INFO tempest.lib.common.rest_client [req-d9389570-3c2f-4a53-941b-5ba26c30c0c7 req-d9389570-3c2f-4a53-941b-5ba26c30c0c7 ] Request (FloatingIPsAssociationTestJSON:setUpClass): 201 POST http://10.180.1.21/identity/v3/auth/tokens 0.029s
2025-11-21 23:33:51.805 66385 INFO tempest.lib.common.rest_client [req-4d3a0f1f-8fa0-4bf9-a671-eb1be8e61af9 req-4d3a0f1f-8fa0-4bf9-a671-eb1be8e61af9 ] Request (FlavorsV255TestJSON:tearDownClass): 204 DELETE http://10.180.1.21/identity/v3/projects/29b0d2b3147c4cc78fe87822a2cd2c22 0.061s
2025-11-21 23:33:51.805 66385 INFO tempest.lib.common.dynamic_creds [-] Deleting project and security group for project: 30883f4fe3544171a1443198f28f85ce
2025-11-21 23:33:51.838 66401 INFO tempest.lib.common.rest_client [req-d4d9fbc1-cdf7-4396-a5cb-09743deb9b04 req-d4d9fbc1-cdf7-4396-a5cb-09743deb9b04 ] Request (FloatingIPsAssociationTestJSON:setUpClass): 200 GET http://10.180.1.21/identity/v3/domains?name=Default 0.060s
2025-11-21 23:33:51.840 66417 INFO tempest.lib.common.rest_client [req-3e4f1ca2-9572-47d9-a6e0-506ad0a41628 req-3e4f1ca2-9572-47d9-a6e0-506ad0a41628 ] Request (FlavorsV261TestJSON:tearDownClass): 204 DELETE http://10.180.1.21/networking/v2.0/security-groups/b7615c4a-3bb7-41b5-aee2-7c196fe8d28c 0.177s
2025-11-21 23:33:51.883 66401 INFO tempest.lib.common.rest_client [req-703777bb-41ab-481a-9344-7e87e1520a18 req-703777bb-41ab-481a-9344-7e87e1520a18 ] Request (FloatingIPsAssociationTestJSON:setUpClass): 201 POST http://10.180.1.21/identity/v3/projects 0.044s
2025-11-21 23:33:51.909 66389 INFO tempest.lib.common.rest_client [req-ba5bad4f-09b9-466b-889d-aa0dac8fdc54 req-ba5bad4f-09b9-466b-889d-aa0dac8fdc54 ] Request (ServerDiagnosticsNegativeTest:test_get_server_diagnostics_by_non_admin): 200 GET http://10.180.1.21/compute/v2.1/servers/084acaaf-8846-4894-b1d7-7182eade1294 4.677s
2025-11-21 23:33:51.917 66389 INFO tempest.common.waiters [-] State transition "BUILD/spawning" ==> "ACTIVE/None" after 21 second wait
2025-11-21 23:33:51.930 66417 INFO tempest.lib.common.rest_client [req-d735d56a-0205-4a7d-8936-5a2f61686cea req-d735d56a-0205-4a7d-8936-5a2f61686cea ] Request (FlavorsV261TestJSON:tearDownClass): 204 DELETE http://10.180.1.21/identity/v3/projects/9596a21d11cd42aba68cfce52cabaf45 0.089s
2025-11-21 23:33:51.974 66385 INFO tempest.lib.common.rest_client [req-a4a667b8-cbe5-4ed6-b548-e0e7fcaea781 req-a4a667b8-cbe5-4ed6-b548-e0e7fcaea781 ] Request (FlavorsV255TestJSON:tearDownClass): 200 GET http://10.180.1.21/networking/v2.0/security-groups?tenant_id=30883f4fe3544171a1443198f28f85ce&name=default 0.168s
2025-11-21 23:33:51.976 66401 INFO tempest.lib.common.rest_client [req-ca00e828-70c9-48f5-8f64-6ad81946b17f req-ca00e828-70c9-48f5-8f64-6ad81946b17f ] Request (FloatingIPsAssociationTestJSON:setUpClass): 201 POST http://10.180.1.21/identity/v3/users 0.091s
2025-11-21 23:33:51.990 66417 INFO tempest.lib.common.rest_client [req-35cb02de-7afc-4461-b69d-02b386c99653 req-35cb02de-7afc-4461-b69d-02b386c99653 ] Request (KeyPairsV2TestJSON:setUpClass): 201 POST http://10.180.1.21/identity/v3/auth/tokens 0.058s
2025-11-21 23:33:52.003 66401 INFO tempest.lib.common.rest_client [req-70162a6b-ffd7-4ba6-a686-054a978c138f req-70162a6b-ffd7-4ba6-a686-054a978c138f ] Request (FloatingIPsAssociationTestJSON:setUpClass): 200 GET http://10.180.1.21/identity/v3/roles 0.026s
2025-11-21 23:33:52.034 66417 INFO tempest.lib.common.rest_client [req-7e59f22f-2527-4ec9-9e78-71ec88e1e0bb req-7e59f22f-2527-4ec9-9e78-71ec88e1e0bb ] Request (KeyPairsV2TestJSON:setUpClass): 201 POST http://10.180.1.21/identity/v3/auth/tokens 0.039s
2025-11-21 23:33:52.040 66401 INFO tempest.lib.common.rest_client [req-1a331ee2-b462-40b8-adda-b9b28a2e557b req-1a331ee2-b462-40b8-adda-b9b28a2e557b ] Request (FloatingIPsAssociationTestJSON:setUpClass): 204 PUT http://10.180.1.21/identity/v3/projects/9f35b7162fad4d8c9b72e830a4a6a2c9/users/7f8d0cac48db4846a8202d41351a021e/roles/dcbede15cb6744c4b05561776f5aa16a 0.036s
2025-11-21 23:33:52.040 66401 INFO tempest.lib.common.dynamic_creds [-] Dynamic test user 7f8d0cac48db4846a8202d41351a021e is created with scope project and roles: ['member']
2025-11-21 23:33:52.040 66401 INFO tempest.lib.common.dynamic_creds [-] Acquired dynamic creds: credentials: Credentials: {'domain_id': 'default', 'domain_name': 'Default', 'username': 'tempest-FloatingIPsAssociationTestJSON-562498210-project-member', 'project_domain_id': 'default', 'project_domain_name': 'Default', 'project_id': '9f35b7162fad4d8c9b72e830a4a6a2c9', 'project_name': 'tempest-FloatingIPsAssociationTestJSON-562498210', 'tenant_id': '9f35b7162fad4d8c9b72e830a4a6a2c9', 'tenant_name': 'tempest-FloatingIPsAssociationTestJSON-562498210', 'user_domain_id': 'default', 'user_domain_name': 'Default', 'user_id': '7f8d0cac48db4846a8202d41351a021e', 'system': None}, Network: None, Subnet: None, Router: None
2025-11-21 23:33:52.097 66417 INFO tempest.lib.common.rest_client [req-f4c03874-1f97-4b5e-907b-a3a4b51c70e0 req-f4c03874-1f97-4b5e-907b-a3a4b51c70e0 ] Request (KeyPairsV2TestJSON:setUpClass): 200 GET http://10.180.1.21/identity/v3/domains?name=Default 0.062s
2025-11-21 23:33:52.118 66401 INFO tempest.lib.common.rest_client [req-7ab1b32f-78c0-4fc2-96be-0106d3cf2d44 req-7ab1b32f-78c0-4fc2-96be-0106d3cf2d44 ] Request (FloatingIPsAssociationTestJSON:setUpClass): 201 POST http://10.180.1.21/identity/v3/auth/tokens 0.077s
2025-11-21 23:33:52.132 66417 INFO tempest.lib.common.rest_client [req-fd587a90-adb0-49fa-8066-bac207b332fa req-fd587a90-adb0-49fa-8066-bac207b332fa ] Request (KeyPairsV2TestJSON:setUpClass): 201 POST http://10.180.1.21/identity/v3/projects 0.034s
2025-11-21 23:33:52.136 66385 INFO tempest.lib.common.rest_client [req-e661db9c-3b5d-413f-9119-20fef6491d91 req-e661db9c-3b5d-413f-9119-20fef6491d91 ] Request (FlavorsV255TestJSON:tearDownClass): 204 DELETE http://10.180.1.21/networking/v2.0/security-groups/c989369d-dc39-4dd1-ad20-1bdc01389b20 0.162s
2025-11-21 23:33:52.194 66417 INFO tempest.lib.common.rest_client [req-88f0ff5f-a005-45d3-a27c-c6a7ef80fe9a req-88f0ff5f-a005-45d3-a27c-c6a7ef80fe9a ] Request (KeyPairsV2TestJSON:setUpClass): 201 POST http://10.180.1.21/identity/v3/users 0.062s
2025-11-21 23:33:52.218 66417 INFO tempest.lib.common.rest_client [req-b305b34f-3750-4343-9dda-220fdf173dca req-b305b34f-3750-4343-9dda-220fdf173dca ] Request (KeyPairsV2TestJSON:setUpClass): 200 GET http://10.180.1.21/identity/v3/roles 0.023s
2025-11-21 23:33:52.243 66385 INFO tempest.lib.common.rest_client [req-5df26488-825e-4b57-a1bd-cba450054341 req-5df26488-825e-4b57-a1bd-cba450054341 ] Request (FlavorsV255TestJSON:tearDownClass): 204 DELETE http://10.180.1.21/identity/v3/projects/30883f4fe3544171a1443198f28f85ce 0.106s
2025-11-21 23:33:52.300 66417 INFO tempest.lib.common.rest_client [req-7235275e-febf-4169-a427-523adf6c1020 req-7235275e-febf-4169-a427-523adf6c1020 ] Request (KeyPairsV2TestJSON:setUpClass): 204 PUT http://10.180.1.21/identity/v3/projects/a04c95f870814b918d26d38a172e0341/users/4ba0396393354179a21e2a402f2f8585/roles/dcbede15cb6744c4b05561776f5aa16a 0.082s
2025-11-21 23:33:52.301 66417 INFO tempest.lib.common.dynamic_creds [-] Dynamic test user 4ba0396393354179a21e2a402f2f8585 is created with scope project and roles: ['member']
2025-11-21 23:33:52.301 66417 INFO tempest.lib.common.dynamic_creds [-] Acquired dynamic creds: credentials: Credentials: {'domain_id': 'default', 'domain_name': 'Default', 'username': 'tempest-KeyPairsV2TestJSON-74305893-project-member', 'project_domain_id': 'default', 'project_domain_name': 'Default', 'project_id': 'a04c95f870814b918d26d38a172e0341', 'project_name': 'tempest-KeyPairsV2TestJSON-74305893', 'tenant_id': 'a04c95f870814b918d26d38a172e0341', 'tenant_name': 'tempest-KeyPairsV2TestJSON-74305893', 'user_domain_id': 'default', 'user_domain_name': 'Default', 'user_id': '4ba0396393354179a21e2a402f2f8585', 'system': None}, Network: None, Subnet: None, Router: None
2025-11-21 23:33:52.301 66417 INFO tempest.lib.common.dynamic_creds [-] Created isolated network resources for: credentials: Credentials: {'domain_id': 'default', 'domain_name': 'Default', 'username': 'tempest-KeyPairsV2TestJSON-74305893-project-member', 'project_domain_id': 'default', 'project_domain_name': 'Default', 'project_id': 'a04c95f870814b918d26d38a172e0341', 'project_name': 'tempest-KeyPairsV2TestJSON-74305893', 'tenant_id': 'a04c95f870814b918d26d38a172e0341', 'tenant_name': 'tempest-KeyPairsV2TestJSON-74305893', 'user_domain_id': 'default', 'user_domain_name': 'Default', 'user_id': '4ba0396393354179a21e2a402f2f8585', 'system': None}, Network: None, Subnet: None, Router: None
2025-11-21 23:33:52.303 66385 INFO tempest.lib.common.rest_client [req-41119ca0-526b-4341-a1aa-b045765fa355 req-41119ca0-526b-4341-a1aa-b045765fa355 ] Request (HostsAdminNegativeTestJSON:setUpClass): 201 POST http://10.180.1.21/identity/v3/auth/tokens 0.059s
2025-11-21 23:33:52.367 66385 INFO tempest.lib.common.rest_client [req-e0577557-c204-496c-9e6a-47035e1d5de8 req-e0577557-c204-496c-9e6a-47035e1d5de8 ] Request (HostsAdminNegativeTestJSON:setUpClass): 201 POST http://10.180.1.21/identity/v3/auth/tokens 0.060s
2025-11-21 23:33:52.393 66369 INFO tempest.lib.common.rest_client [req-c17b948b-7518-4823-a411-31499bd71bd8 req-c17b948b-7518-4823-a411-31499bd71bd8 ] Request (FloatingIPsTestJSON:_run_cleanups): 202 DELETE http://10.180.1.21/compute/v2.1/os-floating-ips/87a92adb-01fb-4611-90ff-5abd2286df58 5.292s
2025-11-21 23:33:52.398 66385 INFO tempest.lib.common.rest_client [req-362a99f1-bb61-4b45-a077-c31949c60e6d req-362a99f1-bb61-4b45-a077-c31949c60e6d ] Request (HostsAdminNegativeTestJSON:setUpClass): 200 GET http://10.180.1.21/identity/v3/domains?name=Default 0.030s
2025-11-21 23:33:52.402 66417 INFO tempest.lib.common.rest_client [req-03794d6e-8d56-4fcd-8f94-6c8239fbeb08 req-03794d6e-8d56-4fcd-8f94-6c8239fbeb08 ] Request (KeyPairsV2TestJSON:setUpClass): 201 POST http://10.180.1.21/identity/v3/auth/tokens 0.097s
2025-11-21 23:33:52.473 66385 INFO tempest.lib.common.rest_client [req-9decce41-983c-4076-9da4-3d3d0e564a55 req-9decce41-983c-4076-9da4-3d3d0e564a55 ] Request (HostsAdminNegativeTestJSON:setUpClass): 201 POST http://10.180.1.21/identity/v3/projects 0.074s
2025-11-21 23:33:52.534 66385 INFO tempest.lib.common.rest_client [req-583cfef3-b7e5-47ca-96ef-d4843ed34571 req-583cfef3-b7e5-47ca-96ef-d4843ed34571 ] Request (HostsAdminNegativeTestJSON:setUpClass): 201 POST http://10.180.1.21/identity/v3/users 0.061s
2025-11-21 23:33:52.547 66407 INFO tempest.lib.common.rest_client [req-36cdab93-9d05-4c51-ba12-9a3db3584bd7 req-36cdab93-9d05-4c51-ba12-9a3db3584bd7 ] Request (SecurityGroupsTestAdminJSON:test_list_security_groups_list_all_tenants_filter): 200 GET http://10.180.1.21/compute/v2.1/os-security-groups?all_tenants=true 4.603s
2025-11-21 23:33:52.559 66385 INFO tempest.lib.common.rest_client [req-bd03db8b-81f0-440d-8024-9535212f2121 req-bd03db8b-81f0-440d-8024-9535212f2121 ] Request (HostsAdminNegativeTestJSON:setUpClass): 200 GET http://10.180.1.21/identity/v3/roles 0.024s
2025-11-21 23:33:52.563 66405 INFO tempest.lib.common.rest_client [req-c53b54be-2aee-42ad-b75c-de2b1904e431 req-c53b54be-2aee-42ad-b75c-de2b1904e431 ] Request (ServersWithSpecificFlavorTestJSON:test_verify_created_server_ephemeral_disk): 200 GET http://10.180.1.21/compute/v2.1/flavors/42/os-extra_specs 4.338s
2025-11-21 23:33:52.586 66395 INFO tempest.lib.common.rest_client [req-9730fa24-2db2-4f43-8ef6-60e45f2efccc req-9730fa24-2db2-4f43-8ef6-60e45f2efccc ] Request (FlavorsAdminTestJSON:test_create_flavor_with_int_id): 200 POST http://10.180.1.21/compute/v2.1/flavors 4.335s
2025-11-21 23:33:52.609 66385 INFO tempest.lib.common.rest_client [req-2f177b0b-f018-4526-87a7-a96a13523605 req-2f177b0b-f018-4526-87a7-a96a13523605 ] Request (HostsAdminNegativeTestJSON:setUpClass): 204 PUT http://10.180.1.21/identity/v3/projects/c12c43f57c69496187d55595ee447e71/users/4a3aaae25d00457db9d65db605c5b939/roles/dcbede15cb6744c4b05561776f5aa16a 0.049s
2025-11-21 23:33:52.609 66385 INFO tempest.lib.common.dynamic_creds [-] Dynamic test user 4a3aaae25d00457db9d65db605c5b939 is created with scope project and roles: ['member']
2025-11-21 23:33:52.609 66385 INFO tempest.lib.common.dynamic_creds [-] Acquired dynamic creds: credentials: Credentials: {'domain_id': 'default', 'domain_name': 'Default', 'username': 'tempest-HostsAdminNegativeTestJSON-1196276064-project-member', 'project_domain_id': 'default', 'project_domain_name': 'Default', 'project_id': 'c12c43f57c69496187d55595ee447e71', 'project_name': 'tempest-HostsAdminNegativeTestJSON-1196276064', 'tenant_id': 'c12c43f57c69496187d55595ee447e71', 'tenant_name': 'tempest-HostsAdminNegativeTestJSON-1196276064', 'user_domain_id': 'default', 'user_domain_name': 'Default', 'user_id': '4a3aaae25d00457db9d65db605c5b939', 'system': None}, Network: None, Subnet: None, Router: None
