2025-11-21 23:34:42.470 66393 INFO tempest.lib.common.fixed_network [-] (ServersAdminTestJSON:test_inject_network_info) Found network {'id': '1fc32c0c-672d-4ef9-88ba-1df060ed41e7', 'name': 'tempest-ServersAdminTestJSON-503359057-network', 'tenant_id': '192ddd7bf8a94609b5b1446d63065285', 'project_id': '192ddd7bf8a94609b5b1446d63065285', 'admin_state_up': True, 'mtu': 8950, 'status': 'ACTIVE', 'subnets': [], 'shared': False, 'port_security_enabled': True, 'router:external': False, 'provider:network_type': 'vlan', 'provider:physical_network': 'default', 'provider:segmentation_id': 966, 'availability_zone_hints': [], 'availability_zones': [], 'ipv4_address_scope': None, 'ipv6_address_scope': None, 'description': '', 'tags': [], 'created_at': '2025-11-21T23:33:14Z', 'updated_at': '2025-11-21T23:33:14Z', 'revision_number': 1} available for tenant
2025-11-21 23:34:42.498 66397 INFO tempest.lib.common.rest_client [req-17ed8594-15e2-45fa-8046-50573756a08d req-17ed8594-15e2-45fa-8046-50573756a08d ] Request (QuotaClassesAdminTestJSON:tearDownClass): 204 DELETE http://10.180.1.21/networking/v2.0/security-groups/7340b527-f180-4cca-9020-b1df3527dc28 0.223s
2025-11-21 23:34:42.533 66381 INFO tempest.lib.common.rest_client [req-c6e1ab85-2de9-4d33-bcc4-45363277988e req-c6e1ab85-2de9-4d33-bcc4-45363277988e ] Request (DeleteServersAdminTestJSON:test_delete_server_while_in_error_state): 200 GET http://10.180.1.21/compute/v2.1/servers/af3d0080-d795-4ecc-8b4e-3a6d0acdca17 4.169s
2025-11-21 23:34:42.543 66381 INFO tempest.common.waiters [-] State transition "BUILD/None" ==> "BUILD/spawning" after 28 second wait
2025-11-21 23:34:42.551 66417 INFO tempest.lib.common.rest_client [req-b02c9271-abe1-4330-8012-0502b1ba1f0b req-b02c9271-abe1-4330-8012-0502b1ba1f0b ] Request (ServerAddressesNegativeTestJSON:setUpClass): 200 GET http://10.180.1.21/compute/v2.1/servers/2dfdd810-3d67-4cdd-8d6c-15371cc135d9 4.018s
2025-11-21 23:34:42.564 66417 INFO tempest.common.waiters [-] State transition "BUILD/scheduling" ==> "BUILD/None" after 5 second wait
2025-11-21 23:34:42.601 66415 INFO tempest.lib.common.rest_client [req-353a81c3-8ef9-4cbc-a706-d9b337d1d459 req-353a81c3-8ef9-4cbc-a706-d9b337d1d459 ] Request (ServerMetadataNegativeTestJSON:setUpClass): 200 GET http://10.180.1.21/compute/v2.1/servers/5d2f2ce1-acb3-43d5-8822-ad3d517d0373 3.824s
2025-11-21 23:34:42.637 66397 INFO tempest.lib.common.rest_client [req-e78b799b-8738-4289-a875-f1ddf2a7b131 req-e78b799b-8738-4289-a875-f1ddf2a7b131 ] Request (QuotaClassesAdminTestJSON:tearDownClass): 204 DELETE http://10.180.1.21/identity/v3/projects/917b1ac3e6b44ccebf4fe5ab22a60dfe 0.138s
2025-11-21 23:34:42.638 66397 INFO tempest.lib.common.dynamic_creds [-] Deleting project and security group for project: 0054f8c786564fcbbbe3a2e38fe50332
2025-11-21 23:34:42.673 66391 INFO tempest.lib.common.rest_client [req-f1d92661-9eab-437f-b91e-03d74e8a8151 req-f1d92661-9eab-437f-b91e-03d74e8a8151 ] Request (ServerRescueTestJSON:setUpClass): 200 GET http://10.180.1.21/compute/v2.1/servers/881be88f-9744-43f2-bc51-e0075c02b2f1 3.663s
2025-11-21 23:34:42.764 66397 INFO tempest.lib.common.rest_client [req-fe09bb21-acc8-46c9-a3d6-019b039687b4 req-fe09bb21-acc8-46c9-a3d6-019b039687b4 ] Request (QuotaClassesAdminTestJSON:tearDownClass): 200 GET http://10.180.1.21/networking/v2.0/security-groups?tenant_id=0054f8c786564fcbbbe3a2e38fe50332&name=default 0.125s
2025-11-21 23:34:42.876 66375 INFO tempest.lib.common.rest_client [req-2635d185-4be1-4c64-b897-fe1d9727cbbb req-2635d185-4be1-4c64-b897-fe1d9727cbbb ] Request (ServersListShow298Test:tearDownClass): 200 GET http://10.180.1.21/compute/v2.1/servers/1159259f-56ca-4900-8aa6-f14f04e6748d 3.629s
2025-11-21 23:34:42.954 66397 INFO tempest.lib.common.rest_client [req-e0e7a0b1-41f7-4583-b3bb-84fe7c6084cc req-e0e7a0b1-41f7-4583-b3bb-84fe7c6084cc ] Request (QuotaClassesAdminTestJSON:tearDownClass): 204 DELETE http://10.180.1.21/networking/v2.0/security-groups/1b765644-f792-47d9-920b-04c8f81801df 0.189s
2025-11-21 23:34:43.004 66369 INFO tempest.lib.common.rest_client [req-ccb4be17-5e10-4211-830b-d91fbc937194 req-ccb4be17-5e10-4211-830b-d91fbc937194 ] Request (FloatingIPsAssociationNegativeTestJSON:setUpClass): 200 GET http://10.180.1.21/compute/v2.1/servers/011de074-0049-4a2d-adbe-89a3952b03ac 3.870s
2025-11-21 23:34:43.011 66369 INFO tempest.common.waiters [-] State transition "BUILD/None" ==> "BUILD/block_device_mapping" after 23 second wait
2025-11-21 23:34:43.036 66377 INFO tempest.lib.common.rest_client [req-1cf9a91c-1e79-46b7-bff8-e8ea9c7d3dee req-1cf9a91c-1e79-46b7-bff8-e8ea9c7d3dee ] Request (ServersAdmin275Test:_run_cleanups): 200 GET http://10.180.1.21/compute/v2.1/servers/bef5fdc3-e435-46de-af0f-36c9a10157ee 3.625s
2025-11-21 23:34:43.047 66377 INFO tempest.common.waiters [-] State transition "REBUILD/rebuild_spawning" ==> "ACTIVE/None" after 10 second wait
2025-11-21 23:34:43.073 66397 INFO tempest.lib.common.rest_client [req-30cc7c12-dc52-4b7d-9ff7-f8eb85a05c0b req-30cc7c12-dc52-4b7d-9ff7-f8eb85a05c0b ] Request (QuotaClassesAdminTestJSON:tearDownClass): 204 DELETE http://10.180.1.21/identity/v3/projects/0054f8c786564fcbbbe3a2e38fe50332 0.118s
2025-11-21 23:34:43.129 66379 INFO tempest.lib.common.rest_client [req-89ea9eb2-8654-4005-b986-40758fc412ed req-89ea9eb2-8654-4005-b986-40758fc412ed ] Request (ServerExternalEventsTest:test_create_server_external_events): 200 GET http://10.180.1.21/compute/v2.1/servers/41be40ac-1127-4773-bc63-bd4f272ba352 2.870s
2025-11-21 23:34:43.171 66397 INFO tempest.lib.common.rest_client [req-93870de8-80b5-4dc0-870c-8cce6f807f43 req-93870de8-80b5-4dc0-870c-8cce6f807f43 ] Request (ImagesOneServerTestJSON:setUpClass): 201 POST http://10.180.1.21/identity/v3/auth/tokens 0.095s
2025-11-21 23:34:43.211 66397 INFO tempest.lib.common.rest_client [req-178abac1-da09-4576-8522-57aeaeffd677 req-178abac1-da09-4576-8522-57aeaeffd677 ] Request (ImagesOneServerTestJSON:setUpClass): 201 POST http://10.180.1.21/identity/v3/auth/tokens 0.034s
2025-11-21 23:34:43.249 66397 INFO tempest.lib.common.rest_client [req-169f881e-5742-4c5f-89ce-a7197a376cf8 req-169f881e-5742-4c5f-89ce-a7197a376cf8 ] Request (ImagesOneServerTestJSON:setUpClass): 200 GET http://10.180.1.21/identity/v3/domains?name=Default 0.037s
2025-11-21 23:34:43.270 66427 INFO tempest.lib.common.rest_client [req-559e5f60-29a1-4fe1-b84d-63b587d0f8d1 req-559e5f60-29a1-4fe1-b84d-63b587d0f8d1 ] Request (MultipleCreateTestJSON:test_multiple_create_with_reservation_return): 200 GET http://10.180.1.21/compute/v2.1/servers 2.724s
2025-11-21 23:34:43.279 66387 INFO tempest.lib.common.rest_client [req-c2675379-5b7e-4884-8190-3ccce90814ff req-c2675379-5b7e-4884-8190-3ccce90814ff ] Request (ServersTestManualDisk:setUpClass): 200 POST http://10.180.1.21/compute/v2.1/os-keypairs 3.794s
2025-11-21 23:34:43.301 66397 INFO tempest.lib.common.rest_client [req-e8833e5e-c0c3-4bdb-8293-6aae8cc6f8db req-e8833e5e-c0c3-4bdb-8293-6aae8cc6f8db ] Request (ImagesOneServerTestJSON:setUpClass): 201 POST http://10.180.1.21/identity/v3/projects 0.052s
2025-11-21 23:34:43.387 66397 INFO tempest.lib.common.rest_client [req-0ceec608-beca-4bb2-a439-6034aaa98539 req-0ceec608-beca-4bb2-a439-6034aaa98539 ] Request (ImagesOneServerTestJSON:setUpClass): 201 POST http://10.180.1.21/identity/v3/users 0.085s
2025-11-21 23:34:43.415 66387 INFO tempest.lib.common.rest_client [req-63a63167-36f7-49af-beaf-6077496b9a06 req-63a63167-36f7-49af-beaf-6077496b9a06 ] Request (ServersTestManualDisk:setUpClass): 201 POST http://10.180.1.21/networking/v2.0/security-groups 0.134s
2025-11-21 23:34:43.431 66397 INFO tempest.lib.common.rest_client [req-c09668a3-da73-4119-add1-ebd33cb836a6 req-c09668a3-da73-4119-add1-ebd33cb836a6 ] Request (ImagesOneServerTestJSON:setUpClass): 200 GET http://10.180.1.21/identity/v3/roles 0.043s
2025-11-21 23:34:43.463 66371 INFO tempest.lib.common.rest_client [req-2dfb6a78-0806-47a1-ab8b-1a23d0f4981a req-2dfb6a78-0806-47a1-ab8b-1a23d0f4981a ] Request (ServersTestBootFromVolume:setUpClass): 200 GET http://10.180.1.21/volume/v3/volumes/7afc878c-fcee-4161-89dd-cbf566353318 0.039s
2025-11-21 23:34:43.475 66397 INFO tempest.lib.common.rest_client [req-96e06a92-a908-4e25-8602-be75c53f1d57 req-96e06a92-a908-4e25-8602-be75c53f1d57 ] Request (ImagesOneServerTestJSON:setUpClass): 204 PUT http://10.180.1.21/identity/v3/projects/523523328b004add9b88c11e5fc7cce6/users/c09582a604ef49d2bc9c4e97198c99bb/roles/dcbede15cb6744c4b05561776f5aa16a 0.043s
2025-11-21 23:34:43.475 66397 INFO tempest.lib.common.dynamic_creds [-] Dynamic test user c09582a604ef49d2bc9c4e97198c99bb is created with scope project and roles: ['member']
2025-11-21 23:34:43.475 66397 INFO tempest.lib.common.dynamic_creds [-] Acquired dynamic creds: credentials: Credentials: {'domain_id': 'default', 'domain_name': 'Default', 'username': 'tempest-ImagesOneServerTestJSON-1291809573-project-member', 'project_domain_id': 'default', 'project_domain_name': 'Default', 'project_id': '523523328b004add9b88c11e5fc7cce6', 'project_name': 'tempest-ImagesOneServerTestJSON-1291809573', 'tenant_id': '523523328b004add9b88c11e5fc7cce6', 'tenant_name': 'tempest-ImagesOneServerTestJSON-1291809573', 'user_domain_id': 'default', 'user_domain_name': 'Default', 'user_id': 'c09582a604ef49d2bc9c4e97198c99bb', 'system': None}, Network: None, Subnet: None, Router: None
2025-11-21 23:34:43.486 66423 INFO tempest.lib.common.rest_client [req-eecf7ec1-c4ef-456d-98c7-7b7da81b6219 req-eecf7ec1-c4ef-456d-98c7-7b7da81b6219 ] Request (AbsoluteLimitsNegativeTestJSON:test_max_metadata_exceed_limit): 200 GET http://10.180.1.21/compute/v2.1/limits 2.296s
2025-11-21 23:34:43.510 66395 INFO tempest.lib.common.rest_client [req-a4b03868-d5dd-4046-a467-fb5817a13872 req-a4b03868-d5dd-4046-a467-fb5817a13872 ] Request (FlavorsAdminTestJSON:test_is_public_string_variations): 200 GET http://10.180.1.21/compute/v2.1/flavors/detail?is_public=f 2.148s
2025-11-21 23:34:43.528 66387 INFO tempest.lib.common.rest_client [req-37e47cbe-caab-4e9a-be09-c56dba5d73f9 req-37e47cbe-caab-4e9a-be09-c56dba5d73f9 ] Request (ServersTestManualDisk:setUpClass): 201 POST http://10.180.1.21/networking/v2.0/security-group-rules 0.112s
2025-11-21 23:34:43.544 66403 INFO tempest.lib.common.rest_client [req-4624a93f-c9bd-4e6e-8cd9-cbe6147b483c req-4624a93f-c9bd-4e6e-8cd9-cbe6147b483c ] Request (AggregatesAdminNegativeTestJSON:test_aggregate_remove_host_as_user): 200 POST http://10.180.1.21/compute/v2.1/os-aggregates 2.175s
2025-11-21 23:34:43.553 66397 INFO tempest.lib.common.rest_client [req-3976fd9c-1e95-4089-b7af-2faadd666961 req-3976fd9c-1e95-4089-b7af-2faadd666961 ] Request (ImagesOneServerTestJSON:setUpClass): 201 POST http://10.180.1.21/identity/v3/auth/tokens 0.078s
2025-11-21 23:34:43.555 66365 INFO tempest.lib.common.rest_client [req-dbaed11c-f0cc-46e4-86e3-c98143c2b7f7 req-dbaed11c-f0cc-46e4-86e3-c98143c2b7f7 ] Request (ImagesOneServerNegativeTestJSON:tearDown): 200 GET http://10.180.1.21/compute/v2.1/servers/85d3ff30-4649-4c5b-958c-14e74ac7981e 3.000s
2025-11-21 23:34:43.585 66423 INFO tempest.lib.common.rest_client [req-9160039f-a4cf-4877-a286-bc5ef4cd6b5c req-9160039f-a4cf-4877-a286-bc5ef4cd6b5c ] Request (AbsoluteLimitsNegativeTestJSON:test_max_metadata_exceed_limit): 201 POST http://10.180.1.21/identity/v3/auth/tokens 0.092s
2025-11-21 23:34:43.586 66423 INFO tempest.lib.common.fixed_network [-] (AbsoluteLimitsNegativeTestJSON:test_max_metadata_exceed_limit) Found network None available for tenant
2025-11-21 23:34:43.636 66387 INFO tempest.lib.common.rest_client [req-2c029ed1-c127-4722-96c3-e553ea8cbfff req-2c029ed1-c127-4722-96c3-e553ea8cbfff ] Request (ServersTestManualDisk:setUpClass): 201 POST http://10.180.1.21/networking/v2.0/security-group-rules 0.107s
2025-11-21 23:34:43.657 66401 INFO tempest.lib.common.rest_client [req-d25d05c2-b5a1-4cfd-be2d-65de113a1c67 req-d25d05c2-b5a1-4cfd-be2d-65de113a1c67 ] Request (FloatingIPsAssociationTestJSON:test_associate_already_associated_floating_ip): 200 GET http://10.180.1.21/compute/v2.1/servers/c8edfd83-a2f8-4708-af16-1d1a63059a62 1.756s
2025-11-21 23:34:43.678 66399 WARNING tempest.lib.common.ssh [-] Failed to establish authenticated ssh connection to cirros@10.180.180.178 ([Errno None] Unable to connect to port 22 on 10.180.180.178). Number attempts: 6. Retry after 7 seconds.: paramiko.ssh_exception.NoValidConnectionsError: [Errno None] Unable to connect to port 22 on 10.180.180.178
2025-11-21 23:34:43.830 66397 INFO tempest.lib.common.rest_client [req-93460c1f-2763-4de0-a802-890a08ac7825 req-93460c1f-2763-4de0-a802-890a08ac7825 ] Request (ImagesOneServerTestJSON:setUpClass): 201 POST http://10.180.1.21/networking/v2.0/networks 0.276s
2025-11-21 23:34:43.868 66367 INFO tempest.lib.common.rest_client [req-24b4884f-7639-4c38-b230-9c51910c8df8 req-24b4884f-7639-4c38-b230-9c51910c8df8 ] Request (MigrationsAdminTest:test_list_migrations_in_flavor_resize_situation): 200 GET http://10.180.1.21/compute/v2.1/servers/b4ed6a82-7fe9-48a6-83e2-3aba0ae58088 1.892s
2025-11-21 23:34:43.885 66367 INFO tempest.common.waiters [-] State transition "BUILD/spawning" ==> "ACTIVE/None" after 31 second wait
2025-11-21 23:34:44.114 66397 INFO tempest.lib.common.rest_client [req-b2baef52-a3f7-4966-916f-c47b9535b45a req-b2baef52-a3f7-4966-916f-c47b9535b45a ] Request (ImagesOneServerTestJSON:setUpClass): 201 POST http://10.180.1.21/networking/v2.0/subnets 0.280s
2025-11-21 23:34:44.143 66411 INFO tempest.lib.common.rest_client [req-ca86c35d-8cd1-4d4e-b6d1-33467b5e9b94 req-ca86c35d-8cd1-4d4e-b6d1-33467b5e9b94 ] Request (ServerDiagnosticsTest:tearDownClass): 200 GET http://10.180.1.21/compute/v2.1/servers/f0b74a66-d833-418e-ae6b-38eafbf48c62 2.104s
2025-11-21 23:34:44.177 66387 INFO tempest.lib.common.rest_client [req-c1f8862d-326b-414a-988d-b12d96916243 req-c1f8862d-326b-414a-988d-b12d96916243 ] Request (ServersTestManualDisk:setUpClass): 201 POST http://10.180.1.21/networking/v2.0/floatingips 0.540s
2025-11-21 23:34:44.222 66405 INFO tempest.lib.common.rest_client [req-a0d98c4f-928d-407d-8764-7c31aa0bbb60 req-a0d98c4f-928d-407d-8764-7c31aa0bbb60 ] Request (ServersWithSpecificFlavorTestJSON:test_verify_created_server_ephemeral_disk): 200 GET http://10.180.1.21/compute/v2.1/servers/06944d40-30be-4895-8a91-6c6dea8d8086 2.224s
2025-11-21 23:34:44.235 66405 INFO tempest.lib.common.ssh [-] Creating ssh connection to '10.180.180.186:22' as 'cirros' with public key authentication
2025-11-21 23:34:44.254 66387 INFO tempest.lib.common.rest_client [req-4a1b0641-89f3-420d-9b4d-71aba55a0a1e req-4a1b0641-89f3-420d-9b4d-71aba55a0a1e ] Request (ServersTestManualDisk:setUpClass): 201 POST http://10.180.1.21/identity/v3/auth/tokens 0.073s
2025-11-21 23:34:44.254 66387 INFO tempest.lib.common.fixed_network [-] (ServersTestManualDisk:setUpClass) Found network {'id': '80db0f3f-6f37-4ecb-8ad7-9ee791f6f2e4', 'name': 'tempest-ServersTestManualDisk-1440650002-network', 'tenant_id': '5670f40564cc4db193c882466e3d1af6', 'project_id': '5670f40564cc4db193c882466e3d1af6', 'admin_state_up': True, 'mtu': 8950, 'status': 'ACTIVE', 'subnets': [], 'shared': False, 'port_security_enabled': True, 'router:external': False, 'provider:network_type': 'vlan', 'provider:physical_network': 'default', 'provider:segmentation_id': 501, 'availability_zone_hints': [], 'availability_zones': [], 'ipv4_address_scope': None, 'ipv6_address_scope': None, 'description': '', 'tags': [], 'created_at': '2025-11-21T23:34:36Z', 'updated_at': '2025-11-21T23:34:36Z', 'revision_number': 1} available for tenant
2025-11-21 23:34:44.255 66389 INFO tempest.lib.common.rest_client [req-a3d91612-ea03-4baf-bf68-b422ba19d99b req-a3d91612-ea03-4baf-bf68-b422ba19d99b ] Request (ImagesTestJSON:test_create_image_from_stopped_server): 200 GET http://10.180.1.21/compute/v2.1/servers/a54910a0-6cf6-4d9a-8e4f-341837e9950b 2.179s
2025-11-21 23:34:44.334 66383 INFO tempest.lib.common.rest_client [req-c9184f97-545f-424a-a47f-243623d5044f req-c9184f97-545f-424a-a47f-243623d5044f ] Request (ServerShowV254Test:tearDownClass): 200 GET http://10.180.1.21/compute/v2.1/servers/2d3d8843-777f-4b24-a36f-282b12e18add 1.974s
2025-11-21 23:34:44.373 66421 INFO tempest.lib.common.rest_client [req-83a90d36-776b-4b68-b2f9-3dc0a0ad11ea req-83a90d36-776b-4b68-b2f9-3dc0a0ad11ea ] Request (HypervisorAdminV228Test:test_get_list_hypervisor_details): 200 GET http://10.180.1.21/compute/v2.1/os-hypervisors 2.085s
2025-11-21 23:34:44.456 66407 INFO tempest.lib.common.rest_client [req-41c45433-ef58-4996-98be-f9bf12bbd681 req-41c45433-ef58-4996-98be-f9bf12bbd681 ] Request (ServerDiagnosticsV248Test:test_get_server_diagnostics): 200 GET http://10.180.1.21/compute/v2.1/servers/059a71d5-9341-44d8-ba20-ba615b34ae29 1.770s
2025-11-21 23:34:44.471 66407 INFO tempest.common.waiters [-] State transition "BUILD/spawning" ==> "ACTIVE/None" after 30 second wait
2025-11-21 23:34:44.509 66371 INFO tempest.lib.common.rest_client [req-678f89f6-c26a-40d3-acd4-ade64935be54 req-678f89f6-c26a-40d3-acd4-ade64935be54 ] Request (ServersTestBootFromVolume:setUpClass): 200 GET http://10.180.1.21/volume/v3/volumes/7afc878c-fcee-4161-89dd-cbf566353318 0.036s
2025-11-21 23:34:44.543 66377 INFO tempest.lib.common.rest_client [req-9ac70609-7e03-4ebe-b041-dd42ca194ad4 req-9ac70609-7e03-4ebe-b041-dd42ca194ad4 ] Request (ServersAdmin275Test:tearDownClass): 204 DELETE http://10.180.1.21/compute/v2.1/servers/bef5fdc3-e435-46de-af0f-36c9a10157ee 1.495s
2025-11-21 23:34:44.638 66427 INFO tempest.lib.common.rest_client [req-4ec8056b-5c6f-498b-8dcc-ed5c22f7b53c req-4ec8056b-5c6f-498b-8dcc-ed5c22f7b53c ] Request (MultipleCreateTestJSON:test_multiple_create_with_reservation_return): 200 GET http://10.180.1.21/compute/v2.1/servers/82dfb992-9fb3-44b1-b0cf-fe7ffb54bf60 1.365s
2025-11-21 23:34:44.656 66395 INFO tempest.lib.common.rest_client [req-964f180d-615f-48f3-a86a-8a7635908886 req-964f180d-615f-48f3-a86a-8a7635908886 ] Request (FlavorsAdminTestJSON:test_is_public_string_variations): 200 GET http://10.180.1.21/compute/v2.1/flavors/detail?is_public=false 1.139s
2025-11-21 23:34:44.687 66393 INFO tempest.lib.common.rest_client [req-297ef8d7-d1d5-4559-b797-87c7e2e4ba71 req-297ef8d7-d1d5-4559-b797-87c7e2e4ba71 ] Request (ServersAdminTestJSON:test_inject_network_info): 202 POST http://10.180.1.21/compute/v2.1/servers 2.216s
2025-11-21 23:34:44.760 66381 INFO tempest.lib.common.rest_client [req-29172230-5653-4ecd-aa7f-ea7043cf56f1 req-29172230-5653-4ecd-aa7f-ea7043cf56f1 ] Request (DeleteServersAdminTestJSON:test_delete_server_while_in_error_state): 200 GET http://10.180.1.21/compute/v2.1/servers/af3d0080-d795-4ecc-8b4e-3a6d0acdca17 1.213s
2025-11-21 23:34:44.821 66403 INFO tempest.lib.common.rest_client [req-46de4b3d-26bd-4204-a916-04f168b4fed3 req-46de4b3d-26bd-4204-a916-04f168b4fed3 ] Request (AggregatesAdminNegativeTestJSON:test_aggregate_remove_host_as_user): 200 POST http://10.180.1.21/compute/v2.1/os-aggregates/7/action 1.271s
2025-11-21 23:34:44.825 66417 INFO tempest.lib.common.rest_client [req-16d4d3ed-f551-481b-80b9-783c89e84c8a req-16d4d3ed-f551-481b-80b9-783c89e84c8a ] Request (ServerAddressesNegativeTestJSON:setUpClass): 200 GET http://10.180.1.21/compute/v2.1/servers/2dfdd810-3d67-4cdd-8d6c-15371cc135d9 1.260s
2025-11-21 23:34:44.969 66397 INFO tempest.lib.common.rest_client [req-43b56b49-ee22-46c4-b454-1f1fee10b62e req-43b56b49-ee22-46c4-b454-1f1fee10b62e ] Request (ImagesOneServerTestJSON:setUpClass): 201 POST http://10.180.1.21/networking/v2.0/routers 0.853s
2025-11-21 23:34:45.045 66365 INFO tempest.lib.common.rest_client [req-477e5b3c-d3d1-44be-a339-e1b145060bbd req-477e5b3c-d3d1-44be-a339-e1b145060bbd ] Request (ImagesOneServerNegativeTestJSON:setUp): 200 GET http://10.180.1.21/compute/v2.1/servers/85d3ff30-4649-4c5b-958c-14e74ac7981e 1.478s
2025-11-21 23:34:45.132 66415 INFO tempest.lib.common.rest_client [req-a5130287-a0b3-41e4-8671-0a76cc40e7b9 req-a5130287-a0b3-41e4-8671-0a76cc40e7b9 ] Request (ServerMetadataNegativeTestJSON:setUpClass): 200 GET http://10.180.1.21/compute/v2.1/servers/5d2f2ce1-acb3-43d5-8822-ad3d517d0373 1.520s
2025-11-21 23:34:45.178 66423 INFO tempest.lib.common.rest_client [req-df8009f0-0290-481c-8dc4-c9d82d29df0d req-df8009f0-0290-481c-8dc4-c9d82d29df0d ] Request (AbsoluteLimitsNegativeTestJSON:test_max_metadata_exceed_limit): 403 POST http://10.180.1.21/compute/v2.1/servers 1.590s
2025-11-21 23:34:45.302 66423 INFO tempest.lib.common.rest_client [req-4e0c8a8d-2a3c-43f1-8bea-18d4b37dcccf req-4e0c8a8d-2a3c-43f1-8bea-18d4b37dcccf ] Request (AbsoluteLimitsNegativeTestJSON:tearDownClass): 204 DELETE http://10.180.1.21/identity/v3/users/fd1751eca7db4dec978d4d68e0e2462b 0.119s
2025-11-21 23:34:45.303 66423 INFO tempest.lib.common.dynamic_creds [-] Deleting project and security group for project: a88fdc8ab2de4a9d9e298d47631685da
2025-11-21 23:34:45.319 66391 INFO tempest.lib.common.rest_client [req-d0e941e9-4f19-4916-bb7f-378550277d00 req-d0e941e9-4f19-4916-bb7f-378550277d00 ] Request (ServerRescueTestJSON:setUpClass): 200 GET http://10.180.1.21/compute/v2.1/servers/881be88f-9744-43f2-bc51-e0075c02b2f1 1.631s
2025-11-21 23:34:45.382 66423 INFO tempest.lib.common.rest_client [req-0d7e774e-8971-45f4-b75b-e7505dc7e810 req-0d7e774e-8971-45f4-b75b-e7505dc7e810 ] Request (AbsoluteLimitsNegativeTestJSON:tearDownClass): 201 POST http://10.180.1.21/identity/v3/auth/tokens 0.079s
2025-11-21 23:34:45.405 66375 INFO tempest.lib.common.rest_client [req-7def15bf-e37e-407d-ae98-bb586dd03caa req-7def15bf-e37e-407d-ae98-bb586dd03caa ] Request (ServersListShow298Test:tearDownClass): 200 GET http://10.180.1.21/compute/v2.1/servers/1159259f-56ca-4900-8aa6-f14f04e6748d 1.507s
2025-11-21 23:34:45.452 66367 INFO tempest.lib.common.rest_client [req-95e875b2-215c-4b51-a799-91d8f6133b1c req-95e875b2-215c-4b51-a799-91d8f6133b1c ] Request (MigrationsAdminTest:test_list_migrations_in_flavor_resize_situation): 202 POST http://10.180.1.21/compute/v2.1/servers/b4ed6a82-7fe9-48a6-83e2-3aba0ae58088/action 1.566s
2025-11-21 23:34:45.546 66371 INFO tempest.lib.common.rest_client [req-0a9f82ce-fa1f-40f4-a977-7eb5be60e31b req-0a9f82ce-fa1f-40f4-a977-7eb5be60e31b ] Request (ServersTestBootFromVolume:setUpClass): 200 GET http://10.180.1.21/volume/v3/volumes/7afc878c-fcee-4161-89dd-cbf566353318 0.030s
2025-11-21 23:34:45.607 66423 INFO tempest.lib.common.rest_client [req-80c63e95-d439-4e40-b3d4-ef2e7fd1793c req-80c63e95-d439-4e40-b3d4-ef2e7fd1793c ] Request (AbsoluteLimitsNegativeTestJSON:tearDownClass): 200 GET http://10.180.1.21/networking/v2.0/security-groups?tenant_id=a88fdc8ab2de4a9d9e298d47631685da&name=default 0.224s
2025-11-21 23:34:45.666 66379 INFO tempest.lib.common.rest_client [req-357d850d-23f6-4d8e-b3b4-f887ab106a95 req-357d850d-23f6-4d8e-b3b4-f887ab106a95 ] Request (ServerExternalEventsTest:test_create_server_external_events): 200 GET http://10.180.1.21/compute/v2.1/servers/41be40ac-1127-4773-bc63-bd4f272ba352 1.523s
2025-11-21 23:34:45.825 66423 INFO tempest.lib.common.rest_client [req-7cb5b3ec-8155-4b06-aff8-61c575304dbf req-7cb5b3ec-8155-4b06-aff8-61c575304dbf ] Request (AbsoluteLimitsNegativeTestJSON:tearDownClass): 204 DELETE http://10.180.1.21/networking/v2.0/security-groups/9e707edf-bcc9-4b26-ab00-af7116b41f5c 0.217s
2025-11-21 23:34:45.868 66369 INFO tempest.lib.common.rest_client [req-be015e8c-18c1-4d2a-b65b-e86dff713855 req-be015e8c-18c1-4d2a-b65b-e86dff713855 ] Request (FloatingIPsAssociationNegativeTestJSON:setUpClass): 200 GET http://10.180.1.21/compute/v2.1/servers/011de074-0049-4a2d-adbe-89a3952b03ac 1.855s
2025-11-21 23:34:45.875 66369 INFO tempest.common.waiters [-] State transition "BUILD/block_device_mapping" ==> "BUILD/spawning" after 25 second wait
2025-11-21 23:34:45.894 66421 INFO tempest.lib.common.rest_client [req-2aa7b7ed-8d50-40ff-89a2-ef6e80be4247 req-2aa7b7ed-8d50-40ff-89a2-ef6e80be4247 ] Request (HypervisorAdminV228Test:test_get_list_hypervisor_details): 200 GET http://10.180.1.21/compute/v2.1/os-hypervisors/1 1.520s
2025-11-21 23:34:45.923 66423 INFO tempest.lib.common.rest_client [req-5a2aaf9e-7bc9-4b23-b580-4fb3448581ef req-5a2aaf9e-7bc9-4b23-b580-4fb3448581ef ] Request (AbsoluteLimitsNegativeTestJSON:tearDownClass): 204 DELETE http://10.180.1.21/identity/v3/projects/a88fdc8ab2de4a9d9e298d47631685da 0.098s
2025-11-21 23:34:46.068 66397 INFO tempest.lib.common.rest_client [req-f3a3abde-22de-4a9b-81bb-b334304cdcb1 req-f3a3abde-22de-4a9b-81bb-b334304cdcb1 ] Request (ImagesOneServerTestJSON:setUpClass): 200 PUT http://10.180.1.21/networking/v2.0/routers/dcfa92a3-3494-47a5-aa01-7865b51dee4c/add_router_interface 1.098s
2025-11-21 23:34:46.068 66397 INFO tempest.lib.common.dynamic_creds [-] Created isolated network resources for: credentials: Credentials: {'domain_id': 'default', 'domain_name': 'Default', 'username': 'tempest-ImagesOneServerTestJSON-1291809573-project-member', 'project_domain_id': 'default', 'project_domain_name': 'Default', 'project_id': '523523328b004add9b88c11e5fc7cce6', 'project_name': 'tempest-ImagesOneServerTestJSON-1291809573', 'tenant_id': '523523328b004add9b88c11e5fc7cce6', 'tenant_name': 'tempest-ImagesOneServerTestJSON-1291809573', 'user_domain_id': 'default', 'user_domain_name': 'Default', 'user_id': 'c09582a604ef49d2bc9c4e97198c99bb', 'system': None}, Network: {'id': '56528991-9f4a-4d5c-8bee-aef3cbe8022e', 'name': 'tempest-ImagesOneServerTestJSON-292206247-network', 'tenant_id': '523523328b004add9b88c11e5fc7cce6', 'project_id': '523523328b004add9b88c11e5fc7cce6', 'admin_state_up': True, 'mtu': 8950, 'status': 'ACTIVE', 'subnets': [], 'shared': False, 'port_security_enabled': True, 'router:external': False, 'provider:network_type': 'vlan', 'provider:physical_network': 'default', 'provider:segmentation_id': 356, 'availability_zone_hints': [], 'availability_zones': [], 'ipv4_address_scope': None, 'ipv6_address_scope': None, 'description': '', 'tags': [], 'created_at': '2025-11-21T23:34:43Z', 'updated_at': '2025-11-21T23:34:43Z', 'revision_number': 1}, Subnet: {'id': '61d17309-d32d-4ba5-ae78-81103c9d8757', 'name': 'tempest-ImagesOneServerTestJSON-292206247-subnet', 'tenant_id': '523523328b004add9b88c11e5fc7cce6', 'network_id': '56528991-9f4a-4d5c-8bee-aef3cbe8022e', 'ip_version': 4, 'subnetpool_id': None, 'enable_dhcp': True, 'ipv6_ra_mode': None, 'ipv6_address_mode': None, 'gateway_ip': '192.168.128.1', 'cidr': '192.168.128.0/28', 'allocation_pools': [{'start': '192.168.128.2', 'end': '192.168.128.14'}], 'host_routes': [], 'dns_nameservers': [], 'description': '', 'router:external': False, 'service_types': [], 'tags': [], 'created_at': '2025-11-21T23:34:43Z', 'updated_at': '2025-11-21T23:34:43Z', 'revision_number': 0, 'project_id': '523523328b004add9b88c11e5fc7cce6'}, Router: {'id': 'dcfa92a3-3494-47a5-aa01-7865b51dee4c', 'name': 'tempest-ImagesOneServerTestJSON-292206247-router', 'tenant_id': '523523328b004add9b88c11e5fc7cce6', 'admin_state_up': True, 'status': 'ACTIVE', 'external_gateway_info': {'network_id': '7dc5aad0-497d-4e52-9cf3-47e3bf2ca605', 'external_fixed_ips': [{'subnet_id': '2ed1673a-2ed1-42c7-ad25-2920bde6e9f5', 'ip_address': '10.180.180.216'}], 'enable_snat': True}, 'description': '', 'availability_zones': [], 'distributed': False, 'ha': False, 'availability_zone_hints': [], 'routes': [], 'flavor_id': None, 'tags': [], 'created_at': '2025-11-21T23:34:44Z', 'updated_at': '2025-11-21T23:34:44Z', 'revision_number': 2, 'project_id': '523523328b004add9b88c11e5fc7cce6'}
2025-11-21 23:34:46.078 66421 INFO tempest.lib.common.rest_client [req-51aae281-5238-4118-8d06-1deb37b4c510 req-51aae281-5238-4118-8d06-1deb37b4c510 ] Request (HypervisorAdminV228Test:tearDownClass): 204 DELETE http://10.180.1.21/identity/v3/users/da9833d345fb478697ebcc707879a012 0.174s
2025-11-21 23:34:46.126 66423 INFO tempest.lib.common.rest_client [req-6a1ef172-1e26-4163-a6a9-98e10b5458aa req-6a1ef172-1e26-4163-a6a9-98e10b5458aa ] Request (AttachInterfacesTestJSON:setUpClass): 201 POST http://10.180.1.21/identity/v3/auth/tokens 0.201s
2025-11-21 23:34:46.226 66373 WARNING tempest.lib.common.ssh [-] Failed to establish authenticated ssh connection to cirros@10.180.180.177 ([Errno None] Unable to connect to port 22 on 10.180.180.177). Number attempts: 6. Retry after 7 seconds.: paramiko.ssh_exception.NoValidConnectionsError: [Errno None] Unable to connect to port 22 on 10.180.180.177
2025-11-21 23:34:46.243 66397 INFO tempest.lib.common.rest_client [req-4816b279-6253-423c-a01f-2a539970f7ab req-4816b279-6253-423c-a01f-2a539970f7ab ] Request (ImagesOneServerTestJSON:setUpClass): 201 POST http://10.180.1.21/identity/v3/auth/tokens 0.168s
2025-11-21 23:34:46.312 66387 INFO tempest.lib.common.rest_client [req-eb36b9c3-6b19-4d5e-befb-77aa0eab5ab6 req-eb36b9c3-6b19-4d5e-befb-77aa0eab5ab6 ] Request (ServersTestManualDisk:setUpClass): 202 POST http://10.180.1.21/compute/v2.1/servers 2.057s
2025-11-21 23:34:46.316 66423 INFO tempest.lib.common.rest_client [req-fcdb69af-55a2-46d3-8516-bb6d47545a5f req-fcdb69af-55a2-46d3-8516-bb6d47545a5f ] Request (AttachInterfacesTestJSON:setUpClass): 201 POST http://10.180.1.21/identity/v3/auth/tokens 0.186s
2025-11-21 23:34:46.316 66419 WARNING tempest.lib.common.ssh [-] Failed to establish authenticated ssh connection to cirros@10.180.180.131 ([Errno None] Unable to connect to port 22 on 10.180.180.131). Number attempts: 4. Retry after 5 seconds.: paramiko.ssh_exception.NoValidConnectionsError: [Errno None] Unable to connect to port 22 on 10.180.180.131
2025-11-21 23:34:46.347 66397 INFO tempest.lib.common.rest_client [req-b8933e72-746f-4a46-a9d2-dc0e0204165c req-b8933e72-746f-4a46-a9d2-dc0e0204165c ] Request (ImagesOneServerTestJSON:setUpClass): 201 POST http://10.180.1.21/identity/v3/auth/tokens 0.100s
2025-11-21 23:34:46.348 66397 INFO tempest.lib.common.fixed_network [-] (ImagesOneServerTestJSON:setUpClass) Found network {'id': '56528991-9f4a-4d5c-8bee-aef3cbe8022e', 'name': 'tempest-ImagesOneServerTestJSON-292206247-network', 'tenant_id': '523523328b004add9b88c11e5fc7cce6', 'project_id': '523523328b004add9b88c11e5fc7cce6', 'admin_state_up': True, 'mtu': 8950, 'status': 'ACTIVE', 'subnets': [], 'shared': False, 'port_security_enabled': True, 'router:external': False, 'provider:network_type': 'vlan', 'provider:physical_network': 'default', 'provider:segmentation_id': 356, 'availability_zone_hints': [], 'availability_zones': [], 'ipv4_address_scope': None, 'ipv6_address_scope': None, 'description': '', 'tags': [], 'created_at': '2025-11-21T23:34:43Z', 'updated_at': '2025-11-21T23:34:43Z', 'revision_number': 1} available for tenant
2025-11-21 23:34:46.393 66421 INFO tempest.lib.common.rest_client [req-f3bb7246-e582-4a70-87e6-cd8c55048e60 req-f3bb7246-e582-4a70-87e6-cd8c55048e60 ] Request (HypervisorAdminV228Test:tearDownClass): 204 DELETE http://10.180.1.21/identity/v3/users/4d2aff6ba7604f1caddb7301647e9735 0.314s
2025-11-21 23:34:46.393 66421 INFO tempest.lib.common.dynamic_creds [-] Deleting project and security group for project: 8411131fb1384106b1aded0180f1ff62
2025-11-21 23:34:46.412 66377 INFO tempest.lib.common.rest_client [req-fa177791-d7c2-46e4-a299-0a4620cfb53f req-fa177791-d7c2-46e4-a299-0a4620cfb53f ] Request (ServersAdmin275Test:tearDownClass): 200 GET http://10.180.1.21/compute/v2.1/servers/bef5fdc3-e435-46de-af0f-36c9a10157ee 1.868s
2025-11-21 23:34:46.429 66423 INFO tempest.lib.common.rest_client [req-124b5e70-0738-4199-aea1-746eddf049ae req-124b5e70-0738-4199-aea1-746eddf049ae ] Request (AttachInterfacesTestJSON:setUpClass): 200 GET http://10.180.1.21/identity/v3/domains?name=Default 0.112s
2025-11-21 23:34:46.429 66395 INFO tempest.lib.common.rest_client [req-dc38d187-4808-4073-8297-03595f956335 req-dc38d187-4808-4073-8297-03595f956335 ] Request (FlavorsAdminTestJSON:test_is_public_string_variations): 200 GET http://10.180.1.21/compute/v2.1/flavors/detail?is_public=no 1.770s
2025-11-21 23:34:46.471 66421 INFO tempest.lib.common.rest_client [req-93e0d8ec-5a0d-48ac-a1b9-7cd3e45fd111 req-93e0d8ec-5a0d-48ac-a1b9-7cd3e45fd111 ] Request (HypervisorAdminV228Test:tearDownClass): 201 POST http://10.180.1.21/identity/v3/auth/tokens 0.077s
2025-11-21 23:34:46.499 66423 INFO tempest.lib.common.rest_client [req-01f505d2-2e0c-42b3-acb0-0442e96d348d req-01f505d2-2e0c-42b3-acb0-0442e96d348d ] Request (AttachInterfacesTestJSON:setUpClass): 201 POST http://10.180.1.21/identity/v3/projects 0.069s
2025-11-21 23:34:46.505 66401 INFO tempest.lib.common.rest_client [req-8711b968-aebc-4c31-af2a-c9b1c96c4fc8 req-8711b968-aebc-4c31-af2a-c9b1c96c4fc8 ] Request (FloatingIPsAssociationTestJSON:test_associate_already_associated_floating_ip): 200 GET http://10.180.1.21/compute/v2.1/servers/c8edfd83-a2f8-4708-af16-1d1a63059a62 1.833s
2025-11-21 23:34:46.567 66393 INFO tempest.lib.common.rest_client [req-17976e91-97a8-495a-a6ee-0e5c2a7feac6 req-17976e91-97a8-495a-a6ee-0e5c2a7feac6 ] Request (ServersAdminTestJSON:test_inject_network_info): 200 GET http://10.180.1.21/compute/v2.1/servers/1d2acffb-0ae3-4a62-8287-18f5b5df12f3 1.877s
2025-11-21 23:34:46.580 66407 INFO tempest.lib.common.rest_client [req-3c8c5a46-3f09-486b-881c-8c393d07ad68 req-3c8c5a46-3f09-486b-881c-8c393d07ad68 ] Request (ServerDiagnosticsV248Test:test_get_server_diagnostics): 200 GET http://10.180.1.21/compute/v2.1/servers/059a71d5-9341-44d8-ba20-ba615b34ae29/diagnostics 2.109s
2025-11-21 23:34:46.581 66403 INFO tempest.lib.common.rest_client [req-a0a49198-c7bc-47c2-aef9-f39636b2901d req-a0a49198-c7bc-47c2-aef9-f39636b2901d ] Request (AggregatesAdminNegativeTestJSON:test_aggregate_remove_host_as_user): 403 POST http://10.180.1.21/compute/v2.1/os-aggregates/7/action 1.757s
2025-11-21 23:34:46.590 66365 INFO tempest.lib.common.rest_client [req-3899e98a-f095-4350-8269-37e62e254ce2 req-3899e98a-f095-4350-8269-37e62e254ce2 ] Request (ImagesOneServerNegativeTestJSON:test_create_image_specify_name_over_character_limit): 400 POST http://10.180.1.21/compute/v2.1/servers/85d3ff30-4649-4c5b-958c-14e74ac7981e/action 1.533s
2025-11-21 23:34:46.608 66371 INFO tempest.lib.common.rest_client [req-cc09c3d3-023f-4900-816f-ae445481a69d req-cc09c3d3-023f-4900-816f-ae445481a69d ] Request (ServersTestBootFromVolume:setUpClass): 200 GET http://10.180.1.21/volume/v3/volumes/7afc878c-fcee-4161-89dd-cbf566353318 0.052s
2025-11-21 23:34:46.614 66411 INFO tempest.lib.common.rest_client [req-b5dbd6c9-e765-4aca-a3c2-36ebed038034 req-b5dbd6c9-e765-4aca-a3c2-36ebed038034 ] Request (ServerDiagnosticsTest:tearDownClass): 404 GET http://10.180.1.21/compute/v2.1/servers/f0b74a66-d833-418e-ae6b-38eafbf48c62 1.459s
2025-11-21 23:34:46.628 66423 INFO tempest.lib.common.rest_client [req-fbadec06-bb4f-4d75-b0a7-d79703cf67ee req-fbadec06-bb4f-4d75-b0a7-d79703cf67ee ] Request (AttachInterfacesTestJSON:setUpClass): 201 POST http://10.180.1.21/identity/v3/users 0.128s
2025-11-21 23:34:46.662 66423 INFO tempest.lib.common.rest_client [req-8981966a-952f-4945-ad37-329bd1d0083c req-8981966a-952f-4945-ad37-329bd1d0083c ] Request (AttachInterfacesTestJSON:setUpClass): 200 GET http://10.180.1.21/identity/v3/roles 0.032s
2025-11-21 23:34:46.701 66411 INFO tempest.lib.common.rest_client [req-1939795f-6b57-4bf0-809d-d26d0b855e78 req-1939795f-6b57-4bf0-809d-d26d0b855e78 ] Request (ServerDiagnosticsTest:tearDownClass): 204 DELETE http://10.180.1.21/identity/v3/users/97531095dcbb4e458ecaa6592d6e73fe 0.086s
2025-11-21 23:34:46.704 66389 INFO tempest.lib.common.rest_client [req-994689aa-7193-4a22-a635-0d74aa4215c6 req-994689aa-7193-4a22-a635-0d74aa4215c6 ] Request (ImagesTestJSON:test_create_image_from_stopped_server): 200 GET http://10.180.1.21/compute/v2.1/servers/a54910a0-6cf6-4d9a-8e4f-341837e9950b 1.441s
2025-11-21 23:34:46.749 66421 INFO tempest.lib.common.rest_client [req-09f70b29-fce5-4f99-8b30-2e62cc395e9a req-09f70b29-fce5-4f99-8b30-2e62cc395e9a ] Request (HypervisorAdminV228Test:tearDownClass): 200 GET http://10.180.1.21/networking/v2.0/security-groups?tenant_id=8411131fb1384106b1aded0180f1ff62&name=default 0.278s
2025-11-21 23:34:46.802 66423 INFO tempest.lib.common.rest_client [req-2126d4eb-81d4-4820-851e-4d02e7bf310f req-2126d4eb-81d4-4820-851e-4d02e7bf310f ] Request (AttachInterfacesTestJSON:setUpClass): 204 PUT http://10.180.1.21/identity/v3/projects/dfa939f67e71405b99dc0cec81e83302/users/698fd8ba7b434ed5ae5b1525de424dd1/roles/dcbede15cb6744c4b05561776f5aa16a 0.140s
2025-11-21 23:34:46.803 66423 INFO tempest.lib.common.dynamic_creds [-] Dynamic test user 698fd8ba7b434ed5ae5b1525de424dd1 is created with scope project and roles: ['member']
2025-11-21 23:34:46.803 66423 INFO tempest.lib.common.dynamic_creds [-] Acquired dynamic creds: credentials: Credentials: {'domain_id': 'default', 'domain_name': 'Default', 'username': 'tempest-AttachInterfacesTestJSON-48589684-project-member', 'project_domain_id': 'default', 'project_domain_name': 'Default', 'project_id': 'dfa939f67e71405b99dc0cec81e83302', 'project_name': 'tempest-AttachInterfacesTestJSON-48589684', 'tenant_id': 'dfa939f67e71405b99dc0cec81e83302', 'tenant_name': 'tempest-AttachInterfacesTestJSON-48589684', 'user_domain_id': 'default', 'user_domain_name': 'Default', 'user_id': '698fd8ba7b434ed5ae5b1525de424dd1', 'system': None}, Network: None, Subnet: None, Router: None
2025-11-21 23:34:46.806 66413 INFO tempest.lib.common.rest_client [req-582b341c-a41e-482e-8f5f-f676e27f68ba req-582b341c-a41e-482e-8f5f-f676e27f68ba ] Request (ServersAdminNegativeTestJSON:test_resize_server_using_overlimit_ram): 200 GET http://10.180.1.21/compute/v2.1/os-quota-sets/a31280eda7484e729aaa87bbc03f63f6 1.624s
2025-11-21 23:34:46.826 66383 INFO tempest.lib.common.rest_client [req-47e6ebf9-8280-47ae-a5b4-39f4198ed826 req-47e6ebf9-8280-47ae-a5b4-39f4198ed826 ] Request (ServerShowV254Test:tearDownClass): 200 GET http://10.180.1.21/compute/v2.1/servers/2d3d8843-777f-4b24-a36f-282b12e18add 1.482s
2025-11-21 23:34:46.893 66421 INFO tempest.lib.common.rest_client [req-f328ad1a-085a-4b99-8a52-16a6828ff1b5 req-f328ad1a-085a-4b99-8a52-16a6828ff1b5 ] Request (HypervisorAdminV228Test:tearDownClass): 204 DELETE http://10.180.1.21/networking/v2.0/security-groups/186d9df1-5a30-449d-9cf2-8cb6ebf30c88 0.143s
2025-11-21 23:34:46.937 66427 INFO tempest.lib.common.rest_client [req-84d64a17-03a6-405d-bb0e-0ea77a381b06 req-84d64a17-03a6-405d-bb0e-0ea77a381b06 ] Request (MultipleCreateTestJSON:test_multiple_create_with_reservation_return): 200 GET http://10.180.1.21/compute/v2.1/servers/82dfb992-9fb3-44b1-b0cf-fe7ffb54bf60 1.288s
2025-11-21 23:34:46.954 66411 INFO tempest.lib.common.rest_client [req-ebf52c6f-0ccd-4111-9e9c-aa0e9cee39c5 req-ebf52c6f-0ccd-4111-9e9c-aa0e9cee39c5 ] Request (ServerDiagnosticsTest:tearDownClass): 204 DELETE http://10.180.1.21/identity/v3/users/b52a9cd88ccc43f1830537b1098bb9fb 0.253s
2025-11-21 23:34:46.955 66411 INFO tempest.lib.common.dynamic_creds [-] Deleting project and security group for project: f963ad7ea2b544c7a538a301515b8a12
2025-11-21 23:34:46.959 66423 INFO tempest.lib.common.rest_client [req-6002545f-ace8-47f9-8777-d871a19e0286 req-6002545f-ace8-47f9-8777-d871a19e0286 ] Request (AttachInterfacesTestJSON:setUpClass): 201 POST http://10.180.1.21/identity/v3/auth/tokens 0.156s
2025-11-21 23:34:47.033 66411 INFO tempest.lib.common.rest_client [req-9bf37806-d854-482f-a198-b69eac26f288 req-9bf37806-d854-482f-a198-b69eac26f288 ] Request (ServerDiagnosticsTest:tearDownClass): 201 POST http://10.180.1.21/identity/v3/auth/tokens 0.078s
2025-11-21 23:34:47.081 66421 INFO tempest.lib.common.rest_client [req-10f74f20-0a98-473e-bee6-fc5ffac70330 req-10f74f20-0a98-473e-bee6-fc5ffac70330 ] Request (HypervisorAdminV228Test:tearDownClass): 204 DELETE http://10.180.1.21/identity/v3/projects/8411131fb1384106b1aded0180f1ff62 0.188s
2025-11-21 23:34:47.081 66421 INFO tempest.lib.common.dynamic_creds [-] Deleting project and security group for project: 9efba69a9b3b492a806fb1dcece7f3e6
2025-11-21 23:34:47.095 66367 INFO tempest.lib.common.rest_client [req-925161f5-0a5e-4a83-9acb-4655f276b443 req-925161f5-0a5e-4a83-9acb-4655f276b443 ] Request (MigrationsAdminTest:test_list_migrations_in_flavor_resize_situation): 200 GET http://10.180.1.21/compute/v2.1/servers/b4ed6a82-7fe9-48a6-83e2-3aba0ae58088 1.642s
2025-11-21 23:34:47.307 66411 INFO tempest.lib.common.rest_client [req-89631f74-46cf-4c40-809e-4b4d0020f757 req-89631f74-46cf-4c40-809e-4b4d0020f757 ] Request (ServerDiagnosticsTest:tearDownClass): 200 GET http://10.180.1.21/networking/v2.0/security-groups?tenant_id=f963ad7ea2b544c7a538a301515b8a12&name=default 0.273s
2025-11-21 23:34:47.314 66405 WARNING tempest.lib.common.ssh [-] Failed to establish authenticated ssh connection to cirros@10.180.180.186 ([Errno None] Unable to connect to port 22 on 10.180.180.186). Number attempts: 1. Retry after 2 seconds.: paramiko.ssh_exception.NoValidConnectionsError: [Errno None] Unable to connect to port 22 on 10.180.180.186
2025-11-21 23:34:47.346 66381 INFO tempest.lib.common.rest_client [req-bd657506-be16-4d6f-ba98-a580144465f5 req-bd657506-be16-4d6f-ba98-a580144465f5 ] Request (DeleteServersAdminTestJSON:test_delete_server_while_in_error_state): 200 GET http://10.180.1.21/compute/v2.1/servers/af3d0080-d795-4ecc-8b4e-3a6d0acdca17 1.577s
2025-11-21 23:34:47.408 66423 INFO tempest.lib.common.rest_client [req-ff924972-f2cc-4a8b-aa00-82fbe2f963fe req-ff924972-f2cc-4a8b-aa00-82fbe2f963fe ] Request (AttachInterfacesTestJSON:setUpClass): 201 POST http://10.180.1.21/networking/v2.0/networks 0.443s
2025-11-21 23:34:47.439 66417 INFO tempest.lib.common.rest_client [req-fca329df-2f96-4a64-b003-ae29b7aadb6e req-fca329df-2f96-4a64-b003-ae29b7aadb6e ] Request (ServerAddressesNegativeTestJSON:setUpClass): 200 GET http://10.180.1.21/compute/v2.1/servers/2dfdd810-3d67-4cdd-8d6c-15371cc135d9 1.606s
2025-11-21 23:34:47.457 66421 INFO tempest.lib.common.rest_client [req-8726e0d7-4355-44ae-90cb-6300665f0de9 req-8726e0d7-4355-44ae-90cb-6300665f0de9 ] Request (HypervisorAdminV228Test:tearDownClass): 200 GET http://10.180.1.21/networking/v2.0/security-groups?tenant_id=9efba69a9b3b492a806fb1dcece7f3e6&name=default 0.375s
2025-11-21 23:34:47.495 66415 INFO tempest.lib.common.rest_client [req-bcd1c7b5-6c98-4cef-963d-2ba2326cf2e1 req-bcd1c7b5-6c98-4cef-963d-2ba2326cf2e1 ] Request (ServerMetadataNegativeTestJSON:setUpClass): 200 GET http://10.180.1.21/compute/v2.1/servers/5d2f2ce1-acb3-43d5-8822-ad3d517d0373 1.354s
2025-11-21 23:34:47.558 66411 INFO tempest.lib.common.rest_client [req-cea20611-19ac-4ce0-a3b3-dc27773462cf req-cea20611-19ac-4ce0-a3b3-dc27773462cf ] Request (ServerDiagnosticsTest:tearDownClass): 204 DELETE http://10.180.1.21/networking/v2.0/security-groups/01271425-10ee-4fd3-b4a6-e2448f0d3e16 0.251s
2025-11-21 23:34:47.648 66421 INFO tempest.lib.common.rest_client [req-bd928ba6-fbac-41d7-b9fb-85477876c5e3 req-bd928ba6-fbac-41d7-b9fb-85477876c5e3 ] Request (HypervisorAdminV228Test:tearDownClass): 204 DELETE http://10.180.1.21/networking/v2.0/security-groups/df0da6f2-e0c3-4c47-93c8-11755376258d 0.189s
2025-11-21 23:34:47.648 66371 INFO tempest.lib.common.rest_client [req-a5aa3369-1fc4-48d9-b90c-73fb55e78355 req-a5aa3369-1fc4-48d9-b90c-73fb55e78355 ] Request (ServersTestBootFromVolume:setUpClass): 200 GET http://10.180.1.21/volume/v3/volumes/7afc878c-fcee-4161-89dd-cbf566353318 0.031s
2025-11-21 23:34:47.655 66411 INFO tempest.lib.common.rest_client [req-cf11bcb8-0932-4479-95d2-e57f895a3724 req-cf11bcb8-0932-4479-95d2-e57f895a3724 ] Request (ServerDiagnosticsTest:tearDownClass): 204 DELETE http://10.180.1.21/identity/v3/projects/f963ad7ea2b544c7a538a301515b8a12 0.095s
2025-11-21 23:34:47.657 66411 INFO tempest.lib.common.dynamic_creds [-] Deleting project and security group for project: 453935de7cdd4b619f18458a89252739
2025-11-21 23:34:47.684 66423 INFO tempest.lib.common.rest_client [req-fa8ed097-0a67-4850-b285-d145350281ef req-fa8ed097-0a67-4850-b285-d145350281ef ] Request (AttachInterfacesTestJSON:setUpClass): 201 POST http://10.180.1.21/networking/v2.0/subnets 0.275s
2025-11-21 23:34:47.723 66387 INFO tempest.lib.common.rest_client [req-785d35b7-777a-4080-ad6a-5cd8e69c5bc9 req-785d35b7-777a-4080-ad6a-5cd8e69c5bc9 ] Request (ServersTestManualDisk:setUpClass): 200 GET http://10.180.1.21/compute/v2.1/servers/829a12cf-03f5-43bc-9424-1f0120c4eb74 1.409s
2025-11-21 23:34:47.741 66411 INFO tempest.lib.common.rest_client [req-6700b196-21ff-4f82-9934-eea8068f7b3a req-6700b196-21ff-4f82-9934-eea8068f7b3a ] Request (ServerDiagnosticsTest:tearDownClass): 200 GET http://10.180.1.21/networking/v2.0/security-groups?tenant_id=453935de7cdd4b619f18458a89252739&name=default 0.081s
2025-11-21 23:34:47.773 66421 INFO tempest.lib.common.rest_client [req-7f8b64f6-e4ad-48f1-93ca-33f35ce269b2 req-7f8b64f6-e4ad-48f1-93ca-33f35ce269b2 ] Request (HypervisorAdminV228Test:tearDownClass): 204 DELETE http://10.180.1.21/identity/v3/projects/9efba69a9b3b492a806fb1dcece7f3e6 0.125s
2025-11-21 23:34:47.789 66391 INFO tempest.lib.common.rest_client [req-5258b8d4-0621-44dc-b22b-b90bcb7bb459 req-5258b8d4-0621-44dc-b22b-b90bcb7bb459 ] Request (ServerRescueTestJSON:setUpClass): 200 GET http://10.180.1.21/compute/v2.1/servers/881be88f-9744-43f2-bc51-e0075c02b2f1 1.458s
2025-11-21 23:34:47.801 66391 INFO tempest.common.waiters [-] State transition "ACTIVE/rescuing" ==> "RESCUE/None" after 9 second wait
2025-11-21 23:34:47.838 66421 INFO tempest.lib.common.rest_client [req-7018febc-b422-4824-8f2c-4759836548cc req-7018febc-b422-4824-8f2c-4759836548cc ] Request (ServerRescueNegativeTestJSON:setUpClass): 201 POST http://10.180.1.21/identity/v3/auth/tokens 0.063s
2025-11-21 23:34:47.898 66421 INFO tempest.lib.common.rest_client [req-dd436028-a2be-451d-b655-704712b2fd49 req-dd436028-a2be-451d-b655-704712b2fd49 ] Request (ServerRescueNegativeTestJSON:setUpClass): 201 POST http://10.180.1.21/identity/v3/auth/tokens 0.057s
2025-11-21 23:34:47.898 66391 INFO tempest.lib.common.rest_client [req-16c65f79-3d38-4d22-8e30-4bc58c0987e2 req-16c65f79-3d38-4d22-8e30-4bc58c0987e2 ] Request (ServerRescueTestJSON:test_rescue_unrescue_instance): 201 POST http://10.180.1.21/identity/v3/auth/tokens 0.089s
2025-11-21 23:34:47.898 66391 INFO tempest.lib.common.fixed_network [-] (ServerRescueTestJSON:test_rescue_unrescue_instance) Found network {'id': '8ae44828-f57b-4d61-9ca1-ef7fd01707e1', 'name': 'tempest-ServerRescueTestJSON-941466753-network', 'tenant_id': 'a19a3319397d472d9c2a708c55775914', 'project_id': 'a19a3319397d472d9c2a708c55775914', 'admin_state_up': True, 'mtu': 8950, 'status': 'ACTIVE', 'subnets': [], 'shared': False, 'port_security_enabled': True, 'router:external': False, 'provider:network_type': 'vlan', 'provider:physical_network': 'default', 'provider:segmentation_id': 171, 'availability_zone_hints': [], 'availability_zones': [], 'ipv4_address_scope': None, 'ipv6_address_scope': None, 'description': '', 'tags': [], 'created_at': '2025-11-21T23:33:59Z', 'updated_at': '2025-11-21T23:33:59Z', 'revision_number': 1} available for tenant
2025-11-21 23:34:47.911 66411 INFO tempest.lib.common.rest_client [req-8d9bd908-37bc-4734-bccf-abfe7a8e3489 req-8d9bd908-37bc-4734-bccf-abfe7a8e3489 ] Request (ServerDiagnosticsTest:tearDownClass): 204 DELETE http://10.180.1.21/networking/v2.0/security-groups/d2e81a76-88c1-4994-bff7-ddfd3f4603a8 0.170s
2025-11-21 23:34:47.926 66421 INFO tempest.lib.common.rest_client [req-9f0ae5dc-c2d0-4ea6-8f1d-19c10233e09d req-9f0ae5dc-c2d0-4ea6-8f1d-19c10233e09d ] Request (ServerRescueNegativeTestJSON:setUpClass): 200 GET http://10.180.1.21/identity/v3/domains?name=Default 0.028s
2025-11-21 23:34:47.972 66421 INFO tempest.lib.common.rest_client [req-a131735e-a5e6-46bd-bcff-72607e3b8e7d req-a131735e-a5e6-46bd-bcff-72607e3b8e7d ] Request (ServerRescueNegativeTestJSON:setUpClass): 201 POST http://10.180.1.21/identity/v3/projects 0.044s
2025-11-21 23:34:47.995 66411 INFO tempest.lib.common.rest_client [req-b31f070c-4df3-456a-ba09-4631eebc3592 req-b31f070c-4df3-456a-ba09-4631eebc3592 ] Request (ServerDiagnosticsTest:tearDownClass): 204 DELETE http://10.180.1.21/identity/v3/projects/453935de7cdd4b619f18458a89252739 0.083s
2025-11-21 23:34:48.001 66375 INFO tempest.lib.common.rest_client [req-6f26abac-77cf-4603-b813-057363b1045b req-6f26abac-77cf-4603-b813-057363b1045b ] Request (ServersListShow298Test:tearDownClass): 200 GET http://10.180.1.21/compute/v2.1/servers/1159259f-56ca-4900-8aa6-f14f04e6748d 1.584s
2025-11-21 23:34:48.014 66395 INFO tempest.lib.common.rest_client [req-88b126fb-a2a7-4c91-9ffa-610b4ba47f99 req-88b126fb-a2a7-4c91-9ffa-610b4ba47f99 ] Request (FlavorsAdminTestJSON:test_is_public_string_variations): 200 GET http://10.180.1.21/compute/v2.1/flavors/detail?is_public=0 1.582s
2025-11-21 23:34:48.042 66421 INFO tempest.lib.common.rest_client [req-4e0c75e3-6884-4473-b9bf-5c349b36a53c req-4e0c75e3-6884-4473-b9bf-5c349b36a53c ] Request (ServerRescueNegativeTestJSON:setUpClass): 201 POST http://10.180.1.21/identity/v3/users 0.070s
2025-11-21 23:34:48.046 66411 INFO tempest.lib.common.rest_client [req-2b3965e9-01bd-439b-9a63-e8463797d9a3 req-2b3965e9-01bd-439b-9a63-e8463797d9a3 ] Request (TenantUsagesTestJSON:setUpClass): 201 POST http://10.180.1.21/identity/v3/auth/tokens 0.049s
2025-11-21 23:34:48.074 66421 INFO tempest.lib.common.rest_client [req-13764ec3-b343-42a8-b95d-a12e79468535 req-13764ec3-b343-42a8-b95d-a12e79468535 ] Request (ServerRescueNegativeTestJSON:setUpClass): 200 GET http://10.180.1.21/identity/v3/roles 0.032s
2025-11-21 23:34:48.105 66411 INFO tempest.lib.common.rest_client [req-001449c6-7573-43fb-9b24-ca6078372245 req-001449c6-7573-43fb-9b24-ca6078372245 ] Request (TenantUsagesTestJSON:setUpClass): 201 POST http://10.180.1.21/identity/v3/auth/tokens 0.055s
2025-11-21 23:34:48.131 66421 INFO tempest.lib.common.rest_client [req-37502e21-ace7-48fc-a100-030c875c627d req-37502e21-ace7-48fc-a100-030c875c627d ] Request (ServerRescueNegativeTestJSON:setUpClass): 204 PUT http://10.180.1.21/identity/v3/projects/71ce579b8dd34418a0b55c58f2a82dcd/users/0aa69013454e40168be7682279444015/roles/dcbede15cb6744c4b05561776f5aa16a 0.056s
