2025-11-21 23:35:45.224 66381 INFO tempest.lib.common.dynamic_creds [-] Created isolated network resources for: credentials: Credentials: {'domain_id': 'default', 'domain_name': 'Default', 'username': 'tempest-InstanceActionsNegativeTestJSON-1210985885-project-member', 'project_domain_id': 'default', 'project_domain_name': 'Default', 'project_id': '1bfc534a2cff4454896943d9f15eb029', 'project_name': 'tempest-InstanceActionsNegativeTestJSON-1210985885', 'tenant_id': '1bfc534a2cff4454896943d9f15eb029', 'tenant_name': 'tempest-InstanceActionsNegativeTestJSON-1210985885', 'user_domain_id': 'default', 'user_domain_name': 'Default', 'user_id': '44845c57703844cd83e0379cf19fa37d', 'system': None}, Network: {'id': 'e6776829-8794-44bd-8849-98918f4adc3e', 'name': 'tempest-InstanceActionsNegativeTestJSON-1668532877-network', 'tenant_id': '1bfc534a2cff4454896943d9f15eb029', 'project_id': '1bfc534a2cff4454896943d9f15eb029', 'admin_state_up': True, 'mtu': 8950, 'status': 'ACTIVE', 'subnets': [], 'shared': False, 'port_security_enabled': True, 'router:external': False, 'provider:network_type': 'vlan', 'provider:physical_network': 'default', 'provider:segmentation_id': 890, 'availability_zone_hints': [], 'availability_zones': [], 'ipv4_address_scope': None, 'ipv6_address_scope': None, 'description': '', 'tags': [], 'created_at': '2025-11-21T23:35:42Z', 'updated_at': '2025-11-21T23:35:42Z', 'revision_number': 1}, Subnet: {'id': 'b21b07f6-d0c4-4e56-a3f5-7cf91a443a11', 'name': 'tempest-InstanceActionsNegativeTestJSON-1668532877-subnet', 'tenant_id': '1bfc534a2cff4454896943d9f15eb029', 'network_id': 'e6776829-8794-44bd-8849-98918f4adc3e', 'ip_version': 4, 'subnetpool_id': None, 'enable_dhcp': True, 'ipv6_ra_mode': None, 'ipv6_address_mode': None, 'gateway_ip': '192.168.128.1', 'cidr': '192.168.128.0/28', 'allocation_pools': [{'start': '192.168.128.2', 'end': '192.168.128.14'}], 'host_routes': [], 'dns_nameservers': [], 'description': '', 'router:external': False, 'service_types': [], 'tags': [], 'created_at': '2025-11-21T23:35:42Z', 'updated_at': '2025-11-21T23:35:42Z', 'revision_number': 0, 'project_id': '1bfc534a2cff4454896943d9f15eb029'}, Router: {'id': '36941767-27c5-4dad-a1b9-e322785a3ad5', 'name': 'tempest-InstanceActionsNegativeTestJSON-1668532877-router', 'tenant_id': '1bfc534a2cff4454896943d9f15eb029', 'admin_state_up': True, 'status': 'ACTIVE', 'external_gateway_info': {'network_id': '7dc5aad0-497d-4e52-9cf3-47e3bf2ca605', 'external_fixed_ips': [{'subnet_id': '2ed1673a-2ed1-42c7-ad25-2920bde6e9f5', 'ip_address': '10.180.180.195'}], 'enable_snat': True}, 'description': '', 'availability_zones': [], 'distributed': False, 'ha': False, 'availability_zone_hints': [], 'routes': [], 'flavor_id': None, 'tags': [], 'created_at': '2025-11-21T23:35:43Z', 'updated_at': '2025-11-21T23:35:43Z', 'revision_number': 2, 'project_id': '1bfc534a2cff4454896943d9f15eb029'}
2025-11-21 23:35:45.271 66393 INFO tempest.lib.common.rest_client [req-2da410ef-077f-429a-8c6b-d8ff7de75a68 req-2da410ef-077f-429a-8c6b-d8ff7de75a68 ] Request (ServersAdminTestJSON:test_rebuild_server_in_error_state): 200 GET http://10.180.1.21/compute/v2.1/servers/6d379cf6-ade0-43fd-974a-bb2a48e9f329 3.373s
2025-11-21 23:35:45.280 66393 INFO tempest.common.waiters [-] State transition "REBUILD/rebuilding" ==> "REBUILD/rebuild_spawning" after 5 second wait
2025-11-21 23:35:45.338 66403 INFO tempest.lib.common.rest_client [req-d1fc3a41-36e7-42e9-b4c9-7be0fce414fd req-d1fc3a41-36e7-42e9-b4c9-7be0fce414fd ] Request (DeleteServersTestJSON:test_delete_active_server): 200 GET http://10.180.1.21/compute/v2.1/servers/1434dd3e-1033-40db-9132-0a0577a6c0b5 3.290s
2025-11-21 23:35:45.363 66381 INFO tempest.lib.common.rest_client [req-928f6eac-02e1-420d-a559-c0b2cba5fbc1 req-928f6eac-02e1-420d-a559-c0b2cba5fbc1 ] Request (InstanceActionsNegativeTestJSON:setUpClass): 201 POST http://10.180.1.21/identity/v3/auth/tokens 0.134s
2025-11-21 23:35:45.416 66381 INFO tempest.lib.common.rest_client [req-bf84aac0-2b5c-4798-a209-c2449aec64fd req-bf84aac0-2b5c-4798-a209-c2449aec64fd ] Request (InstanceActionsNegativeTestJSON:setUpClass): 201 POST http://10.180.1.21/identity/v3/auth/tokens 0.049s
2025-11-21 23:35:45.416 66381 INFO tempest.lib.common.fixed_network [-] (InstanceActionsNegativeTestJSON:setUpClass) Found network {'id': 'e6776829-8794-44bd-8849-98918f4adc3e', 'name': 'tempest-InstanceActionsNegativeTestJSON-1668532877-network', 'tenant_id': '1bfc534a2cff4454896943d9f15eb029', 'project_id': '1bfc534a2cff4454896943d9f15eb029', 'admin_state_up': True, 'mtu': 8950, 'status': 'ACTIVE', 'subnets': [], 'shared': False, 'port_security_enabled': True, 'router:external': False, 'provider:network_type': 'vlan', 'provider:physical_network': 'default', 'provider:segmentation_id': 890, 'availability_zone_hints': [], 'availability_zones': [], 'ipv4_address_scope': None, 'ipv6_address_scope': None, 'description': '', 'tags': [], 'created_at': '2025-11-21T23:35:42Z', 'updated_at': '2025-11-21T23:35:42Z', 'revision_number': 1} available for tenant
2025-11-21 23:35:45.488 66387 WARNING tempest.lib.common.ssh [-] Failed to establish authenticated ssh connection to cirros@10.180.180.217 ([Errno None] Unable to connect to port 22 on 10.180.180.217). Number attempts: 2. Retry after 3 seconds.: paramiko.ssh_exception.NoValidConnectionsError: [Errno None] Unable to connect to port 22 on 10.180.180.217
2025-11-21 23:35:45.529 66419 INFO tempest.lib.common.rest_client [req-a6b1e29c-6883-4a47-a1bc-e09f4eb49818 req-a6b1e29c-6883-4a47-a1bc-e09f4eb49818 ] Request (ServerTagsTestJSON:setUpClass): 201 POST http://10.180.1.21/networking/v2.0/subnets 0.588s
2025-11-21 23:35:45.570 66427 INFO tempest.lib.common.rest_client [req-ab8c66ef-def3-4bbd-a5ea-1d377bb26aed req-ab8c66ef-def3-4bbd-a5ea-1d377bb26aed ] Request (MultipleCreateTestJSON:tearDownClass): 200 GET http://10.180.1.21/compute/v2.1/servers/848d6835-5500-4295-8259-c562bf2ab3fa 3.276s
2025-11-21 23:35:46.434 66419 INFO tempest.lib.common.rest_client [req-c51257f9-85f6-412d-aeac-53ad733f4e7c req-c51257f9-85f6-412d-aeac-53ad733f4e7c ] Request (ServerTagsTestJSON:setUpClass): 201 POST http://10.180.1.21/networking/v2.0/routers 0.904s
2025-11-21 23:35:46.505 66391 INFO tempest.lib.common.rest_client [req-3105f5b7-7fa5-4ace-8335-ffcb8029f78b req-3105f5b7-7fa5-4ace-8335-ffcb8029f78b ] Request (ServerRescueTestJSON:test_rescue_unrescue_instance): 200 GET http://10.180.1.21/compute/v2.1/servers/146e205d-b71d-44a7-9159-c1fcd038135f 4.028s
2025-11-21 23:35:46.549 66397 INFO tempest.lib.common.rest_client [req-83839643-7cb0-4e56-8492-7e6154341e6c req-83839643-7cb0-4e56-8492-7e6154341e6c ] Request (ImagesOneServerTestJSON:test_create_delete_image): 200 GET http://10.180.1.21/compute/v2.1/images/e9ab7dee-e4bd-42d1-9ac3-a32bb0a5246c 3.984s
2025-11-21 23:35:46.730 66371 INFO tempest.lib.common.rest_client [req-436200a4-83aa-4ecd-bdb0-fc1d40c2decc req-436200a4-83aa-4ecd-bdb0-fc1d40c2decc ] Request (ServersTestBootFromVolume:setUpClass): 200 GET http://10.180.1.21/compute/v2.1/servers/2bd8f11d-7971-40b6-8b81-0b4725654a76 4.211s
2025-11-21 23:35:46.743 66371 INFO tempest.common.waiters [-] State transition "BUILD/None" ==> "BUILD/block_device_mapping" after 51 second wait
2025-11-21 23:35:46.749 66415 INFO tempest.lib.common.rest_client [req-cb1669a3-cb03-4b46-9db2-5c30ff6af721 req-cb1669a3-cb03-4b46-9db2-5c30ff6af721 ] Request (ServerMetadataNegativeTestJSON:tearDownClass): 200 GET http://10.180.1.21/compute/v2.1/servers/5d2f2ce1-acb3-43d5-8822-ad3d517d0373 4.104s
2025-11-21 23:35:46.844 66385 INFO tempest.lib.common.rest_client [req-7a2c5a63-611e-4cc4-b655-b97eb23dd404 req-7a2c5a63-611e-4cc4-b655-b97eb23dd404 ] Request (ServersTestJSON:test_create_server_specify_multibyte_character_name): 200 GET http://10.180.1.21/compute/v2.1/servers/b6bdb81a-d29f-41df-882e-f8d5f1923960 3.925s
2025-11-21 23:35:46.885 66379 INFO tempest.lib.common.rest_client [req-67b7085d-f1f4-48fe-8956-b84659b96f73 req-67b7085d-f1f4-48fe-8956-b84659b96f73 ] Request (ServerExternalEventsTest:tearDownClass): 200 GET http://10.180.1.21/compute/v2.1/servers/41be40ac-1127-4773-bc63-bd4f272ba352 3.892s
2025-11-21 23:35:47.010 66375 INFO tempest.lib.common.rest_client [req-f5ba15c5-60b2-4be6-b5a8-0483cdb1fb3e req-f5ba15c5-60b2-4be6-b5a8-0483cdb1fb3e ] Request (ServersNegativeTestJSON:setUpClass): 200 GET http://10.180.1.21/compute/v2.1/servers/23d2886e-5671-44ca-b765-9cd0082c124f 3.781s
2025-11-21 23:35:47.193 66411 INFO tempest.lib.common.rest_client [req-6e0e273a-08c0-4b5a-8a31-b02ef2906f5f req-6e0e273a-08c0-4b5a-8a31-b02ef2906f5f ] Request (TenantUsagesTestJSON:setUpClass): 200 GET http://10.180.1.21/compute/v2.1/servers/b4c4e064-c752-4f70-96d7-ebfe7357892f 3.481s
2025-11-21 23:35:47.310 66413 INFO tempest.lib.common.rest_client [req-3feb7169-a5fd-4467-a4f2-b65b263a33c6 req-3feb7169-a5fd-4467-a4f2-b65b263a33c6 ] Request (ServersAdminNegativeTestJSON:tearDownClass): 204 DELETE http://10.180.1.21/compute/v2.1/servers/ecf9b85f-ecf9-4674-804c-d90387238be3 3.285s
2025-11-21 23:35:47.351 66407 INFO tempest.lib.common.rest_client [req-e4d14317-0e5b-46a6-af51-d8c60c697ff1 req-e4d14317-0e5b-46a6-af51-d8c60c697ff1 ] Request (ImagesMetadataTestJSON:setUp): 200 PUT http://10.180.1.21/compute/v2.1/images/4366f787-04fb-4f16-83d4-8ea9db852090/metadata 3.519s
2025-11-21 23:35:47.369 66365 INFO tempest.lib.common.rest_client [req-f7d83a86-868d-43b9-bc91-c2be4faf5e52 req-f7d83a86-868d-43b9-bc91-c2be4faf5e52 ] Request (ImagesOneServerNegativeTestJSON:_run_cleanups): 200 POST http://10.180.1.21/compute/v2.1/os-keypairs 3.201s
2025-11-21 23:35:47.385 66399 INFO tempest.lib.common.rest_client [req-ad69341c-1e00-443a-82c7-d51c0e466f00 req-ad69341c-1e00-443a-82c7-d51c0e466f00 ] Request (ServersTestJSON:tearDownClass): 202 DELETE http://10.180.1.21/compute/v2.1/os-keypairs/tempest-keypair-17899201 3.199s
2025-11-21 23:35:47.726 66419 INFO tempest.lib.common.rest_client [req-37632851-fe89-4596-9b1f-656924508b51 req-37632851-fe89-4596-9b1f-656924508b51 ] Request (ServerTagsTestJSON:setUpClass): 200 PUT http://10.180.1.21/networking/v2.0/routers/076b37b6-d429-4f6b-ad23-6f0f3cae7efa/add_router_interface 1.291s
2025-11-21 23:35:47.726 66419 INFO tempest.lib.common.dynamic_creds [-] Created isolated network resources for: credentials: Credentials: {'domain_id': 'default', 'domain_name': 'Default', 'username': 'tempest-ServerTagsTestJSON-228803551-project-member', 'project_domain_id': 'default', 'project_domain_name': 'Default', 'project_id': '40af599c03c44f6aa081738675d7724c', 'project_name': 'tempest-ServerTagsTestJSON-228803551', 'tenant_id': '40af599c03c44f6aa081738675d7724c', 'tenant_name': 'tempest-ServerTagsTestJSON-228803551', 'user_domain_id': 'default', 'user_domain_name': 'Default', 'user_id': '965b85029aa84048bf585cc07848347f', 'system': None}, Network: {'id': 'cd3f1eae-354b-4664-9b04-8633850125a8', 'name': 'tempest-ServerTagsTestJSON-507690757-network', 'tenant_id': '40af599c03c44f6aa081738675d7724c', 'project_id': '40af599c03c44f6aa081738675d7724c', 'admin_state_up': True, 'mtu': 8950, 'status': 'ACTIVE', 'subnets': [], 'shared': False, 'port_security_enabled': True, 'router:external': False, 'provider:network_type': 'vlan', 'provider:physical_network': 'default', 'provider:segmentation_id': 725, 'availability_zone_hints': [], 'availability_zones': [], 'ipv4_address_scope': None, 'ipv6_address_scope': None, 'description': '', 'tags': [], 'created_at': '2025-11-21T23:35:44Z', 'updated_at': '2025-11-21T23:35:44Z', 'revision_number': 1}, Subnet: {'id': '0739b40f-1d0a-4749-907c-40bc9bc733e3', 'name': 'tempest-ServerTagsTestJSON-507690757-subnet', 'tenant_id': '40af599c03c44f6aa081738675d7724c', 'network_id': 'cd3f1eae-354b-4664-9b04-8633850125a8', 'ip_version': 4, 'subnetpool_id': None, 'enable_dhcp': True, 'ipv6_ra_mode': None, 'ipv6_address_mode': None, 'gateway_ip': '192.168.128.1', 'cidr': '192.168.128.0/28', 'allocation_pools': [{'start': '192.168.128.2', 'end': '192.168.128.14'}], 'host_routes': [], 'dns_nameservers': [], 'description': '', 'router:external': False, 'service_types': [], 'tags': [], 'created_at': '2025-11-21T23:35:45Z', 'updated_at': '2025-11-21T23:35:45Z', 'revision_number': 0, 'project_id': '40af599c03c44f6aa081738675d7724c'}, Router: {'id': '076b37b6-d429-4f6b-ad23-6f0f3cae7efa', 'name': 'tempest-ServerTagsTestJSON-507690757-router', 'tenant_id': '40af599c03c44f6aa081738675d7724c', 'admin_state_up': True, 'status': 'ACTIVE', 'external_gateway_info': {'network_id': '7dc5aad0-497d-4e52-9cf3-47e3bf2ca605', 'external_fixed_ips': [{'subnet_id': '2ed1673a-2ed1-42c7-ad25-2920bde6e9f5', 'ip_address': '10.180.180.129'}], 'enable_snat': True}, 'description': '', 'availability_zones': [], 'distributed': False, 'ha': False, 'availability_zone_hints': [], 'routes': [], 'flavor_id': None, 'tags': [], 'created_at': '2025-11-21T23:35:45Z', 'updated_at': '2025-11-21T23:35:46Z', 'revision_number': 2, 'project_id': '40af599c03c44f6aa081738675d7724c'}
2025-11-21 23:35:47.760 66365 INFO tempest.lib.common.rest_client [req-afb39a6e-6a95-4ac1-af7d-afd2d41a6f1c req-afb39a6e-6a95-4ac1-af7d-afd2d41a6f1c ] Request (ImagesOneServerNegativeTestJSON:_run_cleanups): 201 POST http://10.180.1.21/networking/v2.0/security-groups 0.389s
2025-11-21 23:35:47.828 66377 INFO tempest.lib.common.rest_client [req-bc441493-b917-4cce-912e-0e181da58c99 req-bc441493-b917-4cce-912e-0e181da58c99 ] Request (VolumesAdminNegativeTest:test_update_attached_volume_with_nonexistent_volume_in_uri): 200 GET http://10.180.1.21/compute/v2.1/servers/42e24b39-e90d-4c70-b5ed-f93febf119af 3.521s
2025-11-21 23:35:47.852 66399 INFO tempest.lib.common.rest_client [req-58004a71-440d-4fa7-a8b1-ad87805b361c req-58004a71-440d-4fa7-a8b1-ad87805b361c ] Request (ServersTestJSON:tearDownClass): 204 DELETE http://10.180.1.21/networking/v2.0/security-groups/b3a1a569-687e-4b0b-96c9-6d2cd5c1dc00 0.466s
2025-11-21 23:35:47.857 66419 INFO tempest.lib.common.rest_client [req-51af1deb-0a06-45ab-9c31-d624bf96b413 req-51af1deb-0a06-45ab-9c31-d624bf96b413 ] Request (ServerTagsTestJSON:setUpClass): 201 POST http://10.180.1.21/identity/v3/auth/tokens 0.122s
2025-11-21 23:35:47.894 66419 INFO tempest.lib.common.rest_client [req-063b95ff-f06d-4e14-94df-02bad854b762 req-063b95ff-f06d-4e14-94df-02bad854b762 ] Request (ServerTagsTestJSON:setUpClass): 201 POST http://10.180.1.21/identity/v3/auth/tokens 0.034s
2025-11-21 23:35:47.895 66419 INFO tempest.lib.common.fixed_network [-] (ServerTagsTestJSON:setUpClass) Found network {'id': 'cd3f1eae-354b-4664-9b04-8633850125a8', 'name': 'tempest-ServerTagsTestJSON-507690757-network', 'tenant_id': '40af599c03c44f6aa081738675d7724c', 'project_id': '40af599c03c44f6aa081738675d7724c', 'admin_state_up': True, 'mtu': 8950, 'status': 'ACTIVE', 'subnets': [], 'shared': False, 'port_security_enabled': True, 'router:external': False, 'provider:network_type': 'vlan', 'provider:physical_network': 'default', 'provider:segmentation_id': 725, 'availability_zone_hints': [], 'availability_zones': [], 'ipv4_address_scope': None, 'ipv6_address_scope': None, 'description': '', 'tags': [], 'created_at': '2025-11-21T23:35:44Z', 'updated_at': '2025-11-21T23:35:44Z', 'revision_number': 1} available for tenant
2025-11-21 23:35:48.033 66365 INFO tempest.lib.common.rest_client [req-a759bf60-81e3-403d-a613-e2d0a065eb2d req-a759bf60-81e3-403d-a613-e2d0a065eb2d ] Request (ImagesOneServerNegativeTestJSON:_run_cleanups): 201 POST http://10.180.1.21/networking/v2.0/security-group-rules 0.273s
2025-11-21 23:35:48.084 66367 INFO tempest.lib.common.rest_client [req-cba434da-bbe4-4ce7-9ba7-49a1499fe940 req-cba434da-bbe4-4ce7-9ba7-49a1499fe940 ] Request (MigrationsAdminTest:test_list_migrations_in_flavor_resize_situation): 200 GET http://10.180.1.21/compute/v2.1/servers/b4ed6a82-7fe9-48a6-83e2-3aba0ae58088 3.785s
2025-11-21 23:35:48.092 66399 INFO tempest.lib.common.rest_client [req-5e2eece7-316e-400e-9601-cfd4bd57485f req-5e2eece7-316e-400e-9601-cfd4bd57485f ] Request (ServersTestJSON:tearDownClass): 404 GET http://10.180.1.21/networking/v2.0/security-groups/b3a1a569-687e-4b0b-96c9-6d2cd5c1dc00 0.240s
2025-11-21 23:35:48.385 66365 INFO tempest.lib.common.rest_client [req-aa27ea6e-d92b-4626-978e-73c077f22436 req-aa27ea6e-d92b-4626-978e-73c077f22436 ] Request (ImagesOneServerNegativeTestJSON:_run_cleanups): 201 POST http://10.180.1.21/networking/v2.0/security-group-rules 0.351s
2025-11-21 23:35:48.635 66399 INFO tempest.lib.common.rest_client [req-8a6169bc-6cc5-4d15-9294-eb93a9321472 req-8a6169bc-6cc5-4d15-9294-eb93a9321472 ] Request (ServersTestJSON:tearDownClass): 204 DELETE http://10.180.1.21/networking/v2.0/floatingips/212c7708-b0d2-499c-8da7-c6f74420e88c 0.542s
2025-11-21 23:35:48.660 66401 INFO tempest.lib.common.rest_client [req-af8850d0-2ea1-49c2-ad14-de674d5186de req-af8850d0-2ea1-49c2-ad14-de674d5186de ] Request (FloatingIPsAssociationTestJSON:tearDownClass): 200 GET http://10.180.1.21/compute/v2.1/servers/c8edfd83-a2f8-4708-af16-1d1a63059a62 3.857s
2025-11-21 23:35:48.687 66423 INFO tempest.lib.common.rest_client [req-dc39ef37-821c-4d9f-95ca-19b02de38a38 req-dc39ef37-821c-4d9f-95ca-19b02de38a38 ] Request (AttachInterfacesTestJSON:test_create_list_show_delete_interfaces_by_fixed_ip): 200 GET http://10.180.1.21/compute/v2.1/servers/23384830-f56c-4e79-ae50-bd66c714b662 3.910s
2025-11-21 23:35:48.696 66423 INFO tempest.common.waiters [-] State transition "BUILD/None" ==> "BUILD/block_device_mapping" after 52 second wait
2025-11-21 23:35:49.137 66373 WARNING tempest.lib.common.ssh [-] Failed to establish authenticated ssh connection to cirros@10.180.180.177 ([Errno None] Unable to connect to port 22 on 10.180.180.177). Number attempts: 11. Retry after 12 seconds.: paramiko.ssh_exception.NoValidConnectionsError: [Errno None] Unable to connect to port 22 on 10.180.180.177
2025-11-21 23:35:49.260 66365 INFO tempest.lib.common.rest_client [req-d3a9eabe-5bf4-44d4-a639-598c468cb889 req-d3a9eabe-5bf4-44d4-a639-598c468cb889 ] Request (ImagesOneServerNegativeTestJSON:_run_cleanups): 201 POST http://10.180.1.21/networking/v2.0/floatingips 0.875s
2025-11-21 23:35:49.345 66365 INFO tempest.lib.common.rest_client [req-0a3cf179-14db-4620-8bc2-b013370767ba req-0a3cf179-14db-4620-8bc2-b013370767ba ] Request (ImagesOneServerNegativeTestJSON:_run_cleanups): 201 POST http://10.180.1.21/identity/v3/auth/tokens 0.078s
2025-11-21 23:35:49.345 66365 INFO tempest.lib.common.fixed_network [-] (ImagesOneServerNegativeTestJSON:_run_cleanups) Found network {'id': '1cd65caa-3bf3-46a1-857e-f83dcfa84020', 'name': 'tempest-ImagesOneServerNegativeTestJSON-599828861-network', 'tenant_id': '2173eaa112cc49fc8281f0bb7cd484a7', 'project_id': '2173eaa112cc49fc8281f0bb7cd484a7', 'admin_state_up': True, 'mtu': 8950, 'status': 'ACTIVE', 'subnets': [], 'shared': False, 'port_security_enabled': True, 'router:external': False, 'provider:network_type': 'vlan', 'provider:physical_network': 'default', 'provider:segmentation_id': 465, 'availability_zone_hints': [], 'availability_zones': [], 'ipv4_address_scope': None, 'ipv6_address_scope': None, 'description': '', 'tags': [], 'created_at': '2025-11-21T23:33:55Z', 'updated_at': '2025-11-21T23:33:55Z', 'revision_number': 1} available for tenant
2025-11-21 23:35:49.547 66405 INFO tempest.lib.common.rest_client [req-ae7688c4-76b4-42c7-88e9-3243d0285987 req-ae7688c4-76b4-42c7-88e9-3243d0285987 ] Request (ServersWithSpecificFlavorTestJSON:test_verify_created_server_ephemeral_disk): 200 GET http://10.180.1.21/compute/v2.1/servers/18de643f-6a87-4ef3-852c-552d69ab81fb 4.552s
2025-11-21 23:35:49.564 66369 INFO tempest.lib.common.rest_client [req-07fd1393-d802-46f2-b741-746c0d0bdb7c req-07fd1393-d802-46f2-b741-746c0d0bdb7c ] Request (FloatingIPsAssociationNegativeTestJSON:tearDownClass): 200 GET http://10.180.1.21/compute/v2.1/servers/011de074-0049-4a2d-adbe-89a3952b03ac 4.548s
2025-11-21 23:35:49.688 66421 INFO tempest.lib.common.rest_client [req-1f19f20b-169e-4f42-9563-061efe75dbd6 req-1f19f20b-169e-4f42-9563-061efe75dbd6 ] Request (ServerRescueNegativeTestJSON:setUpClass): 200 GET http://10.180.1.21/compute/v2.1/servers/096b7c36-f694-4188-950b-cc39c513fd04 4.551s
2025-11-21 23:35:49.697 66421 INFO tempest.common.waiters [-] State transition "BUILD/None" ==> "BUILD/networking" after 51 second wait
2025-11-21 23:35:50.033 66399 INFO tempest.lib.common.rest_client [req-fe8ce874-b248-490c-8965-538ee9f825ed req-fe8ce874-b248-490c-8965-538ee9f825ed ] Request (ServersTestJSON:tearDownClass): 200 PUT http://10.180.1.21/networking/v2.0/routers/cca7c061-d147-4f00-94f8-b17e7bea6de1/remove_router_interface 1.398s
2025-11-21 23:35:50.044 66389 INFO tempest.lib.common.rest_client [req-b84d5ee7-1613-4c72-8215-5960d8af7b97 req-b84d5ee7-1613-4c72-8215-5960d8af7b97 ] Request (ImagesTestJSON:test_create_image_from_suspended_server): 200 GET http://10.180.1.21/compute/v2.1/servers/b7161a06-ca0d-4456-8890-2dfd326061f9 4.878s
2025-11-21 23:35:50.056 66389 INFO tempest.common.waiters [-] State transition "BUILD/scheduling" ==> "BUILD/None" after 17 second wait
2025-11-21 23:35:50.075 66417 INFO tempest.lib.common.rest_client [req-ab65851b-570e-4bb5-8a24-d7b943297c89 req-ab65851b-570e-4bb5-8a24-d7b943297c89 ] Request (ServerAddressesNegativeTestJSON:tearDownClass): 404 GET http://10.180.1.21/compute/v2.1/servers/2dfdd810-3d67-4cdd-8d6c-15371cc135d9 4.371s
2025-11-21 23:35:50.731 66399 INFO tempest.lib.common.rest_client [req-d1ada2cd-53a6-4f45-9f4d-579f2c30196d req-d1ada2cd-53a6-4f45-9f4d-579f2c30196d ] Request (ServersTestJSON:tearDownClass): 204 DELETE http://10.180.1.21/networking/v2.0/routers/cca7c061-d147-4f00-94f8-b17e7bea6de1 0.698s
2025-11-21 23:35:51.914 66417 INFO tempest.lib.common.rest_client [req-f0af43e3-6422-4fb6-aa39-89901da4eb74 req-f0af43e3-6422-4fb6-aa39-89901da4eb74 ] Request (ServerAddressesNegativeTestJSON:tearDownClass): 200 PUT http://10.180.1.21/networking/v2.0/routers/9070d051-b697-4ef6-a14b-f6825dd2d410/remove_router_interface 1.838s
2025-11-21 23:35:52.008 66393 INFO tempest.lib.common.rest_client [req-291e4a65-b74f-403c-a8ac-90f55356d303 req-291e4a65-b74f-403c-a8ac-90f55356d303 ] Request (ServersAdminTestJSON:test_rebuild_server_in_error_state): 200 GET http://10.180.1.21/compute/v2.1/servers/6d379cf6-ade0-43fd-974a-bb2a48e9f329 5.727s
2025-11-21 23:35:52.021 66393 INFO tempest.common.waiters [-] State transition "REBUILD/rebuild_spawning" ==> "ACTIVE/None" after 12 second wait
2025-11-21 23:35:52.081 66387 WARNING tempest.lib.common.ssh [-] Failed to establish authenticated ssh connection to cirros@10.180.180.217 ([Errno None] Unable to connect to port 22 on 10.180.180.217). Number attempts: 3. Retry after 4 seconds.: paramiko.ssh_exception.NoValidConnectionsError: [Errno None] Unable to connect to port 22 on 10.180.180.217
2025-11-21 23:35:52.154 66399 INFO tempest.lib.common.rest_client [req-19de6726-4244-45fe-aeab-2500785a3cb6 req-19de6726-4244-45fe-aeab-2500785a3cb6 ] Request (ServersTestJSON:tearDownClass): 204 DELETE http://10.180.1.21/networking/v2.0/subnets/853fac2e-ccaa-4d25-9a61-f0ef3d37f5c8 1.422s
2025-11-21 23:35:52.237 66403 INFO tempest.lib.common.rest_client [req-634bb743-236d-45fe-bca6-bf2f11e5ce54 req-634bb743-236d-45fe-bca6-bf2f11e5ce54 ] Request (DeleteServersTestJSON:test_delete_active_server): 200 GET http://10.180.1.21/compute/v2.1/servers/1434dd3e-1033-40db-9132-0a0577a6c0b5 5.885s
2025-11-21 23:35:52.633 66417 INFO tempest.lib.common.rest_client [req-701b6ab8-e710-43e5-a2a5-ecc575d08bd7 req-701b6ab8-e710-43e5-a2a5-ecc575d08bd7 ] Request (ServerAddressesNegativeTestJSON:tearDownClass): 204 DELETE http://10.180.1.21/networking/v2.0/routers/9070d051-b697-4ef6-a14b-f6825dd2d410 0.719s
2025-11-21 23:35:52.638 66399 INFO tempest.lib.common.rest_client [req-77669061-78da-473d-8213-c8554df342c5 req-77669061-78da-473d-8213-c8554df342c5 ] Request (ServersTestJSON:tearDownClass): 204 DELETE http://10.180.1.21/networking/v2.0/networks/f8d5d5cb-9f37-4648-922f-765802a84881 0.484s
2025-11-21 23:35:52.780 66427 INFO tempest.lib.common.rest_client [req-d1879b6d-41ea-415d-ad80-041f97dde330 req-d1879b6d-41ea-415d-ad80-041f97dde330 ] Request (MultipleCreateTestJSON:tearDownClass): 200 GET http://10.180.1.21/compute/v2.1/servers/848d6835-5500-4295-8259-c562bf2ab3fa 6.200s
2025-11-21 23:35:52.791 66399 INFO tempest.lib.common.rest_client [req-6acdc421-26ee-43df-9396-28cd4a135c96 req-6acdc421-26ee-43df-9396-28cd4a135c96 ] Request (ServersTestJSON:tearDownClass): 204 DELETE http://10.180.1.21/identity/v3/users/85467ca41d194aa7add417aff3326f82 0.152s
2025-11-21 23:35:52.791 66399 INFO tempest.lib.common.dynamic_creds [-] Deleting project and security group for project: 31664225fac5480092d271bf3302c94f
2025-11-21 23:35:52.840 66381 INFO tempest.lib.common.rest_client [req-fadcb5a4-bc7c-4608-bf0b-b35da9ac3e98 req-fadcb5a4-bc7c-4608-bf0b-b35da9ac3e98 ] Request (InstanceActionsNegativeTestJSON:setUpClass): 202 POST http://10.180.1.21/compute/v2.1/servers 7.423s
2025-11-21 23:35:52.917 66417 INFO tempest.lib.common.rest_client [req-37f3b85e-913e-4580-ae7c-c2a7c7a479dd req-37f3b85e-913e-4580-ae7c-c2a7c7a479dd ] Request (ServerAddressesNegativeTestJSON:tearDownClass): 204 DELETE http://10.180.1.21/networking/v2.0/subnets/6b8dd594-53a7-468c-a094-371537eb2985 0.283s
2025-11-21 23:35:52.994 66399 INFO tempest.lib.common.rest_client [req-ad7c9cd7-a4da-4352-80a8-0f85e5b0d25c req-ad7c9cd7-a4da-4352-80a8-0f85e5b0d25c ] Request (ServersTestJSON:tearDownClass): 200 GET http://10.180.1.21/networking/v2.0/security-groups?tenant_id=31664225fac5480092d271bf3302c94f&name=default 0.202s
2025-11-21 23:35:53.055 66407 INFO tempest.lib.common.rest_client [req-0b651566-98eb-46bb-a696-b5d8897a8e17 req-0b651566-98eb-46bb-a696-b5d8897a8e17 ] Request (ImagesMetadataTestJSON:test_delete_image_metadata_item): 204 DELETE http://10.180.1.21/compute/v2.1/images/4366f787-04fb-4f16-83d4-8ea9db852090/metadata/os_version 5.703s
2025-11-21 23:35:53.071 66413 INFO tempest.lib.common.rest_client [req-4e1d25c3-1644-4b16-bdb4-ceb65a9251c0 req-4e1d25c3-1644-4b16-bdb4-ceb65a9251c0 ] Request (ServersAdminNegativeTestJSON:tearDownClass): 200 GET http://10.180.1.21/compute/v2.1/servers/ecf9b85f-ecf9-4674-804c-d90387238be3 5.761s
2025-11-21 23:35:53.145 66397 INFO tempest.lib.common.rest_client [req-93fcce71-6c42-4160-adb4-d74143f20c0e req-93fcce71-6c42-4160-adb4-d74143f20c0e ] Request (ImagesOneServerTestJSON:test_create_delete_image): 200 GET http://10.180.1.21/compute/v2.1/images/e9ab7dee-e4bd-42d1-9ac3-a32bb0a5246c 5.591s
2025-11-21 23:35:53.221 66409 WARNING tempest.lib.common.ssh [-] Failed to establish authenticated ssh connection to cirros@10.180.180.219 ([Errno None] Unable to connect to port 22 on 10.180.180.219). Number attempts: 11. Retry after 12 seconds.: paramiko.ssh_exception.NoValidConnectionsError: [Errno None] Unable to connect to port 22 on 10.180.180.219
2025-11-21 23:35:53.262 66399 INFO tempest.lib.common.rest_client [req-4d082938-c7f7-4212-ab0c-44882c0d70c7 req-4d082938-c7f7-4212-ab0c-44882c0d70c7 ] Request (ServersTestJSON:tearDownClass): 204 DELETE http://10.180.1.21/networking/v2.0/security-groups/7717a1ec-f8dc-4f37-9b53-b0b5097185a9 0.268s
2025-11-21 23:35:53.390 66399 INFO tempest.lib.common.rest_client [req-9b70d49a-47ce-4003-a6d6-0411a8f2970d req-9b70d49a-47ce-4003-a6d6-0411a8f2970d ] Request (ServersTestJSON:tearDownClass): 204 DELETE http://10.180.1.21/identity/v3/projects/31664225fac5480092d271bf3302c94f 0.128s
2025-11-21 23:35:53.400 66417 INFO tempest.lib.common.rest_client [req-e2208e72-a639-46b7-b799-2a464dd1d020 req-e2208e72-a639-46b7-b799-2a464dd1d020 ] Request (ServerAddressesNegativeTestJSON:tearDownClass): 204 DELETE http://10.180.1.21/networking/v2.0/networks/cd7b2d32-3fb0-45e8-a113-4fd02f890bbe 0.482s
2025-11-21 23:35:53.501 66399 INFO tempest.lib.common.rest_client [req-d9625718-b338-4c54-992a-a1153ca0c4b4 req-d9625718-b338-4c54-992a-a1153ca0c4b4 ] Request (ServerShowV257Test:setUpClass): 201 POST http://10.180.1.21/identity/v3/auth/tokens 0.109s
2025-11-21 23:35:53.577 66417 INFO tempest.lib.common.rest_client [req-2a91371e-f60d-4309-a44c-4cf45f6f2fdf req-2a91371e-f60d-4309-a44c-4cf45f6f2fdf ] Request (ServerAddressesNegativeTestJSON:tearDownClass): 204 DELETE http://10.180.1.21/identity/v3/users/b793d1c469b64f8fa9d90db150e12305 0.176s
2025-11-21 23:35:53.577 66417 INFO tempest.lib.common.dynamic_creds [-] Deleting project and security group for project: 9ae763fa4b91470e91b319245e70dc15
2025-11-21 23:35:53.593 66399 INFO tempest.lib.common.rest_client [req-a0484f58-7f25-406a-ac6b-df0bcd5a62e1 req-a0484f58-7f25-406a-ac6b-df0bcd5a62e1 ] Request (ServerShowV257Test:setUpClass): 201 POST http://10.180.1.21/identity/v3/auth/tokens 0.087s
2025-11-21 23:35:53.654 66399 INFO tempest.lib.common.rest_client [req-e5d1e3d6-bc76-4e03-b4b1-392219244e35 req-e5d1e3d6-bc76-4e03-b4b1-392219244e35 ] Request (ServerShowV257Test:setUpClass): 200 GET http://10.180.1.21/identity/v3/domains?name=Default 0.061s
2025-11-21 23:35:53.682 66399 INFO tempest.lib.common.rest_client [req-b4218e2b-119f-445c-84e0-8a8fb0c5687e req-b4218e2b-119f-445c-84e0-8a8fb0c5687e ] Request (ServerShowV257Test:setUpClass): 201 POST http://10.180.1.21/identity/v3/projects 0.027s
2025-11-21 23:35:53.742 66399 INFO tempest.lib.common.rest_client [req-6b814b68-d35a-4597-b944-b20c2f601aba req-6b814b68-d35a-4597-b944-b20c2f601aba ] Request (ServerShowV257Test:setUpClass): 201 POST http://10.180.1.21/identity/v3/users 0.059s
2025-11-21 23:35:53.763 66399 INFO tempest.lib.common.rest_client [req-15b92d68-a136-4457-8e4a-748f678c49a0 req-15b92d68-a136-4457-8e4a-748f678c49a0 ] Request (ServerShowV257Test:setUpClass): 200 GET http://10.180.1.21/identity/v3/roles 0.021s
2025-11-21 23:35:53.791 66399 INFO tempest.lib.common.rest_client [req-2b14aed2-bc88-4afb-9812-d2740f826c80 req-2b14aed2-bc88-4afb-9812-d2740f826c80 ] Request (ServerShowV257Test:setUpClass): 204 PUT http://10.180.1.21/identity/v3/projects/5ae4de6e583a448db5cdc33f0572d61d/users/d92a070cdbdb408ebb97674b2a9b212c/roles/dcbede15cb6744c4b05561776f5aa16a 0.027s
2025-11-21 23:35:53.791 66399 INFO tempest.lib.common.dynamic_creds [-] Dynamic test user d92a070cdbdb408ebb97674b2a9b212c is created with scope project and roles: ['member']
2025-11-21 23:35:53.792 66399 INFO tempest.lib.common.dynamic_creds [-] Acquired dynamic creds: credentials: Credentials: {'domain_id': 'default', 'domain_name': 'Default', 'username': 'tempest-ServerShowV257Test-963001502-project-member', 'project_domain_id': 'default', 'project_domain_name': 'Default', 'project_id': '5ae4de6e583a448db5cdc33f0572d61d', 'project_name': 'tempest-ServerShowV257Test-963001502', 'tenant_id': '5ae4de6e583a448db5cdc33f0572d61d', 'tenant_name': 'tempest-ServerShowV257Test-963001502', 'user_domain_id': 'default', 'user_domain_name': 'Default', 'user_id': 'd92a070cdbdb408ebb97674b2a9b212c', 'system': None}, Network: None, Subnet: None, Router: None
2025-11-21 23:35:53.792 66399 INFO tempest.lib.common.dynamic_creds [-] Created isolated network resources for: credentials: Credentials: {'domain_id': 'default', 'domain_name': 'Default', 'username': 'tempest-ServerShowV257Test-963001502-project-member', 'project_domain_id': 'default', 'project_domain_name': 'Default', 'project_id': '5ae4de6e583a448db5cdc33f0572d61d', 'project_name': 'tempest-ServerShowV257Test-963001502', 'tenant_id': '5ae4de6e583a448db5cdc33f0572d61d', 'tenant_name': 'tempest-ServerShowV257Test-963001502', 'user_domain_id': 'default', 'user_domain_name': 'Default', 'user_id': 'd92a070cdbdb408ebb97674b2a9b212c', 'system': None}, Network: None, Subnet: None, Router: None
2025-11-21 23:35:53.870 66399 INFO tempest.lib.common.rest_client [req-00b6f716-12e9-41cd-b2cd-1614069a0059 req-00b6f716-12e9-41cd-b2cd-1614069a0059 ] Request (ServerShowV257Test:setUpClass): 201 POST http://10.180.1.21/identity/v3/auth/tokens 0.076s
2025-11-21 23:35:53.906 66399 INFO tempest.lib.common.rest_client [req-cc8d3842-0211-4ac6-adc0-1077c3e98e5d req-cc8d3842-0211-4ac6-adc0-1077c3e98e5d ] Request (ServerShowV257Test:test_rebuild_server): 201 POST http://10.180.1.21/identity/v3/auth/tokens 0.031s
2025-11-21 23:35:53.906 66399 INFO tempest.lib.common.fixed_network [-] (ServerShowV257Test:test_rebuild_server) Found network None available for tenant
2025-11-21 23:35:54.115 66391 INFO tempest.lib.common.rest_client [req-ed9569ed-4e15-4d43-b75e-560e531c7bed req-ed9569ed-4e15-4d43-b75e-560e531c7bed ] Request (ServerRescueTestJSON:test_rescue_unrescue_instance): 200 GET http://10.180.1.21/compute/v2.1/servers/146e205d-b71d-44a7-9159-c1fcd038135f 6.600s
2025-11-21 23:35:54.123 66391 INFO tempest.common.waiters [-] State transition "BUILD/spawning" ==> "ACTIVE/None" after 62 second wait
2025-11-21 23:35:54.146 66417 INFO tempest.lib.common.rest_client [req-169a8386-691c-4256-ba2e-c91352b78951 req-169a8386-691c-4256-ba2e-c91352b78951 ] Request (ServerAddressesNegativeTestJSON:tearDownClass): 200 GET http://10.180.1.21/networking/v2.0/security-groups?tenant_id=9ae763fa4b91470e91b319245e70dc15&name=default 0.568s
2025-11-21 23:35:54.262 66371 INFO tempest.lib.common.rest_client [req-39a541b7-a0ca-41a4-9daf-8e9fc955475f req-39a541b7-a0ca-41a4-9daf-8e9fc955475f ] Request (ServersTestBootFromVolume:setUpClass): 200 GET http://10.180.1.21/compute/v2.1/servers/2bd8f11d-7971-40b6-8b81-0b4725654a76 6.517s
2025-11-21 23:35:54.272 66371 INFO tempest.common.waiters [-] State transition "BUILD/block_device_mapping" ==> "BUILD/spawning" after 59 second wait
2025-11-21 23:35:54.413 66417 INFO tempest.lib.common.rest_client [req-c3dae1ba-71c8-4f74-a383-783ee3308841 req-c3dae1ba-71c8-4f74-a383-783ee3308841 ] Request (ServerAddressesNegativeTestJSON:tearDownClass): 204 DELETE http://10.180.1.21/networking/v2.0/security-groups/8b46195c-1f12-4e0a-a5a7-e4729a51fd89 0.267s
2025-11-21 23:35:54.444 66415 INFO tempest.lib.common.rest_client [req-3d7a2d2e-1bd3-4aa8-a202-5905ca58dfdf req-3d7a2d2e-1bd3-4aa8-a202-5905ca58dfdf ] Request (ServerMetadataNegativeTestJSON:tearDownClass): 200 GET http://10.180.1.21/compute/v2.1/servers/5d2f2ce1-acb3-43d5-8822-ad3d517d0373 6.686s
2025-11-21 23:35:54.509 66385 INFO tempest.lib.common.rest_client [req-c1ddb626-f727-4d02-8743-d23b7b610863 req-c1ddb626-f727-4d02-8743-d23b7b610863 ] Request (ServersTestJSON:test_create_server_specify_multibyte_character_name): 200 GET http://10.180.1.21/compute/v2.1/servers/b6bdb81a-d29f-41df-882e-f8d5f1923960 6.648s
2025-11-21 23:35:54.545 66417 INFO tempest.lib.common.rest_client [req-5a086d74-e7b6-4001-9448-e6ae04c0a8cb req-5a086d74-e7b6-4001-9448-e6ae04c0a8cb ] Request (ServerAddressesNegativeTestJSON:tearDownClass): 204 DELETE http://10.180.1.21/identity/v3/projects/9ae763fa4b91470e91b319245e70dc15 0.131s
2025-11-21 23:35:54.620 66417 INFO tempest.lib.common.rest_client [req-f39e22e7-5971-4ec8-8df0-2f1c714162c1 req-f39e22e7-5971-4ec8-8df0-2f1c714162c1 ] Request (ServerPasswordTestJSON:setUpClass): 201 POST http://10.180.1.21/identity/v3/auth/tokens 0.073s
2025-11-21 23:35:54.631 66379 INFO tempest.lib.common.rest_client [req-04c6b4d6-cf67-4858-9b41-0cf6a81a8e95 req-04c6b4d6-cf67-4858-9b41-0cf6a81a8e95 ] Request (ServerExternalEventsTest:tearDownClass): 200 GET http://10.180.1.21/compute/v2.1/servers/41be40ac-1127-4773-bc63-bd4f272ba352 6.734s
2025-11-21 23:35:54.655 66417 INFO tempest.lib.common.rest_client [req-86c3a9b0-dd94-4012-b437-08702d8db62c req-86c3a9b0-dd94-4012-b437-08702d8db62c ] Request (ServerPasswordTestJSON:setUpClass): 201 POST http://10.180.1.21/identity/v3/auth/tokens 0.032s
2025-11-21 23:35:54.688 66417 INFO tempest.lib.common.rest_client [req-f351cc31-ca5c-479d-a6e6-3dbc56aff541 req-f351cc31-ca5c-479d-a6e6-3dbc56aff541 ] Request (ServerPasswordTestJSON:setUpClass): 200 GET http://10.180.1.21/identity/v3/domains?name=Default 0.032s
2025-11-21 23:35:54.717 66417 INFO tempest.lib.common.rest_client [req-c9ef7e43-b0f2-45d3-9f59-a10452035b11 req-c9ef7e43-b0f2-45d3-9f59-a10452035b11 ] Request (ServerPasswordTestJSON:setUpClass): 201 POST http://10.180.1.21/identity/v3/projects 0.028s
2025-11-21 23:35:54.786 66417 INFO tempest.lib.common.rest_client [req-28d7e569-e24b-4e7d-a87d-de3a5e1b5cc3 req-28d7e569-e24b-4e7d-a87d-de3a5e1b5cc3 ] Request (ServerPasswordTestJSON:setUpClass): 201 POST http://10.180.1.21/identity/v3/users 0.069s
2025-11-21 23:35:54.811 66417 INFO tempest.lib.common.rest_client [req-4fa4adcf-9758-4452-8afa-414009c964b9 req-4fa4adcf-9758-4452-8afa-414009c964b9 ] Request (ServerPasswordTestJSON:setUpClass): 200 GET http://10.180.1.21/identity/v3/roles 0.024s
2025-11-21 23:35:54.839 66375 INFO tempest.lib.common.rest_client [req-d8a15e8e-1fb4-472d-85c8-7275a9578d2b req-d8a15e8e-1fb4-472d-85c8-7275a9578d2b ] Request (ServersNegativeTestJSON:setUpClass): 200 GET http://10.180.1.21/compute/v2.1/servers/23d2886e-5671-44ca-b765-9cd0082c124f 6.819s
2025-11-21 23:35:54.850 66417 INFO tempest.lib.common.rest_client [req-6340cd92-fa59-44d2-a48c-0462e2c5f398 req-6340cd92-fa59-44d2-a48c-0462e2c5f398 ] Request (ServerPasswordTestJSON:setUpClass): 204 PUT http://10.180.1.21/identity/v3/projects/c04dbd642d4d4fb7a57f962b3343d571/users/aaf1d17c4852476cbbeadc0690a2629b/roles/dcbede15cb6744c4b05561776f5aa16a 0.038s
2025-11-21 23:35:54.850 66417 INFO tempest.lib.common.dynamic_creds [-] Dynamic test user aaf1d17c4852476cbbeadc0690a2629b is created with scope project and roles: ['member']
2025-11-21 23:35:54.850 66417 INFO tempest.lib.common.dynamic_creds [-] Acquired dynamic creds: credentials: Credentials: {'domain_id': 'default', 'domain_name': 'Default', 'username': 'tempest-ServerPasswordTestJSON-70016630-project-member', 'project_domain_id': 'default', 'project_domain_name': 'Default', 'project_id': 'c04dbd642d4d4fb7a57f962b3343d571', 'project_name': 'tempest-ServerPasswordTestJSON-70016630', 'tenant_id': 'c04dbd642d4d4fb7a57f962b3343d571', 'tenant_name': 'tempest-ServerPasswordTestJSON-70016630', 'user_domain_id': 'default', 'user_domain_name': 'Default', 'user_id': 'aaf1d17c4852476cbbeadc0690a2629b', 'system': None}, Network: None, Subnet: None, Router: None
2025-11-21 23:35:54.851 66375 INFO tempest.common.waiters [-] State transition "BUILD/None" ==> "BUILD/spawning" after 53 second wait
2025-11-21 23:35:54.909 66417 INFO tempest.lib.common.rest_client [req-b38d5005-929c-4fbb-8596-aa498e192e9d req-b38d5005-929c-4fbb-8596-aa498e192e9d ] Request (ServerPasswordTestJSON:setUpClass): 201 POST http://10.180.1.21/identity/v3/auth/tokens 0.059s
2025-11-21 23:35:55.089 66411 INFO tempest.lib.common.rest_client [req-6b2bbcca-037c-44fa-952a-c21b7f8177eb req-6b2bbcca-037c-44fa-952a-c21b7f8177eb ] Request (TenantUsagesTestJSON:setUpClass): 200 GET http://10.180.1.21/compute/v2.1/servers/b4c4e064-c752-4f70-96d7-ebfe7357892f 6.884s
2025-11-21 23:35:55.098 66411 INFO tempest.common.waiters [-] State transition "BUILD/spawning" ==> "ACTIVE/None" after 61 second wait
2025-11-21 23:35:55.127 66419 INFO tempest.lib.common.rest_client [req-a48bf695-7adb-4f29-9492-e23504740669 req-a48bf695-7adb-4f29-9492-e23504740669 ] Request (ServerTagsTestJSON:setUpClass): 202 POST http://10.180.1.21/compute/v2.1/servers 7.231s
2025-11-21 23:35:55.171 66377 INFO tempest.lib.common.rest_client [req-93daff2b-549e-40ab-8d86-fd3c4eb7afc8 req-93daff2b-549e-40ab-8d86-fd3c4eb7afc8 ] Request (VolumesAdminNegativeTest:test_update_attached_volume_with_nonexistent_volume_in_uri): 200 GET http://10.180.1.21/compute/v2.1/servers/42e24b39-e90d-4c70-b5ed-f93febf119af 6.334s
2025-11-21 23:35:55.291 66367 INFO tempest.lib.common.rest_client [req-b3575ec1-a696-4b65-8979-011568404949 req-b3575ec1-a696-4b65-8979-011568404949 ] Request (MigrationsAdminTest:test_list_migrations_in_flavor_resize_situation): 200 GET http://10.180.1.21/compute/v2.1/servers/b4ed6a82-7fe9-48a6-83e2-3aba0ae58088 6.191s
2025-11-21 23:35:55.324 66401 INFO tempest.lib.common.rest_client [req-ff2b92aa-cf77-4eea-bf7e-5a3f4fb171e8 req-ff2b92aa-cf77-4eea-bf7e-5a3f4fb171e8 ] Request (FloatingIPsAssociationTestJSON:tearDownClass): 404 GET http://10.180.1.21/compute/v2.1/servers/c8edfd83-a2f8-4708-af16-1d1a63059a62 5.656s
2025-11-21 23:35:55.364 66417 INFO tempest.lib.common.rest_client [req-38b638c9-7fe3-43c5-b423-9add93351dc9 req-38b638c9-7fe3-43c5-b423-9add93351dc9 ] Request (ServerPasswordTestJSON:setUpClass): 201 POST http://10.180.1.21/networking/v2.0/networks 0.454s
2025-11-21 23:35:55.566 66417 INFO tempest.lib.common.rest_client [req-87c5f6bb-8f50-4f88-8851-207265bc3c0b req-87c5f6bb-8f50-4f88-8851-207265bc3c0b ] Request (ServerPasswordTestJSON:setUpClass): 201 POST http://10.180.1.21/networking/v2.0/subnets 0.202s
2025-11-21 23:35:55.600 66423 INFO tempest.lib.common.rest_client [req-90d5be40-38f7-492a-8cb9-196269a69f30 req-90d5be40-38f7-492a-8cb9-196269a69f30 ] Request (AttachInterfacesTestJSON:test_create_list_show_delete_interfaces_by_fixed_ip): 200 GET http://10.180.1.21/compute/v2.1/servers/23384830-f56c-4e79-ae50-bd66c714b662 5.903s
2025-11-21 23:35:55.609 66423 INFO tempest.common.waiters [-] State transition "BUILD/block_device_mapping" ==> "BUILD/spawning" after 59 second wait
2025-11-21 23:35:55.661 66405 INFO tempest.lib.common.rest_client [req-d1b5ec58-b1a8-4517-9436-4801bd4f9c09 req-d1b5ec58-b1a8-4517-9436-4801bd4f9c09 ] Request (ServersWithSpecificFlavorTestJSON:test_verify_created_server_ephemeral_disk): 200 GET http://10.180.1.21/compute/v2.1/servers/18de643f-6a87-4ef3-852c-552d69ab81fb 5.104s
2025-11-21 23:35:55.670 66405 INFO tempest.common.waiters [-] State transition "BUILD/scheduling" ==> "BUILD/None" after 21 second wait
2025-11-21 23:35:55.688 66369 INFO tempest.lib.common.rest_client [req-45e2dcdd-0f33-4750-b9b0-4e64f7d84142 req-45e2dcdd-0f33-4750-b9b0-4e64f7d84142 ] Request (FloatingIPsAssociationNegativeTestJSON:tearDownClass): 404 GET http://10.180.1.21/compute/v2.1/servers/011de074-0049-4a2d-adbe-89a3952b03ac 5.114s
2025-11-21 23:35:55.698 66365 INFO tempest.lib.common.rest_client [req-d4b967b9-b415-401e-8d6d-a6be0c21f61e req-d4b967b9-b415-401e-8d6d-a6be0c21f61e ] Request (ImagesOneServerNegativeTestJSON:_run_cleanups): 202 POST http://10.180.1.21/compute/v2.1/servers 6.352s
2025-11-21 23:35:56.408 66417 INFO tempest.lib.common.rest_client [req-6d4febd7-3f92-448b-b95d-339b9a5753ff req-6d4febd7-3f92-448b-b95d-339b9a5753ff ] Request (ServerPasswordTestJSON:setUpClass): 201 POST http://10.180.1.21/networking/v2.0/routers 0.841s
2025-11-21 23:35:56.432 66389 INFO tempest.lib.common.rest_client [req-f1c169f5-5af5-4cbe-935e-bdbfd2a989b1 req-f1c169f5-5af5-4cbe-935e-bdbfd2a989b1 ] Request (ImagesTestJSON:test_create_image_from_suspended_server): 200 GET http://10.180.1.21/compute/v2.1/servers/b7161a06-ca0d-4456-8890-2dfd326061f9 5.375s
2025-11-21 23:35:56.519 66369 INFO tempest.lib.common.rest_client [req-b08a2c5c-b78d-4029-981c-3edf7e13744f req-b08a2c5c-b78d-4029-981c-3edf7e13744f ] Request (FloatingIPsAssociationNegativeTestJSON:tearDownClass): 200 PUT http://10.180.1.21/networking/v2.0/routers/59f0ab16-4696-4a78-bd8f-8013353e6110/remove_router_interface 0.830s
2025-11-21 23:35:56.611 66421 INFO tempest.lib.common.rest_client [req-48b30af8-783c-433b-8d59-e11cbf7dd72f req-48b30af8-783c-433b-8d59-e11cbf7dd72f ] Request (ServerRescueNegativeTestJSON:setUpClass): 200 GET http://10.180.1.21/compute/v2.1/servers/096b7c36-f694-4188-950b-cc39c513fd04 5.912s
2025-11-21 23:35:56.620 66421 INFO tempest.common.waiters [-] State transition "BUILD/networking" ==> "BUILD/spawning" after 58 second wait
2025-11-21 23:35:56.996 66369 INFO tempest.lib.common.rest_client [req-c98fa476-bb4f-45ca-8021-2a4a46436b79 req-c98fa476-bb4f-45ca-8021-2a4a46436b79 ] Request (FloatingIPsAssociationNegativeTestJSON:tearDownClass): 204 DELETE http://10.180.1.21/networking/v2.0/routers/59f0ab16-4696-4a78-bd8f-8013353e6110 0.477s
2025-11-21 23:35:57.060 66393 INFO tempest.lib.common.rest_client [req-02a7990a-0b02-46e9-9f38-6c69f1661b93 req-02a7990a-0b02-46e9-9f38-6c69f1661b93 ] Request (ServersAdminTestJSON:test_rebuild_server_in_error_state): 200 GET http://10.180.1.21/compute/v2.1/servers/6d379cf6-ade0-43fd-974a-bb2a48e9f329 5.038s
2025-11-21 23:35:57.081 66381 INFO tempest.lib.common.rest_client [req-4efde63d-3852-48e2-96d2-f2738630dbf1 req-4efde63d-3852-48e2-96d2-f2738630dbf1 ] Request (InstanceActionsNegativeTestJSON:setUpClass): 200 GET http://10.180.1.21/compute/v2.1/servers/eb4bfaa2-9b77-4c0f-afac-1cf009217afc 4.239s
2025-11-21 23:35:57.109 66407 INFO tempest.lib.common.rest_client [req-97ff2a89-d517-4c10-9e3d-5e57a50c5d52 req-97ff2a89-d517-4c10-9e3d-5e57a50c5d52 ] Request (ImagesMetadataTestJSON:test_delete_image_metadata_item): 200 GET http://10.180.1.21/compute/v2.1/images/4366f787-04fb-4f16-83d4-8ea9db852090/metadata 4.054s
2025-11-21 23:35:57.288 66369 INFO tempest.lib.common.rest_client [req-881188e9-0237-4161-80c8-6fa2916130eb req-881188e9-0237-4161-80c8-6fa2916130eb ] Request (FloatingIPsAssociationNegativeTestJSON:tearDownClass): 204 DELETE http://10.180.1.21/networking/v2.0/subnets/27d2bc28-fa8a-4804-a820-6132e398e2a7 0.292s
2025-11-21 23:35:57.375 66403 INFO tempest.lib.common.rest_client [req-9eff43fa-4144-4be7-8319-1f5ec255d339 req-9eff43fa-4144-4be7-8319-1f5ec255d339 ] Request (DeleteServersTestJSON:test_delete_active_server): 200 GET http://10.180.1.21/compute/v2.1/servers/1434dd3e-1033-40db-9132-0a0577a6c0b5 4.127s
2025-11-21 23:35:57.387 66403 INFO tempest.common.waiters [-] State transition "BUILD/None" ==> "BUILD/networking" after 38 second wait
2025-11-21 23:35:57.428 66427 INFO tempest.lib.common.rest_client [req-fd7e70f8-b91f-43c2-9b5f-ce029d4181ca req-fd7e70f8-b91f-43c2-9b5f-ce029d4181ca ] Request (MultipleCreateTestJSON:tearDownClass): 200 GET http://10.180.1.21/compute/v2.1/servers/848d6835-5500-4295-8259-c562bf2ab3fa 3.634s
2025-11-21 23:35:57.560 66417 INFO tempest.lib.common.rest_client [req-9dad14bf-3813-4ae8-8d69-10eaa97ca000 req-9dad14bf-3813-4ae8-8d69-10eaa97ca000 ] Request (ServerPasswordTestJSON:setUpClass): 200 PUT http://10.180.1.21/networking/v2.0/routers/ff0db936-4f89-4164-ae93-7c5522dfc955/add_router_interface 1.151s
2025-11-21 23:35:57.560 66417 INFO tempest.lib.common.dynamic_creds [-] Created isolated network resources for: credentials: Credentials: {'domain_id': 'default', 'domain_name': 'Default', 'username': 'tempest-ServerPasswordTestJSON-70016630-project-member', 'project_domain_id': 'default', 'project_domain_name': 'Default', 'project_id': 'c04dbd642d4d4fb7a57f962b3343d571', 'project_name': 'tempest-ServerPasswordTestJSON-70016630', 'tenant_id': 'c04dbd642d4d4fb7a57f962b3343d571', 'tenant_name': 'tempest-ServerPasswordTestJSON-70016630', 'user_domain_id': 'default', 'user_domain_name': 'Default', 'user_id': 'aaf1d17c4852476cbbeadc0690a2629b', 'system': None}, Network: {'id': '49fb4f1e-56da-452d-be8e-2819bc1f5d02', 'name': 'tempest-ServerPasswordTestJSON-1343642610-network', 'tenant_id': 'c04dbd642d4d4fb7a57f962b3343d571', 'project_id': 'c04dbd642d4d4fb7a57f962b3343d571', 'admin_state_up': True, 'mtu': 8950, 'status': 'ACTIVE', 'subnets': [], 'shared': False, 'port_security_enabled': True, 'router:external': False, 'provider:network_type': 'vlan', 'provider:physical_network': 'default', 'provider:segmentation_id': 784, 'availability_zone_hints': [], 'availability_zones': [], 'ipv4_address_scope': None, 'ipv6_address_scope': None, 'description': '', 'tags': [], 'created_at': '2025-11-21T23:35:55Z', 'updated_at': '2025-11-21T23:35:55Z', 'revision_number': 1}, Subnet: {'id': '85249559-d7ff-4db1-8a7e-a5e5cd5386ce', 'name': 'tempest-ServerPasswordTestJSON-1343642610-subnet', 'tenant_id': 'c04dbd642d4d4fb7a57f962b3343d571', 'network_id': '49fb4f1e-56da-452d-be8e-2819bc1f5d02', 'ip_version': 4, 'subnetpool_id': None, 'enable_dhcp': True, 'ipv6_ra_mode': None, 'ipv6_address_mode': None, 'gateway_ip': '192.168.128.1', 'cidr': '192.168.128.0/28', 'allocation_pools': [{'start': '192.168.128.2', 'end': '192.168.128.14'}], 'host_routes': [], 'dns_nameservers': [], 'description': '', 'router:external': False, 'service_types': [], 'tags': [], 'created_at': '2025-11-21T23:35:55Z', 'updated_at': '2025-11-21T23:35:55Z', 'revision_number': 0, 'project_id': 'c04dbd642d4d4fb7a57f962b3343d571'}, Router: {'id': 'ff0db936-4f89-4164-ae93-7c5522dfc955', 'name': 'tempest-ServerPasswordTestJSON-1343642610-router', 'tenant_id': 'c04dbd642d4d4fb7a57f962b3343d571', 'admin_state_up': True, 'status': 'ACTIVE', 'external_gateway_info': {'network_id': '7dc5aad0-497d-4e52-9cf3-47e3bf2ca605', 'external_fixed_ips': [{'subnet_id': '2ed1673a-2ed1-42c7-ad25-2920bde6e9f5', 'ip_address': '10.180.180.199'}], 'enable_snat': True}, 'description': '', 'availability_zones': [], 'distributed': False, 'ha': False, 'availability_zone_hints': [], 'routes': [], 'flavor_id': None, 'tags': [], 'created_at': '2025-11-21T23:35:55Z', 'updated_at': '2025-11-21T23:35:56Z', 'revision_number': 2, 'project_id': 'c04dbd642d4d4fb7a57f962b3343d571'}
2025-11-21 23:35:57.678 66417 INFO tempest.lib.common.rest_client [req-44548d91-8fa9-4f1a-9088-536df6cedfab req-44548d91-8fa9-4f1a-9088-536df6cedfab ] Request (ServerPasswordTestJSON:setUpClass): 201 POST http://10.180.1.21/identity/v3/auth/tokens 0.113s
2025-11-21 23:35:57.731 66399 INFO tempest.lib.common.rest_client [req-1be3b212-b752-4b4d-967e-f9c9b9442d2c req-1be3b212-b752-4b4d-967e-f9c9b9442d2c ] Request (ServerShowV257Test:test_rebuild_server): 202 POST http://10.180.1.21/compute/v2.1/servers 3.824s
2025-11-21 23:35:57.741 66417 INFO tempest.lib.common.rest_client [req-50e23602-8906-4cbb-81bf-3ffd6da4453d req-50e23602-8906-4cbb-81bf-3ffd6da4453d ] Request (ServerPasswordTestJSON:setUpClass): 201 POST http://10.180.1.21/identity/v3/auth/tokens 0.057s
