2025-11-22 01:33:19.055 66285 INFO tempest.lib.common.dynamic_creds [-] Deleting project and security group for project: f861f252b6a84846b616e3dd876499d5
2025-11-22 01:33:19.172 66317 INFO tempest.lib.common.rest_client [req-3004ea74-7d64-4e8a-b784-874742e35344 req-3004ea74-7d64-4e8a-b784-874742e35344 ] Request (InstanceActionsNegativeTestJSON:setUpClass): 201 POST http://10.180.1.21/networking/v2.0/networks 0.454s
2025-11-22 01:33:19.204 66285 INFO tempest.lib.common.rest_client [req-682fea46-16b3-4506-b026-f38c0fb82fa0 req-682fea46-16b3-4506-b026-f38c0fb82fa0 ] Request (FloatingIPDetailsNegativeTestJSON:tearDownClass): 200 GET http://10.180.1.21/networking/v2.0/security-groups?tenant_id=f861f252b6a84846b616e3dd876499d5&name=default 0.149s
2025-11-22 01:33:19.256 66312 INFO tempest.lib.common.rest_client [req-14f82052-9046-4bac-b2fd-2e9c1505d905 req-14f82052-9046-4bac-b2fd-2e9c1505d905 ] Request (QuotasAdminNegativeTest:_run_cleanups): 200 PUT http://10.180.1.21/compute/v2.1/os-quota-sets/53b6b9fc0837440ea0719dc15d0bc34a 3.235s
2025-11-22 01:33:19.509 66317 INFO tempest.lib.common.rest_client [req-2e5f0986-0f1b-4107-a9e5-8c42fbc2df55 req-2e5f0986-0f1b-4107-a9e5-8c42fbc2df55 ] Request (InstanceActionsNegativeTestJSON:setUpClass): 201 POST http://10.180.1.21/networking/v2.0/subnets 0.337s
2025-11-22 01:33:19.617 66279 INFO tempest.lib.common.rest_client [req-b44b35f8-9950-4880-a61c-ee178dc0acbb req-b44b35f8-9950-4880-a61c-ee178dc0acbb ] Request (ServersTestBootFromVolume:setUpClass): 200 GET http://10.180.1.21/volume/v3/volumes/0732839d-2683-42d8-9bb6-6cb15a06ff26 0.042s
2025-11-22 01:33:19.673 66285 INFO tempest.lib.common.rest_client [req-524f422d-54eb-429e-a242-5d832b0e15e1 req-524f422d-54eb-429e-a242-5d832b0e15e1 ] Request (FloatingIPDetailsNegativeTestJSON:tearDownClass): 204 DELETE http://10.180.1.21/networking/v2.0/security-groups/4e8330dc-46aa-472b-b877-cf5c5539ba95 0.467s
2025-11-22 01:33:19.761 66301 INFO tempest.lib.common.rest_client [req-fce96f66-0b32-422f-b2f3-19e95759fc91 req-fce96f66-0b32-422f-b2f3-19e95759fc91 ] Request (VolumesAssistedSnapshotsTest:test_volume_assisted_snapshot_create_delete): 200 PUT http://10.180.1.21/networking/v2.0/floatingips/81ce54a7-e199-4f31-a0d0-e7a392a1c652 0.750s
2025-11-22 01:33:19.765 66301 INFO tempest.lib.common.ssh [-] Creating ssh connection to '10.180.180.138:22' as 'cirros' with public key authentication
2025-11-22 01:33:19.827 66285 INFO tempest.lib.common.rest_client [req-abbe73c8-1648-48c7-ba91-f117de5cb365 req-abbe73c8-1648-48c7-ba91-f117de5cb365 ] Request (FloatingIPDetailsNegativeTestJSON:tearDownClass): 204 DELETE http://10.180.1.21/identity/v3/projects/f861f252b6a84846b616e3dd876499d5 0.154s
2025-11-22 01:33:19.828 66267 INFO tempest.lib.common.rest_client [req-13c346ee-c0d9-4ffb-ab57-2a71c9d7d887 req-13c346ee-c0d9-4ffb-ab57-2a71c9d7d887 ] Request (SecurityGroupRulesNegativeTestJSON:test_create_security_group_rule_with_invalid_from_port): 200 POST http://10.180.1.21/compute/v2.1/os-security-groups 3.534s
2025-11-22 01:33:19.952 66285 INFO tempest.lib.common.rest_client [req-3deba5f9-7952-42de-b85a-efb90d5f34c4 req-3deba5f9-7952-42de-b85a-efb90d5f34c4 ] Request (AttachInterfacesV270Test:setUpClass): 201 POST http://10.180.1.21/identity/v3/auth/tokens 0.122s
2025-11-22 01:33:20.007 66285 INFO tempest.lib.common.rest_client [req-95d134b8-f7ee-402f-bdf8-43429d349cde req-95d134b8-f7ee-402f-bdf8-43429d349cde ] Request (AttachInterfacesV270Test:setUpClass): 201 POST http://10.180.1.21/identity/v3/auth/tokens 0.051s
2025-11-22 01:33:20.052 66285 INFO tempest.lib.common.rest_client [req-a3750a33-c158-43a7-b5a4-25b023fac674 req-a3750a33-c158-43a7-b5a4-25b023fac674 ] Request (AttachInterfacesV270Test:setUpClass): 200 GET http://10.180.1.21/identity/v3/domains?name=Default 0.044s
2025-11-22 01:33:20.105 66285 INFO tempest.lib.common.rest_client [req-3699a973-f913-4049-b68f-2c9ce84a9a1a req-3699a973-f913-4049-b68f-2c9ce84a9a1a ] Request (AttachInterfacesV270Test:setUpClass): 201 POST http://10.180.1.21/identity/v3/projects 0.050s
2025-11-22 01:33:20.194 66285 INFO tempest.lib.common.rest_client [req-574ec0db-cc2a-4168-aee8-80520a8723f9 req-574ec0db-cc2a-4168-aee8-80520a8723f9 ] Request (AttachInterfacesV270Test:setUpClass): 201 POST http://10.180.1.21/identity/v3/users 0.088s
2025-11-22 01:33:20.223 66285 INFO tempest.lib.common.rest_client [req-72d94c20-65c0-4f19-b39f-8101e20ec039 req-72d94c20-65c0-4f19-b39f-8101e20ec039 ] Request (AttachInterfacesV270Test:setUpClass): 200 GET http://10.180.1.21/identity/v3/roles 0.028s
2025-11-22 01:33:20.260 66285 INFO tempest.lib.common.rest_client [req-92e39022-2f6c-45a0-b8df-08ecc0a6fdae req-92e39022-2f6c-45a0-b8df-08ecc0a6fdae ] Request (AttachInterfacesV270Test:setUpClass): 204 PUT http://10.180.1.21/identity/v3/projects/1c694ee7025f4fa59524c5de580a719a/users/862715dde00546beb14e8a04a39985f7/roles/7927345b1f79467fb44a6c575d204232 0.037s
2025-11-22 01:33:20.260 66285 INFO tempest.lib.common.dynamic_creds [-] Dynamic test user 862715dde00546beb14e8a04a39985f7 is created with scope project and roles: ['member']
2025-11-22 01:33:20.261 66285 INFO tempest.lib.common.dynamic_creds [-] Acquired dynamic creds: credentials: Credentials: {'domain_id': 'default', 'domain_name': 'Default', 'username': 'tempest-AttachInterfacesV270Test-1902442389-project-member', 'project_domain_id': 'default', 'project_domain_name': 'Default', 'project_id': '1c694ee7025f4fa59524c5de580a719a', 'project_name': 'tempest-AttachInterfacesV270Test-1902442389', 'tenant_id': '1c694ee7025f4fa59524c5de580a719a', 'tenant_name': 'tempest-AttachInterfacesV270Test-1902442389', 'user_domain_id': 'default', 'user_domain_name': 'Default', 'user_id': '862715dde00546beb14e8a04a39985f7', 'system': None}, Network: None, Subnet: None, Router: None
2025-11-22 01:33:20.398 66285 INFO tempest.lib.common.rest_client [req-943e8388-c4ac-49d2-8dce-339d93ddebee req-943e8388-c4ac-49d2-8dce-339d93ddebee ] Request (AttachInterfacesV270Test:setUpClass): 201 POST http://10.180.1.21/identity/v3/auth/tokens 0.137s
2025-11-22 01:33:20.668 66279 INFO tempest.lib.common.rest_client [req-7426b1af-3b95-45bd-9cff-b411906a4d56 req-7426b1af-3b95-45bd-9cff-b411906a4d56 ] Request (ServersTestBootFromVolume:setUpClass): 200 GET http://10.180.1.21/volume/v3/volumes/0732839d-2683-42d8-9bb6-6cb15a06ff26 0.041s
2025-11-22 01:33:20.797 66317 INFO tempest.lib.common.rest_client [req-88162728-ba31-4fab-9d6e-824305261303 req-88162728-ba31-4fab-9d6e-824305261303 ] Request (InstanceActionsNegativeTestJSON:setUpClass): 201 POST http://10.180.1.21/networking/v2.0/routers 1.287s
2025-11-22 01:33:21.138 66285 INFO tempest.lib.common.rest_client [req-62ae2472-942f-4d4b-94bd-241440f1dedd req-62ae2472-942f-4d4b-94bd-241440f1dedd ] Request (AttachInterfacesV270Test:setUpClass): 201 POST http://10.180.1.21/networking/v2.0/networks 0.739s
2025-11-22 01:33:21.499 66291 INFO tempest.lib.common.rest_client [req-cdaaad62-99ce-45dd-9552-d751c713a84b req-cdaaad62-99ce-45dd-9552-d751c713a84b ] Request (VolumesAdminNegativeTest:test_update_attached_volume_with_nonexistent_volume_in_uri): 202 POST http://10.180.1.21/compute/v2.1/servers 5.535s
2025-11-22 01:33:21.719 66279 INFO tempest.lib.common.rest_client [req-73b74a9d-4f1f-4bec-9ef6-0f77c14ed58f req-73b74a9d-4f1f-4bec-9ef6-0f77c14ed58f ] Request (ServersTestBootFromVolume:setUpClass): 200 GET http://10.180.1.21/volume/v3/volumes/0732839d-2683-42d8-9bb6-6cb15a06ff26 0.039s
2025-11-22 01:33:22.489 66317 INFO tempest.lib.common.rest_client [req-3f434a0e-149f-497d-8a1e-c652ef71d060 req-3f434a0e-149f-497d-8a1e-c652ef71d060 ] Request (InstanceActionsNegativeTestJSON:setUpClass): 200 PUT http://10.180.1.21/networking/v2.0/routers/2eb58b86-31bd-40dd-90a6-3eac1ac2f543/add_router_interface 1.691s
2025-11-22 01:33:22.489 66317 INFO tempest.lib.common.dynamic_creds [-] Created isolated network resources for: credentials: Credentials: {'domain_id': 'default', 'domain_name': 'Default', 'username': 'tempest-InstanceActionsNegativeTestJSON-395056219-project-member', 'project_domain_id': 'default', 'project_domain_name': 'Default', 'project_id': '69c82ca0e0764e32afff27f6422bed9d', 'project_name': 'tempest-InstanceActionsNegativeTestJSON-395056219', 'tenant_id': '69c82ca0e0764e32afff27f6422bed9d', 'tenant_name': 'tempest-InstanceActionsNegativeTestJSON-395056219', 'user_domain_id': 'default', 'user_domain_name': 'Default', 'user_id': 'db714a8ac6f04446a9161bf02f80fb3a', 'system': None}, Network: {'id': 'e6ce62cd-3c03-40ca-9c2b-122bc89b4469', 'name': 'tempest-InstanceActionsNegativeTestJSON-854597030-network', 'tenant_id': '69c82ca0e0764e32afff27f6422bed9d', 'project_id': '69c82ca0e0764e32afff27f6422bed9d', 'admin_state_up': True, 'mtu': 8950, 'status': 'ACTIVE', 'subnets': [], 'shared': False, 'port_security_enabled': True, 'router:external': False, 'provider:network_type': 'vlan', 'provider:physical_network': 'default', 'provider:segmentation_id': 984, 'availability_zone_hints': [], 'availability_zones': [], 'ipv4_address_scope': None, 'ipv6_address_scope': None, 'description': '', 'tags': [], 'created_at': '2025-11-22T01:33:19Z', 'updated_at': '2025-11-22T01:33:19Z', 'revision_number': 1}, Subnet: {'id': '4171e01b-b982-49c6-9f7f-f07b3054c048', 'name': 'tempest-InstanceActionsNegativeTestJSON-854597030-subnet', 'tenant_id': '69c82ca0e0764e32afff27f6422bed9d', 'network_id': 'e6ce62cd-3c03-40ca-9c2b-122bc89b4469', 'ip_version': 4, 'subnetpool_id': None, 'enable_dhcp': True, 'ipv6_ra_mode': None, 'ipv6_address_mode': None, 'gateway_ip': '192.168.128.1', 'cidr': '192.168.128.0/28', 'allocation_pools': [{'start': '192.168.128.2', 'end': '192.168.128.14'}], 'host_routes': [], 'dns_nameservers': [], 'description': '', 'router:external': False, 'service_types': [], 'tags': [], 'created_at': '2025-11-22T01:33:19Z', 'updated_at': '2025-11-22T01:33:19Z', 'revision_number': 0, 'project_id': '69c82ca0e0764e32afff27f6422bed9d'}, Router: {'id': '2eb58b86-31bd-40dd-90a6-3eac1ac2f543', 'name': 'tempest-InstanceActionsNegativeTestJSON-854597030-router', 'tenant_id': '69c82ca0e0764e32afff27f6422bed9d', 'admin_state_up': True, 'status': 'ACTIVE', 'external_gateway_info': {'network_id': '9e6d33f6-b854-489b-8c69-c19488b59fc9', 'external_fixed_ips': [{'subnet_id': '6949f182-77b4-4a09-93e5-025b6dd73ca9', 'ip_address': '10.180.180.150'}], 'enable_snat': True}, 'description': '', 'availability_zones': [], 'distributed': False, 'ha': False, 'availability_zone_hints': [], 'routes': [], 'flavor_id': None, 'tags': [], 'created_at': '2025-11-22T01:33:19Z', 'updated_at': '2025-11-22T01:33:20Z', 'revision_number': 2, 'project_id': '69c82ca0e0764e32afff27f6422bed9d'}
2025-11-22 01:33:22.587 66317 INFO tempest.lib.common.rest_client [req-1e8f9ff5-c2af-42ef-941a-f86b3b248dfe req-1e8f9ff5-c2af-42ef-941a-f86b3b248dfe ] Request (InstanceActionsNegativeTestJSON:setUpClass): 201 POST http://10.180.1.21/identity/v3/auth/tokens 0.094s
2025-11-22 01:33:22.624 66317 INFO tempest.lib.common.rest_client [req-89fe2264-238d-429a-9192-b00ce6cd59ba req-89fe2264-238d-429a-9192-b00ce6cd59ba ] Request (InstanceActionsNegativeTestJSON:setUpClass): 201 POST http://10.180.1.21/identity/v3/auth/tokens 0.034s
2025-11-22 01:33:22.625 66317 INFO tempest.lib.common.fixed_network [-] (InstanceActionsNegativeTestJSON:setUpClass) Found network {'id': 'e6ce62cd-3c03-40ca-9c2b-122bc89b4469', 'name': 'tempest-InstanceActionsNegativeTestJSON-854597030-network', 'tenant_id': '69c82ca0e0764e32afff27f6422bed9d', 'project_id': '69c82ca0e0764e32afff27f6422bed9d', 'admin_state_up': True, 'mtu': 8950, 'status': 'ACTIVE', 'subnets': [], 'shared': False, 'port_security_enabled': True, 'router:external': False, 'provider:network_type': 'vlan', 'provider:physical_network': 'default', 'provider:segmentation_id': 984, 'availability_zone_hints': [], 'availability_zones': [], 'ipv4_address_scope': None, 'ipv6_address_scope': None, 'description': '', 'tags': [], 'created_at': '2025-11-22T01:33:19Z', 'updated_at': '2025-11-22T01:33:19Z', 'revision_number': 1} available for tenant
2025-11-22 01:33:22.655 66285 INFO tempest.lib.common.rest_client [req-5cf33e01-70fb-4ac9-bf2a-73584663c22f req-5cf33e01-70fb-4ac9-bf2a-73584663c22f ] Request (AttachInterfacesV270Test:setUpClass): 201 POST http://10.180.1.21/networking/v2.0/subnets 1.516s
2025-11-22 01:33:22.766 66279 INFO tempest.lib.common.rest_client [req-7461e424-bf60-45d6-9318-b628f54a09d8 req-7461e424-bf60-45d6-9318-b628f54a09d8 ] Request (ServersTestBootFromVolume:setUpClass): 200 GET http://10.180.1.21/volume/v3/volumes/0732839d-2683-42d8-9bb6-6cb15a06ff26 0.038s
2025-11-22 01:33:23.129 66309 INFO tempest.lib.common.rest_client [req-cc87e729-0820-4686-9b9a-2dff49bafb43 req-cc87e729-0820-4686-9b9a-2dff49bafb43 ] Request (FloatingIPsAssociationNegativeTestJSON:test_associate_ip_to_server_with_floating_ip): 200 POST http://10.180.1.21/compute/v2.1/os-floating-ips 6.789s
2025-11-22 01:33:23.301 66297 INFO tempest.lib.common.rest_client [req-4c88007b-3f1f-415b-9fa1-82da3e57772b req-4c88007b-3f1f-415b-9fa1-82da3e57772b ] Request (QuotasAdminTestJSON:test_delete_quota): 200 GET http://10.180.1.21/compute/v2.1/os-quota-sets/349828301cc544a2a64a4eccaeee9fd5 6.817s
2025-11-22 01:33:23.308 66319 INFO tempest.lib.common.rest_client [req-42250873-08f3-441b-80a7-d52eb80b36fc req-42250873-08f3-441b-80a7-d52eb80b36fc ] Request (AggregatesAdminNegativeTestJSON:test_aggregate_create_aggregate_name_length_exceeds_255): 400 POST http://10.180.1.21/compute/v2.1/os-aggregates 6.766s
2025-11-22 01:33:23.348 66271 INFO tempest.lib.common.rest_client [req-68c2116e-155c-4759-b150-c5a94b7f88c2 req-68c2116e-155c-4759-b150-c5a94b7f88c2 ] Request (FlavorsV2TestJSON:test_list_flavors_using_marker): 200 GET http://10.180.1.21/compute/v2.1/flavors?marker=42 6.636s
2025-11-22 01:33:23.369 66277 INFO tempest.lib.common.rest_client [req-761be185-2ad2-4f98-ace2-ec534eb0e6c6 req-761be185-2ad2-4f98-ace2-ec534eb0e6c6 ] Request (FlavorsAdminTestJSON:test_create_list_flavor_without_extra_data): 200 POST http://10.180.1.21/compute/v2.1/flavors 6.620s
2025-11-22 01:33:23.425 66297 INFO tempest.lib.common.rest_client [req-027ada42-6ac4-469f-8122-f2f3bf47888c req-027ada42-6ac4-469f-8122-f2f3bf47888c ] Request (QuotasAdminTestJSON:_run_cleanups): 204 DELETE http://10.180.1.21/identity/v3/projects/349828301cc544a2a64a4eccaeee9fd5 0.120s
2025-11-22 01:33:23.558 66313 INFO tempest.lib.common.rest_client [req-7b1b1f11-584e-4742-bc74-d742c3a28e44 req-7b1b1f11-584e-4742-bc74-d742c3a28e44 ] Request (SecurityGroupsTestJSON:test_list_security_groups_by_server): 202 POST http://10.180.1.21/compute/v2.1/servers/6077d2c8-ec37-4f4e-8fde-434db9fac899/action 7.078s
2025-11-22 01:33:23.581 66315 INFO tempest.lib.common.rest_client [req-5ebbb013-0f2c-455e-9288-c9c4b0f3940d req-5ebbb013-0f2c-455e-9288-c9c4b0f3940d ] Request (FlavorsAccessNegativeTestJSON:_run_cleanups): 202 DELETE http://10.180.1.21/compute/v2.1/flavors/1079841220 6.674s
2025-11-22 01:33:23.676 66285 INFO tempest.lib.common.rest_client [req-b6aa3f18-ae0f-48bf-9281-66b1de10a84f req-b6aa3f18-ae0f-48bf-9281-66b1de10a84f ] Request (AttachInterfacesV270Test:setUpClass): 201 POST http://10.180.1.21/networking/v2.0/routers 1.021s
2025-11-22 01:33:23.688 66281 INFO tempest.lib.common.rest_client [req-fcf41899-3952-411b-b27d-cd005fe69f06 req-fcf41899-3952-411b-b27d-cd005fe69f06 ] Request (ImagesOneServerTestJSON:setUpClass): 200 GET http://10.180.1.21/compute/v2.1/servers/6971b489-9a9a-4072-9ee6-f2d8d4fade94 6.797s
2025-11-22 01:33:23.700 66281 INFO tempest.common.waiters [-] State transition "BUILD/None" ==> "BUILD/spawning" after 8 second wait
2025-11-22 01:33:23.720 66287 INFO tempest.lib.common.rest_client [req-189a36b0-2eb8-4605-bd23-9cd3ca951793 req-189a36b0-2eb8-4605-bd23-9cd3ca951793 ] Request (ServicesAdminNegativeTestJSON:test_list_services_with_non_admin_user): 403 GET http://10.180.1.21/compute/v2.1/os-services 6.751s
2025-11-22 01:33:23.736 66275 INFO tempest.lib.common.rest_client [req-a4c6532e-a6a6-4bd0-873f-f86b7622005e req-a4c6532e-a6a6-4bd0-873f-f86b7622005e ] Request (ImagesTestJSON:test_create_image_from_stopped_server): 200 GET http://10.180.1.21/compute/v2.1/images/7628210b-24d0-4454-948f-81d125e2f137 6.392s
2025-11-22 01:33:23.834 66279 INFO tempest.lib.common.rest_client [req-7a2f1abf-4694-40d0-879e-4b41beec3c38 req-7a2f1abf-4694-40d0-879e-4b41beec3c38 ] Request (ServersTestBootFromVolume:setUpClass): 200 GET http://10.180.1.21/volume/v3/volumes/0732839d-2683-42d8-9bb6-6cb15a06ff26 0.061s
2025-11-22 01:33:23.858 66293 INFO tempest.lib.common.rest_client [req-6df340f4-cd38-424d-a3a5-a972c2be5fd2 req-6df340f4-cd38-424d-a3a5-a972c2be5fd2 ] Request (ServersAdmin275Test:_run_cleanups): 200 GET http://10.180.1.21/compute/v2.1/servers/7bc1cded-46b2-4f54-aef6-0ca7c7df4112 6.155s
2025-11-22 01:33:23.869 66290 INFO tempest.lib.common.rest_client [req-5af0c892-33be-4625-a570-fd41a30ff7ce req-5af0c892-33be-4625-a570-fd41a30ff7ce ] Request (DeleteServersAdminTestJSON:test_admin_delete_servers_of_others): 200 GET http://10.180.1.21/compute/v2.1/servers/0c54deca-255e-411c-9642-ac2ce1872584 6.289s
2025-11-22 01:33:23.880 66287 INFO tempest.lib.common.rest_client [req-087f7bf1-fa4a-41e6-acd6-d164dc5efca7 req-087f7bf1-fa4a-41e6-acd6-d164dc5efca7 ] Request (ServicesAdminNegativeTestJSON:tearDownClass): 204 DELETE http://10.180.1.21/identity/v3/users/9b40e6ddfe364f19a739874204eb6204 0.159s
2025-11-22 01:33:23.881 66293 INFO tempest.common.waiters [-] State transition "REBUILD/rebuild_spawning" ==> "ACTIVE/None" after 7 second wait
2025-11-22 01:33:24.039 66287 INFO tempest.lib.common.rest_client [req-9950fcc4-a723-4025-bb4c-81de569d96fe req-9950fcc4-a723-4025-bb4c-81de569d96fe ] Request (ServicesAdminNegativeTestJSON:tearDownClass): 204 DELETE http://10.180.1.21/identity/v3/users/3fe867f8c93c4475853b9ad3cff1ccc3 0.158s
2025-11-22 01:33:24.039 66287 INFO tempest.lib.common.dynamic_creds [-] Deleting project and security group for project: e9122f662a5243a1880d8611d6533209
2025-11-22 01:33:24.143 66287 INFO tempest.lib.common.rest_client [req-4dda8b59-b858-456c-a995-5ade3d385933 req-4dda8b59-b858-456c-a995-5ade3d385933 ] Request (ServicesAdminNegativeTestJSON:tearDownClass): 201 POST http://10.180.1.21/identity/v3/auth/tokens 0.103s
2025-11-22 01:33:24.632 66287 INFO tempest.lib.common.rest_client [req-9ea7472e-a7a5-414c-bbfc-cc8ea27cd50b req-9ea7472e-a7a5-414c-bbfc-cc8ea27cd50b ] Request (ServicesAdminNegativeTestJSON:tearDownClass): 200 GET http://10.180.1.21/networking/v2.0/security-groups?tenant_id=e9122f662a5243a1880d8611d6533209&name=default 0.488s
2025-11-22 01:33:24.721 66285 INFO tempest.lib.common.rest_client [req-341ee1a3-e2fc-4558-b8ca-ef2bc6fe7ae0 req-341ee1a3-e2fc-4558-b8ca-ef2bc6fe7ae0 ] Request (AttachInterfacesV270Test:setUpClass): 200 PUT http://10.180.1.21/networking/v2.0/routers/c4db11c1-2155-476a-9475-d83de1521795/add_router_interface 1.044s
2025-11-22 01:33:24.721 66285 INFO tempest.lib.common.dynamic_creds [-] Created isolated network resources for: credentials: Credentials: {'domain_id': 'default', 'domain_name': 'Default', 'username': 'tempest-AttachInterfacesV270Test-1902442389-project-member', 'project_domain_id': 'default', 'project_domain_name': 'Default', 'project_id': '1c694ee7025f4fa59524c5de580a719a', 'project_name': 'tempest-AttachInterfacesV270Test-1902442389', 'tenant_id': '1c694ee7025f4fa59524c5de580a719a', 'tenant_name': 'tempest-AttachInterfacesV270Test-1902442389', 'user_domain_id': 'default', 'user_domain_name': 'Default', 'user_id': '862715dde00546beb14e8a04a39985f7', 'system': None}, Network: {'id': '40362244-833c-45ca-8788-314e2835a547', 'name': 'tempest-AttachInterfacesV270Test-45727848-network', 'tenant_id': '1c694ee7025f4fa59524c5de580a719a', 'project_id': '1c694ee7025f4fa59524c5de580a719a', 'admin_state_up': True, 'mtu': 8950, 'status': 'ACTIVE', 'subnets': [], 'shared': False, 'port_security_enabled': True, 'router:external': False, 'provider:network_type': 'vlan', 'provider:physical_network': 'default', 'provider:segmentation_id': 591, 'availability_zone_hints': [], 'availability_zones': [], 'ipv4_address_scope': None, 'ipv6_address_scope': None, 'description': '', 'tags': [], 'created_at': '2025-11-22T01:33:21Z', 'updated_at': '2025-11-22T01:33:21Z', 'revision_number': 1}, Subnet: {'id': 'f217f801-48cf-48ec-a71c-cb5d8925df9f', 'name': 'tempest-AttachInterfacesV270Test-45727848-subnet', 'tenant_id': '1c694ee7025f4fa59524c5de580a719a', 'network_id': '40362244-833c-45ca-8788-314e2835a547', 'ip_version': 4, 'subnetpool_id': None, 'enable_dhcp': True, 'ipv6_ra_mode': None, 'ipv6_address_mode': None, 'gateway_ip': '192.168.128.1', 'cidr': '192.168.128.0/28', 'allocation_pools': [{'start': '192.168.128.2', 'end': '192.168.128.14'}], 'host_routes': [], 'dns_nameservers': [], 'description': '', 'router:external': False, 'service_types': [], 'tags': [], 'created_at': '2025-11-22T01:33:22Z', 'updated_at': '2025-11-22T01:33:22Z', 'revision_number': 0, 'project_id': '1c694ee7025f4fa59524c5de580a719a'}, Router: {'id': 'c4db11c1-2155-476a-9475-d83de1521795', 'name': 'tempest-AttachInterfacesV270Test-45727848-router', 'tenant_id': '1c694ee7025f4fa59524c5de580a719a', 'admin_state_up': True, 'status': 'ACTIVE', 'external_gateway_info': {'network_id': '9e6d33f6-b854-489b-8c69-c19488b59fc9', 'external_fixed_ips': [{'subnet_id': '6949f182-77b4-4a09-93e5-025b6dd73ca9', 'ip_address': '10.180.180.210'}], 'enable_snat': True}, 'description': '', 'availability_zones': [], 'distributed': False, 'ha': False, 'availability_zone_hints': [], 'routes': [], 'flavor_id': None, 'tags': [], 'created_at': '2025-11-22T01:33:22Z', 'updated_at': '2025-11-22T01:33:23Z', 'revision_number': 2, 'project_id': '1c694ee7025f4fa59524c5de580a719a'}
2025-11-22 01:33:24.761 66303 INFO tempest.lib.common.rest_client [req-881842e3-c579-45c3-8770-082ad1bffe1a req-881842e3-c579-45c3-8770-082ad1bffe1a ] Request (ServersAdminNegativeTestJSON:test_migrate_server_invalid_state): 200 GET http://10.180.1.21/compute/v2.1/servers/dcb140a2-7c3e-45aa-99a0-cfd7358843c0 7.031s
2025-11-22 01:33:24.771 66303 INFO tempest.common.waiters [-] State transition "BUILD/spawning" ==> "ACTIVE/None" after 14 second wait
2025-11-22 01:33:24.802 66269 INFO tempest.lib.common.rest_client [req-c7f11fee-ea76-4b9a-adca-cb97ce7f46f9 req-c7f11fee-ea76-4b9a-adca-cb97ce7f46f9 ] Request (InstanceActionsTestJSON:test_list_instance_actions): 200 GET http://10.180.1.21/compute/v2.1/servers/90812af0-5d71-4864-82f1-b852f3454c23 7.054s
2025-11-22 01:33:24.859 66305 INFO tempest.lib.common.rest_client [req-b91af958-09f5-4dfb-aa91-2e76bc9188b2 req-b91af958-09f5-4dfb-aa91-2e76bc9188b2 ] Request (ServerTagsTestJSON:_run_cleanups): 204 DELETE http://10.180.1.21/compute/v2.1/servers/13f8ab42-d467-4a8e-b4e4-c61c5e748ca8/tags 7.091s
2025-11-22 01:33:24.869 66285 INFO tempest.lib.common.rest_client [req-098cd919-bd4e-40ea-9150-6d77808c18a7 req-098cd919-bd4e-40ea-9150-6d77808c18a7 ] Request (AttachInterfacesV270Test:setUpClass): 201 POST http://10.180.1.21/identity/v3/auth/tokens 0.143s
2025-11-22 01:33:24.892 66279 INFO tempest.lib.common.rest_client [req-9b889daf-a5ad-4419-8cc0-1b7c8b3f3558 req-9b889daf-a5ad-4419-8cc0-1b7c8b3f3558 ] Request (ServersTestBootFromVolume:setUpClass): 200 GET http://10.180.1.21/volume/v3/volumes/0732839d-2683-42d8-9bb6-6cb15a06ff26 0.045s
2025-11-22 01:33:24.920 66285 INFO tempest.lib.common.rest_client [req-3885f74e-55bb-4405-9626-c3ee72c5b3ad req-3885f74e-55bb-4405-9626-c3ee72c5b3ad ] Request (AttachInterfacesV270Test:test_create_get_list_interfaces): 201 POST http://10.180.1.21/identity/v3/auth/tokens 0.046s
2025-11-22 01:33:24.920 66285 INFO tempest.lib.common.fixed_network [-] (AttachInterfacesV270Test:test_create_get_list_interfaces) Found network {'id': '40362244-833c-45ca-8788-314e2835a547', 'name': 'tempest-AttachInterfacesV270Test-45727848-network', 'tenant_id': '1c694ee7025f4fa59524c5de580a719a', 'project_id': '1c694ee7025f4fa59524c5de580a719a', 'admin_state_up': True, 'mtu': 8950, 'status': 'ACTIVE', 'subnets': [], 'shared': False, 'port_security_enabled': True, 'router:external': False, 'provider:network_type': 'vlan', 'provider:physical_network': 'default', 'provider:segmentation_id': 591, 'availability_zone_hints': [], 'availability_zones': [], 'ipv4_address_scope': None, 'ipv6_address_scope': None, 'description': '', 'tags': [], 'created_at': '2025-11-22T01:33:21Z', 'updated_at': '2025-11-22T01:33:21Z', 'revision_number': 1} available for tenant
2025-11-22 01:33:24.930 66301 WARNING tempest.lib.common.ssh [-] Failed to establish authenticated ssh connection to cirros@10.180.180.138 ([Errno None] Unable to connect to port 22 on 10.180.180.138). Number attempts: 1. Retry after 2 seconds.: paramiko.ssh_exception.NoValidConnectionsError: [Errno None] Unable to connect to port 22 on 10.180.180.138
2025-11-22 01:33:24.945 66287 INFO tempest.lib.common.rest_client [req-f575734a-924b-41dd-8f25-fd1c7e5a114f req-f575734a-924b-41dd-8f25-fd1c7e5a114f ] Request (ServicesAdminNegativeTestJSON:tearDownClass): 204 DELETE http://10.180.1.21/networking/v2.0/security-groups/de709b9d-620a-4506-96b4-027b46d1a56a 0.312s
2025-11-22 01:33:24.996 66261 INFO tempest.lib.common.rest_client [req-45610f35-99e1-4419-8ed3-6f40d00bff93 req-45610f35-99e1-4419-8ed3-6f40d00bff93 ] Request (ServersAdminTestJSON:setUpClass): 200 GET http://10.180.1.21/compute/v2.1/servers/ff49aad2-c83a-4d78-a9d5-01b0c7abc78a 6.934s
2025-11-22 01:33:25.027 66323 INFO tempest.lib.common.rest_client [req-ddd7059a-9303-4287-9129-e7aa5db9e64c req-ddd7059a-9303-4287-9129-e7aa5db9e64c ] Request (FlavorsV261TestJSON:_run_cleanups): 202 DELETE http://10.180.1.21/compute/v2.1/flavors/172171905 6.473s
2025-11-22 01:33:25.052 66287 INFO tempest.lib.common.rest_client [req-f40f36a3-6e54-4d72-abfc-9bfcf9c9d0c3 req-f40f36a3-6e54-4d72-abfc-9bfcf9c9d0c3 ] Request (ServicesAdminNegativeTestJSON:tearDownClass): 204 DELETE http://10.180.1.21/identity/v3/projects/e9122f662a5243a1880d8611d6533209 0.106s
2025-11-22 01:33:25.053 66287 INFO tempest.lib.common.dynamic_creds [-] Deleting project and security group for project: c6a122753d354af1bd33822001438a23
2025-11-22 01:33:25.088 66307 INFO tempest.lib.common.rest_client [req-39c28c1f-b3ba-4c4a-bbf8-ee9f50919e1d req-39c28c1f-b3ba-4c4a-bbf8-ee9f50919e1d ] Request (TenantUsagesTestJSON:test_list_usage_all_tenants): 200 GET http://10.180.1.21/compute/v2.1/os-simple-tenant-usage?start=2025-11-21T01%3A33%3A08.134517&end=2025-11-23T01%3A33%3A08.134517&detailed=1 6.432s
2025-11-22 01:33:25.096 66296 INFO tempest.lib.common.rest_client [req-8da2e1b6-cd19-497e-8a32-76810ab4254a req-8da2e1b6-cd19-497e-8a32-76810ab4254a ] Request (TenantUsagesNegativeTestJSON:test_get_usage_tenant_with_invalid_date): 400 GET http://10.180.1.21/compute/v2.1/os-simple-tenant-usage/4c7122053c804e29b892ce39365d043f?start=2025-11-23T01%3A33%3A15.490298&end=2025-11-21T01%3A33%3A15.490298 6.195s
2025-11-22 01:33:25.102 66312 INFO tempest.lib.common.rest_client [req-56a64c2a-315a-4d27-b328-093bfa0bb83a req-56a64c2a-315a-4d27-b328-093bfa0bb83a ] Request (QuotasAdminNegativeTest:test_update_quota_normal_user): 403 PUT http://10.180.1.21/compute/v2.1/os-quota-sets/53b6b9fc0837440ea0719dc15d0bc34a 5.842s
2025-11-22 01:33:25.184 66321 INFO tempest.lib.common.rest_client [req-3ff2ba77-64e0-4326-9d80-5e6c0874c280 req-3ff2ba77-64e0-4326-9d80-5e6c0874c280 ] Request (SecurityGroupRulesTestJSON:test_security_group_rules_create_with_optional_cidr): 200 POST http://10.180.1.21/compute/v2.1/os-security-group-rules 6.662s
2025-11-22 01:33:25.237 66312 INFO tempest.lib.common.rest_client [req-ce0a9a82-049a-401b-b7a0-d4b85ce62281 req-ce0a9a82-049a-401b-b7a0-d4b85ce62281 ] Request (QuotasAdminNegativeTest:tearDownClass): 204 DELETE http://10.180.1.21/identity/v3/users/03db848945c4449181f23ce6734c7868 0.133s
2025-11-22 01:33:25.290 66287 INFO tempest.lib.common.rest_client [req-c56fe459-ea67-4f9a-887c-2503c3798096 req-c56fe459-ea67-4f9a-887c-2503c3798096 ] Request (ServicesAdminNegativeTestJSON:tearDownClass): 200 GET http://10.180.1.21/networking/v2.0/security-groups?tenant_id=c6a122753d354af1bd33822001438a23&name=default 0.237s
2025-11-22 01:33:25.368 66312 INFO tempest.lib.common.rest_client [req-77159150-ec16-4eae-9b95-2e5d8c3f5002 req-77159150-ec16-4eae-9b95-2e5d8c3f5002 ] Request (QuotasAdminNegativeTest:tearDownClass): 204 DELETE http://10.180.1.21/identity/v3/users/d416e387d25640518da825c4aac50b7a 0.129s
2025-11-22 01:33:25.368 66312 INFO tempest.lib.common.dynamic_creds [-] Deleting project and security group for project: 53b6b9fc0837440ea0719dc15d0bc34a
2025-11-22 01:33:25.422 66299 INFO tempest.lib.common.rest_client [req-f2dc2810-03a8-4fa3-a9c4-45ca1aa9f739 req-f2dc2810-03a8-4fa3-a9c4-45ca1aa9f739 ] Request (ServerPasswordTestJSON:setUpClass): 200 GET http://10.180.1.21/compute/v2.1/servers/a39b73d3-2d00-4ae9-8513-3689b553349d 6.119s
2025-11-22 01:33:25.438 66312 INFO tempest.lib.common.rest_client [req-0e997a1e-662a-4354-8b54-f1ee49e9affa req-0e997a1e-662a-4354-8b54-f1ee49e9affa ] Request (QuotasAdminNegativeTest:tearDownClass): 201 POST http://10.180.1.21/identity/v3/auth/tokens 0.070s
2025-11-22 01:33:25.500 66287 INFO tempest.lib.common.rest_client [req-d99eb029-504d-4ac9-a398-b2150a5e5a70 req-d99eb029-504d-4ac9-a398-b2150a5e5a70 ] Request (ServicesAdminNegativeTestJSON:tearDownClass): 204 DELETE http://10.180.1.21/networking/v2.0/security-groups/6dd42eaf-ab87-4923-8b07-93653eacd79b 0.210s
2025-11-22 01:33:25.531 66265 INFO tempest.lib.common.rest_client [req-fe7efdb2-9f3b-4f03-9679-bdf40e02206a req-fe7efdb2-9f3b-4f03-9679-bdf40e02206a ] Request (MigrationsAdminTest:test_list_migrations_in_flavor_resize_situation): 200 GET http://10.180.1.21/compute/v2.1/servers/e915bf9c-bcc2-46d1-a199-5bf4af3613c9 6.241s
2025-11-22 01:33:25.538 66265 INFO tempest.common.waiters [-] State transition "RESIZE/resize_prep" ==> "RESIZE/resize_migrating" after 13 second wait
2025-11-22 01:33:25.559 66287 INFO tempest.lib.common.rest_client [req-63124f02-26b4-4b82-9fd8-b5a5fd1835e1 req-63124f02-26b4-4b82-9fd8-b5a5fd1835e1 ] Request (ServicesAdminNegativeTestJSON:tearDownClass): 204 DELETE http://10.180.1.21/identity/v3/projects/c6a122753d354af1bd33822001438a23 0.058s
2025-11-22 01:33:25.619 66287 INFO tempest.lib.common.rest_client [req-c2372947-c41b-44d8-9ef3-1cd6d8ca5a50 req-c2372947-c41b-44d8-9ef3-1cd6d8ca5a50 ] Request (KeyPairsV2TestJSON:setUpClass): 201 POST http://10.180.1.21/identity/v3/auth/tokens 0.057s
2025-11-22 01:33:25.659 66287 INFO tempest.lib.common.rest_client [req-da02013f-01e2-45a2-9c1e-2f89e5b9a73e req-da02013f-01e2-45a2-9c1e-2f89e5b9a73e ] Request (KeyPairsV2TestJSON:setUpClass): 201 POST http://10.180.1.21/identity/v3/auth/tokens 0.037s
2025-11-22 01:33:25.690 66287 INFO tempest.lib.common.rest_client [req-29dc868a-b13f-45ef-b1a7-b4bff3b4bc88 req-29dc868a-b13f-45ef-b1a7-b4bff3b4bc88 ] Request (KeyPairsV2TestJSON:setUpClass): 200 GET http://10.180.1.21/identity/v3/domains?name=Default 0.031s
2025-11-22 01:33:25.729 66287 INFO tempest.lib.common.rest_client [req-7364d4ec-dd83-491d-8f6f-78a7cafbf1d3 req-7364d4ec-dd83-491d-8f6f-78a7cafbf1d3 ] Request (KeyPairsV2TestJSON:setUpClass): 201 POST http://10.180.1.21/identity/v3/projects 0.038s
2025-11-22 01:33:25.805 66312 INFO tempest.lib.common.rest_client [req-a4e8246a-ce2a-4587-882a-c8639aefe374 req-a4e8246a-ce2a-4587-882a-c8639aefe374 ] Request (QuotasAdminNegativeTest:tearDownClass): 200 GET http://10.180.1.21/networking/v2.0/security-groups?tenant_id=53b6b9fc0837440ea0719dc15d0bc34a&name=default 0.366s
2025-11-22 01:33:25.820 66287 INFO tempest.lib.common.rest_client [req-5ca2beb2-de82-47ee-b888-27240f5b376b req-5ca2beb2-de82-47ee-b888-27240f5b376b ] Request (KeyPairsV2TestJSON:setUpClass): 201 POST http://10.180.1.21/identity/v3/users 0.091s
2025-11-22 01:33:25.849 66287 INFO tempest.lib.common.rest_client [req-22bef963-ef4f-4fdf-bf42-ab214c3dca01 req-22bef963-ef4f-4fdf-bf42-ab214c3dca01 ] Request (KeyPairsV2TestJSON:setUpClass): 200 GET http://10.180.1.21/identity/v3/roles 0.028s
2025-11-22 01:33:25.877 66287 INFO tempest.lib.common.rest_client [req-7c47ef4f-bd7e-4f2a-a728-6e4474224ab0 req-7c47ef4f-bd7e-4f2a-a728-6e4474224ab0 ] Request (KeyPairsV2TestJSON:setUpClass): 204 PUT http://10.180.1.21/identity/v3/projects/fd77f93b8438448bb92c1484e3831082/users/d1a14e20ecab4afc96460b370be77362/roles/7927345b1f79467fb44a6c575d204232 0.027s
2025-11-22 01:33:25.877 66287 INFO tempest.lib.common.dynamic_creds [-] Dynamic test user d1a14e20ecab4afc96460b370be77362 is created with scope project and roles: ['member']
2025-11-22 01:33:25.877 66287 INFO tempest.lib.common.dynamic_creds [-] Acquired dynamic creds: credentials: Credentials: {'domain_id': 'default', 'domain_name': 'Default', 'username': 'tempest-KeyPairsV2TestJSON-2093335261-project-member', 'project_domain_id': 'default', 'project_domain_name': 'Default', 'project_id': 'fd77f93b8438448bb92c1484e3831082', 'project_name': 'tempest-KeyPairsV2TestJSON-2093335261', 'tenant_id': 'fd77f93b8438448bb92c1484e3831082', 'tenant_name': 'tempest-KeyPairsV2TestJSON-2093335261', 'user_domain_id': 'default', 'user_domain_name': 'Default', 'user_id': 'd1a14e20ecab4afc96460b370be77362', 'system': None}, Network: None, Subnet: None, Router: None
2025-11-22 01:33:25.877 66287 INFO tempest.lib.common.dynamic_creds [-] Created isolated network resources for: credentials: Credentials: {'domain_id': 'default', 'domain_name': 'Default', 'username': 'tempest-KeyPairsV2TestJSON-2093335261-project-member', 'project_domain_id': 'default', 'project_domain_name': 'Default', 'project_id': 'fd77f93b8438448bb92c1484e3831082', 'project_name': 'tempest-KeyPairsV2TestJSON-2093335261', 'tenant_id': 'fd77f93b8438448bb92c1484e3831082', 'tenant_name': 'tempest-KeyPairsV2TestJSON-2093335261', 'user_domain_id': 'default', 'user_domain_name': 'Default', 'user_id': 'd1a14e20ecab4afc96460b370be77362', 'system': None}, Network: None, Subnet: None, Router: None
2025-11-22 01:33:25.924 66267 INFO tempest.lib.common.rest_client [req-c3921747-7bdd-48a6-9f26-d516369af69f req-c3921747-7bdd-48a6-9f26-d516369af69f ] Request (SecurityGroupRulesNegativeTestJSON:test_create_security_group_rule_with_invalid_from_port): 400 POST http://10.180.1.21/compute/v2.1/os-security-group-rules 6.091s
2025-11-22 01:33:25.939 66279 INFO tempest.lib.common.rest_client [req-d63722a8-a99c-4091-9d96-5febd7d2bbbf req-d63722a8-a99c-4091-9d96-5febd7d2bbbf ] Request (ServersTestBootFromVolume:setUpClass): 200 GET http://10.180.1.21/volume/v3/volumes/0732839d-2683-42d8-9bb6-6cb15a06ff26 0.038s
2025-11-22 01:33:25.988 66287 INFO tempest.lib.common.rest_client [req-3052fd0a-f9e7-4ce6-8808-00da9c07f7c0 req-3052fd0a-f9e7-4ce6-8808-00da9c07f7c0 ] Request (KeyPairsV2TestJSON:setUpClass): 201 POST http://10.180.1.21/identity/v3/auth/tokens 0.108s
2025-11-22 01:33:26.034 66312 INFO tempest.lib.common.rest_client [req-4687f4fe-a19e-4bf4-ac10-c4c1783dcac0 req-4687f4fe-a19e-4bf4-ac10-c4c1783dcac0 ] Request (QuotasAdminNegativeTest:tearDownClass): 204 DELETE http://10.180.1.21/networking/v2.0/security-groups/c36c9911-7445-4e15-abb1-759d1cafdb30 0.228s
2025-11-22 01:33:26.072 66263 INFO tempest.lib.common.rest_client [req-2c49966d-7840-46cd-be5e-8a09c9faea58 req-2c49966d-7840-46cd-be5e-8a09c9faea58 ] Request (ServersWithSpecificFlavorTestJSON:test_verify_created_server_ephemeral_disk): 200 GET http://10.180.1.21/compute/v2.1/servers/96c16056-d944-45c0-a016-3d64751d85c2 6.334s
2025-11-22 01:33:26.080 66263 INFO tempest.common.waiters [-] State transition "BUILD/spawning" ==> "ACTIVE/None" after 14 second wait
2025-11-22 01:33:26.086 66291 INFO tempest.lib.common.rest_client [req-8e99912a-bc25-42a1-839b-4d5938cbc79b req-8e99912a-bc25-42a1-839b-4d5938cbc79b ] Request (VolumesAdminNegativeTest:test_update_attached_volume_with_nonexistent_volume_in_uri): 200 GET http://10.180.1.21/compute/v2.1/servers/65281687-0bbe-41c1-acc7-342178044749 4.584s
2025-11-22 01:33:26.160 66312 INFO tempest.lib.common.rest_client [req-ba46cc3c-3c49-4b60-b510-2d27eb8f27bf req-ba46cc3c-3c49-4b60-b510-2d27eb8f27bf ] Request (QuotasAdminNegativeTest:tearDownClass): 204 DELETE http://10.180.1.21/identity/v3/projects/53b6b9fc0837440ea0719dc15d0bc34a 0.126s
2025-11-22 01:33:26.161 66312 INFO tempest.lib.common.dynamic_creds [-] Deleting project and security group for project: 590f3d80c29a4b59ac2cc096ab7e9ad3
2025-11-22 01:33:26.293 66312 INFO tempest.lib.common.rest_client [req-0d903eab-0fd6-45c6-a2d6-dc9b39786cb4 req-0d903eab-0fd6-45c6-a2d6-dc9b39786cb4 ] Request (QuotasAdminNegativeTest:tearDownClass): 200 GET http://10.180.1.21/networking/v2.0/security-groups?tenant_id=590f3d80c29a4b59ac2cc096ab7e9ad3&name=default 0.132s
2025-11-22 01:33:26.492 66312 INFO tempest.lib.common.rest_client [req-20ed75b1-5c5c-486a-916e-e71458c22b2b req-20ed75b1-5c5c-486a-916e-e71458c22b2b ] Request (QuotasAdminNegativeTest:tearDownClass): 204 DELETE http://10.180.1.21/networking/v2.0/security-groups/bfa55fcb-c59c-4c2f-a2e1-a1d002ff3121 0.198s
2025-11-22 01:33:26.631 66312 INFO tempest.lib.common.rest_client [req-5b2f6d67-d9d3-480a-aa63-2cb4aeb81476 req-5b2f6d67-d9d3-480a-aa63-2cb4aeb81476 ] Request (QuotasAdminNegativeTest:tearDownClass): 204 DELETE http://10.180.1.21/identity/v3/projects/590f3d80c29a4b59ac2cc096ab7e9ad3 0.138s
2025-11-22 01:33:26.689 66312 INFO tempest.lib.common.rest_client [req-7581b40e-d7a8-42d1-84b7-5b0422b6d1da req-7581b40e-d7a8-42d1-84b7-5b0422b6d1da ] Request (ServicesAdminNegativeV253TestJSON:setUpClass): 201 POST http://10.180.1.21/identity/v3/auth/tokens 0.057s
2025-11-22 01:33:26.727 66312 INFO tempest.lib.common.rest_client [req-f613fe89-bd9e-48f9-a8f5-056e6c2b1b1c req-f613fe89-bd9e-48f9-a8f5-056e6c2b1b1c ] Request (ServicesAdminNegativeV253TestJSON:setUpClass): 201 POST http://10.180.1.21/identity/v3/auth/tokens 0.035s
2025-11-22 01:33:26.755 66312 INFO tempest.lib.common.rest_client [req-5b7032b9-0853-4a8a-b387-e9e2613319fe req-5b7032b9-0853-4a8a-b387-e9e2613319fe ] Request (ServicesAdminNegativeV253TestJSON:setUpClass): 200 GET http://10.180.1.21/identity/v3/domains?name=Default 0.027s
2025-11-22 01:33:26.787 66312 INFO tempest.lib.common.rest_client [req-d7f83749-d927-4a8a-a531-1bde705ee372 req-d7f83749-d927-4a8a-a531-1bde705ee372 ] Request (ServicesAdminNegativeV253TestJSON:setUpClass): 201 POST http://10.180.1.21/identity/v3/projects 0.031s
2025-11-22 01:33:26.845 66312 INFO tempest.lib.common.rest_client [req-a26862f1-fc3f-4589-8b30-b7cd6cb75951 req-a26862f1-fc3f-4589-8b30-b7cd6cb75951 ] Request (ServicesAdminNegativeV253TestJSON:setUpClass): 201 POST http://10.180.1.21/identity/v3/users 0.058s
2025-11-22 01:33:26.870 66312 INFO tempest.lib.common.rest_client [req-1bf65667-b61b-4493-ae2a-5f64e2ea4338 req-1bf65667-b61b-4493-ae2a-5f64e2ea4338 ] Request (ServicesAdminNegativeV253TestJSON:setUpClass): 200 GET http://10.180.1.21/identity/v3/roles 0.024s
2025-11-22 01:33:26.934 66312 INFO tempest.lib.common.rest_client [req-99c90c60-1baa-4504-bad9-ef79a28d141d req-99c90c60-1baa-4504-bad9-ef79a28d141d ] Request (ServicesAdminNegativeV253TestJSON:setUpClass): 204 PUT http://10.180.1.21/identity/v3/projects/422b0f32023f41f8b1c69517c0142026/users/be520b95c54e48ce95e384d1b2723420/roles/7927345b1f79467fb44a6c575d204232 0.061s
2025-11-22 01:33:26.934 66312 INFO tempest.lib.common.dynamic_creds [-] Dynamic test user be520b95c54e48ce95e384d1b2723420 is created with scope project and roles: ['member']
2025-11-22 01:33:26.935 66312 INFO tempest.lib.common.dynamic_creds [-] Acquired dynamic creds: credentials: Credentials: {'domain_id': 'default', 'domain_name': 'Default', 'username': 'tempest-ServicesAdminNegativeV253TestJSON-551975375-project-member', 'project_domain_id': 'default', 'project_domain_name': 'Default', 'project_id': '422b0f32023f41f8b1c69517c0142026', 'project_name': 'tempest-ServicesAdminNegativeV253TestJSON-551975375', 'tenant_id': '422b0f32023f41f8b1c69517c0142026', 'tenant_name': 'tempest-ServicesAdminNegativeV253TestJSON-551975375', 'user_domain_id': 'default', 'user_domain_name': 'Default', 'user_id': 'be520b95c54e48ce95e384d1b2723420', 'system': None}, Network: None, Subnet: None, Router: None
2025-11-22 01:33:26.935 66312 INFO tempest.lib.common.dynamic_creds [-] Created isolated network resources for: credentials: Credentials: {'domain_id': 'default', 'domain_name': 'Default', 'username': 'tempest-ServicesAdminNegativeV253TestJSON-551975375-project-member', 'project_domain_id': 'default', 'project_domain_name': 'Default', 'project_id': '422b0f32023f41f8b1c69517c0142026', 'project_name': 'tempest-ServicesAdminNegativeV253TestJSON-551975375', 'tenant_id': '422b0f32023f41f8b1c69517c0142026', 'tenant_name': 'tempest-ServicesAdminNegativeV253TestJSON-551975375', 'user_domain_id': 'default', 'user_domain_name': 'Default', 'user_id': 'be520b95c54e48ce95e384d1b2723420', 'system': None}, Network: None, Subnet: None, Router: None
2025-11-22 01:33:26.994 66279 INFO tempest.lib.common.rest_client [req-541df83e-cf7f-4312-9212-a301cbfafe75 req-541df83e-cf7f-4312-9212-a301cbfafe75 ] Request (ServersTestBootFromVolume:setUpClass): 200 GET http://10.180.1.21/volume/v3/volumes/0732839d-2683-42d8-9bb6-6cb15a06ff26 0.044s
2025-11-22 01:33:27.074 66312 INFO tempest.lib.common.rest_client [req-1fee68ec-43ed-4faf-b098-cffa6aaca564 req-1fee68ec-43ed-4faf-b098-cffa6aaca564 ] Request (ServicesAdminNegativeV253TestJSON:setUpClass): 201 POST http://10.180.1.21/identity/v3/auth/tokens 0.135s
2025-11-22 01:33:27.160 66312 INFO tempest.lib.common.rest_client [req-5c05a7e8-c4cf-49d5-9eb9-4a0113506e01 req-5c05a7e8-c4cf-49d5-9eb9-4a0113506e01 ] Request (ServicesAdminNegativeV253TestJSON:setUpClass): 201 POST http://10.180.1.21/identity/v3/projects 0.084s
2025-11-22 01:33:27.226 66312 INFO tempest.lib.common.rest_client [req-dc819640-d18e-4726-a89a-d9cb2237483b req-dc819640-d18e-4726-a89a-d9cb2237483b ] Request (ServicesAdminNegativeV253TestJSON:setUpClass): 201 POST http://10.180.1.21/identity/v3/users 0.065s
2025-11-22 01:33:27.250 66312 INFO tempest.lib.common.rest_client [req-7b9c9060-4eb0-43bb-964c-da9dc8207eed req-7b9c9060-4eb0-43bb-964c-da9dc8207eed ] Request (ServicesAdminNegativeV253TestJSON:setUpClass): 200 GET http://10.180.1.21/identity/v3/roles 0.024s
2025-11-22 01:33:27.284 66312 INFO tempest.lib.common.rest_client [req-c92b108a-e60b-48f6-be40-ee47d2962443 req-c92b108a-e60b-48f6-be40-ee47d2962443 ] Request (ServicesAdminNegativeV253TestJSON:setUpClass): 204 PUT http://10.180.1.21/identity/v3/projects/a892d99d35d247518b8c9fd3d70efb9a/users/7cc4b88f029445bcb36d50032e3a85e3/roles/53d6602af9cd425fb00776ece26ab2a6 0.033s
2025-11-22 01:33:27.482 66312 INFO tempest.lib.common.rest_client [req-8e4f18fc-abe4-404d-a7b6-615b6a6477b4 req-8e4f18fc-abe4-404d-a7b6-615b6a6477b4 ] Request (ServicesAdminNegativeV253TestJSON:setUpClass): 200 GET http://10.180.1.21/identity/v3/roles 0.197s
2025-11-22 01:33:27.508 66312 INFO tempest.lib.common.rest_client [req-403f1be4-71f2-4616-bd00-38bb69e41593 req-403f1be4-71f2-4616-bd00-38bb69e41593 ] Request (ServicesAdminNegativeV253TestJSON:setUpClass): 204 PUT http://10.180.1.21/identity/v3/projects/a892d99d35d247518b8c9fd3d70efb9a/users/7cc4b88f029445bcb36d50032e3a85e3/roles/53d6602af9cd425fb00776ece26ab2a6 0.025s
2025-11-22 01:33:27.508 66312 INFO tempest.lib.common.dynamic_creds [-] Dynamic test user 7cc4b88f029445bcb36d50032e3a85e3 is created with scope project and roles: ['admin']
2025-11-22 01:33:27.508 66312 INFO tempest.lib.common.dynamic_creds [-] Acquired dynamic creds: credentials: Credentials: {'domain_id': 'default', 'domain_name': 'Default', 'username': 'tempest-ServicesAdminNegativeV253TestJSON-1473128589-project-admin', 'project_domain_id': 'default', 'project_domain_name': 'Default', 'project_id': 'a892d99d35d247518b8c9fd3d70efb9a', 'project_name': 'tempest-ServicesAdminNegativeV253TestJSON-1473128589', 'tenant_id': 'a892d99d35d247518b8c9fd3d70efb9a', 'tenant_name': 'tempest-ServicesAdminNegativeV253TestJSON-1473128589', 'user_domain_id': 'default', 'user_domain_name': 'Default', 'user_id': '7cc4b88f029445bcb36d50032e3a85e3', 'system': None}, Network: None, Subnet: None, Router: None
2025-11-22 01:33:27.508 66312 INFO tempest.lib.common.dynamic_creds [-] Created isolated network resources for: credentials: Credentials: {'domain_id': 'default', 'domain_name': 'Default', 'username': 'tempest-ServicesAdminNegativeV253TestJSON-1473128589-project-admin', 'project_domain_id': 'default', 'project_domain_name': 'Default', 'project_id': 'a892d99d35d247518b8c9fd3d70efb9a', 'project_name': 'tempest-ServicesAdminNegativeV253TestJSON-1473128589', 'tenant_id': 'a892d99d35d247518b8c9fd3d70efb9a', 'tenant_name': 'tempest-ServicesAdminNegativeV253TestJSON-1473128589', 'user_domain_id': 'default', 'user_domain_name': 'Default', 'user_id': '7cc4b88f029445bcb36d50032e3a85e3', 'system': None}, Network: None, Subnet: None, Router: None
2025-11-22 01:33:27.583 66312 INFO tempest.lib.common.rest_client [req-44b78f6e-916a-4425-9a3d-d5d49148f286 req-44b78f6e-916a-4425-9a3d-d5d49148f286 ] Request (ServicesAdminNegativeV253TestJSON:setUpClass): 201 POST http://10.180.1.21/identity/v3/auth/tokens 0.072s
2025-11-22 01:33:27.679 66317 INFO tempest.lib.common.rest_client [req-87ed794e-422d-4bb0-b3d3-d4b469fa80ed req-87ed794e-422d-4bb0-b3d3-d4b469fa80ed ] Request (InstanceActionsNegativeTestJSON:setUpClass): 202 POST http://10.180.1.21/compute/v2.1/servers 5.054s
2025-11-22 01:33:27.684 66319 INFO tempest.lib.common.rest_client [req-8a99eee1-5175-4533-8ec4-4ad02cf05ffb req-8a99eee1-5175-4533-8ec4-4ad02cf05ffb ] Request (AggregatesAdminNegativeTestJSON:test_aggregate_create_aggregate_name_length_less_than_1): 400 POST http://10.180.1.21/compute/v2.1/os-aggregates 4.374s
2025-11-22 01:33:27.712 66271 INFO tempest.lib.common.rest_client [req-f73409ee-f9b1-4673-8518-ca3f482b3c3a req-f73409ee-f9b1-4673-8518-ca3f482b3c3a ] Request (FlavorsV2TestJSON:test_list_flavors_with_detail): 200 GET http://10.180.1.21/compute/v2.1/flavors/detail 4.358s
2025-11-22 01:33:27.728 66277 INFO tempest.lib.common.rest_client [req-0acd16ae-d28a-4a38-8258-730a0de01766 req-0acd16ae-d28a-4a38-8258-730a0de01766 ] Request (FlavorsAdminTestJSON:test_create_list_flavor_without_extra_data): 200 GET http://10.180.1.21/compute/v2.1/flavors/1236789077 4.356s
2025-11-22 01:33:27.920 66297 INFO tempest.lib.common.rest_client [req-3a31e247-b8f1-4e35-847a-85be8ba44db3 req-3a31e247-b8f1-4e35-847a-85be8ba44db3 ] Request (QuotasAdminTestJSON:test_get_default_quotas): 200 GET http://10.180.1.21/compute/v2.1/os-quota-sets/e390cafc7b414fc5ade739c9fb2b5f84/defaults 4.493s
2025-11-22 01:33:27.938 66301 WARNING tempest.lib.common.ssh [-] Failed to establish authenticated ssh connection to cirros@10.180.180.138 ([Errno None] Unable to connect to port 22 on 10.180.180.138). Number attempts: 2. Retry after 3 seconds.: paramiko.ssh_exception.NoValidConnectionsError: [Errno None] Unable to connect to port 22 on 10.180.180.138
2025-11-22 01:33:27.954 66297 INFO tempest.lib.common.rest_client [req-b37967b7-d8f6-4af3-8272-bc33f17cc203 req-b37967b7-d8f6-4af3-8272-bc33f17cc203 ] Request (QuotasAdminTestJSON:test_get_updated_quotas): 200 GET http://10.180.1.21/identity/v3/domains?name=Default 0.029s
2025-11-22 01:33:27.992 66297 INFO tempest.lib.common.rest_client [req-c00d5791-3682-4ff6-8f1b-519cdf366adf req-c00d5791-3682-4ff6-8f1b-519cdf366adf ] Request (QuotasAdminTestJSON:test_get_updated_quotas): 201 POST http://10.180.1.21/identity/v3/projects 0.038s
2025-11-22 01:33:28.049 66279 INFO tempest.lib.common.rest_client [req-d2c2cdfb-4ae5-4b65-9813-227ad9c396b6 req-d2c2cdfb-4ae5-4b65-9813-227ad9c396b6 ] Request (ServersTestBootFromVolume:setUpClass): 200 GET http://10.180.1.21/volume/v3/volumes/0732839d-2683-42d8-9bb6-6cb15a06ff26 0.036s
2025-11-22 01:33:28.063 66297 INFO tempest.lib.common.rest_client [req-cdbe26a0-a3f3-4ce9-a8b6-8f6a5656b1bb req-cdbe26a0-a3f3-4ce9-a8b6-8f6a5656b1bb ] Request (QuotasAdminTestJSON:test_get_updated_quotas): 200 GET http://10.180.1.21/identity/v3/domains?name=Default 0.070s
2025-11-22 01:33:28.620 66309 INFO tempest.lib.common.rest_client [req-c24bc9b9-dd32-444e-9c0f-27b0773bc017 req-c24bc9b9-dd32-444e-9c0f-27b0773bc017 ] Request (FloatingIPsAssociationNegativeTestJSON:test_associate_ip_to_server_with_floating_ip): 202 POST http://10.180.1.21/compute/v2.1/servers/f1e9dd22-ffcc-418a-b1f8-efa9e3152cb7/action 5.485s
2025-11-22 01:33:28.643 66315 INFO tempest.lib.common.rest_client [req-2f3fd370-3340-4644-a677-56d97249521a req-2f3fd370-3340-4644-a677-56d97249521a ] Request (FlavorsAccessNegativeTestJSON:_run_cleanups): 200 GET http://10.180.1.21/compute/v2.1/flavors/detail 5.061s
2025-11-22 01:33:28.810 66313 INFO tempest.lib.common.rest_client [req-e53f35c9-9e26-42dd-a769-d728ba0e31be req-e53f35c9-9e26-42dd-a769-d728ba0e31be ] Request (SecurityGroupsTestJSON:test_list_security_groups_by_server): 202 POST http://10.180.1.21/compute/v2.1/servers/6077d2c8-ec37-4f4e-8fde-434db9fac899/action 5.251s
2025-11-22 01:33:28.983 66293 INFO tempest.lib.common.rest_client [req-ee948f43-e156-4b79-b823-8853527e348e req-ee948f43-e156-4b79-b823-8853527e348e ] Request (ServersAdmin275Test:tearDownClass): 204 DELETE http://10.180.1.21/compute/v2.1/servers/7bc1cded-46b2-4f54-aef6-0ca7c7df4112 5.095s
2025-11-22 01:33:29.006 66281 INFO tempest.lib.common.rest_client [req-6a2f5d55-3499-4c4c-905d-7b77fe19eb96 req-6a2f5d55-3499-4c4c-905d-7b77fe19eb96 ] Request (ImagesOneServerTestJSON:setUpClass): 200 GET http://10.180.1.21/compute/v2.1/servers/6971b489-9a9a-4072-9ee6-f2d8d4fade94 4.305s
2025-11-22 01:33:29.023 66275 INFO tempest.lib.common.rest_client [req-78ba1219-d012-4d2f-ab76-31c1168cf3c7 req-78ba1219-d012-4d2f-ab76-31c1168cf3c7 ] Request (ImagesTestJSON:test_create_image_from_stopped_server): 200 GET http://10.180.1.21/compute/v2.1/images/7628210b-24d0-4454-948f-81d125e2f137 4.281s
