2025-11-22 01:35:37.448 66301 INFO tempest.lib.common.rest_client [req-c431288b-75f3-455a-839d-98bb02cea194 req-c431288b-75f3-455a-839d-98bb02cea194 ] Request (FlavorsExtraSpecsTestJSON:setUpClass): 200 GET http://10.180.1.21/identity/v3/roles 0.086s
2025-11-22 01:35:37.467 66281 INFO tempest.lib.common.rest_client [req-4703bcb6-8ece-4bb7-8890-a72ab1e13271 req-4703bcb6-8ece-4bb7-8890-a72ab1e13271 ] Request (QuotasTestJSON:setUpClass): 201 POST http://10.180.1.21/identity/v3/auth/tokens 0.097s
2025-11-22 01:35:37.492 66301 INFO tempest.lib.common.rest_client [req-7fda1342-b5c8-4307-a0ce-efedc5743bec req-7fda1342-b5c8-4307-a0ce-efedc5743bec ] Request (FlavorsExtraSpecsTestJSON:setUpClass): 204 PUT http://10.180.1.21/identity/v3/projects/0a57e6c7ba524599a97a4a74e62657ec/users/40438b4453f14c4f8aa09bb5dcbc4e1a/roles/53d6602af9cd425fb00776ece26ab2a6 0.044s
2025-11-22 01:35:37.544 66301 INFO tempest.lib.common.rest_client [req-d247550d-eed4-42e0-ab92-2de9de52ba7e req-d247550d-eed4-42e0-ab92-2de9de52ba7e ] Request (FlavorsExtraSpecsTestJSON:setUpClass): 200 GET http://10.180.1.21/identity/v3/roles 0.051s
2025-11-22 01:35:37.561 66301 INFO tempest.lib.common.rest_client [req-3f3638ba-2072-4e44-af11-3f3e44a15782 req-3f3638ba-2072-4e44-af11-3f3e44a15782 ] Request (FlavorsExtraSpecsTestJSON:setUpClass): 204 PUT http://10.180.1.21/identity/v3/projects/0a57e6c7ba524599a97a4a74e62657ec/users/40438b4453f14c4f8aa09bb5dcbc4e1a/roles/53d6602af9cd425fb00776ece26ab2a6 0.017s
2025-11-22 01:35:37.562 66301 INFO tempest.lib.common.dynamic_creds [-] Dynamic test user 40438b4453f14c4f8aa09bb5dcbc4e1a is created with scope project and roles: ['admin']
2025-11-22 01:35:37.562 66301 INFO tempest.lib.common.dynamic_creds [-] Acquired dynamic creds: credentials: Credentials: {'domain_id': 'default', 'domain_name': 'Default', 'username': 'tempest-FlavorsExtraSpecsTestJSON-1343354606-project-admin', 'project_domain_id': 'default', 'project_domain_name': 'Default', 'project_id': '0a57e6c7ba524599a97a4a74e62657ec', 'project_name': 'tempest-FlavorsExtraSpecsTestJSON-1343354606', 'tenant_id': '0a57e6c7ba524599a97a4a74e62657ec', 'tenant_name': 'tempest-FlavorsExtraSpecsTestJSON-1343354606', 'user_domain_id': 'default', 'user_domain_name': 'Default', 'user_id': '40438b4453f14c4f8aa09bb5dcbc4e1a', 'system': None}, Network: None, Subnet: None, Router: None
2025-11-22 01:35:37.562 66301 INFO tempest.lib.common.dynamic_creds [-] Created isolated network resources for: credentials: Credentials: {'domain_id': 'default', 'domain_name': 'Default', 'username': 'tempest-FlavorsExtraSpecsTestJSON-1343354606-project-admin', 'project_domain_id': 'default', 'project_domain_name': 'Default', 'project_id': '0a57e6c7ba524599a97a4a74e62657ec', 'project_name': 'tempest-FlavorsExtraSpecsTestJSON-1343354606', 'tenant_id': '0a57e6c7ba524599a97a4a74e62657ec', 'tenant_name': 'tempest-FlavorsExtraSpecsTestJSON-1343354606', 'user_domain_id': 'default', 'user_domain_name': 'Default', 'user_id': '40438b4453f14c4f8aa09bb5dcbc4e1a', 'system': None}, Network: None, Subnet: None, Router: None
2025-11-22 01:35:37.600 66261 INFO tempest.lib.common.rest_client [req-80db6bc0-a597-4e6e-b968-cac7985a7930 req-80db6bc0-a597-4e6e-b968-cac7985a7930 ] Request (ServersAdminTestJSON:test_rebuild_server_in_error_state): 200 GET http://10.180.1.21/compute/v2.1/servers/f6250a21-25fe-43c8-b258-a8598789eedb 3.318s
2025-11-22 01:35:37.679 66301 INFO tempest.lib.common.rest_client [req-acb290e4-b6bb-424f-924c-13e1d6a670a0 req-acb290e4-b6bb-424f-924c-13e1d6a670a0 ] Request (FlavorsExtraSpecsTestJSON:setUpClass): 201 POST http://10.180.1.21/identity/v3/auth/tokens 0.114s
2025-11-22 01:35:37.892 66296 INFO tempest.lib.common.rest_client [req-6be4c581-b5f4-489a-b6a6-1b9cd64dc6df req-6be4c581-b5f4-489a-b6a6-1b9cd64dc6df ] Request (ServersTestMultiNic:test_verify_multiple_nics_order): 200 GET http://10.180.1.21/compute/v2.1/servers/c2e901f4-1a4c-4c55-8dae-2d91372970da 2.777s
2025-11-22 01:35:37.903 66296 INFO tempest.common.waiters [-] State transition "BUILD/None" ==> "BUILD/block_device_mapping" after 26 second wait
2025-11-22 01:35:37.999 66312 INFO tempest.lib.common.rest_client [req-8dd48156-f126-4c50-9e27-9cd2588e4e80 req-8dd48156-f126-4c50-9e27-9cd2588e4e80 ] Request (FloatingIPsAssociationTestJSON:test_associate_already_associated_floating_ip): 202 POST http://10.180.1.21/compute/v2.1/servers/aad7d2fa-d5a7-4620-9464-aa53cfc3f0c4/action 3.889s
2025-11-22 01:35:38.009 66313 INFO tempest.lib.common.rest_client [req-0148dbe0-3996-482b-8931-b8bd3683f060 req-0148dbe0-3996-482b-8931-b8bd3683f060 ] Request (SecurityGroupsTestJSON:test_server_security_groups): 200 GET http://10.180.1.21/compute/v2.1/servers/15f5b983-b8f5-4c2f-9656-b03f95c1cfc3 2.400s
2025-11-22 01:35:38.212 66277 INFO tempest.lib.common.rest_client [req-7c48edfe-4b84-4947-8498-af4ff806fa40 req-7c48edfe-4b84-4947-8498-af4ff806fa40 ] Request (NetworksTest:test_list_all_networks): 200 GET http://10.180.1.21/compute/v2.1/os-networks 2.546s
2025-11-22 01:35:38.215 66303 INFO tempest.lib.common.rest_client [req-585791f7-e14a-40b2-9b3e-f9250d316ae6 req-585791f7-e14a-40b2-9b3e-f9250d316ae6 ] Request (SecurityGroupsNegativeTestJSON:test_delete_security_group_without_passing_id): 404 DELETE http://10.180.1.21/compute/v2.1/os-security-groups/ 2.247s
2025-11-22 01:35:38.289 66323 INFO tempest.lib.common.rest_client [req-ff84545c-7eb4-4e8b-b714-a8271dd2586c req-ff84545c-7eb4-4e8b-b714-a8271dd2586c ] Request (AttachInterfacesTestJSON:test_create_list_show_delete_interfaces_by_fixed_ip): 200 GET http://10.180.1.21/compute/v2.1/servers/7423b238-de72-4240-8067-039cf6171722/os-interface 2.585s
2025-11-22 01:35:38.339 66277 INFO tempest.lib.common.rest_client [req-1e506f3c-96d0-4cbf-b9f4-664b2c0e6a8d req-1e506f3c-96d0-4cbf-b9f4-664b2c0e6a8d ] Request (NetworksTest:tearDownClass): 204 DELETE http://10.180.1.21/identity/v3/users/ef7a5fb3a75a4ab7858314a1a4e1f776 0.124s
2025-11-22 01:35:38.343 66290 INFO tempest.lib.common.rest_client [req-9af2501d-b89f-4bdf-97f4-9fc9fbfa86b0 req-9af2501d-b89f-4bdf-97f4-9fc9fbfa86b0 ] Request (ListServersNegativeTestJSON:setUpClass): 200 GET http://10.180.1.21/compute/v2.1/servers/397315bd-ca40-4a46-af82-1c0f2bae9f92 2.182s
2025-11-22 01:35:38.349 66323 INFO tempest.lib.common.rest_client [req-55d78f9e-024e-4f4e-ae31-a4ff781b30e4 req-55d78f9e-024e-4f4e-ae31-a4ff781b30e4 ] Request (AttachInterfacesTestJSON:_run_cleanups): 404 DELETE http://10.180.1.21/networking/v2.0/ports/0665d75c-9c57-4acd-95ff-6954c590a46f 0.058s
2025-11-22 01:35:38.362 66309 INFO tempest.lib.common.rest_client [req-ad89d348-8cb2-4a9b-bb02-1f9bbdcfcb3f req-ad89d348-8cb2-4a9b-bb02-1f9bbdcfcb3f ] Request (KeyPairsV22TestJSON:_run_cleanups): 204 DELETE http://10.180.1.21/compute/v2.1/os-keypairs/tempest-keypair-1489705680 2.151s
2025-11-22 01:35:38.410 66305 INFO tempest.lib.common.rest_client [req-f9ac2b33-f5b2-472a-8076-f4cfe99ecaab req-f9ac2b33-f5b2-472a-8076-f4cfe99ecaab ] Request (ServerShowV257Test:tearDownClass): 200 GET http://10.180.1.21/compute/v2.1/servers/eafbe567-150c-4dd5-9d98-6729708d27f0 2.215s
2025-11-22 01:35:38.423 66277 INFO tempest.lib.common.rest_client [req-4aa6432e-393c-4d1f-aa84-71eb2e530010 req-4aa6432e-393c-4d1f-aa84-71eb2e530010 ] Request (NetworksTest:tearDownClass): 204 DELETE http://10.180.1.21/identity/v3/users/1f1853b412e44f9295831cae13ac8f4c 0.084s
2025-11-22 01:35:38.425 66277 INFO tempest.lib.common.dynamic_creds [-] Deleting project and security group for project: c853a671a01d436f933af6c1987c3701
2025-11-22 01:35:38.459 66321 INFO tempest.lib.common.rest_client [req-de400b3f-3ac8-4493-bcc5-1305b0fae517 req-de400b3f-3ac8-4493-bcc5-1305b0fae517 ] Request (ServersTestJSON:test_create_server_with_ipv6_addr_only): 200 GET http://10.180.1.21/compute/v2.1/servers/8414751e-090c-4082-8b39-db3a391d50f5 2.219s
2025-11-22 01:35:38.484 66277 INFO tempest.lib.common.rest_client [req-f3b3e770-d875-4165-8e77-0f35384fdbf3 req-f3b3e770-d875-4165-8e77-0f35384fdbf3 ] Request (NetworksTest:tearDownClass): 201 POST http://10.180.1.21/identity/v3/auth/tokens 0.059s
2025-11-22 01:35:38.509 66309 INFO tempest.lib.common.rest_client [req-87f11af9-68c2-4dc2-9b75-41dd63d4500a req-87f11af9-68c2-4dc2-9b75-41dd63d4500a ] Request (KeyPairsV22TestJSON:tearDownClass): 204 DELETE http://10.180.1.21/identity/v3/users/de5e8b0bf8d64077ac8d55b614cf493f 0.139s
2025-11-22 01:35:38.509 66309 INFO tempest.lib.common.dynamic_creds [-] Deleting project and security group for project: 6b3ef0ea88944b83a7133cf12b94bd4b
2025-11-22 01:35:38.583 66309 INFO tempest.lib.common.rest_client [req-77048c47-0e32-4b17-9f10-9ddd6ee386ab req-77048c47-0e32-4b17-9f10-9ddd6ee386ab ] Request (KeyPairsV22TestJSON:tearDownClass): 201 POST http://10.180.1.21/identity/v3/auth/tokens 0.073s
2025-11-22 01:35:38.627 66285 WARNING tempest.lib.common.ssh [-] Failed to establish authenticated ssh connection to cirros@10.180.180.179 ([Errno None] Unable to connect to port 22 on 10.180.180.179). Number attempts: 1. Retry after 2 seconds.: paramiko.ssh_exception.NoValidConnectionsError: [Errno None] Unable to connect to port 22 on 10.180.180.179
2025-11-22 01:35:38.720 66277 INFO tempest.lib.common.rest_client [req-a0a2ba66-0e4f-4ba3-a0be-7f9792ab566a req-a0a2ba66-0e4f-4ba3-a0be-7f9792ab566a ] Request (NetworksTest:tearDownClass): 200 GET http://10.180.1.21/networking/v2.0/security-groups?tenant_id=c853a671a01d436f933af6c1987c3701&name=default 0.236s
2025-11-22 01:35:38.755 66297 INFO tempest.lib.common.rest_client [req-acb91236-d9e9-47c1-84b8-a4b5935fc8c7 req-acb91236-d9e9-47c1-84b8-a4b5935fc8c7 ] Request (ServerMetadataNegativeTestJSON:tearDownClass): 200 GET http://10.180.1.21/compute/v2.1/servers/f1605558-3b41-4ea4-91a4-f9583370c33c 2.388s
2025-11-22 01:35:38.787 66319 INFO tempest.lib.common.rest_client [req-87f8aae7-6e80-426b-88fa-f77ab515d509 req-87f8aae7-6e80-426b-88fa-f77ab515d509 ] Request (ServerDiskConfigTestJSON:test_rebuild_server_with_auto_disk_config): 200 GET http://10.180.1.21/compute/v2.1/servers/3dfb311a-11c0-49ce-a42e-7a52568d5448 2.429s
2025-11-22 01:35:38.796 66319 INFO tempest.common.waiters [-] State transition "REBUILD/rebuild_spawning" ==> "ACTIVE/None" after 9 second wait
2025-11-22 01:35:38.933 66309 INFO tempest.lib.common.rest_client [req-1acd1d58-4500-4c3f-aff1-e7b74f01ec54 req-1acd1d58-4500-4c3f-aff1-e7b74f01ec54 ] Request (KeyPairsV22TestJSON:tearDownClass): 200 GET http://10.180.1.21/networking/v2.0/security-groups?tenant_id=6b3ef0ea88944b83a7133cf12b94bd4b&name=default 0.350s
2025-11-22 01:35:39.022 66277 INFO tempest.lib.common.rest_client [req-93736c61-2f82-4852-8bf2-2e7d28fc1d7a req-93736c61-2f82-4852-8bf2-2e7d28fc1d7a ] Request (NetworksTest:tearDownClass): 204 DELETE http://10.180.1.21/networking/v2.0/security-groups/af37e86d-8134-4cc5-b267-9bbf2d20c738 0.301s
2025-11-22 01:35:39.049 66317 INFO tempest.lib.common.rest_client [req-cec12b50-5074-421c-95f1-bf815aab825c req-cec12b50-5074-421c-95f1-bf815aab825c ] Request (MultipleCreateTestJSON:_run_cleanups): 200 GET http://10.180.1.21/compute/v2.1/servers/ea211bde-9686-4343-80da-1292b3441ab2 2.551s
2025-11-22 01:35:39.066 66283 INFO tempest.lib.common.rest_client [req-4aba0d47-8b93-4da5-867e-6dcdf1255c30 req-4aba0d47-8b93-4da5-867e-6dcdf1255c30 ] Request (ServersListShow298Test:test_list_show_update_rebuild_server_298): 200 GET http://10.180.1.21/compute/v2.1/servers/16a746b5-eec6-40d1-be26-1afa53569682 2.442s
2025-11-22 01:35:39.096 66279 INFO tempest.lib.common.rest_client [req-444d5351-4ead-4812-8c4f-8751bcee6c63 req-444d5351-4ead-4812-8c4f-8751bcee6c63 ] Request (ServersTestBootFromVolume:tearDownClass): 404 GET http://10.180.1.21/compute/v2.1/servers/80558328-490b-494e-89a4-b0b2af804e32 2.362s
2025-11-22 01:35:39.126 66277 INFO tempest.lib.common.rest_client [req-c5649b30-9a2c-41bb-a997-83be705e520f req-c5649b30-9a2c-41bb-a997-83be705e520f ] Request (NetworksTest:tearDownClass): 204 DELETE http://10.180.1.21/identity/v3/projects/c853a671a01d436f933af6c1987c3701 0.104s
2025-11-22 01:35:39.127 66277 INFO tempest.lib.common.dynamic_creds [-] Deleting project and security group for project: 001766c66a794c9a9e633e4e8491efdb
2025-11-22 01:35:39.205 66309 INFO tempest.lib.common.rest_client [req-e52766b5-4438-4d58-b608-136a5222d197 req-e52766b5-4438-4d58-b608-136a5222d197 ] Request (KeyPairsV22TestJSON:tearDownClass): 204 DELETE http://10.180.1.21/networking/v2.0/security-groups/9b53eaa2-aa80-4344-ba71-14bcb130546a 0.272s
2025-11-22 01:35:39.311 66309 INFO tempest.lib.common.rest_client [req-7d0db4c7-3c71-4c45-b2a8-1fd4e307b830 req-7d0db4c7-3c71-4c45-b2a8-1fd4e307b830 ] Request (KeyPairsV22TestJSON:tearDownClass): 204 DELETE http://10.180.1.21/identity/v3/projects/6b3ef0ea88944b83a7133cf12b94bd4b 0.105s
2025-11-22 01:35:39.377 66277 INFO tempest.lib.common.rest_client [req-69ac6a1a-413a-4d20-8b38-d08b060a7caf req-69ac6a1a-413a-4d20-8b38-d08b060a7caf ] Request (NetworksTest:tearDownClass): 200 GET http://10.180.1.21/networking/v2.0/security-groups?tenant_id=001766c66a794c9a9e633e4e8491efdb&name=default 0.250s
2025-11-22 01:35:39.446 66265 INFO tempest.lib.common.rest_client [req-e695c4a6-842e-4673-9c3c-7f5acd4440f4 req-e695c4a6-842e-4673-9c3c-7f5acd4440f4 ] Request (MigrationsAdminTest:test_resize_server_revert_deleted_flavor): 200 GET http://10.180.1.21/compute/v2.1/servers/be0024b2-0de9-4063-9d8f-c72050a98c30 2.796s
2025-11-22 01:35:39.513 66277 INFO tempest.lib.common.rest_client [req-4797a489-ef61-4642-a07b-634ee971433e req-4797a489-ef61-4642-a07b-634ee971433e ] Request (NetworksTest:tearDownClass): 204 DELETE http://10.180.1.21/networking/v2.0/security-groups/f66da3f2-d5ad-49a2-a464-ddd38f94073e 0.135s
2025-11-22 01:35:39.541 66271 INFO tempest.lib.common.rest_client [req-b6e13f82-bb4a-4692-9475-1ec15db36379 req-b6e13f82-bb4a-4692-9475-1ec15db36379 ] Request (AttachInterfacesUnderV243Test:_run_cleanups): 200 GET http://10.180.1.21/compute/v2.1/servers/e643ac73-5f1b-4242-be78-663d1aa82ae2 2.163s
2025-11-22 01:35:39.604 66277 INFO tempest.lib.common.rest_client [req-abf0c7ff-8e37-41a7-848f-3b73aeba54a3 req-abf0c7ff-8e37-41a7-848f-3b73aeba54a3 ] Request (NetworksTest:tearDownClass): 204 DELETE http://10.180.1.21/identity/v3/projects/001766c66a794c9a9e633e4e8491efdb 0.091s
2025-11-22 01:35:39.650 66263 WARNING tempest.lib.common.ssh [-] Failed to establish authenticated ssh connection to cirros@10.180.180.175 ([Errno None] Unable to connect to port 22 on 10.180.180.175). Number attempts: 5. Retry after 6 seconds.: paramiko.ssh_exception.NoValidConnectionsError: [Errno None] Unable to connect to port 22 on 10.180.180.175
2025-11-22 01:35:39.666 66277 INFO tempest.lib.common.rest_client [req-6a202efe-2742-425e-82bf-a78be67b6725 req-6a202efe-2742-425e-82bf-a78be67b6725 ] Request (ImagesMetadataNegativeTestJSON:setUpClass): 201 POST http://10.180.1.21/identity/v3/auth/tokens 0.060s
2025-11-22 01:35:39.699 66277 INFO tempest.lib.common.rest_client [req-ba3aa3b3-15b8-41dc-b33b-2f47aa0b3cd4 req-ba3aa3b3-15b8-41dc-b33b-2f47aa0b3cd4 ] Request (ImagesMetadataNegativeTestJSON:setUpClass): 201 POST http://10.180.1.21/identity/v3/auth/tokens 0.029s
2025-11-22 01:35:39.708 66291 INFO tempest.lib.common.rest_client [req-9b795300-52ac-4905-a033-5b1dec34d1eb req-9b795300-52ac-4905-a033-5b1dec34d1eb ] Request (ListServerFiltersTestJSON:setUpClass): 202 POST http://10.180.1.21/compute/v2.1/servers 2.922s
2025-11-22 01:35:39.721 66277 INFO tempest.lib.common.rest_client [req-58b17a29-4c84-4569-8d1e-7299cf29c132 req-58b17a29-4c84-4569-8d1e-7299cf29c132 ] Request (ImagesMetadataNegativeTestJSON:setUpClass): 200 GET http://10.180.1.21/identity/v3/domains?name=Default 0.022s
2025-11-22 01:35:39.731 66281 INFO tempest.lib.common.rest_client [req-de678977-9a68-4438-86a6-6018ab010d36 req-de678977-9a68-4438-86a6-6018ab010d36 ] Request (QuotasTestJSON:test_compare_tenant_quotas_with_default_quotas): 200 GET http://10.180.1.21/compute/v2.1/os-quota-sets/8dc451be5d10412caf936432e92665a8/defaults 2.262s
2025-11-22 01:35:39.763 66277 INFO tempest.lib.common.rest_client [req-f57e4f7f-2e36-4da8-abc2-fe5bd5917690 req-f57e4f7f-2e36-4da8-abc2-fe5bd5917690 ] Request (ImagesMetadataNegativeTestJSON:setUpClass): 201 POST http://10.180.1.21/identity/v3/projects 0.041s
2025-11-22 01:35:39.823 66301 INFO tempest.lib.common.rest_client [req-5d240f71-bf04-4e67-8709-191567ee9893 req-5d240f71-bf04-4e67-8709-191567ee9893 ] Request (FlavorsExtraSpecsTestJSON:setUpClass): 200 POST http://10.180.1.21/compute/v2.1/flavors 2.143s
2025-11-22 01:35:39.838 66277 INFO tempest.lib.common.rest_client [req-3b7dd5d8-48ff-48f6-9d0c-9ef2bd8e4910 req-3b7dd5d8-48ff-48f6-9d0c-9ef2bd8e4910 ] Request (ImagesMetadataNegativeTestJSON:setUpClass): 201 POST http://10.180.1.21/identity/v3/users 0.074s
2025-11-22 01:35:39.871 66277 INFO tempest.lib.common.rest_client [req-289fdd31-44e6-4019-ac05-1f3188143c01 req-289fdd31-44e6-4019-ac05-1f3188143c01 ] Request (ImagesMetadataNegativeTestJSON:setUpClass): 200 GET http://10.180.1.21/identity/v3/roles 0.032s
2025-11-22 01:35:39.914 66277 INFO tempest.lib.common.rest_client [req-1531939c-6ab5-4b89-a5bb-9114222ad82d req-1531939c-6ab5-4b89-a5bb-9114222ad82d ] Request (ImagesMetadataNegativeTestJSON:setUpClass): 204 PUT http://10.180.1.21/identity/v3/projects/9ee39cfde4174bd8be67a90069d7146a/users/de8c9f6f85a64e0da28d6ee6ef7f8a9b/roles/7927345b1f79467fb44a6c575d204232 0.042s
2025-11-22 01:35:39.914 66277 INFO tempest.lib.common.dynamic_creds [-] Dynamic test user de8c9f6f85a64e0da28d6ee6ef7f8a9b is created with scope project and roles: ['member']
2025-11-22 01:35:39.915 66277 INFO tempest.lib.common.dynamic_creds [-] Acquired dynamic creds: credentials: Credentials: {'domain_id': 'default', 'domain_name': 'Default', 'username': 'tempest-ImagesMetadataNegativeTestJSON-1361083444-project-member', 'project_domain_id': 'default', 'project_domain_name': 'Default', 'project_id': '9ee39cfde4174bd8be67a90069d7146a', 'project_name': 'tempest-ImagesMetadataNegativeTestJSON-1361083444', 'tenant_id': '9ee39cfde4174bd8be67a90069d7146a', 'tenant_name': 'tempest-ImagesMetadataNegativeTestJSON-1361083444', 'user_domain_id': 'default', 'user_domain_name': 'Default', 'user_id': 'de8c9f6f85a64e0da28d6ee6ef7f8a9b', 'system': None}, Network: None, Subnet: None, Router: None
2025-11-22 01:35:39.915 66277 INFO tempest.lib.common.dynamic_creds [-] Created isolated network resources for: credentials: Credentials: {'domain_id': 'default', 'domain_name': 'Default', 'username': 'tempest-ImagesMetadataNegativeTestJSON-1361083444-project-member', 'project_domain_id': 'default', 'project_domain_name': 'Default', 'project_id': '9ee39cfde4174bd8be67a90069d7146a', 'project_name': 'tempest-ImagesMetadataNegativeTestJSON-1361083444', 'tenant_id': '9ee39cfde4174bd8be67a90069d7146a', 'tenant_name': 'tempest-ImagesMetadataNegativeTestJSON-1361083444', 'user_domain_id': 'default', 'user_domain_name': 'Default', 'user_id': 'de8c9f6f85a64e0da28d6ee6ef7f8a9b', 'system': None}, Network: None, Subnet: None, Router: None
2025-11-22 01:35:39.995 66277 INFO tempest.lib.common.rest_client [req-7c24a99c-7827-44d3-94a8-03681cf8cebf req-7c24a99c-7827-44d3-94a8-03681cf8cebf ] Request (ImagesMetadataNegativeTestJSON:setUpClass): 201 POST http://10.180.1.21/identity/v3/auth/tokens 0.077s
2025-11-22 01:35:40.016 66303 INFO tempest.lib.common.rest_client [req-d46602a4-8ec2-440f-baf8-618fbf3f071f req-d46602a4-8ec2-440f-baf8-618fbf3f071f ] Request (SecurityGroupsNegativeTestJSON:test_delete_the_default_security_group): 200 GET http://10.180.1.21/compute/v2.1/os-security-groups 1.800s
2025-11-22 01:35:40.128 66323 INFO tempest.lib.common.rest_client [req-d523f01b-babd-416d-9d10-3a65e4e9c357 req-d523f01b-babd-416d-9d10-3a65e4e9c357 ] Request (AttachInterfacesTestJSON:_run_cleanups): 204 DELETE http://10.180.1.21/compute/v2.1/servers/7423b238-de72-4240-8067-039cf6171722 1.778s
2025-11-22 01:35:40.269 66275 INFO tempest.lib.common.rest_client [req-388e523e-9577-4ca1-b7b0-c0b558dbf7a5 req-388e523e-9577-4ca1-b7b0-c0b558dbf7a5 ] Request (ImagesTestJSON:test_create_server_from_snapshot): 200 GET http://10.180.1.21/compute/v2.1/servers/741f5005-f1a0-4199-8526-ecc34236a9da 1.838s
2025-11-22 01:35:40.386 66261 INFO tempest.lib.common.rest_client [req-6c5e79f8-0bb4-458a-b8b2-9f434106e421 req-6c5e79f8-0bb4-458a-b8b2-9f434106e421 ] Request (ServersAdminTestJSON:test_rebuild_server_in_error_state): 200 GET http://10.180.1.21/compute/v2.1/servers/f6250a21-25fe-43c8-b258-a8598789eedb 1.775s
2025-11-22 01:35:40.392 66261 INFO tempest.common.waiters [-] State transition "REBUILD/rebuild_block_device_mapping" ==> "REBUILD/rebuild_spawning" after 3 second wait
2025-11-22 01:35:41.149 66319 INFO tempest.lib.common.rest_client [req-721b0402-bde5-41cb-ae0b-043db6f97ec5 req-721b0402-bde5-41cb-ae0b-043db6f97ec5 ] Request (ServerDiskConfigTestJSON:test_rebuild_server_with_auto_disk_config): 200 GET http://10.180.1.21/compute/v2.1/servers/3dfb311a-11c0-49ce-a42e-7a52568d5448 2.353s
2025-11-22 01:35:41.306 66296 INFO tempest.lib.common.rest_client [req-44f54aa1-902e-4bfa-a9a2-e0fde1b0091e req-44f54aa1-902e-4bfa-a9a2-e0fde1b0091e ] Request (ServersTestMultiNic:test_verify_multiple_nics_order): 200 GET http://10.180.1.21/compute/v2.1/servers/c2e901f4-1a4c-4c55-8dae-2d91372970da 2.401s
2025-11-22 01:35:41.314 66296 INFO tempest.common.waiters [-] State transition "BUILD/block_device_mapping" ==> "BUILD/spawning" after 30 second wait
2025-11-22 01:35:41.325 66285 WARNING tempest.lib.common.ssh [-] Failed to establish authenticated ssh connection to cirros@10.180.180.179 ([Errno None] Unable to connect to port 22 on 10.180.180.179). Number attempts: 2. Retry after 3 seconds.: paramiko.ssh_exception.NoValidConnectionsError: [Errno None] Unable to connect to port 22 on 10.180.180.179
2025-11-22 01:35:41.389 66313 INFO tempest.lib.common.rest_client [req-05b3e2a3-8ed1-4c95-b363-b30ff5be3b79 req-05b3e2a3-8ed1-4c95-b363-b30ff5be3b79 ] Request (SecurityGroupsTestJSON:test_server_security_groups): 200 GET http://10.180.1.21/compute/v2.1/servers/15f5b983-b8f5-4c2f-9656-b03f95c1cfc3 2.370s
2025-11-22 01:35:41.414 66279 INFO tempest.lib.common.rest_client [req-42f8ffea-e990-4cd1-b2a6-c19f0ebc0e1f req-42f8ffea-e990-4cd1-b2a6-c19f0ebc0e1f ] Request (ServersTestBootFromVolume:tearDownClass): 202 DELETE http://10.180.1.21/compute/v2.1/os-keypairs/tempest-keypair-1416603840 2.317s
2025-11-22 01:35:41.531 66279 INFO tempest.lib.common.rest_client [req-b1e366e4-5f71-48ca-ae41-9ee0a5d08059 req-b1e366e4-5f71-48ca-ae41-9ee0a5d08059 ] Request (ServersTestBootFromVolume:tearDownClass): 204 DELETE http://10.180.1.21/networking/v2.0/security-groups/9e9b2203-8c07-4f1d-9242-643024f97a02 0.116s
2025-11-22 01:35:41.552 66290 INFO tempest.lib.common.rest_client [req-7edcc1ce-c6df-4797-9d63-cd30bfddd873 req-7edcc1ce-c6df-4797-9d63-cd30bfddd873 ] Request (ListServersNegativeTestJSON:setUpClass): 200 GET http://10.180.1.21/compute/v2.1/servers/397315bd-ca40-4a46-af82-1c0f2bae9f92 2.202s
2025-11-22 01:35:41.584 66279 INFO tempest.lib.common.rest_client [req-cc6156c0-8d69-47ef-879b-9ac939cf0c1a req-cc6156c0-8d69-47ef-879b-9ac939cf0c1a ] Request (ServersTestBootFromVolume:tearDownClass): 404 GET http://10.180.1.21/networking/v2.0/security-groups/9e9b2203-8c07-4f1d-9242-643024f97a02 0.052s
2025-11-22 01:35:41.697 66287 WARNING tempest.lib.common.ssh [-] Failed to establish authenticated ssh connection to cirros@10.180.180.142 ([Errno None] Unable to connect to port 22 on 10.180.180.142). Number attempts: 6. Retry after 7 seconds.: paramiko.ssh_exception.NoValidConnectionsError: [Errno None] Unable to connect to port 22 on 10.180.180.142
2025-11-22 01:35:41.798 66279 INFO tempest.lib.common.rest_client [req-e9ccd9f2-2f27-477e-947f-3275fdde46c0 req-e9ccd9f2-2f27-477e-947f-3275fdde46c0 ] Request (ServersTestBootFromVolume:tearDownClass): 204 DELETE http://10.180.1.21/networking/v2.0/floatingips/4af3e62b-98b5-4021-952d-144830b04f9d 0.214s
2025-11-22 01:35:41.820 66305 INFO tempest.lib.common.rest_client [req-90a368de-8bed-4032-933b-5a47855809ad req-90a368de-8bed-4032-933b-5a47855809ad ] Request (ServerShowV257Test:tearDownClass): 200 GET http://10.180.1.21/compute/v2.1/servers/eafbe567-150c-4dd5-9d98-6729708d27f0 2.401s
2025-11-22 01:35:41.829 66305 INFO tempest.common.waiters [-] State transition "ACTIVE/deleting" ==> "DELETED/None" after 3 second wait
2025-11-22 01:35:42.050 66321 INFO tempest.lib.common.rest_client [req-cb32beb6-9183-483d-92d5-134ffb52e1f7 req-cb32beb6-9183-483d-92d5-134ffb52e1f7 ] Request (ServersTestJSON:test_create_server_with_ipv6_addr_only): 200 GET http://10.180.1.21/compute/v2.1/servers/8414751e-090c-4082-8b39-db3a391d50f5 2.580s
2025-11-22 01:35:42.167 66291 INFO tempest.lib.common.rest_client [req-0b2b24dd-6f84-4ad9-8013-c11524e6e389 req-0b2b24dd-6f84-4ad9-8013-c11524e6e389 ] Request (ListServerFiltersTestJSON:setUpClass): 200 GET http://10.180.1.21/compute/v2.1/servers/114d9a8f-8581-46a9-8047-fe23e07470be 2.456s
2025-11-22 01:35:42.258 66312 INFO tempest.lib.common.rest_client [req-696ba3cb-06b6-4878-82bb-4ea0ebc6ee8f req-696ba3cb-06b6-4878-82bb-4ea0ebc6ee8f ] Request (FloatingIPsAssociationTestJSON:test_associate_already_associated_floating_ip): 202 POST http://10.180.1.21/compute/v2.1/servers/e7f6dd08-44c6-44d3-a6f8-307464c896cf/action 4.258s
2025-11-22 01:35:42.317 66281 INFO tempest.lib.common.rest_client [req-f85a6f4b-10b9-4b9d-add0-96d057428fe1 req-f85a6f4b-10b9-4b9d-add0-96d057428fe1 ] Request (QuotasTestJSON:test_compare_tenant_quotas_with_default_quotas): 200 GET http://10.180.1.21/compute/v2.1/os-quota-sets/8dc451be5d10412caf936432e92665a8 2.582s
2025-11-22 01:35:42.359 66301 INFO tempest.lib.common.rest_client [req-981be9c4-c13f-4231-b35f-dfb6873d769a req-981be9c4-c13f-4231-b35f-dfb6873d769a ] Request (FlavorsExtraSpecsTestJSON:test_flavor_non_admin_get_all_keys): 200 POST http://10.180.1.21/compute/v2.1/flavors/1746561738/os-extra_specs 2.533s
2025-11-22 01:35:42.389 66297 INFO tempest.lib.common.rest_client [req-a881794a-aede-449e-8fb5-1ccac41cf948 req-a881794a-aede-449e-8fb5-1ccac41cf948 ] Request (ServerMetadataNegativeTestJSON:tearDownClass): 200 GET http://10.180.1.21/compute/v2.1/servers/f1605558-3b41-4ea4-91a4-f9583370c33c 2.624s
2025-11-22 01:35:42.423 66277 INFO tempest.lib.common.rest_client [req-b66f7185-7925-4f8d-8e98-ef4280722367 req-b66f7185-7925-4f8d-8e98-ef4280722367 ] Request (ImagesMetadataNegativeTestJSON:test_delete_nonexistent_image_metadata_item): 404 DELETE http://10.180.1.21/compute/v2.1/images/6bb08e0d-73a7-49d3-b760-e52b8954703b/metadata/os_distro 2.426s
2025-11-22 01:35:42.630 66279 INFO tempest.lib.common.rest_client [req-13a7f1fe-e73c-427c-996c-fb1ac49efc05 req-13a7f1fe-e73c-427c-996c-fb1ac49efc05 ] Request (ServersTestBootFromVolume:tearDownClass): 200 PUT http://10.180.1.21/networking/v2.0/routers/9815b73f-53c6-45e5-8f68-1372c8bfafb9/remove_router_interface 0.831s
2025-11-22 01:35:42.721 66317 INFO tempest.lib.common.rest_client [req-f7b0b25e-ebea-497c-bd1e-b43a35808118 req-f7b0b25e-ebea-497c-bd1e-b43a35808118 ] Request (MultipleCreateTestJSON:_run_cleanups): 200 GET http://10.180.1.21/compute/v2.1/servers/ea211bde-9686-4343-80da-1292b3441ab2 2.662s
2025-11-22 01:35:42.890 66303 INFO tempest.lib.common.rest_client [req-31917fa6-6981-4e5e-8399-d9e381dd957e req-31917fa6-6981-4e5e-8399-d9e381dd957e ] Request (SecurityGroupsNegativeTestJSON:test_delete_the_default_security_group): 400 DELETE http://10.180.1.21/compute/v2.1/os-security-groups/f62d2e5b-d929-4418-874a-da48886790d1 2.865s
2025-11-22 01:35:42.980 66283 INFO tempest.lib.common.rest_client [req-aac1d386-2792-4993-8985-c879a2576535 req-aac1d386-2792-4993-8985-c879a2576535 ] Request (ServersListShow298Test:test_list_show_update_rebuild_server_298): 200 GET http://10.180.1.21/compute/v2.1/servers/16a746b5-eec6-40d1-be26-1afa53569682 2.900s
2025-11-22 01:35:42.993 66283 INFO tempest.common.waiters [-] State transition "BUILD/None" ==> "BUILD/spawning" after 28 second wait
2025-11-22 01:35:42.994 66323 INFO tempest.lib.common.rest_client [req-30aedd11-14c4-4334-9202-bf529a623f01 req-30aedd11-14c4-4334-9202-bf529a623f01 ] Request (AttachInterfacesTestJSON:_run_cleanups): 200 GET http://10.180.1.21/compute/v2.1/servers/7423b238-de72-4240-8067-039cf6171722 2.865s
2025-11-22 01:35:43.174 66279 INFO tempest.lib.common.rest_client [req-81f3319d-bac1-4d8a-af67-64a1ca93d6db req-81f3319d-bac1-4d8a-af67-64a1ca93d6db ] Request (ServersTestBootFromVolume:tearDownClass): 204 DELETE http://10.180.1.21/networking/v2.0/routers/9815b73f-53c6-45e5-8f68-1372c8bfafb9 0.543s
2025-11-22 01:35:43.201 66271 INFO tempest.lib.common.rest_client [req-6ccbabd5-b84d-4312-a7aa-5fa2e2a15635 req-6ccbabd5-b84d-4312-a7aa-5fa2e2a15635 ] Request (AttachInterfacesUnderV243Test:_run_cleanups): 200 GET http://10.180.1.21/compute/v2.1/servers/e643ac73-5f1b-4242-be78-663d1aa82ae2 2.652s
2025-11-22 01:35:43.236 66265 INFO tempest.lib.common.rest_client [req-5f6f18bc-44ef-4636-a817-eab27e00b19f req-5f6f18bc-44ef-4636-a817-eab27e00b19f ] Request (MigrationsAdminTest:test_resize_server_revert_deleted_flavor): 200 GET http://10.180.1.21/compute/v2.1/servers/be0024b2-0de9-4063-9d8f-c72050a98c30 2.782s
2025-11-22 01:35:43.365 66319 INFO tempest.lib.common.rest_client [req-dcc98464-b53a-4020-baf0-335bc92a740b req-dcc98464-b53a-4020-baf0-335bc92a740b ] Request (ServerDiskConfigTestJSON:_run_cleanups): 204 DELETE http://10.180.1.21/compute/v2.1/servers/3dfb311a-11c0-49ce-a42e-7a52568d5448 2.208s
2025-11-22 01:35:43.387 66279 INFO tempest.lib.common.rest_client [req-c16bb176-7da1-4993-98b7-f6d70f2f910d req-c16bb176-7da1-4993-98b7-f6d70f2f910d ] Request (ServersTestBootFromVolume:tearDownClass): 204 DELETE http://10.180.1.21/networking/v2.0/subnets/6ac9088f-fc7d-4fc2-b775-db8f2174e49c 0.212s
2025-11-22 01:35:43.486 66319 INFO tempest.lib.common.rest_client [req-0f9567da-a2c4-4554-8cf5-a179b312f92b req-0f9567da-a2c4-4554-8cf5-a179b312f92b ] Request (ServerDiskConfigTestJSON:test_rebuild_server_with_manual_disk_config): 201 POST http://10.180.1.21/identity/v3/auth/tokens 0.116s
2025-11-22 01:35:43.487 66319 INFO tempest.lib.common.fixed_network [-] (ServerDiskConfigTestJSON:test_rebuild_server_with_manual_disk_config) Found network {'id': '2800656f-30dc-41d5-ab90-06a158c58acf', 'name': 'tempest-ServerDiskConfigTestJSON-961252088-network', 'tenant_id': '1d6fc65f1ca84470b785586a037be8b4', 'project_id': '1d6fc65f1ca84470b785586a037be8b4', 'admin_state_up': True, 'mtu': 8950, 'status': 'ACTIVE', 'subnets': [], 'shared': False, 'port_security_enabled': True, 'router:external': False, 'provider:network_type': 'vlan', 'provider:physical_network': 'default', 'provider:segmentation_id': 416, 'availability_zone_hints': [], 'availability_zones': [], 'ipv4_address_scope': None, 'ipv6_address_scope': None, 'description': '', 'tags': [], 'created_at': '2025-11-22T01:34:50Z', 'updated_at': '2025-11-22T01:34:50Z', 'revision_number': 1} available for tenant
2025-11-22 01:35:43.495 66275 INFO tempest.lib.common.rest_client [req-1d7ed8b1-4118-4fbf-bd4d-456dbd82e396 req-1d7ed8b1-4118-4fbf-bd4d-456dbd82e396 ] Request (ImagesTestJSON:test_create_server_from_snapshot): 200 GET http://10.180.1.21/compute/v2.1/servers/741f5005-f1a0-4199-8526-ecc34236a9da 2.219s
2025-11-22 01:35:43.504 66275 INFO tempest.common.waiters [-] State transition "BUILD/spawning" ==> "ACTIVE/None" after 36 second wait
2025-11-22 01:35:43.669 66261 INFO tempest.lib.common.rest_client [req-2c32a280-8aba-4ee6-85cf-bcec4e91eb16 req-2c32a280-8aba-4ee6-85cf-bcec4e91eb16 ] Request (ServersAdminTestJSON:test_rebuild_server_in_error_state): 200 GET http://10.180.1.21/compute/v2.1/servers/f6250a21-25fe-43c8-b258-a8598789eedb 2.275s
2025-11-22 01:35:43.727 66279 INFO tempest.lib.common.rest_client [req-e14456d1-6f0b-45cc-8801-adf918625659 req-e14456d1-6f0b-45cc-8801-adf918625659 ] Request (ServersTestBootFromVolume:tearDownClass): 204 DELETE http://10.180.1.21/networking/v2.0/networks/96be5e09-506c-428e-bdb3-6ec3206a4f89 0.339s
2025-11-22 01:35:43.840 66279 INFO tempest.lib.common.rest_client [req-31deb151-3a5c-489a-83fc-3ae78c25eaa3 req-31deb151-3a5c-489a-83fc-3ae78c25eaa3 ] Request (ServersTestBootFromVolume:tearDownClass): 204 DELETE http://10.180.1.21/identity/v3/users/66ea2f60ca27422da2e9846defc9ba95 0.112s
2025-11-22 01:35:43.840 66279 INFO tempest.lib.common.dynamic_creds [-] Deleting project and security group for project: 8d7b01385d644a31a71b63cc059c7f33
2025-11-22 01:35:43.908 66296 INFO tempest.lib.common.rest_client [req-66eb2efc-9fa0-4701-93a3-37c44a84344b req-66eb2efc-9fa0-4701-93a3-37c44a84344b ] Request (ServersTestMultiNic:test_verify_multiple_nics_order): 200 GET http://10.180.1.21/compute/v2.1/servers/c2e901f4-1a4c-4c55-8dae-2d91372970da 1.592s
2025-11-22 01:35:43.912 66312 INFO tempest.lib.common.rest_client [req-f6c1747b-3db9-47e5-a515-dcdf58531537 req-f6c1747b-3db9-47e5-a515-dcdf58531537 ] Request (FloatingIPsAssociationTestJSON:test_associate_already_associated_floating_ip): 409 POST http://10.180.1.21/compute/v2.1/servers/aad7d2fa-d5a7-4620-9464-aa53cfc3f0c4/action 1.654s
2025-11-22 01:35:43.921 66279 INFO tempest.lib.common.rest_client [req-9a5578a0-9c44-49b1-838e-a1b9c6bcf1af req-9a5578a0-9c44-49b1-838e-a1b9c6bcf1af ] Request (ServersTestBootFromVolume:tearDownClass): 200 GET http://10.180.1.21/networking/v2.0/security-groups?tenant_id=8d7b01385d644a31a71b63cc059c7f33&name=default 0.080s
2025-11-22 01:35:44.033 66281 INFO tempest.lib.common.rest_client [req-e87fe7e9-1592-4c0e-9287-98bf5493605d req-e87fe7e9-1592-4c0e-9287-98bf5493605d ] Request (QuotasTestJSON:test_get_default_quotas): 200 GET http://10.180.1.21/compute/v2.1/os-quota-sets/8dc451be5d10412caf936432e92665a8/defaults 1.706s
2025-11-22 01:35:44.068 66301 INFO tempest.lib.common.rest_client [req-c586c288-e415-4304-ba79-966d6f84c6b8 req-c586c288-e415-4304-ba79-966d6f84c6b8 ] Request (FlavorsExtraSpecsTestJSON:test_flavor_non_admin_get_all_keys): 200 GET http://10.180.1.21/compute/v2.1/flavors/1746561738/os-extra_specs 1.704s
2025-11-22 01:35:44.097 66279 INFO tempest.lib.common.rest_client [req-f17aa6c8-2f95-4e19-aaff-d8a10afd9c3e req-f17aa6c8-2f95-4e19-aaff-d8a10afd9c3e ] Request (ServersTestBootFromVolume:tearDownClass): 204 DELETE http://10.180.1.21/networking/v2.0/security-groups/8ceea1b1-668d-4102-acad-4f8a7a9a9434 0.176s
2025-11-22 01:35:44.097 66277 INFO tempest.lib.common.rest_client [req-ffd45bcc-5171-414f-850f-7a0adb6b4ceb req-ffd45bcc-5171-414f-850f-7a0adb6b4ceb ] Request (ImagesMetadataNegativeTestJSON:test_get_nonexistent_image_metadata_item): 404 GET http://10.180.1.21/compute/v2.1/images/0d83483b-1015-4884-ab5b-897ca3c5fea0/metadata/os_version 1.671s
2025-11-22 01:35:44.127 66313 INFO tempest.lib.common.rest_client [req-1fc0f860-c645-4853-9ce8-b34f8651fd40 req-1fc0f860-c645-4853-9ce8-b34f8651fd40 ] Request (SecurityGroupsTestJSON:test_server_security_groups): 200 GET http://10.180.1.21/compute/v2.1/servers/15f5b983-b8f5-4c2f-9656-b03f95c1cfc3 1.724s
2025-11-22 01:35:44.169 66290 INFO tempest.lib.common.rest_client [req-5bd0aba0-9e99-424f-b5a2-8613674af357 req-5bd0aba0-9e99-424f-b5a2-8613674af357 ] Request (ListServersNegativeTestJSON:setUpClass): 200 GET http://10.180.1.21/compute/v2.1/servers/397315bd-ca40-4a46-af82-1c0f2bae9f92 1.608s
2025-11-22 01:35:44.189 66303 INFO tempest.lib.common.rest_client [req-8d1b8220-61a0-4bec-9695-f4d9a5736e1e req-8d1b8220-61a0-4bec-9695-f4d9a5736e1e ] Request (SecurityGroupsNegativeTestJSON:test_security_group_get_nonexistent_group): 404 GET http://10.180.1.21/compute/v2.1/os-security-groups/94b11cc3-4979-4cb7-bec4-2a2f049ef36f 1.292s
2025-11-22 01:35:44.204 66305 INFO tempest.lib.common.rest_client [req-79083e51-e38a-414d-a5ed-72dea7d44d6e req-79083e51-e38a-414d-a5ed-72dea7d44d6e ] Request (ServerShowV257Test:tearDownClass): 200 GET http://10.180.1.21/compute/v2.1/servers/eafbe567-150c-4dd5-9d98-6729708d27f0 1.373s
2025-11-22 01:35:44.228 66279 INFO tempest.lib.common.rest_client [req-3a20e06f-6bb9-48a9-b80f-c7ccf82aa29d req-3a20e06f-6bb9-48a9-b80f-c7ccf82aa29d ] Request (ServersTestBootFromVolume:tearDownClass): 204 DELETE http://10.180.1.21/identity/v3/projects/8d7b01385d644a31a71b63cc059c7f33 0.130s
2025-11-22 01:35:44.241 66321 INFO tempest.lib.common.rest_client [req-78533dd3-552b-45ce-8e47-c28a187af1b7 req-78533dd3-552b-45ce-8e47-c28a187af1b7 ] Request (ServersTestJSON:test_create_server_with_ipv6_addr_only): 200 GET http://10.180.1.21/compute/v2.1/servers/8414751e-090c-4082-8b39-db3a391d50f5 1.177s
2025-11-22 01:35:44.257 66291 INFO tempest.lib.common.rest_client [req-23d0a255-c4db-453a-9797-7adc591c6d54 req-23d0a255-c4db-453a-9797-7adc591c6d54 ] Request (ListServerFiltersTestJSON:setUpClass): 200 GET http://10.180.1.21/compute/v2.1/servers/114d9a8f-8581-46a9-8047-fe23e07470be 1.072s
2025-11-22 01:35:44.263 66291 INFO tempest.common.waiters [-] State transition "BUILD/scheduling" ==> "BUILD/None" after 2 second wait
2025-11-22 01:35:44.291 66279 INFO tempest.lib.common.rest_client [req-e2f92ec0-e237-4bdb-907f-2637b693cbef req-e2f92ec0-e237-4bdb-907f-2637b693cbef ] Request (ServerGroupTestJSON:setUpClass): 201 POST http://10.180.1.21/identity/v3/auth/tokens 0.061s
2025-11-22 01:35:44.305 66297 INFO tempest.lib.common.rest_client [req-e3b38293-f3b6-4f4a-8439-726b67149aa9 req-e3b38293-f3b6-4f4a-8439-726b67149aa9 ] Request (ServerMetadataNegativeTestJSON:tearDownClass): 200 GET http://10.180.1.21/compute/v2.1/servers/f1605558-3b41-4ea4-91a4-f9583370c33c 0.904s
2025-11-22 01:35:44.321 66279 INFO tempest.lib.common.rest_client [req-f9c65f98-1900-4891-a21c-8e1b684accc0 req-f9c65f98-1900-4891-a21c-8e1b684accc0 ] Request (ServerGroupTestJSON:setUpClass): 201 POST http://10.180.1.21/identity/v3/auth/tokens 0.028s
2025-11-22 01:35:44.348 66279 INFO tempest.lib.common.rest_client [req-77a16a63-aae7-42f8-9ef2-87e1fd60acae req-77a16a63-aae7-42f8-9ef2-87e1fd60acae ] Request (ServerGroupTestJSON:setUpClass): 200 GET http://10.180.1.21/identity/v3/domains?name=Default 0.026s
2025-11-22 01:35:44.375 66279 INFO tempest.lib.common.rest_client [req-554ada91-96fa-4fa9-9f35-12aeff5ed780 req-554ada91-96fa-4fa9-9f35-12aeff5ed780 ] Request (ServerGroupTestJSON:setUpClass): 201 POST http://10.180.1.21/identity/v3/projects 0.026s
2025-11-22 01:35:44.429 66279 INFO tempest.lib.common.rest_client [req-0b7ac07c-dbe4-4996-a51f-478c5dee9112 req-0b7ac07c-dbe4-4996-a51f-478c5dee9112 ] Request (ServerGroupTestJSON:setUpClass): 201 POST http://10.180.1.21/identity/v3/users 0.053s
2025-11-22 01:35:44.448 66279 INFO tempest.lib.common.rest_client [req-311b5cdc-9555-40fe-8d17-ea0b1f05c139 req-311b5cdc-9555-40fe-8d17-ea0b1f05c139 ] Request (ServerGroupTestJSON:setUpClass): 200 GET http://10.180.1.21/identity/v3/roles 0.018s
2025-11-22 01:35:44.482 66279 INFO tempest.lib.common.rest_client [req-14953d44-2597-450e-8a9c-d5eec21e69a5 req-14953d44-2597-450e-8a9c-d5eec21e69a5 ] Request (ServerGroupTestJSON:setUpClass): 204 PUT http://10.180.1.21/identity/v3/projects/7a6f35053c9540a4a36deae62f38fd23/users/917c33d37b8e4cf2b87514a32b09e376/roles/7927345b1f79467fb44a6c575d204232 0.033s
2025-11-22 01:35:44.482 66279 INFO tempest.lib.common.dynamic_creds [-] Dynamic test user 917c33d37b8e4cf2b87514a32b09e376 is created with scope project and roles: ['member']
2025-11-22 01:35:44.483 66279 INFO tempest.lib.common.dynamic_creds [-] Acquired dynamic creds: credentials: Credentials: {'domain_id': 'default', 'domain_name': 'Default', 'username': 'tempest-ServerGroupTestJSON-1148682543-project-member', 'project_domain_id': 'default', 'project_domain_name': 'Default', 'project_id': '7a6f35053c9540a4a36deae62f38fd23', 'project_name': 'tempest-ServerGroupTestJSON-1148682543', 'tenant_id': '7a6f35053c9540a4a36deae62f38fd23', 'tenant_name': 'tempest-ServerGroupTestJSON-1148682543', 'user_domain_id': 'default', 'user_domain_name': 'Default', 'user_id': '917c33d37b8e4cf2b87514a32b09e376', 'system': None}, Network: None, Subnet: None, Router: None
2025-11-22 01:35:44.538 66279 INFO tempest.lib.common.rest_client [req-fc29e182-11ec-4d8b-94f2-74aa280ecb92 req-fc29e182-11ec-4d8b-94f2-74aa280ecb92 ] Request (ServerGroupTestJSON:setUpClass): 201 POST http://10.180.1.21/identity/v3/auth/tokens 0.055s
2025-11-22 01:35:44.595 66319 INFO tempest.lib.common.rest_client [req-746ef842-abbe-49ab-8993-35c6af8715cf req-746ef842-abbe-49ab-8993-35c6af8715cf ] Request (ServerDiskConfigTestJSON:test_rebuild_server_with_manual_disk_config): 202 POST http://10.180.1.21/compute/v2.1/servers 1.107s
2025-11-22 01:35:44.679 66317 INFO tempest.lib.common.rest_client [req-05772b18-2010-4dd1-9cfd-2c5508f35d5a req-05772b18-2010-4dd1-9cfd-2c5508f35d5a ] Request (MultipleCreateTestJSON:_run_cleanups): 200 GET http://10.180.1.21/compute/v2.1/servers/ea211bde-9686-4343-80da-1292b3441ab2 0.946s
2025-11-22 01:35:44.803 66275 INFO tempest.lib.common.rest_client [req-91a428c8-02c2-4e0d-a22e-2f2804588017 req-91a428c8-02c2-4e0d-a22e-2f2804588017 ] Request (ImagesTestJSON:test_create_server_from_snapshot): 202 POST http://10.180.1.21/compute/v2.1/servers/741f5005-f1a0-4199-8526-ecc34236a9da/action 1.298s
2025-11-22 01:35:44.830 66285 WARNING tempest.lib.common.ssh [-] Failed to establish authenticated ssh connection to cirros@10.180.180.179 ([Errno None] Unable to connect to port 22 on 10.180.180.179). Number attempts: 3. Retry after 4 seconds.: paramiko.ssh_exception.NoValidConnectionsError: [Errno None] Unable to connect to port 22 on 10.180.180.179
2025-11-22 01:35:44.844 66279 INFO tempest.lib.common.rest_client [req-d78c02b9-a739-4ab0-8f6c-1f5f6387e47e req-d78c02b9-a739-4ab0-8f6c-1f5f6387e47e ] Request (ServerGroupTestJSON:setUpClass): 201 POST http://10.180.1.21/networking/v2.0/networks 0.305s
2025-11-22 01:35:44.881 66283 INFO tempest.lib.common.rest_client [req-d5eb0d4d-81c8-4265-a2a2-3f75de64481d req-d5eb0d4d-81c8-4265-a2a2-3f75de64481d ] Request (ServersListShow298Test:test_list_show_update_rebuild_server_298): 200 GET http://10.180.1.21/compute/v2.1/servers/16a746b5-eec6-40d1-be26-1afa53569682 0.884s
2025-11-22 01:35:45.000 66323 INFO tempest.lib.common.rest_client [req-e44d02a9-d56e-4b1f-86c7-2058a2d89a29 req-e44d02a9-d56e-4b1f-86c7-2058a2d89a29 ] Request (AttachInterfacesTestJSON:_run_cleanups): 200 GET http://10.180.1.21/compute/v2.1/servers/7423b238-de72-4240-8067-039cf6171722 0.994s
2025-11-22 01:35:45.008 66323 INFO tempest.common.waiters [-] State transition "ACTIVE/deleting" ==> "DELETED/None" after 2 second wait
2025-11-22 01:35:45.102 66279 INFO tempest.lib.common.rest_client [req-35b40cc7-0801-4aee-984e-56abc5900ca2 req-35b40cc7-0801-4aee-984e-56abc5900ca2 ] Request (ServerGroupTestJSON:setUpClass): 201 POST http://10.180.1.21/networking/v2.0/subnets 0.258s
2025-11-22 01:35:45.152 66281 INFO tempest.lib.common.rest_client [req-126f5073-ee8f-4dd8-8696-5181042d355e req-126f5073-ee8f-4dd8-8696-5181042d355e ] Request (QuotasTestJSON:test_get_quotas): 200 GET http://10.180.1.21/compute/v2.1/os-quota-sets/8dc451be5d10412caf936432e92665a8 1.115s
2025-11-22 01:35:45.178 66301 INFO tempest.lib.common.rest_client [req-a2be2956-16bd-4fff-b640-a0c7447a6bd7 req-a2be2956-16bd-4fff-b640-a0c7447a6bd7 ] Request (FlavorsExtraSpecsTestJSON:test_flavor_non_admin_get_specific_key): 200 POST http://10.180.1.21/compute/v2.1/flavors/1746561738/os-extra_specs 1.108s
2025-11-22 01:35:45.197 66277 INFO tempest.lib.common.rest_client [req-21e675ed-239f-4bd4-9d99-a87eb42f2d74 req-21e675ed-239f-4bd4-9d99-a87eb42f2d74 ] Request (ImagesMetadataNegativeTestJSON:test_list_nonexistent_image_metadata): 404 GET http://10.180.1.21/compute/v2.1/images/7bb3b966-5d4f-4f63-9777-b9be213700b7/metadata 1.098s
2025-11-22 01:35:45.493 66303 INFO tempest.lib.common.rest_client [req-227711c4-cf51-4d35-ad2a-cb01ae44dd29 req-227711c4-cf51-4d35-ad2a-cb01ae44dd29 ] Request (SecurityGroupsNegativeTestJSON:test_update_non_existent_security_group): 404 PUT http://10.180.1.21/compute/v2.1/os-security-groups/cff4f4a0-7872-47fc-84dd-db8f1bf21e40 1.302s
2025-11-22 01:35:45.839 66279 INFO tempest.lib.common.rest_client [req-60494e3f-eb5f-4232-a38f-29930cfe2335 req-60494e3f-eb5f-4232-a38f-29930cfe2335 ] Request (ServerGroupTestJSON:setUpClass): 201 POST http://10.180.1.21/networking/v2.0/routers 0.737s
2025-11-22 01:35:45.929 66271 INFO tempest.lib.common.rest_client [req-566ab0d1-83bc-491a-9141-229c7766b9a6 req-566ab0d1-83bc-491a-9141-229c7766b9a6 ] Request (AttachInterfacesUnderV243Test:_run_cleanups): 200 GET http://10.180.1.21/compute/v2.1/servers/e643ac73-5f1b-4242-be78-663d1aa82ae2 1.718s
2025-11-22 01:35:46.330 66303 INFO tempest.lib.common.rest_client [req-ceb6ae6f-bcd4-410d-89f9-66170b6ef07d req-ceb6ae6f-bcd4-410d-89f9-66170b6ef07d ] Request (SecurityGroupsNegativeTestJSON:tearDownClass): 200 PUT http://10.180.1.21/networking/v2.0/routers/5d67d22a-9b4e-46d1-aad5-7111a875b36e/remove_router_interface 0.831s
2025-11-22 01:35:46.853 66279 INFO tempest.lib.common.rest_client [req-df693e02-ecc8-4241-bb5c-2077230f70e6 req-df693e02-ecc8-4241-bb5c-2077230f70e6 ] Request (ServerGroupTestJSON:setUpClass): 200 PUT http://10.180.1.21/networking/v2.0/routers/567f4da0-669b-40d3-b947-2994e3d85ac2/add_router_interface 1.013s
2025-11-22 01:35:46.853 66279 INFO tempest.lib.common.dynamic_creds [-] Created isolated network resources for: credentials: Credentials: {'domain_id': 'default', 'domain_name': 'Default', 'username': 'tempest-ServerGroupTestJSON-1148682543-project-member', 'project_domain_id': 'default', 'project_domain_name': 'Default', 'project_id': '7a6f35053c9540a4a36deae62f38fd23', 'project_name': 'tempest-ServerGroupTestJSON-1148682543', 'tenant_id': '7a6f35053c9540a4a36deae62f38fd23', 'tenant_name': 'tempest-ServerGroupTestJSON-1148682543', 'user_domain_id': 'default', 'user_domain_name': 'Default', 'user_id': '917c33d37b8e4cf2b87514a32b09e376', 'system': None}, Network: {'id': 'e1b43406-a702-4b1d-a415-0125faa85b44', 'name': 'tempest-ServerGroupTestJSON-162166421-network', 'tenant_id': '7a6f35053c9540a4a36deae62f38fd23', 'project_id': '7a6f35053c9540a4a36deae62f38fd23', 'admin_state_up': True, 'mtu': 8950, 'status': 'ACTIVE', 'subnets': [], 'shared': False, 'port_security_enabled': True, 'router:external': False, 'provider:network_type': 'vlan', 'provider:physical_network': 'default', 'provider:segmentation_id': 630, 'availability_zone_hints': [], 'availability_zones': [], 'ipv4_address_scope': None, 'ipv6_address_scope': None, 'description': '', 'tags': [], 'created_at': '2025-11-22T01:35:44Z', 'updated_at': '2025-11-22T01:35:44Z', 'revision_number': 1}, Subnet: {'id': '2ba3a46e-adee-4a9b-ad52-95d31fbf7753', 'name': 'tempest-ServerGroupTestJSON-162166421-subnet', 'tenant_id': '7a6f35053c9540a4a36deae62f38fd23', 'network_id': 'e1b43406-a702-4b1d-a415-0125faa85b44', 'ip_version': 4, 'subnetpool_id': None, 'enable_dhcp': True, 'ipv6_ra_mode': None, 'ipv6_address_mode': None, 'gateway_ip': '192.168.128.1', 'cidr': '192.168.128.0/28', 'allocation_pools': [{'start': '192.168.128.2', 'end': '192.168.128.14'}], 'host_routes': [], 'dns_nameservers': [], 'description': '', 'router:external': False, 'service_types': [], 'tags': [], 'created_at': '2025-11-22T01:35:44Z', 'updated_at': '2025-11-22T01:35:44Z', 'revision_number': 0, 'project_id': '7a6f35053c9540a4a36deae62f38fd23'}, Router: {'id': '567f4da0-669b-40d3-b947-2994e3d85ac2', 'name': 'tempest-ServerGroupTestJSON-162166421-router', 'tenant_id': '7a6f35053c9540a4a36deae62f38fd23', 'admin_state_up': True, 'status': 'ACTIVE', 'external_gateway_info': {'network_id': '9e6d33f6-b854-489b-8c69-c19488b59fc9', 'external_fixed_ips': [{'subnet_id': '6949f182-77b4-4a09-93e5-025b6dd73ca9', 'ip_address': '10.180.180.214'}], 'enable_snat': True}, 'description': '', 'availability_zones': [], 'distributed': False, 'ha': False, 'availability_zone_hints': [], 'routes': [], 'flavor_id': None, 'tags': [], 'created_at': '2025-11-22T01:35:45Z', 'updated_at': '2025-11-22T01:35:45Z', 'revision_number': 2, 'project_id': '7a6f35053c9540a4a36deae62f38fd23'}
2025-11-22 01:35:46.923 66265 INFO tempest.lib.common.rest_client [req-5d266bec-73c8-4bbf-82fc-2e166c313780 req-5d266bec-73c8-4bbf-82fc-2e166c313780 ] Request (MigrationsAdminTest:test_resize_server_revert_deleted_flavor): 200 GET http://10.180.1.21/compute/v2.1/servers/be0024b2-0de9-4063-9d8f-c72050a98c30 2.675s
2025-11-22 01:35:46.967 66279 INFO tempest.lib.common.rest_client [req-9ddfd01e-a211-47e1-9977-c96c1726f11f req-9ddfd01e-a211-47e1-9977-c96c1726f11f ] Request (ServerGroupTestJSON:setUpClass): 201 POST http://10.180.1.21/identity/v3/auth/tokens 0.107s
2025-11-22 01:35:47.141 66319 INFO tempest.lib.common.rest_client [req-f3de045a-bcee-4d89-a458-4d0283f95ab9 req-f3de045a-bcee-4d89-a458-4d0283f95ab9 ] Request (ServerDiskConfigTestJSON:test_rebuild_server_with_manual_disk_config): 200 GET http://10.180.1.21/compute/v2.1/servers/940cfe5a-f24f-4f89-8efe-7103cf016b29 2.544s
2025-11-22 01:35:47.155 66303 INFO tempest.lib.common.rest_client [req-c9bb34e3-5827-4f0a-aaa7-b7c50710f5a3 req-c9bb34e3-5827-4f0a-aaa7-b7c50710f5a3 ] Request (SecurityGroupsNegativeTestJSON:tearDownClass): 204 DELETE http://10.180.1.21/networking/v2.0/routers/5d67d22a-9b4e-46d1-aad5-7111a875b36e 0.825s
2025-11-22 01:35:47.266 66312 INFO tempest.lib.common.rest_client [req-857e2dd1-39d3-4e44-81b6-d2f94b6660a4 req-857e2dd1-39d3-4e44-81b6-d2f94b6660a4 ] Request (FloatingIPsAssociationTestJSON:_run_cleanups): 202 POST http://10.180.1.21/compute/v2.1/servers/e7f6dd08-44c6-44d3-a6f8-307464c896cf/action 3.353s
2025-11-22 01:35:47.295 66303 INFO tempest.lib.common.rest_client [req-ec5083a2-1733-45ec-8193-e466d86a1545 req-ec5083a2-1733-45ec-8193-e466d86a1545 ] Request (SecurityGroupsNegativeTestJSON:tearDownClass): 204 DELETE http://10.180.1.21/networking/v2.0/subnets/345ac3cf-3668-4d02-bc60-9c842484bbf0 0.139s
