2025-11-22 01:36:24.050 66279 INFO tempest.lib.common.rest_client [req-b09a5cbd-1b9c-4252-9688-2f5cf79d3f35 req-b09a5cbd-1b9c-4252-9688-2f5cf79d3f35 ] Request (ServerGroupTestJSON:test_create_server_with_scheduler_hint_group): 200 GET http://10.180.1.21/compute/v2.1/servers/4fe42a7c-55b1-420e-90bf-fae9d586cf48 0.218s
2025-11-22 01:36:24.102 66297 INFO tempest.lib.common.rest_client [req-4eb8399f-eccc-4aec-80b0-0b59e6be7c39 req-4eb8399f-eccc-4aec-80b0-0b59e6be7c39 ] Request (ServerRescueTestJSONUnderV235:setUpClass): 200 GET http://10.180.1.21/compute/v2.1/servers/49ae1e95-2990-46aa-92c6-f560d5a4a188 0.253s
2025-11-22 01:36:24.127 66296 INFO tempest.lib.common.rest_client [req-1906400f-851f-4d8e-ab2c-7ee19909d9c3 req-1906400f-851f-4d8e-ab2c-7ee19909d9c3 ] Request (ServersTestMultiNic:_run_cleanups): 200 GET http://10.180.1.21/compute/v2.1/servers/c2e901f4-1a4c-4c55-8dae-2d91372970da 0.215s
2025-11-22 01:36:24.139 66323 INFO tempest.lib.common.rest_client [req-5c88416d-b580-4b66-adee-cee2ab388f69 req-5c88416d-b580-4b66-adee-cee2ab388f69 ] Request (AttachInterfacesTestJSON:test_create_list_show_delete_interfaces_by_network_port): 200 GET http://10.180.1.21/compute/v2.1/servers/e799e78b-bd9e-4803-8f4c-055300c85d19 0.169s
2025-11-22 01:36:24.196 66303 INFO tempest.lib.common.rest_client [req-5703c5de-1738-4f92-b0d2-f6cff8e01702 req-5703c5de-1738-4f92-b0d2-f6cff8e01702 ] Request (InstanceActionsV221TestJSON:test_get_list_deleted_instance_actions): 200 GET http://10.180.1.21/compute/v2.1/servers/d45fe9c6-d04a-4d65-baee-d190295debc5 0.214s
2025-11-22 01:36:24.248 66291 INFO tempest.lib.common.rest_client [req-ee046434-ec05-44b8-9378-ccc5c77196b0 req-ee046434-ec05-44b8-9378-ccc5c77196b0 ] Request (ListServerFiltersTestJSON:setUpClass): 200 GET http://10.180.1.21/compute/v2.1/servers/114d9a8f-8581-46a9-8047-fe23e07470be 0.275s
2025-11-22 01:36:24.260 66319 INFO tempest.lib.common.rest_client [req-4f959e6d-ee9e-481f-bce6-f273ac0251c7 req-4f959e6d-ee9e-481f-bce6-f273ac0251c7 ] Request (ServerDiskConfigTestJSON:test_rebuild_server_with_manual_disk_config): 200 GET http://10.180.1.21/compute/v2.1/servers/940cfe5a-f24f-4f89-8efe-7103cf016b29 0.210s
2025-11-22 01:36:24.315 66261 INFO tempest.lib.common.rest_client [req-1f13f856-872e-4b6d-975a-21a5a2d598e1 req-1f13f856-872e-4b6d-975a-21a5a2d598e1 ] Request (ServersAdminTestJSON:tearDownClass): 200 GET http://10.180.1.21/compute/v2.1/servers/e7370764-1001-4241-96af-0d5cacfd273c 0.247s
2025-11-22 01:36:24.351 66265 INFO tempest.lib.common.rest_client [req-afa1a2bd-0239-40f0-8661-dce0b314b6ff req-afa1a2bd-0239-40f0-8661-dce0b314b6ff ] Request (MigrationsAdminTest:test_resize_server_revert_deleted_flavor): 200 GET http://10.180.1.21/compute/v2.1/servers/be0024b2-0de9-4063-9d8f-c72050a98c30 0.170s
2025-11-22 01:36:24.430 66290 INFO tempest.lib.common.rest_client [req-527b0a19-e6ee-4402-8ec2-2d2885794972 req-527b0a19-e6ee-4402-8ec2-2d2885794972 ] Request (ListServersNegativeTestJSON:setUpClass): 200 GET http://10.180.1.21/compute/v2.1/servers/fe9ef559-4fe2-4185-b37a-18014f238d14 0.059s
2025-11-22 01:36:24.477 66317 INFO tempest.lib.common.rest_client [req-6fa64598-fbc7-4475-bdca-46a2cef60efd req-6fa64598-fbc7-4475-bdca-46a2cef60efd ] Request (MultipleCreateTestJSON:test_multiple_create_with_reservation_return): 200 GET http://10.180.1.21/compute/v2.1/servers/3379e7d6-e0ef-4aeb-bfe8-8d3edbcb292a 0.052s
2025-11-22 01:36:24.549 66271 INFO tempest.lib.common.rest_client [req-890ef4df-fd78-4d24-bef7-ea63fdf4cdaf req-890ef4df-fd78-4d24-bef7-ea63fdf4cdaf ] Request (ServersTestFqdnHostnames:test_create_server_with_fqdn_name): 200 GET http://10.180.1.21/compute/v2.1/servers/15ccdf0f-2ea8-413e-aad7-d1833645fbbd 0.058s
2025-11-22 01:36:24.604 66275 INFO tempest.lib.common.rest_client [req-c5981c9a-e6d7-4c7c-bc2b-82a9b276514c req-c5981c9a-e6d7-4c7c-bc2b-82a9b276514c ] Request (ImagesTestJSON:test_create_server_from_snapshot): 200 GET http://10.180.1.21/compute/v2.1/servers/3b575d75-5b80-4b8c-a03d-399627feeee9 0.057s
2025-11-22 01:36:24.646 66301 INFO tempest.lib.common.rest_client [req-f2861c9e-ad81-447f-a8a3-84e0ee0fc5a9 req-f2861c9e-ad81-447f-a8a3-84e0ee0fc5a9 ] Request (ListImageFiltersTestJSON:setUpClass): 200 GET http://10.180.1.21/compute/v2.1/servers/e9e33c9c-e81e-4053-a631-3816fb983a97 0.052s
2025-11-22 01:36:24.684 66283 INFO tempest.lib.common.rest_client [req-12704089-d204-41c6-acff-99f2c0153270 req-12704089-d204-41c6-acff-99f2c0153270 ] Request (ServersListShow298Test:tearDownClass): 200 GET http://10.180.1.21/compute/v2.1/servers/16a746b5-eec6-40d1-be26-1afa53569682 0.068s
2025-11-22 01:36:24.695 66305 INFO tempest.lib.common.rest_client [req-fbcc237f-2df6-4705-976f-c4ddccfa589e req-fbcc237f-2df6-4705-976f-c4ddccfa589e ] Request (AttachVolumeTestJSON:test_attach_detach_volume): 200 GET http://10.180.1.21/compute/v2.1/servers/eea92ca0-4856-4722-b34c-10e6689c4c97 0.054s
2025-11-22 01:36:24.964 66321 INFO tempest.lib.common.rest_client [req-2a396272-e016-48e4-8dc6-d38e5e43ae32 req-2a396272-e016-48e4-8dc6-d38e5e43ae32 ] Request (ServersTestJSON:_run_cleanups): 200 GET http://10.180.1.21/compute/v2.1/servers/8414751e-090c-4082-8b39-db3a391d50f5 0.111s
2025-11-22 01:36:24.979 66313 INFO tempest.lib.common.rest_client [req-99318805-445b-4198-825e-8e3ab1fd5f99 req-99318805-445b-4198-825e-8e3ab1fd5f99 ] Request (SecurityGroupsTestJSON:tearDownClass): 200 GET http://10.180.1.21/compute/v2.1/servers/6077d2c8-ec37-4f4e-8fde-434db9fac899 0.065s
2025-11-22 01:36:25.062 66285 INFO tempest.lib.common.rest_client [req-45d18ec8-1d24-4fd5-82ef-c47279d01432 req-45d18ec8-1d24-4fd5-82ef-c47279d01432 ] Request (ServersTestJSON:tearDownClass): 200 GET http://10.180.1.21/compute/v2.1/servers/8a4f3338-19af-4e1d-9ee6-6e527408bb30 0.067s
2025-11-22 01:36:25.134 66279 INFO tempest.lib.common.rest_client [req-d92a8579-54ae-45d2-b394-a9752efcd7da req-d92a8579-54ae-45d2-b394-a9752efcd7da ] Request (ServerGroupTestJSON:test_create_server_with_scheduler_hint_group): 200 GET http://10.180.1.21/compute/v2.1/servers/4fe42a7c-55b1-420e-90bf-fae9d586cf48 0.075s
2025-11-22 01:36:25.139 66312 INFO tempest.lib.common.rest_client [req-dd762c15-ecf8-4d9c-88e4-23abf9cde76c req-dd762c15-ecf8-4d9c-88e4-23abf9cde76c ] Request (FloatingIPsAssociationTestJSON:tearDownClass): 200 GET http://10.180.1.21/compute/v2.1/servers/e7f6dd08-44c6-44d3-a6f8-307464c896cf 0.088s
2025-11-22 01:36:25.185 66297 INFO tempest.lib.common.rest_client [req-c72c2310-2f12-4017-97a8-4fd798ca407c req-c72c2310-2f12-4017-97a8-4fd798ca407c ] Request (ServerRescueTestJSONUnderV235:setUpClass): 200 GET http://10.180.1.21/compute/v2.1/servers/49ae1e95-2990-46aa-92c6-f560d5a4a188 0.073s
2025-11-22 01:36:25.193 66296 INFO tempest.lib.common.rest_client [req-3c6b9814-b5d6-4641-9571-fb2a6b909846 req-3c6b9814-b5d6-4641-9571-fb2a6b909846 ] Request (ServersTestMultiNic:_run_cleanups): 200 GET http://10.180.1.21/compute/v2.1/servers/c2e901f4-1a4c-4c55-8dae-2d91372970da 0.054s
2025-11-22 01:36:25.235 66323 INFO tempest.lib.common.rest_client [req-8c4d2e32-5cac-4564-b424-1f4a33d62dbe req-8c4d2e32-5cac-4564-b424-1f4a33d62dbe ] Request (AttachInterfacesTestJSON:test_create_list_show_delete_interfaces_by_network_port): 200 GET http://10.180.1.21/compute/v2.1/servers/e799e78b-bd9e-4803-8f4c-055300c85d19 0.088s
2025-11-22 01:36:25.258 66303 INFO tempest.lib.common.rest_client [req-dca75bb5-45b1-4068-b0c3-6a173eaabfa4 req-dca75bb5-45b1-4068-b0c3-6a173eaabfa4 ] Request (InstanceActionsV221TestJSON:test_get_list_deleted_instance_actions): 200 GET http://10.180.1.21/compute/v2.1/servers/d45fe9c6-d04a-4d65-baee-d190295debc5 0.052s
2025-11-22 01:36:25.316 66319 INFO tempest.lib.common.rest_client [req-973ffb2b-a686-43e1-9bbc-44b205d52aa2 req-973ffb2b-a686-43e1-9bbc-44b205d52aa2 ] Request (ServerDiskConfigTestJSON:test_rebuild_server_with_manual_disk_config): 200 GET http://10.180.1.21/compute/v2.1/servers/940cfe5a-f24f-4f89-8efe-7103cf016b29 0.048s
2025-11-22 01:36:25.362 66291 INFO tempest.lib.common.rest_client [req-0538fae6-deea-441e-8b38-45b652515b5d req-0538fae6-deea-441e-8b38-45b652515b5d ] Request (ListServerFiltersTestJSON:setUpClass): 200 GET http://10.180.1.21/compute/v2.1/servers/114d9a8f-8581-46a9-8047-fe23e07470be 0.107s
2025-11-22 01:36:25.382 66261 INFO tempest.lib.common.rest_client [req-1b4fa171-7275-43cc-a9bf-f14d4ee27806 req-1b4fa171-7275-43cc-a9bf-f14d4ee27806 ] Request (ServersAdminTestJSON:tearDownClass): 200 GET http://10.180.1.21/compute/v2.1/servers/e7370764-1001-4241-96af-0d5cacfd273c 0.059s
2025-11-22 01:36:25.497 66265 INFO tempest.lib.common.rest_client [req-72530cf7-e996-4e3a-968c-6a14f1813429 req-72530cf7-e996-4e3a-968c-6a14f1813429 ] Request (MigrationsAdminTest:test_resize_server_revert_deleted_flavor): 200 GET http://10.180.1.21/compute/v2.1/servers/be0024b2-0de9-4063-9d8f-c72050a98c30 0.138s
2025-11-22 01:36:25.509 66290 INFO tempest.lib.common.rest_client [req-e16787f5-9d35-47a5-9b93-56d794e5fd61 req-e16787f5-9d35-47a5-9b93-56d794e5fd61 ] Request (ListServersNegativeTestJSON:setUpClass): 200 GET http://10.180.1.21/compute/v2.1/servers/fe9ef559-4fe2-4185-b37a-18014f238d14 0.069s
2025-11-22 01:36:25.542 66317 INFO tempest.lib.common.rest_client [req-d95ef783-6fa7-49b7-936f-050958e89bd3 req-d95ef783-6fa7-49b7-936f-050958e89bd3 ] Request (MultipleCreateTestJSON:test_multiple_create_with_reservation_return): 200 GET http://10.180.1.21/compute/v2.1/servers/3379e7d6-e0ef-4aeb-bfe8-8d3edbcb292a 0.057s
2025-11-22 01:36:25.605 66271 INFO tempest.lib.common.rest_client [req-1dfbfed6-6155-4fdd-81cf-32f659471313 req-1dfbfed6-6155-4fdd-81cf-32f659471313 ] Request (ServersTestFqdnHostnames:test_create_server_with_fqdn_name): 200 GET http://10.180.1.21/compute/v2.1/servers/15ccdf0f-2ea8-413e-aad7-d1833645fbbd 0.048s
2025-11-22 01:36:25.665 66275 INFO tempest.lib.common.rest_client [req-269dd56c-5d28-474c-a06d-3e3b0cf9acee req-269dd56c-5d28-474c-a06d-3e3b0cf9acee ] Request (ImagesTestJSON:test_create_server_from_snapshot): 200 GET http://10.180.1.21/compute/v2.1/servers/3b575d75-5b80-4b8c-a03d-399627feeee9 0.052s
2025-11-22 01:36:25.707 66301 INFO tempest.lib.common.rest_client [req-1129ffc0-ac81-4fb6-8893-7a6fd19f9d3b req-1129ffc0-ac81-4fb6-8893-7a6fd19f9d3b ] Request (ListImageFiltersTestJSON:setUpClass): 200 GET http://10.180.1.21/compute/v2.1/servers/e9e33c9c-e81e-4053-a631-3816fb983a97 0.051s
2025-11-22 01:36:25.713 66301 INFO tempest.common.waiters [-] State transition "BUILD/scheduling" ==> "BUILD/None" after 11 second wait
2025-11-22 01:36:25.758 66305 INFO tempest.lib.common.rest_client [req-aac0c2ba-2540-4a0a-9b62-7b4a9e307ca5 req-aac0c2ba-2540-4a0a-9b62-7b4a9e307ca5 ] Request (AttachVolumeTestJSON:test_attach_detach_volume): 200 GET http://10.180.1.21/compute/v2.1/servers/eea92ca0-4856-4722-b34c-10e6689c4c97 0.055s
2025-11-22 01:36:25.762 66283 INFO tempest.lib.common.rest_client [req-6c25d7c3-3ba2-4adf-bfac-7bd391cb386d req-6c25d7c3-3ba2-4adf-bfac-7bd391cb386d ] Request (ServersListShow298Test:tearDownClass): 200 GET http://10.180.1.21/compute/v2.1/servers/16a746b5-eec6-40d1-be26-1afa53569682 0.067s
2025-11-22 01:36:26.051 66313 INFO tempest.lib.common.rest_client [req-3842f4a0-515c-4b7d-bab2-b3f98a5555ca req-3842f4a0-515c-4b7d-bab2-b3f98a5555ca ] Request (SecurityGroupsTestJSON:tearDownClass): 200 GET http://10.180.1.21/compute/v2.1/servers/6077d2c8-ec37-4f4e-8fde-434db9fac899 0.064s
2025-11-22 01:36:26.071 66321 INFO tempest.lib.common.rest_client [req-84e85a64-b24e-4479-b372-a2106f81d204 req-84e85a64-b24e-4479-b372-a2106f81d204 ] Request (ServersTestJSON:_run_cleanups): 200 GET http://10.180.1.21/compute/v2.1/servers/8414751e-090c-4082-8b39-db3a391d50f5 0.098s
2025-11-22 01:36:26.127 66285 INFO tempest.lib.common.rest_client [req-005dc9de-bf35-410d-821a-65ebc7eda4d1 req-005dc9de-bf35-410d-821a-65ebc7eda4d1 ] Request (ServersTestJSON:tearDownClass): 200 GET http://10.180.1.21/compute/v2.1/servers/8a4f3338-19af-4e1d-9ee6-6e527408bb30 0.057s
2025-11-22 01:36:26.188 66279 INFO tempest.lib.common.rest_client [req-0de20ef6-ef90-49d6-86cc-6f5dd97a0382 req-0de20ef6-ef90-49d6-86cc-6f5dd97a0382 ] Request (ServerGroupTestJSON:test_create_server_with_scheduler_hint_group): 200 GET http://10.180.1.21/compute/v2.1/servers/4fe42a7c-55b1-420e-90bf-fae9d586cf48 0.046s
2025-11-22 01:36:26.201 66312 INFO tempest.lib.common.rest_client [req-a390af8d-9f4e-475c-b787-6be0ebfe2fb6 req-a390af8d-9f4e-475c-b787-6be0ebfe2fb6 ] Request (FloatingIPsAssociationTestJSON:tearDownClass): 200 GET http://10.180.1.21/compute/v2.1/servers/e7f6dd08-44c6-44d3-a6f8-307464c896cf 0.054s
2025-11-22 01:36:26.238 66297 INFO tempest.lib.common.rest_client [req-3b7c3ae3-abe2-464c-873d-d002be3912ad req-3b7c3ae3-abe2-464c-873d-d002be3912ad ] Request (ServerRescueTestJSONUnderV235:setUpClass): 200 GET http://10.180.1.21/compute/v2.1/servers/49ae1e95-2990-46aa-92c6-f560d5a4a188 0.046s
2025-11-22 01:36:26.255 66296 INFO tempest.lib.common.rest_client [req-b18e9759-e069-46b6-a35d-71a4ded76748 req-b18e9759-e069-46b6-a35d-71a4ded76748 ] Request (ServersTestMultiNic:_run_cleanups): 200 GET http://10.180.1.21/compute/v2.1/servers/c2e901f4-1a4c-4c55-8dae-2d91372970da 0.054s
2025-11-22 01:36:26.294 66323 INFO tempest.lib.common.rest_client [req-87065aef-4546-44f1-80d0-6ebe5f97958c req-87065aef-4546-44f1-80d0-6ebe5f97958c ] Request (AttachInterfacesTestJSON:test_create_list_show_delete_interfaces_by_network_port): 200 GET http://10.180.1.21/compute/v2.1/servers/e799e78b-bd9e-4803-8f4c-055300c85d19 0.051s
2025-11-22 01:36:26.318 66303 INFO tempest.lib.common.rest_client [req-07389635-70cd-4449-95d4-46f8abbda98e req-07389635-70cd-4449-95d4-46f8abbda98e ] Request (InstanceActionsV221TestJSON:test_get_list_deleted_instance_actions): 200 GET http://10.180.1.21/compute/v2.1/servers/d45fe9c6-d04a-4d65-baee-d190295debc5 0.051s
2025-11-22 01:36:26.371 66319 INFO tempest.lib.common.rest_client [req-96004245-ff66-4038-b5b2-d8161ce5a412 req-96004245-ff66-4038-b5b2-d8161ce5a412 ] Request (ServerDiskConfigTestJSON:test_rebuild_server_with_manual_disk_config): 200 GET http://10.180.1.21/compute/v2.1/servers/940cfe5a-f24f-4f89-8efe-7103cf016b29 0.047s
2025-11-22 01:36:26.474 66261 INFO tempest.lib.common.rest_client [req-f9e1a90c-3a6b-4e54-8da4-b625b8761ec6 req-f9e1a90c-3a6b-4e54-8da4-b625b8761ec6 ] Request (ServersAdminTestJSON:tearDownClass): 200 GET http://10.180.1.21/compute/v2.1/servers/e7370764-1001-4241-96af-0d5cacfd273c 0.084s
2025-11-22 01:36:26.496 66291 INFO tempest.lib.common.rest_client [req-19ab81ed-65bc-49ac-a50f-5002d8de417f req-19ab81ed-65bc-49ac-a50f-5002d8de417f ] Request (ListServerFiltersTestJSON:setUpClass): 200 GET http://10.180.1.21/compute/v2.1/servers/114d9a8f-8581-46a9-8047-fe23e07470be 0.124s
2025-11-22 01:36:26.581 66290 INFO tempest.lib.common.rest_client [req-127c5dad-ad74-44b6-b5e4-6748800c98ca req-127c5dad-ad74-44b6-b5e4-6748800c98ca ] Request (ListServersNegativeTestJSON:setUpClass): 200 GET http://10.180.1.21/compute/v2.1/servers/fe9ef559-4fe2-4185-b37a-18014f238d14 0.064s
2025-11-22 01:36:26.624 66265 INFO tempest.lib.common.rest_client [req-b5a34a83-e6d3-452a-82c2-392f18c1b1b4 req-b5a34a83-e6d3-452a-82c2-392f18c1b1b4 ] Request (MigrationsAdminTest:test_resize_server_revert_deleted_flavor): 200 GET http://10.180.1.21/compute/v2.1/servers/be0024b2-0de9-4063-9d8f-c72050a98c30 0.118s
2025-11-22 01:36:26.627 66317 INFO tempest.lib.common.rest_client [req-472a9b09-e749-48fc-b517-82ed43188f7e req-472a9b09-e749-48fc-b517-82ed43188f7e ] Request (MultipleCreateTestJSON:test_multiple_create_with_reservation_return): 200 GET http://10.180.1.21/compute/v2.1/servers/3379e7d6-e0ef-4aeb-bfe8-8d3edbcb292a 0.077s
2025-11-22 01:36:26.679 66271 INFO tempest.lib.common.rest_client [req-9cdcf5ca-7992-4f64-a751-83cac7c8528c req-9cdcf5ca-7992-4f64-a751-83cac7c8528c ] Request (ServersTestFqdnHostnames:test_create_server_with_fqdn_name): 200 GET http://10.180.1.21/compute/v2.1/servers/15ccdf0f-2ea8-413e-aad7-d1833645fbbd 0.066s
2025-11-22 01:36:26.727 66275 INFO tempest.lib.common.rest_client [req-9be6ed9d-c5cc-47c1-98da-a9e0c2accf73 req-9be6ed9d-c5cc-47c1-98da-a9e0c2accf73 ] Request (ImagesTestJSON:test_create_server_from_snapshot): 200 GET http://10.180.1.21/compute/v2.1/servers/3b575d75-5b80-4b8c-a03d-399627feeee9 0.054s
2025-11-22 01:36:26.769 66301 INFO tempest.lib.common.rest_client [req-b0d06584-2cc2-4eda-948b-67823b45bfd7 req-b0d06584-2cc2-4eda-948b-67823b45bfd7 ] Request (ListImageFiltersTestJSON:setUpClass): 200 GET http://10.180.1.21/compute/v2.1/servers/e9e33c9c-e81e-4053-a631-3816fb983a97 0.054s
2025-11-22 01:36:26.826 66305 INFO tempest.lib.common.rest_client [req-b7abbfb8-3046-4521-baaf-626ef9a1ccc0 req-b7abbfb8-3046-4521-baaf-626ef9a1ccc0 ] Request (AttachVolumeTestJSON:test_attach_detach_volume): 200 GET http://10.180.1.21/compute/v2.1/servers/eea92ca0-4856-4722-b34c-10e6689c4c97 0.059s
2025-11-22 01:36:26.846 66283 INFO tempest.lib.common.rest_client [req-a159821b-8832-40e0-bb80-f0b9aa8d8274 req-a159821b-8832-40e0-bb80-f0b9aa8d8274 ] Request (ServersListShow298Test:tearDownClass): 200 GET http://10.180.1.21/compute/v2.1/servers/16a746b5-eec6-40d1-be26-1afa53569682 0.072s
2025-11-22 01:36:27.129 66313 INFO tempest.lib.common.rest_client [req-136502f7-cab1-4657-93b1-19d0c2f591a5 req-136502f7-cab1-4657-93b1-19d0c2f591a5 ] Request (SecurityGroupsTestJSON:tearDownClass): 200 GET http://10.180.1.21/compute/v2.1/servers/6077d2c8-ec37-4f4e-8fde-434db9fac899 0.070s
2025-11-22 01:36:27.135 66321 INFO tempest.lib.common.rest_client [req-b0779f73-843f-4702-8d5b-de2787a88804 req-b0779f73-843f-4702-8d5b-de2787a88804 ] Request (ServersTestJSON:_run_cleanups): 200 GET http://10.180.1.21/compute/v2.1/servers/8414751e-090c-4082-8b39-db3a391d50f5 0.055s
2025-11-22 01:36:27.193 66285 INFO tempest.lib.common.rest_client [req-6c211546-d83c-49de-b8b3-0a416519cdb5 req-6c211546-d83c-49de-b8b3-0a416519cdb5 ] Request (ServersTestJSON:tearDownClass): 200 GET http://10.180.1.21/compute/v2.1/servers/8a4f3338-19af-4e1d-9ee6-6e527408bb30 0.058s
2025-11-22 01:36:27.246 66279 INFO tempest.lib.common.rest_client [req-3ecb35ba-da70-4752-a6e7-12d7e2d38446 req-3ecb35ba-da70-4752-a6e7-12d7e2d38446 ] Request (ServerGroupTestJSON:test_create_server_with_scheduler_hint_group): 200 GET http://10.180.1.21/compute/v2.1/servers/4fe42a7c-55b1-420e-90bf-fae9d586cf48 0.050s
2025-11-22 01:36:27.266 66312 INFO tempest.lib.common.rest_client [req-c83554db-f888-4bf3-b28c-fc3562ee2e9b req-c83554db-f888-4bf3-b28c-fc3562ee2e9b ] Request (FloatingIPsAssociationTestJSON:tearDownClass): 200 GET http://10.180.1.21/compute/v2.1/servers/e7f6dd08-44c6-44d3-a6f8-307464c896cf 0.057s
2025-11-22 01:36:27.296 66297 INFO tempest.lib.common.rest_client [req-ab07dc4e-5ae4-4a7d-8b4b-61cb2407686b req-ab07dc4e-5ae4-4a7d-8b4b-61cb2407686b ] Request (ServerRescueTestJSONUnderV235:setUpClass): 200 GET http://10.180.1.21/compute/v2.1/servers/49ae1e95-2990-46aa-92c6-f560d5a4a188 0.050s
2025-11-22 01:36:27.318 66296 INFO tempest.lib.common.rest_client [req-938fd470-cb64-4f2c-8d51-5708d7b60284 req-938fd470-cb64-4f2c-8d51-5708d7b60284 ] Request (ServersTestMultiNic:_run_cleanups): 200 GET http://10.180.1.21/compute/v2.1/servers/c2e901f4-1a4c-4c55-8dae-2d91372970da 0.055s
2025-11-22 01:36:27.350 66323 INFO tempest.lib.common.rest_client [req-8d335b85-0321-4344-8e8b-3b7163d87c0c req-8d335b85-0321-4344-8e8b-3b7163d87c0c ] Request (AttachInterfacesTestJSON:test_create_list_show_delete_interfaces_by_network_port): 200 GET http://10.180.1.21/compute/v2.1/servers/e799e78b-bd9e-4803-8f4c-055300c85d19 0.047s
2025-11-22 01:36:27.377 66303 INFO tempest.lib.common.rest_client [req-7df7d29a-72cf-48a9-864f-70788f14e74b req-7df7d29a-72cf-48a9-864f-70788f14e74b ] Request (InstanceActionsV221TestJSON:test_get_list_deleted_instance_actions): 200 GET http://10.180.1.21/compute/v2.1/servers/d45fe9c6-d04a-4d65-baee-d190295debc5 0.050s
2025-11-22 01:36:27.427 66319 INFO tempest.lib.common.rest_client [req-a9a20e9f-677a-470c-affe-f9dd324fd56d req-a9a20e9f-677a-470c-affe-f9dd324fd56d ] Request (ServerDiskConfigTestJSON:test_rebuild_server_with_manual_disk_config): 200 GET http://10.180.1.21/compute/v2.1/servers/940cfe5a-f24f-4f89-8efe-7103cf016b29 0.049s
2025-11-22 01:36:27.550 66261 INFO tempest.lib.common.rest_client [req-34f3120e-b226-4b03-8d05-7507b0806f04 req-34f3120e-b226-4b03-8d05-7507b0806f04 ] Request (ServersAdminTestJSON:tearDownClass): 200 GET http://10.180.1.21/compute/v2.1/servers/e7370764-1001-4241-96af-0d5cacfd273c 0.068s
2025-11-22 01:36:27.647 66291 INFO tempest.lib.common.rest_client [req-cfe82122-628a-4a61-aeba-4e80c077670b req-cfe82122-628a-4a61-aeba-4e80c077670b ] Request (ListServerFiltersTestJSON:setUpClass): 200 GET http://10.180.1.21/compute/v2.1/servers/114d9a8f-8581-46a9-8047-fe23e07470be 0.143s
2025-11-22 01:36:27.741 66265 INFO tempest.lib.common.rest_client [req-565b8101-a3dc-4679-b31d-0a3d57189e75 req-565b8101-a3dc-4679-b31d-0a3d57189e75 ] Request (MigrationsAdminTest:test_resize_server_revert_deleted_flavor): 200 GET http://10.180.1.21/compute/v2.1/servers/be0024b2-0de9-4063-9d8f-c72050a98c30 0.108s
2025-11-22 01:36:27.803 66317 INFO tempest.lib.common.rest_client [req-6874124c-38d6-4b8d-aaec-f3ba03069695 req-6874124c-38d6-4b8d-aaec-f3ba03069695 ] Request (MultipleCreateTestJSON:test_multiple_create_with_reservation_return): 200 GET http://10.180.1.21/compute/v2.1/servers/3379e7d6-e0ef-4aeb-bfe8-8d3edbcb292a 0.168s
2025-11-22 01:36:27.858 66271 INFO tempest.lib.common.rest_client [req-022a24d6-a9de-4fe9-81a0-f16e035c5f49 req-022a24d6-a9de-4fe9-81a0-f16e035c5f49 ] Request (ServersTestFqdnHostnames:test_create_server_with_fqdn_name): 200 GET http://10.180.1.21/compute/v2.1/servers/15ccdf0f-2ea8-413e-aad7-d1833645fbbd 0.171s
2025-11-22 01:36:27.905 66275 INFO tempest.lib.common.rest_client [req-73c7d448-6dac-4353-ac5f-d94ea7073c78 req-73c7d448-6dac-4353-ac5f-d94ea7073c78 ] Request (ImagesTestJSON:test_create_server_from_snapshot): 200 GET http://10.180.1.21/compute/v2.1/servers/3b575d75-5b80-4b8c-a03d-399627feeee9 0.169s
2025-11-22 01:36:27.907 66290 INFO tempest.lib.common.rest_client [req-5e69aebd-defa-4930-8255-e368b681fef2 req-5e69aebd-defa-4930-8255-e368b681fef2 ] Request (ListServersNegativeTestJSON:setUpClass): 200 GET http://10.180.1.21/compute/v2.1/servers/fe9ef559-4fe2-4185-b37a-18014f238d14 0.319s
2025-11-22 01:36:27.956 66305 INFO tempest.lib.common.rest_client [req-1260e2ae-a0f8-46cd-aeb7-7a3308471dac req-1260e2ae-a0f8-46cd-aeb7-7a3308471dac ] Request (AttachVolumeTestJSON:test_attach_detach_volume): 200 GET http://10.180.1.21/compute/v2.1/servers/eea92ca0-4856-4722-b34c-10e6689c4c97 0.122s
2025-11-22 01:36:27.956 66301 INFO tempest.lib.common.rest_client [req-5be42405-ce78-4328-ae48-7fbd87c277a9 req-5be42405-ce78-4328-ae48-7fbd87c277a9 ] Request (ListImageFiltersTestJSON:setUpClass): 200 GET http://10.180.1.21/compute/v2.1/servers/e9e33c9c-e81e-4053-a631-3816fb983a97 0.178s
2025-11-22 01:36:28.016 66283 INFO tempest.lib.common.rest_client [req-ce00aa58-44fb-45bf-9142-13942f5510cf req-ce00aa58-44fb-45bf-9142-13942f5510cf ] Request (ServersListShow298Test:tearDownClass): 200 GET http://10.180.1.21/compute/v2.1/servers/16a746b5-eec6-40d1-be26-1afa53569682 0.157s
2025-11-22 01:36:28.200 66313 INFO tempest.lib.common.rest_client [req-e45b5cbb-e5a5-4894-936b-0ea04d16b4e4 req-e45b5cbb-e5a5-4894-936b-0ea04d16b4e4 ] Request (SecurityGroupsTestJSON:tearDownClass): 200 GET http://10.180.1.21/compute/v2.1/servers/6077d2c8-ec37-4f4e-8fde-434db9fac899 0.062s
2025-11-22 01:36:28.220 66321 INFO tempest.lib.common.rest_client [req-cfb3fd72-b349-49c7-bd48-7d467a601938 req-cfb3fd72-b349-49c7-bd48-7d467a601938 ] Request (ServersTestJSON:_run_cleanups): 200 GET http://10.180.1.21/compute/v2.1/servers/8414751e-090c-4082-8b39-db3a391d50f5 0.074s
2025-11-22 01:36:28.227 66321 INFO tempest.common.waiters [-] State transition "ACTIVE/deleting" ==> "DELETED/None" after 5 second wait
2025-11-22 01:36:28.271 66285 INFO tempest.lib.common.rest_client [req-8fbe19df-dca7-480c-b7cf-5241d417daa6 req-8fbe19df-dca7-480c-b7cf-5241d417daa6 ] Request (ServersTestJSON:tearDownClass): 200 GET http://10.180.1.21/compute/v2.1/servers/8a4f3338-19af-4e1d-9ee6-6e527408bb30 0.070s
2025-11-22 01:36:28.304 66279 INFO tempest.lib.common.rest_client [req-46134484-4c55-4f82-b9eb-bb04efea6956 req-46134484-4c55-4f82-b9eb-bb04efea6956 ] Request (ServerGroupTestJSON:test_create_server_with_scheduler_hint_group): 200 GET http://10.180.1.21/compute/v2.1/servers/4fe42a7c-55b1-420e-90bf-fae9d586cf48 0.050s
2025-11-22 01:36:28.329 66312 INFO tempest.lib.common.rest_client [req-70dfbc75-0e8d-47c2-8d33-2dbcc1ab5ff7 req-70dfbc75-0e8d-47c2-8d33-2dbcc1ab5ff7 ] Request (FloatingIPsAssociationTestJSON:tearDownClass): 200 GET http://10.180.1.21/compute/v2.1/servers/e7f6dd08-44c6-44d3-a6f8-307464c896cf 0.055s
2025-11-22 01:36:28.354 66297 INFO tempest.lib.common.rest_client [req-b08e3ef9-2c55-4672-9a1d-923bbfcee3d0 req-b08e3ef9-2c55-4672-9a1d-923bbfcee3d0 ] Request (ServerRescueTestJSONUnderV235:setUpClass): 200 GET http://10.180.1.21/compute/v2.1/servers/49ae1e95-2990-46aa-92c6-f560d5a4a188 0.050s
2025-11-22 01:36:28.382 66296 INFO tempest.lib.common.rest_client [req-f025ff42-afb2-4a0a-bd3a-e0fdf47530fd req-f025ff42-afb2-4a0a-bd3a-e0fdf47530fd ] Request (ServersTestMultiNic:_run_cleanups): 200 GET http://10.180.1.21/compute/v2.1/servers/c2e901f4-1a4c-4c55-8dae-2d91372970da 0.056s
2025-11-22 01:36:28.406 66323 INFO tempest.lib.common.rest_client [req-133ac98c-4a1e-40a6-89cb-f7920c1f515a req-133ac98c-4a1e-40a6-89cb-f7920c1f515a ] Request (AttachInterfacesTestJSON:test_create_list_show_delete_interfaces_by_network_port): 200 GET http://10.180.1.21/compute/v2.1/servers/e799e78b-bd9e-4803-8f4c-055300c85d19 0.048s
2025-11-22 01:36:28.439 66303 INFO tempest.lib.common.rest_client [req-6ebe1ca1-edc4-40fa-ac59-1fcc550fca8d req-6ebe1ca1-edc4-40fa-ac59-1fcc550fca8d ] Request (InstanceActionsV221TestJSON:test_get_list_deleted_instance_actions): 200 GET http://10.180.1.21/compute/v2.1/servers/d45fe9c6-d04a-4d65-baee-d190295debc5 0.053s
2025-11-22 01:36:28.484 66319 INFO tempest.lib.common.rest_client [req-b4be971c-8ca5-449a-8b24-d383fcafc72d req-b4be971c-8ca5-449a-8b24-d383fcafc72d ] Request (ServerDiskConfigTestJSON:test_rebuild_server_with_manual_disk_config): 200 GET http://10.180.1.21/compute/v2.1/servers/940cfe5a-f24f-4f89-8efe-7103cf016b29 0.050s
2025-11-22 01:36:28.621 66261 INFO tempest.lib.common.rest_client [req-c33926b4-54c6-43f7-a643-833853305fd9 req-c33926b4-54c6-43f7-a643-833853305fd9 ] Request (ServersAdminTestJSON:tearDownClass): 200 GET http://10.180.1.21/compute/v2.1/servers/e7370764-1001-4241-96af-0d5cacfd273c 0.061s
2025-11-22 01:36:28.767 66291 INFO tempest.lib.common.rest_client [req-80d26e00-eb50-4d4a-abf5-1fd8523dcf99 req-80d26e00-eb50-4d4a-abf5-1fd8523dcf99 ] Request (ListServerFiltersTestJSON:setUpClass): 200 GET http://10.180.1.21/compute/v2.1/servers/114d9a8f-8581-46a9-8047-fe23e07470be 0.112s
2025-11-22 01:36:28.844 66265 INFO tempest.lib.common.rest_client [req-c6db598f-824a-47e5-9330-f2107e8efa02 req-c6db598f-824a-47e5-9330-f2107e8efa02 ] Request (MigrationsAdminTest:test_resize_server_revert_deleted_flavor): 200 GET http://10.180.1.21/compute/v2.1/servers/be0024b2-0de9-4063-9d8f-c72050a98c30 0.094s
2025-11-22 01:36:28.863 66317 INFO tempest.lib.common.rest_client [req-43ae7480-8cdf-412c-b4ad-8ce2ca9b1001 req-43ae7480-8cdf-412c-b4ad-8ce2ca9b1001 ] Request (MultipleCreateTestJSON:test_multiple_create_with_reservation_return): 200 GET http://10.180.1.21/compute/v2.1/servers/3379e7d6-e0ef-4aeb-bfe8-8d3edbcb292a 0.050s
2025-11-22 01:36:28.921 66271 INFO tempest.lib.common.rest_client [req-5bb68ff0-7275-4152-ac1e-a73762e614f4 req-5bb68ff0-7275-4152-ac1e-a73762e614f4 ] Request (ServersTestFqdnHostnames:test_create_server_with_fqdn_name): 200 GET http://10.180.1.21/compute/v2.1/servers/15ccdf0f-2ea8-413e-aad7-d1833645fbbd 0.055s
2025-11-22 01:36:28.964 66275 INFO tempest.lib.common.rest_client [req-22dda641-7cb0-45ab-bac0-323025537302 req-22dda641-7cb0-45ab-bac0-323025537302 ] Request (ImagesTestJSON:test_create_server_from_snapshot): 200 GET http://10.180.1.21/compute/v2.1/servers/3b575d75-5b80-4b8c-a03d-399627feeee9 0.052s
2025-11-22 01:36:28.976 66290 INFO tempest.lib.common.rest_client [req-c82ee168-863c-49ec-aa1d-54404ce25994 req-c82ee168-863c-49ec-aa1d-54404ce25994 ] Request (ListServersNegativeTestJSON:setUpClass): 200 GET http://10.180.1.21/compute/v2.1/servers/fe9ef559-4fe2-4185-b37a-18014f238d14 0.061s
2025-11-22 01:36:29.013 66301 INFO tempest.lib.common.rest_client [req-29c3bf35-c2a4-4a06-9869-3107632dbd8d req-29c3bf35-c2a4-4a06-9869-3107632dbd8d ] Request (ListImageFiltersTestJSON:setUpClass): 200 GET http://10.180.1.21/compute/v2.1/servers/e9e33c9c-e81e-4053-a631-3816fb983a97 0.049s
2025-11-22 01:36:29.024 66305 INFO tempest.lib.common.rest_client [req-e177542b-dfad-465b-bf47-5b610eb3cac8 req-e177542b-dfad-465b-bf47-5b610eb3cac8 ] Request (AttachVolumeTestJSON:test_attach_detach_volume): 200 GET http://10.180.1.21/compute/v2.1/servers/eea92ca0-4856-4722-b34c-10e6689c4c97 0.060s
2025-11-22 01:36:29.093 66283 INFO tempest.lib.common.rest_client [req-6d872b0f-b9bf-4cd8-98db-9ff998459811 req-6d872b0f-b9bf-4cd8-98db-9ff998459811 ] Request (ServersListShow298Test:tearDownClass): 200 GET http://10.180.1.21/compute/v2.1/servers/16a746b5-eec6-40d1-be26-1afa53569682 0.065s
2025-11-22 01:36:29.268 66313 INFO tempest.lib.common.rest_client [req-04a2cd7b-2377-4ed4-a3f5-253c26230bd0 req-04a2cd7b-2377-4ed4-a3f5-253c26230bd0 ] Request (SecurityGroupsTestJSON:tearDownClass): 200 GET http://10.180.1.21/compute/v2.1/servers/6077d2c8-ec37-4f4e-8fde-434db9fac899 0.059s
2025-11-22 01:36:29.286 66321 INFO tempest.lib.common.rest_client [req-59880632-a64b-4292-9ec1-d9b78ccb83fe req-59880632-a64b-4292-9ec1-d9b78ccb83fe ] Request (ServersTestJSON:_run_cleanups): 200 GET http://10.180.1.21/compute/v2.1/servers/8414751e-090c-4082-8b39-db3a391d50f5 0.057s
2025-11-22 01:36:29.338 66285 INFO tempest.lib.common.rest_client [req-6d7d6ebe-cdb0-48c9-b779-6a2b131efd6d req-6d7d6ebe-cdb0-48c9-b779-6a2b131efd6d ] Request (ServersTestJSON:tearDownClass): 200 GET http://10.180.1.21/compute/v2.1/servers/8a4f3338-19af-4e1d-9ee6-6e527408bb30 0.059s
2025-11-22 01:36:29.364 66279 INFO tempest.lib.common.rest_client [req-d9cf5291-28ec-495a-86d3-dd4e1f52f011 req-d9cf5291-28ec-495a-86d3-dd4e1f52f011 ] Request (ServerGroupTestJSON:test_create_server_with_scheduler_hint_group): 200 GET http://10.180.1.21/compute/v2.1/servers/4fe42a7c-55b1-420e-90bf-fae9d586cf48 0.052s
2025-11-22 01:36:29.396 66312 INFO tempest.lib.common.rest_client [req-889852f0-823c-443c-8f62-dda095be315d req-889852f0-823c-443c-8f62-dda095be315d ] Request (FloatingIPsAssociationTestJSON:tearDownClass): 200 GET http://10.180.1.21/compute/v2.1/servers/e7f6dd08-44c6-44d3-a6f8-307464c896cf 0.059s
2025-11-22 01:36:29.412 66297 INFO tempest.lib.common.rest_client [req-63705317-44a2-460c-9759-5f70d996a4e3 req-63705317-44a2-460c-9759-5f70d996a4e3 ] Request (ServerRescueTestJSONUnderV235:setUpClass): 200 GET http://10.180.1.21/compute/v2.1/servers/49ae1e95-2990-46aa-92c6-f560d5a4a188 0.050s
2025-11-22 01:36:29.452 66296 INFO tempest.lib.common.rest_client [req-0f30fd2c-4c56-44b1-a085-ea5b58c14a30 req-0f30fd2c-4c56-44b1-a085-ea5b58c14a30 ] Request (ServersTestMultiNic:_run_cleanups): 200 GET http://10.180.1.21/compute/v2.1/servers/c2e901f4-1a4c-4c55-8dae-2d91372970da 0.062s
2025-11-22 01:36:29.466 66323 INFO tempest.lib.common.rest_client [req-c45e66dd-d1a2-43bd-b99f-ffe05360e551 req-c45e66dd-d1a2-43bd-b99f-ffe05360e551 ] Request (AttachInterfacesTestJSON:test_create_list_show_delete_interfaces_by_network_port): 200 GET http://10.180.1.21/compute/v2.1/servers/e799e78b-bd9e-4803-8f4c-055300c85d19 0.052s
2025-11-22 01:36:29.503 66303 INFO tempest.lib.common.rest_client [req-51c8fc65-48c0-46a7-8993-28968d4a7bb3 req-51c8fc65-48c0-46a7-8993-28968d4a7bb3 ] Request (InstanceActionsV221TestJSON:test_get_list_deleted_instance_actions): 200 GET http://10.180.1.21/compute/v2.1/servers/d45fe9c6-d04a-4d65-baee-d190295debc5 0.055s
2025-11-22 01:36:29.542 66319 INFO tempest.lib.common.rest_client [req-ea7d0f12-fbd0-45eb-afec-f754f53c6bb5 req-ea7d0f12-fbd0-45eb-afec-f754f53c6bb5 ] Request (ServerDiskConfigTestJSON:test_rebuild_server_with_manual_disk_config): 200 GET http://10.180.1.21/compute/v2.1/servers/940cfe5a-f24f-4f89-8efe-7103cf016b29 0.050s
2025-11-22 01:36:29.687 66261 INFO tempest.lib.common.rest_client [req-fd3260fd-ea5e-41fd-a593-e59b7419d3d8 req-fd3260fd-ea5e-41fd-a593-e59b7419d3d8 ] Request (ServersAdminTestJSON:tearDownClass): 200 GET http://10.180.1.21/compute/v2.1/servers/e7370764-1001-4241-96af-0d5cacfd273c 0.058s
2025-11-22 01:36:29.870 66291 INFO tempest.lib.common.rest_client [req-f239245b-4867-43e5-802c-8265cf687d97 req-f239245b-4867-43e5-802c-8265cf687d97 ] Request (ListServerFiltersTestJSON:setUpClass): 200 GET http://10.180.1.21/compute/v2.1/servers/114d9a8f-8581-46a9-8047-fe23e07470be 0.094s
2025-11-22 01:36:29.921 66317 INFO tempest.lib.common.rest_client [req-bacb2e13-7b12-439e-b646-440536416364 req-bacb2e13-7b12-439e-b646-440536416364 ] Request (MultipleCreateTestJSON:test_multiple_create_with_reservation_return): 200 GET http://10.180.1.21/compute/v2.1/servers/3379e7d6-e0ef-4aeb-bfe8-8d3edbcb292a 0.050s
2025-11-22 01:36:29.947 66265 INFO tempest.lib.common.rest_client [req-cdd5b072-002b-4f33-814d-579a9674a8a7 req-cdd5b072-002b-4f33-814d-579a9674a8a7 ] Request (MigrationsAdminTest:test_resize_server_revert_deleted_flavor): 200 GET http://10.180.1.21/compute/v2.1/servers/be0024b2-0de9-4063-9d8f-c72050a98c30 0.095s
2025-11-22 01:36:29.977 66271 INFO tempest.lib.common.rest_client [req-adc58a7f-3e54-4fbc-abf4-e9a63a8739eb req-adc58a7f-3e54-4fbc-abf4-e9a63a8739eb ] Request (ServersTestFqdnHostnames:test_create_server_with_fqdn_name): 200 GET http://10.180.1.21/compute/v2.1/servers/15ccdf0f-2ea8-413e-aad7-d1833645fbbd 0.048s
2025-11-22 01:36:30.018 66287 WARNING tempest.lib.common.ssh [-] Failed to establish authenticated ssh connection to cirros@10.180.180.142 ([Errno None] Unable to connect to port 22 on 10.180.180.142). Number attempts: 10. Retry after 11 seconds.: paramiko.ssh_exception.NoValidConnectionsError: [Errno None] Unable to connect to port 22 on 10.180.180.142
2025-11-22 01:36:30.024 66275 INFO tempest.lib.common.rest_client [req-159ee322-9330-458f-bd9d-ce23b19722ae req-159ee322-9330-458f-bd9d-ce23b19722ae ] Request (ImagesTestJSON:test_create_server_from_snapshot): 200 GET http://10.180.1.21/compute/v2.1/servers/3b575d75-5b80-4b8c-a03d-399627feeee9 0.051s
2025-11-22 01:36:30.047 66290 INFO tempest.lib.common.rest_client [req-97c1db87-39e2-4b1c-a10c-ad3989fbdc5f req-97c1db87-39e2-4b1c-a10c-ad3989fbdc5f ] Request (ListServersNegativeTestJSON:setUpClass): 200 GET http://10.180.1.21/compute/v2.1/servers/fe9ef559-4fe2-4185-b37a-18014f238d14 0.063s
2025-11-22 01:36:30.076 66301 INFO tempest.lib.common.rest_client [req-228fc196-8e87-4b17-ad8a-571a07bda72b req-228fc196-8e87-4b17-ad8a-571a07bda72b ] Request (ListImageFiltersTestJSON:setUpClass): 200 GET http://10.180.1.21/compute/v2.1/servers/e9e33c9c-e81e-4053-a631-3816fb983a97 0.055s
2025-11-22 01:36:30.101 66305 INFO tempest.lib.common.rest_client [req-c4f2005d-3078-40f0-a4f9-dc3098c3fa95 req-c4f2005d-3078-40f0-a4f9-dc3098c3fa95 ] Request (AttachVolumeTestJSON:test_attach_detach_volume): 200 GET http://10.180.1.21/compute/v2.1/servers/eea92ca0-4856-4722-b34c-10e6689c4c97 0.069s
2025-11-22 01:36:30.173 66283 INFO tempest.lib.common.rest_client [req-f4266d55-99db-4774-b98a-246d17d649df req-f4266d55-99db-4774-b98a-246d17d649df ] Request (ServersListShow298Test:tearDownClass): 200 GET http://10.180.1.21/compute/v2.1/servers/16a746b5-eec6-40d1-be26-1afa53569682 0.069s
2025-11-22 01:36:30.334 66313 INFO tempest.lib.common.rest_client [req-ad248984-53ac-4e3b-b742-84a7987fce94 req-ad248984-53ac-4e3b-b742-84a7987fce94 ] Request (SecurityGroupsTestJSON:tearDownClass): 200 GET http://10.180.1.21/compute/v2.1/servers/6077d2c8-ec37-4f4e-8fde-434db9fac899 0.059s
2025-11-22 01:36:30.348 66321 INFO tempest.lib.common.rest_client [req-f0704ffd-6d6d-4aa0-ad91-22b848204f78 req-f0704ffd-6d6d-4aa0-ad91-22b848204f78 ] Request (ServersTestJSON:_run_cleanups): 200 GET http://10.180.1.21/compute/v2.1/servers/8414751e-090c-4082-8b39-db3a391d50f5 0.054s
2025-11-22 01:36:30.402 66285 INFO tempest.lib.common.rest_client [req-fd38b866-c69b-4192-8fac-0bde09aae350 req-fd38b866-c69b-4192-8fac-0bde09aae350 ] Request (ServersTestJSON:tearDownClass): 200 GET http://10.180.1.21/compute/v2.1/servers/8a4f3338-19af-4e1d-9ee6-6e527408bb30 0.056s
2025-11-22 01:36:30.430 66279 INFO tempest.lib.common.rest_client [req-5fdddf9f-4338-417b-936e-f8d777136e85 req-5fdddf9f-4338-417b-936e-f8d777136e85 ] Request (ServerGroupTestJSON:test_create_server_with_scheduler_hint_group): 200 GET http://10.180.1.21/compute/v2.1/servers/4fe42a7c-55b1-420e-90bf-fae9d586cf48 0.057s
2025-11-22 01:36:30.457 66312 INFO tempest.lib.common.rest_client [req-1323d7dd-a6d9-43aa-a5cf-9a53614dad44 req-1323d7dd-a6d9-43aa-a5cf-9a53614dad44 ] Request (FloatingIPsAssociationTestJSON:tearDownClass): 200 GET http://10.180.1.21/compute/v2.1/servers/e7f6dd08-44c6-44d3-a6f8-307464c896cf 0.053s
2025-11-22 01:36:30.482 66297 INFO tempest.lib.common.rest_client [req-df639742-495b-4104-b83b-3a16eca92928 req-df639742-495b-4104-b83b-3a16eca92928 ] Request (ServerRescueTestJSONUnderV235:setUpClass): 200 GET http://10.180.1.21/compute/v2.1/servers/49ae1e95-2990-46aa-92c6-f560d5a4a188 0.061s
2025-11-22 01:36:30.514 66296 INFO tempest.lib.common.rest_client [req-99c2c488-4313-4cd8-8382-6f0b6744bf58 req-99c2c488-4313-4cd8-8382-6f0b6744bf58 ] Request (ServersTestMultiNic:_run_cleanups): 200 GET http://10.180.1.21/compute/v2.1/servers/c2e901f4-1a4c-4c55-8dae-2d91372970da 0.054s
2025-11-22 01:36:30.531 66323 INFO tempest.lib.common.rest_client [req-7ef8147d-1f80-41e4-9675-675b3c6a8f9f req-7ef8147d-1f80-41e4-9675-675b3c6a8f9f ] Request (AttachInterfacesTestJSON:test_create_list_show_delete_interfaces_by_network_port): 200 GET http://10.180.1.21/compute/v2.1/servers/e799e78b-bd9e-4803-8f4c-055300c85d19 0.057s
2025-11-22 01:36:30.560 66303 INFO tempest.lib.common.rest_client [req-74d7abd3-bfe4-4fa0-a9c2-128850f42eb8 req-74d7abd3-bfe4-4fa0-a9c2-128850f42eb8 ] Request (InstanceActionsV221TestJSON:test_get_list_deleted_instance_actions): 200 GET http://10.180.1.21/compute/v2.1/servers/d45fe9c6-d04a-4d65-baee-d190295debc5 0.049s
2025-11-22 01:36:30.599 66319 INFO tempest.lib.common.rest_client [req-979380eb-c91e-435e-9215-30112a70c8b9 req-979380eb-c91e-435e-9215-30112a70c8b9 ] Request (ServerDiskConfigTestJSON:test_rebuild_server_with_manual_disk_config): 200 GET http://10.180.1.21/compute/v2.1/servers/940cfe5a-f24f-4f89-8efe-7103cf016b29 0.049s
2025-11-22 01:36:30.767 66261 INFO tempest.lib.common.rest_client [req-02cb232e-cf20-445f-b2a3-2a7bc86af9d3 req-02cb232e-cf20-445f-b2a3-2a7bc86af9d3 ] Request (ServersAdminTestJSON:tearDownClass): 200 GET http://10.180.1.21/compute/v2.1/servers/e7370764-1001-4241-96af-0d5cacfd273c 0.071s
2025-11-22 01:36:30.979 66317 INFO tempest.lib.common.rest_client [req-ef44cfa7-c90e-4bac-bc40-f3979e596ffa req-ef44cfa7-c90e-4bac-bc40-f3979e596ffa ] Request (MultipleCreateTestJSON:test_multiple_create_with_reservation_return): 200 GET http://10.180.1.21/compute/v2.1/servers/3379e7d6-e0ef-4aeb-bfe8-8d3edbcb292a 0.050s
2025-11-22 01:36:30.985 66291 INFO tempest.lib.common.rest_client [req-68aa9f6b-9531-45f4-bcab-c4c36849a987 req-68aa9f6b-9531-45f4-bcab-c4c36849a987 ] Request (ListServerFiltersTestJSON:setUpClass): 200 GET http://10.180.1.21/compute/v2.1/servers/114d9a8f-8581-46a9-8047-fe23e07470be 0.108s
2025-11-22 01:36:30.992 66291 INFO tempest.common.waiters [-] State transition "BUILD/spawning" ==> "ACTIVE/None" after 48 second wait
2025-11-22 01:36:31.033 66271 INFO tempest.lib.common.rest_client [req-65bf99c4-4b67-4495-8c4b-3f571cb3fd8c req-65bf99c4-4b67-4495-8c4b-3f571cb3fd8c ] Request (ServersTestFqdnHostnames:test_create_server_with_fqdn_name): 200 GET http://10.180.1.21/compute/v2.1/servers/15ccdf0f-2ea8-413e-aad7-d1833645fbbd 0.049s
2025-11-22 01:36:31.082 66265 INFO tempest.lib.common.rest_client [req-94f6d31b-013f-45d6-8ec4-8cc3a57c8cf1 req-94f6d31b-013f-45d6-8ec4-8cc3a57c8cf1 ] Request (MigrationsAdminTest:test_resize_server_revert_deleted_flavor): 200 GET http://10.180.1.21/compute/v2.1/servers/be0024b2-0de9-4063-9d8f-c72050a98c30 0.128s
2025-11-22 01:36:31.123 66291 INFO tempest.lib.common.rest_client [req-0bf6d82f-5fe1-4452-9bf7-766738ebdb8b req-0bf6d82f-5fe1-4452-9bf7-766738ebdb8b ] Request (ListServerFiltersTestJSON:setUpClass): 200 GET http://10.180.1.21/compute/v2.1/servers/51f00248-8338-4265-b338-52b4d75539fe 0.130s
2025-11-22 01:36:31.129 66275 INFO tempest.lib.common.rest_client [req-cb381ff4-6b7e-4d60-a05c-3dc3734f46a8 req-cb381ff4-6b7e-4d60-a05c-3dc3734f46a8 ] Request (ImagesTestJSON:test_create_server_from_snapshot): 200 GET http://10.180.1.21/compute/v2.1/servers/3b575d75-5b80-4b8c-a03d-399627feeee9 0.096s
2025-11-22 01:36:31.176 66301 INFO tempest.lib.common.rest_client [req-6d361134-23c5-4ed3-81bd-0db9b1046ef2 req-6d361134-23c5-4ed3-81bd-0db9b1046ef2 ] Request (ListImageFiltersTestJSON:setUpClass): 200 GET http://10.180.1.21/compute/v2.1/servers/e9e33c9c-e81e-4053-a631-3816fb983a97 0.091s
2025-11-22 01:36:31.181 66290 INFO tempest.lib.common.rest_client [req-ef0c2cc6-587c-4753-97f7-279556696b1b req-ef0c2cc6-587c-4753-97f7-279556696b1b ] Request (ListServersNegativeTestJSON:setUpClass): 200 GET http://10.180.1.21/compute/v2.1/servers/fe9ef559-4fe2-4185-b37a-18014f238d14 0.126s
2025-11-22 01:36:31.224 66305 INFO tempest.lib.common.rest_client [req-1385e8a2-d3eb-4d88-9f9a-94524719bc08 req-1385e8a2-d3eb-4d88-9f9a-94524719bc08 ] Request (AttachVolumeTestJSON:test_attach_detach_volume): 200 GET http://10.180.1.21/compute/v2.1/servers/eea92ca0-4856-4722-b34c-10e6689c4c97 0.115s
2025-11-22 01:36:31.270 66291 INFO tempest.lib.common.rest_client [req-11b19473-f7f2-4d03-8e85-02f6a9a2953d req-11b19473-f7f2-4d03-8e85-02f6a9a2953d ] Request (ListServerFiltersTestJSON:setUpClass): 200 GET http://10.180.1.21/compute/v2.1/servers/95bda69d-f407-4b8e-90e8-0944a8c70564 0.140s
2025-11-22 01:36:31.288 66283 INFO tempest.lib.common.rest_client [req-cdab5210-b81d-49be-892b-dbc0f10cbdbf req-cdab5210-b81d-49be-892b-dbc0f10cbdbf ] Request (ServersListShow298Test:tearDownClass): 200 GET http://10.180.1.21/compute/v2.1/servers/16a746b5-eec6-40d1-be26-1afa53569682 0.105s
2025-11-22 01:36:31.412 66313 INFO tempest.lib.common.rest_client [req-fac621f5-ed5d-434d-a749-de42320e24a5 req-fac621f5-ed5d-434d-a749-de42320e24a5 ] Request (SecurityGroupsTestJSON:tearDownClass): 200 GET http://10.180.1.21/compute/v2.1/servers/6077d2c8-ec37-4f4e-8fde-434db9fac899 0.069s
2025-11-22 01:36:31.465 66321 INFO tempest.lib.common.rest_client [req-b8723ed0-cee1-45db-b3f2-b31beee6f561 req-b8723ed0-cee1-45db-b3f2-b31beee6f561 ] Request (ServersTestJSON:_run_cleanups): 200 GET http://10.180.1.21/compute/v2.1/servers/8414751e-090c-4082-8b39-db3a391d50f5 0.109s
2025-11-22 01:36:31.482 66291 INFO tempest.lib.common.rest_client [req-80cc3625-aa95-4bbb-8569-779d1a523c37 req-80cc3625-aa95-4bbb-8569-779d1a523c37 ] Request (ListServerFiltersTestJSON:test_list_servers_detailed_filter_by_flavor): 200 GET http://10.180.1.21/compute/v2.1/servers/detail?flavor=84 0.204s
2025-11-22 01:36:31.528 66285 INFO tempest.lib.common.rest_client [req-3d748294-bfe6-47ab-ac93-bafae143b709 req-3d748294-bfe6-47ab-ac93-bafae143b709 ] Request (ServersTestJSON:tearDownClass): 200 GET http://10.180.1.21/compute/v2.1/servers/8a4f3338-19af-4e1d-9ee6-6e527408bb30 0.118s
2025-11-22 01:36:31.538 66279 INFO tempest.lib.common.rest_client [req-a8148f1a-724b-4d04-87a0-3b76498547f1 req-a8148f1a-724b-4d04-87a0-3b76498547f1 ] Request (ServerGroupTestJSON:test_create_server_with_scheduler_hint_group): 200 GET http://10.180.1.21/compute/v2.1/servers/4fe42a7c-55b1-420e-90bf-fae9d586cf48 0.100s
2025-11-22 01:36:31.588 66297 INFO tempest.lib.common.rest_client [req-c593edeb-2b68-4d39-9a11-09a7e30ef84d req-c593edeb-2b68-4d39-9a11-09a7e30ef84d ] Request (ServerRescueTestJSONUnderV235:setUpClass): 200 GET http://10.180.1.21/compute/v2.1/servers/49ae1e95-2990-46aa-92c6-f560d5a4a188 0.100s
2025-11-22 01:36:31.591 66312 INFO tempest.lib.common.rest_client [req-711b45f5-35a0-41c7-b88c-632ecafd3905 req-711b45f5-35a0-41c7-b88c-632ecafd3905 ] Request (FloatingIPsAssociationTestJSON:tearDownClass): 200 GET http://10.180.1.21/compute/v2.1/servers/e7f6dd08-44c6-44d3-a6f8-307464c896cf 0.126s
2025-11-22 01:36:31.647 66296 INFO tempest.lib.common.rest_client [req-aab03e10-3578-4a88-af2d-56cbf982d316 req-aab03e10-3578-4a88-af2d-56cbf982d316 ] Request (ServersTestMultiNic:_run_cleanups): 200 GET http://10.180.1.21/compute/v2.1/servers/c2e901f4-1a4c-4c55-8dae-2d91372970da 0.124s
2025-11-22 01:36:31.696 66323 INFO tempest.lib.common.rest_client [req-531fd6e8-fb9e-45d9-a58a-b0137b332f21 req-531fd6e8-fb9e-45d9-a58a-b0137b332f21 ] Request (AttachInterfacesTestJSON:test_create_list_show_delete_interfaces_by_network_port): 200 GET http://10.180.1.21/compute/v2.1/servers/e799e78b-bd9e-4803-8f4c-055300c85d19 0.156s
2025-11-22 01:36:31.753 66291 INFO tempest.lib.common.rest_client [req-730848de-4aed-4ff3-9011-e96ca69ddcc2 req-730848de-4aed-4ff3-9011-e96ca69ddcc2 ] Request (ListServerFiltersTestJSON:test_list_servers_detailed_filter_by_server_name): 200 GET http://10.180.1.21/compute/v2.1/servers/detail?name=tempest-ListServerFiltersTestJSON-instance-1054287664 0.263s
2025-11-22 01:36:31.762 66303 INFO tempest.lib.common.rest_client [req-ca47e730-f5af-46f3-b065-c79925028f92 req-ca47e730-f5af-46f3-b065-c79925028f92 ] Request (InstanceActionsV221TestJSON:test_get_list_deleted_instance_actions): 200 GET http://10.180.1.21/compute/v2.1/servers/d45fe9c6-d04a-4d65-baee-d190295debc5 0.193s
2025-11-22 01:36:31.800 66319 INFO tempest.lib.common.rest_client [req-611a8190-d7eb-42f3-95d7-8d843a79b68a req-611a8190-d7eb-42f3-95d7-8d843a79b68a ] Request (ServerDiskConfigTestJSON:test_rebuild_server_with_manual_disk_config): 200 GET http://10.180.1.21/compute/v2.1/servers/940cfe5a-f24f-4f89-8efe-7103cf016b29 0.193s
2025-11-22 01:36:31.854 66261 INFO tempest.lib.common.rest_client [req-4174534f-0696-4096-983c-ac6a93d86240 req-4174534f-0696-4096-983c-ac6a93d86240 ] Request (ServersAdminTestJSON:tearDownClass): 200 GET http://10.180.1.21/compute/v2.1/servers/e7370764-1001-4241-96af-0d5cacfd273c 0.080s
2025-11-22 01:36:31.968 66291 INFO tempest.lib.common.rest_client [req-b7ebc406-5ff1-4e85-b3bb-dea4de929477 req-b7ebc406-5ff1-4e85-b3bb-dea4de929477 ] Request (ListServerFiltersTestJSON:test_list_servers_detailed_filter_by_server_status): 200 GET http://10.180.1.21/compute/v2.1/servers/detail?status=active 0.205s
2025-11-22 01:36:32.039 66317 INFO tempest.lib.common.rest_client [req-9a9a5bdb-a125-4ad3-938f-b26fbc4a4a39 req-9a9a5bdb-a125-4ad3-938f-b26fbc4a4a39 ] Request (MultipleCreateTestJSON:test_multiple_create_with_reservation_return): 200 GET http://10.180.1.21/compute/v2.1/servers/3379e7d6-e0ef-4aeb-bfe8-8d3edbcb292a 0.052s
2025-11-22 01:36:32.086 66291 INFO tempest.lib.common.rest_client [req-81916b5f-d4fa-4bfc-8ab6-d707e55d60f9 req-81916b5f-d4fa-4bfc-8ab6-d707e55d60f9 ] Request (ListServerFiltersTestJSON:test_list_servers_detailed_limit_results): 200 GET http://10.180.1.21/compute/v2.1/servers/detail?limit=1 0.109s
2025-11-22 01:36:32.094 66271 INFO tempest.lib.common.rest_client [req-811f51b7-3186-4744-b90c-30bc5db7a5e9 req-811f51b7-3186-4744-b90c-30bc5db7a5e9 ] Request (ServersTestFqdnHostnames:test_create_server_with_fqdn_name): 200 GET http://10.180.1.21/compute/v2.1/servers/15ccdf0f-2ea8-413e-aad7-d1833645fbbd 0.053s
2025-11-22 01:36:32.102 66271 INFO tempest.common.waiters [-] State transition "BUILD/scheduling" ==> "BUILD/None" after 17 second wait
2025-11-22 01:36:32.180 66291 INFO tempest.lib.common.rest_client [req-3810ccab-12f0-4dd7-ac76-629b2d970ece req-3810ccab-12f0-4dd7-ac76-629b2d970ece ] Request (ListServerFiltersTestJSON:test_list_servers_filter_by_active_status): 200 GET http://10.180.1.21/compute/v2.1/servers?status=active 0.085s
2025-11-22 01:36:32.226 66275 INFO tempest.lib.common.rest_client [req-c120c785-a211-48b5-82b6-9b504ee75302 req-c120c785-a211-48b5-82b6-9b504ee75302 ] Request (ImagesTestJSON:test_create_server_from_snapshot): 200 GET http://10.180.1.21/compute/v2.1/servers/3b575d75-5b80-4b8c-a03d-399627feeee9 0.089s
2025-11-22 01:36:32.232 66265 INFO tempest.lib.common.rest_client [req-a69ed99e-22ea-499c-b5aa-7bbe7e98d504 req-a69ed99e-22ea-499c-b5aa-7bbe7e98d504 ] Request (MigrationsAdminTest:test_resize_server_revert_deleted_flavor): 200 GET http://10.180.1.21/compute/v2.1/servers/be0024b2-0de9-4063-9d8f-c72050a98c30 0.143s
2025-11-22 01:36:32.264 66291 INFO tempest.lib.common.rest_client [req-201715df-e3b2-400e-8f91-dfdfb651bef9 req-201715df-e3b2-400e-8f91-dfdfb651bef9 ] Request (ListServerFiltersTestJSON:test_list_servers_filter_by_exceed_limit): 200 GET http://10.180.1.21/compute/v2.1/servers?limit=100000 0.081s
2025-11-22 01:36:32.278 66301 INFO tempest.lib.common.rest_client [req-d4a477b5-23c1-4a26-9ab6-81c3570fad21 req-d4a477b5-23c1-4a26-9ab6-81c3570fad21 ] Request (ListImageFiltersTestJSON:setUpClass): 200 GET http://10.180.1.21/compute/v2.1/servers/e9e33c9c-e81e-4053-a631-3816fb983a97 0.093s
2025-11-22 01:36:32.323 66290 INFO tempest.lib.common.rest_client [req-5c2e0cc3-8a79-49a5-8e0c-d2030f7dc6ff req-5c2e0cc3-8a79-49a5-8e0c-d2030f7dc6ff ] Request (ListServersNegativeTestJSON:setUpClass): 200 GET http://10.180.1.21/compute/v2.1/servers/fe9ef559-4fe2-4185-b37a-18014f238d14 0.135s
2025-11-22 01:36:32.328 66305 INFO tempest.lib.common.rest_client [req-f84fedb2-336b-44c1-9b51-da0bfaa6d6a8 req-f84fedb2-336b-44c1-9b51-da0bfaa6d6a8 ] Request (AttachVolumeTestJSON:test_attach_detach_volume): 200 GET http://10.180.1.21/compute/v2.1/servers/eea92ca0-4856-4722-b34c-10e6689c4c97 0.096s
