2025-11-22 01:34:36.381 66275 INFO tempest.lib.common.rest_client [req-20bd492e-c824-4448-8585-3837b7f80088 req-20bd492e-c824-4448-8585-3837b7f80088 ] Request (ImagesTestJSON:test_create_image_from_suspended_server): 200 GET http://10.180.1.21/compute/v2.1/images/e4f2282e-53da-425f-900c-243dc96a9a6a 4.784s
2025-11-22 01:34:36.417 66285 INFO tempest.lib.common.rest_client [req-82efb4c9-ce9d-43e7-bba7-c86a56a15bad req-82efb4c9-ce9d-43e7-bba7-c86a56a15bad ] Request (AttachInterfacesV270Test:tearDownClass): 204 DELETE http://10.180.1.21/identity/v3/users/862715dde00546beb14e8a04a39985f7 0.171s
2025-11-22 01:34:36.417 66285 INFO tempest.lib.common.dynamic_creds [-] Deleting project and security group for project: 1c694ee7025f4fa59524c5de580a719a
2025-11-22 01:34:36.501 66317 INFO tempest.lib.common.rest_client [req-fc63af3d-2839-4fbb-a38e-1e27ec68a4e7 req-fc63af3d-2839-4fbb-a38e-1e27ec68a4e7 ] Request (InstanceActionsNegativeTestJSON:tearDownClass): 204 DELETE http://10.180.1.21/networking/v2.0/security-groups/cee27c2b-1fd0-4e65-8012-1c446e031113 0.141s
2025-11-22 01:34:36.549 66313 INFO tempest.lib.common.rest_client [req-1b70382e-eb05-439a-ae1c-693d43cb0c9f req-1b70382e-eb05-439a-ae1c-693d43cb0c9f ] Request (SecurityGroupsTestJSON:test_server_security_groups): 200 POST http://10.180.1.21/compute/v2.1/os-security-groups 4.736s
2025-11-22 01:34:36.573 66285 INFO tempest.lib.common.rest_client [req-1cba0e43-d471-44a1-b128-08cdff54f75c req-1cba0e43-d471-44a1-b128-08cdff54f75c ] Request (AttachInterfacesV270Test:tearDownClass): 200 GET http://10.180.1.21/networking/v2.0/security-groups?tenant_id=1c694ee7025f4fa59524c5de580a719a&name=default 0.155s
2025-11-22 01:34:36.625 66313 INFO tempest.lib.common.rest_client [req-05036b62-00bf-4858-972a-bd89dec2fb90 req-05036b62-00bf-4858-972a-bd89dec2fb90 ] Request (SecurityGroupsTestJSON:test_server_security_groups): 201 POST http://10.180.1.21/identity/v3/auth/tokens 0.069s
2025-11-22 01:34:36.625 66313 INFO tempest.lib.common.fixed_network [-] (SecurityGroupsTestJSON:test_server_security_groups) Found network {'id': '79c688ad-a72d-4cb6-a17b-a0fe63818142', 'name': 'tempest-SecurityGroupsTestJSON-803799119-network', 'tenant_id': '55176e0cb1e14262ae80b8271ee119af', 'project_id': '55176e0cb1e14262ae80b8271ee119af', 'admin_state_up': True, 'mtu': 8950, 'status': 'ACTIVE', 'subnets': [], 'shared': False, 'port_security_enabled': True, 'router:external': False, 'provider:network_type': 'vlan', 'provider:physical_network': 'default', 'provider:segmentation_id': 809, 'availability_zone_hints': [], 'availability_zones': [], 'ipv4_address_scope': None, 'ipv6_address_scope': None, 'description': '', 'tags': [], 'created_at': '2025-11-22T01:32:18Z', 'updated_at': '2025-11-22T01:32:18Z', 'revision_number': 1} available for tenant
2025-11-22 01:34:36.639 66317 INFO tempest.lib.common.rest_client [req-8672ffdb-42c9-4158-987a-6e5d60f359b3 req-8672ffdb-42c9-4158-987a-6e5d60f359b3 ] Request (InstanceActionsNegativeTestJSON:tearDownClass): 204 DELETE http://10.180.1.21/identity/v3/projects/69c82ca0e0764e32afff27f6422bed9d 0.137s
2025-11-22 01:34:36.697 66285 INFO tempest.lib.common.rest_client [req-86f8a358-3ac8-4b98-9824-e3fb45e648a4 req-86f8a358-3ac8-4b98-9824-e3fb45e648a4 ] Request (AttachInterfacesV270Test:tearDownClass): 204 DELETE http://10.180.1.21/networking/v2.0/security-groups/991ee104-86cf-4820-801a-3d3d3e91c271 0.123s
2025-11-22 01:34:36.724 66317 INFO tempest.lib.common.rest_client [req-ea43a8b0-6ac0-4973-8266-bb6372c7bcc4 req-ea43a8b0-6ac0-4973-8266-bb6372c7bcc4 ] Request (MultipleCreateTestJSON:setUpClass): 201 POST http://10.180.1.21/identity/v3/auth/tokens 0.084s
2025-11-22 01:34:36.778 66317 INFO tempest.lib.common.rest_client [req-3fafba10-c14d-49e2-b900-9733bd67be69 req-3fafba10-c14d-49e2-b900-9733bd67be69 ] Request (MultipleCreateTestJSON:setUpClass): 201 POST http://10.180.1.21/identity/v3/auth/tokens 0.051s
2025-11-22 01:34:36.812 66317 INFO tempest.lib.common.rest_client [req-533b5196-04b6-47c3-9b01-d8049bf8cd69 req-533b5196-04b6-47c3-9b01-d8049bf8cd69 ] Request (MultipleCreateTestJSON:setUpClass): 200 GET http://10.180.1.21/identity/v3/domains?name=Default 0.033s
2025-11-22 01:34:36.828 66285 INFO tempest.lib.common.rest_client [req-8d56436c-2fdd-4cde-9b95-0bb1924f8687 req-8d56436c-2fdd-4cde-9b95-0bb1924f8687 ] Request (AttachInterfacesV270Test:tearDownClass): 204 DELETE http://10.180.1.21/identity/v3/projects/1c694ee7025f4fa59524c5de580a719a 0.130s
2025-11-22 01:34:36.861 66285 INFO tempest.lib.common.rest_client [req-53f2722b-24e5-44fe-aef9-fe6f77705d2f req-53f2722b-24e5-44fe-aef9-fe6f77705d2f ] Request (AZV2TestJSON:setUpClass): 201 POST http://10.180.1.21/identity/v3/auth/tokens 0.030s
2025-11-22 01:34:36.882 66317 INFO tempest.lib.common.rest_client [req-ecbd33b0-1add-4a87-b664-366e6f9cc460 req-ecbd33b0-1add-4a87-b664-366e6f9cc460 ] Request (MultipleCreateTestJSON:setUpClass): 201 POST http://10.180.1.21/identity/v3/projects 0.069s
2025-11-22 01:34:36.933 66285 INFO tempest.lib.common.rest_client [req-eb0ccb69-3492-4e9f-af0e-9d01ef06d1ee req-eb0ccb69-3492-4e9f-af0e-9d01ef06d1ee ] Request (AZV2TestJSON:setUpClass): 201 POST http://10.180.1.21/identity/v3/auth/tokens 0.069s
2025-11-22 01:34:36.971 66285 INFO tempest.lib.common.rest_client [req-4cb39874-4337-4e0a-bd5d-e37ab3c7a32a req-4cb39874-4337-4e0a-bd5d-e37ab3c7a32a ] Request (AZV2TestJSON:setUpClass): 200 GET http://10.180.1.21/identity/v3/domains?name=Default 0.037s
2025-11-22 01:34:36.989 66265 INFO tempest.lib.common.rest_client [req-33b60646-81f6-4222-a527-44abf0e503ca req-33b60646-81f6-4222-a527-44abf0e503ca ] Request (MigrationsAdminTest:test_resize_server_revert_deleted_flavor): 202 POST http://10.180.1.21/compute/v2.1/servers 5.088s
2025-11-22 01:34:36.995 66317 INFO tempest.lib.common.rest_client [req-9a1226d8-d082-4fe0-9964-9705f1cba045 req-9a1226d8-d082-4fe0-9964-9705f1cba045 ] Request (MultipleCreateTestJSON:setUpClass): 201 POST http://10.180.1.21/identity/v3/users 0.113s
2025-11-22 01:34:37.018 66285 INFO tempest.lib.common.rest_client [req-a45e25ce-8d33-4ffd-82d1-3ede94bca409 req-a45e25ce-8d33-4ffd-82d1-3ede94bca409 ] Request (AZV2TestJSON:setUpClass): 201 POST http://10.180.1.21/identity/v3/projects 0.047s
2025-11-22 01:34:37.029 66301 INFO tempest.lib.common.rest_client [req-4b820a3a-fe8f-48c1-9033-7204b23f90fd req-4b820a3a-fe8f-48c1-9033-7204b23f90fd ] Request (VolumesAssistedSnapshotsTest:test_volume_assisted_snapshot_create_delete): 204 DELETE http://10.180.1.21/compute/v2.1/os-assisted-volume-snapshots/None?delete_info=%7B%22volume_id%22%3A+%228df360f5-28d5-44f4-a633-58bda90d16f3%22%7D 5.026s
2025-11-22 01:34:37.030 66317 INFO tempest.lib.common.rest_client [req-53aa7a6d-f322-4b42-b8e5-eadefe30bfb7 req-53aa7a6d-f322-4b42-b8e5-eadefe30bfb7 ] Request (MultipleCreateTestJSON:setUpClass): 200 GET http://10.180.1.21/identity/v3/roles 0.034s
2025-11-22 01:34:37.047 66307 INFO tempest.lib.common.rest_client [req-9bc055b2-9648-4cb2-a043-ca84fb4c3db2 req-9bc055b2-9648-4cb2-a043-ca84fb4c3db2 ] Request (FloatingIPDetailsTestJSON:tearDownClass): 202 DELETE http://10.180.1.21/compute/v2.1/os-floating-ips/07934f3c-515a-4f83-98b0-a7933bfc1cce 5.883s
2025-11-22 01:34:37.079 66301 INFO tempest.lib.common.rest_client [req-b4c9c5cf-866d-4618-a883-39c04399ccdb req-b4c9c5cf-866d-4618-a883-39c04399ccdb ] Request (VolumesAssistedSnapshotsTest:_run_cleanups): 200 GET http://10.180.1.21/volume/v3/volumes/8df360f5-28d5-44f4-a633-58bda90d16f3 0.049s
2025-11-22 01:34:37.087 66319 INFO tempest.lib.common.rest_client [req-205e5a29-82b6-4dfc-a0f6-71df5c6c11b2 req-205e5a29-82b6-4dfc-a0f6-71df5c6c11b2 ] Request (AggregatesAdminNegativeTestJSON:test_aggregate_remove_nonexistent_host): 200 POST http://10.180.1.21/compute/v2.1/os-aggregates 4.933s
2025-11-22 01:34:37.134 66303 INFO tempest.lib.common.rest_client [req-ae4afce8-b1f9-466b-b2b3-138001755934 req-ae4afce8-b1f9-466b-b2b3-138001755934 ] Request (ServersAdminNegativeTestJSON:test_restore_server_invalid_state): 409 POST http://10.180.1.21/compute/v2.1/servers/15ed56e3-be04-40af-8feb-fea88510befc/action 4.943s
2025-11-22 01:34:37.155 66285 INFO tempest.lib.common.rest_client [req-06868e89-0185-4c91-921f-0d73a4131e1b req-06868e89-0185-4c91-921f-0d73a4131e1b ] Request (AZV2TestJSON:setUpClass): 201 POST http://10.180.1.21/identity/v3/users 0.136s
2025-11-22 01:34:37.168 66317 INFO tempest.lib.common.rest_client [req-1b2880ac-73b6-4fdc-bbad-749f9390a49b req-1b2880ac-73b6-4fdc-bbad-749f9390a49b ] Request (MultipleCreateTestJSON:setUpClass): 204 PUT http://10.180.1.21/identity/v3/projects/cb2b8340472a44eaaf879eba5c394d31/users/0a69f23a98254eccabac3a7e49966416/roles/7927345b1f79467fb44a6c575d204232 0.137s
2025-11-22 01:34:37.168 66317 INFO tempest.lib.common.dynamic_creds [-] Dynamic test user 0a69f23a98254eccabac3a7e49966416 is created with scope project and roles: ['member']
2025-11-22 01:34:37.168 66317 INFO tempest.lib.common.dynamic_creds [-] Acquired dynamic creds: credentials: Credentials: {'domain_id': 'default', 'domain_name': 'Default', 'username': 'tempest-MultipleCreateTestJSON-1234963969-project-member', 'project_domain_id': 'default', 'project_domain_name': 'Default', 'project_id': 'cb2b8340472a44eaaf879eba5c394d31', 'project_name': 'tempest-MultipleCreateTestJSON-1234963969', 'tenant_id': 'cb2b8340472a44eaaf879eba5c394d31', 'tenant_name': 'tempest-MultipleCreateTestJSON-1234963969', 'user_domain_id': 'default', 'user_domain_name': 'Default', 'user_id': '0a69f23a98254eccabac3a7e49966416', 'system': None}, Network: None, Subnet: None, Router: None
2025-11-22 01:34:37.172 66277 INFO tempest.lib.common.rest_client [req-6ed9f224-cbc7-44d5-9377-c5e5116f28a0 req-6ed9f224-cbc7-44d5-9377-c5e5116f28a0 ] Request (FlavorsAdminTestJSON:_run_cleanups): 200 GET http://10.180.1.21/compute/v2.1/flavors/detail 4.968s
2025-11-22 01:34:37.288 66285 INFO tempest.lib.common.rest_client [req-6eec8a0c-7bf9-418d-9321-fdb5af679521 req-6eec8a0c-7bf9-418d-9321-fdb5af679521 ] Request (AZV2TestJSON:setUpClass): 200 GET http://10.180.1.21/identity/v3/roles 0.133s
2025-11-22 01:34:37.292 66321 INFO tempest.lib.common.rest_client [req-d6dca89c-03f2-4007-974d-e62dccd8d7ca req-d6dca89c-03f2-4007-974d-e62dccd8d7ca ] Request (SecurityGroupRulesTestJSON:tearDownClass): 202 DELETE http://10.180.1.21/compute/v2.1/os-security-groups/2122485d-9132-422a-8c67-fe97a2674dd8 5.206s
2025-11-22 01:34:37.303 66317 INFO tempest.lib.common.rest_client [req-4111fdd9-f07d-48db-9212-f88a3443fa4d req-4111fdd9-f07d-48db-9212-f88a3443fa4d ] Request (MultipleCreateTestJSON:setUpClass): 201 POST http://10.180.1.21/identity/v3/auth/tokens 0.134s
2025-11-22 01:34:37.351 66285 INFO tempest.lib.common.rest_client [req-35dd03e4-2bd5-4ff9-9545-c308552edac3 req-35dd03e4-2bd5-4ff9-9545-c308552edac3 ] Request (AZV2TestJSON:setUpClass): 204 PUT http://10.180.1.21/identity/v3/projects/246372bd49c147dba320346dbe1df94b/users/bfdb09e6e79d41e2b0483ea10bbab87d/roles/7927345b1f79467fb44a6c575d204232 0.062s
2025-11-22 01:34:37.352 66285 INFO tempest.lib.common.dynamic_creds [-] Dynamic test user bfdb09e6e79d41e2b0483ea10bbab87d is created with scope project and roles: ['member']
2025-11-22 01:34:37.352 66285 INFO tempest.lib.common.dynamic_creds [-] Acquired dynamic creds: credentials: Credentials: {'domain_id': 'default', 'domain_name': 'Default', 'username': 'tempest-AZV2TestJSON-1581993788-project-member', 'project_domain_id': 'default', 'project_domain_name': 'Default', 'project_id': '246372bd49c147dba320346dbe1df94b', 'project_name': 'tempest-AZV2TestJSON-1581993788', 'tenant_id': '246372bd49c147dba320346dbe1df94b', 'tenant_name': 'tempest-AZV2TestJSON-1581993788', 'user_domain_id': 'default', 'user_domain_name': 'Default', 'user_id': 'bfdb09e6e79d41e2b0483ea10bbab87d', 'system': None}, Network: None, Subnet: None, Router: None
2025-11-22 01:34:37.352 66285 INFO tempest.lib.common.dynamic_creds [-] Created isolated network resources for: credentials: Credentials: {'domain_id': 'default', 'domain_name': 'Default', 'username': 'tempest-AZV2TestJSON-1581993788-project-member', 'project_domain_id': 'default', 'project_domain_name': 'Default', 'project_id': '246372bd49c147dba320346dbe1df94b', 'project_name': 'tempest-AZV2TestJSON-1581993788', 'tenant_id': '246372bd49c147dba320346dbe1df94b', 'tenant_name': 'tempest-AZV2TestJSON-1581993788', 'user_domain_id': 'default', 'user_domain_name': 'Default', 'user_id': 'bfdb09e6e79d41e2b0483ea10bbab87d', 'system': None}, Network: None, Subnet: None, Router: None
2025-11-22 01:34:37.423 66261 INFO tempest.lib.common.rest_client [req-b0c96034-5356-4930-83a3-170ecac2ef7a req-b0c96034-5356-4930-83a3-170ecac2ef7a ] Request (ServersAdminTestJSON:test_inject_network_info): 200 GET http://10.180.1.21/compute/v2.1/servers/e7370764-1001-4241-96af-0d5cacfd273c 5.082s
2025-11-22 01:34:37.434 66261 INFO tempest.common.waiters [-] State transition "BUILD/None" ==> "BUILD/networking" after 6 second wait
2025-11-22 01:34:37.486 66285 INFO tempest.lib.common.rest_client [req-3eb39212-4657-488a-a220-644bb8ad6a8e req-3eb39212-4657-488a-a220-644bb8ad6a8e ] Request (AZV2TestJSON:setUpClass): 201 POST http://10.180.1.21/identity/v3/auth/tokens 0.128s
2025-11-22 01:34:37.709 66315 INFO tempest.lib.common.rest_client [req-bc1e1b70-fad3-4cfa-ac87-a6ba6e80481e req-bc1e1b70-fad3-4cfa-ac87-a6ba6e80481e ] Request (QuotasAdminTestV257:test_get_updated_quotas): 200 PUT http://10.180.1.21/compute/v2.1/os-quota-sets/a26a80360aa04a36add7bb2824e1985e 5.187s
2025-11-22 01:34:37.754 66296 INFO tempest.lib.common.rest_client [req-0630b49f-8209-468d-b55f-7464cc3b8d1c req-0630b49f-8209-468d-b55f-7464cc3b8d1c ] Request (ServersTestMultiNic:test_verify_duplicate_network_nics): 200 GET http://10.180.1.21/compute/v2.1/servers/b4a45edd-fa29-45d3-bcc0-d92ca2070ca9/ips 4.983s
2025-11-22 01:34:37.809 66267 INFO tempest.lib.common.rest_client [req-887503ac-14fe-4b7e-9adf-76e7a7bd91ca req-887503ac-14fe-4b7e-9adf-76e7a7bd91ca ] Request (VolumesSnapshotsTestJSON:test_volume_snapshot_create_get_list_delete): 200 GET http://10.180.1.21/compute/v2.1/os-volumes/1286ea0c-a663-4a77-8318-48d7766644c5 4.867s
2025-11-22 01:34:37.813 66267 INFO tempest.common.waiters [-] volume 1286ea0c-a663-4a77-8318-48d7766644c5 reached available after waiting for 0.813274 seconds
2025-11-22 01:34:37.849 66317 INFO tempest.lib.common.rest_client [req-18244ff4-313e-47ee-b1b7-4ce576afe611 req-18244ff4-313e-47ee-b1b7-4ce576afe611 ] Request (MultipleCreateTestJSON:setUpClass): 201 POST http://10.180.1.21/networking/v2.0/networks 0.545s
2025-11-22 01:34:37.927 66309 INFO tempest.lib.common.rest_client [req-f570df0e-48c5-4bb0-9fd9-c39654136295 req-f570df0e-48c5-4bb0-9fd9-c39654136295 ] Request (KeyPairsV22TestJSON:test_get_keypair_detail): 201 POST http://10.180.1.21/compute/v2.1/os-keypairs 4.816s
2025-11-22 01:34:38.169 66271 WARNING tempest.lib.common.ssh [-] Failed to establish authenticated ssh connection to cirros@10.180.180.201 ([Errno None] Unable to connect to port 22 on 10.180.180.201). Number attempts: 3. Retry after 4 seconds.: paramiko.ssh_exception.NoValidConnectionsError: [Errno None] Unable to connect to port 22 on 10.180.180.201
2025-11-22 01:34:38.197 66307 INFO tempest.lib.common.rest_client [req-c84277b4-6817-461a-aac1-bb9c59465152 req-c84277b4-6817-461a-aac1-bb9c59465152 ] Request (FloatingIPDetailsTestJSON:tearDownClass): 200 PUT http://10.180.1.21/networking/v2.0/routers/5d496d19-6d09-4c3a-9874-d8475b26e015/remove_router_interface 1.150s
2025-11-22 01:34:38.273 66305 INFO tempest.lib.common.rest_client [req-3bbf0b43-19ea-4917-be66-fc805f5944de req-3bbf0b43-19ea-4917-be66-fc805f5944de ] Request (ServerTagsTestJSON:tearDownClass): 200 GET http://10.180.1.21/compute/v2.1/servers/13f8ab42-d467-4a8e-b4e4-c61c5e748ca8 5.019s
2025-11-22 01:34:38.319 66281 INFO tempest.lib.common.rest_client [req-1da69010-bef5-44ce-894c-4eca38259c4d req-1da69010-bef5-44ce-894c-4eca38259c4d ] Request (ImagesOneServerTestJSON:test_create_image_specify_multibyte_character_image_name): 200 GET http://10.180.1.21/compute/v2.1/images/eb7ce3f8-c4f2-4cfa-a8ff-11c6c701fafc 5.026s
2025-11-22 01:34:38.352 66290 INFO tempest.lib.common.rest_client [req-8681ce9c-8e8d-40b2-92c3-250130f0ecda req-8681ce9c-8e8d-40b2-92c3-250130f0ecda ] Request (DeleteServersAdminTestJSON:test_delete_server_while_in_error_state): 404 GET http://10.180.1.21/compute/v2.1/servers/3241b026-b4da-4d69-a897-399348248f58 4.901s
2025-11-22 01:34:38.433 66317 INFO tempest.lib.common.rest_client [req-d16a224b-7bb0-46c2-b583-d1d00a4af8f1 req-d16a224b-7bb0-46c2-b583-d1d00a4af8f1 ] Request (MultipleCreateTestJSON:setUpClass): 201 POST http://10.180.1.21/networking/v2.0/subnets 0.582s
2025-11-22 01:34:38.722 66307 INFO tempest.lib.common.rest_client [req-65a5ebd1-4f58-4894-843f-d4fa9cc6c71c req-65a5ebd1-4f58-4894-843f-d4fa9cc6c71c ] Request (FloatingIPDetailsTestJSON:tearDownClass): 204 DELETE http://10.180.1.21/networking/v2.0/routers/5d496d19-6d09-4c3a-9874-d8475b26e015 0.525s
2025-11-22 01:34:39.730 66317 INFO tempest.lib.common.rest_client [req-3c8c783f-cfa1-4f9c-ada6-59763d8d8870 req-3c8c783f-cfa1-4f9c-ada6-59763d8d8870 ] Request (MultipleCreateTestJSON:setUpClass): 201 POST http://10.180.1.21/networking/v2.0/routers 1.296s
2025-11-22 01:34:39.858 66307 INFO tempest.lib.common.rest_client [req-6eecf48f-2f8b-43b8-8706-0269d59b719c req-6eecf48f-2f8b-43b8-8706-0269d59b719c ] Request (FloatingIPDetailsTestJSON:tearDownClass): 204 DELETE http://10.180.1.21/networking/v2.0/subnets/207fe4a8-873f-4e65-b2e6-66707a3aad60 1.135s
2025-11-22 01:34:39.896 66269 INFO tempest.lib.common.rest_client [req-dc735401-2055-4a23-a2b0-07e3bc87e8d6 req-dc735401-2055-4a23-a2b0-07e3bc87e8d6 ] Request (ServerAddressesNegativeTestJSON:setUpClass): 200 GET http://10.180.1.21/compute/v2.1/servers/d56cd5bd-465b-418b-b916-277e81956bbd 6.302s
2025-11-22 01:34:39.959 66297 INFO tempest.lib.common.rest_client [req-f2fc52ec-5373-4bf7-99c6-19537a453c9f req-f2fc52ec-5373-4bf7-99c6-19537a453c9f ] Request (ServerMetadataNegativeTestJSON:test_create_server_metadata_blank_key): 400 POST http://10.180.1.21/compute/v2.1/servers 5.461s
2025-11-22 01:34:40.324 66323 WARNING tempest.lib.common.ssh [-] Failed to establish authenticated ssh connection to cirros@10.180.180.137 ([Errno None] Unable to connect to port 22 on 10.180.180.137). Number attempts: 5. Retry after 6 seconds.: paramiko.ssh_exception.NoValidConnectionsError: [Errno None] Unable to connect to port 22 on 10.180.180.137
2025-11-22 01:34:40.422 66307 INFO tempest.lib.common.rest_client [req-476b4ed7-faa5-4cad-998f-5b1e08f3de27 req-476b4ed7-faa5-4cad-998f-5b1e08f3de27 ] Request (FloatingIPDetailsTestJSON:tearDownClass): 204 DELETE http://10.180.1.21/networking/v2.0/networks/d479ca1f-378d-487f-b3cb-2779110ca909 0.564s
2025-11-22 01:34:40.550 66307 INFO tempest.lib.common.rest_client [req-fbb4f268-27f8-4bcd-ae74-e28f48a306f2 req-fbb4f268-27f8-4bcd-ae74-e28f48a306f2 ] Request (FloatingIPDetailsTestJSON:tearDownClass): 204 DELETE http://10.180.1.21/identity/v3/users/8fe5541586fa45a681050b26045d078a 0.127s
2025-11-22 01:34:40.550 66307 INFO tempest.lib.common.dynamic_creds [-] Deleting project and security group for project: 06f3b5321fd74ebf8b05f2df0815762d
2025-11-22 01:34:40.654 66293 INFO tempest.lib.common.rest_client [req-3edac7fa-0144-4201-b4d8-7bc3d3090cf1 req-3edac7fa-0144-4201-b4d8-7bc3d3090cf1 ] Request (ServersNegativeTestMultiTenantJSON:setUp): 200 GET http://10.180.1.21/compute/v2.1/servers/a247df41-6a1b-44a5-8476-d285a7ac9639 5.737s
2025-11-22 01:34:40.730 66307 INFO tempest.lib.common.rest_client [req-3f7a301e-8313-45aa-be68-a3ae74b8fab5 req-3f7a301e-8313-45aa-be68-a3ae74b8fab5 ] Request (FloatingIPDetailsTestJSON:tearDownClass): 200 GET http://10.180.1.21/networking/v2.0/security-groups?tenant_id=06f3b5321fd74ebf8b05f2df0815762d&name=default 0.179s
2025-11-22 01:34:40.831 66263 INFO tempest.lib.common.rest_client [req-5fd90193-4b16-4361-95c0-82282fd71469 req-5fd90193-4b16-4361-95c0-82282fd71469 ] Request (ServersWithSpecificFlavorTestJSON:test_verify_created_server_ephemeral_disk): 202 POST http://10.180.1.21/compute/v2.1/servers 8.433s
2025-11-22 01:34:40.936 66307 INFO tempest.lib.common.rest_client [req-aa6c7449-1db1-4732-8085-99a272d81c18 req-aa6c7449-1db1-4732-8085-99a272d81c18 ] Request (FloatingIPDetailsTestJSON:tearDownClass): 204 DELETE http://10.180.1.21/networking/v2.0/security-groups/241531d9-d0d0-4afe-9d5b-019892dff250 0.205s
2025-11-22 01:34:41.130 66307 INFO tempest.lib.common.rest_client [req-d99d2349-ffec-4c08-8a1a-13b28d2cb9f9 req-d99d2349-ffec-4c08-8a1a-13b28d2cb9f9 ] Request (FloatingIPDetailsTestJSON:tearDownClass): 204 DELETE http://10.180.1.21/identity/v3/projects/06f3b5321fd74ebf8b05f2df0815762d 0.192s
2025-11-22 01:34:41.187 66283 INFO tempest.lib.common.rest_client [req-bd0892f7-a100-42f3-bc5a-2c341d4f31fe req-bd0892f7-a100-42f3-bc5a-2c341d4f31fe ] Request (ServerDiagnosticsNegativeTest:test_get_server_diagnostics_by_non_admin): 200 GET http://10.180.1.21/compute/v2.1/servers/bd6b36e6-3023-4765-b538-2c7c4044e98c 4.587s
2025-11-22 01:34:41.197 66283 INFO tempest.common.waiters [-] State transition "BUILD/spawning" ==> "ACTIVE/None" after 32 second wait
2025-11-22 01:34:41.218 66317 INFO tempest.lib.common.rest_client [req-0bdc9875-d37c-4c1b-a4b5-ddd437315c69 req-0bdc9875-d37c-4c1b-a4b5-ddd437315c69 ] Request (MultipleCreateTestJSON:setUpClass): 200 PUT http://10.180.1.21/networking/v2.0/routers/ce7c47a8-e476-4a98-a19a-29d6e9cbf8dc/add_router_interface 1.488s
2025-11-22 01:34:41.219 66317 INFO tempest.lib.common.dynamic_creds [-] Created isolated network resources for: credentials: Credentials: {'domain_id': 'default', 'domain_name': 'Default', 'username': 'tempest-MultipleCreateTestJSON-1234963969-project-member', 'project_domain_id': 'default', 'project_domain_name': 'Default', 'project_id': 'cb2b8340472a44eaaf879eba5c394d31', 'project_name': 'tempest-MultipleCreateTestJSON-1234963969', 'tenant_id': 'cb2b8340472a44eaaf879eba5c394d31', 'tenant_name': 'tempest-MultipleCreateTestJSON-1234963969', 'user_domain_id': 'default', 'user_domain_name': 'Default', 'user_id': '0a69f23a98254eccabac3a7e49966416', 'system': None}, Network: {'id': 'b34d3f1c-9d2f-4210-9df6-7f81b57d5992', 'name': 'tempest-MultipleCreateTestJSON-928944373-network', 'tenant_id': 'cb2b8340472a44eaaf879eba5c394d31', 'project_id': 'cb2b8340472a44eaaf879eba5c394d31', 'admin_state_up': True, 'mtu': 8950, 'status': 'ACTIVE', 'subnets': [], 'shared': False, 'port_security_enabled': True, 'router:external': False, 'provider:network_type': 'vlan', 'provider:physical_network': 'default', 'provider:segmentation_id': 934, 'availability_zone_hints': [], 'availability_zones': [], 'ipv4_address_scope': None, 'ipv6_address_scope': None, 'description': '', 'tags': [], 'created_at': '2025-11-22T01:34:37Z', 'updated_at': '2025-11-22T01:34:37Z', 'revision_number': 1}, Subnet: {'id': 'b2f7b940-60eb-409c-9895-18ba01b7ce09', 'name': 'tempest-MultipleCreateTestJSON-928944373-subnet', 'tenant_id': 'cb2b8340472a44eaaf879eba5c394d31', 'network_id': 'b34d3f1c-9d2f-4210-9df6-7f81b57d5992', 'ip_version': 4, 'subnetpool_id': None, 'enable_dhcp': True, 'ipv6_ra_mode': None, 'ipv6_address_mode': None, 'gateway_ip': '192.168.128.1', 'cidr': '192.168.128.0/28', 'allocation_pools': [{'start': '192.168.128.2', 'end': '192.168.128.14'}], 'host_routes': [], 'dns_nameservers': [], 'description': '', 'router:external': False, 'service_types': [], 'tags': [], 'created_at': '2025-11-22T01:34:38Z', 'updated_at': '2025-11-22T01:34:38Z', 'revision_number': 0, 'project_id': 'cb2b8340472a44eaaf879eba5c394d31'}, Router: {'id': 'ce7c47a8-e476-4a98-a19a-29d6e9cbf8dc', 'name': 'tempest-MultipleCreateTestJSON-928944373-router', 'tenant_id': 'cb2b8340472a44eaaf879eba5c394d31', 'admin_state_up': True, 'status': 'ACTIVE', 'external_gateway_info': {'network_id': '9e6d33f6-b854-489b-8c69-c19488b59fc9', 'external_fixed_ips': [{'subnet_id': '6949f182-77b4-4a09-93e5-025b6dd73ca9', 'ip_address': '10.180.180.186'}], 'enable_snat': True}, 'description': '', 'availability_zones': [], 'distributed': False, 'ha': False, 'availability_zone_hints': [], 'routes': [], 'flavor_id': None, 'tags': [], 'created_at': '2025-11-22T01:34:38Z', 'updated_at': '2025-11-22T01:34:39Z', 'revision_number': 2, 'project_id': 'cb2b8340472a44eaaf879eba5c394d31'}
2025-11-22 01:34:41.226 66307 INFO tempest.lib.common.rest_client [req-546dfa29-a9c2-44b5-b4b7-f83c62ab952a req-546dfa29-a9c2-44b5-b4b7-f83c62ab952a ] Request (ServerGroup264TestJSON:setUpClass): 201 POST http://10.180.1.21/identity/v3/auth/tokens 0.094s
2025-11-22 01:34:41.262 66307 INFO tempest.lib.common.rest_client [req-db17b41a-212a-4e29-8997-72ae4163f9e8 req-db17b41a-212a-4e29-8997-72ae4163f9e8 ] Request (ServerGroup264TestJSON:setUpClass): 201 POST http://10.180.1.21/identity/v3/auth/tokens 0.031s
2025-11-22 01:34:41.306 66317 INFO tempest.lib.common.rest_client [req-c3427f32-304a-4570-b2cd-cb89847c487d req-c3427f32-304a-4570-b2cd-cb89847c487d ] Request (MultipleCreateTestJSON:setUpClass): 201 POST http://10.180.1.21/identity/v3/auth/tokens 0.084s
2025-11-22 01:34:41.315 66307 INFO tempest.lib.common.rest_client [req-565aaf5f-df23-41da-b43a-e0b78de4486e req-565aaf5f-df23-41da-b43a-e0b78de4486e ] Request (ServerGroup264TestJSON:setUpClass): 200 GET http://10.180.1.21/identity/v3/domains?name=Default 0.053s
2025-11-22 01:34:41.355 66317 INFO tempest.lib.common.rest_client [req-50039b0e-b1cf-4538-a655-eef92a439435 req-50039b0e-b1cf-4538-a655-eef92a439435 ] Request (MultipleCreateTestJSON:test_multiple_create): 201 POST http://10.180.1.21/identity/v3/auth/tokens 0.043s
2025-11-22 01:34:41.356 66317 INFO tempest.lib.common.fixed_network [-] (MultipleCreateTestJSON:test_multiple_create) Found network {'id': 'b34d3f1c-9d2f-4210-9df6-7f81b57d5992', 'name': 'tempest-MultipleCreateTestJSON-928944373-network', 'tenant_id': 'cb2b8340472a44eaaf879eba5c394d31', 'project_id': 'cb2b8340472a44eaaf879eba5c394d31', 'admin_state_up': True, 'mtu': 8950, 'status': 'ACTIVE', 'subnets': [], 'shared': False, 'port_security_enabled': True, 'router:external': False, 'provider:network_type': 'vlan', 'provider:physical_network': 'default', 'provider:segmentation_id': 934, 'availability_zone_hints': [], 'availability_zones': [], 'ipv4_address_scope': None, 'ipv6_address_scope': None, 'description': '', 'tags': [], 'created_at': '2025-11-22T01:34:37Z', 'updated_at': '2025-11-22T01:34:37Z', 'revision_number': 1} available for tenant
2025-11-22 01:34:41.369 66307 INFO tempest.lib.common.rest_client [req-e5374bcf-f329-4110-aec4-6b9d7e29b703 req-e5374bcf-f329-4110-aec4-6b9d7e29b703 ] Request (ServerGroup264TestJSON:setUpClass): 201 POST http://10.180.1.21/identity/v3/projects 0.054s
2025-11-22 01:34:41.460 66307 INFO tempest.lib.common.rest_client [req-0ebdf6f9-e380-454d-bc51-c35257911fac req-0ebdf6f9-e380-454d-bc51-c35257911fac ] Request (ServerGroup264TestJSON:setUpClass): 201 POST http://10.180.1.21/identity/v3/users 0.090s
2025-11-22 01:34:41.485 66307 INFO tempest.lib.common.rest_client [req-b5af6f3b-d1f2-417f-9b3c-3839f598f043 req-b5af6f3b-d1f2-417f-9b3c-3839f598f043 ] Request (ServerGroup264TestJSON:setUpClass): 200 GET http://10.180.1.21/identity/v3/roles 0.024s
2025-11-22 01:34:41.525 66307 INFO tempest.lib.common.rest_client [req-50d6b48b-b5c8-454e-95a6-04ef8d0bc933 req-50d6b48b-b5c8-454e-95a6-04ef8d0bc933 ] Request (ServerGroup264TestJSON:setUpClass): 204 PUT http://10.180.1.21/identity/v3/projects/5a2242e95a2b462da6ef5dcfe02177fd/users/b05c5afbddfc4740a47a1e1e75de396a/roles/7927345b1f79467fb44a6c575d204232 0.040s
2025-11-22 01:34:41.526 66307 INFO tempest.lib.common.dynamic_creds [-] Dynamic test user b05c5afbddfc4740a47a1e1e75de396a is created with scope project and roles: ['member']
2025-11-22 01:34:41.527 66307 INFO tempest.lib.common.dynamic_creds [-] Acquired dynamic creds: credentials: Credentials: {'domain_id': 'default', 'domain_name': 'Default', 'username': 'tempest-ServerGroup264TestJSON-2042595119-project-member', 'project_domain_id': 'default', 'project_domain_name': 'Default', 'project_id': '5a2242e95a2b462da6ef5dcfe02177fd', 'project_name': 'tempest-ServerGroup264TestJSON-2042595119', 'tenant_id': '5a2242e95a2b462da6ef5dcfe02177fd', 'tenant_name': 'tempest-ServerGroup264TestJSON-2042595119', 'user_domain_id': 'default', 'user_domain_name': 'Default', 'user_id': 'b05c5afbddfc4740a47a1e1e75de396a', 'system': None}, Network: None, Subnet: None, Router: None
2025-11-22 01:34:41.552 66279 WARNING tempest.lib.common.ssh [-] Failed to establish authenticated ssh connection to cirros@10.180.180.236 ([Errno None] Unable to connect to port 22 on 10.180.180.236). Number attempts: 6. Retry after 7 seconds.: paramiko.ssh_exception.NoValidConnectionsError: [Errno None] Unable to connect to port 22 on 10.180.180.236
2025-11-22 01:34:41.615 66307 INFO tempest.lib.common.rest_client [req-2fe98fd1-2ad8-4176-940c-e594b3b744b8 req-2fe98fd1-2ad8-4176-940c-e594b3b744b8 ] Request (ServerGroup264TestJSON:setUpClass): 201 POST http://10.180.1.21/identity/v3/auth/tokens 0.088s
2025-11-22 01:34:41.922 66307 INFO tempest.lib.common.rest_client [req-a837f34c-2c8d-4926-a661-74876cdccf06 req-a837f34c-2c8d-4926-a661-74876cdccf06 ] Request (ServerGroup264TestJSON:setUpClass): 201 POST http://10.180.1.21/networking/v2.0/networks 0.306s
2025-11-22 01:34:42.140 66307 INFO tempest.lib.common.rest_client [req-4159bf79-1ae7-48d4-b23d-65305eccf7de req-4159bf79-1ae7-48d4-b23d-65305eccf7de ] Request (ServerGroup264TestJSON:setUpClass): 201 POST http://10.180.1.21/networking/v2.0/subnets 0.218s
2025-11-22 01:34:42.676 66271 WARNING tempest.lib.common.ssh [-] Failed to establish authenticated ssh connection to cirros@10.180.180.201 ([Errno None] Unable to connect to port 22 on 10.180.180.201). Number attempts: 4. Retry after 5 seconds.: paramiko.ssh_exception.NoValidConnectionsError: [Errno None] Unable to connect to port 22 on 10.180.180.201
2025-11-22 01:34:42.891 66307 INFO tempest.lib.common.rest_client [req-5d753a61-b8bb-412d-b1b9-b1d780bffb66 req-5d753a61-b8bb-412d-b1b9-b1d780bffb66 ] Request (ServerGroup264TestJSON:setUpClass): 201 POST http://10.180.1.21/networking/v2.0/routers 0.750s
2025-11-22 01:34:43.580 66291 INFO tempest.lib.common.rest_client [req-e601fbce-d8e8-4f97-a701-7c1c9bf6817f req-e601fbce-d8e8-4f97-a701-7c1c9bf6817f ] Request (ImagesMetadataTestJSON:setUp): 200 PUT http://10.180.1.21/compute/v2.1/images/42bb74d8-fe0b-4e27-ae36-9e670cc25c97/metadata 8.616s
2025-11-22 01:34:43.841 66307 INFO tempest.lib.common.rest_client [req-0f43f0b6-dc6f-459a-bc2e-d863dd099891 req-0f43f0b6-dc6f-459a-bc2e-d863dd099891 ] Request (ServerGroup264TestJSON:setUpClass): 200 PUT http://10.180.1.21/networking/v2.0/routers/0f7aba4b-1b87-4433-8d33-0222348a188a/add_router_interface 0.950s
2025-11-22 01:34:43.842 66307 INFO tempest.lib.common.dynamic_creds [-] Created isolated network resources for: credentials: Credentials: {'domain_id': 'default', 'domain_name': 'Default', 'username': 'tempest-ServerGroup264TestJSON-2042595119-project-member', 'project_domain_id': 'default', 'project_domain_name': 'Default', 'project_id': '5a2242e95a2b462da6ef5dcfe02177fd', 'project_name': 'tempest-ServerGroup264TestJSON-2042595119', 'tenant_id': '5a2242e95a2b462da6ef5dcfe02177fd', 'tenant_name': 'tempest-ServerGroup264TestJSON-2042595119', 'user_domain_id': 'default', 'user_domain_name': 'Default', 'user_id': 'b05c5afbddfc4740a47a1e1e75de396a', 'system': None}, Network: {'id': '887398c8-ea34-4737-a45c-392164e28579', 'name': 'tempest-ServerGroup264TestJSON-280549394-network', 'tenant_id': '5a2242e95a2b462da6ef5dcfe02177fd', 'project_id': '5a2242e95a2b462da6ef5dcfe02177fd', 'admin_state_up': True, 'mtu': 8950, 'status': 'ACTIVE', 'subnets': [], 'shared': False, 'port_security_enabled': True, 'router:external': False, 'provider:network_type': 'vlan', 'provider:physical_network': 'default', 'provider:segmentation_id': 921, 'availability_zone_hints': [], 'availability_zones': [], 'ipv4_address_scope': None, 'ipv6_address_scope': None, 'description': '', 'tags': [], 'created_at': '2025-11-22T01:34:41Z', 'updated_at': '2025-11-22T01:34:41Z', 'revision_number': 1}, Subnet: {'id': '7670b0fd-806f-4871-87a1-340817c143a2', 'name': 'tempest-ServerGroup264TestJSON-280549394-subnet', 'tenant_id': '5a2242e95a2b462da6ef5dcfe02177fd', 'network_id': '887398c8-ea34-4737-a45c-392164e28579', 'ip_version': 4, 'subnetpool_id': None, 'enable_dhcp': True, 'ipv6_ra_mode': None, 'ipv6_address_mode': None, 'gateway_ip': '192.168.128.1', 'cidr': '192.168.128.0/28', 'allocation_pools': [{'start': '192.168.128.2', 'end': '192.168.128.14'}], 'host_routes': [], 'dns_nameservers': [], 'description': '', 'router:external': False, 'service_types': [], 'tags': [], 'created_at': '2025-11-22T01:34:41Z', 'updated_at': '2025-11-22T01:34:41Z', 'revision_number': 0, 'project_id': '5a2242e95a2b462da6ef5dcfe02177fd'}, Router: {'id': '0f7aba4b-1b87-4433-8d33-0222348a188a', 'name': 'tempest-ServerGroup264TestJSON-280549394-router', 'tenant_id': '5a2242e95a2b462da6ef5dcfe02177fd', 'admin_state_up': True, 'status': 'ACTIVE', 'external_gateway_info': {'network_id': '9e6d33f6-b854-489b-8c69-c19488b59fc9', 'external_fixed_ips': [{'subnet_id': '6949f182-77b4-4a09-93e5-025b6dd73ca9', 'ip_address': '10.180.180.214'}], 'enable_snat': True}, 'description': '', 'availability_zones': [], 'distributed': False, 'ha': False, 'availability_zone_hints': [], 'routes': [], 'flavor_id': None, 'tags': [], 'created_at': '2025-11-22T01:34:42Z', 'updated_at': '2025-11-22T01:34:42Z', 'revision_number': 2, 'project_id': '5a2242e95a2b462da6ef5dcfe02177fd'}
2025-11-22 01:34:43.943 66307 INFO tempest.lib.common.rest_client [req-05d9ed61-9c47-4419-9315-277dba2b2c4e req-05d9ed61-9c47-4419-9315-277dba2b2c4e ] Request (ServerGroup264TestJSON:setUpClass): 201 POST http://10.180.1.21/identity/v3/auth/tokens 0.097s
2025-11-22 01:34:43.969 66265 INFO tempest.lib.common.rest_client [req-8c82af95-b951-4c75-a525-35f33b781672 req-8c82af95-b951-4c75-a525-35f33b781672 ] Request (MigrationsAdminTest:test_resize_server_revert_deleted_flavor): 200 GET http://10.180.1.21/compute/v2.1/servers/be0024b2-0de9-4063-9d8f-c72050a98c30 6.977s
2025-11-22 01:34:44.168 66301 INFO tempest.lib.common.rest_client [req-d05ddbc3-f7e4-4226-9d8e-9c200ee6ef40 req-d05ddbc3-f7e4-4226-9d8e-9c200ee6ef40 ] Request (VolumesAssistedSnapshotsTest:_run_cleanups): 202 DELETE http://10.180.1.21/compute/v2.1/servers/5a1c2245-b7e5-4939-850d-7d148518a413/os-volume_attachments/8df360f5-28d5-44f4-a633-58bda90d16f3 7.080s
2025-11-22 01:34:44.201 66319 INFO tempest.lib.common.rest_client [req-82ef47b1-50b5-4024-a114-9782f4c3c3b5 req-82ef47b1-50b5-4024-a114-9782f4c3c3b5 ] Request (AggregatesAdminNegativeTestJSON:test_aggregate_remove_nonexistent_host): 404 POST http://10.180.1.21/compute/v2.1/os-aggregates/8/action 7.109s
2025-11-22 01:34:44.322 66313 INFO tempest.lib.common.rest_client [req-c177eb25-7df1-492a-852f-401e9aa75e06 req-c177eb25-7df1-492a-852f-401e9aa75e06 ] Request (SecurityGroupsTestJSON:test_server_security_groups): 202 POST http://10.180.1.21/compute/v2.1/servers 7.695s
2025-11-22 01:34:44.324 66303 INFO tempest.lib.common.rest_client [req-6df532fe-7744-4e78-8a17-1bca6f08ad9d req-6df532fe-7744-4e78-8a17-1bca6f08ad9d ] Request (ServersAdminNegativeTestJSON:tearDownClass): 204 DELETE http://10.180.1.21/compute/v2.1/servers/dcb140a2-7c3e-45aa-99a0-cfd7358843c0 7.188s
2025-11-22 01:34:44.341 66277 INFO tempest.lib.common.rest_client [req-6d5db916-eef5-4dc8-8e46-802cf6d387a2 req-6d5db916-eef5-4dc8-8e46-802cf6d387a2 ] Request (FlavorsAdminTestJSON:_run_cleanups): 202 DELETE http://10.180.1.21/compute/v2.1/flavors/1817133770 7.161s
2025-11-22 01:34:44.486 66321 INFO tempest.lib.common.rest_client [req-55b84616-b6d2-4b04-9339-b8aaf9676b35 req-55b84616-b6d2-4b04-9339-b8aaf9676b35 ] Request (SecurityGroupRulesTestJSON:tearDownClass): 202 DELETE http://10.180.1.21/compute/v2.1/os-security-groups/672b7198-7382-4596-8a2d-1933e2aa4d43 7.193s
2025-11-22 01:34:44.505 66312 INFO tempest.lib.common.rest_client [req-471d6f6f-56ac-4729-8748-be529ea97a95 req-471d6f6f-56ac-4729-8748-be529ea97a95 ] Request (FloatingIPsAssociationTestJSON:setUpClass): 200 GET http://10.180.1.21/compute/v2.1/servers/aad7d2fa-d5a7-4620-9464-aa53cfc3f0c4 7.164s
2025-11-22 01:34:44.556 66275 INFO tempest.lib.common.rest_client [req-efd2798b-60a1-4097-ac2b-9a9e53942eb8 req-efd2798b-60a1-4097-ac2b-9a9e53942eb8 ] Request (ImagesTestJSON:test_create_image_from_suspended_server): 200 GET http://10.180.1.21/compute/v2.1/images/e4f2282e-53da-425f-900c-243dc96a9a6a 7.170s
2025-11-22 01:34:44.633 66287 INFO tempest.lib.common.rest_client [req-7d0e3d54-4ab4-465a-a90b-d126ac8ac6d3 req-7d0e3d54-4ab4-465a-a90b-d126ac8ac6d3 ] Request (ServerActionsTestJSON:setUpClass): 200 GET http://10.180.1.21/compute/v2.1/servers/faf26864-9e66-437f-a93d-72f3a03ed9c9 7.284s
2025-11-22 01:34:44.641 66287 INFO tempest.common.waiters [-] State transition "BUILD/None" ==> "BUILD/spawning" after 8 second wait
2025-11-22 01:34:44.716 66285 INFO tempest.lib.common.rest_client [req-4275fb42-5752-41cd-9247-3ea24cb29434 req-4275fb42-5752-41cd-9247-3ea24cb29434 ] Request (AZV2TestJSON:test_get_availability_zone_list_with_non_admin_user): 200 GET http://10.180.1.21/compute/v2.1/os-availability-zone 7.229s
2025-11-22 01:34:44.756 66315 INFO tempest.lib.common.rest_client [req-8d81d3c1-06ec-4757-88e6-cb85bb72e15b req-8d81d3c1-06ec-4757-88e6-cb85bb72e15b ] Request (QuotasAdminTestV257:test_get_updated_quotas): 200 GET http://10.180.1.21/compute/v2.1/os-quota-sets/a26a80360aa04a36add7bb2824e1985e/detail 7.045s
2025-11-22 01:34:44.786 66315 INFO tempest.lib.common.rest_client [req-bd593c68-440d-4c5e-a48b-69172a1cfb1c req-bd593c68-440d-4c5e-a48b-69172a1cfb1c ] Request (QuotasAdminTestV257:test_get_updated_quotas): 200 GET http://10.180.1.21/identity/v3/domains?name=Default 0.026s
2025-11-22 01:34:44.845 66285 INFO tempest.lib.common.rest_client [req-a22edab8-b4c4-4d88-bedd-a01057853d49 req-a22edab8-b4c4-4d88-bedd-a01057853d49 ] Request (AZV2TestJSON:tearDownClass): 204 DELETE http://10.180.1.21/identity/v3/users/bfdb09e6e79d41e2b0483ea10bbab87d 0.125s
2025-11-22 01:34:44.846 66285 INFO tempest.lib.common.dynamic_creds [-] Deleting project and security group for project: 246372bd49c147dba320346dbe1df94b
2025-11-22 01:34:44.854 66296 INFO tempest.lib.common.rest_client [req-cc5e943f-9e17-4568-be51-37ba12468c05 req-cc5e943f-9e17-4568-be51-37ba12468c05 ] Request (ServersTestMultiNic:_run_cleanups): 204 DELETE http://10.180.1.21/compute/v2.1/servers/b4a45edd-fa29-45d3-bcc0-d92ca2070ca9 7.094s
2025-11-22 01:34:44.868 66309 INFO tempest.lib.common.rest_client [req-c1b56723-5855-4c3c-b8f5-00f3f541de95 req-c1b56723-5855-4c3c-b8f5-00f3f541de95 ] Request (KeyPairsV22TestJSON:test_get_keypair_detail): 200 GET http://10.180.1.21/compute/v2.1/os-keypairs/tempest-keypair-867446171 6.939s
2025-11-22 01:34:44.886 66315 INFO tempest.lib.common.rest_client [req-372f9b78-b0dd-4043-97ac-e494dced4c2c req-372f9b78-b0dd-4043-97ac-e494dced4c2c ] Request (QuotasAdminTestV257:test_get_updated_quotas): 201 POST http://10.180.1.21/identity/v3/users 0.098s
2025-11-22 01:34:44.900 66290 INFO tempest.lib.common.rest_client [req-e19493d9-09a1-460c-b1c8-762a9e7741e7 req-e19493d9-09a1-460c-b1c8-762a9e7741e7 ] Request (DeleteServersAdminTestJSON:tearDownClass): 404 DELETE http://10.180.1.21/compute/v2.1/servers/3241b026-b4da-4d69-a897-399348248f58 6.547s
2025-11-22 01:34:44.919 66267 INFO tempest.lib.common.rest_client [req-55276d89-7011-4a1e-95f1-c6c7c56af738 req-55276d89-7011-4a1e-95f1-c6c7c56af738 ] Request (VolumesSnapshotsTestJSON:test_volume_snapshot_create_get_list_delete): 200 POST http://10.180.1.21/compute/v2.1/os-snapshots 7.106s
2025-11-22 01:34:44.956 66305 INFO tempest.lib.common.rest_client [req-81bd5248-09c6-4374-99ee-06f9941034a8 req-81bd5248-09c6-4374-99ee-06f9941034a8 ] Request (ServerTagsTestJSON:tearDownClass): 404 GET http://10.180.1.21/compute/v2.1/servers/13f8ab42-d467-4a8e-b4e4-c61c5e748ca8 5.674s
2025-11-22 01:34:44.962 66285 INFO tempest.lib.common.rest_client [req-a7492e8e-b5ef-446a-af77-d3a99005c962 req-a7492e8e-b5ef-446a-af77-d3a99005c962 ] Request (AZV2TestJSON:tearDownClass): 201 POST http://10.180.1.21/identity/v3/auth/tokens 0.116s
2025-11-22 01:34:45.015 66315 INFO tempest.lib.common.rest_client [req-12f34bdc-6c15-4a8f-8d44-73166c32a28c req-12f34bdc-6c15-4a8f-8d44-73166c32a28c ] Request (QuotasAdminTestV257:test_get_updated_quotas): 200 GET http://10.180.1.21/identity/v3/domains?name=Default 0.129s
2025-11-22 01:34:45.027 66281 INFO tempest.lib.common.rest_client [req-be1acd85-9690-4622-96c4-6f44b52202d3 req-be1acd85-9690-4622-96c4-6f44b52202d3 ] Request (ImagesOneServerTestJSON:test_create_image_specify_multibyte_character_image_name): 200 GET http://10.180.1.21/compute/v2.1/images/eb7ce3f8-c4f2-4cfa-a8ff-11c6c701fafc 5.700s
2025-11-22 01:34:45.041 66297 INFO tempest.lib.common.rest_client [req-25ad4a59-e9d6-43a1-9b5a-42968b92cd81 req-25ad4a59-e9d6-43a1-9b5a-42968b92cd81 ] Request (ServerMetadataNegativeTestJSON:test_delete_metadata_non_existent_server): 404 DELETE http://10.180.1.21/compute/v2.1/servers/697159d2-7de7-4dfc-b81c-e5ab9fd8e5f1/metadata/d 5.076s
2025-11-22 01:34:45.224 66293 INFO tempest.lib.common.rest_client [req-1df6a813-34e7-45d8-af5f-2977e974e2b7 req-1df6a813-34e7-45d8-af5f-2977e974e2b7 ] Request (ServersNegativeTestMultiTenantJSON:test_delete_a_server_of_another_tenant): 404 DELETE http://10.180.1.21/compute/v2.1/servers/a247df41-6a1b-44a5-8476-d285a7ac9639 4.560s
2025-11-22 01:34:45.343 66285 INFO tempest.lib.common.rest_client [req-582fc9a0-21f5-4384-8c25-f799bec2331c req-582fc9a0-21f5-4384-8c25-f799bec2331c ] Request (AZV2TestJSON:tearDownClass): 200 GET http://10.180.1.21/networking/v2.0/security-groups?tenant_id=246372bd49c147dba320346dbe1df94b&name=default 0.380s
2025-11-22 01:34:45.371 66261 INFO tempest.lib.common.rest_client [req-9f96de60-80db-4f4f-9976-f5ad0cfced03 req-9f96de60-80db-4f4f-9976-f5ad0cfced03 ] Request (ServersAdminTestJSON:test_inject_network_info): 200 GET http://10.180.1.21/compute/v2.1/servers/e7370764-1001-4241-96af-0d5cacfd273c 6.934s
2025-11-22 01:34:45.380 66261 INFO tempest.common.waiters [-] State transition "BUILD/networking" ==> "BUILD/spawning" after 14 second wait
2025-11-22 01:34:45.384 66263 INFO tempest.lib.common.rest_client [req-451868c1-94a5-4fd5-ad0c-1452eb580d58 req-451868c1-94a5-4fd5-ad0c-1452eb580d58 ] Request (ServersWithSpecificFlavorTestJSON:test_verify_created_server_ephemeral_disk): 200 GET http://10.180.1.21/compute/v2.1/servers/4f907a2f-1677-448e-908f-dd618be287de 4.550s
2025-11-22 01:34:45.417 66283 INFO tempest.lib.common.rest_client [req-e53e834e-9d09-421a-8033-64687fbe95e8 req-e53e834e-9d09-421a-8033-64687fbe95e8 ] Request (ServerDiagnosticsNegativeTest:test_get_server_diagnostics_by_non_admin): 403 GET http://10.180.1.21/compute/v2.1/servers/bd6b36e6-3023-4765-b538-2c7c4044e98c/diagnostics 4.219s
2025-11-22 01:34:45.495 66285 INFO tempest.lib.common.rest_client [req-7b83120e-0338-4f5a-b461-f77282c75f69 req-7b83120e-0338-4f5a-b461-f77282c75f69 ] Request (AZV2TestJSON:tearDownClass): 204 DELETE http://10.180.1.21/networking/v2.0/security-groups/3d7453a0-511c-4f75-8b2d-8315e8c7019f 0.152s
2025-11-22 01:34:45.583 66285 INFO tempest.lib.common.rest_client [req-fd7fbdfb-dad7-44fa-80d4-598503deab10 req-fd7fbdfb-dad7-44fa-80d4-598503deab10 ] Request (AZV2TestJSON:tearDownClass): 204 DELETE http://10.180.1.21/identity/v3/projects/246372bd49c147dba320346dbe1df94b 0.087s
2025-11-22 01:34:45.659 66285 INFO tempest.lib.common.rest_client [req-c6c7a913-7ee7-4ecc-b781-d342898ff957 req-c6c7a913-7ee7-4ecc-b781-d342898ff957 ] Request (ServersTestJSON:setUpClass): 201 POST http://10.180.1.21/identity/v3/auth/tokens 0.075s
2025-11-22 01:34:45.665 66269 INFO tempest.lib.common.rest_client [req-8fa52d81-8595-487c-b75e-fc2fab206b4e req-8fa52d81-8595-487c-b75e-fc2fab206b4e ] Request (ServerAddressesNegativeTestJSON:setUpClass): 200 GET http://10.180.1.21/compute/v2.1/servers/d56cd5bd-465b-418b-b916-277e81956bbd 4.760s
2025-11-22 01:34:45.673 66269 INFO tempest.common.waiters [-] State transition "BUILD/spawning" ==> "ACTIVE/None" after 35 second wait
2025-11-22 01:34:45.699 66285 INFO tempest.lib.common.rest_client [req-f2aef770-2999-401b-9bad-47b6c7a6ce3c req-f2aef770-2999-401b-9bad-47b6c7a6ce3c ] Request (ServersTestJSON:setUpClass): 201 POST http://10.180.1.21/identity/v3/auth/tokens 0.037s
2025-11-22 01:34:45.732 66285 INFO tempest.lib.common.rest_client [req-bdd13894-0370-4490-b926-cc85d3dacee4 req-bdd13894-0370-4490-b926-cc85d3dacee4 ] Request (ServersTestJSON:setUpClass): 200 GET http://10.180.1.21/identity/v3/domains?name=Default 0.033s
2025-11-22 01:34:45.769 66285 INFO tempest.lib.common.rest_client [req-4e4d30b7-ee23-4f3c-abc8-8e69fcbd9963 req-4e4d30b7-ee23-4f3c-abc8-8e69fcbd9963 ] Request (ServersTestJSON:setUpClass): 201 POST http://10.180.1.21/identity/v3/projects 0.036s
2025-11-22 01:34:45.859 66285 INFO tempest.lib.common.rest_client [req-a187f8df-8583-4520-ab6a-3fbc9d412c95 req-a187f8df-8583-4520-ab6a-3fbc9d412c95 ] Request (ServersTestJSON:setUpClass): 201 POST http://10.180.1.21/identity/v3/users 0.089s
2025-11-22 01:34:45.878 66305 INFO tempest.lib.common.rest_client [req-de1d2293-70e9-4ac2-9785-a5eda71ca19b req-de1d2293-70e9-4ac2-9785-a5eda71ca19b ] Request (ServerTagsTestJSON:tearDownClass): 200 PUT http://10.180.1.21/networking/v2.0/routers/13d8f2dd-5d96-403c-a831-18e89acbda7f/remove_router_interface 0.921s
2025-11-22 01:34:45.893 66285 INFO tempest.lib.common.rest_client [req-c486b72f-f77e-4b42-aebb-6591f946c765 req-c486b72f-f77e-4b42-aebb-6591f946c765 ] Request (ServersTestJSON:setUpClass): 200 GET http://10.180.1.21/identity/v3/roles 0.033s
2025-11-22 01:34:45.942 66291 INFO tempest.lib.common.rest_client [req-d8cf32cc-f5a3-4682-a24e-3e18309189f0 req-d8cf32cc-f5a3-4682-a24e-3e18309189f0 ] Request (ImagesMetadataTestJSON:test_delete_image_metadata_item): 204 DELETE http://10.180.1.21/compute/v2.1/images/42bb74d8-fe0b-4e27-ae36-9e670cc25c97/metadata/os_version 2.361s
2025-11-22 01:34:45.947 66285 INFO tempest.lib.common.rest_client [req-7f7fcff9-cc3b-445f-a345-62860aecafbf req-7f7fcff9-cc3b-445f-a345-62860aecafbf ] Request (ServersTestJSON:setUpClass): 204 PUT http://10.180.1.21/identity/v3/projects/e888e27ae3b74b42af0b0c44bcc98988/users/68741fc5f13d401e839ab289cab1784f/roles/7927345b1f79467fb44a6c575d204232 0.054s
2025-11-22 01:34:45.947 66285 INFO tempest.lib.common.dynamic_creds [-] Dynamic test user 68741fc5f13d401e839ab289cab1784f is created with scope project and roles: ['member']
2025-11-22 01:34:45.947 66285 INFO tempest.lib.common.dynamic_creds [-] Acquired dynamic creds: credentials: Credentials: {'domain_id': 'default', 'domain_name': 'Default', 'username': 'tempest-ServersTestJSON-378946072-project-member', 'project_domain_id': 'default', 'project_domain_name': 'Default', 'project_id': 'e888e27ae3b74b42af0b0c44bcc98988', 'project_name': 'tempest-ServersTestJSON-378946072', 'tenant_id': 'e888e27ae3b74b42af0b0c44bcc98988', 'tenant_name': 'tempest-ServersTestJSON-378946072', 'user_domain_id': 'default', 'user_domain_name': 'Default', 'user_id': '68741fc5f13d401e839ab289cab1784f', 'system': None}, Network: None, Subnet: None, Router: None
2025-11-22 01:34:46.052 66285 INFO tempest.lib.common.rest_client [req-1986f4fc-3023-4333-b158-2a5ec268529d req-1986f4fc-3023-4333-b158-2a5ec268529d ] Request (ServersTestJSON:setUpClass): 201 POST http://10.180.1.21/identity/v3/auth/tokens 0.104s
2025-11-22 01:34:46.098 66317 INFO tempest.lib.common.rest_client [req-7ae5aeda-8bed-440c-a340-6e4c78cab0bd req-7ae5aeda-8bed-440c-a340-6e4c78cab0bd ] Request (MultipleCreateTestJSON:test_multiple_create): 202 POST http://10.180.1.21/compute/v2.1/servers 4.741s
2025-11-22 01:34:46.137 66301 INFO tempest.lib.common.rest_client [req-4b7c3be8-0ef8-4836-84be-04d7676e71d5 req-4b7c3be8-0ef8-4836-84be-04d7676e71d5 ] Request (VolumesAssistedSnapshotsTest:_run_cleanups): 200 GET http://10.180.1.21/compute/v2.1/servers/5a1c2245-b7e5-4939-850d-7d148518a413/os-volume_attachments 1.968s
2025-11-22 01:34:46.160 66319 INFO tempest.lib.common.rest_client [req-07ee092a-dbbe-4171-8301-54995c7fe6ba req-07ee092a-dbbe-4171-8301-54995c7fe6ba ] Request (AggregatesAdminNegativeTestJSON:_run_cleanups): 200 DELETE http://10.180.1.21/compute/v2.1/os-aggregates/8 1.958s
2025-11-22 01:34:46.279 66307 INFO tempest.lib.common.rest_client [req-d8596ca4-13a7-43fd-8dcf-0c928999f54d req-d8596ca4-13a7-43fd-8dcf-0c928999f54d ] Request (ServerGroup264TestJSON:test_create_get_server_group): 200 POST http://10.180.1.21/compute/v2.1/os-server-groups 2.334s
2025-11-22 01:34:46.297 66319 INFO tempest.lib.common.rest_client [req-4d0d9a63-1f2f-49f5-8d66-e8a5b548660f req-4d0d9a63-1f2f-49f5-8d66-e8a5b548660f ] Request (AggregatesAdminNegativeTestJSON:tearDownClass): 204 DELETE http://10.180.1.21/identity/v3/users/e210fff9d2fa458695b2ef95565622ca 0.132s
2025-11-22 01:34:46.439 66319 INFO tempest.lib.common.rest_client [req-2c9a0362-5db9-4a59-b628-cd0a67ab7c5f req-2c9a0362-5db9-4a59-b628-cd0a67ab7c5f ] Request (AggregatesAdminNegativeTestJSON:tearDownClass): 204 DELETE http://10.180.1.21/identity/v3/users/ffa30a407d794f35b92b607a50fc7238 0.141s
2025-11-22 01:34:46.439 66319 INFO tempest.lib.common.dynamic_creds [-] Deleting project and security group for project: 40e3ced6460041e7bbcb358fec23d152
2025-11-22 01:34:46.538 66319 INFO tempest.lib.common.rest_client [req-de8f09ac-c988-4c9a-8f0b-309128f7767f req-de8f09ac-c988-4c9a-8f0b-309128f7767f ] Request (AggregatesAdminNegativeTestJSON:tearDownClass): 201 POST http://10.180.1.21/identity/v3/auth/tokens 0.098s
