2025-11-22 01:36:08.664 66297 INFO tempest.lib.common.dynamic_creds [-] Created isolated network resources for: credentials: Credentials: {'domain_id': 'default', 'domain_name': 'Default', 'username': 'tempest-ServerRescueTestJSONUnderV235-2041454144-project-member', 'project_domain_id': 'default', 'project_domain_name': 'Default', 'project_id': '5b02fd0dcd1c4f6786dff59b1456a6dc', 'project_name': 'tempest-ServerRescueTestJSONUnderV235-2041454144', 'tenant_id': '5b02fd0dcd1c4f6786dff59b1456a6dc', 'tenant_name': 'tempest-ServerRescueTestJSONUnderV235-2041454144', 'user_domain_id': 'default', 'user_domain_name': 'Default', 'user_id': '129eb7f8476847a5b35e007639ff2325', 'system': None}, Network: {'id': '45111f79-92ef-454e-ad56-c2e7202b74dc', 'name': 'tempest-ServerRescueTestJSONUnderV235-588959735-network', 'tenant_id': '5b02fd0dcd1c4f6786dff59b1456a6dc', 'project_id': '5b02fd0dcd1c4f6786dff59b1456a6dc', 'admin_state_up': True, 'mtu': 8950, 'status': 'ACTIVE', 'subnets': [], 'shared': False, 'port_security_enabled': True, 'router:external': False, 'provider:network_type': 'vlan', 'provider:physical_network': 'default', 'provider:segmentation_id': 703, 'availability_zone_hints': [], 'availability_zones': [], 'ipv4_address_scope': None, 'ipv6_address_scope': None, 'description': '', 'tags': [], 'created_at': '2025-11-22T01:36:06Z', 'updated_at': '2025-11-22T01:36:06Z', 'revision_number': 1}, Subnet: {'id': '176fd751-f547-445c-abbe-7e2f6324cd6c', 'name': 'tempest-ServerRescueTestJSONUnderV235-588959735-subnet', 'tenant_id': '5b02fd0dcd1c4f6786dff59b1456a6dc', 'network_id': '45111f79-92ef-454e-ad56-c2e7202b74dc', 'ip_version': 4, 'subnetpool_id': None, 'enable_dhcp': False, 'ipv6_ra_mode': None, 'ipv6_address_mode': None, 'gateway_ip': '192.168.128.1', 'cidr': '192.168.128.0/28', 'allocation_pools': [{'start': '192.168.128.2', 'end': '192.168.128.14'}], 'host_routes': [], 'dns_nameservers': [], 'description': '', 'router:external': False, 'service_types': [], 'tags': [], 'created_at': '2025-11-22T01:36:06Z', 'updated_at': '2025-11-22T01:36:06Z', 'revision_number': 0, 'project_id': '5b02fd0dcd1c4f6786dff59b1456a6dc'}, Router: {'id': 'f03b1c62-f7de-42da-9ae0-78c59d8b363f', 'name': 'tempest-ServerRescueTestJSONUnderV235-588959735-router', 'tenant_id': '5b02fd0dcd1c4f6786dff59b1456a6dc', 'admin_state_up': True, 'status': 'ACTIVE', 'external_gateway_info': {'network_id': '9e6d33f6-b854-489b-8c69-c19488b59fc9', 'external_fixed_ips': [{'subnet_id': '6949f182-77b4-4a09-93e5-025b6dd73ca9', 'ip_address': '10.180.180.189'}], 'enable_snat': True}, 'description': '', 'availability_zones': [], 'distributed': False, 'ha': False, 'availability_zone_hints': [], 'routes': [], 'flavor_id': None, 'tags': [], 'created_at': '2025-11-22T01:36:06Z', 'updated_at': '2025-11-22T01:36:06Z', 'revision_number': 2, 'project_id': '5b02fd0dcd1c4f6786dff59b1456a6dc'}
2025-11-22 01:36:08.698 66323 INFO tempest.lib.common.rest_client [req-95711f3d-512c-474e-a301-8366012ca204 req-95711f3d-512c-474e-a301-8366012ca204 ] Request (AttachInterfacesTestJSON:_run_cleanups): 200 GET http://10.180.1.21/compute/v2.1/servers/7423b238-de72-4240-8067-039cf6171722 1.493s
2025-11-22 01:36:08.719 66303 INFO tempest.lib.common.rest_client [req-15d98dde-d907-49d8-9c10-0127c1421363 req-15d98dde-d907-49d8-9c10-0127c1421363 ] Request (InstanceActionsV221TestJSON:test_get_list_deleted_instance_actions): 200 GET http://10.180.1.21/compute/v2.1/servers/d45fe9c6-d04a-4d65-baee-d190295debc5 1.357s
2025-11-22 01:36:08.775 66297 INFO tempest.lib.common.rest_client [req-530004be-3b1c-4969-ba2f-9b67ab9f7e14 req-530004be-3b1c-4969-ba2f-9b67ab9f7e14 ] Request (ServerRescueTestJSONUnderV235:setUpClass): 201 POST http://10.180.1.21/identity/v3/auth/tokens 0.106s
2025-11-22 01:36:08.816 66297 INFO tempest.lib.common.rest_client [req-029e9252-541b-4f42-9a34-448bf9bb36eb req-029e9252-541b-4f42-9a34-448bf9bb36eb ] Request (ServerRescueTestJSONUnderV235:setUpClass): 201 POST http://10.180.1.21/identity/v3/auth/tokens 0.034s
2025-11-22 01:36:08.816 66297 INFO tempest.lib.common.fixed_network [-] (ServerRescueTestJSONUnderV235:setUpClass) Found network {'id': '45111f79-92ef-454e-ad56-c2e7202b74dc', 'name': 'tempest-ServerRescueTestJSONUnderV235-588959735-network', 'tenant_id': '5b02fd0dcd1c4f6786dff59b1456a6dc', 'project_id': '5b02fd0dcd1c4f6786dff59b1456a6dc', 'admin_state_up': True, 'mtu': 8950, 'status': 'ACTIVE', 'subnets': [], 'shared': False, 'port_security_enabled': True, 'router:external': False, 'provider:network_type': 'vlan', 'provider:physical_network': 'default', 'provider:segmentation_id': 703, 'availability_zone_hints': [], 'availability_zones': [], 'ipv4_address_scope': None, 'ipv6_address_scope': None, 'description': '', 'tags': [], 'created_at': '2025-11-22T01:36:06Z', 'updated_at': '2025-11-22T01:36:06Z', 'revision_number': 1} available for tenant
2025-11-22 01:36:08.874 66271 INFO tempest.lib.common.rest_client [req-886d38db-3dfe-4b4d-a7db-2e43d9485dd2 req-886d38db-3dfe-4b4d-a7db-2e43d9485dd2 ] Request (AttachInterfacesUnderV243Test:tearDownClass): 204 DELETE http://10.180.1.21/networking/v2.0/routers/d6b27224-d8ae-46ee-8299-fb549b0cadbb 0.563s
2025-11-22 01:36:08.906 66261 INFO tempest.lib.common.rest_client [req-c8a454c2-a8d3-4643-b38b-9599a27caa59 req-c8a454c2-a8d3-4643-b38b-9599a27caa59 ] Request (ServersAdminTestJSON:tearDownClass): 200 GET http://10.180.1.21/compute/v2.1/servers/e7370764-1001-4241-96af-0d5cacfd273c 1.530s
2025-11-22 01:36:08.908 66319 INFO tempest.lib.common.rest_client [req-766214f9-51c0-46c1-a6b0-e53e0609e2a6 req-766214f9-51c0-46c1-a6b0-e53e0609e2a6 ] Request (ServerDiskConfigTestJSON:test_rebuild_server_with_manual_disk_config): 200 GET http://10.180.1.21/compute/v2.1/servers/940cfe5a-f24f-4f89-8efe-7103cf016b29 1.437s
2025-11-22 01:36:09.070 66271 INFO tempest.lib.common.rest_client [req-95a07114-ecdd-47cf-acfa-4033c2b7642c req-95a07114-ecdd-47cf-acfa-4033c2b7642c ] Request (AttachInterfacesUnderV243Test:tearDownClass): 204 DELETE http://10.180.1.21/networking/v2.0/subnets/bacc5be9-7d36-42c7-a111-4b471d9d7d6f 0.195s
2025-11-22 01:36:09.092 66321 INFO tempest.lib.common.rest_client [req-a1f33202-3ec9-413d-b897-f411a47b8a23 req-a1f33202-3ec9-413d-b897-f411a47b8a23 ] Request (ServersTestJSON:test_create_server_with_ipv6_addr_only): 200 GET http://10.180.1.21/compute/v2.1/servers/8414751e-090c-4082-8b39-db3a391d50f5 1.603s
2025-11-22 01:36:09.122 66305 INFO tempest.lib.common.rest_client [req-4e5bd372-1904-4f88-b580-490e9d176c1a req-4e5bd372-1904-4f88-b580-490e9d176c1a ] Request (ServerShowV257Test:tearDownClass): 200 GET http://10.180.1.21/compute/v2.1/servers/eafbe567-150c-4dd5-9d98-6729708d27f0 1.566s
2025-11-22 01:36:09.403 66271 INFO tempest.lib.common.rest_client [req-fc84d8d4-1dcd-41b8-8443-baaf9a4fca94 req-fc84d8d4-1dcd-41b8-8443-baaf9a4fca94 ] Request (AttachInterfacesUnderV243Test:tearDownClass): 204 DELETE http://10.180.1.21/networking/v2.0/networks/c459f02d-5051-4838-b908-6b3035dc271c 0.333s
2025-11-22 01:36:09.436 66317 INFO tempest.lib.common.rest_client [req-428e5bfe-b6b6-45db-860e-55e5fdc3b258 req-428e5bfe-b6b6-45db-860e-55e5fdc3b258 ] Request (MultipleCreateTestJSON:test_multiple_create_with_reservation_return): 200 GET http://10.180.1.21/compute/v2.1/servers/3379e7d6-e0ef-4aeb-bfe8-8d3edbcb292a 1.769s
2025-11-22 01:36:09.436 66283 INFO tempest.lib.common.rest_client [req-8c88585e-4fc5-40f1-8f7d-e2865eda4665 req-8c88585e-4fc5-40f1-8f7d-e2865eda4665 ] Request (ServersListShow298Test:tearDownClass): 200 GET http://10.180.1.21/compute/v2.1/servers/16a746b5-eec6-40d1-be26-1afa53569682 1.777s
2025-11-22 01:36:09.498 66275 INFO tempest.lib.common.rest_client [req-48d474cc-dde8-4c31-b79d-29b22071d9eb req-48d474cc-dde8-4c31-b79d-29b22071d9eb ] Request (ImagesTestJSON:test_create_server_from_snapshot): 200 GET http://10.180.1.21/compute/v2.1/servers/3b575d75-5b80-4b8c-a03d-399627feeee9 1.563s
2025-11-22 01:36:09.506 66275 INFO tempest.common.waiters [-] State transition "BUILD/scheduling" ==> "BUILD/None" after 8 second wait
2025-11-22 01:36:09.509 66271 INFO tempest.lib.common.rest_client [req-599dd85c-0060-4297-a128-1c607a4fe3ea req-599dd85c-0060-4297-a128-1c607a4fe3ea ] Request (AttachInterfacesUnderV243Test:tearDownClass): 204 DELETE http://10.180.1.21/identity/v3/users/6c6ce4a4000c4905b1394545c5c8ec62 0.105s
2025-11-22 01:36:09.509 66271 INFO tempest.lib.common.dynamic_creds [-] Deleting project and security group for project: a9ef7ed9c72644e6931cd15de721b592
2025-11-22 01:36:09.517 66313 INFO tempest.lib.common.rest_client [req-1dc1e31c-ac39-4b79-9f4a-37d39517c52c req-1dc1e31c-ac39-4b79-9f4a-37d39517c52c ] Request (SecurityGroupsTestJSON:tearDownClass): 200 GET http://10.180.1.21/compute/v2.1/servers/6077d2c8-ec37-4f4e-8fde-434db9fac899 1.571s
2025-11-22 01:36:09.523 66313 INFO tempest.common.waiters [-] State transition "ACTIVE/deleting" ==> "DELETED/None" after 5 second wait
2025-11-22 01:36:09.538 66271 INFO tempest.lib.common.rest_client [req-aa4e316d-210a-4535-b3c5-66cd4f89b4d4 req-aa4e316d-210a-4535-b3c5-66cd4f89b4d4 ] Request (AttachInterfacesUnderV243Test:tearDownClass): 200 GET http://10.180.1.21/networking/v2.0/security-groups?tenant_id=a9ef7ed9c72644e6931cd15de721b592&name=default 0.028s
2025-11-22 01:36:09.559 66285 INFO tempest.lib.common.rest_client [req-1ca00f29-67ae-42ef-b061-f70929fa69fc req-1ca00f29-67ae-42ef-b061-f70929fa69fc ] Request (ServersTestJSON:tearDownClass): 200 GET http://10.180.1.21/compute/v2.1/servers/8a4f3338-19af-4e1d-9ee6-6e527408bb30 1.553s
2025-11-22 01:36:09.625 66271 INFO tempest.lib.common.rest_client [req-74b58f18-c096-4cbc-b4bd-37be9c854937 req-74b58f18-c096-4cbc-b4bd-37be9c854937 ] Request (AttachInterfacesUnderV243Test:tearDownClass): 204 DELETE http://10.180.1.21/networking/v2.0/security-groups/0670058e-abcb-4987-95a4-d0c4a75a22eb 0.087s
2025-11-22 01:36:09.646 66312 INFO tempest.lib.common.rest_client [req-8ce0c663-c432-4776-85aa-193f37760fad req-8ce0c663-c432-4776-85aa-193f37760fad ] Request (FloatingIPsAssociationTestJSON:tearDownClass): 200 GET http://10.180.1.21/compute/v2.1/servers/e7f6dd08-44c6-44d3-a6f8-307464c896cf 1.625s
2025-11-22 01:36:09.662 66291 INFO tempest.lib.common.rest_client [req-c96f4fe4-a154-4248-ae45-d3f2718d2bb0 req-c96f4fe4-a154-4248-ae45-d3f2718d2bb0 ] Request (ListServerFiltersTestJSON:setUpClass): 200 GET http://10.180.1.21/compute/v2.1/servers/114d9a8f-8581-46a9-8047-fe23e07470be 1.597s
2025-11-22 01:36:09.699 66279 INFO tempest.lib.common.rest_client [req-67ded8c4-c8cc-4d6a-8227-cbf342372a42 req-67ded8c4-c8cc-4d6a-8227-cbf342372a42 ] Request (ServerGroupTestJSON:test_create_server_with_scheduler_hint_group): 200 GET http://10.180.1.21/compute/v2.1/servers/4fe42a7c-55b1-420e-90bf-fae9d586cf48 1.587s
2025-11-22 01:36:09.725 66271 INFO tempest.lib.common.rest_client [req-9e55aae3-6e41-4b98-889f-ff1c03ab8de6 req-9e55aae3-6e41-4b98-889f-ff1c03ab8de6 ] Request (AttachInterfacesUnderV243Test:tearDownClass): 204 DELETE http://10.180.1.21/identity/v3/projects/a9ef7ed9c72644e6931cd15de721b592 0.099s
2025-11-22 01:36:09.735 66296 INFO tempest.lib.common.rest_client [req-73200086-9199-4dbe-af74-123a8dfec49c req-73200086-9199-4dbe-af74-123a8dfec49c ] Request (ServersTestMultiNic:_run_cleanups): 200 GET http://10.180.1.21/compute/v2.1/servers/c2e901f4-1a4c-4c55-8dae-2d91372970da 1.590s
2025-11-22 01:36:09.749 66301 INFO tempest.lib.common.rest_client [req-021b2bf9-c62c-4642-9b3b-4eb4261647c8 req-021b2bf9-c62c-4642-9b3b-4eb4261647c8 ] Request (ListImageFiltersTestJSON:setUpClass): 200 GET http://10.180.1.21/compute/v2.1/images/cb147b75-ccdc-4fb8-9f99-e9332e77c1e1 1.476s
2025-11-22 01:36:09.816 66271 INFO tempest.lib.common.rest_client [req-c560d8fd-f191-42be-bfa4-9c8e18703e2b req-c560d8fd-f191-42be-bfa4-9c8e18703e2b ] Request (ServersTestFqdnHostnames:setUpClass): 201 POST http://10.180.1.21/identity/v3/auth/tokens 0.090s
2025-11-22 01:36:09.851 66271 INFO tempest.lib.common.rest_client [req-2170793c-c827-40bc-8993-d2d12d593dc4 req-2170793c-c827-40bc-8993-d2d12d593dc4 ] Request (ServersTestFqdnHostnames:setUpClass): 201 POST http://10.180.1.21/identity/v3/auth/tokens 0.030s
2025-11-22 01:36:09.874 66290 INFO tempest.lib.common.rest_client [req-9ae2635a-7ba0-418a-8b8c-d89b9061118b req-9ae2635a-7ba0-418a-8b8c-d89b9061118b ] Request (ListServersNegativeTestJSON:setUpClass): 200 GET http://10.180.1.21/compute/v2.1/servers/4b656d59-42d3-4a38-a7b2-b27f9bf00a8b 0.509s
2025-11-22 01:36:09.880 66271 INFO tempest.lib.common.rest_client [req-d8c2331a-0ecb-468c-ad59-d15cada76c53 req-d8c2331a-0ecb-468c-ad59-d15cada76c53 ] Request (ServersTestFqdnHostnames:setUpClass): 200 GET http://10.180.1.21/identity/v3/domains?name=Default 0.029s
2025-11-22 01:36:09.882 66290 INFO tempest.common.waiters [-] State transition "BUILD/spawning" ==> "ACTIVE/None" after 3 second wait
2025-11-22 01:36:09.915 66271 INFO tempest.lib.common.rest_client [req-ff971786-87fa-43ed-9885-70b1599b213c req-ff971786-87fa-43ed-9885-70b1599b213c ] Request (ServersTestFqdnHostnames:setUpClass): 201 POST http://10.180.1.21/identity/v3/projects 0.033s
2025-11-22 01:36:09.974 66271 INFO tempest.lib.common.rest_client [req-2a63db71-5585-418c-8dac-53358caa90ff req-2a63db71-5585-418c-8dac-53358caa90ff ] Request (ServersTestFqdnHostnames:setUpClass): 201 POST http://10.180.1.21/identity/v3/users 0.059s
2025-11-22 01:36:09.995 66271 INFO tempest.lib.common.rest_client [req-ee4e2e65-f4f7-487b-a6c9-2147b7b7138b req-ee4e2e65-f4f7-487b-a6c9-2147b7b7138b ] Request (ServersTestFqdnHostnames:setUpClass): 200 GET http://10.180.1.21/identity/v3/roles 0.021s
2025-11-22 01:36:10.026 66271 INFO tempest.lib.common.rest_client [req-40c7ffeb-1a0e-4f17-9d91-6548927a72a8 req-40c7ffeb-1a0e-4f17-9d91-6548927a72a8 ] Request (ServersTestFqdnHostnames:setUpClass): 204 PUT http://10.180.1.21/identity/v3/projects/1743613ede184feaa625d8d244de2f0b/users/dff63bed24cc48b6a457ce1f6fe5f4ff/roles/7927345b1f79467fb44a6c575d204232 0.030s
2025-11-22 01:36:10.026 66271 INFO tempest.lib.common.dynamic_creds [-] Dynamic test user dff63bed24cc48b6a457ce1f6fe5f4ff is created with scope project and roles: ['member']
2025-11-22 01:36:10.027 66271 INFO tempest.lib.common.dynamic_creds [-] Acquired dynamic creds: credentials: Credentials: {'domain_id': 'default', 'domain_name': 'Default', 'username': 'tempest-ServersTestFqdnHostnames-1631541539-project-member', 'project_domain_id': 'default', 'project_domain_name': 'Default', 'project_id': '1743613ede184feaa625d8d244de2f0b', 'project_name': 'tempest-ServersTestFqdnHostnames-1631541539', 'tenant_id': '1743613ede184feaa625d8d244de2f0b', 'tenant_name': 'tempest-ServersTestFqdnHostnames-1631541539', 'user_domain_id': 'default', 'user_domain_name': 'Default', 'user_id': 'dff63bed24cc48b6a457ce1f6fe5f4ff', 'system': None}, Network: None, Subnet: None, Router: None
2025-11-22 01:36:10.061 66265 INFO tempest.lib.common.rest_client [req-921d30f2-70db-46f6-a781-206276cfe5c5 req-921d30f2-70db-46f6-a781-206276cfe5c5 ] Request (MigrationsAdminTest:test_resize_server_revert_deleted_flavor): 200 GET http://10.180.1.21/compute/v2.1/servers/be0024b2-0de9-4063-9d8f-c72050a98c30 0.664s
2025-11-22 01:36:10.104 66271 INFO tempest.lib.common.rest_client [req-7879a36e-126e-472b-9231-0760724a16a8 req-7879a36e-126e-472b-9231-0760724a16a8 ] Request (ServersTestFqdnHostnames:setUpClass): 201 POST http://10.180.1.21/identity/v3/auth/tokens 0.077s
2025-11-22 01:36:10.386 66271 INFO tempest.lib.common.rest_client [req-cae982c8-c96b-4fd0-af68-85783f86a4fa req-cae982c8-c96b-4fd0-af68-85783f86a4fa ] Request (ServersTestFqdnHostnames:setUpClass): 201 POST http://10.180.1.21/networking/v2.0/networks 0.282s
2025-11-22 01:36:10.443 66323 INFO tempest.lib.common.rest_client [req-ae26d279-c4b6-4ecb-b482-083554727a0e req-ae26d279-c4b6-4ecb-b482-083554727a0e ] Request (AttachInterfacesTestJSON:_run_cleanups): 200 GET http://10.180.1.21/compute/v2.1/servers/7423b238-de72-4240-8067-039cf6171722 0.734s
2025-11-22 01:36:10.586 66271 INFO tempest.lib.common.rest_client [req-bb6b7715-c02a-4f5b-b426-fe99541353b6 req-bb6b7715-c02a-4f5b-b426-fe99541353b6 ] Request (ServersTestFqdnHostnames:setUpClass): 201 POST http://10.180.1.21/networking/v2.0/subnets 0.199s
2025-11-22 01:36:10.645 66303 INFO tempest.lib.common.rest_client [req-b46f1fb8-137c-4233-bf2b-1b6174a61c90 req-b46f1fb8-137c-4233-bf2b-1b6174a61c90 ] Request (InstanceActionsV221TestJSON:test_get_list_deleted_instance_actions): 200 GET http://10.180.1.21/compute/v2.1/servers/d45fe9c6-d04a-4d65-baee-d190295debc5 0.915s
2025-11-22 01:36:10.695 66301 INFO tempest.lib.common.rest_client [req-0c4d35f9-0092-4a79-aa8c-9f7dd2176466 req-0c4d35f9-0092-4a79-aa8c-9f7dd2176466 ] Request (ListImageFiltersTestJSON:setUpClass): 200 GET http://10.180.1.21/compute/v2.1/images/cb147b75-ccdc-4fb8-9f99-e9332e77c1e1 0.942s
2025-11-22 01:36:10.716 66297 INFO tempest.lib.common.rest_client [req-1d364a99-c8e1-474f-951f-3eb7a33a5366 req-1d364a99-c8e1-474f-951f-3eb7a33a5366 ] Request (ServerRescueTestJSONUnderV235:setUpClass): 202 POST http://10.180.1.21/compute/v2.1/servers 1.899s
2025-11-22 01:36:10.779 66301 INFO tempest.lib.common.rest_client [req-a6e97681-2bd6-466a-96e3-b7424f11f461 req-a6e97681-2bd6-466a-96e3-b7424f11f461 ] Request (ListImageFiltersTestJSON:setUpClass): 201 POST http://10.180.1.21/identity/v3/auth/tokens 0.077s
2025-11-22 01:36:10.779 66301 INFO tempest.lib.common.fixed_network [-] (ListImageFiltersTestJSON:setUpClass) Found network None available for tenant
2025-11-22 01:36:10.895 66261 INFO tempest.lib.common.rest_client [req-b38b6405-d80f-4dae-b550-dcad58377229 req-b38b6405-d80f-4dae-b550-dcad58377229 ] Request (ServersAdminTestJSON:tearDownClass): 200 GET http://10.180.1.21/compute/v2.1/servers/e7370764-1001-4241-96af-0d5cacfd273c 0.978s
2025-11-22 01:36:10.957 66290 INFO tempest.lib.common.rest_client [req-dcd97b52-adc8-49b9-beed-2226d4b6d84f req-dcd97b52-adc8-49b9-beed-2226d4b6d84f ] Request (ListServersNegativeTestJSON:setUpClass): 200 GET http://10.180.1.21/compute/v2.1/servers/fe9ef559-4fe2-4185-b37a-18014f238d14 1.074s
2025-11-22 01:36:11.290 66319 INFO tempest.lib.common.rest_client [req-71762678-e8c3-4ac0-ae93-14b93a89f8ee req-71762678-e8c3-4ac0-ae93-14b93a89f8ee ] Request (ServerDiskConfigTestJSON:test_rebuild_server_with_manual_disk_config): 200 GET http://10.180.1.21/compute/v2.1/servers/940cfe5a-f24f-4f89-8efe-7103cf016b29 1.365s
2025-11-22 01:36:11.393 66263 WARNING tempest.lib.common.ssh [-] Failed to establish authenticated ssh connection to cirros@10.180.180.175 ([Errno None] Unable to connect to port 22 on 10.180.180.175). Number attempts: 8. Retry after 9 seconds.: paramiko.ssh_exception.NoValidConnectionsError: [Errno None] Unable to connect to port 22 on 10.180.180.175
2025-11-22 01:36:11.397 66271 INFO tempest.lib.common.rest_client [req-12c4ebce-dca1-4de0-818a-c9a5068daeac req-12c4ebce-dca1-4de0-818a-c9a5068daeac ] Request (ServersTestFqdnHostnames:setUpClass): 201 POST http://10.180.1.21/networking/v2.0/routers 0.811s
2025-11-22 01:36:11.429 66321 INFO tempest.lib.common.rest_client [req-84551aae-c4e7-4495-be65-ba4d0585117c req-84551aae-c4e7-4495-be65-ba4d0585117c ] Request (ServersTestJSON:test_create_server_with_ipv6_addr_only): 200 GET http://10.180.1.21/compute/v2.1/servers/8414751e-090c-4082-8b39-db3a391d50f5 1.326s
2025-11-22 01:36:11.435 66321 INFO tempest.common.waiters [-] State transition "BUILD/None" ==> "BUILD/networking" after 33 second wait
2025-11-22 01:36:11.446 66305 INFO tempest.lib.common.rest_client [req-2c922b9e-24a8-4d75-9b8d-1eeb3ccf55d8 req-2c922b9e-24a8-4d75-9b8d-1eeb3ccf55d8 ] Request (ServerShowV257Test:tearDownClass): 200 GET http://10.180.1.21/compute/v2.1/servers/eafbe567-150c-4dd5-9d98-6729708d27f0 1.314s
2025-11-22 01:36:12.267 66271 INFO tempest.lib.common.rest_client [req-eec7882b-5bc9-443f-9f71-03b89329019f req-eec7882b-5bc9-443f-9f71-03b89329019f ] Request (ServersTestFqdnHostnames:setUpClass): 200 PUT http://10.180.1.21/networking/v2.0/routers/afccc74d-c75d-4d18-b2b7-48c54dd615bb/add_router_interface 0.869s
2025-11-22 01:36:12.267 66271 INFO tempest.lib.common.dynamic_creds [-] Created isolated network resources for: credentials: Credentials: {'domain_id': 'default', 'domain_name': 'Default', 'username': 'tempest-ServersTestFqdnHostnames-1631541539-project-member', 'project_domain_id': 'default', 'project_domain_name': 'Default', 'project_id': '1743613ede184feaa625d8d244de2f0b', 'project_name': 'tempest-ServersTestFqdnHostnames-1631541539', 'tenant_id': '1743613ede184feaa625d8d244de2f0b', 'tenant_name': 'tempest-ServersTestFqdnHostnames-1631541539', 'user_domain_id': 'default', 'user_domain_name': 'Default', 'user_id': 'dff63bed24cc48b6a457ce1f6fe5f4ff', 'system': None}, Network: {'id': '1abc3b75-bc86-425f-9560-4836faa0d8b0', 'name': 'tempest-ServersTestFqdnHostnames-1429451308-network', 'tenant_id': '1743613ede184feaa625d8d244de2f0b', 'project_id': '1743613ede184feaa625d8d244de2f0b', 'admin_state_up': True, 'mtu': 8950, 'status': 'ACTIVE', 'subnets': [], 'shared': False, 'port_security_enabled': True, 'router:external': False, 'provider:network_type': 'vlan', 'provider:physical_network': 'default', 'provider:segmentation_id': 290, 'availability_zone_hints': [], 'availability_zones': [], 'ipv4_address_scope': None, 'ipv6_address_scope': None, 'description': '', 'tags': [], 'created_at': '2025-11-22T01:36:10Z', 'updated_at': '2025-11-22T01:36:10Z', 'revision_number': 1}, Subnet: {'id': '6a688c6b-f23f-4f52-afcd-fb4846a0cff0', 'name': 'tempest-ServersTestFqdnHostnames-1429451308-subnet', 'tenant_id': '1743613ede184feaa625d8d244de2f0b', 'network_id': '1abc3b75-bc86-425f-9560-4836faa0d8b0', 'ip_version': 4, 'subnetpool_id': None, 'enable_dhcp': True, 'ipv6_ra_mode': None, 'ipv6_address_mode': None, 'gateway_ip': '192.168.128.1', 'cidr': '192.168.128.0/28', 'allocation_pools': [{'start': '192.168.128.2', 'end': '192.168.128.14'}], 'host_routes': [], 'dns_nameservers': [], 'description': '', 'router:external': False, 'service_types': [], 'tags': [], 'created_at': '2025-11-22T01:36:10Z', 'updated_at': '2025-11-22T01:36:10Z', 'revision_number': 0, 'project_id': '1743613ede184feaa625d8d244de2f0b'}, Router: {'id': 'afccc74d-c75d-4d18-b2b7-48c54dd615bb', 'name': 'tempest-ServersTestFqdnHostnames-1429451308-router', 'tenant_id': '1743613ede184feaa625d8d244de2f0b', 'admin_state_up': True, 'status': 'ACTIVE', 'external_gateway_info': {'network_id': '9e6d33f6-b854-489b-8c69-c19488b59fc9', 'external_fixed_ips': [{'subnet_id': '6949f182-77b4-4a09-93e5-025b6dd73ca9', 'ip_address': '10.180.180.148'}], 'enable_snat': True}, 'description': '', 'availability_zones': [], 'distributed': False, 'ha': False, 'availability_zone_hints': [], 'routes': [], 'flavor_id': None, 'tags': [], 'created_at': '2025-11-22T01:36:10Z', 'updated_at': '2025-11-22T01:36:11Z', 'revision_number': 2, 'project_id': '1743613ede184feaa625d8d244de2f0b'}
2025-11-22 01:36:12.291 66317 INFO tempest.lib.common.rest_client [req-b9729d97-8eb4-4433-b3a2-fa0ab7446784 req-b9729d97-8eb4-4433-b3a2-fa0ab7446784 ] Request (MultipleCreateTestJSON:test_multiple_create_with_reservation_return): 200 GET http://10.180.1.21/compute/v2.1/servers/3379e7d6-e0ef-4aeb-bfe8-8d3edbcb292a 1.847s
2025-11-22 01:36:12.306 66283 INFO tempest.lib.common.rest_client [req-8f4d23c0-5144-4553-9291-6d6babac5756 req-8f4d23c0-5144-4553-9291-6d6babac5756 ] Request (ServersListShow298Test:tearDownClass): 200 GET http://10.180.1.21/compute/v2.1/servers/16a746b5-eec6-40d1-be26-1afa53569682 1.855s
2025-11-22 01:36:12.317 66283 INFO tempest.common.waiters [-] State transition "ACTIVE/deleting" ==> "DELETED/None" after 8 second wait
2025-11-22 01:36:12.350 66271 INFO tempest.lib.common.rest_client [req-55636690-cfe1-44b8-b69e-6d4b735f8d52 req-55636690-cfe1-44b8-b69e-6d4b735f8d52 ] Request (ServersTestFqdnHostnames:setUpClass): 201 POST http://10.180.1.21/identity/v3/auth/tokens 0.078s
2025-11-22 01:36:12.372 66275 INFO tempest.lib.common.rest_client [req-c5549ec0-23ed-49fd-834c-ade03f2f6264 req-c5549ec0-23ed-49fd-834c-ade03f2f6264 ] Request (ImagesTestJSON:test_create_server_from_snapshot): 200 GET http://10.180.1.21/compute/v2.1/servers/3b575d75-5b80-4b8c-a03d-399627feeee9 1.865s
2025-11-22 01:36:12.383 66313 INFO tempest.lib.common.rest_client [req-7d2f3cbe-41c4-4dc4-a132-d98d8ef0416e req-7d2f3cbe-41c4-4dc4-a132-d98d8ef0416e ] Request (SecurityGroupsTestJSON:tearDownClass): 200 GET http://10.180.1.21/compute/v2.1/servers/6077d2c8-ec37-4f4e-8fde-434db9fac899 1.858s
2025-11-22 01:36:12.441 66285 INFO tempest.lib.common.rest_client [req-4822de38-29ed-4c5d-9bc7-76960319da6a req-4822de38-29ed-4c5d-9bc7-76960319da6a ] Request (ServersTestJSON:tearDownClass): 200 GET http://10.180.1.21/compute/v2.1/servers/8a4f3338-19af-4e1d-9ee6-6e527408bb30 1.873s
2025-11-22 01:36:12.492 66312 INFO tempest.lib.common.rest_client [req-6175e6f8-e4a0-4c3c-b7ca-0d0df3b3d181 req-6175e6f8-e4a0-4c3c-b7ca-0d0df3b3d181 ] Request (FloatingIPsAssociationTestJSON:tearDownClass): 200 GET http://10.180.1.21/compute/v2.1/servers/e7f6dd08-44c6-44d3-a6f8-307464c896cf 1.839s
2025-11-22 01:36:12.508 66291 INFO tempest.lib.common.rest_client [req-8ae345b9-fc13-4a2b-83d8-3c14de07958c req-8ae345b9-fc13-4a2b-83d8-3c14de07958c ] Request (ListServerFiltersTestJSON:setUpClass): 200 GET http://10.180.1.21/compute/v2.1/servers/114d9a8f-8581-46a9-8047-fe23e07470be 1.835s
2025-11-22 01:36:12.558 66279 INFO tempest.lib.common.rest_client [req-ffd92cf1-3526-4d46-94b3-347507482bf9 req-ffd92cf1-3526-4d46-94b3-347507482bf9 ] Request (ServerGroupTestJSON:test_create_server_with_scheduler_hint_group): 200 GET http://10.180.1.21/compute/v2.1/servers/4fe42a7c-55b1-420e-90bf-fae9d586cf48 1.851s
2025-11-22 01:36:12.572 66297 INFO tempest.lib.common.rest_client [req-7d132798-743e-410b-99d3-dd1ad60c3fcc req-7d132798-743e-410b-99d3-dd1ad60c3fcc ] Request (ServerRescueTestJSONUnderV235:setUpClass): 200 GET http://10.180.1.21/compute/v2.1/servers/49ae1e95-2990-46aa-92c6-f560d5a4a188 1.853s
2025-11-22 01:36:12.623 66296 INFO tempest.lib.common.rest_client [req-12ec5274-50e1-49fd-bc3c-981faef6989d req-12ec5274-50e1-49fd-bc3c-981faef6989d ] Request (ServersTestMultiNic:_run_cleanups): 200 GET http://10.180.1.21/compute/v2.1/servers/c2e901f4-1a4c-4c55-8dae-2d91372970da 1.874s
2025-11-22 01:36:12.711 66290 INFO tempest.lib.common.rest_client [req-620cd08f-5e54-4ca6-b871-aa075d482e82 req-620cd08f-5e54-4ca6-b871-aa075d482e82 ] Request (ListServersNegativeTestJSON:setUpClass): 204 DELETE http://10.180.1.21/compute/v2.1/servers/fe9ef559-4fe2-4185-b37a-18014f238d14 1.747s
2025-11-22 01:36:12.802 66301 INFO tempest.lib.common.rest_client [req-362426d2-6eef-409f-b99f-1d997cea17b2 req-362426d2-6eef-409f-b99f-1d997cea17b2 ] Request (ListImageFiltersTestJSON:setUpClass): 202 POST http://10.180.1.21/compute/v2.1/servers 2.022s
2025-11-22 01:36:12.836 66265 INFO tempest.lib.common.rest_client [req-17aadf4b-716d-4ae7-8bd0-1c662b5df5fa req-17aadf4b-716d-4ae7-8bd0-1c662b5df5fa ] Request (MigrationsAdminTest:test_resize_server_revert_deleted_flavor): 200 GET http://10.180.1.21/compute/v2.1/servers/be0024b2-0de9-4063-9d8f-c72050a98c30 1.765s
2025-11-22 01:36:12.851 66301 INFO tempest.lib.common.rest_client [req-9093222c-d19a-4387-8992-4f9bf28d1b73 req-9093222c-d19a-4387-8992-4f9bf28d1b73 ] Request (ListImageFiltersTestJSON:setUpClass): 201 POST http://10.180.1.21/identity/v3/auth/tokens 0.045s
2025-11-22 01:36:12.851 66301 INFO tempest.lib.common.fixed_network [-] (ListImageFiltersTestJSON:setUpClass) Found network None available for tenant
2025-11-22 01:36:12.890 66323 INFO tempest.lib.common.rest_client [req-6e07f734-f5aa-4311-98c6-8683bf4f42ac req-6e07f734-f5aa-4311-98c6-8683bf4f42ac ] Request (AttachInterfacesTestJSON:_run_cleanups): 200 GET http://10.180.1.21/compute/v2.1/servers/7423b238-de72-4240-8067-039cf6171722 1.437s
2025-11-22 01:36:12.909 66303 INFO tempest.lib.common.rest_client [req-f826bd47-d4f9-40da-81a4-b2a40eccb1ad req-f826bd47-d4f9-40da-81a4-b2a40eccb1ad ] Request (InstanceActionsV221TestJSON:test_get_list_deleted_instance_actions): 200 GET http://10.180.1.21/compute/v2.1/servers/d45fe9c6-d04a-4d65-baee-d190295debc5 1.255s
2025-11-22 01:36:12.979 66261 INFO tempest.lib.common.rest_client [req-696533c5-d863-4a66-9e53-b77d92eb1784 req-696533c5-d863-4a66-9e53-b77d92eb1784 ] Request (ServersAdminTestJSON:tearDownClass): 200 GET http://10.180.1.21/compute/v2.1/servers/e7370764-1001-4241-96af-0d5cacfd273c 1.075s
2025-11-22 01:36:12.992 66319 INFO tempest.lib.common.rest_client [req-01c660cb-f83f-42e3-af85-b16d6472f124 req-01c660cb-f83f-42e3-af85-b16d6472f124 ] Request (ServerDiskConfigTestJSON:test_rebuild_server_with_manual_disk_config): 200 GET http://10.180.1.21/compute/v2.1/servers/940cfe5a-f24f-4f89-8efe-7103cf016b29 0.686s
2025-11-22 01:36:13.113 66271 INFO tempest.lib.common.rest_client [req-c73e0251-462b-4abc-b408-9abfbfa39892 req-c73e0251-462b-4abc-b408-9abfbfa39892 ] Request (ServersTestFqdnHostnames:test_create_server_with_fqdn_name): 200 POST http://10.180.1.21/compute/v2.1/os-keypairs 0.761s
2025-11-22 01:36:13.142 66321 INFO tempest.lib.common.rest_client [req-5c6eec91-c5d6-4928-a5e4-5898434aacc6 req-5c6eec91-c5d6-4928-a5e4-5898434aacc6 ] Request (ServersTestJSON:test_create_server_with_ipv6_addr_only): 200 GET http://10.180.1.21/compute/v2.1/servers/8414751e-090c-4082-8b39-db3a391d50f5 0.705s
2025-11-22 01:36:13.149 66321 INFO tempest.common.waiters [-] State transition "BUILD/networking" ==> "BUILD/spawning" after 35 second wait
2025-11-22 01:36:13.240 66271 INFO tempest.lib.common.rest_client [req-44366c7e-6519-4cd9-ab68-bd6b494399e0 req-44366c7e-6519-4cd9-ab68-bd6b494399e0 ] Request (ServersTestFqdnHostnames:test_create_server_with_fqdn_name): 201 POST http://10.180.1.21/networking/v2.0/security-groups 0.125s
2025-11-22 01:36:13.267 66305 INFO tempest.lib.common.rest_client [req-beb9623b-2b82-4b99-b801-2cddb686f76a req-beb9623b-2b82-4b99-b801-2cddb686f76a ] Request (ServerShowV257Test:tearDownClass): 200 GET http://10.180.1.21/compute/v2.1/servers/eafbe567-150c-4dd5-9d98-6729708d27f0 0.808s
2025-11-22 01:36:13.310 66290 INFO tempest.lib.common.rest_client [req-0d55f68f-0122-4e3d-9bae-3b35f38039ff req-0d55f68f-0122-4e3d-9bae-3b35f38039ff ] Request (ListServersNegativeTestJSON:setUpClass): 200 GET http://10.180.1.21/compute/v2.1/servers/fe9ef559-4fe2-4185-b37a-18014f238d14 0.598s
2025-11-22 01:36:13.376 66271 INFO tempest.lib.common.rest_client [req-78c860ff-1128-464b-86e9-61b4b28aaca8 req-78c860ff-1128-464b-86e9-61b4b28aaca8 ] Request (ServersTestFqdnHostnames:test_create_server_with_fqdn_name): 201 POST http://10.180.1.21/networking/v2.0/security-group-rules 0.135s
2025-11-22 01:36:13.398 66317 INFO tempest.lib.common.rest_client [req-f80bcc4d-4d76-46ee-937d-691b68df18f1 req-f80bcc4d-4d76-46ee-937d-691b68df18f1 ] Request (MultipleCreateTestJSON:test_multiple_create_with_reservation_return): 200 GET http://10.180.1.21/compute/v2.1/servers/3379e7d6-e0ef-4aeb-bfe8-8d3edbcb292a 0.099s
2025-11-22 01:36:13.472 66271 INFO tempest.lib.common.rest_client [req-1db0ac79-c072-481a-8882-4a94481f9ae8 req-1db0ac79-c072-481a-8882-4a94481f9ae8 ] Request (ServersTestFqdnHostnames:test_create_server_with_fqdn_name): 201 POST http://10.180.1.21/networking/v2.0/security-group-rules 0.095s
2025-11-22 01:36:13.478 66283 INFO tempest.lib.common.rest_client [req-9305a179-b603-41fc-8055-5f645444baab req-9305a179-b603-41fc-8055-5f645444baab ] Request (ServersListShow298Test:tearDownClass): 200 GET http://10.180.1.21/compute/v2.1/servers/16a746b5-eec6-40d1-be26-1afa53569682 0.160s
2025-11-22 01:36:13.481 66301 INFO tempest.lib.common.rest_client [req-5a433b0c-4740-49be-847b-95e0d8712ef9 req-5a433b0c-4740-49be-847b-95e0d8712ef9 ] Request (ListImageFiltersTestJSON:setUpClass): 202 POST http://10.180.1.21/compute/v2.1/servers 0.629s
2025-11-22 01:36:13.900 66275 INFO tempest.lib.common.rest_client [req-907163de-7724-4ce5-b9e9-385cbfced29c req-907163de-7724-4ce5-b9e9-385cbfced29c ] Request (ImagesTestJSON:test_create_server_from_snapshot): 200 GET http://10.180.1.21/compute/v2.1/servers/3b575d75-5b80-4b8c-a03d-399627feeee9 0.517s
2025-11-22 01:36:13.918 66313 INFO tempest.lib.common.rest_client [req-a870934e-7cd1-49a4-b43a-a105bc062730 req-a870934e-7cd1-49a4-b43a-a105bc062730 ] Request (SecurityGroupsTestJSON:tearDownClass): 200 GET http://10.180.1.21/compute/v2.1/servers/6077d2c8-ec37-4f4e-8fde-434db9fac899 0.526s
2025-11-22 01:36:13.995 66271 INFO tempest.lib.common.rest_client [req-4d0daa28-4a25-4674-9348-0fa46dae4ae6 req-4d0daa28-4a25-4674-9348-0fa46dae4ae6 ] Request (ServersTestFqdnHostnames:test_create_server_with_fqdn_name): 201 POST http://10.180.1.21/networking/v2.0/floatingips 0.522s
2025-11-22 01:36:14.025 66301 INFO tempest.lib.common.rest_client [req-702fd171-c643-44a6-a601-63dfef2c2350 req-702fd171-c643-44a6-a601-63dfef2c2350 ] Request (ListImageFiltersTestJSON:setUpClass): 200 GET http://10.180.1.21/compute/v2.1/servers/e9e33c9c-e81e-4053-a631-3816fb983a97 0.542s
2025-11-22 01:36:14.043 66271 INFO tempest.lib.common.rest_client [req-cf64470e-d357-4c8f-bfeb-f4fcd84bb5d6 req-cf64470e-d357-4c8f-bfeb-f4fcd84bb5d6 ] Request (ServersTestFqdnHostnames:test_create_server_with_fqdn_name): 201 POST http://10.180.1.21/identity/v3/auth/tokens 0.044s
2025-11-22 01:36:14.044 66271 INFO tempest.lib.common.fixed_network [-] (ServersTestFqdnHostnames:test_create_server_with_fqdn_name) Found network {'id': '1abc3b75-bc86-425f-9560-4836faa0d8b0', 'name': 'tempest-ServersTestFqdnHostnames-1429451308-network', 'tenant_id': '1743613ede184feaa625d8d244de2f0b', 'project_id': '1743613ede184feaa625d8d244de2f0b', 'admin_state_up': True, 'mtu': 8950, 'status': 'ACTIVE', 'subnets': [], 'shared': False, 'port_security_enabled': True, 'router:external': False, 'provider:network_type': 'vlan', 'provider:physical_network': 'default', 'provider:segmentation_id': 290, 'availability_zone_hints': [], 'availability_zones': [], 'ipv4_address_scope': None, 'ipv6_address_scope': None, 'description': '', 'tags': [], 'created_at': '2025-11-22T01:36:10Z', 'updated_at': '2025-11-22T01:36:10Z', 'revision_number': 1} available for tenant
2025-11-22 01:36:14.046 66285 INFO tempest.lib.common.rest_client [req-94185467-4764-423f-b1d1-c6cf92f11163 req-94185467-4764-423f-b1d1-c6cf92f11163 ] Request (ServersTestJSON:tearDownClass): 200 GET http://10.180.1.21/compute/v2.1/servers/8a4f3338-19af-4e1d-9ee6-6e527408bb30 0.597s
2025-11-22 01:36:14.106 66312 INFO tempest.lib.common.rest_client [req-22712cb8-9283-40a7-b03b-2d9b55d99656 req-22712cb8-9283-40a7-b03b-2d9b55d99656 ] Request (FloatingIPsAssociationTestJSON:tearDownClass): 200 GET http://10.180.1.21/compute/v2.1/servers/e7f6dd08-44c6-44d3-a6f8-307464c896cf 0.604s
2025-11-22 01:36:14.140 66291 INFO tempest.lib.common.rest_client [req-df7f10d5-8fa1-4656-9198-b9132590ee82 req-df7f10d5-8fa1-4656-9198-b9132590ee82 ] Request (ListServerFiltersTestJSON:setUpClass): 200 GET http://10.180.1.21/compute/v2.1/servers/114d9a8f-8581-46a9-8047-fe23e07470be 0.625s
2025-11-22 01:36:14.179 66279 INFO tempest.lib.common.rest_client [req-144490bd-2257-491c-8cb7-f8b57fc6f6cd req-144490bd-2257-491c-8cb7-f8b57fc6f6cd ] Request (ServerGroupTestJSON:test_create_server_with_scheduler_hint_group): 200 GET http://10.180.1.21/compute/v2.1/servers/4fe42a7c-55b1-420e-90bf-fae9d586cf48 0.613s
2025-11-22 01:36:14.237 66297 INFO tempest.lib.common.rest_client [req-0c70c687-f39b-4dd0-a713-4e019f174930 req-0c70c687-f39b-4dd0-a713-4e019f174930 ] Request (ServerRescueTestJSONUnderV235:setUpClass): 200 GET http://10.180.1.21/compute/v2.1/servers/49ae1e95-2990-46aa-92c6-f560d5a4a188 0.657s
2025-11-22 01:36:14.296 66296 INFO tempest.lib.common.rest_client [req-cb507cb0-2604-4f7d-8d62-21d2746b2e15 req-cb507cb0-2604-4f7d-8d62-21d2746b2e15 ] Request (ServersTestMultiNic:_run_cleanups): 200 GET http://10.180.1.21/compute/v2.1/servers/c2e901f4-1a4c-4c55-8dae-2d91372970da 0.657s
2025-11-22 01:36:14.406 66323 INFO tempest.lib.common.rest_client [req-7ac85a2d-1a90-4f54-b36d-dd12b8e3f4cc req-7ac85a2d-1a90-4f54-b36d-dd12b8e3f4cc ] Request (AttachInterfacesTestJSON:_run_cleanups): 200 GET http://10.180.1.21/compute/v2.1/servers/7423b238-de72-4240-8067-039cf6171722 0.502s
2025-11-22 01:36:14.430 66265 INFO tempest.lib.common.rest_client [req-66ee1a0d-3ebc-4161-8c9a-b78303599771 req-66ee1a0d-3ebc-4161-8c9a-b78303599771 ] Request (MigrationsAdminTest:test_resize_server_revert_deleted_flavor): 200 GET http://10.180.1.21/compute/v2.1/servers/be0024b2-0de9-4063-9d8f-c72050a98c30 0.585s
2025-11-22 01:36:14.464 66303 INFO tempest.lib.common.rest_client [req-06272748-49de-47f7-954f-22a5232f0209 req-06272748-49de-47f7-954f-22a5232f0209 ] Request (InstanceActionsV221TestJSON:test_get_list_deleted_instance_actions): 200 GET http://10.180.1.21/compute/v2.1/servers/d45fe9c6-d04a-4d65-baee-d190295debc5 0.543s
2025-11-22 01:36:14.501 66261 INFO tempest.lib.common.rest_client [req-302339eb-1891-40f3-bf2a-61c5edc6cff7 req-302339eb-1891-40f3-bf2a-61c5edc6cff7 ] Request (ServersAdminTestJSON:tearDownClass): 200 GET http://10.180.1.21/compute/v2.1/servers/e7370764-1001-4241-96af-0d5cacfd273c 0.514s
2025-11-22 01:36:14.521 66319 INFO tempest.lib.common.rest_client [req-736168a1-2ccf-4b82-9200-4bd0a0475c7d req-736168a1-2ccf-4b82-9200-4bd0a0475c7d ] Request (ServerDiskConfigTestJSON:test_rebuild_server_with_manual_disk_config): 200 GET http://10.180.1.21/compute/v2.1/servers/940cfe5a-f24f-4f89-8efe-7103cf016b29 0.520s
2025-11-22 01:36:14.679 66321 INFO tempest.lib.common.rest_client [req-12210d46-b906-4e4e-bd79-796515c2727e req-12210d46-b906-4e4e-bd79-796515c2727e ] Request (ServersTestJSON:test_create_server_with_ipv6_addr_only): 200 GET http://10.180.1.21/compute/v2.1/servers/8414751e-090c-4082-8b39-db3a391d50f5 0.528s
2025-11-22 01:36:14.757 66305 INFO tempest.lib.common.rest_client [req-ae29e0e8-315b-4751-8a21-abfaf47e1288 req-ae29e0e8-315b-4751-8a21-abfaf47e1288 ] Request (ServerShowV257Test:tearDownClass): 200 GET http://10.180.1.21/compute/v2.1/servers/eafbe567-150c-4dd5-9d98-6729708d27f0 0.478s
2025-11-22 01:36:14.880 66290 INFO tempest.lib.common.rest_client [req-31060ded-051d-4360-9fcc-3ef5273e7342 req-31060ded-051d-4360-9fcc-3ef5273e7342 ] Request (ListServersNegativeTestJSON:setUpClass): 200 GET http://10.180.1.21/compute/v2.1/servers/fe9ef559-4fe2-4185-b37a-18014f238d14 0.559s
2025-11-22 01:36:14.894 66271 INFO tempest.lib.common.rest_client [req-824f8ed4-8571-48ea-ada8-0330be00961c req-824f8ed4-8571-48ea-ada8-0330be00961c ] Request (ServersTestFqdnHostnames:test_create_server_with_fqdn_name): 202 POST http://10.180.1.21/compute/v2.1/servers 0.849s
2025-11-22 01:36:14.952 66317 INFO tempest.lib.common.rest_client [req-fd6e66a2-6ec5-4ad4-aef7-5ab08c14fc27 req-fd6e66a2-6ec5-4ad4-aef7-5ab08c14fc27 ] Request (MultipleCreateTestJSON:test_multiple_create_with_reservation_return): 200 GET http://10.180.1.21/compute/v2.1/servers/3379e7d6-e0ef-4aeb-bfe8-8d3edbcb292a 0.547s
2025-11-22 01:36:15.207 66271 INFO tempest.lib.common.rest_client [req-998541ce-8050-4ed0-a187-18368fae3faf req-998541ce-8050-4ed0-a187-18368fae3faf ] Request (ServersTestFqdnHostnames:test_create_server_with_fqdn_name): 200 GET http://10.180.1.21/compute/v2.1/servers/15ccdf0f-2ea8-413e-aad7-d1833645fbbd 0.312s
2025-11-22 01:36:15.230 66283 INFO tempest.lib.common.rest_client [req-4860a4eb-5e3b-4f78-b11d-33d9a2535cc5 req-4860a4eb-5e3b-4f78-b11d-33d9a2535cc5 ] Request (ServersListShow298Test:tearDownClass): 200 GET http://10.180.1.21/compute/v2.1/servers/16a746b5-eec6-40d1-be26-1afa53569682 0.741s
2025-11-22 01:36:15.276 66275 INFO tempest.lib.common.rest_client [req-0b9b5205-b90e-4421-9c9e-dfb0f7784604 req-0b9b5205-b90e-4421-9c9e-dfb0f7784604 ] Request (ImagesTestJSON:test_create_server_from_snapshot): 200 GET http://10.180.1.21/compute/v2.1/servers/3b575d75-5b80-4b8c-a03d-399627feeee9 0.365s
2025-11-22 01:36:15.293 66313 INFO tempest.lib.common.rest_client [req-a1d50edf-000e-4244-b929-a4db4e45b786 req-a1d50edf-000e-4244-b929-a4db4e45b786 ] Request (SecurityGroupsTestJSON:tearDownClass): 200 GET http://10.180.1.21/compute/v2.1/servers/6077d2c8-ec37-4f4e-8fde-434db9fac899 0.362s
2025-11-22 01:36:15.328 66301 INFO tempest.lib.common.rest_client [req-2e270538-0401-4a01-b9f4-fa5bf9d96b77 req-2e270538-0401-4a01-b9f4-fa5bf9d96b77 ] Request (ListImageFiltersTestJSON:setUpClass): 200 GET http://10.180.1.21/compute/v2.1/servers/e9e33c9c-e81e-4053-a631-3816fb983a97 0.294s
2025-11-22 01:36:15.359 66285 INFO tempest.lib.common.rest_client [req-eb466d5c-4377-4bf2-a1f3-06a5536bedaf req-eb466d5c-4377-4bf2-a1f3-06a5536bedaf ] Request (ServersTestJSON:tearDownClass): 200 GET http://10.180.1.21/compute/v2.1/servers/8a4f3338-19af-4e1d-9ee6-6e527408bb30 0.298s
2025-11-22 01:36:15.390 66312 INFO tempest.lib.common.rest_client [req-ff66aef7-22fa-4db8-aee3-bd80d02d5dfc req-ff66aef7-22fa-4db8-aee3-bd80d02d5dfc ] Request (FloatingIPsAssociationTestJSON:tearDownClass): 200 GET http://10.180.1.21/compute/v2.1/servers/e7f6dd08-44c6-44d3-a6f8-307464c896cf 0.274s
2025-11-22 01:36:15.413 66291 INFO tempest.lib.common.rest_client [req-f811f750-ba7b-4158-a885-b35e21df21ed req-f811f750-ba7b-4158-a885-b35e21df21ed ] Request (ListServerFiltersTestJSON:setUpClass): 200 GET http://10.180.1.21/compute/v2.1/servers/114d9a8f-8581-46a9-8047-fe23e07470be 0.260s
2025-11-22 01:36:15.441 66279 INFO tempest.lib.common.rest_client [req-af1f63f8-158d-4c2d-90ed-2da1562ea6a5 req-af1f63f8-158d-4c2d-90ed-2da1562ea6a5 ] Request (ServerGroupTestJSON:test_create_server_with_scheduler_hint_group): 200 GET http://10.180.1.21/compute/v2.1/servers/4fe42a7c-55b1-420e-90bf-fae9d586cf48 0.251s
2025-11-22 01:36:15.496 66297 INFO tempest.lib.common.rest_client [req-b301bc2a-47e4-4e7e-adf4-6fe8c11a5c16 req-b301bc2a-47e4-4e7e-adf4-6fe8c11a5c16 ] Request (ServerRescueTestJSONUnderV235:setUpClass): 200 GET http://10.180.1.21/compute/v2.1/servers/49ae1e95-2990-46aa-92c6-f560d5a4a188 0.248s
2025-11-22 01:36:15.508 66296 INFO tempest.lib.common.rest_client [req-1a5ef7d1-73f2-45a5-807a-3dae5c60f6ed req-1a5ef7d1-73f2-45a5-807a-3dae5c60f6ed ] Request (ServersTestMultiNic:_run_cleanups): 200 GET http://10.180.1.21/compute/v2.1/servers/c2e901f4-1a4c-4c55-8dae-2d91372970da 0.203s
2025-11-22 01:36:15.586 66323 INFO tempest.lib.common.rest_client [req-f3d347cb-d991-45f7-a002-8f3320382e56 req-f3d347cb-d991-45f7-a002-8f3320382e56 ] Request (AttachInterfacesTestJSON:_run_cleanups): 200 GET http://10.180.1.21/compute/v2.1/servers/7423b238-de72-4240-8067-039cf6171722 0.170s
2025-11-22 01:36:15.620 66265 INFO tempest.lib.common.rest_client [req-d45cbdd6-9fc5-4e55-b42a-fc222bc32f10 req-d45cbdd6-9fc5-4e55-b42a-fc222bc32f10 ] Request (MigrationsAdminTest:test_resize_server_revert_deleted_flavor): 200 GET http://10.180.1.21/compute/v2.1/servers/be0024b2-0de9-4063-9d8f-c72050a98c30 0.181s
2025-11-22 01:36:15.673 66303 INFO tempest.lib.common.rest_client [req-50ffd9b2-b734-423f-a9ec-093bdd4ed868 req-50ffd9b2-b734-423f-a9ec-093bdd4ed868 ] Request (InstanceActionsV221TestJSON:test_get_list_deleted_instance_actions): 200 GET http://10.180.1.21/compute/v2.1/servers/d45fe9c6-d04a-4d65-baee-d190295debc5 0.197s
2025-11-22 01:36:15.691 66261 INFO tempest.lib.common.rest_client [req-446299ef-4164-48a9-b131-3b9578b2d393 req-446299ef-4164-48a9-b131-3b9578b2d393 ] Request (ServersAdminTestJSON:tearDownClass): 200 GET http://10.180.1.21/compute/v2.1/servers/e7370764-1001-4241-96af-0d5cacfd273c 0.176s
2025-11-22 01:36:15.737 66319 INFO tempest.lib.common.rest_client [req-2e30f483-a55f-486c-adad-0f0b28808075 req-2e30f483-a55f-486c-adad-0f0b28808075 ] Request (ServerDiskConfigTestJSON:test_rebuild_server_with_manual_disk_config): 200 GET http://10.180.1.21/compute/v2.1/servers/940cfe5a-f24f-4f89-8efe-7103cf016b29 0.208s
2025-11-22 01:36:15.792 66321 INFO tempest.lib.common.rest_client [req-a766eaba-5014-4d64-9223-a0cbc83d53da req-a766eaba-5014-4d64-9223-a0cbc83d53da ] Request (ServersTestJSON:test_create_server_with_ipv6_addr_only): 200 GET http://10.180.1.21/compute/v2.1/servers/8414751e-090c-4082-8b39-db3a391d50f5 0.105s
2025-11-22 01:36:15.832 66305 INFO tempest.lib.common.rest_client [req-a86ebea1-5dbf-47b4-84fe-a1869f65b5e2 req-a86ebea1-5dbf-47b4-84fe-a1869f65b5e2 ] Request (ServerShowV257Test:tearDownClass): 200 GET http://10.180.1.21/compute/v2.1/servers/eafbe567-150c-4dd5-9d98-6729708d27f0 0.065s
2025-11-22 01:36:15.944 66290 INFO tempest.lib.common.rest_client [req-933c0c05-74a0-4ad1-9580-b17e3fbd80fc req-933c0c05-74a0-4ad1-9580-b17e3fbd80fc ] Request (ListServersNegativeTestJSON:setUpClass): 200 GET http://10.180.1.21/compute/v2.1/servers/fe9ef559-4fe2-4185-b37a-18014f238d14 0.052s
2025-11-22 01:36:16.011 66317 INFO tempest.lib.common.rest_client [req-64ceb702-7693-413e-b351-078aa02cd92f req-64ceb702-7693-413e-b351-078aa02cd92f ] Request (MultipleCreateTestJSON:test_multiple_create_with_reservation_return): 200 GET http://10.180.1.21/compute/v2.1/servers/3379e7d6-e0ef-4aeb-bfe8-8d3edbcb292a 0.049s
2025-11-22 01:36:16.277 66271 INFO tempest.lib.common.rest_client [req-ccc89e7d-b976-46dc-b959-2c3cf68e67e5 req-ccc89e7d-b976-46dc-b959-2c3cf68e67e5 ] Request (ServersTestFqdnHostnames:test_create_server_with_fqdn_name): 200 GET http://10.180.1.21/compute/v2.1/servers/15ccdf0f-2ea8-413e-aad7-d1833645fbbd 0.058s
2025-11-22 01:36:16.316 66283 INFO tempest.lib.common.rest_client [req-c0dd996c-ae9a-4933-810d-8cd2bc5a9779 req-c0dd996c-ae9a-4933-810d-8cd2bc5a9779 ] Request (ServersListShow298Test:tearDownClass): 200 GET http://10.180.1.21/compute/v2.1/servers/16a746b5-eec6-40d1-be26-1afa53569682 0.070s
2025-11-22 01:36:16.333 66275 INFO tempest.lib.common.rest_client [req-e57d9dbf-4a7d-41f4-baa2-3c1b36d20a6f req-e57d9dbf-4a7d-41f4-baa2-3c1b36d20a6f ] Request (ImagesTestJSON:test_create_server_from_snapshot): 200 GET http://10.180.1.21/compute/v2.1/servers/3b575d75-5b80-4b8c-a03d-399627feeee9 0.047s
2025-11-22 01:36:16.375 66313 INFO tempest.lib.common.rest_client [req-cfdd023b-64b5-488e-a052-a68dc513684a req-cfdd023b-64b5-488e-a052-a68dc513684a ] Request (SecurityGroupsTestJSON:tearDownClass): 200 GET http://10.180.1.21/compute/v2.1/servers/6077d2c8-ec37-4f4e-8fde-434db9fac899 0.071s
2025-11-22 01:36:16.395 66301 INFO tempest.lib.common.rest_client [req-a5daaabf-c1fb-49f2-b115-b6097cafcfc6 req-a5daaabf-c1fb-49f2-b115-b6097cafcfc6 ] Request (ListImageFiltersTestJSON:setUpClass): 200 GET http://10.180.1.21/compute/v2.1/servers/e9e33c9c-e81e-4053-a631-3816fb983a97 0.056s
2025-11-22 01:36:16.436 66285 INFO tempest.lib.common.rest_client [req-93bf3b79-e182-42a6-a994-50fc0033bdb2 req-93bf3b79-e182-42a6-a994-50fc0033bdb2 ] Request (ServersTestJSON:tearDownClass): 200 GET http://10.180.1.21/compute/v2.1/servers/8a4f3338-19af-4e1d-9ee6-6e527408bb30 0.067s
2025-11-22 01:36:16.450 66287 WARNING tempest.lib.common.ssh [-] Failed to establish authenticated ssh connection to cirros@10.180.180.142 ([Errno None] Unable to connect to port 22 on 10.180.180.142). Number attempts: 9. Retry after 10 seconds.: paramiko.ssh_exception.NoValidConnectionsError: [Errno None] Unable to connect to port 22 on 10.180.180.142
2025-11-22 01:36:16.455 66312 INFO tempest.lib.common.rest_client [req-6d4ead51-b0f7-48a7-bda0-8b3f92c41765 req-6d4ead51-b0f7-48a7-bda0-8b3f92c41765 ] Request (FloatingIPsAssociationTestJSON:tearDownClass): 200 GET http://10.180.1.21/compute/v2.1/servers/e7f6dd08-44c6-44d3-a6f8-307464c896cf 0.056s
2025-11-22 01:36:16.483 66291 INFO tempest.lib.common.rest_client [req-c44fa4fc-4f33-44a9-b2f7-ef4f81052c12 req-c44fa4fc-4f33-44a9-b2f7-ef4f81052c12 ] Request (ListServerFiltersTestJSON:setUpClass): 200 GET http://10.180.1.21/compute/v2.1/servers/114d9a8f-8581-46a9-8047-fe23e07470be 0.061s
2025-11-22 01:36:16.499 66279 INFO tempest.lib.common.rest_client [req-0d222d8d-12b1-42e4-a114-5c13c9d9ed32 req-0d222d8d-12b1-42e4-a114-5c13c9d9ed32 ] Request (ServerGroupTestJSON:test_create_server_with_scheduler_hint_group): 200 GET http://10.180.1.21/compute/v2.1/servers/4fe42a7c-55b1-420e-90bf-fae9d586cf48 0.050s
2025-11-22 01:36:16.551 66297 INFO tempest.lib.common.rest_client [req-638e3592-fea5-4709-ae2f-82d035b8af3f req-638e3592-fea5-4709-ae2f-82d035b8af3f ] Request (ServerRescueTestJSONUnderV235:setUpClass): 200 GET http://10.180.1.21/compute/v2.1/servers/49ae1e95-2990-46aa-92c6-f560d5a4a188 0.045s
2025-11-22 01:36:16.569 66296 INFO tempest.lib.common.rest_client [req-8b266a74-3f21-4baa-b61c-878e11e32b4c req-8b266a74-3f21-4baa-b61c-878e11e32b4c ] Request (ServersTestMultiNic:_run_cleanups): 200 GET http://10.180.1.21/compute/v2.1/servers/c2e901f4-1a4c-4c55-8dae-2d91372970da 0.053s
2025-11-22 01:36:16.651 66323 INFO tempest.lib.common.rest_client [req-9533a348-a550-4477-a185-fb7c9b1164e0 req-9533a348-a550-4477-a185-fb7c9b1164e0 ] Request (AttachInterfacesTestJSON:_run_cleanups): 200 GET http://10.180.1.21/compute/v2.1/servers/7423b238-de72-4240-8067-039cf6171722 0.055s
2025-11-22 01:36:16.723 66265 INFO tempest.lib.common.rest_client [req-10dd9a7a-eaeb-4dae-a658-bd024e577f9a req-10dd9a7a-eaeb-4dae-a658-bd024e577f9a ] Request (MigrationsAdminTest:test_resize_server_revert_deleted_flavor): 200 GET http://10.180.1.21/compute/v2.1/servers/be0024b2-0de9-4063-9d8f-c72050a98c30 0.097s
2025-11-22 01:36:16.740 66303 INFO tempest.lib.common.rest_client [req-f99e4241-4092-4183-92c3-20c7ae26fcfe req-f99e4241-4092-4183-92c3-20c7ae26fcfe ] Request (InstanceActionsV221TestJSON:test_get_list_deleted_instance_actions): 200 GET http://10.180.1.21/compute/v2.1/servers/d45fe9c6-d04a-4d65-baee-d190295debc5 0.055s
2025-11-22 01:36:16.780 66261 INFO tempest.lib.common.rest_client [req-a1c14286-e30c-4f98-bde6-2eebc7f84c4f req-a1c14286-e30c-4f98-bde6-2eebc7f84c4f ] Request (ServersAdminTestJSON:tearDownClass): 200 GET http://10.180.1.21/compute/v2.1/servers/e7370764-1001-4241-96af-0d5cacfd273c 0.081s
