2025-11-22 01:35:54.858 66277 INFO tempest.lib.common.rest_client [req-971674e1-8726-4e78-8150-27d103751684 req-971674e1-8726-4e78-8150-27d103751684 ] Request (VolumesGetTestJSON:tearDownClass): 204 DELETE http://10.180.1.21/identity/v3/users/5ca92e4b65ef456da1b84e9240be6795 0.158s
2025-11-22 01:35:54.858 66277 INFO tempest.lib.common.dynamic_creds [-] Deleting project and security group for project: 1bc7d41b0ce04e7ca0fe392656fabf43
2025-11-22 01:35:54.860 66301 INFO tempest.lib.common.rest_client [req-9fbbde84-f38f-4d1b-b254-a9d176b26486 req-9fbbde84-f38f-4d1b-b254-a9d176b26486 ] Request (FlavorsExtraSpecsTestJSON:tearDownClass): 200 GET http://10.180.1.21/compute/v2.1/flavors/detail 0.321s
2025-11-22 01:35:54.866 66296 INFO tempest.lib.common.rest_client [req-b717819f-8023-4ee5-b507-7e4dad811d47 req-b717819f-8023-4ee5-b507-7e4dad811d47 ] Request (ServersTestMultiNic:_run_cleanups): 200 GET http://10.180.1.21/compute/v2.1/servers/c2e901f4-1a4c-4c55-8dae-2d91372970da 0.542s
2025-11-22 01:35:54.897 66279 INFO tempest.lib.common.rest_client [req-38c23121-0dfa-4aba-bac2-d1673413c729 req-38c23121-0dfa-4aba-bac2-d1673413c729 ] Request (ServerGroupTestJSON:test_create_delete_server_group_with_affinity_policy): 204 DELETE http://10.180.1.21/compute/v2.1/os-server-groups/c4d9cf20-b9b4-4deb-b53e-e07ff1ef9409 0.275s
2025-11-22 01:35:54.931 66277 INFO tempest.lib.common.rest_client [req-037147d6-0075-4886-b6a6-5f0fce81f308 req-037147d6-0075-4886-b6a6-5f0fce81f308 ] Request (VolumesGetTestJSON:tearDownClass): 201 POST http://10.180.1.21/identity/v3/auth/tokens 0.072s
2025-11-22 01:35:54.982 66301 INFO tempest.lib.common.rest_client [req-88574427-f082-48f9-8e93-31bdec4523e6 req-88574427-f082-48f9-8e93-31bdec4523e6 ] Request (FlavorsExtraSpecsTestJSON:tearDownClass): 204 DELETE http://10.180.1.21/identity/v3/users/54b9d2d2596c4f9c89af5842c5bc7ba0 0.116s
2025-11-22 01:35:54.986 66297 INFO tempest.lib.common.rest_client [req-635f21ad-9b67-49a7-a298-db8e0db139ab req-635f21ad-9b67-49a7-a298-db8e0db139ab ] Request (ServerMetadataNegativeTestJSON:tearDownClass): 200 GET http://10.180.1.21/compute/v2.1/servers/f1605558-3b41-4ea4-91a4-f9583370c33c 0.440s
2025-11-22 01:35:55.129 66301 INFO tempest.lib.common.rest_client [req-4d257ded-68b3-46b3-a047-511545ccddd3 req-4d257ded-68b3-46b3-a047-511545ccddd3 ] Request (FlavorsExtraSpecsTestJSON:tearDownClass): 204 DELETE http://10.180.1.21/identity/v3/users/40438b4453f14c4f8aa09bb5dcbc4e1a 0.146s
2025-11-22 01:35:55.129 66301 INFO tempest.lib.common.dynamic_creds [-] Deleting project and security group for project: c1af7f7951da4681a4da924fc64fd981
2025-11-22 01:35:55.227 66301 INFO tempest.lib.common.rest_client [req-46c627a1-2756-42eb-9332-16fdacce98de req-46c627a1-2756-42eb-9332-16fdacce98de ] Request (FlavorsExtraSpecsTestJSON:tearDownClass): 201 POST http://10.180.1.21/identity/v3/auth/tokens 0.097s
2025-11-22 01:35:55.268 66277 INFO tempest.lib.common.rest_client [req-e2f41718-1b1f-4b23-9799-409c709eabd5 req-e2f41718-1b1f-4b23-9799-409c709eabd5 ] Request (VolumesGetTestJSON:tearDownClass): 200 GET http://10.180.1.21/networking/v2.0/security-groups?tenant_id=1bc7d41b0ce04e7ca0fe392656fabf43&name=default 0.337s
2025-11-22 01:35:55.299 66323 INFO tempest.lib.common.rest_client [req-575166be-24a1-483c-8a26-f8880a9d5888 req-575166be-24a1-483c-8a26-f8880a9d5888 ] Request (AttachInterfacesTestJSON:_run_cleanups): 200 GET http://10.180.1.21/compute/v2.1/servers/7423b238-de72-4240-8067-039cf6171722 0.641s
2025-11-22 01:35:55.388 66283 INFO tempest.lib.common.rest_client [req-490b13cb-4453-4b52-8ef4-de1b94782a82 req-490b13cb-4453-4b52-8ef4-de1b94782a82 ] Request (ServersListShow298Test:test_list_show_update_rebuild_server_298): 200 GET http://10.180.1.21/compute/v2.1/servers/16a746b5-eec6-40d1-be26-1afa53569682 0.707s
2025-11-22 01:35:55.561 66301 INFO tempest.lib.common.rest_client [req-7af2f745-8f3b-4289-a47b-a91fb263b0a2 req-7af2f745-8f3b-4289-a47b-a91fb263b0a2 ] Request (FlavorsExtraSpecsTestJSON:tearDownClass): 200 GET http://10.180.1.21/networking/v2.0/security-groups?tenant_id=c1af7f7951da4681a4da924fc64fd981&name=default 0.334s
2025-11-22 01:35:55.651 66277 INFO tempest.lib.common.rest_client [req-b6b3c509-a521-43f8-9af9-b40b430cb807 req-b6b3c509-a521-43f8-9af9-b40b430cb807 ] Request (VolumesGetTestJSON:tearDownClass): 204 DELETE http://10.180.1.21/networking/v2.0/security-groups/9e7c2a80-ec50-4ac3-ba8c-4af0e6b903d3 0.382s
2025-11-22 01:35:55.714 66277 INFO tempest.lib.common.rest_client [req-b3244d93-f9c0-4c3c-a3b9-3088dcf7e3d6 req-b3244d93-f9c0-4c3c-a3b9-3088dcf7e3d6 ] Request (VolumesGetTestJSON:tearDownClass): 204 DELETE http://10.180.1.21/identity/v3/projects/1bc7d41b0ce04e7ca0fe392656fabf43 0.063s
2025-11-22 01:35:55.718 66303 INFO tempest.lib.common.rest_client [req-9b29d14a-af52-4830-8a04-5d241c1e9073 req-9b29d14a-af52-4830-8a04-5d241c1e9073 ] Request (InstanceActionsV221TestJSON:test_get_list_deleted_instance_actions): 200 GET http://10.180.1.21/compute/v2.1/servers/d45fe9c6-d04a-4d65-baee-d190295debc5 0.981s
2025-11-22 01:35:55.765 66271 INFO tempest.lib.common.rest_client [req-71257b4e-34ab-4f01-88dd-354521f303c5 req-71257b4e-34ab-4f01-88dd-354521f303c5 ] Request (AttachInterfacesUnderV243Test:_run_cleanups): 200 GET http://10.180.1.21/compute/v2.1/servers/e643ac73-5f1b-4242-be78-663d1aa82ae2 1.028s
2025-11-22 01:35:55.877 66301 INFO tempest.lib.common.rest_client [req-5f598748-d855-4e90-9090-4eeb9e13c5a4 req-5f598748-d855-4e90-9090-4eeb9e13c5a4 ] Request (FlavorsExtraSpecsTestJSON:tearDownClass): 204 DELETE http://10.180.1.21/networking/v2.0/security-groups/7fec31f5-78bf-472a-b9fd-7b8ee303f3a2 0.315s
2025-11-22 01:35:55.987 66301 INFO tempest.lib.common.rest_client [req-3e263d6c-ae9b-42ae-9204-857f017f5c7d req-3e263d6c-ae9b-42ae-9204-857f017f5c7d ] Request (FlavorsExtraSpecsTestJSON:tearDownClass): 204 DELETE http://10.180.1.21/identity/v3/projects/c1af7f7951da4681a4da924fc64fd981 0.109s
2025-11-22 01:35:55.987 66301 INFO tempest.lib.common.dynamic_creds [-] Deleting project and security group for project: 0a57e6c7ba524599a97a4a74e62657ec
2025-11-22 01:35:56.079 66265 INFO tempest.lib.common.rest_client [req-8f0b7e96-78e4-4e17-987b-fcf0dbb0f27e req-8f0b7e96-78e4-4e17-987b-fcf0dbb0f27e ] Request (MigrationsAdminTest:test_resize_server_revert_deleted_flavor): 200 GET http://10.180.1.21/compute/v2.1/servers/be0024b2-0de9-4063-9d8f-c72050a98c30 1.198s
2025-11-22 01:35:56.086 66265 INFO tempest.common.waiters [-] State transition "RESIZE/resize_migrating" ==> "RESIZE/resize_migrated" after 40 second wait
2025-11-22 01:35:56.095 66279 INFO tempest.lib.common.rest_client [req-7bb35217-64f9-48b2-9401-a6fc616d2442 req-7bb35217-64f9-48b2-9401-a6fc616d2442 ] Request (ServerGroupTestJSON:test_create_delete_server_group_with_affinity_policy): 200 GET http://10.180.1.21/compute/v2.1/os-server-groups 1.197s
2025-11-22 01:35:56.133 66275 INFO tempest.lib.common.rest_client [req-96863556-8424-4cee-93c4-56643ca78755 req-96863556-8424-4cee-93c4-56643ca78755 ] Request (ImagesTestJSON:test_create_server_from_snapshot): 200 GET http://10.180.1.21/compute/v2.1/images/99d092e9-7b8c-442c-926a-a9af30d25910 1.221s
2025-11-22 01:35:56.182 66301 INFO tempest.lib.common.rest_client [req-5dc11366-91d5-40fa-8912-84b8c9396618 req-5dc11366-91d5-40fa-8912-84b8c9396618 ] Request (FlavorsExtraSpecsTestJSON:tearDownClass): 200 GET http://10.180.1.21/networking/v2.0/security-groups?tenant_id=0a57e6c7ba524599a97a4a74e62657ec&name=default 0.194s
2025-11-22 01:35:56.218 66261 INFO tempest.lib.common.rest_client [req-f0e75634-6bb1-4d84-b87e-4acd893506e9 req-f0e75634-6bb1-4d84-b87e-4acd893506e9 ] Request (ServersAdminTestJSON:_run_cleanups): 200 GET http://10.180.1.21/compute/v2.1/servers/f6250a21-25fe-43c8-b258-a8598789eedb 1.334s
2025-11-22 01:35:56.231 66319 INFO tempest.lib.common.rest_client [req-ee70f784-7a5b-47a5-aad0-f22e759f4fc3 req-ee70f784-7a5b-47a5-aad0-f22e759f4fc3 ] Request (ServerDiskConfigTestJSON:test_rebuild_server_with_manual_disk_config): 200 GET http://10.180.1.21/compute/v2.1/servers/940cfe5a-f24f-4f89-8efe-7103cf016b29 1.293s
2025-11-22 01:35:56.316 66301 INFO tempest.lib.common.rest_client [req-f3a48112-4335-4a7d-b4f6-fe7537509f90 req-f3a48112-4335-4a7d-b4f6-fe7537509f90 ] Request (FlavorsExtraSpecsTestJSON:tearDownClass): 204 DELETE http://10.180.1.21/networking/v2.0/security-groups/66582751-8b80-404c-898a-8f64076d9f5a 0.134s
2025-11-22 01:35:56.375 66313 INFO tempest.lib.common.rest_client [req-91c08f68-d6dc-4834-b54c-4333e26e1622 req-91c08f68-d6dc-4834-b54c-4333e26e1622 ] Request (SecurityGroupsTestJSON:test_server_security_groups): 200 GET http://10.180.1.21/compute/v2.1/servers/15f5b983-b8f5-4c2f-9656-b03f95c1cfc3 1.400s
2025-11-22 01:35:56.403 66290 INFO tempest.lib.common.rest_client [req-e2c2e6b7-5b5e-4435-a206-d75f23d7053d req-e2c2e6b7-5b5e-4435-a206-d75f23d7053d ] Request (ListServersNegativeTestJSON:setUpClass): 200 GET http://10.180.1.21/compute/v2.1/servers/397315bd-ca40-4a46-af82-1c0f2bae9f92 1.244s
2025-11-22 01:35:56.412 66290 INFO tempest.common.waiters [-] State transition "BUILD/networking" ==> "BUILD/spawning" after 27 second wait
2025-11-22 01:35:56.453 66305 INFO tempest.lib.common.rest_client [req-bc6a36d5-05e1-4e78-9b10-a7a464378a28 req-bc6a36d5-05e1-4e78-9b10-a7a464378a28 ] Request (ServerShowV257Test:tearDownClass): 200 GET http://10.180.1.21/compute/v2.1/servers/eafbe567-150c-4dd5-9d98-6729708d27f0 1.221s
2025-11-22 01:35:56.470 66321 INFO tempest.lib.common.rest_client [req-e1643625-f57f-4d43-92e6-165247d9a3f4 req-e1643625-f57f-4d43-92e6-165247d9a3f4 ] Request (ServersTestJSON:test_create_server_with_ipv6_addr_only): 200 GET http://10.180.1.21/compute/v2.1/servers/8414751e-090c-4082-8b39-db3a391d50f5 1.183s
2025-11-22 01:35:56.517 66301 INFO tempest.lib.common.rest_client [req-ead4beaf-fa94-4647-bba7-0d384eb60151 req-ead4beaf-fa94-4647-bba7-0d384eb60151 ] Request (FlavorsExtraSpecsTestJSON:tearDownClass): 204 DELETE http://10.180.1.21/identity/v3/projects/0a57e6c7ba524599a97a4a74e62657ec 0.200s
2025-11-22 01:35:56.586 66312 INFO tempest.lib.common.rest_client [req-1e96e79e-dc09-4688-86c2-2f1e367bf502 req-1e96e79e-dc09-4688-86c2-2f1e367bf502 ] Request (FloatingIPsAssociationTestJSON:tearDownClass): 200 GET http://10.180.1.21/compute/v2.1/servers/e7f6dd08-44c6-44d3-a6f8-307464c896cf 1.070s
2025-11-22 01:35:56.604 66317 INFO tempest.lib.common.rest_client [req-c6f5dd79-6873-4ae7-b9d6-f11758b7e546 req-c6f5dd79-6873-4ae7-b9d6-f11758b7e546 ] Request (MultipleCreateTestJSON:test_multiple_create_with_reservation_return): 200 GET http://10.180.1.21/compute/v2.1/servers/3379e7d6-e0ef-4aeb-bfe8-8d3edbcb292a 1.217s
2025-11-22 01:35:56.633 66301 INFO tempest.lib.common.rest_client [req-cc31d5ee-d69c-4884-b636-8f4875312fbc req-cc31d5ee-d69c-4884-b636-8f4875312fbc ] Request (QuotaClassesAdminTestJSON:setUpClass): 201 POST http://10.180.1.21/identity/v3/auth/tokens 0.114s
2025-11-22 01:35:56.669 66301 INFO tempest.lib.common.rest_client [req-c0cdb2d4-1c7d-43f8-9b18-3c302fd1826a req-c0cdb2d4-1c7d-43f8-9b18-3c302fd1826a ] Request (QuotaClassesAdminTestJSON:setUpClass): 201 POST http://10.180.1.21/identity/v3/auth/tokens 0.032s
2025-11-22 01:35:56.700 66291 INFO tempest.lib.common.rest_client [req-25b477b4-87fa-4b9e-9f19-e4fc5996b8c4 req-25b477b4-87fa-4b9e-9f19-e4fc5996b8c4 ] Request (ListServerFiltersTestJSON:setUpClass): 200 GET http://10.180.1.21/compute/v2.1/servers/114d9a8f-8581-46a9-8047-fe23e07470be 0.863s
2025-11-22 01:35:56.701 66301 INFO tempest.lib.common.rest_client [req-5efd6e7f-323f-4362-b212-f51213758609 req-5efd6e7f-323f-4362-b212-f51213758609 ] Request (QuotaClassesAdminTestJSON:setUpClass): 200 GET http://10.180.1.21/identity/v3/domains?name=Default 0.032s
2025-11-22 01:35:56.736 66301 INFO tempest.lib.common.rest_client [req-8f5df87e-b920-4a26-ba5a-8e145e415404 req-8f5df87e-b920-4a26-ba5a-8e145e415404 ] Request (QuotaClassesAdminTestJSON:setUpClass): 201 POST http://10.180.1.21/identity/v3/projects 0.034s
2025-11-22 01:35:56.789 66296 INFO tempest.lib.common.rest_client [req-f05da1d6-2daf-42f0-94f1-3b43e86526f2 req-f05da1d6-2daf-42f0-94f1-3b43e86526f2 ] Request (ServersTestMultiNic:_run_cleanups): 200 GET http://10.180.1.21/compute/v2.1/servers/c2e901f4-1a4c-4c55-8dae-2d91372970da 0.910s
2025-11-22 01:35:56.808 66301 INFO tempest.lib.common.rest_client [req-d6bd7e8d-435c-48fa-9684-77d146323503 req-d6bd7e8d-435c-48fa-9684-77d146323503 ] Request (QuotaClassesAdminTestJSON:setUpClass): 201 POST http://10.180.1.21/identity/v3/users 0.071s
2025-11-22 01:35:56.808 66297 INFO tempest.lib.common.rest_client [req-c4928bd4-bdd9-4659-a35d-f876ddd867f7 req-c4928bd4-bdd9-4659-a35d-f876ddd867f7 ] Request (ServerMetadataNegativeTestJSON:tearDownClass): 200 GET http://10.180.1.21/compute/v2.1/servers/f1605558-3b41-4ea4-91a4-f9583370c33c 0.813s
2025-11-22 01:35:56.837 66301 INFO tempest.lib.common.rest_client [req-774e6531-de9a-4bf2-826d-261653458486 req-774e6531-de9a-4bf2-826d-261653458486 ] Request (QuotaClassesAdminTestJSON:setUpClass): 200 GET http://10.180.1.21/identity/v3/roles 0.028s
2025-11-22 01:35:56.878 66301 INFO tempest.lib.common.rest_client [req-8be93c36-bd14-4e7c-96c5-6c92b1a4c617 req-8be93c36-bd14-4e7c-96c5-6c92b1a4c617 ] Request (QuotaClassesAdminTestJSON:setUpClass): 204 PUT http://10.180.1.21/identity/v3/projects/515d0df697a1418fbc20dcc3b4ba3a0c/users/5a679bd662254df1a78f7f98fdc0f7a4/roles/7927345b1f79467fb44a6c575d204232 0.040s
2025-11-22 01:35:56.878 66301 INFO tempest.lib.common.dynamic_creds [-] Dynamic test user 5a679bd662254df1a78f7f98fdc0f7a4 is created with scope project and roles: ['member']
2025-11-22 01:35:56.878 66301 INFO tempest.lib.common.dynamic_creds [-] Acquired dynamic creds: credentials: Credentials: {'domain_id': 'default', 'domain_name': 'Default', 'username': 'tempest-QuotaClassesAdminTestJSON-846664573-project-member', 'project_domain_id': 'default', 'project_domain_name': 'Default', 'project_id': '515d0df697a1418fbc20dcc3b4ba3a0c', 'project_name': 'tempest-QuotaClassesAdminTestJSON-846664573', 'tenant_id': '515d0df697a1418fbc20dcc3b4ba3a0c', 'tenant_name': 'tempest-QuotaClassesAdminTestJSON-846664573', 'user_domain_id': 'default', 'user_domain_name': 'Default', 'user_id': '5a679bd662254df1a78f7f98fdc0f7a4', 'system': None}, Network: None, Subnet: None, Router: None
2025-11-22 01:35:56.878 66301 INFO tempest.lib.common.dynamic_creds [-] Created isolated network resources for: credentials: Credentials: {'domain_id': 'default', 'domain_name': 'Default', 'username': 'tempest-QuotaClassesAdminTestJSON-846664573-project-member', 'project_domain_id': 'default', 'project_domain_name': 'Default', 'project_id': '515d0df697a1418fbc20dcc3b4ba3a0c', 'project_name': 'tempest-QuotaClassesAdminTestJSON-846664573', 'tenant_id': '515d0df697a1418fbc20dcc3b4ba3a0c', 'tenant_name': 'tempest-QuotaClassesAdminTestJSON-846664573', 'user_domain_id': 'default', 'user_domain_name': 'Default', 'user_id': '5a679bd662254df1a78f7f98fdc0f7a4', 'system': None}, Network: None, Subnet: None, Router: None
2025-11-22 01:35:56.887 66279 INFO tempest.lib.common.rest_client [req-1c0b8b4c-2d4f-476f-8082-9f846028411b req-1c0b8b4c-2d4f-476f-8082-9f846028411b ] Request (ServerGroupTestJSON:test_create_delete_server_group_with_anti_affinity_policy): 200 POST http://10.180.1.21/compute/v2.1/os-server-groups 0.789s
2025-11-22 01:35:56.944 66323 INFO tempest.lib.common.rest_client [req-95dbf190-1d9d-4462-85d0-ed9f2047b791 req-95dbf190-1d9d-4462-85d0-ed9f2047b791 ] Request (AttachInterfacesTestJSON:_run_cleanups): 200 GET http://10.180.1.21/compute/v2.1/servers/7423b238-de72-4240-8067-039cf6171722 0.636s
2025-11-22 01:35:56.961 66301 INFO tempest.lib.common.rest_client [req-2d514af7-8cab-44a3-b0d8-67da6d4105da req-2d514af7-8cab-44a3-b0d8-67da6d4105da ] Request (QuotaClassesAdminTestJSON:setUpClass): 201 POST http://10.180.1.21/identity/v3/auth/tokens 0.079s
2025-11-22 01:35:56.963 66283 INFO tempest.lib.common.rest_client [req-7173468d-e945-45b1-b004-52b33393f880 req-7173468d-e945-45b1-b004-52b33393f880 ] Request (ServersListShow298Test:test_list_show_update_rebuild_server_298): 200 GET http://10.180.1.21/compute/v2.1/servers/16a746b5-eec6-40d1-be26-1afa53569682 0.555s
2025-11-22 01:35:56.972 66283 INFO tempest.common.waiters [-] State transition "REBUILD/rebuilding" ==> "REBUILD/rebuild_block_device_mapping" after 1 second wait
2025-11-22 01:35:57.033 66303 INFO tempest.lib.common.rest_client [req-dab7d381-2c94-45f7-8aae-af0d6754351f req-dab7d381-2c94-45f7-8aae-af0d6754351f ] Request (InstanceActionsV221TestJSON:test_get_list_deleted_instance_actions): 200 GET http://10.180.1.21/compute/v2.1/servers/d45fe9c6-d04a-4d65-baee-d190295debc5 0.306s
2025-11-22 01:35:57.036 66271 INFO tempest.lib.common.rest_client [req-b7122fd8-3f62-4b42-ac45-b5564ffb0be3 req-b7122fd8-3f62-4b42-ac45-b5564ffb0be3 ] Request (AttachInterfacesUnderV243Test:_run_cleanups): 200 GET http://10.180.1.21/compute/v2.1/servers/e643ac73-5f1b-4242-be78-663d1aa82ae2 0.261s
2025-11-22 01:35:57.051 66301 INFO tempest.lib.common.rest_client [req-07933d8c-d3c4-419f-9409-4cb63dce2527 req-07933d8c-d3c4-419f-9409-4cb63dce2527 ] Request (QuotaClassesAdminTestJSON:setUpClass): 201 POST http://10.180.1.21/identity/v3/projects 0.089s
2025-11-22 01:35:57.057 66279 INFO tempest.lib.common.rest_client [req-fd2fb89e-fdc6-49fa-817a-1745d5e15074 req-fd2fb89e-fdc6-49fa-817a-1745d5e15074 ] Request (ServerGroupTestJSON:test_create_delete_server_group_with_anti_affinity_policy): 204 DELETE http://10.180.1.21/compute/v2.1/os-server-groups/f7472ca8-3197-48de-85fe-0e047cfe663a 0.169s
2025-11-22 01:35:57.079 66279 INFO tempest.lib.common.rest_client [req-fdfac238-c19a-4295-948b-a1cbc247639f req-fdfac238-c19a-4295-948b-a1cbc247639f ] Request (ServerGroupTestJSON:test_create_delete_server_group_with_anti_affinity_policy): 200 GET http://10.180.1.21/compute/v2.1/os-server-groups 0.021s
2025-11-22 01:35:57.156 66301 INFO tempest.lib.common.rest_client [req-0c3c8435-93cf-4351-8031-15dba301ed58 req-0c3c8435-93cf-4351-8031-15dba301ed58 ] Request (QuotaClassesAdminTestJSON:setUpClass): 201 POST http://10.180.1.21/identity/v3/users 0.105s
2025-11-22 01:35:57.163 66279 INFO tempest.lib.common.rest_client [req-5854403c-9360-4f00-9b02-7852c96dce7f req-5854403c-9360-4f00-9b02-7852c96dce7f ] Request (ServerGroupTestJSON:test_create_server_with_scheduler_hint_group): 201 POST http://10.180.1.21/identity/v3/auth/tokens 0.075s
2025-11-22 01:35:57.164 66279 INFO tempest.lib.common.fixed_network [-] (ServerGroupTestJSON:test_create_server_with_scheduler_hint_group) Found network {'id': 'e1b43406-a702-4b1d-a415-0125faa85b44', 'name': 'tempest-ServerGroupTestJSON-162166421-network', 'tenant_id': '7a6f35053c9540a4a36deae62f38fd23', 'project_id': '7a6f35053c9540a4a36deae62f38fd23', 'admin_state_up': True, 'mtu': 8950, 'status': 'ACTIVE', 'subnets': [], 'shared': False, 'port_security_enabled': True, 'router:external': False, 'provider:network_type': 'vlan', 'provider:physical_network': 'default', 'provider:segmentation_id': 630, 'availability_zone_hints': [], 'availability_zones': [], 'ipv4_address_scope': None, 'ipv6_address_scope': None, 'description': '', 'tags': [], 'created_at': '2025-11-22T01:35:44Z', 'updated_at': '2025-11-22T01:35:44Z', 'revision_number': 1} available for tenant
2025-11-22 01:35:57.185 66301 INFO tempest.lib.common.rest_client [req-d9eede7f-5d8f-455e-9c3b-4c1c17c39f9e req-d9eede7f-5d8f-455e-9c3b-4c1c17c39f9e ] Request (QuotaClassesAdminTestJSON:setUpClass): 200 GET http://10.180.1.21/identity/v3/roles 0.028s
2025-11-22 01:35:57.198 66275 INFO tempest.lib.common.rest_client [req-b41cb989-2acb-42c6-8fe9-7d8843900c92 req-b41cb989-2acb-42c6-8fe9-7d8843900c92 ] Request (ImagesTestJSON:test_create_server_from_snapshot): 200 GET http://10.180.1.21/compute/v2.1/images/99d092e9-7b8c-442c-926a-a9af30d25910 0.060s
2025-11-22 01:35:57.215 66301 INFO tempest.lib.common.rest_client [req-003342e7-ff74-4078-a5f5-25e55899558a req-003342e7-ff74-4078-a5f5-25e55899558a ] Request (QuotaClassesAdminTestJSON:setUpClass): 204 PUT http://10.180.1.21/identity/v3/projects/73a0dfdbb2ec452395fdd7ec6863c1c0/users/4ec320227bb646d7ba269c6e6eb1df78/roles/53d6602af9cd425fb00776ece26ab2a6 0.029s
2025-11-22 01:35:57.285 66301 INFO tempest.lib.common.rest_client [req-965f0c4f-c872-46fa-af13-e2ddfcec1531 req-965f0c4f-c872-46fa-af13-e2ddfcec1531 ] Request (QuotaClassesAdminTestJSON:setUpClass): 200 GET http://10.180.1.21/identity/v3/roles 0.070s
2025-11-22 01:35:57.303 66301 INFO tempest.lib.common.rest_client [req-97400a57-995f-4e2a-89b7-2e5215f92e50 req-97400a57-995f-4e2a-89b7-2e5215f92e50 ] Request (QuotaClassesAdminTestJSON:setUpClass): 204 PUT http://10.180.1.21/identity/v3/projects/73a0dfdbb2ec452395fdd7ec6863c1c0/users/4ec320227bb646d7ba269c6e6eb1df78/roles/53d6602af9cd425fb00776ece26ab2a6 0.018s
2025-11-22 01:35:57.304 66301 INFO tempest.lib.common.dynamic_creds [-] Dynamic test user 4ec320227bb646d7ba269c6e6eb1df78 is created with scope project and roles: ['admin']
2025-11-22 01:35:57.304 66301 INFO tempest.lib.common.dynamic_creds [-] Acquired dynamic creds: credentials: Credentials: {'domain_id': 'default', 'domain_name': 'Default', 'username': 'tempest-QuotaClassesAdminTestJSON-529580595-project-admin', 'project_domain_id': 'default', 'project_domain_name': 'Default', 'project_id': '73a0dfdbb2ec452395fdd7ec6863c1c0', 'project_name': 'tempest-QuotaClassesAdminTestJSON-529580595', 'tenant_id': '73a0dfdbb2ec452395fdd7ec6863c1c0', 'tenant_name': 'tempest-QuotaClassesAdminTestJSON-529580595', 'user_domain_id': 'default', 'user_domain_name': 'Default', 'user_id': '4ec320227bb646d7ba269c6e6eb1df78', 'system': None}, Network: None, Subnet: None, Router: None
2025-11-22 01:35:57.304 66301 INFO tempest.lib.common.dynamic_creds [-] Created isolated network resources for: credentials: Credentials: {'domain_id': 'default', 'domain_name': 'Default', 'username': 'tempest-QuotaClassesAdminTestJSON-529580595-project-admin', 'project_domain_id': 'default', 'project_domain_name': 'Default', 'project_id': '73a0dfdbb2ec452395fdd7ec6863c1c0', 'project_name': 'tempest-QuotaClassesAdminTestJSON-529580595', 'tenant_id': '73a0dfdbb2ec452395fdd7ec6863c1c0', 'tenant_name': 'tempest-QuotaClassesAdminTestJSON-529580595', 'user_domain_id': 'default', 'user_domain_name': 'Default', 'user_id': '4ec320227bb646d7ba269c6e6eb1df78', 'system': None}, Network: None, Subnet: None, Router: None
2025-11-22 01:35:57.386 66301 INFO tempest.lib.common.rest_client [req-6f1e161e-befa-4b96-b64c-6dffe6bccad8 req-6f1e161e-befa-4b96-b64c-6dffe6bccad8 ] Request (QuotaClassesAdminTestJSON:setUpClass): 201 POST http://10.180.1.21/identity/v3/auth/tokens 0.079s
2025-11-22 01:35:57.427 66265 INFO tempest.lib.common.rest_client [req-bf724096-b67d-46b1-b167-c222a9590654 req-bf724096-b67d-46b1-b167-c222a9590654 ] Request (MigrationsAdminTest:test_resize_server_revert_deleted_flavor): 200 GET http://10.180.1.21/compute/v2.1/servers/be0024b2-0de9-4063-9d8f-c72050a98c30 0.339s
2025-11-22 01:35:57.635 66261 INFO tempest.lib.common.rest_client [req-ed960142-4f21-44fe-b838-bbd18d7b49fa req-ed960142-4f21-44fe-b838-bbd18d7b49fa ] Request (ServersAdminTestJSON:_run_cleanups): 200 GET http://10.180.1.21/compute/v2.1/servers/f6250a21-25fe-43c8-b258-a8598789eedb 0.406s
2025-11-22 01:35:57.803 66319 INFO tempest.lib.common.rest_client [req-9ce0d51c-102f-4f00-99b4-b97fcb9b4281 req-9ce0d51c-102f-4f00-99b4-b97fcb9b4281 ] Request (ServerDiskConfigTestJSON:test_rebuild_server_with_manual_disk_config): 200 GET http://10.180.1.21/compute/v2.1/servers/940cfe5a-f24f-4f89-8efe-7103cf016b29 0.563s
2025-11-22 01:35:57.846 66279 INFO tempest.lib.common.rest_client [req-69d89dde-2bdc-4b28-8b25-45774b992e35 req-69d89dde-2bdc-4b28-8b25-45774b992e35 ] Request (ServerGroupTestJSON:test_create_server_with_scheduler_hint_group): 202 POST http://10.180.1.21/compute/v2.1/servers 0.681s
2025-11-22 01:35:57.936 66313 INFO tempest.lib.common.rest_client [req-0d5f2451-c1c1-4b52-8b97-697d31e3e2cd req-0d5f2451-c1c1-4b52-8b97-697d31e3e2cd ] Request (SecurityGroupsTestJSON:test_server_security_groups): 200 GET http://10.180.1.21/compute/v2.1/servers/15f5b983-b8f5-4c2f-9656-b03f95c1cfc3 0.553s
2025-11-22 01:35:57.959 66301 INFO tempest.lib.common.rest_client [req-e5258dd1-0aa3-4ef0-89ac-3b8b7a11b2c6 req-e5258dd1-0aa3-4ef0-89ac-3b8b7a11b2c6 ] Request (QuotaClassesAdminTestJSON:test_update_default_quotas): 200 GET http://10.180.1.21/compute/v2.1/os-quota-class-sets/default 0.571s
2025-11-22 01:35:58.167 66305 INFO tempest.lib.common.rest_client [req-7428e6d6-85bf-4dc1-9023-5c2984a036ae req-7428e6d6-85bf-4dc1-9023-5c2984a036ae ] Request (ServerShowV257Test:tearDownClass): 200 GET http://10.180.1.21/compute/v2.1/servers/eafbe567-150c-4dd5-9d98-6729708d27f0 0.701s
2025-11-22 01:35:58.190 66290 INFO tempest.lib.common.rest_client [req-55c4397c-ab30-4d87-b2c9-9487c8b2b2de req-55c4397c-ab30-4d87-b2c9-9487c8b2b2de ] Request (ListServersNegativeTestJSON:setUpClass): 200 GET http://10.180.1.21/compute/v2.1/servers/397315bd-ca40-4a46-af82-1c0f2bae9f92 0.777s
2025-11-22 01:35:58.259 66321 INFO tempest.lib.common.rest_client [req-df43ed61-98b9-4968-8349-c880ee67acd0 req-df43ed61-98b9-4968-8349-c880ee67acd0 ] Request (ServersTestJSON:test_create_server_with_ipv6_addr_only): 200 GET http://10.180.1.21/compute/v2.1/servers/8414751e-090c-4082-8b39-db3a391d50f5 0.778s
2025-11-22 01:35:58.321 66312 INFO tempest.lib.common.rest_client [req-ad40b724-cba8-4bf7-9110-cf584cf9ae4f req-ad40b724-cba8-4bf7-9110-cf584cf9ae4f ] Request (FloatingIPsAssociationTestJSON:tearDownClass): 200 GET http://10.180.1.21/compute/v2.1/servers/e7f6dd08-44c6-44d3-a6f8-307464c896cf 0.724s
2025-11-22 01:35:58.382 66317 INFO tempest.lib.common.rest_client [req-e26eeb38-1bff-4618-98e8-a455e10077c4 req-e26eeb38-1bff-4618-98e8-a455e10077c4 ] Request (MultipleCreateTestJSON:test_multiple_create_with_reservation_return): 200 GET http://10.180.1.21/compute/v2.1/servers/3379e7d6-e0ef-4aeb-bfe8-8d3edbcb292a 0.767s
2025-11-22 01:35:58.396 66291 INFO tempest.lib.common.rest_client [req-e113ee54-cd82-4991-85dc-67815f50b6f5 req-e113ee54-cd82-4991-85dc-67815f50b6f5 ] Request (ListServerFiltersTestJSON:setUpClass): 200 GET http://10.180.1.21/compute/v2.1/servers/114d9a8f-8581-46a9-8047-fe23e07470be 0.686s
2025-11-22 01:35:58.457 66296 INFO tempest.lib.common.rest_client [req-25509918-2f1a-4eda-aad6-2dd69a68d521 req-25509918-2f1a-4eda-aad6-2dd69a68d521 ] Request (ServersTestMultiNic:_run_cleanups): 200 GET http://10.180.1.21/compute/v2.1/servers/c2e901f4-1a4c-4c55-8dae-2d91372970da 0.656s
2025-11-22 01:35:58.464 66296 INFO tempest.common.waiters [-] State transition "ACTIVE/deleting" ==> "DELETED/None" after 4 second wait
2025-11-22 01:35:58.473 66297 INFO tempest.lib.common.rest_client [req-badfe6da-53cf-47cc-a507-b97e23cf43c9 req-badfe6da-53cf-47cc-a507-b97e23cf43c9 ] Request (ServerMetadataNegativeTestJSON:tearDownClass): 200 GET http://10.180.1.21/compute/v2.1/servers/f1605558-3b41-4ea4-91a4-f9583370c33c 0.648s
2025-11-22 01:35:58.505 66279 INFO tempest.lib.common.rest_client [req-44f2353b-0508-416a-b830-daee70dea600 req-44f2353b-0508-416a-b830-daee70dea600 ] Request (ServerGroupTestJSON:test_create_server_with_scheduler_hint_group): 200 GET http://10.180.1.21/compute/v2.1/servers/4fe42a7c-55b1-420e-90bf-fae9d586cf48 0.657s
2025-11-22 01:35:58.552 66323 INFO tempest.lib.common.rest_client [req-681505fb-b708-442a-a89a-a2263d6b8851 req-681505fb-b708-442a-a89a-a2263d6b8851 ] Request (AttachInterfacesTestJSON:_run_cleanups): 200 GET http://10.180.1.21/compute/v2.1/servers/7423b238-de72-4240-8067-039cf6171722 0.599s
2025-11-22 01:35:58.615 66283 INFO tempest.lib.common.rest_client [req-a25cb74d-3f94-4c62-8e5c-6227f4c5e74e req-a25cb74d-3f94-4c62-8e5c-6227f4c5e74e ] Request (ServersListShow298Test:test_list_show_update_rebuild_server_298): 200 GET http://10.180.1.21/compute/v2.1/servers/16a746b5-eec6-40d1-be26-1afa53569682 0.642s
2025-11-22 01:35:58.625 66283 INFO tempest.common.waiters [-] State transition "REBUILD/rebuild_block_device_mapping" ==> "REBUILD/rebuild_spawning" after 3 second wait
2025-11-22 01:35:58.649 66301 INFO tempest.lib.common.rest_client [req-9791ecfe-bbdb-4239-b0b4-46bbf7806221 req-9791ecfe-bbdb-4239-b0b4-46bbf7806221 ] Request (QuotaClassesAdminTestJSON:test_update_default_quotas): 200 PUT http://10.180.1.21/compute/v2.1/os-quota-class-sets/default 0.688s
2025-11-22 01:35:58.674 66303 INFO tempest.lib.common.rest_client [req-2e6ca427-085e-41da-b2d2-ddd7ae750d42 req-2e6ca427-085e-41da-b2d2-ddd7ae750d42 ] Request (InstanceActionsV221TestJSON:test_get_list_deleted_instance_actions): 200 GET http://10.180.1.21/compute/v2.1/servers/d45fe9c6-d04a-4d65-baee-d190295debc5 0.631s
2025-11-22 01:35:58.716 66275 INFO tempest.lib.common.rest_client [req-c35285c9-2896-4a9e-8052-3fb25b530bc7 req-c35285c9-2896-4a9e-8052-3fb25b530bc7 ] Request (ImagesTestJSON:test_create_server_from_snapshot): 200 GET http://10.180.1.21/compute/v2.1/images/99d092e9-7b8c-442c-926a-a9af30d25910 0.511s
2025-11-22 01:35:58.723 66271 INFO tempest.lib.common.rest_client [req-4b0d0b58-ac8f-4c5b-9d6a-463ea41576a0 req-4b0d0b58-ac8f-4c5b-9d6a-463ea41576a0 ] Request (AttachInterfacesUnderV243Test:_run_cleanups): 200 GET http://10.180.1.21/compute/v2.1/servers/e643ac73-5f1b-4242-be78-663d1aa82ae2 0.676s
2025-11-22 01:35:58.874 66261 INFO tempest.lib.common.rest_client [req-d7fec926-29f9-4456-a34a-2177ee04abd4 req-d7fec926-29f9-4456-a34a-2177ee04abd4 ] Request (ServersAdminTestJSON:_run_cleanups): 200 GET http://10.180.1.21/compute/v2.1/servers/f6250a21-25fe-43c8-b258-a8598789eedb 0.229s
2025-11-22 01:35:58.884 66261 INFO tempest.common.waiters [-] State transition "REBUILD/rebuild_spawning" ==> "ACTIVE/None" after 7 second wait
2025-11-22 01:35:58.886 66301 INFO tempest.lib.common.rest_client [req-43c11887-323b-4a0e-a790-0521a16ff64d req-43c11887-323b-4a0e-a790-0521a16ff64d ] Request (QuotaClassesAdminTestJSON:test_update_default_quotas): 200 GET http://10.180.1.21/compute/v2.1/os-quota-class-sets/default 0.235s
2025-11-22 01:35:58.904 66265 INFO tempest.lib.common.rest_client [req-eae2e8c3-b424-43e5-beb3-64689a72b1df req-eae2e8c3-b424-43e5-beb3-64689a72b1df ] Request (MigrationsAdminTest:test_resize_server_revert_deleted_flavor): 200 GET http://10.180.1.21/compute/v2.1/servers/be0024b2-0de9-4063-9d8f-c72050a98c30 0.469s
2025-11-22 01:35:58.913 66265 INFO tempest.common.waiters [-] State transition "RESIZE/resize_migrated" ==> "RESIZE/resize_finish" after 42 second wait
2025-11-22 01:35:58.951 66319 INFO tempest.lib.common.rest_client [req-13b477d9-7d6b-4962-8878-fff61c210d02 req-13b477d9-7d6b-4962-8878-fff61c210d02 ] Request (ServerDiskConfigTestJSON:test_rebuild_server_with_manual_disk_config): 200 GET http://10.180.1.21/compute/v2.1/servers/940cfe5a-f24f-4f89-8efe-7103cf016b29 0.138s
2025-11-22 01:35:59.001 66261 INFO tempest.lib.common.rest_client [req-fcddca7c-22c1-4ff0-9476-1caeb707549c req-fcddca7c-22c1-4ff0-9476-1caeb707549c ] Request (ServersAdminTestJSON:test_reset_state_server): 202 POST http://10.180.1.21/compute/v2.1/servers/f6250a21-25fe-43c8-b258-a8598789eedb/action 0.115s
2025-11-22 01:35:59.051 66301 INFO tempest.lib.common.rest_client [req-fce764a7-afe1-4fb4-ada3-4e9e751bf5fb req-fce764a7-afe1-4fb4-ada3-4e9e751bf5fb ] Request (QuotaClassesAdminTestJSON:_run_cleanups): 200 PUT http://10.180.1.21/compute/v2.1/os-quota-class-sets/default 0.162s
2025-11-22 01:35:59.109 66313 INFO tempest.lib.common.rest_client [req-a9ac7c93-3860-4614-baa4-95a51e83338a req-a9ac7c93-3860-4614-baa4-95a51e83338a ] Request (SecurityGroupsTestJSON:test_server_security_groups): 200 GET http://10.180.1.21/compute/v2.1/servers/15f5b983-b8f5-4c2f-9656-b03f95c1cfc3 0.157s
2025-11-22 01:35:59.262 66261 INFO tempest.lib.common.rest_client [req-dc74d83c-12c2-4ea4-8e15-7d4b19fe1ac3 req-dc74d83c-12c2-4ea4-8e15-7d4b19fe1ac3 ] Request (ServersAdminTestJSON:test_reset_state_server): 200 GET http://10.180.1.21/compute/v2.1/servers/f6250a21-25fe-43c8-b258-a8598789eedb 0.260s
2025-11-22 01:35:59.262 66301 INFO tempest.lib.common.rest_client [req-f5f5fb9c-27ea-4418-a539-c092a379def0 req-f5f5fb9c-27ea-4418-a539-c092a379def0 ] Request (QuotaClassesAdminTestJSON:tearDownClass): 204 DELETE http://10.180.1.21/identity/v3/users/5a679bd662254df1a78f7f98fdc0f7a4 0.205s
2025-11-22 01:35:59.281 66305 INFO tempest.lib.common.rest_client [req-2947be99-66d9-4179-80fd-109514a07c4d req-2947be99-66d9-4179-80fd-109514a07c4d ] Request (ServerShowV257Test:tearDownClass): 200 GET http://10.180.1.21/compute/v2.1/servers/eafbe567-150c-4dd5-9d98-6729708d27f0 0.103s
2025-11-22 01:35:59.341 66321 INFO tempest.lib.common.rest_client [req-fa3a8b5f-7d9a-4706-9ced-633a4b1a75c6 req-fa3a8b5f-7d9a-4706-9ced-633a4b1a75c6 ] Request (ServersTestJSON:test_create_server_with_ipv6_addr_only): 200 GET http://10.180.1.21/compute/v2.1/servers/8414751e-090c-4082-8b39-db3a391d50f5 0.071s
2025-11-22 01:35:59.371 66301 INFO tempest.lib.common.rest_client [req-b564e945-666a-4f7c-b169-5e62be115a55 req-b564e945-666a-4f7c-b169-5e62be115a55 ] Request (QuotaClassesAdminTestJSON:tearDownClass): 204 DELETE http://10.180.1.21/identity/v3/users/4ec320227bb646d7ba269c6e6eb1df78 0.108s
2025-11-22 01:35:59.371 66301 INFO tempest.lib.common.dynamic_creds [-] Deleting project and security group for project: 515d0df697a1418fbc20dcc3b4ba3a0c
2025-11-22 01:35:59.401 66290 INFO tempest.lib.common.rest_client [req-81d23868-34b8-44fd-a0bd-31cc2e2c29ee req-81d23868-34b8-44fd-a0bd-31cc2e2c29ee ] Request (ListServersNegativeTestJSON:setUpClass): 200 GET http://10.180.1.21/compute/v2.1/servers/397315bd-ca40-4a46-af82-1c0f2bae9f92 0.201s
2025-11-22 01:35:59.410 66261 INFO tempest.lib.common.rest_client [req-d8a6215f-988e-4b9c-8b13-d3e3bcce07f0 req-d8a6215f-988e-4b9c-8b13-d3e3bcce07f0 ] Request (ServersAdminTestJSON:test_reset_state_server): 202 POST http://10.180.1.21/compute/v2.1/servers/f6250a21-25fe-43c8-b258-a8598789eedb/action 0.137s
2025-11-22 01:35:59.434 66301 INFO tempest.lib.common.rest_client [req-8032d639-fb39-4c8f-85c8-3d379f14b79a req-8032d639-fb39-4c8f-85c8-3d379f14b79a ] Request (QuotaClassesAdminTestJSON:tearDownClass): 201 POST http://10.180.1.21/identity/v3/auth/tokens 0.062s
2025-11-22 01:35:59.459 66317 INFO tempest.lib.common.rest_client [req-e3aa4539-3d1b-42ba-affc-a4c8b15964ab req-e3aa4539-3d1b-42ba-affc-a4c8b15964ab ] Request (MultipleCreateTestJSON:test_multiple_create_with_reservation_return): 200 GET http://10.180.1.21/compute/v2.1/servers/3379e7d6-e0ef-4aeb-bfe8-8d3edbcb292a 0.067s
2025-11-22 01:35:59.473 66312 INFO tempest.lib.common.rest_client [req-4991195b-ec41-4781-ad72-d6214001c218 req-4991195b-ec41-4781-ad72-d6214001c218 ] Request (FloatingIPsAssociationTestJSON:tearDownClass): 200 GET http://10.180.1.21/compute/v2.1/servers/e7f6dd08-44c6-44d3-a6f8-307464c896cf 0.141s
2025-11-22 01:35:59.508 66291 INFO tempest.lib.common.rest_client [req-b73d03b3-84dc-44e8-97f8-a565ac637712 req-b73d03b3-84dc-44e8-97f8-a565ac637712 ] Request (ListServerFiltersTestJSON:setUpClass): 200 GET http://10.180.1.21/compute/v2.1/servers/114d9a8f-8581-46a9-8047-fe23e07470be 0.105s
2025-11-22 01:35:59.564 66261 INFO tempest.lib.common.rest_client [req-16a5d3d5-c1f9-4480-846c-55bbfb32c0ac req-16a5d3d5-c1f9-4480-846c-55bbfb32c0ac ] Request (ServersAdminTestJSON:test_reset_state_server): 200 GET http://10.180.1.21/compute/v2.1/servers/f6250a21-25fe-43c8-b258-a8598789eedb 0.153s
2025-11-22 01:35:59.580 66296 INFO tempest.lib.common.rest_client [req-c503d713-e6e7-48d8-967e-181d1f72cae0 req-c503d713-e6e7-48d8-967e-181d1f72cae0 ] Request (ServersTestMultiNic:_run_cleanups): 200 GET http://10.180.1.21/compute/v2.1/servers/c2e901f4-1a4c-4c55-8dae-2d91372970da 0.114s
2025-11-22 01:35:59.584 66301 INFO tempest.lib.common.rest_client [req-4d97a0af-beb8-45ee-930a-ea907ec76f5d req-4d97a0af-beb8-45ee-930a-ea907ec76f5d ] Request (QuotaClassesAdminTestJSON:tearDownClass): 200 GET http://10.180.1.21/networking/v2.0/security-groups?tenant_id=515d0df697a1418fbc20dcc3b4ba3a0c&name=default 0.150s
2025-11-22 01:35:59.622 66297 INFO tempest.lib.common.rest_client [req-d62c4b48-fe33-444e-87e2-16a8f4d31d56 req-d62c4b48-fe33-444e-87e2-16a8f4d31d56 ] Request (ServerMetadataNegativeTestJSON:tearDownClass): 200 GET http://10.180.1.21/compute/v2.1/servers/f1605558-3b41-4ea4-91a4-f9583370c33c 0.141s
2025-11-22 01:35:59.638 66279 INFO tempest.lib.common.rest_client [req-a612dd5d-8542-4b55-b0d9-ed67afda8517 req-a612dd5d-8542-4b55-b0d9-ed67afda8517 ] Request (ServerGroupTestJSON:test_create_server_with_scheduler_hint_group): 200 GET http://10.180.1.21/compute/v2.1/servers/4fe42a7c-55b1-420e-90bf-fae9d586cf48 0.124s
2025-11-22 01:35:59.675 66301 INFO tempest.lib.common.rest_client [req-c51667a0-fe21-4d9d-b4ea-7610baba3c09 req-c51667a0-fe21-4d9d-b4ea-7610baba3c09 ] Request (QuotaClassesAdminTestJSON:tearDownClass): 204 DELETE http://10.180.1.21/networking/v2.0/security-groups/423a55f5-966e-4bf1-8b85-67267bff62a7 0.090s
2025-11-22 01:35:59.691 66323 INFO tempest.lib.common.rest_client [req-c977c624-5c69-4f52-8927-593caaad9f8e req-c977c624-5c69-4f52-8927-593caaad9f8e ] Request (AttachInterfacesTestJSON:_run_cleanups): 200 GET http://10.180.1.21/compute/v2.1/servers/7423b238-de72-4240-8067-039cf6171722 0.130s
2025-11-22 01:35:59.754 66261 INFO tempest.lib.common.rest_client [req-7704c232-3893-48f3-908d-90aec96a3e0e req-7704c232-3893-48f3-908d-90aec96a3e0e ] Request (ServersAdminTestJSON:tearDownClass): 204 DELETE http://10.180.1.21/compute/v2.1/servers/e7370764-1001-4241-96af-0d5cacfd273c 0.181s
2025-11-22 01:35:59.767 66301 INFO tempest.lib.common.rest_client [req-4b16af0c-80e6-44cf-b320-1170de293e45 req-4b16af0c-80e6-44cf-b320-1170de293e45 ] Request (QuotaClassesAdminTestJSON:tearDownClass): 204 DELETE http://10.180.1.21/identity/v3/projects/515d0df697a1418fbc20dcc3b4ba3a0c 0.092s
2025-11-22 01:35:59.767 66301 INFO tempest.lib.common.dynamic_creds [-] Deleting project and security group for project: 73a0dfdbb2ec452395fdd7ec6863c1c0
2025-11-22 01:35:59.785 66283 INFO tempest.lib.common.rest_client [req-c96011b7-9d48-443f-8e5e-a21a5be6b352 req-c96011b7-9d48-443f-8e5e-a21a5be6b352 ] Request (ServersListShow298Test:test_list_show_update_rebuild_server_298): 200 GET http://10.180.1.21/compute/v2.1/servers/16a746b5-eec6-40d1-be26-1afa53569682 0.160s
2025-11-22 01:35:59.809 66263 WARNING tempest.lib.common.ssh [-] Failed to establish authenticated ssh connection to cirros@10.180.180.175 ([Errno None] Unable to connect to port 22 on 10.180.180.175). Number attempts: 7. Retry after 8 seconds.: paramiko.ssh_exception.NoValidConnectionsError: [Errno None] Unable to connect to port 22 on 10.180.180.175
2025-11-22 01:35:59.827 66275 INFO tempest.lib.common.rest_client [req-e8210e9c-632b-4259-824e-a92e561344d1 req-e8210e9c-632b-4259-824e-a92e561344d1 ] Request (ImagesTestJSON:test_create_server_from_snapshot): 200 GET http://10.180.1.21/compute/v2.1/images/99d092e9-7b8c-442c-926a-a9af30d25910 0.105s
2025-11-22 01:35:59.849 66303 INFO tempest.lib.common.rest_client [req-8f0d19f1-74fa-439e-94f0-3e8e9564de55 req-8f0d19f1-74fa-439e-94f0-3e8e9564de55 ] Request (InstanceActionsV221TestJSON:test_get_list_deleted_instance_actions): 200 GET http://10.180.1.21/compute/v2.1/servers/d45fe9c6-d04a-4d65-baee-d190295debc5 0.164s
2025-11-22 01:35:59.910 66301 INFO tempest.lib.common.rest_client [req-4956762b-bcdc-4a95-8ae0-f55c6056f5d3 req-4956762b-bcdc-4a95-8ae0-f55c6056f5d3 ] Request (QuotaClassesAdminTestJSON:tearDownClass): 200 GET http://10.180.1.21/networking/v2.0/security-groups?tenant_id=73a0dfdbb2ec452395fdd7ec6863c1c0&name=default 0.143s
2025-11-22 01:35:59.912 66271 INFO tempest.lib.common.rest_client [req-5ff9b713-3e59-4170-b24d-7dd31126f05a req-5ff9b713-3e59-4170-b24d-7dd31126f05a ] Request (AttachInterfacesUnderV243Test:_run_cleanups): 200 GET http://10.180.1.21/compute/v2.1/servers/e643ac73-5f1b-4242-be78-663d1aa82ae2 0.179s
2025-11-22 01:36:00.004 66261 INFO tempest.lib.common.rest_client [req-db2a92a8-aa16-4c21-9a2d-41fba5b2fc86 req-db2a92a8-aa16-4c21-9a2d-41fba5b2fc86 ] Request (ServersAdminTestJSON:tearDownClass): 200 GET http://10.180.1.21/compute/v2.1/servers/e7370764-1001-4241-96af-0d5cacfd273c 0.249s
2025-11-22 01:36:00.083 66301 INFO tempest.lib.common.rest_client [req-5b6c14de-2d9b-4106-95dc-4eba2854c780 req-5b6c14de-2d9b-4106-95dc-4eba2854c780 ] Request (QuotaClassesAdminTestJSON:tearDownClass): 204 DELETE http://10.180.1.21/networking/v2.0/security-groups/758d6fa3-9b18-466b-ab29-6151584369e8 0.172s
2025-11-22 01:36:00.117 66319 INFO tempest.lib.common.rest_client [req-f9658e11-2a08-4c92-a89e-1b9ee687d243 req-f9658e11-2a08-4c92-a89e-1b9ee687d243 ] Request (ServerDiskConfigTestJSON:test_rebuild_server_with_manual_disk_config): 200 GET http://10.180.1.21/compute/v2.1/servers/940cfe5a-f24f-4f89-8efe-7103cf016b29 0.156s
2025-11-22 01:36:00.151 66265 INFO tempest.lib.common.rest_client [req-be1bc0b9-2187-43eb-b71c-3bd8fb4657b9 req-be1bc0b9-2187-43eb-b71c-3bd8fb4657b9 ] Request (MigrationsAdminTest:test_resize_server_revert_deleted_flavor): 200 GET http://10.180.1.21/compute/v2.1/servers/be0024b2-0de9-4063-9d8f-c72050a98c30 0.235s
2025-11-22 01:36:00.208 66313 INFO tempest.lib.common.rest_client [req-8529f742-8439-4b11-98ed-f58745d5d4b9 req-8529f742-8439-4b11-98ed-f58745d5d4b9 ] Request (SecurityGroupsTestJSON:test_server_security_groups): 200 GET http://10.180.1.21/compute/v2.1/servers/15f5b983-b8f5-4c2f-9656-b03f95c1cfc3 0.089s
2025-11-22 01:36:00.223 66301 INFO tempest.lib.common.rest_client [req-05470c3d-4985-4bd0-a3f1-05f585b45fb4 req-05470c3d-4985-4bd0-a3f1-05f585b45fb4 ] Request (QuotaClassesAdminTestJSON:tearDownClass): 204 DELETE http://10.180.1.21/identity/v3/projects/73a0dfdbb2ec452395fdd7ec6863c1c0 0.139s
2025-11-22 01:36:00.294 66301 INFO tempest.lib.common.rest_client [req-9e82ba4a-ee49-4a60-8000-a42535c3a060 req-9e82ba4a-ee49-4a60-8000-a42535c3a060 ] Request (ListImageFiltersTestJSON:setUpClass): 201 POST http://10.180.1.21/identity/v3/auth/tokens 0.068s
2025-11-22 01:36:00.329 66301 INFO tempest.lib.common.rest_client [req-e31c2f2f-e8cb-4bf2-abf2-39ba676e6ef2 req-e31c2f2f-e8cb-4bf2-abf2-39ba676e6ef2 ] Request (ListImageFiltersTestJSON:setUpClass): 201 POST http://10.180.1.21/identity/v3/auth/tokens 0.032s
2025-11-22 01:36:00.363 66301 INFO tempest.lib.common.rest_client [req-87198732-71e5-4289-93b1-088ca2dfc061 req-87198732-71e5-4289-93b1-088ca2dfc061 ] Request (ListImageFiltersTestJSON:setUpClass): 200 GET http://10.180.1.21/identity/v3/domains?name=Default 0.034s
2025-11-22 01:36:00.366 66305 INFO tempest.lib.common.rest_client [req-3e4e8dfe-b70f-4a3f-8508-6c02d92d2d14 req-3e4e8dfe-b70f-4a3f-8508-6c02d92d2d14 ] Request (ServerShowV257Test:tearDownClass): 200 GET http://10.180.1.21/compute/v2.1/servers/eafbe567-150c-4dd5-9d98-6729708d27f0 0.072s
2025-11-22 01:36:00.390 66301 INFO tempest.lib.common.rest_client [req-76f9471d-4a3d-487a-b29a-cd2beb9af375 req-76f9471d-4a3d-487a-b29a-cd2beb9af375 ] Request (ListImageFiltersTestJSON:setUpClass): 201 POST http://10.180.1.21/identity/v3/projects 0.027s
2025-11-22 01:36:00.414 66321 INFO tempest.lib.common.rest_client [req-f9838720-5536-42d2-88d4-3715f8bc393a req-f9838720-5536-42d2-88d4-3715f8bc393a ] Request (ServersTestJSON:test_create_server_with_ipv6_addr_only): 200 GET http://10.180.1.21/compute/v2.1/servers/8414751e-090c-4082-8b39-db3a391d50f5 0.063s
2025-11-22 01:36:00.454 66301 INFO tempest.lib.common.rest_client [req-1e8dc729-501b-4722-b15e-9f7eb90b06af req-1e8dc729-501b-4722-b15e-9f7eb90b06af ] Request (ListImageFiltersTestJSON:setUpClass): 201 POST http://10.180.1.21/identity/v3/users 0.063s
2025-11-22 01:36:00.478 66301 INFO tempest.lib.common.rest_client [req-db8c4205-dc68-4d16-9bf7-6628a50d9959 req-db8c4205-dc68-4d16-9bf7-6628a50d9959 ] Request (ListImageFiltersTestJSON:setUpClass): 200 GET http://10.180.1.21/identity/v3/roles 0.023s
2025-11-22 01:36:00.510 66290 INFO tempest.lib.common.rest_client [req-80525a48-3154-4b4f-93c2-556f2f0c5963 req-80525a48-3154-4b4f-93c2-556f2f0c5963 ] Request (ListServersNegativeTestJSON:setUpClass): 200 GET http://10.180.1.21/compute/v2.1/servers/397315bd-ca40-4a46-af82-1c0f2bae9f92 0.101s
2025-11-22 01:36:00.510 66301 INFO tempest.lib.common.rest_client [req-880aabdc-7bf8-4d43-93c7-06b048b30348 req-880aabdc-7bf8-4d43-93c7-06b048b30348 ] Request (ListImageFiltersTestJSON:setUpClass): 204 PUT http://10.180.1.21/identity/v3/projects/0927d4be89f34ab09449edc63218a88d/users/935ad419c27e488c882476f66be5ffea/roles/7927345b1f79467fb44a6c575d204232 0.031s
2025-11-22 01:36:00.511 66301 INFO tempest.lib.common.dynamic_creds [-] Dynamic test user 935ad419c27e488c882476f66be5ffea is created with scope project and roles: ['member']
2025-11-22 01:36:00.511 66301 INFO tempest.lib.common.dynamic_creds [-] Acquired dynamic creds: credentials: Credentials: {'domain_id': 'default', 'domain_name': 'Default', 'username': 'tempest-ListImageFiltersTestJSON-490900830-project-member', 'project_domain_id': 'default', 'project_domain_name': 'Default', 'project_id': '0927d4be89f34ab09449edc63218a88d', 'project_name': 'tempest-ListImageFiltersTestJSON-490900830', 'tenant_id': '0927d4be89f34ab09449edc63218a88d', 'tenant_name': 'tempest-ListImageFiltersTestJSON-490900830', 'user_domain_id': 'default', 'user_domain_name': 'Default', 'user_id': '935ad419c27e488c882476f66be5ffea', 'system': None}, Network: None, Subnet: None, Router: None
2025-11-22 01:36:00.511 66301 INFO tempest.lib.common.dynamic_creds [-] Created isolated network resources for: credentials: Credentials: {'domain_id': 'default', 'domain_name': 'Default', 'username': 'tempest-ListImageFiltersTestJSON-490900830-project-member', 'project_domain_id': 'default', 'project_domain_name': 'Default', 'project_id': '0927d4be89f34ab09449edc63218a88d', 'project_name': 'tempest-ListImageFiltersTestJSON-490900830', 'tenant_id': '0927d4be89f34ab09449edc63218a88d', 'tenant_name': 'tempest-ListImageFiltersTestJSON-490900830', 'user_domain_id': 'default', 'user_domain_name': 'Default', 'user_id': '935ad419c27e488c882476f66be5ffea', 'system': None}, Network: None, Subnet: None, Router: None
2025-11-22 01:36:00.527 66317 INFO tempest.lib.common.rest_client [req-b8bdf0f2-f6b0-4c04-ba8b-9872488a2517 req-b8bdf0f2-f6b0-4c04-ba8b-9872488a2517 ] Request (MultipleCreateTestJSON:test_multiple_create_with_reservation_return): 200 GET http://10.180.1.21/compute/v2.1/servers/3379e7d6-e0ef-4aeb-bfe8-8d3edbcb292a 0.060s
2025-11-22 01:36:00.584 66312 INFO tempest.lib.common.rest_client [req-7f1f2dbc-9915-473b-a0c4-cfb9cb62671c req-7f1f2dbc-9915-473b-a0c4-cfb9cb62671c ] Request (FloatingIPsAssociationTestJSON:tearDownClass): 200 GET http://10.180.1.21/compute/v2.1/servers/e7f6dd08-44c6-44d3-a6f8-307464c896cf 0.101s
2025-11-22 01:36:00.594 66291 INFO tempest.lib.common.rest_client [req-60b46b4f-39b0-4657-bcb0-fe86b5f8e95b req-60b46b4f-39b0-4657-bcb0-fe86b5f8e95b ] Request (ListServerFiltersTestJSON:setUpClass): 200 GET http://10.180.1.21/compute/v2.1/servers/114d9a8f-8581-46a9-8047-fe23e07470be 0.077s
2025-11-22 01:36:00.596 66301 INFO tempest.lib.common.rest_client [req-27fbe863-c0d3-4fc0-aa83-643cc5b6fbf3 req-27fbe863-c0d3-4fc0-aa83-643cc5b6fbf3 ] Request (ListImageFiltersTestJSON:setUpClass): 201 POST http://10.180.1.21/identity/v3/auth/tokens 0.082s
2025-11-22 01:36:00.652 66296 INFO tempest.lib.common.rest_client [req-c81415c3-6dcd-4caf-811a-3c1c0c60fa0a req-c81415c3-6dcd-4caf-811a-3c1c0c60fa0a ] Request (ServersTestMultiNic:_run_cleanups): 200 GET http://10.180.1.21/compute/v2.1/servers/c2e901f4-1a4c-4c55-8dae-2d91372970da 0.064s
2025-11-22 01:36:00.696 66297 INFO tempest.lib.common.rest_client [req-8d0e838f-b94f-4761-9119-66487b19f681 req-8d0e838f-b94f-4761-9119-66487b19f681 ] Request (ServerMetadataNegativeTestJSON:tearDownClass): 200 GET http://10.180.1.21/compute/v2.1/servers/f1605558-3b41-4ea4-91a4-f9583370c33c 0.065s
2025-11-22 01:36:00.704 66279 INFO tempest.lib.common.rest_client [req-008b66c5-c75b-4a41-ad58-a435b1819c7c req-008b66c5-c75b-4a41-ad58-a435b1819c7c ] Request (ServerGroupTestJSON:test_create_server_with_scheduler_hint_group): 200 GET http://10.180.1.21/compute/v2.1/servers/4fe42a7c-55b1-420e-90bf-fae9d586cf48 0.051s
2025-11-22 01:36:00.762 66323 INFO tempest.lib.common.rest_client [req-3af869e4-9b9a-4fde-8639-5eb7f75a227b req-3af869e4-9b9a-4fde-8639-5eb7f75a227b ] Request (AttachInterfacesTestJSON:_run_cleanups): 200 GET http://10.180.1.21/compute/v2.1/servers/7423b238-de72-4240-8067-039cf6171722 0.060s
2025-11-22 01:36:00.868 66283 INFO tempest.lib.common.rest_client [req-9bd04df5-e783-48b0-8970-ac7ff35c6027 req-9bd04df5-e783-48b0-8970-ac7ff35c6027 ] Request (ServersListShow298Test:test_list_show_update_rebuild_server_298): 200 GET http://10.180.1.21/compute/v2.1/servers/16a746b5-eec6-40d1-be26-1afa53569682 0.069s
2025-11-22 01:36:00.873 66275 INFO tempest.lib.common.rest_client [req-ce8fa810-741b-4496-a3c5-cdaa73bdd702 req-ce8fa810-741b-4496-a3c5-cdaa73bdd702 ] Request (ImagesTestJSON:test_create_server_from_snapshot): 200 GET http://10.180.1.21/compute/v2.1/images/99d092e9-7b8c-442c-926a-a9af30d25910 0.041s
2025-11-22 01:36:00.912 66275 INFO tempest.lib.common.rest_client [req-7404d657-8273-450e-b6b0-7fc28b485c6a req-7404d657-8273-450e-b6b0-7fc28b485c6a ] Request (ImagesTestJSON:test_create_server_from_snapshot): 200 GET http://10.180.1.21/compute/v2.1/images/99d092e9-7b8c-442c-926a-a9af30d25910 0.036s
2025-11-22 01:36:00.926 66303 INFO tempest.lib.common.rest_client [req-1c82c41a-90be-49a9-b2e0-1893025319da req-1c82c41a-90be-49a9-b2e0-1893025319da ] Request (InstanceActionsV221TestJSON:test_get_list_deleted_instance_actions): 200 GET http://10.180.1.21/compute/v2.1/servers/d45fe9c6-d04a-4d65-baee-d190295debc5 0.063s
2025-11-22 01:36:00.987 66275 INFO tempest.lib.common.rest_client [req-ba3ef517-370b-47bc-8245-a883fd70cfdc req-ba3ef517-370b-47bc-8245-a883fd70cfdc ] Request (ImagesTestJSON:test_create_server_from_snapshot): 201 POST http://10.180.1.21/identity/v3/auth/tokens 0.066s
