2025-11-22 00:04:37.969 67828 INFO tempest.lib.common.rest_client [req-5d1b99e5-4861-43b9-b5e3-53c6d13a5757 req-5d1b99e5-4861-43b9-b5e3-53c6d13a5757 ] Request (MigrationsAdminTest:test_list_migrations_in_flavor_resize_situation): 200 GET http://10.180.1.21/compute/v2.1/servers/c092d9f0-8d96-47e9-a11e-14bec095bf29 1.381s
2025-11-22 00:04:37.995 67791 INFO tempest.lib.common.rest_client [req-26e98e23-f796-41b8-8b69-f67f57e9d13a req-26e98e23-f796-41b8-8b69-f67f57e9d13a ] Request (FlavorsAdminTestJSON:test_is_public_string_variations): 200 GET http://10.180.1.21/compute/v2.1/flavors/detail?is_public=true 1.327s
2025-11-22 00:04:38.042 67781 INFO tempest.lib.common.rest_client [req-01f3ecbb-69fe-4a01-8f53-fd7c47faff8c req-01f3ecbb-69fe-4a01-8f53-fd7c47faff8c ] Request (QuotasTestJSON:tearDownClass): 204 DELETE http://10.180.1.21/identity/v3/projects/787ccd6e8d5f4f64af0c000d21ea4da5 0.118s
2025-11-22 00:04:38.084 67785 INFO tempest.lib.common.rest_client [req-31ed0152-f8d2-4520-99d1-2cd8aca62b24 req-31ed0152-f8d2-4520-99d1-2cd8aca62b24 ] Request (SecurityGroupsTestAdminJSON:test_list_security_groups_list_all_tenants_filter): 200 POST http://10.180.1.21/compute/v2.1/os-security-groups 1.441s
2025-11-22 00:04:38.109 67777 INFO tempest.lib.common.rest_client [req-454f4a7a-e65c-4265-a472-19a2dd4161ca req-454f4a7a-e65c-4265-a472-19a2dd4161ca ] Request (TenantUsagesNegativeTestJSON:tearDownClass): 204 DELETE http://10.180.1.21/networking/v2.0/security-groups/3d19194a-435d-4722-89d6-71aed57b1ae7 0.204s
2025-11-22 00:04:38.200 67829 INFO tempest.lib.common.rest_client [req-e60f67ad-8aad-4edc-b481-24045d03839b req-e60f67ad-8aad-4edc-b481-24045d03839b ] Request (ServerShowV257Test:tearDownClass): 204 DELETE http://10.180.1.21/compute/v2.1/servers/ab17ecda-08c2-43fd-bada-ccbb87e1d162 1.415s
2025-11-22 00:04:38.247 67793 INFO tempest.lib.common.rest_client [req-78b0686a-5056-44b3-9007-322a802af3be req-78b0686a-5056-44b3-9007-322a802af3be ] Request (ServersWithSpecificFlavorTestJSON:test_verify_created_server_ephemeral_disk): 200 GET http://10.180.1.21/compute/v2.1/servers/7c8cb284-954c-4ec8-8fde-1741416b4b1a 1.530s
2025-11-22 00:04:38.254 67777 INFO tempest.lib.common.rest_client [req-746bb90b-f200-41ba-be83-27f9bb69a62c req-746bb90b-f200-41ba-be83-27f9bb69a62c ] Request (TenantUsagesNegativeTestJSON:tearDownClass): 204 DELETE http://10.180.1.21/identity/v3/projects/71efa8666016480f98396d08fff259c3 0.144s
2025-11-22 00:04:38.254 67777 INFO tempest.lib.common.dynamic_creds [-] Deleting project and security group for project: b23a9f74cbdd4275bf666cd87c183b55
2025-11-22 00:04:38.329 67807 INFO tempest.lib.common.rest_client [req-05aa00b2-107b-44a7-9c04-f3bcb87c1c4d req-05aa00b2-107b-44a7-9c04-f3bcb87c1c4d ] Request (AttachInterfacesV270Test:tearDownClass): 204 DELETE http://10.180.1.21/compute/v2.1/servers/e3726ba6-49bb-4212-8a86-ab4868a88999 1.213s
2025-11-22 00:04:38.354 67809 INFO tempest.lib.common.rest_client [req-0ab7c474-0835-4ab3-b0a4-10978c1a06ee req-0ab7c474-0835-4ab3-b0a4-10978c1a06ee ] Request (AggregatesAdminNegativeTestJSON:test_aggregate_remove_nonexistent_host): 404 POST http://10.180.1.21/compute/v2.1/os-aggregates/8/action 1.217s
2025-11-22 00:04:38.354 67775 WARNING tempest.lib.common.ssh [-] Failed to establish authenticated ssh connection to cirros@10.180.180.208 ([Errno None] Unable to connect to port 22 on 10.180.180.208). Number attempts: 5. Retry after 6 seconds.: paramiko.ssh_exception.NoValidConnectionsError: [Errno None] Unable to connect to port 22 on 10.180.180.208
2025-11-22 00:04:38.425 67831 INFO tempest.lib.common.rest_client [req-55364b50-ad57-4e4f-9f6b-e6e53c0bb554 req-55364b50-ad57-4e4f-9f6b-e6e53c0bb554 ] Request (ListServersNegativeTestJSON:test_list_servers_by_limits_greater_than_actual_count): 200 GET http://10.180.1.21/compute/v2.1/servers 1.283s
2025-11-22 00:04:38.428 67783 INFO tempest.lib.common.rest_client [req-d4a5bc4b-19df-4ccf-b9fb-c4479211a8c4 req-d4a5bc4b-19df-4ccf-b9fb-c4479211a8c4 ] Request (ImagesNegativeTestJSON:test_create_image_specify_uuid_35_characters_or_less): 404 POST http://10.180.1.21/compute/v2.1/servers/aaaaaaaaaaaaaaaaaaaaaaaaaaaaaaaaaaa/action 1.282s
2025-11-22 00:04:38.472 67777 INFO tempest.lib.common.rest_client [req-c3a66c3d-0458-4c89-b6b7-59939a96959c req-c3a66c3d-0458-4c89-b6b7-59939a96959c ] Request (TenantUsagesNegativeTestJSON:tearDownClass): 200 GET http://10.180.1.21/networking/v2.0/security-groups?tenant_id=b23a9f74cbdd4275bf666cd87c183b55&name=default 0.217s
2025-11-22 00:04:38.580 67813 INFO tempest.lib.common.rest_client [req-893bc4d9-ab9b-4d0a-bfed-ac3eeb39627d req-893bc4d9-ab9b-4d0a-bfed-ac3eeb39627d ] Request (ServerMetadataNegativeTestJSON:setUpClass): 200 GET http://10.180.1.21/compute/v2.1/servers/1f0382d3-dc1c-4d6d-ba0e-b2e6dec5d6df 1.687s
2025-11-22 00:04:38.587 67813 INFO tempest.common.waiters [-] State transition "BUILD/block_device_mapping" ==> "BUILD/spawning" after 34 second wait
2025-11-22 00:04:38.599 67805 INFO tempest.lib.common.rest_client [req-d0b713fd-baa9-49aa-b5c3-c2fcc41fada6 req-d0b713fd-baa9-49aa-b5c3-c2fcc41fada6 ] Request (ServersAdminNegativeTestJSON:test_migrate_server_invalid_state): 200 GET http://10.180.1.21/compute/v2.1/servers/323d02bb-043c-4419-8310-0103c015a2c1 1.447s
2025-11-22 00:04:38.612 67801 INFO tempest.lib.common.rest_client [req-9304e220-717b-4d09-9056-ea621352acdc req-9304e220-717b-4d09-9056-ea621352acdc ] Request (KeyPairsV22TestJSON:test_get_keypair_detail): 200 GET http://10.180.1.21/compute/v2.1/os-keypairs/tempest-keypair-4240438 1.385s
2025-11-22 00:04:38.676 67789 INFO tempest.lib.common.rest_client [req-8d722a1c-731a-4279-a13d-14af91c2ab1c req-8d722a1c-731a-4279-a13d-14af91c2ab1c ] Request (ImagesOneServerNegativeTestJSON:_run_cleanups): 204 DELETE http://10.180.1.21/compute/v2.1/servers/212159cd-ed9d-48aa-9633-5bd9dc59e5b6 1.490s
2025-11-22 00:04:38.689 67777 INFO tempest.lib.common.rest_client [req-5747b6e3-712f-46c0-b6f3-4b074e435923 req-5747b6e3-712f-46c0-b6f3-4b074e435923 ] Request (TenantUsagesNegativeTestJSON:tearDownClass): 204 DELETE http://10.180.1.21/networking/v2.0/security-groups/a44e1b18-d1c4-4f8b-b768-0cab4a763dfd 0.217s
2025-11-22 00:04:38.746 67787 INFO tempest.lib.common.rest_client [req-e96cdaa8-43cc-4d72-8c74-b19a4342b3fa req-e96cdaa8-43cc-4d72-8c74-b19a4342b3fa ] Request (ServersAdminTestJSON:test_create_server_with_scheduling_hint): 200 GET http://10.180.1.21/compute/v2.1/servers/f5e2218f-d483-447e-8e9a-7575adfa4cd6 1.363s
2025-11-22 00:04:38.787 67777 INFO tempest.lib.common.rest_client [req-0ac2dd76-92ad-4d25-929a-62598701a5df req-0ac2dd76-92ad-4d25-929a-62598701a5df ] Request (TenantUsagesNegativeTestJSON:tearDownClass): 204 DELETE http://10.180.1.21/identity/v3/projects/b23a9f74cbdd4275bf666cd87c183b55 0.097s
2025-11-22 00:04:38.813 67797 INFO tempest.lib.common.rest_client [req-ba2ed498-7eea-4443-871c-48af0d650953 req-ba2ed498-7eea-4443-871c-48af0d650953 ] Request (AbsoluteLimitsNegativeTestJSON:test_max_metadata_exceed_limit): 200 GET http://10.180.1.21/compute/v2.1/limits 1.465s
2025-11-22 00:04:38.816 67799 INFO tempest.lib.common.rest_client [req-dc8618b9-49bd-47f8-a109-3fff319f8a54 req-dc8618b9-49bd-47f8-a109-3fff319f8a54 ] Request (TenantUsagesTestJSON:tearDownClass): 204 DELETE http://10.180.1.21/compute/v2.1/servers/0aa12f0d-754e-42ec-8363-c459446d620b 1.423s
2025-11-22 00:04:38.879 67777 INFO tempest.lib.common.rest_client [req-ea798e1e-b846-4061-bbf7-37cbe5eeb454 req-ea798e1e-b846-4061-bbf7-37cbe5eeb454 ] Request (AbsoluteLimitsTestJSON:setUpClass): 201 POST http://10.180.1.21/identity/v3/auth/tokens 0.090s
2025-11-22 00:04:38.889 67771 INFO tempest.lib.common.rest_client [req-72478fe2-e882-48c6-b1a6-4e7fad4a5069 req-72478fe2-e882-48c6-b1a6-4e7fad4a5069 ] Request (DeleteServersAdminTestJSON:test_delete_server_while_in_error_state): 200 GET http://10.180.1.21/compute/v2.1/servers/d35fb4f8-8fd7-4796-84ba-601d5ba67ada 1.162s
2025-11-22 00:04:38.907 67797 INFO tempest.lib.common.rest_client [req-104e2a24-72fa-4d28-a237-eccd1c37755a req-104e2a24-72fa-4d28-a237-eccd1c37755a ] Request (AbsoluteLimitsNegativeTestJSON:test_max_metadata_exceed_limit): 201 POST http://10.180.1.21/identity/v3/auth/tokens 0.086s
2025-11-22 00:04:38.909 67797 INFO tempest.lib.common.fixed_network [-] (AbsoluteLimitsNegativeTestJSON:test_max_metadata_exceed_limit) Found network None available for tenant
2025-11-22 00:04:38.919 67795 INFO tempest.lib.common.rest_client [req-bc818ea3-57d2-4e43-a29e-91431a1254a7 req-bc818ea3-57d2-4e43-a29e-91431a1254a7 ] Request (ServerActionsV293TestJSON:setUpClass): 200 GET http://10.180.1.21/volume/v3/volumes/96ceb649-804e-4369-a9d3-814b0ed9cce5 0.046s
2025-11-22 00:04:38.937 67777 INFO tempest.lib.common.rest_client [req-5ac56fb7-413e-45f7-a877-0d65d4fefc4f req-5ac56fb7-413e-45f7-a877-0d65d4fefc4f ] Request (AbsoluteLimitsTestJSON:setUpClass): 201 POST http://10.180.1.21/identity/v3/auth/tokens 0.054s
2025-11-22 00:04:38.975 67777 INFO tempest.lib.common.rest_client [req-d61e6e3e-d334-4702-80c5-3ee823b5b3a4 req-d61e6e3e-d334-4702-80c5-3ee823b5b3a4 ] Request (AbsoluteLimitsTestJSON:setUpClass): 200 GET http://10.180.1.21/identity/v3/domains?name=Default 0.037s
2025-11-22 00:04:39.020 67777 INFO tempest.lib.common.rest_client [req-70a14813-4c6a-4de4-abbc-8e02048b75e2 req-70a14813-4c6a-4de4-abbc-8e02048b75e2 ] Request (AbsoluteLimitsTestJSON:setUpClass): 201 POST http://10.180.1.21/identity/v3/projects 0.044s
2025-11-22 00:04:39.028 67823 INFO tempest.lib.common.rest_client [req-66d6b612-0fc2-4f01-8293-b3066296f894 req-66d6b612-0fc2-4f01-8293-b3066296f894 ] Request (VolumesAdminNegativeTest:tearDownClass): 200 GET http://10.180.1.21/compute/v2.1/servers/ebffd8c7-01e1-4975-8ff7-8450ade6c619 1.187s
2025-11-22 00:04:39.129 67777 INFO tempest.lib.common.rest_client [req-eff37253-bb4e-461e-87ab-adff5adcfbe8 req-eff37253-bb4e-461e-87ab-adff5adcfbe8 ] Request (AbsoluteLimitsTestJSON:setUpClass): 201 POST http://10.180.1.21/identity/v3/users 0.108s
2025-11-22 00:04:39.148 67826 INFO tempest.lib.common.rest_client [req-eacde3d5-1773-4113-ba75-cae196485c72 req-eacde3d5-1773-4113-ba75-cae196485c72 ] Request (SecurityGroupsTestJSON:test_list_security_groups_by_server): 200 GET http://10.180.1.21/compute/v2.1/servers/9080c2c2-b7b4-423b-b444-79f423fbffbd 1.294s
2025-11-22 00:04:39.158 67777 INFO tempest.lib.common.rest_client [req-2faf0488-c52a-4b73-8364-757688431009 req-2faf0488-c52a-4b73-8364-757688431009 ] Request (AbsoluteLimitsTestJSON:setUpClass): 200 GET http://10.180.1.21/identity/v3/roles 0.028s
2025-11-22 00:04:39.203 67777 INFO tempest.lib.common.rest_client [req-8853a6e4-38f6-4434-a6e2-6b8832440335 req-8853a6e4-38f6-4434-a6e2-6b8832440335 ] Request (AbsoluteLimitsTestJSON:setUpClass): 204 PUT http://10.180.1.21/identity/v3/projects/7448f5b49ae14c3180a2dd7c7c9a837b/users/f5f877071f4f4f90a624f7fc6fe3d649/roles/cee1a620f10240829038d83e85719ae1 0.044s
2025-11-22 00:04:39.203 67777 INFO tempest.lib.common.dynamic_creds [-] Dynamic test user f5f877071f4f4f90a624f7fc6fe3d649 is created with scope project and roles: ['member']
2025-11-22 00:04:39.203 67777 INFO tempest.lib.common.dynamic_creds [-] Acquired dynamic creds: credentials: Credentials: {'domain_id': 'default', 'domain_name': 'Default', 'username': 'tempest-AbsoluteLimitsTestJSON-1350979419-project-member', 'project_domain_id': 'default', 'project_domain_name': 'Default', 'project_id': '7448f5b49ae14c3180a2dd7c7c9a837b', 'project_name': 'tempest-AbsoluteLimitsTestJSON-1350979419', 'tenant_id': '7448f5b49ae14c3180a2dd7c7c9a837b', 'tenant_name': 'tempest-AbsoluteLimitsTestJSON-1350979419', 'user_domain_id': 'default', 'user_domain_name': 'Default', 'user_id': 'f5f877071f4f4f90a624f7fc6fe3d649', 'system': None}, Network: None, Subnet: None, Router: None
2025-11-22 00:04:39.203 67777 INFO tempest.lib.common.dynamic_creds [-] Created isolated network resources for: credentials: Credentials: {'domain_id': 'default', 'domain_name': 'Default', 'username': 'tempest-AbsoluteLimitsTestJSON-1350979419-project-member', 'project_domain_id': 'default', 'project_domain_name': 'Default', 'project_id': '7448f5b49ae14c3180a2dd7c7c9a837b', 'project_name': 'tempest-AbsoluteLimitsTestJSON-1350979419', 'tenant_id': '7448f5b49ae14c3180a2dd7c7c9a837b', 'tenant_name': 'tempest-AbsoluteLimitsTestJSON-1350979419', 'user_domain_id': 'default', 'user_domain_name': 'Default', 'user_id': 'f5f877071f4f4f90a624f7fc6fe3d649', 'system': None}, Network: None, Subnet: None, Router: None
2025-11-22 00:04:39.244 67817 INFO tempest.lib.common.rest_client [req-84668373-63b6-45a6-978e-a1c2b7c92686 req-84668373-63b6-45a6-978e-a1c2b7c92686 ] Request (ImagesOneServerTestJSON:setUpClass): 200 GET http://10.180.1.21/compute/v2.1/servers/89333043-ba83-4b29-a2df-0746ec92eca0 1.337s
2025-11-22 00:04:39.269 67791 INFO tempest.lib.common.rest_client [req-8fd1a600-d9c6-4470-ae2e-419901563418 req-8fd1a600-d9c6-4470-ae2e-419901563418 ] Request (FlavorsAdminTestJSON:test_is_public_string_variations): 200 GET http://10.180.1.21/compute/v2.1/flavors/detail?is_public=yes 1.267s
2025-11-22 00:04:39.292 67777 INFO tempest.lib.common.rest_client [req-a96a9f3f-8804-4ea6-ab76-ba252df2e007 req-a96a9f3f-8804-4ea6-ab76-ba252df2e007 ] Request (AbsoluteLimitsTestJSON:setUpClass): 201 POST http://10.180.1.21/identity/v3/auth/tokens 0.085s
2025-11-22 00:04:39.295 67833 INFO tempest.lib.common.rest_client [req-f582ad75-35bc-42fb-a3d9-eae271237087 req-f582ad75-35bc-42fb-a3d9-eae271237087 ] Request (ServersTestFqdnHostnames:test_create_server_with_fqdn_name): 202 POST http://10.180.1.21/compute/v2.1/servers 1.488s
2025-11-22 00:04:39.401 67819 INFO tempest.lib.common.rest_client [req-0c7bdad9-5bdf-48bc-9047-96468f81380b req-0c7bdad9-5bdf-48bc-9047-96468f81380b ] Request (ImagesTestJSON:test_create_image_from_suspended_server): 200 GET http://10.180.1.21/compute/v2.1/servers/e9bf361b-72ee-4bdf-b6d9-c51e4f775ca3 1.309s
2025-11-22 00:04:39.497 67829 INFO tempest.lib.common.rest_client [req-879c8efd-b4d1-4689-aa12-0ecb7ea74a32 req-879c8efd-b4d1-4689-aa12-0ecb7ea74a32 ] Request (ServerShowV257Test:tearDownClass): 200 GET http://10.180.1.21/compute/v2.1/servers/ab17ecda-08c2-43fd-bada-ccbb87e1d162 1.297s
2025-11-22 00:04:39.724 67779 INFO tempest.lib.common.rest_client [req-584f9a87-fd88-460d-9cb6-da5c79ac4948 req-584f9a87-fd88-460d-9cb6-da5c79ac4948 ] Request (ServerExternalEventsTest:test_create_server_external_events): 200 GET http://10.180.1.21/compute/v2.1/servers/45f6f6e9-1822-4c1c-96ac-0847e3b87bff 1.500s
2025-11-22 00:04:39.733 67779 INFO tempest.common.waiters [-] State transition "BUILD/None" ==> "BUILD/spawning" after 27 second wait
2025-11-22 00:04:39.834 67822 INFO tempest.lib.common.rest_client [req-f33ce33f-7c00-4c32-837b-33329708a437 req-f33ce33f-7c00-4c32-837b-33329708a437 ] Request (DeleteServersTestJSON:test_delete_active_server): 200 GET http://10.180.1.21/compute/v2.1/servers/d4b7e87a-547e-424b-8092-500f913929f3 1.553s
2025-11-22 00:04:39.969 67795 INFO tempest.lib.common.rest_client [req-6ecb9078-e7ba-4893-8de1-406d04668321 req-6ecb9078-e7ba-4893-8de1-406d04668321 ] Request (ServerActionsV293TestJSON:setUpClass): 200 GET http://10.180.1.21/volume/v3/volumes/96ceb649-804e-4369-a9d3-814b0ed9cce5 0.040s
2025-11-22 00:04:39.977 67811 WARNING tempest.lib.common.ssh [-] Failed to establish authenticated ssh connection to cirros@10.180.180.200 ([Errno None] Unable to connect to port 22 on 10.180.180.200). Number attempts: 5. Retry after 6 seconds.: paramiko.ssh_exception.NoValidConnectionsError: [Errno None] Unable to connect to port 22 on 10.180.180.200
2025-11-22 00:04:40.118 67807 INFO tempest.lib.common.rest_client [req-818a8271-32c2-40b0-9dbe-45f03e103d2b req-818a8271-32c2-40b0-9dbe-45f03e103d2b ] Request (AttachInterfacesV270Test:tearDownClass): 200 GET http://10.180.1.21/compute/v2.1/servers/e3726ba6-49bb-4212-8a86-ab4868a88999 1.789s
2025-11-22 00:04:40.144 67809 INFO tempest.lib.common.rest_client [req-2468e0b6-7795-417e-bda0-de07748d7ea8 req-2468e0b6-7795-417e-bda0-de07748d7ea8 ] Request (AggregatesAdminNegativeTestJSON:_run_cleanups): 200 DELETE http://10.180.1.21/compute/v2.1/os-aggregates/8 1.790s
2025-11-22 00:04:40.295 67809 INFO tempest.lib.common.rest_client [req-09f68003-20a1-4a94-84e5-8743910ae64b req-09f68003-20a1-4a94-84e5-8743910ae64b ] Request (AggregatesAdminNegativeTestJSON:tearDownClass): 204 DELETE http://10.180.1.21/identity/v3/users/78cbe8a9674a4062972f82f1d777a320 0.149s
2025-11-22 00:04:40.296 67831 INFO tempest.lib.common.rest_client [req-1a267f92-798c-4ac5-a67b-50c6641df215 req-1a267f92-798c-4ac5-a67b-50c6641df215 ] Request (ListServersNegativeTestJSON:test_list_servers_by_limits_greater_than_actual_count): 200 GET http://10.180.1.21/compute/v2.1/servers?limit=102 1.868s
2025-11-22 00:04:40.302 67783 INFO tempest.lib.common.rest_client [req-b6c4c97d-6868-4836-8a0d-cd6d22541145 req-b6c4c97d-6868-4836-8a0d-cd6d22541145 ] Request (ImagesNegativeTestJSON:test_create_image_specify_uuid_37_characters_or_more): 404 POST http://10.180.1.21/compute/v2.1/servers/aaaaaaaaaaaaaaaaaaaaaaaaaaaaaaaaaaaaa/action 1.872s
2025-11-22 00:04:40.390 67773 INFO tempest.lib.common.rest_client [req-85945809-425c-4c91-be5e-f50a124e98fc req-85945809-425c-4c91-be5e-f50a124e98fc ] Request (ServerDiagnosticsV248Test:tearDownClass): 200 GET http://10.180.1.21/compute/v2.1/servers/99e43d28-43b0-45c3-ae46-fbc4378f84b3 1.898s
2025-11-22 00:04:40.407 67801 INFO tempest.lib.common.rest_client [req-1c959404-4ed4-4d40-97f0-d10dbc34bbe7 req-1c959404-4ed4-4d40-97f0-d10dbc34bbe7 ] Request (KeyPairsV22TestJSON:_run_cleanups): 204 DELETE http://10.180.1.21/compute/v2.1/os-keypairs/tempest-keypair-4240438 1.792s
2025-11-22 00:04:40.422 67809 INFO tempest.lib.common.rest_client [req-41a1c599-65c9-4082-909d-25f6e0e30dca req-41a1c599-65c9-4082-909d-25f6e0e30dca ] Request (AggregatesAdminNegativeTestJSON:tearDownClass): 204 DELETE http://10.180.1.21/identity/v3/users/6e236ad21289469ead0822a756c29e25 0.126s
2025-11-22 00:04:40.423 67809 INFO tempest.lib.common.dynamic_creds [-] Deleting project and security group for project: afe4cb8c257243af983d1d68e17fe582
2025-11-22 00:04:40.495 67809 INFO tempest.lib.common.rest_client [req-60b6fc62-0d4a-4b30-9a5b-24e6f27eef9a req-60b6fc62-0d4a-4b30-9a5b-24e6f27eef9a ] Request (AggregatesAdminNegativeTestJSON:tearDownClass): 201 POST http://10.180.1.21/identity/v3/auth/tokens 0.072s
2025-11-22 00:04:40.579 67789 INFO tempest.lib.common.rest_client [req-1c8c87dc-39f0-4f80-ba3e-4cbd0aca4840 req-1c8c87dc-39f0-4f80-ba3e-4cbd0aca4840 ] Request (ImagesOneServerNegativeTestJSON:_run_cleanups): 200 GET http://10.180.1.21/compute/v2.1/servers/212159cd-ed9d-48aa-9633-5bd9dc59e5b6 1.903s
2025-11-22 00:04:40.705 67809 INFO tempest.lib.common.rest_client [req-54339187-aca8-41c3-9dc9-13e99e50dfc8 req-54339187-aca8-41c3-9dc9-13e99e50dfc8 ] Request (AggregatesAdminNegativeTestJSON:tearDownClass): 200 GET http://10.180.1.21/networking/v2.0/security-groups?tenant_id=afe4cb8c257243af983d1d68e17fe582&name=default 0.210s
2025-11-22 00:04:40.759 67815 INFO tempest.lib.common.rest_client [req-50948a54-0d1e-4911-b533-e89a54f073d9 req-50948a54-0d1e-4911-b533-e89a54f073d9 ] Request (ServersTestMultiNic:_run_cleanups): 200 GET http://10.180.1.21/compute/v2.1/servers/75f39b73-fd79-4501-b8c1-f78913f66470 2.002s
2025-11-22 00:04:40.836 67809 INFO tempest.lib.common.rest_client [req-f0e85b67-78b8-4540-ad0b-8fbb9050311a req-f0e85b67-78b8-4540-ad0b-8fbb9050311a ] Request (AggregatesAdminNegativeTestJSON:tearDownClass): 204 DELETE http://10.180.1.21/networking/v2.0/security-groups/df6d3c02-291e-45a9-b585-95a06f8eaae0 0.131s
2025-11-22 00:04:40.914 67809 INFO tempest.lib.common.rest_client [req-4e2b455b-dbbc-42cf-83ef-4372ab932b43 req-4e2b455b-dbbc-42cf-83ef-4372ab932b43 ] Request (AggregatesAdminNegativeTestJSON:tearDownClass): 204 DELETE http://10.180.1.21/identity/v3/projects/afe4cb8c257243af983d1d68e17fe582 0.078s
2025-11-22 00:04:40.915 67809 INFO tempest.lib.common.dynamic_creds [-] Deleting project and security group for project: 1834947417a443dcb73a0b9f49f62169
2025-11-22 00:04:40.925 67799 INFO tempest.lib.common.rest_client [req-d8bdcfb9-2123-4106-b146-40fafd2e266a req-d8bdcfb9-2123-4106-b146-40fafd2e266a ] Request (TenantUsagesTestJSON:tearDownClass): 200 GET http://10.180.1.21/compute/v2.1/servers/0aa12f0d-754e-42ec-8363-c459446d620b 2.109s
2025-11-22 00:04:41.016 67795 INFO tempest.lib.common.rest_client [req-c6e1faf4-c993-4275-8f4b-d2b5009e67d2 req-c6e1faf4-c993-4275-8f4b-d2b5009e67d2 ] Request (ServerActionsV293TestJSON:setUpClass): 200 GET http://10.180.1.21/volume/v3/volumes/96ceb649-804e-4369-a9d3-814b0ed9cce5 0.037s
2025-11-22 00:04:41.033 67809 INFO tempest.lib.common.rest_client [req-111857f0-db80-4609-b6c5-4664942cfc35 req-111857f0-db80-4609-b6c5-4664942cfc35 ] Request (AggregatesAdminNegativeTestJSON:tearDownClass): 200 GET http://10.180.1.21/networking/v2.0/security-groups?tenant_id=1834947417a443dcb73a0b9f49f62169&name=default 0.118s
2025-11-22 00:04:41.196 67809 INFO tempest.lib.common.rest_client [req-12474370-85b5-4299-8793-3f6aa254d165 req-12474370-85b5-4299-8793-3f6aa254d165 ] Request (AggregatesAdminNegativeTestJSON:tearDownClass): 204 DELETE http://10.180.1.21/networking/v2.0/security-groups/3e6bd6b1-a6c9-4e45-a4eb-85a94189f638 0.162s
2025-11-22 00:04:41.305 67809 INFO tempest.lib.common.rest_client [req-df0f6ed7-de88-4bf5-959b-2be9a56df337 req-df0f6ed7-de88-4bf5-959b-2be9a56df337 ] Request (AggregatesAdminNegativeTestJSON:tearDownClass): 204 DELETE http://10.180.1.21/identity/v3/projects/1834947417a443dcb73a0b9f49f62169 0.108s
2025-11-22 00:04:41.387 67797 INFO tempest.lib.common.rest_client [req-a9558ba2-48e1-4b5c-8b94-112557938a88 req-a9558ba2-48e1-4b5c-8b94-112557938a88 ] Request (AbsoluteLimitsNegativeTestJSON:test_max_metadata_exceed_limit): 403 POST http://10.180.1.21/compute/v2.1/servers 2.477s
2025-11-22 00:04:41.393 67809 INFO tempest.lib.common.rest_client [req-b4a8228b-3b20-46cb-9daa-2fefc560f950 req-b4a8228b-3b20-46cb-9daa-2fefc560f950 ] Request (HypervisorAdminNegativeTestJSON:setUpClass): 201 POST http://10.180.1.21/identity/v3/auth/tokens 0.086s
2025-11-22 00:04:41.438 67809 INFO tempest.lib.common.rest_client [req-a8d7ccb7-9cd8-443b-8948-d05495929b59 req-a8d7ccb7-9cd8-443b-8948-d05495929b59 ] Request (HypervisorAdminNegativeTestJSON:setUpClass): 201 POST http://10.180.1.21/identity/v3/auth/tokens 0.039s
2025-11-22 00:04:41.465 67828 INFO tempest.lib.common.rest_client [req-fb1c2879-e1ac-4bd0-a1ba-df9c49609bb2 req-fb1c2879-e1ac-4bd0-a1ba-df9c49609bb2 ] Request (MigrationsAdminTest:test_list_migrations_in_flavor_resize_situation): 200 GET http://10.180.1.21/compute/v2.1/servers/c092d9f0-8d96-47e9-a11e-14bec095bf29 2.483s
2025-11-22 00:04:41.478 67797 INFO tempest.lib.common.rest_client [req-25d1a6b2-0b2c-4d98-b88c-04933798fa8b req-25d1a6b2-0b2c-4d98-b88c-04933798fa8b ] Request (AbsoluteLimitsNegativeTestJSON:tearDownClass): 204 DELETE http://10.180.1.21/identity/v3/users/35182ea4ba2e473198c7399a6830404c 0.089s
2025-11-22 00:04:41.478 67797 INFO tempest.lib.common.dynamic_creds [-] Deleting project and security group for project: 8bbfcb99abb54a08bf3ff81874d94dde
2025-11-22 00:04:41.505 67809 INFO tempest.lib.common.rest_client [req-285db2b5-0894-459a-82c1-3884f35f8197 req-285db2b5-0894-459a-82c1-3884f35f8197 ] Request (HypervisorAdminNegativeTestJSON:setUpClass): 200 GET http://10.180.1.21/identity/v3/domains?name=Default 0.066s
2025-11-22 00:04:41.558 67797 INFO tempest.lib.common.rest_client [req-458f12d4-487c-4a11-a202-4ee6c0b9f309 req-458f12d4-487c-4a11-a202-4ee6c0b9f309 ] Request (AbsoluteLimitsNegativeTestJSON:tearDownClass): 201 POST http://10.180.1.21/identity/v3/auth/tokens 0.079s
2025-11-22 00:04:41.589 67809 INFO tempest.lib.common.rest_client [req-dd2992ca-7255-49cd-a4f8-bfdf60bca0d3 req-dd2992ca-7255-49cd-a4f8-bfdf60bca0d3 ] Request (HypervisorAdminNegativeTestJSON:setUpClass): 201 POST http://10.180.1.21/identity/v3/projects 0.084s
2025-11-22 00:04:41.654 67809 INFO tempest.lib.common.rest_client [req-cc02cf72-c0f8-4aab-baa5-0507b4f22c07 req-cc02cf72-c0f8-4aab-baa5-0507b4f22c07 ] Request (HypervisorAdminNegativeTestJSON:setUpClass): 201 POST http://10.180.1.21/identity/v3/users 0.064s
2025-11-22 00:04:41.677 67809 INFO tempest.lib.common.rest_client [req-10a586b0-8fb1-4c1c-8f1c-968c0a3cee43 req-10a586b0-8fb1-4c1c-8f1c-968c0a3cee43 ] Request (HypervisorAdminNegativeTestJSON:setUpClass): 200 GET http://10.180.1.21/identity/v3/roles 0.022s
2025-11-22 00:04:41.706 67793 INFO tempest.lib.common.rest_client [req-9b512b6c-8356-48dd-af3b-f497abf81652 req-9b512b6c-8356-48dd-af3b-f497abf81652 ] Request (ServersWithSpecificFlavorTestJSON:test_verify_created_server_ephemeral_disk): 200 GET http://10.180.1.21/compute/v2.1/servers/7c8cb284-954c-4ec8-8fde-1741416b4b1a 2.451s
2025-11-22 00:04:41.713 67809 INFO tempest.lib.common.rest_client [req-e5448a2d-f653-44c3-b3bc-3cb98777171a req-e5448a2d-f653-44c3-b3bc-3cb98777171a ] Request (HypervisorAdminNegativeTestJSON:setUpClass): 204 PUT http://10.180.1.21/identity/v3/projects/beb988ffbc2f4fff8af24ef5c6063219/users/0d2f83072c97435893958f2d4007ae58/roles/cee1a620f10240829038d83e85719ae1 0.035s
2025-11-22 00:04:41.713 67809 INFO tempest.lib.common.dynamic_creds [-] Dynamic test user 0d2f83072c97435893958f2d4007ae58 is created with scope project and roles: ['member']
2025-11-22 00:04:41.713 67809 INFO tempest.lib.common.dynamic_creds [-] Acquired dynamic creds: credentials: Credentials: {'domain_id': 'default', 'domain_name': 'Default', 'username': 'tempest-HypervisorAdminNegativeTestJSON-1584203891-project-member', 'project_domain_id': 'default', 'project_domain_name': 'Default', 'project_id': 'beb988ffbc2f4fff8af24ef5c6063219', 'project_name': 'tempest-HypervisorAdminNegativeTestJSON-1584203891', 'tenant_id': 'beb988ffbc2f4fff8af24ef5c6063219', 'tenant_name': 'tempest-HypervisorAdminNegativeTestJSON-1584203891', 'user_domain_id': 'default', 'user_domain_name': 'Default', 'user_id': '0d2f83072c97435893958f2d4007ae58', 'system': None}, Network: None, Subnet: None, Router: None
2025-11-22 00:04:41.713 67809 INFO tempest.lib.common.dynamic_creds [-] Created isolated network resources for: credentials: Credentials: {'domain_id': 'default', 'domain_name': 'Default', 'username': 'tempest-HypervisorAdminNegativeTestJSON-1584203891-project-member', 'project_domain_id': 'default', 'project_domain_name': 'Default', 'project_id': 'beb988ffbc2f4fff8af24ef5c6063219', 'project_name': 'tempest-HypervisorAdminNegativeTestJSON-1584203891', 'tenant_id': 'beb988ffbc2f4fff8af24ef5c6063219', 'tenant_name': 'tempest-HypervisorAdminNegativeTestJSON-1584203891', 'user_domain_id': 'default', 'user_domain_name': 'Default', 'user_id': '0d2f83072c97435893958f2d4007ae58', 'system': None}, Network: None, Subnet: None, Router: None
2025-11-22 00:04:41.737 67791 INFO tempest.lib.common.rest_client [req-294cf83d-1e55-4fd8-9b7c-aa554c70dbfc req-294cf83d-1e55-4fd8-9b7c-aa554c70dbfc ] Request (FlavorsAdminTestJSON:test_is_public_string_variations): 200 GET http://10.180.1.21/compute/v2.1/flavors/detail?is_public=1 2.463s
2025-11-22 00:04:41.782 67797 INFO tempest.lib.common.rest_client [req-de1d7b4d-aee2-424a-84d1-0b483adc0cb9 req-de1d7b4d-aee2-424a-84d1-0b483adc0cb9 ] Request (AbsoluteLimitsNegativeTestJSON:tearDownClass): 200 GET http://10.180.1.21/networking/v2.0/security-groups?tenant_id=8bbfcb99abb54a08bf3ff81874d94dde&name=default 0.223s
2025-11-22 00:04:41.800 67809 INFO tempest.lib.common.rest_client [req-68428ea7-3ebd-410f-a391-0c962aa64211 req-68428ea7-3ebd-410f-a391-0c962aa64211 ] Request (HypervisorAdminNegativeTestJSON:setUpClass): 201 POST http://10.180.1.21/identity/v3/auth/tokens 0.083s
2025-11-22 00:04:41.865 67809 INFO tempest.lib.common.rest_client [req-7a57e835-8151-4d28-86e7-6ce195a40bdb req-7a57e835-8151-4d28-86e7-6ce195a40bdb ] Request (HypervisorAdminNegativeTestJSON:setUpClass): 201 POST http://10.180.1.21/identity/v3/projects 0.064s
2025-11-22 00:04:41.887 67777 INFO tempest.lib.common.rest_client [req-01bff6f6-c590-49ab-a44d-962c485f9be6 req-01bff6f6-c590-49ab-a44d-962c485f9be6 ] Request (AbsoluteLimitsTestJSON:test_absLimits_get): 200 GET http://10.180.1.21/compute/v2.1/limits 2.593s
2025-11-22 00:04:41.915 67797 INFO tempest.lib.common.rest_client [req-cd2b35fe-18d9-459a-b31c-360eb7feae61 req-cd2b35fe-18d9-459a-b31c-360eb7feae61 ] Request (AbsoluteLimitsNegativeTestJSON:tearDownClass): 204 DELETE http://10.180.1.21/networking/v2.0/security-groups/14d66bab-0077-4c6d-beaf-e11676f00c34 0.133s
2025-11-22 00:04:41.948 67809 INFO tempest.lib.common.rest_client [req-5f979577-45e0-4f5b-a22c-d919140e9f06 req-5f979577-45e0-4f5b-a22c-d919140e9f06 ] Request (HypervisorAdminNegativeTestJSON:setUpClass): 201 POST http://10.180.1.21/identity/v3/users 0.082s
2025-11-22 00:04:41.975 67833 INFO tempest.lib.common.rest_client [req-d8b29e64-6982-4cb3-b567-d099fca13911 req-d8b29e64-6982-4cb3-b567-d099fca13911 ] Request (ServersTestFqdnHostnames:test_create_server_with_fqdn_name): 200 GET http://10.180.1.21/compute/v2.1/servers/29a88fe5-4781-4c75-8d7f-711377a2b2d0 2.677s
2025-11-22 00:04:42.013 67777 INFO tempest.lib.common.rest_client [req-33e2ec33-cff5-4327-aa5c-85eb10e81c54 req-33e2ec33-cff5-4327-aa5c-85eb10e81c54 ] Request (AbsoluteLimitsTestJSON:tearDownClass): 204 DELETE http://10.180.1.21/identity/v3/users/f5f877071f4f4f90a624f7fc6fe3d649 0.121s
2025-11-22 00:04:42.014 67777 INFO tempest.lib.common.dynamic_creds [-] Deleting project and security group for project: 7448f5b49ae14c3180a2dd7c7c9a837b
2025-11-22 00:04:42.015 67797 INFO tempest.lib.common.rest_client [req-35585b87-7584-4836-a9ad-3ee3cffbd24b req-35585b87-7584-4836-a9ad-3ee3cffbd24b ] Request (AbsoluteLimitsNegativeTestJSON:tearDownClass): 204 DELETE http://10.180.1.21/identity/v3/projects/8bbfcb99abb54a08bf3ff81874d94dde 0.100s
2025-11-22 00:04:42.063 67795 INFO tempest.lib.common.rest_client [req-06507df0-e5be-482b-8c7d-75cf4d593900 req-06507df0-e5be-482b-8c7d-75cf4d593900 ] Request (ServerActionsV293TestJSON:setUpClass): 200 GET http://10.180.1.21/volume/v3/volumes/96ceb649-804e-4369-a9d3-814b0ed9cce5 0.036s
2025-11-22 00:04:42.084 67809 INFO tempest.lib.common.rest_client [req-3755c8a4-a7d4-48c6-8ad5-08ffe096019a req-3755c8a4-a7d4-48c6-8ad5-08ffe096019a ] Request (HypervisorAdminNegativeTestJSON:setUpClass): 200 GET http://10.180.1.21/identity/v3/roles 0.136s
2025-11-22 00:04:42.090 67777 INFO tempest.lib.common.rest_client [req-1c2ea219-826d-40e5-bc7e-e6d1bf613cd4 req-1c2ea219-826d-40e5-bc7e-e6d1bf613cd4 ] Request (AbsoluteLimitsTestJSON:tearDownClass): 201 POST http://10.180.1.21/identity/v3/auth/tokens 0.076s
2025-11-22 00:04:42.114 67797 INFO tempest.lib.common.rest_client [req-1ba21794-075a-4337-922a-5f2f2ca24651 req-1ba21794-075a-4337-922a-5f2f2ca24651 ] Request (ServerActionsTestOtherA:setUpClass): 201 POST http://10.180.1.21/identity/v3/auth/tokens 0.097s
2025-11-22 00:04:42.129 67809 INFO tempest.lib.common.rest_client [req-bb86014e-ab85-4ffd-8b3a-a20c279632c7 req-bb86014e-ab85-4ffd-8b3a-a20c279632c7 ] Request (HypervisorAdminNegativeTestJSON:setUpClass): 204 PUT http://10.180.1.21/identity/v3/projects/6ce1ee95dbc94c75b4d79749f08c9231/users/795a2dc4b3bd408488f413cb8753194a/roles/5bcd4e615f0e4c5782ce86e2918b34c1 0.044s
2025-11-22 00:04:42.190 67797 INFO tempest.lib.common.rest_client [req-31e30c2f-ec2f-409e-8b1e-f440fc727c01 req-31e30c2f-ec2f-409e-8b1e-f440fc727c01 ] Request (ServerActionsTestOtherA:setUpClass): 201 POST http://10.180.1.21/identity/v3/auth/tokens 0.072s
2025-11-22 00:04:42.197 67813 INFO tempest.lib.common.rest_client [req-d277f9be-d69e-47a4-814f-af7df70d0a09 req-d277f9be-d69e-47a4-814f-af7df70d0a09 ] Request (ServerMetadataNegativeTestJSON:setUpClass): 200 GET http://10.180.1.21/compute/v2.1/servers/1f0382d3-dc1c-4d6d-ba0e-b2e6dec5d6df 2.606s
2025-11-22 00:04:42.209 67809 INFO tempest.lib.common.rest_client [req-2cd4d0d4-7b70-475d-8341-6db6cc9a3256 req-2cd4d0d4-7b70-475d-8341-6db6cc9a3256 ] Request (HypervisorAdminNegativeTestJSON:setUpClass): 200 GET http://10.180.1.21/identity/v3/roles 0.079s
2025-11-22 00:04:42.227 67797 INFO tempest.lib.common.rest_client [req-b273a428-2bfa-4925-81cc-1aae71b8ad93 req-b273a428-2bfa-4925-81cc-1aae71b8ad93 ] Request (ServerActionsTestOtherA:setUpClass): 200 GET http://10.180.1.21/identity/v3/domains?name=Default 0.037s
2025-11-22 00:04:42.232 67809 INFO tempest.lib.common.rest_client [req-aab1f9da-fa3f-4dee-be57-401657db73f4 req-aab1f9da-fa3f-4dee-be57-401657db73f4 ] Request (HypervisorAdminNegativeTestJSON:setUpClass): 204 PUT http://10.180.1.21/identity/v3/projects/6ce1ee95dbc94c75b4d79749f08c9231/users/795a2dc4b3bd408488f413cb8753194a/roles/5bcd4e615f0e4c5782ce86e2918b34c1 0.022s
2025-11-22 00:04:42.232 67809 INFO tempest.lib.common.dynamic_creds [-] Dynamic test user 795a2dc4b3bd408488f413cb8753194a is created with scope project and roles: ['admin']
2025-11-22 00:04:42.232 67809 INFO tempest.lib.common.dynamic_creds [-] Acquired dynamic creds: credentials: Credentials: {'domain_id': 'default', 'domain_name': 'Default', 'username': 'tempest-HypervisorAdminNegativeTestJSON-541336789-project-admin', 'project_domain_id': 'default', 'project_domain_name': 'Default', 'project_id': '6ce1ee95dbc94c75b4d79749f08c9231', 'project_name': 'tempest-HypervisorAdminNegativeTestJSON-541336789', 'tenant_id': '6ce1ee95dbc94c75b4d79749f08c9231', 'tenant_name': 'tempest-HypervisorAdminNegativeTestJSON-541336789', 'user_domain_id': 'default', 'user_domain_name': 'Default', 'user_id': '795a2dc4b3bd408488f413cb8753194a', 'system': None}, Network: None, Subnet: None, Router: None
2025-11-22 00:04:42.232 67809 INFO tempest.lib.common.dynamic_creds [-] Created isolated network resources for: credentials: Credentials: {'domain_id': 'default', 'domain_name': 'Default', 'username': 'tempest-HypervisorAdminNegativeTestJSON-541336789-project-admin', 'project_domain_id': 'default', 'project_domain_name': 'Default', 'project_id': '6ce1ee95dbc94c75b4d79749f08c9231', 'project_name': 'tempest-HypervisorAdminNegativeTestJSON-541336789', 'tenant_id': '6ce1ee95dbc94c75b4d79749f08c9231', 'tenant_name': 'tempest-HypervisorAdminNegativeTestJSON-541336789', 'user_domain_id': 'default', 'user_domain_name': 'Default', 'user_id': '795a2dc4b3bd408488f413cb8753194a', 'system': None}, Network: None, Subnet: None, Router: None
2025-11-22 00:04:42.285 67805 INFO tempest.lib.common.rest_client [req-41c26fc8-57f9-45db-8ff0-36f45fccd8eb req-41c26fc8-57f9-45db-8ff0-36f45fccd8eb ] Request (ServersAdminNegativeTestJSON:test_migrate_server_invalid_state): 200 GET http://10.180.1.21/compute/v2.1/servers/323d02bb-043c-4419-8310-0103c015a2c1 2.679s
2025-11-22 00:04:42.303 67797 INFO tempest.lib.common.rest_client [req-85ecdca4-4830-49f2-8c60-22ed5bd15ba7 req-85ecdca4-4830-49f2-8c60-22ed5bd15ba7 ] Request (ServerActionsTestOtherA:setUpClass): 201 POST http://10.180.1.21/identity/v3/projects 0.075s
2025-11-22 00:04:42.320 67809 INFO tempest.lib.common.rest_client [req-0967735a-0d6a-461b-895e-954d0fd8bc7c req-0967735a-0d6a-461b-895e-954d0fd8bc7c ] Request (HypervisorAdminNegativeTestJSON:setUpClass): 201 POST http://10.180.1.21/identity/v3/auth/tokens 0.085s
2025-11-22 00:04:42.350 67777 INFO tempest.lib.common.rest_client [req-c61474a0-517a-405d-a440-2fafcf7c64f3 req-c61474a0-517a-405d-a440-2fafcf7c64f3 ] Request (AbsoluteLimitsTestJSON:tearDownClass): 200 GET http://10.180.1.21/networking/v2.0/security-groups?tenant_id=7448f5b49ae14c3180a2dd7c7c9a837b&name=default 0.259s
2025-11-22 00:04:42.376 67787 INFO tempest.lib.common.rest_client [req-44f680c0-9474-4299-8b61-ab158d1e705d req-44f680c0-9474-4299-8b61-ab158d1e705d ] Request (ServersAdminTestJSON:test_create_server_with_scheduling_hint): 200 GET http://10.180.1.21/compute/v2.1/servers/f5e2218f-d483-447e-8e9a-7575adfa4cd6 2.623s
2025-11-22 00:04:42.385 67797 INFO tempest.lib.common.rest_client [req-039cf6cf-ab71-4d14-a403-da46648e9677 req-039cf6cf-ab71-4d14-a403-da46648e9677 ] Request (ServerActionsTestOtherA:setUpClass): 201 POST http://10.180.1.21/identity/v3/users 0.081s
2025-11-22 00:04:42.410 67797 INFO tempest.lib.common.rest_client [req-d206b886-30a2-460c-836a-73431ebe5bf9 req-d206b886-30a2-460c-836a-73431ebe5bf9 ] Request (ServerActionsTestOtherA:setUpClass): 200 GET http://10.180.1.21/identity/v3/roles 0.024s
2025-11-22 00:04:42.437 67797 INFO tempest.lib.common.rest_client [req-21de3252-2b85-438a-b7e8-2097aafab49d req-21de3252-2b85-438a-b7e8-2097aafab49d ] Request (ServerActionsTestOtherA:setUpClass): 204 PUT http://10.180.1.21/identity/v3/projects/b047c6d66a8b412ab2db14f01bcfcb55/users/145058ab1be44c2c89f644393d1278da/roles/cee1a620f10240829038d83e85719ae1 0.027s
2025-11-22 00:04:42.438 67797 INFO tempest.lib.common.dynamic_creds [-] Dynamic test user 145058ab1be44c2c89f644393d1278da is created with scope project and roles: ['member']
2025-11-22 00:04:42.438 67797 INFO tempest.lib.common.dynamic_creds [-] Acquired dynamic creds: credentials: Credentials: {'domain_id': 'default', 'domain_name': 'Default', 'username': 'tempest-ServerActionsTestOtherA-1753616200-project-member', 'project_domain_id': 'default', 'project_domain_name': 'Default', 'project_id': 'b047c6d66a8b412ab2db14f01bcfcb55', 'project_name': 'tempest-ServerActionsTestOtherA-1753616200', 'tenant_id': 'b047c6d66a8b412ab2db14f01bcfcb55', 'tenant_name': 'tempest-ServerActionsTestOtherA-1753616200', 'user_domain_id': 'default', 'user_domain_name': 'Default', 'user_id': '145058ab1be44c2c89f644393d1278da', 'system': None}, Network: None, Subnet: None, Router: None
2025-11-22 00:04:42.467 67777 INFO tempest.lib.common.rest_client [req-f8c28b28-f1f6-4c4c-a001-921132ba0819 req-f8c28b28-f1f6-4c4c-a001-921132ba0819 ] Request (AbsoluteLimitsTestJSON:tearDownClass): 204 DELETE http://10.180.1.21/networking/v2.0/security-groups/c1257894-4e1e-4c6f-a38a-8405243b61ed 0.115s
2025-11-22 00:04:42.488 67771 INFO tempest.lib.common.rest_client [req-fe4d18c7-a8c7-4c1a-b764-f7cb86f40d3c req-fe4d18c7-a8c7-4c1a-b764-f7cb86f40d3c ] Request (DeleteServersAdminTestJSON:test_delete_server_while_in_error_state): 200 GET http://10.180.1.21/compute/v2.1/servers/d35fb4f8-8fd7-4796-84ba-601d5ba67ada 2.589s
2025-11-22 00:04:42.509 67797 INFO tempest.lib.common.rest_client [req-824525a8-2c71-43b1-a8d9-80848b173380 req-824525a8-2c71-43b1-a8d9-80848b173380 ] Request (ServerActionsTestOtherA:setUpClass): 201 POST http://10.180.1.21/identity/v3/auth/tokens 0.070s
2025-11-22 00:04:42.509 67823 INFO tempest.lib.common.rest_client [req-8b38dc5b-0908-4d87-bf4c-cbc62dcaac77 req-8b38dc5b-0908-4d87-bf4c-cbc62dcaac77 ] Request (VolumesAdminNegativeTest:tearDownClass): 404 GET http://10.180.1.21/compute/v2.1/servers/ebffd8c7-01e1-4975-8ff7-8450ade6c619 2.472s
2025-11-22 00:04:42.585 67777 INFO tempest.lib.common.rest_client [req-f54aa0f3-9454-470a-a939-d4749edb6a33 req-f54aa0f3-9454-470a-a939-d4749edb6a33 ] Request (AbsoluteLimitsTestJSON:tearDownClass): 204 DELETE http://10.180.1.21/identity/v3/projects/7448f5b49ae14c3180a2dd7c7c9a837b 0.117s
2025-11-22 00:04:42.585 67777 INFO tempest.test [-] raised in ServerStableDeviceRescueTest.setUpClass. Invoking tearDownClass.
2025-11-22 00:04:42.766 67797 INFO tempest.lib.common.rest_client [req-d5e6f0c1-8897-47e6-a301-2f8ebf3f5715 req-d5e6f0c1-8897-47e6-a301-2f8ebf3f5715 ] Request (ServerActionsTestOtherA:setUpClass): 201 POST http://10.180.1.21/networking/v2.0/networks 0.257s
2025-11-22 00:04:42.787 67826 INFO tempest.lib.common.rest_client [req-e273858e-db56-4e8e-8a67-4a632287355e req-e273858e-db56-4e8e-8a67-4a632287355e ] Request (SecurityGroupsTestJSON:test_list_security_groups_by_server): 200 GET http://10.180.1.21/compute/v2.1/servers/9080c2c2-b7b4-423b-b444-79f423fbffbd 2.630s
2025-11-22 00:04:42.797 67826 INFO tempest.common.waiters [-] State transition "BUILD/scheduling" ==> "BUILD/None" after 3 second wait
2025-11-22 00:04:42.976 67797 INFO tempest.lib.common.rest_client [req-26e33f4e-1203-4f52-b363-d31651adb7c3 req-26e33f4e-1203-4f52-b363-d31651adb7c3 ] Request (ServerActionsTestOtherA:setUpClass): 201 POST http://10.180.1.21/networking/v2.0/subnets 0.209s
2025-11-22 00:04:43.026 67817 INFO tempest.lib.common.rest_client [req-c53fa601-1111-439b-81f0-83ca54d0667a req-c53fa601-1111-439b-81f0-83ca54d0667a ] Request (ImagesOneServerTestJSON:setUpClass): 200 GET http://10.180.1.21/compute/v2.1/servers/89333043-ba83-4b29-a2df-0746ec92eca0 2.773s
2025-11-22 00:04:43.031 67831 INFO tempest.lib.common.rest_client [req-f6c6885c-f0ad-408e-af3b-59b20b2118c3 req-f6c6885c-f0ad-408e-af3b-59b20b2118c3 ] Request (ListServersNegativeTestJSON:test_list_servers_by_limits_pass_negative_value): 400 GET http://10.180.1.21/compute/v2.1/servers?limit=-1 2.729s
2025-11-22 00:04:43.057 67783 INFO tempest.lib.common.rest_client [req-d46e7a62-d66c-44d6-a8ff-dcf0a5424f16 req-d46e7a62-d66c-44d6-a8ff-dcf0a5424f16 ] Request (ImagesNegativeTestJSON:tearDownClass): 404 DELETE http://10.180.1.21/compute/v2.1/servers/b140775e-4b1b-4830-90b1-69d48a52f6c0 2.753s
2025-11-22 00:04:43.109 67795 INFO tempest.lib.common.rest_client [req-9130e39e-8d78-4db1-9da3-92321abe96bf req-9130e39e-8d78-4db1-9da3-92321abe96bf ] Request (ServerActionsV293TestJSON:setUpClass): 200 GET http://10.180.1.21/volume/v3/volumes/96ceb649-804e-4369-a9d3-814b0ed9cce5 0.034s
2025-11-22 00:04:43.218 67803 WARNING tempest.lib.common.ssh [-] Failed to establish authenticated ssh connection to cirros@10.180.180.147 ([Errno None] Unable to connect to port 22 on 10.180.180.147). Number attempts: 5. Retry after 6 seconds.: paramiko.ssh_exception.NoValidConnectionsError: [Errno None] Unable to connect to port 22 on 10.180.180.147
2025-11-22 00:04:43.297 67823 INFO tempest.lib.common.rest_client [req-91e3c3fe-5ba0-48cf-8572-7151d9c2dbe7 req-91e3c3fe-5ba0-48cf-8572-7151d9c2dbe7 ] Request (VolumesAdminNegativeTest:tearDownClass): 200 PUT http://10.180.1.21/networking/v2.0/routers/58e2da78-ee22-4327-835a-026df3bbd1a2/remove_router_interface 0.787s
2025-11-22 00:04:43.349 67819 INFO tempest.lib.common.rest_client [req-62ab9bd1-50dd-4495-8cc0-7243d79cee4e req-62ab9bd1-50dd-4495-8cc0-7243d79cee4e ] Request (ImagesTestJSON:test_create_image_from_suspended_server): 200 GET http://10.180.1.21/compute/v2.1/servers/e9bf361b-72ee-4bdf-b6d9-c51e4f775ca3 2.940s
2025-11-22 00:04:43.388 67801 INFO tempest.lib.common.rest_client [req-5e095cb5-6e9e-4f03-b70c-197f25ea8395 req-5e095cb5-6e9e-4f03-b70c-197f25ea8395 ] Request (KeyPairsV22TestJSON:test_keypair_create_delete): 201 POST http://10.180.1.21/compute/v2.1/os-keypairs 2.978s
2025-11-22 00:04:43.687 67797 INFO tempest.lib.common.rest_client [req-18d80f5e-8392-47d2-b255-1ff8f5e075a9 req-18d80f5e-8392-47d2-b255-1ff8f5e075a9 ] Request (ServerActionsTestOtherA:setUpClass): 201 POST http://10.180.1.21/networking/v2.0/routers 0.711s
2025-11-22 00:04:43.700 67823 INFO tempest.lib.common.rest_client [req-e58473b0-27f5-420a-9ce2-30cceb6535a2 req-e58473b0-27f5-420a-9ce2-30cceb6535a2 ] Request (VolumesAdminNegativeTest:tearDownClass): 204 DELETE http://10.180.1.21/networking/v2.0/routers/58e2da78-ee22-4327-835a-026df3bbd1a2 0.402s
2025-11-22 00:04:43.724 67829 INFO tempest.lib.common.rest_client [req-e3690e63-25db-435f-91ef-ad023ebc8be9 req-e3690e63-25db-435f-91ef-ad023ebc8be9 ] Request (ServerShowV257Test:tearDownClass): 200 GET http://10.180.1.21/compute/v2.1/servers/ab17ecda-08c2-43fd-bada-ccbb87e1d162 3.213s
2025-11-22 00:04:43.733 67829 INFO tempest.common.waiters [-] State transition "ACTIVE/deleting" ==> "DELETED/None" after 4 second wait
2025-11-22 00:04:43.821 67823 INFO tempest.lib.common.rest_client [req-d2930df3-ff62-4d90-9563-d325e08e0106 req-d2930df3-ff62-4d90-9563-d325e08e0106 ] Request (VolumesAdminNegativeTest:tearDownClass): 204 DELETE http://10.180.1.21/networking/v2.0/subnets/cbfabd8b-02f6-47ef-bb01-3a498183f51d 0.121s
2025-11-22 00:04:44.159 67795 INFO tempest.lib.common.rest_client [req-3ce72793-42e4-49b8-a911-e5977b339035 req-3ce72793-42e4-49b8-a911-e5977b339035 ] Request (ServerActionsV293TestJSON:setUpClass): 200 GET http://10.180.1.21/volume/v3/volumes/96ceb649-804e-4369-a9d3-814b0ed9cce5 0.042s
2025-11-22 00:04:44.262 67823 INFO tempest.lib.common.rest_client [req-3790cb6a-8c37-4bec-91d3-44f9474d5562 req-3790cb6a-8c37-4bec-91d3-44f9474d5562 ] Request (VolumesAdminNegativeTest:tearDownClass): 204 DELETE http://10.180.1.21/networking/v2.0/networks/56a33151-526a-4938-bab0-86a2280ff1c1 0.441s
2025-11-22 00:04:44.326 67779 INFO tempest.lib.common.rest_client [req-45b003d8-cefe-4dfa-9cc6-2ddb868f85fc req-45b003d8-cefe-4dfa-9cc6-2ddb868f85fc ] Request (ServerExternalEventsTest:test_create_server_external_events): 200 GET http://10.180.1.21/compute/v2.1/servers/45f6f6e9-1822-4c1c-96ac-0847e3b87bff 3.592s
2025-11-22 00:04:45.002 67797 INFO tempest.lib.common.rest_client [req-6d834369-5e00-4412-9613-bcc3a75460e6 req-6d834369-5e00-4412-9613-bcc3a75460e6 ] Request (ServerActionsTestOtherA:setUpClass): 200 PUT http://10.180.1.21/networking/v2.0/routers/497a4069-8cf3-4240-a095-df64b6b1db8b/add_router_interface 1.314s
2025-11-22 00:04:45.002 67797 INFO tempest.lib.common.dynamic_creds [-] Created isolated network resources for: credentials: Credentials: {'domain_id': 'default', 'domain_name': 'Default', 'username': 'tempest-ServerActionsTestOtherA-1753616200-project-member', 'project_domain_id': 'default', 'project_domain_name': 'Default', 'project_id': 'b047c6d66a8b412ab2db14f01bcfcb55', 'project_name': 'tempest-ServerActionsTestOtherA-1753616200', 'tenant_id': 'b047c6d66a8b412ab2db14f01bcfcb55', 'tenant_name': 'tempest-ServerActionsTestOtherA-1753616200', 'user_domain_id': 'default', 'user_domain_name': 'Default', 'user_id': '145058ab1be44c2c89f644393d1278da', 'system': None}, Network: {'id': 'c6a3ea99-b375-45b7-9104-57706a36f70e', 'name': 'tempest-ServerActionsTestOtherA-1102658228-network', 'tenant_id': 'b047c6d66a8b412ab2db14f01bcfcb55', 'project_id': 'b047c6d66a8b412ab2db14f01bcfcb55', 'admin_state_up': True, 'mtu': 8950, 'status': 'ACTIVE', 'subnets': [], 'shared': False, 'port_security_enabled': True, 'router:external': False, 'provider:network_type': 'vlan', 'provider:physical_network': 'default', 'provider:segmentation_id': 976, 'availability_zone_hints': [], 'availability_zones': [], 'ipv4_address_scope': None, 'ipv6_address_scope': None, 'description': '', 'tags': [], 'created_at': '2025-11-22T00:04:42Z', 'updated_at': '2025-11-22T00:04:42Z', 'revision_number': 1}, Subnet: {'id': '87211316-f2ee-447b-8927-a2bdfba00730', 'name': 'tempest-ServerActionsTestOtherA-1102658228-subnet', 'tenant_id': 'b047c6d66a8b412ab2db14f01bcfcb55', 'network_id': 'c6a3ea99-b375-45b7-9104-57706a36f70e', 'ip_version': 4, 'subnetpool_id': None, 'enable_dhcp': True, 'ipv6_ra_mode': None, 'ipv6_address_mode': None, 'gateway_ip': '192.168.128.1', 'cidr': '192.168.128.0/28', 'allocation_pools': [{'start': '192.168.128.2', 'end': '192.168.128.14'}], 'host_routes': [], 'dns_nameservers': [], 'description': '', 'router:external': False, 'service_types': [], 'tags': [], 'created_at': '2025-11-22T00:04:42Z', 'updated_at': '2025-11-22T00:04:42Z', 'revision_number': 0, 'project_id': 'b047c6d66a8b412ab2db14f01bcfcb55'}, Router: {'id': '497a4069-8cf3-4240-a095-df64b6b1db8b', 'name': 'tempest-ServerActionsTestOtherA-1102658228-router', 'tenant_id': 'b047c6d66a8b412ab2db14f01bcfcb55', 'admin_state_up': True, 'status': 'ACTIVE', 'external_gateway_info': {'network_id': '785a1c40-3b6a-4071-a3cd-056d284d2270', 'external_fixed_ips': [{'subnet_id': '728cd319-bcae-475a-929f-b8ebcea94659', 'ip_address': '10.180.180.204'}], 'enable_snat': True}, 'description': '', 'availability_zones': [], 'distributed': False, 'ha': False, 'availability_zone_hints': [], 'routes': [], 'flavor_id': None, 'tags': [], 'created_at': '2025-11-22T00:04:43Z', 'updated_at': '2025-11-22T00:04:43Z', 'revision_number': 2, 'project_id': 'b047c6d66a8b412ab2db14f01bcfcb55'}
2025-11-22 00:04:45.085 67823 INFO tempest.lib.common.rest_client [req-a84dcbbb-5a8d-4888-9e6c-40cabdff843c req-a84dcbbb-5a8d-4888-9e6c-40cabdff843c ] Request (VolumesAdminNegativeTest:tearDownClass): 200 PUT http://10.180.1.21/networking/v2.0/routers/52684118-5a2e-425c-b322-9bcccd475902/remove_router_interface 0.822s
2025-11-22 00:04:45.116 67797 INFO tempest.lib.common.rest_client [req-98c4ac11-4910-4d19-9993-9ce7e0b30b6c req-98c4ac11-4910-4d19-9993-9ce7e0b30b6c ] Request (ServerActionsTestOtherA:setUpClass): 201 POST http://10.180.1.21/identity/v3/auth/tokens 0.110s
2025-11-22 00:04:45.132 67822 INFO tempest.lib.common.rest_client [req-de1f43ad-8343-49d3-9933-ddcbf699033e req-de1f43ad-8343-49d3-9933-ddcbf699033e ] Request (DeleteServersTestJSON:test_delete_active_server): 200 GET http://10.180.1.21/compute/v2.1/servers/d4b7e87a-547e-424b-8092-500f913929f3 4.289s
2025-11-22 00:04:45.205 67795 INFO tempest.lib.common.rest_client [req-4905bff7-a2aa-4f84-9502-935b12e339c1 req-4905bff7-a2aa-4f84-9502-935b12e339c1 ] Request (ServerActionsV293TestJSON:setUpClass): 200 GET http://10.180.1.21/volume/v3/volumes/96ceb649-804e-4369-a9d3-814b0ed9cce5 0.036s
2025-11-22 00:04:45.537 67807 INFO tempest.lib.common.rest_client [req-5b28c130-3040-4ab5-a6e2-6eb7301b178b req-5b28c130-3040-4ab5-a6e2-6eb7301b178b ] Request (AttachInterfacesV270Test:tearDownClass): 200 GET http://10.180.1.21/compute/v2.1/servers/e3726ba6-49bb-4212-8a86-ab4868a88999 4.408s
2025-11-22 00:04:45.548 67807 INFO tempest.common.waiters [-] State transition "ACTIVE/deleting" ==> "DELETED/None" after 5 second wait
2025-11-22 00:04:45.614 67823 INFO tempest.lib.common.rest_client [req-ef59cffd-4c6b-4cdd-a6c9-3cd2c63e1b30 req-ef59cffd-4c6b-4cdd-a6c9-3cd2c63e1b30 ] Request (VolumesAdminNegativeTest:tearDownClass): 204 DELETE http://10.180.1.21/networking/v2.0/routers/52684118-5a2e-425c-b322-9bcccd475902 0.529s
