2025-11-22 00:04:16.198 67815 INFO tempest.lib.common.rest_client [req-6ba46d90-ec52-4471-a713-3eb318dd0335 req-6ba46d90-ec52-4471-a713-3eb318dd0335 ] Request (ServersTestMultiNic:_run_cleanups): 200 GET http://10.180.1.21/compute/v2.1/servers/75f39b73-fd79-4501-b8c1-f78913f66470 2.651s
2025-11-22 00:04:16.207 67815 INFO tempest.common.waiters [-] State transition "ACTIVE/deleting" ==> "DELETED/None" after 4 second wait
2025-11-22 00:04:16.223 67811 INFO tempest.lib.common.rest_client [req-c7c96abb-92bb-46e5-9def-f34010004ff6 req-c7c96abb-92bb-46e5-9def-f34010004ff6 ] Request (ServersTestJSON:setUpClass): 200 GET http://10.180.1.21/compute/v2.1/servers/bc3670ab-6223-423a-a661-dd6d657d59b5 2.603s
2025-11-22 00:04:16.229 67801 INFO tempest.lib.common.rest_client [req-e22cf5fe-3ba7-471d-a0ad-c2476f520632 req-e22cf5fe-3ba7-471d-a0ad-c2476f520632 ] Request (HostsAdminNegativeTestJSON:test_startup_host_with_non_admin_user): 403 GET http://10.180.1.21/compute/v2.1/os-hosts/devstack/startup 2.441s
2025-11-22 00:04:16.274 67795 INFO tempest.lib.common.rest_client [req-0f68e0cb-d666-4e3e-9232-b83d5b451266 req-0f68e0cb-d666-4e3e-9232-b83d5b451266 ] Request (KeyPairsNegativeTestJSON:test_create_keypair_when_public_key_bits_exceeds_maximum): 400 POST http://10.180.1.21/compute/v2.1/os-keypairs 2.477s
2025-11-22 00:04:16.280 67777 INFO tempest.lib.common.rest_client [req-76dfce42-7d81-4cd8-83de-bb87393fb0aa req-76dfce42-7d81-4cd8-83de-bb87393fb0aa ] Request (ServerDiagnosticsTest:tearDownClass): 200 GET http://10.180.1.21/compute/v2.1/servers/d3a6879a-dadb-4652-9299-ec7f369d522c 2.531s
2025-11-22 00:04:16.294 67785 INFO tempest.lib.common.rest_client [req-7d12b7d0-b5af-41a8-bcb1-a2eb8208ede3 req-7d12b7d0-b5af-41a8-bcb1-a2eb8208ede3 ] Request (QuotasAdminTestJSON:test_delete_quota): 202 DELETE http://10.180.1.21/compute/v2.1/os-quota-sets/5aee085055a0473b96dde8817c355b26 2.218s
2025-11-22 00:04:16.351 67829 INFO tempest.lib.common.rest_client [req-56faeb2c-71c9-489a-9eee-9fb899a23a4a req-56faeb2c-71c9-489a-9eee-9fb899a23a4a ] Request (ServerShowV257Test:test_rebuild_server): 200 GET http://10.180.1.21/compute/v2.1/servers/ab17ecda-08c2-43fd-bada-ccbb87e1d162 2.549s
2025-11-22 00:04:16.365 67829 INFO tempest.common.waiters [-] State transition "BUILD/None" ==> "BUILD/networking" after 18 second wait
2025-11-22 00:04:16.370 67807 INFO tempest.lib.common.rest_client [req-4530a0c6-8f3f-4aba-ad0d-002e6920755b req-4530a0c6-8f3f-4aba-ad0d-002e6920755b ] Request (AttachInterfacesV270Test:test_create_get_list_interfaces): 200 GET http://10.180.1.21/compute/v2.1/servers/e3726ba6-49bb-4212-8a86-ab4868a88999 2.236s
2025-11-22 00:04:16.430 67793 INFO tempest.lib.common.rest_client [req-a7e386d7-f2d1-4f72-bc52-c526ed7667a9 req-a7e386d7-f2d1-4f72-bc52-c526ed7667a9 ] Request (ServersWithSpecificFlavorTestJSON:test_verify_created_server_ephemeral_disk): 200 GET http://10.180.1.21/compute/v2.1/servers/7c8cb284-954c-4ec8-8fde-1741416b4b1a 2.155s
2025-11-22 00:04:16.483 67813 INFO tempest.lib.common.rest_client [req-adc73e18-beb2-472a-ae88-a48588833d05 req-adc73e18-beb2-472a-ae88-a48588833d05 ] Request (ServerMetadataNegativeTestJSON:setUpClass): 200 GET http://10.180.1.21/compute/v2.1/servers/1f0382d3-dc1c-4d6d-ba0e-b2e6dec5d6df 2.173s
2025-11-22 00:04:16.496 67805 INFO tempest.lib.common.rest_client [req-466da1a5-7dc1-41ce-9c28-3a4194db93fd req-466da1a5-7dc1-41ce-9c28-3a4194db93fd ] Request (ServersAdminNegativeTestJSON:setUpClass): 200 GET http://10.180.1.21/compute/v2.1/servers/6316a44e-b883-4136-b7a5-7c2e661ca535 2.287s
2025-11-22 00:04:16.536 67833 INFO tempest.lib.common.rest_client [req-96e19de6-61b9-4d91-99e6-3add2eee0bd4 req-96e19de6-61b9-4d91-99e6-3add2eee0bd4 ] Request (ImagesMetadataTestJSON:test_get_image_metadata_item): 200 GET http://10.180.1.21/compute/v2.1/images/c55ae3c0-d786-41ed-b76a-7c928a7b3cf0/metadata/os_distro 2.208s
2025-11-22 00:04:16.545 67819 INFO tempest.lib.common.rest_client [req-37d0b0e9-7040-44c6-b398-bdfb665302ec req-37d0b0e9-7040-44c6-b398-bdfb665302ec ] Request (ImagesTestJSON:test_create_image_from_stopped_server): 200 GET http://10.180.1.21/compute/v2.1/images/bd515afe-618a-4911-a319-7d457382092f 2.189s
2025-11-22 00:04:16.603 67831 INFO tempest.lib.common.rest_client [req-a019f512-ac86-4f99-9e4a-af964201919a req-a019f512-ac86-4f99-9e4a-af964201919a ] Request (ListServersNegativeTestJSON:setUpClass): 200 GET http://10.180.1.21/compute/v2.1/servers/76b8c059-a820-4c7d-8c99-714266b0675d 2.202s
2025-11-22 00:04:16.603 67783 INFO tempest.lib.common.rest_client [req-8d99fb75-32c1-49f9-842a-cb11d17fb63f req-8d99fb75-32c1-49f9-842a-cb11d17fb63f ] Request (ImagesNegativeTestJSON:test_create_image_from_deleted_server): 200 GET http://10.180.1.21/compute/v2.1/servers/b140775e-4b1b-4830-90b1-69d48a52f6c0 2.085s
2025-11-22 00:04:16.663 67826 INFO tempest.lib.common.rest_client [req-7ee3ee9b-9b8b-48c8-a9f6-b1eb30c6cab1 req-7ee3ee9b-9b8b-48c8-a9f6-b1eb30c6cab1 ] Request (ServerDiagnosticsNegativeTest:tearDownClass): 200 GET http://10.180.1.21/compute/v2.1/servers/8c4dd22b-0cec-4ea7-bba7-5240291b8839 2.013s
2025-11-22 00:04:16.699 67799 INFO tempest.lib.common.rest_client [req-06a7ee87-f8b2-4509-a6bb-ee903594ae82 req-06a7ee87-f8b2-4509-a6bb-ee903594ae82 ] Request (TenantUsagesTestJSON:setUpClass): 200 GET http://10.180.1.21/compute/v2.1/servers/0aa12f0d-754e-42ec-8363-c459446d620b 2.110s
2025-11-22 00:04:16.709 67799 INFO tempest.common.waiters [-] State transition "BUILD/networking" ==> "BUILD/spawning" after 20 second wait
2025-11-22 00:04:16.718 67771 INFO tempest.lib.common.rest_client [req-42d3f749-bdc7-4a05-bdab-9bf63d9a229a req-42d3f749-bdc7-4a05-bdab-9bf63d9a229a ] Request (DeleteServersAdminTestJSON:test_delete_server_while_in_error_state): 200 GET http://10.180.1.21/compute/v2.1/servers/d35fb4f8-8fd7-4796-84ba-601d5ba67ada 1.935s
2025-11-22 00:04:16.760 67823 INFO tempest.lib.common.rest_client [req-d8da4be9-c14e-4365-b53d-555ce88d4114 req-d8da4be9-c14e-4365-b53d-555ce88d4114 ] Request (VolumesAdminNegativeTest:tearDownClass): 200 GET http://10.180.1.21/compute/v2.1/servers/ebffd8c7-01e1-4975-8ff7-8450ade6c619 1.836s
2025-11-22 00:04:16.821 67787 INFO tempest.lib.common.rest_client [req-73cd0a5a-e3a3-47dd-9a61-0cf4b89bf9c4 req-73cd0a5a-e3a3-47dd-9a61-0cf4b89bf9c4 ] Request (ServersAdminTestJSON:setUpClass): 200 GET http://10.180.1.21/compute/v2.1/servers/060923c7-f844-43fb-b2c2-4faa867c2564 1.767s
2025-11-22 00:04:16.835 67809 INFO tempest.lib.common.rest_client [req-9caacc7f-4d55-46d0-a518-10e3247c970b req-9caacc7f-4d55-46d0-a518-10e3247c970b ] Request (AggregatesAdminNegativeTestJSON:test_aggregate_create_with_existent_aggregate_name): 409 POST http://10.180.1.21/compute/v2.1/os-aggregates 1.358s
2025-11-22 00:04:16.889 67789 INFO tempest.lib.common.rest_client [req-e87e2833-05cb-4481-8b3b-18668d2c010a req-e87e2833-05cb-4481-8b3b-18668d2c010a ] Request (ImagesOneServerNegativeTestJSON:setUp): 200 GET http://10.180.1.21/compute/v2.1/servers/212159cd-ed9d-48aa-9633-5bd9dc59e5b6 1.427s
2025-11-22 00:04:16.905 67817 INFO tempest.lib.common.rest_client [req-015076c9-6b6f-42ff-81cc-04f70fc202c6 req-015076c9-6b6f-42ff-81cc-04f70fc202c6 ] Request (ImagesOneServerTestJSON:setUpClass): 200 GET http://10.180.1.21/compute/v2.1/servers/89333043-ba83-4b29-a2df-0746ec92eca0 1.289s
2025-11-22 00:04:16.910 67787 INFO tempest.lib.common.rest_client [req-545c025f-677c-467f-adfc-7c54755dfaf4 req-545c025f-677c-467f-adfc-7c54755dfaf4 ] Request (ServersAdminTestJSON:test_create_server_with_scheduling_hint): 201 POST http://10.180.1.21/identity/v3/auth/tokens 0.076s
2025-11-22 00:04:16.910 67791 INFO tempest.lib.common.rest_client [req-add480e9-2fd4-4643-8d3e-56793edd5cbc req-add480e9-2fd4-4643-8d3e-56793edd5cbc ] Request (FlavorsAdminTestJSON:test_create_list_flavor_without_extra_data): 200 POST http://10.180.1.21/compute/v2.1/flavors 1.260s
2025-11-22 00:04:16.910 67787 INFO tempest.lib.common.fixed_network [-] (ServersAdminTestJSON:test_create_server_with_scheduling_hint) Found network {'id': '2ff1f5b3-daea-4e3a-af85-08bfd4b07302', 'name': 'tempest-ServersAdminTestJSON-336917481-network', 'tenant_id': '135ce2786a0c4a40a529b0f89a15bf7d', 'project_id': '135ce2786a0c4a40a529b0f89a15bf7d', 'admin_state_up': True, 'mtu': 8950, 'status': 'ACTIVE', 'subnets': [], 'shared': False, 'port_security_enabled': True, 'router:external': False, 'provider:network_type': 'vlan', 'provider:physical_network': 'default', 'provider:segmentation_id': 500, 'availability_zone_hints': [], 'availability_zones': [], 'ipv4_address_scope': None, 'ipv6_address_scope': None, 'description': '', 'tags': [], 'created_at': '2025-11-22T00:03:11Z', 'updated_at': '2025-11-22T00:03:11Z', 'revision_number': 1} available for tenant
2025-11-22 00:04:16.941 67828 INFO tempest.lib.common.rest_client [req-d92b0d7c-8aa2-4c71-9acb-c4df65be3785 req-d92b0d7c-8aa2-4c71-9acb-c4df65be3785 ] Request (FlavorsAccessNegativeTestJSON:test_flavor_non_admin_remove): 403 POST http://10.180.1.21/compute/v2.1/flavors/1265031186/action 1.057s
2025-11-22 00:04:16.950 67801 INFO tempest.lib.common.rest_client [req-58aca271-5801-4643-9b31-98af4add4dbb req-58aca271-5801-4643-9b31-98af4add4dbb ] Request (HostsAdminNegativeTestJSON:test_startup_nonexistent_host): 404 GET http://10.180.1.21/compute/v2.1/os-hosts/nonexistent_hostname/startup 0.719s
2025-11-22 00:04:16.975 67795 INFO tempest.lib.common.rest_client [req-5a688139-a935-4c4a-9ab1-e7b52af2eeda req-5a688139-a935-4c4a-9ab1-e7b52af2eeda ] Request (KeyPairsNegativeTestJSON:test_create_keypair_with_duplicate_name): 200 POST http://10.180.1.21/compute/v2.1/os-keypairs 0.699s
2025-11-22 00:04:17.029 67785 INFO tempest.lib.common.rest_client [req-78d82419-fe4c-4cbf-bd40-95b6fb19430d req-78d82419-fe4c-4cbf-bd40-95b6fb19430d ] Request (QuotasAdminTestJSON:test_delete_quota): 200 GET http://10.180.1.21/compute/v2.1/os-quota-sets/5aee085055a0473b96dde8817c355b26 0.735s
2025-11-22 00:04:17.095 67833 INFO tempest.lib.common.rest_client [req-aab571c8-91ce-43d7-9cf6-b9b10f901474 req-aab571c8-91ce-43d7-9cf6-b9b10f901474 ] Request (ImagesMetadataTestJSON:setUp): 200 PUT http://10.180.1.21/compute/v2.1/images/c55ae3c0-d786-41ed-b76a-7c928a7b3cf0/metadata 0.556s
2025-11-22 00:04:17.096 67785 INFO tempest.lib.common.rest_client [req-833f5082-8b56-4eb6-83da-03b23b75d9f6 req-833f5082-8b56-4eb6-83da-03b23b75d9f6 ] Request (QuotasAdminTestJSON:_run_cleanups): 204 DELETE http://10.180.1.21/identity/v3/projects/5aee085055a0473b96dde8817c355b26 0.065s
2025-11-22 00:04:17.144 67779 INFO tempest.lib.common.rest_client [req-0f9f0459-cd99-4626-913e-53485b7240dd req-0f9f0459-cd99-4626-913e-53485b7240dd ] Request (ServerExternalEventsTest:test_create_server_external_events): 200 GET http://10.180.1.21/compute/v2.1/servers/45f6f6e9-1822-4c1c-96ac-0847e3b87bff 0.488s
2025-11-22 00:04:17.160 67809 INFO tempest.lib.common.rest_client [req-85f6e7ac-ffce-4136-bb92-ab0c50f679e8 req-85f6e7ac-ffce-4136-bb92-ab0c50f679e8 ] Request (AggregatesAdminNegativeTestJSON:_run_cleanups): 200 DELETE http://10.180.1.21/compute/v2.1/os-aggregates/4 0.324s
2025-11-22 00:04:17.165 67789 INFO tempest.lib.common.rest_client [req-b645e115-53a5-47a9-b6c6-fab40ccd4144 req-b645e115-53a5-47a9-b6c6-fab40ccd4144 ] Request (ImagesOneServerNegativeTestJSON:test_create_image_specify_invalid_metadata): 400 POST http://10.180.1.21/compute/v2.1/servers/212159cd-ed9d-48aa-9633-5bd9dc59e5b6/action 0.267s
2025-11-22 00:04:17.226 67822 INFO tempest.lib.common.rest_client [req-967cfab0-bb11-49fe-bd6d-070d95049d40 req-967cfab0-bb11-49fe-bd6d-070d95049d40 ] Request (DeleteServersTestJSON:test_delete_active_server): 200 GET http://10.180.1.21/compute/v2.1/servers/d4b7e87a-547e-424b-8092-500f913929f3 0.327s
2025-11-22 00:04:17.233 67822 INFO tempest.common.waiters [-] State transition "ACTIVE/deleting" ==> "DELETED/None" after 2 second wait
2025-11-22 00:04:17.362 67803 WARNING tempest.lib.common.ssh [-] Failed to establish authenticated ssh connection to cirros@10.180.180.147 ([Errno None] Unable to connect to port 22 on 10.180.180.147). Number attempts: 1. Retry after 2 seconds.: paramiko.ssh_exception.NoValidConnectionsError: [Errno None] Unable to connect to port 22 on 10.180.180.147
2025-11-22 00:04:17.569 67773 INFO tempest.lib.common.rest_client [req-95413b5f-e994-40a2-8de2-ab2c3fe0e120 req-95413b5f-e994-40a2-8de2-ab2c3fe0e120 ] Request (ServerDiagnosticsV248Test:test_get_server_diagnostics): 200 GET http://10.180.1.21/compute/v2.1/servers/99e43d28-43b0-45c3-ae46-fbc4378f84b3/diagnostics 0.975s
2025-11-22 00:04:17.579 67791 INFO tempest.lib.common.rest_client [req-fd915596-95bb-4583-ad9b-9134a54af597 req-fd915596-95bb-4583-ad9b-9134a54af597 ] Request (FlavorsAdminTestJSON:test_create_list_flavor_without_extra_data): 200 GET http://10.180.1.21/compute/v2.1/flavors/1631467947 0.666s
2025-11-22 00:04:17.604 67787 INFO tempest.lib.common.rest_client [req-4779d01c-b21b-40e4-a92c-aa7c3563d142 req-4779d01c-b21b-40e4-a92c-aa7c3563d142 ] Request (ServersAdminTestJSON:test_create_server_with_scheduling_hint): 202 POST http://10.180.1.21/compute/v2.1/servers 0.693s
2025-11-22 00:04:17.609 67801 INFO tempest.lib.common.rest_client [req-70b4fa6f-a813-40f6-9a2b-cfa84f375977 req-70b4fa6f-a813-40f6-9a2b-cfa84f375977 ] Request (HostsAdminNegativeTestJSON:test_update_host_with_invalid_maintenance_mode): 400 PUT http://10.180.1.21/compute/v2.1/os-hosts/devstack 0.658s
2025-11-22 00:04:17.655 67795 INFO tempest.lib.common.rest_client [req-2635e83b-aa6b-4ed1-9b7f-11c0127d75e7 req-2635e83b-aa6b-4ed1-9b7f-11c0127d75e7 ] Request (KeyPairsNegativeTestJSON:test_create_keypair_with_duplicate_name): 409 POST http://10.180.1.21/compute/v2.1/os-keypairs 0.677s
2025-11-22 00:04:17.690 67833 INFO tempest.lib.common.rest_client [req-105324b0-0624-47d0-82d1-41a6de24942a req-105324b0-0624-47d0-82d1-41a6de24942a ] Request (ImagesMetadataTestJSON:test_list_image_metadata): 200 GET http://10.180.1.21/compute/v2.1/images/c55ae3c0-d786-41ed-b76a-7c928a7b3cf0/metadata 0.594s
2025-11-22 00:04:17.734 67828 INFO tempest.lib.common.rest_client [req-d8428262-d991-4ba9-a4ff-62d359839b33 req-d8428262-d991-4ba9-a4ff-62d359839b33 ] Request (FlavorsAccessNegativeTestJSON:_run_cleanups): 200 POST http://10.180.1.21/compute/v2.1/flavors/1265031186/action 0.792s
2025-11-22 00:04:17.776 67785 INFO tempest.lib.common.rest_client [req-42c18173-61ad-43d5-a9ff-84c7d51358b7 req-42c18173-61ad-43d5-a9ff-84c7d51358b7 ] Request (QuotasAdminTestJSON:test_get_default_quotas): 200 GET http://10.180.1.21/compute/v2.1/os-quota-sets/856e52c4efa4456595a89407dd2cc4da/defaults 0.678s
2025-11-22 00:04:17.778 67809 INFO tempest.lib.common.rest_client [req-e1a0bc18-cdcb-4f0e-b94d-24f504abce8b req-e1a0bc18-cdcb-4f0e-b94d-24f504abce8b ] Request (AggregatesAdminNegativeTestJSON:test_aggregate_delete_as_user): 200 POST http://10.180.1.21/compute/v2.1/os-aggregates 0.617s
2025-11-22 00:04:17.827 67785 INFO tempest.lib.common.rest_client [req-3aba3b1c-af51-4d71-891c-d70a0a49bbfb req-3aba3b1c-af51-4d71-891c-d70a0a49bbfb ] Request (QuotasAdminTestJSON:test_get_updated_quotas): 200 GET http://10.180.1.21/identity/v3/domains?name=Default 0.046s
2025-11-22 00:04:17.882 67785 INFO tempest.lib.common.rest_client [req-cfa7f852-7c45-482b-b29e-9a359d2c239f req-cfa7f852-7c45-482b-b29e-9a359d2c239f ] Request (QuotasAdminTestJSON:test_get_updated_quotas): 201 POST http://10.180.1.21/identity/v3/projects 0.054s
2025-11-22 00:04:17.909 67815 INFO tempest.lib.common.rest_client [req-cb8a510e-cfb2-4b2f-89fd-d1d5f8d1d228 req-cb8a510e-cfb2-4b2f-89fd-d1d5f8d1d228 ] Request (ServersTestMultiNic:_run_cleanups): 200 GET http://10.180.1.21/compute/v2.1/servers/75f39b73-fd79-4501-b8c1-f78913f66470 0.700s
2025-11-22 00:04:17.994 67785 INFO tempest.lib.common.rest_client [req-40d4e22a-3d76-400f-977f-05d5a70d0cf1 req-40d4e22a-3d76-400f-977f-05d5a70d0cf1 ] Request (QuotasAdminTestJSON:test_get_updated_quotas): 200 GET http://10.180.1.21/identity/v3/domains?name=Default 0.111s
2025-11-22 00:04:18.035 67789 INFO tempest.lib.common.rest_client [req-9c920c71-e88b-423f-a9ce-d0fe9be7ecbe req-9c920c71-e88b-423f-a9ce-d0fe9be7ecbe ] Request (ImagesOneServerNegativeTestJSON:tearDown): 200 GET http://10.180.1.21/compute/v2.1/servers/212159cd-ed9d-48aa-9633-5bd9dc59e5b6 0.869s
2025-11-22 00:04:18.074 67811 INFO tempest.lib.common.rest_client [req-cc811f66-d542-404e-b84e-a497a78a617e req-cc811f66-d542-404e-b84e-a497a78a617e ] Request (ServersTestJSON:setUpClass): 200 GET http://10.180.1.21/compute/v2.1/servers/bc3670ab-6223-423a-a661-dd6d657d59b5 0.836s
2025-11-22 00:04:18.082 67811 INFO tempest.common.waiters [-] State transition "BUILD/spawning" ==> "ACTIVE/None" after 40 second wait
2025-11-22 00:04:18.117 67777 INFO tempest.lib.common.rest_client [req-43225998-fdf9-4068-87a4-25ee24b125b5 req-43225998-fdf9-4068-87a4-25ee24b125b5 ] Request (ServerDiagnosticsTest:tearDownClass): 200 GET http://10.180.1.21/compute/v2.1/servers/d3a6879a-dadb-4652-9299-ec7f369d522c 0.827s
2025-11-22 00:04:18.130 67829 INFO tempest.lib.common.rest_client [req-408a4d01-db6e-4f3c-beb9-90784c51ed7a req-408a4d01-db6e-4f3c-beb9-90784c51ed7a ] Request (ServerShowV257Test:test_rebuild_server): 200 GET http://10.180.1.21/compute/v2.1/servers/ab17ecda-08c2-43fd-bada-ccbb87e1d162 0.765s
2025-11-22 00:04:18.140 67829 INFO tempest.common.waiters [-] State transition "BUILD/networking" ==> "BUILD/spawning" after 20 second wait
2025-11-22 00:04:18.171 67807 INFO tempest.lib.common.rest_client [req-fcdb807a-9b3d-4587-99e7-8434ef0d9cbb req-fcdb807a-9b3d-4587-99e7-8434ef0d9cbb ] Request (AttachInterfacesV270Test:test_create_get_list_interfaces): 200 GET http://10.180.1.21/compute/v2.1/servers/e3726ba6-49bb-4212-8a86-ab4868a88999 0.786s
2025-11-22 00:04:18.183 67793 INFO tempest.lib.common.rest_client [req-f6a719be-0904-45cc-8205-55c9bae451fa req-f6a719be-0904-45cc-8205-55c9bae451fa ] Request (ServersWithSpecificFlavorTestJSON:test_verify_created_server_ephemeral_disk): 200 GET http://10.180.1.21/compute/v2.1/servers/7c8cb284-954c-4ec8-8fde-1741416b4b1a 0.744s
2025-11-22 00:04:18.218 67813 INFO tempest.lib.common.rest_client [req-1fb6f40e-ab12-49d9-86be-bc8a67d78397 req-1fb6f40e-ab12-49d9-86be-bc8a67d78397 ] Request (ServerMetadataNegativeTestJSON:setUpClass): 200 GET http://10.180.1.21/compute/v2.1/servers/1f0382d3-dc1c-4d6d-ba0e-b2e6dec5d6df 0.726s
2025-11-22 00:04:18.257 67819 INFO tempest.lib.common.rest_client [req-3afe958f-d342-4cd7-b28d-d0ee22d9f496 req-3afe958f-d342-4cd7-b28d-d0ee22d9f496 ] Request (ImagesTestJSON:test_create_image_from_stopped_server): 200 GET http://10.180.1.21/compute/v2.1/images/bd515afe-618a-4911-a319-7d457382092f 0.707s
2025-11-22 00:04:18.305 67805 INFO tempest.lib.common.rest_client [req-df9879ed-8d1d-48de-93d8-7ab725f82e5c req-df9879ed-8d1d-48de-93d8-7ab725f82e5c ] Request (ServersAdminNegativeTestJSON:setUpClass): 200 GET http://10.180.1.21/compute/v2.1/servers/6316a44e-b883-4136-b7a5-7c2e661ca535 0.801s
2025-11-22 00:04:18.327 67773 INFO tempest.lib.common.rest_client [req-5eabc890-14f0-48ec-9879-abce8794ca24 req-5eabc890-14f0-48ec-9879-abce8794ca24 ] Request (ServerDiagnosticsV248Test:tearDownClass): 204 DELETE http://10.180.1.21/compute/v2.1/servers/99e43d28-43b0-45c3-ae46-fbc4378f84b3 0.751s
2025-11-22 00:04:18.379 67787 INFO tempest.lib.common.rest_client [req-ac35ff40-badb-4768-9d7c-54ee4d69757d req-ac35ff40-badb-4768-9d7c-54ee4d69757d ] Request (ServersAdminTestJSON:test_create_server_with_scheduling_hint): 200 GET http://10.180.1.21/compute/v2.1/servers/f5e2218f-d483-447e-8e9a-7575adfa4cd6 0.773s
2025-11-22 00:04:18.427 67791 INFO tempest.lib.common.rest_client [req-c3ca89ef-b446-477f-8943-1fd449f0af5c req-c3ca89ef-b446-477f-8943-1fd449f0af5c ] Request (FlavorsAdminTestJSON:test_create_list_flavor_without_extra_data): 200 GET http://10.180.1.21/compute/v2.1/flavors/detail 0.846s
2025-11-22 00:04:18.434 67801 INFO tempest.lib.common.rest_client [req-d611a034-c3e7-4249-bd98-202cd8ddb39a req-d611a034-c3e7-4249-bd98-202cd8ddb39a ] Request (HostsAdminNegativeTestJSON:test_update_host_with_invalid_status): 400 PUT http://10.180.1.21/compute/v2.1/os-hosts/devstack 0.823s
2025-11-22 00:04:18.449 67831 INFO tempest.lib.common.rest_client [req-5be70439-2715-440e-85fc-1469d30df206 req-5be70439-2715-440e-85fc-1469d30df206 ] Request (ListServersNegativeTestJSON:setUpClass): 200 GET http://10.180.1.21/compute/v2.1/servers/76b8c059-a820-4c7d-8c99-714266b0675d 0.838s
2025-11-22 00:04:18.465 67795 INFO tempest.lib.common.rest_client [req-9752f05f-0012-45e4-9954-f9eda3b99392 req-9752f05f-0012-45e4-9954-f9eda3b99392 ] Request (KeyPairsNegativeTestJSON:test_create_keypair_with_duplicate_name): 202 DELETE http://10.180.1.21/compute/v2.1/os-keypairs/tempest-keypair-920284812 0.809s
2025-11-22 00:04:18.490 67783 INFO tempest.lib.common.rest_client [req-0645e80b-8484-4dda-8fbc-d5d8260bf288 req-0645e80b-8484-4dda-8fbc-d5d8260bf288 ] Request (ImagesNegativeTestJSON:test_create_image_from_deleted_server): 200 GET http://10.180.1.21/compute/v2.1/servers/b140775e-4b1b-4830-90b1-69d48a52f6c0 0.877s
2025-11-22 00:04:18.517 67826 INFO tempest.lib.common.rest_client [req-d14b356e-685d-4ff1-9053-b9b3a1fa2dce req-d14b356e-685d-4ff1-9053-b9b3a1fa2dce ] Request (ServerDiagnosticsNegativeTest:tearDownClass): 200 GET http://10.180.1.21/compute/v2.1/servers/8c4dd22b-0cec-4ea7-bba7-5240291b8839 0.846s
2025-11-22 00:04:18.610 67799 INFO tempest.lib.common.rest_client [req-42ffcfa9-c309-489d-9340-628e26d4864d req-42ffcfa9-c309-489d-9340-628e26d4864d ] Request (TenantUsagesTestJSON:setUpClass): 200 GET http://10.180.1.21/compute/v2.1/servers/0aa12f0d-754e-42ec-8363-c459446d620b 0.899s
2025-11-22 00:04:18.611 67833 INFO tempest.lib.common.rest_client [req-d6d6b6d1-19e6-44fa-8fd5-4f7e5211f8db req-d6d6b6d1-19e6-44fa-8fd5-4f7e5211f8db ] Request (ImagesMetadataTestJSON:setUp): 200 PUT http://10.180.1.21/compute/v2.1/images/c55ae3c0-d786-41ed-b76a-7c928a7b3cf0/metadata 0.920s
2025-11-22 00:04:18.624 67828 INFO tempest.lib.common.rest_client [req-ac93ce06-fa1d-40cc-8fb1-e75a039d7643 req-ac93ce06-fa1d-40cc-8fb1-e75a039d7643 ] Request (FlavorsAccessNegativeTestJSON:_run_cleanups): 202 DELETE http://10.180.1.21/compute/v2.1/flavors/1265031186 0.888s
2025-11-22 00:04:18.656 67771 INFO tempest.lib.common.rest_client [req-f28421d7-bd12-4704-8a31-848e8e6a66d2 req-f28421d7-bd12-4704-8a31-848e8e6a66d2 ] Request (DeleteServersAdminTestJSON:test_delete_server_while_in_error_state): 200 GET http://10.180.1.21/compute/v2.1/servers/d35fb4f8-8fd7-4796-84ba-601d5ba67ada 0.929s
2025-11-22 00:04:18.660 67809 INFO tempest.lib.common.rest_client [req-24afbfae-2c2a-4a13-9cb4-3b3256c7b063 req-24afbfae-2c2a-4a13-9cb4-3b3256c7b063 ] Request (AggregatesAdminNegativeTestJSON:test_aggregate_delete_as_user): 403 DELETE http://10.180.1.21/compute/v2.1/os-aggregates/5 0.879s
2025-11-22 00:04:18.680 67823 INFO tempest.lib.common.rest_client [req-da1f8ccd-36e3-476a-88d0-b0ca99319748 req-da1f8ccd-36e3-476a-88d0-b0ca99319748 ] Request (VolumesAdminNegativeTest:tearDownClass): 200 GET http://10.180.1.21/compute/v2.1/servers/ebffd8c7-01e1-4975-8ff7-8450ade6c619 0.912s
2025-11-22 00:04:18.707 67817 INFO tempest.lib.common.rest_client [req-e4a0d40c-c9e5-4c63-b1a9-32899eeb3255 req-e4a0d40c-c9e5-4c63-b1a9-32899eeb3255 ] Request (ImagesOneServerTestJSON:setUpClass): 200 GET http://10.180.1.21/compute/v2.1/servers/89333043-ba83-4b29-a2df-0746ec92eca0 0.793s
2025-11-22 00:04:18.714 67817 INFO tempest.common.waiters [-] State transition "BUILD/scheduling" ==> "BUILD/None" after 2 second wait
2025-11-22 00:04:18.751 67785 INFO tempest.lib.common.rest_client [req-be80a0a6-1165-4816-8c45-ebc864efe94e req-be80a0a6-1165-4816-8c45-ebc864efe94e ] Request (QuotasAdminTestJSON:test_get_updated_quotas): 200 PUT http://10.180.1.21/compute/v2.1/os-quota-sets/498b04b17bc74bd4bda32bece052d6f5 0.756s
2025-11-22 00:04:18.805 67789 INFO tempest.lib.common.rest_client [req-127198bd-73c1-42cf-b323-1eb10add4f60 req-127198bd-73c1-42cf-b323-1eb10add4f60 ] Request (ImagesOneServerNegativeTestJSON:setUp): 200 GET http://10.180.1.21/compute/v2.1/servers/212159cd-ed9d-48aa-9633-5bd9dc59e5b6 0.756s
2025-11-22 00:04:18.876 67811 INFO tempest.lib.common.rest_client [req-5f28e92c-8547-4c26-9bee-c56af538399b req-5f28e92c-8547-4c26-9bee-c56af538399b ] Request (ServersTestJSON:setUpClass): 200 GET http://10.180.1.21/compute/v2.1/servers/bc3670ab-6223-423a-a661-dd6d657d59b5/os-interface 0.793s
2025-11-22 00:04:18.891 67779 INFO tempest.lib.common.rest_client [req-9f9310f5-f1af-432f-a1b1-8ff5e2fdcbbf req-9f9310f5-f1af-432f-a1b1-8ff5e2fdcbbf ] Request (ServerExternalEventsTest:test_create_server_external_events): 200 GET http://10.180.1.21/compute/v2.1/servers/45f6f6e9-1822-4c1c-96ac-0847e3b87bff 0.740s
2025-11-22 00:04:18.976 67822 INFO tempest.lib.common.rest_client [req-ac395f80-4a55-4a6b-b818-addae662dca7 req-ac395f80-4a55-4a6b-b818-addae662dca7 ] Request (DeleteServersTestJSON:test_delete_active_server): 200 GET http://10.180.1.21/compute/v2.1/servers/d4b7e87a-547e-424b-8092-500f913929f3 0.742s
2025-11-22 00:04:18.997 67791 INFO tempest.lib.common.rest_client [req-1a906898-fe89-4aba-9af4-527f476f12ac req-1a906898-fe89-4aba-9af4-527f476f12ac ] Request (FlavorsAdminTestJSON:_run_cleanups): 202 DELETE http://10.180.1.21/compute/v2.1/flavors/1631467947 0.564s
2025-11-22 00:04:18.999 67773 INFO tempest.lib.common.rest_client [req-d55610c0-96ef-4639-aa4e-5148d3f56833 req-d55610c0-96ef-4639-aa4e-5148d3f56833 ] Request (ServerDiagnosticsV248Test:tearDownClass): 200 GET http://10.180.1.21/compute/v2.1/servers/99e43d28-43b0-45c3-ae46-fbc4378f84b3 0.671s
2025-11-22 00:04:19.004 67801 INFO tempest.lib.common.rest_client [req-0b9d6519-e574-4dc2-97df-de57a356fcdb req-0b9d6519-e574-4dc2-97df-de57a356fcdb ] Request (HostsAdminNegativeTestJSON:test_update_host_with_non_admin_user): 403 PUT http://10.180.1.21/compute/v2.1/os-hosts/devstack 0.569s
2025-11-22 00:04:19.005 67795 INFO tempest.lib.common.rest_client [req-bb1b2766-dcbd-4633-9037-09389e1065f4 req-bb1b2766-dcbd-4633-9037-09389e1065f4 ] Request (KeyPairsNegativeTestJSON:test_create_keypair_with_empty_name_string): 400 POST http://10.180.1.21/compute/v2.1/os-keypairs 0.538s
2025-11-22 00:04:19.031 67828 INFO tempest.lib.common.rest_client [req-59048eb9-22b7-4879-9476-115796ed372b req-59048eb9-22b7-4879-9476-115796ed372b ] Request (FlavorsAccessNegativeTestJSON:_run_cleanups): 200 GET http://10.180.1.21/compute/v2.1/flavors/detail 0.406s
2025-11-22 00:04:19.057 67809 INFO tempest.lib.common.rest_client [req-d83cd352-0343-4908-804e-bcefa5467336 req-d83cd352-0343-4908-804e-bcefa5467336 ] Request (AggregatesAdminNegativeTestJSON:_run_cleanups): 200 DELETE http://10.180.1.21/compute/v2.1/os-aggregates/5 0.396s
2025-11-22 00:04:19.115 67785 INFO tempest.lib.common.rest_client [req-101b5134-c774-4cd3-921a-c30964d621d3 req-101b5134-c774-4cd3-921a-c30964d621d3 ] Request (QuotasAdminTestJSON:test_get_updated_quotas): 200 GET http://10.180.1.21/compute/v2.1/os-quota-sets/498b04b17bc74bd4bda32bece052d6f5/detail 0.362s
2025-11-22 00:04:19.124 67789 INFO tempest.lib.common.rest_client [req-92214c1a-61d1-49ad-856c-f650d45f5c5a req-92214c1a-61d1-49ad-856c-f650d45f5c5a ] Request (ImagesOneServerNegativeTestJSON:test_create_image_specify_metadata_over_limits): 400 POST http://10.180.1.21/compute/v2.1/servers/212159cd-ed9d-48aa-9633-5bd9dc59e5b6/action 0.309s
2025-11-22 00:04:19.163 67785 INFO tempest.lib.common.rest_client [req-37d64d5b-2263-459c-9c8d-7cb643944e6d req-37d64d5b-2263-459c-9c8d-7cb643944e6d ] Request (QuotasAdminTestJSON:test_get_updated_quotas): 200 GET http://10.180.1.21/identity/v3/domains?name=Default 0.039s
2025-11-22 00:04:19.202 67785 INFO tempest.lib.common.rest_client [req-5c553ccc-3acd-416d-bed4-1e2057fef1bd req-5c553ccc-3acd-416d-bed4-1e2057fef1bd ] Request (QuotasAdminTestJSON:test_get_updated_quotas): 201 POST http://10.180.1.21/identity/v3/users 0.039s
2025-11-22 00:04:19.230 67785 INFO tempest.lib.common.rest_client [req-d603a0de-79cc-4e12-99ea-02ce300122c7 req-d603a0de-79cc-4e12-99ea-02ce300122c7 ] Request (QuotasAdminTestJSON:test_get_updated_quotas): 200 GET http://10.180.1.21/identity/v3/domains?name=Default 0.027s
2025-11-22 00:04:19.242 67815 INFO tempest.lib.common.rest_client [req-74f982f2-6274-45d0-bc15-1d8565f53eb8 req-74f982f2-6274-45d0-bc15-1d8565f53eb8 ] Request (ServersTestMultiNic:_run_cleanups): 200 GET http://10.180.1.21/compute/v2.1/servers/75f39b73-fd79-4501-b8c1-f78913f66470 0.322s
2025-11-22 00:04:19.284 67833 INFO tempest.lib.common.rest_client [req-f0ef7d05-fa6d-47fd-9c84-bafd5922a659 req-f0ef7d05-fa6d-47fd-9c84-bafd5922a659 ] Request (ImagesMetadataTestJSON:test_set_image_metadata): 200 PUT http://10.180.1.21/compute/v2.1/images/c55ae3c0-d786-41ed-b76a-7c928a7b3cf0/metadata 0.671s
2025-11-22 00:04:19.306 67791 INFO tempest.lib.common.rest_client [req-bb9dd355-a6d3-458b-89b5-4ed628c68f4d req-bb9dd355-a6d3-458b-89b5-4ed628c68f4d ] Request (FlavorsAdminTestJSON:_run_cleanups): 200 GET http://10.180.1.21/compute/v2.1/flavors/detail 0.309s
2025-11-22 00:04:19.311 67801 INFO tempest.lib.common.rest_client [req-bed8d460-e8df-40f3-b9fc-70fc3d156b23 req-bed8d460-e8df-40f3-b9fc-70fc3d156b23 ] Request (HostsAdminNegativeTestJSON:test_update_host_without_param): 400 PUT http://10.180.1.21/compute/v2.1/os-hosts/devstack 0.305s
2025-11-22 00:04:19.321 67795 INFO tempest.lib.common.rest_client [req-4f8faaf9-b51f-40c1-bd1c-a209b3eda92d req-4f8faaf9-b51f-40c1-bd1c-a209b3eda92d ] Request (KeyPairsNegativeTestJSON:test_create_keypair_with_empty_public_key): 400 POST http://10.180.1.21/compute/v2.1/os-keypairs 0.315s
2025-11-22 00:04:19.329 67828 INFO tempest.lib.common.rest_client [req-7130ebfd-18e7-448d-ae00-ded9f10108f3 req-7130ebfd-18e7-448d-ae00-ded9f10108f3 ] Request (FlavorsAccessNegativeTestJSON:test_remove_flavor_access_not_found): 200 POST http://10.180.1.21/compute/v2.1/flavors 0.290s
2025-11-22 00:04:19.334 67809 INFO tempest.lib.common.rest_client [req-d7c03845-fb2d-4b3b-af86-bd4773746e48 req-d7c03845-fb2d-4b3b-af86-bd4773746e48 ] Request (AggregatesAdminNegativeTestJSON:test_aggregate_delete_with_invalid_id): 404 DELETE http://10.180.1.21/compute/v2.1/os-aggregates/-1 0.276s
2025-11-22 00:04:19.431 67777 INFO tempest.lib.common.rest_client [req-dd5690e1-e355-4bc9-9fae-d73adf516975 req-dd5690e1-e355-4bc9-9fae-d73adf516975 ] Request (ServerDiagnosticsTest:tearDownClass): 200 GET http://10.180.1.21/compute/v2.1/servers/d3a6879a-dadb-4652-9299-ec7f369d522c 0.305s
2025-11-22 00:04:19.464 67789 INFO tempest.lib.common.rest_client [req-bed4167c-da2e-4d0d-82de-b10daab1b065 req-bed4167c-da2e-4d0d-82de-b10daab1b065 ] Request (ImagesOneServerNegativeTestJSON:tearDown): 200 GET http://10.180.1.21/compute/v2.1/servers/212159cd-ed9d-48aa-9633-5bd9dc59e5b6 0.338s
2025-11-22 00:04:19.493 67829 INFO tempest.lib.common.rest_client [req-a013c8cf-1781-4230-be82-e065a0afe998 req-a013c8cf-1781-4230-be82-e065a0afe998 ] Request (ServerShowV257Test:test_rebuild_server): 200 GET http://10.180.1.21/compute/v2.1/servers/ab17ecda-08c2-43fd-bada-ccbb87e1d162 0.352s
2025-11-22 00:04:19.523 67807 INFO tempest.lib.common.rest_client [req-a17040c4-c462-4713-800f-3de884eb52c3 req-a17040c4-c462-4713-800f-3de884eb52c3 ] Request (AttachInterfacesV270Test:test_create_get_list_interfaces): 200 GET http://10.180.1.21/compute/v2.1/servers/e3726ba6-49bb-4212-8a86-ab4868a88999 0.340s
2025-11-22 00:04:19.561 67793 INFO tempest.lib.common.rest_client [req-d17abdaf-bb5c-48aa-9e7b-37d0f43f7cc7 req-d17abdaf-bb5c-48aa-9e7b-37d0f43f7cc7 ] Request (ServersWithSpecificFlavorTestJSON:test_verify_created_server_ephemeral_disk): 200 GET http://10.180.1.21/compute/v2.1/servers/7c8cb284-954c-4ec8-8fde-1741416b4b1a 0.370s
2025-11-22 00:04:19.588 67811 INFO tempest.lib.common.rest_client [req-272024a1-8c83-4fdb-be80-ba01b1cd6363 req-272024a1-8c83-4fdb-be80-ba01b1cd6363 ] Request (ServersTestJSON:setUpClass): 200 PUT http://10.180.1.21/networking/v2.0/floatingips/a284fcc0-8dbc-4c0c-b510-f9b568df2204 0.708s
2025-11-22 00:04:19.607 67813 INFO tempest.lib.common.rest_client [req-7e5bf202-1f66-409d-a107-68727b76bc9b req-7e5bf202-1f66-409d-a107-68727b76bc9b ] Request (ServerMetadataNegativeTestJSON:setUpClass): 200 GET http://10.180.1.21/compute/v2.1/servers/1f0382d3-dc1c-4d6d-ba0e-b2e6dec5d6df 0.380s
2025-11-22 00:04:19.655 67819 INFO tempest.lib.common.rest_client [req-621c0ca6-b372-4c4a-aaa6-4e4868584cc5 req-621c0ca6-b372-4c4a-aaa6-4e4868584cc5 ] Request (ImagesTestJSON:test_create_image_from_stopped_server): 200 GET http://10.180.1.21/compute/v2.1/images/bd515afe-618a-4911-a319-7d457382092f 0.391s
2025-11-22 00:04:19.667 67785 INFO tempest.lib.common.rest_client [req-be108b93-6a04-4a03-9017-b15126edc786 req-be108b93-6a04-4a03-9017-b15126edc786 ] Request (QuotasAdminTestJSON:test_get_updated_quotas): 200 PUT http://10.180.1.21/compute/v2.1/os-quota-sets/498b04b17bc74bd4bda32bece052d6f5?user_id=5bc4874d64714787a7ad734989ee27a2 0.436s
2025-11-22 00:04:19.685 67791 INFO tempest.lib.common.rest_client [req-02b7dda8-ad5f-43bd-90cd-2e23f402d0d5 req-02b7dda8-ad5f-43bd-90cd-2e23f402d0d5 ] Request (FlavorsAdminTestJSON:test_create_server_with_non_public_flavor): 200 POST http://10.180.1.21/compute/v2.1/flavors 0.371s
2025-11-22 00:04:19.687 67833 INFO tempest.lib.common.rest_client [req-dfdb094d-b08b-4f95-8e28-4f0a90a39afe req-dfdb094d-b08b-4f95-8e28-4f0a90a39afe ] Request (ImagesMetadataTestJSON:test_set_image_metadata): 200 GET http://10.180.1.21/compute/v2.1/images/c55ae3c0-d786-41ed-b76a-7c928a7b3cf0/metadata 0.402s
2025-11-22 00:04:19.705 67801 INFO tempest.lib.common.rest_client [req-248e252a-0d68-43c4-aa42-bc4e884c8a39 req-248e252a-0d68-43c4-aa42-bc4e884c8a39 ] Request (HostsAdminNegativeTestJSON:test_update_nonexistent_host): 404 PUT http://10.180.1.21/compute/v2.1/os-hosts/nonexistent_hostname 0.391s
2025-11-22 00:04:19.711 67795 INFO tempest.lib.common.rest_client [req-e7f69dd9-6f27-4fcc-96e1-efacdc3ed15d req-e7f69dd9-6f27-4fcc-96e1-efacdc3ed15d ] Request (KeyPairsNegativeTestJSON:test_create_keypair_with_long_keynames): 400 POST http://10.180.1.21/compute/v2.1/os-keypairs 0.388s
2025-11-22 00:04:19.797 67828 INFO tempest.lib.common.rest_client [req-a4445ad2-aa71-4912-97c7-2c35ae8f0fb7 req-a4445ad2-aa71-4912-97c7-2c35ae8f0fb7 ] Request (FlavorsAccessNegativeTestJSON:test_remove_flavor_access_not_found): 404 POST http://10.180.1.21/compute/v2.1/flavors/183646671/action 0.464s
2025-11-22 00:04:19.817 67805 INFO tempest.lib.common.rest_client [req-10bf323a-44d6-4cdc-8477-bdc883f9c05f req-10bf323a-44d6-4cdc-8477-bdc883f9c05f ] Request (ServersAdminNegativeTestJSON:setUpClass): 200 GET http://10.180.1.21/compute/v2.1/servers/6316a44e-b883-4136-b7a5-7c2e661ca535 0.502s
2025-11-22 00:04:19.825 67809 INFO tempest.lib.common.rest_client [req-c3cd29ec-c060-459e-9108-1cc88d6502d0 req-c3cd29ec-c060-459e-9108-1cc88d6502d0 ] Request (AggregatesAdminNegativeTestJSON:test_aggregate_get_details_as_user): 200 POST http://10.180.1.21/compute/v2.1/os-aggregates 0.489s
2025-11-22 00:04:19.910 67801 INFO tempest.lib.common.rest_client [req-c8abe8bf-f63a-4bd1-8dbe-91884d817d11 req-c8abe8bf-f63a-4bd1-8dbe-91884d817d11 ] Request (HostsAdminNegativeTestJSON:tearDownClass): 204 DELETE http://10.180.1.21/identity/v3/users/aeff951a686b4fa08f0e7845b43d604a 0.203s
2025-11-22 00:04:19.927 67787 INFO tempest.lib.common.rest_client [req-67f07f87-f32d-4470-b0c1-48b3cf276ca7 req-67f07f87-f32d-4470-b0c1-48b3cf276ca7 ] Request (ServersAdminTestJSON:test_create_server_with_scheduling_hint): 200 GET http://10.180.1.21/compute/v2.1/servers/f5e2218f-d483-447e-8e9a-7575adfa4cd6 0.540s
2025-11-22 00:04:19.935 67831 INFO tempest.lib.common.rest_client [req-9bf95faf-4fba-42b7-a09d-3929c0435061 req-9bf95faf-4fba-42b7-a09d-3929c0435061 ] Request (ListServersNegativeTestJSON:setUpClass): 200 GET http://10.180.1.21/compute/v2.1/servers/76b8c059-a820-4c7d-8c99-714266b0675d 0.478s
2025-11-22 00:04:19.937 67787 INFO tempest.common.waiters [-] State transition "BUILD/scheduling" ==> "BUILD/None" after 1 second wait
2025-11-22 00:04:20.051 67783 INFO tempest.lib.common.rest_client [req-26607421-fd0f-4799-95e2-699e3ef809b5 req-26607421-fd0f-4799-95e2-699e3ef809b5 ] Request (ImagesNegativeTestJSON:test_create_image_from_deleted_server): 200 GET http://10.180.1.21/compute/v2.1/servers/b140775e-4b1b-4830-90b1-69d48a52f6c0 0.554s
2025-11-22 00:04:20.075 67801 INFO tempest.lib.common.rest_client [req-682b0b16-1c73-42d6-b374-439ea83d9093 req-682b0b16-1c73-42d6-b374-439ea83d9093 ] Request (HostsAdminNegativeTestJSON:tearDownClass): 204 DELETE http://10.180.1.21/identity/v3/users/bbb01a87e31b477581a0091453e3408b 0.164s
2025-11-22 00:04:20.075 67801 INFO tempest.lib.common.dynamic_creds [-] Deleting project and security group for project: 99c11014964245c6bc1e2b885b3db956
2025-11-22 00:04:20.102 67789 INFO tempest.lib.common.rest_client [req-4db68fee-d16d-4858-9dab-181ccf23957d req-4db68fee-d16d-4858-9dab-181ccf23957d ] Request (ImagesOneServerNegativeTestJSON:setUp): 200 GET http://10.180.1.21/compute/v2.1/servers/212159cd-ed9d-48aa-9633-5bd9dc59e5b6 0.628s
2025-11-22 00:04:20.129 67826 INFO tempest.lib.common.rest_client [req-9c2c28f4-4cb7-4e67-b732-12c7524e9a8d req-9c2c28f4-4cb7-4e67-b732-12c7524e9a8d ] Request (ServerDiagnosticsNegativeTest:tearDownClass): 200 GET http://10.180.1.21/compute/v2.1/servers/8c4dd22b-0cec-4ea7-bba7-5240291b8839 0.605s
2025-11-22 00:04:20.170 67801 INFO tempest.lib.common.rest_client [req-6acd7ead-e99c-40dc-8cdb-9e65b9c19dc8 req-6acd7ead-e99c-40dc-8cdb-9e65b9c19dc8 ] Request (HostsAdminNegativeTestJSON:tearDownClass): 201 POST http://10.180.1.21/identity/v3/auth/tokens 0.094s
2025-11-22 00:04:20.259 67811 INFO tempest.lib.common.rest_client [req-99ef556b-bf9e-4394-9a72-7c2c08480da6 req-99ef556b-bf9e-4394-9a72-7c2c08480da6 ] Request (ServersTestJSON:setUpClass): 200 GET http://10.180.1.21/compute/v2.1/servers/bc3670ab-6223-423a-a661-dd6d657d59b5 0.671s
2025-11-22 00:04:20.270 67811 INFO tempest.lib.common.ssh [-] Creating ssh connection to '10.180.180.200:22' as 'cirros' with public key authentication
2025-11-22 00:04:20.290 67799 INFO tempest.lib.common.rest_client [req-558fe3ff-2141-4492-a667-051a0c509d5b req-558fe3ff-2141-4492-a667-051a0c509d5b ] Request (TenantUsagesTestJSON:setUpClass): 200 GET http://10.180.1.21/compute/v2.1/servers/0aa12f0d-754e-42ec-8363-c459446d620b 0.672s
2025-11-22 00:04:20.313 67771 INFO tempest.lib.common.rest_client [req-421a1a48-dda4-4f06-b19a-114583f48081 req-421a1a48-dda4-4f06-b19a-114583f48081 ] Request (DeleteServersAdminTestJSON:test_delete_server_while_in_error_state): 200 GET http://10.180.1.21/compute/v2.1/servers/d35fb4f8-8fd7-4796-84ba-601d5ba67ada 0.649s
2025-11-22 00:04:20.325 67791 INFO tempest.lib.common.rest_client [req-7f7fceb2-f112-4930-87ec-c7ee7d7dbb44 req-7f7fceb2-f112-4930-87ec-c7ee7d7dbb44 ] Request (FlavorsAdminTestJSON:test_create_server_with_non_public_flavor): 400 POST http://10.180.1.21/compute/v2.1/servers 0.638s
2025-11-22 00:04:20.354 67801 INFO tempest.lib.common.rest_client [req-99ee4f59-f588-4554-ac37-5467cabb3ca2 req-99ee4f59-f588-4554-ac37-5467cabb3ca2 ] Request (HostsAdminNegativeTestJSON:tearDownClass): 200 GET http://10.180.1.21/networking/v2.0/security-groups?tenant_id=99c11014964245c6bc1e2b885b3db956&name=default 0.183s
2025-11-22 00:04:20.398 67823 INFO tempest.lib.common.rest_client [req-8e2be851-16dc-4e65-bf3e-9e681c2a22e6 req-8e2be851-16dc-4e65-bf3e-9e681c2a22e6 ] Request (VolumesAdminNegativeTest:tearDownClass): 200 GET http://10.180.1.21/compute/v2.1/servers/ebffd8c7-01e1-4975-8ff7-8450ade6c619 0.710s
2025-11-22 00:04:20.436 67803 WARNING tempest.lib.common.ssh [-] Failed to establish authenticated ssh connection to cirros@10.180.180.147 ([Errno None] Unable to connect to port 22 on 10.180.180.147). Number attempts: 2. Retry after 3 seconds.: paramiko.ssh_exception.NoValidConnectionsError: [Errno None] Unable to connect to port 22 on 10.180.180.147
2025-11-22 00:04:20.441 67785 INFO tempest.lib.common.rest_client [req-021c6615-012d-44d9-8f3b-5f48c6d4595a req-021c6615-012d-44d9-8f3b-5f48c6d4595a ] Request (QuotasAdminTestJSON:test_get_updated_quotas): 200 GET http://10.180.1.21/compute/v2.1/os-quota-sets/498b04b17bc74bd4bda32bece052d6f5?user_id=5bc4874d64714787a7ad734989ee27a2 0.771s
2025-11-22 00:04:20.470 67801 INFO tempest.lib.common.rest_client [req-f58b2592-9cbe-403b-988b-6c08985514f0 req-f58b2592-9cbe-403b-988b-6c08985514f0 ] Request (HostsAdminNegativeTestJSON:tearDownClass): 204 DELETE http://10.180.1.21/networking/v2.0/security-groups/636aec37-8f81-4575-91fe-b712ba9fa509 0.115s
2025-11-22 00:04:20.476 67795 INFO tempest.lib.common.rest_client [req-664171d6-0619-46fa-9879-63ef0f4dd6e7 req-664171d6-0619-46fa-9879-63ef0f4dd6e7 ] Request (KeyPairsNegativeTestJSON:test_keypair_create_with_invalid_pub_key): 400 POST http://10.180.1.21/compute/v2.1/os-keypairs 0.763s
2025-11-22 00:04:20.541 67817 INFO tempest.lib.common.rest_client [req-973e136b-8c43-4100-89af-d84d62642a06 req-973e136b-8c43-4100-89af-d84d62642a06 ] Request (ImagesOneServerTestJSON:setUpClass): 200 GET http://10.180.1.21/compute/v2.1/servers/89333043-ba83-4b29-a2df-0746ec92eca0 0.827s
2025-11-22 00:04:20.545 67785 INFO tempest.lib.common.rest_client [req-93f03e8c-7643-4c1e-ba55-0bdf70fba222 req-93f03e8c-7643-4c1e-ba55-0bdf70fba222 ] Request (QuotasAdminTestJSON:_run_cleanups): 204 DELETE http://10.180.1.21/identity/v3/users/5bc4874d64714787a7ad734989ee27a2 0.101s
2025-11-22 00:04:20.566 67828 INFO tempest.lib.common.rest_client [req-f187f609-52e4-4238-9e82-982340efe2ea req-f187f609-52e4-4238-9e82-982340efe2ea ] Request (FlavorsAccessNegativeTestJSON:_run_cleanups): 202 DELETE http://10.180.1.21/compute/v2.1/flavors/183646671 0.768s
2025-11-22 00:04:20.572 67809 INFO tempest.lib.common.rest_client [req-1e8bea02-1292-47c1-8444-4e0e8f67233e req-1e8bea02-1292-47c1-8444-4e0e8f67233e ] Request (AggregatesAdminNegativeTestJSON:test_aggregate_get_details_as_user): 403 GET http://10.180.1.21/compute/v2.1/os-aggregates/6 0.742s
2025-11-22 00:04:20.575 67801 INFO tempest.lib.common.rest_client [req-2fa4063a-7389-44ec-9c7b-153183651397 req-2fa4063a-7389-44ec-9c7b-153183651397 ] Request (HostsAdminNegativeTestJSON:tearDownClass): 204 DELETE http://10.180.1.21/identity/v3/projects/99c11014964245c6bc1e2b885b3db956 0.105s
2025-11-22 00:04:20.576 67801 INFO tempest.lib.common.dynamic_creds [-] Deleting project and security group for project: 4f457c4743f541e3bbb00c9a7ed59ed1
2025-11-22 00:04:20.635 67779 INFO tempest.lib.common.rest_client [req-8e955bf9-213e-4939-b062-48357c8f7310 req-8e955bf9-213e-4939-b062-48357c8f7310 ] Request (ServerExternalEventsTest:test_create_server_external_events): 200 GET http://10.180.1.21/compute/v2.1/servers/45f6f6e9-1822-4c1c-96ac-0847e3b87bff 0.734s
2025-11-22 00:04:20.659 67785 INFO tempest.lib.common.rest_client [req-d6a3870b-81da-4ddd-865e-ca2fa3bbfdfb req-d6a3870b-81da-4ddd-865e-ca2fa3bbfdfb ] Request (QuotasAdminTestJSON:_run_cleanups): 204 DELETE http://10.180.1.21/identity/v3/projects/498b04b17bc74bd4bda32bece052d6f5 0.114s
2025-11-22 00:04:20.662 67833 INFO tempest.lib.common.rest_client [req-7917c4d5-d8af-4439-a26b-a0198edd945d req-7917c4d5-d8af-4439-a26b-a0198edd945d ] Request (ImagesMetadataTestJSON:setUp): 200 PUT http://10.180.1.21/compute/v2.1/images/c55ae3c0-d786-41ed-b76a-7c928a7b3cf0/metadata 0.973s
2025-11-22 00:04:20.695 67801 INFO tempest.lib.common.rest_client [req-65129304-2b2c-4040-9848-1c5d3eb9171b req-65129304-2b2c-4040-9848-1c5d3eb9171b ] Request (HostsAdminNegativeTestJSON:tearDownClass): 200 GET http://10.180.1.21/networking/v2.0/security-groups?tenant_id=4f457c4743f541e3bbb00c9a7ed59ed1&name=default 0.118s
2025-11-22 00:04:20.714 67822 INFO tempest.lib.common.rest_client [req-3cab72f6-6621-45b9-a247-d3b026ae429e req-3cab72f6-6621-45b9-a247-d3b026ae429e ] Request (DeleteServersTestJSON:test_delete_active_server): 200 GET http://10.180.1.21/compute/v2.1/servers/d4b7e87a-547e-424b-8092-500f913929f3 0.729s
2025-11-22 00:04:20.721 67789 INFO tempest.lib.common.rest_client [req-68ca24f6-4e23-4d65-a1d3-440c27787261 req-68ca24f6-4e23-4d65-a1d3-440c27787261 ] Request (ImagesOneServerNegativeTestJSON:test_create_image_specify_name_over_character_limit): 400 POST http://10.180.1.21/compute/v2.1/servers/212159cd-ed9d-48aa-9633-5bd9dc59e5b6/action 0.609s
2025-11-22 00:04:20.732 67773 INFO tempest.lib.common.rest_client [req-fa5ef32c-2d95-4679-85b6-42ce29666260 req-fa5ef32c-2d95-4679-85b6-42ce29666260 ] Request (ServerDiagnosticsV248Test:tearDownClass): 200 GET http://10.180.1.21/compute/v2.1/servers/99e43d28-43b0-45c3-ae46-fbc4378f84b3 0.722s
2025-11-22 00:04:20.750 67791 INFO tempest.lib.common.rest_client [req-c07f4239-f5af-4fe5-ab24-f2056d92260c req-c07f4239-f5af-4fe5-ab24-f2056d92260c ] Request (FlavorsAdminTestJSON:_run_cleanups): 202 DELETE http://10.180.1.21/compute/v2.1/flavors/2100526552 0.424s
2025-11-22 00:04:20.791 67815 INFO tempest.lib.common.rest_client [req-888e1bde-7212-41b9-9c91-22505b34abaf req-888e1bde-7212-41b9-9c91-22505b34abaf ] Request (ServersTestMultiNic:_run_cleanups): 200 GET http://10.180.1.21/compute/v2.1/servers/75f39b73-fd79-4501-b8c1-f78913f66470 0.537s
2025-11-22 00:04:20.804 67795 INFO tempest.lib.common.rest_client [req-55a3b8a3-55cf-4a26-af16-8889a7dcb5ab req-55a3b8a3-55cf-4a26-af16-8889a7dcb5ab ] Request (KeyPairsNegativeTestJSON:test_keypair_delete_nonexistent_key): 404 DELETE http://10.180.1.21/compute/v2.1/os-keypairs/tempest-keypair-non-existent-1614921901 0.327s
2025-11-22 00:04:20.809 67801 INFO tempest.lib.common.rest_client [req-a3346a6a-286d-4b57-9c2d-3d686cac00cf req-a3346a6a-286d-4b57-9c2d-3d686cac00cf ] Request (HostsAdminNegativeTestJSON:tearDownClass): 204 DELETE http://10.180.1.21/networking/v2.0/security-groups/1059937b-7bbd-4fa2-9abf-eb90f05daa65 0.114s
2025-11-22 00:04:20.825 67777 INFO tempest.lib.common.rest_client [req-72c9e235-5afe-4223-9fe7-5ac83133a1bd req-72c9e235-5afe-4223-9fe7-5ac83133a1bd ] Request (ServerDiagnosticsTest:tearDownClass): 200 GET http://10.180.1.21/compute/v2.1/servers/d3a6879a-dadb-4652-9299-ec7f369d522c 0.385s
2025-11-22 00:04:20.884 67829 INFO tempest.lib.common.rest_client [req-e2b6e35d-f2e1-4e03-b6e4-464725118d18 req-e2b6e35d-f2e1-4e03-b6e4-464725118d18 ] Request (ServerShowV257Test:test_rebuild_server): 200 GET http://10.180.1.21/compute/v2.1/servers/ab17ecda-08c2-43fd-bada-ccbb87e1d162 0.382s
2025-11-22 00:04:20.915 67828 INFO tempest.lib.common.rest_client [req-8ac7dbe8-e342-4a97-980b-3d1b5711868f req-8ac7dbe8-e342-4a97-980b-3d1b5711868f ] Request (FlavorsAccessNegativeTestJSON:_run_cleanups): 200 GET http://10.180.1.21/compute/v2.1/flavors/detail 0.349s
2025-11-22 00:04:20.950 67809 INFO tempest.lib.common.rest_client [req-da46e869-f8e0-4622-a9d8-ea1da0cd051b req-da46e869-f8e0-4622-a9d8-ea1da0cd051b ] Request (AggregatesAdminNegativeTestJSON:_run_cleanups): 200 DELETE http://10.180.1.21/compute/v2.1/os-aggregates/6 0.378s
2025-11-22 00:04:21.014 67795 INFO tempest.lib.common.rest_client [req-d881d3c2-3ff5-487f-9ae6-8eca58ee2ca4 req-d881d3c2-3ff5-487f-9ae6-8eca58ee2ca4 ] Request (KeyPairsNegativeTestJSON:tearDownClass): 204 DELETE http://10.180.1.21/identity/v3/users/ca3cf88c84144295993bca3c93b28352 0.208s
2025-11-22 00:04:21.014 67795 INFO tempest.lib.common.dynamic_creds [-] Deleting project and security group for project: c0c0054433bd48d3b1b0b46fbbd8447b
2025-11-22 00:04:21.052 67793 INFO tempest.lib.common.rest_client [req-f7a0c9c5-36bb-4cea-a6f2-57d4477cce7e req-f7a0c9c5-36bb-4cea-a6f2-57d4477cce7e ] Request (ServersWithSpecificFlavorTestJSON:test_verify_created_server_ephemeral_disk): 200 GET http://10.180.1.21/compute/v2.1/servers/7c8cb284-954c-4ec8-8fde-1741416b4b1a 0.478s
2025-11-22 00:04:21.057 67801 INFO tempest.lib.common.rest_client [req-cb89c7ba-19dc-4a02-a94c-25a66ecaa114 req-cb89c7ba-19dc-4a02-a94c-25a66ecaa114 ] Request (HostsAdminNegativeTestJSON:tearDownClass): 204 DELETE http://10.180.1.21/identity/v3/projects/4f457c4743f541e3bbb00c9a7ed59ed1 0.248s
2025-11-22 00:04:21.134 67813 INFO tempest.lib.common.rest_client [req-c6122898-d537-4b0e-aaf1-c987038ce521 req-c6122898-d537-4b0e-aaf1-c987038ce521 ] Request (ServerMetadataNegativeTestJSON:setUpClass): 200 GET http://10.180.1.21/compute/v2.1/servers/1f0382d3-dc1c-4d6d-ba0e-b2e6dec5d6df 0.511s
2025-11-22 00:04:21.147 67795 INFO tempest.lib.common.rest_client [req-4680b1fd-2d4e-45e2-b357-03cbbaba1bfd req-4680b1fd-2d4e-45e2-b357-03cbbaba1bfd ] Request (KeyPairsNegativeTestJSON:tearDownClass): 201 POST http://10.180.1.21/identity/v3/auth/tokens 0.132s
2025-11-22 00:04:21.160 67807 INFO tempest.lib.common.rest_client [req-abcf4fbe-8d5d-4971-9f25-33451837f5cd req-abcf4fbe-8d5d-4971-9f25-33451837f5cd ] Request (AttachInterfacesV270Test:test_create_get_list_interfaces): 200 GET http://10.180.1.21/compute/v2.1/servers/e3726ba6-49bb-4212-8a86-ab4868a88999 0.623s
2025-11-22 00:04:21.171 67828 INFO tempest.lib.common.rest_client [req-1b9b1393-5393-4b06-88d0-a82b67686fd3 req-1b9b1393-5393-4b06-88d0-a82b67686fd3 ] Request (FlavorsAccessNegativeTestJSON:tearDownClass): 204 DELETE http://10.180.1.21/identity/v3/users/03d7e7526cef4145a803bdc5153ab234 0.250s
2025-11-22 00:04:21.172 67807 INFO tempest.common.waiters [-] State transition "BUILD/None" ==> "BUILD/networking" after 23 second wait
2025-11-22 00:04:21.190 67819 INFO tempest.lib.common.rest_client [req-c87ed10d-c48d-4b7b-bcb3-7060dbf731ba req-c87ed10d-c48d-4b7b-bcb3-7060dbf731ba ] Request (ImagesTestJSON:test_create_image_from_stopped_server): 200 GET http://10.180.1.21/compute/v2.1/images/bd515afe-618a-4911-a319-7d457382092f 0.530s
2025-11-22 00:04:21.218 67801 INFO tempest.lib.common.rest_client [req-58c77249-6544-42c2-b84b-6fc05ff71c5e req-58c77249-6544-42c2-b84b-6fc05ff71c5e ] Request (InstanceUsageAuditLogTestJSON:setUpClass): 201 POST http://10.180.1.21/identity/v3/auth/tokens 0.159s
