2025-11-22 00:05:16.605 67807 INFO tempest.lib.common.dynamic_creds [-] Acquired dynamic creds: credentials: Credentials: {'domain_id': 'default', 'domain_name': 'Default', 'username': 'tempest-ServerAddressesTestJSON-1633251855-project-member', 'project_domain_id': 'default', 'project_domain_name': 'Default', 'project_id': '704930d8b635456cb70eabce512b4610', 'project_name': 'tempest-ServerAddressesTestJSON-1633251855', 'tenant_id': '704930d8b635456cb70eabce512b4610', 'tenant_name': 'tempest-ServerAddressesTestJSON-1633251855', 'user_domain_id': 'default', 'user_domain_name': 'Default', 'user_id': '9de66e3faa8a48e4892f7289386f042a', 'system': None}, Network: None, Subnet: None, Router: None
2025-11-22 00:05:16.650 67805 INFO tempest.lib.common.rest_client [req-9c55b1fa-4eab-492f-8c11-4695a91d1d01 req-9c55b1fa-4eab-492f-8c11-4695a91d1d01 ] Request (ServersAdminNegativeTestJSON:test_resize_server_using_overlimit_vcpus): 403 POST http://10.180.1.21/compute/v2.1/servers/6316a44e-b883-4136-b7a5-7c2e661ca535/action 0.158s
2025-11-22 00:05:16.671 67807 INFO tempest.lib.common.rest_client [req-41e32ea9-360f-40c9-9bab-c8c41f51fd0e req-41e32ea9-360f-40c9-9bab-c8c41f51fd0e ] Request (ServerAddressesTestJSON:setUpClass): 201 POST http://10.180.1.21/identity/v3/auth/tokens 0.066s
2025-11-22 00:05:16.690 67828 INFO tempest.lib.common.rest_client [req-160c0365-c6b8-4956-8182-bc912c65e2cd req-160c0365-c6b8-4956-8182-bc912c65e2cd ] Request (MigrationsAdminTest:test_list_migrations_in_flavor_resize_situation): 200 GET http://10.180.1.21/compute/v2.1/servers/c092d9f0-8d96-47e9-a11e-14bec095bf29 0.191s
2025-11-22 00:05:16.710 67773 INFO tempest.lib.common.rest_client [req-bed4cf84-337d-4d70-9d59-755aa76ac8f1 req-bed4cf84-337d-4d70-9d59-755aa76ac8f1 ] Request (ServersAdmin275Test:test_rebuild_update_server_275): 200 GET http://10.180.1.21/compute/v2.1/servers/ad19c623-8ccc-44b3-bde4-cdcb97409b0b 0.183s
2025-11-22 00:05:16.750 67811 INFO tempest.lib.common.rest_client [req-ad10432d-996a-4594-a3e3-674f58838dd8 req-ad10432d-996a-4594-a3e3-674f58838dd8 ] Request (ServersTestJSON:tearDownClass): 200 GET http://10.180.1.21/compute/v2.1/servers/bc3670ab-6223-423a-a661-dd6d657d59b5 0.189s
2025-11-22 00:05:16.764 67822 INFO tempest.lib.common.rest_client [req-2ee6d0dd-9795-4eda-9f8a-6728884e136c req-2ee6d0dd-9795-4eda-9f8a-6728884e136c ] Request (DeleteServersTestJSON:test_delete_server_while_in_attached_volume): 200 GET http://10.180.1.21/compute/v2.1/servers/afd845b6-fa5f-4951-a524-57985a1c84d8 0.189s
2025-11-22 00:05:16.777 67805 INFO tempest.lib.common.rest_client [req-0c7c8231-722d-4386-80a0-849bc58ca19f req-0c7c8231-722d-4386-80a0-849bc58ca19f ] Request (ServersAdminNegativeTestJSON:_run_cleanups): 202 DELETE http://10.180.1.21/compute/v2.1/flavors/662849530 0.126s
2025-11-22 00:05:16.783 67817 INFO tempest.lib.common.rest_client [req-8f03775c-3c1a-45f8-b7c7-d63ceaffc891 req-8f03775c-3c1a-45f8-b7c7-d63ceaffc891 ] Request (ImagesOneServerTestJSON:test_create_delete_image): 200 GET http://10.180.1.21/compute/v2.1/images/ae489b06-1734-49ad-9404-0fc05738f925 0.186s
2025-11-22 00:05:16.802 67805 INFO tempest.lib.common.rest_client [req-3bd6c07e-35f9-4a74-a1d2-e2c6b5101681 req-3bd6c07e-35f9-4a74-a1d2-e2c6b5101681 ] Request (ServersAdminNegativeTestJSON:_run_cleanups): 200 GET http://10.180.1.21/compute/v2.1/flavors/detail 0.025s
2025-11-22 00:05:16.834 67805 INFO tempest.lib.common.rest_client [req-1857bae1-826a-4ec9-a63f-ed859270b16b req-1857bae1-826a-4ec9-a63f-ed859270b16b ] Request (ServersAdminNegativeTestJSON:test_restore_server_invalid_state): 409 POST http://10.180.1.21/compute/v2.1/servers/6316a44e-b883-4136-b7a5-7c2e661ca535/action 0.026s
2025-11-22 00:05:16.869 67789 INFO tempest.lib.common.rest_client [req-e2ce42aa-6a35-42ba-b259-7d018f33e335 req-e2ce42aa-6a35-42ba-b259-7d018f33e335 ] Request (ImagesOneServerNegativeTestJSON:_run_cleanups): 200 GET http://10.180.1.21/compute/v2.1/servers/212159cd-ed9d-48aa-9633-5bd9dc59e5b6 0.064s
2025-11-22 00:05:16.945 67805 INFO tempest.lib.common.rest_client [req-0300c84b-3945-4b3d-bc8b-822ba8ea045b req-0300c84b-3945-4b3d-bc8b-822ba8ea045b ] Request (ServersAdminNegativeTestJSON:tearDownClass): 204 DELETE http://10.180.1.21/compute/v2.1/servers/323d02bb-043c-4419-8310-0103c015a2c1 0.110s
2025-11-22 00:05:16.956 67807 INFO tempest.lib.common.rest_client [req-1d176b97-660c-4b79-90d2-ba3b458268d3 req-1d176b97-660c-4b79-90d2-ba3b458268d3 ] Request (ServerAddressesTestJSON:setUpClass): 201 POST http://10.180.1.21/networking/v2.0/networks 0.284s
2025-11-22 00:05:16.983 67815 INFO tempest.lib.common.rest_client [req-7294e955-4c1c-4fa1-b5bb-970ef63f149e req-7294e955-4c1c-4fa1-b5bb-970ef63f149e ] Request (ServersTestMultiNic:test_verify_multiple_nics_order): 200 GET http://10.180.1.21/compute/v2.1/servers/34b9b649-1eea-49a4-9f97-ad86057053ac 0.087s
2025-11-22 00:05:17.025 67799 INFO tempest.lib.common.rest_client [req-ae721482-350f-48c2-8203-06b9d48e8110 req-ae721482-350f-48c2-8203-06b9d48e8110 ] Request (TenantUsagesTestJSON:tearDownClass): 200 GET http://10.180.1.21/compute/v2.1/servers/0aa12f0d-754e-42ec-8363-c459446d620b 0.113s
2025-11-22 00:05:17.149 67795 INFO tempest.lib.common.rest_client [req-9c333401-91ee-4198-83cb-dbe5c9a2a33b req-9c333401-91ee-4198-83cb-dbe5c9a2a33b ] Request (ServerActionsV293TestJSON:setUpClass): 200 GET http://10.180.1.21/compute/v2.1/servers/45374439-13fc-48c3-ac09-87e0b4a8f1c1 0.139s
2025-11-22 00:05:17.162 67807 INFO tempest.lib.common.rest_client [req-53b69082-e90e-4137-9fbe-1f111432488e req-53b69082-e90e-4137-9fbe-1f111432488e ] Request (ServerAddressesTestJSON:setUpClass): 201 POST http://10.180.1.21/networking/v2.0/subnets 0.205s
2025-11-22 00:05:17.173 67805 INFO tempest.lib.common.rest_client [req-8aff4271-8a8a-4653-a386-3661399be2b5 req-8aff4271-8a8a-4653-a386-3661399be2b5 ] Request (ServersAdminNegativeTestJSON:tearDownClass): 200 GET http://10.180.1.21/compute/v2.1/servers/323d02bb-043c-4419-8310-0103c015a2c1 0.227s
2025-11-22 00:05:17.236 67783 INFO tempest.lib.common.rest_client [req-be78fce8-3f70-4028-869f-ead6eec0ba9b req-be78fce8-3f70-4028-869f-ead6eec0ba9b ] Request (ListImageFiltersTestJSON:setUpClass): 200 GET http://10.180.1.21/compute/v2.1/servers/6804ada5-2fc2-4dfd-ac21-7bbc6eaa4c22 0.169s
2025-11-22 00:05:17.252 67831 INFO tempest.lib.common.rest_client [req-d8f0b56f-6063-48c2-87a6-3ce7a73e9955 req-d8f0b56f-6063-48c2-87a6-3ce7a73e9955 ] Request (ListServersNegativeTestJSON:tearDownClass): 200 GET http://10.180.1.21/compute/v2.1/servers/cf160dd3-0a4e-4a71-865b-512656582047 0.239s
2025-11-22 00:05:17.301 67823 INFO tempest.lib.common.rest_client [req-0ec937ff-8107-4924-a715-f6f04ff59d21 req-0ec937ff-8107-4924-a715-f6f04ff59d21 ] Request (AttachVolumeNegativeTest:test_attach_attached_volume_to_different_server): 200 GET http://10.180.1.21/compute/v2.1/servers/6df37185-7355-4d12-b35a-b2d3af237e46 0.232s
2025-11-22 00:05:17.311 67833 INFO tempest.lib.common.rest_client [req-41b80b14-9089-496b-b00e-06fbb1e06476 req-41b80b14-9089-496b-b00e-06fbb1e06476 ] Request (ServersTestFqdnHostnames:test_create_server_with_fqdn_name): 200 GET http://10.180.1.21/compute/v2.1/servers/29a88fe5-4781-4c75-8d7f-711377a2b2d0 0.185s
2025-11-22 00:05:17.354 67797 INFO tempest.lib.common.rest_client [req-684b7c66-f75a-40a3-946c-83521edcf14a req-684b7c66-f75a-40a3-946c-83521edcf14a ] Request (ServerActionsTestOtherA:setUpClass): 200 GET http://10.180.1.21/compute/v2.1/servers/f1bdbf14-4697-4ce2-a78a-a6341fae3b3b 0.206s
2025-11-22 00:05:17.367 67809 INFO tempest.lib.common.rest_client [req-8b0a1ff6-6c24-46a5-9eec-28cb62427631 req-8b0a1ff6-6c24-46a5-9eec-28cb62427631 ] Request (ServerPasswordTestJSON:setUpClass): 200 GET http://10.180.1.21/compute/v2.1/servers/09251ea4-8e84-4211-a058-4bd231f98ad8 0.189s
2025-11-22 00:05:17.402 67791 INFO tempest.lib.common.rest_client [req-790d45fb-78e6-484d-8cdf-8d8e39c94edb req-790d45fb-78e6-484d-8cdf-8d8e39c94edb ] Request (FloatingIPsAssociationNegativeTestJSON:setUpClass): 200 GET http://10.180.1.21/compute/v2.1/servers/0aa2477b-d729-4546-b94d-9f7644de69e8 0.201s
2025-11-22 00:05:17.429 67813 INFO tempest.lib.common.rest_client [req-b8cac2de-2870-4bf4-b3ab-f8e16b4bffcc req-b8cac2de-2870-4bf4-b3ab-f8e16b4bffcc ] Request (ServerMetadataNegativeTestJSON:tearDownClass): 200 GET http://10.180.1.21/compute/v2.1/servers/1f0382d3-dc1c-4d6d-ba0e-b2e6dec5d6df 0.137s
2025-11-22 00:05:17.462 67771 INFO tempest.lib.common.rest_client [req-ecc92a93-9ab8-4716-b1ab-3429d61cd9b5 req-ecc92a93-9ab8-4716-b1ab-3429d61cd9b5 ] Request (DeleteServersAdminTestJSON:test_delete_server_while_in_error_state): 200 GET http://10.180.1.21/compute/v2.1/servers/d35fb4f8-8fd7-4796-84ba-601d5ba67ada 0.097s
2025-11-22 00:05:17.522 67779 INFO tempest.lib.common.rest_client [req-9a1b33e4-c4ed-44fc-aa53-a0ef4c6ee96d req-9a1b33e4-c4ed-44fc-aa53-a0ef4c6ee96d ] Request (ServerExternalEventsTest:tearDownClass): 200 GET http://10.180.1.21/compute/v2.1/servers/45f6f6e9-1822-4c1c-96ac-0847e3b87bff 0.060s
2025-11-22 00:05:17.583 67826 INFO tempest.lib.common.rest_client [req-fc844dd1-276f-451b-9e4b-23b35bbc45f4 req-fc844dd1-276f-451b-9e4b-23b35bbc45f4 ] Request (SecurityGroupsTestJSON:test_list_security_groups_by_server): 200 GET http://10.180.1.21/compute/v2.1/servers/9080c2c2-b7b4-423b-b444-79f423fbffbd 0.103s
2025-11-22 00:05:17.600 67787 INFO tempest.lib.common.rest_client [req-4286bb0a-4330-4821-876d-e0c495f45ad1 req-4286bb0a-4330-4821-876d-e0c495f45ad1 ] Request (ServersAdminTestJSON:test_inject_network_info): 200 GET http://10.180.1.21/compute/v2.1/servers/f70523be-2b20-4866-a451-ec50d7642b2c 0.085s
2025-11-22 00:05:17.649 67829 INFO tempest.lib.common.rest_client [req-329d2c3c-7856-4614-9816-9b515687e29f req-329d2c3c-7856-4614-9816-9b515687e29f ] Request (ServerShowV257Test:tearDownClass): 200 GET http://10.180.1.21/compute/v2.1/servers/ab17ecda-08c2-43fd-bada-ccbb87e1d162 0.064s
2025-11-22 00:05:17.702 67819 INFO tempest.lib.common.rest_client [req-f0cd6440-487a-4c54-8e40-6cdf09a9b889 req-f0cd6440-487a-4c54-8e40-6cdf09a9b889 ] Request (ImagesTestJSON:test_create_image_from_suspended_server): 200 GET http://10.180.1.21/compute/v2.1/servers/e9bf361b-72ee-4bdf-b6d9-c51e4f775ca3 0.101s
2025-11-22 00:05:17.827 67773 INFO tempest.lib.common.rest_client [req-4d9f70e6-938f-418a-80ed-6cbb53a7f956 req-4d9f70e6-938f-418a-80ed-6cbb53a7f956 ] Request (ServersAdmin275Test:test_rebuild_update_server_275): 200 GET http://10.180.1.21/compute/v2.1/servers/ad19c623-8ccc-44b3-bde4-cdcb97409b0b 0.105s
2025-11-22 00:05:17.861 67828 INFO tempest.lib.common.rest_client [req-1df6fced-fe87-48fd-9b5a-afe12115de24 req-1df6fced-fe87-48fd-9b5a-afe12115de24 ] Request (MigrationsAdminTest:test_list_migrations_in_flavor_resize_situation): 200 GET http://10.180.1.21/compute/v2.1/servers/c092d9f0-8d96-47e9-a11e-14bec095bf29 0.162s
2025-11-22 00:05:17.880 67807 INFO tempest.lib.common.rest_client [req-3e764d85-444d-40d1-a5cb-52ac4c6b363e req-3e764d85-444d-40d1-a5cb-52ac4c6b363e ] Request (ServerAddressesTestJSON:setUpClass): 201 POST http://10.180.1.21/networking/v2.0/routers 0.717s
2025-11-22 00:05:17.895 67811 INFO tempest.lib.common.rest_client [req-16a11581-0ae9-41d7-b383-3f1c1a7db6a1 req-16a11581-0ae9-41d7-b383-3f1c1a7db6a1 ] Request (ServersTestJSON:tearDownClass): 200 GET http://10.180.1.21/compute/v2.1/servers/bc3670ab-6223-423a-a661-dd6d657d59b5 0.136s
2025-11-22 00:05:17.949 67822 INFO tempest.lib.common.rest_client [req-efe74d49-c48e-44c8-94a0-234e1bcaa349 req-efe74d49-c48e-44c8-94a0-234e1bcaa349 ] Request (DeleteServersTestJSON:test_delete_server_while_in_attached_volume): 200 GET http://10.180.1.21/compute/v2.1/servers/afd845b6-fa5f-4951-a524-57985a1c84d8 0.177s
2025-11-22 00:05:17.950 67817 INFO tempest.lib.common.rest_client [req-d088b19c-4f3c-4587-8a47-2bccc94d88df req-d088b19c-4f3c-4587-8a47-2bccc94d88df ] Request (ImagesOneServerTestJSON:test_create_delete_image): 200 GET http://10.180.1.21/compute/v2.1/images/ae489b06-1734-49ad-9404-0fc05738f925 0.163s
2025-11-22 00:05:17.976 67789 INFO tempest.lib.common.rest_client [req-ab8cc965-6808-4289-8925-751d8c659a71 req-ab8cc965-6808-4289-8925-751d8c659a71 ] Request (ImagesOneServerNegativeTestJSON:_run_cleanups): 404 GET http://10.180.1.21/compute/v2.1/servers/212159cd-ed9d-48aa-9633-5bd9dc59e5b6 0.099s
2025-11-22 00:05:18.010 67817 INFO tempest.lib.common.rest_client [req-7e9c43f8-9c54-4b50-a7be-a4a4ddabadb4 req-7e9c43f8-9c54-4b50-a7be-a4a4ddabadb4 ] Request (ImagesOneServerTestJSON:test_create_delete_image): 200 GET http://10.180.1.21/compute/v2.1/images/ae489b06-1734-49ad-9404-0fc05738f925 0.056s
2025-11-22 00:05:18.036 67789 INFO tempest.lib.common.rest_client [req-45f55f68-37c0-4df8-a9e7-7693253700d6 req-45f55f68-37c0-4df8-a9e7-7693253700d6 ] Request (ImagesOneServerNegativeTestJSON:_run_cleanups): 200 POST http://10.180.1.21/compute/v2.1/os-keypairs 0.058s
2025-11-22 00:05:18.180 67789 INFO tempest.lib.common.rest_client [req-150b145e-1ca5-4468-b3a1-358184c14dd7 req-150b145e-1ca5-4468-b3a1-358184c14dd7 ] Request (ImagesOneServerNegativeTestJSON:_run_cleanups): 201 POST http://10.180.1.21/networking/v2.0/security-groups 0.142s
2025-11-22 00:05:18.202 67815 INFO tempest.lib.common.rest_client [req-be440de3-c8f2-48f0-b350-cee004f9d2fa req-be440de3-c8f2-48f0-b350-cee004f9d2fa ] Request (ServersTestMultiNic:test_verify_multiple_nics_order): 200 GET http://10.180.1.21/compute/v2.1/servers/34b9b649-1eea-49a4-9f97-ad86057053ac 0.209s
2025-11-22 00:05:18.345 67789 INFO tempest.lib.common.rest_client [req-7ea3d8bb-073a-4e36-bef3-9d13f5d39098 req-7ea3d8bb-073a-4e36-bef3-9d13f5d39098 ] Request (ImagesOneServerNegativeTestJSON:_run_cleanups): 201 POST http://10.180.1.21/networking/v2.0/security-group-rules 0.165s
2025-11-22 00:05:18.376 67817 INFO tempest.lib.common.rest_client [req-e38c5361-077e-4e10-8a73-56298d4cff5f req-e38c5361-077e-4e10-8a73-56298d4cff5f ] Request (ImagesOneServerTestJSON:test_create_delete_image): 200 GET http://10.180.1.21/compute/v2.1/servers/89333043-ba83-4b29-a2df-0746ec92eca0 0.363s
2025-11-22 00:05:18.407 67799 INFO tempest.lib.common.rest_client [req-729f93b9-35d7-4854-9cb7-72f512a13e80 req-729f93b9-35d7-4854-9cb7-72f512a13e80 ] Request (TenantUsagesTestJSON:tearDownClass): 200 GET http://10.180.1.21/compute/v2.1/servers/0aa12f0d-754e-42ec-8363-c459446d620b 0.373s
2025-11-22 00:05:18.488 67789 INFO tempest.lib.common.rest_client [req-350f5dd6-94e8-4471-ba1c-c8ed3446c3a3 req-350f5dd6-94e8-4471-ba1c-c8ed3446c3a3 ] Request (ImagesOneServerNegativeTestJSON:_run_cleanups): 201 POST http://10.180.1.21/networking/v2.0/security-group-rules 0.142s
2025-11-22 00:05:18.521 67795 INFO tempest.lib.common.rest_client [req-b758bac4-2b32-406a-a3cc-0a2eb7b84102 req-b758bac4-2b32-406a-a3cc-0a2eb7b84102 ] Request (ServerActionsV293TestJSON:setUpClass): 200 GET http://10.180.1.21/compute/v2.1/servers/45374439-13fc-48c3-ac09-87e0b4a8f1c1 0.358s
2025-11-22 00:05:18.792 67807 INFO tempest.lib.common.rest_client [req-2db7b6ef-54b4-462b-b839-d04f94999572 req-2db7b6ef-54b4-462b-b839-d04f94999572 ] Request (ServerAddressesTestJSON:setUpClass): 200 PUT http://10.180.1.21/networking/v2.0/routers/19c8ca8d-687f-4ec8-83e5-02a696101635/add_router_interface 0.911s
2025-11-22 00:05:18.792 67807 INFO tempest.lib.common.dynamic_creds [-] Created isolated network resources for: credentials: Credentials: {'domain_id': 'default', 'domain_name': 'Default', 'username': 'tempest-ServerAddressesTestJSON-1633251855-project-member', 'project_domain_id': 'default', 'project_domain_name': 'Default', 'project_id': '704930d8b635456cb70eabce512b4610', 'project_name': 'tempest-ServerAddressesTestJSON-1633251855', 'tenant_id': '704930d8b635456cb70eabce512b4610', 'tenant_name': 'tempest-ServerAddressesTestJSON-1633251855', 'user_domain_id': 'default', 'user_domain_name': 'Default', 'user_id': '9de66e3faa8a48e4892f7289386f042a', 'system': None}, Network: {'id': '338fc6f9-fda0-4a5c-af95-49820f4f4831', 'name': 'tempest-ServerAddressesTestJSON-647297396-network', 'tenant_id': '704930d8b635456cb70eabce512b4610', 'project_id': '704930d8b635456cb70eabce512b4610', 'admin_state_up': True, 'mtu': 8950, 'status': 'ACTIVE', 'subnets': [], 'shared': False, 'port_security_enabled': True, 'router:external': False, 'provider:network_type': 'vlan', 'provider:physical_network': 'default', 'provider:segmentation_id': 301, 'availability_zone_hints': [], 'availability_zones': [], 'ipv4_address_scope': None, 'ipv6_address_scope': None, 'description': '', 'tags': [], 'created_at': '2025-11-22T00:05:16Z', 'updated_at': '2025-11-22T00:05:16Z', 'revision_number': 1}, Subnet: {'id': 'f90b3cd2-5a9e-4fe7-8f90-c824a415f55b', 'name': 'tempest-ServerAddressesTestJSON-647297396-subnet', 'tenant_id': '704930d8b635456cb70eabce512b4610', 'network_id': '338fc6f9-fda0-4a5c-af95-49820f4f4831', 'ip_version': 4, 'subnetpool_id': None, 'enable_dhcp': True, 'ipv6_ra_mode': None, 'ipv6_address_mode': None, 'gateway_ip': '192.168.128.1', 'cidr': '192.168.128.0/28', 'allocation_pools': [{'start': '192.168.128.2', 'end': '192.168.128.14'}], 'host_routes': [], 'dns_nameservers': [], 'description': '', 'router:external': False, 'service_types': [], 'tags': [], 'created_at': '2025-11-22T00:05:17Z', 'updated_at': '2025-11-22T00:05:17Z', 'revision_number': 0, 'project_id': '704930d8b635456cb70eabce512b4610'}, Router: {'id': '19c8ca8d-687f-4ec8-83e5-02a696101635', 'name': 'tempest-ServerAddressesTestJSON-647297396-router', 'tenant_id': '704930d8b635456cb70eabce512b4610', 'admin_state_up': True, 'status': 'ACTIVE', 'external_gateway_info': {'network_id': '785a1c40-3b6a-4071-a3cd-056d284d2270', 'external_fixed_ips': [{'subnet_id': '728cd319-bcae-475a-929f-b8ebcea94659', 'ip_address': '10.180.180.216'}], 'enable_snat': True}, 'description': '', 'availability_zones': [], 'distributed': False, 'ha': False, 'availability_zone_hints': [], 'routes': [], 'flavor_id': None, 'tags': [], 'created_at': '2025-11-22T00:05:17Z', 'updated_at': '2025-11-22T00:05:17Z', 'revision_number': 2, 'project_id': '704930d8b635456cb70eabce512b4610'}
2025-11-22 00:05:18.835 67805 INFO tempest.lib.common.rest_client [req-75f7eabe-47ee-4704-9566-359707f0025c req-75f7eabe-47ee-4704-9566-359707f0025c ] Request (ServersAdminNegativeTestJSON:tearDownClass): 200 GET http://10.180.1.21/compute/v2.1/servers/323d02bb-043c-4419-8310-0103c015a2c1 0.654s
2025-11-22 00:05:18.849 67783 INFO tempest.lib.common.rest_client [req-82465af2-8f57-4a1a-b4eb-9892cedac2ca req-82465af2-8f57-4a1a-b4eb-9892cedac2ca ] Request (ListImageFiltersTestJSON:setUpClass): 200 GET http://10.180.1.21/compute/v2.1/servers/6804ada5-2fc2-4dfd-ac21-7bbc6eaa4c22 0.607s
2025-11-22 00:05:18.918 67807 INFO tempest.lib.common.rest_client [req-fb9b9946-c2f4-4d0d-95b6-7f23eb5cfb37 req-fb9b9946-c2f4-4d0d-95b6-7f23eb5cfb37 ] Request (ServerAddressesTestJSON:setUpClass): 201 POST http://10.180.1.21/identity/v3/auth/tokens 0.122s
2025-11-22 00:05:18.967 67807 INFO tempest.lib.common.rest_client [req-69597054-a228-40a7-b8cb-644ff62c9339 req-69597054-a228-40a7-b8cb-644ff62c9339 ] Request (ServerAddressesTestJSON:setUpClass): 201 POST http://10.180.1.21/identity/v3/auth/tokens 0.044s
2025-11-22 00:05:18.967 67807 INFO tempest.lib.common.fixed_network [-] (ServerAddressesTestJSON:setUpClass) Found network {'id': '338fc6f9-fda0-4a5c-af95-49820f4f4831', 'name': 'tempest-ServerAddressesTestJSON-647297396-network', 'tenant_id': '704930d8b635456cb70eabce512b4610', 'project_id': '704930d8b635456cb70eabce512b4610', 'admin_state_up': True, 'mtu': 8950, 'status': 'ACTIVE', 'subnets': [], 'shared': False, 'port_security_enabled': True, 'router:external': False, 'provider:network_type': 'vlan', 'provider:physical_network': 'default', 'provider:segmentation_id': 301, 'availability_zone_hints': [], 'availability_zones': [], 'ipv4_address_scope': None, 'ipv6_address_scope': None, 'description': '', 'tags': [], 'created_at': '2025-11-22T00:05:16Z', 'updated_at': '2025-11-22T00:05:16Z', 'revision_number': 1} available for tenant
2025-11-22 00:05:19.021 67789 INFO tempest.lib.common.rest_client [req-a1b76a68-090c-48c1-a6fc-ba6e264c0fd3 req-a1b76a68-090c-48c1-a6fc-ba6e264c0fd3 ] Request (ImagesOneServerNegativeTestJSON:_run_cleanups): 201 POST http://10.180.1.21/networking/v2.0/floatingips 0.533s
2025-11-22 00:05:19.049 67823 INFO tempest.lib.common.rest_client [req-11240777-710f-4f87-b1ab-4369e2b15e89 req-11240777-710f-4f87-b1ab-4369e2b15e89 ] Request (AttachVolumeNegativeTest:test_attach_attached_volume_to_different_server): 200 GET http://10.180.1.21/compute/v2.1/servers/6df37185-7355-4d12-b35a-b2d3af237e46 0.738s
2025-11-22 00:05:19.066 67831 INFO tempest.lib.common.rest_client [req-2307c600-2974-4acc-893d-0036819cd1a2 req-2307c600-2974-4acc-893d-0036819cd1a2 ] Request (ListServersNegativeTestJSON:tearDownClass): 200 GET http://10.180.1.21/compute/v2.1/servers/cf160dd3-0a4e-4a71-865b-512656582047 0.807s
2025-11-22 00:05:19.113 67789 INFO tempest.lib.common.rest_client [req-f1099da6-ede8-49b9-a664-74e913c2ba60 req-f1099da6-ede8-49b9-a664-74e913c2ba60 ] Request (ImagesOneServerNegativeTestJSON:_run_cleanups): 201 POST http://10.180.1.21/identity/v3/auth/tokens 0.085s
2025-11-22 00:05:19.113 67789 INFO tempest.lib.common.fixed_network [-] (ImagesOneServerNegativeTestJSON:_run_cleanups) Found network {'id': '0412ee4a-d2bf-4dc2-813d-3f940e148db1', 'name': 'tempest-ImagesOneServerNegativeTestJSON-1943405112-network', 'tenant_id': '323fc390cedf4e09bf3d54c310b86a9a', 'project_id': '323fc390cedf4e09bf3d54c310b86a9a', 'admin_state_up': True, 'mtu': 8950, 'status': 'ACTIVE', 'subnets': [], 'shared': False, 'port_security_enabled': True, 'router:external': False, 'provider:network_type': 'vlan', 'provider:physical_network': 'default', 'provider:segmentation_id': 399, 'availability_zone_hints': [], 'availability_zones': [], 'ipv4_address_scope': None, 'ipv6_address_scope': None, 'description': '', 'tags': [], 'created_at': '2025-11-22T00:03:25Z', 'updated_at': '2025-11-22T00:03:25Z', 'revision_number': 1} available for tenant
2025-11-22 00:05:19.123 67797 INFO tempest.lib.common.rest_client [req-637daa5d-d47d-46a1-931c-d006cf489062 req-637daa5d-d47d-46a1-931c-d006cf489062 ] Request (ServerActionsTestOtherA:setUpClass): 200 GET http://10.180.1.21/compute/v2.1/servers/f1bdbf14-4697-4ce2-a78a-a6341fae3b3b 0.761s
2025-11-22 00:05:19.141 67833 INFO tempest.lib.common.rest_client [req-a8abd71e-4577-4cca-a461-bfe18ae8d72d req-a8abd71e-4577-4cca-a461-bfe18ae8d72d ] Request (ServersTestFqdnHostnames:test_create_server_with_fqdn_name): 200 GET http://10.180.1.21/compute/v2.1/servers/29a88fe5-4781-4c75-8d7f-711377a2b2d0 0.816s
2025-11-22 00:05:19.192 67809 INFO tempest.lib.common.rest_client [req-f02247f0-3034-4c61-b1f9-05cc8fe26783 req-f02247f0-3034-4c61-b1f9-05cc8fe26783 ] Request (ServerPasswordTestJSON:setUpClass): 200 GET http://10.180.1.21/compute/v2.1/servers/09251ea4-8e84-4211-a058-4bd231f98ad8 0.816s
2025-11-22 00:05:19.225 67791 INFO tempest.lib.common.rest_client [req-cceb4cb6-b364-4352-9846-4020e84ea426 req-cceb4cb6-b364-4352-9846-4020e84ea426 ] Request (FloatingIPsAssociationNegativeTestJSON:setUpClass): 200 GET http://10.180.1.21/compute/v2.1/servers/0aa2477b-d729-4546-b94d-9f7644de69e8 0.815s
2025-11-22 00:05:19.267 67813 INFO tempest.lib.common.rest_client [req-f8753be4-7181-4323-9cf3-e85ff1698acd req-f8753be4-7181-4323-9cf3-e85ff1698acd ] Request (ServerMetadataNegativeTestJSON:tearDownClass): 200 GET http://10.180.1.21/compute/v2.1/servers/1f0382d3-dc1c-4d6d-ba0e-b2e6dec5d6df 0.825s
2025-11-22 00:05:19.305 67771 INFO tempest.lib.common.rest_client [req-88fc81ad-19a7-474a-8c6a-bac6ea3a16c3 req-88fc81ad-19a7-474a-8c6a-bac6ea3a16c3 ] Request (DeleteServersAdminTestJSON:test_delete_server_while_in_error_state): 200 GET http://10.180.1.21/compute/v2.1/servers/d35fb4f8-8fd7-4796-84ba-601d5ba67ada 0.835s
2025-11-22 00:05:19.338 67779 INFO tempest.lib.common.rest_client [req-e6dbc56c-f527-4264-a0d6-b555a2fea676 req-e6dbc56c-f527-4264-a0d6-b555a2fea676 ] Request (ServerExternalEventsTest:tearDownClass): 200 GET http://10.180.1.21/compute/v2.1/servers/45f6f6e9-1822-4c1c-96ac-0847e3b87bff 0.805s
2025-11-22 00:05:19.396 67787 INFO tempest.lib.common.rest_client [req-e5b13bf5-a38c-42dd-ac75-05d8a994e34c req-e5b13bf5-a38c-42dd-ac75-05d8a994e34c ] Request (ServersAdminTestJSON:test_inject_network_info): 200 GET http://10.180.1.21/compute/v2.1/servers/f70523be-2b20-4866-a451-ec50d7642b2c 0.787s
2025-11-22 00:05:19.458 67826 INFO tempest.lib.common.rest_client [req-dd8a6cca-d3dc-4f8c-b890-517e87763cd0 req-dd8a6cca-d3dc-4f8c-b890-517e87763cd0 ] Request (SecurityGroupsTestJSON:test_list_security_groups_by_server): 200 GET http://10.180.1.21/compute/v2.1/servers/9080c2c2-b7b4-423b-b444-79f423fbffbd 0.865s
2025-11-22 00:05:19.463 67829 INFO tempest.lib.common.rest_client [req-3a002344-878a-421c-995c-c493a8dd1e18 req-3a002344-878a-421c-995c-c493a8dd1e18 ] Request (ServerShowV257Test:tearDownClass): 200 GET http://10.180.1.21/compute/v2.1/servers/ab17ecda-08c2-43fd-bada-ccbb87e1d162 0.802s
2025-11-22 00:05:19.524 67773 INFO tempest.lib.common.rest_client [req-9e4eedbc-72c4-4be3-80c8-9f8fa7d8dec5 req-9e4eedbc-72c4-4be3-80c8-9f8fa7d8dec5 ] Request (ServersAdmin275Test:test_rebuild_update_server_275): 200 GET http://10.180.1.21/compute/v2.1/servers/ad19c623-8ccc-44b3-bde4-cdcb97409b0b 0.685s
2025-11-22 00:05:19.559 67819 INFO tempest.lib.common.rest_client [req-89a48102-e65a-42ec-afbd-a0f579b19b08 req-89a48102-e65a-42ec-afbd-a0f579b19b08 ] Request (ImagesTestJSON:test_create_image_from_suspended_server): 200 GET http://10.180.1.21/compute/v2.1/servers/e9bf361b-72ee-4bdf-b6d9-c51e4f775ca3 0.848s
2025-11-22 00:05:19.566 67819 INFO tempest.common.waiters [-] State transition "BUILD/spawning" ==> "ACTIVE/None" after 42 second wait
2025-11-22 00:05:19.615 67811 INFO tempest.lib.common.rest_client [req-38fd1147-77ba-4c42-824c-db2d5941c9c1 req-38fd1147-77ba-4c42-824c-db2d5941c9c1 ] Request (ServersTestJSON:tearDownClass): 200 GET http://10.180.1.21/compute/v2.1/servers/bc3670ab-6223-423a-a661-dd6d657d59b5 0.706s
2025-11-22 00:05:19.622 67828 INFO tempest.lib.common.rest_client [req-795497cb-1408-4b15-a3b9-94a4e469d4aa req-795497cb-1408-4b15-a3b9-94a4e469d4aa ] Request (MigrationsAdminTest:test_list_migrations_in_flavor_resize_situation): 200 GET http://10.180.1.21/compute/v2.1/servers/c092d9f0-8d96-47e9-a11e-14bec095bf29 0.747s
2025-11-22 00:05:19.666 67822 INFO tempest.lib.common.rest_client [req-f89ee4e4-abdb-4e9c-b190-a90c0920602d req-f89ee4e4-abdb-4e9c-b190-a90c0920602d ] Request (DeleteServersTestJSON:test_delete_server_while_in_attached_volume): 200 GET http://10.180.1.21/compute/v2.1/servers/afd845b6-fa5f-4951-a524-57985a1c84d8 0.709s
2025-11-22 00:05:20.049 67789 INFO tempest.lib.common.rest_client [req-c46c4db0-aba4-449f-bf76-0d239e76d743 req-c46c4db0-aba4-449f-bf76-0d239e76d743 ] Request (ImagesOneServerNegativeTestJSON:_run_cleanups): 202 POST http://10.180.1.21/compute/v2.1/servers 0.934s
2025-11-22 00:05:20.050 67807 INFO tempest.lib.common.rest_client [req-4582035b-3ead-4aac-bc09-531735e37640 req-4582035b-3ead-4aac-bc09-531735e37640 ] Request (ServerAddressesTestJSON:setUpClass): 202 POST http://10.180.1.21/compute/v2.1/servers 1.081s
2025-11-22 00:05:20.116 67815 INFO tempest.lib.common.rest_client [req-437ad3de-5039-41f7-9374-d2c1386c19f4 req-437ad3de-5039-41f7-9374-d2c1386c19f4 ] Request (ServersTestMultiNic:test_verify_multiple_nics_order): 200 GET http://10.180.1.21/compute/v2.1/servers/34b9b649-1eea-49a4-9f97-ad86057053ac 0.905s
2025-11-22 00:05:20.136 67799 INFO tempest.lib.common.rest_client [req-0c391d67-a60f-4508-95d3-00de933f71d1 req-0c391d67-a60f-4508-95d3-00de933f71d1 ] Request (TenantUsagesTestJSON:tearDownClass): 404 GET http://10.180.1.21/compute/v2.1/servers/0aa12f0d-754e-42ec-8363-c459446d620b 0.717s
2025-11-22 00:05:20.212 67795 INFO tempest.lib.common.rest_client [req-503f6dea-a083-44e1-bb30-a618ae6136d1 req-503f6dea-a083-44e1-bb30-a618ae6136d1 ] Request (ServerActionsV293TestJSON:setUpClass): 200 GET http://10.180.1.21/compute/v2.1/servers/45374439-13fc-48c3-ac09-87e0b4a8f1c1 0.676s
2025-11-22 00:05:20.219 67817 INFO tempest.lib.common.rest_client [req-f7d06829-b2ed-48f2-adae-803ca12a9e24 req-f7d06829-b2ed-48f2-adae-803ca12a9e24 ] Request (ImagesOneServerTestJSON:test_create_delete_image): 200 GET http://10.180.1.21/compute/v2.1/servers/89333043-ba83-4b29-a2df-0746ec92eca0 0.833s
2025-11-22 00:05:20.232 67817 INFO tempest.common.waiters [-] State transition "ACTIVE/image_uploading" ==> "ACTIVE/None" after 2 second wait
2025-11-22 00:05:20.241 67799 INFO tempest.lib.common.rest_client [req-dad813e1-187b-4d8c-b179-fe80a744174b req-dad813e1-187b-4d8c-b179-fe80a744174b ] Request (TenantUsagesTestJSON:tearDownClass): 204 DELETE http://10.180.1.21/identity/v3/users/17b4025783114e76a88736dc2a8038fb 0.105s
2025-11-22 00:05:20.309 67805 INFO tempest.lib.common.rest_client [req-17719716-d35a-4f00-8a92-1f84d9709079 req-17719716-d35a-4f00-8a92-1f84d9709079 ] Request (ServersAdminNegativeTestJSON:tearDownClass): 200 GET http://10.180.1.21/compute/v2.1/servers/323d02bb-043c-4419-8310-0103c015a2c1 0.460s
2025-11-22 00:05:20.317 67805 INFO tempest.common.waiters [-] State transition "SUSPENDED/deleting" ==> "DELETED/None" after 3 second wait
2025-11-22 00:05:20.357 67819 INFO tempest.lib.common.rest_client [req-700fe68c-147a-4956-92e8-326b7f6e904e req-700fe68c-147a-4956-92e8-326b7f6e904e ] Request (ImagesTestJSON:test_create_image_from_suspended_server): 202 POST http://10.180.1.21/compute/v2.1/servers/e9bf361b-72ee-4bdf-b6d9-c51e4f775ca3/action 0.790s
2025-11-22 00:05:20.384 67783 INFO tempest.lib.common.rest_client [req-d5270bfc-2615-465b-a3e8-cb7955c16318 req-d5270bfc-2615-465b-a3e8-cb7955c16318 ] Request (ListImageFiltersTestJSON:setUpClass): 200 GET http://10.180.1.21/compute/v2.1/servers/6804ada5-2fc2-4dfd-ac21-7bbc6eaa4c22 0.526s
2025-11-22 00:05:20.394 67783 INFO tempest.common.waiters [-] State transition "BUILD/scheduling" ==> "BUILD/None" after 14 second wait
2025-11-22 00:05:20.403 67789 INFO tempest.lib.common.rest_client [req-6e1cc0a8-bc24-4228-a2fa-90b07e55eefd req-6e1cc0a8-bc24-4228-a2fa-90b07e55eefd ] Request (ImagesOneServerNegativeTestJSON:_run_cleanups): 200 GET http://10.180.1.21/compute/v2.1/servers/d64fa759-fc89-4819-b6dc-25b95279b0bf 0.352s
2025-11-22 00:05:20.407 67799 INFO tempest.lib.common.rest_client [req-b9ea61f9-69ad-4eb8-afae-a3c546157641 req-b9ea61f9-69ad-4eb8-afae-a3c546157641 ] Request (TenantUsagesTestJSON:tearDownClass): 204 DELETE http://10.180.1.21/identity/v3/users/4e0ff22a6676432093f878f625b68a21 0.165s
2025-11-22 00:05:20.408 67799 INFO tempest.lib.common.dynamic_creds [-] Deleting project and security group for project: f1d14bc3c3b94ca2b9c0f6284be2f0e1
2025-11-22 00:05:20.439 67807 INFO tempest.lib.common.rest_client [req-53460bdb-7fea-4218-831c-db79a2fbd394 req-53460bdb-7fea-4218-831c-db79a2fbd394 ] Request (ServerAddressesTestJSON:setUpClass): 200 GET http://10.180.1.21/compute/v2.1/servers/d5b011ce-f5bf-4df3-8964-863b235f449b 0.387s
2025-11-22 00:05:20.465 67823 INFO tempest.lib.common.rest_client [req-a60e091a-0a49-4554-a6b2-39b32cd51f65 req-a60e091a-0a49-4554-a6b2-39b32cd51f65 ] Request (AttachVolumeNegativeTest:test_attach_attached_volume_to_different_server): 200 GET http://10.180.1.21/compute/v2.1/servers/6df37185-7355-4d12-b35a-b2d3af237e46 0.402s
2025-11-22 00:05:20.503 67799 INFO tempest.lib.common.rest_client [req-9d1c6adf-1e38-4a03-aabe-c86bf61c0a40 req-9d1c6adf-1e38-4a03-aabe-c86bf61c0a40 ] Request (TenantUsagesTestJSON:tearDownClass): 201 POST http://10.180.1.21/identity/v3/auth/tokens 0.095s
2025-11-22 00:05:20.510 67831 INFO tempest.lib.common.rest_client [req-2dd7258c-4f09-41ef-b66e-9b100b0c3abf req-2dd7258c-4f09-41ef-b66e-9b100b0c3abf ] Request (ListServersNegativeTestJSON:tearDownClass): 200 GET http://10.180.1.21/compute/v2.1/servers/cf160dd3-0a4e-4a71-865b-512656582047 0.433s
2025-11-22 00:05:20.524 67797 INFO tempest.lib.common.rest_client [req-90986a38-8977-4085-b93b-196914111ac7 req-90986a38-8977-4085-b93b-196914111ac7 ] Request (ServerActionsTestOtherA:setUpClass): 200 GET http://10.180.1.21/compute/v2.1/servers/f1bdbf14-4697-4ce2-a78a-a6341fae3b3b 0.393s
2025-11-22 00:05:20.597 67833 INFO tempest.lib.common.rest_client [req-90f9ab5a-1269-46f9-9e62-96f9a999cd2f req-90f9ab5a-1269-46f9-9e62-96f9a999cd2f ] Request (ServersTestFqdnHostnames:test_create_server_with_fqdn_name): 200 GET http://10.180.1.21/compute/v2.1/servers/29a88fe5-4781-4c75-8d7f-711377a2b2d0 0.448s
2025-11-22 00:05:20.617 67809 INFO tempest.lib.common.rest_client [req-3850ae8e-fc87-4949-8968-ed54b7e05588 req-3850ae8e-fc87-4949-8968-ed54b7e05588 ] Request (ServerPasswordTestJSON:setUpClass): 200 GET http://10.180.1.21/compute/v2.1/servers/09251ea4-8e84-4211-a058-4bd231f98ad8 0.418s
2025-11-22 00:05:20.660 67817 INFO tempest.lib.common.rest_client [req-9419cff0-da6d-4b3c-8e46-e1199afcb24c req-9419cff0-da6d-4b3c-8e46-e1199afcb24c ] Request (ImagesOneServerTestJSON:test_create_delete_image): 200 GET http://10.180.1.21/compute/v2.1/images/21909d76-6955-43c8-b1f2-60f800e45a4e 0.427s
2025-11-22 00:05:20.690 67791 INFO tempest.lib.common.rest_client [req-2cd74441-78b4-452f-b756-4ab3dd1253ba req-2cd74441-78b4-452f-b756-4ab3dd1253ba ] Request (FloatingIPsAssociationNegativeTestJSON:setUpClass): 200 GET http://10.180.1.21/compute/v2.1/servers/0aa2477b-d729-4546-b94d-9f7644de69e8 0.455s
2025-11-22 00:05:20.756 67813 INFO tempest.lib.common.rest_client [req-d20509dc-986a-44aa-8d40-48865e230458 req-d20509dc-986a-44aa-8d40-48865e230458 ] Request (ServerMetadataNegativeTestJSON:tearDownClass): 200 GET http://10.180.1.21/compute/v2.1/servers/1f0382d3-dc1c-4d6d-ba0e-b2e6dec5d6df 0.479s
2025-11-22 00:05:20.763 67799 INFO tempest.lib.common.rest_client [req-ff330934-d98a-4e2c-a38f-f1d2b00017f2 req-ff330934-d98a-4e2c-a38f-f1d2b00017f2 ] Request (TenantUsagesTestJSON:tearDownClass): 200 GET http://10.180.1.21/networking/v2.0/security-groups?tenant_id=f1d14bc3c3b94ca2b9c0f6284be2f0e1&name=default 0.260s
2025-11-22 00:05:20.772 67771 INFO tempest.lib.common.rest_client [req-bd822958-8401-4815-9d5e-8629ed4022e8 req-bd822958-8401-4815-9d5e-8629ed4022e8 ] Request (DeleteServersAdminTestJSON:test_delete_server_while_in_error_state): 200 GET http://10.180.1.21/compute/v2.1/servers/d35fb4f8-8fd7-4796-84ba-601d5ba67ada 0.459s
2025-11-22 00:05:20.836 67779 INFO tempest.lib.common.rest_client [req-4b5bca4d-ada9-4e7c-9a3b-a3c07bf27c06 req-4b5bca4d-ada9-4e7c-9a3b-a3c07bf27c06 ] Request (ServerExternalEventsTest:tearDownClass): 200 GET http://10.180.1.21/compute/v2.1/servers/45f6f6e9-1822-4c1c-96ac-0847e3b87bff 0.487s
2025-11-22 00:05:20.871 67799 INFO tempest.lib.common.rest_client [req-13658aad-19e0-496e-a5f1-3857096bd8da req-13658aad-19e0-496e-a5f1-3857096bd8da ] Request (TenantUsagesTestJSON:tearDownClass): 204 DELETE http://10.180.1.21/networking/v2.0/security-groups/8d94e647-30cb-4e62-9f70-b940f70fd575 0.108s
2025-11-22 00:05:20.915 67787 INFO tempest.lib.common.rest_client [req-17f52b30-615a-49fb-88b0-0fb4b370ea36 req-17f52b30-615a-49fb-88b0-0fb4b370ea36 ] Request (ServersAdminTestJSON:test_inject_network_info): 200 GET http://10.180.1.21/compute/v2.1/servers/f70523be-2b20-4866-a451-ec50d7642b2c 0.512s
2025-11-22 00:05:20.957 67799 INFO tempest.lib.common.rest_client [req-f4fa978d-f0e0-4b0b-93aa-b8e2de69ec08 req-f4fa978d-f0e0-4b0b-93aa-b8e2de69ec08 ] Request (TenantUsagesTestJSON:tearDownClass): 204 DELETE http://10.180.1.21/identity/v3/projects/f1d14bc3c3b94ca2b9c0f6284be2f0e1 0.085s
2025-11-22 00:05:20.957 67799 INFO tempest.lib.common.dynamic_creds [-] Deleting project and security group for project: e3713ba468c44e8ba11fd92c0cec4522
2025-11-22 00:05:20.979 67819 INFO tempest.lib.common.rest_client [req-bdd3f6de-6a8d-42d0-8cb3-ca884fcfa054 req-bdd3f6de-6a8d-42d0-8cb3-ca884fcfa054 ] Request (ImagesTestJSON:test_create_image_from_suspended_server): 200 GET http://10.180.1.21/compute/v2.1/servers/e9bf361b-72ee-4bdf-b6d9-c51e4f775ca3 0.622s
2025-11-22 00:05:21.003 67799 INFO tempest.lib.common.rest_client [req-67d8db25-e0d9-4885-b10c-773171f18833 req-67d8db25-e0d9-4885-b10c-773171f18833 ] Request (TenantUsagesTestJSON:tearDownClass): 200 GET http://10.180.1.21/networking/v2.0/security-groups?tenant_id=e3713ba468c44e8ba11fd92c0cec4522&name=default 0.045s
2025-11-22 00:05:21.070 67829 INFO tempest.lib.common.rest_client [req-a97e62ab-0055-4def-86c4-c881a42b4dd5 req-a97e62ab-0055-4def-86c4-c881a42b4dd5 ] Request (ServerShowV257Test:tearDownClass): 200 GET http://10.180.1.21/compute/v2.1/servers/ab17ecda-08c2-43fd-bada-ccbb87e1d162 0.597s
2025-11-22 00:05:21.092 67826 INFO tempest.lib.common.rest_client [req-da1eca5c-430b-4e75-a385-38d4dd289ea3 req-da1eca5c-430b-4e75-a385-38d4dd289ea3 ] Request (SecurityGroupsTestJSON:test_list_security_groups_by_server): 200 GET http://10.180.1.21/compute/v2.1/servers/9080c2c2-b7b4-423b-b444-79f423fbffbd 0.626s
2025-11-22 00:05:21.104 67799 INFO tempest.lib.common.rest_client [req-2efd83a8-6c96-41f1-93ce-ddccdc659229 req-2efd83a8-6c96-41f1-93ce-ddccdc659229 ] Request (TenantUsagesTestJSON:tearDownClass): 204 DELETE http://10.180.1.21/networking/v2.0/security-groups/a7505268-ee7c-403c-8aab-315c4dbe49a7 0.101s
2025-11-22 00:05:21.133 67773 INFO tempest.lib.common.rest_client [req-8e44c4ee-3c69-47ed-876b-fda666bf7ac5 req-8e44c4ee-3c69-47ed-876b-fda666bf7ac5 ] Request (ServersAdmin275Test:test_rebuild_update_server_275): 200 GET http://10.180.1.21/compute/v2.1/servers/ad19c623-8ccc-44b3-bde4-cdcb97409b0b 0.593s
2025-11-22 00:05:21.164 67811 INFO tempest.lib.common.rest_client [req-cfc36546-e388-4dcd-8734-06e3e2d514f6 req-cfc36546-e388-4dcd-8734-06e3e2d514f6 ] Request (ServersTestJSON:tearDownClass): 200 GET http://10.180.1.21/compute/v2.1/servers/bc3670ab-6223-423a-a661-dd6d657d59b5 0.540s
2025-11-22 00:05:21.181 67817 INFO tempest.lib.common.rest_client [req-6148ba1c-3e1f-4f40-9a24-82e0ec22bf81 req-6148ba1c-3e1f-4f40-9a24-82e0ec22bf81 ] Request (ImagesOneServerTestJSON:test_create_delete_image): 200 GET http://10.180.1.21/compute/v2.1/flavors/42 0.514s
2025-11-22 00:05:21.228 67799 INFO tempest.lib.common.rest_client [req-6180b36c-30de-4d5f-92fc-ec4031269d6a req-6180b36c-30de-4d5f-92fc-ec4031269d6a ] Request (TenantUsagesTestJSON:tearDownClass): 204 DELETE http://10.180.1.21/identity/v3/projects/e3713ba468c44e8ba11fd92c0cec4522 0.123s
2025-11-22 00:05:21.235 67822 INFO tempest.lib.common.rest_client [req-b50376ae-88ed-4f4e-bd32-fc07ac79d396 req-b50376ae-88ed-4f4e-bd32-fc07ac79d396 ] Request (DeleteServersTestJSON:test_delete_server_while_in_attached_volume): 200 GET http://10.180.1.21/compute/v2.1/servers/afd845b6-fa5f-4951-a524-57985a1c84d8 0.558s
2025-11-22 00:05:21.292 67815 INFO tempest.lib.common.rest_client [req-dc8e0eae-63c8-4e58-b70c-101e5458b1e6 req-dc8e0eae-63c8-4e58-b70c-101e5458b1e6 ] Request (ServersTestMultiNic:test_verify_multiple_nics_order): 200 GET http://10.180.1.21/compute/v2.1/servers/34b9b649-1eea-49a4-9f97-ad86057053ac 0.167s
2025-11-22 00:05:21.296 67828 INFO tempest.lib.common.rest_client [req-92dde5c7-854c-4158-a0b4-edf4ec444fe8 req-92dde5c7-854c-4158-a0b4-edf4ec444fe8 ] Request (MigrationsAdminTest:test_list_migrations_in_flavor_resize_situation): 200 GET http://10.180.1.21/compute/v2.1/servers/c092d9f0-8d96-47e9-a11e-14bec095bf29 0.665s
2025-11-22 00:05:21.302 67799 INFO tempest.lib.common.rest_client [req-a05a0bd0-b40c-4392-9e53-2ab39f413866 req-a05a0bd0-b40c-4392-9e53-2ab39f413866 ] Request (FlavorsV2NegativeTest:setUpClass): 201 POST http://10.180.1.21/identity/v3/auth/tokens 0.072s
2025-11-22 00:05:21.338 67799 INFO tempest.lib.common.rest_client [req-105589d7-4d8f-46e5-9653-01f0cc88d522 req-105589d7-4d8f-46e5-9653-01f0cc88d522 ] Request (FlavorsV2NegativeTest:setUpClass): 201 POST http://10.180.1.21/identity/v3/auth/tokens 0.033s
2025-11-22 00:05:21.359 67795 INFO tempest.lib.common.rest_client [req-16054dec-b577-42db-9cc2-48205ee6fd88 req-16054dec-b577-42db-9cc2-48205ee6fd88 ] Request (ServerActionsV293TestJSON:setUpClass): 200 GET http://10.180.1.21/compute/v2.1/servers/45374439-13fc-48c3-ac09-87e0b4a8f1c1 0.128s
2025-11-22 00:05:21.366 67799 INFO tempest.lib.common.rest_client [req-e9a27ab9-cb81-49ea-8a69-7b279f4b4f81 req-e9a27ab9-cb81-49ea-8a69-7b279f4b4f81 ] Request (FlavorsV2NegativeTest:setUpClass): 200 GET http://10.180.1.21/identity/v3/domains?name=Default 0.028s
2025-11-22 00:05:21.404 67799 INFO tempest.lib.common.rest_client [req-36b6a9dc-ba9f-4b92-85d4-09da98667013 req-36b6a9dc-ba9f-4b92-85d4-09da98667013 ] Request (FlavorsV2NegativeTest:setUpClass): 201 POST http://10.180.1.21/identity/v3/projects 0.037s
2025-11-22 00:05:21.420 67805 INFO tempest.lib.common.rest_client [req-ca4436de-2522-4c77-a248-5a4213057bdb req-ca4436de-2522-4c77-a248-5a4213057bdb ] Request (ServersAdminNegativeTestJSON:tearDownClass): 200 GET http://10.180.1.21/compute/v2.1/servers/323d02bb-043c-4419-8310-0103c015a2c1 0.100s
2025-11-22 00:05:21.427 67817 INFO tempest.lib.common.rest_client [req-7307ff27-1584-4cea-be49-46087ec87370 req-7307ff27-1584-4cea-be49-46087ec87370 ] Request (ImagesOneServerTestJSON:test_create_delete_image): 204 DELETE http://10.180.1.21/compute/v2.1/images/ae489b06-1734-49ad-9404-0fc05738f925 0.243s
2025-11-22 00:05:21.480 67799 INFO tempest.lib.common.rest_client [req-29fff76a-5bf2-4e08-a9d9-6b48959dfa80 req-29fff76a-5bf2-4e08-a9d9-6b48959dfa80 ] Request (FlavorsV2NegativeTest:setUpClass): 201 POST http://10.180.1.21/identity/v3/users 0.075s
2025-11-22 00:05:21.483 67783 INFO tempest.lib.common.rest_client [req-3f92c4d5-75e8-476c-b3ee-52c89b0acbcc req-3f92c4d5-75e8-476c-b3ee-52c89b0acbcc ] Request (ListImageFiltersTestJSON:setUpClass): 200 GET http://10.180.1.21/compute/v2.1/servers/6804ada5-2fc2-4dfd-ac21-7bbc6eaa4c22 0.087s
2025-11-22 00:05:21.484 67789 INFO tempest.lib.common.rest_client [req-7892184c-77ec-4431-a8a6-15eb67d6dd98 req-7892184c-77ec-4431-a8a6-15eb67d6dd98 ] Request (ImagesOneServerNegativeTestJSON:_run_cleanups): 200 GET http://10.180.1.21/compute/v2.1/servers/d64fa759-fc89-4819-b6dc-25b95279b0bf 0.070s
2025-11-22 00:05:21.503 67799 INFO tempest.lib.common.rest_client [req-075a2041-cfbd-4394-9762-6a38a556fa63 req-075a2041-cfbd-4394-9762-6a38a556fa63 ] Request (FlavorsV2NegativeTest:setUpClass): 200 GET http://10.180.1.21/identity/v3/roles 0.022s
2025-11-22 00:05:21.503 67817 INFO tempest.lib.common.rest_client [req-d04d3405-6fc1-43ba-94ae-d468257f60a2 req-d04d3405-6fc1-43ba-94ae-d468257f60a2 ] Request (ImagesOneServerTestJSON:test_create_delete_image): 404 GET http://10.180.1.21/compute/v2.1/images/ae489b06-1734-49ad-9404-0fc05738f925 0.076s
2025-11-22 00:05:21.531 67799 INFO tempest.lib.common.rest_client [req-c5ed74a3-5355-4375-8831-0ad064265884 req-c5ed74a3-5355-4375-8831-0ad064265884 ] Request (FlavorsV2NegativeTest:setUpClass): 204 PUT http://10.180.1.21/identity/v3/projects/6464aec3543d41f49a81e5593c6f3c12/users/35ce4ff3a1a44d5d944ae9c11d1dab0b/roles/cee1a620f10240829038d83e85719ae1 0.028s
2025-11-22 00:05:21.531 67799 INFO tempest.lib.common.dynamic_creds [-] Dynamic test user 35ce4ff3a1a44d5d944ae9c11d1dab0b is created with scope project and roles: ['member']
2025-11-22 00:05:21.532 67799 INFO tempest.lib.common.dynamic_creds [-] Acquired dynamic creds: credentials: Credentials: {'domain_id': 'default', 'domain_name': 'Default', 'username': 'tempest-FlavorsV2NegativeTest-859644915-project-member', 'project_domain_id': 'default', 'project_domain_name': 'Default', 'project_id': '6464aec3543d41f49a81e5593c6f3c12', 'project_name': 'tempest-FlavorsV2NegativeTest-859644915', 'tenant_id': '6464aec3543d41f49a81e5593c6f3c12', 'tenant_name': 'tempest-FlavorsV2NegativeTest-859644915', 'user_domain_id': 'default', 'user_domain_name': 'Default', 'user_id': '35ce4ff3a1a44d5d944ae9c11d1dab0b', 'system': None}, Network: None, Subnet: None, Router: None
2025-11-22 00:05:21.532 67799 INFO tempest.lib.common.dynamic_creds [-] Created isolated network resources for: credentials: Credentials: {'domain_id': 'default', 'domain_name': 'Default', 'username': 'tempest-FlavorsV2NegativeTest-859644915-project-member', 'project_domain_id': 'default', 'project_domain_name': 'Default', 'project_id': '6464aec3543d41f49a81e5593c6f3c12', 'project_name': 'tempest-FlavorsV2NegativeTest-859644915', 'tenant_id': '6464aec3543d41f49a81e5593c6f3c12', 'tenant_name': 'tempest-FlavorsV2NegativeTest-859644915', 'user_domain_id': 'default', 'user_domain_name': 'Default', 'user_id': '35ce4ff3a1a44d5d944ae9c11d1dab0b', 'system': None}, Network: None, Subnet: None, Router: None
2025-11-22 00:05:21.539 67807 INFO tempest.lib.common.rest_client [req-f3a5f5e8-8315-4745-aa8a-df1cf01e99c0 req-f3a5f5e8-8315-4745-aa8a-df1cf01e99c0 ] Request (ServerAddressesTestJSON:setUpClass): 200 GET http://10.180.1.21/compute/v2.1/servers/d5b011ce-f5bf-4df3-8964-863b235f449b 0.087s
2025-11-22 00:05:21.553 67823 INFO tempest.lib.common.rest_client [req-aba40b10-7d11-45a6-8396-a7f491b425e6 req-aba40b10-7d11-45a6-8396-a7f491b425e6 ] Request (AttachVolumeNegativeTest:test_attach_attached_volume_to_different_server): 200 GET http://10.180.1.21/compute/v2.1/servers/6df37185-7355-4d12-b35a-b2d3af237e46 0.078s
2025-11-22 00:05:21.604 67799 INFO tempest.lib.common.rest_client [req-eddc9a9e-a108-42b0-a840-1570985b58be req-eddc9a9e-a108-42b0-a840-1570985b58be ] Request (FlavorsV2NegativeTest:setUpClass): 201 POST http://10.180.1.21/identity/v3/auth/tokens 0.069s
2025-11-22 00:05:21.612 67831 INFO tempest.lib.common.rest_client [req-f7a2d098-75e6-4f81-8295-64a0fdb238c2 req-f7a2d098-75e6-4f81-8295-64a0fdb238c2 ] Request (ListServersNegativeTestJSON:tearDownClass): 200 GET http://10.180.1.21/compute/v2.1/servers/cf160dd3-0a4e-4a71-865b-512656582047 0.086s
2025-11-22 00:05:21.665 67797 INFO tempest.lib.common.rest_client [req-88c994aa-37d2-44f1-ae61-b02f5ccec599 req-88c994aa-37d2-44f1-ae61-b02f5ccec599 ] Request (ServerActionsTestOtherA:setUpClass): 200 GET http://10.180.1.21/compute/v2.1/servers/f1bdbf14-4697-4ce2-a78a-a6341fae3b3b 0.131s
2025-11-22 00:05:21.733 67799 INFO tempest.lib.common.rest_client [req-f4578ca2-aff3-4d65-9e80-5096a1c54ee7 req-f4578ca2-aff3-4d65-9e80-5096a1c54ee7 ] Request (FlavorsV2NegativeTest:test_boot_with_low_ram): 200 GET http://10.180.1.21/compute/v2.1/flavors/42 0.128s
2025-11-22 00:05:21.780 67833 INFO tempest.lib.common.rest_client [req-477b1683-9b3a-4fe0-894f-4068727dc8ed req-477b1683-9b3a-4fe0-894f-4068727dc8ed ] Request (ServersTestFqdnHostnames:test_create_server_with_fqdn_name): 200 GET http://10.180.1.21/compute/v2.1/servers/29a88fe5-4781-4c75-8d7f-711377a2b2d0 0.169s
2025-11-22 00:05:21.835 67809 INFO tempest.lib.common.rest_client [req-c9f50bac-e642-4178-8975-e7a482987bf0 req-c9f50bac-e642-4178-8975-e7a482987bf0 ] Request (ServerPasswordTestJSON:setUpClass): 200 GET http://10.180.1.21/compute/v2.1/servers/09251ea4-8e84-4211-a058-4bd231f98ad8 0.206s
2025-11-22 00:05:21.898 67791 INFO tempest.lib.common.rest_client [req-e0fc5861-8e60-47bc-b645-fd618e73d695 req-e0fc5861-8e60-47bc-b645-fd618e73d695 ] Request (FloatingIPsAssociationNegativeTestJSON:setUpClass): 200 GET http://10.180.1.21/compute/v2.1/servers/0aa2477b-d729-4546-b94d-9f7644de69e8 0.198s
2025-11-22 00:05:21.970 67813 INFO tempest.lib.common.rest_client [req-9f07566d-6a46-4449-9974-dd501474b3c6 req-9f07566d-6a46-4449-9974-dd501474b3c6 ] Request (ServerMetadataNegativeTestJSON:tearDownClass): 200 GET http://10.180.1.21/compute/v2.1/servers/1f0382d3-dc1c-4d6d-ba0e-b2e6dec5d6df 0.201s
2025-11-22 00:05:21.975 67817 INFO tempest.lib.common.rest_client [req-01c566b7-8b92-46f0-ab66-dbf523be75d5 req-01c566b7-8b92-46f0-ab66-dbf523be75d5 ] Request (ImagesOneServerTestJSON:test_create_image_specify_multibyte_character_image_name): 202 POST http://10.180.1.21/compute/v2.1/servers/89333043-ba83-4b29-a2df-0746ec92eca0/action 0.470s
2025-11-22 00:05:22.051 67779 INFO tempest.lib.common.rest_client [req-e82e5c2b-697d-4cf2-bdfd-66df0cde4afa req-e82e5c2b-697d-4cf2-bdfd-66df0cde4afa ] Request (ServerExternalEventsTest:tearDownClass): 200 GET http://10.180.1.21/compute/v2.1/servers/45f6f6e9-1822-4c1c-96ac-0847e3b87bff 0.206s
2025-11-22 00:05:22.053 67771 INFO tempest.lib.common.rest_client [req-c55ffefb-5255-4975-802e-eb4c2e6c6ca4 req-c55ffefb-5255-4975-802e-eb4c2e6c6ca4 ] Request (DeleteServersAdminTestJSON:test_delete_server_while_in_error_state): 200 GET http://10.180.1.21/compute/v2.1/servers/d35fb4f8-8fd7-4796-84ba-601d5ba67ada 0.274s
2025-11-22 00:05:22.089 67817 INFO tempest.lib.common.rest_client [req-08056c41-4a79-4f2e-8c57-e34454dd1738 req-08056c41-4a79-4f2e-8c57-e34454dd1738 ] Request (ImagesOneServerTestJSON:test_create_image_specify_multibyte_character_image_name): 200 GET http://10.180.1.21/compute/v2.1/images/1a24379f-be4f-4bb3-904d-e9215aa01247 0.112s
2025-11-22 00:05:22.105 67787 INFO tempest.lib.common.rest_client [req-a2458390-0e73-47b7-9808-6984fbbf53c8 req-a2458390-0e73-47b7-9808-6984fbbf53c8 ] Request (ServersAdminTestJSON:test_inject_network_info): 200 GET http://10.180.1.21/compute/v2.1/servers/f70523be-2b20-4866-a451-ec50d7642b2c 0.180s
2025-11-22 00:05:22.111 67799 INFO tempest.lib.common.rest_client [req-702859df-9993-40a1-8c7b-8841927d71ba req-702859df-9993-40a1-8c7b-8841927d71ba ] Request (FlavorsV2NegativeTest:test_boot_with_low_ram): 201 POST http://10.180.1.21/image/v2/images 0.373s
2025-11-22 00:05:22.125 67829 INFO tempest.lib.common.rest_client [req-e1d80b1e-975a-4dd0-aa49-4373432f36c6 req-e1d80b1e-975a-4dd0-aa49-4373432f36c6 ] Request (ServerShowV257Test:tearDownClass): 404 GET http://10.180.1.21/compute/v2.1/servers/ab17ecda-08c2-43fd-bada-ccbb87e1d162 0.046s
2025-11-22 00:05:22.186 67819 INFO tempest.lib.common.rest_client [req-5a10fd4e-6c43-46e9-a26e-f4067db58edc req-5a10fd4e-6c43-46e9-a26e-f4067db58edc ] Request (ImagesTestJSON:test_create_image_from_suspended_server): 200 GET http://10.180.1.21/compute/v2.1/servers/e9bf361b-72ee-4bdf-b6d9-c51e4f775ca3 0.198s
