2025-11-22 00:05:03.468 67813 INFO tempest.lib.common.rest_client [req-4cae6d4e-6b84-4efe-9e41-bc9ee84fcbd8 req-4cae6d4e-6b84-4efe-9e41-bc9ee84fcbd8 ] Request (ServerMetadataNegativeTestJSON:test_set_metadata_invalid_key): 400 PUT http://10.180.1.21/compute/v2.1/servers/1f0382d3-dc1c-4d6d-ba0e-b2e6dec5d6df/metadata/key 0.875s
2025-11-22 00:05:03.469 67791 INFO tempest.lib.common.rest_client [req-799d831f-c028-4b18-992b-93d5bdc5ae80 req-799d831f-c028-4b18-992b-93d5bdc5ae80 ] Request (FloatingIPsAssociationNegativeTestJSON:setUpClass): 201 POST http://10.180.1.21/identity/v3/auth/tokens 0.059s
2025-11-22 00:05:03.499 67791 INFO tempest.lib.common.rest_client [req-638be700-9ca5-46a2-b8b1-d33a5795b5a7 req-638be700-9ca5-46a2-b8b1-d33a5795b5a7 ] Request (FloatingIPsAssociationNegativeTestJSON:setUpClass): 201 POST http://10.180.1.21/identity/v3/auth/tokens 0.027s
2025-11-22 00:05:03.517 67822 INFO tempest.lib.common.rest_client [req-9f849ef4-37f5-4713-be87-5aa9f9e3bf94 req-9f849ef4-37f5-4713-be87-5aa9f9e3bf94 ] Request (DeleteServersTestJSON:test_delete_server_while_in_attached_volume): 200 GET http://10.180.1.21/compute/v2.1/servers/afd845b6-fa5f-4951-a524-57985a1c84d8 0.824s
2025-11-22 00:05:03.518 67807 INFO tempest.lib.common.rest_client [req-446806fb-36b8-4c19-be66-252ee2d26032 req-446806fb-36b8-4c19-be66-252ee2d26032 ] Request (AttachInterfacesV270Test:tearDownClass): 200 GET http://10.180.1.21/compute/v2.1/servers/e3726ba6-49bb-4212-8a86-ab4868a88999 0.910s
2025-11-22 00:05:03.524 67791 INFO tempest.lib.common.rest_client [req-4be79020-5f8a-436a-861a-49f4b4963971 req-4be79020-5f8a-436a-861a-49f4b4963971 ] Request (FloatingIPsAssociationNegativeTestJSON:setUpClass): 200 GET http://10.180.1.21/identity/v3/domains?name=Default 0.024s
2025-11-22 00:05:03.529 67809 INFO tempest.lib.common.rest_client [req-60465bb3-4340-4853-b456-69bba45d23d7 req-60465bb3-4340-4853-b456-69bba45d23d7 ] Request (QuotaClassesAdmin257Test:test_update_default_quotas): 200 GET http://10.180.1.21/compute/v2.1/os-quota-class-sets/default 0.751s
2025-11-22 00:05:03.559 67791 INFO tempest.lib.common.rest_client [req-de560730-7a6a-4dcc-ba77-b1dc0c6b1b81 req-de560730-7a6a-4dcc-ba77-b1dc0c6b1b81 ] Request (FloatingIPsAssociationNegativeTestJSON:setUpClass): 201 POST http://10.180.1.21/identity/v3/projects 0.035s
2025-11-22 00:05:03.560 67817 INFO tempest.lib.common.rest_client [req-b6774bea-4970-4b85-856e-26d39aedd187 req-b6774bea-4970-4b85-856e-26d39aedd187 ] Request (ImagesOneServerTestJSON:test_create_delete_image): 200 GET http://10.180.1.21/compute/v2.1/images/ae489b06-1734-49ad-9404-0fc05738f925 0.839s
2025-11-22 00:05:03.575 67785 INFO tempest.lib.common.rest_client [req-63bf965f-a5d1-42c8-8303-5d0932db2d7a req-63bf965f-a5d1-42c8-8303-5d0932db2d7a ] Request (ImagesMetadataNegativeTestJSON:test_set_nonexistent_image_metadata_item): 404 PUT http://10.180.1.21/compute/v2.1/images/67ba7802-9456-45c4-8583-2207aa815c5b/metadata/os_distro 0.523s
2025-11-22 00:05:03.619 67791 INFO tempest.lib.common.rest_client [req-0b4b5f1b-d00a-43ac-b20e-a0bc3b452ba0 req-0b4b5f1b-d00a-43ac-b20e-a0bc3b452ba0 ] Request (FloatingIPsAssociationNegativeTestJSON:setUpClass): 201 POST http://10.180.1.21/identity/v3/users 0.059s
2025-11-22 00:05:03.632 67799 INFO tempest.lib.common.rest_client [req-b0cbac2b-2371-4969-84c4-80225d55840e req-b0cbac2b-2371-4969-84c4-80225d55840e ] Request (TenantUsagesTestJSON:tearDownClass): 200 GET http://10.180.1.21/compute/v2.1/servers/0aa12f0d-754e-42ec-8363-c459446d620b 0.511s
2025-11-22 00:05:03.641 67791 INFO tempest.lib.common.rest_client [req-8e89e889-02ab-4819-9ab7-67998a808ca5 req-8e89e889-02ab-4819-9ab7-67998a808ca5 ] Request (FloatingIPsAssociationNegativeTestJSON:setUpClass): 200 GET http://10.180.1.21/identity/v3/roles 0.022s
2025-11-22 00:05:03.670 67791 INFO tempest.lib.common.rest_client [req-275e5b5a-921d-43ce-b41f-f135336fb2d1 req-275e5b5a-921d-43ce-b41f-f135336fb2d1 ] Request (FloatingIPsAssociationNegativeTestJSON:setUpClass): 204 PUT http://10.180.1.21/identity/v3/projects/601dcbdc6e9b48688582b715d024c9fd/users/2c453c5ae7034c3f8d3b49561ac5460d/roles/cee1a620f10240829038d83e85719ae1 0.028s
2025-11-22 00:05:03.670 67791 INFO tempest.lib.common.dynamic_creds [-] Dynamic test user 2c453c5ae7034c3f8d3b49561ac5460d is created with scope project and roles: ['member']
2025-11-22 00:05:03.670 67791 INFO tempest.lib.common.dynamic_creds [-] Acquired dynamic creds: credentials: Credentials: {'domain_id': 'default', 'domain_name': 'Default', 'username': 'tempest-FloatingIPsAssociationNegativeTestJSON-389324107-project-member', 'project_domain_id': 'default', 'project_domain_name': 'Default', 'project_id': '601dcbdc6e9b48688582b715d024c9fd', 'project_name': 'tempest-FloatingIPsAssociationNegativeTestJSON-389324107', 'tenant_id': '601dcbdc6e9b48688582b715d024c9fd', 'tenant_name': 'tempest-FloatingIPsAssociationNegativeTestJSON-389324107', 'user_domain_id': 'default', 'user_domain_name': 'Default', 'user_id': '2c453c5ae7034c3f8d3b49561ac5460d', 'system': None}, Network: None, Subnet: None, Router: None
2025-11-22 00:05:03.689 67789 INFO tempest.lib.common.rest_client [req-cdb91d63-f921-4bfe-aaa5-854383db3827 req-cdb91d63-f921-4bfe-aaa5-854383db3827 ] Request (ImagesOneServerNegativeTestJSON:_run_cleanups): 200 GET http://10.180.1.21/compute/v2.1/servers/212159cd-ed9d-48aa-9633-5bd9dc59e5b6 0.522s
2025-11-22 00:05:03.733 67791 INFO tempest.lib.common.rest_client [req-4a10403f-05e3-4964-a4fb-8cb488b8c8c4 req-4a10403f-05e3-4964-a4fb-8cb488b8c8c4 ] Request (FloatingIPsAssociationNegativeTestJSON:setUpClass): 201 POST http://10.180.1.21/identity/v3/auth/tokens 0.062s
2025-11-22 00:05:03.743 67783 INFO tempest.lib.common.rest_client [req-ea60462c-755d-41af-9db1-62ef6e839e8f req-ea60462c-755d-41af-9db1-62ef6e839e8f ] Request (ListImageFiltersTestJSON:setUpClass): 202 POST http://10.180.1.21/compute/v2.1/servers 0.824s
2025-11-22 00:05:03.745 67815 INFO tempest.lib.common.rest_client [req-d19f82b9-34ad-4442-ae6d-fc36ead2628d req-d19f82b9-34ad-4442-ae6d-fc36ead2628d ] Request (ServersTestMultiNic:test_verify_multiple_nics_order): 200 GET http://10.180.1.21/compute/v2.1/servers/34b9b649-1eea-49a4-9f97-ad86057053ac 0.533s
2025-11-22 00:05:03.809 67795 INFO tempest.lib.common.rest_client [req-8f05fb2a-b7cd-4340-9464-d90a17823bfa req-8f05fb2a-b7cd-4340-9464-d90a17823bfa ] Request (ServerActionsV293TestJSON:setUpClass): 200 GET http://10.180.1.21/compute/v2.1/servers/45374439-13fc-48c3-ac09-87e0b4a8f1c1 0.576s
2025-11-22 00:05:03.817 67783 INFO tempest.lib.common.rest_client [req-695ca5a7-9de1-4186-87a1-ad69bad0defe req-695ca5a7-9de1-4186-87a1-ad69bad0defe ] Request (ListImageFiltersTestJSON:setUpClass): 201 POST http://10.180.1.21/identity/v3/auth/tokens 0.068s
2025-11-22 00:05:03.818 67783 INFO tempest.lib.common.fixed_network [-] (ListImageFiltersTestJSON:setUpClass) Found network None available for tenant
2025-11-22 00:05:03.828 67831 INFO tempest.lib.common.rest_client [req-4df45c22-5243-460f-bfd4-81d09c3e27f6 req-4df45c22-5243-460f-bfd4-81d09c3e27f6 ] Request (ListServersNegativeTestJSON:tearDownClass): 200 GET http://10.180.1.21/compute/v2.1/servers/cf160dd3-0a4e-4a71-865b-512656582047 0.470s
2025-11-22 00:05:03.841 67813 INFO tempest.lib.common.rest_client [req-5e8d4570-805d-45e3-93eb-6480b6376a85 req-5e8d4570-805d-45e3-93eb-6480b6376a85 ] Request (ServerMetadataNegativeTestJSON:test_set_metadata_non_existent_server): 404 PUT http://10.180.1.21/compute/v2.1/servers/190642a6-965a-4c9c-be30-71945fa710af/metadata 0.371s
2025-11-22 00:05:04.039 67828 INFO tempest.lib.common.rest_client [req-582ec7c8-b8d5-4f4f-8eca-4d72e0467a46 req-582ec7c8-b8d5-4f4f-8eca-4d72e0467a46 ] Request (MigrationsAdminTest:test_list_migrations_in_flavor_resize_situation): 200 GET http://10.180.1.21/compute/v2.1/servers/c092d9f0-8d96-47e9-a11e-14bec095bf29 0.525s
2025-11-22 00:05:04.071 67791 INFO tempest.lib.common.rest_client [req-d2818674-4b92-4056-bce5-da9b321861d5 req-d2818674-4b92-4056-bce5-da9b321861d5 ] Request (FloatingIPsAssociationNegativeTestJSON:setUpClass): 201 POST http://10.180.1.21/networking/v2.0/networks 0.337s
2025-11-22 00:05:04.087 67809 INFO tempest.lib.common.rest_client [req-a90bd64f-055f-4a9c-9b3a-cee77a1a28d4 req-a90bd64f-055f-4a9c-9b3a-cee77a1a28d4 ] Request (QuotaClassesAdmin257Test:_run_cleanups): 200 PUT http://10.180.1.21/compute/v2.1/os-quota-class-sets/default 0.555s
2025-11-22 00:05:04.108 67785 INFO tempest.lib.common.rest_client [req-10fc4aa4-cd79-4fe4-8421-3bd5057c80b0 req-10fc4aa4-cd79-4fe4-8421-3bd5057c80b0 ] Request (ImagesMetadataNegativeTestJSON:test_update_nonexistent_image_metadata): 404 POST http://10.180.1.21/compute/v2.1/images/c32a74b6-6b01-4315-9f2a-16d24153ade0/metadata 0.532s
2025-11-22 00:05:04.190 67823 INFO tempest.lib.common.rest_client [req-499f2cf8-d09f-4a19-92e0-87fb33640cf2 req-499f2cf8-d09f-4a19-92e0-87fb33640cf2 ] Request (AttachVolumeNegativeTest:test_attach_attached_volume_to_different_server): 200 GET http://10.180.1.21/compute/v2.1/servers/6df37185-7355-4d12-b35a-b2d3af237e46 0.422s
2025-11-22 00:05:04.198 67785 INFO tempest.lib.common.rest_client [req-6c980517-3b03-4e66-a67d-39dccf132af8 req-6c980517-3b03-4e66-a67d-39dccf132af8 ] Request (ImagesMetadataNegativeTestJSON:tearDownClass): 204 DELETE http://10.180.1.21/identity/v3/users/b21a4d8b651b46db9671735316bf1f8c 0.082s
2025-11-22 00:05:04.199 67785 INFO tempest.lib.common.dynamic_creds [-] Deleting project and security group for project: cc49778b1d264eb48d28572edda13b91
2025-11-22 00:05:04.198 67809 INFO tempest.lib.common.rest_client [req-8cc7e415-1409-4e57-8357-756c0c818ea4 req-8cc7e415-1409-4e57-8357-756c0c818ea4 ] Request (QuotaClassesAdmin257Test:tearDownClass): 204 DELETE http://10.180.1.21/identity/v3/users/33759cb1de444135a4494735101bd28a 0.108s
2025-11-22 00:05:04.257 67791 INFO tempest.lib.common.rest_client [req-b7fbdcfc-8e44-40ee-8be9-039232ad7bd2 req-b7fbdcfc-8e44-40ee-8be9-039232ad7bd2 ] Request (FloatingIPsAssociationNegativeTestJSON:setUpClass): 201 POST http://10.180.1.21/networking/v2.0/subnets 0.186s
2025-11-22 00:05:04.276 67785 INFO tempest.lib.common.rest_client [req-769562a2-e63a-4a25-a3a7-9270fbf560a1 req-769562a2-e63a-4a25-a3a7-9270fbf560a1 ] Request (ImagesMetadataNegativeTestJSON:tearDownClass): 201 POST http://10.180.1.21/identity/v3/auth/tokens 0.077s
2025-11-22 00:05:04.333 67809 INFO tempest.lib.common.rest_client [req-2d8dd066-bdd7-4b09-a572-af721888e0b1 req-2d8dd066-bdd7-4b09-a572-af721888e0b1 ] Request (QuotaClassesAdmin257Test:tearDownClass): 204 DELETE http://10.180.1.21/identity/v3/users/1e4afdc4f15b4beaba82a51ad41b6240 0.133s
2025-11-22 00:05:04.333 67809 INFO tempest.lib.common.dynamic_creds [-] Deleting project and security group for project: 70af6bf38ed94a22a791898f3ab5f5ce
2025-11-22 00:05:04.432 67809 INFO tempest.lib.common.rest_client [req-fdf9e48f-5cd2-4b0b-a307-32b1000f1449 req-fdf9e48f-5cd2-4b0b-a307-32b1000f1449 ] Request (QuotaClassesAdmin257Test:tearDownClass): 201 POST http://10.180.1.21/identity/v3/auth/tokens 0.098s
2025-11-22 00:05:04.575 67785 INFO tempest.lib.common.rest_client [req-14b13f1f-b6b8-49f6-a146-dc28017468cf req-14b13f1f-b6b8-49f6-a146-dc28017468cf ] Request (ImagesMetadataNegativeTestJSON:tearDownClass): 200 GET http://10.180.1.21/networking/v2.0/security-groups?tenant_id=cc49778b1d264eb48d28572edda13b91&name=default 0.299s
2025-11-22 00:05:04.724 67801 INFO tempest.lib.common.rest_client [req-aa752be5-109a-40e0-99db-4ce597ab4083 req-aa752be5-109a-40e0-99db-4ce597ab4083 ] Request (KeyPairsV22TestJSON:test_keypairsv22_create_list_show_with_type): 201 POST http://10.180.1.21/compute/v2.1/os-keypairs 1.264s
2025-11-22 00:05:04.729 67813 INFO tempest.lib.common.rest_client [req-2add7698-1567-47da-b182-f757b214a6d8 req-2add7698-1567-47da-b182-f757b214a6d8 ] Request (ServerMetadataNegativeTestJSON:test_set_server_metadata_blank_key): 400 PUT http://10.180.1.21/compute/v2.1/servers/1f0382d3-dc1c-4d6d-ba0e-b2e6dec5d6df/metadata 0.885s
2025-11-22 00:05:04.771 67809 INFO tempest.lib.common.rest_client [req-6a9a2e8b-0adf-4427-9695-b5913c09ffb6 req-6a9a2e8b-0adf-4427-9695-b5913c09ffb6 ] Request (QuotaClassesAdmin257Test:tearDownClass): 200 GET http://10.180.1.21/networking/v2.0/security-groups?tenant_id=70af6bf38ed94a22a791898f3ab5f5ce&name=default 0.339s
2025-11-22 00:05:04.873 67785 INFO tempest.lib.common.rest_client [req-43ad4bcd-7910-41fe-a157-c1989f02c66d req-43ad4bcd-7910-41fe-a157-c1989f02c66d ] Request (ImagesMetadataNegativeTestJSON:tearDownClass): 204 DELETE http://10.180.1.21/networking/v2.0/security-groups/7aad9a08-5b15-4a32-9182-023feb7d56bb 0.297s
2025-11-22 00:05:04.987 67785 INFO tempest.lib.common.rest_client [req-dc6da64a-a71b-43d7-8a5d-ecbf96681583 req-dc6da64a-a71b-43d7-8a5d-ecbf96681583 ] Request (ImagesMetadataNegativeTestJSON:tearDownClass): 204 DELETE http://10.180.1.21/identity/v3/projects/cc49778b1d264eb48d28572edda13b91 0.113s
2025-11-22 00:05:05.057 67783 INFO tempest.lib.common.rest_client [req-5317dd5e-95ce-4285-809a-1e8e7781c484 req-5317dd5e-95ce-4285-809a-1e8e7781c484 ] Request (ListImageFiltersTestJSON:setUpClass): 202 POST http://10.180.1.21/compute/v2.1/servers 1.238s
2025-11-22 00:05:05.126 67791 INFO tempest.lib.common.rest_client [req-22e5d9da-a065-4ad1-826b-08dd82be317c req-22e5d9da-a065-4ad1-826b-08dd82be317c ] Request (FloatingIPsAssociationNegativeTestJSON:setUpClass): 201 POST http://10.180.1.21/networking/v2.0/routers 0.868s
2025-11-22 00:05:05.155 67833 INFO tempest.lib.common.rest_client [req-624ff3fe-6baa-49e1-b5d6-d3c140459a31 req-624ff3fe-6baa-49e1-b5d6-d3c140459a31 ] Request (ServersTestFqdnHostnames:test_create_server_with_fqdn_name): 200 GET http://10.180.1.21/compute/v2.1/servers/29a88fe5-4781-4c75-8d7f-711377a2b2d0 1.213s
2025-11-22 00:05:05.233 67809 INFO tempest.lib.common.rest_client [req-647c0fd9-08f3-46dc-aebc-51867517bf5a req-647c0fd9-08f3-46dc-aebc-51867517bf5a ] Request (QuotaClassesAdmin257Test:tearDownClass): 204 DELETE http://10.180.1.21/networking/v2.0/security-groups/79e79921-4ad8-480e-8b2e-1d00ccb970db 0.461s
2025-11-22 00:05:05.292 67797 INFO tempest.lib.common.rest_client [req-dd689389-fc49-4b27-a0ed-4f757a0eb3c7 req-dd689389-fc49-4b27-a0ed-4f757a0eb3c7 ] Request (ServerActionsTestOtherA:setUpClass): 200 GET http://10.180.1.21/compute/v2.1/servers/f1bdbf14-4697-4ce2-a78a-a6341fae3b3b 1.247s
2025-11-22 00:05:05.366 67809 INFO tempest.lib.common.rest_client [req-61d00e90-502c-482f-bead-8e384df6f06e req-61d00e90-502c-482f-bead-8e384df6f06e ] Request (QuotaClassesAdmin257Test:tearDownClass): 204 DELETE http://10.180.1.21/identity/v3/projects/70af6bf38ed94a22a791898f3ab5f5ce 0.132s
2025-11-22 00:05:05.366 67809 INFO tempest.lib.common.dynamic_creds [-] Deleting project and security group for project: e7325bd2983c4dec95a5f284614994f1
2025-11-22 00:05:05.370 67805 INFO tempest.lib.common.rest_client [req-43fa260b-7167-4b93-9d87-396a5ca41be1 req-43fa260b-7167-4b93-9d87-396a5ca41be1 ] Request (ServersAdminNegativeTestJSON:test_migrate_server_invalid_state): 200 GET http://10.180.1.21/compute/v2.1/servers/323d02bb-043c-4419-8310-0103c015a2c1 1.386s
2025-11-22 00:05:05.387 67771 INFO tempest.lib.common.rest_client [req-c06c20c4-2955-4295-a9f2-7c12ac485233 req-c06c20c4-2955-4295-a9f2-7c12ac485233 ] Request (DeleteServersAdminTestJSON:test_delete_server_while_in_error_state): 200 GET http://10.180.1.21/compute/v2.1/servers/d35fb4f8-8fd7-4796-84ba-601d5ba67ada 1.138s
2025-11-22 00:05:05.479 67809 INFO tempest.lib.common.rest_client [req-9d029d82-a4c3-4ded-b5d8-c1227a4417dc req-9d029d82-a4c3-4ded-b5d8-c1227a4417dc ] Request (QuotaClassesAdmin257Test:tearDownClass): 200 GET http://10.180.1.21/networking/v2.0/security-groups?tenant_id=e7325bd2983c4dec95a5f284614994f1&name=default 0.112s
2025-11-22 00:05:05.533 67826 INFO tempest.lib.common.rest_client [req-f68ce188-e5d9-4939-b088-d1a9bad38f2b req-f68ce188-e5d9-4939-b088-d1a9bad38f2b ] Request (SecurityGroupsTestJSON:test_list_security_groups_by_server): 200 GET http://10.180.1.21/compute/v2.1/servers/9080c2c2-b7b4-423b-b444-79f423fbffbd 1.212s
2025-11-22 00:05:05.632 67809 INFO tempest.lib.common.rest_client [req-892d07d3-821e-4f6c-b032-009d4416e7ae req-892d07d3-821e-4f6c-b032-009d4416e7ae ] Request (QuotaClassesAdmin257Test:tearDownClass): 204 DELETE http://10.180.1.21/networking/v2.0/security-groups/e8f61290-6b6a-44a1-b52f-2f6fffadd155 0.152s
2025-11-22 00:05:05.673 67787 INFO tempest.lib.common.rest_client [req-b1feda15-2713-42ab-acb1-12e184177073 req-b1feda15-2713-42ab-acb1-12e184177073 ] Request (ServersAdminTestJSON:test_create_server_with_scheduling_hint): 200 GET http://10.180.1.21/compute/v2.1/servers/f5e2218f-d483-447e-8e9a-7575adfa4cd6 1.403s
2025-11-22 00:05:05.681 67787 INFO tempest.common.waiters [-] State transition "BUILD/spawning" ==> "ACTIVE/None" after 47 second wait
2025-11-22 00:05:05.687 67819 INFO tempest.lib.common.rest_client [req-0baf939b-feb9-4521-99cc-f82d4a48b2d9 req-0baf939b-feb9-4521-99cc-f82d4a48b2d9 ] Request (ImagesTestJSON:test_create_image_from_suspended_server): 200 GET http://10.180.1.21/compute/v2.1/servers/e9bf361b-72ee-4bdf-b6d9-c51e4f775ca3 1.353s
2025-11-22 00:05:05.757 67809 INFO tempest.lib.common.rest_client [req-10c384a1-0a4b-4d05-b20d-954f64f9b4a3 req-10c384a1-0a4b-4d05-b20d-954f64f9b4a3 ] Request (QuotaClassesAdmin257Test:tearDownClass): 204 DELETE http://10.180.1.21/identity/v3/projects/e7325bd2983c4dec95a5f284614994f1 0.125s
2025-11-22 00:05:05.758 67809 INFO tempest.test [-] raised in SpiceDirectConsoleTestJSON.setUpClass. Invoking tearDownClass.
2025-11-22 00:05:05.773 67779 INFO tempest.lib.common.rest_client [req-8d378ee0-1ff7-45ce-ab1f-9ecf69cec42e req-8d378ee0-1ff7-45ce-ab1f-9ecf69cec42e ] Request (ServerExternalEventsTest:tearDownClass): 200 GET http://10.180.1.21/compute/v2.1/servers/45f6f6e9-1822-4c1c-96ac-0847e3b87bff 1.380s
2025-11-22 00:05:05.787 67829 INFO tempest.lib.common.rest_client [req-d61c3ba1-e8e2-408c-b0d2-c07ea8663be9 req-d61c3ba1-e8e2-408c-b0d2-c07ea8663be9 ] Request (ServerShowV257Test:tearDownClass): 200 GET http://10.180.1.21/compute/v2.1/servers/ab17ecda-08c2-43fd-bada-ccbb87e1d162 1.392s
2025-11-22 00:05:05.798 67787 INFO tempest.lib.common.rest_client [req-14b98848-4ad0-4572-942e-24c5875de526 req-14b98848-4ad0-4572-942e-24c5875de526 ] Request (ServersAdminTestJSON:test_inject_network_info): 201 POST http://10.180.1.21/identity/v3/auth/tokens 0.110s
2025-11-22 00:05:05.798 67787 INFO tempest.lib.common.fixed_network [-] (ServersAdminTestJSON:test_inject_network_info) Found network {'id': '2ff1f5b3-daea-4e3a-af85-08bfd4b07302', 'name': 'tempest-ServersAdminTestJSON-336917481-network', 'tenant_id': '135ce2786a0c4a40a529b0f89a15bf7d', 'project_id': '135ce2786a0c4a40a529b0f89a15bf7d', 'admin_state_up': True, 'mtu': 8950, 'status': 'ACTIVE', 'subnets': [], 'shared': False, 'port_security_enabled': True, 'router:external': False, 'provider:network_type': 'vlan', 'provider:physical_network': 'default', 'provider:segmentation_id': 500, 'availability_zone_hints': [], 'availability_zones': [], 'ipv4_address_scope': None, 'ipv6_address_scope': None, 'description': '', 'tags': [], 'created_at': '2025-11-22T00:03:11Z', 'updated_at': '2025-11-22T00:03:11Z', 'revision_number': 1} available for tenant
2025-11-22 00:05:05.848 67809 INFO tempest.lib.common.rest_client [req-77e53365-dffe-48cb-b3a5-fe1471299225 req-77e53365-dffe-48cb-b3a5-fe1471299225 ] Request (ServerPasswordTestJSON:setUpClass): 201 POST http://10.180.1.21/identity/v3/auth/tokens 0.087s
2025-11-22 00:05:05.881 67773 INFO tempest.lib.common.rest_client [req-06a4dd79-b69d-4c34-9fee-f69c918ff93d req-06a4dd79-b69d-4c34-9fee-f69c918ff93d ] Request (ServersAdmin275Test:test_rebuild_update_server_275): 200 GET http://10.180.1.21/compute/v2.1/servers/ad19c623-8ccc-44b3-bde4-cdcb97409b0b 1.429s
2025-11-22 00:05:05.886 67809 INFO tempest.lib.common.rest_client [req-777d9272-00c4-43d0-9310-eba19adcd9b5 req-777d9272-00c4-43d0-9310-eba19adcd9b5 ] Request (ServerPasswordTestJSON:setUpClass): 201 POST http://10.180.1.21/identity/v3/auth/tokens 0.035s
2025-11-22 00:05:05.896 67811 INFO tempest.lib.common.rest_client [req-ddb7db1c-a6e6-405b-9f14-d4543b313a51 req-ddb7db1c-a6e6-405b-9f14-d4543b313a51 ] Request (ServersTestJSON:tearDownClass): 200 GET http://10.180.1.21/compute/v2.1/servers/bc3670ab-6223-423a-a661-dd6d657d59b5 1.447s
2025-11-22 00:05:05.920 67809 INFO tempest.lib.common.rest_client [req-918d9478-a371-4260-b485-c4764da238f0 req-918d9478-a371-4260-b485-c4764da238f0 ] Request (ServerPasswordTestJSON:setUpClass): 200 GET http://10.180.1.21/identity/v3/domains?name=Default 0.034s
2025-11-22 00:05:05.976 67809 INFO tempest.lib.common.rest_client [req-896fb409-bcaa-4d70-96b3-e1a1c3df40ab req-896fb409-bcaa-4d70-96b3-e1a1c3df40ab ] Request (ServerPasswordTestJSON:setUpClass): 201 POST http://10.180.1.21/identity/v3/projects 0.055s
2025-11-22 00:05:06.000 67822 INFO tempest.lib.common.rest_client [req-6bf5b5b6-d80d-4074-9315-8a88603cb6c2 req-6bf5b5b6-d80d-4074-9315-8a88603cb6c2 ] Request (DeleteServersTestJSON:test_delete_server_while_in_attached_volume): 200 GET http://10.180.1.21/compute/v2.1/servers/afd845b6-fa5f-4951-a524-57985a1c84d8 1.475s
2025-11-22 00:05:06.002 67793 WARNING tempest.lib.common.ssh [-] Failed to establish authenticated ssh connection to cirros@10.180.180.163 ([Errno None] Unable to connect to port 22 on 10.180.180.163). Number attempts: 3. Retry after 4 seconds.: paramiko.ssh_exception.NoValidConnectionsError: [Errno None] Unable to connect to port 22 on 10.180.180.163
2025-11-22 00:05:06.020 67807 INFO tempest.lib.common.rest_client [req-c9bb5e58-e2de-42e1-8a72-6551b0783981 req-c9bb5e58-e2de-42e1-8a72-6551b0783981 ] Request (AttachInterfacesV270Test:tearDownClass): 200 GET http://10.180.1.21/compute/v2.1/servers/e3726ba6-49bb-4212-8a86-ab4868a88999 1.492s
2025-11-22 00:05:06.047 67817 INFO tempest.lib.common.rest_client [req-bc46d7ec-3daa-46fc-9400-c4a1837fb8cb req-bc46d7ec-3daa-46fc-9400-c4a1837fb8cb ] Request (ImagesOneServerTestJSON:test_create_delete_image): 200 GET http://10.180.1.21/compute/v2.1/images/ae489b06-1734-49ad-9404-0fc05738f925 1.483s
2025-11-22 00:05:06.075 67809 INFO tempest.lib.common.rest_client [req-d551a726-5ac9-4a43-8b1a-f38d2b077192 req-d551a726-5ac9-4a43-8b1a-f38d2b077192 ] Request (ServerPasswordTestJSON:setUpClass): 201 POST http://10.180.1.21/identity/v3/users 0.098s
2025-11-22 00:05:06.115 67809 INFO tempest.lib.common.rest_client [req-44b02fe8-0c1d-411e-9a4f-5b9e821ffeaa req-44b02fe8-0c1d-411e-9a4f-5b9e821ffeaa ] Request (ServerPasswordTestJSON:setUpClass): 200 GET http://10.180.1.21/identity/v3/roles 0.039s
2025-11-22 00:05:06.129 67799 INFO tempest.lib.common.rest_client [req-4c41e8e0-3ccf-4206-ad22-8c4507d807a3 req-4c41e8e0-3ccf-4206-ad22-8c4507d807a3 ] Request (TenantUsagesTestJSON:tearDownClass): 200 GET http://10.180.1.21/compute/v2.1/servers/0aa12f0d-754e-42ec-8363-c459446d620b 1.489s
2025-11-22 00:05:06.145 67801 INFO tempest.lib.common.rest_client [req-56eb42d5-d87d-4bca-9953-0f9c8dd1f56c req-56eb42d5-d87d-4bca-9953-0f9c8dd1f56c ] Request (KeyPairsV22TestJSON:test_keypairsv22_create_list_show_with_type): 200 GET http://10.180.1.21/compute/v2.1/os-keypairs/tempest-keypair-254653707 1.420s
2025-11-22 00:05:06.146 67789 INFO tempest.lib.common.rest_client [req-9e81ae92-19d5-42c0-a3f4-a608532808d8 req-9e81ae92-19d5-42c0-a3f4-a608532808d8 ] Request (ImagesOneServerNegativeTestJSON:_run_cleanups): 200 GET http://10.180.1.21/compute/v2.1/servers/212159cd-ed9d-48aa-9633-5bd9dc59e5b6 1.447s
2025-11-22 00:05:06.148 67813 INFO tempest.lib.common.rest_client [req-22caa1b0-725f-47b6-a707-eb34cbf7514b req-22caa1b0-725f-47b6-a707-eb34cbf7514b ] Request (ServerMetadataNegativeTestJSON:test_set_server_metadata_missing_metadata): 400 PUT http://10.180.1.21/compute/v2.1/servers/1f0382d3-dc1c-4d6d-ba0e-b2e6dec5d6df/metadata 1.418s
2025-11-22 00:05:06.161 67809 INFO tempest.lib.common.rest_client [req-e8c49277-db61-4ef3-8ee2-7596b2f797d7 req-e8c49277-db61-4ef3-8ee2-7596b2f797d7 ] Request (ServerPasswordTestJSON:setUpClass): 204 PUT http://10.180.1.21/identity/v3/projects/1317a1e75d6a41318a6f5ebb8cac018d/users/97098cd32f0544bc940b716fbdeef077/roles/cee1a620f10240829038d83e85719ae1 0.045s
2025-11-22 00:05:06.161 67809 INFO tempest.lib.common.dynamic_creds [-] Dynamic test user 97098cd32f0544bc940b716fbdeef077 is created with scope project and roles: ['member']
2025-11-22 00:05:06.161 67809 INFO tempest.lib.common.dynamic_creds [-] Acquired dynamic creds: credentials: Credentials: {'domain_id': 'default', 'domain_name': 'Default', 'username': 'tempest-ServerPasswordTestJSON-1605113758-project-member', 'project_domain_id': 'default', 'project_domain_name': 'Default', 'project_id': '1317a1e75d6a41318a6f5ebb8cac018d', 'project_name': 'tempest-ServerPasswordTestJSON-1605113758', 'tenant_id': '1317a1e75d6a41318a6f5ebb8cac018d', 'tenant_name': 'tempest-ServerPasswordTestJSON-1605113758', 'user_domain_id': 'default', 'user_domain_name': 'Default', 'user_id': '97098cd32f0544bc940b716fbdeef077', 'system': None}, Network: None, Subnet: None, Router: None
2025-11-22 00:05:06.208 67815 INFO tempest.lib.common.rest_client [req-c58d2410-01d4-4cb4-b0e5-5c1e6f2d243d req-c58d2410-01d4-4cb4-b0e5-5c1e6f2d243d ] Request (ServersTestMultiNic:test_verify_multiple_nics_order): 200 GET http://10.180.1.21/compute/v2.1/servers/34b9b649-1eea-49a4-9f97-ad86057053ac 1.453s
2025-11-22 00:05:06.228 67795 INFO tempest.lib.common.rest_client [req-a1203d8c-19ea-4071-84e5-e030eb330125 req-a1203d8c-19ea-4071-84e5-e030eb330125 ] Request (ServerActionsV293TestJSON:setUpClass): 200 GET http://10.180.1.21/compute/v2.1/servers/45374439-13fc-48c3-ac09-87e0b4a8f1c1 1.402s
2025-11-22 00:05:06.239 67809 INFO tempest.lib.common.rest_client [req-9eff61c0-914d-4f31-9ffe-90da0a1f737c req-9eff61c0-914d-4f31-9ffe-90da0a1f737c ] Request (ServerPasswordTestJSON:setUpClass): 201 POST http://10.180.1.21/identity/v3/auth/tokens 0.077s
2025-11-22 00:05:06.287 67791 INFO tempest.lib.common.rest_client [req-8d032418-ecc4-40c6-b104-6c207ceb70ec req-8d032418-ecc4-40c6-b104-6c207ceb70ec ] Request (FloatingIPsAssociationNegativeTestJSON:setUpClass): 200 PUT http://10.180.1.21/networking/v2.0/routers/4ddb47a9-bf21-47b1-b82b-d98535c47818/add_router_interface 1.160s
2025-11-22 00:05:06.288 67791 INFO tempest.lib.common.dynamic_creds [-] Created isolated network resources for: credentials: Credentials: {'domain_id': 'default', 'domain_name': 'Default', 'username': 'tempest-FloatingIPsAssociationNegativeTestJSON-389324107-project-member', 'project_domain_id': 'default', 'project_domain_name': 'Default', 'project_id': '601dcbdc6e9b48688582b715d024c9fd', 'project_name': 'tempest-FloatingIPsAssociationNegativeTestJSON-389324107', 'tenant_id': '601dcbdc6e9b48688582b715d024c9fd', 'tenant_name': 'tempest-FloatingIPsAssociationNegativeTestJSON-389324107', 'user_domain_id': 'default', 'user_domain_name': 'Default', 'user_id': '2c453c5ae7034c3f8d3b49561ac5460d', 'system': None}, Network: {'id': 'ff8e320b-dba6-4dbf-b50d-693626868c2d', 'name': 'tempest-FloatingIPsAssociationNegativeTestJSON-1794369937-network', 'tenant_id': '601dcbdc6e9b48688582b715d024c9fd', 'project_id': '601dcbdc6e9b48688582b715d024c9fd', 'admin_state_up': True, 'mtu': 8950, 'status': 'ACTIVE', 'subnets': [], 'shared': False, 'port_security_enabled': True, 'router:external': False, 'provider:network_type': 'vlan', 'provider:physical_network': 'default', 'provider:segmentation_id': 663, 'availability_zone_hints': [], 'availability_zones': [], 'ipv4_address_scope': None, 'ipv6_address_scope': None, 'description': '', 'tags': [], 'created_at': '2025-11-22T00:05:03Z', 'updated_at': '2025-11-22T00:05:03Z', 'revision_number': 1}, Subnet: {'id': '3d0fcc1c-b49b-480e-b33f-f937b116d003', 'name': 'tempest-FloatingIPsAssociationNegativeTestJSON-1794369937-subnet', 'tenant_id': '601dcbdc6e9b48688582b715d024c9fd', 'network_id': 'ff8e320b-dba6-4dbf-b50d-693626868c2d', 'ip_version': 4, 'subnetpool_id': None, 'enable_dhcp': True, 'ipv6_ra_mode': None, 'ipv6_address_mode': None, 'gateway_ip': '192.168.128.1', 'cidr': '192.168.128.0/28', 'allocation_pools': [{'start': '192.168.128.2', 'end': '192.168.128.14'}], 'host_routes': [], 'dns_nameservers': [], 'description': '', 'router:external': False, 'service_types': [], 'tags': [], 'created_at': '2025-11-22T00:05:04Z', 'updated_at': '2025-11-22T00:05:04Z', 'revision_number': 0, 'project_id': '601dcbdc6e9b48688582b715d024c9fd'}, Router: {'id': '4ddb47a9-bf21-47b1-b82b-d98535c47818', 'name': 'tempest-FloatingIPsAssociationNegativeTestJSON-1794369937-router', 'tenant_id': '601dcbdc6e9b48688582b715d024c9fd', 'admin_state_up': True, 'status': 'ACTIVE', 'external_gateway_info': {'network_id': '785a1c40-3b6a-4071-a3cd-056d284d2270', 'external_fixed_ips': [{'subnet_id': '728cd319-bcae-475a-929f-b8ebcea94659', 'ip_address': '10.180.180.212'}], 'enable_snat': True}, 'description': '', 'availability_zones': [], 'distributed': False, 'ha': False, 'availability_zone_hints': [], 'routes': [], 'flavor_id': None, 'tags': [], 'created_at': '2025-11-22T00:05:04Z', 'updated_at': '2025-11-22T00:05:04Z', 'revision_number': 2, 'project_id': '601dcbdc6e9b48688582b715d024c9fd'}
2025-11-22 00:05:06.311 67831 INFO tempest.lib.common.rest_client [req-94b0938b-3258-44a0-b3e2-67b561337e02 req-94b0938b-3258-44a0-b3e2-67b561337e02 ] Request (ListServersNegativeTestJSON:tearDownClass): 200 GET http://10.180.1.21/compute/v2.1/servers/cf160dd3-0a4e-4a71-865b-512656582047 1.474s
2025-11-22 00:05:06.377 67791 INFO tempest.lib.common.rest_client [req-b8bea339-b02f-4461-9056-242a5d827904 req-b8bea339-b02f-4461-9056-242a5d827904 ] Request (FloatingIPsAssociationNegativeTestJSON:setUpClass): 201 POST http://10.180.1.21/identity/v3/auth/tokens 0.085s
2025-11-22 00:05:06.389 67828 INFO tempest.lib.common.rest_client [req-4c8aa3e3-d996-4889-818c-e2f31e83cf7e req-4c8aa3e3-d996-4889-818c-e2f31e83cf7e ] Request (MigrationsAdminTest:test_list_migrations_in_flavor_resize_situation): 200 GET http://10.180.1.21/compute/v2.1/servers/c092d9f0-8d96-47e9-a11e-14bec095bf29 1.336s
2025-11-22 00:05:06.401 67783 INFO tempest.lib.common.rest_client [req-21866248-2661-45e5-b026-7d54be877952 req-21866248-2661-45e5-b026-7d54be877952 ] Request (ListImageFiltersTestJSON:setUpClass): 200 GET http://10.180.1.21/compute/v2.1/servers/6804ada5-2fc2-4dfd-ac21-7bbc6eaa4c22 1.343s
2025-11-22 00:05:06.428 67791 INFO tempest.lib.common.rest_client [req-750fe472-f6f8-4fd2-9983-fd40b0140dad req-750fe472-f6f8-4fd2-9983-fd40b0140dad ] Request (FloatingIPsAssociationNegativeTestJSON:setUpClass): 201 POST http://10.180.1.21/identity/v3/auth/tokens 0.047s
2025-11-22 00:05:06.429 67791 INFO tempest.lib.common.fixed_network [-] (FloatingIPsAssociationNegativeTestJSON:setUpClass) Found network {'id': 'ff8e320b-dba6-4dbf-b50d-693626868c2d', 'name': 'tempest-FloatingIPsAssociationNegativeTestJSON-1794369937-network', 'tenant_id': '601dcbdc6e9b48688582b715d024c9fd', 'project_id': '601dcbdc6e9b48688582b715d024c9fd', 'admin_state_up': True, 'mtu': 8950, 'status': 'ACTIVE', 'subnets': [], 'shared': False, 'port_security_enabled': True, 'router:external': False, 'provider:network_type': 'vlan', 'provider:physical_network': 'default', 'provider:segmentation_id': 663, 'availability_zone_hints': [], 'availability_zones': [], 'ipv4_address_scope': None, 'ipv6_address_scope': None, 'description': '', 'tags': [], 'created_at': '2025-11-22T00:05:03Z', 'updated_at': '2025-11-22T00:05:03Z', 'revision_number': 1} available for tenant
2025-11-22 00:05:06.450 67823 INFO tempest.lib.common.rest_client [req-b9dee0cb-fe74-4399-b766-9ffc57e57e8b req-b9dee0cb-fe74-4399-b766-9ffc57e57e8b ] Request (AttachVolumeNegativeTest:test_attach_attached_volume_to_different_server): 200 GET http://10.180.1.21/compute/v2.1/servers/6df37185-7355-4d12-b35a-b2d3af237e46 1.251s
2025-11-22 00:05:06.465 67801 INFO tempest.lib.common.rest_client [req-b2b071cb-cb76-434a-bc3e-9b444d15f8cb req-b2b071cb-cb76-434a-bc3e-9b444d15f8cb ] Request (KeyPairsV22TestJSON:test_keypairsv22_create_list_show_with_type): 200 GET http://10.180.1.21/compute/v2.1/os-keypairs 0.317s
2025-11-22 00:05:06.480 67813 INFO tempest.lib.common.rest_client [req-5d70e87a-f34a-48ea-abb7-3e19850fe734 req-5d70e87a-f34a-48ea-abb7-3e19850fe734 ] Request (ServerMetadataNegativeTestJSON:test_update_metadata_non_existent_server): 404 POST http://10.180.1.21/compute/v2.1/servers/7f4cc489-60ce-4cc4-8539-75e4a6c9a0b3/metadata 0.327s
2025-11-22 00:05:06.555 67809 INFO tempest.lib.common.rest_client [req-1e4daa96-e54f-44cf-a52f-c3d082479a6e req-1e4daa96-e54f-44cf-a52f-c3d082479a6e ] Request (ServerPasswordTestJSON:setUpClass): 201 POST http://10.180.1.21/networking/v2.0/networks 0.316s
2025-11-22 00:05:06.555 67833 INFO tempest.lib.common.rest_client [req-bf86cf5a-00b5-4e2a-b455-01dd2bbfe94c req-bf86cf5a-00b5-4e2a-b455-01dd2bbfe94c ] Request (ServersTestFqdnHostnames:test_create_server_with_fqdn_name): 200 GET http://10.180.1.21/compute/v2.1/servers/29a88fe5-4781-4c75-8d7f-711377a2b2d0 0.393s
2025-11-22 00:05:06.658 67797 INFO tempest.lib.common.rest_client [req-fdf92b08-4bf4-4e5d-9e60-90dc2eecfa16 req-fdf92b08-4bf4-4e5d-9e60-90dc2eecfa16 ] Request (ServerActionsTestOtherA:setUpClass): 200 GET http://10.180.1.21/compute/v2.1/servers/f1bdbf14-4697-4ce2-a78a-a6341fae3b3b 0.355s
2025-11-22 00:05:06.729 67809 INFO tempest.lib.common.rest_client [req-2af75664-d2c5-4b02-a293-4c1e86839586 req-2af75664-d2c5-4b02-a293-4c1e86839586 ] Request (ServerPasswordTestJSON:setUpClass): 201 POST http://10.180.1.21/networking/v2.0/subnets 0.173s
2025-11-22 00:05:06.814 67805 INFO tempest.lib.common.rest_client [req-bc5a4e39-f104-4cb8-acba-4e87a8e46bb6 req-bc5a4e39-f104-4cb8-acba-4e87a8e46bb6 ] Request (ServersAdminNegativeTestJSON:test_migrate_server_invalid_state): 200 GET http://10.180.1.21/compute/v2.1/servers/323d02bb-043c-4419-8310-0103c015a2c1 0.431s
2025-11-22 00:05:06.825 67787 INFO tempest.lib.common.rest_client [req-f786d25b-ada2-4d46-9f61-45c6ba30ca21 req-f786d25b-ada2-4d46-9f61-45c6ba30ca21 ] Request (ServersAdminTestJSON:test_inject_network_info): 202 POST http://10.180.1.21/compute/v2.1/servers 1.026s
2025-11-22 00:05:06.910 67771 INFO tempest.lib.common.rest_client [req-f8add418-4547-4ea3-8f8d-1da2b5305f29 req-f8add418-4547-4ea3-8f8d-1da2b5305f29 ] Request (DeleteServersAdminTestJSON:test_delete_server_while_in_error_state): 200 GET http://10.180.1.21/compute/v2.1/servers/d35fb4f8-8fd7-4796-84ba-601d5ba67ada 0.514s
2025-11-22 00:05:06.918 67771 INFO tempest.common.waiters [-] State transition "ERROR/deleting" ==> "DELETED/None" after 3 second wait
2025-11-22 00:05:06.941 67801 INFO tempest.lib.common.rest_client [req-7611558e-b7a0-44c9-b023-fbc8770f9972 req-7611558e-b7a0-44c9-b023-fbc8770f9972 ] Request (KeyPairsV22TestJSON:_run_cleanups): 204 DELETE http://10.180.1.21/compute/v2.1/os-keypairs/tempest-keypair-254653707 0.474s
2025-11-22 00:05:06.951 67813 INFO tempest.lib.common.rest_client [req-39e41715-a95a-4ad0-a04a-4088a55de0ce req-39e41715-a95a-4ad0-a04a-4088a55de0ce ] Request (ServerMetadataNegativeTestJSON:test_update_metadata_with_blank_key): 400 POST http://10.180.1.21/compute/v2.1/servers/1f0382d3-dc1c-4d6d-ba0e-b2e6dec5d6df/metadata 0.467s
2025-11-22 00:05:07.037 67826 INFO tempest.lib.common.rest_client [req-2af95718-c202-48af-a551-dc1347d45e21 req-2af95718-c202-48af-a551-dc1347d45e21 ] Request (SecurityGroupsTestJSON:test_list_security_groups_by_server): 200 GET http://10.180.1.21/compute/v2.1/servers/9080c2c2-b7b4-423b-b444-79f423fbffbd 0.494s
2025-11-22 00:05:07.077 67801 INFO tempest.lib.common.rest_client [req-3cb0d4f0-c0cd-4502-a061-bd4d70ee8035 req-3cb0d4f0-c0cd-4502-a061-bd4d70ee8035 ] Request (KeyPairsV22TestJSON:tearDownClass): 204 DELETE http://10.180.1.21/identity/v3/users/0c5a10c5583f4b01a1d7a83ecdfb7569 0.128s
2025-11-22 00:05:07.077 67801 INFO tempest.lib.common.dynamic_creds [-] Deleting project and security group for project: d008fbfe4d2d453ba1634e6d51e84a1b
2025-11-22 00:05:07.108 67819 INFO tempest.lib.common.rest_client [req-af0ecbc1-a42d-48d2-a72a-6094201168d1 req-af0ecbc1-a42d-48d2-a72a-6094201168d1 ] Request (ImagesTestJSON:test_create_image_from_suspended_server): 200 GET http://10.180.1.21/compute/v2.1/servers/e9bf361b-72ee-4bdf-b6d9-c51e4f775ca3 0.411s
2025-11-22 00:05:07.155 67801 INFO tempest.lib.common.rest_client [req-df143e79-a8dc-4c1a-9791-ff2d9fb36b92 req-df143e79-a8dc-4c1a-9791-ff2d9fb36b92 ] Request (KeyPairsV22TestJSON:tearDownClass): 201 POST http://10.180.1.21/identity/v3/auth/tokens 0.078s
2025-11-22 00:05:07.249 67779 INFO tempest.lib.common.rest_client [req-8433cb67-e322-4683-a051-af7e4c175968 req-8433cb67-e322-4683-a051-af7e4c175968 ] Request (ServerExternalEventsTest:tearDownClass): 200 GET http://10.180.1.21/compute/v2.1/servers/45f6f6e9-1822-4c1c-96ac-0847e3b87bff 0.463s
2025-11-22 00:05:07.468 67801 INFO tempest.lib.common.rest_client [req-6fc3b2dc-525d-495d-8c31-1342894976bf req-6fc3b2dc-525d-495d-8c31-1342894976bf ] Request (KeyPairsV22TestJSON:tearDownClass): 200 GET http://10.180.1.21/networking/v2.0/security-groups?tenant_id=d008fbfe4d2d453ba1634e6d51e84a1b&name=default 0.312s
2025-11-22 00:05:07.629 67829 INFO tempest.lib.common.rest_client [req-a3bcb41d-7fb2-410b-8fe1-e65704a9c523 req-a3bcb41d-7fb2-410b-8fe1-e65704a9c523 ] Request (ServerShowV257Test:tearDownClass): 200 GET http://10.180.1.21/compute/v2.1/servers/ab17ecda-08c2-43fd-bada-ccbb87e1d162 0.830s
2025-11-22 00:05:07.719 67801 INFO tempest.lib.common.rest_client [req-365459dc-462e-404e-a626-f9f6973bf5b5 req-365459dc-462e-404e-a626-f9f6973bf5b5 ] Request (KeyPairsV22TestJSON:tearDownClass): 204 DELETE http://10.180.1.21/networking/v2.0/security-groups/bc6207f9-2931-4812-b79a-d5af3eb8ac7f 0.251s
2025-11-22 00:05:07.733 67809 INFO tempest.lib.common.rest_client [req-fb40433d-7b7f-4be2-8078-a2b1c872aaec req-fb40433d-7b7f-4be2-8078-a2b1c872aaec ] Request (ServerPasswordTestJSON:setUpClass): 201 POST http://10.180.1.21/networking/v2.0/routers 1.003s
2025-11-22 00:05:07.783 67787 INFO tempest.lib.common.rest_client [req-3101792f-d304-4dfe-bb58-95228e44173e req-3101792f-d304-4dfe-bb58-95228e44173e ] Request (ServersAdminTestJSON:test_inject_network_info): 200 GET http://10.180.1.21/compute/v2.1/servers/f70523be-2b20-4866-a451-ec50d7642b2c 0.953s
2025-11-22 00:05:07.813 67801 INFO tempest.lib.common.rest_client [req-6b3a663f-1a38-47a6-8c11-3434ada41918 req-6b3a663f-1a38-47a6-8c11-3434ada41918 ] Request (KeyPairsV22TestJSON:tearDownClass): 204 DELETE http://10.180.1.21/identity/v3/projects/d008fbfe4d2d453ba1634e6d51e84a1b 0.093s
2025-11-22 00:05:07.878 67791 INFO tempest.lib.common.rest_client [req-d4f8ea05-1c8f-4d00-ac0b-20c9fe70cc6f req-d4f8ea05-1c8f-4d00-ac0b-20c9fe70cc6f ] Request (FloatingIPsAssociationNegativeTestJSON:setUpClass): 202 POST http://10.180.1.21/compute/v2.1/servers 1.448s
2025-11-22 00:05:07.883 67773 INFO tempest.lib.common.rest_client [req-54aa40e9-a16c-47c6-b91f-50afbf84ed43 req-54aa40e9-a16c-47c6-b91f-50afbf84ed43 ] Request (ServersAdmin275Test:test_rebuild_update_server_275): 200 GET http://10.180.1.21/compute/v2.1/servers/ad19c623-8ccc-44b3-bde4-cdcb97409b0b 0.990s
2025-11-22 00:05:07.905 67773 INFO tempest.common.waiters [-] State transition "BUILD/scheduling" ==> "BUILD/None" after 4 second wait
2025-11-22 00:05:08.051 67813 INFO tempest.lib.common.rest_client [req-48bf53c2-b1b7-45c5-bc19-e26300c21ebc req-48bf53c2-b1b7-45c5-bc19-e26300c21ebc ] Request (ServerMetadataNegativeTestJSON:tearDownClass): 204 DELETE http://10.180.1.21/compute/v2.1/servers/1f0382d3-dc1c-4d6d-ba0e-b2e6dec5d6df 1.098s
2025-11-22 00:05:08.095 67811 INFO tempest.lib.common.rest_client [req-ca04e0a0-9a65-42ab-b8f4-5167f6adc5f8 req-ca04e0a0-9a65-42ab-b8f4-5167f6adc5f8 ] Request (ServersTestJSON:tearDownClass): 200 GET http://10.180.1.21/compute/v2.1/servers/bc3670ab-6223-423a-a661-dd6d657d59b5 1.182s
2025-11-22 00:05:08.508 67822 INFO tempest.lib.common.rest_client [req-139189c2-6c39-4664-b7b9-3a15eaeaf800 req-139189c2-6c39-4664-b7b9-3a15eaeaf800 ] Request (DeleteServersTestJSON:test_delete_server_while_in_attached_volume): 200 GET http://10.180.1.21/compute/v2.1/servers/afd845b6-fa5f-4951-a524-57985a1c84d8 1.494s
2025-11-22 00:05:08.536 67807 INFO tempest.lib.common.rest_client [req-a236e8d9-4d35-46a5-8091-609c9dbab8b2 req-a236e8d9-4d35-46a5-8091-609c9dbab8b2 ] Request (AttachInterfacesV270Test:tearDownClass): 200 GET http://10.180.1.21/compute/v2.1/servers/e3726ba6-49bb-4212-8a86-ab4868a88999 1.497s
2025-11-22 00:05:08.576 67817 INFO tempest.lib.common.rest_client [req-42a1a929-ec43-4993-b0e1-a3bba3708675 req-42a1a929-ec43-4993-b0e1-a3bba3708675 ] Request (ImagesOneServerTestJSON:test_create_delete_image): 200 GET http://10.180.1.21/compute/v2.1/images/ae489b06-1734-49ad-9404-0fc05738f925 1.523s
2025-11-22 00:05:08.861 67809 INFO tempest.lib.common.rest_client [req-d7feafe9-cccf-4b71-99d6-2d5b84e9f8b9 req-d7feafe9-cccf-4b71-99d6-2d5b84e9f8b9 ] Request (ServerPasswordTestJSON:setUpClass): 200 PUT http://10.180.1.21/networking/v2.0/routers/4d1737f0-792a-4d1a-b827-405ab3585ea8/add_router_interface 1.127s
2025-11-22 00:05:08.861 67809 INFO tempest.lib.common.dynamic_creds [-] Created isolated network resources for: credentials: Credentials: {'domain_id': 'default', 'domain_name': 'Default', 'username': 'tempest-ServerPasswordTestJSON-1605113758-project-member', 'project_domain_id': 'default', 'project_domain_name': 'Default', 'project_id': '1317a1e75d6a41318a6f5ebb8cac018d', 'project_name': 'tempest-ServerPasswordTestJSON-1605113758', 'tenant_id': '1317a1e75d6a41318a6f5ebb8cac018d', 'tenant_name': 'tempest-ServerPasswordTestJSON-1605113758', 'user_domain_id': 'default', 'user_domain_name': 'Default', 'user_id': '97098cd32f0544bc940b716fbdeef077', 'system': None}, Network: {'id': '5d4de097-bd69-46ed-82f0-11079f7788af', 'name': 'tempest-ServerPasswordTestJSON-995268832-network', 'tenant_id': '1317a1e75d6a41318a6f5ebb8cac018d', 'project_id': '1317a1e75d6a41318a6f5ebb8cac018d', 'admin_state_up': True, 'mtu': 8950, 'status': 'ACTIVE', 'subnets': [], 'shared': False, 'port_security_enabled': True, 'router:external': False, 'provider:network_type': 'vlan', 'provider:physical_network': 'default', 'provider:segmentation_id': 710, 'availability_zone_hints': [], 'availability_zones': [], 'ipv4_address_scope': None, 'ipv6_address_scope': None, 'description': '', 'tags': [], 'created_at': '2025-11-22T00:05:06Z', 'updated_at': '2025-11-22T00:05:06Z', 'revision_number': 1}, Subnet: {'id': '202ae763-f7ba-4733-af64-2f4c82962660', 'name': 'tempest-ServerPasswordTestJSON-995268832-subnet', 'tenant_id': '1317a1e75d6a41318a6f5ebb8cac018d', 'network_id': '5d4de097-bd69-46ed-82f0-11079f7788af', 'ip_version': 4, 'subnetpool_id': None, 'enable_dhcp': True, 'ipv6_ra_mode': None, 'ipv6_address_mode': None, 'gateway_ip': '192.168.128.1', 'cidr': '192.168.128.0/28', 'allocation_pools': [{'start': '192.168.128.2', 'end': '192.168.128.14'}], 'host_routes': [], 'dns_nameservers': [], 'description': '', 'router:external': False, 'service_types': [], 'tags': [], 'created_at': '2025-11-22T00:05:06Z', 'updated_at': '2025-11-22T00:05:06Z', 'revision_number': 0, 'project_id': '1317a1e75d6a41318a6f5ebb8cac018d'}, Router: {'id': '4d1737f0-792a-4d1a-b827-405ab3585ea8', 'name': 'tempest-ServerPasswordTestJSON-995268832-router', 'tenant_id': '1317a1e75d6a41318a6f5ebb8cac018d', 'admin_state_up': True, 'status': 'ACTIVE', 'external_gateway_info': {'network_id': '785a1c40-3b6a-4071-a3cd-056d284d2270', 'external_fixed_ips': [{'subnet_id': '728cd319-bcae-475a-929f-b8ebcea94659', 'ip_address': '10.180.180.195'}], 'enable_snat': True}, 'description': '', 'availability_zones': [], 'distributed': False, 'ha': False, 'availability_zone_hints': [], 'routes': [], 'flavor_id': None, 'tags': [], 'created_at': '2025-11-22T00:05:06Z', 'updated_at': '2025-11-22T00:05:07Z', 'revision_number': 2, 'project_id': '1317a1e75d6a41318a6f5ebb8cac018d'}
2025-11-22 00:05:08.897 67799 INFO tempest.lib.common.rest_client [req-e1ddda18-3e3b-48e5-b32c-fab1b19980dd req-e1ddda18-3e3b-48e5-b32c-fab1b19980dd ] Request (TenantUsagesTestJSON:tearDownClass): 200 GET http://10.180.1.21/compute/v2.1/servers/0aa12f0d-754e-42ec-8363-c459446d620b 1.758s
2025-11-22 00:05:08.906 67789 INFO tempest.lib.common.rest_client [req-839c9296-454f-4e25-91d9-b683c2be0993 req-839c9296-454f-4e25-91d9-b683c2be0993 ] Request (ImagesOneServerNegativeTestJSON:_run_cleanups): 200 GET http://10.180.1.21/compute/v2.1/servers/212159cd-ed9d-48aa-9633-5bd9dc59e5b6 1.746s
2025-11-22 00:05:08.974 67815 INFO tempest.lib.common.rest_client [req-8b88f64d-4fb6-4a5e-8521-cfc1c11b3a31 req-8b88f64d-4fb6-4a5e-8521-cfc1c11b3a31 ] Request (ServersTestMultiNic:test_verify_multiple_nics_order): 200 GET http://10.180.1.21/compute/v2.1/servers/34b9b649-1eea-49a4-9f97-ad86057053ac 1.755s
2025-11-22 00:05:08.999 67809 INFO tempest.lib.common.rest_client [req-76b24876-e73a-49b2-8acb-4e691aa7292c req-76b24876-e73a-49b2-8acb-4e691aa7292c ] Request (ServerPasswordTestJSON:setUpClass): 201 POST http://10.180.1.21/identity/v3/auth/tokens 0.131s
2025-11-22 00:05:09.042 67795 INFO tempest.lib.common.rest_client [req-6f1a32b0-4188-4345-a2a2-cea2d27b73bc req-6f1a32b0-4188-4345-a2a2-cea2d27b73bc ] Request (ServerActionsV293TestJSON:setUpClass): 200 GET http://10.180.1.21/compute/v2.1/servers/45374439-13fc-48c3-ac09-87e0b4a8f1c1 1.798s
2025-11-22 00:05:09.045 67809 INFO tempest.lib.common.rest_client [req-a177edd9-f62c-41fd-8f65-dd0febdaef30 req-a177edd9-f62c-41fd-8f65-dd0febdaef30 ] Request (ServerPasswordTestJSON:setUpClass): 201 POST http://10.180.1.21/identity/v3/auth/tokens 0.041s
2025-11-22 00:05:09.046 67809 INFO tempest.lib.common.fixed_network [-] (ServerPasswordTestJSON:setUpClass) Found network {'id': '5d4de097-bd69-46ed-82f0-11079f7788af', 'name': 'tempest-ServerPasswordTestJSON-995268832-network', 'tenant_id': '1317a1e75d6a41318a6f5ebb8cac018d', 'project_id': '1317a1e75d6a41318a6f5ebb8cac018d', 'admin_state_up': True, 'mtu': 8950, 'status': 'ACTIVE', 'subnets': [], 'shared': False, 'port_security_enabled': True, 'router:external': False, 'provider:network_type': 'vlan', 'provider:physical_network': 'default', 'provider:segmentation_id': 710, 'availability_zone_hints': [], 'availability_zones': [], 'ipv4_address_scope': None, 'ipv6_address_scope': None, 'description': '', 'tags': [], 'created_at': '2025-11-22T00:05:06Z', 'updated_at': '2025-11-22T00:05:06Z', 'revision_number': 1} available for tenant
2025-11-22 00:05:09.067 67831 INFO tempest.lib.common.rest_client [req-88999c0f-3529-4780-ae9c-6fa611e12846 req-88999c0f-3529-4780-ae9c-6fa611e12846 ] Request (ListServersNegativeTestJSON:tearDownClass): 200 GET http://10.180.1.21/compute/v2.1/servers/cf160dd3-0a4e-4a71-865b-512656582047 1.744s
2025-11-22 00:05:09.183 67783 INFO tempest.lib.common.rest_client [req-e252f889-adf0-4170-87c3-4320ddbc8f5c req-e252f889-adf0-4170-87c3-4320ddbc8f5c ] Request (ListImageFiltersTestJSON:setUpClass): 200 GET http://10.180.1.21/compute/v2.1/servers/6804ada5-2fc2-4dfd-ac21-7bbc6eaa4c22 1.773s
2025-11-22 00:05:09.212 67828 INFO tempest.lib.common.rest_client [req-d9557439-3354-412f-a6b3-474d5fae697c req-d9557439-3354-412f-a6b3-474d5fae697c ] Request (MigrationsAdminTest:test_list_migrations_in_flavor_resize_situation): 200 GET http://10.180.1.21/compute/v2.1/servers/c092d9f0-8d96-47e9-a11e-14bec095bf29 1.814s
2025-11-22 00:05:09.252 67823 INFO tempest.lib.common.rest_client [req-aaec19ce-d76f-4377-9319-ec263fe83198 req-aaec19ce-d76f-4377-9319-ec263fe83198 ] Request (AttachVolumeNegativeTest:test_attach_attached_volume_to_different_server): 200 GET http://10.180.1.21/compute/v2.1/servers/6df37185-7355-4d12-b35a-b2d3af237e46 1.793s
2025-11-22 00:05:09.280 67833 INFO tempest.lib.common.rest_client [req-4a04ca61-d54d-4668-98c8-4f0e249190d9 req-4a04ca61-d54d-4668-98c8-4f0e249190d9 ] Request (ServersTestFqdnHostnames:test_create_server_with_fqdn_name): 200 GET http://10.180.1.21/compute/v2.1/servers/29a88fe5-4781-4c75-8d7f-711377a2b2d0 1.714s
2025-11-22 00:05:09.313 67797 INFO tempest.lib.common.rest_client [req-29fc554c-ab81-48da-87ed-1642266a421c req-29fc554c-ab81-48da-87ed-1642266a421c ] Request (ServerActionsTestOtherA:setUpClass): 200 GET http://10.180.1.21/compute/v2.1/servers/f1bdbf14-4697-4ce2-a78a-a6341fae3b3b 1.644s
2025-11-22 00:05:09.430 67791 INFO tempest.lib.common.rest_client [req-4eaa2ec3-d01f-4ab0-b757-4f3bc6a6edd9 req-4eaa2ec3-d01f-4ab0-b757-4f3bc6a6edd9 ] Request (FloatingIPsAssociationNegativeTestJSON:setUpClass): 200 GET http://10.180.1.21/compute/v2.1/servers/0aa2477b-d729-4546-b94d-9f7644de69e8 1.551s
2025-11-22 00:05:09.456 67805 INFO tempest.lib.common.rest_client [req-d0637c78-e318-493f-8124-f2ee57dde32e req-d0637c78-e318-493f-8124-f2ee57dde32e ] Request (ServersAdminNegativeTestJSON:test_migrate_server_invalid_state): 200 GET http://10.180.1.21/compute/v2.1/servers/323d02bb-043c-4419-8310-0103c015a2c1 1.629s
2025-11-22 00:05:09.466 67805 INFO tempest.common.waiters [-] State transition "BUILD/spawning" ==> "ACTIVE/None" after 42 second wait
2025-11-22 00:05:09.525 67771 INFO tempest.lib.common.rest_client [req-b63f5f24-b036-4599-8d88-94aa5f62161f req-b63f5f24-b036-4599-8d88-94aa5f62161f ] Request (DeleteServersAdminTestJSON:test_delete_server_while_in_error_state): 200 GET http://10.180.1.21/compute/v2.1/servers/d35fb4f8-8fd7-4796-84ba-601d5ba67ada 1.606s
2025-11-22 00:05:09.541 67826 INFO tempest.lib.common.rest_client [req-753c5c06-3b84-4e4d-b21d-3d798e3b5ad5 req-753c5c06-3b84-4e4d-b21d-3d798e3b5ad5 ] Request (SecurityGroupsTestJSON:test_list_security_groups_by_server): 200 GET http://10.180.1.21/compute/v2.1/servers/9080c2c2-b7b4-423b-b444-79f423fbffbd 1.491s
