2025-11-22 00:02:51.309 67833 WARNING oslo_config.cfg [-] Deprecated: Option "import_image" from group "image-feature-enabled" is deprecated for removal (Issue with image import in WSGI mode was fixed in Victoria, and this feature works in any deployment architecture now.). Its value may be silently ignored in the future.
2025-11-22 00:02:51.309 67783 INFO tempest.lib.common.rest_client [req-68764182-e16b-4a8d-8d5c-6f04f3051b26 req-68764182-e16b-4a8d-8d5c-6f04f3051b26 ] Request (ServicesAdminNegativeTestJSON:setUpClass): 201 POST http://10.180.1.21/identity/v3/users 0.201s
2025-11-22 00:02:51.309 67833 WARNING oslo_config.cfg [-] Deprecated: Option "os_glance_reserved" from group "image-feature-enabled" is deprecated for removal (os_glance namespace is always reserved since Wallaby). Its value may be silently ignored in the future.
2025-11-22 00:02:51.312 67828 WARNING oslo_config.cfg [-] Deprecated: Option "auth_version" from group "identity" is deprecated for removal (Identity v2 API was removed and v3 is the only available identity API version now). Its value may be silently ignored in the future.
2025-11-22 00:02:51.313 67828 WARNING oslo_config.cfg [-] Deprecated: Option "access_rules" from group "identity-feature-enabled" is deprecated for removal (Access rules for application credentials is a default feature since Train). Its value may be silently ignored in the future.
2025-11-22 00:02:51.314 67828 WARNING oslo_config.cfg [-] Deprecated: Option "import_image" from group "image-feature-enabled" is deprecated for removal (Issue with image import in WSGI mode was fixed in Victoria, and this feature works in any deployment architecture now.). Its value may be silently ignored in the future.
2025-11-22 00:02:51.314 67828 WARNING oslo_config.cfg [-] Deprecated: Option "os_glance_reserved" from group "image-feature-enabled" is deprecated for removal (os_glance namespace is always reserved since Wallaby). Its value may be silently ignored in the future.
2025-11-22 00:02:51.326 67829 INFO tempest.lib.common.rest_client [req-7d52c68b-f974-45e4-b65e-6adc3da811d4 req-7d52c68b-f974-45e4-b65e-6adc3da811d4 ] Request (InstanceUsageAuditLogNegativeTestJSON:setUpClass): 204 PUT http://10.180.1.21/identity/v3/projects/d9845791017e4440b7068e0d3f221b74/users/5675770a4c244994b34fd39cd2e1d84d/roles/cee1a620f10240829038d83e85719ae1 0.138s
2025-11-22 00:02:51.326 67829 INFO tempest.lib.common.dynamic_creds [-] Dynamic test user 5675770a4c244994b34fd39cd2e1d84d is created with scope project and roles: ['member']
2025-11-22 00:02:51.326 67829 INFO tempest.lib.common.dynamic_creds [-] Acquired dynamic creds: credentials: Credentials: {'domain_id': 'default', 'domain_name': 'Default', 'username': 'tempest-InstanceUsageAuditLogNegativeTestJSON-514595601-project-member', 'project_domain_id': 'default', 'project_domain_name': 'Default', 'project_id': 'd9845791017e4440b7068e0d3f221b74', 'project_name': 'tempest-InstanceUsageAuditLogNegativeTestJSON-514595601', 'tenant_id': 'd9845791017e4440b7068e0d3f221b74', 'tenant_name': 'tempest-InstanceUsageAuditLogNegativeTestJSON-514595601', 'user_domain_id': 'default', 'user_domain_name': 'Default', 'user_id': '5675770a4c244994b34fd39cd2e1d84d', 'system': None}, Network: None, Subnet: None, Router: None
2025-11-22 00:02:51.327 67829 INFO tempest.lib.common.dynamic_creds [-] Created isolated network resources for: credentials: Credentials: {'domain_id': 'default', 'domain_name': 'Default', 'username': 'tempest-InstanceUsageAuditLogNegativeTestJSON-514595601-project-member', 'project_domain_id': 'default', 'project_domain_name': 'Default', 'project_id': 'd9845791017e4440b7068e0d3f221b74', 'project_name': 'tempest-InstanceUsageAuditLogNegativeTestJSON-514595601', 'tenant_id': 'd9845791017e4440b7068e0d3f221b74', 'tenant_name': 'tempest-InstanceUsageAuditLogNegativeTestJSON-514595601', 'user_domain_id': 'default', 'user_domain_name': 'Default', 'user_id': '5675770a4c244994b34fd39cd2e1d84d', 'system': None}, Network: None, Subnet: None, Router: None
2025-11-22 00:02:51.355 67797 INFO tempest.lib.common.rest_client [req-fc81e8cf-dc01-4bcb-ad87-dafc76700ea9 req-fc81e8cf-dc01-4bcb-ad87-dafc76700ea9 ] Request (FlavorsExtraSpecsTestJSON:setUpClass): 201 POST http://10.180.1.21/identity/v3/auth/tokens 0.177s
2025-11-22 00:02:51.385 67775 INFO tempest.lib.common.rest_client [req-010e1dc5-57a7-44aa-b6a0-8e34c397ee23 req-010e1dc5-57a7-44aa-b6a0-8e34c397ee23 ] Request (KeyPairsV2TestJSON:setUpClass): 201 POST http://10.180.1.21/identity/v3/auth/tokens 0.148s
2025-11-22 00:02:51.388 67777 INFO tempest.lib.common.rest_client [req-76841c6c-63b2-4267-8104-a758cd82b134 req-76841c6c-63b2-4267-8104-a758cd82b134 ] Request (HypervisorAdminNegativeUnderV252Test:setUpClass): 201 POST http://10.180.1.21/identity/v3/users 0.125s
2025-11-22 00:02:51.396 67783 INFO tempest.lib.common.rest_client [req-5ebf572b-3438-4bcd-8741-d50ca02f7dfa req-5ebf572b-3438-4bcd-8741-d50ca02f7dfa ] Request (ServicesAdminNegativeTestJSON:setUpClass): 200 GET http://10.180.1.21/identity/v3/roles 0.086s
2025-11-22 00:02:51.418 67797 INFO tempest.lib.common.rest_client [req-af3fd72c-fd94-42d9-97f5-ed3e4a3cbe44 req-af3fd72c-fd94-42d9-97f5-ed3e4a3cbe44 ] Request (FlavorsExtraSpecsTestJSON:setUpClass): 201 POST http://10.180.1.21/identity/v3/auth/tokens 0.045s
2025-11-22 00:02:51.438 67777 INFO tempest.lib.common.rest_client [req-b52ff49a-7aae-4cbb-8d1e-7f5066fa5a00 req-b52ff49a-7aae-4cbb-8d1e-7f5066fa5a00 ] Request (HypervisorAdminNegativeUnderV252Test:setUpClass): 200 GET http://10.180.1.21/identity/v3/roles 0.049s
2025-11-22 00:02:51.461 67829 INFO tempest.lib.common.rest_client [req-b0581c81-df1d-4bcd-95b6-2abfa9b76ee5 req-b0581c81-df1d-4bcd-95b6-2abfa9b76ee5 ] Request (InstanceUsageAuditLogNegativeTestJSON:setUpClass): 201 POST http://10.180.1.21/identity/v3/auth/tokens 0.109s
2025-11-22 00:02:51.479 67783 INFO tempest.lib.common.rest_client [req-82745a18-f3f2-4508-8c3a-bb30328ac0fd req-82745a18-f3f2-4508-8c3a-bb30328ac0fd ] Request (ServicesAdminNegativeTestJSON:setUpClass): 204 PUT http://10.180.1.21/identity/v3/projects/b9f8908ae41e46c9803675546e3efaab/users/f27c44a39f50413898faa35176817818/roles/5bcd4e615f0e4c5782ce86e2918b34c1 0.083s
2025-11-22 00:02:51.537 67797 INFO tempest.lib.common.rest_client [req-9692f0a6-394d-4220-ab8c-af75703b15af req-9692f0a6-394d-4220-ab8c-af75703b15af ] Request (FlavorsExtraSpecsTestJSON:setUpClass): 200 GET http://10.180.1.21/identity/v3/domains?name=Default 0.118s
2025-11-22 00:02:51.565 67777 INFO tempest.lib.common.rest_client [req-7599f277-a975-41aa-8ce6-a1d63474d120 req-7599f277-a975-41aa-8ce6-a1d63474d120 ] Request (HypervisorAdminNegativeUnderV252Test:setUpClass): 204 PUT http://10.180.1.21/identity/v3/projects/90a215a8a009431e8547385aeac5e5e5/users/f979bf2cd2fb435e97086299ad411a3e/roles/cee1a620f10240829038d83e85719ae1 0.124s
2025-11-22 00:02:51.565 67777 INFO tempest.lib.common.dynamic_creds [-] Dynamic test user f979bf2cd2fb435e97086299ad411a3e is created with scope project and roles: ['member']
2025-11-22 00:02:51.566 67777 INFO tempest.lib.common.dynamic_creds [-] Acquired dynamic creds: credentials: Credentials: {'domain_id': 'default', 'domain_name': 'Default', 'username': 'tempest-HypervisorAdminNegativeUnderV252Test-786196938-project-member', 'project_domain_id': 'default', 'project_domain_name': 'Default', 'project_id': '90a215a8a009431e8547385aeac5e5e5', 'project_name': 'tempest-HypervisorAdminNegativeUnderV252Test-786196938', 'tenant_id': '90a215a8a009431e8547385aeac5e5e5', 'tenant_name': 'tempest-HypervisorAdminNegativeUnderV252Test-786196938', 'user_domain_id': 'default', 'user_domain_name': 'Default', 'user_id': 'f979bf2cd2fb435e97086299ad411a3e', 'system': None}, Network: None, Subnet: None, Router: None
2025-11-22 00:02:51.566 67777 INFO tempest.lib.common.dynamic_creds [-] Created isolated network resources for: credentials: Credentials: {'domain_id': 'default', 'domain_name': 'Default', 'username': 'tempest-HypervisorAdminNegativeUnderV252Test-786196938-project-member', 'project_domain_id': 'default', 'project_domain_name': 'Default', 'project_id': '90a215a8a009431e8547385aeac5e5e5', 'project_name': 'tempest-HypervisorAdminNegativeUnderV252Test-786196938', 'tenant_id': '90a215a8a009431e8547385aeac5e5e5', 'tenant_name': 'tempest-HypervisorAdminNegativeUnderV252Test-786196938', 'user_domain_id': 'default', 'user_domain_name': 'Default', 'user_id': 'f979bf2cd2fb435e97086299ad411a3e', 'system': None}, Network: None, Subnet: None, Router: None
2025-11-22 00:02:51.581 67829 INFO tempest.lib.common.rest_client [req-404ec9f5-7a87-481a-b8a3-466df022760d req-404ec9f5-7a87-481a-b8a3-466df022760d ] Request (InstanceUsageAuditLogNegativeTestJSON:setUpClass): 201 POST http://10.180.1.21/identity/v3/projects 0.119s
2025-11-22 00:02:51.627 67775 INFO tempest.lib.common.rest_client [req-7f5bcef8-876f-484f-b058-19a7b4e44523 req-7f5bcef8-876f-484f-b058-19a7b4e44523 ] Request (KeyPairsV2TestJSON:test_get_keypair_detail): 200 POST http://10.180.1.21/compute/v2.1/os-keypairs 0.240s
2025-11-22 00:02:51.652 67831 INFO tempest.lib.common.rest_client [req-c2da06fe-7317-48b0-a120-7f0ceda8e30b req-c2da06fe-7317-48b0-a120-7f0ceda8e30b ] Request (ListServersNegativeTestJSON:setUpClass): 201 POST http://10.180.1.21/identity/v3/auth/tokens 0.141s
2025-11-22 00:02:51.662 67783 INFO tempest.lib.common.rest_client [req-7ef5af25-1d04-4e39-8d76-770ea2214f55 req-7ef5af25-1d04-4e39-8d76-770ea2214f55 ] Request (ServicesAdminNegativeTestJSON:setUpClass): 200 GET http://10.180.1.21/identity/v3/roles 0.181s
2025-11-22 00:02:51.667 67775 INFO tempest.lib.common.rest_client [req-07ade448-b5bc-4d61-8f24-c4670e4a7f68 req-07ade448-b5bc-4d61-8f24-c4670e4a7f68 ] Request (KeyPairsV2TestJSON:test_get_keypair_detail): 200 GET http://10.180.1.21/compute/v2.1/os-keypairs/tempest-keypair-413722314 0.039s
2025-11-22 00:02:51.686 67799 INFO tempest.lib.common.rest_client [req-d2d0f1e3-f996-44c2-889c-16b0a045e5b5 req-d2d0f1e3-f996-44c2-889c-16b0a045e5b5 ] Request (FlavorMetadataValidation:setUpClass): 201 POST http://10.180.1.21/identity/v3/auth/tokens 0.174s
2025-11-22 00:02:51.696 67797 INFO tempest.lib.common.rest_client [req-7649bddf-5da6-4882-8656-d8588ec4ed5c req-7649bddf-5da6-4882-8656-d8588ec4ed5c ] Request (FlavorsExtraSpecsTestJSON:setUpClass): 201 POST http://10.180.1.21/identity/v3/projects 0.152s
2025-11-22 00:02:51.718 67829 INFO tempest.lib.common.rest_client [req-8af7c7e6-02a9-45c1-9bd4-12e66fe15d2f req-8af7c7e6-02a9-45c1-9bd4-12e66fe15d2f ] Request (InstanceUsageAuditLogNegativeTestJSON:setUpClass): 201 POST http://10.180.1.21/identity/v3/users 0.136s
2025-11-22 00:02:51.721 67775 INFO tempest.lib.common.rest_client [req-e27ab5ab-feae-4516-9da7-7d86780d1885 req-e27ab5ab-feae-4516-9da7-7d86780d1885 ] Request (KeyPairsV2TestJSON:_run_cleanups): 202 DELETE http://10.180.1.21/compute/v2.1/os-keypairs/tempest-keypair-413722314 0.032s
2025-11-22 00:02:51.777 67777 INFO tempest.lib.common.rest_client [req-3ab33dc5-e89a-41d9-b4b2-85de8904ab43 req-3ab33dc5-e89a-41d9-b4b2-85de8904ab43 ] Request (HypervisorAdminNegativeUnderV252Test:setUpClass): 201 POST http://10.180.1.21/identity/v3/auth/tokens 0.167s
2025-11-22 00:02:51.779 67775 INFO tempest.lib.common.rest_client [req-dd496721-bfbe-46ed-8879-4db9eb5bb518 req-dd496721-bfbe-46ed-8879-4db9eb5bb518 ] Request (KeyPairsV2TestJSON:test_keypair_create_delete): 200 POST http://10.180.1.21/compute/v2.1/os-keypairs 0.056s
2025-11-22 00:02:51.785 67785 INFO tempest.lib.common.rest_client [req-2d8dab16-f2e0-45eb-bde6-561bf756c966 req-2d8dab16-f2e0-45eb-bde6-561bf756c966 ] Request (FlavorsAccessTestJSON:setUpClass): 201 POST http://10.180.1.21/identity/v3/auth/tokens 0.217s
2025-11-22 00:02:51.803 67783 INFO tempest.lib.common.rest_client [req-cd085f31-230d-47b3-a4a4-3c0e8193e303 req-cd085f31-230d-47b3-a4a4-3c0e8193e303 ] Request (ServicesAdminNegativeTestJSON:setUpClass): 204 PUT http://10.180.1.21/identity/v3/projects/b9f8908ae41e46c9803675546e3efaab/users/f27c44a39f50413898faa35176817818/roles/5bcd4e615f0e4c5782ce86e2918b34c1 0.140s
2025-11-22 00:02:51.803 67783 INFO tempest.lib.common.dynamic_creds [-] Dynamic test user f27c44a39f50413898faa35176817818 is created with scope project and roles: ['admin']
2025-11-22 00:02:51.803 67783 INFO tempest.lib.common.dynamic_creds [-] Acquired dynamic creds: credentials: Credentials: {'domain_id': 'default', 'domain_name': 'Default', 'username': 'tempest-ServicesAdminNegativeTestJSON-1172343665-project-admin', 'project_domain_id': 'default', 'project_domain_name': 'Default', 'project_id': 'b9f8908ae41e46c9803675546e3efaab', 'project_name': 'tempest-ServicesAdminNegativeTestJSON-1172343665', 'tenant_id': 'b9f8908ae41e46c9803675546e3efaab', 'tenant_name': 'tempest-ServicesAdminNegativeTestJSON-1172343665', 'user_domain_id': 'default', 'user_domain_name': 'Default', 'user_id': 'f27c44a39f50413898faa35176817818', 'system': None}, Network: None, Subnet: None, Router: None
2025-11-22 00:02:51.804 67783 INFO tempest.lib.common.dynamic_creds [-] Created isolated network resources for: credentials: Credentials: {'domain_id': 'default', 'domain_name': 'Default', 'username': 'tempest-ServicesAdminNegativeTestJSON-1172343665-project-admin', 'project_domain_id': 'default', 'project_domain_name': 'Default', 'project_id': 'b9f8908ae41e46c9803675546e3efaab', 'project_name': 'tempest-ServicesAdminNegativeTestJSON-1172343665', 'tenant_id': 'b9f8908ae41e46c9803675546e3efaab', 'tenant_name': 'tempest-ServicesAdminNegativeTestJSON-1172343665', 'user_domain_id': 'default', 'user_domain_name': 'Default', 'user_id': 'f27c44a39f50413898faa35176817818', 'system': None}, Network: None, Subnet: None, Router: None
2025-11-22 00:02:51.830 67775 INFO tempest.lib.common.rest_client [req-dbff98b4-ac32-4254-b764-9cb395790b76 req-dbff98b4-ac32-4254-b764-9cb395790b76 ] Request (KeyPairsV2TestJSON:_run_cleanups): 202 DELETE http://10.180.1.21/compute/v2.1/os-keypairs/tempest-keypair-1864472830 0.049s
2025-11-22 00:02:51.836 67831 INFO tempest.lib.common.rest_client [req-2b5566a9-945a-42cd-b557-c83c513b3c22 req-2b5566a9-945a-42cd-b557-c83c513b3c22 ] Request (ListServersNegativeTestJSON:setUpClass): 201 POST http://10.180.1.21/identity/v3/auth/tokens 0.156s
2025-11-22 00:02:51.852 67797 INFO tempest.lib.common.rest_client [req-e4a1a91b-4d25-4fbe-be81-cdadc18cddf1 req-e4a1a91b-4d25-4fbe-be81-cdadc18cddf1 ] Request (FlavorsExtraSpecsTestJSON:setUpClass): 201 POST http://10.180.1.21/identity/v3/users 0.155s
2025-11-22 00:02:51.876 67829 INFO tempest.lib.common.rest_client [req-62f14afa-0c2f-4163-99bb-f7a25ae44cbf req-62f14afa-0c2f-4163-99bb-f7a25ae44cbf ] Request (InstanceUsageAuditLogNegativeTestJSON:setUpClass): 200 GET http://10.180.1.21/identity/v3/roles 0.157s
2025-11-22 00:02:51.883 67775 INFO tempest.lib.common.rest_client [req-c4fcd8c5-6bb1-4e9f-a858-3861c313dd34 req-c4fcd8c5-6bb1-4e9f-a858-3861c313dd34 ] Request (KeyPairsV2TestJSON:test_keypair_create_with_pub_key): 200 POST http://10.180.1.21/compute/v2.1/os-keypairs 0.052s
2025-11-22 00:02:51.888 67799 INFO tempest.lib.common.rest_client [req-de05b5b6-3861-473b-901b-555435d202fc req-de05b5b6-3861-473b-901b-555435d202fc ] Request (FlavorMetadataValidation:setUpClass): 201 POST http://10.180.1.21/identity/v3/auth/tokens 0.199s
2025-11-22 00:02:51.899 67787 INFO tempest.lib.common.rest_client [req-59f3e1f8-4e12-4ee4-9896-3e8518315363 req-59f3e1f8-4e12-4ee4-9896-3e8518315363 ] Request (QuotasSecurityGroupAdminNegativeTest:setUpClass): 201 POST http://10.180.1.21/identity/v3/auth/tokens 0.172s
2025-11-22 00:02:51.912 67777 INFO tempest.lib.common.rest_client [req-db5974bb-1c43-4b36-a2eb-6cd36cb9fcbc req-db5974bb-1c43-4b36-a2eb-6cd36cb9fcbc ] Request (HypervisorAdminNegativeUnderV252Test:setUpClass): 201 POST http://10.180.1.21/identity/v3/projects 0.134s
2025-11-22 00:02:51.913 67775 INFO tempest.lib.common.rest_client [req-8c0ac53b-0ff3-444c-81b4-c9139f6b4c77 req-8c0ac53b-0ff3-444c-81b4-c9139f6b4c77 ] Request (KeyPairsV2TestJSON:_run_cleanups): 202 DELETE http://10.180.1.21/compute/v2.1/os-keypairs/tempest-keypair-1332339618 0.028s
2025-11-22 00:02:51.957 67813 INFO tempest.lib.common.rest_client [req-1882054b-1d4a-47c9-bbbd-37ac2c651db8 req-1882054b-1d4a-47c9-bbbd-37ac2c651db8 ] Request (AZAdminNegativeTestJSON:setUpClass): 201 POST http://10.180.1.21/identity/v3/auth/tokens 0.154s
2025-11-22 00:02:51.961 67775 INFO tempest.lib.common.rest_client [req-bb7c1ccf-71fc-4e93-8e5a-f3c96d7cd253 req-bb7c1ccf-71fc-4e93-8e5a-f3c96d7cd253 ] Request (KeyPairsV2TestJSON:test_keypairs_create_list_delete): 200 POST http://10.180.1.21/compute/v2.1/os-keypairs 0.046s
2025-11-22 00:02:51.992 67785 INFO tempest.lib.common.rest_client [req-6c1f6a4a-ffc3-4baf-9283-9b92c1175126 req-6c1f6a4a-ffc3-4baf-9283-9b92c1175126 ] Request (FlavorsAccessTestJSON:setUpClass): 201 POST http://10.180.1.21/identity/v3/auth/tokens 0.185s
2025-11-22 00:02:52.015 67775 INFO tempest.lib.common.rest_client [req-475c27cb-8826-4d1d-9337-887968754439 req-475c27cb-8826-4d1d-9337-887968754439 ] Request (KeyPairsV2TestJSON:test_keypairs_create_list_delete): 200 POST http://10.180.1.21/compute/v2.1/os-keypairs 0.048s
2025-11-22 00:02:52.018 67831 INFO tempest.lib.common.rest_client [req-35e277b4-3529-4c27-aeaf-6590326179a9 req-35e277b4-3529-4c27-aeaf-6590326179a9 ] Request (ListServersNegativeTestJSON:setUpClass): 200 GET http://10.180.1.21/identity/v3/domains?name=Default 0.181s
2025-11-22 00:02:52.022 67783 INFO tempest.lib.common.rest_client [req-b48ffe5f-4a2d-4935-8284-c1c63489890c req-b48ffe5f-4a2d-4935-8284-c1c63489890c ] Request (ServicesAdminNegativeTestJSON:setUpClass): 201 POST http://10.180.1.21/identity/v3/auth/tokens 0.200s
2025-11-22 00:02:52.039 67797 INFO tempest.lib.common.rest_client [req-506eab9a-7b8b-4348-88b9-ce52e5b98491 req-506eab9a-7b8b-4348-88b9-ce52e5b98491 ] Request (FlavorsExtraSpecsTestJSON:setUpClass): 200 GET http://10.180.1.21/identity/v3/roles 0.187s
2025-11-22 00:02:52.054 67829 INFO tempest.lib.common.rest_client [req-85544ad5-87da-4480-b693-670c4903669e req-85544ad5-87da-4480-b693-670c4903669e ] Request (InstanceUsageAuditLogNegativeTestJSON:setUpClass): 204 PUT http://10.180.1.21/identity/v3/projects/ce895ca3fb174a9b970957d3948ee036/users/13b67e32cc304ef693d66cdfd94d14ee/roles/5bcd4e615f0e4c5782ce86e2918b34c1 0.177s
2025-11-22 00:02:52.056 67799 INFO tempest.lib.common.rest_client [req-c3c8aca5-0ab3-486c-8a55-09e6c867a4b6 req-c3c8aca5-0ab3-486c-8a55-09e6c867a4b6 ] Request (FlavorMetadataValidation:setUpClass): 200 GET http://10.180.1.21/identity/v3/domains?name=Default 0.167s
2025-11-22 00:02:52.069 67775 INFO tempest.lib.common.rest_client [req-57a73b62-9ae8-459b-9d3a-fd7e8f99bc94 req-57a73b62-9ae8-459b-9d3a-fd7e8f99bc94 ] Request (KeyPairsV2TestJSON:test_keypairs_create_list_delete): 200 POST http://10.180.1.21/compute/v2.1/os-keypairs 0.046s
2025-11-22 00:02:52.101 67775 INFO tempest.lib.common.rest_client [req-d9b20583-dcb9-4803-a8c7-62189d1fcf1b req-d9b20583-dcb9-4803-a8c7-62189d1fcf1b ] Request (KeyPairsV2TestJSON:test_keypairs_create_list_delete): 200 GET http://10.180.1.21/compute/v2.1/os-keypairs 0.031s
2025-11-22 00:02:52.117 67803 INFO tempest.lib.common.rest_client [req-ee3d8af7-58c5-428f-849b-6227d4194d30 req-ee3d8af7-58c5-428f-849b-6227d4194d30 ] Request (VolumesAssistedSnapshotsTest:setUpClass): 201 POST http://10.180.1.21/identity/v3/auth/tokens 0.222s
2025-11-22 00:02:52.121 67773 INFO tempest.lib.common.rest_client [req-a24bbca9-4af7-401e-919e-057926f64ed6 req-a24bbca9-4af7-401e-919e-057926f64ed6 ] Request (HypervisorAdminV253TestBase:setUpClass): 201 POST http://10.180.1.21/identity/v3/auth/tokens 0.220s
2025-11-22 00:02:52.124 67777 INFO tempest.lib.common.rest_client [req-6066c763-761f-48a6-bf33-4c4c71bb4b32 req-6066c763-761f-48a6-bf33-4c4c71bb4b32 ] Request (HypervisorAdminNegativeUnderV252Test:setUpClass): 201 POST http://10.180.1.21/identity/v3/users 0.211s
2025-11-22 00:02:52.137 67775 INFO tempest.lib.common.rest_client [req-69af8a6a-ff71-4f50-916c-9252a17a110e req-69af8a6a-ff71-4f50-916c-9252a17a110e ] Request (KeyPairsV2TestJSON:_run_cleanups): 202 DELETE http://10.180.1.21/compute/v2.1/os-keypairs/tempest-KeyPairsV2TestJSON-keypair-2017728305 0.033s
2025-11-22 00:02:52.149 67811 INFO tempest.lib.common.rest_client [req-5c809eb7-8f5b-4f44-a192-db222904551f req-5c809eb7-8f5b-4f44-a192-db222904551f ] Request (HypervisorAdminV228Test:setUpClass): 201 POST http://10.180.1.21/identity/v3/auth/tokens 0.213s
2025-11-22 00:02:52.160 67787 INFO tempest.lib.common.rest_client [req-b695dfdb-9b04-4a65-be73-1a5eaf8d33a4 req-b695dfdb-9b04-4a65-be73-1a5eaf8d33a4 ] Request (QuotasSecurityGroupAdminNegativeTest:setUpClass): 201 POST http://10.180.1.21/identity/v3/auth/tokens 0.222s
2025-11-22 00:02:52.166 67775 INFO tempest.lib.common.rest_client [req-e236a0f8-46e5-44e2-9636-80a680201ee2 req-e236a0f8-46e5-44e2-9636-80a680201ee2 ] Request (KeyPairsV2TestJSON:_run_cleanups): 202 DELETE http://10.180.1.21/compute/v2.1/os-keypairs/tempest-KeyPairsV2TestJSON-keypair-514823505 0.028s
2025-11-22 00:02:52.172 67785 INFO tempest.lib.common.rest_client [req-899608f5-9b56-4507-a682-fd655a350606 req-899608f5-9b56-4507-a682-fd655a350606 ] Request (FlavorsAccessTestJSON:setUpClass): 200 GET http://10.180.1.21/identity/v3/domains?name=Default 0.179s
2025-11-22 00:02:52.177 67813 INFO tempest.lib.common.rest_client [req-3231e795-9d73-4980-8d7a-46584aa59cc8 req-3231e795-9d73-4980-8d7a-46584aa59cc8 ] Request (AZAdminNegativeTestJSON:setUpClass): 201 POST http://10.180.1.21/identity/v3/auth/tokens 0.218s
2025-11-22 00:02:52.189 67775 INFO tempest.lib.common.rest_client [req-24010831-c4bf-4b62-9757-5ae53970744e req-24010831-c4bf-4b62-9757-5ae53970744e ] Request (KeyPairsV2TestJSON:_run_cleanups): 202 DELETE http://10.180.1.21/compute/v2.1/os-keypairs/tempest-KeyPairsV2TestJSON-keypair-73518499 0.020s
2025-11-22 00:02:52.194 67771 INFO tempest.lib.common.rest_client [req-bfdbf06a-aae2-4d82-835e-0348f4ae68d5 req-bfdbf06a-aae2-4d82-835e-0348f4ae68d5 ] Request (DeleteServersAdminTestJSON:setUpClass): 201 POST http://10.180.1.21/identity/v3/auth/tokens 0.195s
2025-11-22 00:02:52.214 67779 INFO tempest.lib.common.rest_client [req-62509ddc-8356-4a48-842a-a44b2289ed4f req-62509ddc-8356-4a48-842a-a44b2289ed4f ] Request (FlavorsExtraSpecsNegativeTestJSON:setUpClass): 201 POST http://10.180.1.21/identity/v3/auth/tokens 0.184s
2025-11-22 00:02:52.234 67831 INFO tempest.lib.common.rest_client [req-b7a5df05-6f7d-467e-a5d5-d876511c9035 req-b7a5df05-6f7d-467e-a5d5-d876511c9035 ] Request (ListServersNegativeTestJSON:setUpClass): 201 POST http://10.180.1.21/identity/v3/projects 0.201s
2025-11-22 00:02:52.269 67815 INFO tempest.test [-] raised in LiveMigrationManagerWorkflowTest.setUpClass. Invoking tearDownClass.
2025-11-22 00:02:52.289 67797 INFO tempest.lib.common.rest_client [req-d304ef33-bfee-4b15-9975-a142552cf0cf req-d304ef33-bfee-4b15-9975-a142552cf0cf ] Request (FlavorsExtraSpecsTestJSON:setUpClass): 204 PUT http://10.180.1.21/identity/v3/projects/cc36a1e1ce5849319030659b0ab4e88b/users/9012663f68a244dfaed5541eb0ec9e35/roles/cee1a620f10240829038d83e85719ae1 0.248s
2025-11-22 00:02:52.289 67797 INFO tempest.lib.common.dynamic_creds [-] Dynamic test user 9012663f68a244dfaed5541eb0ec9e35 is created with scope project and roles: ['member']
2025-11-22 00:02:52.289 67797 INFO tempest.lib.common.dynamic_creds [-] Acquired dynamic creds: credentials: Credentials: {'domain_id': 'default', 'domain_name': 'Default', 'username': 'tempest-FlavorsExtraSpecsTestJSON-487662554-project-member', 'project_domain_id': 'default', 'project_domain_name': 'Default', 'project_id': 'cc36a1e1ce5849319030659b0ab4e88b', 'project_name': 'tempest-FlavorsExtraSpecsTestJSON-487662554', 'tenant_id': 'cc36a1e1ce5849319030659b0ab4e88b', 'tenant_name': 'tempest-FlavorsExtraSpecsTestJSON-487662554', 'user_domain_id': 'default', 'user_domain_name': 'Default', 'user_id': '9012663f68a244dfaed5541eb0ec9e35', 'system': None}, Network: None, Subnet: None, Router: None
2025-11-22 00:02:52.289 67797 INFO tempest.lib.common.dynamic_creds [-] Created isolated network resources for: credentials: Credentials: {'domain_id': 'default', 'domain_name': 'Default', 'username': 'tempest-FlavorsExtraSpecsTestJSON-487662554-project-member', 'project_domain_id': 'default', 'project_domain_name': 'Default', 'project_id': 'cc36a1e1ce5849319030659b0ab4e88b', 'project_name': 'tempest-FlavorsExtraSpecsTestJSON-487662554', 'tenant_id': 'cc36a1e1ce5849319030659b0ab4e88b', 'tenant_name': 'tempest-FlavorsExtraSpecsTestJSON-487662554', 'user_domain_id': 'default', 'user_domain_name': 'Default', 'user_id': '9012663f68a244dfaed5541eb0ec9e35', 'system': None}, Network: None, Subnet: None, Router: None
2025-11-22 00:02:52.293 67783 INFO tempest.lib.common.rest_client [req-aa0636d0-e290-47ef-aaef-dcc5fd9bbe95 req-aa0636d0-e290-47ef-aaef-dcc5fd9bbe95 ] Request (ServicesAdminNegativeTestJSON:test_get_service_by_invalid_params): 200 GET http://10.180.1.21/compute/v2.1/os-services 0.269s
2025-11-22 00:02:52.305 67829 INFO tempest.lib.common.rest_client [req-813a740b-37f9-4e3e-b116-a8a2cebbf95e req-813a740b-37f9-4e3e-b116-a8a2cebbf95e ] Request (InstanceUsageAuditLogNegativeTestJSON:setUpClass): 200 GET http://10.180.1.21/identity/v3/roles 0.250s
2025-11-22 00:02:52.321 67783 INFO tempest.lib.common.rest_client [req-90fc5914-cd23-49b3-bf66-233ee97b9a94 req-90fc5914-cd23-49b3-bf66-233ee97b9a94 ] Request (ServicesAdminNegativeTestJSON:test_get_service_by_invalid_params): 200 GET http://10.180.1.21/compute/v2.1/os-services?xxx=nova-compute 0.026s
2025-11-22 00:02:52.340 67823 INFO tempest.test [-] raised in LiveMigrationNegativeTest.setUpClass. Invoking tearDownClass.
2025-11-22 00:02:52.341 67781 INFO tempest.lib.common.rest_client [req-d64c173f-8762-4c53-87bc-ded5c5c06081 req-d64c173f-8762-4c53-87bc-ded5c5c06081 ] Request (AZAdminV2TestJSON:setUpClass): 201 POST http://10.180.1.21/identity/v3/auth/tokens 0.277s
2025-11-22 00:02:52.352 67783 INFO tempest.lib.common.rest_client [req-981f2c34-8a45-48b8-9459-190592315987 req-981f2c34-8a45-48b8-9459-190592315987 ] Request (ServicesAdminNegativeTestJSON:test_get_service_by_invalid_service_and_valid_host): 200 GET http://10.180.1.21/compute/v2.1/os-services 0.022s
2025-11-22 00:02:52.362 67799 INFO tempest.lib.common.rest_client [req-472fef2b-82b3-4060-9b78-372052cb66a2 req-472fef2b-82b3-4060-9b78-372052cb66a2 ] Request (FlavorMetadataValidation:setUpClass): 201 POST http://10.180.1.21/identity/v3/projects 0.285s
2025-11-22 00:02:52.376 67783 INFO tempest.lib.common.rest_client [req-003b6cc5-d82d-44a1-a8f2-9b079e40da5c req-003b6cc5-d82d-44a1-a8f2-9b079e40da5c ] Request (ServicesAdminNegativeTestJSON:test_get_service_by_invalid_service_and_valid_host): 200 GET http://10.180.1.21/compute/v2.1/os-services?host=devstack&binary=xxx 0.021s
2025-11-22 00:02:52.398 67805 INFO tempest.lib.common.rest_client [req-26e52a3b-df86-4e0f-86ea-f17d21838925 req-26e52a3b-df86-4e0f-86ea-f17d21838925 ] Request (HypervisorAdminUnderV252Test:setUpClass): 201 POST http://10.180.1.21/identity/v3/auth/tokens 0.290s
2025-11-22 00:02:52.401 67783 INFO tempest.lib.common.rest_client [req-fd6930e3-c5f5-4927-9813-835e2cf2dfc0 req-fd6930e3-c5f5-4927-9813-835e2cf2dfc0 ] Request (ServicesAdminNegativeTestJSON:test_get_service_with_valid_service_and_invalid_host): 200 GET http://10.180.1.21/compute/v2.1/os-services 0.022s
2025-11-22 00:02:52.409 67777 INFO tempest.lib.common.rest_client [req-b215abe2-feaf-4b0c-bcc9-9a89871a91ab req-b215abe2-feaf-4b0c-bcc9-9a89871a91ab ] Request (HypervisorAdminNegativeUnderV252Test:setUpClass): 200 GET http://10.180.1.21/identity/v3/roles 0.284s
2025-11-22 00:02:52.422 67807 INFO tempest.lib.common.rest_client [req-c1e5c793-c5f3-4419-adb5-861e20402b21 req-c1e5c793-c5f3-4419-adb5-861e20402b21 ] Request (KeyPairsV210TestJSON:setUpClass): 201 POST http://10.180.1.21/identity/v3/auth/tokens 0.310s
2025-11-22 00:02:52.425 67783 INFO tempest.lib.common.rest_client [req-1c974cc4-c6cb-4821-b8fd-22a7efe7de15 req-1c974cc4-c6cb-4821-b8fd-22a7efe7de15 ] Request (ServicesAdminNegativeTestJSON:test_get_service_with_valid_service_and_invalid_host): 200 GET http://10.180.1.21/compute/v2.1/os-services?host=xxx&binary=nova-scheduler 0.021s
2025-11-22 00:02:52.437 67773 INFO tempest.lib.common.rest_client [req-90168790-22e0-4e57-9f02-9b0f94433124 req-90168790-22e0-4e57-9f02-9b0f94433124 ] Request (HypervisorAdminV253TestBase:setUpClass): 201 POST http://10.180.1.21/identity/v3/auth/tokens 0.303s
2025-11-22 00:02:52.447 67803 INFO tempest.lib.common.rest_client [req-5b0eee9a-ece4-4ab8-b6a8-0be9cc1ace57 req-5b0eee9a-ece4-4ab8-b6a8-0be9cc1ace57 ] Request (VolumesAssistedSnapshotsTest:setUpClass): 201 POST http://10.180.1.21/identity/v3/auth/tokens 0.313s
2025-11-22 00:02:52.459 67801 INFO tempest.lib.common.rest_client [req-3fbfb223-3cd8-4b1c-82a0-8abc1b5a0585 req-3fbfb223-3cd8-4b1c-82a0-8abc1b5a0585 ] Request (FlavorsV261TestJSON:setUpClass): 201 POST http://10.180.1.21/identity/v3/auth/tokens 0.307s
2025-11-22 00:02:52.466 67787 INFO tempest.lib.common.rest_client [req-17f9e169-0fc3-4d6a-a269-e937fe50e64e req-17f9e169-0fc3-4d6a-a269-e937fe50e64e ] Request (QuotasSecurityGroupAdminNegativeTest:setUpClass): 200 GET http://10.180.1.21/identity/v3/domains?name=Default 0.303s
2025-11-22 00:02:52.482 67785 INFO tempest.lib.common.rest_client [req-4c005275-f834-46c8-89a7-5d2c939438b0 req-4c005275-f834-46c8-89a7-5d2c939438b0 ] Request (FlavorsAccessTestJSON:setUpClass): 201 POST http://10.180.1.21/identity/v3/projects 0.308s
2025-11-22 00:02:52.517 67822 INFO tempest.lib.common.rest_client [req-fa0870fe-b70a-4500-952e-9f9b44ef5910 req-fa0870fe-b70a-4500-952e-9f9b44ef5910 ] Request (ListImagesTestJSON:setUpClass): 201 POST http://10.180.1.21/identity/v3/auth/tokens 0.342s
2025-11-22 00:02:52.532 67793 INFO tempest.lib.common.rest_client [req-c34a46f0-5b14-4eec-becd-f5e03bcbbdf6 req-c34a46f0-5b14-4eec-becd-f5e03bcbbdf6 ] Request (ServersWithSpecificFlavorTestJSON:setUpClass): 201 POST http://10.180.1.21/identity/v3/auth/tokens 0.364s
2025-11-22 00:02:52.536 67813 INFO tempest.lib.common.rest_client [req-9c48ba1b-922a-4697-b418-a6100ad8e39e req-9c48ba1b-922a-4697-b418-a6100ad8e39e ] Request (AZAdminNegativeTestJSON:setUpClass): 200 GET http://10.180.1.21/identity/v3/domains?name=Default 0.355s
2025-11-22 00:02:52.556 67811 INFO tempest.lib.common.rest_client [req-78049cd6-c589-4d0a-a760-06aea6aa1f1c req-78049cd6-c589-4d0a-a760-06aea6aa1f1c ] Request (HypervisorAdminV228Test:setUpClass): 201 POST http://10.180.1.21/identity/v3/auth/tokens 0.373s
2025-11-22 00:02:52.576 67771 INFO tempest.lib.common.rest_client [req-fc54901e-58fa-4edc-bca1-7da90fc3d10e req-fc54901e-58fa-4edc-bca1-7da90fc3d10e ] Request (DeleteServersAdminTestJSON:setUpClass): 201 POST http://10.180.1.21/identity/v3/auth/tokens 0.372s
2025-11-22 00:02:52.608 67775 INFO tempest.lib.common.rest_client [req-b3df60ea-e9e4-4859-bbc9-4692f61886cd req-b3df60ea-e9e4-4859-bbc9-4692f61886cd ] Request (KeyPairsV2TestJSON:tearDownClass): 204 DELETE http://10.180.1.21/identity/v3/users/35c8168ee1d24e28af8ba2fde3003fac 0.415s
2025-11-22 00:02:52.609 67775 INFO tempest.lib.common.dynamic_creds [-] Deleting project and security group for project: e7cf75ee79154e9babf6b74097993d9c
2025-11-22 00:02:52.625 67779 INFO tempest.lib.common.rest_client [req-581d5cbe-7f51-4967-929d-c15cab1626ab req-581d5cbe-7f51-4967-929d-c15cab1626ab ] Request (FlavorsExtraSpecsNegativeTestJSON:setUpClass): 201 POST http://10.180.1.21/identity/v3/auth/tokens 0.403s
2025-11-22 00:02:52.658 67789 INFO tempest.lib.common.rest_client [req-4dc62035-9563-4088-941d-88b797f90686 req-4dc62035-9563-4088-941d-88b797f90686 ] Request (NetworksTest:setUpClass): 201 POST http://10.180.1.21/identity/v3/auth/tokens 0.437s
2025-11-22 00:02:52.674 67809 INFO tempest.lib.common.rest_client [req-27be8949-7a86-4638-8835-7d0ecb5291b3 req-27be8949-7a86-4638-8835-7d0ecb5291b3 ] Request (AggregatesAdminNegativeTestJSON:setUpClass): 201 POST http://10.180.1.21/identity/v3/auth/tokens 0.448s
2025-11-22 00:02:52.681 67831 INFO tempest.lib.common.rest_client [req-7d36f67f-8519-4cb2-b67c-26a95b464768 req-7d36f67f-8519-4cb2-b67c-26a95b464768 ] Request (ListServersNegativeTestJSON:setUpClass): 201 POST http://10.180.1.21/identity/v3/users 0.446s
2025-11-22 00:02:52.696 67817 INFO tempest.lib.common.rest_client [req-b1d33574-2e37-42de-b69b-72a3a49258c0 req-b1d33574-2e37-42de-b69b-72a3a49258c0 ] Request (FloatingIPDetailsTestJSON:setUpClass): 201 POST http://10.180.1.21/identity/v3/auth/tokens 0.462s
2025-11-22 00:02:52.704 67791 INFO tempest.lib.common.rest_client [req-ee44c2b9-6231-42a8-bc54-836df7a5b8ac req-ee44c2b9-6231-42a8-bc54-836df7a5b8ac ] Request (FlavorsAdminTestJSON:setUpClass): 201 POST http://10.180.1.21/identity/v3/auth/tokens 0.443s
2025-11-22 00:02:52.718 67828 INFO tempest.lib.common.rest_client [req-ded3912b-9447-4b71-b4ad-79b50498b43c req-ded3912b-9447-4b71-b4ad-79b50498b43c ] Request (FlavorsAccessNegativeTestJSON:setUpClass): 201 POST http://10.180.1.21/identity/v3/auth/tokens 0.449s
2025-11-22 00:02:52.728 67819 INFO tempest.lib.common.rest_client [req-e1345cf2-8861-475f-93c2-9fe7b2043401 req-e1345cf2-8861-475f-93c2-9fe7b2043401 ] Request (ImagesTestJSON:setUpClass): 201 POST http://10.180.1.21/identity/v3/auth/tokens 0.449s
2025-11-22 00:02:52.739 67815 INFO tempest.lib.common.rest_client [req-f75ab2f4-acd2-467b-9ca2-a56856a14f84 req-f75ab2f4-acd2-467b-9ca2-a56856a14f84 ] Request (ServersTestMultiNic:setUpClass): 201 POST http://10.180.1.21/identity/v3/auth/tokens 0.454s
2025-11-22 00:02:52.755 67829 INFO tempest.lib.common.rest_client [req-0f94b9d4-a4c7-45d4-a2a3-d852fc999b54 req-0f94b9d4-a4c7-45d4-a2a3-d852fc999b54 ] Request (InstanceUsageAuditLogNegativeTestJSON:setUpClass): 204 PUT http://10.180.1.21/identity/v3/projects/ce895ca3fb174a9b970957d3948ee036/users/13b67e32cc304ef693d66cdfd94d14ee/roles/5bcd4e615f0e4c5782ce86e2918b34c1 0.450s
2025-11-22 00:02:52.755 67829 INFO tempest.lib.common.dynamic_creds [-] Dynamic test user 13b67e32cc304ef693d66cdfd94d14ee is created with scope project and roles: ['admin']
2025-11-22 00:02:52.756 67829 INFO tempest.lib.common.dynamic_creds [-] Acquired dynamic creds: credentials: Credentials: {'domain_id': 'default', 'domain_name': 'Default', 'username': 'tempest-InstanceUsageAuditLogNegativeTestJSON-2012314996-project-admin', 'project_domain_id': 'default', 'project_domain_name': 'Default', 'project_id': 'ce895ca3fb174a9b970957d3948ee036', 'project_name': 'tempest-InstanceUsageAuditLogNegativeTestJSON-2012314996', 'tenant_id': 'ce895ca3fb174a9b970957d3948ee036', 'tenant_name': 'tempest-InstanceUsageAuditLogNegativeTestJSON-2012314996', 'user_domain_id': 'default', 'user_domain_name': 'Default', 'user_id': '13b67e32cc304ef693d66cdfd94d14ee', 'system': None}, Network: None, Subnet: None, Router: None
2025-11-22 00:02:52.756 67829 INFO tempest.lib.common.dynamic_creds [-] Created isolated network resources for: credentials: Credentials: {'domain_id': 'default', 'domain_name': 'Default', 'username': 'tempest-InstanceUsageAuditLogNegativeTestJSON-2012314996-project-admin', 'project_domain_id': 'default', 'project_domain_name': 'Default', 'project_id': 'ce895ca3fb174a9b970957d3948ee036', 'project_name': 'tempest-InstanceUsageAuditLogNegativeTestJSON-2012314996', 'tenant_id': 'ce895ca3fb174a9b970957d3948ee036', 'tenant_name': 'tempest-InstanceUsageAuditLogNegativeTestJSON-2012314996', 'user_domain_id': 'default', 'user_domain_name': 'Default', 'user_id': '13b67e32cc304ef693d66cdfd94d14ee', 'system': None}, Network: None, Subnet: None, Router: None
2025-11-22 00:02:52.785 67797 INFO tempest.lib.common.rest_client [req-7e7fa416-f55e-4dcd-8349-efd553d1caa0 req-7e7fa416-f55e-4dcd-8349-efd553d1caa0 ] Request (FlavorsExtraSpecsTestJSON:setUpClass): 201 POST http://10.180.1.21/identity/v3/auth/tokens 0.487s
2025-11-22 00:02:52.805 67795 INFO tempest.lib.common.rest_client [req-e0b4227d-cb7f-4b4e-ae39-7d676c5df4bc req-e0b4227d-cb7f-4b4e-ae39-7d676c5df4bc ] Request (QuotasAdminTestV236:setUpClass): 201 POST http://10.180.1.21/identity/v3/auth/tokens 0.482s
2025-11-22 00:02:52.808 67826 INFO tempest.lib.common.rest_client [req-0cbd9711-83f1-4afc-912d-e43ec34876a0 req-0cbd9711-83f1-4afc-912d-e43ec34876a0 ] Request (ServerDiagnosticsNegativeTest:setUpClass): 201 POST http://10.180.1.21/identity/v3/auth/tokens 0.471s
2025-11-22 00:02:52.827 67781 INFO tempest.lib.common.rest_client [req-b8c27bdb-9274-49d5-9868-e826871c63d4 req-b8c27bdb-9274-49d5-9868-e826871c63d4 ] Request (AZAdminV2TestJSON:setUpClass): 201 POST http://10.180.1.21/identity/v3/auth/tokens 0.483s
2025-11-22 00:02:52.831 67823 INFO tempest.lib.common.rest_client [req-60afbbb7-7f73-410a-99c1-1d6ed0655af7 req-60afbbb7-7f73-410a-99c1-1d6ed0655af7 ] Request (VolumesAdminNegativeTest:setUpClass): 201 POST http://10.180.1.21/identity/v3/auth/tokens 0.485s
2025-11-22 00:02:52.850 67799 INFO tempest.lib.common.rest_client [req-dd9e787a-30f8-411e-bbf7-b7af28bea400 req-dd9e787a-30f8-411e-bbf7-b7af28bea400 ] Request (FlavorMetadataValidation:setUpClass): 201 POST http://10.180.1.21/identity/v3/users 0.487s
2025-11-22 00:02:52.853 67833 INFO tempest.lib.common.rest_client [req-79e79462-f5d6-4ca7-9c88-645b7848268f req-79e79462-f5d6-4ca7-9c88-645b7848268f ] Request (FloatingIPsTestJSON:setUpClass): 201 POST http://10.180.1.21/identity/v3/auth/tokens 0.486s
2025-11-22 00:02:52.873 67805 INFO tempest.lib.common.rest_client [req-74052b85-8ac6-4cbb-bdcf-d5bc7fe6ad15 req-74052b85-8ac6-4cbb-bdcf-d5bc7fe6ad15 ] Request (HypervisorAdminUnderV252Test:setUpClass): 201 POST http://10.180.1.21/identity/v3/auth/tokens 0.472s
2025-11-22 00:02:52.878 67777 INFO tempest.lib.common.rest_client [req-a2a223d2-3b84-4950-9ad7-f3feefe75efb req-a2a223d2-3b84-4950-9ad7-f3feefe75efb ] Request (HypervisorAdminNegativeUnderV252Test:setUpClass): 204 PUT http://10.180.1.21/identity/v3/projects/4cd4173071e04ebaafc530b71b1f6809/users/16aee460e1ee4694b5857a5ca2129225/roles/5bcd4e615f0e4c5782ce86e2918b34c1 0.469s
2025-11-22 00:02:52.920 67807 INFO tempest.lib.common.rest_client [req-b2f6d790-6db0-4987-bef5-bd24296e3823 req-b2f6d790-6db0-4987-bef5-bd24296e3823 ] Request (KeyPairsV210TestJSON:setUpClass): 201 POST http://10.180.1.21/identity/v3/auth/tokens 0.495s
2025-11-22 00:02:52.940 67773 INFO tempest.lib.common.rest_client [req-e5f001bd-e890-405c-a3bb-6cc1dae77f5a req-e5f001bd-e890-405c-a3bb-6cc1dae77f5a ] Request (HypervisorAdminV253TestBase:setUpClass): 200 GET http://10.180.1.21/identity/v3/domains?name=Default 0.502s
2025-11-22 00:02:52.961 67783 INFO tempest.lib.common.rest_client [req-31f723e0-4223-4367-bb16-c1ee9ea5ef79 req-31f723e0-4223-4367-bb16-c1ee9ea5ef79 ] Request (ServicesAdminNegativeTestJSON:test_list_services_with_non_admin_user): 403 GET http://10.180.1.21/compute/v2.1/os-services 0.532s
2025-11-22 00:02:52.963 67803 INFO tempest.lib.common.rest_client [req-c1bc519a-1960-4086-83da-94a5c4b269f2 req-c1bc519a-1960-4086-83da-94a5c4b269f2 ] Request (VolumesAssistedSnapshotsTest:setUpClass): 200 GET http://10.180.1.21/identity/v3/domains?name=Default 0.515s
2025-11-22 00:02:52.976 67801 INFO tempest.lib.common.rest_client [req-eea7774e-12ce-4d71-80ae-495cc37030ca req-eea7774e-12ce-4d71-80ae-495cc37030ca ] Request (FlavorsV261TestJSON:setUpClass): 201 POST http://10.180.1.21/identity/v3/auth/tokens 0.515s
2025-11-22 00:02:52.993 67787 INFO tempest.lib.common.rest_client [req-4b956cfa-0728-4ec6-ac76-b8cbcfe18d16 req-4b956cfa-0728-4ec6-ac76-b8cbcfe18d16 ] Request (QuotasSecurityGroupAdminNegativeTest:setUpClass): 201 POST http://10.180.1.21/identity/v3/projects 0.525s
2025-11-22 00:02:53.001 67785 INFO tempest.lib.common.rest_client [req-8e5fbece-a11b-4d5a-a269-ddd42b3d0d6f req-8e5fbece-a11b-4d5a-a269-ddd42b3d0d6f ] Request (FlavorsAccessTestJSON:setUpClass): 201 POST http://10.180.1.21/identity/v3/users 0.518s
2025-11-22 00:02:53.042 67822 INFO tempest.lib.common.rest_client [req-e7dac719-de0b-4bd2-8fd7-cbd4865b8843 req-e7dac719-de0b-4bd2-8fd7-cbd4865b8843 ] Request (ListImagesTestJSON:setUpClass): 201 POST http://10.180.1.21/identity/v3/auth/tokens 0.521s
2025-11-22 00:02:53.052 67793 INFO tempest.lib.common.rest_client [req-818c7b3b-a9c8-4d58-9c4c-5e14e4abaf2b req-818c7b3b-a9c8-4d58-9c4c-5e14e4abaf2b ] Request (ServersWithSpecificFlavorTestJSON:setUpClass): 201 POST http://10.180.1.21/identity/v3/auth/tokens 0.518s
2025-11-22 00:02:53.070 67813 INFO tempest.lib.common.rest_client [req-8ef54efc-89ce-4a98-aff6-8e80c07edc58 req-8ef54efc-89ce-4a98-aff6-8e80c07edc58 ] Request (AZAdminNegativeTestJSON:setUpClass): 201 POST http://10.180.1.21/identity/v3/projects 0.531s
2025-11-22 00:02:53.074 67811 INFO tempest.lib.common.rest_client [req-32ccc84b-dca4-460f-8012-f06044593e4f req-32ccc84b-dca4-460f-8012-f06044593e4f ] Request (HypervisorAdminV228Test:setUpClass): 200 GET http://10.180.1.21/identity/v3/domains?name=Default 0.517s
2025-11-22 00:02:53.122 67771 INFO tempest.lib.common.rest_client [req-2eff9404-c0c8-409b-bf68-9b5d6600497c req-2eff9404-c0c8-409b-bf68-9b5d6600497c ] Request (DeleteServersAdminTestJSON:setUpClass): 200 GET http://10.180.1.21/identity/v3/domains?name=Default 0.544s
2025-11-22 00:02:53.124 67775 INFO tempest.lib.common.rest_client [req-ce79aecd-2c83-408f-895e-4e1c9a488828 req-ce79aecd-2c83-408f-895e-4e1c9a488828 ] Request (KeyPairsV2TestJSON:tearDownClass): 201 POST http://10.180.1.21/identity/v3/auth/tokens 0.516s
2025-11-22 00:02:53.143 67779 INFO tempest.lib.common.rest_client [req-9e5aca17-9ecd-41e8-a05c-c0e83cd7ceeb req-9e5aca17-9ecd-41e8-a05c-c0e83cd7ceeb ] Request (FlavorsExtraSpecsNegativeTestJSON:setUpClass): 200 GET http://10.180.1.21/identity/v3/domains?name=Default 0.517s
2025-11-22 00:02:53.146 67789 INFO tempest.lib.common.rest_client [req-493366da-b6e6-492c-b074-d6580baf1b6d req-493366da-b6e6-492c-b074-d6580baf1b6d ] Request (NetworksTest:setUpClass): 201 POST http://10.180.1.21/identity/v3/auth/tokens 0.485s
2025-11-22 00:02:53.161 67831 INFO tempest.lib.common.rest_client [req-dca66421-d123-4b27-9bfa-81516d5450ac req-dca66421-d123-4b27-9bfa-81516d5450ac ] Request (ListServersNegativeTestJSON:setUpClass): 200 GET http://10.180.1.21/identity/v3/roles 0.480s
2025-11-22 00:02:53.167 67809 INFO tempest.lib.common.rest_client [req-ce997a79-ff47-45e2-b246-0dee12605632 req-ce997a79-ff47-45e2-b246-0dee12605632 ] Request (AggregatesAdminNegativeTestJSON:setUpClass): 201 POST http://10.180.1.21/identity/v3/auth/tokens 0.489s
2025-11-22 00:02:53.183 67817 INFO tempest.lib.common.rest_client [req-cc568e95-616b-46dc-9680-85980833b987 req-cc568e95-616b-46dc-9680-85980833b987 ] Request (FloatingIPDetailsTestJSON:setUpClass): 201 POST http://10.180.1.21/identity/v3/auth/tokens 0.484s
2025-11-22 00:02:53.191 67791 INFO tempest.lib.common.rest_client [req-17bccc3a-b4cd-4715-aeff-7e295dd042fa req-17bccc3a-b4cd-4715-aeff-7e295dd042fa ] Request (FlavorsAdminTestJSON:setUpClass): 201 POST http://10.180.1.21/identity/v3/auth/tokens 0.484s
2025-11-22 00:02:53.204 67828 INFO tempest.lib.common.rest_client [req-5164ffac-9c5a-463a-abb2-e81346d47e53 req-5164ffac-9c5a-463a-abb2-e81346d47e53 ] Request (FlavorsAccessNegativeTestJSON:setUpClass): 201 POST http://10.180.1.21/identity/v3/auth/tokens 0.483s
2025-11-22 00:02:53.216 67819 INFO tempest.lib.common.rest_client [req-0708d8d5-62ab-4f90-90cc-b9a69870afe6 req-0708d8d5-62ab-4f90-90cc-b9a69870afe6 ] Request (ImagesTestJSON:setUpClass): 201 POST http://10.180.1.21/identity/v3/auth/tokens 0.485s
2025-11-22 00:02:53.230 67815 INFO tempest.lib.common.rest_client [req-fa2a2fc9-9f3b-4b29-80ba-c07b91e2d2b8 req-fa2a2fc9-9f3b-4b29-80ba-c07b91e2d2b8 ] Request (ServersTestMultiNic:setUpClass): 201 POST http://10.180.1.21/identity/v3/auth/tokens 0.488s
2025-11-22 00:02:53.255 67797 INFO tempest.lib.common.rest_client [req-cb2c2533-9e8a-4395-aada-746540d3b4d1 req-cb2c2533-9e8a-4395-aada-746540d3b4d1 ] Request (FlavorsExtraSpecsTestJSON:setUpClass): 201 POST http://10.180.1.21/identity/v3/projects 0.469s
2025-11-22 00:02:53.279 67829 INFO tempest.lib.common.rest_client [req-6d40f40f-fdc1-4b33-8824-8d0f86312d2f req-6d40f40f-fdc1-4b33-8824-8d0f86312d2f ] Request (InstanceUsageAuditLogNegativeTestJSON:setUpClass): 201 POST http://10.180.1.21/identity/v3/auth/tokens 0.521s
2025-11-22 00:02:53.302 67795 INFO tempest.lib.common.rest_client [req-294af7bf-2907-4f42-8771-5bbdcb854fb6 req-294af7bf-2907-4f42-8771-5bbdcb854fb6 ] Request (QuotasAdminTestV236:setUpClass): 201 POST http://10.180.1.21/identity/v3/auth/tokens 0.493s
2025-11-22 00:02:53.319 67781 INFO tempest.lib.common.rest_client [req-1442dea6-8abc-4712-99f7-da97c2a9d163 req-1442dea6-8abc-4712-99f7-da97c2a9d163 ] Request (AZAdminV2TestJSON:setUpClass): 200 GET http://10.180.1.21/identity/v3/domains?name=Default 0.492s
2025-11-22 00:02:53.326 67826 INFO tempest.lib.common.rest_client [req-f5347b94-a069-4855-a61a-3579fdf14fa3 req-f5347b94-a069-4855-a61a-3579fdf14fa3 ] Request (ServerDiagnosticsNegativeTest:setUpClass): 201 POST http://10.180.1.21/identity/v3/auth/tokens 0.515s
2025-11-22 00:02:53.339 67823 INFO tempest.lib.common.rest_client [req-48f6334f-d539-4c41-8da0-4f50fed05218 req-48f6334f-d539-4c41-8da0-4f50fed05218 ] Request (VolumesAdminNegativeTest:setUpClass): 201 POST http://10.180.1.21/identity/v3/auth/tokens 0.505s
2025-11-22 00:02:53.341 67799 INFO tempest.lib.common.rest_client [req-2cc8acdc-14b5-4597-9f4e-be8a241985ce req-2cc8acdc-14b5-4597-9f4e-be8a241985ce ] Request (FlavorMetadataValidation:setUpClass): 200 GET http://10.180.1.21/identity/v3/roles 0.491s
2025-11-22 00:02:53.359 67805 INFO tempest.lib.common.rest_client [req-48bf32e2-7289-4336-bd29-764eaecc9971 req-48bf32e2-7289-4336-bd29-764eaecc9971 ] Request (HypervisorAdminUnderV252Test:setUpClass): 200 GET http://10.180.1.21/identity/v3/domains?name=Default 0.485s
2025-11-22 00:02:53.359 67833 INFO tempest.lib.common.rest_client [req-0c249096-43d9-40fe-9058-9524595fc284 req-0c249096-43d9-40fe-9058-9524595fc284 ] Request (FloatingIPsTestJSON:setUpClass): 201 POST http://10.180.1.21/identity/v3/auth/tokens 0.503s
2025-11-22 00:02:53.373 67777 INFO tempest.lib.common.rest_client [req-387e6282-0a07-46a7-9a4d-9660408bb047 req-387e6282-0a07-46a7-9a4d-9660408bb047 ] Request (HypervisorAdminNegativeUnderV252Test:setUpClass): 200 GET http://10.180.1.21/identity/v3/roles 0.494s
2025-11-22 00:02:53.377 67807 INFO tempest.lib.common.rest_client [req-d926d073-32d7-4bd4-b13e-43f6bc0700e3 req-d926d073-32d7-4bd4-b13e-43f6bc0700e3 ] Request (KeyPairsV210TestJSON:setUpClass): 200 GET http://10.180.1.21/identity/v3/domains?name=Default 0.457s
2025-11-22 00:02:53.393 67773 INFO tempest.lib.common.rest_client [req-07df5bc0-14d6-4633-ad3d-adbcca9f9caa req-07df5bc0-14d6-4633-ad3d-adbcca9f9caa ] Request (HypervisorAdminV253TestBase:setUpClass): 201 POST http://10.180.1.21/identity/v3/projects 0.450s
2025-11-22 00:02:53.426 67783 INFO tempest.lib.common.rest_client [req-25c96c30-4e82-4321-b085-a7d7e5de777e req-25c96c30-4e82-4321-b085-a7d7e5de777e ] Request (ServicesAdminNegativeTestJSON:tearDownClass): 204 DELETE http://10.180.1.21/identity/v3/users/c189747d648c405aadf05ad0f64dc77e 0.464s
2025-11-22 00:02:53.466 67803 INFO tempest.lib.common.rest_client [req-ae437bb6-7a84-4b00-b1bc-e71b41b3d312 req-ae437bb6-7a84-4b00-b1bc-e71b41b3d312 ] Request (VolumesAssistedSnapshotsTest:setUpClass): 201 POST http://10.180.1.21/identity/v3/projects 0.499s
2025-11-22 00:02:53.471 67801 INFO tempest.lib.common.rest_client [req-e81cab3d-2f7b-4da1-b7ab-bcea27ddb1c9 req-e81cab3d-2f7b-4da1-b7ab-bcea27ddb1c9 ] Request (FlavorsV261TestJSON:setUpClass): 200 GET http://10.180.1.21/identity/v3/domains?name=Default 0.494s
2025-11-22 00:02:53.515 67785 INFO tempest.lib.common.rest_client [req-0c424812-00fc-4843-a161-e70cbf321d23 req-0c424812-00fc-4843-a161-e70cbf321d23 ] Request (FlavorsAccessTestJSON:setUpClass): 200 GET http://10.180.1.21/identity/v3/roles 0.514s
2025-11-22 00:02:53.515 67787 INFO tempest.lib.common.rest_client [req-f9402679-d058-4101-9008-98ed7fb7dcb6 req-f9402679-d058-4101-9008-98ed7fb7dcb6 ] Request (QuotasSecurityGroupAdminNegativeTest:setUpClass): 201 POST http://10.180.1.21/identity/v3/users 0.521s
2025-11-22 00:02:53.535 67793 INFO tempest.lib.common.rest_client [req-aa31a4b3-0a73-408b-9ac8-b1177c57fa70 req-aa31a4b3-0a73-408b-9ac8-b1177c57fa70 ] Request (ServersWithSpecificFlavorTestJSON:setUpClass): 200 GET http://10.180.1.21/identity/v3/domains?name=Default 0.481s
2025-11-22 00:02:53.537 67822 INFO tempest.lib.common.rest_client [req-eda1a06b-739b-4285-bb22-65f36f2ab8d7 req-eda1a06b-739b-4285-bb22-65f36f2ab8d7 ] Request (ListImagesTestJSON:setUpClass): 200 GET http://10.180.1.21/identity/v3/domains?name=Default 0.494s
2025-11-22 00:02:53.561 67813 INFO tempest.lib.common.rest_client [req-c8138385-dbd4-4e63-b1be-c51c209bfa38 req-c8138385-dbd4-4e63-b1be-c51c209bfa38 ] Request (AZAdminNegativeTestJSON:setUpClass): 201 POST http://10.180.1.21/identity/v3/users 0.490s
2025-11-22 00:02:53.563 67811 INFO tempest.lib.common.rest_client [req-cc9b15e9-8ecf-4a59-8bf1-adfa1be89d80 req-cc9b15e9-8ecf-4a59-8bf1-adfa1be89d80 ] Request (HypervisorAdminV228Test:setUpClass): 201 POST http://10.180.1.21/identity/v3/projects 0.487s
2025-11-22 00:02:53.613 67771 INFO tempest.lib.common.rest_client [req-0da210f9-f823-4143-b8ef-97ce8c85c777 req-0da210f9-f823-4143-b8ef-97ce8c85c777 ] Request (DeleteServersAdminTestJSON:setUpClass): 201 POST http://10.180.1.21/identity/v3/projects 0.489s
2025-11-22 00:02:53.629 67779 INFO tempest.lib.common.rest_client [req-4b481393-4abf-4b47-96c9-ddd8c9f4daf1 req-4b481393-4abf-4b47-96c9-ddd8c9f4daf1 ] Request (FlavorsExtraSpecsNegativeTestJSON:setUpClass): 201 POST http://10.180.1.21/identity/v3/projects 0.484s
