2025-11-22 00:04:07.990 67793 INFO tempest.lib.common.rest_client [req-26ce9be1-e849-44c3-b142-ea33989a4b35 req-26ce9be1-e849-44c3-b142-ea33989a4b35 ] Request (ServersWithSpecificFlavorTestJSON:test_verify_created_server_ephemeral_disk): 200 GET http://10.180.1.21/compute/v2.1/servers/7c8cb284-954c-4ec8-8fde-1741416b4b1a 3.546s
2025-11-22 00:04:08.000 67785 INFO tempest.lib.common.rest_client [req-6a8d25a8-0364-486d-b1b8-38dfb138fe50 req-6a8d25a8-0364-486d-b1b8-38dfb138fe50 ] Request (QuotasAdminTestJSON:test_delete_quota): 200 GET http://10.180.1.21/identity/v3/domains?name=Default 0.115s
2025-11-22 00:04:08.072 67795 INFO tempest.lib.common.rest_client [req-625db7e5-e458-4ede-a0a0-e46a3c0a7bd9 req-625db7e5-e458-4ede-a0a0-e46a3c0a7bd9 ] Request (QuotasAdminTestV257:tearDownClass): 204 DELETE http://10.180.1.21/identity/v3/users/b25d910c4dc54bfe8fbd7d34d1b5f8e7 0.250s
2025-11-22 00:04:08.081 67817 INFO tempest.lib.common.rest_client [req-a64e8be0-1490-4404-863d-f93a1e2704ef req-a64e8be0-1490-4404-863d-f93a1e2704ef ] Request (FloatingIPDetailsTestJSON:tearDownClass): 204 DELETE http://10.180.1.21/identity/v3/projects/f45fc37f395e4042aa1d584f754a2790 0.160s
2025-11-22 00:04:08.089 67823 INFO tempest.lib.common.rest_client [req-18440880-be6e-4dc0-93cb-61047354cd6d req-18440880-be6e-4dc0-93cb-61047354cd6d ] Request (VolumesAdminNegativeTest:tearDownClass): 204 DELETE http://10.180.1.21/compute/v2.1/servers/ebffd8c7-01e1-4975-8ff7-8450ade6c619 3.260s
2025-11-22 00:04:08.139 67813 INFO tempest.lib.common.rest_client [req-40022b90-3fbe-4b73-9c6e-4068803c628f req-40022b90-3fbe-4b73-9c6e-4068803c628f ] Request (ServerMetadataNegativeTestJSON:setUpClass): 200 GET http://10.180.1.21/compute/v2.1/servers/1f0382d3-dc1c-4d6d-ba0e-b2e6dec5d6df 2.998s
2025-11-22 00:04:08.147 67813 INFO tempest.common.waiters [-] State transition "BUILD/scheduling" ==> "BUILD/None" after 4 second wait
2025-11-22 00:04:08.155 67801 INFO tempest.lib.common.rest_client [req-02354a16-9ff0-49f1-9cf8-2246876558a1 req-02354a16-9ff0-49f1-9cf8-2246876558a1 ] Request (HostsAdminNegativeTestJSON:test_show_host_detail_with_nonexistent_hostname): 404 GET http://10.180.1.21/compute/v2.1/os-hosts/nonexistent_hostname 2.951s
2025-11-22 00:04:08.173 67797 INFO tempest.lib.common.rest_client [req-1093e420-a3ce-41e5-b778-b8e0e656b312 req-1093e420-a3ce-41e5-b778-b8e0e656b312 ] Request (ImagesDeleteNegativeTestJSON:test_delete_image_with_id_over_character_limit): 404 DELETE http://10.180.1.21/compute/v2.1/images/a2e16612-aae5-4e05-8b2b-a185977928db1 2.939s
2025-11-22 00:04:08.215 67785 INFO tempest.lib.common.rest_client [req-e534a189-c509-4a39-af88-d4bce2de2f31 req-e534a189-c509-4a39-af88-d4bce2de2f31 ] Request (QuotasAdminTestJSON:test_delete_quota): 201 POST http://10.180.1.21/identity/v3/projects 0.214s
2025-11-22 00:04:08.277 67831 INFO tempest.lib.common.rest_client [req-0bfc6f49-8e91-4a25-8394-7ae457352753 req-0bfc6f49-8e91-4a25-8394-7ae457352753 ] Request (ListServersNegativeTestJSON:setUpClass): 200 GET http://10.180.1.21/compute/v2.1/servers/76b8c059-a820-4c7d-8c99-714266b0675d 2.999s
2025-11-22 00:04:08.284 67831 INFO tempest.common.waiters [-] State transition "ACTIVE/deleting" ==> "DELETED/None" after 4 second wait
2025-11-22 00:04:08.327 67819 INFO tempest.lib.common.rest_client [req-32d16740-f808-48d0-9054-bf039f304be3 req-32d16740-f808-48d0-9054-bf039f304be3 ] Request (ImagesTestJSON:test_create_image_from_stopped_server): 200 GET http://10.180.1.21/compute/v2.1/images/bd515afe-618a-4911-a319-7d457382092f 2.960s
2025-11-22 00:04:08.384 67795 INFO tempest.lib.common.rest_client [req-10f394e7-52f9-4b56-9e06-a42902ecb9a1 req-10f394e7-52f9-4b56-9e06-a42902ecb9a1 ] Request (QuotasAdminTestV257:tearDownClass): 204 DELETE http://10.180.1.21/identity/v3/users/6b9ac349679642ea847111f2fd3b1a3a 0.312s
2025-11-22 00:04:08.385 67795 INFO tempest.lib.common.dynamic_creds [-] Deleting project and security group for project: d2e47940d69b461cad71e9ad310e4fbf
2025-11-22 00:04:08.444 67817 INFO tempest.lib.common.rest_client [req-da2f9904-0f66-441d-b456-dd47e91c8bfd req-da2f9904-0f66-441d-b456-dd47e91c8bfd ] Request (ImagesOneServerTestJSON:setUpClass): 201 POST http://10.180.1.21/identity/v3/auth/tokens 0.361s
2025-11-22 00:04:08.465 67785 INFO tempest.lib.common.rest_client [req-b9e77957-3a2b-429c-a08d-5581a7a43b2b req-b9e77957-3a2b-429c-a08d-5581a7a43b2b ] Request (QuotasAdminTestJSON:test_delete_quota): 200 GET http://10.180.1.21/identity/v3/domains?name=Default 0.249s
2025-11-22 00:04:08.482 67779 INFO tempest.lib.common.rest_client [req-e899b791-a112-4cd0-a1b7-40507cb3e421 req-e899b791-a112-4cd0-a1b7-40507cb3e421 ] Request (ServerExternalEventsTest:test_create_server_external_events): 202 POST http://10.180.1.21/compute/v2.1/servers 3.937s
2025-11-22 00:04:08.501 67815 INFO tempest.lib.common.rest_client [req-76ee40f3-d56a-43f4-b473-7b86381396bf req-76ee40f3-d56a-43f4-b473-7b86381396bf ] Request (ServersTestMultiNic:_run_cleanups): 204 DELETE http://10.180.1.21/compute/v2.1/servers/75f39b73-fd79-4501-b8c1-f78913f66470 2.735s
2025-11-22 00:04:08.512 67795 INFO tempest.lib.common.rest_client [req-a73d3dff-1689-458b-982d-df17db3a0aa6 req-a73d3dff-1689-458b-982d-df17db3a0aa6 ] Request (QuotasAdminTestV257:tearDownClass): 201 POST http://10.180.1.21/identity/v3/auth/tokens 0.127s
2025-11-22 00:04:08.556 67817 INFO tempest.lib.common.rest_client [req-88ed1478-9273-4adc-be7c-5253477d151e req-88ed1478-9273-4adc-be7c-5253477d151e ] Request (ImagesOneServerTestJSON:setUpClass): 201 POST http://10.180.1.21/identity/v3/auth/tokens 0.108s
2025-11-22 00:04:08.586 67817 INFO tempest.lib.common.rest_client [req-98055c17-678b-469a-a196-8fe81f468a55 req-98055c17-678b-469a-a196-8fe81f468a55 ] Request (ImagesOneServerTestJSON:setUpClass): 200 GET http://10.180.1.21/identity/v3/domains?name=Default 0.029s
2025-11-22 00:04:08.641 67817 INFO tempest.lib.common.rest_client [req-b734c2c6-3ec4-4a3d-b139-a14210ffaf03 req-b734c2c6-3ec4-4a3d-b139-a14210ffaf03 ] Request (ImagesOneServerTestJSON:setUpClass): 201 POST http://10.180.1.21/identity/v3/projects 0.054s
2025-11-22 00:04:08.650 67783 INFO tempest.lib.common.rest_client [req-8f87a57d-a315-44ca-ab73-4c8284cf6502 req-8f87a57d-a315-44ca-ab73-4c8284cf6502 ] Request (ImagesNegativeTestJSON:test_create_image_from_deleted_server): 200 GET http://10.180.1.21/compute/v2.1/servers/b140775e-4b1b-4830-90b1-69d48a52f6c0 2.492s
2025-11-22 00:04:08.657 67783 INFO tempest.common.waiters [-] State transition "ACTIVE/deleting" ==> "DELETED/None" after 3 second wait
2025-11-22 00:04:08.677 67803 INFO tempest.lib.common.rest_client [req-5065d83b-5ca0-4e94-9b2e-1089127f708e req-5065d83b-5ca0-4e94-9b2e-1089127f708e ] Request (VolumesAssistedSnapshotsTest:test_volume_assisted_snapshot_create_delete): 200 GET http://10.180.1.21/compute/v2.1/servers/d64e2e97-c9f5-43fe-a990-62ff9982635e 2.611s
2025-11-22 00:04:08.686 67803 INFO tempest.common.waiters [-] State transition "BUILD/spawning" ==> "ACTIVE/None" after 31 second wait
2025-11-22 00:04:08.720 67817 INFO tempest.lib.common.rest_client [req-f48c4cc9-5644-43f7-9ece-a3272e516473 req-f48c4cc9-5644-43f7-9ece-a3272e516473 ] Request (ImagesOneServerTestJSON:setUpClass): 201 POST http://10.180.1.21/identity/v3/users 0.078s
2025-11-22 00:04:08.749 67795 INFO tempest.lib.common.rest_client [req-798ee7e5-0291-45b9-8c11-c97fc4c0af88 req-798ee7e5-0291-45b9-8c11-c97fc4c0af88 ] Request (QuotasAdminTestV257:tearDownClass): 200 GET http://10.180.1.21/networking/v2.0/security-groups?tenant_id=d2e47940d69b461cad71e9ad310e4fbf&name=default 0.236s
2025-11-22 00:04:08.756 67817 INFO tempest.lib.common.rest_client [req-f24483f5-0779-46fe-9906-04da5789b8ca req-f24483f5-0779-46fe-9906-04da5789b8ca ] Request (ImagesOneServerTestJSON:setUpClass): 200 GET http://10.180.1.21/identity/v3/roles 0.036s
2025-11-22 00:04:08.768 67799 INFO tempest.lib.common.rest_client [req-3b12cca4-4853-45e3-a8e0-6c7bc79bade8 req-3b12cca4-4853-45e3-a8e0-6c7bc79bade8 ] Request (TenantUsagesTestJSON:setUpClass): 200 GET http://10.180.1.21/compute/v2.1/servers/0aa12f0d-754e-42ec-8363-c459446d620b 2.558s
2025-11-22 00:04:08.791 67817 INFO tempest.lib.common.rest_client [req-007b1c51-096e-43ea-945a-fdf48accc037 req-007b1c51-096e-43ea-945a-fdf48accc037 ] Request (ImagesOneServerTestJSON:setUpClass): 204 PUT http://10.180.1.21/identity/v3/projects/8ce3f9e8e3b04c55bb8a930e72831ebc/users/8088ae4c10c44301938da9953bc5d130/roles/cee1a620f10240829038d83e85719ae1 0.034s
2025-11-22 00:04:08.791 67817 INFO tempest.lib.common.dynamic_creds [-] Dynamic test user 8088ae4c10c44301938da9953bc5d130 is created with scope project and roles: ['member']
2025-11-22 00:04:08.791 67817 INFO tempest.lib.common.dynamic_creds [-] Acquired dynamic creds: credentials: Credentials: {'domain_id': 'default', 'domain_name': 'Default', 'username': 'tempest-ImagesOneServerTestJSON-2015668952-project-member', 'project_domain_id': 'default', 'project_domain_name': 'Default', 'project_id': '8ce3f9e8e3b04c55bb8a930e72831ebc', 'project_name': 'tempest-ImagesOneServerTestJSON-2015668952', 'tenant_id': '8ce3f9e8e3b04c55bb8a930e72831ebc', 'tenant_name': 'tempest-ImagesOneServerTestJSON-2015668952', 'user_domain_id': 'default', 'user_domain_name': 'Default', 'user_id': '8088ae4c10c44301938da9953bc5d130', 'system': None}, Network: None, Subnet: None, Router: None
2025-11-22 00:04:08.858 67826 INFO tempest.lib.common.rest_client [req-02ab1f51-d2a8-41f2-b12d-c2d5bf5551e0 req-02ab1f51-d2a8-41f2-b12d-c2d5bf5551e0 ] Request (ServerDiagnosticsNegativeTest:tearDownClass): 200 GET http://10.180.1.21/compute/v2.1/servers/8c4dd22b-0cec-4ea7-bba7-5240291b8839 2.539s
2025-11-22 00:04:08.884 67833 INFO tempest.lib.common.rest_client [req-533e6ce4-77b0-46c6-88f0-735712e30409 req-533e6ce4-77b0-46c6-88f0-735712e30409 ] Request (ImagesMetadataTestJSON:test_delete_image_metadata_item): 204 DELETE http://10.180.1.21/compute/v2.1/images/c55ae3c0-d786-41ed-b76a-7c928a7b3cf0/metadata/os_version 2.596s
2025-11-22 00:04:08.888 67817 INFO tempest.lib.common.rest_client [req-473b7477-61f1-458a-ba60-cb07329a76a4 req-473b7477-61f1-458a-ba60-cb07329a76a4 ] Request (ImagesOneServerTestJSON:setUpClass): 201 POST http://10.180.1.21/identity/v3/auth/tokens 0.096s
2025-11-22 00:04:08.898 67795 INFO tempest.lib.common.rest_client [req-efda542f-31f8-4f61-905d-f3854144623b req-efda542f-31f8-4f61-905d-f3854144623b ] Request (QuotasAdminTestV257:tearDownClass): 204 DELETE http://10.180.1.21/networking/v2.0/security-groups/fbb62a6c-caf2-49bc-af18-34e02feda204 0.148s
2025-11-22 00:04:08.988 67795 INFO tempest.lib.common.rest_client [req-3f0d2bd0-79bd-4825-8a14-1f73baf42eed req-3f0d2bd0-79bd-4825-8a14-1f73baf42eed ] Request (QuotasAdminTestV257:tearDownClass): 204 DELETE http://10.180.1.21/identity/v3/projects/d2e47940d69b461cad71e9ad310e4fbf 0.090s
2025-11-22 00:04:08.988 67795 INFO tempest.lib.common.dynamic_creds [-] Deleting project and security group for project: 1156d444b6254d10af227966cdbadb68
2025-11-22 00:04:09.344 67817 INFO tempest.lib.common.rest_client [req-1335e8b5-3507-4062-82a8-0406f39a4ddf req-1335e8b5-3507-4062-82a8-0406f39a4ddf ] Request (ImagesOneServerTestJSON:setUpClass): 201 POST http://10.180.1.21/networking/v2.0/networks 0.455s
2025-11-22 00:04:09.369 67795 INFO tempest.lib.common.rest_client [req-dc4025d2-41e2-4cd5-bf77-68e036187903 req-dc4025d2-41e2-4cd5-bf77-68e036187903 ] Request (QuotasAdminTestV257:tearDownClass): 200 GET http://10.180.1.21/networking/v2.0/security-groups?tenant_id=1156d444b6254d10af227966cdbadb68&name=default 0.381s
2025-11-22 00:04:09.376 67775 INFO tempest.lib.common.rest_client [req-6127304d-939e-4a07-adc7-687de0b73fe0 req-6127304d-939e-4a07-adc7-687de0b73fe0 ] Request (AttachInterfacesUnderV243Test:test_add_remove_fixed_ip): 200 GET http://10.180.1.21/compute/v2.1/servers/46b648d9-cd79-4d13-8d9a-683afa5236bb 2.532s
2025-11-22 00:04:09.382 67809 INFO tempest.lib.common.rest_client [req-edc22180-68da-4ac7-aa53-e0238d0dee22 req-edc22180-68da-4ac7-aa53-e0238d0dee22 ] Request (AggregatesAdminNegativeTestJSON:test_aggregate_create_aggregate_name_length_less_than_1): 400 POST http://10.180.1.21/compute/v2.1/os-aggregates 1.788s
2025-11-22 00:04:09.385 67775 INFO tempest.lib.common.ssh [-] Creating ssh connection to '10.180.180.208:22' as 'cirros' with public key authentication
2025-11-22 00:04:09.400 67791 INFO tempest.lib.common.rest_client [req-47c2e398-b4b2-4b52-bb69-fab1f0eca22e req-47c2e398-b4b2-4b52-bb69-fab1f0eca22e ] Request (FlavorsAdminTestJSON:test_create_flavor_with_uuid_id): 200 POST http://10.180.1.21/compute/v2.1/flavors 1.788s
2025-11-22 00:04:09.409 67822 INFO tempest.lib.common.rest_client [req-75fcc9e4-0c7d-4c11-80c9-65c172931bfd req-75fcc9e4-0c7d-4c11-80c9-65c172931bfd ] Request (DeleteServersTestJSON:test_delete_active_server): 200 GET http://10.180.1.21/compute/v2.1/servers/d4b7e87a-547e-424b-8092-500f913929f3 2.371s
2025-11-22 00:04:09.423 67822 INFO tempest.common.waiters [-] State transition "BUILD/spawning" ==> "ACTIVE/None" after 32 second wait
2025-11-22 00:04:09.514 67795 INFO tempest.lib.common.rest_client [req-f67ad834-c07e-447d-a51f-8fa22ca7f7e4 req-f67ad834-c07e-447d-a51f-8fa22ca7f7e4 ] Request (QuotasAdminTestV257:tearDownClass): 204 DELETE http://10.180.1.21/networking/v2.0/security-groups/c91b8e2b-737e-4c64-ac2c-98809c40d5e5 0.145s
2025-11-22 00:04:09.638 67817 INFO tempest.lib.common.rest_client [req-6003c56c-0483-4403-b2a0-d069b5de4679 req-6003c56c-0483-4403-b2a0-d069b5de4679 ] Request (ImagesOneServerTestJSON:setUpClass): 201 POST http://10.180.1.21/networking/v2.0/subnets 0.294s
2025-11-22 00:04:09.643 67781 INFO tempest.lib.common.rest_client [req-90f2d863-5282-4b36-b13b-79c1d8365140 req-90f2d863-5282-4b36-b13b-79c1d8365140 ] Request (QuotasAdminNegativeTest:_run_cleanups): 200 PUT http://10.180.1.21/compute/v2.1/os-quota-sets/e4eb9d327d5e4981b4aa493ba1bd8aa7 1.770s
2025-11-22 00:04:09.650 67795 INFO tempest.lib.common.rest_client [req-72118842-4189-4d07-85e9-0839045575dd req-72118842-4189-4d07-85e9-0839045575dd ] Request (QuotasAdminTestV257:tearDownClass): 204 DELETE http://10.180.1.21/identity/v3/projects/1156d444b6254d10af227966cdbadb68 0.136s
2025-11-22 00:04:09.673 67828 INFO tempest.lib.common.rest_client [req-03c568b5-c823-4e08-a3eb-3a96002b4be2 req-03c568b5-c823-4e08-a3eb-3a96002b4be2 ] Request (FlavorsAccessNegativeTestJSON:_run_cleanups): 200 GET http://10.180.1.21/compute/v2.1/flavors/detail 1.760s
2025-11-22 00:04:09.758 67795 INFO tempest.lib.common.rest_client [req-b4927c41-8e7e-403a-8d56-de19e176c3e9 req-b4927c41-8e7e-403a-8d56-de19e176c3e9 ] Request (KeyPairsNegativeTestJSON:setUpClass): 201 POST http://10.180.1.21/identity/v3/auth/tokens 0.106s
2025-11-22 00:04:09.795 67795 INFO tempest.lib.common.rest_client [req-d7e82d49-083e-4ee2-8bb1-75f4324f920d req-d7e82d49-083e-4ee2-8bb1-75f4324f920d ] Request (KeyPairsNegativeTestJSON:setUpClass): 201 POST http://10.180.1.21/identity/v3/auth/tokens 0.034s
2025-11-22 00:04:09.834 67795 INFO tempest.lib.common.rest_client [req-a32f47c7-db04-4892-b279-b9d1e589e4b4 req-a32f47c7-db04-4892-b279-b9d1e589e4b4 ] Request (KeyPairsNegativeTestJSON:setUpClass): 200 GET http://10.180.1.21/identity/v3/domains?name=Default 0.038s
2025-11-22 00:04:09.866 67795 INFO tempest.lib.common.rest_client [req-85d1c4ce-e99f-4702-af3c-25fd840d430d req-85d1c4ce-e99f-4702-af3c-25fd840d430d ] Request (KeyPairsNegativeTestJSON:setUpClass): 201 POST http://10.180.1.21/identity/v3/projects 0.031s
2025-11-22 00:04:09.972 67795 INFO tempest.lib.common.rest_client [req-41355811-4872-4e3f-a0f8-dc763fa42b34 req-41355811-4872-4e3f-a0f8-dc763fa42b34 ] Request (KeyPairsNegativeTestJSON:setUpClass): 201 POST http://10.180.1.21/identity/v3/users 0.105s
2025-11-22 00:04:09.994 67795 INFO tempest.lib.common.rest_client [req-6ef6b7f7-f7b3-4d4f-a1e9-dbd340d078cb req-6ef6b7f7-f7b3-4d4f-a1e9-dbd340d078cb ] Request (KeyPairsNegativeTestJSON:setUpClass): 200 GET http://10.180.1.21/identity/v3/roles 0.022s
2025-11-22 00:04:10.027 67795 INFO tempest.lib.common.rest_client [req-fd3ccaa3-3d11-4f98-b90f-4fb5ec46a9db req-fd3ccaa3-3d11-4f98-b90f-4fb5ec46a9db ] Request (KeyPairsNegativeTestJSON:setUpClass): 204 PUT http://10.180.1.21/identity/v3/projects/c0c0054433bd48d3b1b0b46fbbd8447b/users/ca3cf88c84144295993bca3c93b28352/roles/cee1a620f10240829038d83e85719ae1 0.032s
2025-11-22 00:04:10.027 67795 INFO tempest.lib.common.dynamic_creds [-] Dynamic test user ca3cf88c84144295993bca3c93b28352 is created with scope project and roles: ['member']
2025-11-22 00:04:10.028 67795 INFO tempest.lib.common.dynamic_creds [-] Acquired dynamic creds: credentials: Credentials: {'domain_id': 'default', 'domain_name': 'Default', 'username': 'tempest-KeyPairsNegativeTestJSON-2071129096-project-member', 'project_domain_id': 'default', 'project_domain_name': 'Default', 'project_id': 'c0c0054433bd48d3b1b0b46fbbd8447b', 'project_name': 'tempest-KeyPairsNegativeTestJSON-2071129096', 'tenant_id': 'c0c0054433bd48d3b1b0b46fbbd8447b', 'tenant_name': 'tempest-KeyPairsNegativeTestJSON-2071129096', 'user_domain_id': 'default', 'user_domain_name': 'Default', 'user_id': 'ca3cf88c84144295993bca3c93b28352', 'system': None}, Network: None, Subnet: None, Router: None
2025-11-22 00:04:10.028 67795 INFO tempest.lib.common.dynamic_creds [-] Created isolated network resources for: credentials: Credentials: {'domain_id': 'default', 'domain_name': 'Default', 'username': 'tempest-KeyPairsNegativeTestJSON-2071129096-project-member', 'project_domain_id': 'default', 'project_domain_name': 'Default', 'project_id': 'c0c0054433bd48d3b1b0b46fbbd8447b', 'project_name': 'tempest-KeyPairsNegativeTestJSON-2071129096', 'tenant_id': 'c0c0054433bd48d3b1b0b46fbbd8447b', 'tenant_name': 'tempest-KeyPairsNegativeTestJSON-2071129096', 'user_domain_id': 'default', 'user_domain_name': 'Default', 'user_id': 'ca3cf88c84144295993bca3c93b28352', 'system': None}, Network: None, Subnet: None, Router: None
2025-11-22 00:04:10.123 67795 INFO tempest.lib.common.rest_client [req-3bde6834-9d86-4b4d-be6e-71779811cf19 req-3bde6834-9d86-4b4d-be6e-71779811cf19 ] Request (KeyPairsNegativeTestJSON:setUpClass): 201 POST http://10.180.1.21/identity/v3/auth/tokens 0.093s
2025-11-22 00:04:10.581 67817 INFO tempest.lib.common.rest_client [req-f5f4c483-c945-489a-8198-f209f767d105 req-f5f4c483-c945-489a-8198-f209f767d105 ] Request (ImagesOneServerTestJSON:setUpClass): 201 POST http://10.180.1.21/networking/v2.0/routers 0.942s
2025-11-22 00:04:10.695 67771 INFO tempest.lib.common.rest_client [req-be8b8ccc-4590-4eb3-a3e1-c0e34ac73fd1 req-be8b8ccc-4590-4eb3-a3e1-c0e34ac73fd1 ] Request (DeleteServersAdminTestJSON:test_delete_server_while_in_error_state): 202 POST http://10.180.1.21/compute/v2.1/servers 2.946s
2025-11-22 00:04:10.702 67801 INFO tempest.lib.common.rest_client [req-816d4b0b-3b3c-4207-b4bc-2b41221f8b71 req-816d4b0b-3b3c-4207-b4bc-2b41221f8b71 ] Request (HostsAdminNegativeTestJSON:test_shutdown_host_with_non_admin_user): 403 GET http://10.180.1.21/compute/v2.1/os-hosts/devstack/shutdown 2.542s
2025-11-22 00:04:10.726 67797 INFO tempest.lib.common.rest_client [req-974a0c59-35fd-441a-a544-25f432664832 req-974a0c59-35fd-441a-a544-25f432664832 ] Request (ImagesDeleteNegativeTestJSON:test_delete_image_with_invalid_image_id): 404 DELETE http://10.180.1.21/compute/v2.1/images/tempest-invalid-1392280842 2.551s
2025-11-22 00:04:10.745 67823 INFO tempest.lib.common.rest_client [req-806ea05c-38bc-4317-b597-7ccc1ecd1710 req-806ea05c-38bc-4317-b597-7ccc1ecd1710 ] Request (VolumesAdminNegativeTest:tearDownClass): 200 GET http://10.180.1.21/compute/v2.1/servers/ebffd8c7-01e1-4975-8ff7-8450ade6c619 2.654s
2025-11-22 00:04:11.007 67785 INFO tempest.lib.common.rest_client [req-29f8051b-582d-41a9-aad4-b0b714c0783d req-29f8051b-582d-41a9-aad4-b0b714c0783d ] Request (QuotasAdminTestJSON:test_delete_quota): 200 GET http://10.180.1.21/compute/v2.1/os-quota-sets/5aee085055a0473b96dde8817c355b26 2.541s
2025-11-22 00:04:11.719 67817 INFO tempest.lib.common.rest_client [req-1647dbdf-db90-484a-bc2c-abf31440b813 req-1647dbdf-db90-484a-bc2c-abf31440b813 ] Request (ImagesOneServerTestJSON:setUpClass): 200 PUT http://10.180.1.21/networking/v2.0/routers/f2192432-40c5-4f48-9ab4-fccca160455a/add_router_interface 1.138s
2025-11-22 00:04:11.720 67817 INFO tempest.lib.common.dynamic_creds [-] Created isolated network resources for: credentials: Credentials: {'domain_id': 'default', 'domain_name': 'Default', 'username': 'tempest-ImagesOneServerTestJSON-2015668952-project-member', 'project_domain_id': 'default', 'project_domain_name': 'Default', 'project_id': '8ce3f9e8e3b04c55bb8a930e72831ebc', 'project_name': 'tempest-ImagesOneServerTestJSON-2015668952', 'tenant_id': '8ce3f9e8e3b04c55bb8a930e72831ebc', 'tenant_name': 'tempest-ImagesOneServerTestJSON-2015668952', 'user_domain_id': 'default', 'user_domain_name': 'Default', 'user_id': '8088ae4c10c44301938da9953bc5d130', 'system': None}, Network: {'id': '7c0aef42-88b8-4c1d-8b38-5b45e430dcec', 'name': 'tempest-ImagesOneServerTestJSON-753985717-network', 'tenant_id': '8ce3f9e8e3b04c55bb8a930e72831ebc', 'project_id': '8ce3f9e8e3b04c55bb8a930e72831ebc', 'admin_state_up': True, 'mtu': 8950, 'status': 'ACTIVE', 'subnets': [], 'shared': False, 'port_security_enabled': True, 'router:external': False, 'provider:network_type': 'vlan', 'provider:physical_network': 'default', 'provider:segmentation_id': 128, 'availability_zone_hints': [], 'availability_zones': [], 'ipv4_address_scope': None, 'ipv6_address_scope': None, 'description': '', 'tags': [], 'created_at': '2025-11-22T00:04:09Z', 'updated_at': '2025-11-22T00:04:09Z', 'revision_number': 1}, Subnet: {'id': '02aa71be-fe65-472f-b5ba-642a9c072017', 'name': 'tempest-ImagesOneServerTestJSON-753985717-subnet', 'tenant_id': '8ce3f9e8e3b04c55bb8a930e72831ebc', 'network_id': '7c0aef42-88b8-4c1d-8b38-5b45e430dcec', 'ip_version': 4, 'subnetpool_id': None, 'enable_dhcp': True, 'ipv6_ra_mode': None, 'ipv6_address_mode': None, 'gateway_ip': '192.168.128.1', 'cidr': '192.168.128.0/28', 'allocation_pools': [{'start': '192.168.128.2', 'end': '192.168.128.14'}], 'host_routes': [], 'dns_nameservers': [], 'description': '', 'router:external': False, 'service_types': [], 'tags': [], 'created_at': '2025-11-22T00:04:09Z', 'updated_at': '2025-11-22T00:04:09Z', 'revision_number': 0, 'project_id': '8ce3f9e8e3b04c55bb8a930e72831ebc'}, Router: {'id': 'f2192432-40c5-4f48-9ab4-fccca160455a', 'name': 'tempest-ImagesOneServerTestJSON-753985717-router', 'tenant_id': '8ce3f9e8e3b04c55bb8a930e72831ebc', 'admin_state_up': True, 'status': 'ACTIVE', 'external_gateway_info': {'network_id': '785a1c40-3b6a-4071-a3cd-056d284d2270', 'external_fixed_ips': [{'subnet_id': '728cd319-bcae-475a-929f-b8ebcea94659', 'ip_address': '10.180.180.221'}], 'enable_snat': True}, 'description': '', 'availability_zones': [], 'distributed': False, 'ha': False, 'availability_zone_hints': [], 'routes': [], 'flavor_id': None, 'tags': [], 'created_at': '2025-11-22T00:04:09Z', 'updated_at': '2025-11-22T00:04:10Z', 'revision_number': 2, 'project_id': '8ce3f9e8e3b04c55bb8a930e72831ebc'}
2025-11-22 00:04:11.810 67817 INFO tempest.lib.common.rest_client [req-0017da38-0a04-476b-8133-4699fae2644d req-0017da38-0a04-476b-8133-4699fae2644d ] Request (ImagesOneServerTestJSON:setUpClass): 201 POST http://10.180.1.21/identity/v3/auth/tokens 0.085s
2025-11-22 00:04:11.865 67817 INFO tempest.lib.common.rest_client [req-b290d792-87fe-4f17-a72b-5c5666c7215a req-b290d792-87fe-4f17-a72b-5c5666c7215a ] Request (ImagesOneServerTestJSON:setUpClass): 201 POST http://10.180.1.21/identity/v3/auth/tokens 0.051s
2025-11-22 00:04:11.866 67817 INFO tempest.lib.common.fixed_network [-] (ImagesOneServerTestJSON:setUpClass) Found network {'id': '7c0aef42-88b8-4c1d-8b38-5b45e430dcec', 'name': 'tempest-ImagesOneServerTestJSON-753985717-network', 'tenant_id': '8ce3f9e8e3b04c55bb8a930e72831ebc', 'project_id': '8ce3f9e8e3b04c55bb8a930e72831ebc', 'admin_state_up': True, 'mtu': 8950, 'status': 'ACTIVE', 'subnets': [], 'shared': False, 'port_security_enabled': True, 'router:external': False, 'provider:network_type': 'vlan', 'provider:physical_network': 'default', 'provider:segmentation_id': 128, 'availability_zone_hints': [], 'availability_zones': [], 'ipv4_address_scope': None, 'ipv6_address_scope': None, 'description': '', 'tags': [], 'created_at': '2025-11-22T00:04:09Z', 'updated_at': '2025-11-22T00:04:09Z', 'revision_number': 1} available for tenant
2025-11-22 00:04:12.248 67787 INFO tempest.lib.common.rest_client [req-82605698-f2a6-4c10-9a67-d4c64352b565 req-82605698-f2a6-4c10-9a67-d4c64352b565 ] Request (ServersAdminTestJSON:setUpClass): 200 GET http://10.180.1.21/compute/v2.1/servers/3b6fd06a-28ef-4345-b628-feb1001c499f 3.788s
2025-11-22 00:04:12.252 67789 INFO tempest.lib.common.rest_client [req-e42d6bdf-02d5-4b00-8b8a-11fc14e788f8 req-e42d6bdf-02d5-4b00-8b8a-11fc14e788f8 ] Request (ImagesOneServerNegativeTestJSON:setUpClass): 200 GET http://10.180.1.21/compute/v2.1/servers/212159cd-ed9d-48aa-9633-5bd9dc59e5b6 3.773s
2025-11-22 00:04:12.352 67779 INFO tempest.lib.common.rest_client [req-e47a3f82-851e-49fd-957f-b44f47666a63 req-e47a3f82-851e-49fd-957f-b44f47666a63 ] Request (ServerExternalEventsTest:test_create_server_external_events): 200 GET http://10.180.1.21/compute/v2.1/servers/45f6f6e9-1822-4c1c-96ac-0847e3b87bff 3.868s
2025-11-22 00:04:12.499 67775 WARNING tempest.lib.common.ssh [-] Failed to establish authenticated ssh connection to cirros@10.180.180.208 ([Errno None] Unable to connect to port 22 on 10.180.180.208). Number attempts: 1. Retry after 2 seconds.: paramiko.ssh_exception.NoValidConnectionsError: [Errno None] Unable to connect to port 22 on 10.180.180.208
2025-11-22 00:04:12.533 67815 INFO tempest.lib.common.rest_client [req-84a55983-2852-4426-a30f-4dc060926b38 req-84a55983-2852-4426-a30f-4dc060926b38 ] Request (ServersTestMultiNic:_run_cleanups): 200 GET http://10.180.1.21/compute/v2.1/servers/75f39b73-fd79-4501-b8c1-f78913f66470 4.031s
2025-11-22 00:04:12.609 67811 INFO tempest.lib.common.rest_client [req-f1a17bb5-4778-4301-9780-c3bcdfad14bf req-f1a17bb5-4778-4301-9780-c3bcdfad14bf ] Request (ServersTestJSON:setUpClass): 200 GET http://10.180.1.21/compute/v2.1/servers/bc3670ab-6223-423a-a661-dd6d657d59b5 4.026s
2025-11-22 00:04:12.682 67803 INFO tempest.lib.common.rest_client [req-2922e2bf-3742-4134-b150-a6db40ac90ab req-2922e2bf-3742-4134-b150-a6db40ac90ab ] Request (VolumesAssistedSnapshotsTest:test_volume_assisted_snapshot_create_delete): 200 GET http://10.180.1.21/compute/v2.1/servers/d64e2e97-c9f5-43fe-a990-62ff9982635e/os-interface 3.995s
2025-11-22 00:04:12.740 67777 INFO tempest.lib.common.rest_client [req-1d841f95-54af-4de3-aa68-985bb86fc655 req-1d841f95-54af-4de3-aa68-985bb86fc655 ] Request (ServerDiagnosticsTest:tearDownClass): 200 GET http://10.180.1.21/compute/v2.1/servers/d3a6879a-dadb-4652-9299-ec7f369d522c 4.010s
2025-11-22 00:04:12.790 67829 INFO tempest.lib.common.rest_client [req-28303168-59f9-4461-9680-46b57ce67c98 req-28303168-59f9-4461-9680-46b57ce67c98 ] Request (ServerShowV257Test:test_rebuild_server): 200 GET http://10.180.1.21/compute/v2.1/servers/ab17ecda-08c2-43fd-bada-ccbb87e1d162 3.994s
2025-11-22 00:04:12.835 67833 INFO tempest.lib.common.rest_client [req-1016c769-da44-4e74-8544-a3a87c009e81 req-1016c769-da44-4e74-8544-a3a87c009e81 ] Request (ImagesMetadataTestJSON:test_delete_image_metadata_item): 200 GET http://10.180.1.21/compute/v2.1/images/c55ae3c0-d786-41ed-b76a-7c928a7b3cf0/metadata 3.950s
2025-11-22 00:04:13.119 67807 INFO tempest.lib.common.rest_client [req-ebc40315-1f14-4a77-897a-f7815735c9e1 req-ebc40315-1f14-4a77-897a-f7815735c9e1 ] Request (AttachInterfacesV270Test:test_create_get_list_interfaces): 200 GET http://10.180.1.21/compute/v2.1/servers/e3726ba6-49bb-4212-8a86-ab4868a88999 4.131s
2025-11-22 00:04:13.197 67805 INFO tempest.lib.common.rest_client [req-8f12e076-7e6b-4961-ad98-cf38d1510530 req-8f12e076-7e6b-4961-ad98-cf38d1510530 ] Request (ServersAdminNegativeTestJSON:setUpClass): 200 GET http://10.180.1.21/compute/v2.1/servers/6316a44e-b883-4136-b7a5-7c2e661ca535 4.331s
2025-11-22 00:04:13.207 67805 INFO tempest.common.waiters [-] State transition "BUILD/None" ==> "BUILD/spawning" after 35 second wait
2025-11-22 00:04:13.261 67803 INFO tempest.lib.common.rest_client [req-06cff4eb-607a-4616-b15a-fecc5ec4d01a req-06cff4eb-607a-4616-b15a-fecc5ec4d01a ] Request (VolumesAssistedSnapshotsTest:test_volume_assisted_snapshot_create_delete): 200 PUT http://10.180.1.21/networking/v2.0/floatingips/ca239b31-6483-4183-9fb4-d3bc48c54c86 0.572s
2025-11-22 00:04:13.262 67803 INFO tempest.lib.common.ssh [-] Creating ssh connection to '10.180.180.147:22' as 'cirros' with public key authentication
2025-11-22 00:04:13.264 67793 INFO tempest.lib.common.rest_client [req-5566ddf6-89c1-4edd-90eb-51948979f576 req-5566ddf6-89c1-4edd-90eb-51948979f576 ] Request (ServersWithSpecificFlavorTestJSON:test_verify_created_server_ephemeral_disk): 200 GET http://10.180.1.21/compute/v2.1/servers/7c8cb284-954c-4ec8-8fde-1741416b4b1a 4.264s
2025-11-22 00:04:13.297 67813 INFO tempest.lib.common.rest_client [req-c02935d1-4586-487c-bd57-33a07626f579 req-c02935d1-4586-487c-bd57-33a07626f579 ] Request (ServerMetadataNegativeTestJSON:setUpClass): 200 GET http://10.180.1.21/compute/v2.1/servers/1f0382d3-dc1c-4d6d-ba0e-b2e6dec5d6df 4.146s
2025-11-22 00:04:13.351 67819 INFO tempest.lib.common.rest_client [req-17c747a9-8cdb-42a2-9660-1f524749bbce req-17c747a9-8cdb-42a2-9660-1f524749bbce ] Request (ImagesTestJSON:test_create_image_from_stopped_server): 200 GET http://10.180.1.21/compute/v2.1/images/bd515afe-618a-4911-a319-7d457382092f 4.017s
2025-11-22 00:04:13.363 67809 INFO tempest.lib.common.rest_client [req-ce958723-128c-4c63-9fcb-fae722b072e4 req-ce958723-128c-4c63-9fcb-fae722b072e4 ] Request (AggregatesAdminNegativeTestJSON:test_aggregate_create_as_user): 403 POST http://10.180.1.21/compute/v2.1/os-aggregates 3.980s
2025-11-22 00:04:13.390 67831 INFO tempest.lib.common.rest_client [req-7a292250-21fb-40e1-b0c5-4d01c616cc09 req-7a292250-21fb-40e1-b0c5-4d01c616cc09 ] Request (ListServersNegativeTestJSON:setUpClass): 200 GET http://10.180.1.21/compute/v2.1/servers/76b8c059-a820-4c7d-8c99-714266b0675d 4.105s
2025-11-22 00:04:13.396 67791 INFO tempest.lib.common.rest_client [req-327690c8-243f-4c14-bb2b-d45345dfd679 req-327690c8-243f-4c14-bb2b-d45345dfd679 ] Request (FlavorsAdminTestJSON:_run_cleanups): 202 DELETE http://10.180.1.21/compute/v2.1/flavors/28812c4a-5d03-45c0-9f03-b0064ec300a2 3.993s
2025-11-22 00:04:13.402 67781 INFO tempest.lib.common.rest_client [req-5eb066ef-56f9-43ac-ab1f-86b049671f0e req-5eb066ef-56f9-43ac-ab1f-86b049671f0e ] Request (QuotasAdminNegativeTest:test_update_quota_normal_user): 403 PUT http://10.180.1.21/compute/v2.1/os-quota-sets/e4eb9d327d5e4981b4aa493ba1bd8aa7 3.754s
2025-11-22 00:04:13.504 67783 INFO tempest.lib.common.rest_client [req-f38816b1-cfd6-4504-9d71-808f67c1e112 req-f38816b1-cfd6-4504-9d71-808f67c1e112 ] Request (ImagesNegativeTestJSON:test_create_image_from_deleted_server): 200 GET http://10.180.1.21/compute/v2.1/servers/b140775e-4b1b-4830-90b1-69d48a52f6c0 3.846s
2025-11-22 00:04:13.508 67822 INFO tempest.lib.common.rest_client [req-1dc55a38-5da4-40b1-b2c7-ef21fcdbc263 req-1dc55a38-5da4-40b1-b2c7-ef21fcdbc263 ] Request (DeleteServersTestJSON:test_delete_active_server): 204 DELETE http://10.180.1.21/compute/v2.1/servers/d4b7e87a-547e-424b-8092-500f913929f3 4.084s
2025-11-22 00:04:13.522 67828 INFO tempest.lib.common.rest_client [req-aea03278-ea65-4274-9207-e37a1cf9123f req-aea03278-ea65-4274-9207-e37a1cf9123f ] Request (FlavorsAccessNegativeTestJSON:test_flavor_non_admin_remove): 200 POST http://10.180.1.21/compute/v2.1/flavors 3.842s
2025-11-22 00:04:13.578 67799 INFO tempest.lib.common.rest_client [req-135bd51a-1c2c-43a0-a5d0-e7157f78697c req-135bd51a-1c2c-43a0-a5d0-e7157f78697c ] Request (TenantUsagesTestJSON:setUpClass): 200 GET http://10.180.1.21/compute/v2.1/servers/0aa12f0d-754e-42ec-8363-c459446d620b 3.803s
2025-11-22 00:04:13.587 67799 INFO tempest.common.waiters [-] State transition "BUILD/None" ==> "BUILD/networking" after 17 second wait
2025-11-22 00:04:13.610 67781 INFO tempest.lib.common.rest_client [req-de8bbbcc-c0b6-435e-96df-efc188da0691 req-de8bbbcc-c0b6-435e-96df-efc188da0691 ] Request (QuotasAdminNegativeTest:tearDownClass): 204 DELETE http://10.180.1.21/identity/v3/users/b80f36ff4df54374a33875ce55bfed58 0.206s
2025-11-22 00:04:13.637 67826 INFO tempest.lib.common.rest_client [req-25df4d97-dc72-4f75-a3be-d7a5cfea7e12 req-25df4d97-dc72-4f75-a3be-d7a5cfea7e12 ] Request (ServerDiagnosticsNegativeTest:tearDownClass): 200 GET http://10.180.1.21/compute/v2.1/servers/8c4dd22b-0cec-4ea7-bba7-5240291b8839 3.771s
2025-11-22 00:04:13.770 67781 INFO tempest.lib.common.rest_client [req-4a9e6716-0b8d-4b6e-8ddb-7520483a0a50 req-4a9e6716-0b8d-4b6e-8ddb-7520483a0a50 ] Request (QuotasAdminNegativeTest:tearDownClass): 204 DELETE http://10.180.1.21/identity/v3/users/cc62258095fc463a80e3ef4b538d52c0 0.159s
2025-11-22 00:04:13.770 67781 INFO tempest.lib.common.dynamic_creds [-] Deleting project and security group for project: fbd74f89fd4946bca64df7a97347b641
2025-11-22 00:04:13.775 67771 INFO tempest.lib.common.rest_client [req-befddcaf-7856-48ce-a12a-546989d82e1f req-befddcaf-7856-48ce-a12a-546989d82e1f ] Request (DeleteServersAdminTestJSON:test_delete_server_while_in_error_state): 200 GET http://10.180.1.21/compute/v2.1/servers/d35fb4f8-8fd7-4796-84ba-601d5ba67ada 3.078s
2025-11-22 00:04:13.787 67801 INFO tempest.lib.common.rest_client [req-2b4918bc-4945-46fe-baeb-4ef9beb5e780 req-2b4918bc-4945-46fe-baeb-4ef9beb5e780 ] Request (HostsAdminNegativeTestJSON:test_shutdown_nonexistent_host): 404 GET http://10.180.1.21/compute/v2.1/os-hosts/nonexistent_hostname/shutdown 3.083s
2025-11-22 00:04:13.795 67795 INFO tempest.lib.common.rest_client [req-3a8f3a37-6742-4573-8eba-f4a5c291c619 req-3a8f3a37-6742-4573-8eba-f4a5c291c619 ] Request (KeyPairsNegativeTestJSON:test_create_keypair_invalid_name): 400 POST http://10.180.1.21/compute/v2.1/os-keypairs 3.669s
2025-11-22 00:04:13.811 67797 INFO tempest.lib.common.rest_client [req-3389b4d4-4fa6-4784-b413-d916fef4f137 req-3389b4d4-4fa6-4784-b413-d916fef4f137 ] Request (ImagesDeleteNegativeTestJSON:test_delete_non_existent_image): 404 DELETE http://10.180.1.21/compute/v2.1/images/013454b4-602b-439c-8ef8-484502a7aa0d 3.083s
2025-11-22 00:04:13.846 67781 INFO tempest.lib.common.rest_client [req-6e34599b-b1c9-4bce-87ca-3fdbf20703b0 req-6e34599b-b1c9-4bce-87ca-3fdbf20703b0 ] Request (QuotasAdminNegativeTest:tearDownClass): 201 POST http://10.180.1.21/identity/v3/auth/tokens 0.075s
2025-11-22 00:04:13.915 67823 INFO tempest.lib.common.rest_client [req-ffaf06af-cc0b-498c-b8e8-5a4bdbbabf5a req-ffaf06af-cc0b-498c-b8e8-5a4bdbbabf5a ] Request (VolumesAdminNegativeTest:tearDownClass): 200 GET http://10.180.1.21/compute/v2.1/servers/ebffd8c7-01e1-4975-8ff7-8450ade6c619 2.161s
2025-11-22 00:04:13.922 67823 INFO tempest.common.waiters [-] State transition "ACTIVE/deleting" ==> "DELETED/None" after 3 second wait
2025-11-22 00:04:13.978 67797 INFO tempest.lib.common.rest_client [req-ce51f078-5dc5-4d48-8073-730442a6443c req-ce51f078-5dc5-4d48-8073-730442a6443c ] Request (ImagesDeleteNegativeTestJSON:tearDownClass): 204 DELETE http://10.180.1.21/identity/v3/users/bf90d07b8025453b92e9d71695772162 0.165s
2025-11-22 00:04:13.978 67797 INFO tempest.lib.common.dynamic_creds [-] Deleting project and security group for project: 240e012d4ae2458abf2cd56b85d28510
2025-11-22 00:04:14.071 67785 INFO tempest.lib.common.rest_client [req-2d3c85aa-51df-42f5-a5b9-6f0dce540f0f req-2d3c85aa-51df-42f5-a5b9-6f0dce540f0f ] Request (QuotasAdminTestJSON:test_delete_quota): 200 PUT http://10.180.1.21/compute/v2.1/os-quota-sets/5aee085055a0473b96dde8817c355b26 3.062s
2025-11-22 00:04:14.125 67797 INFO tempest.lib.common.rest_client [req-f2647de7-a14a-43a0-9307-58cdf19eed2e req-f2647de7-a14a-43a0-9307-58cdf19eed2e ] Request (ImagesDeleteNegativeTestJSON:tearDownClass): 201 POST http://10.180.1.21/identity/v3/auth/tokens 0.146s
2025-11-22 00:04:14.253 67781 INFO tempest.lib.common.rest_client [req-988964b3-8e2e-46f3-9167-e4dbb63fdd24 req-988964b3-8e2e-46f3-9167-e4dbb63fdd24 ] Request (QuotasAdminNegativeTest:tearDownClass): 200 GET http://10.180.1.21/networking/v2.0/security-groups?tenant_id=fbd74f89fd4946bca64df7a97347b641&name=default 0.407s
2025-11-22 00:04:14.327 67833 INFO tempest.lib.common.rest_client [req-ba94177e-917d-4072-bea9-847dd6b73b1b req-ba94177e-917d-4072-bea9-847dd6b73b1b ] Request (ImagesMetadataTestJSON:setUp): 200 PUT http://10.180.1.21/compute/v2.1/images/c55ae3c0-d786-41ed-b76a-7c928a7b3cf0/metadata 1.488s
2025-11-22 00:04:14.393 67797 INFO tempest.lib.common.rest_client [req-94bf7b80-c24d-4c63-b340-a2840baee2ab req-94bf7b80-c24d-4c63-b340-a2840baee2ab ] Request (ImagesDeleteNegativeTestJSON:tearDownClass): 200 GET http://10.180.1.21/networking/v2.0/security-groups?tenant_id=240e012d4ae2458abf2cd56b85d28510&name=default 0.268s
2025-11-22 00:04:14.558 67781 INFO tempest.lib.common.rest_client [req-8df8ac77-96cd-4b58-99e8-1ed9198cdf65 req-8df8ac77-96cd-4b58-99e8-1ed9198cdf65 ] Request (QuotasAdminNegativeTest:tearDownClass): 204 DELETE http://10.180.1.21/networking/v2.0/security-groups/f017b989-19f7-4ae8-a0a6-5a2f7629d43a 0.305s
2025-11-22 00:04:14.663 67781 INFO tempest.lib.common.rest_client [req-d00407bb-b384-485b-b3aa-7cc3850fd380 req-d00407bb-b384-485b-b3aa-7cc3850fd380 ] Request (QuotasAdminNegativeTest:tearDownClass): 204 DELETE http://10.180.1.21/identity/v3/projects/fbd74f89fd4946bca64df7a97347b641 0.103s
2025-11-22 00:04:14.663 67781 INFO tempest.lib.common.dynamic_creds [-] Deleting project and security group for project: e4eb9d327d5e4981b4aa493ba1bd8aa7
2025-11-22 00:04:14.801 67797 INFO tempest.lib.common.rest_client [req-928e75e8-e6a9-40d1-8d3b-500f52b5aa69 req-928e75e8-e6a9-40d1-8d3b-500f52b5aa69 ] Request (ImagesDeleteNegativeTestJSON:tearDownClass): 204 DELETE http://10.180.1.21/networking/v2.0/security-groups/194c4623-b4ef-44e9-aa29-998a819b1ce1 0.408s
2025-11-22 00:04:14.910 67797 INFO tempest.lib.common.rest_client [req-a0b1707f-fffe-4cec-882d-8651c66757c1 req-a0b1707f-fffe-4cec-882d-8651c66757c1 ] Request (ImagesDeleteNegativeTestJSON:tearDownClass): 204 DELETE http://10.180.1.21/identity/v3/projects/240e012d4ae2458abf2cd56b85d28510 0.108s
2025-11-22 00:04:14.977 67797 INFO tempest.lib.common.rest_client [req-9a6ad1c8-382d-4485-8f49-4d56e44c4673 req-9a6ad1c8-382d-4485-8f49-4d56e44c4673 ] Request (AbsoluteLimitsNegativeTestJSON:setUpClass): 201 POST http://10.180.1.21/identity/v3/auth/tokens 0.065s
2025-11-22 00:04:15.006 67781 INFO tempest.lib.common.rest_client [req-75ed7553-0293-4019-9959-d84d1fd5cdab req-75ed7553-0293-4019-9959-d84d1fd5cdab ] Request (QuotasAdminNegativeTest:tearDownClass): 200 GET http://10.180.1.21/networking/v2.0/security-groups?tenant_id=e4eb9d327d5e4981b4aa493ba1bd8aa7&name=default 0.342s
2025-11-22 00:04:15.011 67797 INFO tempest.lib.common.rest_client [req-3b94b4ee-f5b1-425c-ae16-86a1b5d79936 req-3b94b4ee-f5b1-425c-ae16-86a1b5d79936 ] Request (AbsoluteLimitsNegativeTestJSON:setUpClass): 201 POST http://10.180.1.21/identity/v3/auth/tokens 0.031s
2025-11-22 00:04:15.040 67787 INFO tempest.lib.common.rest_client [req-2207e064-a389-4628-83b3-5685d4d0ca63 req-2207e064-a389-4628-83b3-5685d4d0ca63 ] Request (ServersAdminTestJSON:setUpClass): 200 GET http://10.180.1.21/compute/v2.1/servers/3b6fd06a-28ef-4345-b628-feb1001c499f 1.778s
2025-11-22 00:04:15.041 67797 INFO tempest.lib.common.rest_client [req-acabad29-c8a0-4dd5-9992-1897fc9b9a72 req-acabad29-c8a0-4dd5-9992-1897fc9b9a72 ] Request (AbsoluteLimitsNegativeTestJSON:setUpClass): 200 GET http://10.180.1.21/identity/v3/domains?name=Default 0.030s
2025-11-22 00:04:15.053 67787 INFO tempest.common.waiters [-] State transition "BUILD/spawning" ==> "ACTIVE/None" after 38 second wait
2025-11-22 00:04:15.084 67797 INFO tempest.lib.common.rest_client [req-d6375a2a-7045-48d2-97da-e91216cb011f req-d6375a2a-7045-48d2-97da-e91216cb011f ] Request (AbsoluteLimitsNegativeTestJSON:setUpClass): 201 POST http://10.180.1.21/identity/v3/projects 0.042s
2025-11-22 00:04:15.159 67797 INFO tempest.lib.common.rest_client [req-58ee07a7-7e18-4225-82e0-2358194b71cc req-58ee07a7-7e18-4225-82e0-2358194b71cc ] Request (AbsoluteLimitsNegativeTestJSON:setUpClass): 201 POST http://10.180.1.21/identity/v3/users 0.074s
2025-11-22 00:04:15.187 67797 INFO tempest.lib.common.rest_client [req-c8eabcee-0cfc-4bcc-aed3-066b5ba90c24 req-c8eabcee-0cfc-4bcc-aed3-066b5ba90c24 ] Request (AbsoluteLimitsNegativeTestJSON:setUpClass): 200 GET http://10.180.1.21/identity/v3/roles 0.027s
2025-11-22 00:04:15.215 67797 INFO tempest.lib.common.rest_client [req-ee85421c-7d2d-4a09-9db8-797a98808b93 req-ee85421c-7d2d-4a09-9db8-797a98808b93 ] Request (AbsoluteLimitsNegativeTestJSON:setUpClass): 204 PUT http://10.180.1.21/identity/v3/projects/8bbfcb99abb54a08bf3ff81874d94dde/users/35182ea4ba2e473198c7399a6830404c/roles/cee1a620f10240829038d83e85719ae1 0.027s
2025-11-22 00:04:15.215 67797 INFO tempest.lib.common.dynamic_creds [-] Dynamic test user 35182ea4ba2e473198c7399a6830404c is created with scope project and roles: ['member']
2025-11-22 00:04:15.215 67797 INFO tempest.lib.common.dynamic_creds [-] Acquired dynamic creds: credentials: Credentials: {'domain_id': 'default', 'domain_name': 'Default', 'username': 'tempest-AbsoluteLimitsNegativeTestJSON-1731274407-project-member', 'project_domain_id': 'default', 'project_domain_name': 'Default', 'project_id': '8bbfcb99abb54a08bf3ff81874d94dde', 'project_name': 'tempest-AbsoluteLimitsNegativeTestJSON-1731274407', 'tenant_id': '8bbfcb99abb54a08bf3ff81874d94dde', 'tenant_name': 'tempest-AbsoluteLimitsNegativeTestJSON-1731274407', 'user_domain_id': 'default', 'user_domain_name': 'Default', 'user_id': '35182ea4ba2e473198c7399a6830404c', 'system': None}, Network: None, Subnet: None, Router: None
2025-11-22 00:04:15.216 67797 INFO tempest.lib.common.dynamic_creds [-] Created isolated network resources for: credentials: Credentials: {'domain_id': 'default', 'domain_name': 'Default', 'username': 'tempest-AbsoluteLimitsNegativeTestJSON-1731274407-project-member', 'project_domain_id': 'default', 'project_domain_name': 'Default', 'project_id': '8bbfcb99abb54a08bf3ff81874d94dde', 'project_name': 'tempest-AbsoluteLimitsNegativeTestJSON-1731274407', 'tenant_id': '8bbfcb99abb54a08bf3ff81874d94dde', 'tenant_name': 'tempest-AbsoluteLimitsNegativeTestJSON-1731274407', 'user_domain_id': 'default', 'user_domain_name': 'Default', 'user_id': '35182ea4ba2e473198c7399a6830404c', 'system': None}, Network: None, Subnet: None, Router: None
2025-11-22 00:04:15.259 67781 INFO tempest.lib.common.rest_client [req-39600704-4e88-43a9-b83b-b3c271275e63 req-39600704-4e88-43a9-b83b-b3c271275e63 ] Request (QuotasAdminNegativeTest:tearDownClass): 204 DELETE http://10.180.1.21/networking/v2.0/security-groups/a0a305c0-87e2-48a6-8082-ec672576a9a4 0.252s
2025-11-22 00:04:15.303 67797 INFO tempest.lib.common.rest_client [req-79129f5d-75b4-4723-a7ad-74c52ebab86e req-79129f5d-75b4-4723-a7ad-74c52ebab86e ] Request (AbsoluteLimitsNegativeTestJSON:setUpClass): 201 POST http://10.180.1.21/identity/v3/auth/tokens 0.084s
2025-11-22 00:04:15.373 67781 INFO tempest.lib.common.rest_client [req-66718559-5809-4846-a970-df7176c53eac req-66718559-5809-4846-a970-df7176c53eac ] Request (QuotasAdminNegativeTest:tearDownClass): 204 DELETE http://10.180.1.21/identity/v3/projects/e4eb9d327d5e4981b4aa493ba1bd8aa7 0.113s
2025-11-22 00:04:15.374 67781 INFO tempest.test [-] raised in UnshelveToHostMultiNodesTest.setUpClass. Invoking tearDownClass.
2025-11-22 00:04:15.376 67781 INFO tempest.test [-] raised in ServerStableDeviceRescueTestIDE.setUpClass. Invoking tearDownClass.
2025-11-22 00:04:15.434 67781 INFO tempest.lib.common.rest_client [req-093486f2-0cb0-4382-9ba7-99a45ddb1ad4 req-093486f2-0cb0-4382-9ba7-99a45ddb1ad4 ] Request (QuotasTestJSON:setUpClass): 201 POST http://10.180.1.21/identity/v3/auth/tokens 0.056s
2025-11-22 00:04:15.453 67789 INFO tempest.lib.common.rest_client [req-f30dba27-6a89-49ea-84ad-3152e6a10095 req-f30dba27-6a89-49ea-84ad-3152e6a10095 ] Request (ImagesOneServerNegativeTestJSON:setUpClass): 200 GET http://10.180.1.21/compute/v2.1/servers/212159cd-ed9d-48aa-9633-5bd9dc59e5b6 2.187s
2025-11-22 00:04:15.461 67789 INFO tempest.common.waiters [-] State transition "BUILD/spawning" ==> "ACTIVE/None" after 38 second wait
2025-11-22 00:04:15.473 67809 INFO tempest.lib.common.rest_client [req-cc8cf3c4-7b46-4d17-b140-c6e7c7df707b req-cc8cf3c4-7b46-4d17-b140-c6e7c7df707b ] Request (AggregatesAdminNegativeTestJSON:test_aggregate_create_with_existent_aggregate_name): 200 POST http://10.180.1.21/compute/v2.1/os-aggregates 2.108s
2025-11-22 00:04:15.476 67781 INFO tempest.lib.common.rest_client [req-8bb27e50-0e3b-40a3-be00-2753ef2df560 req-8bb27e50-0e3b-40a3-be00-2753ef2df560 ] Request (QuotasTestJSON:setUpClass): 201 POST http://10.180.1.21/identity/v3/auth/tokens 0.039s
2025-11-22 00:04:15.506 67781 INFO tempest.lib.common.rest_client [req-11ee3380-f190-4042-b8bc-177e327feb84 req-11ee3380-f190-4042-b8bc-177e327feb84 ] Request (QuotasTestJSON:setUpClass): 200 GET http://10.180.1.21/identity/v3/domains?name=Default 0.030s
2025-11-22 00:04:15.539 67781 INFO tempest.lib.common.rest_client [req-5702c636-04bb-466a-919f-32fb5ad373bb req-5702c636-04bb-466a-919f-32fb5ad373bb ] Request (QuotasTestJSON:setUpClass): 201 POST http://10.180.1.21/identity/v3/projects 0.032s
2025-11-22 00:04:15.569 67775 WARNING tempest.lib.common.ssh [-] Failed to establish authenticated ssh connection to cirros@10.180.180.208 ([Errno None] Unable to connect to port 22 on 10.180.180.208). Number attempts: 2. Retry after 3 seconds.: paramiko.ssh_exception.NoValidConnectionsError: [Errno None] Unable to connect to port 22 on 10.180.180.208
2025-11-22 00:04:15.614 67817 INFO tempest.lib.common.rest_client [req-a7c57a02-e9bd-4fab-bd40-47d089d1a0f7 req-a7c57a02-e9bd-4fab-bd40-47d089d1a0f7 ] Request (ImagesOneServerTestJSON:setUpClass): 202 POST http://10.180.1.21/compute/v2.1/servers 3.748s
2025-11-22 00:04:15.619 67781 INFO tempest.lib.common.rest_client [req-fd758d42-c3e4-46d8-94fa-b1cd8e260f11 req-fd758d42-c3e4-46d8-94fa-b1cd8e260f11 ] Request (QuotasTestJSON:setUpClass): 201 POST http://10.180.1.21/identity/v3/users 0.080s
2025-11-22 00:04:15.641 67779 INFO tempest.lib.common.rest_client [req-1b636d87-b994-428b-a0d8-9177741d9ef3 req-1b636d87-b994-428b-a0d8-9177741d9ef3 ] Request (ServerExternalEventsTest:test_create_server_external_events): 200 GET http://10.180.1.21/compute/v2.1/servers/45f6f6e9-1822-4c1c-96ac-0847e3b87bff 2.269s
2025-11-22 00:04:15.642 67791 INFO tempest.lib.common.rest_client [req-10ddf8ea-547e-4c64-b2d7-c65191537f82 req-10ddf8ea-547e-4c64-b2d7-c65191537f82 ] Request (FlavorsAdminTestJSON:_run_cleanups): 200 GET http://10.180.1.21/compute/v2.1/flavors/detail 2.246s
2025-11-22 00:04:15.651 67781 INFO tempest.lib.common.rest_client [req-c6654221-6228-4b0c-8cd8-19872a83d9d3 req-c6654221-6228-4b0c-8cd8-19872a83d9d3 ] Request (QuotasTestJSON:setUpClass): 200 GET http://10.180.1.21/identity/v3/roles 0.031s
2025-11-22 00:04:15.702 67781 INFO tempest.lib.common.rest_client [req-4240cec4-0979-4259-90e5-11657094743f req-4240cec4-0979-4259-90e5-11657094743f ] Request (QuotasTestJSON:setUpClass): 204 PUT http://10.180.1.21/identity/v3/projects/787ccd6e8d5f4f64af0c000d21ea4da5/users/3dd5abcde71d44f894bb4ecf4be94089/roles/cee1a620f10240829038d83e85719ae1 0.051s
2025-11-22 00:04:15.703 67781 INFO tempest.lib.common.dynamic_creds [-] Dynamic test user 3dd5abcde71d44f894bb4ecf4be94089 is created with scope project and roles: ['member']
2025-11-22 00:04:15.703 67781 INFO tempest.lib.common.dynamic_creds [-] Acquired dynamic creds: credentials: Credentials: {'domain_id': 'default', 'domain_name': 'Default', 'username': 'tempest-QuotasTestJSON-336883907-project-member', 'project_domain_id': 'default', 'project_domain_name': 'Default', 'project_id': '787ccd6e8d5f4f64af0c000d21ea4da5', 'project_name': 'tempest-QuotasTestJSON-336883907', 'tenant_id': '787ccd6e8d5f4f64af0c000d21ea4da5', 'tenant_name': 'tempest-QuotasTestJSON-336883907', 'user_domain_id': 'default', 'user_domain_name': 'Default', 'user_id': '3dd5abcde71d44f894bb4ecf4be94089', 'system': None}, Network: None, Subnet: None, Router: None
2025-11-22 00:04:15.704 67781 INFO tempest.lib.common.dynamic_creds [-] Created isolated network resources for: credentials: Credentials: {'domain_id': 'default', 'domain_name': 'Default', 'username': 'tempest-QuotasTestJSON-336883907-project-member', 'project_domain_id': 'default', 'project_domain_name': 'Default', 'project_id': '787ccd6e8d5f4f64af0c000d21ea4da5', 'project_name': 'tempest-QuotasTestJSON-336883907', 'tenant_id': '787ccd6e8d5f4f64af0c000d21ea4da5', 'tenant_name': 'tempest-QuotasTestJSON-336883907', 'user_domain_id': 'default', 'user_domain_name': 'Default', 'user_id': '3dd5abcde71d44f894bb4ecf4be94089', 'system': None}, Network: None, Subnet: None, Router: None
2025-11-22 00:04:15.791 67781 INFO tempest.lib.common.rest_client [req-499962d4-b15c-4776-9a4e-dd470d9c0c99 req-499962d4-b15c-4776-9a4e-dd470d9c0c99 ] Request (QuotasTestJSON:setUpClass): 201 POST http://10.180.1.21/identity/v3/auth/tokens 0.080s
2025-11-22 00:04:15.883 67828 INFO tempest.lib.common.rest_client [req-faf7bb19-9522-4b06-aaba-2d6984377339 req-faf7bb19-9522-4b06-aaba-2d6984377339 ] Request (FlavorsAccessNegativeTestJSON:test_flavor_non_admin_remove): 200 POST http://10.180.1.21/compute/v2.1/flavors/1265031186/action 2.358s
2025-11-22 00:04:15.887 67822 INFO tempest.lib.common.rest_client [req-7f0c9620-6bb7-466a-8469-6656d579c9ee req-7f0c9620-6bb7-466a-8469-6656d579c9ee ] Request (DeleteServersTestJSON:test_delete_active_server): 200 GET http://10.180.1.21/compute/v2.1/servers/d4b7e87a-547e-424b-8092-500f913929f3 2.378s
