2025-12-08 21:26:50.658 65483 INFO tempest.lib.common.rest_client [req-113bd686-56b8-486c-be33-53e355ebb0de req-113bd686-56b8-486c-be33-53e355ebb0de ] Request (ImagesOneServerNegativeTestJSON:_run_cleanups): 200 GET http://10.180.1.21/compute/v2.1/servers/347fb941-d4cf-4777-964e-83e312410a93 0.632s
2025-12-08 21:26:50.770 65473 INFO tempest.lib.common.rest_client [req-4b71310f-7b2c-46f2-8ed0-f0d9cf41f4a4 req-4b71310f-7b2c-46f2-8ed0-f0d9cf41f4a4 ] Request (ServerRescueTestJSON:tearDownClass): 200 GET http://10.180.1.21/compute/v2.1/servers/ae7572cb-c9be-4ea5-9b27-0c3c83a7bc20 0.685s
2025-12-08 21:26:50.807 65467 INFO tempest.lib.common.rest_client [req-f7422b95-98d8-4faa-bf12-9f638bf5ee9d req-f7422b95-98d8-4faa-bf12-9f638bf5ee9d ] Request (ImagesTestJSON:test_create_image_from_suspended_server): 200 GET http://10.180.1.21/compute/v2.1/servers/09eb331e-95e1-4495-9762-a28c94821593 0.755s
2025-12-08 21:26:50.835 65455 INFO tempest.lib.common.rest_client [req-e4e6cdcd-4dda-4046-8953-1be86ef0ea82 req-e4e6cdcd-4dda-4046-8953-1be86ef0ea82 ] Request (ServerGroup264TestJSON:test_create_get_server_group): 200 GET http://10.180.1.21/compute/v2.1/os-server-groups 0.575s
2025-12-08 21:26:50.837 65453 INFO tempest.lib.common.rest_client [req-eaacf832-11d7-4073-8fd0-d2ebb7296e93 req-eaacf832-11d7-4073-8fd0-d2ebb7296e93 ] Request (ServerShowV247Test:tearDownClass): 200 GET http://10.180.1.21/compute/v2.1/servers/6512c8f0-f4ed-4376-9928-de4e252b3e14 0.673s
2025-12-08 21:26:50.903 65477 INFO tempest.lib.common.rest_client [req-1eed04b5-ba28-4cec-b2f2-217b4e2612ba req-1eed04b5-ba28-4cec-b2f2-217b4e2612ba ] Request (ListImageFiltersTestJSON:tearDownClass): 200 GET http://10.180.1.21/compute/v2.1/servers/7560d450-4ce9-4f84-bf39-1f34a3c76ce2 0.614s
2025-12-08 21:26:50.932 65431 INFO tempest.lib.common.rest_client [req-f4baebff-1257-46d2-a042-cfab09b553e4 req-f4baebff-1257-46d2-a042-cfab09b553e4 ] Request (ListServerFiltersTestJSON:tearDownClass): 200 GET http://10.180.1.21/compute/v2.1/servers/b299eb2a-a99e-452b-8cc6-6b6e9e17754f 0.602s
2025-12-08 21:26:50.982 65475 INFO tempest.lib.common.rest_client [req-7454ad85-7d29-498a-b627-88ecf497b27e req-7454ad85-7d29-498a-b627-88ecf497b27e ] Request (ServerActionsV293TestJSON:setUpClass): 200 GET http://10.180.1.21/compute/v2.1/servers/4b8a9fc7-9d85-4702-9b2c-e25840199002 0.499s
2025-12-08 21:26:51.099 65439 INFO tempest.lib.common.rest_client [req-9150664c-9427-4b7e-b17c-fcd2677d8423 req-9150664c-9427-4b7e-b17c-fcd2677d8423 ] Request (InstanceActionsTestJSON:test_list_instance_actions): 200 GET http://10.180.1.21/compute/v2.1/servers/83655579-0e3b-4dc2-8d22-f60f4e7354db 0.596s
2025-12-08 21:26:51.113 65439 INFO tempest.common.waiters [-] State transition "HARD_REBOOT/rebooting_hard" ==> "HARD_REBOOT/reboot_started_hard" after 5 second wait
2025-12-08 21:26:51.133 65425 INFO tempest.lib.common.rest_client [req-a414f342-5f72-412f-96f7-d567fb468984 req-a414f342-5f72-412f-96f7-d567fb468984 ] Request (ServersAdminNegativeTestJSON:tearDownClass): 200 GET http://10.180.1.21/compute/v2.1/servers/be16412d-f716-45d7-b49c-b39dbdcad6b0 0.567s
2025-12-08 21:26:51.162 65443 INFO tempest.lib.common.rest_client [req-3e969dce-e98a-4422-9f80-85f415f4b9f4 req-3e969dce-e98a-4422-9f80-85f415f4b9f4 ] Request (ServersTestMultiNic:test_verify_duplicate_network_nics): 200 GET http://10.180.1.21/compute/v2.1/servers/12cb4127-ba95-4ecd-b6c9-8a2721771415/ips 0.582s
2025-12-08 21:26:51.171 65449 WARNING tempest.lib.common.ssh [-] Failed to establish authenticated ssh connection to cirros@10.180.180.177 ([Errno None] Unable to connect to port 22 on 10.180.180.177). Number attempts: 2. Retry after 3 seconds.: paramiko.ssh_exception.NoValidConnectionsError: [Errno None] Unable to connect to port 22 on 10.180.180.177
2025-12-08 21:26:51.185 65455 INFO tempest.lib.common.rest_client [req-38ccc640-e81a-438d-a4f0-38a7748b5d57 req-38ccc640-e81a-438d-a4f0-38a7748b5d57 ] Request (ServerGroup264TestJSON:test_create_get_server_group): 200 GET http://10.180.1.21/compute/v2.1/os-server-groups/7f22b8c9-3ffc-432b-845a-704c75ec077a 0.347s
2025-12-08 21:26:51.224 65465 INFO tempest.lib.common.rest_client [req-2863047e-a3ba-467c-b02f-e03130de87c6 req-2863047e-a3ba-467c-b02f-e03130de87c6 ] Request (VolumesAssistedSnapshotsTest:tearDownClass): 200 GET http://10.180.1.21/compute/v2.1/servers/c8849f6f-fd77-471c-b058-82ac76280711 0.579s
2025-12-08 21:26:51.276 65427 INFO tempest.lib.common.rest_client [req-f76a6482-686b-49d3-aaa0-2a4d8ac83e80 req-f76a6482-686b-49d3-aaa0-2a4d8ac83e80 ] Request (ImagesOneServerTestJSON:test_create_image_specify_multibyte_character_image_name): 200 GET http://10.180.1.21/compute/v2.1/images/b64c474e-ff38-4308-8362-07f5e44782b5 0.369s
2025-12-08 21:26:51.329 65459 INFO tempest.lib.common.rest_client [req-1f5493ab-1bdb-4543-ba89-089207b75964 req-1f5493ab-1bdb-4543-ba89-089207b75964 ] Request (AttachInterfacesV270Test:test_create_get_list_interfaces): 200 GET http://10.180.1.21/compute/v2.1/servers/16ec48ba-5b39-4f8a-8c10-09cc499689b1 0.453s
2025-12-08 21:26:51.442 65443 INFO tempest.lib.common.rest_client [req-af0569db-c3c6-466d-b3db-5165d0d0edcb req-af0569db-c3c6-466d-b3db-5165d0d0edcb ] Request (ServersTestMultiNic:_run_cleanups): 204 DELETE http://10.180.1.21/compute/v2.1/servers/12cb4127-ba95-4ecd-b6c9-8a2721771415 0.275s
2025-12-08 21:26:51.484 65455 INFO tempest.lib.common.rest_client [req-db6e069d-ca6e-4209-8c31-a42130524bb7 req-db6e069d-ca6e-4209-8c31-a42130524bb7 ] Request (ServerGroup264TestJSON:_run_cleanups): 204 DELETE http://10.180.1.21/compute/v2.1/os-server-groups/7f22b8c9-3ffc-432b-845a-704c75ec077a 0.297s
2025-12-08 21:26:51.491 65435 INFO tempest.lib.common.rest_client [req-a5327e36-1be9-426f-a1f2-95aa0c2b947f req-a5327e36-1be9-426f-a1f2-95aa0c2b947f ] Request (ServersAdminTestJSON:_run_cleanups): 200 GET http://10.180.1.21/compute/v2.1/servers/ef7c5347-124f-4f21-91a4-31a4bd5b75f7 0.468s
2025-12-08 21:26:51.502 65435 INFO tempest.common.waiters [-] State transition "REBUILD/rebuild_spawning" ==> "ACTIVE/None" after 10 second wait
2025-12-08 21:26:51.672 65458 INFO tempest.lib.common.rest_client [req-c4692048-8605-4a43-8c99-859c65f7b0ab req-c4692048-8605-4a43-8c99-859c65f7b0ab ] Request (MigrationsAdminTest:test_resize_server_revert_deleted_flavor): 200 GET http://10.180.1.21/compute/v2.1/servers/5013663e-a050-406a-8748-1d5c2e8fc839 0.391s
2025-12-08 21:26:51.686 65458 INFO tempest.common.waiters [-] State transition "BUILD/block_device_mapping" ==> "BUILD/spawning" after 31 second wait
2025-12-08 21:26:51.690 65455 INFO tempest.lib.common.rest_client [req-ed1b0548-21f0-4071-9e00-5509f08d37de req-ed1b0548-21f0-4071-9e00-5509f08d37de ] Request (ServerGroup264TestJSON:tearDownClass): 404 DELETE http://10.180.1.21/compute/v2.1/os-server-groups/7f22b8c9-3ffc-432b-845a-704c75ec077a 0.194s
2025-12-08 21:26:51.704 65443 INFO tempest.lib.common.rest_client [req-ab8d7192-ef4a-4d7a-9009-3391e71dd1d6 req-ab8d7192-ef4a-4d7a-9009-3391e71dd1d6 ] Request (ServersTestMultiNic:_run_cleanups): 200 GET http://10.180.1.21/compute/v2.1/servers/12cb4127-ba95-4ecd-b6c9-8a2721771415 0.261s
2025-12-08 21:26:51.787 65435 INFO tempest.lib.common.rest_client [req-7a4cb97f-8994-4397-92cb-c6ed6e7d5522 req-7a4cb97f-8994-4397-92cb-c6ed6e7d5522 ] Request (ServersAdminTestJSON:test_reset_state_server): 202 POST http://10.180.1.21/compute/v2.1/servers/ef7c5347-124f-4f21-91a4-31a4bd5b75f7/action 0.283s
2025-12-08 21:26:51.788 65429 INFO tempest.lib.common.rest_client [req-47901949-d579-4b2b-b3c4-b301b59bd45b req-47901949-d579-4b2b-b3c4-b301b59bd45b ] Request (ServerTagsTestJSON:setUpClass): 200 GET http://10.180.1.21/compute/v2.1/servers/073c449a-303d-4e01-8219-10652a5bcc81 0.229s
2025-12-08 21:26:51.866 65481 INFO tempest.lib.common.rest_client [req-06ff4bb6-4d41-4d94-8810-de9ef89231fe req-06ff4bb6-4d41-4d94-8810-de9ef89231fe ] Request (FloatingIPsAssociationTestJSON:tearDownClass): 200 GET http://10.180.1.21/compute/v2.1/servers/68483344-ca53-48fd-a5ec-d4604292e0a6 0.226s
2025-12-08 21:26:51.886 65483 INFO tempest.lib.common.rest_client [req-5456c532-6be9-4fa8-bd5b-3f4b2d9cd781 req-5456c532-6be9-4fa8-bd5b-3f4b2d9cd781 ] Request (ImagesOneServerNegativeTestJSON:_run_cleanups): 200 GET http://10.180.1.21/compute/v2.1/servers/347fb941-d4cf-4777-964e-83e312410a93 0.216s
2025-12-08 21:26:51.936 65437 WARNING tempest.lib.common.ssh [-] Failed to establish authenticated ssh connection to cirros@10.180.180.208 ([Errno None] Unable to connect to port 22 on 10.180.180.208). Number attempts: 10. Retry after 11 seconds.: paramiko.ssh_exception.NoValidConnectionsError: [Errno None] Unable to connect to port 22 on 10.180.180.208
2025-12-08 21:26:51.937 65473 INFO tempest.lib.common.rest_client [req-58715c63-408d-49fc-8d71-b47e0aa66a37 req-58715c63-408d-49fc-8d71-b47e0aa66a37 ] Request (ServerRescueTestJSON:tearDownClass): 200 GET http://10.180.1.21/compute/v2.1/servers/ae7572cb-c9be-4ea5-9b27-0c3c83a7bc20 0.155s
2025-12-08 21:26:52.078 65435 INFO tempest.lib.common.rest_client [req-0d8f5fab-2f20-4de2-907d-7a23e41fa497 req-0d8f5fab-2f20-4de2-907d-7a23e41fa497 ] Request (ServersAdminTestJSON:test_reset_state_server): 200 GET http://10.180.1.21/compute/v2.1/servers/ef7c5347-124f-4f21-91a4-31a4bd5b75f7 0.290s
2025-12-08 21:26:52.112 65467 INFO tempest.lib.common.rest_client [req-9664811d-0cb2-47f4-94dc-c240a25554a2 req-9664811d-0cb2-47f4-94dc-c240a25554a2 ] Request (ImagesTestJSON:test_create_image_from_suspended_server): 200 GET http://10.180.1.21/compute/v2.1/servers/09eb331e-95e1-4495-9762-a28c94821593 0.289s
2025-12-08 21:26:52.167 65453 INFO tempest.lib.common.rest_client [req-948d7c40-ea3f-467b-8233-62193e14996d req-948d7c40-ea3f-467b-8233-62193e14996d ] Request (ServerShowV247Test:tearDownClass): 200 GET http://10.180.1.21/compute/v2.1/servers/6512c8f0-f4ed-4376-9928-de4e252b3e14 0.318s
2025-12-08 21:26:52.176 65453 INFO tempest.common.waiters [-] State transition "ACTIVE/deleting" ==> "DELETED/None" after 6 second wait
2025-12-08 21:26:52.187 65477 INFO tempest.lib.common.rest_client [req-b090d857-7027-406c-a00f-e0141debd328 req-b090d857-7027-406c-a00f-e0141debd328 ] Request (ListImageFiltersTestJSON:tearDownClass): 200 GET http://10.180.1.21/compute/v2.1/servers/7560d450-4ce9-4f84-bf39-1f34a3c76ce2 0.274s
2025-12-08 21:26:52.227 65431 INFO tempest.lib.common.rest_client [req-39a3b06d-5177-4b43-ad6e-5122e7985791 req-39a3b06d-5177-4b43-ad6e-5122e7985791 ] Request (ListServerFiltersTestJSON:tearDownClass): 200 GET http://10.180.1.21/compute/v2.1/servers/b299eb2a-a99e-452b-8cc6-6b6e9e17754f 0.279s
2025-12-08 21:26:52.234 65431 INFO tempest.common.waiters [-] State transition "ACTIVE/deleting" ==> "DELETED/None" after 3 second wait
2025-12-08 21:26:52.281 65475 INFO tempest.lib.common.rest_client [req-0374d208-1d7f-4734-8eac-d6d2dea4993b req-0374d208-1d7f-4734-8eac-d6d2dea4993b ] Request (ServerActionsV293TestJSON:setUpClass): 200 GET http://10.180.1.21/compute/v2.1/servers/4b8a9fc7-9d85-4702-9b2c-e25840199002 0.286s
2025-12-08 21:26:52.300 65435 INFO tempest.lib.common.rest_client [req-86646888-069b-4f30-9948-95fa2cf15496 req-86646888-069b-4f30-9948-95fa2cf15496 ] Request (ServersAdminTestJSON:test_reset_state_server): 202 POST http://10.180.1.21/compute/v2.1/servers/ef7c5347-124f-4f21-91a4-31a4bd5b75f7/action 0.209s
2025-12-08 21:26:52.532 65455 INFO tempest.lib.common.rest_client [req-6e8dffe1-8eb3-4885-b0b2-42017af67bad req-6e8dffe1-8eb3-4885-b0b2-42017af67bad ] Request (ServerGroup264TestJSON:tearDownClass): 200 PUT http://10.180.1.21/networking/v2.0/routers/06331d4f-572d-49e7-9103-a9bf1baa0bc6/remove_router_interface 0.841s
2025-12-08 21:26:52.568 65425 INFO tempest.lib.common.rest_client [req-9ccb34b6-bfab-426b-b788-9735a8c5fe15 req-9ccb34b6-bfab-426b-b788-9735a8c5fe15 ] Request (ServersAdminNegativeTestJSON:tearDownClass): 200 GET http://10.180.1.21/compute/v2.1/servers/be16412d-f716-45d7-b49c-b39dbdcad6b0 0.426s
2025-12-08 21:26:52.601 65439 INFO tempest.lib.common.rest_client [req-e97b8225-7913-4b19-af1b-26859e2d8878 req-e97b8225-7913-4b19-af1b-26859e2d8878 ] Request (InstanceActionsTestJSON:test_list_instance_actions): 200 GET http://10.180.1.21/compute/v2.1/servers/83655579-0e3b-4dc2-8d22-f60f4e7354db 0.487s
2025-12-08 21:26:52.612 65439 INFO tempest.common.waiters [-] State transition "HARD_REBOOT/reboot_started_hard" ==> "ACTIVE/None" after 6 second wait
2025-12-08 21:26:52.649 65427 INFO tempest.lib.common.rest_client [req-fef5f6d6-7e81-4dd3-b77c-808bf7e518e2 req-fef5f6d6-7e81-4dd3-b77c-808bf7e518e2 ] Request (ImagesOneServerTestJSON:test_create_image_specify_multibyte_character_image_name): 200 GET http://10.180.1.21/compute/v2.1/images/b64c474e-ff38-4308-8362-07f5e44782b5 0.367s
2025-12-08 21:26:52.797 65465 INFO tempest.lib.common.rest_client [req-e39b60ca-2679-4513-962a-198f6d384678 req-e39b60ca-2679-4513-962a-198f6d384678 ] Request (VolumesAssistedSnapshotsTest:tearDownClass): 200 GET http://10.180.1.21/compute/v2.1/servers/c8849f6f-fd77-471c-b058-82ac76280711 0.561s
2025-12-08 21:26:53.055 65455 INFO tempest.lib.common.rest_client [req-622d7a74-641d-47d2-b885-6e8fa57d5d86 req-622d7a74-641d-47d2-b885-6e8fa57d5d86 ] Request (ServerGroup264TestJSON:tearDownClass): 204 DELETE http://10.180.1.21/networking/v2.0/routers/06331d4f-572d-49e7-9103-a9bf1baa0bc6 0.523s
2025-12-08 21:26:53.112 65435 INFO tempest.lib.common.rest_client [req-853c20c5-c9e0-4af2-a0b2-d37bf81f7dce req-853c20c5-c9e0-4af2-a0b2-d37bf81f7dce ] Request (ServersAdminTestJSON:test_reset_state_server): 200 GET http://10.180.1.21/compute/v2.1/servers/ef7c5347-124f-4f21-91a4-31a4bd5b75f7 0.811s
2025-12-08 21:26:53.169 65439 INFO tempest.lib.common.rest_client [req-fadfec2d-23f7-42d0-81b2-aaa07a6b80e7 req-fadfec2d-23f7-42d0-81b2-aaa07a6b80e7 ] Request (InstanceActionsTestJSON:test_list_instance_actions): 200 GET http://10.180.1.21/compute/v2.1/servers/83655579-0e3b-4dc2-8d22-f60f4e7354db/os-instance-actions 0.556s
2025-12-08 21:26:53.374 65455 INFO tempest.lib.common.rest_client [req-6fa856e6-c226-486b-ba70-22d6c6b450a3 req-6fa856e6-c226-486b-ba70-22d6c6b450a3 ] Request (ServerGroup264TestJSON:tearDownClass): 204 DELETE http://10.180.1.21/networking/v2.0/subnets/06b80257-9b1b-4778-a35a-131f131d9efd 0.318s
2025-12-08 21:26:53.424 65459 INFO tempest.lib.common.rest_client [req-3987d759-ed43-4795-bada-dbf166bbeafe req-3987d759-ed43-4795-bada-dbf166bbeafe ] Request (AttachInterfacesV270Test:test_create_get_list_interfaces): 200 GET http://10.180.1.21/compute/v2.1/servers/16ec48ba-5b39-4f8a-8c10-09cc499689b1 1.077s
2025-12-08 21:26:53.607 65433 WARNING tempest.lib.common.ssh [-] Failed to establish authenticated ssh connection to cirros@10.180.180.253 ([Errno None] Unable to connect to port 22 on 10.180.180.253). Number attempts: 14. Retry after 15 seconds.: paramiko.ssh_exception.NoValidConnectionsError: [Errno None] Unable to connect to port 22 on 10.180.180.253
2025-12-08 21:26:53.617 65455 INFO tempest.lib.common.rest_client [req-ff40b449-101c-4afa-8fe6-e519636d5beb req-ff40b449-101c-4afa-8fe6-e519636d5beb ] Request (ServerGroup264TestJSON:tearDownClass): 204 DELETE http://10.180.1.21/networking/v2.0/networks/76fc5fb3-171e-4eba-afc6-2b06663f96fe 0.242s
2025-12-08 21:26:53.657 65458 INFO tempest.lib.common.rest_client [req-dfcbb18c-dfb5-4387-bac2-1d7706a17f19 req-dfcbb18c-dfb5-4387-bac2-1d7706a17f19 ] Request (MigrationsAdminTest:test_resize_server_revert_deleted_flavor): 200 GET http://10.180.1.21/compute/v2.1/servers/5013663e-a050-406a-8748-1d5c2e8fc839 0.970s
2025-12-08 21:26:53.711 65455 INFO tempest.lib.common.rest_client [req-ca3f7248-70db-40e1-9e09-66251ad58e94 req-ca3f7248-70db-40e1-9e09-66251ad58e94 ] Request (ServerGroup264TestJSON:tearDownClass): 204 DELETE http://10.180.1.21/identity/v3/users/a5fd59d3e0494051aa55eacf056e43c2 0.094s
2025-12-08 21:26:53.711 65455 INFO tempest.lib.common.dynamic_creds [-] Deleting project and security group for project: 35851e29607f46aa97a2061f3a4af8ed
2025-12-08 21:26:53.837 65443 INFO tempest.lib.common.rest_client [req-b454ec6c-8d0a-4398-8ae8-a1e4610bb75c req-b454ec6c-8d0a-4398-8ae8-a1e4610bb75c ] Request (ServersTestMultiNic:_run_cleanups): 200 GET http://10.180.1.21/compute/v2.1/servers/12cb4127-ba95-4ecd-b6c9-8a2721771415 1.119s
2025-12-08 21:26:53.927 65455 INFO tempest.lib.common.rest_client [req-81d8cc99-5d65-4b4d-90a5-4cc24736a5a3 req-81d8cc99-5d65-4b4d-90a5-4cc24736a5a3 ] Request (ServerGroup264TestJSON:tearDownClass): 200 GET http://10.180.1.21/networking/v2.0/security-groups?tenant_id=35851e29607f46aa97a2061f3a4af8ed&name=default 0.215s
2025-12-08 21:26:54.239 65481 INFO tempest.lib.common.rest_client [req-8139d582-0afa-41ea-87d1-c7ffc0780faa req-8139d582-0afa-41ea-87d1-c7ffc0780faa ] Request (FloatingIPsAssociationTestJSON:tearDownClass): 200 GET http://10.180.1.21/compute/v2.1/servers/68483344-ca53-48fd-a5ec-d4604292e0a6 1.362s
2025-12-08 21:26:54.267 65429 INFO tempest.lib.common.rest_client [req-00edbcaf-b9c4-431c-8de8-24dcbf778a29 req-00edbcaf-b9c4-431c-8de8-24dcbf778a29 ] Request (ServerTagsTestJSON:setUpClass): 200 GET http://10.180.1.21/compute/v2.1/servers/073c449a-303d-4e01-8219-10652a5bcc81 1.468s
2025-12-08 21:26:54.276 65429 INFO tempest.common.waiters [-] State transition "BUILD/None" ==> "BUILD/spawning" after 34 second wait
2025-12-08 21:26:54.352 65455 INFO tempest.lib.common.rest_client [req-6c62ffea-3fa7-4b53-9f85-bdb353bebb7f req-6c62ffea-3fa7-4b53-9f85-bdb353bebb7f ] Request (ServerGroup264TestJSON:tearDownClass): 204 DELETE http://10.180.1.21/networking/v2.0/security-groups/e7459d7f-b767-4dcd-bbe3-e8bc49aadf7e 0.424s
2025-12-08 21:26:54.480 65455 INFO tempest.lib.common.rest_client [req-6470fb20-7bee-4b25-9d64-ec0842cea7c1 req-6470fb20-7bee-4b25-9d64-ec0842cea7c1 ] Request (ServerGroup264TestJSON:tearDownClass): 204 DELETE http://10.180.1.21/identity/v3/projects/35851e29607f46aa97a2061f3a4af8ed 0.127s
2025-12-08 21:26:54.578 65483 INFO tempest.lib.common.rest_client [req-ca6656e5-48e8-40a1-bd7b-75dc0f84d2cf req-ca6656e5-48e8-40a1-bd7b-75dc0f84d2cf ] Request (ImagesOneServerNegativeTestJSON:_run_cleanups): 200 GET http://10.180.1.21/compute/v2.1/servers/347fb941-d4cf-4777-964e-83e312410a93 1.684s
2025-12-08 21:26:54.594 65473 INFO tempest.lib.common.rest_client [req-9578e0a1-b62b-4a5b-9eba-87693c44d7b6 req-9578e0a1-b62b-4a5b-9eba-87693c44d7b6 ] Request (ServerRescueTestJSON:tearDownClass): 200 GET http://10.180.1.21/compute/v2.1/servers/ae7572cb-c9be-4ea5-9b27-0c3c83a7bc20 1.647s
2025-12-08 21:26:54.684 65435 INFO tempest.lib.common.rest_client [req-15e65af9-023d-425e-9b2a-b1c49309390b req-15e65af9-023d-425e-9b2a-b1c49309390b ] Request (ServersAdminTestJSON:tearDownClass): 204 DELETE http://10.180.1.21/compute/v2.1/servers/76155db8-131e-4836-9ce6-7df035f677ea 1.560s
2025-12-08 21:26:54.690 65467 INFO tempest.lib.common.rest_client [req-c76b33ce-9ad7-411a-b2a7-0244869a07ed req-c76b33ce-9ad7-411a-b2a7-0244869a07ed ] Request (ImagesTestJSON:test_create_image_from_suspended_server): 200 GET http://10.180.1.21/compute/v2.1/servers/09eb331e-95e1-4495-9762-a28c94821593 1.566s
2025-12-08 21:26:54.698 65467 INFO tempest.common.waiters [-] State transition "ACTIVE/suspending" ==> "SUSPENDED/None" after 4 second wait
2025-12-08 21:26:54.774 65453 INFO tempest.lib.common.rest_client [req-52250c1f-947b-42df-b228-05caf946a964 req-52250c1f-947b-42df-b228-05caf946a964 ] Request (ServerShowV247Test:tearDownClass): 200 GET http://10.180.1.21/compute/v2.1/servers/6512c8f0-f4ed-4376-9928-de4e252b3e14 1.596s
2025-12-08 21:26:54.788 65439 INFO tempest.lib.common.rest_client [req-3717fb9a-cebd-40e1-a376-5aa65b565df5 req-3717fb9a-cebd-40e1-a376-5aa65b565df5 ] Request (InstanceActionsTestJSON:tearDownClass): 204 DELETE http://10.180.1.21/compute/v2.1/servers/83655579-0e3b-4dc2-8d22-f60f4e7354db 1.614s
2025-12-08 21:26:54.842 65477 INFO tempest.lib.common.rest_client [req-a87ee7ec-53b3-4666-93ce-1bb07bbbbe79 req-a87ee7ec-53b3-4666-93ce-1bb07bbbbe79 ] Request (ListImageFiltersTestJSON:tearDownClass): 200 GET http://10.180.1.21/compute/v2.1/servers/7560d450-4ce9-4f84-bf39-1f34a3c76ce2 1.643s
2025-12-08 21:26:54.857 65431 INFO tempest.lib.common.rest_client [req-2f7ae5b1-a320-463e-aeb5-c0747c45b8bf req-2f7ae5b1-a320-463e-aeb5-c0747c45b8bf ] Request (ListServerFiltersTestJSON:tearDownClass): 200 GET http://10.180.1.21/compute/v2.1/servers/b299eb2a-a99e-452b-8cc6-6b6e9e17754f 1.622s
2025-12-08 21:26:54.901 65475 INFO tempest.lib.common.rest_client [req-0a735573-0e58-4180-b323-399f26e50172 req-0a735573-0e58-4180-b323-399f26e50172 ] Request (ServerActionsV293TestJSON:setUpClass): 200 GET http://10.180.1.21/compute/v2.1/servers/4b8a9fc7-9d85-4702-9b2c-e25840199002 1.601s
2025-12-08 21:26:54.914 65475 INFO tempest.common.waiters [-] State transition "BUILD/None" ==> "BUILD/networking" after 25 second wait
2025-12-08 21:26:54.922 65425 INFO tempest.lib.common.rest_client [req-30a39fbe-b351-4165-b5f0-97e8d752c81b req-30a39fbe-b351-4165-b5f0-97e8d752c81b ] Request (ServersAdminNegativeTestJSON:tearDownClass): 200 GET http://10.180.1.21/compute/v2.1/servers/be16412d-f716-45d7-b49c-b39dbdcad6b0 1.334s
2025-12-08 21:26:54.938 65427 INFO tempest.lib.common.rest_client [req-8a0f7043-0263-452f-b911-7b676a3670ce req-8a0f7043-0263-452f-b911-7b676a3670ce ] Request (ImagesOneServerTestJSON:test_create_image_specify_multibyte_character_image_name): 200 GET http://10.180.1.21/compute/v2.1/images/b64c474e-ff38-4308-8362-07f5e44782b5 1.283s
2025-12-08 21:26:54.987 65465 INFO tempest.lib.common.rest_client [req-0d03c099-9e77-48fd-b806-b966bc11995f req-0d03c099-9e77-48fd-b806-b966bc11995f ] Request (VolumesAssistedSnapshotsTest:tearDownClass): 200 GET http://10.180.1.21/compute/v2.1/servers/c8849f6f-fd77-471c-b058-82ac76280711 1.182s
2025-12-08 21:26:55.028 65487 WARNING tempest.lib.common.ssh [-] Failed to establish authenticated ssh connection to cirros@10.180.180.188 ([Errno None] Unable to connect to port 22 on 10.180.180.188). Number attempts: 7. Retry after 8 seconds.: paramiko.ssh_exception.NoValidConnectionsError: [Errno None] Unable to connect to port 22 on 10.180.180.188
2025-12-08 21:26:55.129 65459 INFO tempest.lib.common.rest_client [req-20b9147d-4a64-43a4-ad8c-7717b80b6866 req-20b9147d-4a64-43a4-ad8c-7717b80b6866 ] Request (AttachInterfacesV270Test:test_create_get_list_interfaces): 200 GET http://10.180.1.21/compute/v2.1/servers/16ec48ba-5b39-4f8a-8c10-09cc499689b1 0.695s
2025-12-08 21:26:55.165 65458 INFO tempest.lib.common.rest_client [req-56c0d3f8-bd83-488a-b5bb-0bf32ddad596 req-56c0d3f8-bd83-488a-b5bb-0bf32ddad596 ] Request (MigrationsAdminTest:test_resize_server_revert_deleted_flavor): 200 GET http://10.180.1.21/compute/v2.1/servers/5013663e-a050-406a-8748-1d5c2e8fc839 0.499s
2025-12-08 21:26:55.250 65435 INFO tempest.lib.common.rest_client [req-8cbe1883-6913-462b-a139-f6dd6b9d05dc req-8cbe1883-6913-462b-a139-f6dd6b9d05dc ] Request (ServersAdminTestJSON:tearDownClass): 200 GET http://10.180.1.21/compute/v2.1/servers/76155db8-131e-4836-9ce6-7df035f677ea 0.566s
2025-12-08 21:26:55.428 65439 INFO tempest.lib.common.rest_client [req-9edd9393-8bab-4d31-a1be-e07081945210 req-9edd9393-8bab-4d31-a1be-e07081945210 ] Request (InstanceActionsTestJSON:tearDownClass): 200 GET http://10.180.1.21/compute/v2.1/servers/83655579-0e3b-4dc2-8d22-f60f4e7354db 0.640s
2025-12-08 21:26:55.490 65443 INFO tempest.lib.common.rest_client [req-facb2344-a68b-40e9-b126-c2b3f24ef1c3 req-facb2344-a68b-40e9-b126-c2b3f24ef1c3 ] Request (ServersTestMultiNic:_run_cleanups): 200 GET http://10.180.1.21/compute/v2.1/servers/12cb4127-ba95-4ecd-b6c9-8a2721771415 0.642s
2025-12-08 21:26:55.555 65481 INFO tempest.lib.common.rest_client [req-b07ab421-521b-490f-9fc0-4176e77dd32b req-b07ab421-521b-490f-9fc0-4176e77dd32b ] Request (FloatingIPsAssociationTestJSON:tearDownClass): 200 GET http://10.180.1.21/compute/v2.1/servers/68483344-ca53-48fd-a5ec-d4604292e0a6 0.309s
2025-12-08 21:26:55.722 65467 INFO tempest.lib.common.rest_client [req-5f723efc-48e7-4cd9-98d6-533f1e64eb92 req-5f723efc-48e7-4cd9-98d6-533f1e64eb92 ] Request (ImagesTestJSON:test_create_image_from_suspended_server): 202 POST http://10.180.1.21/compute/v2.1/servers/09eb331e-95e1-4495-9762-a28c94821593/action 1.024s
2025-12-08 21:26:55.738 65429 INFO tempest.lib.common.rest_client [req-42e8b307-46f0-4a7a-82d9-5bb4ef1b8ddc req-42e8b307-46f0-4a7a-82d9-5bb4ef1b8ddc ] Request (ServerTagsTestJSON:setUpClass): 200 GET http://10.180.1.21/compute/v2.1/servers/073c449a-303d-4e01-8219-10652a5bcc81 0.461s
2025-12-08 21:26:55.835 65483 INFO tempest.lib.common.rest_client [req-07644d61-574a-4ef5-abd2-15a0af10b8ce req-07644d61-574a-4ef5-abd2-15a0af10b8ce ] Request (ImagesOneServerNegativeTestJSON:_run_cleanups): 200 GET http://10.180.1.21/compute/v2.1/servers/347fb941-d4cf-4777-964e-83e312410a93 0.244s
2025-12-08 21:26:55.848 65473 INFO tempest.lib.common.rest_client [req-0bc0e08b-82ea-48c4-b75f-9ae006ea909f req-0bc0e08b-82ea-48c4-b75f-9ae006ea909f ] Request (ServerRescueTestJSON:tearDownClass): 200 GET http://10.180.1.21/compute/v2.1/servers/ae7572cb-c9be-4ea5-9b27-0c3c83a7bc20 0.243s
2025-12-08 21:26:55.872 65467 INFO tempest.lib.common.rest_client [req-ef21fedd-d60f-4a70-9541-aca2dce4585e req-ef21fedd-d60f-4a70-9541-aca2dce4585e ] Request (ImagesTestJSON:test_create_image_from_suspended_server): 200 GET http://10.180.1.21/compute/v2.1/images/adcc8ac1-d9ed-4dfd-a2b7-f668aab32b6e 0.148s
2025-12-08 21:26:55.917 65453 INFO tempest.lib.common.rest_client [req-08dde54c-f393-423b-b6ca-6209966c0bba req-08dde54c-f393-423b-b6ca-6209966c0bba ] Request (ServerShowV247Test:tearDownClass): 200 GET http://10.180.1.21/compute/v2.1/servers/6512c8f0-f4ed-4376-9928-de4e252b3e14 0.128s
2025-12-08 21:26:55.988 65477 INFO tempest.lib.common.rest_client [req-9ce116dd-8b6f-44f2-94cc-238558fda68f req-9ce116dd-8b6f-44f2-94cc-238558fda68f ] Request (ListImageFiltersTestJSON:tearDownClass): 200 GET http://10.180.1.21/compute/v2.1/servers/7560d450-4ce9-4f84-bf39-1f34a3c76ce2 0.136s
2025-12-08 21:26:56.035 65431 INFO tempest.lib.common.rest_client [req-50b37690-5c11-401c-be78-307684a5e903 req-50b37690-5c11-401c-be78-307684a5e903 ] Request (ListServerFiltersTestJSON:tearDownClass): 200 GET http://10.180.1.21/compute/v2.1/servers/b299eb2a-a99e-452b-8cc6-6b6e9e17754f 0.169s
2025-12-08 21:26:56.200 65425 INFO tempest.lib.common.rest_client [req-82503f0f-7872-438b-b1b6-bc55866f9e81 req-82503f0f-7872-438b-b1b6-bc55866f9e81 ] Request (ServersAdminNegativeTestJSON:tearDownClass): 200 GET http://10.180.1.21/compute/v2.1/servers/be16412d-f716-45d7-b49c-b39dbdcad6b0 0.270s
2025-12-08 21:26:56.237 65475 INFO tempest.lib.common.rest_client [req-6421c573-f0d3-4101-af7a-7b7f8073c675 req-6421c573-f0d3-4101-af7a-7b7f8073c675 ] Request (ServerActionsV293TestJSON:setUpClass): 200 GET http://10.180.1.21/compute/v2.1/servers/4b8a9fc7-9d85-4702-9b2c-e25840199002 0.322s
2025-12-08 21:26:56.238 65427 INFO tempest.lib.common.rest_client [req-b116876a-e63a-4391-994c-ba7227a2cedf req-b116876a-e63a-4391-994c-ba7227a2cedf ] Request (ImagesOneServerTestJSON:test_create_image_specify_multibyte_character_image_name): 200 GET http://10.180.1.21/compute/v2.1/images/b64c474e-ff38-4308-8362-07f5e44782b5 0.295s
2025-12-08 21:26:56.248 65475 INFO tempest.common.waiters [-] State transition "BUILD/networking" ==> "BUILD/block_device_mapping" after 27 second wait
2025-12-08 21:26:56.351 65465 INFO tempest.lib.common.rest_client [req-85091df8-6260-4839-b00d-f7ee5f8dfe78 req-85091df8-6260-4839-b00d-f7ee5f8dfe78 ] Request (VolumesAssistedSnapshotsTest:tearDownClass): 200 GET http://10.180.1.21/compute/v2.1/servers/c8849f6f-fd77-471c-b058-82ac76280711 0.355s
2025-12-08 21:26:56.376 65459 INFO tempest.lib.common.rest_client [req-bb215d75-e2f5-430c-a613-3e976b70e4cf req-bb215d75-e2f5-430c-a613-3e976b70e4cf ] Request (AttachInterfacesV270Test:test_create_get_list_interfaces): 200 GET http://10.180.1.21/compute/v2.1/servers/16ec48ba-5b39-4f8a-8c10-09cc499689b1 0.232s
2025-12-08 21:26:56.509 65458 INFO tempest.lib.common.rest_client [req-b97d90e8-a0e6-4d7d-aac9-fd71805fa93a req-b97d90e8-a0e6-4d7d-aac9-fd71805fa93a ] Request (MigrationsAdminTest:test_resize_server_revert_deleted_flavor): 200 GET http://10.180.1.21/compute/v2.1/servers/5013663e-a050-406a-8748-1d5c2e8fc839 0.336s
2025-12-08 21:26:56.543 65435 INFO tempest.lib.common.rest_client [req-4a33c9db-c88f-415b-911b-e2216ef585d8 req-4a33c9db-c88f-415b-911b-e2216ef585d8 ] Request (ServersAdminTestJSON:tearDownClass): 200 GET http://10.180.1.21/compute/v2.1/servers/76155db8-131e-4836-9ce6-7df035f677ea 0.285s
2025-12-08 21:26:56.611 65443 INFO tempest.lib.common.rest_client [req-7ff1e0d4-811f-419d-b017-28d22fe14ba8 req-7ff1e0d4-811f-419d-b017-28d22fe14ba8 ] Request (ServersTestMultiNic:_run_cleanups): 200 GET http://10.180.1.21/compute/v2.1/servers/12cb4127-ba95-4ecd-b6c9-8a2721771415 0.110s
2025-12-08 21:26:56.619 65443 INFO tempest.common.waiters [-] State transition "ACTIVE/deleting" ==> "DELETED/None" after 5 second wait
2025-12-08 21:26:56.643 65439 INFO tempest.lib.common.rest_client [req-30d6e835-f9f8-4b99-8395-628bcbc80377 req-30d6e835-f9f8-4b99-8395-628bcbc80377 ] Request (InstanceActionsTestJSON:tearDownClass): 200 GET http://10.180.1.21/compute/v2.1/servers/83655579-0e3b-4dc2-8d22-f60f4e7354db 0.206s
2025-12-08 21:26:56.681 65481 INFO tempest.lib.common.rest_client [req-c10e9f95-692d-45d9-bcee-735232535b52 req-c10e9f95-692d-45d9-bcee-735232535b52 ] Request (FloatingIPsAssociationTestJSON:tearDownClass): 200 GET http://10.180.1.21/compute/v2.1/servers/68483344-ca53-48fd-a5ec-d4604292e0a6 0.115s
2025-12-08 21:26:56.760 65449 WARNING tempest.lib.common.ssh [-] Failed to establish authenticated ssh connection to cirros@10.180.180.177 ([Errno None] Unable to connect to port 22 on 10.180.180.177). Number attempts: 3. Retry after 4 seconds.: paramiko.ssh_exception.NoValidConnectionsError: [Errno None] Unable to connect to port 22 on 10.180.180.177
2025-12-08 21:26:56.870 65429 INFO tempest.lib.common.rest_client [req-2675b08e-6112-415c-ac38-6d4c124e9dbf req-2675b08e-6112-415c-ac38-6d4c124e9dbf ] Request (ServerTagsTestJSON:setUpClass): 200 GET http://10.180.1.21/compute/v2.1/servers/073c449a-303d-4e01-8219-10652a5bcc81 0.123s
2025-12-08 21:26:56.922 65483 INFO tempest.lib.common.rest_client [req-bd7fe215-89f8-4b81-ad54-21e4b344d84a req-bd7fe215-89f8-4b81-ad54-21e4b344d84a ] Request (ImagesOneServerNegativeTestJSON:_run_cleanups): 200 GET http://10.180.1.21/compute/v2.1/servers/347fb941-d4cf-4777-964e-83e312410a93 0.076s
2025-12-08 21:26:56.947 65473 INFO tempest.lib.common.rest_client [req-af33b182-2d95-465a-a492-a08d0cec4156 req-af33b182-2d95-465a-a492-a08d0cec4156 ] Request (ServerRescueTestJSON:tearDownClass): 200 GET http://10.180.1.21/compute/v2.1/servers/ae7572cb-c9be-4ea5-9b27-0c3c83a7bc20 0.090s
2025-12-08 21:26:56.964 65467 INFO tempest.lib.common.rest_client [req-860c3a34-9f77-4869-afcd-6baabca6ccf9 req-860c3a34-9f77-4869-afcd-6baabca6ccf9 ] Request (ImagesTestJSON:test_create_image_from_suspended_server): 200 GET http://10.180.1.21/compute/v2.1/images/adcc8ac1-d9ed-4dfd-a2b7-f668aab32b6e 0.088s
2025-12-08 21:26:57.022 65453 INFO tempest.lib.common.rest_client [req-c4b37f31-3c31-4936-884c-c6245ef11ab4 req-c4b37f31-3c31-4936-884c-c6245ef11ab4 ] Request (ServerShowV247Test:tearDownClass): 200 GET http://10.180.1.21/compute/v2.1/servers/6512c8f0-f4ed-4376-9928-de4e252b3e14 0.090s
2025-12-08 21:26:57.030 65477 INFO tempest.lib.common.rest_client [req-f97353d9-1820-4d47-818f-fcd35bc2fb99 req-f97353d9-1820-4d47-818f-fcd35bc2fb99 ] Request (ListImageFiltersTestJSON:tearDownClass): 404 GET http://10.180.1.21/compute/v2.1/servers/7560d450-4ce9-4f84-bf39-1f34a3c76ce2 0.033s
2025-12-08 21:26:57.141 65477 INFO tempest.lib.common.rest_client [req-58ba1e81-281c-49f9-844d-551174f1cf75 req-58ba1e81-281c-49f9-844d-551174f1cf75 ] Request (ListImageFiltersTestJSON:tearDownClass): 204 DELETE http://10.180.1.21/compute/v2.1/servers/e62cb3fb-9beb-44e6-aa81-a82adbfebe41 0.110s
2025-12-08 21:26:57.146 65431 INFO tempest.lib.common.rest_client [req-b092cd96-3bd4-4b1a-b99f-f4b1304353cc req-b092cd96-3bd4-4b1a-b99f-f4b1304353cc ] Request (ListServerFiltersTestJSON:tearDownClass): 200 GET http://10.180.1.21/compute/v2.1/servers/b299eb2a-a99e-452b-8cc6-6b6e9e17754f 0.103s
2025-12-08 21:26:57.276 65477 INFO tempest.lib.common.rest_client [req-15e2fcb6-5e1f-4629-b4b2-5e4383d4dfdf req-15e2fcb6-5e1f-4629-b4b2-5e4383d4dfdf ] Request (ListImageFiltersTestJSON:tearDownClass): 200 GET http://10.180.1.21/compute/v2.1/servers/e62cb3fb-9beb-44e6-aa81-a82adbfebe41 0.134s
2025-12-08 21:26:57.289 65425 INFO tempest.lib.common.rest_client [req-aa4ba364-eefd-403c-9528-d410a4b9ae3a req-aa4ba364-eefd-403c-9528-d410a4b9ae3a ] Request (ServersAdminNegativeTestJSON:tearDownClass): 200 GET http://10.180.1.21/compute/v2.1/servers/be16412d-f716-45d7-b49c-b39dbdcad6b0 0.076s
2025-12-08 21:26:57.320 65427 INFO tempest.lib.common.rest_client [req-dd8224cd-6985-449a-a4a0-9e4799ddfe7d req-dd8224cd-6985-449a-a4a0-9e4799ddfe7d ] Request (ImagesOneServerTestJSON:test_create_image_specify_multibyte_character_image_name): 200 GET http://10.180.1.21/compute/v2.1/images/b64c474e-ff38-4308-8362-07f5e44782b5 0.077s
2025-12-08 21:26:57.424 65465 INFO tempest.lib.common.rest_client [req-19e26ddc-d8e5-43a3-b238-77c49fe071b6 req-19e26ddc-d8e5-43a3-b238-77c49fe071b6 ] Request (VolumesAssistedSnapshotsTest:tearDownClass): 200 GET http://10.180.1.21/compute/v2.1/servers/c8849f6f-fd77-471c-b058-82ac76280711 0.065s
2025-12-08 21:26:57.439 65475 INFO tempest.lib.common.rest_client [req-1f1ec13a-54e8-4b9e-a241-8269bf2f238d req-1f1ec13a-54e8-4b9e-a241-8269bf2f238d ] Request (ServerActionsV293TestJSON:setUpClass): 200 GET http://10.180.1.21/compute/v2.1/servers/4b8a9fc7-9d85-4702-9b2c-e25840199002 0.189s
2025-12-08 21:26:57.526 65459 INFO tempest.lib.common.rest_client [req-8af20899-c7b6-462b-a6b9-0eee6c63e000 req-8af20899-c7b6-462b-a6b9-0eee6c63e000 ] Request (AttachInterfacesV270Test:test_create_get_list_interfaces): 200 GET http://10.180.1.21/compute/v2.1/servers/16ec48ba-5b39-4f8a-8c10-09cc499689b1 0.141s
2025-12-08 21:26:57.716 65458 INFO tempest.lib.common.rest_client [req-8910f112-872e-4ae4-b187-0bcf262d203e req-8910f112-872e-4ae4-b187-0bcf262d203e ] Request (MigrationsAdminTest:test_resize_server_revert_deleted_flavor): 200 GET http://10.180.1.21/compute/v2.1/servers/5013663e-a050-406a-8748-1d5c2e8fc839 0.198s
2025-12-08 21:26:57.779 65435 INFO tempest.lib.common.rest_client [req-1538cb0e-d9ad-4c78-9379-4e90a85fe42b req-1538cb0e-d9ad-4c78-9379-4e90a85fe42b ] Request (ServersAdminTestJSON:tearDownClass): 200 GET http://10.180.1.21/compute/v2.1/servers/76155db8-131e-4836-9ce6-7df035f677ea 0.225s
2025-12-08 21:26:57.792 65443 INFO tempest.lib.common.rest_client [req-52e9dc18-f700-4cf8-9db2-1ab1f77d45cc req-52e9dc18-f700-4cf8-9db2-1ab1f77d45cc ] Request (ServersTestMultiNic:_run_cleanups): 200 GET http://10.180.1.21/compute/v2.1/servers/12cb4127-ba95-4ecd-b6c9-8a2721771415 0.172s
2025-12-08 21:26:57.846 65439 INFO tempest.lib.common.rest_client [req-02dff472-c04c-44d0-b887-0441b3822ff6 req-02dff472-c04c-44d0-b887-0441b3822ff6 ] Request (InstanceActionsTestJSON:tearDownClass): 200 GET http://10.180.1.21/compute/v2.1/servers/83655579-0e3b-4dc2-8d22-f60f4e7354db 0.194s
2025-12-08 21:26:57.887 65481 INFO tempest.lib.common.rest_client [req-f9952142-f998-49f1-af48-f9b38ea4e8a9 req-f9952142-f998-49f1-af48-f9b38ea4e8a9 ] Request (FloatingIPsAssociationTestJSON:tearDownClass): 200 GET http://10.180.1.21/compute/v2.1/servers/68483344-ca53-48fd-a5ec-d4604292e0a6 0.196s
2025-12-08 21:26:58.086 65483 INFO tempest.lib.common.rest_client [req-2497ad8d-325e-4262-8a09-db85e2387194 req-2497ad8d-325e-4262-8a09-db85e2387194 ] Request (ImagesOneServerNegativeTestJSON:_run_cleanups): 200 GET http://10.180.1.21/compute/v2.1/servers/347fb941-d4cf-4777-964e-83e312410a93 0.154s
2025-12-08 21:26:58.127 65429 INFO tempest.lib.common.rest_client [req-49921a3f-425b-45b7-9109-b25afc023950 req-49921a3f-425b-45b7-9109-b25afc023950 ] Request (ServerTagsTestJSON:setUpClass): 200 GET http://10.180.1.21/compute/v2.1/servers/073c449a-303d-4e01-8219-10652a5bcc81 0.246s
2025-12-08 21:26:58.177 65467 INFO tempest.lib.common.rest_client [req-7f36f777-f5be-46e8-9cd8-21638af7aaa7 req-7f36f777-f5be-46e8-9cd8-21638af7aaa7 ] Request (ImagesTestJSON:test_create_image_from_suspended_server): 200 GET http://10.180.1.21/compute/v2.1/images/adcc8ac1-d9ed-4dfd-a2b7-f668aab32b6e 0.207s
2025-12-08 21:26:58.196 65473 INFO tempest.lib.common.rest_client [req-e58dfaee-4623-4b15-b3d5-ea24ea2a0369 req-e58dfaee-4623-4b15-b3d5-ea24ea2a0369 ] Request (ServerRescueTestJSON:tearDownClass): 200 GET http://10.180.1.21/compute/v2.1/servers/ae7572cb-c9be-4ea5-9b27-0c3c83a7bc20 0.239s
2025-12-08 21:26:58.256 65453 INFO tempest.lib.common.rest_client [req-607cc0fb-c89e-402f-9fb4-1375b45b5bea req-607cc0fb-c89e-402f-9fb4-1375b45b5bea ] Request (ServerShowV247Test:tearDownClass): 200 GET http://10.180.1.21/compute/v2.1/servers/6512c8f0-f4ed-4376-9928-de4e252b3e14 0.221s
2025-12-08 21:26:58.272 65431 INFO tempest.lib.common.rest_client [req-80186866-c69a-4bd5-987b-1ac571979391 req-80186866-c69a-4bd5-987b-1ac571979391 ] Request (ListServerFiltersTestJSON:tearDownClass): 200 GET http://10.180.1.21/compute/v2.1/servers/b299eb2a-a99e-452b-8cc6-6b6e9e17754f 0.115s
2025-12-08 21:26:58.389 65425 INFO tempest.lib.common.rest_client [req-d9cb78c5-c998-44ca-8324-3b2f97c74760 req-d9cb78c5-c998-44ca-8324-3b2f97c74760 ] Request (ServersAdminNegativeTestJSON:tearDownClass): 200 GET http://10.180.1.21/compute/v2.1/servers/be16412d-f716-45d7-b49c-b39dbdcad6b0 0.090s
2025-12-08 21:26:58.432 65427 INFO tempest.lib.common.rest_client [req-f596af70-ad4b-4955-8a7b-0070629d86fa req-f596af70-ad4b-4955-8a7b-0070629d86fa ] Request (ImagesOneServerTestJSON:test_create_image_specify_multibyte_character_image_name): 200 GET http://10.180.1.21/compute/v2.1/images/b64c474e-ff38-4308-8362-07f5e44782b5 0.108s
2025-12-08 21:26:58.447 65477 INFO tempest.lib.common.rest_client [req-e9838097-c74a-44bc-8e0f-177a55ebe147 req-e9838097-c74a-44bc-8e0f-177a55ebe147 ] Request (ListImageFiltersTestJSON:tearDownClass): 200 GET http://10.180.1.21/compute/v2.1/servers/e62cb3fb-9beb-44e6-aa81-a82adbfebe41 0.160s
2025-12-08 21:26:58.498 65465 INFO tempest.lib.common.rest_client [req-c90e5a2a-a7fa-4619-979d-fe519c3303b5 req-c90e5a2a-a7fa-4619-979d-fe519c3303b5 ] Request (VolumesAssistedSnapshotsTest:tearDownClass): 200 GET http://10.180.1.21/compute/v2.1/servers/c8849f6f-fd77-471c-b058-82ac76280711 0.066s
2025-12-08 21:26:58.572 65475 INFO tempest.lib.common.rest_client [req-f52c98eb-a9c0-4d46-9abb-70f9f1c33a78 req-f52c98eb-a9c0-4d46-9abb-70f9f1c33a78 ] Request (ServerActionsV293TestJSON:setUpClass): 200 GET http://10.180.1.21/compute/v2.1/servers/4b8a9fc7-9d85-4702-9b2c-e25840199002 0.120s
2025-12-08 21:26:58.585 65475 INFO tempest.common.waiters [-] State transition "BUILD/block_device_mapping" ==> "BUILD/spawning" after 29 second wait
2025-12-08 21:26:58.697 65459 INFO tempest.lib.common.rest_client [req-c8497eb2-3e82-4277-a3c0-12ff9dd4b11f req-c8497eb2-3e82-4277-a3c0-12ff9dd4b11f ] Request (AttachInterfacesV270Test:test_create_get_list_interfaces): 200 GET http://10.180.1.21/compute/v2.1/servers/16ec48ba-5b39-4f8a-8c10-09cc499689b1 0.162s
2025-12-08 21:26:58.844 65458 INFO tempest.lib.common.rest_client [req-4dd88a33-9e32-4752-9fd8-ce86a867357f req-4dd88a33-9e32-4752-9fd8-ce86a867357f ] Request (MigrationsAdminTest:test_resize_server_revert_deleted_flavor): 200 GET http://10.180.1.21/compute/v2.1/servers/5013663e-a050-406a-8748-1d5c2e8fc839 0.120s
2025-12-08 21:26:58.864 65435 INFO tempest.lib.common.rest_client [req-49b371d8-015d-4e82-8052-161be08557ef req-49b371d8-015d-4e82-8052-161be08557ef ] Request (ServersAdminTestJSON:tearDownClass): 200 GET http://10.180.1.21/compute/v2.1/servers/76155db8-131e-4836-9ce6-7df035f677ea 0.073s
2025-12-08 21:26:58.914 65443 INFO tempest.lib.common.rest_client [req-232bb106-a544-4f1c-9112-2caa9b6461a0 req-232bb106-a544-4f1c-9112-2caa9b6461a0 ] Request (ServersTestMultiNic:_run_cleanups): 200 GET http://10.180.1.21/compute/v2.1/servers/12cb4127-ba95-4ecd-b6c9-8a2721771415 0.111s
2025-12-08 21:26:58.931 65439 INFO tempest.lib.common.rest_client [req-ba57fa13-d585-4c8f-9df5-b1aaaabe9694 req-ba57fa13-d585-4c8f-9df5-b1aaaabe9694 ] Request (InstanceActionsTestJSON:tearDownClass): 200 GET http://10.180.1.21/compute/v2.1/servers/83655579-0e3b-4dc2-8d22-f60f4e7354db 0.073s
2025-12-08 21:26:58.938 65439 INFO tempest.common.waiters [-] State transition "ACTIVE/deleting" ==> "DELETED/None" after 3 second wait
2025-12-08 21:26:58.990 65481 INFO tempest.lib.common.rest_client [req-8339a56d-65d4-4af4-aedc-a35e0e48796a req-8339a56d-65d4-4af4-aedc-a35e0e48796a ] Request (FloatingIPsAssociationTestJSON:tearDownClass): 200 GET http://10.180.1.21/compute/v2.1/servers/68483344-ca53-48fd-a5ec-d4604292e0a6 0.095s
2025-12-08 21:26:59.199 65483 INFO tempest.lib.common.rest_client [req-44f62c62-7aba-436e-ad42-423cebd62569 req-44f62c62-7aba-436e-ad42-423cebd62569 ] Request (ImagesOneServerNegativeTestJSON:_run_cleanups): 200 GET http://10.180.1.21/compute/v2.1/servers/347fb941-d4cf-4777-964e-83e312410a93 0.096s
2025-12-08 21:26:59.244 65467 INFO tempest.lib.common.rest_client [req-4d5a16e4-6d43-46ab-a70b-756518b4b53b req-4d5a16e4-6d43-46ab-a70b-756518b4b53b ] Request (ImagesTestJSON:test_create_image_from_suspended_server): 200 GET http://10.180.1.21/compute/v2.1/images/adcc8ac1-d9ed-4dfd-a2b7-f668aab32b6e 0.062s
2025-12-08 21:26:59.311 65429 INFO tempest.lib.common.rest_client [req-900a83b3-2589-4f14-a332-5088c949f7ea req-900a83b3-2589-4f14-a332-5088c949f7ea ] Request (ServerTagsTestJSON:setUpClass): 200 GET http://10.180.1.21/compute/v2.1/servers/073c449a-303d-4e01-8219-10652a5bcc81 0.174s
2025-12-08 21:26:59.336 65473 INFO tempest.lib.common.rest_client [req-63be86a4-436f-41d9-b6c4-5fd6f901e751 req-63be86a4-436f-41d9-b6c4-5fd6f901e751 ] Request (ServerRescueTestJSON:tearDownClass): 200 GET http://10.180.1.21/compute/v2.1/servers/ae7572cb-c9be-4ea5-9b27-0c3c83a7bc20 0.129s
2025-12-08 21:26:59.413 65431 INFO tempest.lib.common.rest_client [req-8c0bf936-92a6-450f-b8d0-e6b067cdc8a6 req-8c0bf936-92a6-450f-b8d0-e6b067cdc8a6 ] Request (ListServerFiltersTestJSON:tearDownClass): 200 GET http://10.180.1.21/compute/v2.1/servers/b299eb2a-a99e-452b-8cc6-6b6e9e17754f 0.127s
2025-12-08 21:26:59.414 65453 INFO tempest.lib.common.rest_client [req-e676b812-c8e4-40e7-8288-28a545b38438 req-e676b812-c8e4-40e7-8288-28a545b38438 ] Request (ServerShowV247Test:tearDownClass): 200 GET http://10.180.1.21/compute/v2.1/servers/6512c8f0-f4ed-4376-9928-de4e252b3e14 0.142s
2025-12-08 21:26:59.479 65427 INFO tempest.lib.common.rest_client [req-35114641-4429-4bab-9973-aa559b7efbff req-35114641-4429-4bab-9973-aa559b7efbff ] Request (ImagesOneServerTestJSON:test_create_image_specify_multibyte_character_image_name): 200 GET http://10.180.1.21/compute/v2.1/images/b64c474e-ff38-4308-8362-07f5e44782b5 0.042s
2025-12-08 21:26:59.479 65425 INFO tempest.lib.common.rest_client [req-b8b2041d-0743-49f8-b19d-7edef831981b req-b8b2041d-0743-49f8-b19d-7edef831981b ] Request (ServersAdminNegativeTestJSON:tearDownClass): 200 GET http://10.180.1.21/compute/v2.1/servers/be16412d-f716-45d7-b49c-b39dbdcad6b0 0.077s
2025-12-08 21:26:59.532 65465 INFO tempest.lib.common.rest_client [req-d72257f9-0509-41f0-a7b5-a7178711762b req-d72257f9-0509-41f0-a7b5-a7178711762b ] Request (VolumesAssistedSnapshotsTest:tearDownClass): 404 GET http://10.180.1.21/compute/v2.1/servers/c8849f6f-fd77-471c-b058-82ac76280711 0.023s
2025-12-08 21:26:59.554 65465 INFO tempest.lib.common.rest_client [req-a0f3a229-b8e9-4118-ba97-b9da81d00efd req-a0f3a229-b8e9-4118-ba97-b9da81d00efd ] Request (VolumesAssistedSnapshotsTest:tearDownClass): 202 DELETE http://10.180.1.21/compute/v2.1/os-keypairs/tempest-keypair-100640942 0.021s
2025-12-08 21:26:59.588 65477 INFO tempest.lib.common.rest_client [req-a7053f98-e055-4493-8b7d-472eeddb40ad req-a7053f98-e055-4493-8b7d-472eeddb40ad ] Request (ListImageFiltersTestJSON:tearDownClass): 200 GET http://10.180.1.21/compute/v2.1/servers/e62cb3fb-9beb-44e6-aa81-a82adbfebe41 0.133s
2025-12-08 21:26:59.659 65465 INFO tempest.lib.common.rest_client [req-95d90822-1a9c-4f55-9891-97fae979ddb9 req-95d90822-1a9c-4f55-9891-97fae979ddb9 ] Request (VolumesAssistedSnapshotsTest:tearDownClass): 204 DELETE http://10.180.1.21/networking/v2.0/security-groups/ec7f8198-5a5a-4057-a204-e41a8a9e26e7 0.105s
2025-12-08 21:26:59.671 65465 INFO tempest.lib.common.rest_client [req-2c88d3b8-4b7c-4a08-b3f7-3a267ebe7bb3 req-2c88d3b8-4b7c-4a08-b3f7-3a267ebe7bb3 ] Request (VolumesAssistedSnapshotsTest:tearDownClass): 404 GET http://10.180.1.21/networking/v2.0/security-groups/ec7f8198-5a5a-4057-a204-e41a8a9e26e7 0.011s
2025-12-08 21:26:59.753 65475 INFO tempest.lib.common.rest_client [req-c32d9896-1b82-4a63-89e9-8139e6b728fa req-c32d9896-1b82-4a63-89e9-8139e6b728fa ] Request (ServerActionsV293TestJSON:setUpClass): 200 GET http://10.180.1.21/compute/v2.1/servers/4b8a9fc7-9d85-4702-9b2c-e25840199002 0.167s
2025-12-08 21:26:59.918 65459 INFO tempest.lib.common.rest_client [req-5ff0e9de-ab70-4dc7-a3fe-579d3e1e12ef req-5ff0e9de-ab70-4dc7-a3fe-579d3e1e12ef ] Request (AttachInterfacesV270Test:test_create_get_list_interfaces): 200 GET http://10.180.1.21/compute/v2.1/servers/16ec48ba-5b39-4f8a-8c10-09cc499689b1 0.210s
2025-12-08 21:26:59.929 65459 INFO tempest.common.waiters [-] State transition "BUILD/spawning" ==> "ACTIVE/None" after 40 second wait
2025-12-08 21:26:59.940 65465 INFO tempest.lib.common.rest_client [req-e5747253-e4d7-47e4-b8ba-91efce11b63a req-e5747253-e4d7-47e4-b8ba-91efce11b63a ] Request (VolumesAssistedSnapshotsTest:tearDownClass): 204 DELETE http://10.180.1.21/networking/v2.0/floatingips/8b45e926-a8f4-4078-8ee4-fb6b61940e70 0.269s
2025-12-08 21:26:59.961 65465 INFO tempest.lib.common.rest_client [req-0cd68877-5fcf-4ece-b734-4c1623345724 req-0cd68877-5fcf-4ece-b734-4c1623345724 ] Request (VolumesAssistedSnapshotsTest:tearDownClass): 404 DELETE http://10.180.1.21/volume/v3/volumes/4f12b85e-6a54-4779-a05b-810223067a44 0.020s
2025-12-08 21:26:59.976 65465 INFO tempest.lib.common.rest_client [req-b71b7ab3-fe43-4b8d-ba45-df23229c7b0d req-b71b7ab3-fe43-4b8d-ba45-df23229c7b0d ] Request (VolumesAssistedSnapshotsTest:tearDownClass): 404 GET http://10.180.1.21/volume/v3/volumes/4f12b85e-6a54-4779-a05b-810223067a44 0.015s
2025-12-08 21:27:00.034 65435 INFO tempest.lib.common.rest_client [req-2ef9ce5c-f174-4203-a8c3-9ee0a7e0a93c req-2ef9ce5c-f174-4203-a8c3-9ee0a7e0a93c ] Request (ServersAdminTestJSON:tearDownClass): 200 GET http://10.180.1.21/compute/v2.1/servers/76155db8-131e-4836-9ce6-7df035f677ea 0.157s
2025-12-08 21:27:00.045 65435 INFO tempest.common.waiters [-] State transition "ACTIVE/deleting" ==> "DELETED/None" after 5 second wait
2025-12-08 21:27:00.254 65458 INFO tempest.lib.common.rest_client [req-4ce87a46-2cd2-4b69-bd24-be79190b0d8f req-4ce87a46-2cd2-4b69-bd24-be79190b0d8f ] Request (MigrationsAdminTest:test_resize_server_revert_deleted_flavor): 200 GET http://10.180.1.21/compute/v2.1/servers/5013663e-a050-406a-8748-1d5c2e8fc839 0.397s
2025-12-08 21:27:00.331 65443 INFO tempest.lib.common.rest_client [req-07de3154-5de9-4c72-9f58-07a58a2f3125 req-07de3154-5de9-4c72-9f58-07a58a2f3125 ] Request (ServersTestMultiNic:_run_cleanups): 200 GET http://10.180.1.21/compute/v2.1/servers/12cb4127-ba95-4ecd-b6c9-8a2721771415 0.404s
2025-12-08 21:27:00.414 65439 INFO tempest.lib.common.rest_client [req-26bbfdad-c0a0-4a2b-9cc4-6e6559bb1269 req-26bbfdad-c0a0-4a2b-9cc4-6e6559bb1269 ] Request (InstanceActionsTestJSON:tearDownClass): 200 GET http://10.180.1.21/compute/v2.1/servers/83655579-0e3b-4dc2-8d22-f60f4e7354db 0.475s
2025-12-08 21:27:00.485 65481 INFO tempest.lib.common.rest_client [req-1317922e-3bbf-480e-acb7-3bca4131d1d9 req-1317922e-3bbf-480e-acb7-3bca4131d1d9 ] Request (FloatingIPsAssociationTestJSON:tearDownClass): 200 GET http://10.180.1.21/compute/v2.1/servers/68483344-ca53-48fd-a5ec-d4604292e0a6 0.487s
2025-12-08 21:27:00.555 65483 INFO tempest.lib.common.rest_client [req-b1e0e3a7-f83e-4e14-a234-57785affdf7a req-b1e0e3a7-f83e-4e14-a234-57785affdf7a ] Request (ImagesOneServerNegativeTestJSON:_run_cleanups): 200 GET http://10.180.1.21/compute/v2.1/servers/347fb941-d4cf-4777-964e-83e312410a93 0.347s
2025-12-08 21:27:00.596 65467 INFO tempest.lib.common.rest_client [req-b75949ce-b094-477a-98d1-8bcc3663567f req-b75949ce-b094-477a-98d1-8bcc3663567f ] Request (ImagesTestJSON:test_create_image_from_suspended_server): 200 GET http://10.180.1.21/compute/v2.1/images/adcc8ac1-d9ed-4dfd-a2b7-f668aab32b6e 0.348s
2025-12-08 21:27:00.757 65429 INFO tempest.lib.common.rest_client [req-ec83d5f3-952b-4e3c-8ee5-75c670e89b80 req-ec83d5f3-952b-4e3c-8ee5-75c670e89b80 ] Request (ServerTagsTestJSON:setUpClass): 200 GET http://10.180.1.21/compute/v2.1/servers/073c449a-303d-4e01-8219-10652a5bcc81 0.436s
2025-12-08 21:27:00.838 65473 INFO tempest.lib.common.rest_client [req-21370c36-7937-4ac2-95f1-d9edef9f5f44 req-21370c36-7937-4ac2-95f1-d9edef9f5f44 ] Request (ServerRescueTestJSON:tearDownClass): 200 GET http://10.180.1.21/compute/v2.1/servers/ae7572cb-c9be-4ea5-9b27-0c3c83a7bc20 0.491s
2025-12-08 21:27:00.882 65465 INFO tempest.lib.common.rest_client [req-bad37df3-a46a-488f-825f-d5fa0f022c02 req-bad37df3-a46a-488f-825f-d5fa0f022c02 ] Request (VolumesAssistedSnapshotsTest:tearDownClass): 200 PUT http://10.180.1.21/networking/v2.0/routers/edb0727e-bf6b-4cdd-a277-07eb2c518187/remove_router_interface 0.905s
2025-12-08 21:27:00.931 65431 INFO tempest.lib.common.rest_client [req-6f5e8e38-f575-42c7-86a0-95af3b073e36 req-6f5e8e38-f575-42c7-86a0-95af3b073e36 ] Request (ListServerFiltersTestJSON:tearDownClass): 200 GET http://10.180.1.21/compute/v2.1/servers/b299eb2a-a99e-452b-8cc6-6b6e9e17754f 0.509s
