2025-12-08 21:23:39.650 65487 INFO tempest.lib.common.dynamic_creds [-] Created isolated network resources for: credentials: Credentials: {'domain_id': 'default', 'domain_name': 'Default', 'username': 'tempest-QuotasAdminTestV257-1420936678-project-admin', 'project_domain_id': 'default', 'project_domain_name': 'Default', 'project_id': 'b86fe36aaacb4383a727e942d2b29da6', 'project_name': 'tempest-QuotasAdminTestV257-1420936678', 'tenant_id': 'b86fe36aaacb4383a727e942d2b29da6', 'tenant_name': 'tempest-QuotasAdminTestV257-1420936678', 'user_domain_id': 'default', 'user_domain_name': 'Default', 'user_id': 'e7f8aa6b74f34b48b4373db8361b872f', 'system': None}, Network: None, Subnet: None, Router: None
2025-12-08 21:23:39.678 65461 INFO tempest.lib.common.rest_client [req-4b68f0dd-a28d-478b-945b-f502a49faffd req-4b68f0dd-a28d-478b-945b-f502a49faffd ] Request (ServersWithSpecificFlavorTestJSON:setUpClass): 200 PUT http://10.180.1.21/networking/v2.0/routers/87ea96ef-a4fc-4af2-ac1a-21ae24058231/add_router_interface 1.971s
2025-12-08 21:23:39.678 65461 INFO tempest.lib.common.dynamic_creds [-] Created isolated network resources for: credentials: Credentials: {'domain_id': 'default', 'domain_name': 'Default', 'username': 'tempest-ServersWithSpecificFlavorTestJSON-1805592416-project-admin', 'project_domain_id': 'default', 'project_domain_name': 'Default', 'project_id': '16da578b8904453fb7f8e93d602ae5c6', 'project_name': 'tempest-ServersWithSpecificFlavorTestJSON-1805592416', 'tenant_id': '16da578b8904453fb7f8e93d602ae5c6', 'tenant_name': 'tempest-ServersWithSpecificFlavorTestJSON-1805592416', 'user_domain_id': 'default', 'user_domain_name': 'Default', 'user_id': '738ae371bb214b3c870ae2dc18be7ce7', 'system': None}, Network: {'id': 'a293dead-34ff-418f-ad0d-42f0ff3a3f7a', 'name': 'tempest-ServersWithSpecificFlavorTestJSON-1651901878-network', 'tenant_id': '16da578b8904453fb7f8e93d602ae5c6', 'project_id': '16da578b8904453fb7f8e93d602ae5c6', 'admin_state_up': True, 'mtu': 8950, 'status': 'ACTIVE', 'subnets': [], 'shared': False, 'port_security_enabled': True, 'router:external': False, 'provider:network_type': 'vlan', 'provider:physical_network': 'default', 'provider:segmentation_id': 375, 'availability_zone_hints': [], 'availability_zones': [], 'ipv4_address_scope': None, 'ipv6_address_scope': None, 'description': '', 'tags': [], 'created_at': '2025-12-08T21:23:35Z', 'updated_at': '2025-12-08T21:23:35Z', 'revision_number': 1}, Subnet: {'id': '2954c923-8e45-4fe5-a41e-7fff3b44dfa9', 'name': 'tempest-ServersWithSpecificFlavorTestJSON-1651901878-subnet', 'tenant_id': '16da578b8904453fb7f8e93d602ae5c6', 'network_id': 'a293dead-34ff-418f-ad0d-42f0ff3a3f7a', 'ip_version': 4, 'subnetpool_id': None, 'enable_dhcp': True, 'ipv6_ra_mode': None, 'ipv6_address_mode': None, 'gateway_ip': '192.168.128.1', 'cidr': '192.168.128.0/28', 'allocation_pools': [{'start': '192.168.128.2', 'end': '192.168.128.14'}], 'host_routes': [], 'dns_nameservers': [], 'description': '', 'router:external': False, 'service_types': [], 'tags': [], 'created_at': '2025-12-08T21:23:35Z', 'updated_at': '2025-12-08T21:23:35Z', 'revision_number': 0, 'project_id': '16da578b8904453fb7f8e93d602ae5c6'}, Router: {'id': '87ea96ef-a4fc-4af2-ac1a-21ae24058231', 'name': 'tempest-ServersWithSpecificFlavorTestJSON-1651901878-router', 'tenant_id': '16da578b8904453fb7f8e93d602ae5c6', 'admin_state_up': True, 'status': 'ACTIVE', 'external_gateway_info': {'network_id': '9996daa0-85b3-4ee7-ad9c-88de2e6ac2dc', 'external_fixed_ips': [{'subnet_id': '9ef6da9d-3dfc-4e10-bf97-f4c9d364e19e', 'ip_address': '10.180.180.211'}], 'enable_snat': True}, 'description': '', 'availability_zones': [], 'distributed': False, 'ha': False, 'availability_zone_hints': [], 'routes': [], 'flavor_id': None, 'tags': [], 'created_at': '2025-12-08T21:23:37Z', 'updated_at': '2025-12-08T21:23:37Z', 'revision_number': 2, 'project_id': '16da578b8904453fb7f8e93d602ae5c6'}
2025-12-08 21:23:39.734 65487 INFO tempest.lib.common.rest_client [req-4a915be9-a761-4e78-9afc-96454b2d1676 req-4a915be9-a761-4e78-9afc-96454b2d1676 ] Request (QuotasAdminTestV257:setUpClass): 201 POST http://10.180.1.21/identity/v3/auth/tokens 0.080s
2025-12-08 21:23:39.735 65487 WARNING tempest.lib.common.rest_client [-] Deprecated: "tenant_id" property is deprecated for removal, use "project_id" instead
2025-12-08 21:23:39.759 65461 INFO tempest.lib.common.rest_client [req-2620ee84-ad26-413e-9a5e-c24a9356c83f req-2620ee84-ad26-413e-9a5e-c24a9356c83f ] Request (ServersWithSpecificFlavorTestJSON:setUpClass): 201 POST http://10.180.1.21/identity/v3/auth/tokens 0.078s
2025-12-08 21:23:39.766 65480 INFO tempest.lib.common.rest_client [req-61f9f0da-fde8-41ae-bff1-c83dc3a2bd7d req-61f9f0da-fde8-41ae-bff1-c83dc3a2bd7d ] Request (FloatingIPsAssociationNegativeTestJSON:setUpClass): 200 PUT http://10.180.1.21/networking/v2.0/routers/192de778-f3bc-4916-8557-8a60dcabb72b/add_router_interface 1.306s
2025-12-08 21:23:39.767 65480 INFO tempest.lib.common.dynamic_creds [-] Created isolated network resources for: credentials: Credentials: {'domain_id': 'default', 'domain_name': 'Default', 'username': 'tempest-FloatingIPsAssociationNegativeTestJSON-911799733-project-member', 'project_domain_id': 'default', 'project_domain_name': 'Default', 'project_id': '44d889d970a84206b8a3a646338ea32c', 'project_name': 'tempest-FloatingIPsAssociationNegativeTestJSON-911799733', 'tenant_id': '44d889d970a84206b8a3a646338ea32c', 'tenant_name': 'tempest-FloatingIPsAssociationNegativeTestJSON-911799733', 'user_domain_id': 'default', 'user_domain_name': 'Default', 'user_id': '9a5e340e897b4ad5a4a15af07c836327', 'system': None}, Network: {'id': 'd3e8dfd6-c0b6-466f-a02b-dc392dc556e0', 'name': 'tempest-FloatingIPsAssociationNegativeTestJSON-550208279-network', 'tenant_id': '44d889d970a84206b8a3a646338ea32c', 'project_id': '44d889d970a84206b8a3a646338ea32c', 'admin_state_up': True, 'mtu': 8950, 'status': 'ACTIVE', 'subnets': [], 'shared': False, 'port_security_enabled': True, 'router:external': False, 'provider:network_type': 'vlan', 'provider:physical_network': 'default', 'provider:segmentation_id': 220, 'availability_zone_hints': [], 'availability_zones': [], 'ipv4_address_scope': None, 'ipv6_address_scope': None, 'description': '', 'tags': [], 'created_at': '2025-12-08T21:23:36Z', 'updated_at': '2025-12-08T21:23:36Z', 'revision_number': 1}, Subnet: {'id': 'b31154c6-b7c0-446b-ae5f-4c716744c479', 'name': 'tempest-FloatingIPsAssociationNegativeTestJSON-550208279-subnet', 'tenant_id': '44d889d970a84206b8a3a646338ea32c', 'network_id': 'd3e8dfd6-c0b6-466f-a02b-dc392dc556e0', 'ip_version': 4, 'subnetpool_id': None, 'enable_dhcp': True, 'ipv6_ra_mode': None, 'ipv6_address_mode': None, 'gateway_ip': '192.168.128.1', 'cidr': '192.168.128.0/28', 'allocation_pools': [{'start': '192.168.128.2', 'end': '192.168.128.14'}], 'host_routes': [], 'dns_nameservers': [], 'description': '', 'router:external': False, 'service_types': [], 'tags': [], 'created_at': '2025-12-08T21:23:37Z', 'updated_at': '2025-12-08T21:23:37Z', 'revision_number': 0, 'project_id': '44d889d970a84206b8a3a646338ea32c'}, Router: {'id': '192de778-f3bc-4916-8557-8a60dcabb72b', 'name': 'tempest-FloatingIPsAssociationNegativeTestJSON-550208279-router', 'tenant_id': '44d889d970a84206b8a3a646338ea32c', 'admin_state_up': True, 'status': 'ACTIVE', 'external_gateway_info': {'network_id': '9996daa0-85b3-4ee7-ad9c-88de2e6ac2dc', 'external_fixed_ips': [{'subnet_id': '9ef6da9d-3dfc-4e10-bf97-f4c9d364e19e', 'ip_address': '10.180.180.245'}], 'enable_snat': True}, 'description': '', 'availability_zones': [], 'distributed': False, 'ha': False, 'availability_zone_hints': [], 'routes': [], 'flavor_id': None, 'tags': [], 'created_at': '2025-12-08T21:23:37Z', 'updated_at': '2025-12-08T21:23:38Z', 'revision_number': 2, 'project_id': '44d889d970a84206b8a3a646338ea32c'}
2025-12-08 21:23:39.863 65480 INFO tempest.lib.common.rest_client [req-7adcb871-4808-4cb4-9e36-95faa333a078 req-7adcb871-4808-4cb4-9e36-95faa333a078 ] Request (FloatingIPsAssociationNegativeTestJSON:setUpClass): 201 POST http://10.180.1.21/identity/v3/auth/tokens 0.092s
2025-12-08 21:23:39.923 65480 INFO tempest.lib.common.rest_client [req-4955b7eb-bd8f-4b21-a0d7-77685fb383cf req-4955b7eb-bd8f-4b21-a0d7-77685fb383cf ] Request (FloatingIPsAssociationNegativeTestJSON:setUpClass): 201 POST http://10.180.1.21/identity/v3/auth/tokens 0.056s
2025-12-08 21:23:39.923 65480 INFO tempest.lib.common.fixed_network [-] (FloatingIPsAssociationNegativeTestJSON:setUpClass) Found network {'id': 'd3e8dfd6-c0b6-466f-a02b-dc392dc556e0', 'name': 'tempest-FloatingIPsAssociationNegativeTestJSON-550208279-network', 'tenant_id': '44d889d970a84206b8a3a646338ea32c', 'project_id': '44d889d970a84206b8a3a646338ea32c', 'admin_state_up': True, 'mtu': 8950, 'status': 'ACTIVE', 'subnets': [], 'shared': False, 'port_security_enabled': True, 'router:external': False, 'provider:network_type': 'vlan', 'provider:physical_network': 'default', 'provider:segmentation_id': 220, 'availability_zone_hints': [], 'availability_zones': [], 'ipv4_address_scope': None, 'ipv6_address_scope': None, 'description': '', 'tags': [], 'created_at': '2025-12-08T21:23:36Z', 'updated_at': '2025-12-08T21:23:36Z', 'revision_number': 1} available for tenant
2025-12-08 21:23:39.964 65433 INFO tempest.lib.common.rest_client [req-7e9698bb-1623-4823-b317-e514836feef6 req-7e9698bb-1623-4823-b317-e514836feef6 ] Request (ServersTestJSON:setUpClass): 201 POST http://10.180.1.21/networking/v2.0/security-groups 0.789s
2025-12-08 21:23:40.074 65429 INFO tempest.lib.common.rest_client [req-e9188f9f-24ba-450c-969e-226f92bc1b13 req-e9188f9f-24ba-450c-969e-226f92bc1b13 ] Request (NetworksTest:test_list_all_networks): 200 GET http://10.180.1.21/compute/v2.1/os-networks 6.739s
2025-12-08 21:23:40.102 65443 INFO tempest.lib.common.rest_client [req-3e427f17-e513-46f1-af34-5c067a0043f5 req-3e427f17-e513-46f1-af34-5c067a0043f5 ] Request (FlavorsAdminTestJSON:_run_cleanups): 202 DELETE http://10.180.1.21/compute/v2.1/flavors/1234953341 6.577s
2025-12-08 21:23:40.212 65433 INFO tempest.lib.common.rest_client [req-fc2a2e0b-117c-4b2b-ab83-8e993ab258ff req-fc2a2e0b-117c-4b2b-ab83-8e993ab258ff ] Request (ServersTestJSON:setUpClass): 201 POST http://10.180.1.21/networking/v2.0/security-group-rules 0.246s
2025-12-08 21:23:40.227 65429 INFO tempest.lib.common.rest_client [req-989f4772-7a9a-471d-8c44-57f4c2af4fb1 req-989f4772-7a9a-471d-8c44-57f4c2af4fb1 ] Request (NetworksTest:tearDownClass): 204 DELETE http://10.180.1.21/identity/v3/users/e8e5bf3df97f444b96441a9a26f979d4 0.151s
2025-12-08 21:23:40.295 65433 INFO tempest.lib.common.rest_client [req-90995aac-4058-4371-acec-26dd654e4d47 req-90995aac-4058-4371-acec-26dd654e4d47 ] Request (ServersTestJSON:setUpClass): 201 POST http://10.180.1.21/networking/v2.0/security-group-rules 0.082s
2025-12-08 21:23:40.322 65429 INFO tempest.lib.common.rest_client [req-a745bf96-3426-4178-bd48-1396515d3b0b req-a745bf96-3426-4178-bd48-1396515d3b0b ] Request (NetworksTest:tearDownClass): 204 DELETE http://10.180.1.21/identity/v3/users/a1632bd49ff446f58c858b863f4070b1 0.093s
2025-12-08 21:23:40.322 65429 INFO tempest.lib.common.dynamic_creds [-] Deleting project and security group for project: bd22efe8d596484a9a2103d09cbb1c81
2025-12-08 21:23:40.452 65429 INFO tempest.lib.common.rest_client [req-c3e44768-a87c-42ad-b115-113afa70fc10 req-c3e44768-a87c-42ad-b115-113afa70fc10 ] Request (NetworksTest:tearDownClass): 201 POST http://10.180.1.21/identity/v3/auth/tokens 0.130s
2025-12-08 21:23:40.462 65465 INFO tempest.lib.common.rest_client [req-4e2d2308-69ab-4d0c-8201-f66f8838f5e7 req-4e2d2308-69ab-4d0c-8201-f66f8838f5e7 ] Request (VolumesAssistedSnapshotsTest:setUpClass): 201 POST http://10.180.1.21/networking/v2.0/routers 1.769s
2025-12-08 21:23:40.496 65425 INFO tempest.lib.common.rest_client [req-bf989018-06a5-4200-992c-80d06e2252bf req-bf989018-06a5-4200-992c-80d06e2252bf ] Request (ServerExternalEventsTest:test_create_server_external_events): 202 POST http://10.180.1.21/compute/v2.1/servers 7.707s
2025-12-08 21:23:40.566 65451 INFO tempest.lib.common.rest_client [req-743df28a-c9bb-433e-9b39-8f2da29004bb req-743df28a-c9bb-433e-9b39-8f2da29004bb ] Request (AggregatesAdminNegativeTestJSON:test_aggregate_add_existent_host): 200 POST http://10.180.1.21/compute/v2.1/os-aggregates/1/action 7.000s
2025-12-08 21:23:40.589 65431 INFO tempest.lib.common.rest_client [req-9400a64c-f1ae-4975-8833-0dcea4b120e8 req-9400a64c-f1ae-4975-8833-0dcea4b120e8 ] Request (InstanceUsageAuditLogNegativeTestJSON:test_instance_usage_audit_logs_with_nonadmin_user): 403 GET http://10.180.1.21/compute/v2.1/os-instance_usage_audit_log 6.891s
2025-12-08 21:23:40.590 65473 INFO tempest.lib.common.rest_client [req-40239f1e-3133-47c9-beb8-dafbc8662e6b req-40239f1e-3133-47c9-beb8-dafbc8662e6b ] Request (AZAdminV2TestJSON:test_get_availability_zone_list_detail): 200 GET http://10.180.1.21/compute/v2.1/os-availability-zone/detail 6.764s
2025-12-08 21:23:40.615 65441 INFO tempest.lib.common.rest_client [req-28e98d49-2901-4fe4-be22-f6cdac866ac4 req-28e98d49-2901-4fe4-be22-f6cdac866ac4 ] Request (ServicesAdminNegativeV253TestJSON:test_disable_service_with_invalid_service_id): 404 PUT http://10.180.1.21/compute/v2.1/os-services/cf423c2d-10b3-409f-878d-8b42b7df9be6 6.651s
2025-12-08 21:23:40.684 65429 INFO tempest.lib.common.rest_client [req-3541f172-3ac1-485c-b8bd-774a59818b0a req-3541f172-3ac1-485c-b8bd-774a59818b0a ] Request (NetworksTest:tearDownClass): 200 GET http://10.180.1.21/networking/v2.0/security-groups?tenant_id=bd22efe8d596484a9a2103d09cbb1c81&name=default 0.231s
2025-12-08 21:23:40.700 65473 INFO tempest.lib.common.rest_client [req-38c35de6-4b6a-47cf-af05-a63f2ab45d5b req-38c35de6-4b6a-47cf-af05-a63f2ab45d5b ] Request (AZAdminV2TestJSON:tearDownClass): 204 DELETE http://10.180.1.21/identity/v3/users/6b6e9c64c7a044fe94a4d1576c22ccf7 0.101s
2025-12-08 21:23:40.793 65481 INFO tempest.lib.common.rest_client [req-2210a39d-5a68-4f32-8f69-55188d9ac410 req-2210a39d-5a68-4f32-8f69-55188d9ac410 ] Request (FlavorsV255TestJSON:test_crud_flavor): 200 GET http://10.180.1.21/compute/v2.1/flavors/931205744 6.547s
2025-12-08 21:23:40.800 65473 INFO tempest.lib.common.rest_client [req-87129494-b2e9-4232-a93e-1f7b6fbe354f req-87129494-b2e9-4232-a93e-1f7b6fbe354f ] Request (AZAdminV2TestJSON:tearDownClass): 204 DELETE http://10.180.1.21/identity/v3/users/bfa19293f25a4bd2b05e6be32367862b 0.099s
2025-12-08 21:23:40.800 65473 INFO tempest.lib.common.dynamic_creds [-] Deleting project and security group for project: 369e6d9f9ae944dc81bfac435df9862f
2025-12-08 21:23:40.821 65467 INFO tempest.lib.common.rest_client [req-f7fe0c6e-ab16-4a03-b46b-2d02a1432a7d req-f7fe0c6e-ab16-4a03-b46b-2d02a1432a7d ] Request (HypervisorAdminV228Test:test_get_list_hypervisor_details): 200 GET http://10.180.1.21/compute/v2.1/os-hypervisors/1 6.434s
2025-12-08 21:23:40.866 65473 INFO tempest.lib.common.rest_client [req-5c911964-43e2-436d-9a86-a5649bf9c5d6 req-5c911964-43e2-436d-9a86-a5649bf9c5d6 ] Request (AZAdminV2TestJSON:tearDownClass): 201 POST http://10.180.1.21/identity/v3/auth/tokens 0.065s
2025-12-08 21:23:40.882 65433 INFO tempest.lib.common.rest_client [req-b89462b6-55e5-4554-bf6f-21a0ab924408 req-b89462b6-55e5-4554-bf6f-21a0ab924408 ] Request (ServersTestJSON:setUpClass): 201 POST http://10.180.1.21/networking/v2.0/floatingips 0.587s
2025-12-08 21:23:40.887 65447 INFO tempest.lib.common.rest_client [req-4d8d44b5-4829-40b8-8880-d9764ad6f55e req-4d8d44b5-4829-40b8-8880-d9764ad6f55e ] Request (HypervisorAdminUnderV252Test:test_get_hypervisor_show_servers): 200 GET http://10.180.1.21/compute/v2.1/os-hypervisors/domain-c8.fc996f14-c53b-4953-92e3-bdfa48f5cc28/servers 6.289s
2025-12-08 21:23:40.893 65471 INFO tempest.lib.common.rest_client [req-9b916146-858d-4f8a-b8e2-e008567d5cfb req-9b916146-858d-4f8a-b8e2-e008567d5cfb ] Request (HypervisorAdminNegativeTestJSON:test_get_hypervisor_list_with_non_admin_user): 403 GET http://10.180.1.21/compute/v2.1/os-hypervisors 6.177s
2025-12-08 21:23:40.953 65433 INFO tempest.lib.common.rest_client [req-a0ca5296-7edd-4def-8255-76b1f2163be8 req-a0ca5296-7edd-4def-8255-76b1f2163be8 ] Request (ServersTestJSON:setUpClass): 201 POST http://10.180.1.21/identity/v3/auth/tokens 0.067s
2025-12-08 21:23:40.953 65433 INFO tempest.lib.common.fixed_network [-] (ServersTestJSON:setUpClass) Found network {'id': '30a06d55-58b6-4b6d-8d39-3e4efef80bf5', 'name': 'tempest-ServersTestJSON-381350342-network', 'tenant_id': 'c1005c6f52084066bd3cc0a6a6f16b52', 'project_id': 'c1005c6f52084066bd3cc0a6a6f16b52', 'admin_state_up': True, 'mtu': 8950, 'status': 'ACTIVE', 'subnets': [], 'shared': False, 'port_security_enabled': True, 'router:external': False, 'provider:network_type': 'vlan', 'provider:physical_network': 'default', 'provider:segmentation_id': 300, 'availability_zone_hints': [], 'availability_zones': [], 'ipv4_address_scope': None, 'ipv6_address_scope': None, 'description': '', 'tags': [], 'created_at': '2025-12-08T21:23:27Z', 'updated_at': '2025-12-08T21:23:27Z', 'revision_number': 1} available for tenant
2025-12-08 21:23:40.991 65467 INFO tempest.lib.common.rest_client [req-434a4ab5-fc90-47e8-a9c6-28b83602a58b req-434a4ab5-fc90-47e8-a9c6-28b83602a58b ] Request (HypervisorAdminV228Test:tearDownClass): 204 DELETE http://10.180.1.21/identity/v3/users/8163e79fef4141979408cfc8ad39fd59 0.160s
2025-12-08 21:23:41.013 65429 INFO tempest.lib.common.rest_client [req-46dbc11a-59ba-4837-b58c-b09b42516cdd req-46dbc11a-59ba-4837-b58c-b09b42516cdd ] Request (NetworksTest:tearDownClass): 204 DELETE http://10.180.1.21/networking/v2.0/security-groups/bad9a320-ba58-416b-b00f-7dbeaaf0c8f9 0.329s
2025-12-08 21:23:41.137 65467 INFO tempest.lib.common.rest_client [req-39e8b07f-7329-41ef-91f2-26b38439df9e req-39e8b07f-7329-41ef-91f2-26b38439df9e ] Request (HypervisorAdminV228Test:tearDownClass): 204 DELETE http://10.180.1.21/identity/v3/users/2c977c4df0c7466c9682510047cd3364 0.146s
2025-12-08 21:23:41.138 65467 INFO tempest.lib.common.dynamic_creds [-] Deleting project and security group for project: bbc62db0237d4cb7886be0696e390f1a
2025-12-08 21:23:41.197 65429 INFO tempest.lib.common.rest_client [req-43b09a75-c61b-41e4-9938-c2d6c9be3480 req-43b09a75-c61b-41e4-9938-c2d6c9be3480 ] Request (NetworksTest:tearDownClass): 204 DELETE http://10.180.1.21/identity/v3/projects/bd22efe8d596484a9a2103d09cbb1c81 0.183s
2025-12-08 21:23:41.198 65429 INFO tempest.lib.common.dynamic_creds [-] Deleting project and security group for project: c8b5343d5e944267ae390c44d80d2337
2025-12-08 21:23:41.269 65467 INFO tempest.lib.common.rest_client [req-d9df8579-64db-40f7-9f3a-cb8b648383cf req-d9df8579-64db-40f7-9f3a-cb8b648383cf ] Request (HypervisorAdminV228Test:tearDownClass): 201 POST http://10.180.1.21/identity/v3/auth/tokens 0.130s
2025-12-08 21:23:41.381 65473 INFO tempest.lib.common.rest_client [req-ba879a6d-92e0-48d9-95e1-90d0a9eccc5c req-ba879a6d-92e0-48d9-95e1-90d0a9eccc5c ] Request (AZAdminV2TestJSON:tearDownClass): 200 GET http://10.180.1.21/networking/v2.0/security-groups?tenant_id=369e6d9f9ae944dc81bfac435df9862f&name=default 0.514s
2025-12-08 21:23:41.561 65429 INFO tempest.lib.common.rest_client [req-01261c4a-f19a-4547-8295-e52264afef88 req-01261c4a-f19a-4547-8295-e52264afef88 ] Request (NetworksTest:tearDownClass): 200 GET http://10.180.1.21/networking/v2.0/security-groups?tenant_id=c8b5343d5e944267ae390c44d80d2337&name=default 0.363s
2025-12-08 21:23:41.619 65465 INFO tempest.lib.common.rest_client [req-3eeb713a-4e2e-4dfc-99fc-051d9f85b8cf req-3eeb713a-4e2e-4dfc-99fc-051d9f85b8cf ] Request (VolumesAssistedSnapshotsTest:setUpClass): 200 PUT http://10.180.1.21/networking/v2.0/routers/ad93a1fa-1522-4120-ad52-0ae0b23f2195/add_router_interface 1.156s
2025-12-08 21:23:41.619 65465 INFO tempest.lib.common.dynamic_creds [-] Created isolated network resources for: credentials: Credentials: {'domain_id': 'default', 'domain_name': 'Default', 'username': 'tempest-VolumesAssistedSnapshotsTest-212876061-project', 'project_domain_id': 'default', 'project_domain_name': 'Default', 'project_id': '1e0c19590ff6443bbd4b5ad3a9d7c9c1', 'project_name': 'tempest-VolumesAssistedSnapshotsTest-212876061', 'tenant_id': '1e0c19590ff6443bbd4b5ad3a9d7c9c1', 'tenant_name': 'tempest-VolumesAssistedSnapshotsTest-212876061', 'user_domain_id': 'default', 'user_domain_name': 'Default', 'user_id': '931e7106552e40b2a5080962885819a0', 'system': None}, Network: {'id': '853422a7-0cc4-41a4-8042-0ed922e2d60d', 'name': 'tempest-VolumesAssistedSnapshotsTest-1365746843-network', 'tenant_id': '1e0c19590ff6443bbd4b5ad3a9d7c9c1', 'project_id': '1e0c19590ff6443bbd4b5ad3a9d7c9c1', 'admin_state_up': True, 'mtu': 8950, 'status': 'ACTIVE', 'subnets': [], 'shared': False, 'port_security_enabled': True, 'router:external': False, 'provider:network_type': 'vlan', 'provider:physical_network': 'default', 'provider:segmentation_id': 190, 'availability_zone_hints': [], 'availability_zones': [], 'ipv4_address_scope': None, 'ipv6_address_scope': None, 'description': '', 'tags': [], 'created_at': '2025-12-08T21:23:37Z', 'updated_at': '2025-12-08T21:23:37Z', 'revision_number': 1}, Subnet: {'id': 'd98fcc78-2b7a-4caa-aa04-ee9241b0ee85', 'name': 'tempest-VolumesAssistedSnapshotsTest-1365746843-subnet', 'tenant_id': '1e0c19590ff6443bbd4b5ad3a9d7c9c1', 'network_id': '853422a7-0cc4-41a4-8042-0ed922e2d60d', 'ip_version': 4, 'subnetpool_id': None, 'enable_dhcp': True, 'ipv6_ra_mode': None, 'ipv6_address_mode': None, 'gateway_ip': '192.168.128.1', 'cidr': '192.168.128.0/28', 'allocation_pools': [{'start': '192.168.128.2', 'end': '192.168.128.14'}], 'host_routes': [], 'dns_nameservers': [], 'description': '', 'router:external': False, 'service_types': [], 'tags': [], 'created_at': '2025-12-08T21:23:38Z', 'updated_at': '2025-12-08T21:23:38Z', 'revision_number': 0, 'project_id': '1e0c19590ff6443bbd4b5ad3a9d7c9c1'}, Router: {'id': 'ad93a1fa-1522-4120-ad52-0ae0b23f2195', 'name': 'tempest-VolumesAssistedSnapshotsTest-1365746843-router', 'tenant_id': '1e0c19590ff6443bbd4b5ad3a9d7c9c1', 'admin_state_up': True, 'status': 'ACTIVE', 'external_gateway_info': {'network_id': '9996daa0-85b3-4ee7-ad9c-88de2e6ac2dc', 'external_fixed_ips': [{'subnet_id': '9ef6da9d-3dfc-4e10-bf97-f4c9d364e19e', 'ip_address': '10.180.180.226'}], 'enable_snat': True}, 'description': '', 'availability_zones': [], 'distributed': False, 'ha': False, 'availability_zone_hints': [], 'routes': [], 'flavor_id': None, 'tags': [], 'created_at': '2025-12-08T21:23:39Z', 'updated_at': '2025-12-08T21:23:40Z', 'revision_number': 2, 'project_id': '1e0c19590ff6443bbd4b5ad3a9d7c9c1'}
2025-12-08 21:23:41.684 65467 INFO tempest.lib.common.rest_client [req-d8e45e53-4bb9-4f76-9a9b-3f6ac9caa733 req-d8e45e53-4bb9-4f76-9a9b-3f6ac9caa733 ] Request (HypervisorAdminV228Test:tearDownClass): 200 GET http://10.180.1.21/networking/v2.0/security-groups?tenant_id=bbc62db0237d4cb7886be0696e390f1a&name=default 0.415s
2025-12-08 21:23:41.709 65473 INFO tempest.lib.common.rest_client [req-79b5c82c-3f92-4603-98ec-7ba9ddb39ce5 req-79b5c82c-3f92-4603-98ec-7ba9ddb39ce5 ] Request (AZAdminV2TestJSON:tearDownClass): 204 DELETE http://10.180.1.21/networking/v2.0/security-groups/4d241940-309f-4b03-baea-f74b6a5296e1 0.327s
2025-12-08 21:23:41.711 65465 INFO tempest.lib.common.rest_client [req-2fba6702-52e6-43e2-a40f-93f310e97595 req-2fba6702-52e6-43e2-a40f-93f310e97595 ] Request (VolumesAssistedSnapshotsTest:setUpClass): 201 POST http://10.180.1.21/identity/v3/auth/tokens 0.089s
2025-12-08 21:23:41.770 65429 INFO tempest.lib.common.rest_client [req-850b9d9d-009c-48aa-84f0-564015febb11 req-850b9d9d-009c-48aa-84f0-564015febb11 ] Request (NetworksTest:tearDownClass): 204 DELETE http://10.180.1.21/networking/v2.0/security-groups/f7f28264-6ff8-4412-8c27-3598c5eda210 0.208s
2025-12-08 21:23:41.781 65473 INFO tempest.lib.common.rest_client [req-76dc6ae6-c610-492d-a3e5-ed85b0298503 req-76dc6ae6-c610-492d-a3e5-ed85b0298503 ] Request (AZAdminV2TestJSON:tearDownClass): 204 DELETE http://10.180.1.21/identity/v3/projects/369e6d9f9ae944dc81bfac435df9862f 0.072s
2025-12-08 21:23:41.782 65473 INFO tempest.lib.common.dynamic_creds [-] Deleting project and security group for project: cfb7880999514ce8941416994009978e
2025-12-08 21:23:41.790 65467 INFO tempest.lib.common.rest_client [req-38af6db9-bfa5-4d16-8a71-51ee69d10f3e req-38af6db9-bfa5-4d16-8a71-51ee69d10f3e ] Request (HypervisorAdminV228Test:tearDownClass): 204 DELETE http://10.180.1.21/networking/v2.0/security-groups/4886fca3-19e0-4535-bf77-6bd60c060817 0.104s
2025-12-08 21:23:41.837 65439 INFO tempest.lib.common.rest_client [req-2b875ed5-bea8-48bb-84df-633c27b601d2 req-2b875ed5-bea8-48bb-84df-633c27b601d2 ] Request (QuotasAdminNegativeTest:test_create_server_when_cpu_quota_is_full): 403 POST http://10.180.1.21/compute/v2.1/servers 7.616s
2025-12-08 21:23:41.889 65429 INFO tempest.lib.common.rest_client [req-475dbbc4-710b-4732-b532-3aa397ceb485 req-475dbbc4-710b-4732-b532-3aa397ceb485 ] Request (NetworksTest:tearDownClass): 204 DELETE http://10.180.1.21/identity/v3/projects/c8b5343d5e944267ae390c44d80d2337 0.118s
2025-12-08 21:23:41.899 65467 INFO tempest.lib.common.rest_client [req-3b5473c8-ffb4-42a3-a18f-c798bd87a840 req-3b5473c8-ffb4-42a3-a18f-c798bd87a840 ] Request (HypervisorAdminV228Test:tearDownClass): 204 DELETE http://10.180.1.21/identity/v3/projects/bbc62db0237d4cb7886be0696e390f1a 0.105s
2025-12-08 21:23:41.899 65467 INFO tempest.lib.common.dynamic_creds [-] Deleting project and security group for project: 97e8b39b2dca4015bbc2840bc56294d9
2025-12-08 21:23:41.901 65473 INFO tempest.lib.common.rest_client [req-d27281a0-8fd8-4ea8-82f7-91eb71a2af6e req-d27281a0-8fd8-4ea8-82f7-91eb71a2af6e ] Request (AZAdminV2TestJSON:tearDownClass): 200 GET http://10.180.1.21/networking/v2.0/security-groups?tenant_id=cfb7880999514ce8941416994009978e&name=default 0.119s
2025-12-08 21:23:41.983 65469 INFO tempest.lib.common.rest_client [req-40acd3d7-9f03-4677-9353-d50ddaa1aee1 req-40acd3d7-9f03-4677-9353-d50ddaa1aee1 ] Request (ListServersNegativeTestJSON:setUpClass): 200 GET http://10.180.1.21/compute/v2.1/servers 4.597s
2025-12-08 21:23:41.987 65429 INFO tempest.lib.common.rest_client [req-640de500-52f7-435b-8f8f-c4e2d8d8f05a req-640de500-52f7-435b-8f8f-c4e2d8d8f05a ] Request (ListImagesTestJSON:setUpClass): 201 POST http://10.180.1.21/identity/v3/auth/tokens 0.093s
2025-12-08 21:23:42.036 65429 INFO tempest.lib.common.rest_client [req-0f3584dc-c58e-4b23-b608-37b4cdf35754 req-0f3584dc-c58e-4b23-b608-37b4cdf35754 ] Request (ListImagesTestJSON:setUpClass): 201 POST http://10.180.1.21/identity/v3/auth/tokens 0.045s
2025-12-08 21:23:42.049 65473 INFO tempest.lib.common.rest_client [req-745cee41-aaf4-45b3-8c6e-f33a81435477 req-745cee41-aaf4-45b3-8c6e-f33a81435477 ] Request (AZAdminV2TestJSON:tearDownClass): 204 DELETE http://10.180.1.21/networking/v2.0/security-groups/e7425895-a8a2-4d8e-bdf0-0099d4c6c5c0 0.148s
2025-12-08 21:23:42.057 65467 INFO tempest.lib.common.rest_client [req-079de3e7-34d9-4bc3-a567-87d144dda843 req-079de3e7-34d9-4bc3-a567-87d144dda843 ] Request (HypervisorAdminV228Test:tearDownClass): 200 GET http://10.180.1.21/networking/v2.0/security-groups?tenant_id=97e8b39b2dca4015bbc2840bc56294d9&name=default 0.158s
2025-12-08 21:23:42.086 65429 INFO tempest.lib.common.rest_client [req-32d87aed-4362-4b6d-a205-c302d49fbf3a req-32d87aed-4362-4b6d-a205-c302d49fbf3a ] Request (ListImagesTestJSON:setUpClass): 200 GET http://10.180.1.21/identity/v3/domains?name=Default 0.049s
2025-12-08 21:23:42.122 65429 INFO tempest.lib.common.rest_client [req-243c0f9a-5b74-4d71-9314-94eaf18b7ffc req-243c0f9a-5b74-4d71-9314-94eaf18b7ffc ] Request (ListImagesTestJSON:setUpClass): 201 POST http://10.180.1.21/identity/v3/projects 0.035s
2025-12-08 21:23:42.174 65473 INFO tempest.lib.common.rest_client [req-bd9c7fcf-e795-4201-a66d-c60468c822c0 req-bd9c7fcf-e795-4201-a66d-c60468c822c0 ] Request (AZAdminV2TestJSON:tearDownClass): 204 DELETE http://10.180.1.21/identity/v3/projects/cfb7880999514ce8941416994009978e 0.124s
2025-12-08 21:23:42.185 65467 INFO tempest.lib.common.rest_client [req-1d79414a-794e-4a35-89ee-c756fa9fbab5 req-1d79414a-794e-4a35-89ee-c756fa9fbab5 ] Request (HypervisorAdminV228Test:tearDownClass): 204 DELETE http://10.180.1.21/networking/v2.0/security-groups/89188792-0949-495a-af39-34158afa4742 0.127s
2025-12-08 21:23:42.192 65485 INFO tempest.lib.common.rest_client [req-ef095ef0-d481-40f9-aeda-fe9e1438d4dd req-ef095ef0-d481-40f9-aeda-fe9e1438d4dd ] Request (QuotaClassesAdminTestJSON:test_update_default_quotas): 200 PUT http://10.180.1.21/compute/v2.1/os-quota-class-sets/default 4.634s
2025-12-08 21:23:42.198 65465 INFO tempest.lib.common.rest_client [req-a0bfa3a0-fd93-4049-ad5b-e58c695b18c2 req-a0bfa3a0-fd93-4049-ad5b-e58c695b18c2 ] Request (VolumesAssistedSnapshotsTest:test_volume_assisted_snapshot_create_delete): 202 POST http://10.180.1.21/volume/v3/volumes 0.485s
2025-12-08 21:23:42.214 65429 INFO tempest.lib.common.rest_client [req-1ed6c973-f0c7-402a-b4ca-4c923de9506b req-1ed6c973-f0c7-402a-b4ca-4c923de9506b ] Request (ListImagesTestJSON:setUpClass): 201 POST http://10.180.1.21/identity/v3/users 0.091s
2025-12-08 21:23:42.233 65473 INFO tempest.lib.common.rest_client [req-989b9b3b-1c7f-47b3-af92-21778c89bb31 req-989b9b3b-1c7f-47b3-af92-21778c89bb31 ] Request (ServerRescueTestJSON:setUpClass): 201 POST http://10.180.1.21/identity/v3/auth/tokens 0.057s
2025-12-08 21:23:42.243 65435 INFO tempest.lib.common.rest_client [req-5099d810-8a77-4689-b7b5-d6386a8f0c51 req-5099d810-8a77-4689-b7b5-d6386a8f0c51 ] Request (ServersAdminTestJSON:setUpClass): 202 POST http://10.180.1.21/compute/v2.1/servers 5.212s
2025-12-08 21:23:42.278 65429 INFO tempest.lib.common.rest_client [req-b29c52a4-fd98-488c-ad3c-86e0f7677b3c req-b29c52a4-fd98-488c-ad3c-86e0f7677b3c ] Request (ListImagesTestJSON:setUpClass): 200 GET http://10.180.1.21/identity/v3/roles 0.064s
2025-12-08 21:23:42.289 65465 INFO tempest.lib.common.rest_client [req-57b30cca-72c8-45ee-8e70-6f774fb50b6f req-57b30cca-72c8-45ee-8e70-6f774fb50b6f ] Request (VolumesAssistedSnapshotsTest:test_volume_assisted_snapshot_create_delete): 200 GET http://10.180.1.21/volume/v3/volumes/4f12b85e-6a54-4779-a05b-810223067a44 0.078s
2025-12-08 21:23:42.300 65467 INFO tempest.lib.common.rest_client [req-0f608f66-e625-49f2-b212-66f721d320f4 req-0f608f66-e625-49f2-b212-66f721d320f4 ] Request (HypervisorAdminV228Test:tearDownClass): 204 DELETE http://10.180.1.21/identity/v3/projects/97e8b39b2dca4015bbc2840bc56294d9 0.115s
2025-12-08 21:23:42.302 65467 INFO tempest.test [-] raised in LiveMigrationRemoteConsolesV26Test.setUpClass. Invoking tearDownClass.
2025-12-08 21:23:42.325 65483 INFO tempest.lib.common.rest_client [req-2fed9c12-7dd7-4d45-ac47-fd3cf22d683d req-2fed9c12-7dd7-4d45-ac47-fd3cf22d683d ] Request (ServersAdmin275Test:test_rebuild_update_server_275): 200 PUT http://10.180.1.21/compute/v2.1/servers/236ea6a4-27b5-469a-ae17-502f15a4ac92 4.554s
2025-12-08 21:23:42.347 65427 INFO tempest.lib.common.rest_client [req-56325d7e-3609-4ed0-8f33-3c953ef566ed req-56325d7e-3609-4ed0-8f33-3c953ef566ed ] Request (ServicesAdminNegativeTestJSON:test_get_service_by_invalid_service_and_valid_host): 200 GET http://10.180.1.21/compute/v2.1/os-services 4.416s
2025-12-08 21:23:42.349 65473 INFO tempest.lib.common.rest_client [req-95475daa-29c4-4d59-88fc-e02fa52b6008 req-95475daa-29c4-4d59-88fc-e02fa52b6008 ] Request (ServerRescueTestJSON:setUpClass): 201 POST http://10.180.1.21/identity/v3/auth/tokens 0.110s
2025-12-08 21:23:42.363 65437 INFO tempest.lib.common.rest_client [req-de943d97-d85e-4b85-b5c8-ce6979080efa req-de943d97-d85e-4b85-b5c8-ce6979080efa ] Request (HostsAdminNegativeTestJSON:test_shutdown_nonexistent_host): 404 GET http://10.180.1.21/compute/v2.1/os-hosts/nonexistent_hostname/shutdown 4.430s
2025-12-08 21:23:42.397 65435 INFO tempest.lib.common.rest_client [req-529995e9-d9f1-4465-9066-da9f8250098b req-529995e9-d9f1-4465-9066-da9f8250098b ] Request (ServersAdminTestJSON:setUpClass): 201 POST http://10.180.1.21/identity/v3/auth/tokens 0.145s
2025-12-08 21:23:42.397 65435 INFO tempest.lib.common.fixed_network [-] (ServersAdminTestJSON:setUpClass) Found network {'id': '80d6d14d-7a65-41c4-98cc-8b6aaee09851', 'name': 'tempest-ServersAdminTestJSON-1508225264-network', 'tenant_id': 'dc695f7670ad465abd1fd604b822739c', 'project_id': 'dc695f7670ad465abd1fd604b822739c', 'admin_state_up': True, 'mtu': 8950, 'status': 'ACTIVE', 'subnets': [], 'shared': False, 'port_security_enabled': True, 'router:external': False, 'provider:network_type': 'vlan', 'provider:physical_network': 'default', 'provider:segmentation_id': 658, 'availability_zone_hints': [], 'availability_zones': [], 'ipv4_address_scope': None, 'ipv6_address_scope': None, 'description': '', 'tags': [], 'created_at': '2025-12-08T21:23:28Z', 'updated_at': '2025-12-08T21:23:28Z', 'revision_number': 1} available for tenant
2025-12-08 21:23:42.423 65467 INFO tempest.lib.common.rest_client [req-a7324f7b-6460-4a2c-a3db-2b6948f8f66d req-a7324f7b-6460-4a2c-a3db-2b6948f8f66d ] Request (QuotasAdminTestJSON:setUpClass): 201 POST http://10.180.1.21/identity/v3/auth/tokens 0.117s
2025-12-08 21:23:42.428 65429 INFO tempest.lib.common.rest_client [req-c10077bc-0a13-47b9-a702-e1da580a7ef9 req-c10077bc-0a13-47b9-a702-e1da580a7ef9 ] Request (ListImagesTestJSON:setUpClass): 204 PUT http://10.180.1.21/identity/v3/projects/5f3565e286b440c4b5d177fec3a55d04/users/6ed10e51704f470f955e70fcf1fd7f1b/roles/cb6117eded3d4713be38130a912a3cfe 0.149s
2025-12-08 21:23:42.428 65429 INFO tempest.lib.common.dynamic_creds [-] Dynamic test user 6ed10e51704f470f955e70fcf1fd7f1b is created with scope project and roles: ['member']
2025-12-08 21:23:42.429 65429 INFO tempest.lib.common.dynamic_creds [-] Acquired dynamic creds: credentials: Credentials: {'domain_id': 'default', 'domain_name': 'Default', 'username': 'tempest-ListImagesTestJSON-575251218-project-member', 'project_domain_id': 'default', 'project_domain_name': 'Default', 'project_id': '5f3565e286b440c4b5d177fec3a55d04', 'project_name': 'tempest-ListImagesTestJSON-575251218', 'tenant_id': '5f3565e286b440c4b5d177fec3a55d04', 'tenant_name': 'tempest-ListImagesTestJSON-575251218', 'user_domain_id': 'default', 'user_domain_name': 'Default', 'user_id': '6ed10e51704f470f955e70fcf1fd7f1b', 'system': None}, Network: None, Subnet: None, Router: None
2025-12-08 21:23:42.429 65429 INFO tempest.lib.common.dynamic_creds [-] Created isolated network resources for: credentials: Credentials: {'domain_id': 'default', 'domain_name': 'Default', 'username': 'tempest-ListImagesTestJSON-575251218-project-member', 'project_domain_id': 'default', 'project_domain_name': 'Default', 'project_id': '5f3565e286b440c4b5d177fec3a55d04', 'project_name': 'tempest-ListImagesTestJSON-575251218', 'tenant_id': '5f3565e286b440c4b5d177fec3a55d04', 'tenant_name': 'tempest-ListImagesTestJSON-575251218', 'user_domain_id': 'default', 'user_domain_name': 'Default', 'user_id': '6ed10e51704f470f955e70fcf1fd7f1b', 'system': None}, Network: None, Subnet: None, Router: None
2025-12-08 21:23:42.433 65475 INFO tempest.lib.common.rest_client [req-3a72ce6a-bfd3-4623-9030-f63fed8ee3b3 req-3a72ce6a-bfd3-4623-9030-f63fed8ee3b3 ] Request (FlavorsAccessTestJSON:test_flavor_access_add_remove): 200 GET http://10.180.1.21/compute/v2.1/flavors/detail 4.533s
2025-12-08 21:23:42.457 65463 INFO tempest.lib.common.rest_client [req-8bf40254-2066-43f3-ade3-d9323455972b req-8bf40254-2066-43f3-ade3-d9323455972b ] Request (HypervisorAdminV253TestBase:test_list_show_detail_hypervisors): 200 GET http://10.180.1.21/compute/v2.1/os-hypervisors/25d46761-77f5-4078-b491-ce044a47a293 4.458s
2025-12-08 21:23:42.473 65473 INFO tempest.lib.common.rest_client [req-9064c626-8b98-45c6-90ab-36b438ec9be8 req-9064c626-8b98-45c6-90ab-36b438ec9be8 ] Request (ServerRescueTestJSON:setUpClass): 200 GET http://10.180.1.21/identity/v3/domains?name=Default 0.123s
2025-12-08 21:23:42.497 65467 INFO tempest.lib.common.rest_client [req-3d419d81-5e89-44ee-a94f-e0def93a5e38 req-3d419d81-5e89-44ee-a94f-e0def93a5e38 ] Request (QuotasAdminTestJSON:setUpClass): 201 POST http://10.180.1.21/identity/v3/auth/tokens 0.069s
2025-12-08 21:23:42.539 65459 INFO tempest.lib.common.rest_client [req-d8c0dc29-aee5-406c-b341-9e5e73ff9163 req-d8c0dc29-aee5-406c-b341-9e5e73ff9163 ] Request (FlavorsExtraSpecsTestJSON:test_flavor_non_admin_get_all_keys): 200 GET http://10.180.1.21/compute/v2.1/flavors/1616689898/os-extra_specs 4.572s
2025-12-08 21:23:42.568 65429 INFO tempest.lib.common.rest_client [req-d7edf36a-a85f-431c-be3b-d916282972ae req-d7edf36a-a85f-431c-be3b-d916282972ae ] Request (ListImagesTestJSON:setUpClass): 201 POST http://10.180.1.21/identity/v3/auth/tokens 0.135s
2025-12-08 21:23:42.612 65473 INFO tempest.lib.common.rest_client [req-2e3d3fb9-6bc2-4850-9d94-5e65ada36c28 req-2e3d3fb9-6bc2-4850-9d94-5e65ada36c28 ] Request (ServerRescueTestJSON:setUpClass): 201 POST http://10.180.1.21/identity/v3/projects 0.138s
2025-12-08 21:23:42.635 65449 INFO tempest.lib.common.rest_client [req-8d062929-c4ea-464d-b957-74619f72f744 req-8d062929-c4ea-464d-b957-74619f72f744 ] Request (ServersV294TestFqdnHostnames:setUpClass): 201 POST http://10.180.1.21/compute/v2.1/os-keypairs 3.968s
2025-12-08 21:23:42.652 65445 INFO tempest.lib.common.rest_client [req-df83e377-3662-49b1-9e12-a9ef9a2d67f8 req-df83e377-3662-49b1-9e12-a9ef9a2d67f8 ] Request (DeleteServersAdminTestJSON:test_admin_delete_servers_of_others): 200 GET http://10.180.1.21/compute/v2.1/servers/1d9117b8-6066-4098-8e93-be36ea765555 3.927s
2025-12-08 21:23:42.664 65463 INFO tempest.lib.common.rest_client [req-4d193cd5-ff7c-4bdc-8384-884571b4a2e4 req-4d193cd5-ff7c-4bdc-8384-884571b4a2e4 ] Request (HypervisorAdminV253TestBase:tearDownClass): 204 DELETE http://10.180.1.21/identity/v3/users/576d519c4e3844cea65fa32c5b8188bd 0.198s
2025-12-08 21:23:42.718 65467 INFO tempest.lib.common.rest_client [req-f556a40c-2e95-4c79-ab3e-0a9be2c49f1b req-f556a40c-2e95-4c79-ab3e-0a9be2c49f1b ] Request (QuotasAdminTestJSON:setUpClass): 200 GET http://10.180.1.21/identity/v3/domains?name=Default 0.220s
2025-12-08 21:23:42.731 65473 INFO tempest.lib.common.rest_client [req-4f782034-8d1a-4e25-ba1a-3849c0d33ddc req-4f782034-8d1a-4e25-ba1a-3849c0d33ddc ] Request (ServerRescueTestJSON:setUpClass): 201 POST http://10.180.1.21/identity/v3/users 0.114s
2025-12-08 21:23:42.758 65449 INFO tempest.lib.common.rest_client [req-0f2c3086-357c-422e-b85e-3ffbae1f277d req-0f2c3086-357c-422e-b85e-3ffbae1f277d ] Request (ServersV294TestFqdnHostnames:setUpClass): 201 POST http://10.180.1.21/networking/v2.0/security-groups 0.121s
2025-12-08 21:23:42.795 65463 INFO tempest.lib.common.rest_client [req-48c3e085-488a-4ae5-9b45-ad0538f2f39d req-48c3e085-488a-4ae5-9b45-ad0538f2f39d ] Request (HypervisorAdminV253TestBase:tearDownClass): 204 DELETE http://10.180.1.21/identity/v3/users/92e43846eb0e499cbec6b400d2489e74 0.130s
2025-12-08 21:23:42.795 65463 INFO tempest.lib.common.dynamic_creds [-] Deleting project and security group for project: fbf3a3ccc0c245e5ae1083a313de20de
2025-12-08 21:23:42.803 65455 INFO tempest.lib.common.rest_client [req-fc4541a0-51b6-446e-bf66-03b8817d3a1e req-fc4541a0-51b6-446e-bf66-03b8817d3a1e ] Request (SecurityGroupRulesTestJSON:test_security_group_rules_create): 200 POST http://10.180.1.21/compute/v2.1/os-security-group-rules 3.903s
2025-12-08 21:23:42.880 65449 INFO tempest.lib.common.rest_client [req-ae4dfaed-d9f4-44ef-be38-ce8eaf90f1e4 req-ae4dfaed-d9f4-44ef-be38-ce8eaf90f1e4 ] Request (ServersV294TestFqdnHostnames:setUpClass): 201 POST http://10.180.1.21/networking/v2.0/security-group-rules 0.122s
2025-12-08 21:23:42.888 65467 INFO tempest.lib.common.rest_client [req-32daa194-3156-47db-8b13-5b555a39111f req-32daa194-3156-47db-8b13-5b555a39111f ] Request (QuotasAdminTestJSON:setUpClass): 201 POST http://10.180.1.21/identity/v3/projects 0.170s
2025-12-08 21:23:42.894 65473 INFO tempest.lib.common.rest_client [req-3168f3f9-f572-46bb-b406-6b2d0845ce1b req-3168f3f9-f572-46bb-b406-6b2d0845ce1b ] Request (ServerRescueTestJSON:setUpClass): 200 GET http://10.180.1.21/identity/v3/roles 0.162s
2025-12-08 21:23:42.957 65463 INFO tempest.lib.common.rest_client [req-2c751ec3-40f6-4788-941b-83f2cf005d20 req-2c751ec3-40f6-4788-941b-83f2cf005d20 ] Request (HypervisorAdminV253TestBase:tearDownClass): 201 POST http://10.180.1.21/identity/v3/auth/tokens 0.161s
2025-12-08 21:23:42.982 65467 INFO tempest.lib.common.rest_client [req-a946e7d7-6dea-4ea5-858e-71e9f8103ef4 req-a946e7d7-6dea-4ea5-858e-71e9f8103ef4 ] Request (QuotasAdminTestJSON:setUpClass): 201 POST http://10.180.1.21/identity/v3/users 0.093s
2025-12-08 21:23:42.989 65473 INFO tempest.lib.common.rest_client [req-a93059b1-f2e0-48f8-9f32-859ad18ed6e3 req-a93059b1-f2e0-48f8-9f32-859ad18ed6e3 ] Request (ServerRescueTestJSON:setUpClass): 204 PUT http://10.180.1.21/identity/v3/projects/b50c8b9a34d9456c95c1378298e53418/users/c7694af7839944488374e24a73f52422/roles/cb6117eded3d4713be38130a912a3cfe 0.094s
2025-12-08 21:23:42.990 65473 INFO tempest.lib.common.dynamic_creds [-] Dynamic test user c7694af7839944488374e24a73f52422 is created with scope project and roles: ['member']
2025-12-08 21:23:42.990 65473 INFO tempest.lib.common.dynamic_creds [-] Acquired dynamic creds: credentials: Credentials: {'domain_id': 'default', 'domain_name': 'Default', 'username': 'tempest-ServerRescueTestJSON-175706971-project-member', 'project_domain_id': 'default', 'project_domain_name': 'Default', 'project_id': 'b50c8b9a34d9456c95c1378298e53418', 'project_name': 'tempest-ServerRescueTestJSON-175706971', 'tenant_id': 'b50c8b9a34d9456c95c1378298e53418', 'tenant_name': 'tempest-ServerRescueTestJSON-175706971', 'user_domain_id': 'default', 'user_domain_name': 'Default', 'user_id': 'c7694af7839944488374e24a73f52422', 'system': None}, Network: None, Subnet: None, Router: None
2025-12-08 21:23:43.005 65449 INFO tempest.lib.common.rest_client [req-0761d46d-77b4-4f93-9e42-4c26a9ca63cb req-0761d46d-77b4-4f93-9e42-4c26a9ca63cb ] Request (ServersV294TestFqdnHostnames:setUpClass): 201 POST http://10.180.1.21/networking/v2.0/security-group-rules 0.124s
2025-12-08 21:23:43.115 65467 INFO tempest.lib.common.rest_client [req-7146f88d-437f-4e81-96a3-97cbb9c12928 req-7146f88d-437f-4e81-96a3-97cbb9c12928 ] Request (QuotasAdminTestJSON:setUpClass): 200 GET http://10.180.1.21/identity/v3/roles 0.132s
2025-12-08 21:23:43.140 65473 INFO tempest.lib.common.rest_client [req-21b83f66-1c0f-4d20-84dc-57d92716d08f req-21b83f66-1c0f-4d20-84dc-57d92716d08f ] Request (ServerRescueTestJSON:setUpClass): 201 POST http://10.180.1.21/identity/v3/auth/tokens 0.150s
2025-12-08 21:23:43.171 65453 INFO tempest.lib.common.rest_client [req-1250e60d-d1db-437d-be2f-820b5525872a req-1250e60d-d1db-437d-be2f-820b5525872a ] Request (FlavorsAccessNegativeTestJSON:test_add_flavor_access_duplicate): 200 POST http://10.180.1.21/compute/v2.1/flavors/1422019648/action 4.155s
2025-12-08 21:23:43.173 65467 INFO tempest.lib.common.rest_client [req-2e1ee08a-b89d-402b-8a6a-8076b83a4701 req-2e1ee08a-b89d-402b-8a6a-8076b83a4701 ] Request (QuotasAdminTestJSON:setUpClass): 204 PUT http://10.180.1.21/identity/v3/projects/1ffaa6d3638f459fb9b51d7aa3af2e64/users/d98ee7768e494e668ca8aa375414231c/roles/cb6117eded3d4713be38130a912a3cfe 0.056s
2025-12-08 21:23:43.173 65467 INFO tempest.lib.common.dynamic_creds [-] Dynamic test user d98ee7768e494e668ca8aa375414231c is created with scope project and roles: ['member']
2025-12-08 21:23:43.173 65467 INFO tempest.lib.common.dynamic_creds [-] Acquired dynamic creds: credentials: Credentials: {'domain_id': 'default', 'domain_name': 'Default', 'username': 'tempest-QuotasAdminTestJSON-1628661319-project-member', 'project_domain_id': 'default', 'project_domain_name': 'Default', 'project_id': '1ffaa6d3638f459fb9b51d7aa3af2e64', 'project_name': 'tempest-QuotasAdminTestJSON-1628661319', 'tenant_id': '1ffaa6d3638f459fb9b51d7aa3af2e64', 'tenant_name': 'tempest-QuotasAdminTestJSON-1628661319', 'user_domain_id': 'default', 'user_domain_name': 'Default', 'user_id': 'd98ee7768e494e668ca8aa375414231c', 'system': None}, Network: None, Subnet: None, Router: None
2025-12-08 21:23:43.173 65467 INFO tempest.lib.common.dynamic_creds [-] Created isolated network resources for: credentials: Credentials: {'domain_id': 'default', 'domain_name': 'Default', 'username': 'tempest-QuotasAdminTestJSON-1628661319-project-member', 'project_domain_id': 'default', 'project_domain_name': 'Default', 'project_id': '1ffaa6d3638f459fb9b51d7aa3af2e64', 'project_name': 'tempest-QuotasAdminTestJSON-1628661319', 'tenant_id': '1ffaa6d3638f459fb9b51d7aa3af2e64', 'tenant_name': 'tempest-QuotasAdminTestJSON-1628661319', 'user_domain_id': 'default', 'user_domain_name': 'Default', 'user_id': 'd98ee7768e494e668ca8aa375414231c', 'system': None}, Network: None, Subnet: None, Router: None
2025-12-08 21:23:43.218 65463 INFO tempest.lib.common.rest_client [req-6bad627d-1424-4acd-98ae-c66bccfb6793 req-6bad627d-1424-4acd-98ae-c66bccfb6793 ] Request (HypervisorAdminV253TestBase:tearDownClass): 200 GET http://10.180.1.21/networking/v2.0/security-groups?tenant_id=fbf3a3ccc0c245e5ae1083a313de20de&name=default 0.261s
2025-12-08 21:23:43.223 65477 INFO tempest.lib.common.rest_client [req-ac20a037-5950-4865-bf45-10d45e9d867b req-ac20a037-5950-4865-bf45-10d45e9d867b ] Request (ListImageFiltersTestJSON:setUpClass): 200 GET http://10.180.1.21/compute/v2.1/images/4ef87ea7-49c8-4629-9c40-e7d54a666a21 4.168s
2025-12-08 21:23:43.275 65467 INFO tempest.lib.common.rest_client [req-14b3353e-d3aa-489c-a26d-fbdf5ddbea57 req-14b3353e-d3aa-489c-a26d-fbdf5ddbea57 ] Request (QuotasAdminTestJSON:setUpClass): 201 POST http://10.180.1.21/identity/v3/auth/tokens 0.098s
2025-12-08 21:23:43.341 65458 INFO tempest.lib.common.rest_client [req-a12c16aa-ab61-4a70-bb65-76c54fd8af6c req-a12c16aa-ab61-4a70-bb65-76c54fd8af6c ] Request (MigrationsAdminTest:test_list_migrations_in_flavor_resize_situation): 202 POST http://10.180.1.21/compute/v2.1/servers 4.364s
2025-12-08 21:23:43.355 65465 INFO tempest.lib.common.rest_client [req-b5c1f026-b0dd-4eeb-9304-de56de674c17 req-b5c1f026-b0dd-4eeb-9304-de56de674c17 ] Request (VolumesAssistedSnapshotsTest:test_volume_assisted_snapshot_create_delete): 200 GET http://10.180.1.21/volume/v3/volumes/4f12b85e-6a54-4779-a05b-810223067a44 0.050s
2025-12-08 21:23:43.363 65465 INFO tempest.common.waiters [-] volume 4f12b85e-6a54-4779-a05b-810223067a44 reached available after waiting for 1.363806 seconds
2025-12-08 21:23:43.396 65461 INFO tempest.lib.common.rest_client [req-55410c07-1aa9-4942-b54e-1fe83d19f498 req-55410c07-1aa9-4942-b54e-1fe83d19f498 ] Request (ServersWithSpecificFlavorTestJSON:test_verify_created_server_ephemeral_disk): 200 GET http://10.180.1.21/compute/v2.1/flavors/42 3.635s
2025-12-08 21:23:43.407 65467 INFO tempest.lib.common.rest_client [req-bba02797-3b51-469f-8bbe-4d169c654e52 req-bba02797-3b51-469f-8bbe-4d169c654e52 ] Request (QuotasAdminTestJSON:setUpClass): 201 POST http://10.180.1.21/identity/v3/projects 0.131s
2025-12-08 21:23:43.431 65443 INFO tempest.lib.common.rest_client [req-7b5ac534-7d95-442c-87f4-5e87f5ad8c4f req-7b5ac534-7d95-442c-87f4-5e87f5ad8c4f ] Request (FlavorsAdminTestJSON:_run_cleanups): 200 GET http://10.180.1.21/compute/v2.1/flavors/detail 3.328s
2025-12-08 21:23:43.551 65467 INFO tempest.lib.common.rest_client [req-5b73adfb-3617-4df3-a36c-ed53476c788a req-5b73adfb-3617-4df3-a36c-ed53476c788a ] Request (QuotasAdminTestJSON:setUpClass): 201 POST http://10.180.1.21/identity/v3/users 0.144s
2025-12-08 21:23:43.576 65449 INFO tempest.lib.common.rest_client [req-891227c0-a06b-447f-ae6d-a84c8b52fdb9 req-891227c0-a06b-447f-ae6d-a84c8b52fdb9 ] Request (ServersV294TestFqdnHostnames:setUpClass): 201 POST http://10.180.1.21/networking/v2.0/floatingips 0.570s
2025-12-08 21:23:43.578 65467 INFO tempest.lib.common.rest_client [req-22c3ccc8-38f4-4464-88bd-e6790a2d1d7b req-22c3ccc8-38f4-4464-88bd-e6790a2d1d7b ] Request (QuotasAdminTestJSON:setUpClass): 200 GET http://10.180.1.21/identity/v3/roles 0.026s
2025-12-08 21:23:43.608 65467 INFO tempest.lib.common.rest_client [req-c96783cc-7726-4676-8d09-ee1894680403 req-c96783cc-7726-4676-8d09-ee1894680403 ] Request (QuotasAdminTestJSON:setUpClass): 204 PUT http://10.180.1.21/identity/v3/projects/01dc0a83ed5f41f5a283f8b7091ffed2/users/5528d991085245ad9db72713a2645539/roles/5311e022a01a45b8b013f59c59c9d1cf 0.030s
2025-12-08 21:23:43.636 65473 INFO tempest.lib.common.rest_client [req-262f6004-9d03-47d5-a0b9-666e52ac4578 req-262f6004-9d03-47d5-a0b9-666e52ac4578 ] Request (ServerRescueTestJSON:setUpClass): 201 POST http://10.180.1.21/networking/v2.0/networks 0.496s
2025-12-08 21:23:43.659 65449 INFO tempest.lib.common.rest_client [req-0df4540b-b9db-4322-967c-d4a386ad46f3 req-0df4540b-b9db-4322-967c-d4a386ad46f3 ] Request (ServersV294TestFqdnHostnames:setUpClass): 201 POST http://10.180.1.21/identity/v3/auth/tokens 0.080s
2025-12-08 21:23:43.660 65449 INFO tempest.lib.common.fixed_network [-] (ServersV294TestFqdnHostnames:setUpClass) Found network {'id': '184e597d-c336-40c2-9b2e-0bead41f607f', 'name': 'tempest-ServersV294TestFqdnHostnames-1634530334-network', 'tenant_id': '46e66e116ace48849a739f189595a032', 'project_id': '46e66e116ace48849a739f189595a032', 'admin_state_up': True, 'mtu': 8950, 'status': 'ACTIVE', 'subnets': [], 'shared': False, 'port_security_enabled': True, 'router:external': False, 'provider:network_type': 'vlan', 'provider:physical_network': 'default', 'provider:segmentation_id': 505, 'availability_zone_hints': [], 'availability_zones': [], 'ipv4_address_scope': None, 'ipv6_address_scope': None, 'description': '', 'tags': [], 'created_at': '2025-12-08T21:23:34Z', 'updated_at': '2025-12-08T21:23:34Z', 'revision_number': 1} available for tenant
