2025-12-08 21:24:46.851 65453 INFO tempest.lib.common.rest_client [req-dd58f197-7358-4830-8365-788519fe6010 req-dd58f197-7358-4830-8365-788519fe6010 ] Request (HostsAdminTestJSON:setUpClass): 204 PUT http://10.180.1.21/identity/v3/projects/bf88653d36414d538630942fa7f7e56d/users/543a26c10e094f45b5a7e4205e68339e/roles/cb6117eded3d4713be38130a912a3cfe 0.045s
2025-12-08 21:24:46.851 65453 INFO tempest.lib.common.dynamic_creds [-] Dynamic test user 543a26c10e094f45b5a7e4205e68339e is created with scope project and roles: ['member']
2025-12-08 21:24:46.851 65453 INFO tempest.lib.common.dynamic_creds [-] Acquired dynamic creds: credentials: Credentials: {'domain_id': 'default', 'domain_name': 'Default', 'username': 'tempest-HostsAdminTestJSON-1799095140-project-member', 'project_domain_id': 'default', 'project_domain_name': 'Default', 'project_id': 'bf88653d36414d538630942fa7f7e56d', 'project_name': 'tempest-HostsAdminTestJSON-1799095140', 'tenant_id': 'bf88653d36414d538630942fa7f7e56d', 'tenant_name': 'tempest-HostsAdminTestJSON-1799095140', 'user_domain_id': 'default', 'user_domain_name': 'Default', 'user_id': '543a26c10e094f45b5a7e4205e68339e', 'system': None}, Network: None, Subnet: None, Router: None
2025-12-08 21:24:46.851 65453 INFO tempest.lib.common.dynamic_creds [-] Created isolated network resources for: credentials: Credentials: {'domain_id': 'default', 'domain_name': 'Default', 'username': 'tempest-HostsAdminTestJSON-1799095140-project-member', 'project_domain_id': 'default', 'project_domain_name': 'Default', 'project_id': 'bf88653d36414d538630942fa7f7e56d', 'project_name': 'tempest-HostsAdminTestJSON-1799095140', 'tenant_id': 'bf88653d36414d538630942fa7f7e56d', 'tenant_name': 'tempest-HostsAdminTestJSON-1799095140', 'user_domain_id': 'default', 'user_domain_name': 'Default', 'user_id': '543a26c10e094f45b5a7e4205e68339e', 'system': None}, Network: None, Subnet: None, Router: None
2025-12-08 21:24:46.862 65425 INFO tempest.lib.common.rest_client [req-549e03fa-02f1-4740-a037-57429b93be09 req-549e03fa-02f1-4740-a037-57429b93be09 ] Request (ServerExternalEventsTest:tearDownClass): 204 DELETE http://10.180.1.21/identity/v3/projects/85729130bee8409a90ed2e15fc710296 0.102s
2025-12-08 21:24:46.938 65425 INFO tempest.lib.common.rest_client [req-7b4eb376-9010-4f6b-8ade-a13301a3c823 req-7b4eb376-9010-4f6b-8ade-a13301a3c823 ] Request (ServersAdminNegativeTestJSON:setUpClass): 201 POST http://10.180.1.21/identity/v3/auth/tokens 0.074s
2025-12-08 21:24:46.952 65453 INFO tempest.lib.common.rest_client [req-7be073fb-6bc9-4f22-b35e-618155755bce req-7be073fb-6bc9-4f22-b35e-618155755bce ] Request (HostsAdminTestJSON:setUpClass): 201 POST http://10.180.1.21/identity/v3/auth/tokens 0.098s
2025-12-08 21:24:46.973 65425 INFO tempest.lib.common.rest_client [req-c366066f-764f-4be9-ad7a-2c461b87a65e req-c366066f-764f-4be9-ad7a-2c461b87a65e ] Request (ServersAdminNegativeTestJSON:setUpClass): 201 POST http://10.180.1.21/identity/v3/auth/tokens 0.031s
2025-12-08 21:24:46.995 65453 INFO tempest.lib.common.rest_client [req-4df2dac8-4a11-42a2-acc9-5d0d84d2163d req-4df2dac8-4a11-42a2-acc9-5d0d84d2163d ] Request (HostsAdminTestJSON:setUpClass): 201 POST http://10.180.1.21/identity/v3/projects 0.042s
2025-12-08 21:24:47.004 65425 INFO tempest.lib.common.rest_client [req-e5ba3ab3-263b-455c-8de2-6955982d4746 req-e5ba3ab3-263b-455c-8de2-6955982d4746 ] Request (ServersAdminNegativeTestJSON:setUpClass): 200 GET http://10.180.1.21/identity/v3/domains?name=Default 0.030s
2025-12-08 21:24:47.062 65453 INFO tempest.lib.common.rest_client [req-b69bc739-c7fc-4faa-a0ec-a7248e0ab3ba req-b69bc739-c7fc-4faa-a0ec-a7248e0ab3ba ] Request (HostsAdminTestJSON:setUpClass): 201 POST http://10.180.1.21/identity/v3/users 0.067s
2025-12-08 21:24:47.070 65425 INFO tempest.lib.common.rest_client [req-7af48e31-b8c3-4f1f-8283-a304f410c809 req-7af48e31-b8c3-4f1f-8283-a304f410c809 ] Request (ServersAdminNegativeTestJSON:setUpClass): 201 POST http://10.180.1.21/identity/v3/projects 0.065s
2025-12-08 21:24:47.120 65453 INFO tempest.lib.common.rest_client [req-bf9c3198-9243-489b-97cc-12d893490dc7 req-bf9c3198-9243-489b-97cc-12d893490dc7 ] Request (HostsAdminTestJSON:setUpClass): 200 GET http://10.180.1.21/identity/v3/roles 0.057s
2025-12-08 21:24:47.125 65425 INFO tempest.lib.common.rest_client [req-1799e382-0cbf-484a-a56e-1b885413bb52 req-1799e382-0cbf-484a-a56e-1b885413bb52 ] Request (ServersAdminNegativeTestJSON:setUpClass): 201 POST http://10.180.1.21/identity/v3/users 0.055s
2025-12-08 21:24:47.145 65425 INFO tempest.lib.common.rest_client [req-2972a96c-82de-4905-8cda-1654f55bd548 req-2972a96c-82de-4905-8cda-1654f55bd548 ] Request (ServersAdminNegativeTestJSON:setUpClass): 200 GET http://10.180.1.21/identity/v3/roles 0.019s
2025-12-08 21:24:47.151 65453 INFO tempest.lib.common.rest_client [req-e7a4ce6d-6e98-492c-9318-2edfd11938ae req-e7a4ce6d-6e98-492c-9318-2edfd11938ae ] Request (HostsAdminTestJSON:setUpClass): 204 PUT http://10.180.1.21/identity/v3/projects/ec045e8ee4884b399691c18d6c5eb0dc/users/a28196925ced4139a6af26ffd9283740/roles/5311e022a01a45b8b013f59c59c9d1cf 0.031s
2025-12-08 21:24:47.204 65425 INFO tempest.lib.common.rest_client [req-18a56c65-98c1-48df-9933-075b83e332ee req-18a56c65-98c1-48df-9933-075b83e332ee ] Request (ServersAdminNegativeTestJSON:setUpClass): 204 PUT http://10.180.1.21/identity/v3/projects/f4bb1b15965b4f1080cc930f753987c1/users/b51c8a26c0004533813aade81195e9e7/roles/cb6117eded3d4713be38130a912a3cfe 0.058s
2025-12-08 21:24:47.204 65425 INFO tempest.lib.common.dynamic_creds [-] Dynamic test user b51c8a26c0004533813aade81195e9e7 is created with scope project and roles: ['member']
2025-12-08 21:24:47.204 65425 INFO tempest.lib.common.dynamic_creds [-] Acquired dynamic creds: credentials: Credentials: {'domain_id': 'default', 'domain_name': 'Default', 'username': 'tempest-ServersAdminNegativeTestJSON-1432671933-project-member', 'project_domain_id': 'default', 'project_domain_name': 'Default', 'project_id': 'f4bb1b15965b4f1080cc930f753987c1', 'project_name': 'tempest-ServersAdminNegativeTestJSON-1432671933', 'tenant_id': 'f4bb1b15965b4f1080cc930f753987c1', 'tenant_name': 'tempest-ServersAdminNegativeTestJSON-1432671933', 'user_domain_id': 'default', 'user_domain_name': 'Default', 'user_id': 'b51c8a26c0004533813aade81195e9e7', 'system': None}, Network: None, Subnet: None, Router: None
2025-12-08 21:24:47.204 65425 INFO tempest.lib.common.dynamic_creds [-] Created isolated network resources for: credentials: Credentials: {'domain_id': 'default', 'domain_name': 'Default', 'username': 'tempest-ServersAdminNegativeTestJSON-1432671933-project-member', 'project_domain_id': 'default', 'project_domain_name': 'Default', 'project_id': 'f4bb1b15965b4f1080cc930f753987c1', 'project_name': 'tempest-ServersAdminNegativeTestJSON-1432671933', 'tenant_id': 'f4bb1b15965b4f1080cc930f753987c1', 'tenant_name': 'tempest-ServersAdminNegativeTestJSON-1432671933', 'user_domain_id': 'default', 'user_domain_name': 'Default', 'user_id': 'b51c8a26c0004533813aade81195e9e7', 'system': None}, Network: None, Subnet: None, Router: None
2025-12-08 21:24:47.214 65453 INFO tempest.lib.common.rest_client [req-32e5038a-e4e3-48c5-81f5-c93140558fd4 req-32e5038a-e4e3-48c5-81f5-c93140558fd4 ] Request (HostsAdminTestJSON:setUpClass): 200 GET http://10.180.1.21/identity/v3/roles 0.062s
2025-12-08 21:24:47.227 65455 INFO tempest.lib.common.rest_client [req-f6dd1acf-8a07-442a-b92d-9583fbb3424c req-f6dd1acf-8a07-442a-b92d-9583fbb3424c ] Request (SecurityGroupRulesTestJSON:tearDownClass): 204 DELETE http://10.180.1.21/networking/v2.0/routers/1d22eb3c-8141-436c-836b-10eae8740e83 0.578s
2025-12-08 21:24:47.243 65441 INFO tempest.lib.common.rest_client [req-9ff3709d-25f1-4dfe-9e14-32ddf8a8492c req-9ff3709d-25f1-4dfe-9e14-32ddf8a8492c ] Request (SecurityGroupsNegativeTestJSON:test_update_non_existent_security_group): 404 PUT http://10.180.1.21/compute/v2.1/os-security-groups/7172e6a6-70f7-4a56-8397-e583b9d3e6fc 2.454s
2025-12-08 21:24:47.279 65453 INFO tempest.lib.common.rest_client [req-da5dc203-8b96-4624-9940-99f539c61e24 req-da5dc203-8b96-4624-9940-99f539c61e24 ] Request (HostsAdminTestJSON:setUpClass): 204 PUT http://10.180.1.21/identity/v3/projects/ec045e8ee4884b399691c18d6c5eb0dc/users/a28196925ced4139a6af26ffd9283740/roles/5311e022a01a45b8b013f59c59c9d1cf 0.064s
2025-12-08 21:24:47.279 65453 INFO tempest.lib.common.dynamic_creds [-] Dynamic test user a28196925ced4139a6af26ffd9283740 is created with scope project and roles: ['admin']
2025-12-08 21:24:47.279 65453 INFO tempest.lib.common.dynamic_creds [-] Acquired dynamic creds: credentials: Credentials: {'domain_id': 'default', 'domain_name': 'Default', 'username': 'tempest-HostsAdminTestJSON-1081351491-project-admin', 'project_domain_id': 'default', 'project_domain_name': 'Default', 'project_id': 'ec045e8ee4884b399691c18d6c5eb0dc', 'project_name': 'tempest-HostsAdminTestJSON-1081351491', 'tenant_id': 'ec045e8ee4884b399691c18d6c5eb0dc', 'tenant_name': 'tempest-HostsAdminTestJSON-1081351491', 'user_domain_id': 'default', 'user_domain_name': 'Default', 'user_id': 'a28196925ced4139a6af26ffd9283740', 'system': None}, Network: None, Subnet: None, Router: None
2025-12-08 21:24:47.279 65453 INFO tempest.lib.common.dynamic_creds [-] Created isolated network resources for: credentials: Credentials: {'domain_id': 'default', 'domain_name': 'Default', 'username': 'tempest-HostsAdminTestJSON-1081351491-project-admin', 'project_domain_id': 'default', 'project_domain_name': 'Default', 'project_id': 'ec045e8ee4884b399691c18d6c5eb0dc', 'project_name': 'tempest-HostsAdminTestJSON-1081351491', 'tenant_id': 'ec045e8ee4884b399691c18d6c5eb0dc', 'tenant_name': 'tempest-HostsAdminTestJSON-1081351491', 'user_domain_id': 'default', 'user_domain_name': 'Default', 'user_id': 'a28196925ced4139a6af26ffd9283740', 'system': None}, Network: None, Subnet: None, Router: None
2025-12-08 21:24:47.292 65425 INFO tempest.lib.common.rest_client [req-ad1d5734-5805-4675-91d5-0662747ccfb6 req-ad1d5734-5805-4675-91d5-0662747ccfb6 ] Request (ServersAdminNegativeTestJSON:setUpClass): 201 POST http://10.180.1.21/identity/v3/auth/tokens 0.084s
2025-12-08 21:24:47.318 65439 INFO tempest.lib.common.rest_client [req-85f82fac-ea20-4b69-94b0-fcff4ad75cfc req-85f82fac-ea20-4b69-94b0-fcff4ad75cfc ] Request (ServerDiagnosticsNegativeTest:test_get_server_diagnostics_by_non_admin): 200 GET http://10.180.1.21/compute/v2.1/servers/9713b2e8-2780-4e6e-952d-60600b27526c 2.504s
2025-12-08 21:24:47.360 65425 INFO tempest.lib.common.rest_client [req-88a2584d-2511-4148-97e4-535f300ce7ad req-88a2584d-2511-4148-97e4-535f300ce7ad ] Request (ServersAdminNegativeTestJSON:setUpClass): 201 POST http://10.180.1.21/identity/v3/projects 0.068s
2025-12-08 21:24:47.373 65453 INFO tempest.lib.common.rest_client [req-dce9293e-af3a-452f-a237-3373fa54457b req-dce9293e-af3a-452f-a237-3373fa54457b ] Request (HostsAdminTestJSON:setUpClass): 201 POST http://10.180.1.21/identity/v3/auth/tokens 0.089s
2025-12-08 21:24:47.427 65425 INFO tempest.lib.common.rest_client [req-950bac92-6bbb-419d-b617-53efc450ac2f req-950bac92-6bbb-419d-b617-53efc450ac2f ] Request (ServersAdminNegativeTestJSON:setUpClass): 201 POST http://10.180.1.21/identity/v3/users 0.066s
2025-12-08 21:24:47.450 65425 INFO tempest.lib.common.rest_client [req-db86e0e8-c0e1-44d9-b1d9-feb842d8d0ec req-db86e0e8-c0e1-44d9-b1d9-feb842d8d0ec ] Request (ServersAdminNegativeTestJSON:setUpClass): 200 GET http://10.180.1.21/identity/v3/roles 0.022s
2025-12-08 21:24:47.469 65455 INFO tempest.lib.common.rest_client [req-0225ba11-c70c-494e-91d5-a8f71b30ba7e req-0225ba11-c70c-494e-91d5-a8f71b30ba7e ] Request (SecurityGroupRulesTestJSON:tearDownClass): 204 DELETE http://10.180.1.21/networking/v2.0/subnets/7bde7b3d-5aee-4c0d-b721-c60aa6c4939d 0.241s
2025-12-08 21:24:47.486 65425 INFO tempest.lib.common.rest_client [req-6d328dee-ff1b-448f-8b53-e0ac4c33bbdb req-6d328dee-ff1b-448f-8b53-e0ac4c33bbdb ] Request (ServersAdminNegativeTestJSON:setUpClass): 204 PUT http://10.180.1.21/identity/v3/projects/c5c4987889a64c4496144411471d43e9/users/a70e0dd4e2cc419ea84f401bc9c29235/roles/5311e022a01a45b8b013f59c59c9d1cf 0.036s
2025-12-08 21:24:47.535 65425 INFO tempest.lib.common.rest_client [req-b042ab89-8629-4946-8f1a-ab243734c3f1 req-b042ab89-8629-4946-8f1a-ab243734c3f1 ] Request (ServersAdminNegativeTestJSON:setUpClass): 200 GET http://10.180.1.21/identity/v3/roles 0.049s
2025-12-08 21:24:47.553 65425 INFO tempest.lib.common.rest_client [req-51a3aeaa-01d7-423f-9b39-212bdd872949 req-51a3aeaa-01d7-423f-9b39-212bdd872949 ] Request (ServersAdminNegativeTestJSON:setUpClass): 204 PUT http://10.180.1.21/identity/v3/projects/c5c4987889a64c4496144411471d43e9/users/a70e0dd4e2cc419ea84f401bc9c29235/roles/5311e022a01a45b8b013f59c59c9d1cf 0.017s
2025-12-08 21:24:47.553 65425 INFO tempest.lib.common.dynamic_creds [-] Dynamic test user a70e0dd4e2cc419ea84f401bc9c29235 is created with scope project and roles: ['admin']
2025-12-08 21:24:47.553 65425 INFO tempest.lib.common.dynamic_creds [-] Acquired dynamic creds: credentials: Credentials: {'domain_id': 'default', 'domain_name': 'Default', 'username': 'tempest-ServersAdminNegativeTestJSON-531828751-project-admin', 'project_domain_id': 'default', 'project_domain_name': 'Default', 'project_id': 'c5c4987889a64c4496144411471d43e9', 'project_name': 'tempest-ServersAdminNegativeTestJSON-531828751', 'tenant_id': 'c5c4987889a64c4496144411471d43e9', 'tenant_name': 'tempest-ServersAdminNegativeTestJSON-531828751', 'user_domain_id': 'default', 'user_domain_name': 'Default', 'user_id': 'a70e0dd4e2cc419ea84f401bc9c29235', 'system': None}, Network: None, Subnet: None, Router: None
2025-12-08 21:24:47.553 65425 INFO tempest.lib.common.dynamic_creds [-] Created isolated network resources for: credentials: Credentials: {'domain_id': 'default', 'domain_name': 'Default', 'username': 'tempest-ServersAdminNegativeTestJSON-531828751-project-admin', 'project_domain_id': 'default', 'project_domain_name': 'Default', 'project_id': 'c5c4987889a64c4496144411471d43e9', 'project_name': 'tempest-ServersAdminNegativeTestJSON-531828751', 'tenant_id': 'c5c4987889a64c4496144411471d43e9', 'tenant_name': 'tempest-ServersAdminNegativeTestJSON-531828751', 'user_domain_id': 'default', 'user_domain_name': 'Default', 'user_id': 'a70e0dd4e2cc419ea84f401bc9c29235', 'system': None}, Network: None, Subnet: None, Router: None
2025-12-08 21:24:47.558 65463 INFO tempest.lib.common.rest_client [req-46d611cb-b392-48f4-8e8f-8937dc78f6ae req-46d611cb-b392-48f4-8e8f-8937dc78f6ae ] Request (QuotasAdminTestV236:test_get_updated_quotas): 200 GET http://10.180.1.21/compute/v2.1/os-quota-sets/a4b8ce22755d4b37865a4087a392e772?user_id=9556070b91f841e1a483a90578c18c21 2.444s
2025-12-08 21:24:47.580 65451 INFO tempest.lib.common.rest_client [req-09138817-eb62-4d90-87cf-c19406225632 req-09138817-eb62-4d90-87cf-c19406225632 ] Request (AggregatesAdminNegativeTestJSON:test_aggregate_remove_host_as_user): 200 POST http://10.180.1.21/compute/v2.1/os-aggregates 2.461s
2025-12-08 21:24:47.633 65425 INFO tempest.lib.common.rest_client [req-74008768-67ba-443a-b6c3-cdf8df864d6e req-74008768-67ba-443a-b6c3-cdf8df864d6e ] Request (ServersAdminNegativeTestJSON:setUpClass): 201 POST http://10.180.1.21/identity/v3/auth/tokens 0.077s
2025-12-08 21:24:47.634 65425 WARNING tempest.lib.common.rest_client [-] Deprecated: "tenant_id" property is deprecated for removal, use "project_id" instead
2025-12-08 21:24:47.660 65463 INFO tempest.lib.common.rest_client [req-0e223dfa-65e1-4a03-9910-b786f0dff596 req-0e223dfa-65e1-4a03-9910-b786f0dff596 ] Request (QuotasAdminTestV236:_run_cleanups): 204 DELETE http://10.180.1.21/identity/v3/users/9556070b91f841e1a483a90578c18c21 0.100s
2025-12-08 21:24:47.698 65425 INFO tempest.lib.common.rest_client [req-a4fce033-d78a-4171-a4e2-3794d6d4afbe req-a4fce033-d78a-4171-a4e2-3794d6d4afbe ] Request (ServersAdminNegativeTestJSON:setUpClass): 201 POST http://10.180.1.21/identity/v3/auth/tokens 0.060s
2025-12-08 21:24:47.698 65425 INFO tempest.lib.common.fixed_network [-] (ServersAdminNegativeTestJSON:setUpClass) Found network None available for tenant
2025-12-08 21:24:47.739 65463 INFO tempest.lib.common.rest_client [req-98558a76-6074-4452-9630-ad07f666147c req-98558a76-6074-4452-9630-ad07f666147c ] Request (QuotasAdminTestV236:_run_cleanups): 204 DELETE http://10.180.1.21/identity/v3/projects/a4b8ce22755d4b37865a4087a392e772 0.078s
2025-12-08 21:24:47.909 65463 INFO tempest.lib.common.rest_client [req-9fe47568-7716-4a15-963b-ce36587c99c8 req-9fe47568-7716-4a15-963b-ce36587c99c8 ] Request (QuotasAdminTestV236:tearDownClass): 204 DELETE http://10.180.1.21/identity/v3/users/11691e26afdf48fcace45d68202908b0 0.167s
2025-12-08 21:24:48.045 65463 INFO tempest.lib.common.rest_client [req-69d1b4cc-7863-4316-bc16-4fec7edb6650 req-69d1b4cc-7863-4316-bc16-4fec7edb6650 ] Request (QuotasAdminTestV236:tearDownClass): 204 DELETE http://10.180.1.21/identity/v3/users/4c701db70f704de485d189031b2be346 0.135s
2025-12-08 21:24:48.046 65463 INFO tempest.lib.common.dynamic_creds [-] Deleting project and security group for project: 6d21c897c6824d1eaae7aa48036b8a9a
2025-12-08 21:24:48.105 65463 INFO tempest.lib.common.rest_client [req-752bf412-f45d-402f-aecb-c83823cf7564 req-752bf412-f45d-402f-aecb-c83823cf7564 ] Request (QuotasAdminTestV236:tearDownClass): 201 POST http://10.180.1.21/identity/v3/auth/tokens 0.059s
2025-12-08 21:24:48.176 65441 INFO tempest.lib.common.rest_client [req-a121ea36-c0aa-4018-be4c-d2ad207c4e09 req-a121ea36-c0aa-4018-be4c-d2ad207c4e09 ] Request (SecurityGroupsNegativeTestJSON:tearDownClass): 200 PUT http://10.180.1.21/networking/v2.0/routers/d9fd9d6b-09b6-46fa-99d5-da620c441040/remove_router_interface 0.930s
2025-12-08 21:24:48.726 65455 INFO tempest.lib.common.rest_client [req-d031ac20-1771-415c-b994-d898a9aed902 req-d031ac20-1771-415c-b994-d898a9aed902 ] Request (SecurityGroupRulesTestJSON:tearDownClass): 204 DELETE http://10.180.1.21/networking/v2.0/networks/0d226771-802e-408f-9f45-afbe988f1f79 1.256s
2025-12-08 21:24:48.756 65463 INFO tempest.lib.common.rest_client [req-bc02a949-15ac-4730-bccc-291ebe64362a req-bc02a949-15ac-4730-bccc-291ebe64362a ] Request (QuotasAdminTestV236:tearDownClass): 200 GET http://10.180.1.21/networking/v2.0/security-groups?tenant_id=6d21c897c6824d1eaae7aa48036b8a9a&name=default 0.651s
2025-12-08 21:24:48.818 65455 INFO tempest.lib.common.rest_client [req-7639115e-5b9d-415b-ba2d-8df2fdd200f6 req-7639115e-5b9d-415b-ba2d-8df2fdd200f6 ] Request (SecurityGroupRulesTestJSON:tearDownClass): 204 DELETE http://10.180.1.21/identity/v3/users/e9154fab22aa4902a956ba12a659b07b 0.092s
2025-12-08 21:24:48.819 65455 INFO tempest.lib.common.dynamic_creds [-] Deleting project and security group for project: 8a5ab2c0e5f24c309a88b42c46821526
2025-12-08 21:24:48.840 65481 INFO tempest.lib.common.rest_client [req-0ee7ec04-645a-4553-9f0c-d5c9aacd4017 req-0ee7ec04-645a-4553-9f0c-d5c9aacd4017 ] Request (FloatingIPsAssociationTestJSON:setUpClass): 200 GET http://10.180.1.21/compute/v2.1/servers/68483344-ca53-48fd-a5ec-d4604292e0a6 3.921s
2025-12-08 21:24:48.852 65481 INFO tempest.common.waiters [-] State transition "BUILD/spawning" ==> "ACTIVE/None" after 39 second wait
2025-12-08 21:24:48.867 65433 WARNING tempest.lib.common.ssh [-] Failed to establish authenticated ssh connection to cirros@10.180.180.253 ([Errno None] Unable to connect to port 22 on 10.180.180.253). Number attempts: 4. Retry after 5 seconds.: paramiko.ssh_exception.NoValidConnectionsError: [Errno None] Unable to connect to port 22 on 10.180.180.253
2025-12-08 21:24:49.187 65441 INFO tempest.lib.common.rest_client [req-573a74bf-4f82-4cd9-af6d-88d99f8265cf req-573a74bf-4f82-4cd9-af6d-88d99f8265cf ] Request (SecurityGroupsNegativeTestJSON:tearDownClass): 204 DELETE http://10.180.1.21/networking/v2.0/routers/d9fd9d6b-09b6-46fa-99d5-da620c441040 1.010s
2025-12-08 21:24:49.269 65463 INFO tempest.lib.common.rest_client [req-c7158da2-efaa-47ac-8fb8-c6f47406dab3 req-c7158da2-efaa-47ac-8fb8-c6f47406dab3 ] Request (QuotasAdminTestV236:tearDownClass): 204 DELETE http://10.180.1.21/networking/v2.0/security-groups/24145908-12b2-49ed-9987-2009c90df32a 0.512s
2025-12-08 21:24:49.275 65487 INFO tempest.lib.common.rest_client [req-0479b21e-3b65-4bee-a823-954c7eede360 req-0479b21e-3b65-4bee-a823-954c7eede360 ] Request (SecurityGroupRulesNegativeTestJSON:test_create_security_group_rule_duplicate): 200 POST http://10.180.1.21/compute/v2.1/os-security-group-rules 4.146s
2025-12-08 21:24:49.295 65455 INFO tempest.lib.common.rest_client [req-bbb483ca-8af0-4c68-9a0b-7343df4d6414 req-bbb483ca-8af0-4c68-9a0b-7343df4d6414 ] Request (SecurityGroupRulesTestJSON:tearDownClass): 200 GET http://10.180.1.21/networking/v2.0/security-groups?tenant_id=8a5ab2c0e5f24c309a88b42c46821526&name=default 0.476s
2025-12-08 21:24:49.319 65445 INFO tempest.lib.common.rest_client [req-a5b8964e-3598-4f9d-85ba-a7c493c8bb8d req-a5b8964e-3598-4f9d-85ba-a7c493c8bb8d ] Request (DeleteServersAdminTestJSON:test_delete_server_while_in_error_state): 200 GET http://10.180.1.21/compute/v2.1/servers/8bc97c9e-b9b5-4fda-b0d6-f0cf0c59a4a3 4.153s
2025-12-08 21:24:49.319 65429 WARNING tempest.lib.common.ssh [-] Failed to establish authenticated ssh connection to cirros@10.180.180.194 ([Errno None] Unable to connect to port 22 on 10.180.180.194). Number attempts: 1. Retry after 2 seconds.: paramiko.ssh_exception.NoValidConnectionsError: [Errno None] Unable to connect to port 22 on 10.180.180.194
2025-12-08 21:24:49.327 65445 INFO tempest.common.waiters [-] State transition "BUILD/scheduling" ==> "BUILD/None" after 8 second wait
2025-12-08 21:24:49.339 65447 INFO tempest.lib.common.rest_client [req-700e33e8-282c-4894-b5e0-8dbee42afea3 req-700e33e8-282c-4894-b5e0-8dbee42afea3 ] Request (FlavorsV2TestJSON:test_list_flavors_filter_by_min_disk): 200 GET http://10.180.1.21/compute/v2.1/flavors?minDisk=2 4.124s
2025-12-08 21:24:49.428 65441 INFO tempest.lib.common.rest_client [req-ec16dc5a-d03d-4f55-b78d-67ba91579660 req-ec16dc5a-d03d-4f55-b78d-67ba91579660 ] Request (SecurityGroupsNegativeTestJSON:tearDownClass): 204 DELETE http://10.180.1.21/networking/v2.0/subnets/d24d89cd-1c01-4402-acf6-519540926013 0.241s
2025-12-08 21:24:49.430 65455 INFO tempest.lib.common.rest_client [req-79f1d6c4-e9bb-4a5d-ab02-eba912d73531 req-79f1d6c4-e9bb-4a5d-ab02-eba912d73531 ] Request (SecurityGroupRulesTestJSON:tearDownClass): 204 DELETE http://10.180.1.21/networking/v2.0/security-groups/344212ac-538d-4217-85c6-4945bb0d67d0 0.134s
2025-12-08 21:24:49.455 65463 INFO tempest.lib.common.rest_client [req-73a2d1ba-9c9b-4640-a68c-6ec304f827fe req-73a2d1ba-9c9b-4640-a68c-6ec304f827fe ] Request (QuotasAdminTestV236:tearDownClass): 204 DELETE http://10.180.1.21/identity/v3/projects/6d21c897c6824d1eaae7aa48036b8a9a 0.186s
2025-12-08 21:24:49.455 65463 INFO tempest.lib.common.dynamic_creds [-] Deleting project and security group for project: 41976719fa3d4720af131f016fac0759
2025-12-08 21:24:49.602 65455 INFO tempest.lib.common.rest_client [req-d4803bd0-f8bd-4381-b2f8-99ffc0c24453 req-d4803bd0-f8bd-4381-b2f8-99ffc0c24453 ] Request (SecurityGroupRulesTestJSON:tearDownClass): 204 DELETE http://10.180.1.21/identity/v3/projects/8a5ab2c0e5f24c309a88b42c46821526 0.172s
2025-12-08 21:24:49.653 65441 INFO tempest.lib.common.rest_client [req-ae6488ce-b4de-4cb5-891e-35601e56592c req-ae6488ce-b4de-4cb5-891e-35601e56592c ] Request (SecurityGroupsNegativeTestJSON:tearDownClass): 204 DELETE http://10.180.1.21/networking/v2.0/networks/bdc13c80-2f91-4eeb-9cd8-e22d614571e9 0.224s
2025-12-08 21:24:49.685 65455 INFO tempest.lib.common.rest_client [req-9ff40fc3-59f9-48e2-b310-bbe85502156c req-9ff40fc3-59f9-48e2-b310-bbe85502156c ] Request (MultipleCreateNegativeTestJSON:setUpClass): 201 POST http://10.180.1.21/identity/v3/auth/tokens 0.081s
2025-12-08 21:24:49.693 65463 INFO tempest.lib.common.rest_client [req-21177952-8322-439c-acd2-ae5d37452b87 req-21177952-8322-439c-acd2-ae5d37452b87 ] Request (QuotasAdminTestV236:tearDownClass): 200 GET http://10.180.1.21/networking/v2.0/security-groups?tenant_id=41976719fa3d4720af131f016fac0759&name=default 0.237s
2025-12-08 21:24:49.726 65455 INFO tempest.lib.common.rest_client [req-b8b354f3-3eb5-434e-aac4-dc30d41cbdc5 req-b8b354f3-3eb5-434e-aac4-dc30d41cbdc5 ] Request (MultipleCreateNegativeTestJSON:setUpClass): 201 POST http://10.180.1.21/identity/v3/auth/tokens 0.037s
2025-12-08 21:24:49.733 65458 INFO tempest.lib.common.rest_client [req-d013f946-2dfd-4600-9406-bb8253b876df req-d013f946-2dfd-4600-9406-bb8253b876df ] Request (MigrationsAdminTest:test_list_migrations_in_flavor_resize_situation): 200 GET http://10.180.1.21/compute/v2.1/servers/2fd9ec64-85c6-4c52-99dd-b88de8fcefe4 4.531s
2025-12-08 21:24:49.733 65477 INFO tempest.lib.common.rest_client [req-97ff2404-325a-49e5-818c-105dcd3e4218 req-97ff2404-325a-49e5-818c-105dcd3e4218 ] Request (ListImageFiltersTestJSON:setUpClass): 200 GET http://10.180.1.21/compute/v2.1/servers/7560d450-4ce9-4f84-bf39-1f34a3c76ce2 4.503s
2025-12-08 21:24:49.747 65477 INFO tempest.common.waiters [-] State transition "BUILD/None" ==> "BUILD/spawning" after 39 second wait
2025-12-08 21:24:49.763 65441 INFO tempest.lib.common.rest_client [req-e1e6efbd-9bf5-4c78-b862-c80bbed7fdf9 req-e1e6efbd-9bf5-4c78-b862-c80bbed7fdf9 ] Request (SecurityGroupsNegativeTestJSON:tearDownClass): 204 DELETE http://10.180.1.21/identity/v3/users/048ce26ac4534898b1e85910a1dc7909 0.109s
2025-12-08 21:24:49.763 65441 INFO tempest.lib.common.dynamic_creds [-] Deleting project and security group for project: 3409285275e249caabf64adc37c83479
2025-12-08 21:24:49.763 65465 WARNING tempest.lib.common.ssh [-] Failed to establish authenticated ssh connection to cirros@10.180.180.141 ([Errno None] Unable to connect to port 22 on 10.180.180.141). Number attempts: 3. Retry after 4 seconds.: paramiko.ssh_exception.NoValidConnectionsError: [Errno None] Unable to connect to port 22 on 10.180.180.141
2025-12-08 21:24:49.777 65480 INFO tempest.lib.common.rest_client [req-1a7027ec-b840-40ee-9e20-f2472b0b6ecc req-1a7027ec-b840-40ee-9e20-f2472b0b6ecc ] Request (FloatingIPsAssociationNegativeTestJSON:test_dissociate_nonexistent_floating_ip): 404 POST http://10.180.1.21/compute/v2.1/servers/962d0645-e055-4226-8e60-680fba147a31/action 4.319s
2025-12-08 21:24:49.818 65455 INFO tempest.lib.common.rest_client [req-82e3a086-cbb9-4af3-8183-bd24456049e4 req-82e3a086-cbb9-4af3-8183-bd24456049e4 ] Request (MultipleCreateNegativeTestJSON:setUpClass): 200 GET http://10.180.1.21/identity/v3/domains?name=Default 0.092s
2025-12-08 21:24:49.824 65463 INFO tempest.lib.common.rest_client [req-8a11133f-c862-4a49-a9f7-126233eba3c6 req-8a11133f-c862-4a49-a9f7-126233eba3c6 ] Request (QuotasAdminTestV236:tearDownClass): 204 DELETE http://10.180.1.21/networking/v2.0/security-groups/1c0150e5-eadb-407d-8d63-8ae700bb7147 0.131s
2025-12-08 21:24:49.842 65441 INFO tempest.lib.common.rest_client [req-9eb5d666-6969-4db2-a552-861deccd2855 req-9eb5d666-6969-4db2-a552-861deccd2855 ] Request (SecurityGroupsNegativeTestJSON:tearDownClass): 200 GET http://10.180.1.21/networking/v2.0/security-groups?tenant_id=3409285275e249caabf64adc37c83479&name=default 0.078s
2025-12-08 21:24:49.848 65435 INFO tempest.lib.common.rest_client [req-720b1108-2005-41f8-a413-8f5939aad0fa req-720b1108-2005-41f8-a413-8f5939aad0fa ] Request (ServersAdminTestJSON:test_create_server_with_scheduling_hint): 200 GET http://10.180.1.21/compute/v2.1/servers/e55f8f2e-dd26-44ee-8b0a-230b04197afa 4.595s
2025-12-08 21:24:49.903 65455 INFO tempest.lib.common.rest_client [req-65c2f219-fc54-4616-8600-e270b8b75d10 req-65c2f219-fc54-4616-8600-e270b8b75d10 ] Request (MultipleCreateNegativeTestJSON:setUpClass): 201 POST http://10.180.1.21/identity/v3/projects 0.083s
2025-12-08 21:24:49.905 65483 INFO tempest.lib.common.rest_client [req-9fb273a5-059b-445e-8185-ea003b1be310 req-9fb273a5-059b-445e-8185-ea003b1be310 ] Request (ServersAdmin275Test:tearDownClass): 200 GET http://10.180.1.21/compute/v2.1/servers/236ea6a4-27b5-469a-ae17-502f15a4ac92 4.383s
2025-12-08 21:24:49.918 65467 INFO tempest.lib.common.rest_client [req-0930ffdc-2cb6-4c4d-b0e3-5c718f18e6b4 req-0930ffdc-2cb6-4c4d-b0e3-5c718f18e6b4 ] Request (ImagesTestJSON:test_create_image_from_stopped_server): 200 GET http://10.180.1.21/compute/v2.1/servers/38c911b6-6696-446f-963d-3fbd90dac327 4.328s
2025-12-08 21:24:49.995 65469 INFO tempest.lib.common.rest_client [req-5cda56eb-06c0-4330-a276-5dbb7eac30f6 req-5cda56eb-06c0-4330-a276-5dbb7eac30f6 ] Request (ListServersNegativeTestJSON:test_list_servers_by_limits_greater_than_actual_count): 200 GET http://10.180.1.21/compute/v2.1/servers?limit=102 4.323s
2025-12-08 21:24:50.025 65463 INFO tempest.lib.common.rest_client [req-bfd7d9ea-2c4d-4f7a-b358-77dfb86e0aa6 req-bfd7d9ea-2c4d-4f7a-b358-77dfb86e0aa6 ] Request (QuotasAdminTestV236:tearDownClass): 204 DELETE http://10.180.1.21/identity/v3/projects/41976719fa3d4720af131f016fac0759 0.201s
2025-12-08 21:24:50.029 65441 INFO tempest.lib.common.rest_client [req-83efc385-553c-4cfc-8f44-22099a0be4df req-83efc385-553c-4cfc-8f44-22099a0be4df ] Request (SecurityGroupsNegativeTestJSON:tearDownClass): 204 DELETE http://10.180.1.21/networking/v2.0/security-groups/acddaebb-c8a5-485b-8c58-9242b4b2fb25 0.187s
2025-12-08 21:24:50.059 65455 INFO tempest.lib.common.rest_client [req-6d597931-f1e3-41c7-80fa-72c3307dfe9f req-6d597931-f1e3-41c7-80fa-72c3307dfe9f ] Request (MultipleCreateNegativeTestJSON:setUpClass): 201 POST http://10.180.1.21/identity/v3/users 0.155s
2025-12-08 21:24:50.073 65437 INFO tempest.lib.common.rest_client [req-cf46bc44-1235-4288-8e5f-6eb7aaa2ca73 req-cf46bc44-1235-4288-8e5f-6eb7aaa2ca73 ] Request (ServersTestBootFromVolume:setUpClass): 200 GET http://10.180.1.21/compute/v2.1/servers/752b41e7-b86f-4a38-98f4-ada46b7bd04d 4.371s
2025-12-08 21:24:50.088 65463 INFO tempest.lib.common.rest_client [req-137c854f-e7c2-4ef1-9c8c-1e4d202430ea req-137c854f-e7c2-4ef1-9c8c-1e4d202430ea ] Request (ServersListShow298Test:setUpClass): 201 POST http://10.180.1.21/identity/v3/auth/tokens 0.061s
2025-12-08 21:24:50.100 65443 INFO tempest.lib.common.rest_client [req-450e5542-5c50-4c43-89f6-8288f7e4b0e8 req-450e5542-5c50-4c43-89f6-8288f7e4b0e8 ] Request (FlavorsAdminTestJSON:test_is_public_string_variations): 200 POST http://10.180.1.21/compute/v2.1/flavors 3.298s
2025-12-08 21:24:50.162 65441 INFO tempest.lib.common.rest_client [req-acf24625-c9dc-48a4-b523-eb8de6799cf3 req-acf24625-c9dc-48a4-b523-eb8de6799cf3 ] Request (SecurityGroupsNegativeTestJSON:tearDownClass): 204 DELETE http://10.180.1.21/identity/v3/projects/3409285275e249caabf64adc37c83479 0.132s
2025-12-08 21:24:50.189 65431 INFO tempest.lib.common.rest_client [req-89814066-fcfd-481f-9f1f-5c7717cbfc76 req-89814066-fcfd-481f-9f1f-5c7717cbfc76 ] Request (AZV2TestJSON:test_get_availability_zone_list_with_non_admin_user): 200 GET http://10.180.1.21/compute/v2.1/os-availability-zone 3.994s
2025-12-08 21:24:50.222 65455 INFO tempest.lib.common.rest_client [req-2fe7718b-57ab-4c25-9594-b2ca119e750b req-2fe7718b-57ab-4c25-9594-b2ca119e750b ] Request (MultipleCreateNegativeTestJSON:setUpClass): 200 GET http://10.180.1.21/identity/v3/roles 0.163s
2025-12-08 21:24:50.237 65463 INFO tempest.lib.common.rest_client [req-af655e5d-0070-4d1f-bd76-81713baea132 req-af655e5d-0070-4d1f-bd76-81713baea132 ] Request (ServersListShow298Test:setUpClass): 201 POST http://10.180.1.21/identity/v3/auth/tokens 0.146s
2025-12-08 21:24:50.246 65461 INFO tempest.lib.common.rest_client [req-71ce7073-05c0-4dcf-b39c-9c7c6c99c895 req-71ce7073-05c0-4dcf-b39c-9c7c6c99c895 ] Request (ServersWithSpecificFlavorTestJSON:test_verify_created_server_ephemeral_disk): 200 GET http://10.180.1.21/compute/v2.1/servers/4e64a6ec-0d3c-438f-9376-5f768c2d48a3 3.306s
2025-12-08 21:24:50.246 65441 INFO tempest.lib.common.rest_client [req-a4c22fa5-fbd9-4efb-8589-5f2e9cad99f6 req-a4c22fa5-fbd9-4efb-8589-5f2e9cad99f6 ] Request (ServerShowV263Test:setUpClass): 201 POST http://10.180.1.21/identity/v3/auth/tokens 0.082s
2025-12-08 21:24:50.255 65461 INFO tempest.common.waiters [-] State transition "BUILD/spawning" ==> "ACTIVE/None" after 40 second wait
2025-12-08 21:24:50.267 65473 INFO tempest.lib.common.rest_client [req-7669bf0c-98f3-44ac-a38f-a616330cfc0d req-7669bf0c-98f3-44ac-a38f-a616330cfc0d ] Request (ServerRescueTestJSON:test_rescue_unrescue_instance): 200 GET http://10.180.1.21/compute/v2.1/servers/61d0acbd-d416-467d-bd05-bb2c4725cfc8 3.313s
2025-12-08 21:24:50.278 65473 INFO tempest.common.waiters [-] State transition "BUILD/scheduling" ==> "BUILD/None" after 5 second wait
2025-12-08 21:24:50.281 65455 INFO tempest.lib.common.rest_client [req-53678db9-9422-4f30-9e08-4d1d5adc0082 req-53678db9-9422-4f30-9e08-4d1d5adc0082 ] Request (MultipleCreateNegativeTestJSON:setUpClass): 204 PUT http://10.180.1.21/identity/v3/projects/58645e9d08764e2ba8ed4b15f24934b5/users/c80dfab334e2412a8ef630b43d00c4fc/roles/cb6117eded3d4713be38130a912a3cfe 0.059s
2025-12-08 21:24:50.282 65455 INFO tempest.lib.common.dynamic_creds [-] Dynamic test user c80dfab334e2412a8ef630b43d00c4fc is created with scope project and roles: ['member']
2025-12-08 21:24:50.282 65455 INFO tempest.lib.common.dynamic_creds [-] Acquired dynamic creds: credentials: Credentials: {'domain_id': 'default', 'domain_name': 'Default', 'username': 'tempest-MultipleCreateNegativeTestJSON-1360070199-project-member', 'project_domain_id': 'default', 'project_domain_name': 'Default', 'project_id': '58645e9d08764e2ba8ed4b15f24934b5', 'project_name': 'tempest-MultipleCreateNegativeTestJSON-1360070199', 'tenant_id': '58645e9d08764e2ba8ed4b15f24934b5', 'tenant_name': 'tempest-MultipleCreateNegativeTestJSON-1360070199', 'user_domain_id': 'default', 'user_domain_name': 'Default', 'user_id': 'c80dfab334e2412a8ef630b43d00c4fc', 'system': None}, Network: None, Subnet: None, Router: None
2025-12-08 21:24:50.282 65455 INFO tempest.lib.common.dynamic_creds [-] Created isolated network resources for: credentials: Credentials: {'domain_id': 'default', 'domain_name': 'Default', 'username': 'tempest-MultipleCreateNegativeTestJSON-1360070199-project-member', 'project_domain_id': 'default', 'project_domain_name': 'Default', 'project_id': '58645e9d08764e2ba8ed4b15f24934b5', 'project_name': 'tempest-MultipleCreateNegativeTestJSON-1360070199', 'tenant_id': '58645e9d08764e2ba8ed4b15f24934b5', 'tenant_name': 'tempest-MultipleCreateNegativeTestJSON-1360070199', 'user_domain_id': 'default', 'user_domain_name': 'Default', 'user_id': 'c80dfab334e2412a8ef630b43d00c4fc', 'system': None}, Network: None, Subnet: None, Router: None
2025-12-08 21:24:50.309 65431 INFO tempest.lib.common.rest_client [req-bc419589-5e33-4cdd-8687-9e2664090026 req-bc419589-5e33-4cdd-8687-9e2664090026 ] Request (AZV2TestJSON:tearDownClass): 204 DELETE http://10.180.1.21/identity/v3/users/c4f96ed212c24edbad2849baa2f20db0 0.118s
2025-12-08 21:24:50.310 65431 INFO tempest.lib.common.dynamic_creds [-] Deleting project and security group for project: 89fdcb8d4e9449a9841801d0c9993732
2025-12-08 21:24:50.325 65475 INFO tempest.lib.common.rest_client [req-b9269061-0ed9-47e0-affb-df70ff728a49 req-b9269061-0ed9-47e0-affb-df70ff728a49 ] Request (ServerDiagnosticsV248Test:test_get_server_diagnostics): 200 GET http://10.180.1.21/compute/v2.1/servers/cc7b2d13-fb3a-4ff6-bf3d-f8e65133528c 3.029s
2025-12-08 21:24:50.378 65463 INFO tempest.lib.common.rest_client [req-502a254d-2ca6-4b88-bcdd-2e6419b2c49e req-502a254d-2ca6-4b88-bcdd-2e6419b2c49e ] Request (ServersListShow298Test:setUpClass): 200 GET http://10.180.1.21/identity/v3/domains?name=Default 0.140s
2025-12-08 21:24:50.380 65441 INFO tempest.lib.common.rest_client [req-38c21f20-312e-4082-935e-569d3f292cd9 req-38c21f20-312e-4082-935e-569d3f292cd9 ] Request (ServerShowV263Test:setUpClass): 201 POST http://10.180.1.21/identity/v3/auth/tokens 0.130s
2025-12-08 21:24:50.448 65455 INFO tempest.lib.common.rest_client [req-e823cc26-3c3f-4b63-a13a-d2d5a5b710ee req-e823cc26-3c3f-4b63-a13a-d2d5a5b710ee ] Request (MultipleCreateNegativeTestJSON:setUpClass): 201 POST http://10.180.1.21/identity/v3/auth/tokens 0.162s
2025-12-08 21:24:50.484 65431 INFO tempest.lib.common.rest_client [req-8f5867e1-7ec3-4ce6-a26b-843e20669893 req-8f5867e1-7ec3-4ce6-a26b-843e20669893 ] Request (AZV2TestJSON:tearDownClass): 201 POST http://10.180.1.21/identity/v3/auth/tokens 0.174s
2025-12-08 21:24:50.494 65453 INFO tempest.lib.common.rest_client [req-19f934fe-03c1-40c8-b494-f17253224640 req-19f934fe-03c1-40c8-b494-f17253224640 ] Request (HostsAdminTestJSON:test_list_hosts): 200 GET http://10.180.1.21/compute/v2.1/os-hosts 3.118s
2025-12-08 21:24:50.501 65463 INFO tempest.lib.common.rest_client [req-dd8c6dc2-03bc-4363-ab56-b1f5fc2ebe8b req-dd8c6dc2-03bc-4363-ab56-b1f5fc2ebe8b ] Request (ServersListShow298Test:setUpClass): 201 POST http://10.180.1.21/identity/v3/projects 0.123s
2025-12-08 21:24:50.509 65441 INFO tempest.lib.common.rest_client [req-8b5f89ea-d2f3-46c1-944f-a4367eecdfa4 req-8b5f89ea-d2f3-46c1-944f-a4367eecdfa4 ] Request (ServerShowV263Test:setUpClass): 200 GET http://10.180.1.21/identity/v3/domains?name=Default 0.128s
2025-12-08 21:24:50.562 65455 INFO tempest.lib.common.rest_client [req-2934be80-ad0d-4607-8a99-934d7aee96c4 req-2934be80-ad0d-4607-8a99-934d7aee96c4 ] Request (MultipleCreateNegativeTestJSON:test_max_count_less_than_min_count): 201 POST http://10.180.1.21/identity/v3/auth/tokens 0.109s
2025-12-08 21:24:50.563 65455 INFO tempest.lib.common.fixed_network [-] (MultipleCreateNegativeTestJSON:test_max_count_less_than_min_count) Found network None available for tenant
2025-12-08 21:24:50.650 65463 INFO tempest.lib.common.rest_client [req-bcd2e1da-aa8a-4ac3-8cef-abe7036595f2 req-bcd2e1da-aa8a-4ac3-8cef-abe7036595f2 ] Request (ServersListShow298Test:setUpClass): 201 POST http://10.180.1.21/identity/v3/users 0.149s
2025-12-08 21:24:50.692 65441 INFO tempest.lib.common.rest_client [req-6464a4e2-5912-4de4-a51f-13d4ee3375b7 req-6464a4e2-5912-4de4-a51f-13d4ee3375b7 ] Request (ServerShowV263Test:setUpClass): 201 POST http://10.180.1.21/identity/v3/projects 0.182s
2025-12-08 21:24:50.736 65463 INFO tempest.lib.common.rest_client [req-e0e97ad9-dbad-455d-bcc4-65a15065eb24 req-e0e97ad9-dbad-455d-bcc4-65a15065eb24 ] Request (ServersListShow298Test:setUpClass): 200 GET http://10.180.1.21/identity/v3/roles 0.085s
2025-12-08 21:24:50.752 65431 INFO tempest.lib.common.rest_client [req-733840bc-4c0f-4a8f-9f03-20ff846e3cc7 req-733840bc-4c0f-4a8f-9f03-20ff846e3cc7 ] Request (AZV2TestJSON:tearDownClass): 200 GET http://10.180.1.21/networking/v2.0/security-groups?tenant_id=89fdcb8d4e9449a9841801d0c9993732&name=default 0.268s
2025-12-08 21:24:50.758 65441 INFO tempest.lib.common.rest_client [req-060c1c14-a66c-4560-899f-2218649de04f req-060c1c14-a66c-4560-899f-2218649de04f ] Request (ServerShowV263Test:setUpClass): 201 POST http://10.180.1.21/identity/v3/users 0.064s
2025-12-08 21:24:50.794 65463 INFO tempest.lib.common.rest_client [req-18b277a5-f9c8-4f32-a5a4-8adebeeeb486 req-18b277a5-f9c8-4f32-a5a4-8adebeeeb486 ] Request (ServersListShow298Test:setUpClass): 204 PUT http://10.180.1.21/identity/v3/projects/a0eb29c1f51d4efe92776f79d6ddf1d4/users/6c389dbdbccd4f56b9947d3db8269862/roles/cb6117eded3d4713be38130a912a3cfe 0.057s
2025-12-08 21:24:50.794 65463 INFO tempest.lib.common.dynamic_creds [-] Dynamic test user 6c389dbdbccd4f56b9947d3db8269862 is created with scope project and roles: ['member']
2025-12-08 21:24:50.794 65463 INFO tempest.lib.common.dynamic_creds [-] Acquired dynamic creds: credentials: Credentials: {'domain_id': 'default', 'domain_name': 'Default', 'username': 'tempest-ServersListShow298Test-940204624-project-member', 'project_domain_id': 'default', 'project_domain_name': 'Default', 'project_id': 'a0eb29c1f51d4efe92776f79d6ddf1d4', 'project_name': 'tempest-ServersListShow298Test-940204624', 'tenant_id': 'a0eb29c1f51d4efe92776f79d6ddf1d4', 'tenant_name': 'tempest-ServersListShow298Test-940204624', 'user_domain_id': 'default', 'user_domain_name': 'Default', 'user_id': '6c389dbdbccd4f56b9947d3db8269862', 'system': None}, Network: None, Subnet: None, Router: None
2025-12-08 21:24:50.794 65463 INFO tempest.lib.common.dynamic_creds [-] Created isolated network resources for: credentials: Credentials: {'domain_id': 'default', 'domain_name': 'Default', 'username': 'tempest-ServersListShow298Test-940204624-project-member', 'project_domain_id': 'default', 'project_domain_name': 'Default', 'project_id': 'a0eb29c1f51d4efe92776f79d6ddf1d4', 'project_name': 'tempest-ServersListShow298Test-940204624', 'tenant_id': 'a0eb29c1f51d4efe92776f79d6ddf1d4', 'tenant_name': 'tempest-ServersListShow298Test-940204624', 'user_domain_id': 'default', 'user_domain_name': 'Default', 'user_id': '6c389dbdbccd4f56b9947d3db8269862', 'system': None}, Network: None, Subnet: None, Router: None
2025-12-08 21:24:50.848 65441 INFO tempest.lib.common.rest_client [req-e6a8facc-b43d-43b3-a935-7e5b4e2b8d00 req-e6a8facc-b43d-43b3-a935-7e5b4e2b8d00 ] Request (ServerShowV263Test:setUpClass): 200 GET http://10.180.1.21/identity/v3/roles 0.089s
2025-12-08 21:24:50.851 65431 INFO tempest.lib.common.rest_client [req-b2a43f31-bfed-4190-ab32-db72969ae3be req-b2a43f31-bfed-4190-ab32-db72969ae3be ] Request (AZV2TestJSON:tearDownClass): 204 DELETE http://10.180.1.21/networking/v2.0/security-groups/e6e1fe17-9e3e-4dad-88cf-f77b7a957c93 0.098s
2025-12-08 21:24:50.915 65463 INFO tempest.lib.common.rest_client [req-78b04826-516b-4088-a08a-c499ba1aa4ed req-78b04826-516b-4088-a08a-c499ba1aa4ed ] Request (ServersListShow298Test:setUpClass): 201 POST http://10.180.1.21/identity/v3/auth/tokens 0.117s
2025-12-08 21:24:50.928 65425 INFO tempest.lib.common.rest_client [req-47e9c962-58f0-435d-af92-2d87e06752c2 req-47e9c962-58f0-435d-af92-2d87e06752c2 ] Request (ServersAdminNegativeTestJSON:setUpClass): 202 POST http://10.180.1.21/compute/v2.1/servers 3.229s
2025-12-08 21:24:50.982 65441 INFO tempest.lib.common.rest_client [req-854d1c3d-36e2-4848-961d-b77b867c9976 req-854d1c3d-36e2-4848-961d-b77b867c9976 ] Request (ServerShowV263Test:setUpClass): 204 PUT http://10.180.1.21/identity/v3/projects/541da361bff8412a80ee8cfb1be90326/users/866ad7ce32ab4b2987c58b3d8610bc3a/roles/cb6117eded3d4713be38130a912a3cfe 0.134s
2025-12-08 21:24:50.982 65441 INFO tempest.lib.common.dynamic_creds [-] Dynamic test user 866ad7ce32ab4b2987c58b3d8610bc3a is created with scope project and roles: ['member']
2025-12-08 21:24:50.983 65441 INFO tempest.lib.common.dynamic_creds [-] Acquired dynamic creds: credentials: Credentials: {'domain_id': 'default', 'domain_name': 'Default', 'username': 'tempest-ServerShowV263Test-1484321643-project-member', 'project_domain_id': 'default', 'project_domain_name': 'Default', 'project_id': '541da361bff8412a80ee8cfb1be90326', 'project_name': 'tempest-ServerShowV263Test-1484321643', 'tenant_id': '541da361bff8412a80ee8cfb1be90326', 'tenant_name': 'tempest-ServerShowV263Test-1484321643', 'user_domain_id': 'default', 'user_domain_name': 'Default', 'user_id': '866ad7ce32ab4b2987c58b3d8610bc3a', 'system': None}, Network: None, Subnet: None, Router: None
2025-12-08 21:24:50.983 65441 INFO tempest.lib.common.dynamic_creds [-] Created isolated network resources for: credentials: Credentials: {'domain_id': 'default', 'domain_name': 'Default', 'username': 'tempest-ServerShowV263Test-1484321643-project-member', 'project_domain_id': 'default', 'project_domain_name': 'Default', 'project_id': '541da361bff8412a80ee8cfb1be90326', 'project_name': 'tempest-ServerShowV263Test-1484321643', 'tenant_id': '541da361bff8412a80ee8cfb1be90326', 'tenant_name': 'tempest-ServerShowV263Test-1484321643', 'user_domain_id': 'default', 'user_domain_name': 'Default', 'user_id': '866ad7ce32ab4b2987c58b3d8610bc3a', 'system': None}, Network: None, Subnet: None, Router: None
2025-12-08 21:24:50.987 65451 INFO tempest.lib.common.rest_client [req-63363073-f9b5-43d9-a1b3-272b1c353500 req-63363073-f9b5-43d9-a1b3-272b1c353500 ] Request (AggregatesAdminNegativeTestJSON:test_aggregate_remove_host_as_user): 200 POST http://10.180.1.21/compute/v2.1/os-aggregates/7/action 3.405s
2025-12-08 21:24:51.013 65427 INFO tempest.lib.common.rest_client [req-8390e4a1-96a7-4125-b3ab-5b7051dd1752 req-8390e4a1-96a7-4125-b3ab-5b7051dd1752 ] Request (TenantUsagesTestJSON:tearDownClass): 200 GET http://10.180.1.21/compute/v2.1/servers/4e9e4971-c8d8-455e-849c-53256b207568 3.231s
2025-12-08 21:24:51.025 65431 INFO tempest.lib.common.rest_client [req-b7f64c67-4e9f-4310-9dbd-6a71ef518506 req-b7f64c67-4e9f-4310-9dbd-6a71ef518506 ] Request (AZV2TestJSON:tearDownClass): 204 DELETE http://10.180.1.21/identity/v3/projects/89fdcb8d4e9449a9841801d0c9993732 0.173s
2025-12-08 21:24:51.026 65427 INFO tempest.common.waiters [-] State transition "ACTIVE/deleting" ==> "DELETED/None" after 5 second wait
2025-12-08 21:24:51.058 65463 INFO tempest.lib.common.rest_client [req-fc6154ad-a1d9-4182-a8a0-19e595a11425 req-fc6154ad-a1d9-4182-a8a0-19e595a11425 ] Request (ServersListShow298Test:test_list_show_update_rebuild_server_298): 201 POST http://10.180.1.21/identity/v3/auth/tokens 0.138s
2025-12-08 21:24:51.059 65463 INFO tempest.lib.common.fixed_network [-] (ServersListShow298Test:test_list_show_update_rebuild_server_298) Found network None available for tenant
2025-12-08 21:24:51.070 65459 INFO tempest.lib.common.rest_client [req-c6e6a157-c856-4342-abac-ad1154983719 req-c6e6a157-c856-4342-abac-ad1154983719 ] Request (VolumesAdminNegativeTest:test_update_attached_volume_with_nonexistent_volume_in_uri): 200 GET http://10.180.1.21/compute/v2.1/servers/23c403b8-77ec-4019-90d2-a66ddb99f3b9 3.276s
2025-12-08 21:24:51.098 65439 INFO tempest.lib.common.rest_client [req-ccc8d6b2-bc89-4eea-8f64-2817a68a8923 req-ccc8d6b2-bc89-4eea-8f64-2817a68a8923 ] Request (ServerDiagnosticsNegativeTest:test_get_server_diagnostics_by_non_admin): 200 GET http://10.180.1.21/compute/v2.1/servers/9713b2e8-2780-4e6e-952d-60600b27526c 2.768s
2025-12-08 21:24:51.100 65441 INFO tempest.lib.common.rest_client [req-09ea40d1-5489-4abc-93a7-0a3052dd9add req-09ea40d1-5489-4abc-93a7-0a3052dd9add ] Request (ServerShowV263Test:setUpClass): 201 POST http://10.180.1.21/identity/v3/auth/tokens 0.113s
2025-12-08 21:24:51.133 65431 INFO tempest.lib.common.rest_client [req-843e73b7-d251-4b19-88fd-818fefc642ca req-843e73b7-d251-4b19-88fd-818fefc642ca ] Request (ListServerFiltersTestJSON:setUpClass): 201 POST http://10.180.1.21/identity/v3/auth/tokens 0.105s
2025-12-08 21:24:51.154 65487 INFO tempest.lib.common.rest_client [req-40c8b228-947a-4760-a595-5949089b1334 req-40c8b228-947a-4760-a595-5949089b1334 ] Request (SecurityGroupRulesNegativeTestJSON:test_create_security_group_rule_duplicate): 400 POST http://10.180.1.21/compute/v2.1/os-security-group-rules 1.875s
2025-12-08 21:24:51.173 65431 INFO tempest.lib.common.rest_client [req-5a4591a0-4393-42f5-a65b-98b0e0eb0f4d req-5a4591a0-4393-42f5-a65b-98b0e0eb0f4d ] Request (ListServerFiltersTestJSON:setUpClass): 201 POST http://10.180.1.21/identity/v3/auth/tokens 0.038s
2025-12-08 21:24:51.175 65447 INFO tempest.lib.common.rest_client [req-7da0206a-ce5a-4727-b5d5-cf3e9bfef5d5 req-7da0206a-ce5a-4727-b5d5-cf3e9bfef5d5 ] Request (FlavorsV2TestJSON:test_list_flavors_filter_by_min_ram): 200 GET http://10.180.1.21/compute/v2.1/flavors/42 1.829s
2025-12-08 21:24:51.181 65441 INFO tempest.lib.common.rest_client [req-b392d0e5-0f5f-4dc5-8f73-8931fe104827 req-b392d0e5-0f5f-4dc5-8f73-8931fe104827 ] Request (ServerShowV263Test:setUpClass): 200 GET http://10.180.1.21/identity/v3/projects/541da361bff8412a80ee8cfb1be90326 0.081s
2025-12-08 21:24:51.182 65441 INFO tempest.lib.common.dynamic_creds [-] Using the existing project 541da361bff8412a80ee8cfb1be90326 for scope project and roles: ['reader']
2025-12-08 21:24:51.202 65431 INFO tempest.lib.common.rest_client [req-b53650d7-e116-424c-b2b7-70c02983ea61 req-b53650d7-e116-424c-b2b7-70c02983ea61 ] Request (ListServerFiltersTestJSON:setUpClass): 200 GET http://10.180.1.21/identity/v3/domains?name=Default 0.028s
2025-12-08 21:24:51.215 65441 INFO tempest.lib.common.rest_client [req-9ceb2a8b-855e-4d8c-a566-638876664008 req-9ceb2a8b-855e-4d8c-a566-638876664008 ] Request (ServerShowV263Test:setUpClass): 201 POST http://10.180.1.21/identity/v3/users 0.033s
2025-12-08 21:24:51.235 65441 INFO tempest.lib.common.rest_client [req-480be2be-94b5-4457-bb69-10b228d8e00d req-480be2be-94b5-4457-bb69-10b228d8e00d ] Request (ServerShowV263Test:setUpClass): 200 GET http://10.180.1.21/identity/v3/roles 0.019s
2025-12-08 21:24:51.235 65431 INFO tempest.lib.common.rest_client [req-d2112f07-f9ac-4412-939e-8085f4a8d07e req-d2112f07-f9ac-4412-939e-8085f4a8d07e ] Request (ListServerFiltersTestJSON:setUpClass): 201 POST http://10.180.1.21/identity/v3/projects 0.033s
2025-12-08 21:24:51.273 65480 INFO tempest.lib.common.rest_client [req-823fb3ef-a959-42c3-baa9-b44d5af76ccb req-823fb3ef-a959-42c3-baa9-b44d5af76ccb ] Request (FloatingIPsAssociationNegativeTestJSON:tearDownClass): 204 DELETE http://10.180.1.21/compute/v2.1/servers/962d0645-e055-4226-8e60-680fba147a31 1.494s
2025-12-08 21:24:51.280 65469 INFO tempest.lib.common.rest_client [req-166ad966-4840-4569-b2cc-bbac1e547067 req-166ad966-4840-4569-b2cc-bbac1e547067 ] Request (ListServersNegativeTestJSON:test_list_servers_by_limits_pass_negative_value): 400 GET http://10.180.1.21/compute/v2.1/servers?limit=-1 1.279s
2025-12-08 21:24:51.293 65431 INFO tempest.lib.common.rest_client [req-8b87e9ce-f0d7-4ab9-8c00-264ef81b05f1 req-8b87e9ce-f0d7-4ab9-8c00-264ef81b05f1 ] Request (ListServerFiltersTestJSON:setUpClass): 201 POST http://10.180.1.21/identity/v3/users 0.057s
