2025-12-08 21:26:12.447 65459 INFO tempest.lib.common.dynamic_creds [-] Acquired dynamic creds: credentials: Credentials: {'domain_id': 'default', 'domain_name': 'Default', 'username': 'tempest-AttachInterfacesV270Test-1666597760-project-member', 'project_domain_id': 'default', 'project_domain_name': 'Default', 'project_id': 'b2a5e9a5f9ac4ce3b93243fdf716c3e3', 'project_name': 'tempest-AttachInterfacesV270Test-1666597760', 'tenant_id': 'b2a5e9a5f9ac4ce3b93243fdf716c3e3', 'tenant_name': 'tempest-AttachInterfacesV270Test-1666597760', 'user_domain_id': 'default', 'user_domain_name': 'Default', 'user_id': 'cd00f32bcb214c2a925df9714ab6bc9b', 'system': None}, Network: None, Subnet: None, Router: None
2025-12-08 21:26:12.534 65459 INFO tempest.lib.common.rest_client [req-ad4e2abd-3245-4eb7-817a-e923694d17d5 req-ad4e2abd-3245-4eb7-817a-e923694d17d5 ] Request (AttachInterfacesV270Test:setUpClass): 201 POST http://10.180.1.21/identity/v3/auth/tokens 0.086s
2025-12-08 21:26:12.565 65429 INFO tempest.lib.common.rest_client [req-736d4478-65b6-48e5-bf1e-1acb44122ccc req-736d4478-65b6-48e5-bf1e-1acb44122ccc ] Request (ServersTestFqdnHostnames:tearDownClass): 204 DELETE http://10.180.1.21/networking/v2.0/security-groups/d2c13ae9-a504-4c76-a9b6-720e4532e889 0.132s
2025-12-08 21:26:12.629 65431 INFO tempest.lib.common.rest_client [req-66d7fbc4-0220-4ff0-b3f7-94d6e4d7b100 req-66d7fbc4-0220-4ff0-b3f7-94d6e4d7b100 ] Request (ListServerFiltersTestJSON:test_list_servers_detailed_filter_by_flavor): 200 GET http://10.180.1.21/compute/v2.1/servers/detail?flavor=84 3.130s
2025-12-08 21:26:12.653 65429 INFO tempest.lib.common.rest_client [req-2192ecac-da46-4de9-a872-70733f26d61b req-2192ecac-da46-4de9-a872-70733f26d61b ] Request (ServersTestFqdnHostnames:tearDownClass): 204 DELETE http://10.180.1.21/identity/v3/projects/cce1b0c1aaef42c3ad507357a468309d 0.087s
2025-12-08 21:26:12.702 65475 INFO tempest.lib.common.rest_client [req-ea0a0795-2779-442c-887d-4783f131bc3d req-ea0a0795-2779-442c-887d-4783f131bc3d ] Request (ServerActionsV293TestJSON:setUpClass): 200 GET http://10.180.1.21/volume/v3/volumes/dc4377ec-ac54-49ee-9ef4-00e373690eec 0.028s
2025-12-08 21:26:12.711 65425 INFO tempest.lib.common.rest_client [req-53353de1-a87f-4301-9b51-1ffec0ffc475 req-53353de1-a87f-4301-9b51-1ffec0ffc475 ] Request (ServersAdminNegativeTestJSON:test_migrate_server_invalid_state): 200 GET http://10.180.1.21/compute/v2.1/servers/be16412d-f716-45d7-b49c-b39dbdcad6b0 3.185s
2025-12-08 21:26:12.715 65429 INFO tempest.lib.common.rest_client [req-2e8a5789-4357-440b-aa79-99d5c9282ee0 req-2e8a5789-4357-440b-aa79-99d5c9282ee0 ] Request (ServerTagsTestJSON:setUpClass): 201 POST http://10.180.1.21/identity/v3/auth/tokens 0.060s
2025-12-08 21:26:12.746 65429 INFO tempest.lib.common.rest_client [req-5bcc9ac3-e8db-4f70-a46c-e983d804e4a7 req-5bcc9ac3-e8db-4f70-a46c-e983d804e4a7 ] Request (ServerTagsTestJSON:setUpClass): 201 POST http://10.180.1.21/identity/v3/auth/tokens 0.028s
2025-12-08 21:26:12.774 65429 INFO tempest.lib.common.rest_client [req-06d4ad69-4e1f-4da0-9c73-851b784416aa req-06d4ad69-4e1f-4da0-9c73-851b784416aa ] Request (ServerTagsTestJSON:setUpClass): 200 GET http://10.180.1.21/identity/v3/domains?name=Default 0.027s
2025-12-08 21:26:12.805 65429 INFO tempest.lib.common.rest_client [req-679d8ea2-9fe1-4024-9255-dfd8ddaacfaa req-679d8ea2-9fe1-4024-9255-dfd8ddaacfaa ] Request (ServerTagsTestJSON:setUpClass): 201 POST http://10.180.1.21/identity/v3/projects 0.030s
2025-12-08 21:26:12.889 65483 INFO tempest.lib.common.rest_client [req-709effaf-94ba-4b29-99e5-b592119ad95d req-709effaf-94ba-4b29-99e5-b592119ad95d ] Request (ImagesOneServerNegativeTestJSON:setUpClass): 200 GET http://10.180.1.21/compute/v2.1/servers/347fb941-d4cf-4777-964e-83e312410a93 3.273s
2025-12-08 21:26:12.903 65483 INFO tempest.common.waiters [-] State transition "BUILD/spawning" ==> "ACTIVE/None" after 59 second wait
2025-12-08 21:26:12.948 65429 INFO tempest.lib.common.rest_client [req-a8db7593-cc91-49d5-82ab-c041741eac6a req-a8db7593-cc91-49d5-82ab-c041741eac6a ] Request (ServerTagsTestJSON:setUpClass): 201 POST http://10.180.1.21/identity/v3/users 0.143s
2025-12-08 21:26:12.975 65429 INFO tempest.lib.common.rest_client [req-301f75b7-9fdb-49c0-a87c-60082abe424d req-301f75b7-9fdb-49c0-a87c-60082abe424d ] Request (ServerTagsTestJSON:setUpClass): 200 GET http://10.180.1.21/identity/v3/roles 0.026s
2025-12-08 21:26:12.997 65459 INFO tempest.lib.common.rest_client [req-7a9c3e3b-1642-455f-b223-d4c1d19e12d5 req-7a9c3e3b-1642-455f-b223-d4c1d19e12d5 ] Request (AttachInterfacesV270Test:setUpClass): 201 POST http://10.180.1.21/networking/v2.0/networks 0.463s
2025-12-08 21:26:13.010 65443 INFO tempest.lib.common.rest_client [req-3aa3879d-80e6-4360-8277-3188a0b6fbe5 req-3aa3879d-80e6-4360-8277-3188a0b6fbe5 ] Request (ServersTestMultiNic:test_verify_duplicate_network_nics): 200 GET http://10.180.1.21/compute/v2.1/servers/12cb4127-ba95-4ecd-b6c9-8a2721771415 3.257s
2025-12-08 21:26:13.033 65429 INFO tempest.lib.common.rest_client [req-0f2869fe-6ff1-40a0-93e1-88e157805e25 req-0f2869fe-6ff1-40a0-93e1-88e157805e25 ] Request (ServerTagsTestJSON:setUpClass): 204 PUT http://10.180.1.21/identity/v3/projects/1e844cb412b64e04b82f57242624359a/users/2dc017bc432b486ea2dac1ca61ddff60/roles/cb6117eded3d4713be38130a912a3cfe 0.057s
2025-12-08 21:26:13.033 65429 INFO tempest.lib.common.dynamic_creds [-] Dynamic test user 2dc017bc432b486ea2dac1ca61ddff60 is created with scope project and roles: ['member']
2025-12-08 21:26:13.033 65429 INFO tempest.lib.common.dynamic_creds [-] Acquired dynamic creds: credentials: Credentials: {'domain_id': 'default', 'domain_name': 'Default', 'username': 'tempest-ServerTagsTestJSON-81417464-project-member', 'project_domain_id': 'default', 'project_domain_name': 'Default', 'project_id': '1e844cb412b64e04b82f57242624359a', 'project_name': 'tempest-ServerTagsTestJSON-81417464', 'tenant_id': '1e844cb412b64e04b82f57242624359a', 'tenant_name': 'tempest-ServerTagsTestJSON-81417464', 'user_domain_id': 'default', 'user_domain_name': 'Default', 'user_id': '2dc017bc432b486ea2dac1ca61ddff60', 'system': None}, Network: None, Subnet: None, Router: None
2025-12-08 21:26:13.130 65429 INFO tempest.lib.common.rest_client [req-cb04e7d2-0f59-4f5c-9964-13721d6c11f6 req-cb04e7d2-0f59-4f5c-9964-13721d6c11f6 ] Request (ServerTagsTestJSON:setUpClass): 201 POST http://10.180.1.21/identity/v3/auth/tokens 0.096s
2025-12-08 21:26:13.284 65459 INFO tempest.lib.common.rest_client [req-d442a9a2-cca4-49dc-af10-3eafc8d92693 req-d442a9a2-cca4-49dc-af10-3eafc8d92693 ] Request (AttachInterfacesV270Test:setUpClass): 201 POST http://10.180.1.21/networking/v2.0/subnets 0.287s
2025-12-08 21:26:13.332 65435 INFO tempest.lib.common.rest_client [req-2d5e5a93-be99-422f-8038-fec89dc304b5 req-2d5e5a93-be99-422f-8038-fec89dc304b5 ] Request (ServersAdminTestJSON:test_inject_network_info): 200 GET http://10.180.1.21/compute/v2.1/servers/76155db8-131e-4836-9ce6-7df035f677ea 3.454s
2025-12-08 21:26:13.341 65435 INFO tempest.common.waiters [-] State transition "BUILD/spawning" ==> "ACTIVE/None" after 57 second wait
2025-12-08 21:26:13.488 65429 INFO tempest.lib.common.rest_client [req-a401a038-3138-451a-89bb-b31b229285cc req-a401a038-3138-451a-89bb-b31b229285cc ] Request (ServerTagsTestJSON:setUpClass): 201 POST http://10.180.1.21/networking/v2.0/networks 0.358s
2025-12-08 21:26:13.557 65467 INFO tempest.lib.common.rest_client [req-452c1a35-8d4a-46ef-bd97-216204edf5aa req-452c1a35-8d4a-46ef-bd97-216204edf5aa ] Request (ImagesTestJSON:test_create_image_from_suspended_server): 200 GET http://10.180.1.21/compute/v2.1/servers/09eb331e-95e1-4495-9762-a28c94821593 3.531s
2025-12-08 21:26:13.566 65467 INFO tempest.common.waiters [-] State transition "BUILD/scheduling" ==> "BUILD/None" after 4 second wait
2025-12-08 21:26:13.609 65458 INFO tempest.lib.common.rest_client [req-860cfd13-69d4-45ab-bf7d-a7a64c1c9f27 req-860cfd13-69d4-45ab-bf7d-a7a64c1c9f27 ] Request (MigrationsAdminTest:test_resize_server_revert_deleted_flavor): 200 GET http://10.180.1.21/compute/v2.1/flavors/42/os-extra_specs 2.392s
2025-12-08 21:26:13.718 65429 INFO tempest.lib.common.rest_client [req-68cfbfd1-fef8-48f8-8e10-df4694e5aac9 req-68cfbfd1-fef8-48f8-8e10-df4694e5aac9 ] Request (ServerTagsTestJSON:setUpClass): 201 POST http://10.180.1.21/networking/v2.0/subnets 0.229s
2025-12-08 21:26:13.748 65475 INFO tempest.lib.common.rest_client [req-c8bc38a5-34a5-470f-9ca4-e5b8903aa24d req-c8bc38a5-34a5-470f-9ca4-e5b8903aa24d ] Request (ServerActionsV293TestJSON:setUpClass): 200 GET http://10.180.1.21/volume/v3/volumes/dc4377ec-ac54-49ee-9ef4-00e373690eec 0.038s
2025-12-08 21:26:13.927 65465 INFO tempest.lib.common.rest_client [req-3dcb352e-725a-4dda-8455-b732c6ba7c17 req-3dcb352e-725a-4dda-8455-b732c6ba7c17 ] Request (VolumesAssistedSnapshotsTest:test_volume_assisted_snapshot_create_delete): 200 POST http://10.180.1.21/compute/v2.1/servers/c8849f6f-fd77-471c-b058-82ac76280711/os-volume_attachments 4.576s
2025-12-08 21:26:13.998 65465 INFO tempest.lib.common.rest_client [req-1004edc6-caf4-4149-bfe9-0e5defb6b65a req-1004edc6-caf4-4149-bfe9-0e5defb6b65a ] Request (VolumesAssistedSnapshotsTest:test_volume_assisted_snapshot_create_delete): 200 GET http://10.180.1.21/volume/v3/volumes/4f12b85e-6a54-4779-a05b-810223067a44 0.057s
2025-12-08 21:26:14.047 65477 INFO tempest.lib.common.rest_client [req-a062ce67-4fcf-4325-a61c-841bbab104f5 req-a062ce67-4fcf-4325-a61c-841bbab104f5 ] Request (ListImageFiltersTestJSON:setUpClass): 200 GET http://10.180.1.21/compute/v2.1/images/1592772f-e281-484d-be01-f55aa6f45862 2.504s
2025-12-08 21:26:14.084 65445 INFO tempest.lib.common.rest_client [req-a983822e-ae5c-4783-9bb1-306d0206f3e3 req-a983822e-ae5c-4783-9bb1-306d0206f3e3 ] Request (DeleteServersAdminTestJSON:tearDownClass): 404 DELETE http://10.180.1.21/compute/v2.1/servers/8bc97c9e-b9b5-4fda-b0d6-f0cf0c59a4a3 2.101s
2025-12-08 21:26:14.230 65481 INFO tempest.lib.common.rest_client [req-332191d9-221f-4564-b15a-d5467d361895 req-332191d9-221f-4564-b15a-d5467d361895 ] Request (FloatingIPsAssociationTestJSON:_run_cleanups): 204 DELETE http://10.180.1.21/compute/v2.1/servers/fb794923-2756-4458-8e35-e24de1270f41 2.141s
2025-12-08 21:26:14.267 65459 INFO tempest.lib.common.rest_client [req-4a8bc9f4-5ed2-4db0-8210-17468389d4a7 req-4a8bc9f4-5ed2-4db0-8210-17468389d4a7 ] Request (AttachInterfacesV270Test:setUpClass): 201 POST http://10.180.1.21/networking/v2.0/routers 0.982s
2025-12-08 21:26:14.358 65455 INFO tempest.lib.common.rest_client [req-ed39d224-16d3-4c3f-83e6-68b25ebe2e18 req-ed39d224-16d3-4c3f-83e6-68b25ebe2e18 ] Request (ServerAddressesNegativeTestJSON:tearDownClass): 204 DELETE http://10.180.1.21/compute/v2.1/servers/5962b819-1dbd-4157-ab63-1bdcd147c779 2.260s
2025-12-08 21:26:14.381 65487 INFO tempest.lib.common.rest_client [req-e510b448-208a-45a9-95fe-835a1d2d03e4 req-e510b448-208a-45a9-95fe-835a1d2d03e4 ] Request (AttachVolumeShelveTestJSON:test_attach_volume_shelved_or_offload_server): 200 GET http://10.180.1.21/compute/v2.1/servers/47fc40bb-bcaa-408f-9221-1df0c61388f6 2.876s
2025-12-08 21:26:14.420 65451 INFO tempest.lib.common.rest_client [req-83a2ea07-8a74-4809-a7c7-9eed7827ee13 req-83a2ea07-8a74-4809-a7c7-9eed7827ee13 ] Request (KeyPairsNegativeTestJSON:test_create_keypair_with_duplicate_name): 409 POST http://10.180.1.21/compute/v2.1/os-keypairs 2.256s
2025-12-08 21:26:14.810 65475 INFO tempest.lib.common.rest_client [req-82e4f4ab-1394-4bf1-9955-1e769a68e92a req-82e4f4ab-1394-4bf1-9955-1e769a68e92a ] Request (ServerActionsV293TestJSON:setUpClass): 200 GET http://10.180.1.21/volume/v3/volumes/dc4377ec-ac54-49ee-9ef4-00e373690eec 0.049s
2025-12-08 21:26:14.834 65429 INFO tempest.lib.common.rest_client [req-fb5a8f45-dc61-4921-8148-41e0fd1f253d req-fb5a8f45-dc61-4921-8148-41e0fd1f253d ] Request (ServerTagsTestJSON:setUpClass): 201 POST http://10.180.1.21/networking/v2.0/routers 1.116s
2025-12-08 21:26:15.020 65473 INFO tempest.lib.common.rest_client [req-68ec4554-0259-4f3f-9379-1dc6c46cd14c req-68ec4554-0259-4f3f-9379-1dc6c46cd14c ] Request (ServerRescueTestJSON:tearDownClass): 200 GET http://10.180.1.21/compute/v2.1/servers/61d0acbd-d416-467d-bd05-bb2c4725cfc8 2.826s
2025-12-08 21:26:15.030 65473 INFO tempest.common.waiters [-] State transition "ACTIVE/deleting" ==> "DELETED/None" after 4 second wait
2025-12-08 21:26:15.114 65465 INFO tempest.lib.common.rest_client [req-4124f88e-08e1-4643-8aa5-1bdc162ecc7f req-4124f88e-08e1-4643-8aa5-1bdc162ecc7f ] Request (VolumesAssistedSnapshotsTest:test_volume_assisted_snapshot_create_delete): 200 GET http://10.180.1.21/volume/v3/volumes/4f12b85e-6a54-4779-a05b-810223067a44 0.084s
2025-12-08 21:26:15.428 65459 INFO tempest.lib.common.rest_client [req-35b22041-f092-4d4e-a54d-30217b5ca12f req-35b22041-f092-4d4e-a54d-30217b5ca12f ] Request (AttachInterfacesV270Test:setUpClass): 200 PUT http://10.180.1.21/networking/v2.0/routers/a1ae4de5-5c1d-4984-9fc3-10c9b536f22e/add_router_interface 1.160s
2025-12-08 21:26:15.428 65459 INFO tempest.lib.common.dynamic_creds [-] Created isolated network resources for: credentials: Credentials: {'domain_id': 'default', 'domain_name': 'Default', 'username': 'tempest-AttachInterfacesV270Test-1666597760-project-member', 'project_domain_id': 'default', 'project_domain_name': 'Default', 'project_id': 'b2a5e9a5f9ac4ce3b93243fdf716c3e3', 'project_name': 'tempest-AttachInterfacesV270Test-1666597760', 'tenant_id': 'b2a5e9a5f9ac4ce3b93243fdf716c3e3', 'tenant_name': 'tempest-AttachInterfacesV270Test-1666597760', 'user_domain_id': 'default', 'user_domain_name': 'Default', 'user_id': 'cd00f32bcb214c2a925df9714ab6bc9b', 'system': None}, Network: {'id': '803d1b3a-b0f2-4952-bc66-c85814c997cc', 'name': 'tempest-AttachInterfacesV270Test-640658759-network', 'tenant_id': 'b2a5e9a5f9ac4ce3b93243fdf716c3e3', 'project_id': 'b2a5e9a5f9ac4ce3b93243fdf716c3e3', 'admin_state_up': True, 'mtu': 8950, 'status': 'ACTIVE', 'subnets': [], 'shared': False, 'port_security_enabled': True, 'router:external': False, 'provider:network_type': 'vlan', 'provider:physical_network': 'default', 'provider:segmentation_id': 709, 'availability_zone_hints': [], 'availability_zones': [], 'ipv4_address_scope': None, 'ipv6_address_scope': None, 'description': '', 'tags': [], 'created_at': '2025-12-08T21:26:12Z', 'updated_at': '2025-12-08T21:26:12Z', 'revision_number': 1}, Subnet: {'id': '4785c807-d59f-4475-a623-f3aa10344744', 'name': 'tempest-AttachInterfacesV270Test-640658759-subnet', 'tenant_id': 'b2a5e9a5f9ac4ce3b93243fdf716c3e3', 'network_id': '803d1b3a-b0f2-4952-bc66-c85814c997cc', 'ip_version': 4, 'subnetpool_id': None, 'enable_dhcp': True, 'ipv6_ra_mode': None, 'ipv6_address_mode': None, 'gateway_ip': '192.168.128.1', 'cidr': '192.168.128.0/28', 'allocation_pools': [{'start': '192.168.128.2', 'end': '192.168.128.14'}], 'host_routes': [], 'dns_nameservers': [], 'description': '', 'router:external': False, 'service_types': [], 'tags': [], 'created_at': '2025-12-08T21:26:13Z', 'updated_at': '2025-12-08T21:26:13Z', 'revision_number': 0, 'project_id': 'b2a5e9a5f9ac4ce3b93243fdf716c3e3'}, Router: {'id': 'a1ae4de5-5c1d-4984-9fc3-10c9b536f22e', 'name': 'tempest-AttachInterfacesV270Test-640658759-router', 'tenant_id': 'b2a5e9a5f9ac4ce3b93243fdf716c3e3', 'admin_state_up': True, 'status': 'ACTIVE', 'external_gateway_info': {'network_id': '9996daa0-85b3-4ee7-ad9c-88de2e6ac2dc', 'external_fixed_ips': [{'subnet_id': '9ef6da9d-3dfc-4e10-bf97-f4c9d364e19e', 'ip_address': '10.180.180.148'}], 'enable_snat': True}, 'description': '', 'availability_zones': [], 'distributed': False, 'ha': False, 'availability_zone_hints': [], 'routes': [], 'flavor_id': None, 'tags': [], 'created_at': '2025-12-08T21:26:13Z', 'updated_at': '2025-12-08T21:26:13Z', 'revision_number': 2, 'project_id': 'b2a5e9a5f9ac4ce3b93243fdf716c3e3'}
2025-12-08 21:26:15.552 65459 INFO tempest.lib.common.rest_client [req-5f012aa0-680f-436d-b601-5ae5ff7aa76f req-5f012aa0-680f-436d-b601-5ae5ff7aa76f ] Request (AttachInterfacesV270Test:setUpClass): 201 POST http://10.180.1.21/identity/v3/auth/tokens 0.114s
2025-12-08 21:26:15.606 65459 INFO tempest.lib.common.rest_client [req-e93ddb4e-03a0-4d16-824a-549505ccf049 req-e93ddb4e-03a0-4d16-824a-549505ccf049 ] Request (AttachInterfacesV270Test:test_create_get_list_interfaces): 201 POST http://10.180.1.21/identity/v3/auth/tokens 0.045s
2025-12-08 21:26:15.606 65459 INFO tempest.lib.common.fixed_network [-] (AttachInterfacesV270Test:test_create_get_list_interfaces) Found network {'id': '803d1b3a-b0f2-4952-bc66-c85814c997cc', 'name': 'tempest-AttachInterfacesV270Test-640658759-network', 'tenant_id': 'b2a5e9a5f9ac4ce3b93243fdf716c3e3', 'project_id': 'b2a5e9a5f9ac4ce3b93243fdf716c3e3', 'admin_state_up': True, 'mtu': 8950, 'status': 'ACTIVE', 'subnets': [], 'shared': False, 'port_security_enabled': True, 'router:external': False, 'provider:network_type': 'vlan', 'provider:physical_network': 'default', 'provider:segmentation_id': 709, 'availability_zone_hints': [], 'availability_zones': [], 'ipv4_address_scope': None, 'ipv6_address_scope': None, 'description': '', 'tags': [], 'created_at': '2025-12-08T21:26:12Z', 'updated_at': '2025-12-08T21:26:12Z', 'revision_number': 1} available for tenant
2025-12-08 21:26:15.608 65431 INFO tempest.lib.common.rest_client [req-e0fe1b36-ba69-4f92-8c2a-82f4344d10cc req-e0fe1b36-ba69-4f92-8c2a-82f4344d10cc ] Request (ListServerFiltersTestJSON:test_list_servers_detailed_filter_by_server_name): 200 GET http://10.180.1.21/compute/v2.1/servers/detail?name=tempest-ListServerFiltersTestJSON-instance-1006374804 2.969s
2025-12-08 21:26:15.824 65427 INFO tempest.lib.common.rest_client [req-199e3ed3-1997-4159-9f62-2547d1df3f82 req-199e3ed3-1997-4159-9f62-2547d1df3f82 ] Request (ImagesOneServerTestJSON:setUpClass): 200 GET http://10.180.1.21/compute/v2.1/servers/64bc58ff-776c-4937-93c0-c1bd224048a5 2.986s
2025-12-08 21:26:15.866 65475 INFO tempest.lib.common.rest_client [req-97f4a5e3-c574-4eaa-83b3-b45da1b34d45 req-97f4a5e3-c574-4eaa-83b3-b45da1b34d45 ] Request (ServerActionsV293TestJSON:setUpClass): 200 GET http://10.180.1.21/volume/v3/volumes/dc4377ec-ac54-49ee-9ef4-00e373690eec 0.046s
2025-12-08 21:26:16.008 65449 INFO tempest.lib.common.rest_client [req-fdd062b1-a6a6-4f4d-ad97-7831b12522d1 req-fdd062b1-a6a6-4f4d-ad97-7831b12522d1 ] Request (ServerActionsTestJSON:setUpClass): 200 GET http://10.180.1.21/compute/v2.1/servers/59cecd09-7eff-4aee-8cb3-96c929a7a830 3.049s
2025-12-08 21:26:16.166 65465 INFO tempest.lib.common.rest_client [req-b6689065-1391-4725-9a2c-bc69b1d06fec req-b6689065-1391-4725-9a2c-bc69b1d06fec ] Request (VolumesAssistedSnapshotsTest:test_volume_assisted_snapshot_create_delete): 200 GET http://10.180.1.21/volume/v3/volumes/4f12b85e-6a54-4779-a05b-810223067a44 0.043s
2025-12-08 21:26:16.227 65429 INFO tempest.lib.common.rest_client [req-aeb5945a-f9b9-4ce0-84f4-0e7461f24e0b req-aeb5945a-f9b9-4ce0-84f4-0e7461f24e0b ] Request (ServerTagsTestJSON:setUpClass): 200 PUT http://10.180.1.21/networking/v2.0/routers/1839b6ca-1457-4857-be23-ca1fd25e844d/add_router_interface 1.392s
2025-12-08 21:26:16.227 65429 INFO tempest.lib.common.dynamic_creds [-] Created isolated network resources for: credentials: Credentials: {'domain_id': 'default', 'domain_name': 'Default', 'username': 'tempest-ServerTagsTestJSON-81417464-project-member', 'project_domain_id': 'default', 'project_domain_name': 'Default', 'project_id': '1e844cb412b64e04b82f57242624359a', 'project_name': 'tempest-ServerTagsTestJSON-81417464', 'tenant_id': '1e844cb412b64e04b82f57242624359a', 'tenant_name': 'tempest-ServerTagsTestJSON-81417464', 'user_domain_id': 'default', 'user_domain_name': 'Default', 'user_id': '2dc017bc432b486ea2dac1ca61ddff60', 'system': None}, Network: {'id': 'a87c4241-662f-4134-a073-9976237bb1d7', 'name': 'tempest-ServerTagsTestJSON-27329620-network', 'tenant_id': '1e844cb412b64e04b82f57242624359a', 'project_id': '1e844cb412b64e04b82f57242624359a', 'admin_state_up': True, 'mtu': 8950, 'status': 'ACTIVE', 'subnets': [], 'shared': False, 'port_security_enabled': True, 'router:external': False, 'provider:network_type': 'vlan', 'provider:physical_network': 'default', 'provider:segmentation_id': 362, 'availability_zone_hints': [], 'availability_zones': [], 'ipv4_address_scope': None, 'ipv6_address_scope': None, 'description': '', 'tags': [], 'created_at': '2025-12-08T21:26:13Z', 'updated_at': '2025-12-08T21:26:13Z', 'revision_number': 1}, Subnet: {'id': 'e0964d04-d870-4437-873f-6606bc928168', 'name': 'tempest-ServerTagsTestJSON-27329620-subnet', 'tenant_id': '1e844cb412b64e04b82f57242624359a', 'network_id': 'a87c4241-662f-4134-a073-9976237bb1d7', 'ip_version': 4, 'subnetpool_id': None, 'enable_dhcp': True, 'ipv6_ra_mode': None, 'ipv6_address_mode': None, 'gateway_ip': '192.168.128.1', 'cidr': '192.168.128.0/28', 'allocation_pools': [{'start': '192.168.128.2', 'end': '192.168.128.14'}], 'host_routes': [], 'dns_nameservers': [], 'description': '', 'router:external': False, 'service_types': [], 'tags': [], 'created_at': '2025-12-08T21:26:13Z', 'updated_at': '2025-12-08T21:26:13Z', 'revision_number': 0, 'project_id': '1e844cb412b64e04b82f57242624359a'}, Router: {'id': '1839b6ca-1457-4857-be23-ca1fd25e844d', 'name': 'tempest-ServerTagsTestJSON-27329620-router', 'tenant_id': '1e844cb412b64e04b82f57242624359a', 'admin_state_up': True, 'status': 'ACTIVE', 'external_gateway_info': {'network_id': '9996daa0-85b3-4ee7-ad9c-88de2e6ac2dc', 'external_fixed_ips': [{'subnet_id': '9ef6da9d-3dfc-4e10-bf97-f4c9d364e19e', 'ip_address': '10.180.180.198'}], 'enable_snat': True}, 'description': '', 'availability_zones': [], 'distributed': False, 'ha': False, 'availability_zone_hints': [], 'routes': [], 'flavor_id': None, 'tags': [], 'created_at': '2025-12-08T21:26:13Z', 'updated_at': '2025-12-08T21:26:14Z', 'revision_number': 2, 'project_id': '1e844cb412b64e04b82f57242624359a'}
2025-12-08 21:26:16.268 65483 INFO tempest.lib.common.rest_client [req-ccc96e7a-44e5-4822-9f71-c791fbfa1f3a req-ccc96e7a-44e5-4822-9f71-c791fbfa1f3a ] Request (ImagesOneServerNegativeTestJSON:setUp): 200 GET http://10.180.1.21/compute/v2.1/servers/347fb941-d4cf-4777-964e-83e312410a93 3.364s
2025-12-08 21:26:16.348 65429 INFO tempest.lib.common.rest_client [req-97ce103d-7f8f-4116-b6c8-43476298a0ea req-97ce103d-7f8f-4116-b6c8-43476298a0ea ] Request (ServerTagsTestJSON:setUpClass): 201 POST http://10.180.1.21/identity/v3/auth/tokens 0.116s
2025-12-08 21:26:16.393 65463 INFO tempest.lib.common.rest_client [req-d26f90a4-274b-451a-8596-afe9885e847f req-d26f90a4-274b-451a-8596-afe9885e847f ] Request (ServersListShow298Test:tearDownClass): 200 GET http://10.180.1.21/compute/v2.1/servers/0f22f213-6f00-436d-8672-17e8f89d0b86 3.264s
2025-12-08 21:26:16.396 65439 INFO tempest.lib.common.rest_client [req-269b940b-ec79-49f8-9518-0427fe203608 req-269b940b-ec79-49f8-9518-0427fe203608 ] Request (InstanceActionsTestJSON:setUpClass): 200 GET http://10.180.1.21/compute/v2.1/servers/83655579-0e3b-4dc2-8d22-f60f4e7354db 3.180s
2025-12-08 21:26:16.396 65429 INFO tempest.lib.common.rest_client [req-bd787f23-58a6-497d-9682-71fbe6fa8774 req-bd787f23-58a6-497d-9682-71fbe6fa8774 ] Request (ServerTagsTestJSON:setUpClass): 201 POST http://10.180.1.21/identity/v3/auth/tokens 0.042s
2025-12-08 21:26:16.396 65429 INFO tempest.lib.common.fixed_network [-] (ServerTagsTestJSON:setUpClass) Found network {'id': 'a87c4241-662f-4134-a073-9976237bb1d7', 'name': 'tempest-ServerTagsTestJSON-27329620-network', 'tenant_id': '1e844cb412b64e04b82f57242624359a', 'project_id': '1e844cb412b64e04b82f57242624359a', 'admin_state_up': True, 'mtu': 8950, 'status': 'ACTIVE', 'subnets': [], 'shared': False, 'port_security_enabled': True, 'router:external': False, 'provider:network_type': 'vlan', 'provider:physical_network': 'default', 'provider:segmentation_id': 362, 'availability_zone_hints': [], 'availability_zones': [], 'ipv4_address_scope': None, 'ipv6_address_scope': None, 'description': '', 'tags': [], 'created_at': '2025-12-08T21:26:13Z', 'updated_at': '2025-12-08T21:26:13Z', 'revision_number': 1} available for tenant
2025-12-08 21:26:16.407 65463 INFO tempest.common.waiters [-] State transition "ACTIVE/deleting" ==> "DELETED/None" after 4 second wait
2025-12-08 21:26:16.545 65453 INFO tempest.lib.common.rest_client [req-a9097a60-d087-4754-ac27-ca802d30af08 req-a9097a60-d087-4754-ac27-ca802d30af08 ] Request (ServerShowV247Test:test_update_rebuild_list_server): 200 GET http://10.180.1.21/compute/v2.1/servers/6512c8f0-f4ed-4376-9928-de4e252b3e14 3.265s
2025-12-08 21:26:16.570 65435 INFO tempest.lib.common.rest_client [req-f8548772-8824-4981-9ef1-2a22064797d9 req-f8548772-8824-4981-9ef1-2a22064797d9 ] Request (ServersAdminTestJSON:test_inject_network_info): 202 POST http://10.180.1.21/compute/v2.1/servers/76155db8-131e-4836-9ce6-7df035f677ea/action 3.229s
2025-12-08 21:26:16.601 65458 INFO tempest.lib.common.rest_client [req-788b416f-5cb5-46b6-adea-273aad48b4f5 req-788b416f-5cb5-46b6-adea-273aad48b4f5 ] Request (MigrationsAdminTest:test_resize_server_revert_deleted_flavor): 200 POST http://10.180.1.21/compute/v2.1/flavors/4361c306-2467-48b7-a1cb-8c7cb4412aed/os-extra_specs 2.991s
2025-12-08 21:26:16.674 65458 INFO tempest.lib.common.rest_client [req-61cb6d60-50a1-4bc7-abf7-21ec16c0be61 req-61cb6d60-50a1-4bc7-abf7-21ec16c0be61 ] Request (MigrationsAdminTest:test_resize_server_revert_deleted_flavor): 201 POST http://10.180.1.21/identity/v3/auth/tokens 0.068s
2025-12-08 21:26:16.675 65458 INFO tempest.lib.common.fixed_network [-] (MigrationsAdminTest:test_resize_server_revert_deleted_flavor) Found network None available for tenant
2025-12-08 21:26:16.909 65475 INFO tempest.lib.common.rest_client [req-f5852e0f-307e-4b34-b5ec-3c9c74a790b3 req-f5852e0f-307e-4b34-b5ec-3c9c74a790b3 ] Request (ServerActionsV293TestJSON:setUpClass): 200 GET http://10.180.1.21/volume/v3/volumes/dc4377ec-ac54-49ee-9ef4-00e373690eec 0.030s
2025-12-08 21:26:16.919 65443 INFO tempest.lib.common.rest_client [req-4b727dda-77ae-4f2c-b6ae-16d08a479921 req-4b727dda-77ae-4f2c-b6ae-16d08a479921 ] Request (ServersTestMultiNic:test_verify_duplicate_network_nics): 200 GET http://10.180.1.21/compute/v2.1/servers/12cb4127-ba95-4ecd-b6c9-8a2721771415 2.890s
2025-12-08 21:26:16.942 65445 INFO tempest.lib.common.rest_client [req-2b3feafa-907d-4f1f-b75a-fb6c99ac453e req-2b3feafa-907d-4f1f-b75a-fb6c99ac453e ] Request (DeleteServersAdminTestJSON:tearDownClass): 404 GET http://10.180.1.21/compute/v2.1/servers/8bc97c9e-b9b5-4fda-b0d6-f0cf0c59a4a3 2.858s
2025-12-08 21:26:17.166 65425 INFO tempest.lib.common.rest_client [req-7f55527c-1a9c-4651-a8f5-5b517ab9ba63 req-7f55527c-1a9c-4651-a8f5-5b517ab9ba63 ] Request (ServersAdminNegativeTestJSON:test_migrate_server_invalid_state): 200 GET http://10.180.1.21/compute/v2.1/servers/be16412d-f716-45d7-b49c-b39dbdcad6b0 3.446s
2025-12-08 21:26:17.173 65425 INFO tempest.common.waiters [-] State transition "BUILD/None" ==> "BUILD/spawning" after 37 second wait
2025-12-08 21:26:17.203 65465 INFO tempest.lib.common.rest_client [req-dbffcff5-eb92-4c40-a55d-6ad1818be95d req-dbffcff5-eb92-4c40-a55d-6ad1818be95d ] Request (VolumesAssistedSnapshotsTest:test_volume_assisted_snapshot_create_delete): 200 GET http://10.180.1.21/volume/v3/volumes/4f12b85e-6a54-4779-a05b-810223067a44 0.030s
2025-12-08 21:26:17.275 65455 INFO tempest.lib.common.rest_client [req-93878bda-3232-4ee6-b480-7c73830140be req-93878bda-3232-4ee6-b480-7c73830140be ] Request (ServerAddressesNegativeTestJSON:tearDownClass): 200 GET http://10.180.1.21/compute/v2.1/servers/5962b819-1dbd-4157-ab63-1bdcd147c779 2.916s
2025-12-08 21:26:17.296 65451 INFO tempest.lib.common.rest_client [req-12623931-046b-4b22-bac2-45b2914eba82 req-12623931-046b-4b22-bac2-45b2914eba82 ] Request (KeyPairsNegativeTestJSON:test_create_keypair_with_duplicate_name): 202 DELETE http://10.180.1.21/compute/v2.1/os-keypairs/tempest-keypair-1166252354 2.875s
2025-12-08 21:26:17.860 65467 INFO tempest.lib.common.rest_client [req-7c8e45d0-94b2-4b14-8c90-548da4e452d2 req-7c8e45d0-94b2-4b14-8c90-548da4e452d2 ] Request (ImagesTestJSON:test_create_image_from_suspended_server): 200 GET http://10.180.1.21/compute/v2.1/servers/09eb331e-95e1-4495-9762-a28c94821593 3.293s
2025-12-08 21:26:17.933 65477 INFO tempest.lib.common.rest_client [req-6687619d-8e69-445a-b8a9-a58ee481346b req-6687619d-8e69-445a-b8a9-a58ee481346b ] Request (ListImageFiltersTestJSON:setUpClass): 200 GET http://10.180.1.21/compute/v2.1/images/1592772f-e281-484d-be01-f55aa6f45862 2.879s
2025-12-08 21:26:17.946 65475 INFO tempest.lib.common.rest_client [req-570d9140-9f71-4d7b-854e-dc2eb319910e req-570d9140-9f71-4d7b-854e-dc2eb319910e ] Request (ServerActionsV293TestJSON:setUpClass): 200 GET http://10.180.1.21/volume/v3/volumes/dc4377ec-ac54-49ee-9ef4-00e373690eec 0.025s
2025-12-08 21:26:18.181 65487 INFO tempest.lib.common.rest_client [req-dd24c0e7-4b69-4387-accc-3ce7e4d2b94a req-dd24c0e7-4b69-4387-accc-3ce7e4d2b94a ] Request (AttachVolumeShelveTestJSON:test_attach_volume_shelved_or_offload_server): 200 GET http://10.180.1.21/compute/v2.1/servers/47fc40bb-bcaa-408f-9221-1df0c61388f6 2.789s
2025-12-08 21:26:18.193 65487 INFO tempest.common.waiters [-] State transition "BUILD/spawning" ==> "ACTIVE/None" after 44 second wait
2025-12-08 21:26:18.243 65465 INFO tempest.lib.common.rest_client [req-c4b03779-6637-4c5d-b594-4a09f1c7e905 req-c4b03779-6637-4c5d-b594-4a09f1c7e905 ] Request (VolumesAssistedSnapshotsTest:test_volume_assisted_snapshot_create_delete): 200 GET http://10.180.1.21/volume/v3/volumes/4f12b85e-6a54-4779-a05b-810223067a44 0.029s
2025-12-08 21:26:18.301 65481 INFO tempest.lib.common.rest_client [req-0a542b5f-0f93-43cd-ad89-a464619e2371 req-0a542b5f-0f93-43cd-ad89-a464619e2371 ] Request (FloatingIPsAssociationTestJSON:test_associate_disassociate_floating_ip): 202 POST http://10.180.1.21/compute/v2.1/servers/68483344-ca53-48fd-a5ec-d4604292e0a6/action 4.068s
2025-12-08 21:26:18.555 65431 INFO tempest.lib.common.rest_client [req-e783d18b-ed11-4ecd-b6f5-1850400006e0 req-e783d18b-ed11-4ecd-b6f5-1850400006e0 ] Request (ListServerFiltersTestJSON:test_list_servers_detailed_filter_by_server_status): 200 GET http://10.180.1.21/compute/v2.1/servers/detail?status=active 2.936s
2025-12-08 21:26:18.591 65459 INFO tempest.lib.common.rest_client [req-de79d3b2-15bf-4ba3-89d8-17a244102896 req-de79d3b2-15bf-4ba3-89d8-17a244102896 ] Request (AttachInterfacesV270Test:test_create_get_list_interfaces): 202 POST http://10.180.1.21/compute/v2.1/servers 2.983s
2025-12-08 21:26:18.598 65483 INFO tempest.lib.common.rest_client [req-7d606374-adc9-4443-a138-a78d8f75fdeb req-7d606374-adc9-4443-a138-a78d8f75fdeb ] Request (ImagesOneServerNegativeTestJSON:test_create_image_specify_invalid_metadata): 400 POST http://10.180.1.21/compute/v2.1/servers/347fb941-d4cf-4777-964e-83e312410a93/action 2.322s
2025-12-08 21:26:18.662 65473 INFO tempest.lib.common.rest_client [req-67f2e60e-0dd8-48b7-b01e-df2895e66948 req-67f2e60e-0dd8-48b7-b01e-df2895e66948 ] Request (ServerRescueTestJSON:tearDownClass): 200 GET http://10.180.1.21/compute/v2.1/servers/61d0acbd-d416-467d-bd05-bb2c4725cfc8 2.631s
2025-12-08 21:26:18.736 65435 INFO tempest.lib.common.rest_client [req-466644f0-7833-483b-bf90-0d4c0f4b4583 req-466644f0-7833-483b-bf90-0d4c0f4b4583 ] Request (ServersAdminTestJSON:test_list_servers_by_admin): 200 GET http://10.180.1.21/compute/v2.1/servers/detail 2.159s
2025-12-08 21:26:18.988 65475 INFO tempest.lib.common.rest_client [req-0c1b8870-66bc-4157-a712-23e67f896097 req-0c1b8870-66bc-4157-a712-23e67f896097 ] Request (ServerActionsV293TestJSON:setUpClass): 200 GET http://10.180.1.21/volume/v3/volumes/dc4377ec-ac54-49ee-9ef4-00e373690eec 0.027s
2025-12-08 21:26:18.991 65458 INFO tempest.lib.common.rest_client [req-cc3bc8e3-0c59-4f10-9f55-89a9b07905b0 req-cc3bc8e3-0c59-4f10-9f55-89a9b07905b0 ] Request (MigrationsAdminTest:test_resize_server_revert_deleted_flavor): 202 POST http://10.180.1.21/compute/v2.1/servers 2.316s
2025-12-08 21:26:19.049 65429 INFO tempest.lib.common.rest_client [req-7132431d-9e6e-4071-b835-14fa4d418659 req-7132431d-9e6e-4071-b835-14fa4d418659 ] Request (ServerTagsTestJSON:setUpClass): 202 POST http://10.180.1.21/compute/v2.1/servers 2.650s
2025-12-08 21:26:19.094 65445 INFO tempest.lib.common.rest_client [req-fde3c9f6-32dd-43c0-8bf5-f830b407b59e req-fde3c9f6-32dd-43c0-8bf5-f830b407b59e ] Request (DeleteServersAdminTestJSON:tearDownClass): 404 DELETE http://10.180.1.21/compute/v2.1/servers/1d9117b8-6066-4098-8e93-be36ea765555 2.151s
2025-12-08 21:26:19.183 65449 INFO tempest.lib.common.rest_client [req-cbd9b952-e629-4434-8b76-b59983a3bc74 req-cbd9b952-e629-4434-8b76-b59983a3bc74 ] Request (ServerActionsTestJSON:setUpClass): 200 GET http://10.180.1.21/compute/v2.1/servers/59cecd09-7eff-4aee-8cb3-96c929a7a830 2.167s
2025-12-08 21:26:19.201 65451 INFO tempest.lib.common.rest_client [req-6cdffb8b-588d-4697-ba34-feedf59cd4a1 req-6cdffb8b-588d-4697-ba34-feedf59cd4a1 ] Request (KeyPairsNegativeTestJSON:test_create_keypair_with_empty_name_string): 400 POST http://10.180.1.21/compute/v2.1/os-keypairs 1.899s
2025-12-08 21:26:19.212 65427 INFO tempest.lib.common.rest_client [req-bfa069fa-6bbe-4870-963d-bd9954c5c929 req-bfa069fa-6bbe-4870-963d-bd9954c5c929 ] Request (ImagesOneServerTestJSON:setUpClass): 200 GET http://10.180.1.21/compute/v2.1/servers/64bc58ff-776c-4937-93c0-c1bd224048a5 2.378s
2025-12-08 21:26:19.220 65427 INFO tempest.common.waiters [-] State transition "BUILD/spawning" ==> "ACTIVE/None" after 50 second wait
2025-12-08 21:26:19.296 65439 INFO tempest.lib.common.rest_client [req-a4e2e648-b67e-45f7-9ecd-fcf02f02e68b req-a4e2e648-b67e-45f7-9ecd-fcf02f02e68b ] Request (InstanceActionsTestJSON:setUpClass): 200 GET http://10.180.1.21/compute/v2.1/servers/83655579-0e3b-4dc2-8d22-f60f4e7354db 1.890s
2025-12-08 21:26:19.301 65465 INFO tempest.lib.common.rest_client [req-e7a219ed-e8b6-42c1-b48c-1cd32d96dd89 req-e7a219ed-e8b6-42c1-b48c-1cd32d96dd89 ] Request (VolumesAssistedSnapshotsTest:test_volume_assisted_snapshot_create_delete): 200 GET http://10.180.1.21/volume/v3/volumes/4f12b85e-6a54-4779-a05b-810223067a44 0.045s
2025-12-08 21:26:19.321 65463 INFO tempest.lib.common.rest_client [req-e0c465f5-8a3a-4b66-a45a-cba27fec7a7c req-e0c465f5-8a3a-4b66-a45a-cba27fec7a7c ] Request (ServersListShow298Test:tearDownClass): 200 GET http://10.180.1.21/compute/v2.1/servers/0f22f213-6f00-436d-8672-17e8f89d0b86 1.912s
2025-12-08 21:26:19.394 65443 INFO tempest.lib.common.rest_client [req-70af69cc-3ce9-4ab0-b3c0-acce3c762c32 req-70af69cc-3ce9-4ab0-b3c0-acce3c762c32 ] Request (ServersTestMultiNic:test_verify_duplicate_network_nics): 200 GET http://10.180.1.21/compute/v2.1/servers/12cb4127-ba95-4ecd-b6c9-8a2721771415 1.464s
2025-12-08 21:26:19.512 65425 INFO tempest.lib.common.rest_client [req-c8c09634-56da-4c93-a40f-b15657fa9a46 req-c8c09634-56da-4c93-a40f-b15657fa9a46 ] Request (ServersAdminNegativeTestJSON:test_migrate_server_invalid_state): 200 GET http://10.180.1.21/compute/v2.1/servers/be16412d-f716-45d7-b49c-b39dbdcad6b0 1.338s
2025-12-08 21:26:19.637 65487 INFO tempest.lib.common.rest_client [req-3d3d0211-b991-4249-a57b-41ec8a4d50c2 req-3d3d0211-b991-4249-a57b-41ec8a4d50c2 ] Request (AttachVolumeShelveTestJSON:test_attach_volume_shelved_or_offload_server): 200 GET http://10.180.1.21/compute/v2.1/servers/47fc40bb-bcaa-408f-9221-1df0c61388f6/os-interface 1.443s
2025-12-08 21:26:19.649 65453 INFO tempest.lib.common.rest_client [req-d56fbb83-858e-4a64-8bc5-193e1fa21bb0 req-d56fbb83-858e-4a64-8bc5-193e1fa21bb0 ] Request (ServerShowV247Test:test_update_rebuild_list_server): 200 GET http://10.180.1.21/compute/v2.1/servers/6512c8f0-f4ed-4376-9928-de4e252b3e14 2.085s
2025-12-08 21:26:19.721 65455 INFO tempest.lib.common.rest_client [req-a5df7731-af0f-4f9d-a54f-3059d67f9adb req-a5df7731-af0f-4f9d-a54f-3059d67f9adb ] Request (ServerAddressesNegativeTestJSON:tearDownClass): 200 GET http://10.180.1.21/compute/v2.1/servers/5962b819-1dbd-4157-ab63-1bdcd147c779 1.434s
2025-12-08 21:26:19.734 65455 INFO tempest.common.waiters [-] State transition "ACTIVE/deleting" ==> "DELETED/None" after 2 second wait
2025-12-08 21:26:19.767 65481 INFO tempest.lib.common.rest_client [req-baf86e96-09fe-40eb-81e4-abf31453842b req-baf86e96-09fe-40eb-81e4-abf31453842b ] Request (FloatingIPsAssociationTestJSON:test_associate_disassociate_floating_ip): 200 GET http://10.180.1.21/compute/v2.1/os-floating-ips/4790c570-6b64-40d9-bbba-7f0f69edd697 1.466s
2025-12-08 21:26:19.874 65459 INFO tempest.lib.common.rest_client [req-a7f61373-c165-487c-9694-18c846b216f9 req-a7f61373-c165-487c-9694-18c846b216f9 ] Request (AttachInterfacesV270Test:test_create_get_list_interfaces): 200 GET http://10.180.1.21/compute/v2.1/servers/16ec48ba-5b39-4f8a-8c10-09cc499689b1 1.280s
2025-12-08 21:26:19.905 65431 INFO tempest.lib.common.rest_client [req-67ea9429-7402-4baa-ba66-3c8d599c9ba8 req-67ea9429-7402-4baa-ba66-3c8d599c9ba8 ] Request (ListServerFiltersTestJSON:test_list_servers_detailed_limit_results): 200 GET http://10.180.1.21/compute/v2.1/servers/detail?limit=1 1.331s
2025-12-08 21:26:19.940 65461 WARNING tempest.lib.common.ssh [-] Failed to establish authenticated ssh connection to cirros@10.180.180.172 ([Errno None] Unable to connect to port 22 on 10.180.180.172). Number attempts: 10. Retry after 11 seconds.: paramiko.ssh_exception.NoValidConnectionsError: [Errno None] Unable to connect to port 22 on 10.180.180.172
2025-12-08 21:26:20.035 65483 INFO tempest.lib.common.rest_client [req-e64c29c2-518a-4da6-adca-cb3cb7408be1 req-e64c29c2-518a-4da6-adca-cb3cb7408be1 ] Request (ImagesOneServerNegativeTestJSON:tearDown): 200 GET http://10.180.1.21/compute/v2.1/servers/347fb941-d4cf-4777-964e-83e312410a93 1.434s
2025-12-08 21:26:20.040 65475 INFO tempest.lib.common.rest_client [req-5f6a1184-64ce-4c5a-b550-d0484ed01694 req-5f6a1184-64ce-4c5a-b550-d0484ed01694 ] Request (ServerActionsV293TestJSON:setUpClass): 200 GET http://10.180.1.21/volume/v3/volumes/dc4377ec-ac54-49ee-9ef4-00e373690eec 0.042s
2025-12-08 21:26:20.114 65467 INFO tempest.lib.common.rest_client [req-fc5eef15-34e8-4e8e-a1ea-8a50fe3bd5a0 req-fc5eef15-34e8-4e8e-a1ea-8a50fe3bd5a0 ] Request (ImagesTestJSON:test_create_image_from_suspended_server): 200 GET http://10.180.1.21/compute/v2.1/servers/09eb331e-95e1-4495-9762-a28c94821593 1.243s
2025-12-08 21:26:20.164 65477 INFO tempest.lib.common.rest_client [req-99d7dc85-aeaa-49cc-8671-cdd7b1197d19 req-99d7dc85-aeaa-49cc-8671-cdd7b1197d19 ] Request (ListImageFiltersTestJSON:setUpClass): 200 GET http://10.180.1.21/compute/v2.1/images/1592772f-e281-484d-be01-f55aa6f45862 1.226s
2025-12-08 21:26:20.304 65458 INFO tempest.lib.common.rest_client [req-ca173d8b-60a2-4d0b-a6d7-3916b2aa88e3 req-ca173d8b-60a2-4d0b-a6d7-3916b2aa88e3 ] Request (MigrationsAdminTest:test_resize_server_revert_deleted_flavor): 200 GET http://10.180.1.21/compute/v2.1/servers/5013663e-a050-406a-8748-1d5c2e8fc839 1.305s
2025-12-08 21:26:20.323 65437 WARNING tempest.lib.common.ssh [-] Failed to establish authenticated ssh connection to cirros@10.180.180.208 ([Errno None] Unable to connect to port 22 on 10.180.180.208). Number attempts: 7. Retry after 8 seconds.: paramiko.ssh_exception.NoValidConnectionsError: [Errno None] Unable to connect to port 22 on 10.180.180.208
2025-12-08 21:26:20.327 65487 INFO tempest.lib.common.rest_client [req-4fc6fa4d-f7db-4e47-8231-f2166236d3eb req-4fc6fa4d-f7db-4e47-8231-f2166236d3eb ] Request (AttachVolumeShelveTestJSON:test_attach_volume_shelved_or_offload_server): 200 PUT http://10.180.1.21/networking/v2.0/floatingips/fb7db05d-f271-409f-a15e-3aa066bb9bc7 0.687s
2025-12-08 21:26:20.328 65487 INFO tempest.lib.common.ssh [-] Creating ssh connection to '10.180.180.188:22' as 'cirros' with public key authentication
2025-12-08 21:26:20.352 65435 INFO tempest.lib.common.rest_client [req-125eba88-3b09-4083-825c-ca51382fd574 req-125eba88-3b09-4083-825c-ca51382fd574 ] Request (ServersAdminTestJSON:test_list_servers_by_admin_with_all_tenants): 200 GET http://10.180.1.21/compute/v2.1/servers/detail?all_tenants= 1.602s
2025-12-08 21:26:20.352 65465 INFO tempest.lib.common.rest_client [req-64cf32ea-5d45-45bb-995f-037d21ad2571 req-64cf32ea-5d45-45bb-995f-037d21ad2571 ] Request (VolumesAssistedSnapshotsTest:test_volume_assisted_snapshot_create_delete): 200 GET http://10.180.1.21/volume/v3/volumes/4f12b85e-6a54-4779-a05b-810223067a44 0.043s
2025-12-08 21:26:20.362 65429 INFO tempest.lib.common.rest_client [req-618e6e69-dde6-4624-9954-826a01b92d8d req-618e6e69-dde6-4624-9954-826a01b92d8d ] Request (ServerTagsTestJSON:setUpClass): 200 GET http://10.180.1.21/compute/v2.1/servers/073c449a-303d-4e01-8219-10652a5bcc81 1.311s
2025-12-08 21:26:20.378 65445 INFO tempest.lib.common.rest_client [req-a4a08ba9-3bc8-4df4-b314-e7d0d4c99fa7 req-a4a08ba9-3bc8-4df4-b314-e7d0d4c99fa7 ] Request (DeleteServersAdminTestJSON:tearDownClass): 404 GET http://10.180.1.21/compute/v2.1/servers/1d9117b8-6066-4098-8e93-be36ea765555 1.284s
2025-12-08 21:26:20.383 65435 WARNING tempest.lib.common.rest_client [-] Deprecated: "tenant_id" property is deprecated for removal, use "project_id" instead
2025-12-08 21:26:20.396 65451 INFO tempest.lib.common.rest_client [req-39e8ff70-b810-49d2-a10a-7be01dfd8c3e req-39e8ff70-b810-49d2-a10a-7be01dfd8c3e ] Request (KeyPairsNegativeTestJSON:test_create_keypair_with_empty_public_key): 400 POST http://10.180.1.21/compute/v2.1/os-keypairs 1.194s
2025-12-08 21:26:20.463 65473 INFO tempest.lib.common.rest_client [req-c31114f3-08d3-4398-89df-19d2692fbb1a req-c31114f3-08d3-4398-89df-19d2692fbb1a ] Request (ServerRescueTestJSON:tearDownClass): 200 GET http://10.180.1.21/compute/v2.1/servers/61d0acbd-d416-467d-bd05-bb2c4725cfc8 0.788s
2025-12-08 21:26:20.506 65445 INFO tempest.lib.common.rest_client [req-9e1a816f-c5f0-42b2-95ff-750e1551d12d req-9e1a816f-c5f0-42b2-95ff-750e1551d12d ] Request (DeleteServersAdminTestJSON:tearDownClass): 204 DELETE http://10.180.1.21/identity/v3/users/56aceeaed0e24ff7baca23689fd6b3e3 0.127s
2025-12-08 21:26:20.622 65445 INFO tempest.lib.common.rest_client [req-e4095028-0c11-4793-987c-c03fb02eb8e8 req-e4095028-0c11-4793-987c-c03fb02eb8e8 ] Request (DeleteServersAdminTestJSON:tearDownClass): 204 DELETE http://10.180.1.21/identity/v3/users/dacebb261d784bf6b6675fc6ff969405 0.115s
2025-12-08 21:26:20.622 65445 INFO tempest.lib.common.dynamic_creds [-] Deleting project and security group for project: 414341487c3144e48a33f4bfced48144
2025-12-08 21:26:20.690 65445 INFO tempest.lib.common.rest_client [req-82c53ffc-a644-4d1b-ab22-9b370b38989a req-82c53ffc-a644-4d1b-ab22-9b370b38989a ] Request (DeleteServersAdminTestJSON:tearDownClass): 201 POST http://10.180.1.21/identity/v3/auth/tokens 0.068s
2025-12-08 21:26:20.900 65445 INFO tempest.lib.common.rest_client [req-9fa0cbe6-5738-464f-9aec-f562bcef16f2 req-9fa0cbe6-5738-464f-9aec-f562bcef16f2 ] Request (DeleteServersAdminTestJSON:tearDownClass): 200 GET http://10.180.1.21/networking/v2.0/security-groups?tenant_id=414341487c3144e48a33f4bfced48144&name=default 0.210s
2025-12-08 21:26:20.971 65427 INFO tempest.lib.common.rest_client [req-f7aff17b-3e4c-4bff-b497-58a21904b2a8 req-f7aff17b-3e4c-4bff-b497-58a21904b2a8 ] Request (ImagesOneServerTestJSON:test_create_delete_image): 202 POST http://10.180.1.21/compute/v2.1/servers/64bc58ff-776c-4937-93c0-c1bd224048a5/action 1.750s
2025-12-08 21:26:21.011 65445 INFO tempest.lib.common.rest_client [req-03ae36e7-eff1-4e4b-9354-187b6134bfaa req-03ae36e7-eff1-4e4b-9354-187b6134bfaa ] Request (DeleteServersAdminTestJSON:tearDownClass): 204 DELETE http://10.180.1.21/networking/v2.0/security-groups/a7d8e372-59c5-492d-97ab-bcd3df4783d3 0.110s
2025-12-08 21:26:21.092 65475 INFO tempest.lib.common.rest_client [req-5e308b86-ed20-4979-b1ee-cc778ea679ec req-5e308b86-ed20-4979-b1ee-cc778ea679ec ] Request (ServerActionsV293TestJSON:setUpClass): 200 GET http://10.180.1.21/volume/v3/volumes/dc4377ec-ac54-49ee-9ef4-00e373690eec 0.036s
2025-12-08 21:26:21.133 65431 INFO tempest.lib.common.rest_client [req-f6d16e98-5fe7-4395-bb32-44578ebfe635 req-f6d16e98-5fe7-4395-bb32-44578ebfe635 ] Request (ListServerFiltersTestJSON:test_list_servers_filter_by_active_status): 200 GET http://10.180.1.21/compute/v2.1/servers?status=active 1.210s
2025-12-08 21:26:21.143 65445 INFO tempest.lib.common.rest_client [req-2dbf61f3-782c-4564-b2f9-083557583295 req-2dbf61f3-782c-4564-b2f9-083557583295 ] Request (DeleteServersAdminTestJSON:tearDownClass): 204 DELETE http://10.180.1.21/identity/v3/projects/414341487c3144e48a33f4bfced48144 0.131s
2025-12-08 21:26:21.143 65445 INFO tempest.lib.common.dynamic_creds [-] Deleting project and security group for project: 67745d1d57f24d7787f76d3fb53c5804
2025-12-08 21:26:21.175 65445 INFO tempest.lib.common.rest_client [req-472dc0d0-51b6-4d15-be3e-98457b949813 req-472dc0d0-51b6-4d15-be3e-98457b949813 ] Request (DeleteServersAdminTestJSON:tearDownClass): 200 GET http://10.180.1.21/networking/v2.0/security-groups?tenant_id=67745d1d57f24d7787f76d3fb53c5804&name=default 0.032s
2025-12-08 21:26:21.313 65483 INFO tempest.lib.common.rest_client [req-36b3a17d-8742-40e0-94c1-203ffcb8d0fb req-36b3a17d-8742-40e0-94c1-203ffcb8d0fb ] Request (ImagesOneServerNegativeTestJSON:setUp): 200 GET http://10.180.1.21/compute/v2.1/servers/347fb941-d4cf-4777-964e-83e312410a93 1.267s
2025-12-08 21:26:21.322 65445 INFO tempest.lib.common.rest_client [req-743099d9-3b9e-4db2-8867-b3616fa1a893 req-743099d9-3b9e-4db2-8867-b3616fa1a893 ] Request (DeleteServersAdminTestJSON:tearDownClass): 204 DELETE http://10.180.1.21/networking/v2.0/security-groups/9a01f5be-591b-4d44-abe9-e9b3b716fa45 0.146s
2025-12-08 21:26:21.360 65477 INFO tempest.lib.common.rest_client [req-db146576-c58c-46c4-ad43-a2e3bfce64f6 req-db146576-c58c-46c4-ad43-a2e3bfce64f6 ] Request (ListImageFiltersTestJSON:setUpClass): 200 GET http://10.180.1.21/compute/v2.1/images/1592772f-e281-484d-be01-f55aa6f45862 1.190s
2025-12-08 21:26:21.406 65465 INFO tempest.lib.common.rest_client [req-85eb52d9-8895-4249-98f8-34b18c24086c req-85eb52d9-8895-4249-98f8-34b18c24086c ] Request (VolumesAssistedSnapshotsTest:test_volume_assisted_snapshot_create_delete): 200 GET http://10.180.1.21/volume/v3/volumes/4f12b85e-6a54-4779-a05b-810223067a44 0.040s
2025-12-08 21:26:21.414 65449 INFO tempest.lib.common.rest_client [req-99145b37-045d-4743-b39b-d45f1aa41e10 req-99145b37-045d-4743-b39b-d45f1aa41e10 ] Request (ServerActionsTestJSON:setUpClass): 200 GET http://10.180.1.21/compute/v2.1/servers/59cecd09-7eff-4aee-8cb3-96c929a7a830 1.217s
2025-12-08 21:26:21.446 65445 INFO tempest.lib.common.rest_client [req-53e13ca2-c17a-4784-b2d3-4bb9a1bac9fa req-53e13ca2-c17a-4784-b2d3-4bb9a1bac9fa ] Request (DeleteServersAdminTestJSON:tearDownClass): 204 DELETE http://10.180.1.21/identity/v3/projects/67745d1d57f24d7787f76d3fb53c5804 0.123s
2025-12-08 21:26:21.468 65439 INFO tempest.lib.common.rest_client [req-ee69cc69-ea85-4267-96e2-ee53d66406e5 req-ee69cc69-ea85-4267-96e2-ee53d66406e5 ] Request (InstanceActionsTestJSON:setUpClass): 200 GET http://10.180.1.21/compute/v2.1/servers/83655579-0e3b-4dc2-8d22-f60f4e7354db 1.163s
2025-12-08 21:26:21.525 65445 INFO tempest.lib.common.rest_client [req-4c9eef8d-7d70-4adb-a0c9-f8fb8100a3b8 req-4c9eef8d-7d70-4adb-a0c9-f8fb8100a3b8 ] Request (FlavorMetadataValidation:setUpClass): 201 POST http://10.180.1.21/identity/v3/auth/tokens 0.077s
2025-12-08 21:26:21.550 65481 INFO tempest.lib.common.rest_client [req-8cf131f6-381e-43b4-af35-96d3f64e42fb req-8cf131f6-381e-43b4-af35-96d3f64e42fb ] Request (FloatingIPsAssociationTestJSON:test_associate_disassociate_floating_ip): 202 POST http://10.180.1.21/compute/v2.1/servers/68483344-ca53-48fd-a5ec-d4604292e0a6/action 1.778s
2025-12-08 21:26:21.552 65463 INFO tempest.lib.common.rest_client [req-8f95b44d-514f-494e-9d03-8a9beed85c5a req-8f95b44d-514f-494e-9d03-8a9beed85c5a ] Request (ServersListShow298Test:tearDownClass): 200 GET http://10.180.1.21/compute/v2.1/servers/0f22f213-6f00-436d-8672-17e8f89d0b86 1.219s
2025-12-08 21:26:21.559 65451 INFO tempest.lib.common.rest_client [req-75c794d4-416f-4e0d-9b83-86d5e51ef696 req-75c794d4-416f-4e0d-9b83-86d5e51ef696 ] Request (KeyPairsNegativeTestJSON:test_create_keypair_with_long_keynames): 400 POST http://10.180.1.21/compute/v2.1/os-keypairs 1.161s
2025-12-08 21:26:21.568 65445 INFO tempest.lib.common.rest_client [req-0faed0fc-ce45-4a4a-8274-83f97a735856 req-0faed0fc-ce45-4a4a-8274-83f97a735856 ] Request (FlavorMetadataValidation:setUpClass): 201 POST http://10.180.1.21/identity/v3/auth/tokens 0.040s
2025-12-08 21:26:21.588 65435 INFO tempest.lib.common.rest_client [req-ea90c63d-ff53-42ce-8142-9cd0182c5bf6 req-ea90c63d-ff53-42ce-8142-9cd0182c5bf6 ] Request (ServersAdminTestJSON:test_list_servers_by_admin_with_specified_tenant): 200 GET http://10.180.1.21/compute/v2.1/servers/detail?tenant_id=dc695f7670ad465abd1fd604b822739c 1.205s
2025-12-08 21:26:21.605 65445 INFO tempest.lib.common.rest_client [req-bbbb9ddc-65c6-4a4c-ba86-11038015ae5d req-bbbb9ddc-65c6-4a4c-ba86-11038015ae5d ] Request (FlavorMetadataValidation:setUpClass): 200 GET http://10.180.1.21/identity/v3/domains?name=Default 0.036s
2025-12-08 21:26:21.630 65443 INFO tempest.lib.common.rest_client [req-8ea6e8c6-e13d-4043-b44a-1fc94325ccfe req-8ea6e8c6-e13d-4043-b44a-1fc94325ccfe ] Request (ServersTestMultiNic:test_verify_duplicate_network_nics): 200 GET http://10.180.1.21/compute/v2.1/servers/12cb4127-ba95-4ecd-b6c9-8a2721771415 1.222s
2025-12-08 21:26:21.643 65445 INFO tempest.lib.common.rest_client [req-ac339a5e-ea1c-48a2-8329-5637231b00fb req-ac339a5e-ea1c-48a2-8329-5637231b00fb ] Request (FlavorMetadataValidation:setUpClass): 201 POST http://10.180.1.21/identity/v3/projects 0.037s
2025-12-08 21:26:21.706 65445 INFO tempest.lib.common.rest_client [req-1bef1f4c-d0c1-4c07-a344-84b5ae5d2712 req-1bef1f4c-d0c1-4c07-a344-84b5ae5d2712 ] Request (FlavorMetadataValidation:setUpClass): 201 POST http://10.180.1.21/identity/v3/users 0.063s
