2025-12-08 21:26:01.326 65459 INFO tempest.lib.common.rest_client [req-7b2b5507-cee3-4528-8872-3917d9b7967a req-7b2b5507-cee3-4528-8872-3917d9b7967a ] Request (VolumesAdminNegativeTest:tearDownClass): 204 DELETE http://10.180.1.21/identity/v3/users/0583fc1515e54df6ab9f1025b05880e8 0.109s
2025-12-08 21:26:01.459 65459 INFO tempest.lib.common.rest_client [req-b2afa3aa-9e67-437c-8902-3f7ec55cab6f req-b2afa3aa-9e67-437c-8902-3f7ec55cab6f ] Request (VolumesAdminNegativeTest:tearDownClass): 204 DELETE http://10.180.1.21/identity/v3/users/0004254c915f4fa786366da0a42f349f 0.132s
2025-12-08 21:26:01.508 65477 INFO tempest.lib.common.rest_client [req-576a6bb6-b3ad-4582-89b0-96caef439de9 req-576a6bb6-b3ad-4582-89b0-96caef439de9 ] Request (ListImageFiltersTestJSON:setUpClass): 202 POST http://10.180.1.21/compute/v2.1/servers/e62cb3fb-9beb-44e6-aa81-a82adbfebe41/action 7.120s
2025-12-08 21:26:01.575 65451 INFO tempest.lib.common.rest_client [req-67c87cec-8bbb-4e67-9821-1ea4b9cefb97 req-67c87cec-8bbb-4e67-9821-1ea4b9cefb97 ] Request (FloatingIPsTestJSON:tearDownClass): 204 DELETE http://10.180.1.21/networking/v2.0/security-groups/b30f29c1-4285-44a7-8d22-fd112f32d2d7 0.639s
2025-12-08 21:26:01.614 65459 INFO tempest.lib.common.rest_client [req-823b5e4b-03e8-47dc-ba8f-e813c3357ee9 req-823b5e4b-03e8-47dc-ba8f-e813c3357ee9 ] Request (VolumesAdminNegativeTest:tearDownClass): 204 DELETE http://10.180.1.21/identity/v3/users/d22f2c1e83b94a3a8bdd085c4be526f9 0.155s
2025-12-08 21:26:01.615 65459 INFO tempest.lib.common.dynamic_creds [-] Deleting project and security group for project: 51885dae98de428a88abf9f4ebd55aa5
2025-12-08 21:26:01.691 65451 INFO tempest.lib.common.rest_client [req-54c1b883-23d7-4dc2-934a-7d41bc902283 req-54c1b883-23d7-4dc2-934a-7d41bc902283 ] Request (FloatingIPsTestJSON:tearDownClass): 204 DELETE http://10.180.1.21/identity/v3/projects/3b41e0f8718940779b8f0d932dc20159 0.116s
2025-12-08 21:26:01.753 65451 INFO tempest.lib.common.rest_client [req-a5349982-fc97-4e4e-b49d-e12f5af85a60 req-a5349982-fc97-4e4e-b49d-e12f5af85a60 ] Request (KeyPairsNegativeTestJSON:setUpClass): 201 POST http://10.180.1.21/identity/v3/auth/tokens 0.060s
2025-12-08 21:26:01.785 65451 INFO tempest.lib.common.rest_client [req-9911ee88-8dc7-4b5c-9923-d86ff9084d36 req-9911ee88-8dc7-4b5c-9923-d86ff9084d36 ] Request (KeyPairsNegativeTestJSON:setUpClass): 201 POST http://10.180.1.21/identity/v3/auth/tokens 0.028s
2025-12-08 21:26:01.817 65451 INFO tempest.lib.common.rest_client [req-a99a75db-1029-426c-9afb-0ca6e05e013f req-a99a75db-1029-426c-9afb-0ca6e05e013f ] Request (KeyPairsNegativeTestJSON:setUpClass): 200 GET http://10.180.1.21/identity/v3/domains?name=Default 0.031s
2025-12-08 21:26:01.845 65451 INFO tempest.lib.common.rest_client [req-01115e74-31ac-412d-a46c-b2a70a1575a1 req-01115e74-31ac-412d-a46c-b2a70a1575a1 ] Request (KeyPairsNegativeTestJSON:setUpClass): 201 POST http://10.180.1.21/identity/v3/projects 0.027s
2025-12-08 21:26:01.908 65451 INFO tempest.lib.common.rest_client [req-5846d6eb-3078-411f-bdec-f877153f4ca0 req-5846d6eb-3078-411f-bdec-f877153f4ca0 ] Request (KeyPairsNegativeTestJSON:setUpClass): 201 POST http://10.180.1.21/identity/v3/users 0.062s
2025-12-08 21:26:01.940 65451 INFO tempest.lib.common.rest_client [req-676f529d-77d5-477b-8ac3-e6790483a1c6 req-676f529d-77d5-477b-8ac3-e6790483a1c6 ] Request (KeyPairsNegativeTestJSON:setUpClass): 200 GET http://10.180.1.21/identity/v3/roles 0.031s
2025-12-08 21:26:01.971 65451 INFO tempest.lib.common.rest_client [req-8c065eaf-0dee-4a66-af4b-729bd8691488 req-8c065eaf-0dee-4a66-af4b-729bd8691488 ] Request (KeyPairsNegativeTestJSON:setUpClass): 204 PUT http://10.180.1.21/identity/v3/projects/0e79a86e1a784321bb2ed8d406c2ea98/users/1748e24f8b804b8aa205c7a3e14498ae/roles/cb6117eded3d4713be38130a912a3cfe 0.030s
2025-12-08 21:26:01.971 65451 INFO tempest.lib.common.dynamic_creds [-] Dynamic test user 1748e24f8b804b8aa205c7a3e14498ae is created with scope project and roles: ['member']
2025-12-08 21:26:01.971 65451 INFO tempest.lib.common.dynamic_creds [-] Acquired dynamic creds: credentials: Credentials: {'domain_id': 'default', 'domain_name': 'Default', 'username': 'tempest-KeyPairsNegativeTestJSON-712146197-project-member', 'project_domain_id': 'default', 'project_domain_name': 'Default', 'project_id': '0e79a86e1a784321bb2ed8d406c2ea98', 'project_name': 'tempest-KeyPairsNegativeTestJSON-712146197', 'tenant_id': '0e79a86e1a784321bb2ed8d406c2ea98', 'tenant_name': 'tempest-KeyPairsNegativeTestJSON-712146197', 'user_domain_id': 'default', 'user_domain_name': 'Default', 'user_id': '1748e24f8b804b8aa205c7a3e14498ae', 'system': None}, Network: None, Subnet: None, Router: None
2025-12-08 21:26:01.971 65451 INFO tempest.lib.common.dynamic_creds [-] Created isolated network resources for: credentials: Credentials: {'domain_id': 'default', 'domain_name': 'Default', 'username': 'tempest-KeyPairsNegativeTestJSON-712146197-project-member', 'project_domain_id': 'default', 'project_domain_name': 'Default', 'project_id': '0e79a86e1a784321bb2ed8d406c2ea98', 'project_name': 'tempest-KeyPairsNegativeTestJSON-712146197', 'tenant_id': '0e79a86e1a784321bb2ed8d406c2ea98', 'tenant_name': 'tempest-KeyPairsNegativeTestJSON-712146197', 'user_domain_id': 'default', 'user_domain_name': 'Default', 'user_id': '1748e24f8b804b8aa205c7a3e14498ae', 'system': None}, Network: None, Subnet: None, Router: None
2025-12-08 21:26:02.108 65451 INFO tempest.lib.common.rest_client [req-ac0c9b53-22cd-491a-8920-2d77aed7600f req-ac0c9b53-22cd-491a-8920-2d77aed7600f ] Request (KeyPairsNegativeTestJSON:setUpClass): 201 POST http://10.180.1.21/identity/v3/auth/tokens 0.133s
2025-12-08 21:26:02.299 65475 INFO tempest.lib.common.rest_client [req-e3b83fcb-76c9-41cf-895e-43c7103272e5 req-e3b83fcb-76c9-41cf-895e-43c7103272e5 ] Request (ServerActionsV293TestJSON:setUpClass): 200 PUT http://10.180.1.21/networking/v2.0/routers/e6022dcd-340a-4d3f-b8a0-a329f5b6cf01/add_router_interface 1.372s
2025-12-08 21:26:02.299 65475 INFO tempest.lib.common.dynamic_creds [-] Created isolated network resources for: credentials: Credentials: {'domain_id': 'default', 'domain_name': 'Default', 'username': 'tempest-ServerActionsV293TestJSON-93712724-project-member', 'project_domain_id': 'default', 'project_domain_name': 'Default', 'project_id': '8763ede213504c8987dc4bc0eac67e6d', 'project_name': 'tempest-ServerActionsV293TestJSON-93712724', 'tenant_id': '8763ede213504c8987dc4bc0eac67e6d', 'tenant_name': 'tempest-ServerActionsV293TestJSON-93712724', 'user_domain_id': 'default', 'user_domain_name': 'Default', 'user_id': '316c504661b7464c903f9d2400030e44', 'system': None}, Network: {'id': '1ea02b48-a0f9-46c9-bbdb-dd945881911f', 'name': 'tempest-ServerActionsV293TestJSON-1981899337-network', 'tenant_id': '8763ede213504c8987dc4bc0eac67e6d', 'project_id': '8763ede213504c8987dc4bc0eac67e6d', 'admin_state_up': True, 'mtu': 8950, 'status': 'ACTIVE', 'subnets': [], 'shared': False, 'port_security_enabled': True, 'router:external': False, 'provider:network_type': 'vlan', 'provider:physical_network': 'default', 'provider:segmentation_id': 388, 'availability_zone_hints': [], 'availability_zones': [], 'ipv4_address_scope': None, 'ipv6_address_scope': None, 'description': '', 'tags': [], 'created_at': '2025-12-08T21:25:58Z', 'updated_at': '2025-12-08T21:25:58Z', 'revision_number': 1}, Subnet: {'id': '4beac1d7-a503-441d-b11c-4d51846f8007', 'name': 'tempest-ServerActionsV293TestJSON-1981899337-subnet', 'tenant_id': '8763ede213504c8987dc4bc0eac67e6d', 'network_id': '1ea02b48-a0f9-46c9-bbdb-dd945881911f', 'ip_version': 4, 'subnetpool_id': None, 'enable_dhcp': True, 'ipv6_ra_mode': None, 'ipv6_address_mode': None, 'gateway_ip': '192.168.128.1', 'cidr': '192.168.128.0/28', 'allocation_pools': [{'start': '192.168.128.2', 'end': '192.168.128.14'}], 'host_routes': [], 'dns_nameservers': [], 'description': '', 'router:external': False, 'service_types': [], 'tags': [], 'created_at': '2025-12-08T21:25:59Z', 'updated_at': '2025-12-08T21:25:59Z', 'revision_number': 0, 'project_id': '8763ede213504c8987dc4bc0eac67e6d'}, Router: {'id': 'e6022dcd-340a-4d3f-b8a0-a329f5b6cf01', 'name': 'tempest-ServerActionsV293TestJSON-1981899337-router', 'tenant_id': '8763ede213504c8987dc4bc0eac67e6d', 'admin_state_up': True, 'status': 'ACTIVE', 'external_gateway_info': {'network_id': '9996daa0-85b3-4ee7-ad9c-88de2e6ac2dc', 'external_fixed_ips': [{'subnet_id': '9ef6da9d-3dfc-4e10-bf97-f4c9d364e19e', 'ip_address': '10.180.180.131'}], 'enable_snat': True}, 'description': '', 'availability_zones': [], 'distributed': False, 'ha': False, 'availability_zone_hints': [], 'routes': [], 'flavor_id': None, 'tags': [], 'created_at': '2025-12-08T21:26:00Z', 'updated_at': '2025-12-08T21:26:00Z', 'revision_number': 2, 'project_id': '8763ede213504c8987dc4bc0eac67e6d'}
2025-12-08 21:26:02.376 65475 INFO tempest.lib.common.rest_client [req-4c3f0096-3dee-48e4-9d95-202d5a694e40 req-4c3f0096-3dee-48e4-9d95-202d5a694e40 ] Request (ServerActionsV293TestJSON:setUpClass): 201 POST http://10.180.1.21/identity/v3/auth/tokens 0.074s
2025-12-08 21:26:02.379 65449 INFO tempest.lib.common.rest_client [req-9ab42eb1-0def-4a76-9509-32ccfedc216d req-9ab42eb1-0def-4a76-9509-32ccfedc216d ] Request (ServerActionsTestJSON:setUpClass): 200 GET http://10.180.1.21/compute/v2.1/servers/59cecd09-7eff-4aee-8cb3-96c929a7a830 7.841s
2025-12-08 21:26:02.386 65449 INFO tempest.common.waiters [-] State transition "BUILD/scheduling" ==> "BUILD/None" after 9 second wait
2025-12-08 21:26:02.400 65459 INFO tempest.lib.common.rest_client [req-0c2ce27a-fe98-403e-b4ff-53c1478b0ca1 req-0c2ce27a-fe98-403e-b4ff-53c1478b0ca1 ] Request (VolumesAdminNegativeTest:tearDownClass): 200 GET http://10.180.1.21/networking/v2.0/security-groups?tenant_id=51885dae98de428a88abf9f4ebd55aa5&name=default 0.784s
2025-12-08 21:26:02.617 65459 INFO tempest.lib.common.rest_client [req-2db04729-6222-4b0f-9702-40d58b74e10e req-2db04729-6222-4b0f-9702-40d58b74e10e ] Request (VolumesAdminNegativeTest:tearDownClass): 204 DELETE http://10.180.1.21/networking/v2.0/security-groups/a50d1124-be72-43b7-b97f-04752e9a2e8c 0.217s
2025-12-08 21:26:02.640 65445 INFO tempest.lib.common.rest_client [req-a249744f-23ee-43d1-8149-1a624384b316 req-a249744f-23ee-43d1-8149-1a624384b316 ] Request (DeleteServersAdminTestJSON:test_delete_server_while_in_error_state): 200 GET http://10.180.1.21/compute/v2.1/servers/8bc97c9e-b9b5-4fda-b0d6-f0cf0c59a4a3 8.096s
2025-12-08 21:26:02.727 65459 INFO tempest.lib.common.rest_client [req-973b2cd0-49e4-4c04-93b7-70a361ba9a4b req-973b2cd0-49e4-4c04-93b7-70a361ba9a4b ] Request (VolumesAdminNegativeTest:tearDownClass): 204 DELETE http://10.180.1.21/identity/v3/projects/51885dae98de428a88abf9f4ebd55aa5 0.110s
2025-12-08 21:26:02.727 65459 INFO tempest.lib.common.dynamic_creds [-] Deleting project and security group for project: c5b018d1902d43e1a7ef10529db34a0b
2025-12-08 21:26:03.123 65429 INFO tempest.lib.common.rest_client [req-002c4556-9195-4291-a06a-20a4d12c46b3 req-002c4556-9195-4291-a06a-20a4d12c46b3 ] Request (ServersTestFqdnHostnames:tearDownClass): 200 GET http://10.180.1.21/compute/v2.1/servers/7f2207e5-79bd-4db3-bd87-5d4a5721f35f 8.114s
2025-12-08 21:26:03.145 65459 INFO tempest.lib.common.rest_client [req-fd25764f-707c-4c95-acf1-ff3a4b0f86f5 req-fd25764f-707c-4c95-acf1-ff3a4b0f86f5 ] Request (VolumesAdminNegativeTest:tearDownClass): 200 GET http://10.180.1.21/networking/v2.0/security-groups?tenant_id=c5b018d1902d43e1a7ef10529db34a0b&name=default 0.417s
2025-12-08 21:26:03.375 65459 INFO tempest.lib.common.rest_client [req-c975f19d-fc37-484a-bfd2-20541f59c5af req-c975f19d-fc37-484a-bfd2-20541f59c5af ] Request (VolumesAdminNegativeTest:tearDownClass): 204 DELETE http://10.180.1.21/networking/v2.0/security-groups/73c823e6-49c4-4fd8-b320-9fce04712c7c 0.229s
2025-12-08 21:26:03.403 65453 INFO tempest.lib.common.rest_client [req-13452d0a-a97f-4f1f-bea4-aff070dea1db req-13452d0a-a97f-4f1f-bea4-aff070dea1db ] Request (ServerShowV247Test:test_update_rebuild_list_server): 200 GET http://10.180.1.21/compute/v2.1/servers/6512c8f0-f4ed-4376-9928-de4e252b3e14 8.055s
2025-12-08 21:26:03.500 65459 INFO tempest.lib.common.rest_client [req-3e8a2551-0984-461d-8657-a2f7c8d0a8c1 req-3e8a2551-0984-461d-8657-a2f7c8d0a8c1 ] Request (VolumesAdminNegativeTest:tearDownClass): 204 DELETE http://10.180.1.21/identity/v3/projects/c5b018d1902d43e1a7ef10529db34a0b 0.124s
2025-12-08 21:26:03.500 65459 INFO tempest.lib.common.dynamic_creds [-] Deleting project and security group for project: cffbadd68f6f4631a38b3a908933ab6b
2025-12-08 21:26:03.618 65459 INFO tempest.lib.common.rest_client [req-da3bd6ec-15fc-4b9a-843e-b85d5f45d551 req-da3bd6ec-15fc-4b9a-843e-b85d5f45d551 ] Request (VolumesAdminNegativeTest:tearDownClass): 200 GET http://10.180.1.21/networking/v2.0/security-groups?tenant_id=cffbadd68f6f4631a38b3a908933ab6b&name=default 0.118s
2025-12-08 21:26:03.742 65459 INFO tempest.lib.common.rest_client [req-c109c83f-af7e-436e-9ea9-f05edc703692 req-c109c83f-af7e-436e-9ea9-f05edc703692 ] Request (VolumesAdminNegativeTest:tearDownClass): 204 DELETE http://10.180.1.21/networking/v2.0/security-groups/cf788a74-98ab-4c48-91a6-13790340a632 0.123s
2025-12-08 21:26:03.841 65459 INFO tempest.lib.common.rest_client [req-51a04969-64ba-435b-83d5-26929a4b4195 req-51a04969-64ba-435b-83d5-26929a4b4195 ] Request (VolumesAdminNegativeTest:tearDownClass): 204 DELETE http://10.180.1.21/identity/v3/projects/cffbadd68f6f4631a38b3a908933ab6b 0.099s
2025-12-08 21:26:03.920 65459 INFO tempest.lib.common.rest_client [req-5cfe5f62-386e-4b78-a096-9cb80ae03726 req-5cfe5f62-386e-4b78-a096-9cb80ae03726 ] Request (FloatingIPDetailsNegativeTestJSON:setUpClass): 201 POST http://10.180.1.21/identity/v3/auth/tokens 0.076s
2025-12-08 21:26:03.951 65459 INFO tempest.lib.common.rest_client [req-ee500777-5682-471a-95e1-6933828b7fe3 req-ee500777-5682-471a-95e1-6933828b7fe3 ] Request (FloatingIPDetailsNegativeTestJSON:setUpClass): 201 POST http://10.180.1.21/identity/v3/auth/tokens 0.028s
2025-12-08 21:26:03.982 65459 INFO tempest.lib.common.rest_client [req-d32b18e6-bba1-4fb7-ae1f-eb96c1ab4915 req-d32b18e6-bba1-4fb7-ae1f-eb96c1ab4915 ] Request (FloatingIPDetailsNegativeTestJSON:setUpClass): 200 GET http://10.180.1.21/identity/v3/domains?name=Default 0.030s
2025-12-08 21:26:04.015 65459 INFO tempest.lib.common.rest_client [req-5cf230f5-51fb-4649-8f53-634727e038bb req-5cf230f5-51fb-4649-8f53-634727e038bb ] Request (FloatingIPDetailsNegativeTestJSON:setUpClass): 201 POST http://10.180.1.21/identity/v3/projects 0.033s
2025-12-08 21:26:04.067 65481 INFO tempest.lib.common.rest_client [req-e2595403-298a-4d22-a934-ec4d012ed480 req-e2595403-298a-4d22-a934-ec4d012ed480 ] Request (FloatingIPsAssociationTestJSON:test_associate_already_associated_floating_ip): 202 POST http://10.180.1.21/compute/v2.1/servers/fb794923-2756-4458-8e35-e24de1270f41/action 11.531s
2025-12-08 21:26:04.115 65459 INFO tempest.lib.common.rest_client [req-58e89a88-298d-4c84-94f7-cd41ca38b36d req-58e89a88-298d-4c84-94f7-cd41ca38b36d ] Request (FloatingIPDetailsNegativeTestJSON:setUpClass): 201 POST http://10.180.1.21/identity/v3/users 0.099s
2025-12-08 21:26:04.147 65459 INFO tempest.lib.common.rest_client [req-d942b7ae-7e93-45e9-9ca4-9cf47641127f req-d942b7ae-7e93-45e9-9ca4-9cf47641127f ] Request (FloatingIPDetailsNegativeTestJSON:setUpClass): 200 GET http://10.180.1.21/identity/v3/roles 0.031s
2025-12-08 21:26:04.192 65459 INFO tempest.lib.common.rest_client [req-b3289067-bd67-4c14-b62b-5eeddb77fa19 req-b3289067-bd67-4c14-b62b-5eeddb77fa19 ] Request (FloatingIPDetailsNegativeTestJSON:setUpClass): 204 PUT http://10.180.1.21/identity/v3/projects/9641101046ff4cbe8c29c62c5e1ff272/users/3189eb9f08184306a018fdf15156fd72/roles/cb6117eded3d4713be38130a912a3cfe 0.045s
2025-12-08 21:26:04.193 65459 INFO tempest.lib.common.dynamic_creds [-] Dynamic test user 3189eb9f08184306a018fdf15156fd72 is created with scope project and roles: ['member']
2025-12-08 21:26:04.193 65459 INFO tempest.lib.common.dynamic_creds [-] Acquired dynamic creds: credentials: Credentials: {'domain_id': 'default', 'domain_name': 'Default', 'username': 'tempest-FloatingIPDetailsNegativeTestJSON-1532696179-project-member', 'project_domain_id': 'default', 'project_domain_name': 'Default', 'project_id': '9641101046ff4cbe8c29c62c5e1ff272', 'project_name': 'tempest-FloatingIPDetailsNegativeTestJSON-1532696179', 'tenant_id': '9641101046ff4cbe8c29c62c5e1ff272', 'tenant_name': 'tempest-FloatingIPDetailsNegativeTestJSON-1532696179', 'user_domain_id': 'default', 'user_domain_name': 'Default', 'user_id': '3189eb9f08184306a018fdf15156fd72', 'system': None}, Network: None, Subnet: None, Router: None
2025-12-08 21:26:04.279 65459 INFO tempest.lib.common.rest_client [req-1e8af595-1e3e-4a9e-9527-14fe122c86f0 req-1e8af595-1e3e-4a9e-9527-14fe122c86f0 ] Request (FloatingIPDetailsNegativeTestJSON:setUpClass): 201 POST http://10.180.1.21/identity/v3/auth/tokens 0.085s
2025-12-08 21:26:04.341 65483 INFO tempest.lib.common.rest_client [req-6af9cac3-bdae-4976-91db-2ebdc3b2bdd2 req-6af9cac3-bdae-4976-91db-2ebdc3b2bdd2 ] Request (ImagesOneServerNegativeTestJSON:setUpClass): 200 GET http://10.180.1.21/compute/v2.1/servers/347fb941-d4cf-4777-964e-83e312410a93 8.633s
2025-12-08 21:26:04.349 65483 INFO tempest.common.waiters [-] State transition "BUILD/None" ==> "BUILD/spawning" after 51 second wait
2025-12-08 21:26:04.356 65439 INFO tempest.lib.common.rest_client [req-e29a8ec9-189a-4f8f-b1bc-48b0f5101a4b req-e29a8ec9-189a-4f8f-b1bc-48b0f5101a4b ] Request (InstanceActionsTestJSON:setUpClass): 202 POST http://10.180.1.21/compute/v2.1/servers 8.887s
2025-12-08 21:26:04.683 65459 INFO tempest.lib.common.rest_client [req-e5bbf1da-c33b-4954-a733-4aba0547d1ce req-e5bbf1da-c33b-4954-a733-4aba0547d1ce ] Request (FloatingIPDetailsNegativeTestJSON:setUpClass): 201 POST http://10.180.1.21/networking/v2.0/networks 0.403s
2025-12-08 21:26:04.725 65425 INFO tempest.lib.common.rest_client [req-b0ea8f25-1d47-44fd-8af2-42bb18e0bc8f req-b0ea8f25-1d47-44fd-8af2-42bb18e0bc8f ] Request (ServersAdminNegativeTestJSON:test_migrate_server_invalid_state): 200 GET http://10.180.1.21/compute/v2.1/servers/be16412d-f716-45d7-b49c-b39dbdcad6b0 8.999s
2025-12-08 21:26:04.900 65435 INFO tempest.lib.common.rest_client [req-741ebc12-d3db-412b-ab4f-40147f9d3793 req-741ebc12-d3db-412b-ab4f-40147f9d3793 ] Request (ServersAdminTestJSON:test_inject_network_info): 200 GET http://10.180.1.21/compute/v2.1/servers/76155db8-131e-4836-9ce6-7df035f677ea 8.476s
2025-12-08 21:26:04.913 65435 INFO tempest.common.waiters [-] State transition "BUILD/None" ==> "BUILD/spawning" after 48 second wait
2025-12-08 21:26:04.937 65459 INFO tempest.lib.common.rest_client [req-582fa62e-1c67-494b-b930-48dafb94ba66 req-582fa62e-1c67-494b-b930-48dafb94ba66 ] Request (FloatingIPDetailsNegativeTestJSON:setUpClass): 201 POST http://10.180.1.21/networking/v2.0/subnets 0.253s
2025-12-08 21:26:05.012 65431 INFO tempest.lib.common.rest_client [req-b7ee8b3e-96ab-454a-9c9d-4040cc30097a req-b7ee8b3e-96ab-454a-9c9d-4040cc30097a ] Request (ListServerFiltersTestJSON:setUpClass): 200 GET http://10.180.1.21/compute/v2.1/servers/b299eb2a-a99e-452b-8cc6-6b6e9e17754f 8.441s
2025-12-08 21:26:05.024 65431 INFO tempest.common.waiters [-] State transition "BUILD/spawning" ==> "ACTIVE/None" after 69 second wait
2025-12-08 21:26:05.033 65443 INFO tempest.lib.common.rest_client [req-03039ab5-21ce-4fa1-8e44-301905b8bede req-03039ab5-21ce-4fa1-8e44-301905b8bede ] Request (ServersTestMultiNic:test_verify_duplicate_network_nics): 200 GET http://10.180.1.21/compute/v2.1/servers/12cb4127-ba95-4ecd-b6c9-8a2721771415 8.366s
2025-12-08 21:26:05.041 65443 INFO tempest.common.waiters [-] State transition "BUILD/scheduling" ==> "BUILD/None" after 10 second wait
2025-12-08 21:26:05.785 65459 INFO tempest.lib.common.rest_client [req-e775655f-f928-4bd2-b25f-557ec56f8c67 req-e775655f-f928-4bd2-b25f-557ec56f8c67 ] Request (FloatingIPDetailsNegativeTestJSON:setUpClass): 201 POST http://10.180.1.21/networking/v2.0/routers 0.847s
2025-12-08 21:26:05.836 65473 INFO tempest.lib.common.rest_client [req-b9e7184e-2265-4447-a150-485ffa229edd req-b9e7184e-2265-4447-a150-485ffa229edd ] Request (ServerRescueTestJSON:test_rescue_unrescue_instance): 200 GET http://10.180.1.21/compute/v2.1/servers/61d0acbd-d416-467d-bd05-bb2c4725cfc8 8.197s
2025-12-08 21:26:05.847 65473 INFO tempest.common.waiters [-] State transition "RESCUE/unrescuing" ==> "ACTIVE/None" after 9 second wait
2025-12-08 21:26:05.852 65458 INFO tempest.lib.common.rest_client [req-b186e484-dc9b-4967-8e3b-79dadd05c904 req-b186e484-dc9b-4967-8e3b-79dadd05c904 ] Request (MigrationsAdminTest:test_list_migrations_in_flavor_resize_situation): 200 GET http://10.180.1.21/compute/v2.1/os-migrations 7.985s
2025-12-08 21:26:06.371 65461 WARNING tempest.lib.common.ssh [-] Failed to establish authenticated ssh connection to cirros@10.180.180.172 ([Errno None] Unable to connect to port 22 on 10.180.180.172). Number attempts: 9. Retry after 10 seconds.: paramiko.ssh_exception.NoValidConnectionsError: [Errno None] Unable to connect to port 22 on 10.180.180.172
2025-12-08 21:26:07.167 65459 INFO tempest.lib.common.rest_client [req-40be265c-b6eb-432c-8791-3e2a5cddd14d req-40be265c-b6eb-432c-8791-3e2a5cddd14d ] Request (FloatingIPDetailsNegativeTestJSON:setUpClass): 200 PUT http://10.180.1.21/networking/v2.0/routers/df8d7dfb-c05b-4d0d-a637-31e99947d229/add_router_interface 1.382s
2025-12-08 21:26:07.168 65459 INFO tempest.lib.common.dynamic_creds [-] Created isolated network resources for: credentials: Credentials: {'domain_id': 'default', 'domain_name': 'Default', 'username': 'tempest-FloatingIPDetailsNegativeTestJSON-1532696179-project-member', 'project_domain_id': 'default', 'project_domain_name': 'Default', 'project_id': '9641101046ff4cbe8c29c62c5e1ff272', 'project_name': 'tempest-FloatingIPDetailsNegativeTestJSON-1532696179', 'tenant_id': '9641101046ff4cbe8c29c62c5e1ff272', 'tenant_name': 'tempest-FloatingIPDetailsNegativeTestJSON-1532696179', 'user_domain_id': 'default', 'user_domain_name': 'Default', 'user_id': '3189eb9f08184306a018fdf15156fd72', 'system': None}, Network: {'id': 'e87d701d-236c-4701-9c1b-f6287cb64846', 'name': 'tempest-FloatingIPDetailsNegativeTestJSON-690293044-network', 'tenant_id': '9641101046ff4cbe8c29c62c5e1ff272', 'project_id': '9641101046ff4cbe8c29c62c5e1ff272', 'admin_state_up': True, 'mtu': 8950, 'status': 'ACTIVE', 'subnets': [], 'shared': False, 'port_security_enabled': True, 'router:external': False, 'provider:network_type': 'vlan', 'provider:physical_network': 'default', 'provider:segmentation_id': 516, 'availability_zone_hints': [], 'availability_zones': [], 'ipv4_address_scope': None, 'ipv6_address_scope': None, 'description': '', 'tags': [], 'created_at': '2025-12-08T21:26:04Z', 'updated_at': '2025-12-08T21:26:04Z', 'revision_number': 1}, Subnet: {'id': '83e560d8-4f67-4d92-a064-b4bdf2825f76', 'name': 'tempest-FloatingIPDetailsNegativeTestJSON-690293044-subnet', 'tenant_id': '9641101046ff4cbe8c29c62c5e1ff272', 'network_id': 'e87d701d-236c-4701-9c1b-f6287cb64846', 'ip_version': 4, 'subnetpool_id': None, 'enable_dhcp': True, 'ipv6_ra_mode': None, 'ipv6_address_mode': None, 'gateway_ip': '192.168.128.1', 'cidr': '192.168.128.0/28', 'allocation_pools': [{'start': '192.168.128.2', 'end': '192.168.128.14'}], 'host_routes': [], 'dns_nameservers': [], 'description': '', 'router:external': False, 'service_types': [], 'tags': [], 'created_at': '2025-12-08T21:26:04Z', 'updated_at': '2025-12-08T21:26:04Z', 'revision_number': 0, 'project_id': '9641101046ff4cbe8c29c62c5e1ff272'}, Router: {'id': 'df8d7dfb-c05b-4d0d-a637-31e99947d229', 'name': 'tempest-FloatingIPDetailsNegativeTestJSON-690293044-router', 'tenant_id': '9641101046ff4cbe8c29c62c5e1ff272', 'admin_state_up': True, 'status': 'ACTIVE', 'external_gateway_info': {'network_id': '9996daa0-85b3-4ee7-ad9c-88de2e6ac2dc', 'external_fixed_ips': [{'subnet_id': '9ef6da9d-3dfc-4e10-bf97-f4c9d364e19e', 'ip_address': '10.180.180.150'}], 'enable_snat': True}, 'description': '', 'availability_zones': [], 'distributed': False, 'ha': False, 'availability_zone_hints': [], 'routes': [], 'flavor_id': None, 'tags': [], 'created_at': '2025-12-08T21:26:05Z', 'updated_at': '2025-12-08T21:26:05Z', 'revision_number': 2, 'project_id': '9641101046ff4cbe8c29c62c5e1ff272'}
2025-12-08 21:26:07.258 65459 INFO tempest.lib.common.rest_client [req-ac4a7b21-8844-4156-b5dc-f2cd17bd4563 req-ac4a7b21-8844-4156-b5dc-f2cd17bd4563 ] Request (FloatingIPDetailsNegativeTestJSON:setUpClass): 201 POST http://10.180.1.21/identity/v3/auth/tokens 0.086s
2025-12-08 21:26:07.328 65463 INFO tempest.lib.common.rest_client [req-b6b6f3c9-661d-43b8-9abc-5559d695bde8 req-b6b6f3c9-661d-43b8-9abc-5559d695bde8 ] Request (ServersListShow298Test:test_list_show_update_rebuild_server_298): 200 GET http://10.180.1.21/compute/v2.1/servers/0f22f213-6f00-436d-8672-17e8f89d0b86 8.794s
2025-12-08 21:26:07.343 65463 INFO tempest.common.waiters [-] State transition "REBUILD/rebuild_spawning" ==> "ACTIVE/None" after 15 second wait
2025-12-08 21:26:07.479 65467 INFO tempest.lib.common.rest_client [req-e2c1411c-59a6-450f-860a-c6852c59870d req-e2c1411c-59a6-450f-860a-c6852c59870d ] Request (ImagesTestJSON:test_create_image_from_suspended_server): 202 POST http://10.180.1.21/compute/v2.1/servers 9.767s
2025-12-08 21:26:07.508 65487 INFO tempest.lib.common.rest_client [req-e4180f59-9c13-454a-bff9-86ea803f98b4 req-e4180f59-9c13-454a-bff9-86ea803f98b4 ] Request (AttachVolumeShelveTestJSON:test_attach_volume_shelved_or_offload_server): 200 GET http://10.180.1.21/compute/v2.1/servers/47fc40bb-bcaa-408f-9221-1df0c61388f6 8.036s
2025-12-08 21:26:07.516 65487 INFO tempest.common.waiters [-] State transition "BUILD/None" ==> "BUILD/spawning" after 33 second wait
2025-12-08 21:26:07.593 65477 INFO tempest.lib.common.rest_client [req-16d4e817-221a-4b02-815d-6427456f04d7 req-16d4e817-221a-4b02-815d-6427456f04d7 ] Request (ListImageFiltersTestJSON:setUpClass): 200 GET http://10.180.1.21/compute/v2.1/images/1592772f-e281-484d-be01-f55aa6f45862 6.083s
2025-12-08 21:26:07.629 65455 INFO tempest.lib.common.rest_client [req-672d0f5b-01d6-48b8-a012-6a31db1b9893 req-672d0f5b-01d6-48b8-a012-6a31db1b9893 ] Request (ServerAddressesNegativeTestJSON:setUpClass): 200 GET http://10.180.1.21/compute/v2.1/servers/5962b819-1dbd-4157-ab63-1bdcd147c779 6.584s
2025-12-08 21:26:07.640 65455 INFO tempest.common.waiters [-] State transition "BUILD/spawning" ==> "ACTIVE/None" after 62 second wait
2025-12-08 21:26:07.714 65427 INFO tempest.lib.common.rest_client [req-9fbdfa97-5974-470b-ac12-dc67de80fde5 req-9fbdfa97-5974-470b-ac12-dc67de80fde5 ] Request (ImagesOneServerTestJSON:setUpClass): 200 GET http://10.180.1.21/compute/v2.1/servers/64bc58ff-776c-4937-93c0-c1bd224048a5 5.740s
2025-12-08 21:26:07.721 65427 INFO tempest.common.waiters [-] State transition "BUILD/None" ==> "BUILD/spawning" after 38 second wait
2025-12-08 21:26:07.751 65451 INFO tempest.lib.common.rest_client [req-4ea4f9c1-b248-4837-bf24-45626c9d4023 req-4ea4f9c1-b248-4837-bf24-45626c9d4023 ] Request (KeyPairsNegativeTestJSON:test_create_keypair_invalid_name): 400 POST http://10.180.1.21/compute/v2.1/os-keypairs 5.639s
2025-12-08 21:26:07.826 65449 INFO tempest.lib.common.rest_client [req-0a8f072e-4f0e-4f7e-964b-04fe35d7ab5d req-0a8f072e-4f0e-4f7e-964b-04fe35d7ab5d ] Request (ServerActionsTestJSON:setUpClass): 200 GET http://10.180.1.21/compute/v2.1/servers/59cecd09-7eff-4aee-8cb3-96c929a7a830 4.439s
2025-12-08 21:26:07.845 65475 INFO tempest.lib.common.rest_client [req-4c475550-dab9-4441-bb41-d80fb49f1dc2 req-4c475550-dab9-4441-bb41-d80fb49f1dc2 ] Request (ServerActionsV293TestJSON:setUpClass): 201 POST http://10.180.1.21/compute/v2.1/os-keypairs 5.466s
2025-12-08 21:26:07.956 65445 INFO tempest.lib.common.rest_client [req-382a32e6-b377-4360-aa6f-cbc7b557faf2 req-382a32e6-b377-4360-aa6f-cbc7b557faf2 ] Request (DeleteServersAdminTestJSON:test_delete_server_while_in_error_state): 200 GET http://10.180.1.21/compute/v2.1/servers/8bc97c9e-b9b5-4fda-b0d6-f0cf0c59a4a3 4.308s
2025-12-08 21:26:07.989 65429 INFO tempest.lib.common.rest_client [req-5ee3bc8b-99f4-4787-be29-2e7b4b307e76 req-5ee3bc8b-99f4-4787-be29-2e7b4b307e76 ] Request (ServersTestFqdnHostnames:tearDownClass): 404 GET http://10.180.1.21/compute/v2.1/servers/7f2207e5-79bd-4db3-bd87-5d4a5721f35f 3.858s
2025-12-08 21:26:08.057 65475 INFO tempest.lib.common.rest_client [req-705d0117-e904-4b78-aa9c-77cf8c1765b2 req-705d0117-e904-4b78-aa9c-77cf8c1765b2 ] Request (ServerActionsV293TestJSON:setUpClass): 201 POST http://10.180.1.21/networking/v2.0/security-groups 0.210s
2025-12-08 21:26:08.070 65439 INFO tempest.lib.common.rest_client [req-8fac8efb-ebea-4630-8012-df6bd825e186 req-8fac8efb-ebea-4630-8012-df6bd825e186 ] Request (InstanceActionsTestJSON:setUpClass): 200 GET http://10.180.1.21/compute/v2.1/servers/83655579-0e3b-4dc2-8d22-f60f4e7354db 3.712s
2025-12-08 21:26:08.222 65453 INFO tempest.lib.common.rest_client [req-f5a75975-0a82-4072-a2fc-bf70ba6493ac req-f5a75975-0a82-4072-a2fc-bf70ba6493ac ] Request (ServerShowV247Test:test_update_rebuild_list_server): 200 GET http://10.180.1.21/compute/v2.1/servers/6512c8f0-f4ed-4376-9928-de4e252b3e14 3.806s
2025-12-08 21:26:08.234 65475 INFO tempest.lib.common.rest_client [req-9f6d3b7b-0de9-4e61-8981-c0226a42982c req-9f6d3b7b-0de9-4e61-8981-c0226a42982c ] Request (ServerActionsV293TestJSON:setUpClass): 201 POST http://10.180.1.21/networking/v2.0/security-group-rules 0.176s
2025-12-08 21:26:08.342 65475 INFO tempest.lib.common.rest_client [req-c362dc6e-181f-4968-b3ec-65f61f058633 req-c362dc6e-181f-4968-b3ec-65f61f058633 ] Request (ServerActionsV293TestJSON:setUpClass): 201 POST http://10.180.1.21/networking/v2.0/security-group-rules 0.108s
2025-12-08 21:26:08.352 65481 INFO tempest.lib.common.rest_client [req-f1045f8e-4917-430a-9cb4-357b7c95de8a req-f1045f8e-4917-430a-9cb4-357b7c95de8a ] Request (FloatingIPsAssociationTestJSON:test_associate_already_associated_floating_ip): 409 POST http://10.180.1.21/compute/v2.1/servers/68483344-ca53-48fd-a5ec-d4604292e0a6/action 4.284s
2025-12-08 21:26:08.383 65431 INFO tempest.lib.common.rest_client [req-4682a417-08d4-4dfb-89ee-e4c5596b2bb2 req-4682a417-08d4-4dfb-89ee-e4c5596b2bb2 ] Request (ListServerFiltersTestJSON:setUpClass): 200 GET http://10.180.1.21/compute/v2.1/servers/91b167bc-928d-456e-9f7d-0a0e28f8f021 3.358s
2025-12-08 21:26:08.515 65425 INFO tempest.lib.common.rest_client [req-e6d1224e-c9ee-4c92-98da-1cca7772432b req-e6d1224e-c9ee-4c92-98da-1cca7772432b ] Request (ServersAdminNegativeTestJSON:test_migrate_server_invalid_state): 200 GET http://10.180.1.21/compute/v2.1/servers/be16412d-f716-45d7-b49c-b39dbdcad6b0 2.780s
2025-12-08 21:26:08.604 65483 INFO tempest.lib.common.rest_client [req-58e5ba9d-2b65-417a-ad1d-5a59fb4045f6 req-58e5ba9d-2b65-417a-ad1d-5a59fb4045f6 ] Request (ImagesOneServerNegativeTestJSON:setUpClass): 200 GET http://10.180.1.21/compute/v2.1/servers/347fb941-d4cf-4777-964e-83e312410a93 3.254s
2025-12-08 21:26:08.631 65473 INFO tempest.lib.common.rest_client [req-826346f7-05b8-4860-aac7-11c424d89c5b req-826346f7-05b8-4860-aac7-11c424d89c5b ] Request (ServerRescueTestJSON:tearDownClass): 204 DELETE http://10.180.1.21/compute/v2.1/servers/61d0acbd-d416-467d-bd05-bb2c4725cfc8 2.782s
2025-12-08 21:26:08.639 65458 INFO tempest.lib.common.rest_client [req-4b252237-6726-4db7-9fc2-1a9d7bef86d0 req-4b252237-6726-4db7-9fc2-1a9d7bef86d0 ] Request (MigrationsAdminTest:test_resize_server_revert_deleted_flavor): 200 GET http://10.180.1.21/compute/v2.1/flavors/42 2.783s
2025-12-08 21:26:08.741 65443 INFO tempest.lib.common.rest_client [req-a39b1f9c-bcd7-42cb-8bde-4d9e1ce82d6e req-a39b1f9c-bcd7-42cb-8bde-4d9e1ce82d6e ] Request (ServersTestMultiNic:test_verify_duplicate_network_nics): 200 GET http://10.180.1.21/compute/v2.1/servers/12cb4127-ba95-4ecd-b6c9-8a2721771415 2.697s
2025-12-08 21:26:08.867 65435 INFO tempest.lib.common.rest_client [req-2a1d3e50-8283-47e7-bbac-67250c3bddd8 req-2a1d3e50-8283-47e7-bbac-67250c3bddd8 ] Request (ServersAdminTestJSON:test_inject_network_info): 200 GET http://10.180.1.21/compute/v2.1/servers/76155db8-131e-4836-9ce6-7df035f677ea 2.952s
2025-12-08 21:26:08.918 65475 INFO tempest.lib.common.rest_client [req-11e7e8f3-adb4-45bd-bd5a-377cbec4c8cf req-11e7e8f3-adb4-45bd-bd5a-377cbec4c8cf ] Request (ServerActionsV293TestJSON:setUpClass): 201 POST http://10.180.1.21/networking/v2.0/floatingips 0.575s
2025-12-08 21:26:08.929 65459 INFO tempest.lib.common.rest_client [req-b73aadbb-5c0f-4fed-817e-ad67a5841dbf req-b73aadbb-5c0f-4fed-817e-ad67a5841dbf ] Request (FloatingIPDetailsNegativeTestJSON:test_get_nonexistent_floating_ip_details): 404 GET http://10.180.1.21/compute/v2.1/os-floating-ips/7caabba7-ad0e-408a-9fe5-8c5e398eb827 1.669s
2025-12-08 21:26:08.991 65475 INFO tempest.lib.common.rest_client [req-a2c9b023-a203-445c-bbb7-e7ef46ca11f4 req-a2c9b023-a203-445c-bbb7-e7ef46ca11f4 ] Request (ServerActionsV293TestJSON:setUpClass): 201 POST http://10.180.1.21/identity/v3/auth/tokens 0.068s
2025-12-08 21:26:08.992 65475 INFO tempest.lib.common.fixed_network [-] (ServerActionsV293TestJSON:setUpClass) Found network {'id': '1ea02b48-a0f9-46c9-bbdb-dd945881911f', 'name': 'tempest-ServerActionsV293TestJSON-1981899337-network', 'tenant_id': '8763ede213504c8987dc4bc0eac67e6d', 'project_id': '8763ede213504c8987dc4bc0eac67e6d', 'admin_state_up': True, 'mtu': 8950, 'status': 'ACTIVE', 'subnets': [], 'shared': False, 'port_security_enabled': True, 'router:external': False, 'provider:network_type': 'vlan', 'provider:physical_network': 'default', 'provider:segmentation_id': 388, 'availability_zone_hints': [], 'availability_zones': [], 'ipv4_address_scope': None, 'ipv6_address_scope': None, 'description': '', 'tags': [], 'created_at': '2025-12-08T21:25:58Z', 'updated_at': '2025-12-08T21:25:58Z', 'revision_number': 1} available for tenant
2025-12-08 21:26:09.011 65463 INFO tempest.lib.common.rest_client [req-15f03f58-6ca2-4844-96ec-443ed1a98ec5 req-15f03f58-6ca2-4844-96ec-443ed1a98ec5 ] Request (ServersListShow298Test:tearDownClass): 204 DELETE http://10.180.1.21/compute/v2.1/servers/0f22f213-6f00-436d-8672-17e8f89d0b86 1.661s
2025-12-08 21:26:09.014 65467 INFO tempest.lib.common.rest_client [req-b75bce96-fe2d-4c6b-9f58-f1a864d0c508 req-b75bce96-fe2d-4c6b-9f58-f1a864d0c508 ] Request (ImagesTestJSON:test_create_image_from_suspended_server): 200 GET http://10.180.1.21/compute/v2.1/servers/09eb331e-95e1-4495-9762-a28c94821593 1.533s
2025-12-08 21:26:09.065 65455 INFO tempest.lib.common.rest_client [req-cb791666-3f01-44c7-b9f1-4bf6cb4ed846 req-cb791666-3f01-44c7-b9f1-4bf6cb4ed846 ] Request (ServerAddressesNegativeTestJSON:test_list_server_addresses_by_network_neg): 404 GET http://10.180.1.21/compute/v2.1/servers/5962b819-1dbd-4157-ab63-1bdcd147c779/ips/invalid 1.424s
2025-12-08 21:26:09.075 65451 INFO tempest.lib.common.rest_client [req-9970fdd3-df41-44e6-835e-abced264b1e8 req-9970fdd3-df41-44e6-835e-abced264b1e8 ] Request (KeyPairsNegativeTestJSON:test_create_keypair_when_public_key_bits_exceeds_maximum): 400 POST http://10.180.1.21/compute/v2.1/os-keypairs 1.319s
2025-12-08 21:26:09.093 65429 INFO tempest.lib.common.rest_client [req-d28638a1-840c-4dbc-8eb3-90596b9db689 req-d28638a1-840c-4dbc-8eb3-90596b9db689 ] Request (ServersTestFqdnHostnames:tearDownClass): 202 DELETE http://10.180.1.21/compute/v2.1/os-keypairs/tempest-keypair-105336229 1.104s
2025-12-08 21:26:09.245 65465 INFO paramiko.transport [-] Connected (version 2.0, client dropbear_2020.81)
2025-12-08 21:26:09.282 65429 INFO tempest.lib.common.rest_client [req-d8997206-3826-4d42-ac7e-a858780367f5 req-d8997206-3826-4d42-ac7e-a858780367f5 ] Request (ServersTestFqdnHostnames:tearDownClass): 204 DELETE http://10.180.1.21/networking/v2.0/security-groups/b1057615-1215-4d8c-96e7-0710c027c92e 0.188s
2025-12-08 21:26:09.351 65465 INFO paramiko.transport [-] Authentication (publickey) successful!
2025-12-08 21:26:09.351 65465 INFO tempest.lib.common.ssh [-] ssh connection to cirros@10.180.180.141 successfully created
2025-12-08 21:26:09.390 65429 INFO tempest.lib.common.rest_client [req-931240b5-ec8d-4952-9da5-9ea2d62d96e0 req-931240b5-ec8d-4952-9da5-9ea2d62d96e0 ] Request (ServersTestFqdnHostnames:tearDownClass): 404 GET http://10.180.1.21/networking/v2.0/security-groups/b1057615-1215-4d8c-96e7-0710c027c92e 0.107s
2025-12-08 21:26:09.483 65431 INFO tempest.lib.common.rest_client [req-22ee5693-f13c-4dd9-ac25-b1620b7277a5 req-22ee5693-f13c-4dd9-ac25-b1620b7277a5 ] Request (ListServerFiltersTestJSON:setUpClass): 200 GET http://10.180.1.21/compute/v2.1/servers/e484e3a3-903a-4aa4-823d-0f2200afc4a4 1.091s
2025-12-08 21:26:09.511 65475 INFO tempest.lib.common.rest_client [req-dbb54146-b6fc-41e9-8af6-447a51f65d67 req-dbb54146-b6fc-41e9-8af6-447a51f65d67 ] Request (ServerActionsV293TestJSON:setUpClass): 202 POST http://10.180.1.21/volume/v3/volumes 0.518s
2025-12-08 21:26:09.570 65475 INFO tempest.lib.common.rest_client [req-a2b221be-8198-4f2b-9932-a71891998bcc req-a2b221be-8198-4f2b-9932-a71891998bcc ] Request (ServerActionsV293TestJSON:setUpClass): 200 GET http://10.180.1.21/volume/v3/volumes/dc4377ec-ac54-49ee-9ef4-00e373690eec 0.046s
2025-12-08 21:26:09.763 65437 WARNING tempest.lib.common.ssh [-] Failed to establish authenticated ssh connection to cirros@10.180.180.208 ([Errno None] Unable to connect to port 22 on 10.180.180.208). Number attempts: 6. Retry after 7 seconds.: paramiko.ssh_exception.NoValidConnectionsError: [Errno None] Unable to connect to port 22 on 10.180.180.208
2025-12-08 21:26:09.798 65429 INFO tempest.lib.common.rest_client [req-1096dc5d-3bc0-463a-85e1-ea4b18d1be2e req-1096dc5d-3bc0-463a-85e1-ea4b18d1be2e ] Request (ServersTestFqdnHostnames:tearDownClass): 204 DELETE http://10.180.1.21/networking/v2.0/floatingips/3a77c30e-0372-4af7-b10f-5379ffe26119 0.407s
2025-12-08 21:26:09.919 65459 INFO tempest.lib.common.rest_client [req-0932d8aa-166d-48f8-8ecc-1b3fe4cf1d7d req-0932d8aa-166d-48f8-8ecc-1b3fe4cf1d7d ] Request (FloatingIPDetailsNegativeTestJSON:tearDownClass): 200 PUT http://10.180.1.21/networking/v2.0/routers/df8d7dfb-c05b-4d0d-a637-31e99947d229/remove_router_interface 0.988s
2025-12-08 21:26:09.955 65433 WARNING tempest.lib.common.ssh [-] Failed to establish authenticated ssh connection to cirros@10.180.180.253 ([Errno None] Unable to connect to port 22 on 10.180.180.253). Number attempts: 11. Retry after 12 seconds.: paramiko.ssh_exception.NoValidConnectionsError: [Errno None] Unable to connect to port 22 on 10.180.180.253
2025-12-08 21:26:10.449 65459 INFO tempest.lib.common.rest_client [req-49890f8d-cc87-4a46-8bf8-bb3524381699 req-49890f8d-cc87-4a46-8bf8-bb3524381699 ] Request (FloatingIPDetailsNegativeTestJSON:tearDownClass): 204 DELETE http://10.180.1.21/networking/v2.0/routers/df8d7dfb-c05b-4d0d-a637-31e99947d229 0.529s
2025-12-08 21:26:10.494 65487 INFO tempest.lib.common.rest_client [req-fded46f1-cb90-4623-8bbb-c510fe3d3e81 req-fded46f1-cb90-4623-8bbb-c510fe3d3e81 ] Request (AttachVolumeShelveTestJSON:test_attach_volume_shelved_or_offload_server): 200 GET http://10.180.1.21/compute/v2.1/servers/47fc40bb-bcaa-408f-9221-1df0c61388f6 1.976s
2025-12-08 21:26:10.537 65477 INFO tempest.lib.common.rest_client [req-f4c358b0-bf6a-479a-b040-c2a6f806b7b0 req-f4c358b0-bf6a-479a-b040-c2a6f806b7b0 ] Request (ListImageFiltersTestJSON:setUpClass): 200 GET http://10.180.1.21/compute/v2.1/images/1592772f-e281-484d-be01-f55aa6f45862 1.937s
2025-12-08 21:26:10.612 65475 INFO tempest.lib.common.rest_client [req-63df1b5f-29f2-455a-b1b4-35d3207ba6db req-63df1b5f-29f2-455a-b1b4-35d3207ba6db ] Request (ServerActionsV293TestJSON:setUpClass): 200 GET http://10.180.1.21/volume/v3/volumes/dc4377ec-ac54-49ee-9ef4-00e373690eec 0.029s
2025-12-08 21:26:10.639 65459 INFO tempest.lib.common.rest_client [req-fe239198-ad81-406a-8142-dca09f56b8c2 req-fe239198-ad81-406a-8142-dca09f56b8c2 ] Request (FloatingIPDetailsNegativeTestJSON:tearDownClass): 204 DELETE http://10.180.1.21/networking/v2.0/subnets/83e560d8-4f67-4d92-a064-b4bdf2825f76 0.189s
2025-12-08 21:26:10.708 65429 INFO tempest.lib.common.rest_client [req-76f66bba-964d-499d-80f4-3f97d7f96dd8 req-76f66bba-964d-499d-80f4-3f97d7f96dd8 ] Request (ServersTestFqdnHostnames:tearDownClass): 200 PUT http://10.180.1.21/networking/v2.0/routers/fefb04b0-4617-4e52-9a71-5000e8f3638c/remove_router_interface 0.909s
2025-12-08 21:26:10.972 65459 INFO tempest.lib.common.rest_client [req-5498bb11-948d-4192-ad6d-9edba30e68fc req-5498bb11-948d-4192-ad6d-9edba30e68fc ] Request (FloatingIPDetailsNegativeTestJSON:tearDownClass): 204 DELETE http://10.180.1.21/networking/v2.0/networks/e87d701d-236c-4701-9c1b-f6287cb64846 0.333s
2025-12-08 21:26:11.109 65459 INFO tempest.lib.common.rest_client [req-5c02dcef-34d0-441d-b337-b210b21bc6f6 req-5c02dcef-34d0-441d-b337-b210b21bc6f6 ] Request (FloatingIPDetailsNegativeTestJSON:tearDownClass): 204 DELETE http://10.180.1.21/identity/v3/users/3189eb9f08184306a018fdf15156fd72 0.137s
2025-12-08 21:26:11.109 65459 INFO tempest.lib.common.dynamic_creds [-] Deleting project and security group for project: 9641101046ff4cbe8c29c62c5e1ff272
2025-12-08 21:26:11.184 65473 INFO tempest.lib.common.rest_client [req-9e43369c-246c-4a43-80e4-a7c04356f56d req-9e43369c-246c-4a43-80e4-a7c04356f56d ] Request (ServerRescueTestJSON:tearDownClass): 200 GET http://10.180.1.21/compute/v2.1/servers/61d0acbd-d416-467d-bd05-bb2c4725cfc8 2.553s
2025-12-08 21:26:11.214 65458 INFO tempest.lib.common.rest_client [req-b805e11f-3b44-4b00-a551-99d5549357b4 req-b805e11f-3b44-4b00-a551-99d5549357b4 ] Request (MigrationsAdminTest:test_resize_server_revert_deleted_flavor): 200 POST http://10.180.1.21/compute/v2.1/flavors 2.570s
2025-12-08 21:26:11.379 65459 INFO tempest.lib.common.rest_client [req-db8e3a6f-1204-4009-b5de-e4dca8747011 req-db8e3a6f-1204-4009-b5de-e4dca8747011 ] Request (FloatingIPDetailsNegativeTestJSON:tearDownClass): 200 GET http://10.180.1.21/networking/v2.0/security-groups?tenant_id=9641101046ff4cbe8c29c62c5e1ff272&name=default 0.269s
2025-12-08 21:26:11.545 65429 INFO tempest.lib.common.rest_client [req-9dd14041-fcbb-4320-8a1a-b2a11cd8a83f req-9dd14041-fcbb-4320-8a1a-b2a11cd8a83f ] Request (ServersTestFqdnHostnames:tearDownClass): 204 DELETE http://10.180.1.21/networking/v2.0/routers/fefb04b0-4617-4e52-9a71-5000e8f3638c 0.836s
2025-12-08 21:26:11.661 65475 INFO tempest.lib.common.rest_client [req-96f663e6-8c9e-4c5e-9aa5-868f07bb66cd req-96f663e6-8c9e-4c5e-9aa5-868f07bb66cd ] Request (ServerActionsV293TestJSON:setUpClass): 200 GET http://10.180.1.21/volume/v3/volumes/dc4377ec-ac54-49ee-9ef4-00e373690eec 0.040s
2025-12-08 21:26:11.730 65459 INFO tempest.lib.common.rest_client [req-827c9fb1-df07-41b8-8200-bad18652d7fa req-827c9fb1-df07-41b8-8200-bad18652d7fa ] Request (FloatingIPDetailsNegativeTestJSON:tearDownClass): 204 DELETE http://10.180.1.21/networking/v2.0/security-groups/35b2d698-2c3e-4525-b98c-cbb024d57a30 0.350s
2025-12-08 21:26:11.825 65427 INFO tempest.lib.common.rest_client [req-f2e0e96b-b114-4e2a-acba-743f3a308dd7 req-f2e0e96b-b114-4e2a-acba-743f3a308dd7 ] Request (ImagesOneServerTestJSON:setUpClass): 200 GET http://10.180.1.21/compute/v2.1/servers/64bc58ff-776c-4937-93c0-c1bd224048a5 3.101s
2025-12-08 21:26:11.867 65429 INFO tempest.lib.common.rest_client [req-e6b4ad59-ead1-40d9-89bd-d88da453c756 req-e6b4ad59-ead1-40d9-89bd-d88da453c756 ] Request (ServersTestFqdnHostnames:tearDownClass): 204 DELETE http://10.180.1.21/networking/v2.0/subnets/dc4d355b-24ba-44f9-87c7-0e3f43cc8ea7 0.322s
2025-12-08 21:26:11.904 65459 INFO tempest.lib.common.rest_client [req-83c0ec47-78c4-4fc7-9497-831d0dd5a5b0 req-83c0ec47-78c4-4fc7-9497-831d0dd5a5b0 ] Request (FloatingIPDetailsNegativeTestJSON:tearDownClass): 204 DELETE http://10.180.1.21/identity/v3/projects/9641101046ff4cbe8c29c62c5e1ff272 0.174s
2025-12-08 21:26:11.952 65449 INFO tempest.lib.common.rest_client [req-55230f6a-6f48-43e7-917c-f22f505ff6db req-55230f6a-6f48-43e7-917c-f22f505ff6db ] Request (ServerActionsTestJSON:setUpClass): 200 GET http://10.180.1.21/compute/v2.1/servers/59cecd09-7eff-4aee-8cb3-96c929a7a830 3.117s
2025-12-08 21:26:11.981 65445 INFO tempest.lib.common.rest_client [req-0c156724-acd0-40d4-8a58-8cf1c2f359b6 req-0c156724-acd0-40d4-8a58-8cf1c2f359b6 ] Request (DeleteServersAdminTestJSON:test_delete_server_while_in_error_state): 404 GET http://10.180.1.21/compute/v2.1/servers/8bc97c9e-b9b5-4fda-b0d6-f0cf0c59a4a3 3.015s
2025-12-08 21:26:12.004 65459 INFO tempest.lib.common.rest_client [req-66395059-7186-487e-8eef-827e81957128 req-66395059-7186-487e-8eef-827e81957128 ] Request (AttachInterfacesV270Test:setUpClass): 201 POST http://10.180.1.21/identity/v3/auth/tokens 0.097s
2025-12-08 21:26:12.062 65459 INFO tempest.lib.common.rest_client [req-5e81b307-c9eb-462a-87dd-1e30bb527a2c req-5e81b307-c9eb-462a-87dd-1e30bb527a2c ] Request (AttachInterfacesV270Test:setUpClass): 201 POST http://10.180.1.21/identity/v3/auth/tokens 0.056s
2025-12-08 21:26:12.088 65481 INFO tempest.lib.common.rest_client [req-62f7562d-224a-46db-9cd2-0ade27905137 req-62f7562d-224a-46db-9cd2-0ade27905137 ] Request (FloatingIPsAssociationTestJSON:_run_cleanups): 202 POST http://10.180.1.21/compute/v2.1/servers/fb794923-2756-4458-8e35-e24de1270f41/action 3.735s
2025-12-08 21:26:12.096 65455 INFO tempest.lib.common.rest_client [req-189b4958-7e56-48a3-b8a3-c8c41f870f65 req-189b4958-7e56-48a3-b8a3-c8c41f870f65 ] Request (ServerAddressesNegativeTestJSON:test_list_server_addresses_invalid_server_id): 404 GET http://10.180.1.21/compute/v2.1/servers/999/ips 3.030s
2025-12-08 21:26:12.108 65463 INFO tempest.lib.common.rest_client [req-00f13dfa-6d14-4d72-b6f5-413338762446 req-00f13dfa-6d14-4d72-b6f5-413338762446 ] Request (ServersListShow298Test:tearDownClass): 200 GET http://10.180.1.21/compute/v2.1/servers/0f22f213-6f00-436d-8672-17e8f89d0b86 3.097s
2025-12-08 21:26:12.112 65459 INFO tempest.lib.common.rest_client [req-a5336b3d-163c-4849-be26-9d8a6ffc9aad req-a5336b3d-163c-4849-be26-9d8a6ffc9aad ] Request (AttachInterfacesV270Test:setUpClass): 200 GET http://10.180.1.21/identity/v3/domains?name=Default 0.049s
2025-12-08 21:26:12.160 65451 INFO tempest.lib.common.rest_client [req-c37c5ff0-00db-470c-ad7c-c0fe15296e39 req-c37c5ff0-00db-470c-ad7c-c0fe15296e39 ] Request (KeyPairsNegativeTestJSON:test_create_keypair_with_duplicate_name): 200 POST http://10.180.1.21/compute/v2.1/os-keypairs 3.083s
2025-12-08 21:26:12.165 65459 INFO tempest.lib.common.rest_client [req-52f48c8e-7d9a-421f-a185-839d87284cf2 req-52f48c8e-7d9a-421f-a185-839d87284cf2 ] Request (AttachInterfacesV270Test:setUpClass): 201 POST http://10.180.1.21/identity/v3/projects 0.051s
2025-12-08 21:26:12.207 65439 INFO tempest.lib.common.rest_client [req-1a11cab7-6e44-414f-9e1e-4e6f604a745e req-1a11cab7-6e44-414f-9e1e-4e6f604a745e ] Request (InstanceActionsTestJSON:setUpClass): 200 GET http://10.180.1.21/compute/v2.1/servers/83655579-0e3b-4dc2-8d22-f60f4e7354db 3.124s
2025-12-08 21:26:12.261 65459 INFO tempest.lib.common.rest_client [req-0950c530-8c17-49be-ba8b-021e4d880ae6 req-0950c530-8c17-49be-ba8b-021e4d880ae6 ] Request (AttachInterfacesV270Test:setUpClass): 201 POST http://10.180.1.21/identity/v3/users 0.095s
2025-12-08 21:26:12.262 65453 INFO tempest.lib.common.rest_client [req-56ba64b5-d2d7-477f-a655-be435102b839 req-56ba64b5-d2d7-477f-a655-be435102b839 ] Request (ServerShowV247Test:test_update_rebuild_list_server): 200 GET http://10.180.1.21/compute/v2.1/servers/6512c8f0-f4ed-4376-9928-de4e252b3e14 3.023s
2025-12-08 21:26:12.276 65429 INFO tempest.lib.common.rest_client [req-32642ad2-5a3d-4b34-b9a3-d1927065bcfc req-32642ad2-5a3d-4b34-b9a3-d1927065bcfc ] Request (ServersTestFqdnHostnames:tearDownClass): 204 DELETE http://10.180.1.21/networking/v2.0/networks/b32e3e0f-7f7c-4f3e-8913-fad3db29bb08 0.409s
2025-12-08 21:26:12.288 65459 INFO tempest.lib.common.rest_client [req-8c30a92c-2d7a-4edb-9ac0-fedbc695c190 req-8c30a92c-2d7a-4edb-9ac0-fedbc695c190 ] Request (AttachInterfacesV270Test:setUpClass): 200 GET http://10.180.1.21/identity/v3/roles 0.027s
2025-12-08 21:26:12.389 65429 INFO tempest.lib.common.rest_client [req-507fbf95-2f21-4f83-9217-30d9853d81b6 req-507fbf95-2f21-4f83-9217-30d9853d81b6 ] Request (ServersTestFqdnHostnames:tearDownClass): 204 DELETE http://10.180.1.21/identity/v3/users/6e0ec5a575b342cf9758b56ef5197a12 0.113s
2025-12-08 21:26:12.390 65429 INFO tempest.lib.common.dynamic_creds [-] Deleting project and security group for project: cce1b0c1aaef42c3ad507357a468309d
2025-12-08 21:26:12.432 65429 INFO tempest.lib.common.rest_client [req-d1c40ae9-845b-4bbc-adfd-567a2b30c323 req-d1c40ae9-845b-4bbc-adfd-567a2b30c323 ] Request (ServersTestFqdnHostnames:tearDownClass): 200 GET http://10.180.1.21/networking/v2.0/security-groups?tenant_id=cce1b0c1aaef42c3ad507357a468309d&name=default 0.041s
2025-12-08 21:26:12.447 65459 INFO tempest.lib.common.rest_client [req-4d53555c-2469-4a36-a079-2c5bdfd745f5 req-4d53555c-2469-4a36-a079-2c5bdfd745f5 ] Request (AttachInterfacesV270Test:setUpClass): 204 PUT http://10.180.1.21/identity/v3/projects/b2a5e9a5f9ac4ce3b93243fdf716c3e3/users/cd00f32bcb214c2a925df9714ab6bc9b/roles/cb6117eded3d4713be38130a912a3cfe 0.158s
2025-12-08 21:26:12.447 65459 INFO tempest.lib.common.dynamic_creds [-] Dynamic test user cd00f32bcb214c2a925df9714ab6bc9b is created with scope project and roles: ['member']
