2025-12-08 21:25:43.972 65437 WARNING tempest.lib.common.ssh [-] Failed to establish authenticated ssh connection to cirros@10.180.180.208 ([Errno None] Unable to connect to port 22 on 10.180.180.208). Number attempts: 3. Retry after 4 seconds.: paramiko.ssh_exception.NoValidConnectionsError: [Errno None] Unable to connect to port 22 on 10.180.180.208
2025-12-08 21:25:44.069 65443 INFO tempest.lib.common.rest_client [req-c91bf89b-1d9b-49c3-b0f2-77f1dafba4cb req-c91bf89b-1d9b-49c3-b0f2-77f1dafba4cb ] Request (ServersTestMultiNic:test_verify_duplicate_network_nics): 201 POST http://10.180.1.21/networking/v2.0/subnets 0.225s
2025-12-08 21:25:44.104 65443 INFO tempest.lib.common.rest_client [req-6fe6d1a1-54c5-4cc2-834a-c095ef309bd2 req-6fe6d1a1-54c5-4cc2-834a-c095ef309bd2 ] Request (ServersTestMultiNic:test_verify_duplicate_network_nics): 201 POST http://10.180.1.21/identity/v3/auth/tokens 0.031s
2025-12-08 21:25:44.104 65443 INFO tempest.lib.common.fixed_network [-] (ServersTestMultiNic:test_verify_duplicate_network_nics) Found network {'id': 'b40c43ef-e4d5-46a5-9d5a-1d056800e017', 'name': 'tempest-ServersTestMultiNic-681959073-network', 'tenant_id': 'da1d085ded284113a1d859fe9089fb41', 'project_id': 'da1d085ded284113a1d859fe9089fb41', 'admin_state_up': True, 'mtu': 8950, 'status': 'ACTIVE', 'subnets': [], 'shared': False, 'port_security_enabled': True, 'router:external': False, 'provider:network_type': 'vlan', 'provider:physical_network': 'default', 'provider:segmentation_id': 814, 'availability_zone_hints': [], 'availability_zones': [], 'ipv4_address_scope': None, 'ipv6_address_scope': None, 'description': '', 'tags': [], 'created_at': '2025-12-08T21:25:41Z', 'updated_at': '2025-12-08T21:25:41Z', 'revision_number': 1} available for tenant
2025-12-08 21:25:47.213 65465 WARNING tempest.lib.common.ssh [-] Failed to establish authenticated ssh connection to cirros@10.180.180.141 ([Errno None] Unable to connect to port 22 on 10.180.180.141). Number attempts: 9. Retry after 10 seconds.: paramiko.ssh_exception.NoValidConnectionsError: [Errno None] Unable to connect to port 22 on 10.180.180.141
2025-12-08 21:25:49.429 65467 INFO tempest.lib.common.rest_client [req-307d72ee-4839-46f7-9824-0af6bbdd88fb req-307d72ee-4839-46f7-9824-0af6bbdd88fb ] Request (ImagesTestJSON:test_create_image_from_stopped_server): 200 GET http://10.180.1.21/compute/v2.1/images/e857e0fb-e548-4c15-a98c-b0e090f6f1a1 10.176s
2025-12-08 21:25:49.432 65477 INFO tempest.lib.common.rest_client [req-ae6e5fb2-ecc8-4aa4-9b51-8a5a93be94cc req-ae6e5fb2-ecc8-4aa4-9b51-8a5a93be94cc ] Request (ListImageFiltersTestJSON:setUpClass): 200 GET http://10.180.1.21/compute/v2.1/images/31af923d-1821-4269-b714-30d793d60799 10.408s
2025-12-08 21:25:49.503 65487 INFO tempest.lib.common.rest_client [req-277c5d8a-8f44-4932-90e6-d2d1744fc280 req-277c5d8a-8f44-4932-90e6-d2d1744fc280 ] Request (AttachVolumeShelveTestJSON:test_attach_volume_shelved_or_offload_server): 200 GET http://10.180.1.21/compute/v2.1/servers/47fc40bb-bcaa-408f-9221-1df0c61388f6 10.164s
2025-12-08 21:25:49.518 65459 INFO tempest.lib.common.rest_client [req-982e086e-69e2-4181-bc77-74678e3fad7c req-982e086e-69e2-4181-bc77-74678e3fad7c ] Request (VolumesAdminNegativeTest:tearDownClass): 200 GET http://10.180.1.21/compute/v2.1/servers/23c403b8-77ec-4019-90d2-a66ddb99f3b9 10.228s
2025-12-08 21:25:49.657 65455 INFO tempest.lib.common.rest_client [req-cc1be6b5-89a0-4a80-9c45-07788c845ab7 req-cc1be6b5-89a0-4a80-9c45-07788c845ab7 ] Request (ServerAddressesNegativeTestJSON:setUpClass): 200 GET http://10.180.1.21/compute/v2.1/servers/5962b819-1dbd-4157-ab63-1bdcd147c779 10.099s
2025-12-08 21:25:49.664 65455 INFO tempest.common.waiters [-] State transition "BUILD/None" ==> "BUILD/networking" after 44 second wait
2025-12-08 21:25:49.682 65481 INFO tempest.lib.common.rest_client [req-8bc572b3-f102-445f-b1b9-7939bf682a98 req-8bc572b3-f102-445f-b1b9-7939bf682a98 ] Request (FloatingIPsAssociationTestJSON:test_associate_already_associated_floating_ip): 200 GET http://10.180.1.21/compute/v2.1/servers/fb794923-2756-4458-8e35-e24de1270f41 10.133s
2025-12-08 21:25:49.689 65481 INFO tempest.common.waiters [-] State transition "BUILD/spawning" ==> "ACTIVE/None" after 55 second wait
2025-12-08 21:25:49.817 65480 INFO tempest.lib.common.rest_client [req-e5af2ebe-efd0-4fbe-8049-ae1cb7b7b291 req-e5af2ebe-efd0-4fbe-8049-ae1cb7b7b291 ] Request (ExtensionsTest:test_get_extension): 200 GET http://10.180.1.21/compute/v2.1/extensions/os-consoles 10.154s
2025-12-08 21:25:49.880 65427 INFO tempest.lib.common.rest_client [req-4c939c44-579b-4e8c-a141-f89d6c5584db req-4c939c44-579b-4e8c-a141-f89d6c5584db ] Request (ImagesOneServerTestJSON:setUpClass): 200 GET http://10.180.1.21/compute/v2.1/servers/64bc58ff-776c-4937-93c0-c1bd224048a5 9.987s
2025-12-08 21:25:49.957 65463 INFO tempest.lib.common.rest_client [req-03354d2c-0ff4-4ebf-9da0-79585f580ac6 req-03354d2c-0ff4-4ebf-9da0-79585f580ac6 ] Request (ServersListShow298Test:test_list_show_update_rebuild_server_298): 202 POST http://10.180.1.21/compute/v2.1/servers/0f22f213-6f00-436d-8672-17e8f89d0b86/action 10.215s
2025-12-08 21:25:50.067 65445 INFO tempest.lib.common.rest_client [req-98c9dc75-bc16-46ce-85e2-66dc416c4993 req-98c9dc75-bc16-46ce-85e2-66dc416c4993 ] Request (DeleteServersAdminTestJSON:test_delete_server_while_in_error_state): 200 GET http://10.180.1.21/compute/v2.1/servers/8bc97c9e-b9b5-4fda-b0d6-f0cf0c59a4a3 9.939s
2025-12-08 21:25:50.079 65445 INFO tempest.common.waiters [-] State transition "ERROR/deleting" ==> "DELETED/None" after 16 second wait
2025-12-08 21:25:50.117 65458 INFO tempest.lib.common.rest_client [req-6af7873a-cc4b-4186-bc69-a1b0b88f7ce0 req-6af7873a-cc4b-4186-bc69-a1b0b88f7ce0 ] Request (MigrationsAdminTest:test_list_migrations_in_flavor_resize_situation): 200 GET http://10.180.1.21/compute/v2.1/servers/2fd9ec64-85c6-4c52-99dd-b88de8fcefe4 10.006s
2025-12-08 21:25:50.127 65458 INFO tempest.common.waiters [-] State transition "VERIFY_RESIZE/None" ==> "ACTIVE/None" after 38 second wait
2025-12-08 21:25:50.229 65429 INFO tempest.lib.common.rest_client [req-98f5787b-30ae-4d9f-bead-6c4521ab592c req-98f5787b-30ae-4d9f-bead-6c4521ab592c ] Request (ServersTestFqdnHostnames:tearDownClass): 200 GET http://10.180.1.21/compute/v2.1/servers/7f2207e5-79bd-4db3-bd87-5d4a5721f35f 10.037s
2025-12-08 21:25:50.509 65451 INFO tempest.lib.common.rest_client [req-f13a362a-e754-48f4-80f2-aecb5ee78d14 req-f13a362a-e754-48f4-80f2-aecb5ee78d14 ] Request (FloatingIPsTestJSON:test_delete_floating_ip): 202 DELETE http://10.180.1.21/compute/v2.1/os-floating-ips/80104ebc-5684-4a04-b8fe-f3dc94fe8e74 10.345s
2025-12-08 21:25:50.599 65453 INFO tempest.lib.common.rest_client [req-5b0dcf85-192b-420e-8e47-3504be7abc3c req-5b0dcf85-192b-420e-8e47-3504be7abc3c ] Request (ServerShowV247Test:test_update_rebuild_list_server): 200 GET http://10.180.1.21/compute/v2.1/servers/6512c8f0-f4ed-4376-9928-de4e252b3e14 9.662s
2025-12-08 21:25:50.795 65473 INFO tempest.lib.common.rest_client [req-097f0d84-15b5-43fd-9048-620df4389094 req-097f0d84-15b5-43fd-9048-620df4389094 ] Request (ServerRescueTestJSON:test_rescue_unrescue_instance): 200 GET http://10.180.1.21/compute/v2.1/servers/61d0acbd-d416-467d-bd05-bb2c4725cfc8 9.426s
2025-12-08 21:25:50.803 65473 INFO tempest.common.waiters [-] State transition "ACTIVE/rescuing" ==> "RESCUE/None" after 17 second wait
2025-12-08 21:25:50.845 65483 INFO tempest.lib.common.rest_client [req-84decb73-6a6f-4a96-bfda-5cba002a2614 req-84decb73-6a6f-4a96-bfda-5cba002a2614 ] Request (ImagesOneServerNegativeTestJSON:setUpClass): 200 GET http://10.180.1.21/compute/v2.1/servers/347fb941-d4cf-4777-964e-83e312410a93 9.462s
2025-12-08 21:25:50.911 65425 INFO tempest.lib.common.rest_client [req-e248e114-08a7-405d-940a-7763433a43a1 req-e248e114-08a7-405d-940a-7763433a43a1 ] Request (ServersAdminNegativeTestJSON:test_migrate_server_invalid_state): 200 GET http://10.180.1.21/compute/v2.1/servers/be16412d-f716-45d7-b49c-b39dbdcad6b0 9.056s
2025-12-08 21:25:50.918 65425 INFO tempest.common.waiters [-] State transition "BUILD/scheduling" ==> "BUILD/None" after 10 second wait
2025-12-08 21:25:50.923 65449 INFO tempest.lib.common.rest_client [req-d5e94e3f-6a86-4041-9f5f-f1cdbcf82868 req-d5e94e3f-6a86-4041-9f5f-f1cdbcf82868 ] Request (ServerActionsTestJSON:setUpClass): 202 POST http://10.180.1.21/compute/v2.1/servers 10.064s
2025-12-08 21:25:50.948 65439 INFO tempest.lib.common.rest_client [req-e47e0271-959b-48c7-9b15-9507c5c946c8 req-e47e0271-959b-48c7-9b15-9507c5c946c8 ] Request (ServerDiagnosticsNegativeTest:tearDownClass): 404 GET http://10.180.1.21/compute/v2.1/servers/9713b2e8-2780-4e6e-952d-60600b27526c 8.732s
2025-12-08 21:25:50.996 65475 INFO tempest.lib.common.rest_client [req-1a357310-b477-4a6b-b7a5-58cf7706b5b5 req-1a357310-b477-4a6b-b7a5-58cf7706b5b5 ] Request (ServerDiagnosticsV248Test:tearDownClass): 200 GET http://10.180.1.21/compute/v2.1/servers/cc7b2d13-fb3a-4ff6-bf3d-f8e65133528c 9.115s
2025-12-08 21:25:51.049 65439 INFO tempest.lib.common.rest_client [req-f8461ff9-9d32-4861-a531-9a3c07644cb5 req-f8461ff9-9d32-4861-a531-9a3c07644cb5 ] Request (ServerDiagnosticsNegativeTest:tearDownClass): 204 DELETE http://10.180.1.21/identity/v3/users/8aad25dec4bd496884893b7a4686cafe 0.100s
2025-12-08 21:25:51.125 65435 INFO tempest.lib.common.rest_client [req-4a650b49-146d-4674-bf2f-342b7f6dc7d0 req-4a650b49-146d-4674-bf2f-342b7f6dc7d0 ] Request (ServersAdminTestJSON:test_inject_network_info): 200 GET http://10.180.1.21/compute/v2.1/servers/76155db8-131e-4836-9ce6-7df035f677ea 8.698s
2025-12-08 21:25:51.161 65431 INFO tempest.lib.common.rest_client [req-61929976-8451-4595-8f11-5661e789fe13 req-61929976-8451-4595-8f11-5661e789fe13 ] Request (ListServerFiltersTestJSON:setUpClass): 200 GET http://10.180.1.21/compute/v2.1/servers/b299eb2a-a99e-452b-8cc6-6b6e9e17754f 8.935s
2025-12-08 21:25:51.169 65431 INFO tempest.common.waiters [-] State transition "BUILD/None" ==> "BUILD/spawning" after 55 second wait
2025-12-08 21:25:51.213 65467 INFO tempest.lib.common.rest_client [req-ed17fce0-42a9-47e7-ab47-0535bf194efe req-ed17fce0-42a9-47e7-ab47-0535bf194efe ] Request (ImagesTestJSON:test_create_image_from_stopped_server): 200 GET http://10.180.1.21/compute/v2.1/images/e857e0fb-e548-4c15-a98c-b0e090f6f1a1 1.779s
2025-12-08 21:25:51.242 65439 INFO tempest.lib.common.rest_client [req-a8603150-d429-4f44-b82e-f4884e995628 req-a8603150-d429-4f44-b82e-f4884e995628 ] Request (ServerDiagnosticsNegativeTest:tearDownClass): 204 DELETE http://10.180.1.21/identity/v3/users/c1b7783ffb0b433baf6a4e38aa7562a0 0.192s
2025-12-08 21:25:51.242 65439 INFO tempest.lib.common.dynamic_creds [-] Deleting project and security group for project: 4c2ad04ce4144b00a19ee3b7c27cbd48
2025-12-08 21:25:51.254 65467 INFO tempest.lib.common.rest_client [req-0e337a8f-cad7-4a32-b6b7-526f160b9ef5 req-0e337a8f-cad7-4a32-b6b7-526f160b9ef5 ] Request (ImagesTestJSON:test_create_image_from_stopped_server): 200 GET http://10.180.1.21/image/v2/images/e857e0fb-e548-4c15-a98c-b0e090f6f1a1/tasks 0.033s
2025-12-08 21:25:51.259 65477 INFO tempest.lib.common.rest_client [req-0e6af042-fe05-4dbf-a1eb-b9339067bcf3 req-0e6af042-fe05-4dbf-a1eb-b9339067bcf3 ] Request (ListImageFiltersTestJSON:setUpClass): 200 GET http://10.180.1.21/compute/v2.1/images/31af923d-1821-4269-b714-30d793d60799 1.820s
2025-12-08 21:25:51.307 65439 INFO tempest.lib.common.rest_client [req-3b5cbcdc-2c14-4982-b96e-a952df2caf20 req-3b5cbcdc-2c14-4982-b96e-a952df2caf20 ] Request (ServerDiagnosticsNegativeTest:tearDownClass): 201 POST http://10.180.1.21/identity/v3/auth/tokens 0.065s
2025-12-08 21:25:51.587 65437 WARNING tempest.lib.common.ssh [-] Failed to establish authenticated ssh connection to cirros@10.180.180.208 ([Errno None] Unable to connect to port 22 on 10.180.180.208). Number attempts: 4. Retry after 5 seconds.: paramiko.ssh_exception.NoValidConnectionsError: [Errno None] Unable to connect to port 22 on 10.180.180.208
2025-12-08 21:25:51.599 65439 INFO tempest.lib.common.rest_client [req-b26b0c48-0b8d-49c0-9a90-457ad314bfa3 req-b26b0c48-0b8d-49c0-9a90-457ad314bfa3 ] Request (ServerDiagnosticsNegativeTest:tearDownClass): 200 GET http://10.180.1.21/networking/v2.0/security-groups?tenant_id=4c2ad04ce4144b00a19ee3b7c27cbd48&name=default 0.291s
2025-12-08 21:25:51.744 65439 INFO tempest.lib.common.rest_client [req-b1419466-22aa-4544-b447-ec28d4d33525 req-b1419466-22aa-4544-b447-ec28d4d33525 ] Request (ServerDiagnosticsNegativeTest:tearDownClass): 204 DELETE http://10.180.1.21/networking/v2.0/security-groups/b241857d-d7d2-4b5e-a974-9a8fdcbcf4d5 0.145s
2025-12-08 21:25:51.824 65439 INFO tempest.lib.common.rest_client [req-0f7a8bd7-a911-4322-8435-b94c807b8a84 req-0f7a8bd7-a911-4322-8435-b94c807b8a84 ] Request (ServerDiagnosticsNegativeTest:tearDownClass): 204 DELETE http://10.180.1.21/identity/v3/projects/4c2ad04ce4144b00a19ee3b7c27cbd48 0.079s
2025-12-08 21:25:51.825 65439 INFO tempest.lib.common.dynamic_creds [-] Deleting project and security group for project: add68a131e9c4b64ab53af89408c1cf7
2025-12-08 21:25:51.923 65439 INFO tempest.lib.common.rest_client [req-8bb80fab-1617-43cd-9a66-0082716916d6 req-8bb80fab-1617-43cd-9a66-0082716916d6 ] Request (ServerDiagnosticsNegativeTest:tearDownClass): 200 GET http://10.180.1.21/networking/v2.0/security-groups?tenant_id=add68a131e9c4b64ab53af89408c1cf7&name=default 0.098s
2025-12-08 21:25:52.118 65439 INFO tempest.lib.common.rest_client [req-2e30285d-83e9-414f-911d-26c33a430f30 req-2e30285d-83e9-414f-911d-26c33a430f30 ] Request (ServerDiagnosticsNegativeTest:tearDownClass): 204 DELETE http://10.180.1.21/networking/v2.0/security-groups/2cc2879e-b450-4a77-b4f9-52555e6d3fc8 0.195s
2025-12-08 21:25:52.267 65439 INFO tempest.lib.common.rest_client [req-e5e75b3f-5b08-48ff-9404-9229e06f5c54 req-e5e75b3f-5b08-48ff-9404-9229e06f5c54 ] Request (ServerDiagnosticsNegativeTest:tearDownClass): 204 DELETE http://10.180.1.21/identity/v3/projects/add68a131e9c4b64ab53af89408c1cf7 0.148s
2025-12-08 21:25:52.278 65443 INFO tempest.lib.common.rest_client [req-ce6e4fe2-f991-457b-bb3a-423745946aba req-ce6e4fe2-f991-457b-bb3a-423745946aba ] Request (ServersTestMultiNic:test_verify_duplicate_network_nics): 202 POST http://10.180.1.21/compute/v2.1/servers 8.172s
2025-12-08 21:25:52.300 65480 INFO tempest.lib.common.rest_client [req-69eccbcd-6d6d-4b77-a29b-bffba4bbbff9 req-69eccbcd-6d6d-4b77-a29b-bffba4bbbff9 ] Request (ExtensionsTest:test_list_extensions): 200 GET http://10.180.1.21/compute/v2.1/extensions 2.478s
2025-12-08 21:25:52.358 65439 INFO tempest.lib.common.rest_client [req-aae9adbf-0ad5-40ef-ad56-7628c0b75fa6 req-aae9adbf-0ad5-40ef-ad56-7628c0b75fa6 ] Request (InstanceActionsTestJSON:setUpClass): 201 POST http://10.180.1.21/identity/v3/auth/tokens 0.089s
2025-12-08 21:25:52.388 65463 INFO tempest.lib.common.rest_client [req-58124577-e3b9-45ed-ab63-5749172c6510 req-58124577-e3b9-45ed-ab63-5749172c6510 ] Request (ServersListShow298Test:test_list_show_update_rebuild_server_298): 200 GET http://10.180.1.21/compute/v2.1/servers/0f22f213-6f00-436d-8672-17e8f89d0b86 2.419s
2025-12-08 21:25:52.394 65439 INFO tempest.lib.common.rest_client [req-fed0e832-21da-427c-9d33-63356f24d115 req-fed0e832-21da-427c-9d33-63356f24d115 ] Request (InstanceActionsTestJSON:setUpClass): 201 POST http://10.180.1.21/identity/v3/auth/tokens 0.033s
2025-12-08 21:25:52.421 65439 INFO tempest.lib.common.rest_client [req-51cd3e5d-31ef-4efb-9455-4c1f936f6b6f req-51cd3e5d-31ef-4efb-9455-4c1f936f6b6f ] Request (InstanceActionsTestJSON:setUpClass): 200 GET http://10.180.1.21/identity/v3/domains?name=Default 0.027s
2025-12-08 21:25:52.447 65480 INFO tempest.lib.common.rest_client [req-4e5bf3ef-8d4e-4e50-a526-f3f32adf704e req-4e5bf3ef-8d4e-4e50-a526-f3f32adf704e ] Request (ExtensionsTest:tearDownClass): 204 DELETE http://10.180.1.21/identity/v3/users/543af96fd2ce40ba9630783c1536eeef 0.125s
2025-12-08 21:25:52.448 65480 INFO tempest.lib.common.dynamic_creds [-] Deleting project and security group for project: 375df325aac246839fa6002b4374189c
2025-12-08 21:25:52.480 65439 INFO tempest.lib.common.rest_client [req-a1b339b8-c6a2-4aac-9434-e5b54b772125 req-a1b339b8-c6a2-4aac-9434-e5b54b772125 ] Request (InstanceActionsTestJSON:setUpClass): 201 POST http://10.180.1.21/identity/v3/projects 0.058s
2025-12-08 21:25:52.504 65458 INFO tempest.lib.common.rest_client [req-b938bea5-7905-4f6d-aec9-76c91d25aa1c req-b938bea5-7905-4f6d-aec9-76c91d25aa1c ] Request (MigrationsAdminTest:test_list_migrations_in_flavor_resize_situation): 200 GET http://10.180.1.21/compute/v2.1/servers/2fd9ec64-85c6-4c52-99dd-b88de8fcefe4 2.377s
2025-12-08 21:25:52.513 65480 INFO tempest.lib.common.rest_client [req-8ba3c7a5-9e53-40a2-9b33-09d32a280f9a req-8ba3c7a5-9e53-40a2-9b33-09d32a280f9a ] Request (ExtensionsTest:tearDownClass): 201 POST http://10.180.1.21/identity/v3/auth/tokens 0.064s
2025-12-08 21:25:52.535 65451 INFO tempest.lib.common.rest_client [req-ce5fc949-305f-49e0-981b-4049aef94ca3 req-ce5fc949-305f-49e0-981b-4049aef94ca3 ] Request (FloatingIPsTestJSON:test_delete_floating_ip): 404 GET http://10.180.1.21/compute/v2.1/os-floating-ips/80104ebc-5684-4a04-b8fe-f3dc94fe8e74 2.025s
2025-12-08 21:25:52.535 65481 INFO tempest.lib.common.rest_client [req-a2acf9f6-309a-4cb2-91a2-35f5dcd28cfc req-a2acf9f6-309a-4cb2-91a2-35f5dcd28cfc ] Request (FloatingIPsAssociationTestJSON:test_associate_already_associated_floating_ip): 202 POST http://10.180.1.21/compute/v2.1/servers/68483344-ca53-48fd-a5ec-d4604292e0a6/action 2.845s
2025-12-08 21:25:52.547 65439 INFO tempest.lib.common.rest_client [req-c24de43d-20c1-4886-8b2f-167fd77c5f8d req-c24de43d-20c1-4886-8b2f-167fd77c5f8d ] Request (InstanceActionsTestJSON:setUpClass): 201 POST http://10.180.1.21/identity/v3/users 0.067s
2025-12-08 21:25:52.557 65459 INFO tempest.lib.common.rest_client [req-982a4549-738c-4038-8b86-ad66f4801b74 req-982a4549-738c-4038-8b86-ad66f4801b74 ] Request (VolumesAdminNegativeTest:tearDownClass): 404 GET http://10.180.1.21/compute/v2.1/servers/23c403b8-77ec-4019-90d2-a66ddb99f3b9 2.025s
2025-12-08 21:25:52.569 65439 INFO tempest.lib.common.rest_client [req-55bb6032-9a58-40c0-beab-bac2f0cdce64 req-55bb6032-9a58-40c0-beab-bac2f0cdce64 ] Request (InstanceActionsTestJSON:setUpClass): 200 GET http://10.180.1.21/identity/v3/roles 0.021s
2025-12-08 21:25:52.603 65439 INFO tempest.lib.common.rest_client [req-fdaff3b1-8e22-46d3-b69c-af7cacd1d2cc req-fdaff3b1-8e22-46d3-b69c-af7cacd1d2cc ] Request (InstanceActionsTestJSON:setUpClass): 204 PUT http://10.180.1.21/identity/v3/projects/2de2c6bf17ff46a09e49a6fd32562d1d/users/a22c13f380aa41db8953dcbe7a2c62dd/roles/cb6117eded3d4713be38130a912a3cfe 0.033s
2025-12-08 21:25:52.603 65439 INFO tempest.lib.common.dynamic_creds [-] Dynamic test user a22c13f380aa41db8953dcbe7a2c62dd is created with scope project and roles: ['member']
2025-12-08 21:25:52.603 65439 INFO tempest.lib.common.dynamic_creds [-] Acquired dynamic creds: credentials: Credentials: {'domain_id': 'default', 'domain_name': 'Default', 'username': 'tempest-InstanceActionsTestJSON-670224901-project-member', 'project_domain_id': 'default', 'project_domain_name': 'Default', 'project_id': '2de2c6bf17ff46a09e49a6fd32562d1d', 'project_name': 'tempest-InstanceActionsTestJSON-670224901', 'tenant_id': '2de2c6bf17ff46a09e49a6fd32562d1d', 'tenant_name': 'tempest-InstanceActionsTestJSON-670224901', 'user_domain_id': 'default', 'user_domain_name': 'Default', 'user_id': 'a22c13f380aa41db8953dcbe7a2c62dd', 'system': None}, Network: None, Subnet: None, Router: None
2025-12-08 21:25:52.663 65439 INFO tempest.lib.common.rest_client [req-adb2eccb-db60-4360-a94c-72bfc594cbb7 req-adb2eccb-db60-4360-a94c-72bfc594cbb7 ] Request (InstanceActionsTestJSON:setUpClass): 201 POST http://10.180.1.21/identity/v3/auth/tokens 0.059s
2025-12-08 21:25:52.732 65480 INFO tempest.lib.common.rest_client [req-e322a3b5-5a2c-4bea-aa52-80e847b1281e req-e322a3b5-5a2c-4bea-aa52-80e847b1281e ] Request (ExtensionsTest:tearDownClass): 200 GET http://10.180.1.21/networking/v2.0/security-groups?tenant_id=375df325aac246839fa6002b4374189c&name=default 0.219s
2025-12-08 21:25:52.762 65487 INFO tempest.lib.common.rest_client [req-59b23920-d554-44a9-96c6-d63299c65e23 req-59b23920-d554-44a9-96c6-d63299c65e23 ] Request (AttachVolumeShelveTestJSON:test_attach_volume_shelved_or_offload_server): 200 GET http://10.180.1.21/compute/v2.1/servers/47fc40bb-bcaa-408f-9221-1df0c61388f6 2.243s
2025-12-08 21:25:52.832 65473 INFO tempest.lib.common.rest_client [req-294904b7-389b-49ea-99d0-1725d7661402 req-294904b7-389b-49ea-99d0-1725d7661402 ] Request (ServerRescueTestJSON:test_rescue_unrescue_instance): 202 POST http://10.180.1.21/compute/v2.1/servers/61d0acbd-d416-467d-bd05-bb2c4725cfc8/action 2.029s
2025-12-08 21:25:53.114 65439 INFO tempest.lib.common.rest_client [req-8f8dc474-1804-4abc-aa6a-04ac3e77a0a3 req-8f8dc474-1804-4abc-aa6a-04ac3e77a0a3 ] Request (InstanceActionsTestJSON:setUpClass): 201 POST http://10.180.1.21/networking/v2.0/networks 0.450s
2025-12-08 21:25:53.205 65480 INFO tempest.lib.common.rest_client [req-1b103b31-712a-4114-acc9-a4a2279a9876 req-1b103b31-712a-4114-acc9-a4a2279a9876 ] Request (ExtensionsTest:tearDownClass): 204 DELETE http://10.180.1.21/networking/v2.0/security-groups/8bf85795-e6b9-4bc5-8e9b-5c2d33a3037f 0.473s
2025-12-08 21:25:53.288 65455 INFO tempest.lib.common.rest_client [req-869595c3-2e20-42a2-9082-3a17e92f0077 req-869595c3-2e20-42a2-9082-3a17e92f0077 ] Request (ServerAddressesNegativeTestJSON:setUpClass): 200 GET http://10.180.1.21/compute/v2.1/servers/5962b819-1dbd-4157-ab63-1bdcd147c779 2.623s
2025-12-08 21:25:53.303 65480 INFO tempest.lib.common.rest_client [req-64dda18d-37e3-482c-ba7b-834e013561e6 req-64dda18d-37e3-482c-ba7b-834e013561e6 ] Request (ExtensionsTest:tearDownClass): 204 DELETE http://10.180.1.21/identity/v3/projects/375df325aac246839fa6002b4374189c 0.097s
2025-12-08 21:25:53.304 65455 INFO tempest.common.waiters [-] State transition "BUILD/networking" ==> "BUILD/spawning" after 48 second wait
2025-12-08 21:25:53.304 65427 INFO tempest.lib.common.rest_client [req-b3d60d48-9ddd-477f-948f-cbb00ac36b91 req-b3d60d48-9ddd-477f-948f-cbb00ac36b91 ] Request (ImagesOneServerTestJSON:setUpClass): 200 GET http://10.180.1.21/compute/v2.1/servers/64bc58ff-776c-4937-93c0-c1bd224048a5 2.415s
2025-12-08 21:25:53.476 65459 INFO tempest.lib.common.rest_client [req-4a814618-ce2e-4cf1-a3ae-5733e23451f7 req-4a814618-ce2e-4cf1-a3ae-5733e23451f7 ] Request (VolumesAdminNegativeTest:tearDownClass): 200 PUT http://10.180.1.21/networking/v2.0/routers/e09744af-f732-442e-aa40-758344f3744d/remove_router_interface 0.919s
2025-12-08 21:25:53.503 65439 INFO tempest.lib.common.rest_client [req-7fef06d6-69fa-4f1d-8d7a-59144fc13fb9 req-7fef06d6-69fa-4f1d-8d7a-59144fc13fb9 ] Request (InstanceActionsTestJSON:setUpClass): 201 POST http://10.180.1.21/networking/v2.0/subnets 0.389s
2025-12-08 21:25:53.526 65449 INFO tempest.lib.common.rest_client [req-3b663bfe-507f-4c19-bd39-6eb529d78d24 req-3b663bfe-507f-4c19-bd39-6eb529d78d24 ] Request (ServerActionsTestJSON:setUpClass): 200 GET http://10.180.1.21/compute/v2.1/servers/59cecd09-7eff-4aee-8cb3-96c929a7a830 2.601s
2025-12-08 21:25:53.533 65445 INFO tempest.lib.common.rest_client [req-e67a8403-8c77-4638-a41a-7103bb06d2c1 req-e67a8403-8c77-4638-a41a-7103bb06d2c1 ] Request (DeleteServersAdminTestJSON:test_delete_server_while_in_error_state): 200 GET http://10.180.1.21/compute/v2.1/servers/8bc97c9e-b9b5-4fda-b0d6-f0cf0c59a4a3 2.452s
2025-12-08 21:25:53.654 65467 INFO tempest.lib.common.rest_client [req-4619bf49-1a2e-46ac-9414-3f9f108afabb req-4619bf49-1a2e-46ac-9414-3f9f108afabb ] Request (ImagesTestJSON:_run_cleanups): 204 DELETE http://10.180.1.21/compute/v2.1/images/e857e0fb-e548-4c15-a98c-b0e090f6f1a1 2.399s
2025-12-08 21:25:53.763 65461 WARNING tempest.lib.common.ssh [-] Failed to establish authenticated ssh connection to cirros@10.180.180.172 ([Errno None] Unable to connect to port 22 on 10.180.180.172). Number attempts: 8. Retry after 9 seconds.: paramiko.ssh_exception.NoValidConnectionsError: [Errno None] Unable to connect to port 22 on 10.180.180.172
2025-12-08 21:25:53.927 65459 INFO tempest.lib.common.rest_client [req-f9dec688-fd9e-408a-a469-9ec1a80bcc53 req-f9dec688-fd9e-408a-a469-9ec1a80bcc53 ] Request (VolumesAdminNegativeTest:tearDownClass): 204 DELETE http://10.180.1.21/networking/v2.0/routers/e09744af-f732-442e-aa40-758344f3744d 0.450s
2025-12-08 21:25:54.001 65429 INFO tempest.lib.common.rest_client [req-60cac795-fcf4-411d-a556-a1791c4da4b7 req-60cac795-fcf4-411d-a556-a1791c4da4b7 ] Request (ServersTestFqdnHostnames:tearDownClass): 200 GET http://10.180.1.21/compute/v2.1/servers/7f2207e5-79bd-4db3-bd87-5d4a5721f35f 2.760s
2025-12-08 21:25:54.290 65459 INFO tempest.lib.common.rest_client [req-677fd41e-6132-4408-9d28-67de4582a806 req-677fd41e-6132-4408-9d28-67de4582a806 ] Request (VolumesAdminNegativeTest:tearDownClass): 204 DELETE http://10.180.1.21/networking/v2.0/subnets/7775592a-eb5d-4624-bdd9-10cc2cd8dcf5 0.362s
2025-12-08 21:25:54.336 65453 INFO tempest.lib.common.rest_client [req-24f31be5-3113-4f7b-af36-a1b4be698017 req-24f31be5-3113-4f7b-af36-a1b4be698017 ] Request (ServerShowV247Test:test_update_rebuild_list_server): 200 GET http://10.180.1.21/compute/v2.1/servers/6512c8f0-f4ed-4376-9928-de4e252b3e14 2.728s
2025-12-08 21:25:54.345 65453 INFO tempest.common.waiters [-] State transition "BUILD/scheduling" ==> "BUILD/None" after 4 second wait
2025-12-08 21:25:54.347 65439 INFO tempest.lib.common.rest_client [req-5902140e-80b2-4512-82e7-99d449e69535 req-5902140e-80b2-4512-82e7-99d449e69535 ] Request (InstanceActionsTestJSON:setUpClass): 201 POST http://10.180.1.21/networking/v2.0/routers 0.843s
2025-12-08 21:25:54.375 65477 INFO tempest.lib.common.rest_client [req-21650e2c-4238-42f8-a4f9-125d5fd104a2 req-21650e2c-4238-42f8-a4f9-125d5fd104a2 ] Request (ListImageFiltersTestJSON:setUpClass): 200 GET http://10.180.1.21/compute/v2.1/servers/7560d450-4ce9-4f84-bf39-1f34a3c76ce2 3.112s
2025-12-08 21:25:54.657 65459 INFO tempest.lib.common.rest_client [req-5d52e7bd-d3ae-4b74-b213-1506dfac4018 req-5d52e7bd-d3ae-4b74-b213-1506dfac4018 ] Request (VolumesAdminNegativeTest:tearDownClass): 204 DELETE http://10.180.1.21/networking/v2.0/networks/50055864-3c89-49d7-99ce-9ac2c22d958b 0.367s
2025-12-08 21:25:54.698 65483 INFO tempest.lib.common.rest_client [req-beac761c-bc42-4641-ba13-13c8d938d8c5 req-beac761c-bc42-4641-ba13-13c8d938d8c5 ] Request (ImagesOneServerNegativeTestJSON:setUpClass): 200 GET http://10.180.1.21/compute/v2.1/servers/347fb941-d4cf-4777-964e-83e312410a93 2.840s
2025-12-08 21:25:54.713 65425 INFO tempest.lib.common.rest_client [req-c5364577-6082-4cd6-9ab2-4aa709e1cf9c req-c5364577-6082-4cd6-9ab2-4aa709e1cf9c ] Request (ServersAdminNegativeTestJSON:test_migrate_server_invalid_state): 200 GET http://10.180.1.21/compute/v2.1/servers/be16412d-f716-45d7-b49c-b39dbdcad6b0 2.793s
2025-12-08 21:25:54.730 65475 INFO tempest.lib.common.rest_client [req-1fbefac6-2175-4546-af01-a3394f6a55ae req-1fbefac6-2175-4546-af01-a3394f6a55ae ] Request (ServerDiagnosticsV248Test:tearDownClass): 404 GET http://10.180.1.21/compute/v2.1/servers/cc7b2d13-fb3a-4ff6-bf3d-f8e65133528c 2.717s
2025-12-08 21:25:54.873 65475 INFO tempest.lib.common.rest_client [req-7c9f34c3-3b39-4a24-a722-92018c56d3fb req-7c9f34c3-3b39-4a24-a722-92018c56d3fb ] Request (ServerDiagnosticsV248Test:tearDownClass): 204 DELETE http://10.180.1.21/identity/v3/users/4b5e4907635348fb9181320505f2390f 0.142s
2025-12-08 21:25:55.063 65475 INFO tempest.lib.common.rest_client [req-67400a18-2afe-44dd-983b-b0a67ece73e4 req-67400a18-2afe-44dd-983b-b0a67ece73e4 ] Request (ServerDiagnosticsV248Test:tearDownClass): 204 DELETE http://10.180.1.21/identity/v3/users/3d9aae92a3a845c3954c8baefe239b45 0.188s
2025-12-08 21:25:55.063 65475 INFO tempest.lib.common.dynamic_creds [-] Deleting project and security group for project: 371ac59fb3624611a689fd732140fbb9
2025-12-08 21:25:55.147 65475 INFO tempest.lib.common.rest_client [req-4b2c7d17-6465-47db-b0fb-16fb456bcc13 req-4b2c7d17-6465-47db-b0fb-16fb456bcc13 ] Request (ServerDiagnosticsV248Test:tearDownClass): 201 POST http://10.180.1.21/identity/v3/auth/tokens 0.083s
2025-12-08 21:25:55.327 65439 INFO tempest.lib.common.rest_client [req-ae5aae04-0ed0-4024-b99b-47e3c7fd2b60 req-ae5aae04-0ed0-4024-b99b-47e3c7fd2b60 ] Request (InstanceActionsTestJSON:setUpClass): 200 PUT http://10.180.1.21/networking/v2.0/routers/bf553680-91df-4447-a661-a504216731af/add_router_interface 0.980s
2025-12-08 21:25:55.327 65439 INFO tempest.lib.common.dynamic_creds [-] Created isolated network resources for: credentials: Credentials: {'domain_id': 'default', 'domain_name': 'Default', 'username': 'tempest-InstanceActionsTestJSON-670224901-project-member', 'project_domain_id': 'default', 'project_domain_name': 'Default', 'project_id': '2de2c6bf17ff46a09e49a6fd32562d1d', 'project_name': 'tempest-InstanceActionsTestJSON-670224901', 'tenant_id': '2de2c6bf17ff46a09e49a6fd32562d1d', 'tenant_name': 'tempest-InstanceActionsTestJSON-670224901', 'user_domain_id': 'default', 'user_domain_name': 'Default', 'user_id': 'a22c13f380aa41db8953dcbe7a2c62dd', 'system': None}, Network: {'id': 'f2fe6ac7-d243-4f9d-8df1-c1bf5a8abd99', 'name': 'tempest-InstanceActionsTestJSON-488629444-network', 'tenant_id': '2de2c6bf17ff46a09e49a6fd32562d1d', 'project_id': '2de2c6bf17ff46a09e49a6fd32562d1d', 'admin_state_up': True, 'mtu': 8950, 'status': 'ACTIVE', 'subnets': [], 'shared': False, 'port_security_enabled': True, 'router:external': False, 'provider:network_type': 'vlan', 'provider:physical_network': 'default', 'provider:segmentation_id': 683, 'availability_zone_hints': [], 'availability_zones': [], 'ipv4_address_scope': None, 'ipv6_address_scope': None, 'description': '', 'tags': [], 'created_at': '2025-12-08T21:25:53Z', 'updated_at': '2025-12-08T21:25:53Z', 'revision_number': 1}, Subnet: {'id': 'da5f9f6a-95c9-46de-8eee-f73ebe00c51e', 'name': 'tempest-InstanceActionsTestJSON-488629444-subnet', 'tenant_id': '2de2c6bf17ff46a09e49a6fd32562d1d', 'network_id': 'f2fe6ac7-d243-4f9d-8df1-c1bf5a8abd99', 'ip_version': 4, 'subnetpool_id': None, 'enable_dhcp': True, 'ipv6_ra_mode': None, 'ipv6_address_mode': None, 'gateway_ip': '192.168.128.1', 'cidr': '192.168.128.0/28', 'allocation_pools': [{'start': '192.168.128.2', 'end': '192.168.128.14'}], 'host_routes': [], 'dns_nameservers': [], 'description': '', 'router:external': False, 'service_types': [], 'tags': [], 'created_at': '2025-12-08T21:25:53Z', 'updated_at': '2025-12-08T21:25:53Z', 'revision_number': 0, 'project_id': '2de2c6bf17ff46a09e49a6fd32562d1d'}, Router: {'id': 'bf553680-91df-4447-a661-a504216731af', 'name': 'tempest-InstanceActionsTestJSON-488629444-router', 'tenant_id': '2de2c6bf17ff46a09e49a6fd32562d1d', 'admin_state_up': True, 'status': 'ACTIVE', 'external_gateway_info': {'network_id': '9996daa0-85b3-4ee7-ad9c-88de2e6ac2dc', 'external_fixed_ips': [{'subnet_id': '9ef6da9d-3dfc-4e10-bf97-f4c9d364e19e', 'ip_address': '10.180.180.167'}], 'enable_snat': True}, 'description': '', 'availability_zones': [], 'distributed': False, 'ha': False, 'availability_zone_hints': [], 'routes': [], 'flavor_id': None, 'tags': [], 'created_at': '2025-12-08T21:25:53Z', 'updated_at': '2025-12-08T21:25:53Z', 'revision_number': 2, 'project_id': '2de2c6bf17ff46a09e49a6fd32562d1d'}
2025-12-08 21:25:55.364 65433 WARNING tempest.lib.common.ssh [-] Failed to establish authenticated ssh connection to cirros@10.180.180.253 ([Errno None] Unable to connect to port 22 on 10.180.180.253). Number attempts: 10. Retry after 11 seconds.: paramiko.ssh_exception.NoValidConnectionsError: [Errno None] Unable to connect to port 22 on 10.180.180.253
2025-12-08 21:25:55.415 65435 INFO tempest.lib.common.rest_client [req-8b0b3ae6-37b5-4e11-9a07-75f704f307dd req-8b0b3ae6-37b5-4e11-9a07-75f704f307dd ] Request (ServersAdminTestJSON:test_inject_network_info): 200 GET http://10.180.1.21/compute/v2.1/servers/76155db8-131e-4836-9ce6-7df035f677ea 3.280s
2025-12-08 21:25:55.429 65439 INFO tempest.lib.common.rest_client [req-26b5d918-c75d-49ba-9994-b15d4ab9d8e2 req-26b5d918-c75d-49ba-9994-b15d4ab9d8e2 ] Request (InstanceActionsTestJSON:setUpClass): 201 POST http://10.180.1.21/identity/v3/auth/tokens 0.098s
2025-12-08 21:25:55.452 65459 INFO tempest.lib.common.rest_client [req-0b255f01-09c0-4d3b-89f0-62f23acb6f8b req-0b255f01-09c0-4d3b-89f0-62f23acb6f8b ] Request (VolumesAdminNegativeTest:tearDownClass): 200 PUT http://10.180.1.21/networking/v2.0/routers/16bbfd9e-3772-4c03-95c8-fa868f9cd93d/remove_router_interface 0.794s
2025-12-08 21:25:55.467 65439 INFO tempest.lib.common.rest_client [req-1d54bd8d-7c4a-442b-bfd1-211f6aadf5bc req-1d54bd8d-7c4a-442b-bfd1-211f6aadf5bc ] Request (InstanceActionsTestJSON:setUpClass): 201 POST http://10.180.1.21/identity/v3/auth/tokens 0.030s
2025-12-08 21:25:55.468 65439 INFO tempest.lib.common.fixed_network [-] (InstanceActionsTestJSON:setUpClass) Found network {'id': 'f2fe6ac7-d243-4f9d-8df1-c1bf5a8abd99', 'name': 'tempest-InstanceActionsTestJSON-488629444-network', 'tenant_id': '2de2c6bf17ff46a09e49a6fd32562d1d', 'project_id': '2de2c6bf17ff46a09e49a6fd32562d1d', 'admin_state_up': True, 'mtu': 8950, 'status': 'ACTIVE', 'subnets': [], 'shared': False, 'port_security_enabled': True, 'router:external': False, 'provider:network_type': 'vlan', 'provider:physical_network': 'default', 'provider:segmentation_id': 683, 'availability_zone_hints': [], 'availability_zones': [], 'ipv4_address_scope': None, 'ipv6_address_scope': None, 'description': '', 'tags': [], 'created_at': '2025-12-08T21:25:53Z', 'updated_at': '2025-12-08T21:25:53Z', 'revision_number': 1} available for tenant
2025-12-08 21:25:55.560 65431 INFO tempest.lib.common.rest_client [req-f21a1a9d-a1d3-4630-8b6e-e068e8f8b6ab req-f21a1a9d-a1d3-4630-8b6e-e068e8f8b6ab ] Request (ListServerFiltersTestJSON:setUpClass): 200 GET http://10.180.1.21/compute/v2.1/servers/b299eb2a-a99e-452b-8cc6-6b6e9e17754f 3.387s
2025-12-08 21:25:55.615 65458 INFO tempest.lib.common.rest_client [req-7ae7b269-fc6b-40e0-aeab-6fd67161e268 req-7ae7b269-fc6b-40e0-aeab-6fd67161e268 ] Request (MigrationsAdminTest:test_list_migrations_in_flavor_resize_situation): 200 POST http://10.180.1.21/compute/v2.1/os-keypairs 3.095s
2025-12-08 21:25:55.631 65475 INFO tempest.lib.common.rest_client [req-67f5f4dc-cf43-44c3-b362-9af7173cf3a3 req-67f5f4dc-cf43-44c3-b362-9af7173cf3a3 ] Request (ServerDiagnosticsV248Test:tearDownClass): 200 GET http://10.180.1.21/networking/v2.0/security-groups?tenant_id=371ac59fb3624611a689fd732140fbb9&name=default 0.484s
2025-12-08 21:25:55.655 65443 INFO tempest.lib.common.rest_client [req-5cf43842-3095-48b7-b862-477630b50f82 req-5cf43842-3095-48b7-b862-477630b50f82 ] Request (ServersTestMultiNic:test_verify_duplicate_network_nics): 200 GET http://10.180.1.21/compute/v2.1/servers/12cb4127-ba95-4ecd-b6c9-8a2721771415 3.375s
2025-12-08 21:25:55.782 65458 INFO tempest.lib.common.rest_client [req-25e667d2-156f-47d1-804a-363b5de9e583 req-25e667d2-156f-47d1-804a-363b5de9e583 ] Request (MigrationsAdminTest:test_list_migrations_in_flavor_resize_situation): 201 POST http://10.180.1.21/networking/v2.0/security-groups 0.166s
2025-12-08 21:25:55.813 65451 INFO tempest.lib.common.rest_client [req-cd9d34bc-de9a-4c32-87aa-c1c8122fbb8c req-cd9d34bc-de9a-4c32-87aa-c1c8122fbb8c ] Request (FloatingIPsTestJSON:_run_cleanups): 404 DELETE http://10.180.1.21/compute/v2.1/os-floating-ips/80104ebc-5684-4a04-b8fe-f3dc94fe8e74 3.277s
2025-12-08 21:25:55.902 65475 INFO tempest.lib.common.rest_client [req-667c0fc8-3619-4c49-b445-2b9749ba34dd req-667c0fc8-3619-4c49-b445-2b9749ba34dd ] Request (ServerDiagnosticsV248Test:tearDownClass): 204 DELETE http://10.180.1.21/networking/v2.0/security-groups/68efcc5f-df69-47cd-b622-cd4ca4de9ea2 0.270s
2025-12-08 21:25:56.002 65459 INFO tempest.lib.common.rest_client [req-6e06cddd-2043-446f-91e9-356a0933200b req-6e06cddd-2043-446f-91e9-356a0933200b ] Request (VolumesAdminNegativeTest:tearDownClass): 204 DELETE http://10.180.1.21/networking/v2.0/routers/16bbfd9e-3772-4c03-95c8-fa868f9cd93d 0.550s
2025-12-08 21:25:56.004 65475 INFO tempest.lib.common.rest_client [req-c765f0fa-a5fd-40d6-a929-78a19d2c114c req-c765f0fa-a5fd-40d6-a929-78a19d2c114c ] Request (ServerDiagnosticsV248Test:tearDownClass): 204 DELETE http://10.180.1.21/identity/v3/projects/371ac59fb3624611a689fd732140fbb9 0.101s
2025-12-08 21:25:56.004 65475 INFO tempest.lib.common.dynamic_creds [-] Deleting project and security group for project: 9a3a528203704756a28b1b28da214eb3
2025-12-08 21:25:56.127 65458 INFO tempest.lib.common.rest_client [req-66bd59b9-3b5c-4385-9959-3a7098a721ce req-66bd59b9-3b5c-4385-9959-3a7098a721ce ] Request (MigrationsAdminTest:test_list_migrations_in_flavor_resize_situation): 201 POST http://10.180.1.21/networking/v2.0/security-group-rules 0.343s
2025-12-08 21:25:56.396 65459 INFO tempest.lib.common.rest_client [req-0b9357c4-7549-4bde-bbbd-d47bfa0ef3b2 req-0b9357c4-7549-4bde-bbbd-d47bfa0ef3b2 ] Request (VolumesAdminNegativeTest:tearDownClass): 204 DELETE http://10.180.1.21/networking/v2.0/subnets/1d356c7a-466a-456f-aac9-65391e65801c 0.393s
2025-12-08 21:25:56.498 65475 INFO tempest.lib.common.rest_client [req-66393138-a37e-4a06-a66f-b66e850d61cb req-66393138-a37e-4a06-a66f-b66e850d61cb ] Request (ServerDiagnosticsV248Test:tearDownClass): 200 GET http://10.180.1.21/networking/v2.0/security-groups?tenant_id=9a3a528203704756a28b1b28da214eb3&name=default 0.493s
2025-12-08 21:25:56.586 65458 INFO tempest.lib.common.rest_client [req-f841d70c-3aca-4ab1-9e99-485641c56950 req-f841d70c-3aca-4ab1-9e99-485641c56950 ] Request (MigrationsAdminTest:test_list_migrations_in_flavor_resize_situation): 201 POST http://10.180.1.21/networking/v2.0/security-group-rules 0.459s
2025-12-08 21:25:56.622 65473 INFO tempest.lib.common.rest_client [req-864244b8-daea-4433-a315-79b37f2654ea req-864244b8-daea-4433-a315-79b37f2654ea ] Request (ServerRescueTestJSON:test_rescue_unrescue_instance): 200 GET http://10.180.1.21/compute/v2.1/servers/61d0acbd-d416-467d-bd05-bb2c4725cfc8 3.788s
2025-12-08 21:25:56.804 65451 INFO tempest.lib.common.rest_client [req-c973eb00-e70c-4e2e-932e-1cec4021803e req-c973eb00-e70c-4e2e-932e-1cec4021803e ] Request (FloatingIPsTestJSON:tearDownClass): 200 PUT http://10.180.1.21/networking/v2.0/routers/ee4d461c-9783-4014-b9bc-aecad438a540/remove_router_interface 0.989s
2025-12-08 21:25:57.141 65459 INFO tempest.lib.common.rest_client [req-98054d33-f0d0-49d5-8a66-716594bfb1b6 req-98054d33-f0d0-49d5-8a66-716594bfb1b6 ] Request (VolumesAdminNegativeTest:tearDownClass): 204 DELETE http://10.180.1.21/networking/v2.0/networks/c685fd79-9524-4000-844a-b5c7c47e5f20 0.744s
2025-12-08 21:25:57.277 65475 INFO tempest.lib.common.rest_client [req-0ff577fc-11c6-4bea-9f9d-4238018b8181 req-0ff577fc-11c6-4bea-9f9d-4238018b8181 ] Request (ServerDiagnosticsV248Test:tearDownClass): 204 DELETE http://10.180.1.21/networking/v2.0/security-groups/ad619fe5-a3b2-4d70-98bc-090ae9ea629e 0.779s
2025-12-08 21:25:57.434 65475 INFO tempest.lib.common.rest_client [req-e8016bc7-042e-45b5-88eb-3756a418d0d2 req-e8016bc7-042e-45b5-88eb-3756a418d0d2 ] Request (ServerDiagnosticsV248Test:tearDownClass): 204 DELETE http://10.180.1.21/identity/v3/projects/9a3a528203704756a28b1b28da214eb3 0.157s
2025-12-08 21:25:57.515 65463 INFO tempest.lib.common.rest_client [req-ffbb7f89-e55c-4c39-9ba9-e4ec304ad0d5 req-ffbb7f89-e55c-4c39-9ba9-e4ec304ad0d5 ] Request (ServersListShow298Test:test_list_show_update_rebuild_server_298): 200 GET http://10.180.1.21/compute/v2.1/servers/0f22f213-6f00-436d-8672-17e8f89d0b86 4.113s
2025-12-08 21:25:57.528 65475 INFO tempest.lib.common.rest_client [req-0822cb12-c002-4cca-80ce-1dbd89e5b8a8 req-0822cb12-c002-4cca-80ce-1dbd89e5b8a8 ] Request (ServerActionsV293TestJSON:setUpClass): 201 POST http://10.180.1.21/identity/v3/auth/tokens 0.091s
2025-12-08 21:25:57.530 65463 INFO tempest.common.waiters [-] State transition "REBUILD/rebuilding" ==> "REBUILD/rebuild_spawning" after 5 second wait
2025-12-08 21:25:57.566 65475 INFO tempest.lib.common.rest_client [req-da377cb7-1ede-47ce-a7a0-5d39a658f81f req-da377cb7-1ede-47ce-a7a0-5d39a658f81f ] Request (ServerActionsV293TestJSON:setUpClass): 201 POST http://10.180.1.21/identity/v3/auth/tokens 0.035s
2025-12-08 21:25:57.597 65475 INFO tempest.lib.common.rest_client [req-afe853e6-3c67-446f-8a2b-9392334134cf req-afe853e6-3c67-446f-8a2b-9392334134cf ] Request (ServerActionsV293TestJSON:setUpClass): 200 GET http://10.180.1.21/identity/v3/domains?name=Default 0.030s
2025-12-08 21:25:57.626 65467 INFO tempest.lib.common.rest_client [req-bfdcb220-617c-4451-80fe-3284ed761f0e req-bfdcb220-617c-4451-80fe-3284ed761f0e ] Request (ImagesTestJSON:_run_cleanups): 204 DELETE http://10.180.1.21/compute/v2.1/servers/38c911b6-6696-446f-963d-3fbd90dac327 3.972s
2025-12-08 21:25:57.640 65475 INFO tempest.lib.common.rest_client [req-ed3e62e3-1385-4548-a83b-6ff7e065a77b req-ed3e62e3-1385-4548-a83b-6ff7e065a77b ] Request (ServerActionsV293TestJSON:setUpClass): 201 POST http://10.180.1.21/identity/v3/projects 0.042s
2025-12-08 21:25:57.711 65467 INFO tempest.lib.common.rest_client [req-8b0f651a-da78-4c52-b8d1-8877ee6e916d req-8b0f651a-da78-4c52-b8d1-8877ee6e916d ] Request (ImagesTestJSON:test_create_image_from_suspended_server): 201 POST http://10.180.1.21/identity/v3/auth/tokens 0.077s
2025-12-08 21:25:57.712 65467 INFO tempest.lib.common.fixed_network [-] (ImagesTestJSON:test_create_image_from_suspended_server) Found network {'id': 'b3cfcfea-1ffe-447a-8f55-ab7935a3098a', 'name': 'tempest-ImagesTestJSON-2026404415-network', 'tenant_id': '7ae6a5ba559b4efaa90623068805ed73', 'project_id': '7ae6a5ba559b4efaa90623068805ed73', 'admin_state_up': True, 'mtu': 8950, 'status': 'ACTIVE', 'subnets': [], 'shared': False, 'port_security_enabled': True, 'router:external': False, 'provider:network_type': 'vlan', 'provider:physical_network': 'default', 'provider:segmentation_id': 92, 'availability_zone_hints': [], 'availability_zones': [], 'ipv4_address_scope': None, 'ipv6_address_scope': None, 'description': '', 'tags': [], 'created_at': '2025-12-08T21:24:28Z', 'updated_at': '2025-12-08T21:24:28Z', 'revision_number': 1} available for tenant
2025-12-08 21:25:57.728 65465 WARNING tempest.lib.common.ssh [-] Failed to establish authenticated ssh connection to cirros@10.180.180.141 ([Errno None] Unable to connect to port 22 on 10.180.180.141). Number attempts: 10. Retry after 11 seconds.: paramiko.ssh_exception.NoValidConnectionsError: [Errno None] Unable to connect to port 22 on 10.180.180.141
2025-12-08 21:25:57.767 65475 INFO tempest.lib.common.rest_client [req-8d8b6896-f1f2-40df-8f50-84c457d430fa req-8d8b6896-f1f2-40df-8f50-84c457d430fa ] Request (ServerActionsV293TestJSON:setUpClass): 201 POST http://10.180.1.21/identity/v3/users 0.126s
2025-12-08 21:25:57.799 65475 INFO tempest.lib.common.rest_client [req-c1ba8c2a-1681-4da0-af60-005b628cecea req-c1ba8c2a-1681-4da0-af60-005b628cecea ] Request (ServerActionsV293TestJSON:setUpClass): 200 GET http://10.180.1.21/identity/v3/roles 0.032s
2025-12-08 21:25:57.837 65475 INFO tempest.lib.common.rest_client [req-1043d3ab-4633-4269-864f-77bd2d6884e3 req-1043d3ab-4633-4269-864f-77bd2d6884e3 ] Request (ServerActionsV293TestJSON:setUpClass): 204 PUT http://10.180.1.21/identity/v3/projects/8763ede213504c8987dc4bc0eac67e6d/users/316c504661b7464c903f9d2400030e44/roles/cb6117eded3d4713be38130a912a3cfe 0.036s
2025-12-08 21:25:57.837 65475 INFO tempest.lib.common.dynamic_creds [-] Dynamic test user 316c504661b7464c903f9d2400030e44 is created with scope project and roles: ['member']
2025-12-08 21:25:57.837 65475 INFO tempest.lib.common.dynamic_creds [-] Acquired dynamic creds: credentials: Credentials: {'domain_id': 'default', 'domain_name': 'Default', 'username': 'tempest-ServerActionsV293TestJSON-93712724-project-member', 'project_domain_id': 'default', 'project_domain_name': 'Default', 'project_id': '8763ede213504c8987dc4bc0eac67e6d', 'project_name': 'tempest-ServerActionsV293TestJSON-93712724', 'tenant_id': '8763ede213504c8987dc4bc0eac67e6d', 'tenant_name': 'tempest-ServerActionsV293TestJSON-93712724', 'user_domain_id': 'default', 'user_domain_name': 'Default', 'user_id': '316c504661b7464c903f9d2400030e44', 'system': None}, Network: None, Subnet: None, Router: None
2025-12-08 21:25:57.867 65458 INFO tempest.lib.common.rest_client [req-8fb79035-8fc2-4483-8816-c660f714cd2a req-8fb79035-8fc2-4483-8816-c660f714cd2a ] Request (MigrationsAdminTest:test_list_migrations_in_flavor_resize_situation): 201 POST http://10.180.1.21/networking/v2.0/floatingips 1.281s
2025-12-08 21:25:57.908 65475 INFO tempest.lib.common.rest_client [req-7f5734e1-ed35-4bcf-a4a0-3ccc6558d7db req-7f5734e1-ed35-4bcf-a4a0-3ccc6558d7db ] Request (ServerActionsV293TestJSON:setUpClass): 201 POST http://10.180.1.21/identity/v3/auth/tokens 0.070s
2025-12-08 21:25:57.959 65451 INFO tempest.lib.common.rest_client [req-7f205c08-518a-4c39-9d5c-09076f1f2e08 req-7f205c08-518a-4c39-9d5c-09076f1f2e08 ] Request (FloatingIPsTestJSON:tearDownClass): 204 DELETE http://10.180.1.21/networking/v2.0/routers/ee4d461c-9783-4014-b9bc-aecad438a540 1.155s
2025-12-08 21:25:58.460 65487 INFO tempest.lib.common.rest_client [req-43b72f11-2d1c-4b8c-8838-dac5216dc4bb req-43b72f11-2d1c-4b8c-8838-dac5216dc4bb ] Request (AttachVolumeShelveTestJSON:test_attach_volume_shelved_or_offload_server): 200 GET http://10.180.1.21/compute/v2.1/servers/47fc40bb-bcaa-408f-9221-1df0c61388f6 4.683s
2025-12-08 21:25:58.767 65459 INFO tempest.lib.common.rest_client [req-563156be-fda4-4dc5-90fc-c5b8210c6381 req-563156be-fda4-4dc5-90fc-c5b8210c6381 ] Request (VolumesAdminNegativeTest:tearDownClass): 200 PUT http://10.180.1.21/networking/v2.0/routers/9ce115f6-3ada-4b19-9469-edf7fa68cf6d/remove_router_interface 1.626s
2025-12-08 21:25:58.772 65475 INFO tempest.lib.common.rest_client [req-d3b68b36-8365-4872-ac0b-9db674f1589d req-d3b68b36-8365-4872-ac0b-9db674f1589d ] Request (ServerActionsV293TestJSON:setUpClass): 201 POST http://10.180.1.21/networking/v2.0/networks 0.864s
2025-12-08 21:25:58.931 65451 INFO tempest.lib.common.rest_client [req-b6628f9a-864f-4fa6-9b99-218e90c888f2 req-b6628f9a-864f-4fa6-9b99-218e90c888f2 ] Request (FloatingIPsTestJSON:tearDownClass): 204 DELETE http://10.180.1.21/networking/v2.0/subnets/2cec3c3d-99df-4050-834e-82c9b096afc1 0.971s
2025-12-08 21:25:59.472 65459 INFO tempest.lib.common.rest_client [req-5a436827-4574-4ac4-af93-b198d14fdea8 req-5a436827-4574-4ac4-af93-b198d14fdea8 ] Request (VolumesAdminNegativeTest:tearDownClass): 204 DELETE http://10.180.1.21/networking/v2.0/routers/9ce115f6-3ada-4b19-9469-edf7fa68cf6d 0.705s
2025-12-08 21:25:59.671 65475 INFO tempest.lib.common.rest_client [req-8a505b7f-fb40-4d74-9357-430f4faa7334 req-8a505b7f-fb40-4d74-9357-430f4faa7334 ] Request (ServerActionsV293TestJSON:setUpClass): 201 POST http://10.180.1.21/networking/v2.0/subnets 0.898s
2025-12-08 21:25:59.889 65451 INFO tempest.lib.common.rest_client [req-9c93cfa8-dfe1-4b76-987a-6e8ee1980a5f req-9c93cfa8-dfe1-4b76-987a-6e8ee1980a5f ] Request (FloatingIPsTestJSON:tearDownClass): 204 DELETE http://10.180.1.21/networking/v2.0/networks/55e04f6b-82f5-43d9-8446-1e62fe1628d9 0.958s
2025-12-08 21:25:59.996 65451 INFO tempest.lib.common.rest_client [req-eb7842b3-4fb1-4747-b08b-0e45fac310ac req-eb7842b3-4fb1-4747-b08b-0e45fac310ac ] Request (FloatingIPsTestJSON:tearDownClass): 204 DELETE http://10.180.1.21/identity/v3/users/d49b478a56e84d129e5d0c5fac1cfa52 0.106s
2025-12-08 21:25:59.996 65451 INFO tempest.lib.common.dynamic_creds [-] Deleting project and security group for project: 3b41e0f8718940779b8f0d932dc20159
2025-12-08 21:26:00.031 65455 INFO tempest.lib.common.rest_client [req-7d0b3fab-e819-451b-82c0-c92fde71387f req-7d0b3fab-e819-451b-82c0-c92fde71387f ] Request (ServerAddressesNegativeTestJSON:setUpClass): 200 GET http://10.180.1.21/compute/v2.1/servers/5962b819-1dbd-4157-ab63-1bdcd147c779 5.723s
2025-12-08 21:26:00.163 65437 WARNING tempest.lib.common.ssh [-] Failed to establish authenticated ssh connection to cirros@10.180.180.208 ([Errno None] Unable to connect to port 22 on 10.180.180.208). Number attempts: 5. Retry after 6 seconds.: paramiko.ssh_exception.NoValidConnectionsError: [Errno None] Unable to connect to port 22 on 10.180.180.208
2025-12-08 21:26:00.233 65459 INFO tempest.lib.common.rest_client [req-11752932-3085-4f93-8030-e67255202494 req-11752932-3085-4f93-8030-e67255202494 ] Request (VolumesAdminNegativeTest:tearDownClass): 204 DELETE http://10.180.1.21/networking/v2.0/subnets/c500d81d-6761-4d4f-89ef-5d609a294d38 0.760s
2025-12-08 21:26:00.926 65475 INFO tempest.lib.common.rest_client [req-0fc3ef7d-b9a0-4e16-b7a6-0559329fe8c1 req-0fc3ef7d-b9a0-4e16-b7a6-0559329fe8c1 ] Request (ServerActionsV293TestJSON:setUpClass): 201 POST http://10.180.1.21/networking/v2.0/routers 1.255s
2025-12-08 21:26:00.935 65451 INFO tempest.lib.common.rest_client [req-2f8e5681-3422-4352-a93a-e3a2b73fe4db req-2f8e5681-3422-4352-a93a-e3a2b73fe4db ] Request (FloatingIPsTestJSON:tearDownClass): 200 GET http://10.180.1.21/networking/v2.0/security-groups?tenant_id=3b41e0f8718940779b8f0d932dc20159&name=default 0.939s
2025-12-08 21:26:00.960 65427 INFO tempest.lib.common.rest_client [req-7183c0ad-b6b4-46ff-bf26-50cc18d9ab04 req-7183c0ad-b6b4-46ff-bf26-50cc18d9ab04 ] Request (ImagesOneServerTestJSON:setUpClass): 200 GET http://10.180.1.21/compute/v2.1/servers/64bc58ff-776c-4937-93c0-c1bd224048a5 6.647s
2025-12-08 21:26:01.216 65459 INFO tempest.lib.common.rest_client [req-85485214-e1d0-4b9c-9c57-298813c87db4 req-85485214-e1d0-4b9c-9c57-298813c87db4 ] Request (VolumesAdminNegativeTest:tearDownClass): 204 DELETE http://10.180.1.21/networking/v2.0/networks/bb2635c5-9013-4c11-8d99-d38ed1d9d104 0.983s
