2025-11-21 02:21:07.130 66905 INFO tempest.lib.common.fixed_network [-] (ServerRescueTestJSONUnderV235:setUpClass) Found network {'id': '396ffa8d-ca26-412f-96a9-dd8391ed5744', 'name': 'tempest-ServerRescueTestJSONUnderV235-225900432-network', 'tenant_id': 'abf7da36277a4b02965a052ffcb0e2f9', 'project_id': 'abf7da36277a4b02965a052ffcb0e2f9', 'admin_state_up': True, 'mtu': 8950, 'status': 'ACTIVE', 'subnets': [], 'shared': False, 'port_security_enabled': True, 'router:external': False, 'provider:network_type': 'vlan', 'provider:physical_network': 'default', 'provider:segmentation_id': 21, 'availability_zone_hints': [], 'availability_zones': [], 'ipv4_address_scope': None, 'ipv6_address_scope': None, 'description': '', 'tags': [], 'created_at': '2025-11-21T02:21:03Z', 'updated_at': '2025-11-21T02:21:03Z', 'revision_number': 1} available for tenant
2025-11-21 02:21:07.288 66869 INFO tempest.lib.common.rest_client [req-78cb2a6f-997e-445f-9eef-a784d8621358 req-78cb2a6f-997e-445f-9eef-a784d8621358 ] Request (VolumesAssistedSnapshotsTest:test_volume_assisted_snapshot_create_delete): 200 GET http://10.180.1.21/volume/v3/volumes/3ba7f4be-76e0-424b-907e-f11bc30c57f5 0.046s
2025-11-21 02:21:07.295 66869 INFO tempest.common.waiters [-] Attachment 5705d2c9-9a11-4e18-a97c-63cbc707f79d created for volume 3ba7f4be-76e0-424b-907e-f11bc30c57f5 to server ec16c77f-8a26-48cb-9ad5-b524350fcf0b after waiting for 9.295173 seconds
2025-11-21 02:21:07.308 66879 INFO tempest.lib.common.rest_client [req-de4ea74b-3416-4a9c-960a-4623298eae46 req-de4ea74b-3416-4a9c-960a-4623298eae46 ] Request (ListServerFiltersTestJSON:setUpClass): 201 POST http://10.180.1.21/networking/v2.0/networks 1.021s
2025-11-21 02:21:07.332 66869 INFO tempest.lib.common.rest_client [req-9532e0a9-8052-4c85-841a-f85560d79747 req-9532e0a9-8052-4c85-841a-f85560d79747 ] Request (VolumesAssistedSnapshotsTest:test_volume_assisted_snapshot_create_delete): 200 GET http://10.180.1.21/volume/v3/volumes/3ba7f4be-76e0-424b-907e-f11bc30c57f5 0.036s
2025-11-21 02:21:07.343 66863 INFO tempest.lib.common.rest_client [req-d4138601-4e09-4bcc-84b6-03383092bdc8 req-d4138601-4e09-4bcc-84b6-03383092bdc8 ] Request (ServersTestJSON:test_create_server_specify_multibyte_character_name): 200 GET http://10.180.1.21/compute/v2.1/servers/8d7a94cf-dd54-4f5e-a142-4894fb31d747 5.514s
2025-11-21 02:21:07.344 66869 INFO tempest.common.waiters [-] volume 3ba7f4be-76e0-424b-907e-f11bc30c57f5 reached in-use after waiting for 0.344300 seconds
2025-11-21 02:21:07.365 66909 INFO tempest.lib.common.rest_client [req-89180d03-3c44-4d80-9e8d-b87f0689e1df req-89180d03-3c44-4d80-9e8d-b87f0689e1df ] Request (ServersTestManualDisk:setUpClass): 200 GET http://10.180.1.21/compute/v2.1/servers/1ef47f44-ff48-4bd0-9983-89e66f03e217 5.472s
2025-11-21 02:21:07.384 66867 INFO tempest.lib.common.rest_client [req-4809be00-4304-4afd-84ba-9163441e039c req-4809be00-4304-4afd-84ba-9163441e039c ] Request (KeyPairsV22TestJSON:_run_cleanups): 204 DELETE http://10.180.1.21/compute/v2.1/os-keypairs/tempest-KeyPairsV22TestJSON-keypair-1864958977 5.359s
2025-11-21 02:21:07.408 66891 INFO tempest.lib.common.rest_client [req-d6b87cf9-64e5-45b7-8bc6-cccdb85797fb req-d6b87cf9-64e5-45b7-8bc6-cccdb85797fb ] Request (ListServersNegativeTestJSON:tearDownClass): 404 DELETE http://10.180.1.21/compute/v2.1/servers/37454815-84ce-48bb-b057-15c876873e73 5.293s
2025-11-21 02:21:07.580 66879 INFO tempest.lib.common.rest_client [req-797be191-23f0-4e57-b6b2-78091d6cc3a3 req-797be191-23f0-4e57-b6b2-78091d6cc3a3 ] Request (ListServerFiltersTestJSON:setUpClass): 201 POST http://10.180.1.21/networking/v2.0/subnets 0.271s
2025-11-21 02:21:07.580 66879 INFO tempest.lib.common.dynamic_creds [-] Created isolated network resources for: credentials: Credentials: {'domain_id': 'default', 'domain_name': 'Default', 'username': 'tempest-ListServerFiltersTestJSON-1482878491-project-member', 'project_domain_id': 'default', 'project_domain_name': 'Default', 'project_id': '5808489d12ae48fb8165392d339dd798', 'project_name': 'tempest-ListServerFiltersTestJSON-1482878491', 'tenant_id': '5808489d12ae48fb8165392d339dd798', 'tenant_name': 'tempest-ListServerFiltersTestJSON-1482878491', 'user_domain_id': 'default', 'user_domain_name': 'Default', 'user_id': 'b52244a82c60491699bdd06448e2e906', 'system': None}, Network: {'id': '628604e8-bd43-4f6c-87a1-807d2420153b', 'name': 'tempest-ListServerFiltersTestJSON-556276728-network', 'tenant_id': '5808489d12ae48fb8165392d339dd798', 'project_id': '5808489d12ae48fb8165392d339dd798', 'admin_state_up': True, 'mtu': 8950, 'status': 'ACTIVE', 'subnets': [], 'shared': False, 'port_security_enabled': True, 'router:external': False, 'provider:network_type': 'vlan', 'provider:physical_network': 'default', 'provider:segmentation_id': 549, 'availability_zone_hints': [], 'availability_zones': [], 'ipv4_address_scope': None, 'ipv6_address_scope': None, 'description': '', 'tags': [], 'created_at': '2025-11-21T02:21:07Z', 'updated_at': '2025-11-21T02:21:07Z', 'revision_number': 1}, Subnet: {'id': '881f2ef1-f97a-4381-a8c9-1682435d9c1b', 'name': 'tempest-ListServerFiltersTestJSON-556276728-subnet', 'tenant_id': '5808489d12ae48fb8165392d339dd798', 'network_id': '628604e8-bd43-4f6c-87a1-807d2420153b', 'ip_version': 4, 'subnetpool_id': None, 'enable_dhcp': True, 'ipv6_ra_mode': None, 'ipv6_address_mode': None, 'gateway_ip': '192.168.128.1', 'cidr': '192.168.128.0/28', 'allocation_pools': [{'start': '192.168.128.2', 'end': '192.168.128.14'}], 'host_routes': [], 'dns_nameservers': [], 'description': '', 'router:external': False, 'service_types': [], 'tags': [], 'created_at': '2025-11-21T02:21:07Z', 'updated_at': '2025-11-21T02:21:07Z', 'revision_number': 0, 'project_id': '5808489d12ae48fb8165392d339dd798'}, Router: None
2025-11-21 02:21:07.584 66889 INFO tempest.lib.common.rest_client [req-0571321e-9357-4910-b698-660a34c1ccae req-0571321e-9357-4910-b698-660a34c1ccae ] Request (ServerPasswordTestJSON:tearDownClass): 200 GET http://10.180.1.21/compute/v2.1/servers/bc5e389f-916a-43c6-b01e-f3d7fa257603 5.615s
2025-11-21 02:21:07.641 66899 INFO tempest.lib.common.rest_client [req-54cdfad1-0b3f-4854-9c18-7f3c8fe389c6 req-54cdfad1-0b3f-4854-9c18-7f3c8fe389c6 ] Request (ServerMetadataTestJSON:test_set_server_metadata_item): 200 GET http://10.180.1.21/compute/v2.1/servers/24d5d4bc-dda2-48ca-a82f-52dbdb03edde/metadata 5.048s
2025-11-21 02:21:07.680 66879 INFO tempest.lib.common.rest_client [req-dc419cb9-5ad5-4dd5-9f15-196aaba360a4 req-dc419cb9-5ad5-4dd5-9f15-196aaba360a4 ] Request (ListServerFiltersTestJSON:setUpClass): 201 POST http://10.180.1.21/identity/v3/auth/tokens 0.092s
2025-11-21 02:21:07.700 66896 INFO tempest.lib.common.rest_client [req-2b853254-312b-494d-8def-e924316660fe req-2b853254-312b-494d-8def-e924316660fe ] Request (DeleteServersAdminTestJSON:test_delete_server_while_in_error_state): 200 GET http://10.180.1.21/compute/v2.1/servers/0b281382-9c5a-4d87-8208-276181c1f6e6 5.516s
2025-11-21 02:21:07.709 66896 INFO tempest.common.waiters [-] State transition "BUILD/spawning" ==> "ACTIVE/None" after 43 second wait
2025-11-21 02:21:07.716 66879 INFO tempest.lib.common.rest_client [req-8b03baf6-b2ad-41c5-82fe-77444c444267 req-8b03baf6-b2ad-41c5-82fe-77444c444267 ] Request (ListServerFiltersTestJSON:setUpClass): 201 POST http://10.180.1.21/identity/v3/auth/tokens 0.033s
2025-11-21 02:21:07.717 66879 INFO tempest.lib.common.fixed_network [-] (ListServerFiltersTestJSON:setUpClass) Found network {'id': '628604e8-bd43-4f6c-87a1-807d2420153b', 'name': 'tempest-ListServerFiltersTestJSON-556276728-network', 'tenant_id': '5808489d12ae48fb8165392d339dd798', 'project_id': '5808489d12ae48fb8165392d339dd798', 'admin_state_up': True, 'mtu': 8950, 'status': 'ACTIVE', 'subnets': [], 'shared': False, 'port_security_enabled': True, 'router:external': False, 'provider:network_type': 'vlan', 'provider:physical_network': 'default', 'provider:segmentation_id': 549, 'availability_zone_hints': [], 'availability_zones': [], 'ipv4_address_scope': None, 'ipv6_address_scope': None, 'description': '', 'tags': [], 'created_at': '2025-11-21T02:21:07Z', 'updated_at': '2025-11-21T02:21:07Z', 'revision_number': 1} available for tenant
2025-11-21 02:21:07.720 66881 INFO tempest.lib.common.rest_client [req-5f9dafe7-116f-4fd3-aa4b-a68ab3607938 req-5f9dafe7-116f-4fd3-aa4b-a68ab3607938 ] Request (ServersV294TestFqdnHostnames:setUpClass): 200 GET http://10.180.1.21/compute/v2.1/servers/de2f7bb1-7573-4e73-8248-0de75b300af2 4.704s
2025-11-21 02:21:07.754 66879 INFO tempest.lib.common.rest_client [req-c09ebf49-9979-4edd-b9cd-c972dc49a4ee req-c09ebf49-9979-4edd-b9cd-c972dc49a4ee ] Request (ListServerFiltersTestJSON:setUpClass): 201 POST http://10.180.1.21/identity/v3/auth/tokens 0.034s
2025-11-21 02:21:07.755 66879 INFO tempest.lib.common.fixed_network [-] (ListServerFiltersTestJSON:setUpClass) Found network {'id': '628604e8-bd43-4f6c-87a1-807d2420153b', 'name': 'tempest-ListServerFiltersTestJSON-556276728-network', 'tenant_id': '5808489d12ae48fb8165392d339dd798', 'project_id': '5808489d12ae48fb8165392d339dd798', 'admin_state_up': True, 'mtu': 8950, 'status': 'ACTIVE', 'subnets': [], 'shared': False, 'port_security_enabled': True, 'router:external': False, 'provider:network_type': 'vlan', 'provider:physical_network': 'default', 'provider:segmentation_id': 549, 'availability_zone_hints': [], 'availability_zones': [], 'ipv4_address_scope': None, 'ipv6_address_scope': None, 'description': '', 'tags': [], 'created_at': '2025-11-21T02:21:07Z', 'updated_at': '2025-11-21T02:21:07Z', 'revision_number': 1} available for tenant
2025-11-21 02:21:07.782 66901 INFO tempest.lib.common.rest_client [req-56962e19-8afe-45f0-98ed-c133d52f0bd5 req-56962e19-8afe-45f0-98ed-c133d52f0bd5 ] Request (ServersAaction247Test:tearDownClass): 200 GET http://10.180.1.21/compute/v2.1/servers/f6d1ad47-73a4-4b7b-8d87-4f268648f6d3 4.760s
2025-11-21 02:21:07.896 66887 INFO tempest.lib.common.rest_client [req-52baa879-2006-4c0f-bb8d-0f5990de766c req-52baa879-2006-4c0f-bb8d-0f5990de766c ] Request (FloatingIPsAssociationTestJSON:test_associate_already_associated_floating_ip): 200 GET http://10.180.1.21/compute/v2.1/servers/a079b28c-58d6-4c63-9ef8-9d4c612da783 4.447s
2025-11-21 02:21:07.905 66887 INFO tempest.common.waiters [-] State transition "BUILD/None" ==> "BUILD/spawning" after 28 second wait
2025-11-21 02:21:08.012 66885 INFO tempest.lib.common.rest_client [req-65f42a2f-9391-4651-bbb9-c4936016203d req-65f42a2f-9391-4651-bbb9-c4936016203d ] Request (SecurityGroupRulesNegativeTestJSON:test_create_security_group_rule_duplicate): 200 POST http://10.180.1.21/compute/v2.1/os-security-groups 4.488s
2025-11-21 02:21:08.029 66907 INFO tempest.lib.common.rest_client [req-b0cc1db2-a545-4ad0-a226-652b8664c93d req-b0cc1db2-a545-4ad0-a226-652b8664c93d ] Request (ServersTestBootFromVolume:setUpClass): 200 GET http://10.180.1.21/volume/v3/volumes/aa7731e1-5f85-48a8-ba90-bcee8dfc0898 0.035s
2025-11-21 02:21:08.197 66865 INFO tempest.lib.common.rest_client [req-37f83091-44bd-4697-a7f9-c97c19e0ecce req-37f83091-44bd-4697-a7f9-c97c19e0ecce ] Request (ServerExternalEventsTest:test_create_server_external_events): 200 GET http://10.180.1.21/compute/v2.1/servers/9ed068e3-a530-4000-805b-07b321db2857 3.754s
2025-11-21 02:21:08.233 66857 INFO tempest.lib.common.rest_client [req-0f4c7d78-a567-40c5-949d-eb58dfeaac01 req-0f4c7d78-a567-40c5-949d-eb58dfeaac01 ] Request (ImagesOneServerNegativeTestJSON:tearDown): 200 GET http://10.180.1.21/compute/v2.1/servers/aa189a25-2dad-4dfd-affc-5e596ccd94ac 3.981s
2025-11-21 02:21:08.243 66857 INFO tempest.common.waiters [-] State transition "ACTIVE/image_uploading" ==> "ACTIVE/None" after 8 second wait
2025-11-21 02:21:08.289 66849 INFO tempest.lib.common.rest_client [req-e5f571a8-8b41-4ce8-8ddc-01a5e3a48b18 req-e5f571a8-8b41-4ce8-8ddc-01a5e3a48b18 ] Request (ServersNegativeTestJSON:setUpClass): 200 GET http://10.180.1.21/compute/v2.1/servers/3a7cf3f8-36cb-4074-9b61-444bc6919ec7 3.457s
2025-11-21 02:21:08.384 66861 INFO tempest.lib.common.rest_client [req-acb1cc4a-7dbd-4a7f-91b4-a0bfdd44750a req-acb1cc4a-7dbd-4a7f-91b4-a0bfdd44750a ] Request (MigrationsAdminTest:test_list_migrations_in_flavor_resize_situation): 200 GET http://10.180.1.21/compute/v2.1/servers/24e7dee3-635c-4826-bb02-dc1b72f95cd9 3.521s
2025-11-21 02:21:08.392 66861 INFO tempest.common.waiters [-] State transition "RESIZE/resize_migrating" ==> "RESIZE/resize_migrated" after 43 second wait
2025-11-21 02:21:08.412 66903 INFO tempest.lib.common.rest_client [req-280ccd7e-c132-4139-8f90-e20b938c478b req-280ccd7e-c132-4139-8f90-e20b938c478b ] Request (KeyPairsV2TestJSON:test_get_keypair_detail): 200 POST http://10.180.1.21/compute/v2.1/os-keypairs 3.467s
2025-11-21 02:21:08.453 66875 INFO tempest.lib.common.rest_client [req-7659de48-2410-445b-a3f1-7a4cde126a2b req-7659de48-2410-445b-a3f1-7a4cde126a2b ] Request (MultipleCreateTestJSON:test_multiple_create_with_reservation_return): 200 GET http://10.180.1.21/compute/v2.1/servers/0ff6a92c-b3a9-4fd3-b302-a4a4dcd56003 3.103s
2025-11-21 02:21:08.524 66883 INFO tempest.lib.common.rest_client [req-64242a38-7e50-4ee5-b87e-be11398778bb req-64242a38-7e50-4ee5-b87e-be11398778bb ] Request (ServerActionsTestJSON:setUpClass): 200 GET http://10.180.1.21/compute/v2.1/servers/ffe45ff7-dba7-41b7-b2ba-1776a5936c8a 2.380s
2025-11-21 02:21:08.551 66851 INFO tempest.lib.common.rest_client [req-5afad5bd-11c5-432a-a0cc-d018156f18ca req-5afad5bd-11c5-432a-a0cc-d018156f18ca ] Request (VolumesAdminNegativeTest:test_update_attached_volume_with_nonexistent_volume_in_uri): 200 GET http://10.180.1.21/compute/v2.1/servers/f359b97b-32fa-4122-b698-9300c2d7bf32 3.186s
2025-11-21 02:21:08.558 66851 INFO tempest.common.waiters [-] State transition "BUILD/None" ==> "BUILD/spawning" after 28 second wait
2025-11-21 02:21:08.583 66853 INFO tempest.lib.common.rest_client [req-9f26c45b-80ba-4664-822d-541da5731f9e req-9f26c45b-80ba-4664-822d-541da5731f9e ] Request (ServerDiagnosticsNegativeTest:test_get_server_diagnostics_by_non_admin): 200 GET http://10.180.1.21/compute/v2.1/servers/cde0590b-87f2-4620-a44c-7d603f5eee4d 2.432s
2025-11-21 02:21:08.632 66871 INFO tempest.lib.common.rest_client [req-048bc352-44c7-4f65-96bf-ab97c2abab8a req-048bc352-44c7-4f65-96bf-ab97c2abab8a ] Request (ServerDiskConfigTestJSON:test_rebuild_server_with_auto_disk_config): 200 GET http://10.180.1.21/compute/v2.1/servers/926749ff-9e7e-4464-9845-78e9ed50750c 1.670s
2025-11-21 02:21:08.668 66859 INFO tempest.lib.common.rest_client [req-e5c4c2e9-8091-4144-bdc0-e00f187cb454 req-e5c4c2e9-8091-4144-bdc0-e00f187cb454 ] Request (DeleteServersTestJSON:test_delete_active_server): 200 GET http://10.180.1.21/compute/v2.1/servers/0a4b2d86-1e21-4d46-b85c-a4956b3cd284 1.702s
2025-11-21 02:21:08.818 66869 INFO tempest.lib.common.rest_client [req-4eb3bef5-1daf-444c-b317-8964e6b0c43b req-4eb3bef5-1daf-444c-b317-8964e6b0c43b ] Request (VolumesAssistedSnapshotsTest:test_volume_assisted_snapshot_create_delete): 200 POST http://10.180.1.21/compute/v2.1/os-assisted-volume-snapshots 1.473s
2025-11-21 02:21:08.856 66867 INFO tempest.lib.common.rest_client [req-5ddbfe52-c04b-4e38-824e-8554baa04fdf req-5ddbfe52-c04b-4e38-824e-8554baa04fdf ] Request (KeyPairsV22TestJSON:test_keypairsv22_create_list_show): 201 POST http://10.180.1.21/compute/v2.1/os-keypairs 1.467s
2025-11-21 02:21:08.955 66891 INFO tempest.lib.common.rest_client [req-9e14008a-891c-460a-8ea8-719e7972f3f3 req-9e14008a-891c-460a-8ea8-719e7972f3f3 ] Request (ListServersNegativeTestJSON:tearDownClass): 200 GET http://10.180.1.21/compute/v2.1/servers/e279d81b-3200-40a8-967a-04d3fe34ee9b 1.544s
2025-11-21 02:21:09.033 66899 INFO tempest.lib.common.rest_client [req-da5af46e-89f2-4bb0-84ed-8ab601ba4644 req-da5af46e-89f2-4bb0-84ed-8ab601ba4644 ] Request (ServerMetadataTestJSON:setUp): 200 PUT http://10.180.1.21/compute/v2.1/servers/24d5d4bc-dda2-48ca-a82f-52dbdb03edde/metadata 1.389s
2025-11-21 02:21:09.089 66907 INFO tempest.lib.common.rest_client [req-b798bf89-8227-4d19-b1af-423d96fde039 req-b798bf89-8227-4d19-b1af-423d96fde039 ] Request (ServersTestBootFromVolume:setUpClass): 200 GET http://10.180.1.21/volume/v3/volumes/aa7731e1-5f85-48a8-ba90-bcee8dfc0898 0.046s
2025-11-21 02:21:09.111 66896 INFO tempest.lib.common.rest_client [req-2eec986f-0cc2-457a-bc8b-9c2161df1d76 req-2eec986f-0cc2-457a-bc8b-9c2161df1d76 ] Request (DeleteServersAdminTestJSON:test_delete_server_while_in_error_state): 202 POST http://10.180.1.21/compute/v2.1/servers/0b281382-9c5a-4d87-8208-276181c1f6e6/action 1.402s
2025-11-21 02:21:09.159 66905 INFO tempest.lib.common.rest_client [req-27191e91-881c-4f1f-87ae-2632bc1830cc req-27191e91-881c-4f1f-87ae-2632bc1830cc ] Request (ServerRescueTestJSONUnderV235:setUpClass): 202 POST http://10.180.1.21/compute/v2.1/servers 2.028s
2025-11-21 02:21:09.223 66855 INFO tempest.lib.common.rest_client [req-1a131975-0f8b-4414-a8c7-575f90452859 req-1a131975-0f8b-4414-a8c7-575f90452859 ] Request (ServersAdminTestJSON:setUpClass): 200 GET http://10.180.1.21/compute/v2.1/servers/2f1457bf-4d26-4be2-8f8a-00b4e8656518 1.362s
2025-11-21 02:21:09.297 66897 INFO tempest.lib.common.rest_client [req-d99dd8a1-1c34-4db6-923a-4770f053923a req-d99dd8a1-1c34-4db6-923a-4770f053923a ] Request (ServersAdminNegativeTestJSON:test_migrate_server_invalid_state): 200 GET http://10.180.1.21/compute/v2.1/servers/ab514ff8-f675-4898-823a-4f58a8b5735a 1.405s
2025-11-21 02:21:09.411 66911 WARNING tempest.lib.common.ssh [-] Failed to establish authenticated ssh connection to cirros@10.180.180.225 ([Errno None] Unable to connect to port 22 on 10.180.180.225). Number attempts: 4. Retry after 5 seconds.: paramiko.ssh_exception.NoValidConnectionsError: [Errno None] Unable to connect to port 22 on 10.180.180.225
2025-11-21 02:21:09.505 66879 INFO tempest.lib.common.rest_client [req-1ee5ba5d-edc0-4206-ab9f-b2bbb1ab8735 req-1ee5ba5d-edc0-4206-ab9f-b2bbb1ab8735 ] Request (ListServerFiltersTestJSON:setUpClass): 202 POST http://10.180.1.21/compute/v2.1/servers 1.750s
2025-11-21 02:21:09.567 66879 INFO tempest.lib.common.rest_client [req-23095471-73ae-4377-850c-d00a1c679954 req-23095471-73ae-4377-850c-d00a1c679954 ] Request (ListServerFiltersTestJSON:setUpClass): 201 POST http://10.180.1.21/identity/v3/auth/tokens 0.058s
2025-11-21 02:21:09.567 66879 INFO tempest.lib.common.fixed_network [-] (ListServerFiltersTestJSON:setUpClass) Found network {'id': '628604e8-bd43-4f6c-87a1-807d2420153b', 'name': 'tempest-ListServerFiltersTestJSON-556276728-network', 'tenant_id': '5808489d12ae48fb8165392d339dd798', 'project_id': '5808489d12ae48fb8165392d339dd798', 'admin_state_up': True, 'mtu': 8950, 'status': 'ACTIVE', 'subnets': [], 'shared': False, 'port_security_enabled': True, 'router:external': False, 'provider:network_type': 'vlan', 'provider:physical_network': 'default', 'provider:segmentation_id': 549, 'availability_zone_hints': [], 'availability_zones': [], 'ipv4_address_scope': None, 'ipv6_address_scope': None, 'description': '', 'tags': [], 'created_at': '2025-11-21T02:21:07Z', 'updated_at': '2025-11-21T02:21:07Z', 'revision_number': 1} available for tenant
2025-11-21 02:21:09.571 66885 INFO tempest.lib.common.rest_client [req-2e2b9a16-19de-440f-a138-f9470d3b627a req-2e2b9a16-19de-440f-a138-f9470d3b627a ] Request (SecurityGroupRulesNegativeTestJSON:test_create_security_group_rule_duplicate): 200 POST http://10.180.1.21/compute/v2.1/os-security-group-rules 1.552s
2025-11-21 02:21:09.621 66873 INFO tempest.lib.common.rest_client [req-45484f96-363f-423a-9d1c-c8576475dead req-45484f96-363f-423a-9d1c-c8576475dead ] Request (ServerDiagnosticsV248Test:tearDownClass): 200 GET http://10.180.1.21/compute/v2.1/servers/08c3c037-85f1-49ef-9eb2-3b70ef4440f0 1.512s
2025-11-21 02:21:09.665 66877 INFO tempest.lib.common.rest_client [req-7ca98eea-11d5-4794-a0c8-9be184d5fb88 req-7ca98eea-11d5-4794-a0c8-9be184d5fb88 ] Request (ImagesTestJSON:test_create_image_from_suspended_server): 200 GET http://10.180.1.21/compute/v2.1/servers/52f7e78a-d25a-4b24-b349-9c3593c25b31 1.543s
2025-11-21 02:21:09.754 66857 INFO tempest.lib.common.rest_client [req-dff97351-b363-4210-ba79-c321997a6bcb req-dff97351-b363-4210-ba79-c321997a6bcb ] Request (ImagesOneServerNegativeTestJSON:_run_cleanups): 204 DELETE http://10.180.1.21/compute/v2.1/servers/aa189a25-2dad-4dfd-affc-5e596ccd94ac 1.510s
2025-11-21 02:21:09.755 66863 INFO tempest.lib.common.rest_client [req-b36f1d96-ca4a-4b05-9f65-4006b099d7bd req-b36f1d96-ca4a-4b05-9f65-4006b099d7bd ] Request (ServersTestJSON:test_create_server_specify_multibyte_character_name): 200 GET http://10.180.1.21/compute/v2.1/servers/8d7a94cf-dd54-4f5e-a142-4894fb31d747 1.400s
2025-11-21 02:21:09.770 66903 INFO tempest.lib.common.rest_client [req-344a71f4-cc1a-4896-8140-3eaea5ca25bb req-344a71f4-cc1a-4896-8140-3eaea5ca25bb ] Request (KeyPairsV2TestJSON:test_get_keypair_detail): 200 GET http://10.180.1.21/compute/v2.1/os-keypairs/tempest-keypair-1501258217 1.356s
2025-11-21 02:21:09.816 66909 INFO tempest.lib.common.rest_client [req-39552e8c-7da5-4fa1-acd1-fd3e5828bfeb req-39552e8c-7da5-4fa1-acd1-fd3e5828bfeb ] Request (ServersTestManualDisk:setUpClass): 200 GET http://10.180.1.21/compute/v2.1/servers/1ef47f44-ff48-4bd0-9983-89e66f03e217 1.438s
2025-11-21 02:21:09.837 66889 INFO tempest.lib.common.rest_client [req-2e9994f0-ef89-452e-94d1-5833500ec5be req-2e9994f0-ef89-452e-94d1-5833500ec5be ] Request (ServerPasswordTestJSON:tearDownClass): 200 GET http://10.180.1.21/compute/v2.1/servers/bc5e389f-916a-43c6-b01e-f3d7fa257603 1.240s
2025-11-21 02:21:09.878 66881 INFO tempest.lib.common.rest_client [req-01679eca-eea3-489f-951e-8fab2246f8bf req-01679eca-eea3-489f-951e-8fab2246f8bf ] Request (ServersV294TestFqdnHostnames:setUpClass): 200 GET http://10.180.1.21/compute/v2.1/servers/de2f7bb1-7573-4e73-8248-0de75b300af2 1.145s
2025-11-21 02:21:09.905 66869 INFO tempest.lib.common.rest_client [req-f07bb6a6-9b99-408d-a12f-c663cc11edce req-f07bb6a6-9b99-408d-a12f-c663cc11edce ] Request (VolumesAssistedSnapshotsTest:test_volume_assisted_snapshot_create_delete): 204 DELETE http://10.180.1.21/compute/v2.1/os-assisted-volume-snapshots/None?delete_info=%7B%22volume_id%22%3A+%223ba7f4be-76e0-424b-907e-f11bc30c57f5%22%7D 1.086s
2025-11-21 02:21:09.910 66901 INFO tempest.lib.common.rest_client [req-4681d54f-36aa-49db-9095-833233b6fd21 req-4681d54f-36aa-49db-9095-833233b6fd21 ] Request (ServersAaction247Test:tearDownClass): 200 GET http://10.180.1.21/compute/v2.1/servers/f6d1ad47-73a4-4b7b-8d87-4f268648f6d3 1.114s
2025-11-21 02:21:09.915 66867 INFO tempest.lib.common.rest_client [req-379d18a6-d92f-422a-be9a-d2c92c921c0c req-379d18a6-d92f-422a-be9a-d2c92c921c0c ] Request (KeyPairsV22TestJSON:test_keypairsv22_create_list_show): 200 GET http://10.180.1.21/compute/v2.1/os-keypairs/tempest-keypair-1992855584 1.057s
2025-11-21 02:21:09.960 66869 INFO tempest.lib.common.rest_client [req-0920aac1-f01b-45cd-ae35-cf0de6d03606 req-0920aac1-f01b-45cd-ae35-cf0de6d03606 ] Request (VolumesAssistedSnapshotsTest:_run_cleanups): 200 GET http://10.180.1.21/volume/v3/volumes/3ba7f4be-76e0-424b-907e-f11bc30c57f5 0.055s
2025-11-21 02:21:09.992 66899 INFO tempest.lib.common.rest_client [req-c1e3c80e-49d4-405c-9a15-a5a567bf83a4 req-c1e3c80e-49d4-405c-9a15-a5a567bf83a4 ] Request (ServerMetadataTestJSON:test_update_metadata_empty_body): 200 POST http://10.180.1.21/compute/v2.1/servers/24d5d4bc-dda2-48ca-a82f-52dbdb03edde/metadata 0.958s
2025-11-21 02:21:10.034 66887 INFO tempest.lib.common.rest_client [req-fd2f73ee-492e-4248-8918-27397b6f4b9f req-fd2f73ee-492e-4248-8918-27397b6f4b9f ] Request (FloatingIPsAssociationTestJSON:test_associate_already_associated_floating_ip): 200 GET http://10.180.1.21/compute/v2.1/servers/a079b28c-58d6-4c63-9ef8-9d4c612da783 1.128s
2025-11-21 02:21:10.135 66905 INFO tempest.lib.common.rest_client [req-28a54df2-0112-4cbc-8add-e12477e6c8cc req-28a54df2-0112-4cbc-8add-e12477e6c8cc ] Request (ServerRescueTestJSONUnderV235:setUpClass): 200 GET http://10.180.1.21/compute/v2.1/servers/0e2b3204-5953-4492-8a52-72a2d396fd2f 0.974s
2025-11-21 02:21:10.137 66907 INFO tempest.lib.common.rest_client [req-3acdfe6a-b93b-4ea1-ba25-ef45581af270 req-3acdfe6a-b93b-4ea1-ba25-ef45581af270 ] Request (ServersTestBootFromVolume:setUpClass): 200 GET http://10.180.1.21/volume/v3/volumes/aa7731e1-5f85-48a8-ba90-bcee8dfc0898 0.039s
2025-11-21 02:21:10.160 66896 INFO tempest.lib.common.rest_client [req-8a4952e2-aba5-41d6-92d7-ff8459d96763 req-8a4952e2-aba5-41d6-92d7-ff8459d96763 ] Request (DeleteServersAdminTestJSON:test_delete_server_while_in_error_state): 200 GET http://10.180.1.21/compute/v2.1/servers/0b281382-9c5a-4d87-8208-276181c1f6e6 1.049s
2025-11-21 02:21:10.212 66865 INFO tempest.lib.common.rest_client [req-a069121b-fd50-478f-abaf-db2912d592dd req-a069121b-fd50-478f-abaf-db2912d592dd ] Request (ServerExternalEventsTest:test_create_server_external_events): 200 GET http://10.180.1.21/compute/v2.1/servers/9ed068e3-a530-4000-805b-07b321db2857 1.006s
2025-11-21 02:21:10.225 66849 INFO tempest.lib.common.rest_client [req-11388189-414a-43a4-b0b7-21d76dca5d84 req-11388189-414a-43a4-b0b7-21d76dca5d84 ] Request (ServersNegativeTestJSON:setUpClass): 200 GET http://10.180.1.21/compute/v2.1/servers/3a7cf3f8-36cb-4074-9b61-444bc6919ec7 0.928s
2025-11-21 02:21:10.285 66875 INFO tempest.lib.common.rest_client [req-cd2b856b-7f0c-4c19-92c1-80746726f3ef req-cd2b856b-7f0c-4c19-92c1-80746726f3ef ] Request (MultipleCreateTestJSON:test_multiple_create_with_reservation_return): 200 GET http://10.180.1.21/compute/v2.1/servers/0ff6a92c-b3a9-4fd3-b302-a4a4dcd56003 0.819s
2025-11-21 02:21:10.351 66861 INFO tempest.lib.common.rest_client [req-2c2f0ba1-ac33-4715-92a6-5a64bf92c7f4 req-2c2f0ba1-ac33-4715-92a6-5a64bf92c7f4 ] Request (MigrationsAdminTest:test_list_migrations_in_flavor_resize_situation): 200 GET http://10.180.1.21/compute/v2.1/servers/24e7dee3-635c-4826-bb02-dc1b72f95cd9 0.958s
2025-11-21 02:21:10.358 66861 INFO tempest.common.waiters [-] State transition "RESIZE/resize_migrated" ==> "RESIZE/resize_finish" after 45 second wait
2025-11-21 02:21:10.550 66883 INFO tempest.lib.common.rest_client [req-a0ecd1d0-bbad-4a32-9889-881113da83b6 req-a0ecd1d0-bbad-4a32-9889-881113da83b6 ] Request (ServerActionsTestJSON:setUpClass): 200 GET http://10.180.1.21/compute/v2.1/servers/ffe45ff7-dba7-41b7-b2ba-1776a5936c8a 1.017s
2025-11-21 02:21:10.558 66883 INFO tempest.common.waiters [-] State transition "BUILD/None" ==> "BUILD/spawning" after 30 second wait
2025-11-21 02:21:10.594 66851 INFO tempest.lib.common.rest_client [req-d2e866fb-7aec-4f48-8293-166d4a161727 req-d2e866fb-7aec-4f48-8293-166d4a161727 ] Request (VolumesAdminNegativeTest:test_update_attached_volume_with_nonexistent_volume_in_uri): 200 GET http://10.180.1.21/compute/v2.1/servers/f359b97b-32fa-4122-b698-9300c2d7bf32 1.034s
2025-11-21 02:21:10.658 66885 INFO tempest.lib.common.rest_client [req-6015ae59-8a11-40fa-ae65-99ef5a4966f8 req-6015ae59-8a11-40fa-ae65-99ef5a4966f8 ] Request (SecurityGroupRulesNegativeTestJSON:test_create_security_group_rule_duplicate): 400 POST http://10.180.1.21/compute/v2.1/os-security-group-rules 1.085s
2025-11-21 02:21:10.760 66853 INFO tempest.lib.common.rest_client [req-49ff25f6-fe98-43bb-867d-48a0eb25bb85 req-49ff25f6-fe98-43bb-867d-48a0eb25bb85 ] Request (ServerDiagnosticsNegativeTest:test_get_server_diagnostics_by_non_admin): 200 GET http://10.180.1.21/compute/v2.1/servers/cde0590b-87f2-4620-a44c-7d603f5eee4d 1.167s
2025-11-21 02:21:10.852 66871 INFO tempest.lib.common.rest_client [req-611324a4-c138-4ee3-bbb5-c96e5b4102f6 req-611324a4-c138-4ee3-bbb5-c96e5b4102f6 ] Request (ServerDiskConfigTestJSON:test_rebuild_server_with_auto_disk_config): 200 GET http://10.180.1.21/compute/v2.1/servers/926749ff-9e7e-4464-9845-78e9ed50750c 1.211s
2025-11-21 02:21:10.945 66859 INFO tempest.lib.common.rest_client [req-acc52826-44cc-424f-97d2-25e8b3f0c58a req-acc52826-44cc-424f-97d2-25e8b3f0c58a ] Request (DeleteServersTestJSON:test_delete_active_server): 200 GET http://10.180.1.21/compute/v2.1/servers/0a4b2d86-1e21-4d46-b85c-a4956b3cd284 1.269s
2025-11-21 02:21:10.977 66879 INFO tempest.lib.common.rest_client [req-5d89625a-50d8-4cdf-9058-4fc535cf913c req-5d89625a-50d8-4cdf-9058-4fc535cf913c ] Request (ListServerFiltersTestJSON:setUpClass): 202 POST http://10.180.1.21/compute/v2.1/servers 1.409s
2025-11-21 02:21:11.006 66903 INFO tempest.lib.common.rest_client [req-93619b3b-193a-4461-9b1f-ccab76e6150d req-93619b3b-193a-4461-9b1f-ccab76e6150d ] Request (KeyPairsV2TestJSON:_run_cleanups): 202 DELETE http://10.180.1.21/compute/v2.1/os-keypairs/tempest-keypair-1501258217 1.232s
2025-11-21 02:21:11.023 66867 INFO tempest.lib.common.rest_client [req-f52ec4ab-6c8d-4c33-b1e1-dd4e19ffd140 req-f52ec4ab-6c8d-4c33-b1e1-dd4e19ffd140 ] Request (KeyPairsV22TestJSON:test_keypairsv22_create_list_show): 200 GET http://10.180.1.21/compute/v2.1/os-keypairs 1.106s
2025-11-21 02:21:11.034 66879 INFO tempest.lib.common.rest_client [req-50726f72-1156-4c9b-9b51-45606e93aa24 req-50726f72-1156-4c9b-9b51-45606e93aa24 ] Request (ListServerFiltersTestJSON:setUpClass): 201 POST http://10.180.1.21/identity/v3/auth/tokens 0.052s
2025-11-21 02:21:11.035 66879 INFO tempest.lib.common.fixed_network [-] (ListServerFiltersTestJSON:setUpClass) Found network {'id': '628604e8-bd43-4f6c-87a1-807d2420153b', 'name': 'tempest-ListServerFiltersTestJSON-556276728-network', 'tenant_id': '5808489d12ae48fb8165392d339dd798', 'project_id': '5808489d12ae48fb8165392d339dd798', 'admin_state_up': True, 'mtu': 8950, 'status': 'ACTIVE', 'subnets': [], 'shared': False, 'port_security_enabled': True, 'router:external': False, 'provider:network_type': 'vlan', 'provider:physical_network': 'default', 'provider:segmentation_id': 549, 'availability_zone_hints': [], 'availability_zones': [], 'ipv4_address_scope': None, 'ipv6_address_scope': None, 'description': '', 'tags': [], 'created_at': '2025-11-21T02:21:07Z', 'updated_at': '2025-11-21T02:21:07Z', 'revision_number': 1} available for tenant
2025-11-21 02:21:11.101 66857 INFO tempest.lib.common.rest_client [req-62ab2c98-5e78-452c-8a41-99cd933a04ab req-62ab2c98-5e78-452c-8a41-99cd933a04ab ] Request (ImagesOneServerNegativeTestJSON:_run_cleanups): 200 GET http://10.180.1.21/compute/v2.1/servers/aa189a25-2dad-4dfd-affc-5e596ccd94ac 1.346s
2025-11-21 02:21:11.119 66891 INFO tempest.lib.common.rest_client [req-da56345c-6140-4341-8216-50aaa73538ec req-da56345c-6140-4341-8216-50aaa73538ec ] Request (ListServersNegativeTestJSON:tearDownClass): 200 GET http://10.180.1.21/compute/v2.1/servers/e279d81b-3200-40a8-967a-04d3fe34ee9b 1.155s
2025-11-21 02:21:11.153 66899 INFO tempest.lib.common.rest_client [req-e6bbc9bb-8d76-4789-a588-de584479cb31 req-e6bbc9bb-8d76-4789-a588-de584479cb31 ] Request (ServerMetadataTestJSON:test_update_metadata_empty_body): 200 GET http://10.180.1.21/compute/v2.1/servers/24d5d4bc-dda2-48ca-a82f-52dbdb03edde/metadata 1.158s
2025-11-21 02:21:11.201 66907 INFO tempest.lib.common.rest_client [req-a40c3060-ae65-4055-b629-e7c95b387b06 req-a40c3060-ae65-4055-b629-e7c95b387b06 ] Request (ServersTestBootFromVolume:setUpClass): 200 GET http://10.180.1.21/volume/v3/volumes/aa7731e1-5f85-48a8-ba90-bcee8dfc0898 0.049s
2025-11-21 02:21:11.287 66869 INFO tempest.lib.common.rest_client [req-d21e70e0-c1f8-4a6f-914c-2be8542f8917 req-d21e70e0-c1f8-4a6f-914c-2be8542f8917 ] Request (VolumesAssistedSnapshotsTest:_run_cleanups): 202 DELETE http://10.180.1.21/compute/v2.1/servers/ec16c77f-8a26-48cb-9ad5-b524350fcf0b/os-volume_attachments/3ba7f4be-76e0-424b-907e-f11bc30c57f5 1.319s
2025-11-21 02:21:11.294 66896 INFO tempest.lib.common.rest_client [req-cf045099-d678-4906-9db6-cb37f6852ced req-cf045099-d678-4906-9db6-cb37f6852ced ] Request (DeleteServersAdminTestJSON:test_delete_server_while_in_error_state): 204 DELETE http://10.180.1.21/compute/v2.1/servers/0b281382-9c5a-4d87-8208-276181c1f6e6 1.122s
2025-11-21 02:21:11.360 66855 INFO tempest.lib.common.rest_client [req-a0bc3cc9-f2ef-42cc-8ae8-6931ab553af8 req-a0bc3cc9-f2ef-42cc-8ae8-6931ab553af8 ] Request (ServersAdminTestJSON:setUpClass): 200 GET http://10.180.1.21/compute/v2.1/servers/2f1457bf-4d26-4be2-8f8a-00b4e8656518 1.122s
2025-11-21 02:21:11.378 66897 INFO tempest.lib.common.rest_client [req-8e623f3a-f400-4d8c-8616-b534ec84546a req-8e623f3a-f400-4d8c-8616-b534ec84546a ] Request (ServersAdminNegativeTestJSON:test_migrate_server_invalid_state): 200 GET http://10.180.1.21/compute/v2.1/servers/ab514ff8-f675-4898-823a-4f58a8b5735a 1.071s
2025-11-21 02:21:11.451 66873 INFO tempest.lib.common.rest_client [req-61bbfa8e-877b-436f-8029-1b3593cce776 req-61bbfa8e-877b-436f-8029-1b3593cce776 ] Request (ServerDiagnosticsV248Test:tearDownClass): 200 GET http://10.180.1.21/compute/v2.1/servers/08c3c037-85f1-49ef-9eb2-3b70ef4440f0 0.817s
2025-11-21 02:21:11.579 66885 INFO tempest.lib.common.rest_client [req-30f9b209-b854-4046-a5e4-a2d88cac8413 req-30f9b209-b854-4046-a5e4-a2d88cac8413 ] Request (SecurityGroupRulesNegativeTestJSON:_run_cleanups): 202 DELETE http://10.180.1.21/compute/v2.1/os-security-group-rules/6c80c8f5-fcab-4f78-810e-1db0909529ce 0.921s
2025-11-21 02:21:11.608 66877 INFO tempest.lib.common.rest_client [req-d11eba58-e266-4a5d-886b-59fc999e54d4 req-d11eba58-e266-4a5d-886b-59fc999e54d4 ] Request (ImagesTestJSON:test_create_image_from_suspended_server): 200 GET http://10.180.1.21/compute/v2.1/servers/52f7e78a-d25a-4b24-b349-9c3593c25b31 0.935s
2025-11-21 02:21:11.652 66863 INFO tempest.lib.common.rest_client [req-a06b7cb0-0c35-412a-b3de-2930ddd39b3a req-a06b7cb0-0c35-412a-b3de-2930ddd39b3a ] Request (ServersTestJSON:test_create_server_specify_multibyte_character_name): 200 GET http://10.180.1.21/compute/v2.1/servers/8d7a94cf-dd54-4f5e-a142-4894fb31d747 0.882s
2025-11-21 02:21:11.665 66909 INFO tempest.lib.common.rest_client [req-b846d875-e290-4862-bdca-bb0f5a431a66 req-b846d875-e290-4862-bdca-bb0f5a431a66 ] Request (ServersTestManualDisk:setUpClass): 200 GET http://10.180.1.21/compute/v2.1/servers/1ef47f44-ff48-4bd0-9983-89e66f03e217 0.836s
2025-11-21 02:21:11.720 66889 INFO tempest.lib.common.rest_client [req-a83ff659-5bd0-4b6f-81c4-268777f62c94 req-a83ff659-5bd0-4b6f-81c4-268777f62c94 ] Request (ServerPasswordTestJSON:tearDownClass): 200 GET http://10.180.1.21/compute/v2.1/servers/bc5e389f-916a-43c6-b01e-f3d7fa257603 0.875s
2025-11-21 02:21:11.723 66881 INFO tempest.lib.common.rest_client [req-9e8e7f29-850e-40e3-98ca-b607c6a7815b req-9e8e7f29-850e-40e3-98ca-b607c6a7815b ] Request (ServersV294TestFqdnHostnames:setUpClass): 200 GET http://10.180.1.21/compute/v2.1/servers/de2f7bb1-7573-4e73-8248-0de75b300af2 0.830s
2025-11-21 02:21:11.751 66903 INFO tempest.lib.common.rest_client [req-79bbbeab-4f4d-4f23-abb0-658d35d327b2 req-79bbbeab-4f4d-4f23-abb0-658d35d327b2 ] Request (KeyPairsV2TestJSON:test_keypair_create_delete): 200 POST http://10.180.1.21/compute/v2.1/os-keypairs 0.743s
2025-11-21 02:21:11.768 66867 INFO tempest.lib.common.rest_client [req-d968dac9-7be5-413b-b155-6381d76a2b6b req-d968dac9-7be5-413b-b155-6381d76a2b6b ] Request (KeyPairsV22TestJSON:_run_cleanups): 204 DELETE http://10.180.1.21/compute/v2.1/os-keypairs/tempest-keypair-1992855584 0.742s
2025-11-21 02:21:11.778 66901 INFO tempest.lib.common.rest_client [req-19323a09-0751-4815-95e3-1de502c7481a req-19323a09-0751-4815-95e3-1de502c7481a ] Request (ServersAaction247Test:tearDownClass): 200 GET http://10.180.1.21/compute/v2.1/servers/f6d1ad47-73a4-4b7b-8d87-4f268648f6d3 0.857s
2025-11-21 02:21:11.915 66887 INFO tempest.lib.common.rest_client [req-46246199-5cc0-4396-932c-797f0bf9c4c8 req-46246199-5cc0-4396-932c-797f0bf9c4c8 ] Request (FloatingIPsAssociationTestJSON:test_associate_already_associated_floating_ip): 200 GET http://10.180.1.21/compute/v2.1/servers/a079b28c-58d6-4c63-9ef8-9d4c612da783 0.868s
2025-11-21 02:21:11.980 66905 INFO tempest.lib.common.rest_client [req-a6cee46b-c700-4a9c-ae72-405a20ff6a15 req-a6cee46b-c700-4a9c-ae72-405a20ff6a15 ] Request (ServerRescueTestJSONUnderV235:setUpClass): 200 GET http://10.180.1.21/compute/v2.1/servers/0e2b3204-5953-4492-8a52-72a2d396fd2f 0.829s
2025-11-21 02:21:12.034 66899 INFO tempest.lib.common.rest_client [req-54a7b425-d4f2-4728-8e56-fda4a389e769 req-54a7b425-d4f2-4728-8e56-fda4a389e769 ] Request (ServerMetadataTestJSON:setUp): 200 PUT http://10.180.1.21/compute/v2.1/servers/24d5d4bc-dda2-48ca-a82f-52dbdb03edde/metadata 0.879s
2025-11-21 02:21:12.115 66879 INFO tempest.lib.common.rest_client [req-1783fd25-ac0e-4fd8-a546-5d2676a64ed5 req-1783fd25-ac0e-4fd8-a546-5d2676a64ed5 ] Request (ListServerFiltersTestJSON:setUpClass): 202 POST http://10.180.1.21/compute/v2.1/servers 1.080s
2025-11-21 02:21:12.247 66907 INFO tempest.lib.common.rest_client [req-ab022e60-a7d8-42ca-879a-fb3c5934e785 req-ab022e60-a7d8-42ca-879a-fb3c5934e785 ] Request (ServersTestBootFromVolume:setUpClass): 200 GET http://10.180.1.21/volume/v3/volumes/aa7731e1-5f85-48a8-ba90-bcee8dfc0898 0.038s
2025-11-21 02:21:12.343 66865 INFO tempest.lib.common.rest_client [req-3dadadec-5f48-4dfc-b563-aed115fde0c3 req-3dadadec-5f48-4dfc-b563-aed115fde0c3 ] Request (ServerExternalEventsTest:test_create_server_external_events): 200 GET http://10.180.1.21/compute/v2.1/servers/9ed068e3-a530-4000-805b-07b321db2857 1.118s
2025-11-21 02:21:12.389 66869 INFO tempest.lib.common.rest_client [req-ad5c1d0c-7dcd-4978-9d83-8a3ed1e81cb6 req-ad5c1d0c-7dcd-4978-9d83-8a3ed1e81cb6 ] Request (VolumesAssistedSnapshotsTest:_run_cleanups): 200 GET http://10.180.1.21/compute/v2.1/servers/ec16c77f-8a26-48cb-9ad5-b524350fcf0b/os-volume_attachments 1.101s
2025-11-21 02:21:12.394 66849 INFO tempest.lib.common.rest_client [req-336846f1-6834-48f5-bf5a-5348a5330a87 req-336846f1-6834-48f5-bf5a-5348a5330a87 ] Request (ServersNegativeTestJSON:setUpClass): 200 GET http://10.180.1.21/compute/v2.1/servers/3a7cf3f8-36cb-4074-9b61-444bc6919ec7 1.149s
2025-11-21 02:21:12.462 66875 INFO tempest.lib.common.rest_client [req-fb3bac02-cb3c-42ae-a4b1-ed9e6d9d468b req-fb3bac02-cb3c-42ae-a4b1-ed9e6d9d468b ] Request (MultipleCreateTestJSON:test_multiple_create_with_reservation_return): 200 GET http://10.180.1.21/compute/v2.1/servers/0ff6a92c-b3a9-4fd3-b302-a4a4dcd56003 1.162s
2025-11-21 02:21:12.542 66896 INFO tempest.lib.common.rest_client [req-f5e78d8b-cc4e-4e65-9cd8-43f08361be6e req-f5e78d8b-cc4e-4e65-9cd8-43f08361be6e ] Request (DeleteServersAdminTestJSON:test_delete_server_while_in_error_state): 200 GET http://10.180.1.21/compute/v2.1/servers/0b281382-9c5a-4d87-8208-276181c1f6e6 1.248s
2025-11-21 02:21:12.612 66861 INFO tempest.lib.common.rest_client [req-aed2ca81-8167-4e71-8512-0308bfa99ede req-aed2ca81-8167-4e71-8512-0308bfa99ede ] Request (MigrationsAdminTest:test_list_migrations_in_flavor_resize_situation): 200 GET http://10.180.1.21/compute/v2.1/servers/24e7dee3-635c-4826-bb02-dc1b72f95cd9 1.252s
2025-11-21 02:21:12.619 66861 INFO tempest.common.waiters [-] State transition "RESIZE/resize_finish" ==> "VERIFY_RESIZE/None" after 47 second wait
2025-11-21 02:21:12.779 66885 INFO tempest.lib.common.rest_client [req-1dbdd9d7-6994-48fe-b53d-058aaae67a86 req-1dbdd9d7-6994-48fe-b53d-058aaae67a86 ] Request (SecurityGroupRulesNegativeTestJSON:test_create_security_group_rule_with_invalid_from_port): 200 POST http://10.180.1.21/compute/v2.1/os-security-groups 1.199s
2025-11-21 02:21:12.817 66883 INFO tempest.lib.common.rest_client [req-4a6035ea-4806-4b9c-a566-42112982ca86 req-4a6035ea-4806-4b9c-a566-42112982ca86 ] Request (ServerActionsTestJSON:setUpClass): 200 GET http://10.180.1.21/compute/v2.1/servers/ffe45ff7-dba7-41b7-b2ba-1776a5936c8a 1.257s
2025-11-21 02:21:12.847 66903 INFO tempest.lib.common.rest_client [req-f6461410-b359-4a38-b296-5c4783ec8196 req-f6461410-b359-4a38-b296-5c4783ec8196 ] Request (KeyPairsV2TestJSON:_run_cleanups): 202 DELETE http://10.180.1.21/compute/v2.1/os-keypairs/tempest-keypair-1462976358 1.094s
2025-11-21 02:21:12.945 66851 INFO tempest.lib.common.rest_client [req-14624476-379a-4729-a150-4dd430f7c40e req-14624476-379a-4729-a150-4dd430f7c40e ] Request (VolumesAdminNegativeTest:test_update_attached_volume_with_nonexistent_volume_in_uri): 200 GET http://10.180.1.21/compute/v2.1/servers/f359b97b-32fa-4122-b698-9300c2d7bf32 1.343s
2025-11-21 02:21:13.098 66853 INFO tempest.lib.common.rest_client [req-9514d8b1-4a89-48f7-a4af-2e85a2b1a5f5 req-9514d8b1-4a89-48f7-a4af-2e85a2b1a5f5 ] Request (ServerDiagnosticsNegativeTest:test_get_server_diagnostics_by_non_admin): 200 GET http://10.180.1.21/compute/v2.1/servers/cde0590b-87f2-4620-a44c-7d603f5eee4d 1.329s
2025-11-21 02:21:13.107 66853 INFO tempest.common.waiters [-] State transition "BUILD/None" ==> "BUILD/block_device_mapping" after 32 second wait
2025-11-21 02:21:13.139 66867 INFO tempest.lib.common.rest_client [req-c549ad4e-e6ef-422d-8bcc-56c27216c908 req-c549ad4e-e6ef-422d-8bcc-56c27216c908 ] Request (KeyPairsV22TestJSON:test_keypairsv22_create_list_show_with_type): 201 POST http://10.180.1.21/compute/v2.1/os-keypairs 1.369s
2025-11-21 02:21:13.159 66871 INFO tempest.lib.common.rest_client [req-643f1dcf-c27b-4ce3-82ad-38bbe9d4d854 req-643f1dcf-c27b-4ce3-82ad-38bbe9d4d854 ] Request (ServerDiskConfigTestJSON:test_rebuild_server_with_auto_disk_config): 200 GET http://10.180.1.21/compute/v2.1/servers/926749ff-9e7e-4464-9845-78e9ed50750c 1.296s
2025-11-21 02:21:13.208 66859 INFO tempest.lib.common.rest_client [req-bcba1701-5dc0-40a3-a3c5-7baf51bb12f7 req-bcba1701-5dc0-40a3-a3c5-7baf51bb12f7 ] Request (DeleteServersTestJSON:test_delete_active_server): 200 GET http://10.180.1.21/compute/v2.1/servers/0a4b2d86-1e21-4d46-b85c-a4956b3cd284 1.256s
2025-11-21 02:21:13.247 66899 INFO tempest.lib.common.rest_client [req-291ec0f9-716c-4784-af5d-5265b6aa71ca req-291ec0f9-716c-4784-af5d-5265b6aa71ca ] Request (ServerMetadataTestJSON:test_update_server_metadata): 200 POST http://10.180.1.21/compute/v2.1/servers/24d5d4bc-dda2-48ca-a82f-52dbdb03edde/metadata 1.212s
2025-11-21 02:21:13.271 66857 INFO tempest.lib.common.rest_client [req-6bd9469f-4e32-44cc-b935-76b290352486 req-6bd9469f-4e32-44cc-b935-76b290352486 ] Request (ImagesOneServerNegativeTestJSON:_run_cleanups): 200 GET http://10.180.1.21/compute/v2.1/servers/aa189a25-2dad-4dfd-affc-5e596ccd94ac 1.158s
2025-11-21 02:21:13.297 66907 INFO tempest.lib.common.rest_client [req-edbe29a3-20e9-4f69-86e4-8367f19703b4 req-edbe29a3-20e9-4f69-86e4-8367f19703b4 ] Request (ServersTestBootFromVolume:setUpClass): 200 GET http://10.180.1.21/volume/v3/volumes/aa7731e1-5f85-48a8-ba90-bcee8dfc0898 0.038s
2025-11-21 02:21:13.315 66879 INFO tempest.lib.common.rest_client [req-bd6a6b1a-2254-4108-a7f7-f88b7f5e8af5 req-bd6a6b1a-2254-4108-a7f7-f88b7f5e8af5 ] Request (ListServerFiltersTestJSON:setUpClass): 200 GET http://10.180.1.21/compute/v2.1/servers/1d1edb0d-fc47-4667-a281-f15498d6999f 1.198s
2025-11-21 02:21:13.346 66891 INFO tempest.lib.common.rest_client [req-0e392ef2-2a4b-409c-8acd-76d5668f7e1f req-0e392ef2-2a4b-409c-8acd-76d5668f7e1f ] Request (ListServersNegativeTestJSON:tearDownClass): 200 GET http://10.180.1.21/compute/v2.1/servers/e279d81b-3200-40a8-967a-04d3fe34ee9b 1.218s
2025-11-21 02:21:13.377 66855 INFO tempest.lib.common.rest_client [req-e49bf4af-b61c-40ef-a489-6ae55ac365c2 req-e49bf4af-b61c-40ef-a489-6ae55ac365c2 ] Request (ServersAdminTestJSON:setUpClass): 200 GET http://10.180.1.21/compute/v2.1/servers/2f1457bf-4d26-4be2-8f8a-00b4e8656518 1.004s
2025-11-21 02:21:13.409 66897 INFO tempest.lib.common.rest_client [req-d5ad16c3-40a7-4c4f-9b4d-9b6f0786ebb4 req-d5ad16c3-40a7-4c4f-9b4d-9b6f0786ebb4 ] Request (ServersAdminNegativeTestJSON:test_migrate_server_invalid_state): 200 GET http://10.180.1.21/compute/v2.1/servers/ab514ff8-f675-4898-823a-4f58a8b5735a 1.018s
2025-11-21 02:21:13.459 66873 INFO tempest.lib.common.rest_client [req-57de60b3-57bc-4d70-ac88-4c30ac265fca req-57de60b3-57bc-4d70-ac88-4c30ac265fca ] Request (ServerDiagnosticsV248Test:tearDownClass): 200 GET http://10.180.1.21/compute/v2.1/servers/08c3c037-85f1-49ef-9eb2-3b70ef4440f0 0.994s
2025-11-21 02:21:13.480 66877 INFO tempest.lib.common.rest_client [req-50fadcff-0418-46e8-b595-4e8211cae38f req-50fadcff-0418-46e8-b595-4e8211cae38f ] Request (ImagesTestJSON:test_create_image_from_suspended_server): 200 GET http://10.180.1.21/compute/v2.1/servers/52f7e78a-d25a-4b24-b349-9c3593c25b31 0.862s
2025-11-21 02:21:13.533 66861 INFO tempest.lib.common.rest_client [req-4049ff4e-cce0-47dc-a1c7-d2a1ed2a84f0 req-4049ff4e-cce0-47dc-a1c7-d2a1ed2a84f0 ] Request (MigrationsAdminTest:test_list_migrations_in_flavor_resize_situation): 204 POST http://10.180.1.21/compute/v2.1/servers/24e7dee3-635c-4826-bb02-dc1b72f95cd9/action 0.914s
2025-11-21 02:21:13.537 66863 INFO tempest.lib.common.rest_client [req-c55c350b-6829-4ea6-b664-7c493b4c82ad req-c55c350b-6829-4ea6-b664-7c493b4c82ad ] Request (ServersTestJSON:test_create_server_specify_multibyte_character_name): 200 GET http://10.180.1.21/compute/v2.1/servers/8d7a94cf-dd54-4f5e-a142-4894fb31d747 0.876s
2025-11-21 02:21:13.597 66909 INFO tempest.lib.common.rest_client [req-3329d459-c8d6-4941-8f4b-49ec656cda42 req-3329d459-c8d6-4941-8f4b-49ec656cda42 ] Request (ServersTestManualDisk:setUpClass): 200 GET http://10.180.1.21/compute/v2.1/servers/1ef47f44-ff48-4bd0-9983-89e66f03e217 0.923s
2025-11-21 02:21:13.609 66889 INFO tempest.lib.common.rest_client [req-02d2c3c3-7464-485a-a9f7-4740d7c19f1e req-02d2c3c3-7464-485a-a9f7-4740d7c19f1e ] Request (ServerPasswordTestJSON:tearDownClass): 200 GET http://10.180.1.21/compute/v2.1/servers/bc5e389f-916a-43c6-b01e-f3d7fa257603 0.881s
2025-11-21 02:21:13.681 66885 INFO tempest.lib.common.rest_client [req-576c181f-c3b8-4251-aac4-4439b2a16396 req-576c181f-c3b8-4251-aac4-4439b2a16396 ] Request (SecurityGroupRulesNegativeTestJSON:test_create_security_group_rule_with_invalid_from_port): 400 POST http://10.180.1.21/compute/v2.1/os-security-group-rules 0.897s
2025-11-21 02:21:13.705 66881 INFO tempest.lib.common.rest_client [req-2cecbb58-dff9-46fb-a621-dbdd00a436a1 req-2cecbb58-dff9-46fb-a621-dbdd00a436a1 ] Request (ServersV294TestFqdnHostnames:setUpClass): 200 GET http://10.180.1.21/compute/v2.1/servers/de2f7bb1-7573-4e73-8248-0de75b300af2 0.971s
2025-11-21 02:21:13.760 66903 INFO tempest.lib.common.rest_client [req-84aafcfd-8f54-4b24-ac17-bedb9f051db0 req-84aafcfd-8f54-4b24-ac17-bedb9f051db0 ] Request (KeyPairsV2TestJSON:test_keypair_create_with_pub_key): 200 POST http://10.180.1.21/compute/v2.1/os-keypairs 0.911s
2025-11-21 02:21:13.761 66901 INFO tempest.lib.common.rest_client [req-130f8d1e-2e9d-47f5-8563-328e89db4970 req-130f8d1e-2e9d-47f5-8563-328e89db4970 ] Request (ServersAaction247Test:tearDownClass): 200 GET http://10.180.1.21/compute/v2.1/servers/f6d1ad47-73a4-4b7b-8d87-4f268648f6d3 0.974s
2025-11-21 02:21:13.836 66905 INFO tempest.lib.common.rest_client [req-c5fc3b50-cce8-4fd7-bd27-ac32c461d4ac req-c5fc3b50-cce8-4fd7-bd27-ac32c461d4ac ] Request (ServerRescueTestJSONUnderV235:setUpClass): 200 GET http://10.180.1.21/compute/v2.1/servers/0e2b3204-5953-4492-8a52-72a2d396fd2f 0.847s
2025-11-21 02:21:13.846 66867 INFO tempest.lib.common.rest_client [req-431b6cf1-e5af-4aeb-b137-17925a8bf8c0 req-431b6cf1-e5af-4aeb-b137-17925a8bf8c0 ] Request (KeyPairsV22TestJSON:test_keypairsv22_create_list_show_with_type): 200 GET http://10.180.1.21/compute/v2.1/os-keypairs/tempest-keypair-479731844 0.706s
2025-11-21 02:21:13.911 66899 INFO tempest.lib.common.rest_client [req-c7130e30-69af-4a30-8e02-e9c1a0f54606 req-c7130e30-69af-4a30-8e02-e9c1a0f54606 ] Request (ServerMetadataTestJSON:test_update_server_metadata): 200 GET http://10.180.1.21/compute/v2.1/servers/24d5d4bc-dda2-48ca-a82f-52dbdb03edde/metadata 0.662s
2025-11-21 02:21:13.930 66887 INFO tempest.lib.common.rest_client [req-cf9bb78b-1be6-4384-b61c-46fa057870be req-cf9bb78b-1be6-4384-b61c-46fa057870be ] Request (FloatingIPsAssociationTestJSON:test_associate_already_associated_floating_ip): 200 GET http://10.180.1.21/compute/v2.1/servers/a079b28c-58d6-4c63-9ef8-9d4c612da783 1.003s
2025-11-21 02:21:13.965 66865 INFO tempest.lib.common.rest_client [req-e035fb30-4f87-4ce4-8db4-5125ec76b50a req-e035fb30-4f87-4ce4-8db4-5125ec76b50a ] Request (ServerExternalEventsTest:test_create_server_external_events): 200 GET http://10.180.1.21/compute/v2.1/servers/9ed068e3-a530-4000-805b-07b321db2857 0.607s
2025-11-21 02:21:13.969 66869 INFO tempest.lib.common.rest_client [req-8ddecbe9-ad44-4346-8ed5-49c792cce1e5 req-8ddecbe9-ad44-4346-8ed5-49c792cce1e5 ] Request (VolumesAssistedSnapshotsTest:_run_cleanups): 200 GET http://10.180.1.21/compute/v2.1/servers/ec16c77f-8a26-48cb-9ad5-b524350fcf0b/os-volume_attachments 0.578s
2025-11-21 02:21:14.020 66849 INFO tempest.lib.common.rest_client [req-ed0e9232-f524-4acb-8dec-9505574d6ce4 req-ed0e9232-f524-4acb-8dec-9505574d6ce4 ] Request (ServersNegativeTestJSON:setUpClass): 200 GET http://10.180.1.21/compute/v2.1/servers/3a7cf3f8-36cb-4074-9b61-444bc6919ec7 0.615s
2025-11-21 02:21:14.050 66875 INFO tempest.lib.common.rest_client [req-3536c05c-86f6-4b31-b858-0a02f4b5f1dd req-3536c05c-86f6-4b31-b858-0a02f4b5f1dd ] Request (MultipleCreateTestJSON:test_multiple_create_with_reservation_return): 200 GET http://10.180.1.21/compute/v2.1/servers/0ff6a92c-b3a9-4fd3-b302-a4a4dcd56003 0.578s
2025-11-21 02:21:14.157 66861 INFO tempest.lib.common.rest_client [req-de4ae29b-06d1-4b65-bd78-eecaeb7c97ff req-de4ae29b-06d1-4b65-bd78-eecaeb7c97ff ] Request (MigrationsAdminTest:test_list_migrations_in_flavor_resize_situation): 200 GET http://10.180.1.21/compute/v2.1/servers/24e7dee3-635c-4826-bb02-dc1b72f95cd9 0.623s
2025-11-21 02:21:14.166 66885 INFO tempest.lib.common.rest_client [req-10591804-3c33-422f-9f17-e1335d278276 req-10591804-3c33-422f-9f17-e1335d278276 ] Request (SecurityGroupRulesNegativeTestJSON:test_create_security_group_rule_with_invalid_id): 400 POST http://10.180.1.21/compute/v2.1/os-security-group-rules 0.484s
