2025-11-21 02:22:22.176 66867 INFO tempest.lib.common.rest_client [req-7b01310e-3a12-46b5-af20-587149a93a67 req-7b01310e-3a12-46b5-af20-587149a93a67 ] Request (ServerActionsV293TestJSON:setUpClass): 200 GET http://10.180.1.21/compute/v2.1/servers/8bcbf78e-a7b3-4281-9fb9-23beb708b9ed 0.084s
2025-11-21 02:22:22.187 66869 INFO tempest.lib.common.rest_client [req-57f7ed64-564a-4f82-ab2a-67870f0380fd req-57f7ed64-564a-4f82-ab2a-67870f0380fd ] Request (FlavorsV255TestJSON:tearDownClass): 200 GET http://10.180.1.21/networking/v2.0/security-groups?tenant_id=7ecd93d3179346f79ae8ff467b0e0288&name=default 0.190s
2025-11-21 02:22:22.188 66911 INFO tempest.lib.common.rest_client [req-9284d2fb-4991-4c95-a532-23b57da66844 req-9284d2fb-4991-4c95-a532-23b57da66844 ] Request (ServersWithSpecificFlavorTestJSON:test_verify_created_server_ephemeral_disk): 200 GET http://10.180.1.21/compute/v2.1/servers/470d61b5-2b57-4700-b2ca-ab9c2f1dcd89 0.095s
2025-11-21 02:22:22.201 66853 INFO tempest.lib.common.rest_client [req-8cd39c7b-773f-4e7e-b7f2-0c7df302a981 req-8cd39c7b-773f-4e7e-b7f2-0c7df302a981 ] Request (ServerShowV257Test:test_rebuild_server): 201 POST http://10.180.1.21/identity/v3/auth/tokens 0.028s
2025-11-21 02:22:22.202 66853 INFO tempest.lib.common.fixed_network [-] (ServerShowV257Test:test_rebuild_server) Found network None available for tenant
2025-11-21 02:22:22.233 66879 INFO tempest.lib.common.rest_client [req-3fc5a2c3-b5b8-4707-a034-6c47a6b54dac req-3fc5a2c3-b5b8-4707-a034-6c47a6b54dac ] Request (ListServerFiltersTestJSON:setUpClass): 200 GET http://10.180.1.21/compute/v2.1/servers/1d1edb0d-fc47-4667-a281-f15498d6999f 0.097s
2025-11-21 02:22:22.251 66857 INFO tempest.lib.common.rest_client [req-954b23c4-b7e2-46a5-b837-f94a864e43cc req-954b23c4-b7e2-46a5-b837-f94a864e43cc ] Request (ImagesOneServerNegativeTestJSON:_run_cleanups): 200 GET http://10.180.1.21/compute/v2.1/servers/9738e220-df85-4d2f-8832-de3cd42b6c66 0.092s
2025-11-21 02:22:22.282 66869 INFO tempest.lib.common.rest_client [req-c0dd8db2-a022-45a4-af9e-109a3486b63a req-c0dd8db2-a022-45a4-af9e-109a3486b63a ] Request (FlavorsV255TestJSON:tearDownClass): 204 DELETE http://10.180.1.21/networking/v2.0/security-groups/5b0502e9-467a-4284-9003-4d00c4169601 0.094s
2025-11-21 02:22:22.296 66887 INFO tempest.lib.common.rest_client [req-f0fd2488-d9d5-4608-b781-47c59035c4fa req-f0fd2488-d9d5-4608-b781-47c59035c4fa ] Request (FloatingIPsAssociationTestJSON:tearDownClass): 200 GET http://10.180.1.21/compute/v2.1/servers/a079b28c-58d6-4c63-9ef8-9d4c612da783 0.102s
2025-11-21 02:22:22.354 66855 INFO tempest.lib.common.rest_client [req-66b1877a-2043-4d22-99c2-4f756b289728 req-66b1877a-2043-4d22-99c2-4f756b289728 ] Request (ServersAdminTestJSON:test_create_server_with_scheduling_hint): 200 GET http://10.180.1.21/compute/v2.1/servers/053f8cba-8888-4820-bfab-1c093a4950f7 0.140s
2025-11-21 02:22:22.385 66869 INFO tempest.lib.common.rest_client [req-9af206c2-17e2-4479-9806-79f3bf213a11 req-9af206c2-17e2-4479-9806-79f3bf213a11 ] Request (FlavorsV255TestJSON:tearDownClass): 204 DELETE http://10.180.1.21/identity/v3/projects/7ecd93d3179346f79ae8ff467b0e0288 0.102s
2025-11-21 02:22:22.385 66869 INFO tempest.lib.common.dynamic_creds [-] Deleting project and security group for project: 1ec760a7992f4bb9b9fcf8da849e5de2
2025-11-21 02:22:22.412 66891 INFO tempest.lib.common.rest_client [req-33456f4f-777f-4bbc-a026-40dbb7637c32 req-33456f4f-777f-4bbc-a026-40dbb7637c32 ] Request (ServerAddressesTestJSON:setUpClass): 200 GET http://10.180.1.21/compute/v2.1/servers/9461d660-0dab-45f6-87a0-5500771eedee 0.166s
2025-11-21 02:22:22.448 66853 INFO tempest.lib.common.rest_client [req-a454d544-a309-46f3-ae62-88b1c70f5ee8 req-a454d544-a309-46f3-ae62-88b1c70f5ee8 ] Request (ServerShowV257Test:test_rebuild_server): 202 POST http://10.180.1.21/compute/v2.1/servers 0.245s
2025-11-21 02:22:22.487 66869 INFO tempest.lib.common.rest_client [req-5c1379ef-4af5-4ac9-af4f-a38d34076a32 req-5c1379ef-4af5-4ac9-af4f-a38d34076a32 ] Request (FlavorsV255TestJSON:tearDownClass): 200 GET http://10.180.1.21/networking/v2.0/security-groups?tenant_id=1ec760a7992f4bb9b9fcf8da849e5de2&name=default 0.102s
2025-11-21 02:22:22.506 66903 INFO tempest.lib.common.rest_client [req-c28dce68-4826-4103-a292-e2e0c685de96 req-c28dce68-4826-4103-a292-e2e0c685de96 ] Request (ServersTestMultiNic:test_verify_duplicate_network_nics): 200 GET http://10.180.1.21/compute/v2.1/servers/a077f982-00ab-497a-9152-94946f7dc16f 0.108s
2025-11-21 02:22:22.559 66875 INFO tempest.lib.common.rest_client [req-36270aeb-c0d6-4871-a9cb-10e4c700c04b req-36270aeb-c0d6-4871-a9cb-10e4c700c04b ] Request (MultipleCreateTestJSON:test_multiple_create_with_reservation_return): 200 GET http://10.180.1.21/compute/v2.1/servers/ab5ee36c-7ea1-45a3-acfb-16b416290613 0.174s
2025-11-21 02:22:22.566 66875 INFO tempest.common.waiters [-] State transition "BUILD/spawning" ==> "ACTIVE/None" after 6 second wait
2025-11-21 02:22:22.580 66853 INFO tempest.lib.common.rest_client [req-fc883463-b683-4c1a-999d-90116bdda08a req-fc883463-b683-4c1a-999d-90116bdda08a ] Request (ServerShowV257Test:test_rebuild_server): 200 GET http://10.180.1.21/compute/v2.1/servers/7168415b-f625-4b52-a52e-cb5a95e73ac8 0.130s
2025-11-21 02:22:22.626 66869 INFO tempest.lib.common.rest_client [req-742db5c5-30de-4922-8f39-c616524563c3 req-742db5c5-30de-4922-8f39-c616524563c3 ] Request (FlavorsV255TestJSON:tearDownClass): 204 DELETE http://10.180.1.21/networking/v2.0/security-groups/2a305010-3a4a-4104-8642-c23f006bcf94 0.138s
2025-11-21 02:22:22.633 66896 INFO tempest.lib.common.rest_client [req-1bed2824-0f7c-4f9a-ad93-64a49741c183 req-1bed2824-0f7c-4f9a-ad93-64a49741c183 ] Request (SecurityGroupsTestJSON:test_list_security_groups_by_server): 200 GET http://10.180.1.21/compute/v2.1/servers/0b312d62-4282-4f54-b4a8-54aee14517c0 0.182s
2025-11-21 02:22:22.677 66875 INFO tempest.lib.common.rest_client [req-705047d1-53bb-48d9-92ac-6e1fa34bc8ac req-705047d1-53bb-48d9-92ac-6e1fa34bc8ac ] Request (MultipleCreateTestJSON:tearDownClass): 204 DELETE http://10.180.1.21/compute/v2.1/servers/ab5ee36c-7ea1-45a3-acfb-16b416290613 0.109s
2025-11-21 02:22:22.698 66851 INFO tempest.lib.common.rest_client [req-801d3c10-88a1-4547-86d8-b3b84b9fc4b9 req-801d3c10-88a1-4547-86d8-b3b84b9fc4b9 ] Request (VolumesAdminNegativeTest:tearDownClass): 200 GET http://10.180.1.21/compute/v2.1/servers/f359b97b-32fa-4122-b698-9300c2d7bf32 0.107s
2025-11-21 02:22:22.726 66869 INFO tempest.lib.common.rest_client [req-891006c3-d805-4e68-bdf2-b97ae76b4598 req-891006c3-d805-4e68-bdf2-b97ae76b4598 ] Request (FlavorsV255TestJSON:tearDownClass): 204 DELETE http://10.180.1.21/identity/v3/projects/1ec760a7992f4bb9b9fcf8da849e5de2 0.099s
2025-11-21 02:22:22.755 66875 INFO tempest.lib.common.rest_client [req-17070bf9-3d9b-4acf-a142-0b953adbc7c1 req-17070bf9-3d9b-4acf-a142-0b953adbc7c1 ] Request (MultipleCreateTestJSON:tearDownClass): 204 DELETE http://10.180.1.21/compute/v2.1/servers/0ff6a92c-b3a9-4fd3-b302-a4a4dcd56003 0.078s
2025-11-21 02:22:22.761 66897 INFO tempest.lib.common.rest_client [req-d4dae295-33b8-4c55-b37d-b1ef28d8ff6d req-d4dae295-33b8-4c55-b37d-b1ef28d8ff6d ] Request (ServersAdminNegativeTestJSON:tearDownClass): 200 GET http://10.180.1.21/compute/v2.1/servers/ab514ff8-f675-4898-823a-4f58a8b5735a 0.071s
2025-11-21 02:22:22.808 66869 INFO tempest.lib.common.rest_client [req-5d687c75-600d-4587-885f-c0d3cdf907f9 req-5d687c75-600d-4587-885f-c0d3cdf907f9 ] Request (SecurityGroupsTestAdminJSON:setUpClass): 201 POST http://10.180.1.21/identity/v3/auth/tokens 0.080s
2025-11-21 02:22:22.810 66899 INFO tempest.lib.common.rest_client [req-6a50b5fb-15d3-47d2-b637-4fedd882d0e1 req-6a50b5fb-15d3-47d2-b637-4fedd882d0e1 ] Request (AttachVolumeNegativeTest:test_attach_attached_volume_to_different_server): 200 GET http://10.180.1.21/compute/v2.1/servers/7e189741-77c5-455a-90ba-b4bc6fc2e8d2 0.095s
2025-11-21 02:22:22.842 66869 INFO tempest.lib.common.rest_client [req-71965bac-fdfe-4217-bbab-a5a4d2089ca8 req-71965bac-fdfe-4217-bbab-a5a4d2089ca8 ] Request (SecurityGroupsTestAdminJSON:setUpClass): 201 POST http://10.180.1.21/identity/v3/auth/tokens 0.030s
2025-11-21 02:22:22.863 66849 INFO tempest.lib.common.rest_client [req-a3dee2c4-050e-4168-a3c0-eebe6d47c584 req-a3dee2c4-050e-4168-a3c0-eebe6d47c584 ] Request (ServersNegativeTestJSON:setUpClass): 200 GET http://10.180.1.21/compute/v2.1/servers/61ab880f-1ead-4b02-8ea4-d86c1fcf6ab9 0.103s
2025-11-21 02:22:22.875 66869 INFO tempest.lib.common.rest_client [req-267a0237-660d-45f5-89fb-820355a5d48a req-267a0237-660d-45f5-89fb-820355a5d48a ] Request (SecurityGroupsTestAdminJSON:setUpClass): 200 GET http://10.180.1.21/identity/v3/domains?name=Default 0.032s
2025-11-21 02:22:22.880 66875 INFO tempest.lib.common.rest_client [req-4a01aa26-e7e2-4c84-8397-21c9a6634a16 req-4a01aa26-e7e2-4c84-8397-21c9a6634a16 ] Request (MultipleCreateTestJSON:tearDownClass): 200 GET http://10.180.1.21/compute/v2.1/servers/ab5ee36c-7ea1-45a3-acfb-16b416290613 0.125s
2025-11-21 02:22:22.916 66869 INFO tempest.lib.common.rest_client [req-484c0b0b-adec-4f55-98c3-38713e7dc4c7 req-484c0b0b-adec-4f55-98c3-38713e7dc4c7 ] Request (SecurityGroupsTestAdminJSON:setUpClass): 201 POST http://10.180.1.21/identity/v3/projects 0.040s
2025-11-21 02:22:22.925 66877 INFO tempest.lib.common.rest_client [req-d58343fb-2b0f-450a-95bf-0d887054c442 req-d58343fb-2b0f-450a-95bf-0d887054c442 ] Request (ImagesTestJSON:test_create_server_from_snapshot): 200 GET http://10.180.1.21/compute/v2.1/servers/fcb80a35-492d-4830-910e-b25ccb8796e2 0.105s
2025-11-21 02:22:22.971 66907 INFO tempest.lib.common.rest_client [req-46f82808-e6a8-49b2-96f8-8f2bff72bc3e req-46f82808-e6a8-49b2-96f8-8f2bff72bc3e ] Request (ServersTestBootFromVolume:setUpClass): 200 GET http://10.180.1.21/compute/v2.1/servers/4fff5636-22aa-46f4-b8b0-19e24a76c3e1 0.075s
2025-11-21 02:22:22.991 66869 INFO tempest.lib.common.rest_client [req-fe8bb51a-6553-471a-8467-e9a7d48dc998 req-fe8bb51a-6553-471a-8467-e9a7d48dc998 ] Request (SecurityGroupsTestAdminJSON:setUpClass): 201 POST http://10.180.1.21/identity/v3/users 0.074s
2025-11-21 02:22:23.018 66869 INFO tempest.lib.common.rest_client [req-59d681b3-3797-4cfe-aec5-765e8cdfe4d0 req-59d681b3-3797-4cfe-aec5-765e8cdfe4d0 ] Request (SecurityGroupsTestAdminJSON:setUpClass): 200 GET http://10.180.1.21/identity/v3/roles 0.027s
2025-11-21 02:22:23.022 66859 INFO tempest.lib.common.rest_client [req-185ef131-5010-4df9-a650-f7179884fa04 req-185ef131-5010-4df9-a650-f7179884fa04 ] Request (DeleteServersTestJSON:test_delete_server_while_in_attached_volume): 200 GET http://10.180.1.21/compute/v2.1/servers/06b813d7-570d-472b-b020-26c19fa7baae 0.071s
2025-11-21 02:22:23.061 66869 INFO tempest.lib.common.rest_client [req-d0842f0d-7832-4460-a794-28bb33790112 req-d0842f0d-7832-4460-a794-28bb33790112 ] Request (SecurityGroupsTestAdminJSON:setUpClass): 204 PUT http://10.180.1.21/identity/v3/projects/5546d4ddab304ae3936bd416c60e9fb3/users/dc2684ee68ab4347947f54d30a7ba66a/roles/628c4edba4a04938aaa97647acbe87ad 0.042s
2025-11-21 02:22:23.061 66869 INFO tempest.lib.common.dynamic_creds [-] Dynamic test user dc2684ee68ab4347947f54d30a7ba66a is created with scope project and roles: ['member']
2025-11-21 02:22:23.062 66869 INFO tempest.lib.common.dynamic_creds [-] Acquired dynamic creds: credentials: Credentials: {'domain_id': 'default', 'domain_name': 'Default', 'username': 'tempest-SecurityGroupsTestAdminJSON-1309673675-project-member', 'project_domain_id': 'default', 'project_domain_name': 'Default', 'project_id': '5546d4ddab304ae3936bd416c60e9fb3', 'project_name': 'tempest-SecurityGroupsTestAdminJSON-1309673675', 'tenant_id': '5546d4ddab304ae3936bd416c60e9fb3', 'tenant_name': 'tempest-SecurityGroupsTestAdminJSON-1309673675', 'user_domain_id': 'default', 'user_domain_name': 'Default', 'user_id': 'dc2684ee68ab4347947f54d30a7ba66a', 'system': None}, Network: None, Subnet: None, Router: None
2025-11-21 02:22:23.062 66869 INFO tempest.lib.common.dynamic_creds [-] Created isolated network resources for: credentials: Credentials: {'domain_id': 'default', 'domain_name': 'Default', 'username': 'tempest-SecurityGroupsTestAdminJSON-1309673675-project-member', 'project_domain_id': 'default', 'project_domain_name': 'Default', 'project_id': '5546d4ddab304ae3936bd416c60e9fb3', 'project_name': 'tempest-SecurityGroupsTestAdminJSON-1309673675', 'tenant_id': '5546d4ddab304ae3936bd416c60e9fb3', 'tenant_name': 'tempest-SecurityGroupsTestAdminJSON-1309673675', 'user_domain_id': 'default', 'user_domain_name': 'Default', 'user_id': 'dc2684ee68ab4347947f54d30a7ba66a', 'system': None}, Network: None, Subnet: None, Router: None
2025-11-21 02:22:23.082 66865 INFO tempest.lib.common.rest_client [req-f3048657-6556-4cab-b656-4dd753eee4be req-f3048657-6556-4cab-b656-4dd753eee4be ] Request (ServerExternalEventsTest:test_create_server_external_events): 200 GET http://10.180.1.21/compute/v2.1/servers/9ed068e3-a530-4000-805b-07b321db2857 0.073s
2025-11-21 02:22:23.146 66905 INFO tempest.lib.common.rest_client [req-7f02417a-94aa-4d60-93cb-173eba11959c req-7f02417a-94aa-4d60-93cb-173eba11959c ] Request (ServerRescueTestJSONUnderV235:setUpClass): 200 GET http://10.180.1.21/compute/v2.1/servers/0e2b3204-5953-4492-8a52-72a2d396fd2f 0.132s
2025-11-21 02:22:23.177 66869 INFO tempest.lib.common.rest_client [req-b1c4a721-d6c9-4522-b38d-cd83ed775197 req-b1c4a721-d6c9-4522-b38d-cd83ed775197 ] Request (SecurityGroupsTestAdminJSON:setUpClass): 201 POST http://10.180.1.21/identity/v3/auth/tokens 0.112s
2025-11-21 02:22:23.204 66863 INFO tempest.lib.common.rest_client [req-3ad0d0aa-4414-41ae-be05-dfadc9166e96 req-3ad0d0aa-4414-41ae-be05-dfadc9166e96 ] Request (ServersTestJSON:test_create_server_specify_multibyte_character_name): 200 GET http://10.180.1.21/compute/v2.1/servers/8d7a94cf-dd54-4f5e-a142-4894fb31d747 0.243s
2025-11-21 02:22:23.221 66873 INFO tempest.lib.common.rest_client [req-78e1a163-dcbd-4a86-862e-5dc8b5f206b1 req-78e1a163-dcbd-4a86-862e-5dc8b5f206b1 ] Request (InstanceActionsV221TestJSON:test_get_list_deleted_instance_actions): 200 GET http://10.180.1.21/compute/v2.1/servers/6888c743-4907-47c2-9b5c-fa1aaa38b2b1 0.154s
2025-11-21 02:22:23.254 66869 INFO tempest.lib.common.rest_client [req-35971c54-0724-4c93-a280-adf3c772b6ec req-35971c54-0724-4c93-a280-adf3c772b6ec ] Request (SecurityGroupsTestAdminJSON:setUpClass): 201 POST http://10.180.1.21/identity/v3/projects 0.076s
2025-11-21 02:22:23.274 66909 INFO tempest.lib.common.rest_client [req-39720ffc-f16f-46e7-9008-3120a06f3770 req-39720ffc-f16f-46e7-9008-3120a06f3770 ] Request (ServersTestManualDisk:tearDownClass): 200 GET http://10.180.1.21/compute/v2.1/servers/1ef47f44-ff48-4bd0-9983-89e66f03e217 0.195s
2025-11-21 02:22:23.277 66861 INFO tempest.lib.common.rest_client [req-d0ec27ab-5974-4c44-9a24-1365219a2d59 req-d0ec27ab-5974-4c44-9a24-1365219a2d59 ] Request (MigrationsAdminTest:test_resize_server_revert_deleted_flavor): 200 GET http://10.180.1.21/compute/v2.1/servers/1737cecc-643d-4d84-8a01-93f7d564d28a 0.156s
2025-11-21 02:22:23.315 66869 INFO tempest.lib.common.rest_client [req-9fcf8626-45b2-4bcd-84f6-62579495a5c3 req-9fcf8626-45b2-4bcd-84f6-62579495a5c3 ] Request (SecurityGroupsTestAdminJSON:setUpClass): 201 POST http://10.180.1.21/identity/v3/users 0.060s
2025-11-21 02:22:23.326 66871 INFO tempest.lib.common.rest_client [req-d60ade82-4868-41ba-9d2c-211aeebe626f req-d60ade82-4868-41ba-9d2c-211aeebe626f ] Request (ServerDiskConfigTestJSON:test_rebuild_server_with_manual_disk_config): 200 GET http://10.180.1.21/compute/v2.1/servers/0f49157b-80e5-4c08-b3e3-f97e801672a8 0.194s
2025-11-21 02:22:23.331 66867 INFO tempest.lib.common.rest_client [req-2c7f25b8-6a28-46c6-ac6d-cc69c40bcf5b req-2c7f25b8-6a28-46c6-ac6d-cc69c40bcf5b ] Request (ServerActionsV293TestJSON:setUpClass): 200 GET http://10.180.1.21/compute/v2.1/servers/8bcbf78e-a7b3-4281-9fb9-23beb708b9ed 0.144s
2025-11-21 02:22:23.337 66869 INFO tempest.lib.common.rest_client [req-7bb5f128-3ae3-4d92-ac15-c56df6163f12 req-7bb5f128-3ae3-4d92-ac15-c56df6163f12 ] Request (SecurityGroupsTestAdminJSON:setUpClass): 200 GET http://10.180.1.21/identity/v3/roles 0.021s
2025-11-21 02:22:23.364 66869 INFO tempest.lib.common.rest_client [req-afc8a637-21bb-4952-8db6-c89e4672eb10 req-afc8a637-21bb-4952-8db6-c89e4672eb10 ] Request (SecurityGroupsTestAdminJSON:setUpClass): 204 PUT http://10.180.1.21/identity/v3/projects/06f8155765e6471e947946908e65af81/users/211b694f622046f39f5a31205f039289/roles/43e1d7bf2b4841d18cd6be17b74b927d 0.026s
2025-11-21 02:22:23.379 66911 INFO tempest.lib.common.rest_client [req-d07a51f0-6b93-41b6-be16-e8588798d7c9 req-d07a51f0-6b93-41b6-be16-e8588798d7c9 ] Request (ServersWithSpecificFlavorTestJSON:test_verify_created_server_ephemeral_disk): 200 GET http://10.180.1.21/compute/v2.1/servers/470d61b5-2b57-4700-b2ca-ab9c2f1dcd89 0.181s
2025-11-21 02:22:23.384 66879 INFO tempest.lib.common.rest_client [req-dfde2a2d-4e1d-49c6-ba1e-4a70e9b883cb req-dfde2a2d-4e1d-49c6-ba1e-4a70e9b883cb ] Request (ListServerFiltersTestJSON:setUpClass): 200 GET http://10.180.1.21/compute/v2.1/servers/1d1edb0d-fc47-4667-a281-f15498d6999f 0.142s
2025-11-21 02:22:23.419 66869 INFO tempest.lib.common.rest_client [req-40583079-6740-4b72-9ece-b18e4482877b req-40583079-6740-4b72-9ece-b18e4482877b ] Request (SecurityGroupsTestAdminJSON:setUpClass): 200 GET http://10.180.1.21/identity/v3/roles 0.055s
2025-11-21 02:22:23.427 66857 INFO tempest.lib.common.rest_client [req-cba3dd50-cf31-4502-8325-d8720fec45a0 req-cba3dd50-cf31-4502-8325-d8720fec45a0 ] Request (ImagesOneServerNegativeTestJSON:_run_cleanups): 200 GET http://10.180.1.21/compute/v2.1/servers/9738e220-df85-4d2f-8832-de3cd42b6c66 0.167s
2025-11-21 02:22:23.437 66869 INFO tempest.lib.common.rest_client [req-bd860b53-5419-4251-87e5-c3b76d538f37 req-bd860b53-5419-4251-87e5-c3b76d538f37 ] Request (SecurityGroupsTestAdminJSON:setUpClass): 204 PUT http://10.180.1.21/identity/v3/projects/06f8155765e6471e947946908e65af81/users/211b694f622046f39f5a31205f039289/roles/43e1d7bf2b4841d18cd6be17b74b927d 0.017s
2025-11-21 02:22:23.437 66869 INFO tempest.lib.common.dynamic_creds [-] Dynamic test user 211b694f622046f39f5a31205f039289 is created with scope project and roles: ['admin']
2025-11-21 02:22:23.437 66869 INFO tempest.lib.common.dynamic_creds [-] Acquired dynamic creds: credentials: Credentials: {'domain_id': 'default', 'domain_name': 'Default', 'username': 'tempest-SecurityGroupsTestAdminJSON-1976445843-project-admin', 'project_domain_id': 'default', 'project_domain_name': 'Default', 'project_id': '06f8155765e6471e947946908e65af81', 'project_name': 'tempest-SecurityGroupsTestAdminJSON-1976445843', 'tenant_id': '06f8155765e6471e947946908e65af81', 'tenant_name': 'tempest-SecurityGroupsTestAdminJSON-1976445843', 'user_domain_id': 'default', 'user_domain_name': 'Default', 'user_id': '211b694f622046f39f5a31205f039289', 'system': None}, Network: None, Subnet: None, Router: None
2025-11-21 02:22:23.437 66869 INFO tempest.lib.common.dynamic_creds [-] Created isolated network resources for: credentials: Credentials: {'domain_id': 'default', 'domain_name': 'Default', 'username': 'tempest-SecurityGroupsTestAdminJSON-1976445843-project-admin', 'project_domain_id': 'default', 'project_domain_name': 'Default', 'project_id': '06f8155765e6471e947946908e65af81', 'project_name': 'tempest-SecurityGroupsTestAdminJSON-1976445843', 'tenant_id': '06f8155765e6471e947946908e65af81', 'tenant_name': 'tempest-SecurityGroupsTestAdminJSON-1976445843', 'user_domain_id': 'default', 'user_domain_name': 'Default', 'user_id': '211b694f622046f39f5a31205f039289', 'system': None}, Network: None, Subnet: None, Router: None
2025-11-21 02:22:23.441 66887 INFO tempest.lib.common.rest_client [req-4fe6a8ac-2f8b-4a0c-b0a5-d63c6496b25c req-4fe6a8ac-2f8b-4a0c-b0a5-d63c6496b25c ] Request (FloatingIPsAssociationTestJSON:tearDownClass): 200 GET http://10.180.1.21/compute/v2.1/servers/a079b28c-58d6-4c63-9ef8-9d4c612da783 0.136s
2025-11-21 02:22:23.476 66855 INFO tempest.lib.common.rest_client [req-05b190c0-c9db-49a1-9ced-97d73ce837f9 req-05b190c0-c9db-49a1-9ced-97d73ce837f9 ] Request (ServersAdminTestJSON:test_create_server_with_scheduling_hint): 200 GET http://10.180.1.21/compute/v2.1/servers/053f8cba-8888-4820-bfab-1c093a4950f7 0.115s
2025-11-21 02:22:23.485 66891 INFO tempest.lib.common.rest_client [req-fddb5cc7-b664-42b0-b034-3d28914f24c3 req-fddb5cc7-b664-42b0-b034-3d28914f24c3 ] Request (ServerAddressesTestJSON:setUpClass): 200 GET http://10.180.1.21/compute/v2.1/servers/9461d660-0dab-45f6-87a0-5500771eedee 0.066s
2025-11-21 02:22:23.505 66869 INFO tempest.lib.common.rest_client [req-1870d88a-1781-465c-9d02-1f3e28aa543d req-1870d88a-1781-465c-9d02-1f3e28aa543d ] Request (SecurityGroupsTestAdminJSON:setUpClass): 201 POST http://10.180.1.21/identity/v3/auth/tokens 0.066s
2025-11-21 02:22:23.570 66903 INFO tempest.lib.common.rest_client [req-931e8fd7-723f-41d2-92cc-b170e8133f7e req-931e8fd7-723f-41d2-92cc-b170e8133f7e ] Request (ServersTestMultiNic:test_verify_duplicate_network_nics): 200 GET http://10.180.1.21/compute/v2.1/servers/a077f982-00ab-497a-9152-94946f7dc16f 0.055s
2025-11-21 02:22:23.663 66853 INFO tempest.lib.common.rest_client [req-3262d472-03a7-4f5a-bde6-3b4427eaf930 req-3262d472-03a7-4f5a-bde6-3b4427eaf930 ] Request (ServerShowV257Test:test_rebuild_server): 200 GET http://10.180.1.21/compute/v2.1/servers/7168415b-f625-4b52-a52e-cb5a95e73ac8 0.073s
2025-11-21 02:22:23.716 66896 INFO tempest.lib.common.rest_client [req-8b8d2248-c936-46f4-bcf8-cd72fc0a3303 req-8b8d2248-c936-46f4-bcf8-cd72fc0a3303 ] Request (SecurityGroupsTestJSON:test_list_security_groups_by_server): 200 GET http://10.180.1.21/compute/v2.1/servers/0b312d62-4282-4f54-b4a8-54aee14517c0 0.074s
2025-11-21 02:22:23.775 66851 INFO tempest.lib.common.rest_client [req-858ad367-005d-4001-86f7-2fe3f079147f req-858ad367-005d-4001-86f7-2fe3f079147f ] Request (VolumesAdminNegativeTest:tearDownClass): 200 GET http://10.180.1.21/compute/v2.1/servers/f359b97b-32fa-4122-b698-9300c2d7bf32 0.065s
2025-11-21 02:22:23.800 66869 INFO tempest.lib.common.rest_client [req-68fbe029-3d2e-4e80-805d-043d345e5576 req-68fbe029-3d2e-4e80-805d-043d345e5576 ] Request (SecurityGroupsTestAdminJSON:test_list_security_groups_list_all_tenants_filter): 200 POST http://10.180.1.21/compute/v2.1/os-security-groups 0.293s
2025-11-21 02:22:23.840 66897 INFO tempest.lib.common.rest_client [req-c25a7099-c283-4868-9398-cdbce606a807 req-c25a7099-c283-4868-9398-cdbce606a807 ] Request (ServersAdminNegativeTestJSON:tearDownClass): 200 GET http://10.180.1.21/compute/v2.1/servers/ab514ff8-f675-4898-823a-4f58a8b5735a 0.072s
2025-11-21 02:22:23.891 66899 INFO tempest.lib.common.rest_client [req-66d0394c-3edf-4686-8200-6c788dfa2719 req-66d0394c-3edf-4686-8200-6c788dfa2719 ] Request (AttachVolumeNegativeTest:test_attach_attached_volume_to_different_server): 200 GET http://10.180.1.21/compute/v2.1/servers/7e189741-77c5-455a-90ba-b4bc6fc2e8d2 0.071s
2025-11-21 02:22:23.922 66869 INFO tempest.lib.common.rest_client [req-dd606544-02fc-4018-8f68-bdabe2d4b4a7 req-dd606544-02fc-4018-8f68-bdabe2d4b4a7 ] Request (SecurityGroupsTestAdminJSON:test_list_security_groups_list_all_tenants_filter): 200 POST http://10.180.1.21/compute/v2.1/os-security-groups 0.119s
2025-11-21 02:22:23.946 66849 INFO tempest.lib.common.rest_client [req-7cc522d5-a67c-442d-8710-5dcb71667402 req-7cc522d5-a67c-442d-8710-5dcb71667402 ] Request (ServersNegativeTestJSON:setUpClass): 200 GET http://10.180.1.21/compute/v2.1/servers/61ab880f-1ead-4b02-8ea4-d86c1fcf6ab9 0.071s
2025-11-21 02:22:24.040 66875 INFO tempest.lib.common.rest_client [req-527d5f8d-9b95-465a-95d8-14eb13475712 req-527d5f8d-9b95-465a-95d8-14eb13475712 ] Request (MultipleCreateTestJSON:tearDownClass): 200 GET http://10.180.1.21/compute/v2.1/servers/ab5ee36c-7ea1-45a3-acfb-16b416290613 0.152s
2025-11-21 02:22:24.094 66877 INFO tempest.lib.common.rest_client [req-e69039c4-2869-4081-8ab1-770bb42b1a74 req-e69039c4-2869-4081-8ab1-770bb42b1a74 ] Request (ImagesTestJSON:test_create_server_from_snapshot): 200 GET http://10.180.1.21/compute/v2.1/servers/fcb80a35-492d-4830-910e-b25ccb8796e2 0.159s
2025-11-21 02:22:24.146 66907 INFO tempest.lib.common.rest_client [req-16b4a8a8-00e6-410d-83ec-c2cb1f16cfe0 req-16b4a8a8-00e6-410d-83ec-c2cb1f16cfe0 ] Request (ServersTestBootFromVolume:setUpClass): 200 GET http://10.180.1.21/compute/v2.1/servers/4fff5636-22aa-46f4-b8b0-19e24a76c3e1 0.166s
2025-11-21 02:22:24.178 66869 INFO tempest.lib.common.rest_client [req-698eeaae-88e3-4121-a214-6eed0d868701 req-698eeaae-88e3-4121-a214-6eed0d868701 ] Request (SecurityGroupsTestAdminJSON:test_list_security_groups_list_all_tenants_filter): 200 POST http://10.180.1.21/compute/v2.1/os-security-groups 0.253s
2025-11-21 02:22:24.195 66859 INFO tempest.lib.common.rest_client [req-d437c7ec-6670-41d1-b5d8-1b6b9ef1e7e6 req-d437c7ec-6670-41d1-b5d8-1b6b9ef1e7e6 ] Request (DeleteServersTestJSON:test_delete_server_while_in_attached_volume): 200 GET http://10.180.1.21/compute/v2.1/servers/06b813d7-570d-472b-b020-26c19fa7baae 0.164s
2025-11-21 02:22:24.228 66865 INFO tempest.lib.common.rest_client [req-9185386e-5717-49c2-9260-80aa0e902556 req-9185386e-5717-49c2-9260-80aa0e902556 ] Request (ServerExternalEventsTest:test_create_server_external_events): 200 GET http://10.180.1.21/compute/v2.1/servers/9ed068e3-a530-4000-805b-07b321db2857 0.136s
2025-11-21 02:22:24.244 66905 INFO tempest.lib.common.rest_client [req-b462c3fe-d056-4c67-a030-d51fca9a4ebe req-b462c3fe-d056-4c67-a030-d51fca9a4ebe ] Request (ServerRescueTestJSONUnderV235:setUpClass): 200 GET http://10.180.1.21/compute/v2.1/servers/0e2b3204-5953-4492-8a52-72a2d396fd2f 0.089s
2025-11-21 02:22:24.340 66869 INFO tempest.lib.common.rest_client [req-34bb4909-e86c-4799-8eab-31e5b274c922 req-34bb4909-e86c-4799-8eab-31e5b274c922 ] Request (SecurityGroupsTestAdminJSON:test_list_security_groups_list_all_tenants_filter): 200 POST http://10.180.1.21/compute/v2.1/os-security-groups 0.159s
2025-11-21 02:22:24.351 66863 INFO tempest.lib.common.rest_client [req-7ac2dcf8-12ca-4df5-822b-70437ca6212a req-7ac2dcf8-12ca-4df5-822b-70437ca6212a ] Request (ServersTestJSON:test_create_server_specify_multibyte_character_name): 200 GET http://10.180.1.21/compute/v2.1/servers/8d7a94cf-dd54-4f5e-a142-4894fb31d747 0.138s
2025-11-21 02:22:24.415 66873 INFO tempest.lib.common.rest_client [req-6c8de02b-46da-4354-8c52-9ba0be86da93 req-6c8de02b-46da-4354-8c52-9ba0be86da93 ] Request (InstanceActionsV221TestJSON:test_get_list_deleted_instance_actions): 200 GET http://10.180.1.21/compute/v2.1/servers/6888c743-4907-47c2-9b5c-fa1aaa38b2b1 0.185s
2025-11-21 02:22:24.417 66909 INFO tempest.lib.common.rest_client [req-dfed51cd-d0b8-46bf-8de0-222c127f5cbc req-dfed51cd-d0b8-46bf-8de0-222c127f5cbc ] Request (ServersTestManualDisk:tearDownClass): 200 GET http://10.180.1.21/compute/v2.1/servers/1ef47f44-ff48-4bd0-9983-89e66f03e217 0.136s
2025-11-21 02:22:24.475 66871 INFO tempest.lib.common.rest_client [req-f23faee6-a210-4fff-a94f-f7addbe206a4 req-f23faee6-a210-4fff-a94f-f7addbe206a4 ] Request (ServerDiskConfigTestJSON:test_rebuild_server_with_manual_disk_config): 200 GET http://10.180.1.21/compute/v2.1/servers/0f49157b-80e5-4c08-b3e3-f97e801672a8 0.140s
2025-11-21 02:22:24.487 66861 INFO tempest.lib.common.rest_client [req-0f5f4af3-4f22-4c99-8467-16fa3eca0786 req-0f5f4af3-4f22-4c99-8467-16fa3eca0786 ] Request (MigrationsAdminTest:test_resize_server_revert_deleted_flavor): 200 GET http://10.180.1.21/compute/v2.1/servers/1737cecc-643d-4d84-8a01-93f7d564d28a 0.202s
2025-11-21 02:22:24.540 66867 INFO tempest.lib.common.rest_client [req-316467fc-02ab-469c-86ba-102f32021e35 req-316467fc-02ab-469c-86ba-102f32021e35 ] Request (ServerActionsV293TestJSON:setUpClass): 200 GET http://10.180.1.21/compute/v2.1/servers/8bcbf78e-a7b3-4281-9fb9-23beb708b9ed 0.198s
2025-11-21 02:22:24.595 66911 INFO tempest.lib.common.rest_client [req-bd521a0b-bfac-47d8-a288-5fc0962b11d3 req-bd521a0b-bfac-47d8-a288-5fc0962b11d3 ] Request (ServersWithSpecificFlavorTestJSON:test_verify_created_server_ephemeral_disk): 200 GET http://10.180.1.21/compute/v2.1/servers/470d61b5-2b57-4700-b2ca-ab9c2f1dcd89 0.207s
2025-11-21 02:22:24.648 66879 INFO tempest.lib.common.rest_client [req-e3905d72-4e3d-498c-9728-da81bfa97d4a req-e3905d72-4e3d-498c-9728-da81bfa97d4a ] Request (ListServerFiltersTestJSON:setUpClass): 200 GET http://10.180.1.21/compute/v2.1/servers/1d1edb0d-fc47-4667-a281-f15498d6999f 0.256s
2025-11-21 02:22:24.702 66857 INFO tempest.lib.common.rest_client [req-a33923a2-1b41-4233-ac0a-6fd0fa747c7a req-a33923a2-1b41-4233-ac0a-6fd0fa747c7a ] Request (ImagesOneServerNegativeTestJSON:_run_cleanups): 200 GET http://10.180.1.21/compute/v2.1/servers/9738e220-df85-4d2f-8832-de3cd42b6c66 0.266s
2025-11-21 02:22:24.768 66887 INFO tempest.lib.common.rest_client [req-05c9a0b5-447b-4e82-886f-bf366abfddff req-05c9a0b5-447b-4e82-886f-bf366abfddff ] Request (FloatingIPsAssociationTestJSON:tearDownClass): 200 GET http://10.180.1.21/compute/v2.1/servers/a079b28c-58d6-4c63-9ef8-9d4c612da783 0.319s
2025-11-21 02:22:24.820 66855 INFO tempest.lib.common.rest_client [req-1985346f-c000-40f8-9e1b-6e7476986dbf req-1985346f-c000-40f8-9e1b-6e7476986dbf ] Request (ServersAdminTestJSON:test_create_server_with_scheduling_hint): 200 GET http://10.180.1.21/compute/v2.1/servers/053f8cba-8888-4820-bfab-1c093a4950f7 0.335s
2025-11-21 02:22:24.868 66891 INFO tempest.lib.common.rest_client [req-ddf72a67-8512-4c94-a313-425438f22678 req-ddf72a67-8512-4c94-a313-425438f22678 ] Request (ServerAddressesTestJSON:setUpClass): 200 GET http://10.180.1.21/compute/v2.1/servers/9461d660-0dab-45f6-87a0-5500771eedee 0.375s
2025-11-21 02:22:24.921 66903 INFO tempest.lib.common.rest_client [req-e37e78ba-e753-4d2e-aebe-4c82ac2768b0 req-e37e78ba-e753-4d2e-aebe-4c82ac2768b0 ] Request (ServersTestMultiNic:test_verify_duplicate_network_nics): 200 GET http://10.180.1.21/compute/v2.1/servers/a077f982-00ab-497a-9152-94946f7dc16f 0.345s
2025-11-21 02:22:24.928 66903 INFO tempest.common.waiters [-] State transition "BUILD/scheduling" ==> "BUILD/None" after 49 second wait
2025-11-21 02:22:24.973 66853 INFO tempest.lib.common.rest_client [req-fcbb3fb7-8894-4b62-9517-2d554c6666f3 req-fcbb3fb7-8894-4b62-9517-2d554c6666f3 ] Request (ServerShowV257Test:test_rebuild_server): 200 GET http://10.180.1.21/compute/v2.1/servers/7168415b-f625-4b52-a52e-cb5a95e73ac8 0.300s
2025-11-21 02:22:25.060 66896 INFO tempest.lib.common.rest_client [req-83734dd7-106d-4cf5-b991-b042e9c03df5 req-83734dd7-106d-4cf5-b991-b042e9c03df5 ] Request (SecurityGroupsTestJSON:test_list_security_groups_by_server): 200 GET http://10.180.1.21/compute/v2.1/servers/0b312d62-4282-4f54-b4a8-54aee14517c0 0.336s
2025-11-21 02:22:25.186 66851 INFO tempest.lib.common.rest_client [req-315bd8ae-2a8c-4c50-9ac0-a5f8667ad19c req-315bd8ae-2a8c-4c50-9ac0-a5f8667ad19c ] Request (VolumesAdminNegativeTest:tearDownClass): 200 GET http://10.180.1.21/compute/v2.1/servers/f359b97b-32fa-4122-b698-9300c2d7bf32 0.400s
2025-11-21 02:22:25.247 66897 INFO tempest.lib.common.rest_client [req-a2df76dd-efdf-482b-b02f-f60536514197 req-a2df76dd-efdf-482b-b02f-f60536514197 ] Request (ServersAdminNegativeTestJSON:tearDownClass): 200 GET http://10.180.1.21/compute/v2.1/servers/ab514ff8-f675-4898-823a-4f58a8b5735a 0.399s
2025-11-21 02:22:25.295 66899 INFO tempest.lib.common.rest_client [req-84e53bd5-e5a8-4389-8250-50355c8e24bc req-84e53bd5-e5a8-4389-8250-50355c8e24bc ] Request (AttachVolumeNegativeTest:test_attach_attached_volume_to_different_server): 200 GET http://10.180.1.21/compute/v2.1/servers/7e189741-77c5-455a-90ba-b4bc6fc2e8d2 0.395s
2025-11-21 02:22:25.344 66849 INFO tempest.lib.common.rest_client [req-b23cf74e-eae7-47ae-aa46-15df9f265f63 req-b23cf74e-eae7-47ae-aa46-15df9f265f63 ] Request (ServersNegativeTestJSON:setUpClass): 200 GET http://10.180.1.21/compute/v2.1/servers/61ab880f-1ead-4b02-8ea4-d86c1fcf6ab9 0.390s
2025-11-21 02:22:25.392 66875 INFO tempest.lib.common.rest_client [req-92145f83-e6a3-4b20-a46a-a80eaf1ef058 req-92145f83-e6a3-4b20-a46a-a80eaf1ef058 ] Request (MultipleCreateTestJSON:tearDownClass): 200 GET http://10.180.1.21/compute/v2.1/servers/ab5ee36c-7ea1-45a3-acfb-16b416290613 0.342s
2025-11-21 02:22:25.438 66877 INFO tempest.lib.common.rest_client [req-f4b5d0a9-9cf4-4ed1-b6e0-c6bc84180e2e req-f4b5d0a9-9cf4-4ed1-b6e0-c6bc84180e2e ] Request (ImagesTestJSON:test_create_server_from_snapshot): 200 GET http://10.180.1.21/compute/v2.1/servers/fcb80a35-492d-4830-910e-b25ccb8796e2 0.335s
2025-11-21 02:22:25.507 66907 INFO tempest.lib.common.rest_client [req-52151648-3f6a-4e21-bfd6-5dea67298d22 req-52151648-3f6a-4e21-bfd6-5dea67298d22 ] Request (ServersTestBootFromVolume:setUpClass): 200 GET http://10.180.1.21/compute/v2.1/servers/4fff5636-22aa-46f4-b8b0-19e24a76c3e1 0.353s
2025-11-21 02:22:25.554 66859 INFO tempest.lib.common.rest_client [req-fd38558d-9f3c-49e0-a3e3-a06fe57502f7 req-fd38558d-9f3c-49e0-a3e3-a06fe57502f7 ] Request (DeleteServersTestJSON:test_delete_server_while_in_attached_volume): 200 GET http://10.180.1.21/compute/v2.1/servers/06b813d7-570d-472b-b020-26c19fa7baae 0.350s
2025-11-21 02:22:25.634 66865 INFO tempest.lib.common.rest_client [req-328341b9-4902-4b8d-bcbc-6d27d1683c6f req-328341b9-4902-4b8d-bcbc-6d27d1683c6f ] Request (ServerExternalEventsTest:test_create_server_external_events): 200 GET http://10.180.1.21/compute/v2.1/servers/9ed068e3-a530-4000-805b-07b321db2857 0.397s
2025-11-21 02:22:25.681 66905 INFO tempest.lib.common.rest_client [req-2cd06e2f-fd93-439f-a901-377b0621611f req-2cd06e2f-fd93-439f-a901-377b0621611f ] Request (ServerRescueTestJSONUnderV235:setUpClass): 200 GET http://10.180.1.21/compute/v2.1/servers/0e2b3204-5953-4492-8a52-72a2d396fd2f 0.430s
2025-11-21 02:22:25.776 66863 INFO tempest.lib.common.rest_client [req-25ae802e-67b3-4526-9764-f5578239b781 req-25ae802e-67b3-4526-9764-f5578239b781 ] Request (ServersTestJSON:test_create_server_specify_multibyte_character_name): 200 GET http://10.180.1.21/compute/v2.1/servers/8d7a94cf-dd54-4f5e-a142-4894fb31d747 0.417s
2025-11-21 02:22:25.827 66873 INFO tempest.lib.common.rest_client [req-3dfc5793-87e2-4b13-bdcf-07cd053127f0 req-3dfc5793-87e2-4b13-bdcf-07cd053127f0 ] Request (InstanceActionsV221TestJSON:test_get_list_deleted_instance_actions): 200 GET http://10.180.1.21/compute/v2.1/servers/6888c743-4907-47c2-9b5c-fa1aaa38b2b1 0.401s
2025-11-21 02:22:25.883 66909 INFO tempest.lib.common.rest_client [req-a949926e-f4ad-4b88-b2b0-c829eb96f523 req-a949926e-f4ad-4b88-b2b0-c829eb96f523 ] Request (ServersTestManualDisk:tearDownClass): 200 GET http://10.180.1.21/compute/v2.1/servers/1ef47f44-ff48-4bd0-9983-89e66f03e217 0.457s
2025-11-21 02:22:25.928 66871 INFO tempest.lib.common.rest_client [req-c2c1032a-1669-410d-91e2-7a146e19aa35 req-c2c1032a-1669-410d-91e2-7a146e19aa35 ] Request (ServerDiskConfigTestJSON:test_rebuild_server_with_manual_disk_config): 200 GET http://10.180.1.21/compute/v2.1/servers/0f49157b-80e5-4c08-b3e3-f97e801672a8 0.440s
2025-11-21 02:22:25.977 66861 INFO tempest.lib.common.rest_client [req-8da77978-cd35-446f-853e-3d751bc42d98 req-8da77978-cd35-446f-853e-3d751bc42d98 ] Request (MigrationsAdminTest:test_resize_server_revert_deleted_flavor): 200 GET http://10.180.1.21/compute/v2.1/servers/1737cecc-643d-4d84-8a01-93f7d564d28a 0.482s
2025-11-21 02:22:26.045 66867 INFO tempest.lib.common.rest_client [req-daeefcf9-8f27-40b0-b3a5-23a2ad85f239 req-daeefcf9-8f27-40b0-b3a5-23a2ad85f239 ] Request (ServerActionsV293TestJSON:setUpClass): 200 GET http://10.180.1.21/compute/v2.1/servers/8bcbf78e-a7b3-4281-9fb9-23beb708b9ed 0.493s
2025-11-21 02:22:26.099 66911 INFO tempest.lib.common.rest_client [req-5b7d1e04-53ef-4d14-a9d2-dbb70d5681c3 req-5b7d1e04-53ef-4d14-a9d2-dbb70d5681c3 ] Request (ServersWithSpecificFlavorTestJSON:test_verify_created_server_ephemeral_disk): 200 GET http://10.180.1.21/compute/v2.1/servers/470d61b5-2b57-4700-b2ca-ab9c2f1dcd89 0.496s
2025-11-21 02:22:26.147 66879 INFO tempest.lib.common.rest_client [req-3bff25e4-f7e1-4ed1-83c9-27ff6109a11c req-3bff25e4-f7e1-4ed1-83c9-27ff6109a11c ] Request (ListServerFiltersTestJSON:setUpClass): 200 GET http://10.180.1.21/compute/v2.1/servers/1d1edb0d-fc47-4667-a281-f15498d6999f 0.488s
2025-11-21 02:22:26.198 66857 INFO tempest.lib.common.rest_client [req-364e6697-d973-4d2a-9cdb-df5829752acb req-364e6697-d973-4d2a-9cdb-df5829752acb ] Request (ImagesOneServerNegativeTestJSON:_run_cleanups): 200 GET http://10.180.1.21/compute/v2.1/servers/9738e220-df85-4d2f-8832-de3cd42b6c66 0.488s
2025-11-21 02:22:26.258 66887 INFO tempest.lib.common.rest_client [req-09b0c7a9-7f5a-46aa-8243-3de5f3c5e221 req-09b0c7a9-7f5a-46aa-8243-3de5f3c5e221 ] Request (FloatingIPsAssociationTestJSON:tearDownClass): 200 GET http://10.180.1.21/compute/v2.1/servers/a079b28c-58d6-4c63-9ef8-9d4c612da783 0.481s
2025-11-21 02:22:26.311 66855 INFO tempest.lib.common.rest_client [req-d49473db-bf95-40c9-818a-b1542db3c47b req-d49473db-bf95-40c9-818a-b1542db3c47b ] Request (ServersAdminTestJSON:test_create_server_with_scheduling_hint): 200 GET http://10.180.1.21/compute/v2.1/servers/053f8cba-8888-4820-bfab-1c093a4950f7 0.483s
2025-11-21 02:22:26.360 66891 INFO tempest.lib.common.rest_client [req-3344fc1e-ba9c-4f70-b180-5de5df443a58 req-3344fc1e-ba9c-4f70-b180-5de5df443a58 ] Request (ServerAddressesTestJSON:setUpClass): 200 GET http://10.180.1.21/compute/v2.1/servers/9461d660-0dab-45f6-87a0-5500771eedee 0.483s
2025-11-21 02:22:26.407 66903 INFO tempest.lib.common.rest_client [req-86140388-8bb8-4a21-9077-e5fd0f02f283 req-86140388-8bb8-4a21-9077-e5fd0f02f283 ] Request (ServersTestMultiNic:test_verify_duplicate_network_nics): 200 GET http://10.180.1.21/compute/v2.1/servers/a077f982-00ab-497a-9152-94946f7dc16f 0.478s
2025-11-21 02:22:26.453 66853 INFO tempest.lib.common.rest_client [req-92a36895-6e28-4248-b0c1-379f999c33b6 req-92a36895-6e28-4248-b0c1-379f999c33b6 ] Request (ServerShowV257Test:test_rebuild_server): 200 GET http://10.180.1.21/compute/v2.1/servers/7168415b-f625-4b52-a52e-cb5a95e73ac8 0.472s
2025-11-21 02:22:26.497 66896 INFO tempest.lib.common.rest_client [req-72669506-e435-43c6-8c1f-1f681e4576a4 req-72669506-e435-43c6-8c1f-1f681e4576a4 ] Request (SecurityGroupsTestJSON:test_list_security_groups_by_server): 200 GET http://10.180.1.21/compute/v2.1/servers/0b312d62-4282-4f54-b4a8-54aee14517c0 0.429s
2025-11-21 02:22:26.549 66851 INFO tempest.lib.common.rest_client [req-53de62a7-738d-40ad-b7a6-a248b2e12459 req-53de62a7-738d-40ad-b7a6-a248b2e12459 ] Request (VolumesAdminNegativeTest:tearDownClass): 200 GET http://10.180.1.21/compute/v2.1/servers/f359b97b-32fa-4122-b698-9300c2d7bf32 0.353s
2025-11-21 02:22:26.600 66897 INFO tempest.lib.common.rest_client [req-dee8784b-b2c8-4141-ad68-98dcbe326389 req-dee8784b-b2c8-4141-ad68-98dcbe326389 ] Request (ServersAdminNegativeTestJSON:tearDownClass): 200 GET http://10.180.1.21/compute/v2.1/servers/ab514ff8-f675-4898-823a-4f58a8b5735a 0.345s
2025-11-21 02:22:26.646 66899 INFO tempest.lib.common.rest_client [req-bfd16ac9-1e6b-4f0f-952d-c5bb91b4a153 req-bfd16ac9-1e6b-4f0f-952d-c5bb91b4a153 ] Request (AttachVolumeNegativeTest:test_attach_attached_volume_to_different_server): 200 GET http://10.180.1.21/compute/v2.1/servers/7e189741-77c5-455a-90ba-b4bc6fc2e8d2 0.342s
2025-11-21 02:22:26.691 66849 INFO tempest.lib.common.rest_client [req-32e4dfe9-e040-416c-8741-dae487df206c req-32e4dfe9-e040-416c-8741-dae487df206c ] Request (ServersNegativeTestJSON:setUpClass): 200 GET http://10.180.1.21/compute/v2.1/servers/61ab880f-1ead-4b02-8ea4-d86c1fcf6ab9 0.339s
2025-11-21 02:22:26.742 66875 INFO tempest.lib.common.rest_client [req-d6217169-9899-43f3-9dc4-dc933d285a1d req-d6217169-9899-43f3-9dc4-dc933d285a1d ] Request (MultipleCreateTestJSON:tearDownClass): 200 GET http://10.180.1.21/compute/v2.1/servers/ab5ee36c-7ea1-45a3-acfb-16b416290613 0.341s
2025-11-21 02:22:26.748 66875 INFO tempest.common.waiters [-] State transition "ACTIVE/deleting" ==> "DELETED/None" after 4 second wait
2025-11-21 02:22:26.786 66877 INFO tempest.lib.common.rest_client [req-182e30ce-50f0-4c5e-ba34-afaf39a06c76 req-182e30ce-50f0-4c5e-ba34-afaf39a06c76 ] Request (ImagesTestJSON:test_create_server_from_snapshot): 200 GET http://10.180.1.21/compute/v2.1/servers/fcb80a35-492d-4830-910e-b25ccb8796e2 0.340s
2025-11-21 02:22:26.796 66869 INFO tempest.lib.common.rest_client [req-a7474fcf-85c8-42a3-b224-59fb6d308f4a req-a7474fcf-85c8-42a3-b224-59fb6d308f4a ] Request (SecurityGroupsTestAdminJSON:test_list_security_groups_list_all_tenants_filter): 200 GET http://10.180.1.21/compute/v2.1/os-security-groups?all_tenants=true 2.452s
2025-11-21 02:22:26.836 66907 INFO tempest.lib.common.rest_client [req-808376e9-1668-4547-83cc-355f58752d14 req-808376e9-1668-4547-83cc-355f58752d14 ] Request (ServersTestBootFromVolume:setUpClass): 200 GET http://10.180.1.21/compute/v2.1/servers/4fff5636-22aa-46f4-b8b0-19e24a76c3e1 0.321s
2025-11-21 02:22:26.848 66859 INFO tempest.lib.common.rest_client [req-4a3ded7d-4299-4390-849b-97d81a35df11 req-4a3ded7d-4299-4390-849b-97d81a35df11 ] Request (DeleteServersTestJSON:test_delete_server_while_in_attached_volume): 200 GET http://10.180.1.21/compute/v2.1/servers/06b813d7-570d-472b-b020-26c19fa7baae 0.282s
2025-11-21 02:22:26.898 66865 INFO tempest.lib.common.rest_client [req-67360ec0-6aaf-4ca3-9d94-955cb6a13355 req-67360ec0-6aaf-4ca3-9d94-955cb6a13355 ] Request (ServerExternalEventsTest:test_create_server_external_events): 200 GET http://10.180.1.21/compute/v2.1/servers/9ed068e3-a530-4000-805b-07b321db2857 0.257s
2025-11-21 02:22:26.900 66905 INFO tempest.lib.common.rest_client [req-7906d7fc-3c00-42f9-8d77-7d8b7215e7a7 req-7906d7fc-3c00-42f9-8d77-7d8b7215e7a7 ] Request (ServerRescueTestJSONUnderV235:setUpClass): 200 GET http://10.180.1.21/compute/v2.1/servers/0e2b3204-5953-4492-8a52-72a2d396fd2f 0.210s
2025-11-21 02:22:27.003 66869 INFO tempest.lib.common.rest_client [req-e1f28f74-05a4-4321-b8de-8d5858cf5b7a req-e1f28f74-05a4-4321-b8de-8d5858cf5b7a ] Request (SecurityGroupsTestAdminJSON:test_list_security_groups_list_all_tenants_filter): 200 GET http://10.180.1.21/compute/v2.1/os-security-groups?all_tenants=true 0.193s
2025-11-21 02:22:27.034 66863 INFO tempest.lib.common.rest_client [req-76238296-abd3-4402-921d-ee239f51fc43 req-76238296-abd3-4402-921d-ee239f51fc43 ] Request (ServersTestJSON:test_create_server_specify_multibyte_character_name): 200 GET http://10.180.1.21/compute/v2.1/servers/8d7a94cf-dd54-4f5e-a142-4894fb31d747 0.250s
2025-11-21 02:22:27.042 66863 INFO tempest.common.waiters [-] State transition "BUILD/spawning" ==> "ACTIVE/None" after 91 second wait
2025-11-21 02:22:27.068 66873 INFO tempest.lib.common.rest_client [req-dd1f8fd5-eb2f-4623-b822-4655cb7d98c6 req-dd1f8fd5-eb2f-4623-b822-4655cb7d98c6 ] Request (InstanceActionsV221TestJSON:test_get_list_deleted_instance_actions): 200 GET http://10.180.1.21/compute/v2.1/servers/6888c743-4907-47c2-9b5c-fa1aaa38b2b1 0.233s
2025-11-21 02:22:27.093 66909 INFO tempest.lib.common.rest_client [req-cd414d64-e24d-4b57-bdb8-50fded95efe9 req-cd414d64-e24d-4b57-bdb8-50fded95efe9 ] Request (ServersTestManualDisk:tearDownClass): 200 GET http://10.180.1.21/compute/v2.1/servers/1ef47f44-ff48-4bd0-9983-89e66f03e217 0.202s
2025-11-21 02:22:27.108 66863 INFO tempest.lib.common.rest_client [req-3218b2db-cebc-4b7f-906d-04faeb592cc5 req-3218b2db-cebc-4b7f-906d-04faeb592cc5 ] Request (ServersTestJSON:test_create_server_with_admin_password): 201 POST http://10.180.1.21/identity/v3/auth/tokens 0.062s
2025-11-21 02:22:27.108 66863 INFO tempest.lib.common.fixed_network [-] (ServersTestJSON:test_create_server_with_admin_password) Found network {'id': '120f7e3f-8d88-4c44-b0eb-c146bdd91750', 'name': 'tempest-ServersTestJSON-526027173-network', 'tenant_id': 'ce720277b1f7410b8945511bb22de2a3', 'project_id': 'ce720277b1f7410b8945511bb22de2a3', 'admin_state_up': True, 'mtu': 8950, 'status': 'ACTIVE', 'subnets': [], 'shared': False, 'port_security_enabled': True, 'router:external': False, 'provider:network_type': 'vlan', 'provider:physical_network': 'default', 'provider:segmentation_id': 708, 'availability_zone_hints': [], 'availability_zones': [], 'ipv4_address_scope': None, 'ipv6_address_scope': None, 'description': '', 'tags': [], 'created_at': '2025-11-21T02:20:51Z', 'updated_at': '2025-11-21T02:20:51Z', 'revision_number': 1} available for tenant
2025-11-21 02:22:27.117 66871 INFO tempest.lib.common.rest_client [req-765ce142-08e4-43df-b159-d44ab6807a50 req-765ce142-08e4-43df-b159-d44ab6807a50 ] Request (ServerDiskConfigTestJSON:test_rebuild_server_with_manual_disk_config): 200 GET http://10.180.1.21/compute/v2.1/servers/0f49157b-80e5-4c08-b3e3-f97e801672a8 0.181s
2025-11-21 02:22:27.139 66861 INFO tempest.lib.common.rest_client [req-794349be-7f43-43ce-9899-0d97d1d37ce4 req-794349be-7f43-43ce-9899-0d97d1d37ce4 ] Request (MigrationsAdminTest:test_resize_server_revert_deleted_flavor): 200 GET http://10.180.1.21/compute/v2.1/servers/1737cecc-643d-4d84-8a01-93f7d564d28a 0.154s
2025-11-21 02:22:27.192 66867 INFO tempest.lib.common.rest_client [req-14fd0592-ca40-4175-a72e-12531ad5dfc8 req-14fd0592-ca40-4175-a72e-12531ad5dfc8 ] Request (ServerActionsV293TestJSON:setUpClass): 200 GET http://10.180.1.21/compute/v2.1/servers/8bcbf78e-a7b3-4281-9fb9-23beb708b9ed 0.137s
2025-11-21 02:22:27.209 66869 INFO tempest.lib.common.rest_client [req-bc3ebe41-bac8-4303-a420-3fe56649be21 req-bc3ebe41-bac8-4303-a420-3fe56649be21 ] Request (SecurityGroupsTestAdminJSON:_run_cleanups): 202 DELETE http://10.180.1.21/compute/v2.1/os-security-groups/a3ef9fa8-89ee-41ae-901f-92e7973e0120 0.202s
2025-11-21 02:22:27.253 66911 INFO tempest.lib.common.rest_client [req-7a759cbe-fc80-4a7c-9e0b-eef6ea20c3f2 req-7a759cbe-fc80-4a7c-9e0b-eef6ea20c3f2 ] Request (ServersWithSpecificFlavorTestJSON:test_verify_created_server_ephemeral_disk): 200 GET http://10.180.1.21/compute/v2.1/servers/470d61b5-2b57-4700-b2ca-ab9c2f1dcd89 0.145s
2025-11-21 02:22:27.309 66879 INFO tempest.lib.common.rest_client [req-9631706e-7799-401e-a360-46ef46e2d35f req-9631706e-7799-401e-a360-46ef46e2d35f ] Request (ListServerFiltersTestJSON:setUpClass): 200 GET http://10.180.1.21/compute/v2.1/servers/1d1edb0d-fc47-4667-a281-f15498d6999f 0.154s
2025-11-21 02:22:27.362 66857 INFO tempest.lib.common.rest_client [req-368c264f-8ce3-4621-84be-7bd2c22ee2cd req-368c264f-8ce3-4621-84be-7bd2c22ee2cd ] Request (ImagesOneServerNegativeTestJSON:_run_cleanups): 200 GET http://10.180.1.21/compute/v2.1/servers/9738e220-df85-4d2f-8832-de3cd42b6c66 0.154s
2025-11-21 02:22:27.441 66869 INFO tempest.lib.common.rest_client [req-ec0bd780-1fde-4e6b-8433-b710bf894725 req-ec0bd780-1fde-4e6b-8433-b710bf894725 ] Request (SecurityGroupsTestAdminJSON:_run_cleanups): 202 DELETE http://10.180.1.21/compute/v2.1/os-security-groups/56addb49-d937-4de7-b234-c804d64ac77f 0.231s
2025-11-21 02:22:27.496 66887 INFO tempest.lib.common.rest_client [req-c5435f8f-ce7d-47dd-b85b-37775071e11e req-c5435f8f-ce7d-47dd-b85b-37775071e11e ] Request (FloatingIPsAssociationTestJSON:tearDownClass): 200 GET http://10.180.1.21/compute/v2.1/servers/a079b28c-58d6-4c63-9ef8-9d4c612da783 0.229s
2025-11-21 02:22:27.497 66863 INFO tempest.lib.common.rest_client [req-b15df7cc-c266-43a5-84d8-5ed25f71263b req-b15df7cc-c266-43a5-84d8-5ed25f71263b ] Request (ServersTestJSON:test_create_server_with_admin_password): 202 POST http://10.180.1.21/compute/v2.1/servers 0.388s
2025-11-21 02:22:27.553 66855 INFO tempest.lib.common.rest_client [req-cd6d4cfe-101d-44e7-8b6f-b76853ec8dcb req-cd6d4cfe-101d-44e7-8b6f-b76853ec8dcb ] Request (ServersAdminTestJSON:test_create_server_with_scheduling_hint): 200 GET http://10.180.1.21/compute/v2.1/servers/053f8cba-8888-4820-bfab-1c093a4950f7 0.232s
2025-11-21 02:22:27.553 66891 INFO tempest.lib.common.rest_client [req-b9cd9a81-4869-443a-a81e-d977adc33dad req-b9cd9a81-4869-443a-a81e-d977adc33dad ] Request (ServerAddressesTestJSON:setUpClass): 200 GET http://10.180.1.21/compute/v2.1/servers/9461d660-0dab-45f6-87a0-5500771eedee 0.185s
2025-11-21 02:22:27.612 66903 INFO tempest.lib.common.rest_client [req-110acd16-0383-4a07-965d-8fdc7d0f05d4 req-110acd16-0383-4a07-965d-8fdc7d0f05d4 ] Request (ServersTestMultiNic:test_verify_duplicate_network_nics): 200 GET http://10.180.1.21/compute/v2.1/servers/a077f982-00ab-497a-9152-94946f7dc16f 0.198s
2025-11-21 02:22:27.668 66853 INFO tempest.lib.common.rest_client [req-b87d387e-ce4a-4d15-b502-41cc95cd2d7e req-b87d387e-ce4a-4d15-b502-41cc95cd2d7e ] Request (ServerShowV257Test:test_rebuild_server): 200 GET http://10.180.1.21/compute/v2.1/servers/7168415b-f625-4b52-a52e-cb5a95e73ac8 0.205s
2025-11-21 02:22:27.670 66869 INFO tempest.lib.common.rest_client [req-9977de73-9617-4b55-8285-3de4a3951a9b req-9977de73-9617-4b55-8285-3de4a3951a9b ] Request (SecurityGroupsTestAdminJSON:_run_cleanups): 202 DELETE http://10.180.1.21/compute/v2.1/os-security-groups/561c7827-2e1a-4a20-a0dc-b02852637078 0.228s
2025-11-21 02:22:27.725 66896 INFO tempest.lib.common.rest_client [req-9e5ef381-a0f8-4572-a481-831b5732c833 req-9e5ef381-a0f8-4572-a481-831b5732c833 ] Request (SecurityGroupsTestJSON:test_list_security_groups_by_server): 200 GET http://10.180.1.21/compute/v2.1/servers/0b312d62-4282-4f54-b4a8-54aee14517c0 0.219s
2025-11-21 02:22:27.744 66863 INFO tempest.lib.common.rest_client [req-b61a1023-77dd-4fbe-932f-6b5196c53982 req-b61a1023-77dd-4fbe-932f-6b5196c53982 ] Request (ServersTestJSON:_run_cleanups): 204 DELETE http://10.180.1.21/compute/v2.1/servers/b489b5d7-1cc6-4e66-82ed-22111dd99384 0.246s
2025-11-21 02:22:27.787 66851 INFO tempest.lib.common.rest_client [req-f42d163a-c9e6-47a8-afec-06c1a88a3cd0 req-f42d163a-c9e6-47a8-afec-06c1a88a3cd0 ] Request (VolumesAdminNegativeTest:tearDownClass): 200 GET http://10.180.1.21/compute/v2.1/servers/f359b97b-32fa-4122-b698-9300c2d7bf32 0.230s
