2025-11-21 02:23:03.789 66859 INFO tempest.lib.common.rest_client [req-b090066c-5ef3-418e-8ba5-605cbd2c58e6 req-b090066c-5ef3-418e-8ba5-605cbd2c58e6 ] Request (DeleteServersTestJSON:test_delete_server_while_in_attached_volume): 200 GET http://10.180.1.21/compute/v2.1/servers/06b813d7-570d-472b-b020-26c19fa7baae 1.207s
2025-11-21 02:23:03.798 66859 INFO tempest.common.waiters [-] State transition "BUILD/spawning" ==> "ACTIVE/None" after 97 second wait
2025-11-21 02:23:03.813 66873 INFO tempest.lib.common.rest_client [req-1ec064ca-9fdf-4985-a621-fb21f2596b2a req-1ec064ca-9fdf-4985-a621-fb21f2596b2a ] Request (InstanceActionsV221TestJSON:test_get_list_deleted_instance_actions): 200 GET http://10.180.1.21/compute/v2.1/servers/6888c743-4907-47c2-9b5c-fa1aaa38b2b1 0.998s
2025-11-21 02:23:03.853 66871 INFO tempest.lib.common.rest_client [req-c56f3609-e3b3-43dc-927a-ab23e2085de8 req-c56f3609-e3b3-43dc-927a-ab23e2085de8 ] Request (ServerDiskConfigTestJSON:test_rebuild_server_with_manual_disk_config): 200 GET http://10.180.1.21/compute/v2.1/servers/0f49157b-80e5-4c08-b3e3-f97e801672a8 0.876s
2025-11-21 02:23:03.869 66911 INFO tempest.lib.common.rest_client [req-dda2085f-6dfc-4c7b-aa73-c8f0fd64297f req-dda2085f-6dfc-4c7b-aa73-c8f0fd64297f ] Request (ServersWithSpecificFlavorTestJSON:test_verify_created_server_ephemeral_disk): 200 GET http://10.180.1.21/compute/v2.1/servers/470d61b5-2b57-4700-b2ca-ab9c2f1dcd89 0.822s
2025-11-21 02:23:03.926 66887 INFO tempest.lib.common.rest_client [req-15d80add-a2bf-426d-98fc-4a1293e94176 req-15d80add-a2bf-426d-98fc-4a1293e94176 ] Request (FloatingIPsAssociationTestJSON:tearDownClass): 200 GET http://10.180.1.21/compute/v2.1/servers/46af7146-bb98-48bf-8902-cdde40747ac0 0.807s
2025-11-21 02:23:03.977 66861 INFO tempest.lib.common.rest_client [req-7ef9cc11-09c6-4d45-b2bc-a91b40f17093 req-7ef9cc11-09c6-4d45-b2bc-a91b40f17093 ] Request (MigrationsAdminTest:test_resize_server_revert_deleted_flavor): 200 GET http://10.180.1.21/compute/v2.1/servers/1737cecc-643d-4d84-8a01-93f7d564d28a 0.836s
2025-11-21 02:23:04.005 66863 INFO tempest.lib.common.rest_client [req-d30c969d-d973-4875-b6f7-25a2a9d47e79 req-d30c969d-d973-4875-b6f7-25a2a9d47e79 ] Request (ServersTestJSON:test_create_server_with_ipv6_addr_only): 200 GET http://10.180.1.21/compute/v2.1/servers/95f59604-5255-4b59-a7ba-d27fd95838ed 0.809s
2025-11-21 02:23:04.026 66859 INFO tempest.lib.common.rest_client [req-02f432de-4566-4e70-ab75-713591473b64 req-02f432de-4566-4e70-ab75-713591473b64 ] Request (DeleteServersTestJSON:test_delete_server_while_in_attached_volume): 202 POST http://10.180.1.21/volume/v3/volumes 0.226s
2025-11-21 02:23:04.068 66859 INFO tempest.lib.common.rest_client [req-7f44c636-cc54-4791-99ea-737ef14202f4 req-7f44c636-cc54-4791-99ea-737ef14202f4 ] Request (DeleteServersTestJSON:test_delete_server_while_in_attached_volume): 200 GET http://10.180.1.21/volume/v3/volumes/0571318c-127b-4218-8c9a-bc890b284eae 0.034s
2025-11-21 02:23:04.085 66867 INFO tempest.lib.common.rest_client [req-ac146bf0-94d5-4711-84f1-bca72d0aab86 req-ac146bf0-94d5-4711-84f1-bca72d0aab86 ] Request (ServerActionsV293TestJSON:setUpClass): 200 GET http://10.180.1.21/compute/v2.1/servers/8bcbf78e-a7b3-4281-9fb9-23beb708b9ed 0.836s
2025-11-21 02:23:04.152 66855 INFO tempest.lib.common.rest_client [req-390e3da1-dc42-4ac9-8eb1-fac408469e16 req-390e3da1-dc42-4ac9-8eb1-fac408469e16 ] Request (ServersAdminTestJSON:test_create_server_with_scheduling_hint): 200 GET http://10.180.1.21/compute/v2.1/servers/053f8cba-8888-4820-bfab-1c093a4950f7 0.888s
2025-11-21 02:23:04.241 66891 INFO tempest.lib.common.rest_client [req-0088852b-5c62-4b62-8284-e990a4a7ace0 req-0088852b-5c62-4b62-8284-e990a4a7ace0 ] Request (ServerAddressesTestJSON:setUpClass): 200 GET http://10.180.1.21/compute/v2.1/servers/9461d660-0dab-45f6-87a0-5500771eedee 0.887s
2025-11-21 02:23:04.333 66879 INFO tempest.lib.common.rest_client [req-d3e93ea4-6131-484a-9ea6-b171d9036a31 req-d3e93ea4-6131-484a-9ea6-b171d9036a31 ] Request (ListServerFiltersTestJSON:test_list_servers_filter_by_server_name): 200 GET http://10.180.1.21/compute/v2.1/servers?name=tempest-ListServerFiltersTestJSON-instance-137958276 0.935s
2025-11-21 02:23:05.103 66859 INFO tempest.lib.common.rest_client [req-b1d7d39e-1bda-4e06-9a13-0deb106378fc req-b1d7d39e-1bda-4e06-9a13-0deb106378fc ] Request (DeleteServersTestJSON:test_delete_server_while_in_attached_volume): 200 GET http://10.180.1.21/volume/v3/volumes/0571318c-127b-4218-8c9a-bc890b284eae 0.029s
2025-11-21 02:23:05.110 66859 INFO tempest.common.waiters [-] volume 0571318c-127b-4218-8c9a-bc890b284eae reached available after waiting for 1.110364 seconds
2025-11-21 02:23:05.321 66907 INFO tempest.lib.common.rest_client [req-9089cbaf-1584-4ee2-93b7-adca6939ce2c req-9089cbaf-1584-4ee2-93b7-adca6939ce2c ] Request (ServersTestBootFromVolume:setUpClass): 200 GET http://10.180.1.21/compute/v2.1/servers/4fff5636-22aa-46f4-b8b0-19e24a76c3e1 1.595s
2025-11-21 02:23:05.333 66907 INFO tempest.lib.common.ssh [-] Creating ssh connection to '10.180.180.145:22' as 'cirros' with public key authentication
2025-11-21 02:23:05.481 66851 INFO tempest.lib.common.rest_client [req-14b567d4-40d3-4045-b300-5cd26195b864 req-14b567d4-40d3-4045-b300-5cd26195b864 ] Request (AttachInterfacesV270Test:test_create_get_list_interfaces): 200 GET http://10.180.1.21/compute/v2.1/servers/c7f74212-1365-46f7-8aa3-b98c3d442a9e 1.589s
2025-11-21 02:23:05.555 66857 INFO tempest.lib.common.rest_client [req-c7d463a8-5646-4993-a20c-91aa6cefd0ce req-c7d463a8-5646-4993-a20c-91aa6cefd0ce ] Request (ImagesOneServerNegativeTestJSON:_run_cleanups): 200 GET http://10.180.1.21/compute/v2.1/servers/9738e220-df85-4d2f-8832-de3cd42b6c66 1.575s
2025-11-21 02:23:05.635 66909 INFO tempest.lib.common.rest_client [req-95557575-d384-4008-a9e2-dc9c4832e63a req-95557575-d384-4008-a9e2-dc9c4832e63a ] Request (ServerShowV247Test:test_update_rebuild_list_server): 200 GET http://10.180.1.21/compute/v2.1/servers/dde1f9c6-0004-40f6-bbf9-da1ba4f865bc 1.571s
2025-11-21 02:23:05.707 66865 INFO tempest.lib.common.rest_client [req-a6205edc-e199-4e64-9dbc-2fafb875751f req-a6205edc-e199-4e64-9dbc-2fafb875751f ] Request (ServerExternalEventsTest:tearDownClass): 200 GET http://10.180.1.21/compute/v2.1/servers/9ed068e3-a530-4000-805b-07b321db2857 1.410s
2025-11-21 02:23:05.719 66905 INFO tempest.lib.common.rest_client [req-8a5d16d7-ca57-4371-8d8d-526919d633fe req-8a5d16d7-ca57-4371-8d8d-526919d633fe ] Request (ServerRescueTestJSONUnderV235:test_rescued_vm_associate_dissociate_floating_ip): 202 POST http://10.180.1.21/compute/v2.1/servers/0e2b3204-5953-4492-8a52-72a2d396fd2f/action 2.512s
2025-11-21 02:23:05.753 66879 INFO tempest.lib.common.rest_client [req-497fa3e5-56ac-4305-a300-5610aa35acc8 req-497fa3e5-56ac-4305-a300-5610aa35acc8 ] Request (ListServerFiltersTestJSON:test_list_servers_filter_by_shutoff_status): 202 POST http://10.180.1.21/compute/v2.1/servers/bb5de9fc-3550-4641-bbb4-7c5224310f8c/action 1.417s
2025-11-21 02:23:05.771 66899 INFO tempest.lib.common.rest_client [req-280aad83-b2f5-4a4c-9855-2e082ccb33f2 req-280aad83-b2f5-4a4c-9855-2e082ccb33f2 ] Request (AttachVolumeNegativeTest:test_attach_attached_volume_to_different_server): 200 GET http://10.180.1.21/compute/v2.1/servers/7e189741-77c5-455a-90ba-b4bc6fc2e8d2 1.419s
2025-11-21 02:23:05.824 66853 INFO tempest.lib.common.rest_client [req-dfb5a290-070f-46ab-927d-61b3bf7706fa req-dfb5a290-070f-46ab-927d-61b3bf7706fa ] Request (ServerShowV257Test:test_rebuild_server): 200 GET http://10.180.1.21/compute/v2.1/servers/7168415b-f625-4b52-a52e-cb5a95e73ac8 1.400s
2025-11-21 02:23:05.878 66896 INFO tempest.lib.common.rest_client [req-113ffe03-b15a-4a45-a749-ecf92d0a6b80 req-113ffe03-b15a-4a45-a749-ecf92d0a6b80 ] Request (SecurityGroupsTestJSON:test_list_security_groups_by_server): 200 GET http://10.180.1.21/compute/v2.1/servers/0b312d62-4282-4f54-b4a8-54aee14517c0 1.420s
2025-11-21 02:23:05.925 66877 INFO tempest.lib.common.rest_client [req-aba5321c-b319-459e-a20a-e4b7b6c28049 req-aba5321c-b319-459e-a20a-e4b7b6c28049 ] Request (ImagesTestJSON:test_create_server_from_snapshot): 200 GET http://10.180.1.21/compute/v2.1/servers/fcb80a35-492d-4830-910e-b25ccb8796e2 1.436s
2025-11-21 02:23:05.927 66903 INFO tempest.lib.common.rest_client [req-9edcda83-d409-4889-bce1-a92ce68e609b req-9edcda83-d409-4889-bce1-a92ce68e609b ] Request (ServersTestMultiNic:test_verify_duplicate_network_nics): 200 GET http://10.180.1.21/compute/v2.1/servers/a077f982-00ab-497a-9152-94946f7dc16f 1.556s
2025-11-21 02:23:05.931 66877 INFO tempest.common.waiters [-] State transition "BUILD/scheduling" ==> "BUILD/None" after 60 second wait
2025-11-21 02:23:05.944 66875 INFO tempest.lib.common.rest_client [req-d4c87a34-0724-4981-8c0b-b14ace7d8bd4 req-d4c87a34-0724-4981-8c0b-b14ace7d8bd4 ] Request (MultipleCreateTestJSON:tearDownClass): 404 GET http://10.180.1.21/compute/v2.1/servers/ab5ee36c-7ea1-45a3-acfb-16b416290613 1.337s
2025-11-21 02:23:05.994 66869 INFO tempest.lib.common.rest_client [req-94454648-884e-48a0-a67d-71b8abbbf529 req-94454648-884e-48a0-a67d-71b8abbbf529 ] Request (ServersTestFqdnHostnames:test_create_server_with_fqdn_name): 200 GET http://10.180.1.21/compute/v2.1/servers/68147eeb-a64c-4eea-9382-3fa55f0e2c9c 1.306s
2025-11-21 02:23:06.029 66849 INFO tempest.lib.common.rest_client [req-4cb1867d-1e9c-436f-b9f8-844c70b23330 req-4cb1867d-1e9c-436f-b9f8-844c70b23330 ] Request (ServersNegativeTestJSON:setUpClass): 200 GET http://10.180.1.21/compute/v2.1/servers/61ab880f-1ead-4b02-8ea4-d86c1fcf6ab9 1.383s
2025-11-21 02:23:06.038 66849 INFO tempest.common.waiters [-] State transition "BUILD/spawning" ==> "ACTIVE/None" after 93 second wait
2025-11-21 02:23:06.051 66897 INFO tempest.lib.common.rest_client [req-4ef88543-45dd-4524-ae68-b72289c36e20 req-4ef88543-45dd-4524-ae68-b72289c36e20 ] Request (ServersAdminNegativeTestJSON:tearDownClass): 200 GET http://10.180.1.21/compute/v2.1/servers/3ef432d0-f2d0-42d5-ba75-d7e9d30de8ac 1.292s
2025-11-21 02:23:06.084 66873 INFO tempest.lib.common.rest_client [req-f6706ff4-9ea9-4398-a810-a59360879278 req-f6706ff4-9ea9-4398-a810-a59360879278 ] Request (InstanceActionsV221TestJSON:test_get_list_deleted_instance_actions): 200 GET http://10.180.1.21/compute/v2.1/servers/6888c743-4907-47c2-9b5c-fa1aaa38b2b1 1.259s
2025-11-21 02:23:06.107 66871 INFO tempest.lib.common.rest_client [req-3da9f90c-71cc-4cc5-8f97-b557fef1517f req-3da9f90c-71cc-4cc5-8f97-b557fef1517f ] Request (ServerDiskConfigTestJSON:test_rebuild_server_with_manual_disk_config): 200 GET http://10.180.1.21/compute/v2.1/servers/0f49157b-80e5-4c08-b3e3-f97e801672a8 1.238s
2025-11-21 02:23:06.135 66911 INFO tempest.lib.common.rest_client [req-811c97e8-f527-429c-a39a-163b42df9d8e req-811c97e8-f527-429c-a39a-163b42df9d8e ] Request (ServersWithSpecificFlavorTestJSON:test_verify_created_server_ephemeral_disk): 200 GET http://10.180.1.21/compute/v2.1/servers/470d61b5-2b57-4700-b2ca-ab9c2f1dcd89 1.257s
2025-11-21 02:23:06.163 66887 INFO tempest.lib.common.rest_client [req-f83180af-526e-4c86-a15e-6631e4748a3d req-f83180af-526e-4c86-a15e-6631e4748a3d ] Request (FloatingIPsAssociationTestJSON:tearDownClass): 200 GET http://10.180.1.21/compute/v2.1/servers/46af7146-bb98-48bf-8902-cdde40747ac0 1.227s
2025-11-21 02:23:06.185 66861 INFO tempest.lib.common.rest_client [req-9c562c04-2dbc-4b31-ac5b-21e5b6ffe021 req-9c562c04-2dbc-4b31-ac5b-21e5b6ffe021 ] Request (MigrationsAdminTest:test_resize_server_revert_deleted_flavor): 200 GET http://10.180.1.21/compute/v2.1/servers/1737cecc-643d-4d84-8a01-93f7d564d28a 1.194s
2025-11-21 02:23:06.220 66863 INFO tempest.lib.common.rest_client [req-7b84c63f-d53a-4c42-a97c-b9cc2475aaab req-7b84c63f-d53a-4c42-a97c-b9cc2475aaab ] Request (ServersTestJSON:test_create_server_with_ipv6_addr_only): 200 GET http://10.180.1.21/compute/v2.1/servers/95f59604-5255-4b59-a7ba-d27fd95838ed 1.206s
2025-11-21 02:23:06.241 66867 INFO tempest.lib.common.rest_client [req-c0b1a911-d646-4bf7-b7fb-14b5beaf1a1a req-c0b1a911-d646-4bf7-b7fb-14b5beaf1a1a ] Request (ServerActionsV293TestJSON:setUpClass): 200 GET http://10.180.1.21/compute/v2.1/servers/8bcbf78e-a7b3-4281-9fb9-23beb708b9ed 1.143s
2025-11-21 02:23:06.297 66855 INFO tempest.lib.common.rest_client [req-f2ead395-52ad-4f04-aee6-426ab18d3838 req-f2ead395-52ad-4f04-aee6-426ab18d3838 ] Request (ServersAdminTestJSON:test_create_server_with_scheduling_hint): 200 GET http://10.180.1.21/compute/v2.1/servers/053f8cba-8888-4820-bfab-1c093a4950f7 1.135s
2025-11-21 02:23:06.363 66891 INFO tempest.lib.common.rest_client [req-5a0cc760-5584-4157-ac0d-c47f1f48d783 req-5a0cc760-5584-4157-ac0d-c47f1f48d783 ] Request (ServerAddressesTestJSON:setUpClass): 200 GET http://10.180.1.21/compute/v2.1/servers/9461d660-0dab-45f6-87a0-5500771eedee 1.113s
2025-11-21 02:23:06.775 66905 INFO tempest.lib.common.rest_client [req-042e8b71-ac64-4ba6-b556-4320618cf0a4 req-042e8b71-ac64-4ba6-b556-4320618cf0a4 ] Request (ServerRescueTestJSONUnderV235:_run_cleanups): 202 DELETE http://10.180.1.21/compute/v2.1/os-floating-ips/621220e0-22d9-4f6d-ba22-bf62a2ba1841 1.056s
2025-11-21 02:23:06.936 66879 INFO tempest.lib.common.rest_client [req-e7153b0c-3003-47a7-9925-ce7a7172e69c req-e7153b0c-3003-47a7-9925-ce7a7172e69c ] Request (ListServerFiltersTestJSON:test_list_servers_filter_by_shutoff_status): 200 GET http://10.180.1.21/compute/v2.1/servers/bb5de9fc-3550-4641-bbb4-7c5224310f8c 1.183s
2025-11-21 02:23:06.984 66875 INFO tempest.lib.common.rest_client [req-ef14d9f3-691d-4a3d-a273-b26097708c89 req-ef14d9f3-691d-4a3d-a273-b26097708c89 ] Request (MultipleCreateTestJSON:tearDownClass): 404 GET http://10.180.1.21/compute/v2.1/servers/0ff6a92c-b3a9-4fd3-b302-a4a4dcd56003 1.040s
2025-11-21 02:23:07.086 66849 INFO tempest.lib.common.rest_client [req-b9320cb5-5c25-464a-83ce-78243fb25336 req-b9320cb5-5c25-464a-83ce-78243fb25336 ] Request (ServersNegativeTestJSON:setUpClass): 204 DELETE http://10.180.1.21/compute/v2.1/servers/61ab880f-1ead-4b02-8ea4-d86c1fcf6ab9 1.047s
2025-11-21 02:23:07.387 66851 INFO tempest.lib.common.rest_client [req-2d4411a6-19bf-4cba-b83f-6cb3f8faf5ad req-2d4411a6-19bf-4cba-b83f-6cb3f8faf5ad ] Request (AttachInterfacesV270Test:test_create_get_list_interfaces): 200 GET http://10.180.1.21/compute/v2.1/servers/c7f74212-1365-46f7-8aa3-b98c3d442a9e 0.895s
2025-11-21 02:23:07.789 66875 INFO tempest.lib.common.rest_client [req-dde98424-08f0-4c97-b0fe-c7ab5e6f91a6 req-dde98424-08f0-4c97-b0fe-c7ab5e6f91a6 ] Request (MultipleCreateTestJSON:tearDownClass): 200 PUT http://10.180.1.21/networking/v2.0/routers/748717d3-8d06-4f6a-ae8b-9e530462d4fa/remove_router_interface 0.803s
2025-11-21 02:23:07.840 66857 INFO tempest.lib.common.rest_client [req-e6664119-3a4c-416e-a568-58be59687656 req-e6664119-3a4c-416e-a568-58be59687656 ] Request (ImagesOneServerNegativeTestJSON:_run_cleanups): 200 GET http://10.180.1.21/compute/v2.1/servers/9738e220-df85-4d2f-8832-de3cd42b6c66 1.275s
2025-11-21 02:23:07.884 66859 INFO tempest.lib.common.rest_client [req-d4dd2cca-bc65-4523-b3f7-b84b4e604805 req-d4dd2cca-bc65-4523-b3f7-b84b4e604805 ] Request (DeleteServersTestJSON:test_delete_server_while_in_attached_volume): 200 POST http://10.180.1.21/compute/v2.1/servers/06b813d7-570d-472b-b020-26c19fa7baae/os-volume_attachments 2.773s
2025-11-21 02:23:07.918 66859 INFO tempest.lib.common.rest_client [req-b659582b-dfa3-4048-8984-22e3b3f5c50a req-b659582b-dfa3-4048-8984-22e3b3f5c50a ] Request (DeleteServersTestJSON:test_delete_server_while_in_attached_volume): 200 GET http://10.180.1.21/volume/v3/volumes/0571318c-127b-4218-8c9a-bc890b284eae 0.032s
2025-11-21 02:23:08.250 66875 INFO tempest.lib.common.rest_client [req-64b08ec5-fcd9-4e1e-a924-eb95ff94a3b2 req-64b08ec5-fcd9-4e1e-a924-eb95ff94a3b2 ] Request (MultipleCreateTestJSON:tearDownClass): 204 DELETE http://10.180.1.21/networking/v2.0/routers/748717d3-8d06-4f6a-ae8b-9e530462d4fa 0.461s
2025-11-21 02:23:08.307 66909 INFO tempest.lib.common.rest_client [req-a5d6e12f-3383-4660-a53d-cc4d4f9f15b2 req-a5d6e12f-3383-4660-a53d-cc4d4f9f15b2 ] Request (ServerShowV247Test:test_update_rebuild_list_server): 200 GET http://10.180.1.21/compute/v2.1/servers/dde1f9c6-0004-40f6-bbf9-da1ba4f865bc 1.662s
2025-11-21 02:23:08.322 66865 INFO tempest.lib.common.rest_client [req-9bea0ee5-1e07-4256-8b63-701c45d0359b req-9bea0ee5-1e07-4256-8b63-701c45d0359b ] Request (ServerExternalEventsTest:tearDownClass): 200 GET http://10.180.1.21/compute/v2.1/servers/9ed068e3-a530-4000-805b-07b321db2857 1.607s
2025-11-21 02:23:08.389 66907 WARNING tempest.lib.common.ssh [-] Failed to establish authenticated ssh connection to cirros@10.180.180.145 ([Errno None] Unable to connect to port 22 on 10.180.180.145). Number attempts: 1. Retry after 2 seconds.: paramiko.ssh_exception.NoValidConnectionsError: [Errno None] Unable to connect to port 22 on 10.180.180.145
2025-11-21 02:23:08.439 66875 INFO tempest.lib.common.rest_client [req-cb9c757c-6325-4d65-a09a-6ec756f82b44 req-cb9c757c-6325-4d65-a09a-6ec756f82b44 ] Request (MultipleCreateTestJSON:tearDownClass): 204 DELETE http://10.180.1.21/networking/v2.0/subnets/695f4d5f-7076-4449-a303-01bd31bcb715 0.188s
2025-11-21 02:23:08.524 66899 INFO tempest.lib.common.rest_client [req-48cc42c7-09fb-4a28-8c5b-bc6196f682e2 req-48cc42c7-09fb-4a28-8c5b-bc6196f682e2 ] Request (AttachVolumeNegativeTest:test_attach_attached_volume_to_different_server): 200 GET http://10.180.1.21/compute/v2.1/servers/7e189741-77c5-455a-90ba-b4bc6fc2e8d2 1.745s
2025-11-21 02:23:08.841 66875 INFO tempest.lib.common.rest_client [req-a12e00a1-be40-4e06-b5b4-9a2ab6e15d24 req-a12e00a1-be40-4e06-b5b4-9a2ab6e15d24 ] Request (MultipleCreateTestJSON:tearDownClass): 204 DELETE http://10.180.1.21/networking/v2.0/networks/3a9b35d3-776a-406c-8941-65bbee4ee361 0.402s
2025-11-21 02:23:08.961 66859 INFO tempest.lib.common.rest_client [req-a64bbc0f-9267-45ed-8751-e65dfc86b775 req-a64bbc0f-9267-45ed-8751-e65dfc86b775 ] Request (DeleteServersTestJSON:test_delete_server_while_in_attached_volume): 200 GET http://10.180.1.21/volume/v3/volumes/0571318c-127b-4218-8c9a-bc890b284eae 0.035s
2025-11-21 02:23:08.968 66905 INFO tempest.lib.common.rest_client [req-03e2755e-2209-4c43-baeb-2e0eddba6b36 req-03e2755e-2209-4c43-baeb-2e0eddba6b36 ] Request (ServerRescueTestJSONUnderV235:tearDownClass): 202 DELETE http://10.180.1.21/compute/v2.1/os-security-groups/4e004dc2-11f0-4594-9c46-b39612e7ec34 2.192s
2025-11-21 02:23:08.977 66875 INFO tempest.lib.common.rest_client [req-5a1e16e9-3884-47ef-ba67-717cdc8894ed req-5a1e16e9-3884-47ef-ba67-717cdc8894ed ] Request (MultipleCreateTestJSON:tearDownClass): 204 DELETE http://10.180.1.21/identity/v3/users/ddff396255df4b54abbb1cb613b68856 0.135s
2025-11-21 02:23:08.977 66875 INFO tempest.lib.common.dynamic_creds [-] Deleting project and security group for project: 72c6b92b16c642b5b5242efff03a9dd9
2025-11-21 02:23:08.994 66853 INFO tempest.lib.common.rest_client [req-0c1e67d4-23ab-45fa-98ad-71dc04841748 req-0c1e67d4-23ab-45fa-98ad-71dc04841748 ] Request (ServerShowV257Test:test_rebuild_server): 200 GET http://10.180.1.21/compute/v2.1/servers/7168415b-f625-4b52-a52e-cb5a95e73ac8 2.161s
2025-11-21 02:23:09.051 66875 INFO tempest.lib.common.rest_client [req-09ca3a4d-9ed5-4a8e-bdb5-fd382e264264 req-09ca3a4d-9ed5-4a8e-bdb5-fd382e264264 ] Request (MultipleCreateTestJSON:tearDownClass): 200 GET http://10.180.1.21/networking/v2.0/security-groups?tenant_id=72c6b92b16c642b5b5242efff03a9dd9&name=default 0.073s
2025-11-21 02:23:09.083 66896 INFO tempest.lib.common.rest_client [req-8c7510e7-a262-40d6-ac44-8b041d02ce6e req-8c7510e7-a262-40d6-ac44-8b041d02ce6e ] Request (SecurityGroupsTestJSON:test_list_security_groups_by_server): 200 GET http://10.180.1.21/compute/v2.1/servers/0b312d62-4282-4f54-b4a8-54aee14517c0 2.198s
2025-11-21 02:23:09.097 66877 INFO tempest.lib.common.rest_client [req-69258586-6f53-418c-90e5-e1163afe6417 req-69258586-6f53-418c-90e5-e1163afe6417 ] Request (ImagesTestJSON:test_create_server_from_snapshot): 200 GET http://10.180.1.21/compute/v2.1/servers/fcb80a35-492d-4830-910e-b25ccb8796e2 2.165s
2025-11-21 02:23:09.175 66875 INFO tempest.lib.common.rest_client [req-fde90da3-53af-4850-b9a9-50b4b46eb454 req-fde90da3-53af-4850-b9a9-50b4b46eb454 ] Request (MultipleCreateTestJSON:tearDownClass): 204 DELETE http://10.180.1.21/networking/v2.0/security-groups/75e42630-d365-4bb0-89c0-55b0baee0268 0.124s
2025-11-21 02:23:09.198 66869 INFO tempest.lib.common.rest_client [req-c3d3f05a-fa1c-4f62-8bc3-95ed849cdb9c req-c3d3f05a-fa1c-4f62-8bc3-95ed849cdb9c ] Request (ServersTestFqdnHostnames:test_create_server_with_fqdn_name): 200 GET http://10.180.1.21/compute/v2.1/servers/68147eeb-a64c-4eea-9382-3fa55f0e2c9c 2.196s
2025-11-21 02:23:09.273 66897 INFO tempest.lib.common.rest_client [req-dc83ad80-331c-407b-a577-5b4786384c17 req-dc83ad80-331c-407b-a577-5b4786384c17 ] Request (ServersAdminNegativeTestJSON:tearDownClass): 200 GET http://10.180.1.21/compute/v2.1/servers/3ef432d0-f2d0-42d5-ba75-d7e9d30de8ac 2.214s
2025-11-21 02:23:09.277 66875 INFO tempest.lib.common.rest_client [req-b1ef49b3-22b2-4dc8-9d60-566613b8074e req-b1ef49b3-22b2-4dc8-9d60-566613b8074e ] Request (MultipleCreateTestJSON:tearDownClass): 204 DELETE http://10.180.1.21/identity/v3/projects/72c6b92b16c642b5b5242efff03a9dd9 0.101s
2025-11-21 02:23:09.292 66903 INFO tempest.lib.common.rest_client [req-f97bf2db-230a-4853-b460-53f58d46431b req-f97bf2db-230a-4853-b460-53f58d46431b ] Request (ServersTestMultiNic:test_verify_duplicate_network_nics): 200 GET http://10.180.1.21/compute/v2.1/servers/a077f982-00ab-497a-9152-94946f7dc16f 2.357s
2025-11-21 02:23:09.337 66875 INFO tempest.lib.common.rest_client [req-9cb9a4ba-3b4d-49c1-919a-d90386d83b2f req-9cb9a4ba-3b4d-49c1-919a-d90386d83b2f ] Request (MultipleCreateNegativeTestJSON:setUpClass): 201 POST http://10.180.1.21/identity/v3/auth/tokens 0.058s
2025-11-21 02:23:09.362 66873 INFO tempest.lib.common.rest_client [req-ad448cb5-72ce-41a6-a286-ca012778d04c req-ad448cb5-72ce-41a6-a286-ca012778d04c ] Request (InstanceActionsV221TestJSON:test_get_list_deleted_instance_actions): 200 GET http://10.180.1.21/compute/v2.1/servers/6888c743-4907-47c2-9b5c-fa1aaa38b2b1 2.269s
2025-11-21 02:23:09.380 66875 INFO tempest.lib.common.rest_client [req-301b418f-8b56-40c5-ab72-e4efe190a07f req-301b418f-8b56-40c5-ab72-e4efe190a07f ] Request (MultipleCreateNegativeTestJSON:setUpClass): 201 POST http://10.180.1.21/identity/v3/auth/tokens 0.040s
2025-11-21 02:23:09.417 66875 INFO tempest.lib.common.rest_client [req-9e1455f8-32a1-46c5-9c26-ed018a80c710 req-9e1455f8-32a1-46c5-9c26-ed018a80c710 ] Request (MultipleCreateNegativeTestJSON:setUpClass): 200 GET http://10.180.1.21/identity/v3/domains?name=Default 0.036s
2025-11-21 02:23:09.442 66849 INFO tempest.lib.common.rest_client [req-8c0144a5-f33b-485b-bfb1-510cfbf872bc req-8c0144a5-f33b-485b-bfb1-510cfbf872bc ] Request (ServersNegativeTestJSON:setUpClass): 200 GET http://10.180.1.21/compute/v2.1/servers/61ab880f-1ead-4b02-8ea4-d86c1fcf6ab9 2.354s
2025-11-21 02:23:09.455 66875 INFO tempest.lib.common.rest_client [req-9692623b-8ba2-483c-ba8e-6d26c9067542 req-9692623b-8ba2-483c-ba8e-6d26c9067542 ] Request (MultipleCreateNegativeTestJSON:setUpClass): 201 POST http://10.180.1.21/identity/v3/projects 0.038s
2025-11-21 02:23:09.458 66871 INFO tempest.lib.common.rest_client [req-a6b1d1f5-8843-475b-86c7-0cc8b6ec01b9 req-a6b1d1f5-8843-475b-86c7-0cc8b6ec01b9 ] Request (ServerDiskConfigTestJSON:test_rebuild_server_with_manual_disk_config): 200 GET http://10.180.1.21/compute/v2.1/servers/0f49157b-80e5-4c08-b3e3-f97e801672a8 2.343s
2025-11-21 02:23:09.481 66887 INFO tempest.lib.common.rest_client [req-d3819bb6-6bee-4f8e-91e2-4c5fbf46194b req-d3819bb6-6bee-4f8e-91e2-4c5fbf46194b ] Request (FloatingIPsAssociationTestJSON:tearDownClass): 404 GET http://10.180.1.21/compute/v2.1/servers/46af7146-bb98-48bf-8902-cdde40747ac0 2.308s
2025-11-21 02:23:09.546 66875 INFO tempest.lib.common.rest_client [req-06f5fdb9-b96d-42bb-b98c-7d82d5a1fb0c req-06f5fdb9-b96d-42bb-b98c-7d82d5a1fb0c ] Request (MultipleCreateNegativeTestJSON:setUpClass): 201 POST http://10.180.1.21/identity/v3/users 0.090s
2025-11-21 02:23:09.572 66875 INFO tempest.lib.common.rest_client [req-d46e3801-ffaa-46d8-879b-48054669282d req-d46e3801-ffaa-46d8-879b-48054669282d ] Request (MultipleCreateNegativeTestJSON:setUpClass): 200 GET http://10.180.1.21/identity/v3/roles 0.026s
2025-11-21 02:23:09.617 66861 INFO tempest.lib.common.rest_client [req-bf1309a7-3b70-438e-85e8-e1d0d88640bb req-bf1309a7-3b70-438e-85e8-e1d0d88640bb ] Request (MigrationsAdminTest:test_resize_server_revert_deleted_flavor): 200 GET http://10.180.1.21/compute/v2.1/servers/1737cecc-643d-4d84-8a01-93f7d564d28a 2.423s
2025-11-21 02:23:09.631 66861 INFO tempest.common.waiters [-] State transition "BUILD/scheduling" ==> "BUILD/None" after 63 second wait
2025-11-21 02:23:09.640 66875 INFO tempest.lib.common.rest_client [req-1dc42bc6-c79a-4f00-8cde-21768ed81ab2 req-1dc42bc6-c79a-4f00-8cde-21768ed81ab2 ] Request (MultipleCreateNegativeTestJSON:setUpClass): 204 PUT http://10.180.1.21/identity/v3/projects/49e4e6c9a1b247689cb922e64484b3e9/users/1ec133b6fd7740f0951f33422bad3606/roles/628c4edba4a04938aaa97647acbe87ad 0.067s
2025-11-21 02:23:09.640 66875 INFO tempest.lib.common.dynamic_creds [-] Dynamic test user 1ec133b6fd7740f0951f33422bad3606 is created with scope project and roles: ['member']
2025-11-21 02:23:09.641 66875 INFO tempest.lib.common.dynamic_creds [-] Acquired dynamic creds: credentials: Credentials: {'domain_id': 'default', 'domain_name': 'Default', 'username': 'tempest-MultipleCreateNegativeTestJSON-30181967-project-member', 'project_domain_id': 'default', 'project_domain_name': 'Default', 'project_id': '49e4e6c9a1b247689cb922e64484b3e9', 'project_name': 'tempest-MultipleCreateNegativeTestJSON-30181967', 'tenant_id': '49e4e6c9a1b247689cb922e64484b3e9', 'tenant_name': 'tempest-MultipleCreateNegativeTestJSON-30181967', 'user_domain_id': 'default', 'user_domain_name': 'Default', 'user_id': '1ec133b6fd7740f0951f33422bad3606', 'system': None}, Network: None, Subnet: None, Router: None
2025-11-21 02:23:09.641 66875 INFO tempest.lib.common.dynamic_creds [-] Created isolated network resources for: credentials: Credentials: {'domain_id': 'default', 'domain_name': 'Default', 'username': 'tempest-MultipleCreateNegativeTestJSON-30181967-project-member', 'project_domain_id': 'default', 'project_domain_name': 'Default', 'project_id': '49e4e6c9a1b247689cb922e64484b3e9', 'project_name': 'tempest-MultipleCreateNegativeTestJSON-30181967', 'tenant_id': '49e4e6c9a1b247689cb922e64484b3e9', 'tenant_name': 'tempest-MultipleCreateNegativeTestJSON-30181967', 'user_domain_id': 'default', 'user_domain_name': 'Default', 'user_id': '1ec133b6fd7740f0951f33422bad3606', 'system': None}, Network: None, Subnet: None, Router: None
2025-11-21 02:23:09.664 66911 INFO tempest.lib.common.rest_client [req-246c85df-d26e-47a8-9139-d5b34bd9ca45 req-246c85df-d26e-47a8-9139-d5b34bd9ca45 ] Request (ServersWithSpecificFlavorTestJSON:test_verify_created_server_ephemeral_disk): 200 GET http://10.180.1.21/compute/v2.1/servers/470d61b5-2b57-4700-b2ca-ab9c2f1dcd89 2.522s
2025-11-21 02:23:09.673 66911 INFO tempest.common.waiters [-] State transition "BUILD/None" ==> "BUILD/spawning" after 88 second wait
2025-11-21 02:23:09.704 66863 INFO tempest.lib.common.rest_client [req-2351b083-0c6a-4d88-bcef-748679d79735 req-2351b083-0c6a-4d88-bcef-748679d79735 ] Request (ServersTestJSON:test_create_server_with_ipv6_addr_only): 200 GET http://10.180.1.21/compute/v2.1/servers/95f59604-5255-4b59-a7ba-d27fd95838ed 2.475s
2025-11-21 02:23:09.750 66867 INFO tempest.lib.common.rest_client [req-143ed53f-c96a-458b-97ea-b5032eae5bfe req-143ed53f-c96a-458b-97ea-b5032eae5bfe ] Request (ServerActionsV293TestJSON:setUpClass): 200 GET http://10.180.1.21/compute/v2.1/servers/8bcbf78e-a7b3-4281-9fb9-23beb708b9ed 2.497s
2025-11-21 02:23:09.755 66875 INFO tempest.lib.common.rest_client [req-d599fb62-d2d9-49ce-bb23-879517f1b0bc req-d599fb62-d2d9-49ce-bb23-879517f1b0bc ] Request (MultipleCreateNegativeTestJSON:setUpClass): 201 POST http://10.180.1.21/identity/v3/auth/tokens 0.109s
2025-11-21 02:23:09.786 66875 INFO tempest.lib.common.rest_client [req-b6f24bba-238a-4f8d-aa13-dc87cf93d23b req-b6f24bba-238a-4f8d-aa13-dc87cf93d23b ] Request (MultipleCreateNegativeTestJSON:test_max_count_less_than_min_count): 201 POST http://10.180.1.21/identity/v3/auth/tokens 0.026s
2025-11-21 02:23:09.786 66875 INFO tempest.lib.common.fixed_network [-] (MultipleCreateNegativeTestJSON:test_max_count_less_than_min_count) Found network None available for tenant
2025-11-21 02:23:09.788 66855 INFO tempest.lib.common.rest_client [req-3707dac8-c9e2-483c-980c-a04b4af4d335 req-3707dac8-c9e2-483c-980c-a04b4af4d335 ] Request (ServersAdminTestJSON:test_create_server_with_scheduling_hint): 200 GET http://10.180.1.21/compute/v2.1/servers/053f8cba-8888-4820-bfab-1c093a4950f7 2.483s
2025-11-21 02:23:09.831 66891 INFO tempest.lib.common.rest_client [req-34c8564b-edcf-42d5-ab33-8a8bf3f6c1a6 req-34c8564b-edcf-42d5-ab33-8a8bf3f6c1a6 ] Request (ServerAddressesTestJSON:setUpClass): 200 GET http://10.180.1.21/compute/v2.1/servers/9461d660-0dab-45f6-87a0-5500771eedee 2.460s
2025-11-21 02:23:09.899 66879 INFO tempest.lib.common.rest_client [req-6728f455-e991-4844-8de9-6e40b88fceb7 req-6728f455-e991-4844-8de9-6e40b88fceb7 ] Request (ListServerFiltersTestJSON:test_list_servers_filter_by_shutoff_status): 200 GET http://10.180.1.21/compute/v2.1/servers/bb5de9fc-3550-4641-bbb4-7c5224310f8c 1.953s
2025-11-21 02:23:09.908 66879 INFO tempest.common.waiters [-] State transition "ACTIVE/powering-off" ==> "SHUTOFF/None" after 3 second wait
2025-11-21 02:23:09.929 66851 INFO tempest.lib.common.rest_client [req-c75d946d-7db0-4161-9bd0-363cd3c4ab3b req-c75d946d-7db0-4161-9bd0-363cd3c4ab3b ] Request (AttachInterfacesV270Test:test_create_get_list_interfaces): 200 GET http://10.180.1.21/compute/v2.1/servers/c7f74212-1365-46f7-8aa3-b98c3d442a9e 1.528s
2025-11-21 02:23:10.000 66857 INFO tempest.lib.common.rest_client [req-0e909dc1-71aa-4d15-ae26-e32fd155eaa0 req-0e909dc1-71aa-4d15-ae26-e32fd155eaa0 ] Request (ImagesOneServerNegativeTestJSON:_run_cleanups): 200 GET http://10.180.1.21/compute/v2.1/servers/9738e220-df85-4d2f-8832-de3cd42b6c66 1.150s
2025-11-21 02:23:10.029 66859 INFO tempest.lib.common.rest_client [req-7776ee8f-2d1f-4132-a4c4-36c398bff935 req-7776ee8f-2d1f-4132-a4c4-36c398bff935 ] Request (DeleteServersTestJSON:test_delete_server_while_in_attached_volume): 200 GET http://10.180.1.21/volume/v3/volumes/0571318c-127b-4218-8c9a-bc890b284eae 0.055s
2025-11-21 02:23:10.046 66905 INFO tempest.lib.common.rest_client [req-ecfc8c79-2e95-449d-afa7-e59082bdccba req-ecfc8c79-2e95-449d-afa7-e59082bdccba ] Request (ServerRescueTestJSONUnderV235:tearDownClass): 204 DELETE http://10.180.1.21/compute/v2.1/servers/0e2b3204-5953-4492-8a52-72a2d396fd2f 1.077s
2025-11-21 02:23:10.159 66909 INFO tempest.lib.common.rest_client [req-07a7f01f-7d37-4069-b2be-4ce50b85d9e5 req-07a7f01f-7d37-4069-b2be-4ce50b85d9e5 ] Request (ServerShowV247Test:test_update_rebuild_list_server): 200 GET http://10.180.1.21/compute/v2.1/servers/dde1f9c6-0004-40f6-bbf9-da1ba4f865bc 0.842s
2025-11-21 02:23:10.208 66865 INFO tempest.lib.common.rest_client [req-6ff0f4d8-4773-4e72-903a-6d428aaa27d3 req-6ff0f4d8-4773-4e72-903a-6d428aaa27d3 ] Request (ServerExternalEventsTest:tearDownClass): 200 GET http://10.180.1.21/compute/v2.1/servers/9ed068e3-a530-4000-805b-07b321db2857 0.871s
2025-11-21 02:23:10.268 66899 INFO tempest.lib.common.rest_client [req-ac2c44ed-85f1-4471-a11b-66dd7f901722 req-ac2c44ed-85f1-4471-a11b-66dd7f901722 ] Request (AttachVolumeNegativeTest:test_attach_attached_volume_to_different_server): 200 GET http://10.180.1.21/compute/v2.1/servers/7e189741-77c5-455a-90ba-b4bc6fc2e8d2 0.735s
2025-11-21 02:23:10.308 66875 INFO tempest.lib.common.rest_client [req-95d3fe31-3eb1-4fa2-b0e1-66c76f2a760b req-95d3fe31-3eb1-4fa2-b0e1-66c76f2a760b ] Request (MultipleCreateNegativeTestJSON:test_max_count_less_than_min_count): 400 POST http://10.180.1.21/compute/v2.1/servers 0.521s
2025-11-21 02:23:10.321 66879 INFO tempest.lib.common.rest_client [req-38b0489b-ae7e-437d-a5e7-cd12b2fbec49 req-38b0489b-ae7e-437d-a5e7-cd12b2fbec49 ] Request (ListServerFiltersTestJSON:test_list_servers_filter_by_shutoff_status): 200 GET http://10.180.1.21/compute/v2.1/servers?status=shutoff 0.412s
2025-11-21 02:23:10.352 66875 INFO tempest.lib.common.rest_client [req-c96ffa23-158d-4cf0-ab03-d0b1834bc7db req-c96ffa23-158d-4cf0-ab03-d0b1834bc7db ] Request (MultipleCreateNegativeTestJSON:test_max_count_less_than_one): 201 POST http://10.180.1.21/identity/v3/auth/tokens 0.037s
2025-11-21 02:23:10.352 66875 INFO tempest.lib.common.fixed_network [-] (MultipleCreateNegativeTestJSON:test_max_count_less_than_one) Found network None available for tenant
2025-11-21 02:23:10.393 66853 INFO tempest.lib.common.rest_client [req-431b98b1-ff38-48c6-99c1-4ecbbe9b3693 req-431b98b1-ff38-48c6-99c1-4ecbbe9b3693 ] Request (ServerShowV257Test:test_rebuild_server): 200 GET http://10.180.1.21/compute/v2.1/servers/7168415b-f625-4b52-a52e-cb5a95e73ac8 0.379s
2025-11-21 02:23:10.425 66887 INFO tempest.lib.common.rest_client [req-43da88da-de9e-4363-851d-c7dac6241e46 req-43da88da-de9e-4363-851d-c7dac6241e46 ] Request (FloatingIPsAssociationTestJSON:tearDownClass): 200 PUT http://10.180.1.21/networking/v2.0/routers/9b66acad-c50b-4aa2-953d-861cf407942a/remove_router_interface 0.943s
2025-11-21 02:23:10.503 66896 INFO tempest.lib.common.rest_client [req-4d90c8ea-917f-4a29-8ac1-f952a4a131b3 req-4d90c8ea-917f-4a29-8ac1-f952a4a131b3 ] Request (SecurityGroupsTestJSON:test_list_security_groups_by_server): 200 GET http://10.180.1.21/compute/v2.1/servers/0b312d62-4282-4f54-b4a8-54aee14517c0 0.410s
2025-11-21 02:23:10.593 66905 INFO tempest.lib.common.rest_client [req-6f9a26b0-a51c-4607-8d0d-2b4bde673cb3 req-6f9a26b0-a51c-4607-8d0d-2b4bde673cb3 ] Request (ServerRescueTestJSONUnderV235:tearDownClass): 200 GET http://10.180.1.21/compute/v2.1/servers/0e2b3204-5953-4492-8a52-72a2d396fd2f 0.546s
2025-11-21 02:23:10.609 66877 INFO tempest.lib.common.rest_client [req-409b4f60-558e-4e09-b783-6cd28cc76ad2 req-409b4f60-558e-4e09-b783-6cd28cc76ad2 ] Request (ImagesTestJSON:test_create_server_from_snapshot): 200 GET http://10.180.1.21/compute/v2.1/servers/fcb80a35-492d-4830-910e-b25ccb8796e2 0.496s
2025-11-21 02:23:10.714 66869 INFO tempest.lib.common.rest_client [req-88241037-0fe7-48bb-9f73-be391b87d428 req-88241037-0fe7-48bb-9f73-be391b87d428 ] Request (ServersTestFqdnHostnames:test_create_server_with_fqdn_name): 200 GET http://10.180.1.21/compute/v2.1/servers/68147eeb-a64c-4eea-9382-3fa55f0e2c9c 0.507s
2025-11-21 02:23:10.723 66897 INFO tempest.lib.common.rest_client [req-55bb160d-6c55-48fc-8266-d6a33859cc80 req-55bb160d-6c55-48fc-8266-d6a33859cc80 ] Request (ServersAdminNegativeTestJSON:tearDownClass): 200 GET http://10.180.1.21/compute/v2.1/servers/3ef432d0-f2d0-42d5-ba75-d7e9d30de8ac 0.438s
2025-11-21 02:23:10.815 66879 INFO tempest.lib.common.rest_client [req-73fd436d-0bfb-4027-bdc4-8778c45a2071 req-73fd436d-0bfb-4027-bdc4-8778c45a2071 ] Request (ListServerFiltersTestJSON:test_list_servers_filter_by_shutoff_status): 202 POST http://10.180.1.21/compute/v2.1/servers/bb5de9fc-3550-4641-bbb4-7c5224310f8c/action 0.490s
2025-11-21 02:23:10.819 66875 INFO tempest.lib.common.rest_client [req-4414d3a7-16cb-4fc6-849a-71e1f8243970 req-4414d3a7-16cb-4fc6-849a-71e1f8243970 ] Request (MultipleCreateNegativeTestJSON:test_max_count_less_than_one): 400 POST http://10.180.1.21/compute/v2.1/servers 0.466s
2025-11-21 02:23:10.864 66875 INFO tempest.lib.common.rest_client [req-4930007e-d0de-435f-b2a2-dc2e88df6a2b req-4930007e-d0de-435f-b2a2-dc2e88df6a2b ] Request (MultipleCreateNegativeTestJSON:test_max_count_non_integer): 201 POST http://10.180.1.21/identity/v3/auth/tokens 0.039s
2025-11-21 02:23:10.865 66875 INFO tempest.lib.common.fixed_network [-] (MultipleCreateNegativeTestJSON:test_max_count_non_integer) Found network None available for tenant
2025-11-21 02:23:10.922 66903 INFO tempest.lib.common.rest_client [req-689f0dd3-772f-4ad6-96f8-2989785e15da req-689f0dd3-772f-4ad6-96f8-2989785e15da ] Request (ServersTestMultiNic:test_verify_duplicate_network_nics): 200 GET http://10.180.1.21/compute/v2.1/servers/a077f982-00ab-497a-9152-94946f7dc16f 0.619s
2025-11-21 02:23:10.940 66873 INFO tempest.lib.common.rest_client [req-c0d38e5d-b028-465f-82ee-5b3941e56349 req-c0d38e5d-b028-465f-82ee-5b3941e56349 ] Request (InstanceActionsV221TestJSON:test_get_list_deleted_instance_actions): 200 GET http://10.180.1.21/compute/v2.1/servers/6888c743-4907-47c2-9b5c-fa1aaa38b2b1 0.568s
2025-11-21 02:23:10.999 66849 INFO tempest.lib.common.rest_client [req-d7522fb9-39f7-4acf-9f81-a8e78df5809c req-d7522fb9-39f7-4acf-9f81-a8e78df5809c ] Request (ServersNegativeTestJSON:setUpClass): 200 GET http://10.180.1.21/compute/v2.1/servers/61ab880f-1ead-4b02-8ea4-d86c1fcf6ab9 0.547s
2025-11-21 02:23:11.005 66887 INFO tempest.lib.common.rest_client [req-284d19f9-50de-4fa8-ba41-9cac8696bbf0 req-284d19f9-50de-4fa8-ba41-9cac8696bbf0 ] Request (FloatingIPsAssociationTestJSON:tearDownClass): 204 DELETE http://10.180.1.21/networking/v2.0/routers/9b66acad-c50b-4aa2-953d-861cf407942a 0.579s
2025-11-21 02:23:11.012 66849 INFO tempest.common.waiters [-] State transition "ACTIVE/deleting" ==> "DELETED/None" after 2 second wait
2025-11-21 02:23:11.017 66871 INFO tempest.lib.common.rest_client [req-47b978bb-e6c1-4ca9-9bd0-1c968ba182d8 req-47b978bb-e6c1-4ca9-9bd0-1c968ba182d8 ] Request (ServerDiskConfigTestJSON:test_rebuild_server_with_manual_disk_config): 200 GET http://10.180.1.21/compute/v2.1/servers/0f49157b-80e5-4c08-b3e3-f97e801672a8 0.548s
2025-11-21 02:23:11.064 66861 INFO tempest.lib.common.rest_client [req-5a0857bd-442c-4ace-a5fe-3ac5df97ae22 req-5a0857bd-442c-4ace-a5fe-3ac5df97ae22 ] Request (MigrationsAdminTest:test_resize_server_revert_deleted_flavor): 200 GET http://10.180.1.21/compute/v2.1/servers/1737cecc-643d-4d84-8a01-93f7d564d28a 0.432s
2025-11-21 02:23:11.077 66859 INFO tempest.lib.common.rest_client [req-4975916a-5df5-4bd4-af4b-4e69ad8eab40 req-4975916a-5df5-4bd4-af4b-4e69ad8eab40 ] Request (DeleteServersTestJSON:test_delete_server_while_in_attached_volume): 200 GET http://10.180.1.21/volume/v3/volumes/0571318c-127b-4218-8c9a-bc890b284eae 0.040s
2025-11-21 02:23:11.149 66911 INFO tempest.lib.common.rest_client [req-487e6c19-26d9-4736-9162-f366fec2f6c5 req-487e6c19-26d9-4736-9162-f366fec2f6c5 ] Request (ServersWithSpecificFlavorTestJSON:test_verify_created_server_ephemeral_disk): 200 GET http://10.180.1.21/compute/v2.1/servers/470d61b5-2b57-4700-b2ca-ab9c2f1dcd89 0.472s
2025-11-21 02:23:11.164 66863 INFO tempest.lib.common.rest_client [req-8762bdf3-3fde-4bbe-993b-101c45b632fa req-8762bdf3-3fde-4bbe-993b-101c45b632fa ] Request (ServersTestJSON:test_create_server_with_ipv6_addr_only): 200 GET http://10.180.1.21/compute/v2.1/servers/95f59604-5255-4b59-a7ba-d27fd95838ed 0.449s
2025-11-21 02:23:11.396 66883 WARNING tempest.lib.common.ssh [-] Failed to establish authenticated ssh connection to cirros@10.180.180.204 ([Errno None] Unable to connect to port 22 on 10.180.180.204). Number attempts: 1. Retry after 2 seconds.: paramiko.ssh_exception.NoValidConnectionsError: [Errno None] Unable to connect to port 22 on 10.180.180.204
2025-11-21 02:23:11.433 66887 INFO tempest.lib.common.rest_client [req-a36aff90-9c04-4bbf-92a0-b421f7d7bc57 req-a36aff90-9c04-4bbf-92a0-b421f7d7bc57 ] Request (FloatingIPsAssociationTestJSON:tearDownClass): 204 DELETE http://10.180.1.21/networking/v2.0/subnets/52f58b3b-58cf-4925-9d11-1dbe7c149a49 0.428s
2025-11-21 02:23:11.460 66907 WARNING tempest.lib.common.ssh [-] Failed to establish authenticated ssh connection to cirros@10.180.180.145 ([Errno None] Unable to connect to port 22 on 10.180.180.145). Number attempts: 2. Retry after 3 seconds.: paramiko.ssh_exception.NoValidConnectionsError: [Errno None] Unable to connect to port 22 on 10.180.180.145
2025-11-21 02:23:11.471 66855 INFO tempest.lib.common.rest_client [req-488fdbd3-2523-454f-b22e-b994050a76a2 req-488fdbd3-2523-454f-b22e-b994050a76a2 ] Request (ServersAdminTestJSON:test_create_server_with_scheduling_hint): 200 GET http://10.180.1.21/compute/v2.1/servers/053f8cba-8888-4820-bfab-1c093a4950f7 0.674s
2025-11-21 02:23:11.495 66867 INFO tempest.lib.common.rest_client [req-4ca09abc-5ce4-4149-8902-1422090ed6eb req-4ca09abc-5ce4-4149-8902-1422090ed6eb ] Request (ServerActionsV293TestJSON:setUpClass): 200 GET http://10.180.1.21/compute/v2.1/servers/8bcbf78e-a7b3-4281-9fb9-23beb708b9ed 0.735s
2025-11-21 02:23:11.626 66891 INFO tempest.lib.common.rest_client [req-a27468f3-54d6-410a-9eed-4eb94a67b5d5 req-a27468f3-54d6-410a-9eed-4eb94a67b5d5 ] Request (ServerAddressesTestJSON:setUpClass): 200 GET http://10.180.1.21/compute/v2.1/servers/9461d660-0dab-45f6-87a0-5500771eedee 0.786s
2025-11-21 02:23:11.636 66875 INFO tempest.lib.common.rest_client [req-82afb9e8-049c-43f2-86ec-3405c0a27662 req-82afb9e8-049c-43f2-86ec-3405c0a27662 ] Request (MultipleCreateNegativeTestJSON:test_max_count_non_integer): 400 POST http://10.180.1.21/compute/v2.1/servers 0.768s
2025-11-21 02:23:11.681 66879 INFO tempest.lib.common.rest_client [req-a94f2b52-9098-4a4c-91c5-659d36fcd80e req-a94f2b52-9098-4a4c-91c5-659d36fcd80e ] Request (ListServerFiltersTestJSON:test_list_servers_filter_by_shutoff_status): 200 GET http://10.180.1.21/compute/v2.1/servers/bb5de9fc-3550-4641-bbb4-7c5224310f8c 0.866s
2025-11-21 02:23:11.684 66875 INFO tempest.lib.common.rest_client [req-5f00de84-817f-4c35-a438-89e4890d82fe req-5f00de84-817f-4c35-a438-89e4890d82fe ] Request (MultipleCreateNegativeTestJSON:test_min_count_less_than_one): 201 POST http://10.180.1.21/identity/v3/auth/tokens 0.042s
2025-11-21 02:23:11.684 66875 INFO tempest.lib.common.fixed_network [-] (MultipleCreateNegativeTestJSON:test_min_count_less_than_one) Found network None available for tenant
2025-11-21 02:23:11.729 66851 INFO tempest.lib.common.rest_client [req-78247cf8-e1f9-46e2-a0ce-e93c763b0f01 req-78247cf8-e1f9-46e2-a0ce-e93c763b0f01 ] Request (AttachInterfacesV270Test:test_create_get_list_interfaces): 200 GET http://10.180.1.21/compute/v2.1/servers/c7f74212-1365-46f7-8aa3-b98c3d442a9e 0.790s
2025-11-21 02:23:11.774 66857 INFO tempest.lib.common.rest_client [req-9484d4f5-611d-4710-b515-870e544c774b req-9484d4f5-611d-4710-b515-870e544c774b ] Request (ImagesOneServerNegativeTestJSON:_run_cleanups): 200 GET http://10.180.1.21/compute/v2.1/servers/9738e220-df85-4d2f-8832-de3cd42b6c66 0.763s
2025-11-21 02:23:11.774 66887 INFO tempest.lib.common.rest_client [req-6ed8ebc0-35e0-4c70-ac93-47e0b8ea5cfb req-6ed8ebc0-35e0-4c70-ac93-47e0b8ea5cfb ] Request (FloatingIPsAssociationTestJSON:tearDownClass): 204 DELETE http://10.180.1.21/networking/v2.0/networks/0d2d5eea-6de6-4202-9775-cd062e63f6d5 0.340s
2025-11-21 02:23:11.800 66909 INFO tempest.lib.common.rest_client [req-5f18b5e2-166a-49f5-a060-ffb37e766ecb req-5f18b5e2-166a-49f5-a060-ffb37e766ecb ] Request (ServerShowV247Test:test_update_rebuild_list_server): 200 GET http://10.180.1.21/compute/v2.1/servers/dde1f9c6-0004-40f6-bbf9-da1ba4f865bc 0.625s
2025-11-21 02:23:11.848 66865 INFO tempest.lib.common.rest_client [req-aa277c00-f0b0-4a15-aad4-0ca8468953d5 req-aa277c00-f0b0-4a15-aad4-0ca8468953d5 ] Request (ServerExternalEventsTest:tearDownClass): 200 GET http://10.180.1.21/compute/v2.1/servers/9ed068e3-a530-4000-805b-07b321db2857 0.629s
2025-11-21 02:23:11.860 66899 INFO tempest.lib.common.rest_client [req-7b5ed8e9-b6ac-4f11-b64b-d3bfd255e37e req-7b5ed8e9-b6ac-4f11-b64b-d3bfd255e37e ] Request (AttachVolumeNegativeTest:test_attach_attached_volume_to_different_server): 200 GET http://10.180.1.21/compute/v2.1/servers/7e189741-77c5-455a-90ba-b4bc6fc2e8d2 0.485s
2025-11-21 02:23:11.888 66887 INFO tempest.lib.common.rest_client [req-e8b3b138-da12-47e4-943b-dffcb7c82feb req-e8b3b138-da12-47e4-943b-dffcb7c82feb ] Request (FloatingIPsAssociationTestJSON:tearDownClass): 204 DELETE http://10.180.1.21/identity/v3/users/e2beaf0a2a3c48e9b9313b7e8eed2e17 0.113s
2025-11-21 02:23:11.888 66887 INFO tempest.lib.common.dynamic_creds [-] Deleting project and security group for project: be8096db957748e68e91a0e1db7b1d8f
2025-11-21 02:23:11.899 66853 INFO tempest.lib.common.rest_client [req-138c72f3-bf56-457f-8b4b-0ca8c30bbaa8 req-138c72f3-bf56-457f-8b4b-0ca8c30bbaa8 ] Request (ServerShowV257Test:test_rebuild_server): 200 GET http://10.180.1.21/compute/v2.1/servers/7168415b-f625-4b52-a52e-cb5a95e73ac8 0.495s
2025-11-21 02:23:11.917 66887 INFO tempest.lib.common.rest_client [req-a6fc505a-0efe-4d55-a5d7-4213f16c5705 req-a6fc505a-0efe-4d55-a5d7-4213f16c5705 ] Request (FloatingIPsAssociationTestJSON:tearDownClass): 200 GET http://10.180.1.21/networking/v2.0/security-groups?tenant_id=be8096db957748e68e91a0e1db7b1d8f&name=default 0.028s
2025-11-21 02:23:11.929 66896 INFO tempest.lib.common.rest_client [req-dfddc577-c236-412f-9788-5638da54890d req-dfddc577-c236-412f-9788-5638da54890d ] Request (SecurityGroupsTestJSON:test_list_security_groups_by_server): 200 GET http://10.180.1.21/compute/v2.1/servers/0b312d62-4282-4f54-b4a8-54aee14517c0 0.415s
2025-11-21 02:23:11.993 66887 INFO tempest.lib.common.rest_client [req-885c8fae-c0ad-4283-b132-8a2b829c96e9 req-885c8fae-c0ad-4283-b132-8a2b829c96e9 ] Request (FloatingIPsAssociationTestJSON:tearDownClass): 204 DELETE http://10.180.1.21/networking/v2.0/security-groups/e12852c1-7dc2-4ed2-bd34-e396f9f9256d 0.075s
2025-11-21 02:23:12.015 66877 INFO tempest.lib.common.rest_client [req-ed96a723-108b-44a6-a5f7-d33b3e19ab94 req-ed96a723-108b-44a6-a5f7-d33b3e19ab94 ] Request (ImagesTestJSON:test_create_server_from_snapshot): 200 GET http://10.180.1.21/compute/v2.1/servers/fcb80a35-492d-4830-910e-b25ccb8796e2 0.397s
2025-11-21 02:23:12.022 66875 INFO tempest.lib.common.rest_client [req-4e333607-4270-4000-92e9-25fecb7ccf4a req-4e333607-4270-4000-92e9-25fecb7ccf4a ] Request (MultipleCreateNegativeTestJSON:test_min_count_less_than_one): 400 POST http://10.180.1.21/compute/v2.1/servers 0.337s
2025-11-21 02:23:12.030 66905 INFO tempest.lib.common.rest_client [req-7eab0b90-a11c-415b-ad8b-fc45f8757371 req-7eab0b90-a11c-415b-ad8b-fc45f8757371 ] Request (ServerRescueTestJSONUnderV235:tearDownClass): 200 GET http://10.180.1.21/compute/v2.1/servers/0e2b3204-5953-4492-8a52-72a2d396fd2f 0.426s
2025-11-21 02:23:12.080 66869 INFO tempest.lib.common.rest_client [req-7a247369-58ac-48a9-9831-54a3e8fc6595 req-7a247369-58ac-48a9-9831-54a3e8fc6595 ] Request (ServersTestFqdnHostnames:test_create_server_with_fqdn_name): 200 GET http://10.180.1.21/compute/v2.1/servers/68147eeb-a64c-4eea-9382-3fa55f0e2c9c 0.351s
2025-11-21 02:23:12.091 66875 INFO tempest.lib.common.rest_client [req-afe51074-b71b-4a10-b066-2b2d19a35d89 req-afe51074-b71b-4a10-b066-2b2d19a35d89 ] Request (MultipleCreateNegativeTestJSON:test_min_count_non_integer): 201 POST http://10.180.1.21/identity/v3/auth/tokens 0.065s
2025-11-21 02:23:12.091 66875 INFO tempest.lib.common.fixed_network [-] (MultipleCreateNegativeTestJSON:test_min_count_non_integer) Found network None available for tenant
2025-11-21 02:23:12.104 66897 INFO tempest.lib.common.rest_client [req-9047e949-24dc-4c89-8895-c6228cacc970 req-9047e949-24dc-4c89-8895-c6228cacc970 ] Request (ServersAdminNegativeTestJSON:tearDownClass): 200 GET http://10.180.1.21/compute/v2.1/servers/3ef432d0-f2d0-42d5-ba75-d7e9d30de8ac 0.372s
2025-11-21 02:23:12.112 66887 INFO tempest.lib.common.rest_client [req-3173ce32-33f3-4a09-b533-64ac40241570 req-3173ce32-33f3-4a09-b533-64ac40241570 ] Request (FloatingIPsAssociationTestJSON:tearDownClass): 204 DELETE http://10.180.1.21/identity/v3/projects/be8096db957748e68e91a0e1db7b1d8f 0.119s
2025-11-21 02:23:12.128 66859 INFO tempest.lib.common.rest_client [req-e35d06a9-260b-44dd-aa51-51265ca22fd1 req-e35d06a9-260b-44dd-aa51-51265ca22fd1 ] Request (DeleteServersTestJSON:test_delete_server_while_in_attached_volume): 200 GET http://10.180.1.21/volume/v3/volumes/0571318c-127b-4218-8c9a-bc890b284eae 0.036s
2025-11-21 02:23:12.186 66887 INFO tempest.lib.common.rest_client [req-e8e3baf8-a084-4879-afab-61ace1a63a6e req-e8e3baf8-a084-4879-afab-61ace1a63a6e ] Request (ServerActionsTestOtherB:setUpClass): 201 POST http://10.180.1.21/identity/v3/auth/tokens 0.072s
2025-11-21 02:23:12.228 66887 INFO tempest.lib.common.rest_client [req-669cbb94-57bf-486e-8798-bd084608c7f7 req-669cbb94-57bf-486e-8798-bd084608c7f7 ] Request (ServerActionsTestOtherB:setUpClass): 201 POST http://10.180.1.21/identity/v3/auth/tokens 0.038s
2025-11-21 02:23:12.254 66873 INFO tempest.lib.common.rest_client [req-a96b6424-0301-417b-b170-9f8034f083d5 req-a96b6424-0301-417b-b170-9f8034f083d5 ] Request (InstanceActionsV221TestJSON:test_get_list_deleted_instance_actions): 200 GET http://10.180.1.21/compute/v2.1/servers/6888c743-4907-47c2-9b5c-fa1aaa38b2b1 0.303s
2025-11-21 02:23:12.256 66887 INFO tempest.lib.common.rest_client [req-fb2393af-540b-4cd4-b3b3-12ae4c3fdc1b req-fb2393af-540b-4cd4-b3b3-12ae4c3fdc1b ] Request (ServerActionsTestOtherB:setUpClass): 200 GET http://10.180.1.21/identity/v3/domains?name=Default 0.028s
2025-11-21 02:23:12.278 66903 INFO tempest.lib.common.rest_client [req-6ab95766-280c-4291-b537-b94489347142 req-6ab95766-280c-4291-b537-b94489347142 ] Request (ServersTestMultiNic:test_verify_duplicate_network_nics): 200 GET http://10.180.1.21/compute/v2.1/servers/a077f982-00ab-497a-9152-94946f7dc16f 0.341s
2025-11-21 02:23:12.305 66887 INFO tempest.lib.common.rest_client [req-49289b41-24d2-4191-97c1-edfb1c2e6428 req-49289b41-24d2-4191-97c1-edfb1c2e6428 ] Request (ServerActionsTestOtherB:setUpClass): 201 POST http://10.180.1.21/identity/v3/projects 0.048s
