2025-11-21 02:22:19.301 66853 INFO tempest.lib.common.rest_client [req-8da87f91-22a9-467b-b9e4-7af247b8db8c req-8da87f91-22a9-467b-b9e4-7af247b8db8c ] Request (ServerDiagnosticsNegativeTest:tearDownClass): 200 GET http://10.180.1.21/networking/v2.0/security-groups?tenant_id=f6895ec16efb4e7a86d78a1957afbaea&name=default 0.059s
2025-11-21 02:22:19.379 66851 INFO tempest.lib.common.rest_client [req-b73f06cf-6f7e-45b6-b03d-c877fcb0e732 req-b73f06cf-6f7e-45b6-b03d-c877fcb0e732 ] Request (VolumesAdminNegativeTest:tearDownClass): 200 GET http://10.180.1.21/compute/v2.1/servers/f359b97b-32fa-4122-b698-9300c2d7bf32 0.843s
2025-11-21 02:22:19.428 66881 WARNING tempest.lib.common.ssh [-] Failed to establish authenticated ssh connection to cirros@10.180.180.183 ([Errno None] Unable to connect to port 22 on 10.180.180.183). Number attempts: 6. Retry after 7 seconds.: paramiko.ssh_exception.NoValidConnectionsError: [Errno None] Unable to connect to port 22 on 10.180.180.183
2025-11-21 02:22:19.449 66853 INFO tempest.lib.common.rest_client [req-59cb7c12-3cb7-4973-a355-88f116cb76ef req-59cb7c12-3cb7-4973-a355-88f116cb76ef ] Request (ServerDiagnosticsNegativeTest:tearDownClass): 204 DELETE http://10.180.1.21/networking/v2.0/security-groups/9f4a2c28-0514-4b56-8107-7969d0d9335c 0.147s
2025-11-21 02:22:19.453 66869 INFO tempest.lib.common.rest_client [req-766d3754-3e95-4083-aaac-e913a15ba2a8 req-766d3754-3e95-4083-aaac-e913a15ba2a8 ] Request (VolumesAssistedSnapshotsTest:tearDownClass): 204 DELETE http://10.180.1.21/networking/v2.0/networks/1adbde27-3983-424f-9e01-a11504e786c2 0.304s
2025-11-21 02:22:19.478 66897 INFO tempest.lib.common.rest_client [req-88d1a3bd-65f2-42d4-8fa0-5b36884376a2 req-88d1a3bd-65f2-42d4-8fa0-5b36884376a2 ] Request (ServersAdminNegativeTestJSON:tearDownClass): 200 GET http://10.180.1.21/compute/v2.1/servers/ab514ff8-f675-4898-823a-4f58a8b5735a 0.929s
2025-11-21 02:22:19.488 66899 INFO tempest.lib.common.rest_client [req-7633a52d-3d0c-40f2-a5a3-2c02e6ab26d3 req-7633a52d-3d0c-40f2-a5a3-2c02e6ab26d3 ] Request (AttachVolumeNegativeTest:test_attach_attached_volume_to_different_server): 200 GET http://10.180.1.21/compute/v2.1/servers/7e189741-77c5-455a-90ba-b4bc6fc2e8d2 0.445s
2025-11-21 02:22:19.558 66849 INFO tempest.lib.common.rest_client [req-df1a36e9-596e-4906-aec8-982175cb504e req-df1a36e9-596e-4906-aec8-982175cb504e ] Request (ServersNegativeTestJSON:setUpClass): 200 GET http://10.180.1.21/compute/v2.1/servers/61ab880f-1ead-4b02-8ea4-d86c1fcf6ab9 0.502s
2025-11-21 02:22:19.600 66853 INFO tempest.lib.common.rest_client [req-dcc201a8-acce-430e-962f-f1a80902e51e req-dcc201a8-acce-430e-962f-f1a80902e51e ] Request (ServerDiagnosticsNegativeTest:tearDownClass): 204 DELETE http://10.180.1.21/identity/v3/projects/f6895ec16efb4e7a86d78a1957afbaea 0.151s
2025-11-21 02:22:19.601 66869 INFO tempest.lib.common.rest_client [req-e4ee6de5-055f-4ca5-a39c-c9b98c3002b5 req-e4ee6de5-055f-4ca5-a39c-c9b98c3002b5 ] Request (VolumesAssistedSnapshotsTest:tearDownClass): 204 DELETE http://10.180.1.21/identity/v3/users/5252a69ce513461cba3700a2c251381c 0.147s
2025-11-21 02:22:19.617 66863 INFO tempest.lib.common.rest_client [req-a36d0817-2b77-4896-bed1-c851be0a6def req-a36d0817-2b77-4896-bed1-c851be0a6def ] Request (ServersTestJSON:test_create_server_specify_multibyte_character_name): 200 GET http://10.180.1.21/compute/v2.1/servers/8d7a94cf-dd54-4f5e-a142-4894fb31d747 0.389s
2025-11-21 02:22:19.633 66877 INFO tempest.lib.common.rest_client [req-9e659806-c251-4def-9b80-613caadc6b9e req-9e659806-c251-4def-9b80-613caadc6b9e ] Request (ImagesTestJSON:test_create_server_from_snapshot): 200 GET http://10.180.1.21/compute/v2.1/servers/fcb80a35-492d-4830-910e-b25ccb8796e2 0.365s
2025-11-21 02:22:19.670 66907 INFO tempest.lib.common.rest_client [req-d20e598b-1a32-4852-b518-8e5a3ab905ac req-d20e598b-1a32-4852-b518-8e5a3ab905ac ] Request (ServersTestBootFromVolume:setUpClass): 200 GET http://10.180.1.21/compute/v2.1/servers/4fff5636-22aa-46f4-b8b0-19e24a76c3e1 0.351s
2025-11-21 02:22:19.676 66853 INFO tempest.lib.common.rest_client [req-d49ed527-7445-4815-a1e5-225658e6945f req-d49ed527-7445-4815-a1e5-225658e6945f ] Request (ServicesAdminTestJSON:setUpClass): 201 POST http://10.180.1.21/identity/v3/auth/tokens 0.074s
2025-11-21 02:22:19.691 66859 INFO tempest.lib.common.rest_client [req-4cabf5ae-99b7-48f4-8b28-2c4901ccf10a req-4cabf5ae-99b7-48f4-8b28-2c4901ccf10a ] Request (DeleteServersTestJSON:test_delete_server_while_in_attached_volume): 200 GET http://10.180.1.21/compute/v2.1/servers/06b813d7-570d-472b-b020-26c19fa7baae 0.347s
2025-11-21 02:22:19.706 66853 INFO tempest.lib.common.rest_client [req-3b0da8e2-4562-4d11-918b-0e883d158896 req-3b0da8e2-4562-4d11-918b-0e883d158896 ] Request (ServicesAdminTestJSON:setUpClass): 201 POST http://10.180.1.21/identity/v3/auth/tokens 0.027s
2025-11-21 02:22:19.720 66865 INFO tempest.lib.common.rest_client [req-a6a7d8c3-ce88-4299-8862-282bf4a18004 req-a6a7d8c3-ce88-4299-8862-282bf4a18004 ] Request (ServerExternalEventsTest:test_create_server_external_events): 200 GET http://10.180.1.21/compute/v2.1/servers/9ed068e3-a530-4000-805b-07b321db2857 0.343s
2025-11-21 02:22:19.729 66869 INFO tempest.lib.common.rest_client [req-619ded07-2cfb-438e-87cb-875aa76700b9 req-619ded07-2cfb-438e-87cb-875aa76700b9 ] Request (VolumesAssistedSnapshotsTest:tearDownClass): 204 DELETE http://10.180.1.21/identity/v3/users/fa4ec3734d3f42a6a09712366880329d 0.128s
2025-11-21 02:22:19.747 66905 INFO tempest.lib.common.rest_client [req-4294db78-c803-4aa1-a4ac-81142c760aaa req-4294db78-c803-4aa1-a4ac-81142c760aaa ] Request (ServerRescueTestJSONUnderV235:setUpClass): 200 GET http://10.180.1.21/compute/v2.1/servers/0e2b3204-5953-4492-8a52-72a2d396fd2f 0.352s
2025-11-21 02:22:19.767 66853 INFO tempest.lib.common.rest_client [req-cc03ca54-5caf-45b9-b665-8c723e41df6e req-cc03ca54-5caf-45b9-b665-8c723e41df6e ] Request (ServicesAdminTestJSON:setUpClass): 200 GET http://10.180.1.21/identity/v3/domains?name=Default 0.060s
2025-11-21 02:22:19.774 66873 INFO tempest.lib.common.rest_client [req-beedcf38-a89b-4f00-aed6-d8dcfa672525 req-beedcf38-a89b-4f00-aed6-d8dcfa672525 ] Request (InstanceActionsV221TestJSON:test_get_list_deleted_instance_actions): 200 GET http://10.180.1.21/compute/v2.1/servers/6888c743-4907-47c2-9b5c-fa1aaa38b2b1 0.316s
2025-11-21 02:22:19.805 66853 INFO tempest.lib.common.rest_client [req-d8fac674-2245-4910-a935-d1d4a9365a88 req-d8fac674-2245-4910-a935-d1d4a9365a88 ] Request (ServicesAdminTestJSON:setUpClass): 201 POST http://10.180.1.21/identity/v3/projects 0.037s
2025-11-21 02:22:19.811 66909 INFO tempest.lib.common.rest_client [req-3531e3a8-8834-4c94-8dbc-d1dcc466ffb2 req-3531e3a8-8834-4c94-8dbc-d1dcc466ffb2 ] Request (ServersTestManualDisk:tearDownClass): 200 GET http://10.180.1.21/compute/v2.1/servers/1ef47f44-ff48-4bd0-9983-89e66f03e217 0.331s
2025-11-21 02:22:19.817 66869 INFO tempest.lib.common.rest_client [req-1fe996c6-79bd-4c5c-ab0c-1b6500443046 req-1fe996c6-79bd-4c5c-ab0c-1b6500443046 ] Request (VolumesAssistedSnapshotsTest:tearDownClass): 204 DELETE http://10.180.1.21/identity/v3/users/a990755f600447aaa3833590e5f04833 0.087s
2025-11-21 02:22:19.817 66869 INFO tempest.lib.common.dynamic_creds [-] Deleting project and security group for project: 8e8096173ce8439ca260d5c6e587b671
2025-11-21 02:22:19.824 66861 INFO tempest.lib.common.rest_client [req-f3a2ebee-4aac-4035-ab8e-426d096cfb33 req-f3a2ebee-4aac-4035-ab8e-426d096cfb33 ] Request (MigrationsAdminTest:test_resize_server_revert_deleted_flavor): 200 GET http://10.180.1.21/compute/v2.1/servers/1737cecc-643d-4d84-8a01-93f7d564d28a 0.306s
2025-11-21 02:22:19.847 66869 INFO tempest.lib.common.rest_client [req-41b79c17-c208-4e11-9178-167e6ae83e84 req-41b79c17-c208-4e11-9178-167e6ae83e84 ] Request (VolumesAssistedSnapshotsTest:tearDownClass): 200 GET http://10.180.1.21/networking/v2.0/security-groups?tenant_id=8e8096173ce8439ca260d5c6e587b671&name=default 0.030s
2025-11-21 02:22:19.865 66871 INFO tempest.lib.common.rest_client [req-41dd32be-c22e-4a50-8ab8-d06b8102eb22 req-41dd32be-c22e-4a50-8ab8-d06b8102eb22 ] Request (ServerDiskConfigTestJSON:test_rebuild_server_with_manual_disk_config): 200 GET http://10.180.1.21/compute/v2.1/servers/0f49157b-80e5-4c08-b3e3-f97e801672a8 0.313s
2025-11-21 02:22:19.883 66867 INFO tempest.lib.common.rest_client [req-325476d5-68cf-4070-b9af-f51e5af22f4f req-325476d5-68cf-4070-b9af-f51e5af22f4f ] Request (ServerActionsV293TestJSON:setUpClass): 200 GET http://10.180.1.21/compute/v2.1/servers/8bcbf78e-a7b3-4281-9fb9-23beb708b9ed 0.256s
2025-11-21 02:22:19.896 66853 INFO tempest.lib.common.rest_client [req-b9c9baba-add7-4ecf-9ac8-2fcce0b85d29 req-b9c9baba-add7-4ecf-9ac8-2fcce0b85d29 ] Request (ServicesAdminTestJSON:setUpClass): 201 POST http://10.180.1.21/identity/v3/users 0.091s
2025-11-21 02:22:19.917 66853 INFO tempest.lib.common.rest_client [req-b0eebd2b-ad8c-49df-8551-aea3f644ec9e req-b0eebd2b-ad8c-49df-8551-aea3f644ec9e ] Request (ServicesAdminTestJSON:setUpClass): 200 GET http://10.180.1.21/identity/v3/roles 0.021s
2025-11-21 02:22:19.919 66911 INFO tempest.lib.common.rest_client [req-b880b524-b15a-48e4-ac2a-a97298729afc req-b880b524-b15a-48e4-ac2a-a97298729afc ] Request (ServersWithSpecificFlavorTestJSON:test_verify_created_server_ephemeral_disk): 200 GET http://10.180.1.21/compute/v2.1/servers/470d61b5-2b57-4700-b2ca-ab9c2f1dcd89 0.274s
2025-11-21 02:22:19.934 66879 INFO tempest.lib.common.rest_client [req-365051c3-36f2-4af2-a50a-6e9ee7e4584e req-365051c3-36f2-4af2-a50a-6e9ee7e4584e ] Request (ListServerFiltersTestJSON:setUpClass): 200 GET http://10.180.1.21/compute/v2.1/servers/1d1edb0d-fc47-4667-a281-f15498d6999f 0.235s
2025-11-21 02:22:19.950 66853 INFO tempest.lib.common.rest_client [req-01829b68-9dc8-480f-9edd-2dbdb4db3864 req-01829b68-9dc8-480f-9edd-2dbdb4db3864 ] Request (ServicesAdminTestJSON:setUpClass): 204 PUT http://10.180.1.21/identity/v3/projects/4a2fafc9373d4c45979a192cbf13babf/users/a9d2152228134d018cad70220c95f158/roles/628c4edba4a04938aaa97647acbe87ad 0.032s
2025-11-21 02:22:19.950 66853 INFO tempest.lib.common.dynamic_creds [-] Dynamic test user a9d2152228134d018cad70220c95f158 is created with scope project and roles: ['member']
2025-11-21 02:22:19.950 66853 INFO tempest.lib.common.dynamic_creds [-] Acquired dynamic creds: credentials: Credentials: {'domain_id': 'default', 'domain_name': 'Default', 'username': 'tempest-ServicesAdminTestJSON-90037588-project-member', 'project_domain_id': 'default', 'project_domain_name': 'Default', 'project_id': '4a2fafc9373d4c45979a192cbf13babf', 'project_name': 'tempest-ServicesAdminTestJSON-90037588', 'tenant_id': '4a2fafc9373d4c45979a192cbf13babf', 'tenant_name': 'tempest-ServicesAdminTestJSON-90037588', 'user_domain_id': 'default', 'user_domain_name': 'Default', 'user_id': 'a9d2152228134d018cad70220c95f158', 'system': None}, Network: None, Subnet: None, Router: None
2025-11-21 02:22:19.950 66853 INFO tempest.lib.common.dynamic_creds [-] Created isolated network resources for: credentials: Credentials: {'domain_id': 'default', 'domain_name': 'Default', 'username': 'tempest-ServicesAdminTestJSON-90037588-project-member', 'project_domain_id': 'default', 'project_domain_name': 'Default', 'project_id': '4a2fafc9373d4c45979a192cbf13babf', 'project_name': 'tempest-ServicesAdminTestJSON-90037588', 'tenant_id': '4a2fafc9373d4c45979a192cbf13babf', 'tenant_name': 'tempest-ServicesAdminTestJSON-90037588', 'user_domain_id': 'default', 'user_domain_name': 'Default', 'user_id': 'a9d2152228134d018cad70220c95f158', 'system': None}, Network: None, Subnet: None, Router: None
2025-11-21 02:22:19.955 66869 INFO tempest.lib.common.rest_client [req-87939aee-72fe-43de-9454-06a6d758ae0a req-87939aee-72fe-43de-9454-06a6d758ae0a ] Request (VolumesAssistedSnapshotsTest:tearDownClass): 204 DELETE http://10.180.1.21/networking/v2.0/security-groups/6f4acc82-5352-440c-96ae-4044663f4b9f 0.107s
2025-11-21 02:22:19.991 66857 INFO tempest.lib.common.rest_client [req-4ac5cf12-5dbc-436d-b18d-968285bb9e90 req-4ac5cf12-5dbc-436d-b18d-968285bb9e90 ] Request (ImagesOneServerNegativeTestJSON:_run_cleanups): 200 GET http://10.180.1.21/compute/v2.1/servers/9738e220-df85-4d2f-8832-de3cd42b6c66 0.272s
2025-11-21 02:22:19.999 66887 INFO tempest.lib.common.rest_client [req-3f25ebd7-681d-40ed-9d7f-292d80546de8 req-3f25ebd7-681d-40ed-9d7f-292d80546de8 ] Request (FloatingIPsAssociationTestJSON:tearDownClass): 200 GET http://10.180.1.21/compute/v2.1/servers/a079b28c-58d6-4c63-9ef8-9d4c612da783 0.213s
2025-11-21 02:22:20.026 66853 INFO tempest.lib.common.rest_client [req-6d45f649-5354-4897-9757-7bcf6859c4a0 req-6d45f649-5354-4897-9757-7bcf6859c4a0 ] Request (ServicesAdminTestJSON:setUpClass): 201 POST http://10.180.1.21/identity/v3/auth/tokens 0.071s
2025-11-21 02:22:20.050 66855 INFO tempest.lib.common.rest_client [req-3a787f4f-ef1c-4734-8780-7bed8cf2fbe9 req-3a787f4f-ef1c-4734-8780-7bed8cf2fbe9 ] Request (ServersAdminTestJSON:test_create_server_with_scheduling_hint): 200 GET http://10.180.1.21/compute/v2.1/servers/053f8cba-8888-4820-bfab-1c093a4950f7 0.256s
2025-11-21 02:22:20.060 66853 INFO tempest.lib.common.rest_client [req-214020a4-81b8-4ed1-854e-5d33fcca25b1 req-214020a4-81b8-4ed1-854e-5d33fcca25b1 ] Request (ServicesAdminTestJSON:setUpClass): 201 POST http://10.180.1.21/identity/v3/projects 0.033s
2025-11-21 02:22:20.066 66869 INFO tempest.lib.common.rest_client [req-c71a1a8f-b2cb-4128-ba3e-9cde65d5b8dc req-c71a1a8f-b2cb-4128-ba3e-9cde65d5b8dc ] Request (VolumesAssistedSnapshotsTest:tearDownClass): 204 DELETE http://10.180.1.21/identity/v3/projects/8e8096173ce8439ca260d5c6e587b671 0.111s
2025-11-21 02:22:20.067 66869 INFO tempest.lib.common.dynamic_creds [-] Deleting project and security group for project: ba1be1937b2d446a8bf41bf6d9477a58
2025-11-21 02:22:20.098 66869 INFO tempest.lib.common.rest_client [req-7d7a867c-7277-4fc4-8f45-8c7b2a7c4df5 req-7d7a867c-7277-4fc4-8f45-8c7b2a7c4df5 ] Request (VolumesAssistedSnapshotsTest:tearDownClass): 200 GET http://10.180.1.21/networking/v2.0/security-groups?tenant_id=ba1be1937b2d446a8bf41bf6d9477a58&name=default 0.031s
2025-11-21 02:22:20.120 66891 INFO tempest.lib.common.rest_client [req-3dd4bb79-06db-407f-9e8e-ce19a619b8f5 req-3dd4bb79-06db-407f-9e8e-ce19a619b8f5 ] Request (ServerAddressesTestJSON:setUpClass): 200 GET http://10.180.1.21/compute/v2.1/servers/9461d660-0dab-45f6-87a0-5500771eedee 0.075s
2025-11-21 02:22:20.130 66853 INFO tempest.lib.common.rest_client [req-c2ed6320-0e76-4929-9c46-578767d2ea75 req-c2ed6320-0e76-4929-9c46-578767d2ea75 ] Request (ServicesAdminTestJSON:setUpClass): 201 POST http://10.180.1.21/identity/v3/users 0.069s
2025-11-21 02:22:20.191 66853 INFO tempest.lib.common.rest_client [req-c04ac9e3-3c0d-4997-af0b-409dc4f8e036 req-c04ac9e3-3c0d-4997-af0b-409dc4f8e036 ] Request (ServicesAdminTestJSON:setUpClass): 200 GET http://10.180.1.21/identity/v3/roles 0.060s
2025-11-21 02:22:20.204 66869 INFO tempest.lib.common.rest_client [req-8a7f5132-aea4-4421-ab24-b58fb02b7c64 req-8a7f5132-aea4-4421-ab24-b58fb02b7c64 ] Request (VolumesAssistedSnapshotsTest:tearDownClass): 204 DELETE http://10.180.1.21/networking/v2.0/security-groups/59813610-38e7-4318-a599-07bfe3a1cdf0 0.105s
2025-11-21 02:22:20.222 66853 INFO tempest.lib.common.rest_client [req-6a062d8e-50a2-4b10-b3c8-0e49eb9bd111 req-6a062d8e-50a2-4b10-b3c8-0e49eb9bd111 ] Request (ServicesAdminTestJSON:setUpClass): 204 PUT http://10.180.1.21/identity/v3/projects/816d9696e47547d4b29fefa3d1fb4e09/users/31af50e1b482448797925ea4f306664d/roles/43e1d7bf2b4841d18cd6be17b74b927d 0.031s
2025-11-21 02:22:20.257 66875 INFO tempest.lib.common.rest_client [req-dcd316b0-d691-4a27-8eef-33bf4325ac54 req-dcd316b0-d691-4a27-8eef-33bf4325ac54 ] Request (MultipleCreateTestJSON:test_multiple_create_with_reservation_return): 200 GET http://10.180.1.21/compute/v2.1/servers/ab5ee36c-7ea1-45a3-acfb-16b416290613 0.144s
2025-11-21 02:22:20.264 66903 INFO tempest.lib.common.rest_client [req-d8d90bb8-da3f-4edc-844b-8052a599763b req-d8d90bb8-da3f-4edc-844b-8052a599763b ] Request (ServersTestMultiNic:test_verify_duplicate_network_nics): 200 GET http://10.180.1.21/compute/v2.1/servers/a077f982-00ab-497a-9152-94946f7dc16f 0.056s
2025-11-21 02:22:20.267 66869 INFO tempest.lib.common.rest_client [req-47cc344b-37cd-4417-b71c-936312e07f6d req-47cc344b-37cd-4417-b71c-936312e07f6d ] Request (VolumesAssistedSnapshotsTest:tearDownClass): 204 DELETE http://10.180.1.21/identity/v3/projects/ba1be1937b2d446a8bf41bf6d9477a58 0.063s
2025-11-21 02:22:20.268 66869 INFO tempest.lib.common.dynamic_creds [-] Deleting project and security group for project: c2e980a497154f0d8a49023aaa54a018
2025-11-21 02:22:20.292 66869 INFO tempest.lib.common.rest_client [req-025229d3-0a1d-4623-ba40-28279ab11a17 req-025229d3-0a1d-4623-ba40-28279ab11a17 ] Request (VolumesAssistedSnapshotsTest:tearDownClass): 200 GET http://10.180.1.21/networking/v2.0/security-groups?tenant_id=c2e980a497154f0d8a49023aaa54a018&name=default 0.024s
2025-11-21 02:22:20.306 66853 INFO tempest.lib.common.rest_client [req-0aa9d62c-f080-4394-ae11-4312b23e2958 req-0aa9d62c-f080-4394-ae11-4312b23e2958 ] Request (ServicesAdminTestJSON:setUpClass): 200 GET http://10.180.1.21/identity/v3/roles 0.083s
2025-11-21 02:22:20.327 66853 INFO tempest.lib.common.rest_client [req-2abdef80-d2e5-4b9e-b812-976cc84d7ae9 req-2abdef80-d2e5-4b9e-b812-976cc84d7ae9 ] Request (ServicesAdminTestJSON:setUpClass): 204 PUT http://10.180.1.21/identity/v3/projects/816d9696e47547d4b29fefa3d1fb4e09/users/31af50e1b482448797925ea4f306664d/roles/43e1d7bf2b4841d18cd6be17b74b927d 0.021s
2025-11-21 02:22:20.327 66853 INFO tempest.lib.common.dynamic_creds [-] Dynamic test user 31af50e1b482448797925ea4f306664d is created with scope project and roles: ['admin']
2025-11-21 02:22:20.327 66853 INFO tempest.lib.common.dynamic_creds [-] Acquired dynamic creds: credentials: Credentials: {'domain_id': 'default', 'domain_name': 'Default', 'username': 'tempest-ServicesAdminTestJSON-1014757774-project-admin', 'project_domain_id': 'default', 'project_domain_name': 'Default', 'project_id': '816d9696e47547d4b29fefa3d1fb4e09', 'project_name': 'tempest-ServicesAdminTestJSON-1014757774', 'tenant_id': '816d9696e47547d4b29fefa3d1fb4e09', 'tenant_name': 'tempest-ServicesAdminTestJSON-1014757774', 'user_domain_id': 'default', 'user_domain_name': 'Default', 'user_id': '31af50e1b482448797925ea4f306664d', 'system': None}, Network: None, Subnet: None, Router: None
2025-11-21 02:22:20.328 66853 INFO tempest.lib.common.dynamic_creds [-] Created isolated network resources for: credentials: Credentials: {'domain_id': 'default', 'domain_name': 'Default', 'username': 'tempest-ServicesAdminTestJSON-1014757774-project-admin', 'project_domain_id': 'default', 'project_domain_name': 'Default', 'project_id': '816d9696e47547d4b29fefa3d1fb4e09', 'project_name': 'tempest-ServicesAdminTestJSON-1014757774', 'tenant_id': '816d9696e47547d4b29fefa3d1fb4e09', 'tenant_name': 'tempest-ServicesAdminTestJSON-1014757774', 'user_domain_id': 'default', 'user_domain_name': 'Default', 'user_id': '31af50e1b482448797925ea4f306664d', 'system': None}, Network: None, Subnet: None, Router: None
2025-11-21 02:22:20.352 66896 INFO tempest.lib.common.rest_client [req-64e8d605-10d8-4ba5-8534-d8bc16a09357 req-64e8d605-10d8-4ba5-8534-d8bc16a09357 ] Request (SecurityGroupsTestJSON:test_list_security_groups_by_server): 200 GET http://10.180.1.21/compute/v2.1/servers/0b312d62-4282-4f54-b4a8-54aee14517c0 0.054s
2025-11-21 02:22:20.367 66869 INFO tempest.lib.common.rest_client [req-3825ff02-7d0c-48ce-8b13-d3dca544e824 req-3825ff02-7d0c-48ce-8b13-d3dca544e824 ] Request (VolumesAssistedSnapshotsTest:tearDownClass): 204 DELETE http://10.180.1.21/networking/v2.0/security-groups/28a685d5-adc1-462b-ac4d-fc360b7051a3 0.074s
2025-11-21 02:22:20.400 66853 INFO tempest.lib.common.rest_client [req-210b0ede-cc69-493e-aeca-56645ed20462 req-210b0ede-cc69-493e-aeca-56645ed20462 ] Request (ServicesAdminTestJSON:setUpClass): 201 POST http://10.180.1.21/identity/v3/auth/tokens 0.069s
2025-11-21 02:22:20.454 66851 INFO tempest.lib.common.rest_client [req-5af04f3a-3210-4960-a374-38fa8f2c13a0 req-5af04f3a-3210-4960-a374-38fa8f2c13a0 ] Request (VolumesAdminNegativeTest:tearDownClass): 200 GET http://10.180.1.21/compute/v2.1/servers/f359b97b-32fa-4122-b698-9300c2d7bf32 0.060s
2025-11-21 02:22:20.455 66869 INFO tempest.lib.common.rest_client [req-71ef508f-2d23-452b-90d9-98cf83a0c891 req-71ef508f-2d23-452b-90d9-98cf83a0c891 ] Request (VolumesAssistedSnapshotsTest:tearDownClass): 204 DELETE http://10.180.1.21/identity/v3/projects/c2e980a497154f0d8a49023aaa54a018 0.088s
2025-11-21 02:22:20.513 66869 INFO tempest.lib.common.rest_client [req-92e31355-366a-42d1-a7a1-9707633c02d9 req-92e31355-366a-42d1-a7a1-9707633c02d9 ] Request (FlavorsV255TestJSON:setUpClass): 201 POST http://10.180.1.21/identity/v3/auth/tokens 0.057s
2025-11-21 02:22:20.550 66853 INFO tempest.lib.common.rest_client [req-7e4f6f33-defe-4776-98a2-a5384796c0e4 req-7e4f6f33-defe-4776-98a2-a5384796c0e4 ] Request (ServicesAdminTestJSON:test_get_service_by_host_name): 200 GET http://10.180.1.21/compute/v2.1/os-services 0.149s
2025-11-21 02:22:20.552 66869 INFO tempest.lib.common.rest_client [req-9d7bc53d-397d-45d7-b05a-dba278c2e3b5 req-9d7bc53d-397d-45d7-b05a-dba278c2e3b5 ] Request (FlavorsV255TestJSON:setUpClass): 201 POST http://10.180.1.21/identity/v3/auth/tokens 0.035s
2025-11-21 02:22:20.564 66897 INFO tempest.lib.common.rest_client [req-83558b1e-b182-4314-92c9-85bc74565efd req-83558b1e-b182-4314-92c9-85bc74565efd ] Request (ServersAdminNegativeTestJSON:tearDownClass): 200 GET http://10.180.1.21/compute/v2.1/servers/ab514ff8-f675-4898-823a-4f58a8b5735a 0.074s
2025-11-21 02:22:20.582 66869 INFO tempest.lib.common.rest_client [req-65454ccc-eee5-419b-b1e9-1a223d793c0f req-65454ccc-eee5-419b-b1e9-1a223d793c0f ] Request (FlavorsV255TestJSON:setUpClass): 200 GET http://10.180.1.21/identity/v3/domains?name=Default 0.030s
2025-11-21 02:22:20.588 66853 INFO tempest.lib.common.rest_client [req-81c805aa-9cee-4b63-bf37-22f589e15a6a req-81c805aa-9cee-4b63-bf37-22f589e15a6a ] Request (ServicesAdminTestJSON:test_get_service_by_host_name): 200 GET http://10.180.1.21/compute/v2.1/os-services?host=devstack 0.035s
2025-11-21 02:22:20.616 66899 INFO tempest.lib.common.rest_client [req-f6863ca9-c007-4c04-a3da-465ce5d0fe90 req-f6863ca9-c007-4c04-a3da-465ce5d0fe90 ] Request (AttachVolumeNegativeTest:test_attach_attached_volume_to_different_server): 200 GET http://10.180.1.21/compute/v2.1/servers/7e189741-77c5-455a-90ba-b4bc6fc2e8d2 0.115s
2025-11-21 02:22:20.621 66869 INFO tempest.lib.common.rest_client [req-de3071cf-20e9-4526-a4c0-046075450f77 req-de3071cf-20e9-4526-a4c0-046075450f77 ] Request (FlavorsV255TestJSON:setUpClass): 201 POST http://10.180.1.21/identity/v3/projects 0.038s
2025-11-21 02:22:20.642 66853 INFO tempest.lib.common.rest_client [req-a7e5ae63-167c-4121-9598-494714f10a9c req-a7e5ae63-167c-4121-9598-494714f10a9c ] Request (ServicesAdminTestJSON:test_get_service_by_service_binary_name): 200 GET http://10.180.1.21/compute/v2.1/os-services?binary=nova-compute 0.049s
2025-11-21 02:22:20.651 66849 INFO tempest.lib.common.rest_client [req-5ae0db11-a6d3-4bba-9122-0d282125aa85 req-5ae0db11-a6d3-4bba-9122-0d282125aa85 ] Request (ServersNegativeTestJSON:setUpClass): 200 GET http://10.180.1.21/compute/v2.1/servers/61ab880f-1ead-4b02-8ea4-d86c1fcf6ab9 0.084s
2025-11-21 02:22:20.675 66853 INFO tempest.lib.common.rest_client [req-86facdb8-eaa7-4dcc-af20-93912e064288 req-86facdb8-eaa7-4dcc-af20-93912e064288 ] Request (ServicesAdminTestJSON:test_list_services): 200 GET http://10.180.1.21/compute/v2.1/os-services 0.030s
2025-11-21 02:22:20.688 66869 INFO tempest.lib.common.rest_client [req-8f68fffe-2341-4ab1-8dc2-372075b2765c req-8f68fffe-2341-4ab1-8dc2-372075b2765c ] Request (FlavorsV255TestJSON:setUpClass): 201 POST http://10.180.1.21/identity/v3/users 0.067s
2025-11-21 02:22:20.718 66869 INFO tempest.lib.common.rest_client [req-c8d94bfc-83e3-412d-97fc-c4f74640ce37 req-c8d94bfc-83e3-412d-97fc-c4f74640ce37 ] Request (FlavorsV255TestJSON:setUpClass): 200 GET http://10.180.1.21/identity/v3/roles 0.029s
2025-11-21 02:22:20.745 66877 INFO tempest.lib.common.rest_client [req-44a271c0-f238-4b1b-96c5-ed8177240b82 req-44a271c0-f238-4b1b-96c5-ed8177240b82 ] Request (ImagesTestJSON:test_create_server_from_snapshot): 200 GET http://10.180.1.21/compute/v2.1/servers/fcb80a35-492d-4830-910e-b25ccb8796e2 0.100s
2025-11-21 02:22:20.750 66869 INFO tempest.lib.common.rest_client [req-291965fc-ad2c-4341-95c3-112f78cfe266 req-291965fc-ad2c-4341-95c3-112f78cfe266 ] Request (FlavorsV255TestJSON:setUpClass): 204 PUT http://10.180.1.21/identity/v3/projects/1ec760a7992f4bb9b9fcf8da849e5de2/users/cc9035708265476abf10c0bf0fe7c0f9/roles/628c4edba4a04938aaa97647acbe87ad 0.031s
2025-11-21 02:22:20.750 66869 INFO tempest.lib.common.dynamic_creds [-] Dynamic test user cc9035708265476abf10c0bf0fe7c0f9 is created with scope project and roles: ['member']
2025-11-21 02:22:20.750 66869 INFO tempest.lib.common.dynamic_creds [-] Acquired dynamic creds: credentials: Credentials: {'domain_id': 'default', 'domain_name': 'Default', 'username': 'tempest-FlavorsV255TestJSON-1897425408-project-member', 'project_domain_id': 'default', 'project_domain_name': 'Default', 'project_id': '1ec760a7992f4bb9b9fcf8da849e5de2', 'project_name': 'tempest-FlavorsV255TestJSON-1897425408', 'tenant_id': '1ec760a7992f4bb9b9fcf8da849e5de2', 'tenant_name': 'tempest-FlavorsV255TestJSON-1897425408', 'user_domain_id': 'default', 'user_domain_name': 'Default', 'user_id': 'cc9035708265476abf10c0bf0fe7c0f9', 'system': None}, Network: None, Subnet: None, Router: None
2025-11-21 02:22:20.750 66869 INFO tempest.lib.common.dynamic_creds [-] Created isolated network resources for: credentials: Credentials: {'domain_id': 'default', 'domain_name': 'Default', 'username': 'tempest-FlavorsV255TestJSON-1897425408-project-member', 'project_domain_id': 'default', 'project_domain_name': 'Default', 'project_id': '1ec760a7992f4bb9b9fcf8da849e5de2', 'project_name': 'tempest-FlavorsV255TestJSON-1897425408', 'tenant_id': '1ec760a7992f4bb9b9fcf8da849e5de2', 'tenant_name': 'tempest-FlavorsV255TestJSON-1897425408', 'user_domain_id': 'default', 'user_domain_name': 'Default', 'user_id': 'cc9035708265476abf10c0bf0fe7c0f9', 'system': None}, Network: None, Subnet: None, Router: None
2025-11-21 02:22:20.774 66853 INFO tempest.lib.common.rest_client [req-4cdda849-5902-4c3e-9716-4220d2409ed0 req-4cdda849-5902-4c3e-9716-4220d2409ed0 ] Request (ServicesAdminTestJSON:tearDownClass): 204 DELETE http://10.180.1.21/identity/v3/users/a9d2152228134d018cad70220c95f158 0.094s
2025-11-21 02:22:20.784 66863 INFO tempest.lib.common.rest_client [req-ffb19f2c-5654-454c-b45a-76e823fa08a4 req-ffb19f2c-5654-454c-b45a-76e823fa08a4 ] Request (ServersTestJSON:test_create_server_specify_multibyte_character_name): 200 GET http://10.180.1.21/compute/v2.1/servers/8d7a94cf-dd54-4f5e-a142-4894fb31d747 0.157s
2025-11-21 02:22:20.810 66907 INFO tempest.lib.common.rest_client [req-17205b9d-7b86-47dd-9d73-ffb111cd6d05 req-17205b9d-7b86-47dd-9d73-ffb111cd6d05 ] Request (ServersTestBootFromVolume:setUpClass): 200 GET http://10.180.1.21/compute/v2.1/servers/4fff5636-22aa-46f4-b8b0-19e24a76c3e1 0.129s
2025-11-21 02:22:20.842 66859 INFO tempest.lib.common.rest_client [req-eca4c9db-1d23-45cf-a4ea-f9f7667f7802 req-eca4c9db-1d23-45cf-a4ea-f9f7667f7802 ] Request (DeleteServersTestJSON:test_delete_server_while_in_attached_volume): 200 GET http://10.180.1.21/compute/v2.1/servers/06b813d7-570d-472b-b020-26c19fa7baae 0.143s
2025-11-21 02:22:20.851 66869 INFO tempest.lib.common.rest_client [req-9264ef46-f48d-476f-8a74-ac2326dcebca req-9264ef46-f48d-476f-8a74-ac2326dcebca ] Request (FlavorsV255TestJSON:setUpClass): 201 POST http://10.180.1.21/identity/v3/auth/tokens 0.097s
2025-11-21 02:22:20.864 66865 INFO tempest.lib.common.rest_client [req-2b2376f2-198a-417f-8770-1010b8da848a req-2b2376f2-198a-417f-8770-1010b8da848a ] Request (ServerExternalEventsTest:test_create_server_external_events): 200 GET http://10.180.1.21/compute/v2.1/servers/9ed068e3-a530-4000-805b-07b321db2857 0.136s
2025-11-21 02:22:20.883 66853 INFO tempest.lib.common.rest_client [req-b2bc70e6-6113-4e1e-bcb5-d1f392db2c76 req-b2bc70e6-6113-4e1e-bcb5-d1f392db2c76 ] Request (ServicesAdminTestJSON:tearDownClass): 204 DELETE http://10.180.1.21/identity/v3/users/31af50e1b482448797925ea4f306664d 0.108s
2025-11-21 02:22:20.883 66853 INFO tempest.lib.common.dynamic_creds [-] Deleting project and security group for project: 4a2fafc9373d4c45979a192cbf13babf
2025-11-21 02:22:20.901 66905 INFO tempest.lib.common.rest_client [req-74434c11-68cb-44f2-b874-0bbcf04bb9ea req-74434c11-68cb-44f2-b874-0bbcf04bb9ea ] Request (ServerRescueTestJSONUnderV235:setUpClass): 200 GET http://10.180.1.21/compute/v2.1/servers/0e2b3204-5953-4492-8a52-72a2d396fd2f 0.146s
2025-11-21 02:22:20.929 66873 INFO tempest.lib.common.rest_client [req-9ce25261-1f0e-47c1-a0e6-efb40f019e83 req-9ce25261-1f0e-47c1-a0e6-efb40f019e83 ] Request (InstanceActionsV221TestJSON:test_get_list_deleted_instance_actions): 200 GET http://10.180.1.21/compute/v2.1/servers/6888c743-4907-47c2-9b5c-fa1aaa38b2b1 0.146s
2025-11-21 02:22:20.946 66869 INFO tempest.lib.common.rest_client [req-8a86e045-3315-4749-b537-35489c5147bd req-8a86e045-3315-4749-b537-35489c5147bd ] Request (FlavorsV255TestJSON:setUpClass): 201 POST http://10.180.1.21/identity/v3/projects 0.095s
2025-11-21 02:22:20.953 66853 INFO tempest.lib.common.rest_client [req-ba64f083-e402-4dfe-93d9-f547638cc08e req-ba64f083-e402-4dfe-93d9-f547638cc08e ] Request (ServicesAdminTestJSON:tearDownClass): 201 POST http://10.180.1.21/identity/v3/auth/tokens 0.069s
2025-11-21 02:22:20.975 66909 INFO tempest.lib.common.rest_client [req-f86a402c-a871-40f5-a7fd-441d7764704f req-f86a402c-a871-40f5-a7fd-441d7764704f ] Request (ServersTestManualDisk:tearDownClass): 200 GET http://10.180.1.21/compute/v2.1/servers/1ef47f44-ff48-4bd0-9983-89e66f03e217 0.153s
2025-11-21 02:22:21.011 66861 INFO tempest.lib.common.rest_client [req-94187466-5b2b-4abd-82a4-aea8da17b34c req-94187466-5b2b-4abd-82a4-aea8da17b34c ] Request (MigrationsAdminTest:test_resize_server_revert_deleted_flavor): 200 GET http://10.180.1.21/compute/v2.1/servers/1737cecc-643d-4d84-8a01-93f7d564d28a 0.178s
2025-11-21 02:22:21.016 66869 INFO tempest.lib.common.rest_client [req-236c76a9-1add-445a-8165-1b95840ff9f3 req-236c76a9-1add-445a-8165-1b95840ff9f3 ] Request (FlavorsV255TestJSON:setUpClass): 201 POST http://10.180.1.21/identity/v3/users 0.068s
2025-11-21 02:22:21.026 66871 INFO tempest.lib.common.rest_client [req-06e8bf16-bfa3-4889-816a-3c4890d5ba18 req-06e8bf16-bfa3-4889-816a-3c4890d5ba18 ] Request (ServerDiskConfigTestJSON:test_rebuild_server_with_manual_disk_config): 200 GET http://10.180.1.21/compute/v2.1/servers/0f49157b-80e5-4c08-b3e3-f97e801672a8 0.151s
2025-11-21 02:22:21.035 66869 INFO tempest.lib.common.rest_client [req-5b24d8af-4318-4d89-bda6-1f7e5d919bef req-5b24d8af-4318-4d89-bda6-1f7e5d919bef ] Request (FlavorsV255TestJSON:setUpClass): 200 GET http://10.180.1.21/identity/v3/roles 0.019s
2025-11-21 02:22:21.061 66869 INFO tempest.lib.common.rest_client [req-c55b5269-bf60-426f-b68f-24b28fe2765e req-c55b5269-bf60-426f-b68f-24b28fe2765e ] Request (FlavorsV255TestJSON:setUpClass): 204 PUT http://10.180.1.21/identity/v3/projects/7ecd93d3179346f79ae8ff467b0e0288/users/4a8947a3c3ea4f4dacb6bf49d783dadf/roles/43e1d7bf2b4841d18cd6be17b74b927d 0.025s
2025-11-21 02:22:21.071 66867 INFO tempest.lib.common.rest_client [req-e46d3cc1-cd32-4603-b44f-f4c18d1916eb req-e46d3cc1-cd32-4603-b44f-f4c18d1916eb ] Request (ServerActionsV293TestJSON:setUpClass): 200 GET http://10.180.1.21/compute/v2.1/servers/8bcbf78e-a7b3-4281-9fb9-23beb708b9ed 0.177s
2025-11-21 02:22:21.079 66911 INFO tempest.lib.common.rest_client [req-2b15c6b2-76d7-4e93-9c59-d85527ebd20c req-2b15c6b2-76d7-4e93-9c59-d85527ebd20c ] Request (ServersWithSpecificFlavorTestJSON:test_verify_created_server_ephemeral_disk): 200 GET http://10.180.1.21/compute/v2.1/servers/470d61b5-2b57-4700-b2ca-ab9c2f1dcd89 0.152s
2025-11-21 02:22:21.128 66879 INFO tempest.lib.common.rest_client [req-87f28b35-6d1f-4611-b441-a8b4883f7269 req-87f28b35-6d1f-4611-b441-a8b4883f7269 ] Request (ListServerFiltersTestJSON:setUpClass): 200 GET http://10.180.1.21/compute/v2.1/servers/1d1edb0d-fc47-4667-a281-f15498d6999f 0.184s
2025-11-21 02:22:21.136 66869 INFO tempest.lib.common.rest_client [req-475ee61a-aef6-4c20-84a8-f5dda2ecab2f req-475ee61a-aef6-4c20-84a8-f5dda2ecab2f ] Request (FlavorsV255TestJSON:setUpClass): 200 GET http://10.180.1.21/identity/v3/roles 0.074s
2025-11-21 02:22:21.147 66857 INFO tempest.lib.common.rest_client [req-88d55cdf-1c19-4e9b-93ac-650c290227a3 req-88d55cdf-1c19-4e9b-93ac-650c290227a3 ] Request (ImagesOneServerNegativeTestJSON:_run_cleanups): 200 GET http://10.180.1.21/compute/v2.1/servers/9738e220-df85-4d2f-8832-de3cd42b6c66 0.143s
2025-11-21 02:22:21.165 66853 INFO tempest.lib.common.rest_client [req-279e4a16-f784-43c5-a729-1a1061288074 req-279e4a16-f784-43c5-a729-1a1061288074 ] Request (ServicesAdminTestJSON:tearDownClass): 200 GET http://10.180.1.21/networking/v2.0/security-groups?tenant_id=4a2fafc9373d4c45979a192cbf13babf&name=default 0.212s
2025-11-21 02:22:21.165 66869 INFO tempest.lib.common.rest_client [req-dfaefc82-790d-4e02-ba2c-4420ea407f31 req-dfaefc82-790d-4e02-ba2c-4420ea407f31 ] Request (FlavorsV255TestJSON:setUpClass): 204 PUT http://10.180.1.21/identity/v3/projects/7ecd93d3179346f79ae8ff467b0e0288/users/4a8947a3c3ea4f4dacb6bf49d783dadf/roles/43e1d7bf2b4841d18cd6be17b74b927d 0.028s
2025-11-21 02:22:21.165 66869 INFO tempest.lib.common.dynamic_creds [-] Dynamic test user 4a8947a3c3ea4f4dacb6bf49d783dadf is created with scope project and roles: ['admin']
2025-11-21 02:22:21.165 66869 INFO tempest.lib.common.dynamic_creds [-] Acquired dynamic creds: credentials: Credentials: {'domain_id': 'default', 'domain_name': 'Default', 'username': 'tempest-FlavorsV255TestJSON-960338505-project-admin', 'project_domain_id': 'default', 'project_domain_name': 'Default', 'project_id': '7ecd93d3179346f79ae8ff467b0e0288', 'project_name': 'tempest-FlavorsV255TestJSON-960338505', 'tenant_id': '7ecd93d3179346f79ae8ff467b0e0288', 'tenant_name': 'tempest-FlavorsV255TestJSON-960338505', 'user_domain_id': 'default', 'user_domain_name': 'Default', 'user_id': '4a8947a3c3ea4f4dacb6bf49d783dadf', 'system': None}, Network: None, Subnet: None, Router: None
2025-11-21 02:22:21.166 66869 INFO tempest.lib.common.dynamic_creds [-] Created isolated network resources for: credentials: Credentials: {'domain_id': 'default', 'domain_name': 'Default', 'username': 'tempest-FlavorsV255TestJSON-960338505-project-admin', 'project_domain_id': 'default', 'project_domain_name': 'Default', 'project_id': '7ecd93d3179346f79ae8ff467b0e0288', 'project_name': 'tempest-FlavorsV255TestJSON-960338505', 'tenant_id': '7ecd93d3179346f79ae8ff467b0e0288', 'tenant_name': 'tempest-FlavorsV255TestJSON-960338505', 'user_domain_id': 'default', 'user_domain_name': 'Default', 'user_id': '4a8947a3c3ea4f4dacb6bf49d783dadf', 'system': None}, Network: None, Subnet: None, Router: None
2025-11-21 02:22:21.185 66887 INFO tempest.lib.common.rest_client [req-803ec8c2-5062-4bd4-a901-8b94aaf9dad7 req-803ec8c2-5062-4bd4-a901-8b94aaf9dad7 ] Request (FloatingIPsAssociationTestJSON:tearDownClass): 200 GET http://10.180.1.21/compute/v2.1/servers/a079b28c-58d6-4c63-9ef8-9d4c612da783 0.177s
2025-11-21 02:22:21.204 66855 INFO tempest.lib.common.rest_client [req-ad9aae2e-2785-4faa-a8e9-80860078f4d0 req-ad9aae2e-2785-4faa-a8e9-80860078f4d0 ] Request (ServersAdminTestJSON:test_create_server_with_scheduling_hint): 200 GET http://10.180.1.21/compute/v2.1/servers/053f8cba-8888-4820-bfab-1c093a4950f7 0.147s
2025-11-21 02:22:21.237 66891 INFO tempest.lib.common.rest_client [req-83cc84d3-0684-423d-8eab-da91ce279d08 req-83cc84d3-0684-423d-8eab-da91ce279d08 ] Request (ServerAddressesTestJSON:setUpClass): 200 GET http://10.180.1.21/compute/v2.1/servers/9461d660-0dab-45f6-87a0-5500771eedee 0.107s
2025-11-21 02:22:21.249 66869 INFO tempest.lib.common.rest_client [req-0039ff20-ddab-4fa0-868c-004d624b8ba7 req-0039ff20-ddab-4fa0-868c-004d624b8ba7 ] Request (FlavorsV255TestJSON:setUpClass): 201 POST http://10.180.1.21/identity/v3/auth/tokens 0.081s
2025-11-21 02:22:21.257 66853 INFO tempest.lib.common.rest_client [req-6a21bd09-bc26-43ed-91b1-9111686dd915 req-6a21bd09-bc26-43ed-91b1-9111686dd915 ] Request (ServicesAdminTestJSON:tearDownClass): 204 DELETE http://10.180.1.21/networking/v2.0/security-groups/cfe23a41-b636-41ef-ad4c-ef48ab735682 0.091s
2025-11-21 02:22:21.329 66869 INFO tempest.lib.common.rest_client [req-5bb16837-da39-4813-a19e-915f79316303 req-5bb16837-da39-4813-a19e-915f79316303 ] Request (FlavorsV255TestJSON:test_crud_flavor): 200 POST http://10.180.1.21/compute/v2.1/flavors 0.079s
2025-11-21 02:22:21.348 66853 INFO tempest.lib.common.rest_client [req-62ab4eed-730b-4043-b6fb-254b73302f36 req-62ab4eed-730b-4043-b6fb-254b73302f36 ] Request (ServicesAdminTestJSON:tearDownClass): 204 DELETE http://10.180.1.21/identity/v3/projects/4a2fafc9373d4c45979a192cbf13babf 0.091s
2025-11-21 02:22:21.348 66853 INFO tempest.lib.common.dynamic_creds [-] Deleting project and security group for project: 816d9696e47547d4b29fefa3d1fb4e09
2025-11-21 02:22:21.371 66875 INFO tempest.lib.common.rest_client [req-23d7a6ff-5f90-4b8c-9e5c-e7719d4e157b req-23d7a6ff-5f90-4b8c-9e5c-e7719d4e157b ] Request (MultipleCreateTestJSON:test_multiple_create_with_reservation_return): 200 GET http://10.180.1.21/compute/v2.1/servers/ab5ee36c-7ea1-45a3-acfb-16b416290613 0.105s
2025-11-21 02:22:21.385 66903 INFO tempest.lib.common.rest_client [req-e053b40e-2f85-47eb-a544-3e593deac2ee req-e053b40e-2f85-47eb-a544-3e593deac2ee ] Request (ServersTestMultiNic:test_verify_duplicate_network_nics): 200 GET http://10.180.1.21/compute/v2.1/servers/a077f982-00ab-497a-9152-94946f7dc16f 0.112s
2025-11-21 02:22:21.440 66896 INFO tempest.lib.common.rest_client [req-951e504d-a1a2-4b5b-ab0a-56708c39ef9d req-951e504d-a1a2-4b5b-ab0a-56708c39ef9d ] Request (SecurityGroupsTestJSON:test_list_security_groups_by_server): 200 GET http://10.180.1.21/compute/v2.1/servers/0b312d62-4282-4f54-b4a8-54aee14517c0 0.081s
2025-11-21 02:22:21.452 66853 INFO tempest.lib.common.rest_client [req-5dce6eda-53cb-443c-9caf-457f9801a871 req-5dce6eda-53cb-443c-9caf-457f9801a871 ] Request (ServicesAdminTestJSON:tearDownClass): 200 GET http://10.180.1.21/networking/v2.0/security-groups?tenant_id=816d9696e47547d4b29fefa3d1fb4e09&name=default 0.103s
2025-11-21 02:22:21.507 66869 INFO tempest.lib.common.rest_client [req-556a2d80-c77c-47fa-ab57-011d0e59124b req-556a2d80-c77c-47fa-ab57-011d0e59124b ] Request (FlavorsV255TestJSON:test_crud_flavor): 200 GET http://10.180.1.21/compute/v2.1/flavors/1207535368 0.172s
2025-11-21 02:22:21.553 66869 INFO tempest.lib.common.rest_client [req-5ef0c2de-c2a4-462b-9d1c-45defbbe90c6 req-5ef0c2de-c2a4-462b-9d1c-45defbbe90c6 ] Request (FlavorsV255TestJSON:test_crud_flavor): 200 PUT http://10.180.1.21/compute/v2.1/flavors/1207535368 0.043s
2025-11-21 02:22:21.580 66853 INFO tempest.lib.common.rest_client [req-251b8d3c-8e0e-4a5b-87d7-4e72d56e55c9 req-251b8d3c-8e0e-4a5b-87d7-4e72d56e55c9 ] Request (ServicesAdminTestJSON:tearDownClass): 204 DELETE http://10.180.1.21/networking/v2.0/security-groups/2b0bc9b6-29e4-4de2-9f64-28004db15648 0.127s
2025-11-21 02:22:21.584 66851 INFO tempest.lib.common.rest_client [req-9bb9b9ef-6779-4ca0-9948-9929a1165f19 req-9bb9b9ef-6779-4ca0-9948-9929a1165f19 ] Request (VolumesAdminNegativeTest:tearDownClass): 200 GET http://10.180.1.21/compute/v2.1/servers/f359b97b-32fa-4122-b698-9300c2d7bf32 0.119s
2025-11-21 02:22:21.594 66869 INFO tempest.lib.common.rest_client [req-e0a369e5-230f-4988-83f2-971f2e71b4bd req-e0a369e5-230f-4988-83f2-971f2e71b4bd ] Request (FlavorsV255TestJSON:test_crud_flavor): 200 GET http://10.180.1.21/compute/v2.1/flavors/detail 0.036s
2025-11-21 02:22:21.626 66869 INFO tempest.lib.common.rest_client [req-dfbfe73f-862f-4eaa-82e4-e7a8cefd3b5a req-dfbfe73f-862f-4eaa-82e4-e7a8cefd3b5a ] Request (FlavorsV255TestJSON:test_crud_flavor): 200 GET http://10.180.1.21/compute/v2.1/flavors 0.027s
2025-11-21 02:22:21.681 66897 INFO tempest.lib.common.rest_client [req-2e317038-822c-4aad-9192-ea1e25b7564c req-2e317038-822c-4aad-9192-ea1e25b7564c ] Request (ServersAdminNegativeTestJSON:tearDownClass): 200 GET http://10.180.1.21/compute/v2.1/servers/ab514ff8-f675-4898-823a-4f58a8b5735a 0.108s
2025-11-21 02:22:21.697 66869 INFO tempest.lib.common.rest_client [req-2bf4f648-b01d-4768-9db3-0f735c56e7e3 req-2bf4f648-b01d-4768-9db3-0f735c56e7e3 ] Request (FlavorsV255TestJSON:_run_cleanups): 202 DELETE http://10.180.1.21/compute/v2.1/flavors/1207535368 0.067s
2025-11-21 02:22:21.703 66899 INFO tempest.lib.common.rest_client [req-cb4dec26-23a5-47f6-b8b7-67a06aab031e req-cb4dec26-23a5-47f6-b8b7-67a06aab031e ] Request (AttachVolumeNegativeTest:test_attach_attached_volume_to_different_server): 200 GET http://10.180.1.21/compute/v2.1/servers/7e189741-77c5-455a-90ba-b4bc6fc2e8d2 0.073s
2025-11-21 02:22:21.724 66853 INFO tempest.lib.common.rest_client [req-944e7b7f-a4e8-461d-8cf8-2f637fb16a18 req-944e7b7f-a4e8-461d-8cf8-2f637fb16a18 ] Request (ServicesAdminTestJSON:tearDownClass): 204 DELETE http://10.180.1.21/identity/v3/projects/816d9696e47547d4b29fefa3d1fb4e09 0.143s
2025-11-21 02:22:21.726 66869 INFO tempest.lib.common.rest_client [req-e6a81d82-7692-4ef2-993a-e9855537beed req-e6a81d82-7692-4ef2-993a-e9855537beed ] Request (FlavorsV255TestJSON:_run_cleanups): 200 GET http://10.180.1.21/compute/v2.1/flavors/detail 0.028s
2025-11-21 02:22:21.753 66849 INFO tempest.lib.common.rest_client [req-63122baf-187e-40d5-912b-baf24c04d184 req-63122baf-187e-40d5-912b-baf24c04d184 ] Request (ServersNegativeTestJSON:setUpClass): 200 GET http://10.180.1.21/compute/v2.1/servers/61ab880f-1ead-4b02-8ea4-d86c1fcf6ab9 0.093s
2025-11-21 02:22:21.786 66853 INFO tempest.lib.common.rest_client [req-c9554fa2-a7c0-4880-a9dc-ee8b980b3618 req-c9554fa2-a7c0-4880-a9dc-ee8b980b3618 ] Request (ServerShowV257Test:setUpClass): 201 POST http://10.180.1.21/identity/v3/auth/tokens 0.060s
2025-11-21 02:22:21.813 66877 INFO tempest.lib.common.rest_client [req-e82ad4f4-668e-41a2-b79b-b49c8ba2205d req-e82ad4f4-668e-41a2-b79b-b49c8ba2205d ] Request (ImagesTestJSON:test_create_server_from_snapshot): 200 GET http://10.180.1.21/compute/v2.1/servers/fcb80a35-492d-4830-910e-b25ccb8796e2 0.060s
2025-11-21 02:22:21.833 66869 INFO tempest.lib.common.rest_client [req-852c16c8-d90f-4178-9b95-dd0492d85b29 req-852c16c8-d90f-4178-9b95-dd0492d85b29 ] Request (FlavorsV255TestJSON:tearDownClass): 204 DELETE http://10.180.1.21/identity/v3/users/cc9035708265476abf10c0bf0fe7c0f9 0.101s
2025-11-21 02:22:21.852 66853 INFO tempest.lib.common.rest_client [req-cb783947-98a3-4631-beb2-1408e00389ef req-cb783947-98a3-4631-beb2-1408e00389ef ] Request (ServerShowV257Test:setUpClass): 201 POST http://10.180.1.21/identity/v3/auth/tokens 0.063s
2025-11-21 02:22:21.886 66907 INFO tempest.lib.common.rest_client [req-8ff8da84-5fcb-47b3-9de4-4128df868ef2 req-8ff8da84-5fcb-47b3-9de4-4128df868ef2 ] Request (ServersTestBootFromVolume:setUpClass): 200 GET http://10.180.1.21/compute/v2.1/servers/4fff5636-22aa-46f4-b8b0-19e24a76c3e1 0.060s
2025-11-21 02:22:21.911 66853 INFO tempest.lib.common.rest_client [req-344c1fa2-f4d6-45d9-8d0e-9e038a593c3d req-344c1fa2-f4d6-45d9-8d0e-9e038a593c3d ] Request (ServerShowV257Test:setUpClass): 200 GET http://10.180.1.21/identity/v3/domains?name=Default 0.059s
2025-11-21 02:22:21.938 66869 INFO tempest.lib.common.rest_client [req-b2ff2871-88d7-4e4f-8dd4-48baf0dd91bc req-b2ff2871-88d7-4e4f-8dd4-48baf0dd91bc ] Request (FlavorsV255TestJSON:tearDownClass): 204 DELETE http://10.180.1.21/identity/v3/users/4a8947a3c3ea4f4dacb6bf49d783dadf 0.104s
2025-11-21 02:22:21.938 66869 INFO tempest.lib.common.dynamic_creds [-] Deleting project and security group for project: 7ecd93d3179346f79ae8ff467b0e0288
2025-11-21 02:22:21.944 66859 INFO tempest.lib.common.rest_client [req-fde6c484-bca9-426c-9463-028602d3a5d3 req-fde6c484-bca9-426c-9463-028602d3a5d3 ] Request (DeleteServersTestJSON:test_delete_server_while_in_attached_volume): 200 GET http://10.180.1.21/compute/v2.1/servers/06b813d7-570d-472b-b020-26c19fa7baae 0.092s
2025-11-21 02:22:21.952 66863 INFO tempest.lib.common.rest_client [req-c1f1a18d-bd69-48f6-a4cb-e40f3db9042e req-c1f1a18d-bd69-48f6-a4cb-e40f3db9042e ] Request (ServersTestJSON:test_create_server_specify_multibyte_character_name): 200 GET http://10.180.1.21/compute/v2.1/servers/8d7a94cf-dd54-4f5e-a142-4894fb31d747 0.155s
2025-11-21 02:22:21.974 66853 INFO tempest.lib.common.rest_client [req-9804acd1-ab6e-4b2b-acaf-9544e47905fb req-9804acd1-ab6e-4b2b-acaf-9544e47905fb ] Request (ServerShowV257Test:setUpClass): 201 POST http://10.180.1.21/identity/v3/projects 0.062s
2025-11-21 02:22:21.996 66869 INFO tempest.lib.common.rest_client [req-531b857b-3414-4d38-91d6-bc3383895800 req-531b857b-3414-4d38-91d6-bc3383895800 ] Request (FlavorsV255TestJSON:tearDownClass): 201 POST http://10.180.1.21/identity/v3/auth/tokens 0.058s
2025-11-21 02:22:22.001 66865 INFO tempest.lib.common.rest_client [req-1a33cceb-bcb6-4a98-be11-48be08ef5b68 req-1a33cceb-bcb6-4a98-be11-48be08ef5b68 ] Request (ServerExternalEventsTest:test_create_server_external_events): 200 GET http://10.180.1.21/compute/v2.1/servers/9ed068e3-a530-4000-805b-07b321db2857 0.127s
2025-11-21 02:22:22.006 66905 INFO tempest.lib.common.rest_client [req-75bc9b7a-52e5-406c-8eeb-111dc2d837e3 req-75bc9b7a-52e5-406c-8eeb-111dc2d837e3 ] Request (ServerRescueTestJSONUnderV235:setUpClass): 200 GET http://10.180.1.21/compute/v2.1/servers/0e2b3204-5953-4492-8a52-72a2d396fd2f 0.097s
2025-11-21 02:22:22.035 66853 INFO tempest.lib.common.rest_client [req-c5438afe-8d56-4a0c-b86c-481558c0ec67 req-c5438afe-8d56-4a0c-b86c-481558c0ec67 ] Request (ServerShowV257Test:setUpClass): 201 POST http://10.180.1.21/identity/v3/users 0.061s
2025-11-21 02:22:22.057 66873 INFO tempest.lib.common.rest_client [req-5d3e4889-60ab-44d0-9836-96eeb981aad7 req-5d3e4889-60ab-44d0-9836-96eeb981aad7 ] Request (InstanceActionsV221TestJSON:test_get_list_deleted_instance_actions): 200 GET http://10.180.1.21/compute/v2.1/servers/6888c743-4907-47c2-9b5c-fa1aaa38b2b1 0.119s
2025-11-21 02:22:22.062 66853 INFO tempest.lib.common.rest_client [req-8e6b8013-b827-4da7-b612-8115b9f47249 req-8e6b8013-b827-4da7-b612-8115b9f47249 ] Request (ServerShowV257Test:setUpClass): 200 GET http://10.180.1.21/identity/v3/roles 0.026s
2025-11-21 02:22:22.070 66909 INFO tempest.lib.common.rest_client [req-b50a2a6b-0c22-45f8-a8e5-a6abd5bebd34 req-b50a2a6b-0c22-45f8-a8e5-a6abd5bebd34 ] Request (ServersTestManualDisk:tearDownClass): 200 GET http://10.180.1.21/compute/v2.1/servers/1ef47f44-ff48-4bd0-9983-89e66f03e217 0.086s
2025-11-21 02:22:22.092 66853 INFO tempest.lib.common.rest_client [req-59b7a22a-7699-4c63-a54a-ce80d2cd37ba req-59b7a22a-7699-4c63-a54a-ce80d2cd37ba ] Request (ServerShowV257Test:setUpClass): 204 PUT http://10.180.1.21/identity/v3/projects/e6b8763560654bee9d6d74b5cd52faa0/users/5b53f043013b4be2970349c55f72f67b/roles/628c4edba4a04938aaa97647acbe87ad 0.029s
2025-11-21 02:22:22.092 66853 INFO tempest.lib.common.dynamic_creds [-] Dynamic test user 5b53f043013b4be2970349c55f72f67b is created with scope project and roles: ['member']
2025-11-21 02:22:22.092 66853 INFO tempest.lib.common.dynamic_creds [-] Acquired dynamic creds: credentials: Credentials: {'domain_id': 'default', 'domain_name': 'Default', 'username': 'tempest-ServerShowV257Test-464675452-project-member', 'project_domain_id': 'default', 'project_domain_name': 'Default', 'project_id': 'e6b8763560654bee9d6d74b5cd52faa0', 'project_name': 'tempest-ServerShowV257Test-464675452', 'tenant_id': 'e6b8763560654bee9d6d74b5cd52faa0', 'tenant_name': 'tempest-ServerShowV257Test-464675452', 'user_domain_id': 'default', 'user_domain_name': 'Default', 'user_id': '5b53f043013b4be2970349c55f72f67b', 'system': None}, Network: None, Subnet: None, Router: None
2025-11-21 02:22:22.092 66853 INFO tempest.lib.common.dynamic_creds [-] Created isolated network resources for: credentials: Credentials: {'domain_id': 'default', 'domain_name': 'Default', 'username': 'tempest-ServerShowV257Test-464675452-project-member', 'project_domain_id': 'default', 'project_domain_name': 'Default', 'project_id': 'e6b8763560654bee9d6d74b5cd52faa0', 'project_name': 'tempest-ServerShowV257Test-464675452', 'tenant_id': 'e6b8763560654bee9d6d74b5cd52faa0', 'tenant_name': 'tempest-ServerShowV257Test-464675452', 'user_domain_id': 'default', 'user_domain_name': 'Default', 'user_id': '5b53f043013b4be2970349c55f72f67b', 'system': None}, Network: None, Subnet: None, Router: None
2025-11-21 02:22:22.111 66861 INFO tempest.lib.common.rest_client [req-24444145-f0a1-4ad9-a807-8a6e86c4d04a req-24444145-f0a1-4ad9-a807-8a6e86c4d04a ] Request (MigrationsAdminTest:test_resize_server_revert_deleted_flavor): 200 GET http://10.180.1.21/compute/v2.1/servers/1737cecc-643d-4d84-8a01-93f7d564d28a 0.088s
2025-11-21 02:22:22.125 66871 INFO tempest.lib.common.rest_client [req-36908925-ae3f-4383-9884-abd890bd26f4 req-36908925-ae3f-4383-9884-abd890bd26f4 ] Request (ServerDiskConfigTestJSON:test_rebuild_server_with_manual_disk_config): 200 GET http://10.180.1.21/compute/v2.1/servers/0f49157b-80e5-4c08-b3e3-f97e801672a8 0.087s
2025-11-21 02:22:22.168 66853 INFO tempest.lib.common.rest_client [req-c6949a54-bf60-49f2-86e8-c3a01bd1945f req-c6949a54-bf60-49f2-86e8-c3a01bd1945f ] Request (ServerShowV257Test:setUpClass): 201 POST http://10.180.1.21/identity/v3/auth/tokens 0.072s
