2025-11-21 02:20:05.905 66899 INFO tempest.lib.common.fixed_network [-] (ServerMetadataTestJSON:setUpClass) Found network {'id': 'e5e1ae1f-7b27-41d0-a863-4de2f90fc48f', 'name': 'tempest-ServerMetadataTestJSON-1560514715-network', 'tenant_id': '6b9abc6a3e1b497ea87f4198d034c08b', 'project_id': '6b9abc6a3e1b497ea87f4198d034c08b', 'admin_state_up': True, 'mtu': 8950, 'status': 'ACTIVE', 'subnets': [], 'shared': False, 'port_security_enabled': True, 'router:external': False, 'provider:network_type': 'vlan', 'provider:physical_network': 'default', 'provider:segmentation_id': 729, 'availability_zone_hints': [], 'availability_zones': [], 'ipv4_address_scope': None, 'ipv6_address_scope': None, 'description': '', 'tags': [], 'created_at': '2025-11-21T02:20:03Z', 'updated_at': '2025-11-21T02:20:03Z', 'revision_number': 1} available for tenant
2025-11-21 02:20:05.938 66863 INFO tempest.lib.common.rest_client [req-97c550ae-634c-462c-9e57-25859a62d6bf req-97c550ae-634c-462c-9e57-25859a62d6bf ] Request (ServerDiagnosticsTest:tearDownClass): 200 GET http://10.180.1.21/compute/v2.1/servers/4b4c0062-a4ac-4ded-b482-80d461cb0e5a 5.822s
2025-11-21 02:20:05.946 66863 INFO tempest.common.waiters [-] State transition "ACTIVE/deleting" ==> "DELETED/None" after 6 second wait
2025-11-21 02:20:06.021 66857 INFO tempest.lib.common.rest_client [req-d5427e21-435e-4ea1-917e-268904edc155 req-d5427e21-435e-4ea1-917e-268904edc155 ] Request (ImagesOneServerNegativeTestJSON:setUpClass): 200 GET http://10.180.1.21/compute/v2.1/servers/aa189a25-2dad-4dfd-affc-5e596ccd94ac 5.488s
2025-11-21 02:20:06.143 66853 INFO tempest.lib.common.rest_client [req-ce400d02-03e7-4024-bfb1-a91629fb51f2 req-ce400d02-03e7-4024-bfb1-a91629fb51f2 ] Request (QuotasAdminTestJSON:test_get_updated_quotas): 200 PUT http://10.180.1.21/compute/v2.1/os-quota-sets/20860a77ab834f52b096a36961e42661 5.490s
2025-11-21 02:20:06.295 66911 INFO tempest.lib.common.rest_client [req-3c332ed2-4ea4-4060-b451-e37bb0f45c0e req-3c332ed2-4ea4-4060-b451-e37bb0f45c0e ] Request (ServersWithSpecificFlavorTestJSON:test_verify_created_server_ephemeral_disk): 202 POST http://10.180.1.21/compute/v2.1/servers 6.182s
2025-11-21 02:20:06.321 66873 INFO tempest.lib.common.rest_client [req-f45c3e1b-bf8c-4517-a70a-386a97a4d2eb req-f45c3e1b-bf8c-4517-a70a-386a97a4d2eb ] Request (ServerDiagnosticsV248Test:test_get_server_diagnostics): 202 POST http://10.180.1.21/compute/v2.1/servers 5.484s
2025-11-21 02:20:06.355 66859 INFO tempest.lib.common.rest_client [req-efffca2b-7707-4293-9c56-18e17e4e79a4 req-efffca2b-7707-4293-9c56-18e17e4e79a4 ] Request (DeleteServersTestJSON:test_delete_active_server): 200 GET http://10.180.1.21/compute/v2.1/servers/0a4b2d86-1e21-4d46-b85c-a4956b3cd284 5.295s
2025-11-21 02:20:06.363 66859 INFO tempest.common.waiters [-] State transition "BUILD/scheduling" ==> "BUILD/None" after 10 second wait
2025-11-21 02:20:06.385 66849 INFO tempest.lib.common.rest_client [req-08dd2598-9506-4a5e-ac3a-31a8135e0b09 req-08dd2598-9506-4a5e-ac3a-31a8135e0b09 ] Request (TenantUsagesTestJSON:tearDownClass): 200 GET http://10.180.1.21/compute/v2.1/servers/53257a1e-cf01-4b87-b1a1-081176888044 5.291s
2025-11-21 02:20:06.392 66849 INFO tempest.common.waiters [-] State transition "ACTIVE/deleting" ==> "DELETED/None" after 6 second wait
2025-11-21 02:20:06.457 66907 INFO tempest.lib.common.rest_client [req-baa3489b-8a93-4647-9689-ec7e62d2cfc8 req-baa3489b-8a93-4647-9689-ec7e62d2cfc8 ] Request (ServersAdmin275Test:_run_cleanups): 200 GET http://10.180.1.21/compute/v2.1/servers/894f7e07-daed-4ad0-b4e9-127cc8fa561d 4.976s
2025-11-21 02:20:06.460 66887 INFO tempest.lib.common.rest_client [req-6461f931-ec93-4bda-a281-97a335b60aaa req-6461f931-ec93-4bda-a281-97a335b60aaa ] Request (FloatingIPsAssociationTestJSON:setUpClass): 200 GET http://10.180.1.21/compute/v2.1/servers/46af7146-bb98-48bf-8902-cdde40747ac0 4.273s
2025-11-21 02:20:06.470 66907 INFO tempest.common.waiters [-] State transition "REBUILD/rebuild_spawning" ==> "ACTIVE/None" after 10 second wait
2025-11-21 02:20:06.523 66896 INFO tempest.lib.common.rest_client [req-8a981f18-c6ce-4ed1-9051-5edf54aefb97 req-8a981f18-c6ce-4ed1-9051-5edf54aefb97 ] Request (DeleteServersAdminTestJSON:test_admin_delete_servers_of_others): 200 GET http://10.180.1.21/compute/v2.1/servers/8bfe6cb6-0fd2-416f-ba65-775627e38628 4.317s
2025-11-21 02:20:06.571 66871 INFO tempest.lib.common.rest_client [req-220393b1-815f-4c63-b7c2-26242c2f5ee4 req-220393b1-815f-4c63-b7c2-26242c2f5ee4 ] Request (FlavorsV2NegativeTest:test_boot_with_low_ram): 200 GET http://10.180.1.21/compute/v2.1/flavors/42 3.859s
2025-11-21 02:20:06.726 66891 INFO tempest.lib.common.rest_client [req-8f23fd7f-2e1e-4cee-b0eb-8ef427faeed9 req-8f23fd7f-2e1e-4cee-b0eb-8ef427faeed9 ] Request (ListServersNegativeTestJSON:setUpClass): 200 GET http://10.180.1.21/compute/v2.1/servers/433a2a92-9167-450b-922a-a963c8ba9d34 3.529s
2025-11-21 02:20:06.735 66891 INFO tempest.common.waiters [-] State transition "BUILD/spawning" ==> "ACTIVE/None" after 9 second wait
2025-11-21 02:20:06.738 66901 INFO tempest.lib.common.rest_client [req-ad03c451-a416-4bdd-9ef6-44a77e62c466 req-ad03c451-a416-4bdd-9ef6-44a77e62c466 ] Request (ServersAaction247Test:test_create_backup): 202 POST http://10.180.1.21/compute/v2.1/servers 3.995s
2025-11-21 02:20:06.765 66851 INFO tempest.lib.common.rest_client [req-cf0fd4b4-e00a-4f62-ad58-95e9a9784913 req-cf0fd4b4-e00a-4f62-ad58-95e9a9784913 ] Request (FlavorsExtraSpecsNegativeTestJSON:test_flavor_update_mismatch_key): 400 PUT http://10.180.1.21/compute/v2.1/flavors/133668588/os-extra_specs/hw:numa_nodes 3.288s
2025-11-21 02:20:06.794 66865 INFO tempest.lib.common.rest_client [req-4d53fee0-50c6-43bc-96ae-45f364c2e849 req-4d53fee0-50c6-43bc-96ae-45f364c2e849 ] Request (FlavorsAccessNegativeTestJSON:test_flavor_non_admin_add): 200 POST http://10.180.1.21/compute/v2.1/flavors 3.284s
2025-11-21 02:20:06.817 66883 INFO tempest.lib.common.rest_client [req-77011b5b-a8ed-4bd5-905a-3e2c13fde985 req-77011b5b-a8ed-4bd5-905a-3e2c13fde985 ] Request (KeyPairsV210TestJSON:_run_cleanups): 204 DELETE http://10.180.1.21/compute/v2.1/os-keypairs/tempest-keypair-1305046188?user_id=fc3acd3241fc4b9d93ff13b12ce00dac 3.294s
2025-11-21 02:20:06.946 66883 INFO tempest.lib.common.rest_client [req-2a86a766-c5fa-4929-af0f-5ddf3f3a850e req-2a86a766-c5fa-4929-af0f-5ddf3f3a850e ] Request (KeyPairsV210TestJSON:tearDownClass): 204 DELETE http://10.180.1.21/identity/v3/users/fc3acd3241fc4b9d93ff13b12ce00dac 0.126s
2025-11-21 02:20:07.097 66883 INFO tempest.lib.common.rest_client [req-8de16a0e-320c-4130-ac7b-7f5dcf572bdb req-8de16a0e-320c-4130-ac7b-7f5dcf572bdb ] Request (KeyPairsV210TestJSON:tearDownClass): 204 DELETE http://10.180.1.21/identity/v3/users/4275ee8c836045e8b42ac15547a401aa 0.151s
2025-11-21 02:20:07.098 66883 INFO tempest.lib.common.dynamic_creds [-] Deleting project and security group for project: c10f0380a47d4d16b150275bd7667539
2025-11-21 02:20:07.104 66871 INFO tempest.lib.common.rest_client [req-a24b0d8f-b07c-4266-84db-54a615f4108b req-a24b0d8f-b07c-4266-84db-54a615f4108b ] Request (FlavorsV2NegativeTest:test_boot_with_low_ram): 201 POST http://10.180.1.21/image/v2/images 0.526s
2025-11-21 02:20:07.223 66883 INFO tempest.lib.common.rest_client [req-cae38319-1e25-4ee4-ad25-5cac79dd35ae req-cae38319-1e25-4ee4-ad25-5cac79dd35ae ] Request (KeyPairsV210TestJSON:tearDownClass): 201 POST http://10.180.1.21/identity/v3/auth/tokens 0.125s
2025-11-21 02:20:07.358 66893 INFO tempest.lib.common.rest_client [req-fe9211a2-df17-459e-9b4a-32e08d3edf0d req-fe9211a2-df17-459e-9b4a-32e08d3edf0d ] Request (FloatingIPDetailsTestJSON:tearDownClass): 202 DELETE http://10.180.1.21/compute/v2.1/os-floating-ips/23d081dd-127d-4cb1-b478-1734cdbc5416 4.100s
2025-11-21 02:20:07.432 66905 INFO tempest.lib.common.rest_client [req-6022b6bb-c36f-441b-8a26-f511c4fa88de req-6022b6bb-c36f-441b-8a26-f511c4fa88de ] Request (QuotasAdminNegativeTest:test_create_server_when_memory_quota_is_full): 403 POST http://10.180.1.21/compute/v2.1/servers 3.893s
2025-11-21 02:20:07.441 66855 INFO tempest.lib.common.rest_client [req-d8b42ca0-232e-4f8f-b111-410f2ef7d9ab req-d8b42ca0-232e-4f8f-b111-410f2ef7d9ab ] Request (HostsAdminNegativeTestJSON:test_update_host_with_invalid_status): 400 PUT http://10.180.1.21/compute/v2.1/os-hosts/devstack 3.503s
2025-11-21 02:20:07.457 66909 INFO tempest.lib.common.rest_client [req-2157e7c9-7525-4e1f-94f9-cc293c70b877 req-2157e7c9-7525-4e1f-94f9-cc293c70b877 ] Request (FlavorsExtraSpecsTestJSON:test_flavor_set_get_update_show_unset_keys): 200 GET http://10.180.1.21/compute/v2.1/flavors/937875182/os-extra_specs 3.493s
2025-11-21 02:20:07.486 66903 INFO tempest.lib.common.rest_client [req-84dfa978-34d6-44f9-a3bc-c74936da617f req-84dfa978-34d6-44f9-a3bc-c74936da617f ] Request (AggregatesAdminNegativeTestJSON:_run_cleanups): 200 DELETE http://10.180.1.21/compute/v2.1/os-aggregates/3 3.489s
2025-11-21 02:20:07.522 66881 INFO tempest.lib.common.rest_client [req-4aeb0627-3d4b-48af-91ad-180613313701 req-4aeb0627-3d4b-48af-91ad-180613313701 ] Request (ImagesMetadataTestJSON:test_set_image_metadata): 200 GET http://10.180.1.21/compute/v2.1/images/b2272b06-7cb5-4be0-a069-c47c0e8d78b1/metadata 3.362s
2025-11-21 02:20:07.594 66883 INFO tempest.lib.common.rest_client [req-e53f86ab-a060-4f0a-821d-0d5156df6e07 req-e53f86ab-a060-4f0a-821d-0d5156df6e07 ] Request (KeyPairsV210TestJSON:tearDownClass): 200 GET http://10.180.1.21/networking/v2.0/security-groups?tenant_id=c10f0380a47d4d16b150275bd7667539&name=default 0.369s
2025-11-21 02:20:07.619 66897 INFO tempest.lib.common.rest_client [req-fb8d74e8-2ee7-4312-a41b-074c9c4baa5a req-fb8d74e8-2ee7-4312-a41b-074c9c4baa5a ] Request (ServersAdminNegativeTestJSON:setUpClass): 200 GET http://10.180.1.21/compute/v2.1/servers/3ef432d0-f2d0-42d5-ba75-d7e9d30de8ac 3.685s
2025-11-21 02:20:08.007 66871 INFO tempest.lib.common.rest_client [req-8510c9b0-7e8d-4329-b606-c1d06d314f17 req-8510c9b0-7e8d-4329-b606-c1d06d314f17 ] Request (FlavorsV2NegativeTest:test_boot_with_low_ram): 204 PUT http://10.180.1.21/image/v2/images/53d24145-73fb-4c97-8dcf-0de4f1ab74ad/file 0.903s
2025-11-21 02:20:08.074 66871 INFO tempest.lib.common.rest_client [req-5c57872f-2571-49be-991e-f586f98d2cda req-5c57872f-2571-49be-991e-f586f98d2cda ] Request (FlavorsV2NegativeTest:test_boot_with_low_ram): 201 POST http://10.180.1.21/identity/v3/auth/tokens 0.063s
2025-11-21 02:20:08.074 66871 INFO tempest.lib.common.fixed_network [-] (FlavorsV2NegativeTest:test_boot_with_low_ram) Found network None available for tenant
2025-11-21 02:20:08.440 66893 INFO tempest.lib.common.rest_client [req-69231105-baea-4c0f-a773-4fcbe31c98da req-69231105-baea-4c0f-a773-4fcbe31c98da ] Request (FloatingIPDetailsTestJSON:tearDownClass): 200 PUT http://10.180.1.21/networking/v2.0/routers/f1c959c5-1144-4808-be9c-f4c09e313498/remove_router_interface 1.082s
2025-11-21 02:20:08.648 66883 INFO tempest.lib.common.rest_client [req-23e4c958-95a2-4103-8fdb-51ea453d9880 req-23e4c958-95a2-4103-8fdb-51ea453d9880 ] Request (KeyPairsV210TestJSON:tearDownClass): 204 DELETE http://10.180.1.21/networking/v2.0/security-groups/d4e80084-1a3a-45cf-b17d-ed9cef1a4e91 1.054s
2025-11-21 02:20:08.729 66883 INFO tempest.lib.common.rest_client [req-9b757c05-ad09-4252-945c-159f6274e3b4 req-9b757c05-ad09-4252-945c-159f6274e3b4 ] Request (KeyPairsV210TestJSON:tearDownClass): 204 DELETE http://10.180.1.21/identity/v3/projects/c10f0380a47d4d16b150275bd7667539 0.081s
2025-11-21 02:20:08.730 66883 INFO tempest.lib.common.dynamic_creds [-] Deleting project and security group for project: 2ce30f1e44754367a334697a830c72fa
2025-11-21 02:20:09.082 66893 INFO tempest.lib.common.rest_client [req-6498a055-c98d-4a5e-bf13-0b6a386ff818 req-6498a055-c98d-4a5e-bf13-0b6a386ff818 ] Request (FloatingIPDetailsTestJSON:tearDownClass): 204 DELETE http://10.180.1.21/networking/v2.0/routers/f1c959c5-1144-4808-be9c-f4c09e313498 0.641s
2025-11-21 02:20:09.115 66875 INFO tempest.lib.common.rest_client [req-bab57fa6-aec6-4c01-830b-92fc5f6925b3 req-bab57fa6-aec6-4c01-830b-92fc5f6925b3 ] Request (MultipleCreateTestJSON:test_multiple_create): 200 GET http://10.180.1.21/compute/v2.1/servers/91c5749f-a8d0-4463-83c8-3712955ee1cb 4.220s
2025-11-21 02:20:09.131 66875 INFO tempest.common.waiters [-] State transition "BUILD/spawning" ==> "ACTIVE/None" after 27 second wait
2025-11-21 02:20:09.159 66869 INFO tempest.lib.common.rest_client [req-5afa8276-29c7-4e17-83ea-9a3a1730cd24 req-5afa8276-29c7-4e17-83ea-9a3a1730cd24 ] Request (VolumesAssistedSnapshotsTest:test_volume_assisted_snapshot_create_delete): 200 GET http://10.180.1.21/compute/v2.1/servers/ec16c77f-8a26-48cb-9ad5-b524350fcf0b 3.524s
2025-11-21 02:20:09.168 66869 INFO tempest.common.waiters [-] State transition "BUILD/None" ==> "BUILD/spawning" after 17 second wait
2025-11-21 02:20:09.303 66883 INFO tempest.lib.common.rest_client [req-995c93b1-b40e-4010-a5bd-6a06175e26d3 req-995c93b1-b40e-4010-a5bd-6a06175e26d3 ] Request (KeyPairsV210TestJSON:tearDownClass): 200 GET http://10.180.1.21/networking/v2.0/security-groups?tenant_id=2ce30f1e44754367a334697a830c72fa&name=default 0.572s
2025-11-21 02:20:09.500 66893 INFO tempest.lib.common.rest_client [req-4b86cf3d-a0ad-4f46-8192-97b9185e746e req-4b86cf3d-a0ad-4f46-8192-97b9185e746e ] Request (FloatingIPDetailsTestJSON:tearDownClass): 204 DELETE http://10.180.1.21/networking/v2.0/subnets/1121624b-65fa-4d41-a637-0c67a8d437b4 0.418s
2025-11-21 02:20:09.590 66883 INFO tempest.lib.common.rest_client [req-e6518c42-3bbd-42ba-a356-e8e3fcd87097 req-e6518c42-3bbd-42ba-a356-e8e3fcd87097 ] Request (KeyPairsV210TestJSON:tearDownClass): 204 DELETE http://10.180.1.21/networking/v2.0/security-groups/ca22b77c-fdb5-449c-849a-ba15bd0b5b3e 0.287s
2025-11-21 02:20:09.662 66861 INFO tempest.lib.common.rest_client [req-70ff9abe-4880-4993-a982-b42539240820 req-70ff9abe-4880-4993-a982-b42539240820 ] Request (MigrationsAdminTest:test_list_migrations_in_flavor_resize_situation): 200 GET http://10.180.1.21/compute/v2.1/servers/24e7dee3-635c-4826-bb02-dc1b72f95cd9 3.965s
2025-11-21 02:20:09.722 66889 INFO tempest.lib.common.rest_client [req-eac1a4d6-9f34-4870-aa9e-1065d7b81946 req-eac1a4d6-9f34-4870-aa9e-1065d7b81946 ] Request (ServerPasswordTestJSON:setUpClass): 200 GET http://10.180.1.21/compute/v2.1/servers/bc5e389f-916a-43c6-b01e-f3d7fa257603 3.994s
2025-11-21 02:20:09.730 66889 INFO tempest.common.waiters [-] State transition "BUILD/networking" ==> "BUILD/spawning" after 24 second wait
2025-11-21 02:20:09.732 66883 INFO tempest.lib.common.rest_client [req-4ac30327-8f16-4ebf-886b-e4d9d8c7c9fe req-4ac30327-8f16-4ebf-886b-e4d9d8c7c9fe ] Request (KeyPairsV210TestJSON:tearDownClass): 204 DELETE http://10.180.1.21/identity/v3/projects/2ce30f1e44754367a334697a830c72fa 0.141s
2025-11-21 02:20:09.817 66883 INFO tempest.lib.common.rest_client [req-e57189ef-6213-4365-9875-295dd6c72884 req-e57189ef-6213-4365-9875-295dd6c72884 ] Request (ListImageFiltersNegativeTestJSON:setUpClass): 201 POST http://10.180.1.21/identity/v3/auth/tokens 0.084s
2025-11-21 02:20:09.888 66883 INFO tempest.lib.common.rest_client [req-73b6da30-0356-4841-8c38-2a5fb622b311 req-73b6da30-0356-4841-8c38-2a5fb622b311 ] Request (ListImageFiltersNegativeTestJSON:setUpClass): 201 POST http://10.180.1.21/identity/v3/auth/tokens 0.066s
2025-11-21 02:20:09.899 66893 INFO tempest.lib.common.rest_client [req-92502ab6-44be-4d55-800a-9255488a42ee req-92502ab6-44be-4d55-800a-9255488a42ee ] Request (FloatingIPDetailsTestJSON:tearDownClass): 204 DELETE http://10.180.1.21/networking/v2.0/networks/e4cfc1ba-f640-486d-ba3b-ff277f816eb9 0.397s
2025-11-21 02:20:09.917 66883 INFO tempest.lib.common.rest_client [req-63639694-dfa4-4295-a9e5-ef529de43810 req-63639694-dfa4-4295-a9e5-ef529de43810 ] Request (ListImageFiltersNegativeTestJSON:setUpClass): 200 GET http://10.180.1.21/identity/v3/domains?name=Default 0.028s
2025-11-21 02:20:09.989 66893 INFO tempest.lib.common.rest_client [req-15c75773-5068-40b6-af35-6f2e94a018bf req-15c75773-5068-40b6-af35-6f2e94a018bf ] Request (FloatingIPDetailsTestJSON:tearDownClass): 204 DELETE http://10.180.1.21/identity/v3/users/c699377dff054caf9a2a7696c5ee3c9f 0.090s
2025-11-21 02:20:09.989 66893 INFO tempest.lib.common.dynamic_creds [-] Deleting project and security group for project: f45ff9b974c1497f84b05e15cfef1fbe
2025-11-21 02:20:10.075 66883 INFO tempest.lib.common.rest_client [req-aa4f4fd1-dcda-44f0-9849-9c6b4788f441 req-aa4f4fd1-dcda-44f0-9849-9c6b4788f441 ] Request (ListImageFiltersNegativeTestJSON:setUpClass): 201 POST http://10.180.1.21/identity/v3/projects 0.158s
2025-11-21 02:20:10.078 66893 INFO tempest.lib.common.rest_client [req-8bde7c9c-05a5-41b2-a802-7cffb344f5e3 req-8bde7c9c-05a5-41b2-a802-7cffb344f5e3 ] Request (FloatingIPDetailsTestJSON:tearDownClass): 200 GET http://10.180.1.21/networking/v2.0/security-groups?tenant_id=f45ff9b974c1497f84b05e15cfef1fbe&name=default 0.089s
2025-11-21 02:20:10.145 66883 INFO tempest.lib.common.rest_client [req-ba8317d9-ddf3-4731-b98f-ea9bca55f419 req-ba8317d9-ddf3-4731-b98f-ea9bca55f419 ] Request (ListImageFiltersNegativeTestJSON:setUpClass): 201 POST http://10.180.1.21/identity/v3/users 0.069s
2025-11-21 02:20:10.168 66883 INFO tempest.lib.common.rest_client [req-e7a33afc-944f-4ddb-98da-6e3a1a22ab2f req-e7a33afc-944f-4ddb-98da-6e3a1a22ab2f ] Request (ListImageFiltersNegativeTestJSON:setUpClass): 200 GET http://10.180.1.21/identity/v3/roles 0.023s
2025-11-21 02:20:10.203 66893 INFO tempest.lib.common.rest_client [req-f45bc449-351c-4ddb-bdaf-5d30ce58cb9c req-f45bc449-351c-4ddb-bdaf-5d30ce58cb9c ] Request (FloatingIPDetailsTestJSON:tearDownClass): 204 DELETE http://10.180.1.21/networking/v2.0/security-groups/01baffdb-7c09-4acd-9148-5cc6e6aa275a 0.124s
2025-11-21 02:20:10.212 66883 INFO tempest.lib.common.rest_client [req-0205ac08-4d31-42ef-95e5-e7b0dd278d05 req-0205ac08-4d31-42ef-95e5-e7b0dd278d05 ] Request (ListImageFiltersNegativeTestJSON:setUpClass): 204 PUT http://10.180.1.21/identity/v3/projects/42f94f8892e54ab4a0868c97a577c96a/users/fffb4d676548478ca3769ce4107425ee/roles/628c4edba4a04938aaa97647acbe87ad 0.043s
2025-11-21 02:20:10.212 66883 INFO tempest.lib.common.dynamic_creds [-] Dynamic test user fffb4d676548478ca3769ce4107425ee is created with scope project and roles: ['member']
2025-11-21 02:20:10.212 66883 INFO tempest.lib.common.dynamic_creds [-] Acquired dynamic creds: credentials: Credentials: {'domain_id': 'default', 'domain_name': 'Default', 'username': 'tempest-ListImageFiltersNegativeTestJSON-756246192-project-member', 'project_domain_id': 'default', 'project_domain_name': 'Default', 'project_id': '42f94f8892e54ab4a0868c97a577c96a', 'project_name': 'tempest-ListImageFiltersNegativeTestJSON-756246192', 'tenant_id': '42f94f8892e54ab4a0868c97a577c96a', 'tenant_name': 'tempest-ListImageFiltersNegativeTestJSON-756246192', 'user_domain_id': 'default', 'user_domain_name': 'Default', 'user_id': 'fffb4d676548478ca3769ce4107425ee', 'system': None}, Network: None, Subnet: None, Router: None
2025-11-21 02:20:10.212 66883 INFO tempest.lib.common.dynamic_creds [-] Created isolated network resources for: credentials: Credentials: {'domain_id': 'default', 'domain_name': 'Default', 'username': 'tempest-ListImageFiltersNegativeTestJSON-756246192-project-member', 'project_domain_id': 'default', 'project_domain_name': 'Default', 'project_id': '42f94f8892e54ab4a0868c97a577c96a', 'project_name': 'tempest-ListImageFiltersNegativeTestJSON-756246192', 'tenant_id': '42f94f8892e54ab4a0868c97a577c96a', 'tenant_name': 'tempest-ListImageFiltersNegativeTestJSON-756246192', 'user_domain_id': 'default', 'user_domain_name': 'Default', 'user_id': 'fffb4d676548478ca3769ce4107425ee', 'system': None}, Network: None, Subnet: None, Router: None
2025-11-21 02:20:10.239 66877 INFO tempest.lib.common.rest_client [req-6aa1ae85-d530-46f1-88c8-382a7047f140 req-6aa1ae85-d530-46f1-88c8-382a7047f140 ] Request (ImagesTestJSON:test_create_image_from_stopped_server): 202 POST http://10.180.1.21/compute/v2.1/servers/7dec543d-026e-4c30-a03e-2f913b553cce/action 4.439s
2025-11-21 02:20:10.307 66883 INFO tempest.lib.common.rest_client [req-19759cbe-a24f-43f5-8049-edc484d2b171 req-19759cbe-a24f-43f5-8049-edc484d2b171 ] Request (ListImageFiltersNegativeTestJSON:setUpClass): 201 POST http://10.180.1.21/identity/v3/auth/tokens 0.091s
2025-11-21 02:20:10.310 66893 INFO tempest.lib.common.rest_client [req-d008ea15-df3c-4ed3-be1c-ee72b75fb29a req-d008ea15-df3c-4ed3-be1c-ee72b75fb29a ] Request (FloatingIPDetailsTestJSON:tearDownClass): 204 DELETE http://10.180.1.21/identity/v3/projects/f45ff9b974c1497f84b05e15cfef1fbe 0.107s
2025-11-21 02:20:10.311 66893 INFO tempest.test [-] raised in ServerBootFromVolumeStableRescueTest.setUpClass. Invoking tearDownClass.
2025-11-21 02:20:10.312 66893 INFO tempest.test [-] raised in ServerStableDeviceRescueTest.setUpClass. Invoking tearDownClass.
2025-11-21 02:20:10.323 66899 INFO tempest.lib.common.rest_client [req-6b8276e3-e032-4ab0-992a-45ecebd4c3a8 req-6b8276e3-e032-4ab0-992a-45ecebd4c3a8 ] Request (ServerMetadataTestJSON:setUpClass): 202 POST http://10.180.1.21/compute/v2.1/servers 4.418s
2025-11-21 02:20:10.391 66893 INFO tempest.lib.common.rest_client [req-c30e299b-b0b6-414b-ade3-4b187928dc1e req-c30e299b-b0b6-414b-ade3-4b187928dc1e ] Request (VolumesNegativeTest:setUpClass): 201 POST http://10.180.1.21/identity/v3/auth/tokens 0.075s
2025-11-21 02:20:10.442 66893 INFO tempest.lib.common.rest_client [req-4efbbf25-aa5d-4294-a16d-ac467bf91a2d req-4efbbf25-aa5d-4294-a16d-ac467bf91a2d ] Request (VolumesNegativeTest:setUpClass): 201 POST http://10.180.1.21/identity/v3/auth/tokens 0.047s
2025-11-21 02:20:10.480 66893 INFO tempest.lib.common.rest_client [req-ff098736-1dbc-4d64-b55d-0b4b7050a67d req-ff098736-1dbc-4d64-b55d-0b4b7050a67d ] Request (VolumesNegativeTest:setUpClass): 200 GET http://10.180.1.21/identity/v3/domains?name=Default 0.037s
2025-11-21 02:20:10.494 66853 INFO tempest.lib.common.rest_client [req-355d11b7-5e70-40aa-88d6-3cc41fda0b8c req-355d11b7-5e70-40aa-88d6-3cc41fda0b8c ] Request (QuotasAdminTestJSON:test_get_updated_quotas): 200 GET http://10.180.1.21/compute/v2.1/os-quota-sets/20860a77ab834f52b096a36961e42661/detail 4.349s
2025-11-21 02:20:10.530 66893 INFO tempest.lib.common.rest_client [req-658a8749-f444-4a08-ad41-635d73af3a30 req-658a8749-f444-4a08-ad41-635d73af3a30 ] Request (VolumesNegativeTest:setUpClass): 201 POST http://10.180.1.21/identity/v3/projects 0.049s
2025-11-21 02:20:10.546 66853 INFO tempest.lib.common.rest_client [req-04ba15c6-ee39-43fb-a64f-c1d5ea09efda req-04ba15c6-ee39-43fb-a64f-c1d5ea09efda ] Request (QuotasAdminTestJSON:test_get_updated_quotas): 200 GET http://10.180.1.21/identity/v3/domains?name=Default 0.042s
2025-11-21 02:20:10.618 66893 INFO tempest.lib.common.rest_client [req-53056fca-9cd0-41a9-bdbc-20feed249ced req-53056fca-9cd0-41a9-bdbc-20feed249ced ] Request (VolumesNegativeTest:setUpClass): 201 POST http://10.180.1.21/identity/v3/users 0.088s
2025-11-21 02:20:10.637 66853 INFO tempest.lib.common.rest_client [req-0bc36b1d-8a07-47e3-af31-ef0ddcf0317c req-0bc36b1d-8a07-47e3-af31-ef0ddcf0317c ] Request (QuotasAdminTestJSON:test_get_updated_quotas): 201 POST http://10.180.1.21/identity/v3/users 0.086s
2025-11-21 02:20:10.639 66893 INFO tempest.lib.common.rest_client [req-ff183ed8-0a28-4ca3-9389-b7c35d4d3f76 req-ff183ed8-0a28-4ca3-9389-b7c35d4d3f76 ] Request (VolumesNegativeTest:setUpClass): 200 GET http://10.180.1.21/identity/v3/roles 0.021s
2025-11-21 02:20:10.660 66853 INFO tempest.lib.common.rest_client [req-0764b9b9-1299-464a-b66f-44d2afab045b req-0764b9b9-1299-464a-b66f-44d2afab045b ] Request (QuotasAdminTestJSON:test_get_updated_quotas): 200 GET http://10.180.1.21/identity/v3/domains?name=Default 0.022s
2025-11-21 02:20:10.669 66893 INFO tempest.lib.common.rest_client [req-6cbb414b-f66b-443e-8c86-412a55b7b7ae req-6cbb414b-f66b-443e-8c86-412a55b7b7ae ] Request (VolumesNegativeTest:setUpClass): 204 PUT http://10.180.1.21/identity/v3/projects/77cf9ccc6c064923bee1d11e7404ce37/users/ff8dc47a569f4e3da7468732f5af3904/roles/628c4edba4a04938aaa97647acbe87ad 0.029s
2025-11-21 02:20:10.670 66893 INFO tempest.lib.common.dynamic_creds [-] Dynamic test user ff8dc47a569f4e3da7468732f5af3904 is created with scope project and roles: ['member']
2025-11-21 02:20:10.670 66893 INFO tempest.lib.common.dynamic_creds [-] Acquired dynamic creds: credentials: Credentials: {'domain_id': 'default', 'domain_name': 'Default', 'username': 'tempest-VolumesNegativeTest-1714200906-project-member', 'project_domain_id': 'default', 'project_domain_name': 'Default', 'project_id': '77cf9ccc6c064923bee1d11e7404ce37', 'project_name': 'tempest-VolumesNegativeTest-1714200906', 'tenant_id': '77cf9ccc6c064923bee1d11e7404ce37', 'tenant_name': 'tempest-VolumesNegativeTest-1714200906', 'user_domain_id': 'default', 'user_domain_name': 'Default', 'user_id': 'ff8dc47a569f4e3da7468732f5af3904', 'system': None}, Network: None, Subnet: None, Router: None
2025-11-21 02:20:10.670 66893 INFO tempest.lib.common.dynamic_creds [-] Created isolated network resources for: credentials: Credentials: {'domain_id': 'default', 'domain_name': 'Default', 'username': 'tempest-VolumesNegativeTest-1714200906-project-member', 'project_domain_id': 'default', 'project_domain_name': 'Default', 'project_id': '77cf9ccc6c064923bee1d11e7404ce37', 'project_name': 'tempest-VolumesNegativeTest-1714200906', 'tenant_id': '77cf9ccc6c064923bee1d11e7404ce37', 'tenant_name': 'tempest-VolumesNegativeTest-1714200906', 'user_domain_id': 'default', 'user_domain_name': 'Default', 'user_id': 'ff8dc47a569f4e3da7468732f5af3904', 'system': None}, Network: None, Subnet: None, Router: None
2025-11-21 02:20:10.712 66911 INFO tempest.lib.common.rest_client [req-782112a1-ea5a-4a18-bd5b-c13def0b1347 req-782112a1-ea5a-4a18-bd5b-c13def0b1347 ] Request (ServersWithSpecificFlavorTestJSON:test_verify_created_server_ephemeral_disk): 200 GET http://10.180.1.21/compute/v2.1/servers/908f5b17-ebe3-44e8-8e92-638e55e5952b 4.415s
2025-11-21 02:20:10.755 66893 INFO tempest.lib.common.rest_client [req-a212aafb-e808-4747-bfa5-638412e7c885 req-a212aafb-e808-4747-bfa5-638412e7c885 ] Request (VolumesNegativeTest:setUpClass): 201 POST http://10.180.1.21/identity/v3/auth/tokens 0.079s
2025-11-21 02:20:10.772 66879 INFO tempest.lib.common.rest_client [req-4e70ecf7-0f88-4245-bcd8-726f14188e49 req-4e70ecf7-0f88-4245-bcd8-726f14188e49 ] Request (ImagesNegativeTestJSON:test_create_image_from_deleted_server): 200 GET http://10.180.1.21/compute/v2.1/servers/c5ab4ba1-c5cf-4f16-953e-148263d7160b 4.516s
2025-11-21 02:20:10.831 66873 INFO tempest.lib.common.rest_client [req-8d8d5b8d-3403-4b95-b414-d042aafe2c05 req-8d8d5b8d-3403-4b95-b414-d042aafe2c05 ] Request (ServerDiagnosticsV248Test:test_get_server_diagnostics): 200 GET http://10.180.1.21/compute/v2.1/servers/08c3c037-85f1-49ef-9eb2-3b70ef4440f0 4.508s
2025-11-21 02:20:10.901 66907 INFO tempest.lib.common.rest_client [req-f976d7ce-59fc-4ad6-bc92-cf46fba01fbe req-f976d7ce-59fc-4ad6-bc92-cf46fba01fbe ] Request (ServersAdmin275Test:tearDownClass): 204 DELETE http://10.180.1.21/compute/v2.1/servers/894f7e07-daed-4ad0-b4e9-127cc8fa561d 4.425s
2025-11-21 02:20:10.969 66891 INFO tempest.lib.common.rest_client [req-161e289f-8758-417c-aa0f-66463e7807eb req-161e289f-8758-417c-aa0f-66463e7807eb ] Request (ListServersNegativeTestJSON:setUpClass): 200 GET http://10.180.1.21/compute/v2.1/servers/e279d81b-3200-40a8-967a-04d3fe34ee9b 4.233s
2025-11-21 02:20:10.977 66851 INFO tempest.lib.common.rest_client [req-66cc158f-6258-4a8f-86c7-1722140f0003 req-66cc158f-6258-4a8f-86c7-1722140f0003 ] Request (FlavorsExtraSpecsNegativeTestJSON:test_flavor_update_more_key): 400 PUT http://10.180.1.21/compute/v2.1/flavors/133668588/os-extra_specs/hw:numa_nodes 4.210s
2025-11-21 02:20:11.019 66901 INFO tempest.lib.common.rest_client [req-fd5f0e2c-df8a-4089-b200-c6f48f0fda05 req-fd5f0e2c-df8a-4089-b200-c6f48f0fda05 ] Request (ServersAaction247Test:test_create_backup): 200 GET http://10.180.1.21/compute/v2.1/servers/f6d1ad47-73a4-4b7b-8d87-4f268648f6d3 4.279s
2025-11-21 02:20:11.075 66863 INFO tempest.lib.common.rest_client [req-145cf35e-cade-4f00-8336-24b97257fe37 req-145cf35e-cade-4f00-8336-24b97257fe37 ] Request (ServerDiagnosticsTest:tearDownClass): 200 GET http://10.180.1.21/compute/v2.1/servers/4b4c0062-a4ac-4ded-b482-80d461cb0e5a 4.125s
2025-11-21 02:20:11.080 66865 INFO tempest.lib.common.rest_client [req-0ad0585e-87ef-407c-a6e8-7e7ab26d9210 req-0ad0585e-87ef-407c-a6e8-7e7ab26d9210 ] Request (FlavorsAccessNegativeTestJSON:test_flavor_non_admin_add): 403 POST http://10.180.1.21/compute/v2.1/flavors/675226533/action 4.282s
2025-11-21 02:20:11.128 66857 INFO tempest.lib.common.rest_client [req-0bc05ac7-471b-47c1-83df-9f68060a4c90 req-0bc05ac7-471b-47c1-83df-9f68060a4c90 ] Request (ImagesOneServerNegativeTestJSON:setUpClass): 200 GET http://10.180.1.21/compute/v2.1/servers/aa189a25-2dad-4dfd-affc-5e596ccd94ac 4.095s
2025-11-21 02:20:11.147 66859 INFO tempest.lib.common.rest_client [req-bb3e1c20-4e37-49be-ac29-f43ba2c6680f req-bb3e1c20-4e37-49be-ac29-f43ba2c6680f ] Request (DeleteServersTestJSON:test_delete_active_server): 200 GET http://10.180.1.21/compute/v2.1/servers/0a4b2d86-1e21-4d46-b85c-a4956b3cd284 3.779s
2025-11-21 02:20:11.191 66849 INFO tempest.lib.common.rest_client [req-3459d385-511a-4d58-a3f4-e84d5a0d175c req-3459d385-511a-4d58-a3f4-e84d5a0d175c ] Request (TenantUsagesTestJSON:tearDownClass): 200 GET http://10.180.1.21/compute/v2.1/servers/53257a1e-cf01-4b87-b1a1-081176888044 3.797s
2025-11-21 02:20:11.198 66855 INFO tempest.lib.common.rest_client [req-f77f06e4-c374-4540-8289-43da4aadd15a req-f77f06e4-c374-4540-8289-43da4aadd15a ] Request (HostsAdminNegativeTestJSON:test_update_host_with_non_admin_user): 403 PUT http://10.180.1.21/compute/v2.1/os-hosts/devstack 3.755s
2025-11-21 02:20:11.223 66909 INFO tempest.lib.common.rest_client [req-ae41abba-7deb-4cd3-92f8-b407f497f125 req-ae41abba-7deb-4cd3-92f8-b407f497f125 ] Request (FlavorsExtraSpecsTestJSON:tearDownClass): 202 DELETE http://10.180.1.21/compute/v2.1/flavors/937875182 3.763s
2025-11-21 02:20:11.288 66905 INFO tempest.lib.common.rest_client [req-be763530-09c5-46e6-a821-3e8bc2450535 req-be763530-09c5-46e6-a821-3e8bc2450535 ] Request (QuotasAdminNegativeTest:_run_cleanups): 200 PUT http://10.180.1.21/compute/v2.1/os-quota-sets/d0f23bf9713846c99ae00d9068a360b5 3.855s
2025-11-21 02:20:11.294 66903 INFO tempest.lib.common.rest_client [req-bd0dbde6-ee0c-4c8e-96f3-e227b553c636 req-bd0dbde6-ee0c-4c8e-96f3-e227b553c636 ] Request (AggregatesAdminNegativeTestJSON:test_aggregate_create_aggregate_name_length_exceeds_255): 400 POST http://10.180.1.21/compute/v2.1/os-aggregates 3.806s
2025-11-21 02:20:11.355 66887 INFO tempest.lib.common.rest_client [req-f519424f-4320-4da4-b45b-6a6147cce94f req-f519424f-4320-4da4-b45b-6a6147cce94f ] Request (FloatingIPsAssociationTestJSON:setUpClass): 200 GET http://10.180.1.21/compute/v2.1/servers/46af7146-bb98-48bf-8902-cdde40747ac0 3.884s
2025-11-21 02:20:11.364 66887 INFO tempest.common.waiters [-] State transition "BUILD/None" ==> "BUILD/spawning" after 17 second wait
2025-11-21 02:20:11.440 66896 INFO tempest.lib.common.rest_client [req-b6522f33-9099-4094-824a-c6c93be15c2b req-b6522f33-9099-4094-824a-c6c93be15c2b ] Request (DeleteServersAdminTestJSON:test_admin_delete_servers_of_others): 200 GET http://10.180.1.21/compute/v2.1/servers/8bfe6cb6-0fd2-416f-ba65-775627e38628 3.905s
2025-11-21 02:20:11.554 66881 INFO tempest.lib.common.rest_client [req-439e51c6-f848-4310-b6bf-b1fe6f19d832 req-439e51c6-f848-4310-b6bf-b1fe6f19d832 ] Request (ImagesMetadataTestJSON:setUp): 200 PUT http://10.180.1.21/compute/v2.1/images/b2272b06-7cb5-4be0-a069-c47c0e8d78b1/metadata 4.030s
2025-11-21 02:20:11.599 66871 INFO tempest.lib.common.rest_client [req-0d8ff357-b24f-4773-9149-69035e6d838b req-0d8ff357-b24f-4773-9149-69035e6d838b ] Request (FlavorsV2NegativeTest:test_boot_with_low_ram): 400 POST http://10.180.1.21/compute/v2.1/servers 3.524s
2025-11-21 02:20:11.658 66871 INFO tempest.lib.common.rest_client [req-d38c3dfc-facf-4f3a-9f08-2cb6fd29013d req-d38c3dfc-facf-4f3a-9f08-2cb6fd29013d ] Request (FlavorsV2NegativeTest:_run_cleanups): 204 DELETE http://10.180.1.21/image/v2/images/53d24145-73fb-4c97-8dcf-0de4f1ab74ad 0.059s
2025-11-21 02:20:11.659 66897 INFO tempest.lib.common.rest_client [req-9fe183cd-382c-46f0-bd7f-ead62386b473 req-9fe183cd-382c-46f0-bd7f-ead62386b473 ] Request (ServersAdminNegativeTestJSON:setUpClass): 200 GET http://10.180.1.21/compute/v2.1/servers/3ef432d0-f2d0-42d5-ba75-d7e9d30de8ac 3.029s
2025-11-21 02:20:11.816 66871 INFO tempest.lib.common.rest_client [req-738cc093-0957-41ed-b449-42d3fe4e193d req-738cc093-0957-41ed-b449-42d3fe4e193d ] Request (FlavorsV2NegativeTest:tearDownClass): 204 DELETE http://10.180.1.21/identity/v3/users/38be2571e99240d9afe2eaaaf59ccaea 0.156s
2025-11-21 02:20:11.816 66871 INFO tempest.lib.common.dynamic_creds [-] Deleting project and security group for project: 8e144ca03d8e468ab51d7fe575b38c76
2025-11-21 02:20:11.838 66875 INFO tempest.lib.common.rest_client [req-8b24cd9d-ea89-487e-8326-2d54921d2f15 req-8b24cd9d-ea89-487e-8326-2d54921d2f15 ] Request (MultipleCreateTestJSON:test_multiple_create): 200 GET http://10.180.1.21/compute/v2.1/servers/c7aecc3c-6705-466d-a8d1-2b3cb86c2f8a 2.706s
2025-11-21 02:20:11.864 66869 INFO tempest.lib.common.rest_client [req-3c34f60f-e70d-422d-a6df-c95558d66ebe req-3c34f60f-e70d-422d-a6df-c95558d66ebe ] Request (VolumesAssistedSnapshotsTest:test_volume_assisted_snapshot_create_delete): 200 GET http://10.180.1.21/compute/v2.1/servers/ec16c77f-8a26-48cb-9ad5-b524350fcf0b 1.693s
2025-11-21 02:20:11.878 66877 INFO tempest.lib.common.rest_client [req-2cac4074-e397-4561-8505-95751cfe5c3a req-2cac4074-e397-4561-8505-95751cfe5c3a ] Request (ImagesTestJSON:test_create_image_from_stopped_server): 200 GET http://10.180.1.21/compute/v2.1/images/270c224c-e0e8-40ce-aab1-32628f839155 1.636s
2025-11-21 02:20:11.888 66871 INFO tempest.lib.common.rest_client [req-c8973f66-530b-40aa-98b6-cb7b9704a3c8 req-c8973f66-530b-40aa-98b6-cb7b9704a3c8 ] Request (FlavorsV2NegativeTest:tearDownClass): 201 POST http://10.180.1.21/identity/v3/auth/tokens 0.072s
2025-11-21 02:20:11.946 66899 INFO tempest.lib.common.rest_client [req-bbffb139-3344-456c-95cc-25347cb4a5bc req-bbffb139-3344-456c-95cc-25347cb4a5bc ] Request (ServerMetadataTestJSON:setUpClass): 200 GET http://10.180.1.21/compute/v2.1/servers/24d5d4bc-dda2-48ca-a82f-52dbdb03edde 1.621s
2025-11-21 02:20:12.001 66883 INFO tempest.lib.common.rest_client [req-0121ec2e-f71e-4039-9126-800f8d503a9f req-0121ec2e-f71e-4039-9126-800f8d503a9f ] Request (ListImageFiltersNegativeTestJSON:test_get_nonexistent_image): 404 GET http://10.180.1.21/compute/v2.1/images/6137c2d1-9fd9-47c0-998d-f04f2790f5a3 1.692s
2025-11-21 02:20:12.074 66883 INFO tempest.lib.common.rest_client [req-2c447b4b-9021-4212-8b96-8c830e29f10f req-2c447b4b-9021-4212-8b96-8c830e29f10f ] Request (ListImageFiltersNegativeTestJSON:tearDownClass): 204 DELETE http://10.180.1.21/identity/v3/users/fffb4d676548478ca3769ce4107425ee 0.072s
2025-11-21 02:20:12.075 66883 INFO tempest.lib.common.dynamic_creds [-] Deleting project and security group for project: 42f94f8892e54ab4a0868c97a577c96a
2025-11-21 02:20:12.092 66871 INFO tempest.lib.common.rest_client [req-866151a1-cd0d-4f3a-ab29-22b8b423af12 req-866151a1-cd0d-4f3a-ab29-22b8b423af12 ] Request (FlavorsV2NegativeTest:tearDownClass): 200 GET http://10.180.1.21/networking/v2.0/security-groups?tenant_id=8e144ca03d8e468ab51d7fe575b38c76&name=default 0.203s
2025-11-21 02:20:12.112 66853 INFO tempest.lib.common.rest_client [req-ac4330c8-bbc4-4186-b12f-5ecd3ffe5018 req-ac4330c8-bbc4-4186-b12f-5ecd3ffe5018 ] Request (QuotasAdminTestJSON:test_get_updated_quotas): 200 PUT http://10.180.1.21/compute/v2.1/os-quota-sets/20860a77ab834f52b096a36961e42661?user_id=d85f785569a64316b8408a96bc7df91e 1.451s
2025-11-21 02:20:12.150 66883 INFO tempest.lib.common.rest_client [req-faca9e65-b001-4e51-8561-6f80db10d7d4 req-faca9e65-b001-4e51-8561-6f80db10d7d4 ] Request (ListImageFiltersNegativeTestJSON:tearDownClass): 201 POST http://10.180.1.21/identity/v3/auth/tokens 0.075s
2025-11-21 02:20:12.178 66861 INFO tempest.lib.common.rest_client [req-4dac960f-567d-439d-be70-447b2a63bd6a req-4dac960f-567d-439d-be70-447b2a63bd6a ] Request (MigrationsAdminTest:test_list_migrations_in_flavor_resize_situation): 200 GET http://10.180.1.21/compute/v2.1/servers/24e7dee3-635c-4826-bb02-dc1b72f95cd9 1.505s
2025-11-21 02:20:12.230 66871 INFO tempest.lib.common.rest_client [req-f06bdc51-89b8-42bd-a175-45a7ddd9ca66 req-f06bdc51-89b8-42bd-a175-45a7ddd9ca66 ] Request (FlavorsV2NegativeTest:tearDownClass): 204 DELETE http://10.180.1.21/networking/v2.0/security-groups/baadc1a3-f23d-4c36-a8b4-350f0462626c 0.138s
2025-11-21 02:20:12.309 66893 INFO tempest.lib.common.rest_client [req-03a1e8ca-d5d0-435c-a039-1b49f0e63f52 req-03a1e8ca-d5d0-435c-a039-1b49f0e63f52 ] Request (VolumesNegativeTest:test_create_volume_with_invalid_size): 400 POST http://10.180.1.21/compute/v2.1/os-volumes 1.552s
2025-11-21 02:20:12.316 66871 INFO tempest.lib.common.rest_client [req-6758a0ff-0785-4dcf-8519-6bd7a636d2f2 req-6758a0ff-0785-4dcf-8519-6bd7a636d2f2 ] Request (FlavorsV2NegativeTest:tearDownClass): 204 DELETE http://10.180.1.21/identity/v3/projects/8e144ca03d8e468ab51d7fe575b38c76 0.085s
2025-11-21 02:20:12.399 66871 INFO tempest.lib.common.rest_client [req-5d5eec19-b146-4892-b962-b83a22b6b87e req-5d5eec19-b146-4892-b962-b83a22b6b87e ] Request (ImagesDeleteNegativeTestJSON:setUpClass): 201 POST http://10.180.1.21/identity/v3/auth/tokens 0.081s
2025-11-21 02:20:12.415 66889 INFO tempest.lib.common.rest_client [req-76885ea1-0647-48ab-845a-251cc1265a74 req-76885ea1-0647-48ab-845a-251cc1265a74 ] Request (ServerPasswordTestJSON:setUpClass): 200 GET http://10.180.1.21/compute/v2.1/servers/bc5e389f-916a-43c6-b01e-f3d7fa257603 1.683s
2025-11-21 02:20:12.447 66871 INFO tempest.lib.common.rest_client [req-5cf8a599-3cfb-4a1c-a2a7-84985eba4e11 req-5cf8a599-3cfb-4a1c-a2a7-84985eba4e11 ] Request (ImagesDeleteNegativeTestJSON:setUpClass): 201 POST http://10.180.1.21/identity/v3/auth/tokens 0.044s
2025-11-21 02:20:12.464 66907 INFO tempest.lib.common.rest_client [req-cfa7cdb7-b7d4-41e4-b147-b42b7fba6bff req-cfa7cdb7-b7d4-41e4-b147-b42b7fba6bff ] Request (ServersAdmin275Test:tearDownClass): 200 GET http://10.180.1.21/compute/v2.1/servers/894f7e07-daed-4ad0-b4e9-127cc8fa561d 1.563s
2025-11-21 02:20:12.492 66871 INFO tempest.lib.common.rest_client [req-02fe48ae-223f-41a5-93cf-415b286c1fa2 req-02fe48ae-223f-41a5-93cf-415b286c1fa2 ] Request (ImagesDeleteNegativeTestJSON:setUpClass): 200 GET http://10.180.1.21/identity/v3/domains?name=Default 0.044s
2025-11-21 02:20:12.503 66851 INFO tempest.lib.common.rest_client [req-7e031735-4d26-4d64-ab91-3119ebae553b req-7e031735-4d26-4d64-ab91-3119ebae553b ] Request (FlavorsExtraSpecsNegativeTestJSON:tearDownClass): 202 DELETE http://10.180.1.21/compute/v2.1/flavors/133668588 1.524s
2025-11-21 02:20:12.528 66865 INFO tempest.lib.common.rest_client [req-8a2ffe33-0e23-4b3b-bd75-e5899f4a5255 req-8a2ffe33-0e23-4b3b-bd75-e5899f4a5255 ] Request (FlavorsAccessNegativeTestJSON:_run_cleanups): 202 DELETE http://10.180.1.21/compute/v2.1/flavors/675226533 1.447s
2025-11-21 02:20:12.535 66855 INFO tempest.lib.common.rest_client [req-4b45d68b-232f-44d0-89aa-ce2e2c1d3cb4 req-4b45d68b-232f-44d0-89aa-ce2e2c1d3cb4 ] Request (HostsAdminNegativeTestJSON:test_update_host_without_param): 400 PUT http://10.180.1.21/compute/v2.1/os-hosts/devstack 1.336s
2025-11-21 02:20:12.539 66871 INFO tempest.lib.common.rest_client [req-557a9bb6-2f46-466c-9448-ac2beafb2c1e req-557a9bb6-2f46-466c-9448-ac2beafb2c1e ] Request (ImagesDeleteNegativeTestJSON:setUpClass): 201 POST http://10.180.1.21/identity/v3/projects 0.046s
2025-11-21 02:20:12.560 66909 INFO tempest.lib.common.rest_client [req-d164ae91-ad14-426b-ba2a-dafea88177d1 req-d164ae91-ad14-426b-ba2a-dafea88177d1 ] Request (FlavorsExtraSpecsTestJSON:tearDownClass): 200 GET http://10.180.1.21/compute/v2.1/flavors/detail 1.337s
2025-11-21 02:20:12.570 66891 INFO tempest.lib.common.rest_client [req-63253211-4e3a-49dd-ace3-2d143f0406ab req-63253211-4e3a-49dd-ace3-2d143f0406ab ] Request (ListServersNegativeTestJSON:setUpClass): 204 DELETE http://10.180.1.21/compute/v2.1/servers/37454815-84ce-48bb-b057-15c876873e73 1.594s
2025-11-21 02:20:12.571 66905 INFO tempest.lib.common.rest_client [req-7aab3e84-82c2-486b-9918-b505f59c670b req-7aab3e84-82c2-486b-9918-b505f59c670b ] Request (QuotasAdminNegativeTest:test_update_quota_normal_user): 403 PUT http://10.180.1.21/compute/v2.1/os-quota-sets/d0f23bf9713846c99ae00d9068a360b5 1.277s
2025-11-21 02:20:12.574 66903 INFO tempest.lib.common.rest_client [req-1f41c8a1-8762-4226-a969-8e180decc0ad req-1f41c8a1-8762-4226-a969-8e180decc0ad ] Request (AggregatesAdminNegativeTestJSON:test_aggregate_create_aggregate_name_length_less_than_1): 400 POST http://10.180.1.21/compute/v2.1/os-aggregates 1.275s
2025-11-21 02:20:12.612 66883 INFO tempest.lib.common.rest_client [req-090e91f6-ec16-4c38-8428-b9b711c3506a req-090e91f6-ec16-4c38-8428-b9b711c3506a ] Request (ListImageFiltersNegativeTestJSON:tearDownClass): 200 GET http://10.180.1.21/networking/v2.0/security-groups?tenant_id=42f94f8892e54ab4a0868c97a577c96a&name=default 0.461s
2025-11-21 02:20:12.674 66871 INFO tempest.lib.common.rest_client [req-00e2a08d-5853-4b01-818a-e50afde26d80 req-00e2a08d-5853-4b01-818a-e50afde26d80 ] Request (ImagesDeleteNegativeTestJSON:setUpClass): 201 POST http://10.180.1.21/identity/v3/users 0.131s
2025-11-21 02:20:12.750 66905 INFO tempest.lib.common.rest_client [req-60687e02-c9f5-4591-880b-1d9dc547a4b3 req-60687e02-c9f5-4591-880b-1d9dc547a4b3 ] Request (QuotasAdminNegativeTest:tearDownClass): 204 DELETE http://10.180.1.21/identity/v3/users/36a26c9fcdd043a193fc056ca6c93fca 0.177s
2025-11-21 02:20:12.751 66909 INFO tempest.lib.common.rest_client [req-ee720df7-b174-4816-9995-e95e973932a6 req-ee720df7-b174-4816-9995-e95e973932a6 ] Request (FlavorsExtraSpecsTestJSON:tearDownClass): 204 DELETE http://10.180.1.21/identity/v3/users/b14637433d6e450f98d58ca0d389bb47 0.175s
2025-11-21 02:20:12.775 66883 INFO tempest.lib.common.rest_client [req-bbda954e-82d6-4083-9338-33c05739638c req-bbda954e-82d6-4083-9338-33c05739638c ] Request (ListImageFiltersNegativeTestJSON:tearDownClass): 204 DELETE http://10.180.1.21/networking/v2.0/security-groups/5d371fbe-b421-4d74-9175-da79e5d3725d 0.163s
2025-11-21 02:20:12.805 66911 INFO tempest.lib.common.rest_client [req-2c287f23-374b-4f03-acbf-cb90c33a9a36 req-2c287f23-374b-4f03-acbf-cb90c33a9a36 ] Request (ServersWithSpecificFlavorTestJSON:test_verify_created_server_ephemeral_disk): 200 GET http://10.180.1.21/compute/v2.1/servers/908f5b17-ebe3-44e8-8e92-638e55e5952b 1.081s
2025-11-21 02:20:12.835 66871 INFO tempest.lib.common.rest_client [req-c1728444-1a49-4863-814c-b35db331cd1a req-c1728444-1a49-4863-814c-b35db331cd1a ] Request (ImagesDeleteNegativeTestJSON:setUpClass): 200 GET http://10.180.1.21/identity/v3/roles 0.160s
2025-11-21 02:20:12.857 66881 INFO tempest.lib.common.rest_client [req-e449a77f-9c3e-46d0-ad86-8567ab423c67 req-e449a77f-9c3e-46d0-ad86-8567ab423c67 ] Request (ImagesMetadataTestJSON:test_set_image_metadata_item): 200 PUT http://10.180.1.21/compute/v2.1/images/b2272b06-7cb5-4be0-a069-c47c0e8d78b1/metadata/os_version 1.302s
2025-11-21 02:20:12.869 66905 INFO tempest.lib.common.rest_client [req-ff007700-6a85-48a0-b06b-43009c5fb190 req-ff007700-6a85-48a0-b06b-43009c5fb190 ] Request (QuotasAdminNegativeTest:tearDownClass): 204 DELETE http://10.180.1.21/identity/v3/users/061e56c1795648e3a3687b8eb55e6a20 0.118s
2025-11-21 02:20:12.869 66905 INFO tempest.lib.common.dynamic_creds [-] Deleting project and security group for project: d0f23bf9713846c99ae00d9068a360b5
2025-11-21 02:20:12.965 66909 INFO tempest.lib.common.rest_client [req-5137496d-bb5f-404b-8eea-c6393873fa06 req-5137496d-bb5f-404b-8eea-c6393873fa06 ] Request (FlavorsExtraSpecsTestJSON:tearDownClass): 204 DELETE http://10.180.1.21/identity/v3/users/c5f9ef8cc4684d3a92a756d16f0876ee 0.214s
2025-11-21 02:20:12.965 66909 INFO tempest.lib.common.dynamic_creds [-] Deleting project and security group for project: c133798b735b45ffa4531ff99c51504c
2025-11-21 02:20:12.968 66883 INFO tempest.lib.common.rest_client [req-f3deee1b-c426-4b9d-be81-5989a7062dba req-f3deee1b-c426-4b9d-be81-5989a7062dba ] Request (ListImageFiltersNegativeTestJSON:tearDownClass): 204 DELETE http://10.180.1.21/identity/v3/projects/42f94f8892e54ab4a0868c97a577c96a 0.193s
2025-11-21 02:20:12.997 66873 INFO tempest.lib.common.rest_client [req-de98efdb-961a-458e-a0c9-45f2a678043d req-de98efdb-961a-458e-a0c9-45f2a678043d ] Request (ServerDiagnosticsV248Test:test_get_server_diagnostics): 200 GET http://10.180.1.21/compute/v2.1/servers/08c3c037-85f1-49ef-9eb2-3b70ef4440f0 1.155s
2025-11-21 02:20:13.040 66871 INFO tempest.lib.common.rest_client [req-c51d524d-4d33-494e-b7bc-fbbcf10ddbe3 req-c51d524d-4d33-494e-b7bc-fbbcf10ddbe3 ] Request (ImagesDeleteNegativeTestJSON:setUpClass): 204 PUT http://10.180.1.21/identity/v3/projects/063ac5927d774f1f95f16f57b4b6b5ee/users/45f91fd7c29c4582a77f739c2e297e6c/roles/628c4edba4a04938aaa97647acbe87ad 0.205s
2025-11-21 02:20:13.041 66871 INFO tempest.lib.common.dynamic_creds [-] Dynamic test user 45f91fd7c29c4582a77f739c2e297e6c is created with scope project and roles: ['member']
2025-11-21 02:20:13.041 66871 INFO tempest.lib.common.dynamic_creds [-] Acquired dynamic creds: credentials: Credentials: {'domain_id': 'default', 'domain_name': 'Default', 'username': 'tempest-ImagesDeleteNegativeTestJSON-928586915-project-member', 'project_domain_id': 'default', 'project_domain_name': 'Default', 'project_id': '063ac5927d774f1f95f16f57b4b6b5ee', 'project_name': 'tempest-ImagesDeleteNegativeTestJSON-928586915', 'tenant_id': '063ac5927d774f1f95f16f57b4b6b5ee', 'tenant_name': 'tempest-ImagesDeleteNegativeTestJSON-928586915', 'user_domain_id': 'default', 'user_domain_name': 'Default', 'user_id': '45f91fd7c29c4582a77f739c2e297e6c', 'system': None}, Network: None, Subnet: None, Router: None
2025-11-21 02:20:13.041 66871 INFO tempest.lib.common.dynamic_creds [-] Created isolated network resources for: credentials: Credentials: {'domain_id': 'default', 'domain_name': 'Default', 'username': 'tempest-ImagesDeleteNegativeTestJSON-928586915-project-member', 'project_domain_id': 'default', 'project_domain_name': 'Default', 'project_id': '063ac5927d774f1f95f16f57b4b6b5ee', 'project_name': 'tempest-ImagesDeleteNegativeTestJSON-928586915', 'tenant_id': '063ac5927d774f1f95f16f57b4b6b5ee', 'tenant_name': 'tempest-ImagesDeleteNegativeTestJSON-928586915', 'user_domain_id': 'default', 'user_domain_name': 'Default', 'user_id': '45f91fd7c29c4582a77f739c2e297e6c', 'system': None}, Network: None, Subnet: None, Router: None
2025-11-21 02:20:13.046 66905 INFO tempest.lib.common.rest_client [req-af0e5e32-a5e7-47cb-ab9f-5e0ccd959244 req-af0e5e32-a5e7-47cb-ab9f-5e0ccd959244 ] Request (QuotasAdminNegativeTest:tearDownClass): 201 POST http://10.180.1.21/identity/v3/auth/tokens 0.177s
2025-11-21 02:20:13.077 66879 INFO tempest.lib.common.rest_client [req-642556cc-01ff-47c3-b5d2-5d7cd046027e req-642556cc-01ff-47c3-b5d2-5d7cd046027e ] Request (ImagesNegativeTestJSON:test_create_image_from_deleted_server): 200 GET http://10.180.1.21/compute/v2.1/servers/c5ab4ba1-c5cf-4f16-953e-148263d7160b 1.294s
2025-11-21 02:20:13.093 66875 INFO tempest.lib.common.rest_client [req-0d28608d-bf25-4455-b365-d96a973f434a req-0d28608d-bf25-4455-b365-d96a973f434a ] Request (MultipleCreateTestJSON:_run_cleanups): 204 DELETE http://10.180.1.21/compute/v2.1/servers/c7aecc3c-6705-466d-a8d1-2b3cb86c2f8a 1.244s
2025-11-21 02:20:13.108 66909 INFO tempest.lib.common.rest_client [req-1405cf3e-5b0d-4af5-870e-163801595191 req-1405cf3e-5b0d-4af5-870e-163801595191 ] Request (FlavorsExtraSpecsTestJSON:tearDownClass): 201 POST http://10.180.1.21/identity/v3/auth/tokens 0.142s
2025-11-21 02:20:13.117 66883 INFO tempest.lib.common.rest_client [req-bdaa42e5-6450-4162-9cc1-7668bd8914ca req-bdaa42e5-6450-4162-9cc1-7668bd8914ca ] Request (AZV2TestJSON:setUpClass): 201 POST http://10.180.1.21/identity/v3/auth/tokens 0.147s
2025-11-21 02:20:13.185 66871 INFO tempest.lib.common.rest_client [req-0c3514c4-da28-4cbe-97a7-e086e3ade642 req-0c3514c4-da28-4cbe-97a7-e086e3ade642 ] Request (ImagesDeleteNegativeTestJSON:setUpClass): 201 POST http://10.180.1.21/identity/v3/auth/tokens 0.140s
2025-11-21 02:20:13.208 66883 INFO tempest.lib.common.rest_client [req-bb7e1338-3645-4e80-86b9-bce8070fc6af req-bb7e1338-3645-4e80-86b9-bce8070fc6af ] Request (AZV2TestJSON:setUpClass): 201 POST http://10.180.1.21/identity/v3/auth/tokens 0.088s
2025-11-21 02:20:13.238 66883 INFO tempest.lib.common.rest_client [req-ffcf133a-6b54-440b-bab2-c085b26546a3 req-ffcf133a-6b54-440b-bab2-c085b26546a3 ] Request (AZV2TestJSON:setUpClass): 200 GET http://10.180.1.21/identity/v3/domains?name=Default 0.030s
2025-11-21 02:20:13.280 66883 INFO tempest.lib.common.rest_client [req-314009ee-7ab2-483d-ace9-ccb6da3fd511 req-314009ee-7ab2-483d-ace9-ccb6da3fd511 ] Request (AZV2TestJSON:setUpClass): 201 POST http://10.180.1.21/identity/v3/projects 0.041s
2025-11-21 02:20:13.304 66905 INFO tempest.lib.common.rest_client [req-6d0c826d-b653-4b99-b0c4-cd2b938b5f03 req-6d0c826d-b653-4b99-b0c4-cd2b938b5f03 ] Request (QuotasAdminNegativeTest:tearDownClass): 200 GET http://10.180.1.21/networking/v2.0/security-groups?tenant_id=d0f23bf9713846c99ae00d9068a360b5&name=default 0.258s
2025-11-21 02:20:13.345 66883 INFO tempest.lib.common.rest_client [req-7bd17c0f-3deb-4fd7-99a3-f266542a91dd req-7bd17c0f-3deb-4fd7-99a3-f266542a91dd ] Request (AZV2TestJSON:setUpClass): 201 POST http://10.180.1.21/identity/v3/users 0.064s
