2025-11-21 02:19:59.341 66911 INFO tempest.lib.common.rest_client [req-d6d03104-c783-4391-85b3-701ee6034f8f req-d6d03104-c783-4391-85b3-701ee6034f8f ] Request (ValidationResourcesFixture:setUp): 201 POST http://10.180.1.21/networking/v2.0/security-group-rules 0.106s
2025-11-21 02:19:59.342 66901 INFO tempest.lib.common.rest_client [req-dc84de21-d452-46cf-9357-06e3924b8e9f req-dc84de21-d452-46cf-9357-06e3924b8e9f ] Request (HostsAdminTestJSON:test_show_host_detail): 200 GET http://10.180.1.21/compute/v2.1/os-hosts/cpu-1 1.685s
2025-11-21 02:19:59.352 66903 INFO tempest.lib.common.rest_client [req-0261d02d-bfae-406c-a6b0-7f0a1d06f44f req-0261d02d-bfae-406c-a6b0-7f0a1d06f44f ] Request (AggregatesAdminNegativeTestJSON:test_aggregate_add_non_exist_host): 200 POST http://10.180.1.21/compute/v2.1/os-aggregates 1.674s
2025-11-21 02:19:59.381 66871 INFO tempest.lib.common.rest_client [req-eae8b3e9-ffdb-46b8-b798-e66c90b3cef8 req-eae8b3e9-ffdb-46b8-b798-e66c90b3cef8 ] Request (ServicesAdminNegativeTestJSON:tearDownClass): 204 DELETE http://10.180.1.21/identity/v3/users/3c8dd8c0343c4e55a1df47c3894197a7 0.095s
2025-11-21 02:19:59.435 66873 INFO tempest.lib.common.rest_client [req-834eebec-40fa-43d0-97c5-f2bb6de7f2cc req-834eebec-40fa-43d0-97c5-f2bb6de7f2cc ] Request (ServerDiagnosticsV248Test:setUpClass): 201 POST http://10.180.1.21/identity/v3/auth/tokens 0.129s
2025-11-21 02:19:59.496 66911 INFO tempest.lib.common.rest_client [req-3ff6d265-c8d7-4abd-a4a9-17251979c2f1 req-3ff6d265-c8d7-4abd-a4a9-17251979c2f1 ] Request (ValidationResourcesFixture:setUp): 201 POST http://10.180.1.21/networking/v2.0/security-group-rules 0.154s
2025-11-21 02:19:59.517 66867 INFO tempest.lib.common.rest_client [req-280c2a46-4e31-4cff-bb22-de10b53f7ff8 req-280c2a46-4e31-4cff-bb22-de10b53f7ff8 ] Request (QuotaClassesAdminTestJSON:setUpClass): 200 GET http://10.180.1.21/identity/v3/roles 0.195s
2025-11-21 02:19:59.523 66857 INFO tempest.lib.common.rest_client [req-af589d76-9d3a-4dd8-9656-4dbdbcbd2a98 req-af589d76-9d3a-4dd8-9656-4dbdbcbd2a98 ] Request (ImagesOneServerNegativeTestJSON:setUpClass): 200 GET http://10.180.1.21/compute/v2.1/servers/aa189a25-2dad-4dfd-affc-5e596ccd94ac 1.829s
2025-11-21 02:19:59.606 66901 INFO tempest.lib.common.rest_client [req-ee36938c-5090-4dfd-b344-62670fc5aef8 req-ee36938c-5090-4dfd-b344-62670fc5aef8 ] Request (HostsAdminTestJSON:tearDownClass): 204 DELETE http://10.180.1.21/identity/v3/users/6ab3424d3da3415fbd54fa3476369764 0.259s
2025-11-21 02:19:59.631 66871 INFO tempest.lib.common.rest_client [req-27a31e79-c4ce-4d9e-985a-d8e2d67ba450 req-27a31e79-c4ce-4d9e-985a-d8e2d67ba450 ] Request (ServicesAdminNegativeTestJSON:tearDownClass): 204 DELETE http://10.180.1.21/identity/v3/users/2e64c0ff3136483a95a0bd4e3996cc46 0.249s
2025-11-21 02:19:59.631 66871 INFO tempest.lib.common.dynamic_creds [-] Deleting project and security group for project: 0c0c6dac565f4b22b3b779ffeed7da55
2025-11-21 02:19:59.707 66867 INFO tempest.lib.common.rest_client [req-3ee05038-dd30-4df8-9fcf-a9a35c6c38c6 req-3ee05038-dd30-4df8-9fcf-a9a35c6c38c6 ] Request (QuotaClassesAdminTestJSON:setUpClass): 204 PUT http://10.180.1.21/identity/v3/projects/4d3d1c4db7524054aed8fbbd1c924ffd/users/af02be7db0704a4c8a1aad997e49e317/roles/628c4edba4a04938aaa97647acbe87ad 0.186s
2025-11-21 02:19:59.708 66867 INFO tempest.lib.common.dynamic_creds [-] Dynamic test user af02be7db0704a4c8a1aad997e49e317 is created with scope project and roles: ['member']
2025-11-21 02:19:59.708 66867 INFO tempest.lib.common.dynamic_creds [-] Acquired dynamic creds: credentials: Credentials: {'domain_id': 'default', 'domain_name': 'Default', 'username': 'tempest-QuotaClassesAdminTestJSON-1944860050-project-member', 'project_domain_id': 'default', 'project_domain_name': 'Default', 'project_id': '4d3d1c4db7524054aed8fbbd1c924ffd', 'project_name': 'tempest-QuotaClassesAdminTestJSON-1944860050', 'tenant_id': '4d3d1c4db7524054aed8fbbd1c924ffd', 'tenant_name': 'tempest-QuotaClassesAdminTestJSON-1944860050', 'user_domain_id': 'default', 'user_domain_name': 'Default', 'user_id': 'af02be7db0704a4c8a1aad997e49e317', 'system': None}, Network: None, Subnet: None, Router: None
2025-11-21 02:19:59.708 66867 INFO tempest.lib.common.dynamic_creds [-] Created isolated network resources for: credentials: Credentials: {'domain_id': 'default', 'domain_name': 'Default', 'username': 'tempest-QuotaClassesAdminTestJSON-1944860050-project-member', 'project_domain_id': 'default', 'project_domain_name': 'Default', 'project_id': '4d3d1c4db7524054aed8fbbd1c924ffd', 'project_name': 'tempest-QuotaClassesAdminTestJSON-1944860050', 'tenant_id': '4d3d1c4db7524054aed8fbbd1c924ffd', 'tenant_name': 'tempest-QuotaClassesAdminTestJSON-1944860050', 'user_domain_id': 'default', 'user_domain_name': 'Default', 'user_id': 'af02be7db0704a4c8a1aad997e49e317', 'system': None}, Network: None, Subnet: None, Router: None
2025-11-21 02:19:59.718 66873 INFO tempest.lib.common.rest_client [req-e9fbcb7e-473c-4af3-95cd-2aea928ca25a req-e9fbcb7e-473c-4af3-95cd-2aea928ca25a ] Request (ServerDiagnosticsV248Test:setUpClass): 200 GET http://10.180.1.21/identity/v3/domains?name=Default 0.282s
2025-11-21 02:19:59.779 66871 INFO tempest.lib.common.rest_client [req-ec38c113-10b2-4b71-a2e1-223ca55a8b6d req-ec38c113-10b2-4b71-a2e1-223ca55a8b6d ] Request (ServicesAdminNegativeTestJSON:tearDownClass): 201 POST http://10.180.1.21/identity/v3/auth/tokens 0.148s
2025-11-21 02:19:59.809 66901 INFO tempest.lib.common.rest_client [req-62546ad6-8ae6-4bc0-80a1-8b7a79f28801 req-62546ad6-8ae6-4bc0-80a1-8b7a79f28801 ] Request (HostsAdminTestJSON:tearDownClass): 204 DELETE http://10.180.1.21/identity/v3/users/f0ce885e86bb449097339df5fc1ed8f2 0.202s
2025-11-21 02:19:59.809 66901 INFO tempest.lib.common.dynamic_creds [-] Deleting project and security group for project: e6e50de0fd384a6ba618051f0273f388
2025-11-21 02:19:59.851 66867 INFO tempest.lib.common.rest_client [req-b1a9c839-b86e-48db-836d-3a7f627a3397 req-b1a9c839-b86e-48db-836d-3a7f627a3397 ] Request (QuotaClassesAdminTestJSON:setUpClass): 201 POST http://10.180.1.21/identity/v3/auth/tokens 0.138s
2025-11-21 02:19:59.877 66901 INFO tempest.lib.common.rest_client [req-27146c45-a5d1-45cb-b892-04f4cb896cc7 req-27146c45-a5d1-45cb-b892-04f4cb896cc7 ] Request (HostsAdminTestJSON:tearDownClass): 201 POST http://10.180.1.21/identity/v3/auth/tokens 0.067s
2025-11-21 02:19:59.877 66873 INFO tempest.lib.common.rest_client [req-bb504643-c49e-4620-80b0-92822e7424d8 req-bb504643-c49e-4620-80b0-92822e7424d8 ] Request (ServerDiagnosticsV248Test:setUpClass): 201 POST http://10.180.1.21/identity/v3/projects 0.159s
2025-11-21 02:19:59.939 66873 INFO tempest.lib.common.rest_client [req-f9c41cd9-9b89-4bf5-b10c-ae2dca92ca94 req-f9c41cd9-9b89-4bf5-b10c-ae2dca92ca94 ] Request (ServerDiagnosticsV248Test:setUpClass): 201 POST http://10.180.1.21/identity/v3/users 0.062s
2025-11-21 02:19:59.947 66867 INFO tempest.lib.common.rest_client [req-d2b671bd-07a6-4874-8337-58983969b3a3 req-d2b671bd-07a6-4874-8337-58983969b3a3 ] Request (QuotaClassesAdminTestJSON:setUpClass): 201 POST http://10.180.1.21/identity/v3/projects 0.094s
2025-11-21 02:20:00.000 66873 INFO tempest.lib.common.rest_client [req-5750cac8-31eb-4b4b-bb01-90c6f8355b86 req-5750cac8-31eb-4b4b-bb01-90c6f8355b86 ] Request (ServerDiagnosticsV248Test:setUpClass): 200 GET http://10.180.1.21/identity/v3/roles 0.060s
2025-11-21 02:20:00.010 66911 INFO tempest.lib.common.rest_client [req-647236bd-f36c-4c2d-9e93-3a1a5a46359c req-647236bd-f36c-4c2d-9e93-3a1a5a46359c ] Request (ValidationResourcesFixture:setUp): 201 POST http://10.180.1.21/networking/v2.0/floatingips 0.513s
2025-11-21 02:20:00.014 66867 INFO tempest.lib.common.rest_client [req-ba479c03-38dd-43fe-bb42-029b8615ee6b req-ba479c03-38dd-43fe-bb42-029b8615ee6b ] Request (QuotaClassesAdminTestJSON:setUpClass): 201 POST http://10.180.1.21/identity/v3/users 0.067s
2025-11-21 02:20:00.030 66873 INFO tempest.lib.common.rest_client [req-583ad962-c2e1-49af-b2e1-7b480b964eae req-583ad962-c2e1-49af-b2e1-7b480b964eae ] Request (ServerDiagnosticsV248Test:setUpClass): 204 PUT http://10.180.1.21/identity/v3/projects/ca911a932ee9441d9031602d5043fc5e/users/44e71af7d0b9413bbd156fe5064a0b6e/roles/628c4edba4a04938aaa97647acbe87ad 0.029s
2025-11-21 02:20:00.031 66873 INFO tempest.lib.common.dynamic_creds [-] Dynamic test user 44e71af7d0b9413bbd156fe5064a0b6e is created with scope project and roles: ['member']
2025-11-21 02:20:00.031 66873 INFO tempest.lib.common.dynamic_creds [-] Acquired dynamic creds: credentials: Credentials: {'domain_id': 'default', 'domain_name': 'Default', 'username': 'tempest-ServerDiagnosticsV248Test-99955647-project-member', 'project_domain_id': 'default', 'project_domain_name': 'Default', 'project_id': 'ca911a932ee9441d9031602d5043fc5e', 'project_name': 'tempest-ServerDiagnosticsV248Test-99955647', 'tenant_id': 'ca911a932ee9441d9031602d5043fc5e', 'tenant_name': 'tempest-ServerDiagnosticsV248Test-99955647', 'user_domain_id': 'default', 'user_domain_name': 'Default', 'user_id': '44e71af7d0b9413bbd156fe5064a0b6e', 'system': None}, Network: None, Subnet: None, Router: None
2025-11-21 02:20:00.031 66873 INFO tempest.lib.common.dynamic_creds [-] Created isolated network resources for: credentials: Credentials: {'domain_id': 'default', 'domain_name': 'Default', 'username': 'tempest-ServerDiagnosticsV248Test-99955647-project-member', 'project_domain_id': 'default', 'project_domain_name': 'Default', 'project_id': 'ca911a932ee9441d9031602d5043fc5e', 'project_name': 'tempest-ServerDiagnosticsV248Test-99955647', 'tenant_id': 'ca911a932ee9441d9031602d5043fc5e', 'tenant_name': 'tempest-ServerDiagnosticsV248Test-99955647', 'user_domain_id': 'default', 'user_domain_name': 'Default', 'user_id': '44e71af7d0b9413bbd156fe5064a0b6e', 'system': None}, Network: None, Subnet: None, Router: None
2025-11-21 02:20:00.036 66899 INFO tempest.lib.common.rest_client [req-9fb08a1e-1b25-44a8-956e-935bb439789f req-9fb08a1e-1b25-44a8-956e-935bb439789f ] Request (FloatingIPsTestJSON:tearDownClass): 200 PUT http://10.180.1.21/networking/v2.0/routers/5fb29fae-c219-46cc-99e8-62f39d53e15e/remove_router_interface 0.962s
2025-11-21 02:20:00.039 66867 INFO tempest.lib.common.rest_client [req-3be06514-347b-4d0e-9343-d33ba28db452 req-3be06514-347b-4d0e-9343-d33ba28db452 ] Request (QuotaClassesAdminTestJSON:setUpClass): 200 GET http://10.180.1.21/identity/v3/roles 0.025s
2025-11-21 02:20:00.047 66859 INFO tempest.lib.common.rest_client [req-4ad23076-1ea1-46f4-9c8a-1ee7dfa60a62 req-4ad23076-1ea1-46f4-9c8a-1ee7dfa60a62 ] Request (DeleteServersTestJSON:test_delete_active_server): 200 GET http://10.180.1.21/compute/v2.1/servers/0a4b2d86-1e21-4d46-b85c-a4956b3cd284 2.242s
2025-11-21 02:20:00.085 66849 INFO tempest.lib.common.rest_client [req-383fd0b0-9295-41d7-88c2-530b3701015c req-383fd0b0-9295-41d7-88c2-530b3701015c ] Request (TenantUsagesTestJSON:tearDownClass): 200 GET http://10.180.1.21/compute/v2.1/servers/53257a1e-cf01-4b87-b1a1-081176888044 2.317s
2025-11-21 02:20:00.112 66911 INFO tempest.lib.common.rest_client [req-85a478d1-460f-4c35-bb76-4ec1c1e2f81f req-85a478d1-460f-4c35-bb76-4ec1c1e2f81f ] Request (ServersWithSpecificFlavorTestJSON:test_verify_created_server_ephemeral_disk): 201 POST http://10.180.1.21/identity/v3/auth/tokens 0.097s
2025-11-21 02:20:00.112 66911 INFO tempest.lib.common.fixed_network [-] (ServersWithSpecificFlavorTestJSON:test_verify_created_server_ephemeral_disk) Found network {'id': '988baa16-32ce-4de3-b1e0-223d986d3e38', 'name': 'tempest-ServersWithSpecificFlavorTestJSON-1666841744-network', 'tenant_id': '885a2a2b27e9410d8ebb016b0abe596e', 'project_id': '885a2a2b27e9410d8ebb016b0abe596e', 'admin_state_up': True, 'mtu': 8950, 'status': 'ACTIVE', 'subnets': [], 'shared': False, 'port_security_enabled': True, 'router:external': False, 'provider:network_type': 'vlan', 'provider:physical_network': 'default', 'provider:segmentation_id': 583, 'availability_zone_hints': [], 'availability_zones': [], 'ipv4_address_scope': None, 'ipv6_address_scope': None, 'description': '', 'tags': [], 'created_at': '2025-11-21T02:19:14Z', 'updated_at': '2025-11-21T02:19:14Z', 'revision_number': 1} available for tenant
2025-11-21 02:20:00.122 66873 INFO tempest.lib.common.rest_client [req-ec71a940-23ee-4b8d-baaf-1e20ebb62c5a req-ec71a940-23ee-4b8d-baaf-1e20ebb62c5a ] Request (ServerDiagnosticsV248Test:setUpClass): 201 POST http://10.180.1.21/identity/v3/auth/tokens 0.087s
2025-11-21 02:20:00.178 66867 INFO tempest.lib.common.rest_client [req-ffb1fd29-e49e-4962-9f1a-afd4d0069dea req-ffb1fd29-e49e-4962-9f1a-afd4d0069dea ] Request (QuotaClassesAdminTestJSON:setUpClass): 204 PUT http://10.180.1.21/identity/v3/projects/65ddcbafd6734c599450fcfa94238ef2/users/852ad4e2a3a64cf382e6300437d386f0/roles/43e1d7bf2b4841d18cd6be17b74b927d 0.138s
2025-11-21 02:20:00.261 66873 INFO tempest.lib.common.rest_client [req-6ea6e1f4-8f14-4f57-940a-b820d1f7136d req-6ea6e1f4-8f14-4f57-940a-b820d1f7136d ] Request (ServerDiagnosticsV248Test:setUpClass): 201 POST http://10.180.1.21/identity/v3/projects 0.138s
2025-11-21 02:20:00.307 66871 INFO tempest.lib.common.rest_client [req-b7bd7685-06cf-40eb-864e-c55281a1c9ca req-b7bd7685-06cf-40eb-864e-c55281a1c9ca ] Request (ServicesAdminNegativeTestJSON:tearDownClass): 200 GET http://10.180.1.21/networking/v2.0/security-groups?tenant_id=0c0c6dac565f4b22b3b779ffeed7da55&name=default 0.528s
2025-11-21 02:20:00.314 66867 INFO tempest.lib.common.rest_client [req-0f5b5114-c087-44d3-839d-923b2cdde8fa req-0f5b5114-c087-44d3-839d-923b2cdde8fa ] Request (QuotaClassesAdminTestJSON:setUpClass): 200 GET http://10.180.1.21/identity/v3/roles 0.135s
2025-11-21 02:20:00.344 66873 INFO tempest.lib.common.rest_client [req-e1961873-a927-41c1-8662-ea05a1b4dc54 req-e1961873-a927-41c1-8662-ea05a1b4dc54 ] Request (ServerDiagnosticsV248Test:setUpClass): 201 POST http://10.180.1.21/identity/v3/users 0.082s
2025-11-21 02:20:00.364 66867 INFO tempest.lib.common.rest_client [req-b8f573bd-2045-43f6-bbac-62b8845b5be5 req-b8f573bd-2045-43f6-bbac-62b8845b5be5 ] Request (QuotaClassesAdminTestJSON:setUpClass): 204 PUT http://10.180.1.21/identity/v3/projects/65ddcbafd6734c599450fcfa94238ef2/users/852ad4e2a3a64cf382e6300437d386f0/roles/43e1d7bf2b4841d18cd6be17b74b927d 0.050s
2025-11-21 02:20:00.364 66867 INFO tempest.lib.common.dynamic_creds [-] Dynamic test user 852ad4e2a3a64cf382e6300437d386f0 is created with scope project and roles: ['admin']
2025-11-21 02:20:00.364 66901 INFO tempest.lib.common.rest_client [req-ec6146c9-bbd2-45e5-9751-5dc636581789 req-ec6146c9-bbd2-45e5-9751-5dc636581789 ] Request (HostsAdminTestJSON:tearDownClass): 200 GET http://10.180.1.21/networking/v2.0/security-groups?tenant_id=e6e50de0fd384a6ba618051f0273f388&name=default 0.487s
2025-11-21 02:20:00.364 66867 INFO tempest.lib.common.dynamic_creds [-] Acquired dynamic creds: credentials: Credentials: {'domain_id': 'default', 'domain_name': 'Default', 'username': 'tempest-QuotaClassesAdminTestJSON-1871347286-project-admin', 'project_domain_id': 'default', 'project_domain_name': 'Default', 'project_id': '65ddcbafd6734c599450fcfa94238ef2', 'project_name': 'tempest-QuotaClassesAdminTestJSON-1871347286', 'tenant_id': '65ddcbafd6734c599450fcfa94238ef2', 'tenant_name': 'tempest-QuotaClassesAdminTestJSON-1871347286', 'user_domain_id': 'default', 'user_domain_name': 'Default', 'user_id': '852ad4e2a3a64cf382e6300437d386f0', 'system': None}, Network: None, Subnet: None, Router: None
2025-11-21 02:20:00.365 66867 INFO tempest.lib.common.dynamic_creds [-] Created isolated network resources for: credentials: Credentials: {'domain_id': 'default', 'domain_name': 'Default', 'username': 'tempest-QuotaClassesAdminTestJSON-1871347286-project-admin', 'project_domain_id': 'default', 'project_domain_name': 'Default', 'project_id': '65ddcbafd6734c599450fcfa94238ef2', 'project_name': 'tempest-QuotaClassesAdminTestJSON-1871347286', 'tenant_id': '65ddcbafd6734c599450fcfa94238ef2', 'tenant_name': 'tempest-QuotaClassesAdminTestJSON-1871347286', 'user_domain_id': 'default', 'user_domain_name': 'Default', 'user_id': '852ad4e2a3a64cf382e6300437d386f0', 'system': None}, Network: None, Subnet: None, Router: None
2025-11-21 02:20:00.403 66853 INFO tempest.lib.common.rest_client [req-f26bdb07-bbbe-4fba-ba44-526a9b9c1cdf req-f26bdb07-bbbe-4fba-ba44-526a9b9c1cdf ] Request (QuotasAdminTestJSON:test_get_default_quotas): 200 GET http://10.180.1.21/compute/v2.1/os-quota-sets/0a9b6c0217bd4233b0a7f7ad43820d64/defaults 2.429s
2025-11-21 02:20:00.443 66873 INFO tempest.lib.common.rest_client [req-869b9111-d2f9-4a7b-8afb-b0e7b8d7059d req-869b9111-d2f9-4a7b-8afb-b0e7b8d7059d ] Request (ServerDiagnosticsV248Test:setUpClass): 200 GET http://10.180.1.21/identity/v3/roles 0.098s
2025-11-21 02:20:00.470 66907 INFO tempest.lib.common.rest_client [req-5e14f1f1-4eda-496b-9406-e924a4ef671a req-5e14f1f1-4eda-496b-9406-e924a4ef671a ] Request (ServersAdmin275Test:_run_cleanups): 200 GET http://10.180.1.21/compute/v2.1/servers/894f7e07-daed-4ad0-b4e9-127cc8fa561d 2.475s
2025-11-21 02:20:00.480 66907 INFO tempest.common.waiters [-] State transition "REBUILD/rebuilding" ==> "REBUILD/rebuild_spawning" after 4 second wait
2025-11-21 02:20:00.493 66867 INFO tempest.lib.common.rest_client [req-6ed7bbce-8bde-4a72-9d61-0ecade09bb6d req-6ed7bbce-8bde-4a72-9d61-0ecade09bb6d ] Request (QuotaClassesAdminTestJSON:setUpClass): 201 POST http://10.180.1.21/identity/v3/auth/tokens 0.124s
2025-11-21 02:20:00.511 66853 INFO tempest.lib.common.rest_client [req-ed81cd2e-fab6-4b2a-be97-7452b3e0cb45 req-ed81cd2e-fab6-4b2a-be97-7452b3e0cb45 ] Request (QuotasAdminTestJSON:test_get_updated_quotas): 200 GET http://10.180.1.21/identity/v3/domains?name=Default 0.101s
2025-11-21 02:20:00.519 66873 INFO tempest.lib.common.rest_client [req-f0134ebb-a336-4ce6-83e2-ad84807dc6ce req-f0134ebb-a336-4ce6-83e2-ad84807dc6ce ] Request (ServerDiagnosticsV248Test:setUpClass): 204 PUT http://10.180.1.21/identity/v3/projects/e06e415afdc14558b46723d698d85405/users/34dc787fb48843119d0eb2d25d41e904/roles/43e1d7bf2b4841d18cd6be17b74b927d 0.076s
2025-11-21 02:20:00.580 66873 INFO tempest.lib.common.rest_client [req-d9b507ce-68f1-4ccb-8510-aa3011a554df req-d9b507ce-68f1-4ccb-8510-aa3011a554df ] Request (ServerDiagnosticsV248Test:setUpClass): 200 GET http://10.180.1.21/identity/v3/roles 0.060s
2025-11-21 02:20:00.589 66853 INFO tempest.lib.common.rest_client [req-ca95aee9-1498-4420-9b32-d822bbdb3ce8 req-ca95aee9-1498-4420-9b32-d822bbdb3ce8 ] Request (QuotasAdminTestJSON:test_get_updated_quotas): 201 POST http://10.180.1.21/identity/v3/projects 0.078s
2025-11-21 02:20:00.651 66873 INFO tempest.lib.common.rest_client [req-36ff1b3e-6aa9-4d58-948c-b63344651345 req-36ff1b3e-6aa9-4d58-948c-b63344651345 ] Request (ServerDiagnosticsV248Test:setUpClass): 204 PUT http://10.180.1.21/identity/v3/projects/e06e415afdc14558b46723d698d85405/users/34dc787fb48843119d0eb2d25d41e904/roles/43e1d7bf2b4841d18cd6be17b74b927d 0.071s
2025-11-21 02:20:00.651 66873 INFO tempest.lib.common.dynamic_creds [-] Dynamic test user 34dc787fb48843119d0eb2d25d41e904 is created with scope project and roles: ['admin']
2025-11-21 02:20:00.652 66873 INFO tempest.lib.common.dynamic_creds [-] Acquired dynamic creds: credentials: Credentials: {'domain_id': 'default', 'domain_name': 'Default', 'username': 'tempest-ServerDiagnosticsV248Test-1701480547-project-admin', 'project_domain_id': 'default', 'project_domain_name': 'Default', 'project_id': 'e06e415afdc14558b46723d698d85405', 'project_name': 'tempest-ServerDiagnosticsV248Test-1701480547', 'tenant_id': 'e06e415afdc14558b46723d698d85405', 'tenant_name': 'tempest-ServerDiagnosticsV248Test-1701480547', 'user_domain_id': 'default', 'user_domain_name': 'Default', 'user_id': '34dc787fb48843119d0eb2d25d41e904', 'system': None}, Network: None, Subnet: None, Router: None
2025-11-21 02:20:00.652 66873 INFO tempest.lib.common.dynamic_creds [-] Created isolated network resources for: credentials: Credentials: {'domain_id': 'default', 'domain_name': 'Default', 'username': 'tempest-ServerDiagnosticsV248Test-1701480547-project-admin', 'project_domain_id': 'default', 'project_domain_name': 'Default', 'project_id': 'e06e415afdc14558b46723d698d85405', 'project_name': 'tempest-ServerDiagnosticsV248Test-1701480547', 'tenant_id': 'e06e415afdc14558b46723d698d85405', 'tenant_name': 'tempest-ServerDiagnosticsV248Test-1701480547', 'user_domain_id': 'default', 'user_domain_name': 'Default', 'user_id': '34dc787fb48843119d0eb2d25d41e904', 'system': None}, Network: None, Subnet: None, Router: None
2025-11-21 02:20:00.652 66853 INFO tempest.lib.common.rest_client [req-9fb5a820-a600-4082-86f0-58975a655ff6 req-9fb5a820-a600-4082-86f0-58975a655ff6 ] Request (QuotasAdminTestJSON:test_get_updated_quotas): 200 GET http://10.180.1.21/identity/v3/domains?name=Default 0.062s
2025-11-21 02:20:00.760 66873 INFO tempest.lib.common.rest_client [req-469883e3-8b7c-413b-a704-0a434bb6a6eb req-469883e3-8b7c-413b-a704-0a434bb6a6eb ] Request (ServerDiagnosticsV248Test:setUpClass): 201 POST http://10.180.1.21/identity/v3/auth/tokens 0.105s
2025-11-21 02:20:00.833 66873 INFO tempest.lib.common.rest_client [req-cb8e573f-0e7a-4b32-9479-4430c119140d req-cb8e573f-0e7a-4b32-9479-4430c119140d ] Request (ServerDiagnosticsV248Test:test_get_server_diagnostics): 201 POST http://10.180.1.21/identity/v3/auth/tokens 0.064s
2025-11-21 02:20:00.833 66873 INFO tempest.lib.common.fixed_network [-] (ServerDiagnosticsV248Test:test_get_server_diagnostics) Found network None available for tenant
2025-11-21 02:20:00.849 66899 INFO tempest.lib.common.rest_client [req-cfdc2aac-23c0-4bc6-8ee1-90539e02c84e req-cfdc2aac-23c0-4bc6-8ee1-90539e02c84e ] Request (FloatingIPsTestJSON:tearDownClass): 204 DELETE http://10.180.1.21/networking/v2.0/routers/5fb29fae-c219-46cc-99e8-62f39d53e15e 0.813s
2025-11-21 02:20:00.948 66871 INFO tempest.lib.common.rest_client [req-761663a1-50b1-49ef-b698-2d0e0fb06dab req-761663a1-50b1-49ef-b698-2d0e0fb06dab ] Request (ServicesAdminNegativeTestJSON:tearDownClass): 204 DELETE http://10.180.1.21/networking/v2.0/security-groups/cc9fcb71-4039-4add-96d5-9724789a4682 0.640s
2025-11-21 02:20:01.036 66901 INFO tempest.lib.common.rest_client [req-d7e34f65-acc1-4d74-8a07-2dfc81df2d5d req-d7e34f65-acc1-4d74-8a07-2dfc81df2d5d ] Request (HostsAdminTestJSON:tearDownClass): 204 DELETE http://10.180.1.21/networking/v2.0/security-groups/eaf553df-72b7-4bd3-9d1a-acb6f816fb44 0.671s
2025-11-21 02:20:01.063 66871 INFO tempest.lib.common.rest_client [req-5d85e0ca-9252-47a8-8afd-eb76ab96bc31 req-5d85e0ca-9252-47a8-8afd-eb76ab96bc31 ] Request (ServicesAdminNegativeTestJSON:tearDownClass): 204 DELETE http://10.180.1.21/identity/v3/projects/0c0c6dac565f4b22b3b779ffeed7da55 0.115s
2025-11-21 02:20:01.064 66871 INFO tempest.lib.common.dynamic_creds [-] Deleting project and security group for project: 19b8bf301d0e4c07aa560699554b49cc
2025-11-21 02:20:01.145 66901 INFO tempest.lib.common.rest_client [req-3eb7bf4e-881a-425d-9ea6-3b161ed8b837 req-3eb7bf4e-881a-425d-9ea6-3b161ed8b837 ] Request (HostsAdminTestJSON:tearDownClass): 204 DELETE http://10.180.1.21/identity/v3/projects/e6e50de0fd384a6ba618051f0273f388 0.108s
2025-11-21 02:20:01.145 66901 INFO tempest.lib.common.dynamic_creds [-] Deleting project and security group for project: e8ba1f52d6614fb38b761144730b3cc7
2025-11-21 02:20:01.176 66887 INFO tempest.lib.common.rest_client [req-f494ac67-01ba-4a13-be35-91bddf8a6661 req-f494ac67-01ba-4a13-be35-91bddf8a6661 ] Request (FloatingIPsAssociationTestJSON:setUpClass): 200 GET http://10.180.1.21/compute/v2.1/servers/46af7146-bb98-48bf-8902-cdde40747ac0 2.904s
2025-11-21 02:20:01.187 66896 INFO tempest.lib.common.rest_client [req-ee372586-12ca-4dfb-a312-a16c4ebec625 req-ee372586-12ca-4dfb-a312-a16c4ebec625 ] Request (DeleteServersAdminTestJSON:test_admin_delete_servers_of_others): 200 GET http://10.180.1.21/compute/v2.1/servers/8bfe6cb6-0fd2-416f-ba65-775627e38628 2.892s
2025-11-21 02:20:01.203 66896 INFO tempest.common.waiters [-] State transition "ACTIVE/deleting" ==> "DELETED/None" after 4 second wait
2025-11-21 02:20:01.376 66899 INFO tempest.lib.common.rest_client [req-6b82e6dd-5172-45d2-b823-e69699353e0a req-6b82e6dd-5172-45d2-b823-e69699353e0a ] Request (FloatingIPsTestJSON:tearDownClass): 204 DELETE http://10.180.1.21/networking/v2.0/subnets/07570f6c-4166-4813-8d98-dc5098563251 0.526s
2025-11-21 02:20:01.512 66871 INFO tempest.lib.common.rest_client [req-1a4caa83-8492-444c-a039-a58edc1e2066 req-1a4caa83-8492-444c-a039-a58edc1e2066 ] Request (ServicesAdminNegativeTestJSON:tearDownClass): 200 GET http://10.180.1.21/networking/v2.0/security-groups?tenant_id=19b8bf301d0e4c07aa560699554b49cc&name=default 0.448s
2025-11-21 02:20:01.524 66901 INFO tempest.lib.common.rest_client [req-f6409af1-e6ce-48c5-816e-789521e30b20 req-f6409af1-e6ce-48c5-816e-789521e30b20 ] Request (HostsAdminTestJSON:tearDownClass): 200 GET http://10.180.1.21/networking/v2.0/security-groups?tenant_id=e8ba1f52d6614fb38b761144730b3cc7&name=default 0.378s
2025-11-21 02:20:01.934 66899 INFO tempest.lib.common.rest_client [req-c27fed7b-34b5-494b-81c1-2d0b3ec5701e req-c27fed7b-34b5-494b-81c1-2d0b3ec5701e ] Request (FloatingIPsTestJSON:tearDownClass): 204 DELETE http://10.180.1.21/networking/v2.0/networks/3d3ea09e-84ed-477d-a2bf-acef6638ab7e 0.557s
2025-11-21 02:20:02.037 66871 INFO tempest.lib.common.rest_client [req-07e61ff2-0bdb-4fff-bac4-acebe501dddb req-07e61ff2-0bdb-4fff-bac4-acebe501dddb ] Request (ServicesAdminNegativeTestJSON:tearDownClass): 204 DELETE http://10.180.1.21/networking/v2.0/security-groups/6a2e966c-800b-40d0-87e4-ae17529c3f45 0.524s
2025-11-21 02:20:02.061 66899 INFO tempest.lib.common.rest_client [req-0946de13-e9e1-4bae-99df-d85292859a83 req-0946de13-e9e1-4bae-99df-d85292859a83 ] Request (FloatingIPsTestJSON:tearDownClass): 204 DELETE http://10.180.1.21/identity/v3/users/f3d2eabd61bd47e1973ecf9fe3051aff 0.127s
2025-11-21 02:20:02.062 66899 INFO tempest.lib.common.dynamic_creds [-] Deleting project and security group for project: 6fc320ddcb3e49d4926f770e790ef75e
2025-11-21 02:20:02.118 66901 INFO tempest.lib.common.rest_client [req-8319187d-5515-4f00-b549-651e0a1be7ef req-8319187d-5515-4f00-b549-651e0a1be7ef ] Request (HostsAdminTestJSON:tearDownClass): 204 DELETE http://10.180.1.21/networking/v2.0/security-groups/d4eccb03-c387-4354-be3c-954480f213ab 0.593s
2025-11-21 02:20:02.133 66871 INFO tempest.lib.common.rest_client [req-58ed5116-b976-4dc5-92be-1a922b48ac6c req-58ed5116-b976-4dc5-92be-1a922b48ac6c ] Request (ServicesAdminNegativeTestJSON:tearDownClass): 204 DELETE http://10.180.1.21/identity/v3/projects/19b8bf301d0e4c07aa560699554b49cc 0.095s
2025-11-21 02:20:02.189 66891 INFO tempest.lib.common.rest_client [req-6a465227-22db-4f97-b6cc-48f2780be938 req-6a465227-22db-4f97-b6cc-48f2780be938 ] Request (ListServersNegativeTestJSON:setUpClass): 200 GET http://10.180.1.21/compute/v2.1/servers/433a2a92-9167-450b-922a-a963c8ba9d34 3.613s
2025-11-21 02:20:02.199 66871 INFO tempest.lib.common.rest_client [req-e7f79c4a-0085-4395-b1db-cf7b723a487b req-e7f79c4a-0085-4395-b1db-cf7b723a487b ] Request (FlavorsV2NegativeTest:setUpClass): 201 POST http://10.180.1.21/identity/v3/auth/tokens 0.065s
2025-11-21 02:20:02.269 66901 INFO tempest.lib.common.rest_client [req-30e153ff-c07c-4521-aa8e-1842a7520a34 req-30e153ff-c07c-4521-aa8e-1842a7520a34 ] Request (HostsAdminTestJSON:tearDownClass): 204 DELETE http://10.180.1.21/identity/v3/projects/e8ba1f52d6614fb38b761144730b3cc7 0.151s
2025-11-21 02:20:02.277 66899 INFO tempest.lib.common.rest_client [req-6fced5fa-cc5a-4cbb-97a3-70732b20f274 req-6fced5fa-cc5a-4cbb-97a3-70732b20f274 ] Request (FloatingIPsTestJSON:tearDownClass): 200 GET http://10.180.1.21/networking/v2.0/security-groups?tenant_id=6fc320ddcb3e49d4926f770e790ef75e&name=default 0.215s
2025-11-21 02:20:02.324 66871 INFO tempest.lib.common.rest_client [req-7094595e-2c24-4b31-84fe-3700e647f76b req-7094595e-2c24-4b31-84fe-3700e647f76b ] Request (FlavorsV2NegativeTest:setUpClass): 201 POST http://10.180.1.21/identity/v3/auth/tokens 0.121s
2025-11-21 02:20:02.353 66901 INFO tempest.lib.common.rest_client [req-bce55eaa-9456-4d34-9527-8e39ecb04708 req-bce55eaa-9456-4d34-9527-8e39ecb04708 ] Request (ServersAaction247Test:setUpClass): 201 POST http://10.180.1.21/identity/v3/auth/tokens 0.081s
2025-11-21 02:20:02.398 66901 INFO tempest.lib.common.rest_client [req-a672e6c4-001c-4ef9-a140-51c898b9bb54 req-a672e6c4-001c-4ef9-a140-51c898b9bb54 ] Request (ServersAaction247Test:setUpClass): 201 POST http://10.180.1.21/identity/v3/auth/tokens 0.041s
2025-11-21 02:20:02.425 66901 INFO tempest.lib.common.rest_client [req-1db53c08-2236-4105-acb2-79090f2d2173 req-1db53c08-2236-4105-acb2-79090f2d2173 ] Request (ServersAaction247Test:setUpClass): 200 GET http://10.180.1.21/identity/v3/domains?name=Default 0.026s
2025-11-21 02:20:02.457 66901 INFO tempest.lib.common.rest_client [req-af53b582-ea0c-43f4-960f-ff70610e9c6e req-af53b582-ea0c-43f4-960f-ff70610e9c6e ] Request (ServersAaction247Test:setUpClass): 201 POST http://10.180.1.21/identity/v3/projects 0.032s
2025-11-21 02:20:02.498 66871 INFO tempest.lib.common.rest_client [req-cf885db1-77df-45c5-a191-f1dd85a3c786 req-cf885db1-77df-45c5-a191-f1dd85a3c786 ] Request (FlavorsV2NegativeTest:setUpClass): 200 GET http://10.180.1.21/identity/v3/domains?name=Default 0.174s
2025-11-21 02:20:02.531 66901 INFO tempest.lib.common.rest_client [req-d1194488-e34d-434a-b942-242e50bb3ad6 req-d1194488-e34d-434a-b942-242e50bb3ad6 ] Request (ServersAaction247Test:setUpClass): 201 POST http://10.180.1.21/identity/v3/users 0.072s
2025-11-21 02:20:02.533 66871 INFO tempest.lib.common.rest_client [req-5a7a036c-1df4-4c3b-b5b9-26128fbb8c71 req-5a7a036c-1df4-4c3b-b5b9-26128fbb8c71 ] Request (FlavorsV2NegativeTest:setUpClass): 201 POST http://10.180.1.21/identity/v3/projects 0.034s
2025-11-21 02:20:02.593 66871 INFO tempest.lib.common.rest_client [req-178cb66a-451b-44fe-8a5b-394bcbcede92 req-178cb66a-451b-44fe-8a5b-394bcbcede92 ] Request (FlavorsV2NegativeTest:setUpClass): 201 POST http://10.180.1.21/identity/v3/users 0.059s
2025-11-21 02:20:02.593 66901 INFO tempest.lib.common.rest_client [req-6220172d-bbd2-4e44-a15f-dace654f1be4 req-6220172d-bbd2-4e44-a15f-dace654f1be4 ] Request (ServersAaction247Test:setUpClass): 200 GET http://10.180.1.21/identity/v3/roles 0.062s
2025-11-21 02:20:02.612 66871 INFO tempest.lib.common.rest_client [req-bf4db162-4b4d-43ec-b946-ae0de5a17871 req-bf4db162-4b4d-43ec-b946-ae0de5a17871 ] Request (FlavorsV2NegativeTest:setUpClass): 200 GET http://10.180.1.21/identity/v3/roles 0.018s
2025-11-21 02:20:02.623 66901 INFO tempest.lib.common.rest_client [req-3d1c4171-54e1-421a-b70a-01c8706fd775 req-3d1c4171-54e1-421a-b70a-01c8706fd775 ] Request (ServersAaction247Test:setUpClass): 204 PUT http://10.180.1.21/identity/v3/projects/1942544856ae443f971d06db75252243/users/31a6649fdaf94f22a916be271e7cf542/roles/628c4edba4a04938aaa97647acbe87ad 0.029s
2025-11-21 02:20:02.623 66901 INFO tempest.lib.common.dynamic_creds [-] Dynamic test user 31a6649fdaf94f22a916be271e7cf542 is created with scope project and roles: ['member']
2025-11-21 02:20:02.624 66901 INFO tempest.lib.common.dynamic_creds [-] Acquired dynamic creds: credentials: Credentials: {'domain_id': 'default', 'domain_name': 'Default', 'username': 'tempest-ServersAaction247Test-1686122770-project-member', 'project_domain_id': 'default', 'project_domain_name': 'Default', 'project_id': '1942544856ae443f971d06db75252243', 'project_name': 'tempest-ServersAaction247Test-1686122770', 'tenant_id': '1942544856ae443f971d06db75252243', 'tenant_name': 'tempest-ServersAaction247Test-1686122770', 'user_domain_id': 'default', 'user_domain_name': 'Default', 'user_id': '31a6649fdaf94f22a916be271e7cf542', 'system': None}, Network: None, Subnet: None, Router: None
2025-11-21 02:20:02.624 66901 INFO tempest.lib.common.dynamic_creds [-] Created isolated network resources for: credentials: Credentials: {'domain_id': 'default', 'domain_name': 'Default', 'username': 'tempest-ServersAaction247Test-1686122770-project-member', 'project_domain_id': 'default', 'project_domain_name': 'Default', 'project_id': '1942544856ae443f971d06db75252243', 'project_name': 'tempest-ServersAaction247Test-1686122770', 'tenant_id': '1942544856ae443f971d06db75252243', 'tenant_name': 'tempest-ServersAaction247Test-1686122770', 'user_domain_id': 'default', 'user_domain_name': 'Default', 'user_id': '31a6649fdaf94f22a916be271e7cf542', 'system': None}, Network: None, Subnet: None, Router: None
2025-11-21 02:20:02.639 66871 INFO tempest.lib.common.rest_client [req-fcd73de4-036a-4963-a501-1055dcdbf3f6 req-fcd73de4-036a-4963-a501-1055dcdbf3f6 ] Request (FlavorsV2NegativeTest:setUpClass): 204 PUT http://10.180.1.21/identity/v3/projects/8e144ca03d8e468ab51d7fe575b38c76/users/38be2571e99240d9afe2eaaaf59ccaea/roles/628c4edba4a04938aaa97647acbe87ad 0.027s
2025-11-21 02:20:02.639 66871 INFO tempest.lib.common.dynamic_creds [-] Dynamic test user 38be2571e99240d9afe2eaaaf59ccaea is created with scope project and roles: ['member']
2025-11-21 02:20:02.639 66871 INFO tempest.lib.common.dynamic_creds [-] Acquired dynamic creds: credentials: Credentials: {'domain_id': 'default', 'domain_name': 'Default', 'username': 'tempest-FlavorsV2NegativeTest-1894083775-project-member', 'project_domain_id': 'default', 'project_domain_name': 'Default', 'project_id': '8e144ca03d8e468ab51d7fe575b38c76', 'project_name': 'tempest-FlavorsV2NegativeTest-1894083775', 'tenant_id': '8e144ca03d8e468ab51d7fe575b38c76', 'tenant_name': 'tempest-FlavorsV2NegativeTest-1894083775', 'user_domain_id': 'default', 'user_domain_name': 'Default', 'user_id': '38be2571e99240d9afe2eaaaf59ccaea', 'system': None}, Network: None, Subnet: None, Router: None
2025-11-21 02:20:02.640 66871 INFO tempest.lib.common.dynamic_creds [-] Created isolated network resources for: credentials: Credentials: {'domain_id': 'default', 'domain_name': 'Default', 'username': 'tempest-FlavorsV2NegativeTest-1894083775-project-member', 'project_domain_id': 'default', 'project_domain_name': 'Default', 'project_id': '8e144ca03d8e468ab51d7fe575b38c76', 'project_name': 'tempest-FlavorsV2NegativeTest-1894083775', 'tenant_id': '8e144ca03d8e468ab51d7fe575b38c76', 'tenant_name': 'tempest-FlavorsV2NegativeTest-1894083775', 'user_domain_id': 'default', 'user_domain_name': 'Default', 'user_id': '38be2571e99240d9afe2eaaaf59ccaea', 'system': None}, Network: None, Subnet: None, Router: None
2025-11-21 02:20:02.711 66901 INFO tempest.lib.common.rest_client [req-014eac01-0ff8-4ed2-8fcc-e0728f008cb7 req-014eac01-0ff8-4ed2-8fcc-e0728f008cb7 ] Request (ServersAaction247Test:setUpClass): 201 POST http://10.180.1.21/identity/v3/auth/tokens 0.084s
2025-11-21 02:20:02.711 66871 INFO tempest.lib.common.rest_client [req-49d03738-086f-4bf7-b3a5-bb7ae176cefa req-49d03738-086f-4bf7-b3a5-bb7ae176cefa ] Request (FlavorsV2NegativeTest:setUpClass): 201 POST http://10.180.1.21/identity/v3/auth/tokens 0.067s
2025-11-21 02:20:02.742 66901 INFO tempest.lib.common.rest_client [req-919be432-7a7e-4491-bcec-83d6b822c46d req-919be432-7a7e-4491-bcec-83d6b822c46d ] Request (ServersAaction247Test:test_create_backup): 201 POST http://10.180.1.21/identity/v3/auth/tokens 0.027s
2025-11-21 02:20:02.742 66901 INFO tempest.lib.common.fixed_network [-] (ServersAaction247Test:test_create_backup) Found network None available for tenant
2025-11-21 02:20:02.809 66899 INFO tempest.lib.common.rest_client [req-cd27d845-24b4-420b-ae57-58cf044c2d64 req-cd27d845-24b4-420b-ae57-58cf044c2d64 ] Request (FloatingIPsTestJSON:tearDownClass): 204 DELETE http://10.180.1.21/networking/v2.0/security-groups/609f7ade-f395-4b35-9b8a-a5feb56c52c6 0.531s
2025-11-21 02:20:02.911 66899 INFO tempest.lib.common.rest_client [req-74d71b13-16e2-4746-92a4-e2496762b13e req-74d71b13-16e2-4746-92a4-e2496762b13e ] Request (FloatingIPsTestJSON:tearDownClass): 204 DELETE http://10.180.1.21/identity/v3/projects/6fc320ddcb3e49d4926f770e790ef75e 0.102s
2025-11-21 02:20:02.973 66899 INFO tempest.lib.common.rest_client [req-7b6eaf23-d609-4ae9-8878-1b281903deda req-7b6eaf23-d609-4ae9-8878-1b281903deda ] Request (ServerMetadataTestJSON:setUpClass): 201 POST http://10.180.1.21/identity/v3/auth/tokens 0.060s
2025-11-21 02:20:03.006 66899 INFO tempest.lib.common.rest_client [req-38165371-d141-4d43-be7d-a2dc381c5548 req-38165371-d141-4d43-be7d-a2dc381c5548 ] Request (ServerMetadataTestJSON:setUpClass): 201 POST http://10.180.1.21/identity/v3/auth/tokens 0.030s
2025-11-21 02:20:03.036 66899 INFO tempest.lib.common.rest_client [req-d2522634-a62f-48d3-9809-c7ddcd1d4939 req-d2522634-a62f-48d3-9809-c7ddcd1d4939 ] Request (ServerMetadataTestJSON:setUpClass): 200 GET http://10.180.1.21/identity/v3/domains?name=Default 0.030s
2025-11-21 02:20:03.075 66899 INFO tempest.lib.common.rest_client [req-c4391acb-c6d8-44b3-9cc3-3a7254551a43 req-c4391acb-c6d8-44b3-9cc3-3a7254551a43 ] Request (ServerMetadataTestJSON:setUpClass): 201 POST http://10.180.1.21/identity/v3/projects 0.038s
2025-11-21 02:20:03.139 66899 INFO tempest.lib.common.rest_client [req-72e88e50-fd25-4e5d-b776-33c27468c9a2 req-72e88e50-fd25-4e5d-b776-33c27468c9a2 ] Request (ServerMetadataTestJSON:setUpClass): 201 POST http://10.180.1.21/identity/v3/users 0.063s
2025-11-21 02:20:03.160 66899 INFO tempest.lib.common.rest_client [req-ec83a4cb-f925-453b-8afc-faa1d0f24cf6 req-ec83a4cb-f925-453b-8afc-faa1d0f24cf6 ] Request (ServerMetadataTestJSON:setUpClass): 200 GET http://10.180.1.21/identity/v3/roles 0.021s
2025-11-21 02:20:03.191 66899 INFO tempest.lib.common.rest_client [req-e7972e43-e162-4db4-9037-fb3e1bddffc1 req-e7972e43-e162-4db4-9037-fb3e1bddffc1 ] Request (ServerMetadataTestJSON:setUpClass): 204 PUT http://10.180.1.21/identity/v3/projects/6b9abc6a3e1b497ea87f4198d034c08b/users/5907e41c12a44b719fc079255fffdae1/roles/628c4edba4a04938aaa97647acbe87ad 0.030s
2025-11-21 02:20:03.191 66899 INFO tempest.lib.common.dynamic_creds [-] Dynamic test user 5907e41c12a44b719fc079255fffdae1 is created with scope project and roles: ['member']
2025-11-21 02:20:03.191 66899 INFO tempest.lib.common.dynamic_creds [-] Acquired dynamic creds: credentials: Credentials: {'domain_id': 'default', 'domain_name': 'Default', 'username': 'tempest-ServerMetadataTestJSON-68704275-project-member', 'project_domain_id': 'default', 'project_domain_name': 'Default', 'project_id': '6b9abc6a3e1b497ea87f4198d034c08b', 'project_name': 'tempest-ServerMetadataTestJSON-68704275', 'tenant_id': '6b9abc6a3e1b497ea87f4198d034c08b', 'tenant_name': 'tempest-ServerMetadataTestJSON-68704275', 'user_domain_id': 'default', 'user_domain_name': 'Default', 'user_id': '5907e41c12a44b719fc079255fffdae1', 'system': None}, Network: None, Subnet: None, Router: None
2025-11-21 02:20:03.258 66893 INFO tempest.lib.common.rest_client [req-861ff3a1-9c19-440e-9682-0b653bc38105 req-861ff3a1-9c19-440e-9682-0b653bc38105 ] Request (FloatingIPDetailsTestJSON:tearDownClass): 202 DELETE http://10.180.1.21/compute/v2.1/os-floating-ips/239c72b3-85e4-4119-b10a-ce5de519cd97 4.690s
2025-11-21 02:20:03.263 66899 INFO tempest.lib.common.rest_client [req-1c9f0500-b28c-4804-9bb7-abf055f2d339 req-1c9f0500-b28c-4804-9bb7-abf055f2d339 ] Request (ServerMetadataTestJSON:setUpClass): 201 POST http://10.180.1.21/identity/v3/auth/tokens 0.072s
2025-11-21 02:20:03.456 66905 INFO tempest.lib.common.rest_client [req-c19d0962-85ba-4330-8548-f6c3657b41eb req-c19d0962-85ba-4330-8548-f6c3657b41eb ] Request (QuotasAdminNegativeTest:test_create_server_when_memory_quota_is_full): 200 PUT http://10.180.1.21/compute/v2.1/os-quota-sets/d0f23bf9713846c99ae00d9068a360b5 4.563s
2025-11-21 02:20:03.475 66851 INFO tempest.lib.common.rest_client [req-defc5e95-64d4-41f9-9a5b-4ae98b0f29d6 req-defc5e95-64d4-41f9-9a5b-4ae98b0f29d6 ] Request (FlavorsExtraSpecsNegativeTestJSON:test_flavor_unset_nonexistent_key): 404 DELETE http://10.180.1.21/compute/v2.1/flavors/133668588/os-extra_specs/hw:cpu_thread_policy 4.579s
2025-11-21 02:20:03.503 66865 INFO tempest.lib.common.rest_client [req-eaa88378-c465-4407-9659-45577d0a52b5 req-eaa88378-c465-4407-9659-45577d0a52b5 ] Request (FlavorsAccessNegativeTestJSON:_run_cleanups): 200 GET http://10.180.1.21/compute/v2.1/flavors/detail 4.484s
2025-11-21 02:20:03.523 66883 INFO tempest.lib.common.rest_client [req-7c42750f-47d4-441b-acc7-89e4685a3d24 req-7c42750f-47d4-441b-acc7-89e4685a3d24 ] Request (KeyPairsV210TestJSON:_run_cleanups): 204 DELETE http://10.180.1.21/compute/v2.1/os-keypairs/tempest-keypair-1060750890?user_id=fc3acd3241fc4b9d93ff13b12ce00dac 4.383s
2025-11-21 02:20:03.537 66905 INFO tempest.lib.common.rest_client [req-052df385-177b-4c08-8c5b-c2fec57f4e1d req-052df385-177b-4c08-8c5b-c2fec57f4e1d ] Request (QuotasAdminNegativeTest:test_create_server_when_memory_quota_is_full): 201 POST http://10.180.1.21/identity/v3/auth/tokens 0.077s
2025-11-21 02:20:03.538 66905 INFO tempest.lib.common.fixed_network [-] (QuotasAdminNegativeTest:test_create_server_when_memory_quota_is_full) Found network None available for tenant
2025-11-21 02:20:03.593 66899 INFO tempest.lib.common.rest_client [req-8ed98528-7c9a-4919-ac58-6ac20efb8a66 req-8ed98528-7c9a-4919-ac58-6ac20efb8a66 ] Request (ServerMetadataTestJSON:setUpClass): 201 POST http://10.180.1.21/networking/v2.0/networks 0.329s
2025-11-21 02:20:03.827 66899 INFO tempest.lib.common.rest_client [req-44d2fe7c-6d5f-4a99-9fdb-600ddc2556bf req-44d2fe7c-6d5f-4a99-9fdb-600ddc2556bf ] Request (ServerMetadataTestJSON:setUpClass): 201 POST http://10.180.1.21/networking/v2.0/subnets 0.232s
2025-11-21 02:20:03.884 66875 INFO tempest.lib.common.rest_client [req-13cb70c2-b4fe-411e-947f-4112b24b57de req-13cb70c2-b4fe-411e-947f-4112b24b57de ] Request (MultipleCreateTestJSON:test_multiple_create): 200 GET http://10.180.1.21/compute/v2.1/servers/91c5749f-a8d0-4463-83c8-3712955ee1cb 4.692s
2025-11-21 02:20:03.931 66897 INFO tempest.lib.common.rest_client [req-07934ebd-046d-4bb1-bf51-ebe1cf6a3c8a req-07934ebd-046d-4bb1-bf51-ebe1cf6a3c8a ] Request (ServersAdminNegativeTestJSON:setUpClass): 202 POST http://10.180.1.21/compute/v2.1/servers 5.235s
2025-11-21 02:20:03.936 66855 INFO tempest.lib.common.rest_client [req-32362df9-32d2-4efe-b13f-0a75f5676742 req-32362df9-32d2-4efe-b13f-0a75f5676742 ] Request (HostsAdminNegativeTestJSON:test_update_host_with_invalid_maintenance_mode): 400 PUT http://10.180.1.21/compute/v2.1/os-hosts/devstack 4.639s
2025-11-21 02:20:03.962 66909 INFO tempest.lib.common.rest_client [req-2241e413-8d34-4a45-8a16-071749cb6b14 req-2241e413-8d34-4a45-8a16-071749cb6b14 ] Request (FlavorsExtraSpecsTestJSON:test_flavor_set_get_update_show_unset_keys): 200 DELETE http://10.180.1.21/compute/v2.1/flavors/937875182/os-extra_specs/hw:cpu_policy 4.644s
2025-11-21 02:20:03.996 66903 INFO tempest.lib.common.rest_client [req-c18749ab-aeb4-4218-8f60-7e17b88406bf req-c18749ab-aeb4-4218-8f60-7e17b88406bf ] Request (AggregatesAdminNegativeTestJSON:test_aggregate_add_non_exist_host): 404 POST http://10.180.1.21/compute/v2.1/os-aggregates/3/action 4.640s
2025-11-21 02:20:04.158 66881 INFO tempest.lib.common.rest_client [req-f35b4e2f-c169-46d6-95b1-ae129f5ecdd9 req-f35b4e2f-c169-46d6-95b1-ae129f5ecdd9 ] Request (ImagesMetadataTestJSON:test_set_image_metadata): 200 PUT http://10.180.1.21/compute/v2.1/images/b2272b06-7cb5-4be0-a069-c47c0e8d78b1/metadata 4.872s
2025-11-21 02:20:04.626 66869 INFO tempest.lib.common.rest_client [req-f6e01fee-2e12-487d-a577-2ad36817e9bf req-f6e01fee-2e12-487d-a577-2ad36817e9bf ] Request (VolumesAssistedSnapshotsTest:test_volume_assisted_snapshot_create_delete): 200 GET http://10.180.1.21/compute/v2.1/servers/ec16c77f-8a26-48cb-9ad5-b524350fcf0b 4.918s
2025-11-21 02:20:04.687 66861 INFO tempest.lib.common.rest_client [req-ba40d8b4-bbc5-4b81-8a2c-fa207f3f7234 req-ba40d8b4-bbc5-4b81-8a2c-fa207f3f7234 ] Request (MigrationsAdminTest:test_list_migrations_in_flavor_resize_situation): 200 GET http://10.180.1.21/compute/v2.1/servers/24e7dee3-635c-4826-bb02-dc1b72f95cd9 5.219s
2025-11-21 02:20:04.695 66861 INFO tempest.common.waiters [-] State transition "BUILD/None" ==> "BUILD/spawning" after 26 second wait
2025-11-21 02:20:04.719 66889 INFO tempest.lib.common.rest_client [req-b7023a8b-3df7-4e90-9987-a1637f444eef req-b7023a8b-3df7-4e90-9987-a1637f444eef ] Request (ServerPasswordTestJSON:setUpClass): 200 GET http://10.180.1.21/compute/v2.1/servers/bc5e389f-916a-43c6-b01e-f3d7fa257603 5.010s
2025-11-21 02:20:04.722 66899 INFO tempest.lib.common.rest_client [req-b43187db-c2eb-498b-80e3-d239faec88ed req-b43187db-c2eb-498b-80e3-d239faec88ed ] Request (ServerMetadataTestJSON:setUpClass): 201 POST http://10.180.1.21/networking/v2.0/routers 0.895s
2025-11-21 02:20:04.727 66889 INFO tempest.common.waiters [-] State transition "BUILD/None" ==> "BUILD/networking" after 19 second wait
2025-11-21 02:20:05.245 66879 INFO tempest.lib.common.rest_client [req-7cb7b9a4-8466-4d92-8b46-a4bb05671a66 req-7cb7b9a4-8466-4d92-8b46-a4bb05671a66 ] Request (ImagesNegativeTestJSON:test_create_image_from_deleted_server): 200 GET http://10.180.1.21/compute/v2.1/servers/c5ab4ba1-c5cf-4f16-953e-148263d7160b 5.472s
2025-11-21 02:20:05.254 66879 INFO tempest.common.waiters [-] State transition "BUILD/None" ==> "BUILD/spawning" after 25 second wait
2025-11-21 02:20:05.753 66899 INFO tempest.lib.common.rest_client [req-9c3aca3d-d107-496f-815e-ca9287c2597f req-9c3aca3d-d107-496f-815e-ca9287c2597f ] Request (ServerMetadataTestJSON:setUpClass): 200 PUT http://10.180.1.21/networking/v2.0/routers/23193a94-40ac-408c-8221-197e6532c00b/add_router_interface 1.030s
2025-11-21 02:20:05.753 66899 INFO tempest.lib.common.dynamic_creds [-] Created isolated network resources for: credentials: Credentials: {'domain_id': 'default', 'domain_name': 'Default', 'username': 'tempest-ServerMetadataTestJSON-68704275-project-member', 'project_domain_id': 'default', 'project_domain_name': 'Default', 'project_id': '6b9abc6a3e1b497ea87f4198d034c08b', 'project_name': 'tempest-ServerMetadataTestJSON-68704275', 'tenant_id': '6b9abc6a3e1b497ea87f4198d034c08b', 'tenant_name': 'tempest-ServerMetadataTestJSON-68704275', 'user_domain_id': 'default', 'user_domain_name': 'Default', 'user_id': '5907e41c12a44b719fc079255fffdae1', 'system': None}, Network: {'id': 'e5e1ae1f-7b27-41d0-a863-4de2f90fc48f', 'name': 'tempest-ServerMetadataTestJSON-1560514715-network', 'tenant_id': '6b9abc6a3e1b497ea87f4198d034c08b', 'project_id': '6b9abc6a3e1b497ea87f4198d034c08b', 'admin_state_up': True, 'mtu': 8950, 'status': 'ACTIVE', 'subnets': [], 'shared': False, 'port_security_enabled': True, 'router:external': False, 'provider:network_type': 'vlan', 'provider:physical_network': 'default', 'provider:segmentation_id': 729, 'availability_zone_hints': [], 'availability_zones': [], 'ipv4_address_scope': None, 'ipv6_address_scope': None, 'description': '', 'tags': [], 'created_at': '2025-11-21T02:20:03Z', 'updated_at': '2025-11-21T02:20:03Z', 'revision_number': 1}, Subnet: {'id': '72de03ae-b6d3-4e8c-a329-3228c903bbcf', 'name': 'tempest-ServerMetadataTestJSON-1560514715-subnet', 'tenant_id': '6b9abc6a3e1b497ea87f4198d034c08b', 'network_id': 'e5e1ae1f-7b27-41d0-a863-4de2f90fc48f', 'ip_version': 4, 'subnetpool_id': None, 'enable_dhcp': True, 'ipv6_ra_mode': None, 'ipv6_address_mode': None, 'gateway_ip': '192.168.128.1', 'cidr': '192.168.128.0/28', 'allocation_pools': [{'start': '192.168.128.2', 'end': '192.168.128.14'}], 'host_routes': [], 'dns_nameservers': [], 'description': '', 'router:external': False, 'service_types': [], 'tags': [], 'created_at': '2025-11-21T02:20:03Z', 'updated_at': '2025-11-21T02:20:03Z', 'revision_number': 0, 'project_id': '6b9abc6a3e1b497ea87f4198d034c08b'}, Router: {'id': '23193a94-40ac-408c-8221-197e6532c00b', 'name': 'tempest-ServerMetadataTestJSON-1560514715-router', 'tenant_id': '6b9abc6a3e1b497ea87f4198d034c08b', 'admin_state_up': True, 'status': 'ACTIVE', 'external_gateway_info': {'network_id': '60a74e1c-f6d7-42b6-9933-8382b495c177', 'external_fixed_ips': [{'subnet_id': '1e06ff4f-41a8-408f-ae7c-633afc7eab8f', 'ip_address': '10.180.180.216'}], 'enable_snat': True}, 'description': '', 'availability_zones': [], 'distributed': False, 'ha': False, 'availability_zone_hints': [], 'routes': [], 'flavor_id': None, 'tags': [], 'created_at': '2025-11-21T02:20:03Z', 'updated_at': '2025-11-21T02:20:04Z', 'revision_number': 2, 'project_id': '6b9abc6a3e1b497ea87f4198d034c08b'}
2025-11-21 02:20:05.790 66877 INFO tempest.lib.common.rest_client [req-ee778f65-464c-4841-a3db-ae3b1418c351 req-ee778f65-464c-4841-a3db-ae3b1418c351 ] Request (ImagesTestJSON:test_create_image_from_stopped_server): 200 GET http://10.180.1.21/compute/v2.1/servers/7dec543d-026e-4c30-a03e-2f913b553cce 5.790s
2025-11-21 02:20:05.799 66877 INFO tempest.common.waiters [-] State transition "ACTIVE/powering-off" ==> "SHUTOFF/None" after 7 second wait
2025-11-21 02:20:05.864 66899 INFO tempest.lib.common.rest_client [req-8cf02625-dbca-4a4c-88c8-6e2961f488e8 req-8cf02625-dbca-4a4c-88c8-6e2961f488e8 ] Request (ServerMetadataTestJSON:setUpClass): 201 POST http://10.180.1.21/identity/v3/auth/tokens 0.105s
2025-11-21 02:20:05.904 66899 INFO tempest.lib.common.rest_client [req-3bf19bc8-25ff-48e2-a24b-a9041f60a135 req-3bf19bc8-25ff-48e2-a24b-a9041f60a135 ] Request (ServerMetadataTestJSON:setUpClass): 201 POST http://10.180.1.21/identity/v3/auth/tokens 0.037s
