2025-11-21 02:21:14.192 66903 INFO tempest.lib.common.rest_client [req-9643c2dc-9aaa-4182-836f-c9a934ca3a83 req-9643c2dc-9aaa-4182-836f-c9a934ca3a83 ] Request (KeyPairsV2TestJSON:_run_cleanups): 202 DELETE http://10.180.1.21/compute/v2.1/os-keypairs/tempest-keypair-1554677674 0.430s
2025-11-21 02:21:14.198 66896 INFO tempest.lib.common.rest_client [req-99b990c2-8b62-4f42-b146-b59b84b1200a req-99b990c2-8b62-4f42-b146-b59b84b1200a ] Request (DeleteServersAdminTestJSON:test_delete_server_while_in_error_state): 200 GET http://10.180.1.21/compute/v2.1/servers/0b281382-9c5a-4d87-8208-276181c1f6e6 0.647s
2025-11-21 02:21:14.209 66867 INFO tempest.lib.common.rest_client [req-0efa33b7-d80e-4e0f-9533-ad091cf09a6f req-0efa33b7-d80e-4e0f-9533-ad091cf09a6f ] Request (KeyPairsV22TestJSON:test_keypairsv22_create_list_show_with_type): 200 GET http://10.180.1.21/compute/v2.1/os-keypairs 0.361s
2025-11-21 02:21:14.289 66899 INFO tempest.lib.common.rest_client [req-8ba315dd-ad86-4dd0-9f74-8ca9ec98ac9a req-8ba315dd-ad86-4dd0-9f74-8ca9ec98ac9a ] Request (ServerMetadataTestJSON:tearDownClass): 204 DELETE http://10.180.1.21/compute/v2.1/servers/24d5d4bc-dda2-48ca-a82f-52dbdb03edde 0.374s
2025-11-21 02:21:14.299 66883 INFO tempest.lib.common.rest_client [req-d48d667b-f6e8-4f99-938b-092e722fa135 req-d48d667b-f6e8-4f99-938b-092e722fa135 ] Request (ServerActionsTestJSON:setUpClass): 200 GET http://10.180.1.21/compute/v2.1/servers/ffe45ff7-dba7-41b7-b2ba-1776a5936c8a 0.474s
2025-11-21 02:21:14.341 66907 INFO tempest.lib.common.rest_client [req-7a8c83a5-77b7-4541-a973-4500ba6e34f6 req-7a8c83a5-77b7-4541-a973-4500ba6e34f6 ] Request (ServersTestBootFromVolume:setUpClass): 200 GET http://10.180.1.21/volume/v3/volumes/aa7731e1-5f85-48a8-ba90-bcee8dfc0898 0.036s
2025-11-21 02:21:14.414 66853 INFO tempest.lib.common.rest_client [req-2ac83c1e-3397-4877-9896-559ed766a342 req-2ac83c1e-3397-4877-9896-559ed766a342 ] Request (ServerDiagnosticsNegativeTest:test_get_server_diagnostics_by_non_admin): 200 GET http://10.180.1.21/compute/v2.1/servers/cde0590b-87f2-4620-a44c-7d603f5eee4d 0.307s
2025-11-21 02:21:14.425 66853 INFO tempest.common.waiters [-] State transition "BUILD/block_device_mapping" ==> "BUILD/spawning" after 33 second wait
2025-11-21 02:21:14.438 66851 INFO tempest.lib.common.rest_client [req-64b64aaa-eaed-48ba-91b2-61fc25096090 req-64b64aaa-eaed-48ba-91b2-61fc25096090 ] Request (VolumesAdminNegativeTest:test_update_attached_volume_with_nonexistent_volume_in_uri): 200 GET http://10.180.1.21/compute/v2.1/servers/f359b97b-32fa-4122-b698-9300c2d7bf32 0.484s
2025-11-21 02:21:14.499 66871 INFO tempest.lib.common.rest_client [req-3c3084c2-10c8-45dc-ad62-abfc36508ab8 req-3c3084c2-10c8-45dc-ad62-abfc36508ab8 ] Request (ServerDiskConfigTestJSON:test_rebuild_server_with_auto_disk_config): 200 GET http://10.180.1.21/compute/v2.1/servers/926749ff-9e7e-4464-9845-78e9ed50750c 0.332s
2025-11-21 02:21:14.536 66903 INFO tempest.lib.common.rest_client [req-aec577b4-4de6-402b-a478-37c1671d901a req-aec577b4-4de6-402b-a478-37c1671d901a ] Request (KeyPairsV2TestJSON:test_keypairs_create_list_delete): 200 POST http://10.180.1.21/compute/v2.1/os-keypairs 0.342s
2025-11-21 02:21:14.555 66867 INFO tempest.lib.common.rest_client [req-3c0b80d5-5c7d-4cb7-8713-06d2179ca6a2 req-3c0b80d5-5c7d-4cb7-8713-06d2179ca6a2 ] Request (KeyPairsV22TestJSON:_run_cleanups): 204 DELETE http://10.180.1.21/compute/v2.1/os-keypairs/tempest-keypair-479731844 0.344s
2025-11-21 02:21:14.589 66885 INFO tempest.lib.common.rest_client [req-321da1b6-8c83-4d3e-9a4a-09d647e5afcc req-321da1b6-8c83-4d3e-9a4a-09d647e5afcc ] Request (SecurityGroupRulesNegativeTestJSON:test_create_security_group_rule_with_invalid_ip_protocol): 200 POST http://10.180.1.21/compute/v2.1/os-security-groups 0.422s
2025-11-21 02:21:14.646 66859 INFO tempest.lib.common.rest_client [req-8992eac4-3b86-4f24-96b4-04d313047e9d req-8992eac4-3b86-4f24-96b4-04d313047e9d ] Request (DeleteServersTestJSON:test_delete_active_server): 200 GET http://10.180.1.21/compute/v2.1/servers/0a4b2d86-1e21-4d46-b85c-a4956b3cd284 0.425s
2025-11-21 02:21:14.656 66867 INFO tempest.lib.common.rest_client [req-a524f3f8-122e-40b6-b1b6-e7c8eb806412 req-a524f3f8-122e-40b6-b1b6-e7c8eb806412 ] Request (KeyPairsV22TestJSON:tearDownClass): 204 DELETE http://10.180.1.21/identity/v3/users/6a1f1a35c9fb4e90914dcfb915acc8ae 0.098s
2025-11-21 02:21:14.656 66867 INFO tempest.lib.common.dynamic_creds [-] Deleting project and security group for project: e4c48c1d735e483899c558fd42212398
2025-11-21 02:21:14.718 66867 INFO tempest.lib.common.rest_client [req-1e5d2b6b-5faf-4146-8259-8d443a5dfce2 req-1e5d2b6b-5faf-4146-8259-8d443a5dfce2 ] Request (KeyPairsV22TestJSON:tearDownClass): 201 POST http://10.180.1.21/identity/v3/auth/tokens 0.061s
2025-11-21 02:21:14.756 66857 INFO tempest.lib.common.rest_client [req-1844f260-79fa-422d-a9f6-e29021467a98 req-1844f260-79fa-422d-a9f6-e29021467a98 ] Request (ImagesOneServerNegativeTestJSON:_run_cleanups): 200 GET http://10.180.1.21/compute/v2.1/servers/aa189a25-2dad-4dfd-affc-5e596ccd94ac 0.468s
2025-11-21 02:21:14.765 66857 INFO tempest.common.waiters [-] State transition "ACTIVE/deleting" ==> "DELETED/None" after 3 second wait
2025-11-21 02:21:14.922 66911 WARNING tempest.lib.common.ssh [-] Failed to establish authenticated ssh connection to cirros@10.180.180.225 ([Errno None] Unable to connect to port 22 on 10.180.180.225). Number attempts: 5. Retry after 6 seconds.: paramiko.ssh_exception.NoValidConnectionsError: [Errno None] Unable to connect to port 22 on 10.180.180.225
2025-11-21 02:21:14.979 66879 INFO tempest.lib.common.rest_client [req-ec5b4dcc-e997-4581-8ea3-7e789b8648c2 req-ec5b4dcc-e997-4581-8ea3-7e789b8648c2 ] Request (ListServerFiltersTestJSON:setUpClass): 200 GET http://10.180.1.21/compute/v2.1/servers/1d1edb0d-fc47-4667-a281-f15498d6999f 0.653s
2025-11-21 02:21:14.998 66867 INFO tempest.lib.common.rest_client [req-7896cc04-a1c3-4a23-88de-d4bbfe1efa48 req-7896cc04-a1c3-4a23-88de-d4bbfe1efa48 ] Request (KeyPairsV22TestJSON:tearDownClass): 200 GET http://10.180.1.21/networking/v2.0/security-groups?tenant_id=e4c48c1d735e483899c558fd42212398&name=default 0.276s
2025-11-21 02:21:15.009 66899 INFO tempest.lib.common.rest_client [req-c390d822-24f2-41f5-93c8-f818eedc47d5 req-c390d822-24f2-41f5-93c8-f818eedc47d5 ] Request (ServerMetadataTestJSON:tearDownClass): 200 GET http://10.180.1.21/compute/v2.1/servers/24d5d4bc-dda2-48ca-a82f-52dbdb03edde 0.719s
2025-11-21 02:21:15.142 66867 INFO tempest.lib.common.rest_client [req-59ed1317-6fac-4ec4-b61f-d4f1db8e1557 req-59ed1317-6fac-4ec4-b61f-d4f1db8e1557 ] Request (KeyPairsV22TestJSON:tearDownClass): 204 DELETE http://10.180.1.21/networking/v2.0/security-groups/b18f093d-5ec5-4433-b698-8f56d7357277 0.143s
2025-11-21 02:21:15.167 66891 INFO tempest.lib.common.rest_client [req-b3750e14-270e-4e33-b4aa-4b96e38d2870 req-b3750e14-270e-4e33-b4aa-4b96e38d2870 ] Request (ListServersNegativeTestJSON:tearDownClass): 200 GET http://10.180.1.21/compute/v2.1/servers/e279d81b-3200-40a8-967a-04d3fe34ee9b 0.813s
2025-11-21 02:21:15.188 66855 INFO tempest.lib.common.rest_client [req-75fe8753-11e3-4c85-9d2a-10ddb1fca2bd req-75fe8753-11e3-4c85-9d2a-10ddb1fca2bd ] Request (ServersAdminTestJSON:setUpClass): 200 GET http://10.180.1.21/compute/v2.1/servers/2f1457bf-4d26-4be2-8f8a-00b4e8656518 0.802s
2025-11-21 02:21:15.221 66867 INFO tempest.lib.common.rest_client [req-c785692a-24af-4450-acc6-64cf4fc199fe req-c785692a-24af-4450-acc6-64cf4fc199fe ] Request (KeyPairsV22TestJSON:tearDownClass): 204 DELETE http://10.180.1.21/identity/v3/projects/e4c48c1d735e483899c558fd42212398 0.079s
2025-11-21 02:21:15.255 66897 INFO tempest.lib.common.rest_client [req-0dabe322-e0db-483d-a581-49cc3b6cf653 req-0dabe322-e0db-483d-a581-49cc3b6cf653 ] Request (ServersAdminNegativeTestJSON:test_migrate_server_invalid_state): 200 GET http://10.180.1.21/compute/v2.1/servers/ab514ff8-f675-4898-823a-4f58a8b5735a 0.837s
2025-11-21 02:21:15.306 66867 INFO tempest.lib.common.rest_client [req-589b6ab2-1503-440c-a38c-a4dffd1da000 req-589b6ab2-1503-440c-a38c-a4dffd1da000 ] Request (ServerActionsV293TestJSON:setUpClass): 201 POST http://10.180.1.21/identity/v3/auth/tokens 0.082s
2025-11-21 02:21:15.308 66873 INFO tempest.lib.common.rest_client [req-49b62288-ac36-48f7-ba36-7f570b997ab5 req-49b62288-ac36-48f7-ba36-7f570b997ab5 ] Request (ServerDiagnosticsV248Test:tearDownClass): 200 GET http://10.180.1.21/compute/v2.1/servers/08c3c037-85f1-49ef-9eb2-3b70ef4440f0 0.835s
2025-11-21 02:21:15.353 66877 INFO tempest.lib.common.rest_client [req-9fb66053-4e81-423b-a401-24941092b153 req-9fb66053-4e81-423b-a401-24941092b153 ] Request (ImagesTestJSON:test_create_image_from_suspended_server): 200 GET http://10.180.1.21/compute/v2.1/servers/52f7e78a-d25a-4b24-b349-9c3593c25b31 0.861s
2025-11-21 02:21:15.362 66867 INFO tempest.lib.common.rest_client [req-5771faec-a0cc-4151-9eaf-a57c5aeebc17 req-5771faec-a0cc-4151-9eaf-a57c5aeebc17 ] Request (ServerActionsV293TestJSON:setUpClass): 201 POST http://10.180.1.21/identity/v3/auth/tokens 0.052s
2025-11-21 02:21:15.384 66903 INFO tempest.lib.common.rest_client [req-e43dabed-0dbd-4c77-abd0-e46d6a5af837 req-e43dabed-0dbd-4c77-abd0-e46d6a5af837 ] Request (KeyPairsV2TestJSON:test_keypairs_create_list_delete): 200 POST http://10.180.1.21/compute/v2.1/os-keypairs 0.846s
2025-11-21 02:21:15.398 66907 INFO tempest.lib.common.rest_client [req-80d95bff-23b3-4289-be26-e68746989eff req-80d95bff-23b3-4289-be26-e68746989eff ] Request (ServersTestBootFromVolume:setUpClass): 200 GET http://10.180.1.21/volume/v3/volumes/aa7731e1-5f85-48a8-ba90-bcee8dfc0898 0.047s
2025-11-21 02:21:15.412 66867 INFO tempest.lib.common.rest_client [req-ea2e2920-9f14-4609-b4fd-d4a5160aea9a req-ea2e2920-9f14-4609-b4fd-d4a5160aea9a ] Request (ServerActionsV293TestJSON:setUpClass): 200 GET http://10.180.1.21/identity/v3/domains?name=Default 0.049s
2025-11-21 02:21:15.438 66885 INFO tempest.lib.common.rest_client [req-5935eaf6-66c8-40e8-aff5-810a728e426a req-5935eaf6-66c8-40e8-aff5-810a728e426a ] Request (SecurityGroupRulesNegativeTestJSON:test_create_security_group_rule_with_invalid_ip_protocol): 400 POST http://10.180.1.21/compute/v2.1/os-security-group-rules 0.844s
2025-11-21 02:21:15.453 66867 INFO tempest.lib.common.rest_client [req-f01cc23f-6b4b-4e21-bbdb-2c35dc087b3f req-f01cc23f-6b4b-4e21-bbdb-2c35dc087b3f ] Request (ServerActionsV293TestJSON:setUpClass): 201 POST http://10.180.1.21/identity/v3/projects 0.041s
2025-11-21 02:21:15.471 66863 INFO tempest.lib.common.rest_client [req-4dc46f27-66da-4024-bbc8-671f26bc9dcb req-4dc46f27-66da-4024-bbc8-671f26bc9dcb ] Request (ServersTestJSON:test_create_server_specify_multibyte_character_name): 200 GET http://10.180.1.21/compute/v2.1/servers/8d7a94cf-dd54-4f5e-a142-4894fb31d747 0.925s
2025-11-21 02:21:15.551 66909 INFO tempest.lib.common.rest_client [req-4131c69a-61ea-4bd9-b829-c4b30623771d req-4131c69a-61ea-4bd9-b829-c4b30623771d ] Request (ServersTestManualDisk:setUpClass): 200 GET http://10.180.1.21/compute/v2.1/servers/1ef47f44-ff48-4bd0-9983-89e66f03e217 0.944s
2025-11-21 02:21:15.567 66889 INFO tempest.lib.common.rest_client [req-50d092c7-4fc9-46ba-af31-68849135fa46 req-50d092c7-4fc9-46ba-af31-68849135fa46 ] Request (ServerPasswordTestJSON:tearDownClass): 200 GET http://10.180.1.21/compute/v2.1/servers/bc5e389f-916a-43c6-b01e-f3d7fa257603 0.949s
2025-11-21 02:21:15.570 66867 INFO tempest.lib.common.rest_client [req-e2d64e32-247e-4ccd-b368-8d558a35e4fe req-e2d64e32-247e-4ccd-b368-8d558a35e4fe ] Request (ServerActionsV293TestJSON:setUpClass): 201 POST http://10.180.1.21/identity/v3/users 0.117s
2025-11-21 02:21:15.606 66867 INFO tempest.lib.common.rest_client [req-4868dc71-fb70-4880-85f1-77a421abfab4 req-4868dc71-fb70-4880-85f1-77a421abfab4 ] Request (ServerActionsV293TestJSON:setUpClass): 200 GET http://10.180.1.21/identity/v3/roles 0.034s
2025-11-21 02:21:15.645 66881 INFO tempest.lib.common.rest_client [req-1dda6469-383e-42e3-9f9d-3192891a059b req-1dda6469-383e-42e3-9f9d-3192891a059b ] Request (ServersV294TestFqdnHostnames:setUpClass): 200 GET http://10.180.1.21/compute/v2.1/servers/de2f7bb1-7573-4e73-8248-0de75b300af2 0.929s
2025-11-21 02:21:15.648 66867 INFO tempest.lib.common.rest_client [req-21c98f31-f9d0-458a-a887-4e3d7e2218d6 req-21c98f31-f9d0-458a-a887-4e3d7e2218d6 ] Request (ServerActionsV293TestJSON:setUpClass): 204 PUT http://10.180.1.21/identity/v3/projects/bd917b9f60d94f7cb14eefc2471e1f30/users/291a5a2763bc478f9f123e0e4407ec17/roles/628c4edba4a04938aaa97647acbe87ad 0.041s
2025-11-21 02:21:15.648 66867 INFO tempest.lib.common.dynamic_creds [-] Dynamic test user 291a5a2763bc478f9f123e0e4407ec17 is created with scope project and roles: ['member']
2025-11-21 02:21:15.648 66867 INFO tempest.lib.common.dynamic_creds [-] Acquired dynamic creds: credentials: Credentials: {'domain_id': 'default', 'domain_name': 'Default', 'username': 'tempest-ServerActionsV293TestJSON-1501321181-project-member', 'project_domain_id': 'default', 'project_domain_name': 'Default', 'project_id': 'bd917b9f60d94f7cb14eefc2471e1f30', 'project_name': 'tempest-ServerActionsV293TestJSON-1501321181', 'tenant_id': 'bd917b9f60d94f7cb14eefc2471e1f30', 'tenant_name': 'tempest-ServerActionsV293TestJSON-1501321181', 'user_domain_id': 'default', 'user_domain_name': 'Default', 'user_id': '291a5a2763bc478f9f123e0e4407ec17', 'system': None}, Network: None, Subnet: None, Router: None
2025-11-21 02:21:15.657 66901 INFO tempest.lib.common.rest_client [req-ebc1225d-81af-4133-b98d-f86be9db368f req-ebc1225d-81af-4133-b98d-f86be9db368f ] Request (ServersAaction247Test:tearDownClass): 200 GET http://10.180.1.21/compute/v2.1/servers/f6d1ad47-73a4-4b7b-8d87-4f268648f6d3 0.876s
2025-11-21 02:21:15.709 66905 INFO tempest.lib.common.rest_client [req-dfcfa763-82d7-4ac4-8a8e-9f5e191f74cf req-dfcfa763-82d7-4ac4-8a8e-9f5e191f74cf ] Request (ServerRescueTestJSONUnderV235:setUpClass): 200 GET http://10.180.1.21/compute/v2.1/servers/0e2b3204-5953-4492-8a52-72a2d396fd2f 0.864s
2025-11-21 02:21:15.719 66867 INFO tempest.lib.common.rest_client [req-f18e4f96-9895-432d-9daf-efd2daa019de req-f18e4f96-9895-432d-9daf-efd2daa019de ] Request (ServerActionsV293TestJSON:setUpClass): 201 POST http://10.180.1.21/identity/v3/auth/tokens 0.070s
2025-11-21 02:21:15.745 66869 INFO tempest.lib.common.rest_client [req-99e422d9-2ddd-47b7-ad8a-baf292483906 req-99e422d9-2ddd-47b7-ad8a-baf292483906 ] Request (VolumesAssistedSnapshotsTest:_run_cleanups): 200 GET http://10.180.1.21/compute/v2.1/servers/ec16c77f-8a26-48cb-9ad5-b524350fcf0b/os-volume_attachments 0.772s
2025-11-21 02:21:15.775 66869 INFO tempest.lib.common.rest_client [req-bf32a588-47ca-4d9c-ae06-62a9107daf4f req-bf32a588-47ca-4d9c-ae06-62a9107daf4f ] Request (VolumesAssistedSnapshotsTest:_run_cleanups): 200 GET http://10.180.1.21/volume/v3/volumes/3ba7f4be-76e0-424b-907e-f11bc30c57f5 0.028s
2025-11-21 02:21:15.781 66869 INFO tempest.common.waiters [-] volume 3ba7f4be-76e0-424b-907e-f11bc30c57f5 reached available after waiting for 0.781607 seconds
2025-11-21 02:21:15.850 66869 INFO tempest.lib.common.rest_client [req-8d179b18-1bfe-4df2-9214-38b356a48d5d req-8d179b18-1bfe-4df2-9214-38b356a48d5d ] Request (VolumesAssistedSnapshotsTest:_run_cleanups): 202 DELETE http://10.180.1.21/volume/v3/volumes/3ba7f4be-76e0-424b-907e-f11bc30c57f5 0.069s
2025-11-21 02:21:15.880 66869 INFO tempest.lib.common.rest_client [req-5393bc36-3d05-4e95-9c09-f78f8e79dee6 req-5393bc36-3d05-4e95-9c09-f78f8e79dee6 ] Request (VolumesAssistedSnapshotsTest:_run_cleanups): 200 GET http://10.180.1.21/volume/v3/volumes/3ba7f4be-76e0-424b-907e-f11bc30c57f5 0.028s
2025-11-21 02:21:16.057 66867 INFO tempest.lib.common.rest_client [req-f1b7549e-8430-40d0-97ed-30e505b85015 req-f1b7549e-8430-40d0-97ed-30e505b85015 ] Request (ServerActionsV293TestJSON:setUpClass): 201 POST http://10.180.1.21/networking/v2.0/networks 0.338s
2025-11-21 02:21:16.097 66887 INFO tempest.lib.common.rest_client [req-6b8a2d52-27f4-4da5-ba48-cd5b40d63f8f req-6b8a2d52-27f4-4da5-ba48-cd5b40d63f8f ] Request (FloatingIPsAssociationTestJSON:test_associate_already_associated_floating_ip): 200 GET http://10.180.1.21/compute/v2.1/servers/a079b28c-58d6-4c63-9ef8-9d4c612da783 1.159s
2025-11-21 02:21:16.106 66887 INFO tempest.common.waiters [-] State transition "BUILD/spawning" ==> "ACTIVE/None" after 37 second wait
2025-11-21 02:21:16.187 66865 INFO tempest.lib.common.rest_client [req-cd7fff0f-f2a1-4558-bb42-63308f187f90 req-cd7fff0f-f2a1-4558-bb42-63308f187f90 ] Request (ServerExternalEventsTest:test_create_server_external_events): 200 GET http://10.180.1.21/compute/v2.1/servers/9ed068e3-a530-4000-805b-07b321db2857 1.208s
2025-11-21 02:21:16.380 66867 INFO tempest.lib.common.rest_client [req-0e0f2c6b-e103-4610-ad17-f24d3fed17a1 req-0e0f2c6b-e103-4610-ad17-f24d3fed17a1 ] Request (ServerActionsV293TestJSON:setUpClass): 201 POST http://10.180.1.21/networking/v2.0/subnets 0.322s
2025-11-21 02:21:16.438 66907 INFO tempest.lib.common.rest_client [req-4a69a877-bb85-493e-8522-5b1091992b43 req-4a69a877-bb85-493e-8522-5b1091992b43 ] Request (ServersTestBootFromVolume:setUpClass): 200 GET http://10.180.1.21/volume/v3/volumes/aa7731e1-5f85-48a8-ba90-bcee8dfc0898 0.032s
2025-11-21 02:21:16.472 66875 INFO tempest.lib.common.rest_client [req-5235d0e5-3a11-4b49-b049-b3572a978f5a req-5235d0e5-3a11-4b49-b049-b3572a978f5a ] Request (MultipleCreateTestJSON:test_multiple_create_with_reservation_return): 200 GET http://10.180.1.21/compute/v2.1/servers/0ff6a92c-b3a9-4fd3-b302-a4a4dcd56003 1.407s
2025-11-21 02:21:16.921 66869 INFO tempest.lib.common.rest_client [req-ec347fab-3bd9-47bc-a62a-8c374afe71ec req-ec347fab-3bd9-47bc-a62a-8c374afe71ec ] Request (VolumesAssistedSnapshotsTest:_run_cleanups): 200 GET http://10.180.1.21/volume/v3/volumes/3ba7f4be-76e0-424b-907e-f11bc30c57f5 0.034s
2025-11-21 02:21:17.128 66849 INFO tempest.lib.common.rest_client [req-15c4114c-dbf6-4bb1-8dca-94e3e853a043 req-15c4114c-dbf6-4bb1-8dca-94e3e853a043 ] Request (ServersNegativeTestJSON:setUpClass): 200 GET http://10.180.1.21/compute/v2.1/servers/3a7cf3f8-36cb-4074-9b61-444bc6919ec7 2.099s
2025-11-21 02:21:17.138 66849 INFO tempest.common.waiters [-] State transition "BUILD/None" ==> "BUILD/spawning" after 33 second wait
2025-11-21 02:21:17.214 66867 INFO tempest.lib.common.rest_client [req-85cfc79d-906e-430b-8c70-4d39e209a2a1 req-85cfc79d-906e-430b-8c70-4d39e209a2a1 ] Request (ServerActionsV293TestJSON:setUpClass): 201 POST http://10.180.1.21/networking/v2.0/routers 0.833s
2025-11-21 02:21:17.256 66896 INFO tempest.lib.common.rest_client [req-923214c7-f4ea-46af-af95-8e276b65249c req-923214c7-f4ea-46af-af95-8e276b65249c ] Request (DeleteServersAdminTestJSON:test_delete_server_while_in_error_state): 200 GET http://10.180.1.21/compute/v2.1/servers/0b281382-9c5a-4d87-8208-276181c1f6e6 2.048s
2025-11-21 02:21:17.269 66896 INFO tempest.common.waiters [-] State transition "ERROR/deleting" ==> "DELETED/None" after 5 second wait
2025-11-21 02:21:17.485 66907 INFO tempest.lib.common.rest_client [req-4a36571e-328e-487a-8d9c-62ef4a87dc19 req-4a36571e-328e-487a-8d9c-62ef4a87dc19 ] Request (ServersTestBootFromVolume:setUpClass): 200 GET http://10.180.1.21/volume/v3/volumes/aa7731e1-5f85-48a8-ba90-bcee8dfc0898 0.039s
2025-11-21 02:21:17.493 66907 INFO tempest.common.waiters [-] volume aa7731e1-5f85-48a8-ba90-bcee8dfc0898 reached available after waiting for 21.493300 seconds
2025-11-21 02:21:17.524 66861 INFO tempest.lib.common.rest_client [req-26406af0-1051-4300-91e8-a3662aa7d05b req-26406af0-1051-4300-91e8-a3662aa7d05b ] Request (MigrationsAdminTest:test_list_migrations_in_flavor_resize_situation): 200 GET http://10.180.1.21/compute/v2.1/servers/24e7dee3-635c-4826-bb02-dc1b72f95cd9 2.354s
2025-11-21 02:21:17.572 66903 INFO tempest.lib.common.rest_client [req-8098644d-95ca-4a29-9855-65bb837c7162 req-8098644d-95ca-4a29-9855-65bb837c7162 ] Request (KeyPairsV2TestJSON:test_keypairs_create_list_delete): 200 POST http://10.180.1.21/compute/v2.1/os-keypairs 2.186s
2025-11-21 02:21:17.795 66883 INFO tempest.lib.common.rest_client [req-a93072b1-4b45-4247-8c2c-488ce65e28ba req-a93072b1-4b45-4247-8c2c-488ce65e28ba ] Request (ServerActionsTestJSON:setUpClass): 200 GET http://10.180.1.21/compute/v2.1/servers/ffe45ff7-dba7-41b7-b2ba-1776a5936c8a 2.486s
2025-11-21 02:21:17.835 66853 INFO tempest.lib.common.rest_client [req-3c44a8f3-694e-4ecc-a794-b850f04526c2 req-3c44a8f3-694e-4ecc-a794-b850f04526c2 ] Request (ServerDiagnosticsNegativeTest:test_get_server_diagnostics_by_non_admin): 200 GET http://10.180.1.21/compute/v2.1/servers/cde0590b-87f2-4620-a44c-7d603f5eee4d 2.408s
2025-11-21 02:21:17.965 66885 INFO tempest.lib.common.rest_client [req-bf56f6f3-283c-4731-a4da-32fba6ea600c req-bf56f6f3-283c-4731-a4da-32fba6ea600c ] Request (SecurityGroupRulesNegativeTestJSON:test_create_security_group_rule_with_invalid_port_range): 200 POST http://10.180.1.21/compute/v2.1/os-security-groups 2.526s
2025-11-21 02:21:17.971 66869 INFO tempest.lib.common.rest_client [req-912563bf-4888-4a51-bc32-2535767b0a7c req-912563bf-4888-4a51-bc32-2535767b0a7c ] Request (VolumesAssistedSnapshotsTest:_run_cleanups): 200 GET http://10.180.1.21/volume/v3/volumes/3ba7f4be-76e0-424b-907e-f11bc30c57f5 0.042s
2025-11-21 02:21:18.059 66871 INFO tempest.lib.common.rest_client [req-5247161e-77b1-4bbd-a2d1-4dc8a8ae1ee3 req-5247161e-77b1-4bbd-a2d1-4dc8a8ae1ee3 ] Request (ServerDiskConfigTestJSON:test_rebuild_server_with_auto_disk_config): 200 GET http://10.180.1.21/compute/v2.1/servers/926749ff-9e7e-4464-9845-78e9ed50750c 2.551s
2025-11-21 02:21:18.085 66851 INFO tempest.lib.common.rest_client [req-986b8050-d0e9-4237-9517-f142d039920a req-986b8050-d0e9-4237-9517-f142d039920a ] Request (VolumesAdminNegativeTest:test_update_attached_volume_with_nonexistent_volume_in_uri): 200 GET http://10.180.1.21/compute/v2.1/servers/f359b97b-32fa-4122-b698-9300c2d7bf32 2.637s
2025-11-21 02:21:18.154 66859 INFO tempest.lib.common.rest_client [req-8cd37570-0219-4a3b-8ae0-440603893140 req-8cd37570-0219-4a3b-8ae0-440603893140 ] Request (DeleteServersTestJSON:test_delete_active_server): 200 GET http://10.180.1.21/compute/v2.1/servers/0a4b2d86-1e21-4d46-b85c-a4956b3cd284 2.500s
2025-11-21 02:21:18.170 66857 INFO tempest.lib.common.rest_client [req-e015c1f1-af39-439f-9219-6c0f81ff924f req-e015c1f1-af39-439f-9219-6c0f81ff924f ] Request (ImagesOneServerNegativeTestJSON:_run_cleanups): 200 GET http://10.180.1.21/compute/v2.1/servers/aa189a25-2dad-4dfd-affc-5e596ccd94ac 2.404s
2025-11-21 02:21:18.341 66879 INFO tempest.lib.common.rest_client [req-4b334f4b-e9a0-4821-b366-4ca2a492da2b req-4b334f4b-e9a0-4821-b366-4ca2a492da2b ] Request (ListServerFiltersTestJSON:setUpClass): 200 GET http://10.180.1.21/compute/v2.1/servers/1d1edb0d-fc47-4667-a281-f15498d6999f 2.353s
2025-11-21 02:21:18.384 66899 INFO tempest.lib.common.rest_client [req-6a0d5c57-c14a-4706-a8c0-b16807c487e7 req-6a0d5c57-c14a-4706-a8c0-b16807c487e7 ] Request (ServerMetadataTestJSON:tearDownClass): 200 GET http://10.180.1.21/compute/v2.1/servers/24d5d4bc-dda2-48ca-a82f-52dbdb03edde 2.359s
2025-11-21 02:21:18.422 66867 INFO tempest.lib.common.rest_client [req-c9a5a84b-7da5-4f0a-bd7a-b20a64c16363 req-c9a5a84b-7da5-4f0a-bd7a-b20a64c16363 ] Request (ServerActionsV293TestJSON:setUpClass): 200 PUT http://10.180.1.21/networking/v2.0/routers/86fb2393-a607-4c83-b502-25f4341987dc/add_router_interface 1.208s
2025-11-21 02:21:18.423 66867 INFO tempest.lib.common.dynamic_creds [-] Created isolated network resources for: credentials: Credentials: {'domain_id': 'default', 'domain_name': 'Default', 'username': 'tempest-ServerActionsV293TestJSON-1501321181-project-member', 'project_domain_id': 'default', 'project_domain_name': 'Default', 'project_id': 'bd917b9f60d94f7cb14eefc2471e1f30', 'project_name': 'tempest-ServerActionsV293TestJSON-1501321181', 'tenant_id': 'bd917b9f60d94f7cb14eefc2471e1f30', 'tenant_name': 'tempest-ServerActionsV293TestJSON-1501321181', 'user_domain_id': 'default', 'user_domain_name': 'Default', 'user_id': '291a5a2763bc478f9f123e0e4407ec17', 'system': None}, Network: {'id': '5196b022-e6a7-461b-98ea-aab1b41343db', 'name': 'tempest-ServerActionsV293TestJSON-1901242833-network', 'tenant_id': 'bd917b9f60d94f7cb14eefc2471e1f30', 'project_id': 'bd917b9f60d94f7cb14eefc2471e1f30', 'admin_state_up': True, 'mtu': 8950, 'status': 'ACTIVE', 'subnets': [], 'shared': False, 'port_security_enabled': True, 'router:external': False, 'provider:network_type': 'vlan', 'provider:physical_network': 'default', 'provider:segmentation_id': 28, 'availability_zone_hints': [], 'availability_zones': [], 'ipv4_address_scope': None, 'ipv6_address_scope': None, 'description': '', 'tags': [], 'created_at': '2025-11-21T02:21:15Z', 'updated_at': '2025-11-21T02:21:15Z', 'revision_number': 1}, Subnet: {'id': 'd9d0ded2-8e1c-4ba1-9f0d-dd159bff488b', 'name': 'tempest-ServerActionsV293TestJSON-1901242833-subnet', 'tenant_id': 'bd917b9f60d94f7cb14eefc2471e1f30', 'network_id': '5196b022-e6a7-461b-98ea-aab1b41343db', 'ip_version': 4, 'subnetpool_id': None, 'enable_dhcp': True, 'ipv6_ra_mode': None, 'ipv6_address_mode': None, 'gateway_ip': '192.168.128.1', 'cidr': '192.168.128.0/28', 'allocation_pools': [{'start': '192.168.128.2', 'end': '192.168.128.14'}], 'host_routes': [], 'dns_nameservers': [], 'description': '', 'router:external': False, 'service_types': [], 'tags': [], 'created_at': '2025-11-21T02:21:16Z', 'updated_at': '2025-11-21T02:21:16Z', 'revision_number': 0, 'project_id': 'bd917b9f60d94f7cb14eefc2471e1f30'}, Router: {'id': '86fb2393-a607-4c83-b502-25f4341987dc', 'name': 'tempest-ServerActionsV293TestJSON-1901242833-router', 'tenant_id': 'bd917b9f60d94f7cb14eefc2471e1f30', 'admin_state_up': True, 'status': 'ACTIVE', 'external_gateway_info': {'network_id': '60a74e1c-f6d7-42b6-9933-8382b495c177', 'external_fixed_ips': [{'subnet_id': '1e06ff4f-41a8-408f-ae7c-633afc7eab8f', 'ip_address': '10.180.180.152'}], 'enable_snat': True}, 'description': '', 'availability_zones': [], 'distributed': False, 'ha': False, 'availability_zone_hints': [], 'routes': [], 'flavor_id': None, 'tags': [], 'created_at': '2025-11-21T02:21:16Z', 'updated_at': '2025-11-21T02:21:16Z', 'revision_number': 2, 'project_id': 'bd917b9f60d94f7cb14eefc2471e1f30'}
2025-11-21 02:21:18.523 66891 INFO tempest.lib.common.rest_client [req-39e8ae30-80f6-4031-8e8a-371d346659dc req-39e8ae30-80f6-4031-8e8a-371d346659dc ] Request (ListServersNegativeTestJSON:tearDownClass): 200 GET http://10.180.1.21/compute/v2.1/servers/e279d81b-3200-40a8-967a-04d3fe34ee9b 2.348s
2025-11-21 02:21:18.559 66867 INFO tempest.lib.common.rest_client [req-b7265965-7f2b-418f-b835-73db2c983570 req-b7265965-7f2b-418f-b835-73db2c983570 ] Request (ServerActionsV293TestJSON:setUpClass): 201 POST http://10.180.1.21/identity/v3/auth/tokens 0.131s
2025-11-21 02:21:18.608 66855 INFO tempest.lib.common.rest_client [req-4eec3ba2-b348-4e19-8bff-aa9a1df966e1 req-4eec3ba2-b348-4e19-8bff-aa9a1df966e1 ] Request (ServersAdminTestJSON:setUpClass): 200 GET http://10.180.1.21/compute/v2.1/servers/2f1457bf-4d26-4be2-8f8a-00b4e8656518 2.409s
2025-11-21 02:21:18.686 66897 INFO tempest.lib.common.rest_client [req-55bcc969-c506-436b-9309-a6636d75ed1a req-55bcc969-c506-436b-9309-a6636d75ed1a ] Request (ServersAdminNegativeTestJSON:test_migrate_server_invalid_state): 200 GET http://10.180.1.21/compute/v2.1/servers/ab514ff8-f675-4898-823a-4f58a8b5735a 2.420s
2025-11-21 02:21:18.694 66897 INFO tempest.common.waiters [-] State transition "BUILD/scheduling" ==> "BUILD/None" after 27 second wait
2025-11-21 02:21:18.798 66873 INFO tempest.lib.common.rest_client [req-cf140f71-2ffb-4606-846b-2f7cd61d355e req-cf140f71-2ffb-4606-846b-2f7cd61d355e ] Request (ServerDiagnosticsV248Test:tearDownClass): 200 GET http://10.180.1.21/compute/v2.1/servers/08c3c037-85f1-49ef-9eb2-3b70ef4440f0 2.475s
2025-11-21 02:21:18.890 66877 INFO tempest.lib.common.rest_client [req-38b57c61-2c80-4216-a4ea-de975dad2843 req-38b57c61-2c80-4216-a4ea-de975dad2843 ] Request (ImagesTestJSON:test_create_image_from_suspended_server): 200 GET http://10.180.1.21/compute/v2.1/servers/52f7e78a-d25a-4b24-b349-9c3593c25b31 2.521s
2025-11-21 02:21:18.962 66863 INFO tempest.lib.common.rest_client [req-2b48d7e2-0dc4-46e4-a287-7e926311a860 req-2b48d7e2-0dc4-46e4-a287-7e926311a860 ] Request (ServersTestJSON:test_create_server_specify_multibyte_character_name): 200 GET http://10.180.1.21/compute/v2.1/servers/8d7a94cf-dd54-4f5e-a142-4894fb31d747 2.482s
2025-11-21 02:21:19.004 66869 INFO tempest.lib.common.rest_client [req-ff965e6b-dec5-49d8-ae33-0fdc4f6a1853 req-ff965e6b-dec5-49d8-ae33-0fdc4f6a1853 ] Request (VolumesAssistedSnapshotsTest:_run_cleanups): 404 GET http://10.180.1.21/volume/v3/volumes/3ba7f4be-76e0-424b-907e-f11bc30c57f5 0.018s
2025-11-21 02:21:19.024 66909 INFO tempest.lib.common.rest_client [req-711df387-f7fa-4dd7-b0d5-eba1ac03c436 req-711df387-f7fa-4dd7-b0d5-eba1ac03c436 ] Request (ServersTestManualDisk:setUpClass): 200 GET http://10.180.1.21/compute/v2.1/servers/1ef47f44-ff48-4bd0-9983-89e66f03e217 2.462s
2025-11-21 02:21:19.047 66889 INFO tempest.lib.common.rest_client [req-572bca51-ebaf-4c9f-83d0-b78430370824 req-572bca51-ebaf-4c9f-83d0-b78430370824 ] Request (ServerPasswordTestJSON:tearDownClass): 404 GET http://10.180.1.21/compute/v2.1/servers/bc5e389f-916a-43c6-b01e-f3d7fa257603 2.470s
2025-11-21 02:21:19.408 66881 INFO tempest.lib.common.rest_client [req-8dcc07e7-a994-4192-ba86-892e5df0f942 req-8dcc07e7-a994-4192-ba86-892e5df0f942 ] Request (ServersV294TestFqdnHostnames:setUpClass): 200 GET http://10.180.1.21/compute/v2.1/servers/de2f7bb1-7573-4e73-8248-0de75b300af2 2.753s
2025-11-21 02:21:19.516 66901 INFO tempest.lib.common.rest_client [req-b203ad5e-b873-4faf-8157-dd1f93c29c93 req-b203ad5e-b873-4faf-8157-dd1f93c29c93 ] Request (ServersAaction247Test:tearDownClass): 200 GET http://10.180.1.21/compute/v2.1/servers/f6d1ad47-73a4-4b7b-8d87-4f268648f6d3 2.848s
2025-11-21 02:21:19.624 66905 INFO tempest.lib.common.rest_client [req-dd73ffe4-baa6-4459-8b30-16984365bac7 req-dd73ffe4-baa6-4459-8b30-16984365bac7 ] Request (ServerRescueTestJSONUnderV235:setUpClass): 200 GET http://10.180.1.21/compute/v2.1/servers/0e2b3204-5953-4492-8a52-72a2d396fd2f 2.907s
2025-11-21 02:21:19.724 66865 INFO tempest.lib.common.rest_client [req-8875dcc6-1e61-459d-9b97-c96885f4b640 req-8875dcc6-1e61-459d-9b97-c96885f4b640 ] Request (ServerExternalEventsTest:test_create_server_external_events): 200 GET http://10.180.1.21/compute/v2.1/servers/9ed068e3-a530-4000-805b-07b321db2857 2.526s
2025-11-21 02:21:19.772 66887 INFO tempest.lib.common.rest_client [req-0ae8f7cf-f1e0-4079-96cf-fcfadaee8bbb req-0ae8f7cf-f1e0-4079-96cf-fcfadaee8bbb ] Request (FloatingIPsAssociationTestJSON:test_associate_already_associated_floating_ip): 202 POST http://10.180.1.21/compute/v2.1/servers/46af7146-bb98-48bf-8902-cdde40747ac0/action 3.665s
2025-11-21 02:21:19.789 66875 INFO tempest.lib.common.rest_client [req-f6ae1a1e-957e-4ead-99cf-5f7893301369 req-f6ae1a1e-957e-4ead-99cf-5f7893301369 ] Request (MultipleCreateTestJSON:test_multiple_create_with_reservation_return): 200 GET http://10.180.1.21/compute/v2.1/servers/0ff6a92c-b3a9-4fd3-b302-a4a4dcd56003 2.308s
2025-11-21 02:21:19.806 66903 INFO tempest.lib.common.rest_client [req-d22d2d80-5efa-4a41-bb41-416d7b7c4031 req-d22d2d80-5efa-4a41-bb41-416d7b7c4031 ] Request (KeyPairsV2TestJSON:test_keypairs_create_list_delete): 200 GET http://10.180.1.21/compute/v2.1/os-keypairs 2.232s
2025-11-21 02:21:19.854 66885 INFO tempest.lib.common.rest_client [req-899dbebc-a098-49de-92e5-a1168024f1b5 req-899dbebc-a098-49de-92e5-a1168024f1b5 ] Request (SecurityGroupRulesNegativeTestJSON:test_create_security_group_rule_with_invalid_port_range): 400 POST http://10.180.1.21/compute/v2.1/os-security-group-rules 1.886s
2025-11-21 02:21:19.868 66889 INFO tempest.lib.common.rest_client [req-ce461af7-db6f-4435-842e-159a946a4727 req-ce461af7-db6f-4435-842e-159a946a4727 ] Request (ServerPasswordTestJSON:tearDownClass): 200 PUT http://10.180.1.21/networking/v2.0/routers/09ed39d1-2fcd-4519-8894-1e8ccd945798/remove_router_interface 0.821s
2025-11-21 02:21:20.082 66849 INFO tempest.lib.common.rest_client [req-e20a1f9d-c647-4500-99db-9689bac817d2 req-e20a1f9d-c647-4500-99db-9689bac817d2 ] Request (ServersNegativeTestJSON:setUpClass): 200 GET http://10.180.1.21/compute/v2.1/servers/3a7cf3f8-36cb-4074-9b61-444bc6919ec7 1.942s
2025-11-21 02:21:20.201 66896 INFO tempest.lib.common.rest_client [req-ae6b4ce0-3685-42c6-bf84-410d73f17f94 req-ae6b4ce0-3685-42c6-bf84-410d73f17f94 ] Request (DeleteServersAdminTestJSON:test_delete_server_while_in_error_state): 200 GET http://10.180.1.21/compute/v2.1/servers/0b281382-9c5a-4d87-8208-276181c1f6e6 1.931s
2025-11-21 02:21:20.391 66861 INFO tempest.lib.common.rest_client [req-1f667fc9-ff80-402c-b9ed-7ca818a94bfb req-1f667fc9-ff80-402c-b9ed-7ca818a94bfb ] Request (MigrationsAdminTest:test_list_migrations_in_flavor_resize_situation): 200 GET http://10.180.1.21/compute/v2.1/servers/24e7dee3-635c-4826-bb02-dc1b72f95cd9 1.850s
2025-11-21 02:21:20.436 66889 INFO tempest.lib.common.rest_client [req-9138655b-0a5b-4c5e-bbb5-0ded32726b8f req-9138655b-0a5b-4c5e-bbb5-0ded32726b8f ] Request (ServerPasswordTestJSON:tearDownClass): 204 DELETE http://10.180.1.21/networking/v2.0/routers/09ed39d1-2fcd-4519-8894-1e8ccd945798 0.568s
2025-11-21 02:21:20.478 66907 INFO tempest.lib.common.rest_client [req-d94ce5ed-899e-47fa-8b07-77df26518fd8 req-d94ce5ed-899e-47fa-8b07-77df26518fd8 ] Request (ServersTestBootFromVolume:setUpClass): 202 POST http://10.180.1.21/compute/v2.1/servers 2.985s
2025-11-21 02:21:20.575 66867 INFO tempest.lib.common.rest_client [req-9f3c329d-5e6c-45cf-8968-b82eb654b97e req-9f3c329d-5e6c-45cf-8968-b82eb654b97e ] Request (ServerActionsV293TestJSON:setUpClass): 201 POST http://10.180.1.21/compute/v2.1/os-keypairs 2.014s
2025-11-21 02:21:20.653 66889 INFO tempest.lib.common.rest_client [req-a630cf58-304f-451c-9a91-493ec42e430e req-a630cf58-304f-451c-9a91-493ec42e430e ] Request (ServerPasswordTestJSON:tearDownClass): 204 DELETE http://10.180.1.21/networking/v2.0/subnets/d68ab9c1-7e0a-49f8-987b-1a83f9b29bc5 0.216s
2025-11-21 02:21:20.707 66883 INFO tempest.lib.common.rest_client [req-d1bc261e-e5c4-4406-942b-aaac008577ac req-d1bc261e-e5c4-4406-942b-aaac008577ac ] Request (ServerActionsTestJSON:setUpClass): 200 GET http://10.180.1.21/compute/v2.1/servers/ffe45ff7-dba7-41b7-b2ba-1776a5936c8a 1.901s
2025-11-21 02:21:20.738 66867 INFO tempest.lib.common.rest_client [req-68d6eb4d-81be-4e23-be93-c02532d6deb6 req-68d6eb4d-81be-4e23-be93-c02532d6deb6 ] Request (ServerActionsV293TestJSON:setUpClass): 201 POST http://10.180.1.21/networking/v2.0/security-groups 0.161s
2025-11-21 02:21:20.817 66869 INFO tempest.lib.common.rest_client [req-e265ee7a-c987-4035-9aef-97b30a3cbd09 req-e265ee7a-c987-4035-9aef-97b30a3cbd09 ] Request (VolumesAssistedSnapshotsTest:tearDownClass): 204 DELETE http://10.180.1.21/compute/v2.1/servers/ec16c77f-8a26-48cb-9ad5-b524350fcf0b 1.801s
2025-11-21 02:21:20.834 66867 INFO tempest.lib.common.rest_client [req-57e3457a-c68c-47bc-aba3-b86689af34f9 req-57e3457a-c68c-47bc-aba3-b86689af34f9 ] Request (ServerActionsV293TestJSON:setUpClass): 201 POST http://10.180.1.21/networking/v2.0/security-group-rules 0.095s
2025-11-21 02:21:20.872 66853 INFO tempest.lib.common.rest_client [req-f4ece921-4ff4-429c-9e0e-7a87ca1683f9 req-f4ece921-4ff4-429c-9e0e-7a87ca1683f9 ] Request (ServerDiagnosticsNegativeTest:test_get_server_diagnostics_by_non_admin): 200 GET http://10.180.1.21/compute/v2.1/servers/cde0590b-87f2-4620-a44c-7d603f5eee4d 2.024s
2025-11-21 02:21:20.937 66867 INFO tempest.lib.common.rest_client [req-26d1328b-7525-4ebe-b3e1-9d4f916fad47 req-26d1328b-7525-4ebe-b3e1-9d4f916fad47 ] Request (ServerActionsV293TestJSON:setUpClass): 201 POST http://10.180.1.21/networking/v2.0/security-group-rules 0.103s
2025-11-21 02:21:20.963 66871 INFO tempest.lib.common.rest_client [req-1e19765d-beea-4ceb-94b1-2d57ee9c499a req-1e19765d-beea-4ceb-94b1-2d57ee9c499a ] Request (ServerDiskConfigTestJSON:test_rebuild_server_with_auto_disk_config): 200 GET http://10.180.1.21/compute/v2.1/servers/926749ff-9e7e-4464-9845-78e9ed50750c 1.896s
2025-11-21 02:21:21.006 66859 INFO tempest.lib.common.rest_client [req-ef5bcc5b-cf7d-4e01-857a-35f0f6db56c2 req-ef5bcc5b-cf7d-4e01-857a-35f0f6db56c2 ] Request (DeleteServersTestJSON:test_delete_active_server): 404 GET http://10.180.1.21/compute/v2.1/servers/0a4b2d86-1e21-4d46-b85c-a4956b3cd284 1.844s
2025-11-21 02:21:21.029 66889 INFO tempest.lib.common.rest_client [req-c9829f40-0dc8-406c-b7ff-fbad621f7dc6 req-c9829f40-0dc8-406c-b7ff-fbad621f7dc6 ] Request (ServerPasswordTestJSON:tearDownClass): 204 DELETE http://10.180.1.21/networking/v2.0/networks/8e03ba10-b3c5-4e35-a5ef-a4ef16ef0188 0.375s
2025-11-21 02:21:21.080 66857 INFO tempest.lib.common.rest_client [req-a38eb019-843f-45dc-9893-094487b6b504 req-a38eb019-843f-45dc-9893-094487b6b504 ] Request (ImagesOneServerNegativeTestJSON:_run_cleanups): 200 GET http://10.180.1.21/compute/v2.1/servers/aa189a25-2dad-4dfd-affc-5e596ccd94ac 1.900s
2025-11-21 02:21:21.081 66851 INFO tempest.lib.common.rest_client [req-d0964770-f915-446c-8d86-35f4df3cd5ed req-d0964770-f915-446c-8d86-35f4df3cd5ed ] Request (VolumesAdminNegativeTest:test_update_attached_volume_with_nonexistent_volume_in_uri): 200 GET http://10.180.1.21/compute/v2.1/servers/f359b97b-32fa-4122-b698-9300c2d7bf32 1.979s
2025-11-21 02:21:21.088 66851 INFO tempest.common.waiters [-] State transition "BUILD/spawning" ==> "ACTIVE/None" after 41 second wait
2025-11-21 02:21:21.122 66859 INFO tempest.lib.common.rest_client [req-edd8b5b5-c103-4b7c-9fc4-c5a553e73d4f req-edd8b5b5-c103-4b7c-9fc4-c5a553e73d4f ] Request (DeleteServersTestJSON:test_delete_server_while_in_attached_volume): 201 POST http://10.180.1.21/identity/v3/auth/tokens 0.110s
2025-11-21 02:21:21.122 66859 INFO tempest.lib.common.fixed_network [-] (DeleteServersTestJSON:test_delete_server_while_in_attached_volume) Found network {'id': '948862bf-46d5-480d-ad08-bdc3445477b9', 'name': 'tempest-DeleteServersTestJSON-1068744364-network', 'tenant_id': 'a3c454343cc74d9b910a870866d929bd', 'project_id': 'a3c454343cc74d9b910a870866d929bd', 'admin_state_up': True, 'mtu': 8950, 'status': 'ACTIVE', 'subnets': [], 'shared': False, 'port_security_enabled': True, 'router:external': False, 'provider:network_type': 'vlan', 'provider:physical_network': 'default', 'provider:segmentation_id': 608, 'availability_zone_hints': [], 'availability_zones': [], 'ipv4_address_scope': None, 'ipv6_address_scope': None, 'description': '', 'tags': [], 'created_at': '2025-11-21T02:19:48Z', 'updated_at': '2025-11-21T02:19:48Z', 'revision_number': 1} available for tenant
2025-11-21 02:21:21.152 66879 INFO tempest.lib.common.rest_client [req-3b195f3b-70cd-48a9-b36d-b5d72e02a6f2 req-3b195f3b-70cd-48a9-b36d-b5d72e02a6f2 ] Request (ListServerFiltersTestJSON:setUpClass): 200 GET http://10.180.1.21/compute/v2.1/servers/1d1edb0d-fc47-4667-a281-f15498d6999f 1.797s
2025-11-21 02:21:21.164 66889 INFO tempest.lib.common.rest_client [req-11d549b7-c4ee-4561-ab10-14f02cf1b92b req-11d549b7-c4ee-4561-ab10-14f02cf1b92b ] Request (ServerPasswordTestJSON:tearDownClass): 204 DELETE http://10.180.1.21/identity/v3/users/8f98c7553bd14fd1bd16e6cf5ab524de 0.135s
2025-11-21 02:21:21.164 66889 INFO tempest.lib.common.dynamic_creds [-] Deleting project and security group for project: 2dc1a8328f29401c9f81db61b1c77ede
2025-11-21 02:21:21.176 66899 INFO tempest.lib.common.rest_client [req-6b91e4be-3111-479c-9540-e70ac9b2d25f req-6b91e4be-3111-479c-9540-e70ac9b2d25f ] Request (ServerMetadataTestJSON:tearDownClass): 200 GET http://10.180.1.21/compute/v2.1/servers/24d5d4bc-dda2-48ca-a82f-52dbdb03edde 1.780s
2025-11-21 02:21:21.185 66899 INFO tempest.common.waiters [-] State transition "ACTIVE/deleting" ==> "DELETED/None" after 6 second wait
2025-11-21 02:21:21.231 66889 INFO tempest.lib.common.rest_client [req-6106b425-d35a-4961-bb9b-c980e233ceb9 req-6106b425-d35a-4961-bb9b-c980e233ceb9 ] Request (ServerPasswordTestJSON:tearDownClass): 200 GET http://10.180.1.21/networking/v2.0/security-groups?tenant_id=2dc1a8328f29401c9f81db61b1c77ede&name=default 0.067s
2025-11-21 02:21:21.263 66891 INFO tempest.lib.common.rest_client [req-3f22e62d-cc5d-4bca-bd20-ba7566605ea5 req-3f22e62d-cc5d-4bca-bd20-ba7566605ea5 ] Request (ListServersNegativeTestJSON:tearDownClass): 200 GET http://10.180.1.21/compute/v2.1/servers/e279d81b-3200-40a8-967a-04d3fe34ee9b 1.725s
2025-11-21 02:21:21.281 66855 INFO tempest.lib.common.rest_client [req-32502135-fbb2-45d1-a01a-4cf84e1fcdc8 req-32502135-fbb2-45d1-a01a-4cf84e1fcdc8 ] Request (ServersAdminTestJSON:setUpClass): 200 GET http://10.180.1.21/compute/v2.1/servers/2f1457bf-4d26-4be2-8f8a-00b4e8656518 1.664s
2025-11-21 02:21:21.293 66855 INFO tempest.common.waiters [-] State transition "BUILD/scheduling" ==> "BUILD/None" after 27 second wait
2025-11-21 02:21:21.297 66851 INFO tempest.lib.common.rest_client [req-0ead0cb7-4cc1-4556-92d7-4ebd878c7378 req-0ead0cb7-4cc1-4556-92d7-4ebd878c7378 ] Request (VolumesAdminNegativeTest:test_update_attached_volume_with_nonexistent_volume_in_uri): 202 POST http://10.180.1.21/volume/v3/volumes 0.207s
2025-11-21 02:21:21.337 66851 INFO tempest.lib.common.rest_client [req-ce0e06cb-cf1c-4d3c-8890-c699708e8808 req-ce0e06cb-cf1c-4d3c-8890-c699708e8808 ] Request (VolumesAdminNegativeTest:test_update_attached_volume_with_nonexistent_volume_in_uri): 200 GET http://10.180.1.21/volume/v3/volumes/be4534f5-709c-406e-a548-39b20c048dfd 0.032s
2025-11-21 02:21:21.409 66889 INFO tempest.lib.common.rest_client [req-e0aa9d07-ebbc-4f7c-ab37-a0033e9a67c5 req-e0aa9d07-ebbc-4f7c-ab37-a0033e9a67c5 ] Request (ServerPasswordTestJSON:tearDownClass): 204 DELETE http://10.180.1.21/networking/v2.0/security-groups/96893623-1913-4658-8960-6e93015a062e 0.177s
2025-11-21 02:21:21.430 66911 WARNING tempest.lib.common.ssh [-] Failed to establish authenticated ssh connection to cirros@10.180.180.225 ([Errno None] Unable to connect to port 22 on 10.180.180.225). Number attempts: 6. Retry after 7 seconds.: paramiko.ssh_exception.NoValidConnectionsError: [Errno None] Unable to connect to port 22 on 10.180.180.225
2025-11-21 02:21:21.441 66897 INFO tempest.lib.common.rest_client [req-26f1b84c-a659-43d9-80af-3da956281a1d req-26f1b84c-a659-43d9-80af-3da956281a1d ] Request (ServersAdminNegativeTestJSON:test_migrate_server_invalid_state): 200 GET http://10.180.1.21/compute/v2.1/servers/ab514ff8-f675-4898-823a-4f58a8b5735a 1.747s
2025-11-21 02:21:21.463 66903 INFO tempest.lib.common.rest_client [req-a4a79e6b-545e-4169-ae21-c53a5c53ea5d req-a4a79e6b-545e-4169-ae21-c53a5c53ea5d ] Request (KeyPairsV2TestJSON:_run_cleanups): 202 DELETE http://10.180.1.21/compute/v2.1/os-keypairs/tempest-KeyPairsV2TestJSON-keypair-1231219754 1.654s
2025-11-21 02:21:21.565 66873 INFO tempest.lib.common.rest_client [req-a3813d2f-3de2-4130-9761-383b1633047c req-a3813d2f-3de2-4130-9761-383b1633047c ] Request (ServerDiagnosticsV248Test:tearDownClass): 200 GET http://10.180.1.21/compute/v2.1/servers/08c3c037-85f1-49ef-9eb2-3b70ef4440f0 1.748s
2025-11-21 02:21:21.586 66889 INFO tempest.lib.common.rest_client [req-c375dc84-d9a3-4df6-98db-dc415443ab43 req-c375dc84-d9a3-4df6-98db-dc415443ab43 ] Request (ServerPasswordTestJSON:tearDownClass): 204 DELETE http://10.180.1.21/identity/v3/projects/2dc1a8328f29401c9f81db61b1c77ede 0.176s
2025-11-21 02:21:21.640 66867 INFO tempest.lib.common.rest_client [req-2895756f-a1a1-4600-9b3f-e557d32baedc req-2895756f-a1a1-4600-9b3f-e557d32baedc ] Request (ServerActionsV293TestJSON:setUpClass): 201 POST http://10.180.1.21/networking/v2.0/floatingips 0.701s
2025-11-21 02:21:21.672 66889 INFO tempest.lib.common.rest_client [req-224c2316-3e33-4556-8384-0e8886c9e9ce req-224c2316-3e33-4556-8384-0e8886c9e9ce ] Request (ExtensionsTest:setUpClass): 201 POST http://10.180.1.21/identity/v3/auth/tokens 0.083s
2025-11-21 02:21:21.708 66889 INFO tempest.lib.common.rest_client [req-b7a85bb0-19e5-4389-89b1-3e7f32355367 req-b7a85bb0-19e5-4389-89b1-3e7f32355367 ] Request (ExtensionsTest:setUpClass): 201 POST http://10.180.1.21/identity/v3/auth/tokens 0.033s
2025-11-21 02:21:21.720 66867 INFO tempest.lib.common.rest_client [req-1fbe2c90-f1f7-47d1-9a96-87793d05442c req-1fbe2c90-f1f7-47d1-9a96-87793d05442c ] Request (ServerActionsV293TestJSON:setUpClass): 201 POST http://10.180.1.21/identity/v3/auth/tokens 0.075s
2025-11-21 02:21:21.720 66867 INFO tempest.lib.common.fixed_network [-] (ServerActionsV293TestJSON:setUpClass) Found network {'id': '5196b022-e6a7-461b-98ea-aab1b41343db', 'name': 'tempest-ServerActionsV293TestJSON-1901242833-network', 'tenant_id': 'bd917b9f60d94f7cb14eefc2471e1f30', 'project_id': 'bd917b9f60d94f7cb14eefc2471e1f30', 'admin_state_up': True, 'mtu': 8950, 'status': 'ACTIVE', 'subnets': [], 'shared': False, 'port_security_enabled': True, 'router:external': False, 'provider:network_type': 'vlan', 'provider:physical_network': 'default', 'provider:segmentation_id': 28, 'availability_zone_hints': [], 'availability_zones': [], 'ipv4_address_scope': None, 'ipv6_address_scope': None, 'description': '', 'tags': [], 'created_at': '2025-11-21T02:21:15Z', 'updated_at': '2025-11-21T02:21:15Z', 'revision_number': 1} available for tenant
2025-11-21 02:21:21.748 66889 INFO tempest.lib.common.rest_client [req-36010fec-e489-493f-bac2-2dd8866ba6f7 req-36010fec-e489-493f-bac2-2dd8866ba6f7 ] Request (ExtensionsTest:setUpClass): 200 GET http://10.180.1.21/identity/v3/domains?name=Default 0.038s
2025-11-21 02:21:21.766 66885 INFO tempest.lib.common.rest_client [req-49554dcd-33ff-4145-a9da-f1d0ca1272fe req-49554dcd-33ff-4145-a9da-f1d0ca1272fe ] Request (SecurityGroupRulesNegativeTestJSON:test_create_security_group_rule_with_invalid_to_port): 200 POST http://10.180.1.21/compute/v2.1/os-security-groups 1.910s
2025-11-21 02:21:21.795 66889 INFO tempest.lib.common.rest_client [req-7abbfcb1-f5da-4a61-9ce7-e8fe8fca3b8a req-7abbfcb1-f5da-4a61-9ce7-e8fe8fca3b8a ] Request (ExtensionsTest:setUpClass): 201 POST http://10.180.1.21/identity/v3/projects 0.046s
2025-11-21 02:21:21.883 66889 INFO tempest.lib.common.rest_client [req-ea8ef8aa-d0b8-4e57-9f2a-3465f24662d1 req-ea8ef8aa-d0b8-4e57-9f2a-3465f24662d1 ] Request (ExtensionsTest:setUpClass): 201 POST http://10.180.1.21/identity/v3/users 0.087s
2025-11-21 02:21:21.907 66889 INFO tempest.lib.common.rest_client [req-77958bd4-fdba-4332-a245-a5e346dbbbc4 req-77958bd4-fdba-4332-a245-a5e346dbbbc4 ] Request (ExtensionsTest:setUpClass): 200 GET http://10.180.1.21/identity/v3/roles 0.023s
2025-11-21 02:21:21.942 66889 INFO tempest.lib.common.rest_client [req-255d126e-b3aa-4c0e-906a-ee3c38ed59e1 req-255d126e-b3aa-4c0e-906a-ee3c38ed59e1 ] Request (ExtensionsTest:setUpClass): 204 PUT http://10.180.1.21/identity/v3/projects/9226448ca769497a9da91ce507f6fdd2/users/8009d7badd5a4f3ba8d06d215c54d0e6/roles/628c4edba4a04938aaa97647acbe87ad 0.035s
2025-11-21 02:21:21.943 66889 INFO tempest.lib.common.dynamic_creds [-] Dynamic test user 8009d7badd5a4f3ba8d06d215c54d0e6 is created with scope project and roles: ['member']
2025-11-21 02:21:21.943 66889 INFO tempest.lib.common.dynamic_creds [-] Acquired dynamic creds: credentials: Credentials: {'domain_id': 'default', 'domain_name': 'Default', 'username': 'tempest-ExtensionsTest-1434476473-project-member', 'project_domain_id': 'default', 'project_domain_name': 'Default', 'project_id': '9226448ca769497a9da91ce507f6fdd2', 'project_name': 'tempest-ExtensionsTest-1434476473', 'tenant_id': '9226448ca769497a9da91ce507f6fdd2', 'tenant_name': 'tempest-ExtensionsTest-1434476473', 'user_domain_id': 'default', 'user_domain_name': 'Default', 'user_id': '8009d7badd5a4f3ba8d06d215c54d0e6', 'system': None}, Network: None, Subnet: None, Router: None
2025-11-21 02:21:21.943 66889 INFO tempest.lib.common.dynamic_creds [-] Created isolated network resources for: credentials: Credentials: {'domain_id': 'default', 'domain_name': 'Default', 'username': 'tempest-ExtensionsTest-1434476473-project-member', 'project_domain_id': 'default', 'project_domain_name': 'Default', 'project_id': '9226448ca769497a9da91ce507f6fdd2', 'project_name': 'tempest-ExtensionsTest-1434476473', 'tenant_id': '9226448ca769497a9da91ce507f6fdd2', 'tenant_name': 'tempest-ExtensionsTest-1434476473', 'user_domain_id': 'default', 'user_domain_name': 'Default', 'user_id': '8009d7badd5a4f3ba8d06d215c54d0e6', 'system': None}, Network: None, Subnet: None, Router: None
2025-11-21 02:21:22.003 66867 INFO tempest.lib.common.rest_client [req-61aa9dc9-6046-4234-8982-17e477697a2d req-61aa9dc9-6046-4234-8982-17e477697a2d ] Request (ServerActionsV293TestJSON:setUpClass): 202 POST http://10.180.1.21/volume/v3/volumes 0.282s
2025-11-21 02:21:22.051 66889 INFO tempest.lib.common.rest_client [req-d0e7f172-7466-4c05-9a43-b95572f2ee43 req-d0e7f172-7466-4c05-9a43-b95572f2ee43 ] Request (ExtensionsTest:setUpClass): 201 POST http://10.180.1.21/identity/v3/auth/tokens 0.103s
2025-11-21 02:21:22.056 66867 INFO tempest.lib.common.rest_client [req-1b1bc1f8-9a5a-40ef-8631-d69673579924 req-1b1bc1f8-9a5a-40ef-8631-d69673579924 ] Request (ServerActionsV293TestJSON:setUpClass): 200 GET http://10.180.1.21/volume/v3/volumes/51dbcaa0-39b1-449a-8993-a015c2c7dfd5 0.041s
2025-11-21 02:21:22.135 66877 INFO tempest.lib.common.rest_client [req-4576b869-924b-411f-8a9b-145ce85cc240 req-4576b869-924b-411f-8a9b-145ce85cc240 ] Request (ImagesTestJSON:test_create_image_from_suspended_server): 200 GET http://10.180.1.21/compute/v2.1/servers/52f7e78a-d25a-4b24-b349-9c3593c25b31 2.233s
2025-11-21 02:21:22.391 66851 INFO tempest.lib.common.rest_client [req-ff34ede7-5fc9-48cb-9ced-2647e9ac01cc req-ff34ede7-5fc9-48cb-9ced-2647e9ac01cc ] Request (VolumesAdminNegativeTest:test_update_attached_volume_with_nonexistent_volume_in_uri): 200 GET http://10.180.1.21/volume/v3/volumes/be4534f5-709c-406e-a548-39b20c048dfd 0.044s
