2025-12-13 05:23:19.399 65522 INFO tempest.lib.common.rest_client [req-f3c5e973-bad2-4351-be73-7f1785c51f49 req-f3c5e973-bad2-4351-be73-7f1785c51f49 ] Request (VolumesAssistedSnapshotsTest:_run_cleanups): 200 GET http://10.180.1.21/volume/v3/volumes/8349f9c0-26b0-458d-9438-e31251f4af77 0.045s
2025-12-13 05:23:19.400 65510 INFO tempest.lib.common.rest_client [req-3219a28c-89bc-4dbe-b780-c610f1660e39 req-3219a28c-89bc-4dbe-b780-c610f1660e39 ] Request (ServersAdmin275Test:_run_cleanups): 200 GET http://10.180.1.21/compute/v2.1/servers/6d36925f-56c9-48a5-81d7-3acf5b2bf972 3.030s
2025-12-13 05:23:19.414 65526 INFO tempest.lib.common.rest_client [req-eb33ee1a-c225-42cd-9a53-f23fbfe09a02 req-eb33ee1a-c225-42cd-9a53-f23fbfe09a02 ] Request (ServerGroupTestJSON:setUpClass): 200 GET http://10.180.1.21/identity/v3/roles 0.041s
2025-12-13 05:23:19.451 65526 INFO tempest.lib.common.rest_client [req-658e1bfd-3f7c-4d48-9a8d-37871a0f0ee1 req-658e1bfd-3f7c-4d48-9a8d-37871a0f0ee1 ] Request (ServerGroupTestJSON:setUpClass): 204 PUT http://10.180.1.21/identity/v3/projects/d9f40171f98941e18dd883627b4324ee/users/cd136026d88345eebae5dc0f4357b8d9/roles/2f8d1a60dd314c8f8cd332f9c70155ca 0.035s
2025-12-13 05:23:19.451 65490 INFO tempest.lib.common.rest_client [req-9754c4e4-88ff-45f8-a2e6-ba9669026f5b req-9754c4e4-88ff-45f8-a2e6-ba9669026f5b ] Request (ImagesOneServerTestJSON:test_create_delete_image): 200 GET http://10.180.1.21/compute/v2.1/flavors/42 2.710s
2025-12-13 05:23:19.451 65526 INFO tempest.lib.common.dynamic_creds [-] Dynamic test user cd136026d88345eebae5dc0f4357b8d9 is created with scope project and roles: ['member']
2025-12-13 05:23:19.451 65526 INFO tempest.lib.common.dynamic_creds [-] Acquired dynamic creds: credentials: Credentials: {'domain_id': 'default', 'domain_name': 'Default', 'username': 'tempest-ServerGroupTestJSON-1104735679-project-member', 'project_domain_id': 'default', 'project_domain_name': 'Default', 'project_id': 'd9f40171f98941e18dd883627b4324ee', 'project_name': 'tempest-ServerGroupTestJSON-1104735679', 'tenant_id': 'd9f40171f98941e18dd883627b4324ee', 'tenant_name': 'tempest-ServerGroupTestJSON-1104735679', 'user_domain_id': 'default', 'user_domain_name': 'Default', 'user_id': 'cd136026d88345eebae5dc0f4357b8d9', 'system': None}, Network: None, Subnet: None, Router: None
2025-12-13 05:23:19.513 65526 INFO tempest.lib.common.rest_client [req-bd7ba72e-d9c9-4d5b-a0da-a35853f0f24c req-bd7ba72e-d9c9-4d5b-a0da-a35853f0f24c ] Request (ServerGroupTestJSON:setUpClass): 201 POST http://10.180.1.21/identity/v3/auth/tokens 0.061s
2025-12-13 05:23:20.309 65526 INFO tempest.lib.common.rest_client [req-c1c16301-2b5d-4d90-a9b0-89ac5a0eb634 req-c1c16301-2b5d-4d90-a9b0-89ac5a0eb634 ] Request (ServerGroupTestJSON:setUpClass): 201 POST http://10.180.1.21/networking/v2.0/networks 0.795s
2025-12-13 05:23:20.350 65520 INFO tempest.lib.common.rest_client [req-1bb37af6-2223-4977-974e-d72ec9373119 req-1bb37af6-2223-4977-974e-d72ec9373119 ] Request (ServersAdminNegativeTestJSON:test_migrate_server_invalid_state): 200 GET http://10.180.1.21/compute/v2.1/servers/cd38998b-2392-4c72-a897-a4163ccb1bf8 3.507s
2025-12-13 05:23:20.405 65478 INFO tempest.lib.common.rest_client [req-b3103008-b661-4c55-b8b0-781801385b3b req-b3103008-b661-4c55-b8b0-781801385b3b ] Request (MigrationsAdminTest:test_list_migrations_in_flavor_resize_situation): 200 POST http://10.180.1.21/compute/v2.1/os-keypairs 3.472s
2025-12-13 05:23:20.441 65532 INFO tempest.lib.common.rest_client [req-41b8776c-3e2c-48f9-8b84-b4f8467e1fe1 req-41b8776c-3e2c-48f9-8b84-b4f8467e1fe1 ] Request (FloatingIPDetailsTestJSON:setUpClass): 200 POST http://10.180.1.21/compute/v2.1/os-floating-ips 3.713s
2025-12-13 05:23:20.445 65522 INFO tempest.lib.common.rest_client [req-62e00e45-daa2-400d-8f5d-857407b51aba req-62e00e45-daa2-400d-8f5d-857407b51aba ] Request (VolumesAssistedSnapshotsTest:_run_cleanups): 200 GET http://10.180.1.21/volume/v3/volumes/8349f9c0-26b0-458d-9438-e31251f4af77 0.032s
2025-12-13 05:23:20.547 65526 INFO tempest.lib.common.rest_client [req-f20ad1e5-e148-42cb-b7d1-30fd58f2e985 req-f20ad1e5-e148-42cb-b7d1-30fd58f2e985 ] Request (ServerGroupTestJSON:setUpClass): 201 POST http://10.180.1.21/networking/v2.0/subnets 0.237s
2025-12-13 05:23:20.588 65478 INFO tempest.lib.common.rest_client [req-e7529cbb-b66f-4c08-aea6-4c75ddbbcd39 req-e7529cbb-b66f-4c08-aea6-4c75ddbbcd39 ] Request (MigrationsAdminTest:test_list_migrations_in_flavor_resize_situation): 201 POST http://10.180.1.21/networking/v2.0/security-groups 0.181s
2025-12-13 05:23:20.614 65530 INFO tempest.lib.common.rest_client [req-605c8dc4-1a1b-44e4-852d-f8589a04bf8e req-605c8dc4-1a1b-44e4-852d-f8589a04bf8e ] Request (ServersTestJSON:_run_cleanups): 200 GET http://10.180.1.21/compute/v2.1/servers/7bf5b374-9cb7-4b75-9b3d-9921785ecfd3 3.646s
2025-12-13 05:23:20.710 65534 INFO tempest.lib.common.rest_client [req-eb392a40-8084-4096-bd57-d9ffbc53e789 req-eb392a40-8084-4096-bd57-d9ffbc53e789 ] Request (SecurityGroupRulesTestJSON:test_security_group_rules_delete_when_peer_group_deleted): 202 DELETE http://10.180.1.21/compute/v2.1/os-security-groups/879d6f8f-9b02-4c78-9b22-38caccdc85d6 3.742s
2025-12-13 05:23:20.905 65478 INFO tempest.lib.common.rest_client [req-c12af504-ded1-43fe-956a-014f5a3f08b7 req-c12af504-ded1-43fe-956a-014f5a3f08b7 ] Request (MigrationsAdminTest:test_list_migrations_in_flavor_resize_situation): 201 POST http://10.180.1.21/networking/v2.0/security-group-rules 0.317s
2025-12-13 05:23:20.970 65480 INFO tempest.lib.common.rest_client [req-dacddcb7-0ce5-4779-a15d-69c049db6c8d req-dacddcb7-0ce5-4779-a15d-69c049db6c8d ] Request (FloatingIPsAssociationTestJSON:tearDownClass): 200 GET http://10.180.1.21/compute/v2.1/servers/d05e2d1a-0339-4915-a582-7e76f2a16a9d 3.549s
2025-12-13 05:23:20.975 65493 INFO tempest.lib.common.rest_client [req-87f6a29e-fce3-4d51-b2db-77c417f41364 req-87f6a29e-fce3-4d51-b2db-77c417f41364 ] Request (MultipleCreateNegativeTestJSON:test_max_count_non_integer): 400 POST http://10.180.1.21/compute/v2.1/servers 3.198s
2025-12-13 05:23:21.065 65493 INFO tempest.lib.common.rest_client [req-a71aa633-41e6-46d4-8853-d31f0e9d6bdd req-a71aa633-41e6-46d4-8853-d31f0e9d6bdd ] Request (MultipleCreateNegativeTestJSON:test_min_count_less_than_one): 201 POST http://10.180.1.21/identity/v3/auth/tokens 0.084s
2025-12-13 05:23:21.066 65493 INFO tempest.lib.common.fixed_network [-] (MultipleCreateNegativeTestJSON:test_min_count_less_than_one) Found network None available for tenant
2025-12-13 05:23:21.175 65478 INFO tempest.lib.common.rest_client [req-d12e0b06-e60c-4bcb-b9f3-2ad9d2a01a76 req-d12e0b06-e60c-4bcb-b9f3-2ad9d2a01a76 ] Request (MigrationsAdminTest:test_list_migrations_in_flavor_resize_situation): 201 POST http://10.180.1.21/networking/v2.0/security-group-rules 0.270s
2025-12-13 05:23:21.336 65506 INFO tempest.lib.common.rest_client [req-03aa9682-8628-4724-8495-4ea591b4afea req-03aa9682-8628-4724-8495-4ea591b4afea ] Request (ServerActionsV293TestJSON:test_rebuild_volume_backed_server): 200 GET http://10.180.1.21/compute/v2.1/servers/7995d1b0-6eba-4ab3-bc9b-d5a8a0d7ee2c 3.629s
2025-12-13 05:23:21.467 65526 INFO tempest.lib.common.rest_client [req-e995bf4f-c626-47d2-8ffa-e51b549edb3f req-e995bf4f-c626-47d2-8ffa-e51b549edb3f ] Request (ServerGroupTestJSON:setUpClass): 201 POST http://10.180.1.21/networking/v2.0/routers 0.920s
2025-12-13 05:23:21.477 65522 INFO tempest.lib.common.rest_client [req-5a71260a-4f67-4f38-a279-a7dbeae5f96e req-5a71260a-4f67-4f38-a279-a7dbeae5f96e ] Request (VolumesAssistedSnapshotsTest:_run_cleanups): 404 GET http://10.180.1.21/volume/v3/volumes/8349f9c0-26b0-458d-9438-e31251f4af77 0.023s
2025-12-13 05:23:21.554 65498 INFO tempest.lib.common.rest_client [req-e7a19201-0132-466a-a328-82d7dab3e74b req-e7a19201-0132-466a-a328-82d7dab3e74b ] Request (FloatingIPsAssociationNegativeTestJSON:test_associate_nonexistent_floating_ip): 404 POST http://10.180.1.21/compute/v2.1/servers/21854c4a-af0e-494e-898e-a1b3c0bb55fd/action 2.974s
2025-12-13 05:23:21.579 65496 INFO tempest.lib.common.rest_client [req-ba6c46ae-8d7f-4a49-9500-b2ea5ca594c4 req-ba6c46ae-8d7f-4a49-9500-b2ea5ca594c4 ] Request (ServerActionsTestOtherB:setUpClass): 200 GET http://10.180.1.21/compute/v2.1/servers/95d92150-02a7-435f-9c96-42f1e1432d10 2.967s
2025-12-13 05:23:21.755 65514 INFO tempest.lib.common.rest_client [req-39d93e4f-56f3-4f29-9e7b-c6709d96d440 req-39d93e4f-56f3-4f29-9e7b-c6709d96d440 ] Request (ServersTestJSON:setUpClass): 200 POST http://10.180.1.21/compute/v2.1/os-keypairs 3.105s
2025-12-13 05:23:21.763 65478 INFO tempest.lib.common.rest_client [req-73a64297-dad3-4370-8971-7aa08548105f req-73a64297-dad3-4370-8971-7aa08548105f ] Request (MigrationsAdminTest:test_list_migrations_in_flavor_resize_situation): 201 POST http://10.180.1.21/networking/v2.0/floatingips 0.586s
2025-12-13 05:23:21.958 65514 INFO tempest.lib.common.rest_client [req-471af022-07df-4b01-9904-4218b1624a0b req-471af022-07df-4b01-9904-4218b1624a0b ] Request (ServersTestJSON:setUpClass): 201 POST http://10.180.1.21/networking/v2.0/security-groups 0.201s
2025-12-13 05:23:22.002 65494 INFO tempest.lib.common.rest_client [req-f2dfc324-77de-42a9-8b85-f6f7781937e8 req-f2dfc324-77de-42a9-8b85-f6f7781937e8 ] Request (ServersTestMultiNic:test_verify_duplicate_network_nics): 200 GET http://10.180.1.21/compute/v2.1/servers/0bebee5a-38d4-48c8-b442-8a82ad7a0f7c 3.318s
2025-12-13 05:23:22.026 65516 INFO tempest.lib.common.rest_client [req-f5b2e114-2321-4f73-b08d-086549fc67a1 req-f5b2e114-2321-4f73-b08d-086549fc67a1 ] Request (ImagesNegativeTestJSON:test_create_image_from_deleted_server): 200 GET http://10.180.1.21/compute/v2.1/servers/919224a8-25fe-47c7-a078-75847b2ca85a 3.393s
2025-12-13 05:23:22.033 65516 INFO tempest.common.waiters [-] State transition "BUILD/None" ==> "BUILD/spawning" after 45 second wait
2025-12-13 05:23:22.105 65514 INFO tempest.lib.common.rest_client [req-545b8061-6be3-43b1-8a54-cbc3edda31e8 req-545b8061-6be3-43b1-8a54-cbc3edda31e8 ] Request (ServersTestJSON:setUpClass): 201 POST http://10.180.1.21/networking/v2.0/security-group-rules 0.147s
2025-12-13 05:23:22.164 65488 INFO tempest.lib.common.rest_client [req-67ee61c4-0233-4af8-bf14-1ab30b0fd8d2 req-67ee61c4-0233-4af8-bf14-1ab30b0fd8d2 ] Request (DeleteServersAdminTestJSON:test_delete_server_while_in_error_state): 200 GET http://10.180.1.21/compute/v2.1/servers/ef3fd8cc-6f59-424b-bfa4-7292128f4099 3.042s
2025-12-13 05:23:22.189 65518 INFO tempest.lib.common.rest_client [req-20e6d727-06c6-4048-8f73-025b4604b21c req-20e6d727-06c6-4048-8f73-025b4604b21c ] Request (ServersAdminTestJSON:test_inject_network_info): 200 GET http://10.180.1.21/compute/v2.1/servers/bca78e70-9f85-4701-b419-a7e6d38a4a54 3.056s
2025-12-13 05:23:22.230 65484 INFO tempest.lib.common.rest_client [req-d01937f4-6b1c-4183-9e5d-3dc3d9643430 req-d01937f4-6b1c-4183-9e5d-3dc3d9643430 ] Request (ListImageFiltersTestJSON:setUpClass): 200 GET http://10.180.1.21/compute/v2.1/images/4e8ca953-9574-41dc-843b-db2be68a2c2b 3.038s
2025-12-13 05:23:22.254 65482 INFO tempest.lib.common.rest_client [req-183ac9bf-79d2-42a3-a33d-118a9cd001e0 req-183ac9bf-79d2-42a3-a33d-118a9cd001e0 ] Request (MultipleCreateTestJSON:_run_cleanups): 204 DELETE http://10.180.1.21/compute/v2.1/servers/e1f3e04d-b8de-4f55-a45e-fcc366354ebc 3.062s
2025-12-13 05:23:22.262 65514 INFO tempest.lib.common.rest_client [req-d725df4b-1681-49b8-a901-5b430554edaf req-d725df4b-1681-49b8-a901-5b430554edaf ] Request (ServersTestJSON:setUpClass): 201 POST http://10.180.1.21/networking/v2.0/security-group-rules 0.156s
2025-12-13 05:23:22.275 65502 INFO tempest.lib.common.rest_client [req-f8b45c58-be14-4475-811e-9f0e6d168495 req-f8b45c58-be14-4475-811e-9f0e6d168495 ] Request (FlavorsAdminTestJSON:_run_cleanups): 200 GET http://10.180.1.21/compute/v2.1/flavors/detail 2.933s
2025-12-13 05:23:22.380 65490 INFO tempest.lib.common.rest_client [req-f892a34a-c9df-4e9a-bae6-729fd079eff5 req-f892a34a-c9df-4e9a-bae6-729fd079eff5 ] Request (ImagesOneServerTestJSON:test_create_delete_image): 204 DELETE http://10.180.1.21/compute/v2.1/images/22db6ec4-cfc1-44bb-853d-00b24907df47 2.927s
2025-12-13 05:23:22.422 65526 INFO tempest.lib.common.rest_client [req-40a3d969-7fc6-422b-88fa-ae91ac56e49e req-40a3d969-7fc6-422b-88fa-ae91ac56e49e ] Request (ServerGroupTestJSON:setUpClass): 200 PUT http://10.180.1.21/networking/v2.0/routers/91f9af7f-d88f-4c91-8d43-6f308a99df96/add_router_interface 0.955s
2025-12-13 05:23:22.423 65526 INFO tempest.lib.common.dynamic_creds [-] Created isolated network resources for: credentials: Credentials: {'domain_id': 'default', 'domain_name': 'Default', 'username': 'tempest-ServerGroupTestJSON-1104735679-project-member', 'project_domain_id': 'default', 'project_domain_name': 'Default', 'project_id': 'd9f40171f98941e18dd883627b4324ee', 'project_name': 'tempest-ServerGroupTestJSON-1104735679', 'tenant_id': 'd9f40171f98941e18dd883627b4324ee', 'tenant_name': 'tempest-ServerGroupTestJSON-1104735679', 'user_domain_id': 'default', 'user_domain_name': 'Default', 'user_id': 'cd136026d88345eebae5dc0f4357b8d9', 'system': None}, Network: {'id': '33665df6-036b-4f58-8136-3b1d60a5556c', 'name': 'tempest-ServerGroupTestJSON-2020053984-network', 'tenant_id': 'd9f40171f98941e18dd883627b4324ee', 'project_id': 'd9f40171f98941e18dd883627b4324ee', 'admin_state_up': True, 'mtu': 8950, 'status': 'ACTIVE', 'subnets': [], 'shared': False, 'port_security_enabled': True, 'router:external': False, 'provider:network_type': 'vlan', 'provider:physical_network': 'default', 'provider:segmentation_id': 275, 'availability_zone_hints': [], 'availability_zones': [], 'ipv4_address_scope': None, 'ipv6_address_scope': None, 'description': '', 'tags': [], 'created_at': '2025-12-13T05:23:20Z', 'updated_at': '2025-12-13T05:23:20Z', 'revision_number': 1}, Subnet: {'id': '93b9cbfb-9fb8-44a2-9c34-89c3e57522ac', 'name': 'tempest-ServerGroupTestJSON-2020053984-subnet', 'tenant_id': 'd9f40171f98941e18dd883627b4324ee', 'network_id': '33665df6-036b-4f58-8136-3b1d60a5556c', 'ip_version': 4, 'subnetpool_id': None, 'enable_dhcp': True, 'ipv6_ra_mode': None, 'ipv6_address_mode': None, 'gateway_ip': '192.168.128.1', 'cidr': '192.168.128.0/28', 'allocation_pools': [{'start': '192.168.128.2', 'end': '192.168.128.14'}], 'host_routes': [], 'dns_nameservers': [], 'description': '', 'router:external': False, 'service_types': [], 'tags': [], 'created_at': '2025-12-13T05:23:20Z', 'updated_at': '2025-12-13T05:23:20Z', 'revision_number': 0, 'project_id': 'd9f40171f98941e18dd883627b4324ee'}, Router: {'id': '91f9af7f-d88f-4c91-8d43-6f308a99df96', 'name': 'tempest-ServerGroupTestJSON-2020053984-router', 'tenant_id': 'd9f40171f98941e18dd883627b4324ee', 'admin_state_up': True, 'status': 'ACTIVE', 'external_gateway_info': {'network_id': '229b7cde-827d-459a-aea9-bc138a9fb2ed', 'external_fixed_ips': [{'subnet_id': '86ccd149-cd30-4462-8018-a4a171f3bb5c', 'ip_address': '10.180.180.232'}], 'enable_snat': True}, 'description': '', 'availability_zones': [], 'distributed': False, 'ha': False, 'availability_zone_hints': [], 'routes': [], 'flavor_id': None, 'tags': [], 'created_at': '2025-12-13T05:23:20Z', 'updated_at': '2025-12-13T05:23:21Z', 'revision_number': 2, 'project_id': 'd9f40171f98941e18dd883627b4324ee'}
2025-12-13 05:23:22.479 65512 INFO tempest.lib.common.rest_client [req-8dd1caa0-3556-4bbc-9631-ebd45b7662a3 req-8dd1caa0-3556-4bbc-9631-ebd45b7662a3 ] Request (SecurityGroupsTestJSON:test_list_security_groups_by_server): 200 GET http://10.180.1.21/compute/v2.1/servers/37ce054b-5f8a-46c5-886b-41693707c0cf 3.197s
2025-12-13 05:23:22.552 65526 INFO tempest.lib.common.rest_client [req-2193222c-690d-4e60-adae-79ef9527d4b7 req-2193222c-690d-4e60-adae-79ef9527d4b7 ] Request (ServerGroupTestJSON:setUpClass): 201 POST http://10.180.1.21/identity/v3/auth/tokens 0.122s
2025-12-13 05:23:22.577 65476 INFO tempest.lib.common.rest_client [req-4b229c2f-72ed-43e5-9f8c-424f60392e13 req-4b229c2f-72ed-43e5-9f8c-424f60392e13 ] Request (ServerExternalEventsTest:test_create_server_external_events): 200 GET http://10.180.1.21/compute/v2.1/servers/3368ae5c-2ac6-4380-ab33-84b49b8611aa 3.002s
2025-12-13 05:23:22.605 65536 INFO tempest.lib.common.rest_client [req-09d6d431-b6b2-4907-9ffd-7a9740324e67 req-09d6d431-b6b2-4907-9ffd-7a9740324e67 ] Request (ListServerFiltersTestJSON:setUpClass): 200 GET http://10.180.1.21/compute/v2.1/servers/56deacbc-77b7-4674-a96a-75558649091d 2.977s
2025-12-13 05:23:22.627 65500 INFO tempest.lib.common.rest_client [req-b16b5bcc-ec55-411b-8140-47d16ceaa4f2 req-b16b5bcc-ec55-411b-8140-47d16ceaa4f2 ] Request (ServerPasswordTestJSON:tearDownClass): 404 GET http://10.180.1.21/compute/v2.1/servers/33f70b04-766b-4294-b8be-ed3f6769354e 2.785s
2025-12-13 05:23:22.654 65505 INFO tempest.lib.common.rest_client [req-a3c01c23-907d-432e-b5e9-92b4fa0263e4 req-a3c01c23-907d-432e-b5e9-92b4fa0263e4 ] Request (ServersNegativeTestJSON:setUpClass): 200 GET http://10.180.1.21/compute/v2.1/servers/4be67c51-e53b-494d-afd1-7724ad07efb3 2.906s
2025-12-13 05:23:22.785 65514 INFO tempest.lib.common.rest_client [req-e4951e41-fa94-459b-803e-6fb5c787af1d req-e4951e41-fa94-459b-803e-6fb5c787af1d ] Request (ServersTestJSON:setUpClass): 201 POST http://10.180.1.21/networking/v2.0/floatingips 0.521s
2025-12-13 05:23:22.808 65525 INFO tempest.lib.common.rest_client [req-a7fc4816-8c20-4386-bc89-61176f7f1671 req-a7fc4816-8c20-4386-bc89-61176f7f1671 ] Request (ServerRescueTestJSON:test_rescue_unrescue_instance): 200 GET http://10.180.1.21/compute/v2.1/servers/f9fddeb4-3b6a-4dea-9ee4-88d023a65dbd 2.815s
2025-12-13 05:23:22.823 65514 INFO tempest.lib.common.rest_client [req-6db5f06f-0022-43ef-b4b0-122fe29fd662 req-6db5f06f-0022-43ef-b4b0-122fe29fd662 ] Request (ServersTestJSON:setUpClass): 201 POST http://10.180.1.21/identity/v3/auth/tokens 0.035s
2025-12-13 05:23:22.824 65514 INFO tempest.lib.common.fixed_network [-] (ServersTestJSON:setUpClass) Found network {'id': '966f0667-de09-428c-a2ad-39330bacefdc', 'name': 'tempest-ServersTestJSON-609981151-network', 'tenant_id': '0f3579328fac417d8103ddb9d7016b4f', 'project_id': '0f3579328fac417d8103ddb9d7016b4f', 'admin_state_up': True, 'mtu': 8950, 'status': 'ACTIVE', 'subnets': [], 'shared': False, 'port_security_enabled': True, 'router:external': False, 'provider:network_type': 'vlan', 'provider:physical_network': 'default', 'provider:segmentation_id': 187, 'availability_zone_hints': [], 'availability_zones': [], 'ipv4_address_scope': None, 'ipv6_address_scope': None, 'description': '', 'tags': [], 'created_at': '2025-12-13T05:23:16Z', 'updated_at': '2025-12-13T05:23:16Z', 'revision_number': 1} available for tenant
2025-12-13 05:23:22.825 65486 INFO tempest.lib.common.rest_client [req-f52b784c-1154-47e2-ba47-4bbd2b97736b req-f52b784c-1154-47e2-ba47-4bbd2b97736b ] Request (ImagesTestJSON:test_create_image_from_stopped_server): 200 GET http://10.180.1.21/compute/v2.1/servers/39cb3c15-eb6f-4468-ae8d-a8f99ce49971 2.772s
2025-12-13 05:23:22.883 65474 INFO tempest.lib.common.rest_client [req-da920b9b-6874-47e1-a4e0-fd2d9d2e7cc7 req-da920b9b-6874-47e1-a4e0-fd2d9d2e7cc7 ] Request (ServerDiskConfigTestJSON:test_rebuild_server_with_manual_disk_config): 200 GET http://10.180.1.21/compute/v2.1/servers/f521bb6e-27aa-4202-9b8a-5c3119fb4809 2.558s
2025-12-13 05:23:22.903 65529 INFO tempest.lib.common.rest_client [req-29ba08d8-6aaa-4130-934b-08dfa84f2b9b req-29ba08d8-6aaa-4130-934b-08dfa84f2b9b ] Request (ServerShowV257Test:tearDownClass): 200 GET http://10.180.1.21/compute/v2.1/servers/b6091029-a0dc-459f-ad96-80ce482f6fb7 2.605s
2025-12-13 05:23:23.020 65510 INFO tempest.lib.common.rest_client [req-8584bd6d-cd92-46d2-af76-f7ad28dec7ef req-8584bd6d-cd92-46d2-af76-f7ad28dec7ef ] Request (ServersAdmin275Test:_run_cleanups): 200 GET http://10.180.1.21/compute/v2.1/servers/6d36925f-56c9-48a5-81d7-3acf5b2bf972 2.608s
2025-12-13 05:23:23.032 65510 INFO tempest.common.waiters [-] State transition "REBUILD/rebuild_block_device_mapping" ==> "REBUILD/rebuild_spawning" after 4 second wait
2025-12-13 05:23:23.512 65500 INFO tempest.lib.common.rest_client [req-f2d282aa-6d44-4c40-9e46-77f061737020 req-f2d282aa-6d44-4c40-9e46-77f061737020 ] Request (ServerPasswordTestJSON:tearDownClass): 200 PUT http://10.180.1.21/networking/v2.0/routers/3456becc-a47b-4cae-9d91-6834faadf063/remove_router_interface 0.884s
2025-12-13 05:23:23.539 65534 INFO tempest.lib.common.rest_client [req-cded0b0d-cb64-45ca-a9fb-b9f7df390dfc req-cded0b0d-cb64-45ca-a9fb-b9f7df390dfc ] Request (SecurityGroupRulesTestJSON:test_security_group_rules_delete_when_peer_group_deleted): 200 GET http://10.180.1.21/compute/v2.1/os-security-groups/26aeb28b-eab5-47c0-8cd0-cbe572e67da7 2.827s
2025-12-13 05:23:23.550 65493 INFO tempest.lib.common.rest_client [req-b7adeb50-117c-4cb7-a1f6-944493101b2d req-b7adeb50-117c-4cb7-a1f6-944493101b2d ] Request (MultipleCreateNegativeTestJSON:test_min_count_less_than_one): 400 POST http://10.180.1.21/compute/v2.1/servers 2.484s
2025-12-13 05:23:23.600 65493 INFO tempest.lib.common.rest_client [req-a99d0e1c-995c-4c2e-8a7c-630721521432 req-a99d0e1c-995c-4c2e-8a7c-630721521432 ] Request (MultipleCreateNegativeTestJSON:test_min_count_non_integer): 201 POST http://10.180.1.21/identity/v3/auth/tokens 0.043s
2025-12-13 05:23:23.600 65493 INFO tempest.lib.common.fixed_network [-] (MultipleCreateNegativeTestJSON:test_min_count_non_integer) Found network None available for tenant
2025-12-13 05:23:23.658 65506 INFO tempest.lib.common.rest_client [req-89df96a4-1fe5-48fa-975d-d69ae57e1953 req-89df96a4-1fe5-48fa-975d-d69ae57e1953 ] Request (ServerActionsV293TestJSON:tearDownClass): 204 DELETE http://10.180.1.21/compute/v2.1/servers/7995d1b0-6eba-4ab3-bc9b-d5a8a0d7ee2c 2.299s
2025-12-13 05:23:24.305 65500 INFO tempest.lib.common.rest_client [req-30b2384d-c6ea-46f9-8f87-cce864f4ea43 req-30b2384d-c6ea-46f9-8f87-cce864f4ea43 ] Request (ServerPasswordTestJSON:tearDownClass): 204 DELETE http://10.180.1.21/networking/v2.0/routers/3456becc-a47b-4cae-9d91-6834faadf063 0.793s
2025-12-13 05:23:24.524 65500 INFO tempest.lib.common.rest_client [req-4a7cd06e-4614-450d-ab19-0102f0cec17b req-4a7cd06e-4614-450d-ab19-0102f0cec17b ] Request (ServerPasswordTestJSON:tearDownClass): 204 DELETE http://10.180.1.21/networking/v2.0/subnets/7aff89d2-f48a-49d3-8f8e-77d6ad706d9f 0.218s
2025-12-13 05:23:24.564 65520 INFO tempest.lib.common.rest_client [req-e602b820-2119-4a66-9a8e-f306b59ba774 req-e602b820-2119-4a66-9a8e-f306b59ba774 ] Request (ServersAdminNegativeTestJSON:test_migrate_server_invalid_state): 200 GET http://10.180.1.21/compute/v2.1/servers/cd38998b-2392-4c72-a897-a4163ccb1bf8 3.205s
2025-12-13 05:23:24.609 65532 INFO tempest.lib.common.rest_client [req-be7c22a2-2ad3-46a8-b2d0-6095a8c76d31 req-be7c22a2-2ad3-46a8-b2d0-6095a8c76d31 ] Request (FloatingIPDetailsTestJSON:setUpClass): 200 POST http://10.180.1.21/compute/v2.1/os-floating-ips 4.164s
2025-12-13 05:23:24.693 65522 INFO tempest.lib.common.rest_client [req-ed74607f-cc09-475e-bbe8-118c0e14d9d4 req-ed74607f-cc09-475e-bbe8-118c0e14d9d4 ] Request (VolumesAssistedSnapshotsTest:tearDownClass): 204 DELETE http://10.180.1.21/compute/v2.1/servers/5e203c1b-965b-49ac-8f8e-29a0c2440b95 3.211s
2025-12-13 05:23:24.702 65508 INFO paramiko.transport [-] Connected (version 2.0, client dropbear_2020.81)
2025-12-13 05:23:24.804 65508 INFO paramiko.transport [-] Authentication (publickey) successful!
2025-12-13 05:23:24.804 65508 INFO tempest.lib.common.ssh [-] ssh connection to cirros@10.180.180.233 successfully created
2025-12-13 05:23:24.966 65500 INFO tempest.lib.common.rest_client [req-2b51fa1a-bea5-4f57-8a4c-e25771180ff4 req-2b51fa1a-bea5-4f57-8a4c-e25771180ff4 ] Request (ServerPasswordTestJSON:tearDownClass): 204 DELETE http://10.180.1.21/networking/v2.0/networks/3c43fb29-cba9-4bbb-b3f7-c083626e892b 0.442s
2025-12-13 05:23:24.988 65498 INFO tempest.lib.common.rest_client [req-a9ba11e4-3187-4ca1-b0f7-89b04e87858b req-a9ba11e4-3187-4ca1-b0f7-89b04e87858b ] Request (FloatingIPsAssociationNegativeTestJSON:test_dissociate_nonexistent_floating_ip): 404 POST http://10.180.1.21/compute/v2.1/servers/21854c4a-af0e-494e-898e-a1b3c0bb55fd/action 3.433s
2025-12-13 05:23:25.006 65478 INFO tempest.lib.common.rest_client [req-50a7dab8-c749-43ba-ab02-bb6821d693fa req-50a7dab8-c749-43ba-ab02-bb6821d693fa ] Request (MigrationsAdminTest:test_list_migrations_in_flavor_resize_situation): 200 GET http://10.180.1.21/compute/v2.1/os-migrations 3.243s
2025-12-13 05:23:25.106 65500 INFO tempest.lib.common.rest_client [req-ec3a9156-1aa3-4baf-81a3-2dabcdbee543 req-ec3a9156-1aa3-4baf-81a3-2dabcdbee543 ] Request (ServerPasswordTestJSON:tearDownClass): 204 DELETE http://10.180.1.21/identity/v3/users/25797de8f01f448fa093272c8fb86410 0.139s
2025-12-13 05:23:25.106 65500 INFO tempest.lib.common.dynamic_creds [-] Deleting project and security group for project: a262ba800a32431c971a843f5af16778
2025-12-13 05:23:25.247 65530 INFO tempest.lib.common.rest_client [req-5cc894dc-63ee-4f86-ace4-51733a787ccd req-5cc894dc-63ee-4f86-ace4-51733a787ccd ] Request (ServersTestJSON:_run_cleanups): 200 GET http://10.180.1.21/compute/v2.1/servers/7bf5b374-9cb7-4b75-9b3d-9921785ecfd3 3.624s
2025-12-13 05:23:25.267 65480 INFO tempest.lib.common.rest_client [req-659321d2-fa9f-43d6-b260-01ae5ecaf05d req-659321d2-fa9f-43d6-b260-01ae5ecaf05d ] Request (FloatingIPsAssociationTestJSON:tearDownClass): 200 GET http://10.180.1.21/compute/v2.1/servers/d05e2d1a-0339-4915-a582-7e76f2a16a9d 3.289s
2025-12-13 05:23:25.291 65502 INFO tempest.lib.common.rest_client [req-aa815040-0015-4083-8c65-a2174437429c req-aa815040-0015-4083-8c65-a2174437429c ] Request (FlavorsAdminTestJSON:test_list_public_flavor_with_other_user): 200 POST http://10.180.1.21/compute/v2.1/flavors 3.005s
2025-12-13 05:23:25.318 65490 INFO tempest.lib.common.rest_client [req-51a6c6af-8211-4f8d-856d-0a90e0c49c0e req-51a6c6af-8211-4f8d-856d-0a90e0c49c0e ] Request (ImagesOneServerTestJSON:test_create_delete_image): 404 GET http://10.180.1.21/compute/v2.1/images/22db6ec4-cfc1-44bb-853d-00b24907df47 2.938s
2025-12-13 05:23:25.323 65500 INFO tempest.lib.common.rest_client [req-c5c3613d-01ce-470c-a7b4-2a10c2b8d1c0 req-c5c3613d-01ce-470c-a7b4-2a10c2b8d1c0 ] Request (ServerPasswordTestJSON:tearDownClass): 200 GET http://10.180.1.21/networking/v2.0/security-groups?tenant_id=a262ba800a32431c971a843f5af16778&name=default 0.216s
2025-12-13 05:23:25.355 65482 INFO tempest.lib.common.rest_client [req-1208e23c-b966-43f8-82af-535b10546337 req-1208e23c-b966-43f8-82af-535b10546337 ] Request (MultipleCreateTestJSON:_run_cleanups): 204 DELETE http://10.180.1.21/compute/v2.1/servers/068b06e3-596d-437a-ac55-e7448248f267 3.101s
2025-12-13 05:23:25.447 65500 INFO tempest.lib.common.rest_client [req-3a112141-4590-4ff0-9d13-b722f4c3a21e req-3a112141-4590-4ff0-9d13-b722f4c3a21e ] Request (ServerPasswordTestJSON:tearDownClass): 204 DELETE http://10.180.1.21/networking/v2.0/security-groups/f15beab6-7516-431d-b47a-3226ca9707ea 0.124s
2025-12-13 05:23:25.499 65496 INFO tempest.lib.common.rest_client [req-a846e755-2ea4-49a4-b45a-a0d45de6eb1b req-a846e755-2ea4-49a4-b45a-a0d45de6eb1b ] Request (ServerActionsTestOtherB:setUpClass): 200 GET http://10.180.1.21/compute/v2.1/servers/95d92150-02a7-435f-9c96-42f1e1432d10 2.910s
2025-12-13 05:23:25.532 65526 INFO tempest.lib.common.rest_client [req-47a7c73e-565b-4ef9-b5d4-6c0281e9e168 req-47a7c73e-565b-4ef9-b5d4-6c0281e9e168 ] Request (ServerGroupTestJSON:setUp): 200 POST http://10.180.1.21/compute/v2.1/os-server-groups 2.978s
2025-12-13 05:23:25.618 65500 INFO tempest.lib.common.rest_client [req-836f43f3-1ac4-490a-a819-a00089f2f32d req-836f43f3-1ac4-490a-a819-a00089f2f32d ] Request (ServerPasswordTestJSON:tearDownClass): 204 DELETE http://10.180.1.21/identity/v3/projects/a262ba800a32431c971a843f5af16778 0.170s
2025-12-13 05:23:25.619 65500 INFO tempest.test [-] raised in ServerBootFromVolumeStableRescueTest.setUpClass. Invoking tearDownClass.
2025-12-13 05:23:25.709 65500 INFO tempest.lib.common.rest_client [req-60103c5a-c4b5-4b54-94ac-de2931ca5928 req-60103c5a-c4b5-4b54-94ac-de2931ca5928 ] Request (ServerShowV263Test:setUpClass): 201 POST http://10.180.1.21/identity/v3/auth/tokens 0.084s
2025-12-13 05:23:25.712 65494 INFO tempest.lib.common.rest_client [req-c20c542d-5c3f-4db9-b83d-9249122c11a0 req-c20c542d-5c3f-4db9-b83d-9249122c11a0 ] Request (ServersTestMultiNic:test_verify_duplicate_network_nics): 200 GET http://10.180.1.21/compute/v2.1/servers/0bebee5a-38d4-48c8-b442-8a82ad7a0f7c 2.702s
2025-12-13 05:23:25.738 65494 INFO tempest.common.waiters [-] State transition "BUILD/None" ==> "BUILD/networking" after 41 second wait
2025-12-13 05:23:25.774 65500 INFO tempest.lib.common.rest_client [req-3041061e-8c0b-4030-8ec6-cca973bbbb35 req-3041061e-8c0b-4030-8ec6-cca973bbbb35 ] Request (ServerShowV263Test:setUpClass): 201 POST http://10.180.1.21/identity/v3/auth/tokens 0.060s
2025-12-13 05:23:25.818 65500 INFO tempest.lib.common.rest_client [req-3c546294-7aa2-42b0-bb58-5637d458d3c2 req-3c546294-7aa2-42b0-bb58-5637d458d3c2 ] Request (ServerShowV263Test:setUpClass): 200 GET http://10.180.1.21/identity/v3/domains?name=Default 0.043s
2025-12-13 05:23:25.874 65500 INFO tempest.lib.common.rest_client [req-4f370b99-2ca9-4401-a560-a1201b19c2db req-4f370b99-2ca9-4401-a560-a1201b19c2db ] Request (ServerShowV263Test:setUpClass): 201 POST http://10.180.1.21/identity/v3/projects 0.055s
2025-12-13 05:23:25.978 65500 INFO tempest.lib.common.rest_client [req-396ada9e-7b60-49eb-8812-f7931c1311f3 req-396ada9e-7b60-49eb-8812-f7931c1311f3 ] Request (ServerShowV263Test:setUpClass): 201 POST http://10.180.1.21/identity/v3/users 0.103s
2025-12-13 05:23:26.012 65500 INFO tempest.lib.common.rest_client [req-007c2d54-788c-4ce8-be15-1a4a252ed7fb req-007c2d54-788c-4ce8-be15-1a4a252ed7fb ] Request (ServerShowV263Test:setUpClass): 200 GET http://10.180.1.21/identity/v3/roles 0.034s
2025-12-13 05:23:26.061 65500 INFO tempest.lib.common.rest_client [req-b62f4ca1-71b5-4c6d-97a5-7c8f6faa803f req-b62f4ca1-71b5-4c6d-97a5-7c8f6faa803f ] Request (ServerShowV263Test:setUpClass): 204 PUT http://10.180.1.21/identity/v3/projects/2d20153fa11d45d284b0a803aa400b58/users/ef4d2f6a3d894f2f95814890a7de5065/roles/2f8d1a60dd314c8f8cd332f9c70155ca 0.047s
2025-12-13 05:23:26.061 65500 INFO tempest.lib.common.dynamic_creds [-] Dynamic test user ef4d2f6a3d894f2f95814890a7de5065 is created with scope project and roles: ['member']
2025-12-13 05:23:26.061 65500 INFO tempest.lib.common.dynamic_creds [-] Acquired dynamic creds: credentials: Credentials: {'domain_id': 'default', 'domain_name': 'Default', 'username': 'tempest-ServerShowV263Test-1612918612-project-member', 'project_domain_id': 'default', 'project_domain_name': 'Default', 'project_id': '2d20153fa11d45d284b0a803aa400b58', 'project_name': 'tempest-ServerShowV263Test-1612918612', 'tenant_id': '2d20153fa11d45d284b0a803aa400b58', 'tenant_name': 'tempest-ServerShowV263Test-1612918612', 'user_domain_id': 'default', 'user_domain_name': 'Default', 'user_id': 'ef4d2f6a3d894f2f95814890a7de5065', 'system': None}, Network: None, Subnet: None, Router: None
2025-12-13 05:23:26.061 65500 INFO tempest.lib.common.dynamic_creds [-] Created isolated network resources for: credentials: Credentials: {'domain_id': 'default', 'domain_name': 'Default', 'username': 'tempest-ServerShowV263Test-1612918612-project-member', 'project_domain_id': 'default', 'project_domain_name': 'Default', 'project_id': '2d20153fa11d45d284b0a803aa400b58', 'project_name': 'tempest-ServerShowV263Test-1612918612', 'tenant_id': '2d20153fa11d45d284b0a803aa400b58', 'tenant_name': 'tempest-ServerShowV263Test-1612918612', 'user_domain_id': 'default', 'user_domain_name': 'Default', 'user_id': 'ef4d2f6a3d894f2f95814890a7de5065', 'system': None}, Network: None, Subnet: None, Router: None
2025-12-13 05:23:26.124 65516 INFO tempest.lib.common.rest_client [req-a4cde01e-e66b-44fd-a531-793ac5f6fdaa req-a4cde01e-e66b-44fd-a531-793ac5f6fdaa ] Request (ImagesNegativeTestJSON:test_create_image_from_deleted_server): 200 GET http://10.180.1.21/compute/v2.1/servers/919224a8-25fe-47c7-a078-75847b2ca85a 3.089s
2025-12-13 05:23:26.142 65500 INFO tempest.lib.common.rest_client [req-3a0687bf-e98d-4a1c-8b79-96e00d5ad106 req-3a0687bf-e98d-4a1c-8b79-96e00d5ad106 ] Request (ServerShowV263Test:setUpClass): 201 POST http://10.180.1.21/identity/v3/auth/tokens 0.076s
2025-12-13 05:23:26.195 65500 INFO tempest.lib.common.rest_client [req-e3230219-9141-4081-bd28-ecd9e06e918c req-e3230219-9141-4081-bd28-ecd9e06e918c ] Request (ServerShowV263Test:setUpClass): 200 GET http://10.180.1.21/identity/v3/projects/2d20153fa11d45d284b0a803aa400b58 0.052s
2025-12-13 05:23:26.195 65500 INFO tempest.lib.common.dynamic_creds [-] Using the existing project 2d20153fa11d45d284b0a803aa400b58 for scope project and roles: ['reader']
2025-12-13 05:23:26.198 65488 INFO tempest.lib.common.rest_client [req-b179bc14-67bb-4fae-9f47-6946ef743272 req-b179bc14-67bb-4fae-9f47-6946ef743272 ] Request (DeleteServersAdminTestJSON:test_delete_server_while_in_error_state): 200 GET http://10.180.1.21/compute/v2.1/servers/ef3fd8cc-6f59-424b-bfa4-7292128f4099 3.026s
2025-12-13 05:23:26.234 65500 INFO tempest.lib.common.rest_client [req-325bc8cf-fb12-4801-98e2-f291dd1ddc4d req-325bc8cf-fb12-4801-98e2-f291dd1ddc4d ] Request (ServerShowV263Test:setUpClass): 201 POST http://10.180.1.21/identity/v3/users 0.037s
2025-12-13 05:23:26.258 65500 INFO tempest.lib.common.rest_client [req-6b6d4388-547e-4b59-96db-3581b0ead621 req-6b6d4388-547e-4b59-96db-3581b0ead621 ] Request (ServerShowV263Test:setUpClass): 200 GET http://10.180.1.21/identity/v3/roles 0.024s
2025-12-13 05:23:26.291 65500 INFO tempest.lib.common.rest_client [req-498b5d4f-fa97-421b-88e9-8e0e8cd63116 req-498b5d4f-fa97-421b-88e9-8e0e8cd63116 ] Request (ServerShowV263Test:setUpClass): 204 PUT http://10.180.1.21/identity/v3/projects/2d20153fa11d45d284b0a803aa400b58/users/c48bcc034e834cd0a1c030c050d2110e/roles/12b5684bc88a46d08aad030fd42766ee 0.033s
2025-12-13 05:23:26.291 65500 INFO tempest.lib.common.dynamic_creds [-] Dynamic test user c48bcc034e834cd0a1c030c050d2110e is created with scope project and roles: ['reader']
2025-12-13 05:23:26.291 65500 INFO tempest.lib.common.dynamic_creds [-] Acquired dynamic creds: credentials: Credentials: {'domain_id': 'default', 'domain_name': 'Default', 'username': 'tempest-ServerShowV263Test-1612918612-project-reader', 'project_domain_id': 'default', 'project_domain_name': 'Default', 'project_id': '2d20153fa11d45d284b0a803aa400b58', 'project_name': 'tempest-ServerShowV263Test-1612918612', 'tenant_id': '2d20153fa11d45d284b0a803aa400b58', 'tenant_name': 'tempest-ServerShowV263Test-1612918612', 'user_domain_id': 'default', 'user_domain_name': 'Default', 'user_id': 'c48bcc034e834cd0a1c030c050d2110e', 'system': None}, Network: None, Subnet: None, Router: None
2025-12-13 05:23:26.292 65500 INFO tempest.lib.common.dynamic_creds [-] Network resources are not created for requested scope: project and credentials: Credentials: {'domain_id': 'default', 'domain_name': 'Default', 'username': 'tempest-ServerShowV263Test-1612918612-project-reader', 'project_domain_id': 'default', 'project_domain_name': 'Default', 'project_id': '2d20153fa11d45d284b0a803aa400b58', 'project_name': 'tempest-ServerShowV263Test-1612918612', 'tenant_id': '2d20153fa11d45d284b0a803aa400b58', 'tenant_name': 'tempest-ServerShowV263Test-1612918612', 'user_domain_id': 'default', 'user_domain_name': 'Default', 'user_id': 'c48bcc034e834cd0a1c030c050d2110e', 'system': None}, Network: None, Subnet: None, Router: None
2025-12-13 05:23:26.332 65518 INFO tempest.lib.common.rest_client [req-d9c07977-e9eb-48e5-ba0c-95271c9fcd03 req-d9c07977-e9eb-48e5-ba0c-95271c9fcd03 ] Request (ServersAdminTestJSON:test_inject_network_info): 200 GET http://10.180.1.21/compute/v2.1/servers/bca78e70-9f85-4701-b419-a7e6d38a4a54 3.134s
2025-12-13 05:23:26.386 65484 INFO tempest.lib.common.rest_client [req-778e3d82-67f8-4b4e-8f18-ed85afde3801 req-778e3d82-67f8-4b4e-8f18-ed85afde3801 ] Request (ListImageFiltersTestJSON:setUpClass): 200 GET http://10.180.1.21/compute/v2.1/images/4e8ca953-9574-41dc-843b-db2be68a2c2b 3.151s
2025-12-13 05:23:26.401 65500 INFO tempest.lib.common.rest_client [req-4f3746e3-4d1c-46e8-b355-9c8d341b6dbe req-4f3746e3-4d1c-46e8-b355-9c8d341b6dbe ] Request (ServerShowV263Test:setUpClass): 201 POST http://10.180.1.21/identity/v3/auth/tokens 0.105s
2025-12-13 05:23:26.446 65514 INFO tempest.lib.common.rest_client [req-3b371bc6-f72a-43dd-b524-eea31deef285 req-3b371bc6-f72a-43dd-b524-eea31deef285 ] Request (ServersTestJSON:setUpClass): 202 POST http://10.180.1.21/compute/v2.1/servers 3.621s
2025-12-13 05:23:26.488 65512 INFO tempest.lib.common.rest_client [req-b01ba847-71aa-4aab-b0fb-c85f8a4fb461 req-b01ba847-71aa-4aab-b0fb-c85f8a4fb461 ] Request (SecurityGroupsTestJSON:test_list_security_groups_by_server): 200 GET http://10.180.1.21/compute/v2.1/servers/37ce054b-5f8a-46c5-886b-41693707c0cf 2.997s
2025-12-13 05:23:26.497 65512 INFO tempest.common.waiters [-] State transition "BUILD/scheduling" ==> "BUILD/None" after 19 second wait
2025-12-13 05:23:26.539 65500 INFO tempest.lib.common.rest_client [req-58c30ac0-9d59-473c-9fee-03c46a5b09d1 req-58c30ac0-9d59-473c-9fee-03c46a5b09d1 ] Request (ServerShowV263Test:tearDownClass): 204 DELETE http://10.180.1.21/identity/v3/users/ef4d2f6a3d894f2f95814890a7de5065 0.131s
2025-12-13 05:23:26.615 65534 INFO tempest.lib.common.rest_client [req-d2ac5463-38fc-498c-a309-f9a081c1fcd7 req-d2ac5463-38fc-498c-a309-f9a081c1fcd7 ] Request (SecurityGroupRulesTestJSON:test_security_group_rules_list): 200 POST http://10.180.1.21/compute/v2.1/os-security-groups 3.072s
2025-12-13 05:23:26.621 65493 INFO tempest.lib.common.rest_client [req-ae56a325-ecaa-491f-822b-4530de26799d req-ae56a325-ecaa-491f-822b-4530de26799d ] Request (MultipleCreateNegativeTestJSON:test_min_count_non_integer): 400 POST http://10.180.1.21/compute/v2.1/servers 3.020s
2025-12-13 05:23:26.678 65500 INFO tempest.lib.common.rest_client [req-0bde5118-82fc-479b-97d2-f6764bb81e5a req-0bde5118-82fc-479b-97d2-f6764bb81e5a ] Request (ServerShowV263Test:tearDownClass): 204 DELETE http://10.180.1.21/identity/v3/users/c48bcc034e834cd0a1c030c050d2110e 0.139s
2025-12-13 05:23:26.679 65500 INFO tempest.lib.common.dynamic_creds [-] Deleting project and security group for project: 2d20153fa11d45d284b0a803aa400b58
2025-12-13 05:23:26.700 65476 INFO tempest.lib.common.rest_client [req-dfb961eb-4fcf-4744-ae46-00ea34f21520 req-dfb961eb-4fcf-4744-ae46-00ea34f21520 ] Request (ServerExternalEventsTest:test_create_server_external_events): 200 GET http://10.180.1.21/compute/v2.1/servers/3368ae5c-2ac6-4380-ab33-84b49b8611aa 3.108s
2025-12-13 05:23:26.726 65536 INFO tempest.lib.common.rest_client [req-2ff4b615-fd02-4f80-b4fa-4b3298b8f1dd req-2ff4b615-fd02-4f80-b4fa-4b3298b8f1dd ] Request (ListServerFiltersTestJSON:setUpClass): 200 GET http://10.180.1.21/compute/v2.1/servers/56deacbc-77b7-4674-a96a-75558649091d 3.107s
2025-12-13 05:23:26.829 65506 INFO tempest.lib.common.rest_client [req-eeffcdfb-e2d9-47b5-8e7d-abf17ac19605 req-eeffcdfb-e2d9-47b5-8e7d-abf17ac19605 ] Request (ServerActionsV293TestJSON:tearDownClass): 200 GET http://10.180.1.21/compute/v2.1/servers/7995d1b0-6eba-4ab3-bc9b-d5a8a0d7ee2c 3.171s
2025-12-13 05:23:26.841 65505 INFO tempest.lib.common.rest_client [req-d12ee53a-d63b-4fe4-ac91-0e6714577662 req-d12ee53a-d63b-4fe4-ac91-0e6714577662 ] Request (ServersNegativeTestJSON:setUpClass): 200 GET http://10.180.1.21/compute/v2.1/servers/4be67c51-e53b-494d-afd1-7724ad07efb3 3.175s
2025-12-13 05:23:26.891 65493 INFO tempest.lib.common.rest_client [req-3971c304-648a-4f8e-8b3f-7648c7f5f6bb req-3971c304-648a-4f8e-8b3f-7648c7f5f6bb ] Request (MultipleCreateNegativeTestJSON:tearDownClass): 204 DELETE http://10.180.1.21/identity/v3/users/5dc2abc429ab42299801ee05d20b19c3 0.268s
2025-12-13 05:23:26.891 65493 INFO tempest.lib.common.dynamic_creds [-] Deleting project and security group for project: d83d8047786d4514aa4dd0faf7975ac1
2025-12-13 05:23:26.930 65500 INFO tempest.lib.common.rest_client [req-4944e41d-7822-4018-9c0b-37333c59e2f3 req-4944e41d-7822-4018-9c0b-37333c59e2f3 ] Request (ServerShowV263Test:tearDownClass): 201 POST http://10.180.1.21/identity/v3/auth/tokens 0.251s
2025-12-13 05:23:26.964 65525 INFO tempest.lib.common.rest_client [req-3a8aedeb-8e15-4457-afed-56607b1dd172 req-3a8aedeb-8e15-4457-afed-56607b1dd172 ] Request (ServerRescueTestJSON:test_rescue_unrescue_instance): 200 GET http://10.180.1.21/compute/v2.1/servers/f9fddeb4-3b6a-4dea-9ee4-88d023a65dbd 3.146s
2025-12-13 05:23:26.966 65486 INFO tempest.lib.common.rest_client [req-986c0081-9db9-473c-af25-906717ae0fb0 req-986c0081-9db9-473c-af25-906717ae0fb0 ] Request (ImagesTestJSON:test_create_image_from_stopped_server): 200 GET http://10.180.1.21/compute/v2.1/servers/39cb3c15-eb6f-4468-ae8d-a8f99ce49971 3.132s
2025-12-13 05:23:26.999 65493 INFO tempest.lib.common.rest_client [req-b2cb688c-6aad-4ebd-a0f3-11dd503567f3 req-b2cb688c-6aad-4ebd-a0f3-11dd503567f3 ] Request (MultipleCreateNegativeTestJSON:tearDownClass): 201 POST http://10.180.1.21/identity/v3/auth/tokens 0.107s
2025-12-13 05:23:27.166 65500 INFO tempest.lib.common.rest_client [req-28d3d5a1-7720-4013-a543-1335776171d5 req-28d3d5a1-7720-4013-a543-1335776171d5 ] Request (ServerShowV263Test:tearDownClass): 200 GET http://10.180.1.21/networking/v2.0/security-groups?tenant_id=2d20153fa11d45d284b0a803aa400b58&name=default 0.235s
2025-12-13 05:23:27.497 65493 INFO tempest.lib.common.rest_client [req-2852df37-a806-4b5e-8b8a-be2973205bb6 req-2852df37-a806-4b5e-8b8a-be2973205bb6 ] Request (MultipleCreateNegativeTestJSON:tearDownClass): 200 GET http://10.180.1.21/networking/v2.0/security-groups?tenant_id=d83d8047786d4514aa4dd0faf7975ac1&name=default 0.498s
2025-12-13 05:23:27.519 65474 INFO tempest.lib.common.rest_client [req-61fed785-5d19-416f-ae3d-6767fd98f2f9 req-61fed785-5d19-416f-ae3d-6767fd98f2f9 ] Request (ServerDiskConfigTestJSON:test_rebuild_server_with_manual_disk_config): 200 GET http://10.180.1.21/compute/v2.1/servers/f521bb6e-27aa-4202-9b8a-5c3119fb4809 3.628s
2025-12-13 05:23:27.540 65529 INFO tempest.lib.common.rest_client [req-ae792335-aef7-4bbf-a17f-fe7db54f246b req-ae792335-aef7-4bbf-a17f-fe7db54f246b ] Request (ServerShowV257Test:tearDownClass): 200 GET http://10.180.1.21/compute/v2.1/servers/b6091029-a0dc-459f-ad96-80ce482f6fb7 3.621s
2025-12-13 05:23:27.632 65500 INFO tempest.lib.common.rest_client [req-7f791075-154d-483e-9392-b68ca5166d84 req-7f791075-154d-483e-9392-b68ca5166d84 ] Request (ServerShowV263Test:tearDownClass): 204 DELETE http://10.180.1.21/networking/v2.0/security-groups/3d4c405b-d060-432d-a190-96053265a773 0.465s
2025-12-13 05:23:27.738 65500 INFO tempest.lib.common.rest_client [req-c8902293-93a3-4264-98ec-9f9c5060fe55 req-c8902293-93a3-4264-98ec-9f9c5060fe55 ] Request (ServerShowV263Test:tearDownClass): 204 DELETE http://10.180.1.21/identity/v3/projects/2d20153fa11d45d284b0a803aa400b58 0.105s
2025-12-13 05:23:27.925 65493 INFO tempest.lib.common.rest_client [req-2660efe0-e462-420e-ad77-a15696d4c299 req-2660efe0-e462-420e-ad77-a15696d4c299 ] Request (MultipleCreateNegativeTestJSON:tearDownClass): 204 DELETE http://10.180.1.21/networking/v2.0/security-groups/a7899dcb-2444-400f-aefb-d7ff0fd87502 0.427s
2025-12-13 05:23:28.051 65510 INFO tempest.lib.common.rest_client [req-4a86bcd0-0d84-433a-b34b-e1c246fb6301 req-4a86bcd0-0d84-433a-b34b-e1c246fb6301 ] Request (ServersAdmin275Test:_run_cleanups): 200 GET http://10.180.1.21/compute/v2.1/servers/6d36925f-56c9-48a5-81d7-3acf5b2bf972 4.018s
2025-12-13 05:23:28.060 65510 INFO tempest.common.waiters [-] State transition "REBUILD/rebuild_spawning" ==> "ACTIVE/None" after 9 second wait
2025-12-13 05:23:28.066 65493 INFO tempest.lib.common.rest_client [req-f213e1c6-8830-495b-8a83-48ad7ae808c9 req-f213e1c6-8830-495b-8a83-48ad7ae808c9 ] Request (MultipleCreateNegativeTestJSON:tearDownClass): 204 DELETE http://10.180.1.21/identity/v3/projects/d83d8047786d4514aa4dd0faf7975ac1 0.140s
2025-12-13 05:23:28.140 65493 INFO tempest.lib.common.rest_client [req-85894b77-16ec-490a-b61c-dc4174f5d374 req-85894b77-16ec-490a-b61c-dc4174f5d374 ] Request (ServerActionsTestOtherA:setUpClass): 201 POST http://10.180.1.21/identity/v3/auth/tokens 0.072s
2025-12-13 05:23:28.171 65493 INFO tempest.lib.common.rest_client [req-c81a3083-6bcd-482b-9af1-fd4dcd18c3a7 req-c81a3083-6bcd-482b-9af1-fd4dcd18c3a7 ] Request (ServerActionsTestOtherA:setUpClass): 201 POST http://10.180.1.21/identity/v3/auth/tokens 0.028s
2025-12-13 05:23:28.197 65493 INFO tempest.lib.common.rest_client [req-dacce0b9-5eeb-469b-9a77-c0599b905529 req-dacce0b9-5eeb-469b-9a77-c0599b905529 ] Request (ServerActionsTestOtherA:setUpClass): 200 GET http://10.180.1.21/identity/v3/domains?name=Default 0.026s
2025-12-13 05:23:28.226 65493 INFO tempest.lib.common.rest_client [req-edee3a3b-dfac-4b97-98dc-1a233353bca8 req-edee3a3b-dfac-4b97-98dc-1a233353bca8 ] Request (ServerActionsTestOtherA:setUpClass): 201 POST http://10.180.1.21/identity/v3/projects 0.029s
2025-12-13 05:23:28.323 65493 INFO tempest.lib.common.rest_client [req-7edef509-e982-445e-bdd1-5d1ab05522b4 req-7edef509-e982-445e-bdd1-5d1ab05522b4 ] Request (ServerActionsTestOtherA:setUpClass): 201 POST http://10.180.1.21/identity/v3/users 0.096s
2025-12-13 05:23:28.346 65493 INFO tempest.lib.common.rest_client [req-5cf8af15-f8af-4062-865a-836cdba639ea req-5cf8af15-f8af-4062-865a-836cdba639ea ] Request (ServerActionsTestOtherA:setUpClass): 200 GET http://10.180.1.21/identity/v3/roles 0.022s
2025-12-13 05:23:28.376 65493 INFO tempest.lib.common.rest_client [req-490c372e-1f38-4754-a6f0-b4d3d6b5eb71 req-490c372e-1f38-4754-a6f0-b4d3d6b5eb71 ] Request (ServerActionsTestOtherA:setUpClass): 204 PUT http://10.180.1.21/identity/v3/projects/22aafedb56e24d6991d17ec859435a6b/users/4a77ba3034a04fa7a9858e4b5c0b249f/roles/2f8d1a60dd314c8f8cd332f9c70155ca 0.029s
2025-12-13 05:23:28.376 65493 INFO tempest.lib.common.dynamic_creds [-] Dynamic test user 4a77ba3034a04fa7a9858e4b5c0b249f is created with scope project and roles: ['member']
2025-12-13 05:23:28.376 65493 INFO tempest.lib.common.dynamic_creds [-] Acquired dynamic creds: credentials: Credentials: {'domain_id': 'default', 'domain_name': 'Default', 'username': 'tempest-ServerActionsTestOtherA-1656384065-project-member', 'project_domain_id': 'default', 'project_domain_name': 'Default', 'project_id': '22aafedb56e24d6991d17ec859435a6b', 'project_name': 'tempest-ServerActionsTestOtherA-1656384065', 'tenant_id': '22aafedb56e24d6991d17ec859435a6b', 'tenant_name': 'tempest-ServerActionsTestOtherA-1656384065', 'user_domain_id': 'default', 'user_domain_name': 'Default', 'user_id': '4a77ba3034a04fa7a9858e4b5c0b249f', 'system': None}, Network: None, Subnet: None, Router: None
2025-12-13 05:23:28.440 65493 INFO tempest.lib.common.rest_client [req-96c1eea8-5828-411a-9ec3-bc363ed87d2f req-96c1eea8-5828-411a-9ec3-bc363ed87d2f ] Request (ServerActionsTestOtherA:setUpClass): 201 POST http://10.180.1.21/identity/v3/auth/tokens 0.064s
2025-12-13 05:23:28.721 65522 INFO tempest.lib.common.rest_client [req-6d605cca-6f15-4590-8142-7bc76e8e82f5 req-6d605cca-6f15-4590-8142-7bc76e8e82f5 ] Request (VolumesAssistedSnapshotsTest:tearDownClass): 200 GET http://10.180.1.21/compute/v2.1/servers/5e203c1b-965b-49ac-8f8e-29a0c2440b95 4.027s
2025-12-13 05:23:28.826 65508 INFO tempest.lib.common.rest_client [req-2a390500-1786-4fca-b78c-24c09b84a717 req-2a390500-1786-4fca-b78c-24c09b84a717 ] Request (ServersTestFqdnHostnames:tearDownClass): 204 DELETE http://10.180.1.21/compute/v2.1/servers/1d5ed4e8-57f5-4f15-a8fd-7dda242f0879 4.010s
2025-12-13 05:23:28.904 65498 INFO tempest.lib.common.rest_client [req-13bdd66a-6093-408e-a51b-c4bbd516fd42 req-13bdd66a-6093-408e-a51b-c4bbd516fd42 ] Request (FloatingIPsAssociationNegativeTestJSON:tearDownClass): 204 DELETE http://10.180.1.21/compute/v2.1/servers/21854c4a-af0e-494e-898e-a1b3c0bb55fd 3.914s
2025-12-13 05:23:28.919 65478 INFO tempest.lib.common.rest_client [req-ef83eb84-c49c-4c40-a109-bd7ef1c28a4a req-ef83eb84-c49c-4c40-a109-bd7ef1c28a4a ] Request (MigrationsAdminTest:test_resize_server_revert_deleted_flavor): 200 GET http://10.180.1.21/compute/v2.1/flavors/42 3.909s
2025-12-13 05:23:28.965 65502 INFO tempest.lib.common.rest_client [req-f1e3d333-8219-4b11-a79f-a7d7f047adef req-f1e3d333-8219-4b11-a79f-a7d7f047adef ] Request (FlavorsAdminTestJSON:test_list_public_flavor_with_other_user): 200 GET http://10.180.1.21/compute/v2.1/flavors/detail 3.668s
2025-12-13 05:23:28.987 65493 INFO tempest.lib.common.rest_client [req-03aa1333-0ee0-4007-9f70-00dc463cc71d req-03aa1333-0ee0-4007-9f70-00dc463cc71d ] Request (ServerActionsTestOtherA:setUpClass): 201 POST http://10.180.1.21/networking/v2.0/networks 0.547s
2025-12-13 05:23:29.206 65493 INFO tempest.lib.common.rest_client [req-37214b59-1ce3-4054-aa93-92043ec5555e req-37214b59-1ce3-4054-aa93-92043ec5555e ] Request (ServerActionsTestOtherA:setUpClass): 201 POST http://10.180.1.21/networking/v2.0/subnets 0.218s
2025-12-13 05:23:29.259 65532 INFO tempest.lib.common.rest_client [req-6471a576-ece5-4945-8f06-29e4ce5fcfe1 req-6471a576-ece5-4945-8f06-29e4ce5fcfe1 ] Request (FloatingIPDetailsTestJSON:test_get_floating_ip_details): 200 POST http://10.180.1.21/compute/v2.1/os-floating-ips 4.645s
2025-12-13 05:23:29.352 65482 INFO tempest.lib.common.rest_client [req-4e57d534-dd9f-4ec6-8d41-72a32132a2e6 req-4e57d534-dd9f-4ec6-8d41-72a32132a2e6 ] Request (MultipleCreateTestJSON:_run_cleanups): 200 GET http://10.180.1.21/compute/v2.1/servers/e1f3e04d-b8de-4f55-a45e-fcc366354ebc 3.996s
2025-12-13 05:23:29.438 65526 INFO tempest.lib.common.rest_client [req-b30331d3-1d54-4103-9ff9-656a437b4b0a req-b30331d3-1d54-4103-9ff9-656a437b4b0a ] Request (ServerGroupTestJSON:test_create_delete_multiple_server_groups_with_same_name_policy): 200 POST http://10.180.1.21/compute/v2.1/os-server-groups 3.903s
