2025-12-13 05:25:08.306 65534 INFO tempest.lib.common.rest_client [req-b7e21c19-1486-44a7-b403-412002dd61f7 req-b7e21c19-1486-44a7-b403-412002dd61f7 ] Request (ServersAaction247Test:tearDownClass): 200 GET http://10.180.1.21/compute/v2.1/servers/09db7a58-c527-4ea3-a55b-2f085cf4ffe9 0.078s
2025-12-13 05:25:08.319 65510 INFO tempest.lib.common.rest_client [req-4ff7ac17-72fc-43ae-b52f-2133aca6592d req-4ff7ac17-72fc-43ae-b52f-2133aca6592d ] Request (InstanceActionsV221TestJSON:test_get_list_deleted_instance_actions): 200 GET http://10.180.1.21/compute/v2.1/servers/323cd34b-0213-4d07-a1a3-063b90357a95 0.063s
2025-12-13 05:25:08.362 65530 INFO tempest.lib.common.rest_client [req-ac089edd-7bb5-4e99-8e72-b811d3597295 req-ac089edd-7bb5-4e99-8e72-b811d3597295 ] Request (ServersTestJSON:_run_cleanups): 200 GET http://10.180.1.21/compute/v2.1/servers/025a1d95-c6a8-4759-ae09-c1e61d6b18ee 0.074s
2025-12-13 05:25:08.423 65490 INFO tempest.lib.common.rest_client [req-f6866909-7411-40a9-8662-f87e674621d0 req-f6866909-7411-40a9-8662-f87e674621d0 ] Request (ServerShowV247Test:test_update_rebuild_list_server): 200 GET http://10.180.1.21/compute/v2.1/servers/2ddcf3f5-f380-439a-8a10-99f7a2a6aba7 0.058s
2025-12-13 05:25:08.481 65494 INFO tempest.lib.common.rest_client [req-21c7c0ff-c042-475f-8ade-dc5cfb1abe00 req-21c7c0ff-c042-475f-8ade-dc5cfb1abe00 ] Request (ServersTestMultiNic:test_verify_multiple_nics_order): 200 GET http://10.180.1.21/compute/v2.1/servers/7f46eae7-7bf5-476f-ba0f-8b74af54bbad 0.056s
2025-12-13 05:25:08.506 65505 INFO tempest.lib.common.rest_client [req-d78421fd-462e-411f-b03b-86c4bff5f059 req-d78421fd-462e-411f-b03b-86c4bff5f059 ] Request (ServersNegativeTestJSON:setUpClass): 200 GET http://10.180.1.21/compute/v2.1/servers/7021ac9f-ceeb-4570-a131-019199d54494 0.121s
2025-12-13 05:25:08.513 65505 INFO tempest.common.waiters [-] State transition "BUILD/networking" ==> "BUILD/spawning" after 65 second wait
2025-12-13 05:25:08.529 65474 INFO tempest.lib.common.rest_client [req-212090bd-21c7-4c2f-93b5-ea9165eeb277 req-212090bd-21c7-4c2f-93b5-ea9165eeb277 ] Request (ServerDiskConfigTestJSON:test_resize_server_from_auto_to_manual): 200 GET http://10.180.1.21/compute/v2.1/servers/d1a0fd1b-f28c-4929-885e-08f1aa951b0b 0.088s
2025-12-13 05:25:08.572 65476 INFO tempest.lib.common.rest_client [req-2fc863ef-1943-47d4-9e56-915489be058b req-2fc863ef-1943-47d4-9e56-915489be058b ] Request (ServerExternalEventsTest:tearDownClass): 200 GET http://10.180.1.21/compute/v2.1/servers/3368ae5c-2ac6-4380-ab33-84b49b8611aa 0.087s
2025-12-13 05:25:08.588 65486 INFO tempest.lib.common.rest_client [req-866b34fb-57ef-40e7-b514-3a327e3fe9e1 req-866b34fb-57ef-40e7-b514-3a327e3fe9e1 ] Request (ImagesTestJSON:test_create_image_from_suspended_server): 200 GET http://10.180.1.21/compute/v2.1/servers/9aeda738-58c9-4d9d-859f-29d2f743fe82 0.091s
2025-12-13 05:25:08.627 65506 INFO tempest.lib.common.rest_client [req-1f012fa5-96fd-4093-9dea-dc9b66245e32 req-1f012fa5-96fd-4093-9dea-dc9b66245e32 ] Request (ServerRescueTestJSONUnderV235:setUpClass): 200 GET http://10.180.1.21/compute/v2.1/servers/acef2f37-780f-45fe-b388-9060ae4549c9 0.091s
2025-12-13 05:25:08.644 65508 INFO tempest.lib.common.rest_client [req-28f67a2e-060a-4eb7-9402-3fcac4afe485 req-28f67a2e-060a-4eb7-9402-3fcac4afe485 ] Request (ServerMetadataNegativeTestJSON:setUpClass): 200 GET http://10.180.1.21/compute/v2.1/servers/8f33a39a-cb3f-46a8-8f65-3290d673f590 0.090s
2025-12-13 05:25:08.684 65512 INFO tempest.lib.common.rest_client [req-8b2d07c8-04d5-4a6a-9194-bf499cffefc9 req-8b2d07c8-04d5-4a6a-9194-bf499cffefc9 ] Request (SecurityGroupsTestJSON:test_server_security_groups): 200 GET http://10.180.1.21/compute/v2.1/servers/2681f8e4-dc4c-47be-bcc5-2b1a0122512d 0.088s
2025-12-13 05:25:08.779 65518 INFO tempest.lib.common.rest_client [req-71ebf24b-e671-4910-a482-e47101ac22ad req-71ebf24b-e671-4910-a482-e47101ac22ad ] Request (ServersAdminTestJSON:tearDownClass): 200 GET http://10.180.1.21/compute/v2.1/servers/bca78e70-9f85-4701-b419-a7e6d38a4a54 0.081s
2025-12-13 05:25:08.834 65478 INFO tempest.lib.common.rest_client [req-ff3b7acf-4c2d-4c8a-9021-a934e89ace23 req-ff3b7acf-4c2d-4c8a-9021-a934e89ace23 ] Request (MigrationsAdminTest:test_resize_server_revert_deleted_flavor): 200 GET http://10.180.1.21/compute/v2.1/servers/0df8c1cf-18d3-418d-85bd-73dc3bcb485f 0.109s
2025-12-13 05:25:08.837 65482 INFO tempest.lib.common.rest_client [req-3c0f1dc3-5f39-4bfa-a210-51eed2ec484d req-3c0f1dc3-5f39-4bfa-a210-51eed2ec484d ] Request (MultipleCreateTestJSON:test_multiple_create_with_reservation_return): 200 GET http://10.180.1.21/compute/v2.1/servers/2d5e6952-096d-46b0-9fee-713b0f924030 0.076s
2025-12-13 05:25:08.901 65536 INFO tempest.lib.common.rest_client [req-11315cd5-b0ea-4f39-912c-5673ff98e16d req-11315cd5-b0ea-4f39-912c-5673ff98e16d ] Request (ListServerFiltersTestJSON:tearDownClass): 200 GET http://10.180.1.21/compute/v2.1/servers/56deacbc-77b7-4674-a96a-75558649091d 0.098s
2025-12-13 05:25:08.926 65480 INFO tempest.lib.common.rest_client [req-b7041723-668b-44b4-9fd9-1029ef5af5af req-b7041723-668b-44b4-9fd9-1029ef5af5af ] Request (ServersTestManualDisk:setUpClass): 200 GET http://10.180.1.21/compute/v2.1/servers/1e67e64f-4ac1-4a7b-9ad5-a9edd74c3617 0.057s
2025-12-13 05:25:08.979 65484 INFO tempest.lib.common.rest_client [req-dad793a1-312d-4eb8-86dc-d7f09c8b78dd req-dad793a1-312d-4eb8-86dc-d7f09c8b78dd ] Request (ListImageFiltersTestJSON:tearDownClass): 200 GET http://10.180.1.21/compute/v2.1/servers/28c3760f-69e5-47b5-8ae5-2175b6bba5b5 0.062s
2025-12-13 05:25:09.051 65520 INFO tempest.lib.common.rest_client [req-6939034d-bf7d-4602-9f42-1a268291c078 req-6939034d-bf7d-4602-9f42-1a268291c078 ] Request (ServersAdminNegativeTestJSON:tearDownClass): 200 GET http://10.180.1.21/compute/v2.1/servers/5f2cfd56-b153-49b4-92a4-606ea221d963 0.061s
2025-12-13 05:25:09.157 65522 INFO tempest.lib.common.rest_client [req-d343cfc9-0cc2-4d06-bdce-e7d0c1050f1a req-d343cfc9-0cc2-4d06-bdce-e7d0c1050f1a ] Request (TenantUsagesTestJSON:setUpClass): 200 GET http://10.180.1.21/compute/v2.1/servers/f847f94f-09ce-40ed-8a67-8483da8bc692 0.057s
2025-12-13 05:25:09.259 65502 INFO tempest.lib.common.rest_client [req-75493fbe-0e08-4ff2-9fa7-318ec0d205a2 req-75493fbe-0e08-4ff2-9fa7-318ec0d205a2 ] Request (ImagesOneServerNegativeTestJSON:setUpClass): 200 GET http://10.180.1.21/compute/v2.1/servers/562af50f-6a9f-492d-924f-05a1bd9e8072 0.138s
2025-12-13 05:25:09.274 65525 INFO tempest.lib.common.rest_client [req-28e9c682-5c6c-4a32-b628-194321e9a9af req-28e9c682-5c6c-4a32-b628-194321e9a9af ] Request (ServerRescueTestJSON:tearDownClass): 200 GET http://10.180.1.21/compute/v2.1/servers/eb676593-cf46-442f-8537-39c71eb92533 0.070s
2025-12-13 05:25:09.335 65526 INFO tempest.lib.common.rest_client [req-a6bae91c-1d34-45ef-a157-d9ecb74c36ec req-a6bae91c-1d34-45ef-a157-d9ecb74c36ec ] Request (ServerGroupTestJSON:_run_cleanups): 200 GET http://10.180.1.21/compute/v2.1/servers/e9bf03b0-a091-45e5-a7e3-2ee790d4c7da 0.059s
2025-12-13 05:25:09.378 65534 INFO tempest.lib.common.rest_client [req-3f5a4d2f-8452-4447-ac84-3a193f6058a1 req-3f5a4d2f-8452-4447-ac84-3a193f6058a1 ] Request (ServersAaction247Test:tearDownClass): 200 GET http://10.180.1.21/compute/v2.1/servers/09db7a58-c527-4ea3-a55b-2f085cf4ffe9 0.062s
2025-12-13 05:25:09.385 65510 INFO tempest.lib.common.rest_client [req-59790252-4b58-433d-98c9-4ffd32f94b1f req-59790252-4b58-433d-98c9-4ffd32f94b1f ] Request (InstanceActionsV221TestJSON:test_get_list_deleted_instance_actions): 200 GET http://10.180.1.21/compute/v2.1/servers/323cd34b-0213-4d07-a1a3-063b90357a95 0.056s
2025-12-13 05:25:09.441 65530 INFO tempest.lib.common.rest_client [req-d236f6a8-c5a6-44d7-aed2-8db36335f2bf req-d236f6a8-c5a6-44d7-aed2-8db36335f2bf ] Request (ServersTestJSON:_run_cleanups): 200 GET http://10.180.1.21/compute/v2.1/servers/025a1d95-c6a8-4759-ae09-c1e61d6b18ee 0.071s
2025-12-13 05:25:09.488 65490 INFO tempest.lib.common.rest_client [req-ada0fd87-a6a7-4644-b30c-cd52cdd3bba6 req-ada0fd87-a6a7-4644-b30c-cd52cdd3bba6 ] Request (ServerShowV247Test:test_update_rebuild_list_server): 200 GET http://10.180.1.21/compute/v2.1/servers/2ddcf3f5-f380-439a-8a10-99f7a2a6aba7 0.055s
2025-12-13 05:25:09.541 65494 INFO tempest.lib.common.rest_client [req-054f4ec8-36bf-4eba-beda-7f98ed840aca req-054f4ec8-36bf-4eba-beda-7f98ed840aca ] Request (ServersTestMultiNic:test_verify_multiple_nics_order): 200 GET http://10.180.1.21/compute/v2.1/servers/7f46eae7-7bf5-476f-ba0f-8b74af54bbad 0.052s
2025-12-13 05:25:09.593 65474 INFO tempest.lib.common.rest_client [req-b91c2d15-d293-4420-aeb4-ad914345bde7 req-b91c2d15-d293-4420-aeb4-ad914345bde7 ] Request (ServerDiskConfigTestJSON:test_resize_server_from_auto_to_manual): 200 GET http://10.180.1.21/compute/v2.1/servers/d1a0fd1b-f28c-4929-885e-08f1aa951b0b 0.056s
2025-12-13 05:25:09.609 65505 INFO tempest.lib.common.rest_client [req-b277fae0-ffe0-43af-8a64-14e151c14881 req-b277fae0-ffe0-43af-8a64-14e151c14881 ] Request (ServersNegativeTestJSON:setUpClass): 200 GET http://10.180.1.21/compute/v2.1/servers/7021ac9f-ceeb-4570-a131-019199d54494 0.095s
2025-12-13 05:25:09.612 65476 INFO tempest.lib.common.rest_client [req-10c8553b-6c0a-485d-b708-cf92b2c488fa req-10c8553b-6c0a-485d-b708-cf92b2c488fa ] Request (ServerExternalEventsTest:tearDownClass): 404 GET http://10.180.1.21/compute/v2.1/servers/3368ae5c-2ac6-4380-ab33-84b49b8611aa 0.027s
2025-12-13 05:25:09.648 65514 WARNING tempest.lib.common.ssh [-] Failed to establish authenticated ssh connection to cirros@10.180.180.184 ([Errno None] Unable to connect to port 22 on 10.180.180.184). Number attempts: 5. Retry after 6 seconds.: paramiko.ssh_exception.NoValidConnectionsError: [Errno None] Unable to connect to port 22 on 10.180.180.184
2025-12-13 05:25:09.657 65486 INFO tempest.lib.common.rest_client [req-7e353d15-e7a4-43da-94ab-cae4ff63d781 req-7e353d15-e7a4-43da-94ab-cae4ff63d781 ] Request (ImagesTestJSON:test_create_image_from_suspended_server): 200 GET http://10.180.1.21/compute/v2.1/servers/9aeda738-58c9-4d9d-859f-29d2f743fe82 0.060s
2025-12-13 05:25:09.679 65493 WARNING tempest.lib.common.ssh [-] Failed to establish authenticated ssh connection to cirros@10.180.180.248 ([Errno None] Unable to connect to port 22 on 10.180.180.248). Number attempts: 5. Retry after 6 seconds.: paramiko.ssh_exception.NoValidConnectionsError: [Errno None] Unable to connect to port 22 on 10.180.180.248
2025-12-13 05:25:09.690 65506 INFO tempest.lib.common.rest_client [req-6ed56ab7-1bb9-4423-8326-e2f5c9383a7d req-6ed56ab7-1bb9-4423-8326-e2f5c9383a7d ] Request (ServerRescueTestJSONUnderV235:setUpClass): 200 GET http://10.180.1.21/compute/v2.1/servers/acef2f37-780f-45fe-b388-9060ae4549c9 0.053s
2025-12-13 05:25:09.709 65508 INFO tempest.lib.common.rest_client [req-633d9c34-e464-400c-ae5b-8e4d7bceea51 req-633d9c34-e464-400c-ae5b-8e4d7bceea51 ] Request (ServerMetadataNegativeTestJSON:setUpClass): 200 GET http://10.180.1.21/compute/v2.1/servers/8f33a39a-cb3f-46a8-8f65-3290d673f590 0.056s
2025-12-13 05:25:09.727 65476 INFO tempest.lib.common.rest_client [req-ff6662c6-20d6-4186-a4b4-5b8d298e80bb req-ff6662c6-20d6-4186-a4b4-5b8d298e80bb ] Request (ServerExternalEventsTest:tearDownClass): 204 DELETE http://10.180.1.21/identity/v3/users/ff5a531d78734e00b6ce847a108bb747 0.115s
2025-12-13 05:25:09.745 65512 INFO tempest.lib.common.rest_client [req-e64da8c2-ef30-4d64-a88d-7c3a97468492 req-e64da8c2-ef30-4d64-a88d-7c3a97468492 ] Request (SecurityGroupsTestJSON:test_server_security_groups): 200 GET http://10.180.1.21/compute/v2.1/servers/2681f8e4-dc4c-47be-bcc5-2b1a0122512d 0.054s
2025-12-13 05:25:09.829 65476 INFO tempest.lib.common.rest_client [req-40dab7df-0988-4a04-bc4c-fc064ac9c1ae req-40dab7df-0988-4a04-bc4c-fc064ac9c1ae ] Request (ServerExternalEventsTest:tearDownClass): 204 DELETE http://10.180.1.21/identity/v3/users/b2509ca03b0f4269b717d9b2c6c4d149 0.102s
2025-12-13 05:25:09.869 65518 INFO tempest.lib.common.rest_client [req-e9cb344a-84f4-4e8c-8a27-ea090f13bbd7 req-e9cb344a-84f4-4e8c-8a27-ea090f13bbd7 ] Request (ServersAdminTestJSON:tearDownClass): 200 GET http://10.180.1.21/compute/v2.1/servers/bca78e70-9f85-4701-b419-a7e6d38a4a54 0.076s
2025-12-13 05:25:09.931 65476 INFO tempest.lib.common.rest_client [req-29b469b6-5155-437c-b898-0c7f2eb39571 req-29b469b6-5155-437c-b898-0c7f2eb39571 ] Request (ServerExternalEventsTest:tearDownClass): 204 DELETE http://10.180.1.21/identity/v3/users/eb92447f70c14b9ebbad57809e1e032c 0.101s
2025-12-13 05:25:09.931 65476 INFO tempest.lib.common.dynamic_creds [-] Deleting project and security group for project: 2b56129000da40f59048fdb27258ab58
2025-12-13 05:25:09.938 65482 INFO tempest.lib.common.rest_client [req-0946ddc0-b039-486d-9d89-949d655c232b req-0946ddc0-b039-486d-9d89-949d655c232b ] Request (MultipleCreateTestJSON:test_multiple_create_with_reservation_return): 200 GET http://10.180.1.21/compute/v2.1/servers/2d5e6952-096d-46b0-9fee-713b0f924030 0.092s
2025-12-13 05:25:09.965 65478 INFO tempest.lib.common.rest_client [req-209bd886-ff54-466e-9eab-0e9f88a36144 req-209bd886-ff54-466e-9eab-0e9f88a36144 ] Request (MigrationsAdminTest:test_resize_server_revert_deleted_flavor): 200 GET http://10.180.1.21/compute/v2.1/servers/0df8c1cf-18d3-418d-85bd-73dc3bcb485f 0.121s
2025-12-13 05:25:10.001 65536 INFO tempest.lib.common.rest_client [req-fb84a692-c2f3-4d90-b900-e91df8313f66 req-fb84a692-c2f3-4d90-b900-e91df8313f66 ] Request (ListServerFiltersTestJSON:tearDownClass): 200 GET http://10.180.1.21/compute/v2.1/servers/56deacbc-77b7-4674-a96a-75558649091d 0.092s
2025-12-13 05:25:10.002 65476 INFO tempest.lib.common.rest_client [req-6dc49252-8716-4513-bc60-c7a7c660a07e req-6dc49252-8716-4513-bc60-c7a7c660a07e ] Request (ServerExternalEventsTest:tearDownClass): 201 POST http://10.180.1.21/identity/v3/auth/tokens 0.071s
2025-12-13 05:25:10.018 65480 INFO tempest.lib.common.rest_client [req-7ab9db6c-3e6f-4300-a3fa-83f8f9befc6c req-7ab9db6c-3e6f-4300-a3fa-83f8f9befc6c ] Request (ServersTestManualDisk:setUpClass): 200 GET http://10.180.1.21/compute/v2.1/servers/1e67e64f-4ac1-4a7b-9ad5-a9edd74c3617 0.085s
2025-12-13 05:25:10.056 65484 INFO tempest.lib.common.rest_client [req-4a20fd35-9e8b-45a0-ab80-aca21a07fc9a req-4a20fd35-9e8b-45a0-ab80-aca21a07fc9a ] Request (ListImageFiltersTestJSON:tearDownClass): 200 GET http://10.180.1.21/compute/v2.1/servers/28c3760f-69e5-47b5-8ae5-2175b6bba5b5 0.069s
2025-12-13 05:25:10.118 65520 INFO tempest.lib.common.rest_client [req-e45e2e9b-d1fd-4972-8108-9144d57e9e8f req-e45e2e9b-d1fd-4972-8108-9144d57e9e8f ] Request (ServersAdminNegativeTestJSON:tearDownClass): 200 GET http://10.180.1.21/compute/v2.1/servers/5f2cfd56-b153-49b4-92a4-606ea221d963 0.060s
2025-12-13 05:25:10.142 65476 INFO tempest.lib.common.rest_client [req-db73a9d2-1c43-4dea-a299-6769f40bc5f3 req-db73a9d2-1c43-4dea-a299-6769f40bc5f3 ] Request (ServerExternalEventsTest:tearDownClass): 200 GET http://10.180.1.21/networking/v2.0/security-groups?tenant_id=2b56129000da40f59048fdb27258ab58&name=default 0.139s
2025-12-13 05:25:10.214 65522 INFO tempest.lib.common.rest_client [req-9e09426e-f46c-4953-a91a-8beab68bd748 req-9e09426e-f46c-4953-a91a-8beab68bd748 ] Request (TenantUsagesTestJSON:setUpClass): 200 GET http://10.180.1.21/compute/v2.1/servers/f847f94f-09ce-40ed-8a67-8483da8bc692 0.049s
2025-12-13 05:25:10.221 65476 INFO tempest.lib.common.rest_client [req-ed5db0f3-5ca9-42b4-95cc-a0a4922b4d9b req-ed5db0f3-5ca9-42b4-95cc-a0a4922b4d9b ] Request (ServerExternalEventsTest:tearDownClass): 204 DELETE http://10.180.1.21/networking/v2.0/security-groups/afc441b5-de38-492a-8677-3789d0deb66d 0.078s
2025-12-13 05:25:10.277 65476 INFO tempest.lib.common.rest_client [req-159439e2-d04c-4f03-8372-6fc6d5a6199b req-159439e2-d04c-4f03-8372-6fc6d5a6199b ] Request (ServerExternalEventsTest:tearDownClass): 204 DELETE http://10.180.1.21/identity/v3/projects/2b56129000da40f59048fdb27258ab58 0.056s
2025-12-13 05:25:10.278 65476 INFO tempest.lib.common.dynamic_creds [-] Deleting project and security group for project: 2f9ba69f156b4918b47e95de27d543ee
2025-12-13 05:25:10.307 65476 INFO tempest.lib.common.rest_client [req-959bd43b-ab1e-4b70-9377-22b2d122225f req-959bd43b-ab1e-4b70-9377-22b2d122225f ] Request (ServerExternalEventsTest:tearDownClass): 200 GET http://10.180.1.21/networking/v2.0/security-groups?tenant_id=2f9ba69f156b4918b47e95de27d543ee&name=default 0.029s
2025-12-13 05:25:10.349 65525 INFO tempest.lib.common.rest_client [req-a5d8cba3-eb80-4972-8b59-8f98b34ef30c req-a5d8cba3-eb80-4972-8b59-8f98b34ef30c ] Request (ServerRescueTestJSON:tearDownClass): 200 GET http://10.180.1.21/compute/v2.1/servers/eb676593-cf46-442f-8537-39c71eb92533 0.065s
2025-12-13 05:25:10.372 65502 INFO tempest.lib.common.rest_client [req-b03c588f-e092-4a65-8154-be3e1f060a14 req-b03c588f-e092-4a65-8154-be3e1f060a14 ] Request (ImagesOneServerNegativeTestJSON:setUpClass): 200 GET http://10.180.1.21/compute/v2.1/servers/562af50f-6a9f-492d-924f-05a1bd9e8072 0.105s
2025-12-13 05:25:10.379 65502 INFO tempest.common.waiters [-] State transition "BUILD/spawning" ==> "ACTIVE/None" after 69 second wait
2025-12-13 05:25:10.388 65476 INFO tempest.lib.common.rest_client [req-b4dce5cb-442b-4e0e-85f2-94a6534ae562 req-b4dce5cb-442b-4e0e-85f2-94a6534ae562 ] Request (ServerExternalEventsTest:tearDownClass): 204 DELETE http://10.180.1.21/networking/v2.0/security-groups/9b7861be-1180-483d-8b7a-c53afcc4de60 0.080s
2025-12-13 05:25:10.404 65526 INFO tempest.lib.common.rest_client [req-436c910e-0b09-4e7a-8e69-5ec79767f30e req-436c910e-0b09-4e7a-8e69-5ec79767f30e ] Request (ServerGroupTestJSON:_run_cleanups): 200 GET http://10.180.1.21/compute/v2.1/servers/e9bf03b0-a091-45e5-a7e3-2ee790d4c7da 0.060s
2025-12-13 05:25:10.469 65534 INFO tempest.lib.common.rest_client [req-47a9a5d5-945e-46d9-8468-cb457e5de6cf req-47a9a5d5-945e-46d9-8468-cb457e5de6cf ] Request (ServersAaction247Test:tearDownClass): 200 GET http://10.180.1.21/compute/v2.1/servers/09db7a58-c527-4ea3-a55b-2f085cf4ffe9 0.074s
2025-12-13 05:25:10.485 65502 INFO tempest.lib.common.rest_client [req-51413c5d-31d4-418e-b3d0-e50230355f5c req-51413c5d-31d4-418e-b3d0-e50230355f5c ] Request (ImagesOneServerNegativeTestJSON:setUp): 200 GET http://10.180.1.21/compute/v2.1/servers/562af50f-6a9f-492d-924f-05a1bd9e8072 0.105s
2025-12-13 05:25:10.498 65476 INFO tempest.lib.common.rest_client [req-68589a45-0520-46d7-8c16-f019a6d9bb99 req-68589a45-0520-46d7-8c16-f019a6d9bb99 ] Request (ServerExternalEventsTest:tearDownClass): 204 DELETE http://10.180.1.21/identity/v3/projects/2f9ba69f156b4918b47e95de27d543ee 0.109s
2025-12-13 05:25:10.498 65476 INFO tempest.lib.common.dynamic_creds [-] Deleting project and security group for project: 001b59e9efac49ccbff5a16f72917f08
2025-12-13 05:25:10.530 65510 INFO tempest.lib.common.rest_client [req-434aea23-f699-4724-9ed4-1f2a5dbdf107 req-434aea23-f699-4724-9ed4-1f2a5dbdf107 ] Request (InstanceActionsV221TestJSON:test_get_list_deleted_instance_actions): 200 GET http://10.180.1.21/compute/v2.1/servers/323cd34b-0213-4d07-a1a3-063b90357a95 0.136s
2025-12-13 05:25:10.535 65502 INFO tempest.lib.common.rest_client [req-8c26d9dc-fe68-412c-af1c-0fc2001b2305 req-8c26d9dc-fe68-412c-af1c-0fc2001b2305 ] Request (ImagesOneServerNegativeTestJSON:test_create_image_specify_invalid_metadata): 400 POST http://10.180.1.21/compute/v2.1/servers/562af50f-6a9f-492d-924f-05a1bd9e8072/action 0.041s
2025-12-13 05:25:10.548 65530 INFO tempest.lib.common.rest_client [req-a8b00af8-45a4-4d76-929a-3d02f08b5e33 req-a8b00af8-45a4-4d76-929a-3d02f08b5e33 ] Request (ServersTestJSON:_run_cleanups): 200 GET http://10.180.1.21/compute/v2.1/servers/025a1d95-c6a8-4759-ae09-c1e61d6b18ee 0.100s
2025-12-13 05:25:10.596 65490 INFO tempest.lib.common.rest_client [req-a7596cbd-ed1d-43b4-b198-e49191c648fd req-a7596cbd-ed1d-43b4-b198-e49191c648fd ] Request (ServerShowV247Test:test_update_rebuild_list_server): 200 GET http://10.180.1.21/compute/v2.1/servers/2ddcf3f5-f380-439a-8a10-99f7a2a6aba7 0.098s
2025-12-13 05:25:10.607 65476 INFO tempest.lib.common.rest_client [req-3bbff788-c60f-463e-be91-fcf5e2a0bed3 req-3bbff788-c60f-463e-be91-fcf5e2a0bed3 ] Request (ServerExternalEventsTest:tearDownClass): 200 GET http://10.180.1.21/networking/v2.0/security-groups?tenant_id=001b59e9efac49ccbff5a16f72917f08&name=default 0.108s
2025-12-13 05:25:10.665 65502 INFO tempest.lib.common.rest_client [req-967122ea-7ecf-4e68-ad16-fe6aa1ac571d req-967122ea-7ecf-4e68-ad16-fe6aa1ac571d ] Request (ImagesOneServerNegativeTestJSON:tearDown): 200 GET http://10.180.1.21/compute/v2.1/servers/562af50f-6a9f-492d-924f-05a1bd9e8072 0.129s
2025-12-13 05:25:10.678 65494 INFO tempest.lib.common.rest_client [req-549eeeac-d870-493f-82b7-f31d8c491fdf req-549eeeac-d870-493f-82b7-f31d8c491fdf ] Request (ServersTestMultiNic:test_verify_multiple_nics_order): 200 GET http://10.180.1.21/compute/v2.1/servers/7f46eae7-7bf5-476f-ba0f-8b74af54bbad 0.129s
2025-12-13 05:25:10.692 65476 INFO tempest.lib.common.rest_client [req-3be0d5b1-bd09-4705-9970-f3c64f8000c5 req-3be0d5b1-bd09-4705-9970-f3c64f8000c5 ] Request (ServerExternalEventsTest:tearDownClass): 204 DELETE http://10.180.1.21/networking/v2.0/security-groups/d330fc64-a6fc-44d3-ab5d-c1cfb466ce12 0.085s
2025-12-13 05:25:10.717 65474 INFO tempest.lib.common.rest_client [req-14c7647d-7de5-4183-a61c-bb66f40d8713 req-14c7647d-7de5-4183-a61c-bb66f40d8713 ] Request (ServerDiskConfigTestJSON:test_resize_server_from_auto_to_manual): 200 GET http://10.180.1.21/compute/v2.1/servers/d1a0fd1b-f28c-4929-885e-08f1aa951b0b 0.116s
2025-12-13 05:25:10.772 65486 INFO tempest.lib.common.rest_client [req-543b0fa1-aa7d-4865-9c2e-b96a3ed21239 req-543b0fa1-aa7d-4865-9c2e-b96a3ed21239 ] Request (ImagesTestJSON:test_create_image_from_suspended_server): 200 GET http://10.180.1.21/compute/v2.1/servers/9aeda738-58c9-4d9d-859f-29d2f743fe82 0.107s
2025-12-13 05:25:10.780 65505 INFO tempest.lib.common.rest_client [req-767d5b63-efdf-41fc-b4df-9394a426b559 req-767d5b63-efdf-41fc-b4df-9394a426b559 ] Request (ServersNegativeTestJSON:setUpClass): 200 GET http://10.180.1.21/compute/v2.1/servers/7021ac9f-ceeb-4570-a131-019199d54494 0.162s
2025-12-13 05:25:10.842 65476 INFO tempest.lib.common.rest_client [req-da552904-3b29-45dd-af27-26e907a3c103 req-da552904-3b29-45dd-af27-26e907a3c103 ] Request (ServerExternalEventsTest:tearDownClass): 204 DELETE http://10.180.1.21/identity/v3/projects/001b59e9efac49ccbff5a16f72917f08 0.149s
2025-12-13 05:25:10.883 65506 INFO tempest.lib.common.rest_client [req-37b6067c-8581-4a4b-9015-afb3ba11d389 req-37b6067c-8581-4a4b-9015-afb3ba11d389 ] Request (ServerRescueTestJSONUnderV235:setUpClass): 200 GET http://10.180.1.21/compute/v2.1/servers/acef2f37-780f-45fe-b388-9060ae4549c9 0.184s
2025-12-13 05:25:10.922 65476 INFO tempest.lib.common.rest_client [req-057b4097-ee56-49eb-826e-776207ab726d req-057b4097-ee56-49eb-826e-776207ab726d ] Request (ListServersNegativeTestJSON:setUpClass): 201 POST http://10.180.1.21/identity/v3/auth/tokens 0.078s
2025-12-13 05:25:10.953 65476 INFO tempest.lib.common.rest_client [req-b5a8215d-4cb3-4642-8d87-6113a92e721a req-b5a8215d-4cb3-4642-8d87-6113a92e721a ] Request (ListServersNegativeTestJSON:setUpClass): 201 POST http://10.180.1.21/identity/v3/auth/tokens 0.028s
2025-12-13 05:25:10.953 65508 INFO tempest.lib.common.rest_client [req-65cdb2da-12ee-4ce2-b534-e2f9163a87fe req-65cdb2da-12ee-4ce2-b534-e2f9163a87fe ] Request (ServerMetadataNegativeTestJSON:setUpClass): 200 GET http://10.180.1.21/compute/v2.1/servers/8f33a39a-cb3f-46a8-8f65-3290d673f590 0.236s
2025-12-13 05:25:10.987 65476 INFO tempest.lib.common.rest_client [req-ed7d607d-1456-45b9-8ce6-52595502cbe9 req-ed7d607d-1456-45b9-8ce6-52595502cbe9 ] Request (ListServersNegativeTestJSON:setUpClass): 200 GET http://10.180.1.21/identity/v3/domains?name=Default 0.033s
2025-12-13 05:25:10.993 65502 INFO tempest.lib.common.rest_client [req-3bc18caf-0177-4120-9bc8-812f378adb78 req-3bc18caf-0177-4120-9bc8-812f378adb78 ] Request (ImagesOneServerNegativeTestJSON:setUp): 200 GET http://10.180.1.21/compute/v2.1/servers/562af50f-6a9f-492d-924f-05a1bd9e8072 0.312s
2025-12-13 05:25:11.012 65512 INFO tempest.lib.common.rest_client [req-2e8be537-a2e7-4f67-8e7b-35329481fa86 req-2e8be537-a2e7-4f67-8e7b-35329481fa86 ] Request (SecurityGroupsTestJSON:test_server_security_groups): 200 GET http://10.180.1.21/compute/v2.1/servers/2681f8e4-dc4c-47be-bcc5-2b1a0122512d 0.258s
2025-12-13 05:25:11.019 65476 INFO tempest.lib.common.rest_client [req-9cf970b0-492d-4354-92c0-698176983cca req-9cf970b0-492d-4354-92c0-698176983cca ] Request (ListServersNegativeTestJSON:setUpClass): 201 POST http://10.180.1.21/identity/v3/projects 0.032s
2025-12-13 05:25:11.072 65482 INFO tempest.lib.common.rest_client [req-9093f44e-ba9c-48f8-a347-107384063018 req-9093f44e-ba9c-48f8-a347-107384063018 ] Request (MultipleCreateTestJSON:test_multiple_create_with_reservation_return): 200 GET http://10.180.1.21/compute/v2.1/servers/2d5e6952-096d-46b0-9fee-713b0f924030 0.125s
2025-12-13 05:25:11.076 65518 INFO tempest.lib.common.rest_client [req-09f3d328-2df8-4400-8497-64b48157d97b req-09f3d328-2df8-4400-8497-64b48157d97b ] Request (ServersAdminTestJSON:tearDownClass): 200 GET http://10.180.1.21/compute/v2.1/servers/bca78e70-9f85-4701-b419-a7e6d38a4a54 0.198s
2025-12-13 05:25:11.077 65502 INFO tempest.lib.common.rest_client [req-f8ef5160-be77-4fcf-aa50-e574235f1845 req-f8ef5160-be77-4fcf-aa50-e574235f1845 ] Request (ImagesOneServerNegativeTestJSON:test_create_image_specify_metadata_over_limits): 400 POST http://10.180.1.21/compute/v2.1/servers/562af50f-6a9f-492d-924f-05a1bd9e8072/action 0.075s
2025-12-13 05:25:11.110 65476 INFO tempest.lib.common.rest_client [req-54b2007a-9857-4eb8-9ca1-65bd50b37490 req-54b2007a-9857-4eb8-9ca1-65bd50b37490 ] Request (ListServersNegativeTestJSON:setUpClass): 201 POST http://10.180.1.21/identity/v3/users 0.090s
2025-12-13 05:25:11.130 65476 INFO tempest.lib.common.rest_client [req-f1034e82-fb51-4ec0-b018-6c27974a7c58 req-f1034e82-fb51-4ec0-b018-6c27974a7c58 ] Request (ListServersNegativeTestJSON:setUpClass): 200 GET http://10.180.1.21/identity/v3/roles 0.019s
2025-12-13 05:25:11.140 65536 INFO tempest.lib.common.rest_client [req-084a929a-d11b-4438-b005-99cc8f0e2137 req-084a929a-d11b-4438-b005-99cc8f0e2137 ] Request (ListServerFiltersTestJSON:tearDownClass): 200 GET http://10.180.1.21/compute/v2.1/servers/56deacbc-77b7-4674-a96a-75558649091d 0.129s
2025-12-13 05:25:11.156 65476 INFO tempest.lib.common.rest_client [req-d6e03b29-2ebb-42ec-b37f-5f0a4510098c req-d6e03b29-2ebb-42ec-b37f-5f0a4510098c ] Request (ListServersNegativeTestJSON:setUpClass): 204 PUT http://10.180.1.21/identity/v3/projects/0738af41d78b4f1d94b0d91adaee41f3/users/688efe119c15474b98a455fcb1234353/roles/2f8d1a60dd314c8f8cd332f9c70155ca 0.026s
2025-12-13 05:25:11.156 65476 INFO tempest.lib.common.dynamic_creds [-] Dynamic test user 688efe119c15474b98a455fcb1234353 is created with scope project and roles: ['member']
2025-12-13 05:25:11.157 65476 INFO tempest.lib.common.dynamic_creds [-] Acquired dynamic creds: credentials: Credentials: {'domain_id': 'default', 'domain_name': 'Default', 'username': 'tempest-ListServersNegativeTestJSON-991165857-project-member', 'project_domain_id': 'default', 'project_domain_name': 'Default', 'project_id': '0738af41d78b4f1d94b0d91adaee41f3', 'project_name': 'tempest-ListServersNegativeTestJSON-991165857', 'tenant_id': '0738af41d78b4f1d94b0d91adaee41f3', 'tenant_name': 'tempest-ListServersNegativeTestJSON-991165857', 'user_domain_id': 'default', 'user_domain_name': 'Default', 'user_id': '688efe119c15474b98a455fcb1234353', 'system': None}, Network: None, Subnet: None, Router: None
2025-12-13 05:25:11.193 65480 INFO tempest.lib.common.rest_client [req-ebbf2144-e2bf-4581-8116-63fdfdd7deba req-ebbf2144-e2bf-4581-8116-63fdfdd7deba ] Request (ServersTestManualDisk:setUpClass): 200 GET http://10.180.1.21/compute/v2.1/servers/1e67e64f-4ac1-4a7b-9ad5-a9edd74c3617 0.168s
2025-12-13 05:25:11.205 65478 INFO tempest.lib.common.rest_client [req-5c7a04d6-fc77-4059-b4b2-e183c6a2e020 req-5c7a04d6-fc77-4059-b4b2-e183c6a2e020 ] Request (MigrationsAdminTest:test_resize_server_revert_deleted_flavor): 200 GET http://10.180.1.21/compute/v2.1/servers/0df8c1cf-18d3-418d-85bd-73dc3bcb485f 0.233s
2025-12-13 05:25:11.217 65476 INFO tempest.lib.common.rest_client [req-16a69c76-ec08-47d8-a3d1-4d606c8530aa req-16a69c76-ec08-47d8-a3d1-4d606c8530aa ] Request (ListServersNegativeTestJSON:setUpClass): 201 POST http://10.180.1.21/identity/v3/auth/tokens 0.060s
2025-12-13 05:25:11.251 65488 WARNING tempest.lib.common.ssh [-] Failed to establish authenticated ssh connection to cirros@10.180.180.222 ([Errno None] Unable to connect to port 22 on 10.180.180.222). Number attempts: 1. Retry after 2 seconds.: paramiko.ssh_exception.NoValidConnectionsError: [Errno None] Unable to connect to port 22 on 10.180.180.222
2025-12-13 05:25:11.252 65484 INFO tempest.lib.common.rest_client [req-0bf582c8-65ff-46ae-979f-458e3af94ce9 req-0bf582c8-65ff-46ae-979f-458e3af94ce9 ] Request (ListImageFiltersTestJSON:tearDownClass): 200 GET http://10.180.1.21/compute/v2.1/servers/28c3760f-69e5-47b5-8ae5-2175b6bba5b5 0.187s
2025-12-13 05:25:11.310 65502 INFO tempest.lib.common.rest_client [req-75af5a69-79fe-4821-832e-056e3bb7ca5f req-75af5a69-79fe-4821-832e-056e3bb7ca5f ] Request (ImagesOneServerNegativeTestJSON:tearDown): 200 GET http://10.180.1.21/compute/v2.1/servers/562af50f-6a9f-492d-924f-05a1bd9e8072 0.232s
2025-12-13 05:25:11.323 65520 INFO tempest.lib.common.rest_client [req-5a66bfad-451b-4ad0-b609-fffbd3c812a5 req-5a66bfad-451b-4ad0-b609-fffbd3c812a5 ] Request (ServersAdminNegativeTestJSON:tearDownClass): 200 GET http://10.180.1.21/compute/v2.1/servers/5f2cfd56-b153-49b4-92a4-606ea221d963 0.197s
2025-12-13 05:25:11.401 65522 INFO tempest.lib.common.rest_client [req-74fe2e55-9d95-40c9-86e8-20a8a03e8bb3 req-74fe2e55-9d95-40c9-86e8-20a8a03e8bb3 ] Request (TenantUsagesTestJSON:setUpClass): 200 GET http://10.180.1.21/compute/v2.1/servers/f847f94f-09ce-40ed-8a67-8483da8bc692 0.180s
2025-12-13 05:25:11.457 65476 INFO tempest.lib.common.rest_client [req-bb209a88-f4e4-4dbe-966f-45f10723465e req-bb209a88-f4e4-4dbe-966f-45f10723465e ] Request (ListServersNegativeTestJSON:setUpClass): 201 POST http://10.180.1.21/networking/v2.0/networks 0.240s
2025-12-13 05:25:11.470 65502 INFO tempest.lib.common.rest_client [req-b7236396-a282-4aec-baf4-13114057a31d req-b7236396-a282-4aec-baf4-13114057a31d ] Request (ImagesOneServerNegativeTestJSON:setUp): 200 GET http://10.180.1.21/compute/v2.1/servers/562af50f-6a9f-492d-924f-05a1bd9e8072 0.152s
2025-12-13 05:25:11.479 65525 INFO tempest.lib.common.rest_client [req-5b605145-e1ec-4ace-8ea8-08b64b74b5d1 req-5b605145-e1ec-4ace-8ea8-08b64b74b5d1 ] Request (ServerRescueTestJSON:tearDownClass): 200 GET http://10.180.1.21/compute/v2.1/servers/eb676593-cf46-442f-8537-39c71eb92533 0.122s
2025-12-13 05:25:11.506 65496 WARNING tempest.lib.common.ssh [-] Failed to establish authenticated ssh connection to cirros@10.180.180.241 ([Errno None] Unable to connect to port 22 on 10.180.180.241). Number attempts: 8. Retry after 9 seconds.: paramiko.ssh_exception.NoValidConnectionsError: [Errno None] Unable to connect to port 22 on 10.180.180.241
2025-12-13 05:25:11.545 65534 INFO tempest.lib.common.rest_client [req-b02936bb-b876-459e-94e6-fca071eb781a req-b02936bb-b876-459e-94e6-fca071eb781a ] Request (ServersAaction247Test:tearDownClass): 200 GET http://10.180.1.21/compute/v2.1/servers/09db7a58-c527-4ea3-a55b-2f085cf4ffe9 0.066s
2025-12-13 05:25:11.553 65502 INFO tempest.lib.common.rest_client [req-b431370f-e068-4988-96df-b945422fd538 req-b431370f-e068-4988-96df-b945422fd538 ] Request (ImagesOneServerNegativeTestJSON:test_create_image_specify_name_over_character_limit): 400 POST http://10.180.1.21/compute/v2.1/servers/562af50f-6a9f-492d-924f-05a1bd9e8072/action 0.074s
2025-12-13 05:25:11.568 65526 INFO tempest.lib.common.rest_client [req-cf273a5a-1f49-4d7a-a890-ab035daf9080 req-cf273a5a-1f49-4d7a-a890-ab035daf9080 ] Request (ServerGroupTestJSON:_run_cleanups): 200 GET http://10.180.1.21/compute/v2.1/servers/e9bf03b0-a091-45e5-a7e3-2ee790d4c7da 0.157s
2025-12-13 05:25:11.613 65510 INFO tempest.lib.common.rest_client [req-61358ab7-f551-4f70-b80b-6b67e11fc82d req-61358ab7-f551-4f70-b80b-6b67e11fc82d ] Request (InstanceActionsV221TestJSON:test_get_list_deleted_instance_actions): 200 GET http://10.180.1.21/compute/v2.1/servers/323cd34b-0213-4d07-a1a3-063b90357a95 0.073s
2025-12-13 05:25:11.624 65476 INFO tempest.lib.common.rest_client [req-04e6d763-cbaa-42ce-91d0-992153b090c7 req-04e6d763-cbaa-42ce-91d0-992153b090c7 ] Request (ListServersNegativeTestJSON:setUpClass): 201 POST http://10.180.1.21/networking/v2.0/subnets 0.166s
2025-12-13 05:25:11.683 65530 INFO tempest.lib.common.rest_client [req-eea3fddd-88fd-4fac-9d3b-49aecc15c99c req-eea3fddd-88fd-4fac-9d3b-49aecc15c99c ] Request (ServersTestJSON:_run_cleanups): 200 GET http://10.180.1.21/compute/v2.1/servers/025a1d95-c6a8-4759-ae09-c1e61d6b18ee 0.127s
2025-12-13 05:25:11.707 65502 INFO tempest.lib.common.rest_client [req-4b07a208-2358-45ec-9ce5-1815d629f7dd req-4b07a208-2358-45ec-9ce5-1815d629f7dd ] Request (ImagesOneServerNegativeTestJSON:tearDown): 200 GET http://10.180.1.21/compute/v2.1/servers/562af50f-6a9f-492d-924f-05a1bd9e8072 0.153s
2025-12-13 05:25:11.748 65490 INFO tempest.lib.common.rest_client [req-aeadac51-3480-4825-8cd5-7a27b83b8f02 req-aeadac51-3480-4825-8cd5-7a27b83b8f02 ] Request (ServerShowV247Test:test_update_rebuild_list_server): 200 GET http://10.180.1.21/compute/v2.1/servers/2ddcf3f5-f380-439a-8a10-99f7a2a6aba7 0.141s
2025-12-13 05:25:11.758 65494 INFO tempest.lib.common.rest_client [req-1952ed29-f70f-4984-960a-2e4fd28e0ce9 req-1952ed29-f70f-4984-960a-2e4fd28e0ce9 ] Request (ServersTestMultiNic:test_verify_multiple_nics_order): 200 GET http://10.180.1.21/compute/v2.1/servers/7f46eae7-7bf5-476f-ba0f-8b74af54bbad 0.070s
2025-12-13 05:25:11.849 65474 INFO tempest.lib.common.rest_client [req-e70bcfb5-d975-4e4c-87e4-44003f1bb72e req-e70bcfb5-d975-4e4c-87e4-44003f1bb72e ] Request (ServerDiskConfigTestJSON:test_resize_server_from_auto_to_manual): 200 GET http://10.180.1.21/compute/v2.1/servers/d1a0fd1b-f28c-4929-885e-08f1aa951b0b 0.124s
2025-12-13 05:25:11.869 65502 INFO tempest.lib.common.rest_client [req-16f59386-639e-42c4-97bb-783bf34f388f req-16f59386-639e-42c4-97bb-783bf34f388f ] Request (ImagesOneServerNegativeTestJSON:setUp): 200 GET http://10.180.1.21/compute/v2.1/servers/562af50f-6a9f-492d-924f-05a1bd9e8072 0.155s
2025-12-13 05:25:11.905 65486 INFO tempest.lib.common.rest_client [req-996d7b78-d4fe-4c3e-b5ad-56db98f8eda7 req-996d7b78-d4fe-4c3e-b5ad-56db98f8eda7 ] Request (ImagesTestJSON:test_create_image_from_suspended_server): 200 GET http://10.180.1.21/compute/v2.1/servers/9aeda738-58c9-4d9d-859f-29d2f743fe82 0.124s
2025-12-13 05:25:11.969 65505 INFO tempest.lib.common.rest_client [req-6214396a-103c-41b1-9495-cfc7502f73b8 req-6214396a-103c-41b1-9495-cfc7502f73b8 ] Request (ServersNegativeTestJSON:setUpClass): 200 GET http://10.180.1.21/compute/v2.1/servers/7021ac9f-ceeb-4570-a131-019199d54494 0.180s
2025-12-13 05:25:12.019 65506 INFO tempest.lib.common.rest_client [req-3c6c06d3-6c3e-46fe-bff9-e44a110ac624 req-3c6c06d3-6c3e-46fe-bff9-e44a110ac624 ] Request (ServerRescueTestJSONUnderV235:setUpClass): 200 GET http://10.180.1.21/compute/v2.1/servers/acef2f37-780f-45fe-b388-9060ae4549c9 0.126s
2025-12-13 05:25:12.068 65508 INFO tempest.lib.common.rest_client [req-0bae2de9-28e6-4dbb-8b54-6802feae677d req-0bae2de9-28e6-4dbb-8b54-6802feae677d ] Request (ServerMetadataNegativeTestJSON:setUpClass): 200 GET http://10.180.1.21/compute/v2.1/servers/8f33a39a-cb3f-46a8-8f65-3290d673f590 0.105s
2025-12-13 05:25:12.120 65512 INFO tempest.lib.common.rest_client [req-71b65c93-6304-4c23-ade3-d382bb265abe req-71b65c93-6304-4c23-ade3-d382bb265abe ] Request (SecurityGroupsTestJSON:test_server_security_groups): 200 GET http://10.180.1.21/compute/v2.1/servers/2681f8e4-dc4c-47be-bcc5-2b1a0122512d 0.097s
2025-12-13 05:25:12.167 65482 INFO tempest.lib.common.rest_client [req-e78cb3d1-3349-4677-9c00-3f9cb382330e req-e78cb3d1-3349-4677-9c00-3f9cb382330e ] Request (MultipleCreateTestJSON:test_multiple_create_with_reservation_return): 200 GET http://10.180.1.21/compute/v2.1/servers/2d5e6952-096d-46b0-9fee-713b0f924030 0.085s
2025-12-13 05:25:12.226 65518 INFO tempest.lib.common.rest_client [req-1b060d73-88a6-43d9-9a07-4f3ed2203c1a req-1b060d73-88a6-43d9-9a07-4f3ed2203c1a ] Request (ServersAdminTestJSON:tearDownClass): 200 GET http://10.180.1.21/compute/v2.1/servers/bca78e70-9f85-4701-b419-a7e6d38a4a54 0.140s
2025-12-13 05:25:12.284 65536 INFO tempest.lib.common.rest_client [req-82943879-a008-42c6-9ee4-c5f976a3c72e req-82943879-a008-42c6-9ee4-c5f976a3c72e ] Request (ListServerFiltersTestJSON:tearDownClass): 200 GET http://10.180.1.21/compute/v2.1/servers/56deacbc-77b7-4674-a96a-75558649091d 0.137s
2025-12-13 05:25:12.319 65502 INFO tempest.lib.common.rest_client [req-38422985-c324-4400-83cc-e7cbeffe6ad8 req-38422985-c324-4400-83cc-e7cbeffe6ad8 ] Request (ImagesOneServerNegativeTestJSON:test_create_second_image_when_first_image_is_being_saved): 202 POST http://10.180.1.21/compute/v2.1/servers/562af50f-6a9f-492d-924f-05a1bd9e8072/action 0.442s
2025-12-13 05:25:12.347 65480 INFO tempest.lib.common.rest_client [req-a47dd39e-5ae2-44e8-a2f8-c8b595f5836f req-a47dd39e-5ae2-44e8-a2f8-c8b595f5836f ] Request (ServersTestManualDisk:setUpClass): 200 GET http://10.180.1.21/compute/v2.1/servers/1e67e64f-4ac1-4a7b-9ad5-a9edd74c3617 0.145s
2025-12-13 05:25:12.354 65480 INFO tempest.common.waiters [-] State transition "BUILD/scheduling" ==> "BUILD/None" after 34 second wait
2025-12-13 05:25:12.359 65476 INFO tempest.lib.common.rest_client [req-78c9390d-8636-49ba-a221-e9dc198509b8 req-78c9390d-8636-49ba-a221-e9dc198509b8 ] Request (ListServersNegativeTestJSON:setUpClass): 201 POST http://10.180.1.21/networking/v2.0/routers 0.733s
2025-12-13 05:25:12.429 65484 INFO tempest.lib.common.rest_client [req-cb099046-6efd-4e79-9912-eb4ba133f078 req-cb099046-6efd-4e79-9912-eb4ba133f078 ] Request (ListImageFiltersTestJSON:tearDownClass): 200 GET http://10.180.1.21/compute/v2.1/servers/28c3760f-69e5-47b5-8ae5-2175b6bba5b5 0.167s
2025-12-13 05:25:12.451 65478 INFO tempest.lib.common.rest_client [req-10d8d9d6-6662-446d-9323-556d4a6bf07b req-10d8d9d6-6662-446d-9323-556d4a6bf07b ] Request (MigrationsAdminTest:test_resize_server_revert_deleted_flavor): 200 GET http://10.180.1.21/compute/v2.1/servers/0df8c1cf-18d3-418d-85bd-73dc3bcb485f 0.237s
2025-12-13 05:25:12.460 65502 INFO tempest.lib.common.rest_client [req-6ff5a119-30a4-4e4d-8849-8bec3b35a4f1 req-6ff5a119-30a4-4e4d-8849-8bec3b35a4f1 ] Request (ImagesOneServerNegativeTestJSON:test_create_second_image_when_first_image_is_being_saved): 409 POST http://10.180.1.21/compute/v2.1/servers/562af50f-6a9f-492d-924f-05a1bd9e8072/action 0.139s
2025-12-13 05:25:12.514 65520 INFO tempest.lib.common.rest_client [req-9a3557e6-4be6-4be5-9074-7dd8f8f31325 req-9a3557e6-4be6-4be5-9074-7dd8f8f31325 ] Request (ServersAdminNegativeTestJSON:tearDownClass): 200 GET http://10.180.1.21/compute/v2.1/servers/5f2cfd56-b153-49b4-92a4-606ea221d963 0.178s
2025-12-13 05:25:12.533 65522 INFO tempest.lib.common.rest_client [req-54a26e9d-fc12-4dec-8e5d-c02f4f7f6224 req-54a26e9d-fc12-4dec-8e5d-c02f4f7f6224 ] Request (TenantUsagesTestJSON:setUpClass): 200 GET http://10.180.1.21/compute/v2.1/servers/f847f94f-09ce-40ed-8a67-8483da8bc692 0.123s
2025-12-13 05:25:12.605 65525 INFO tempest.lib.common.rest_client [req-4ad0f191-de0d-4bcd-9abf-e9d37e8bcb11 req-4ad0f191-de0d-4bcd-9abf-e9d37e8bcb11 ] Request (ServerRescueTestJSON:tearDownClass): 200 GET http://10.180.1.21/compute/v2.1/servers/eb676593-cf46-442f-8537-39c71eb92533 0.115s
2025-12-13 05:25:12.612 65502 INFO tempest.lib.common.rest_client [req-81e6f1c0-69f6-4625-8f20-6412bab9b62a req-81e6f1c0-69f6-4625-8f20-6412bab9b62a ] Request (ImagesOneServerNegativeTestJSON:test_create_second_image_when_first_image_is_being_saved): 204 DELETE http://10.180.1.21/compute/v2.1/images/d4d4a053-3116-4ac3-92e6-8117785a264a 0.151s
2025-12-13 05:25:12.663 65534 INFO tempest.lib.common.rest_client [req-19561719-2627-459a-aae3-d3bc42728c39 req-19561719-2627-459a-aae3-d3bc42728c39 ] Request (ServersAaction247Test:tearDownClass): 200 GET http://10.180.1.21/compute/v2.1/servers/09db7a58-c527-4ea3-a55b-2f085cf4ffe9 0.103s
2025-12-13 05:25:12.675 65526 INFO tempest.lib.common.rest_client [req-a3687fb5-3efa-424b-872a-494eab2f0c8d req-a3687fb5-3efa-424b-872a-494eab2f0c8d ] Request (ServerGroupTestJSON:_run_cleanups): 200 GET http://10.180.1.21/compute/v2.1/servers/e9bf03b0-a091-45e5-a7e3-2ee790d4c7da 0.099s
2025-12-13 05:25:12.747 65510 INFO tempest.lib.common.rest_client [req-4c25dba0-a837-4880-81aa-ec51880742f2 req-4c25dba0-a837-4880-81aa-ec51880742f2 ] Request (InstanceActionsV221TestJSON:test_get_list_deleted_instance_actions): 200 GET http://10.180.1.21/compute/v2.1/servers/323cd34b-0213-4d07-a1a3-063b90357a95 0.118s
2025-12-13 05:25:12.768 65502 INFO tempest.lib.common.rest_client [req-bf136460-73df-4dbb-93c1-28e1bd28275e req-bf136460-73df-4dbb-93c1-28e1bd28275e ] Request (ImagesOneServerNegativeTestJSON:tearDown): 200 GET http://10.180.1.21/compute/v2.1/servers/562af50f-6a9f-492d-924f-05a1bd9e8072 0.156s
2025-12-13 05:25:12.809 65530 INFO tempest.lib.common.rest_client [req-7df9611e-f429-4664-9077-ad035d0fa491 req-7df9611e-f429-4664-9077-ad035d0fa491 ] Request (ServersTestJSON:_run_cleanups): 200 GET http://10.180.1.21/compute/v2.1/servers/025a1d95-c6a8-4759-ae09-c1e61d6b18ee 0.114s
2025-12-13 05:25:12.883 65490 INFO tempest.lib.common.rest_client [req-4cac9165-3693-43f3-a130-90f8defd6e85 req-4cac9165-3693-43f3-a130-90f8defd6e85 ] Request (ServerShowV247Test:test_update_rebuild_list_server): 200 GET http://10.180.1.21/compute/v2.1/servers/2ddcf3f5-f380-439a-8a10-99f7a2a6aba7 0.125s
2025-12-13 05:25:13.230 65476 INFO tempest.lib.common.rest_client [req-13393e8b-0917-4203-8600-1d5169a719ac req-13393e8b-0917-4203-8600-1d5169a719ac ] Request (ListServersNegativeTestJSON:setUpClass): 200 PUT http://10.180.1.21/networking/v2.0/routers/1694f5c8-2b12-444b-be36-09c051da7512/add_router_interface 0.871s
2025-12-13 05:25:13.230 65476 INFO tempest.lib.common.dynamic_creds [-] Created isolated network resources for: credentials: Credentials: {'domain_id': 'default', 'domain_name': 'Default', 'username': 'tempest-ListServersNegativeTestJSON-991165857-project-member', 'project_domain_id': 'default', 'project_domain_name': 'Default', 'project_id': '0738af41d78b4f1d94b0d91adaee41f3', 'project_name': 'tempest-ListServersNegativeTestJSON-991165857', 'tenant_id': '0738af41d78b4f1d94b0d91adaee41f3', 'tenant_name': 'tempest-ListServersNegativeTestJSON-991165857', 'user_domain_id': 'default', 'user_domain_name': 'Default', 'user_id': '688efe119c15474b98a455fcb1234353', 'system': None}, Network: {'id': 'ae3a36e8-d4b3-4cff-9fef-6ab5a760087e', 'name': 'tempest-ListServersNegativeTestJSON-719859866-network', 'tenant_id': '0738af41d78b4f1d94b0d91adaee41f3', 'project_id': '0738af41d78b4f1d94b0d91adaee41f3', 'admin_state_up': True, 'mtu': 8950, 'status': 'ACTIVE', 'subnets': [], 'shared': False, 'port_security_enabled': True, 'router:external': False, 'provider:network_type': 'vlan', 'provider:physical_network': 'default', 'provider:segmentation_id': 664, 'availability_zone_hints': [], 'availability_zones': [], 'ipv4_address_scope': None, 'ipv6_address_scope': None, 'description': '', 'tags': [], 'created_at': '2025-12-13T05:25:11Z', 'updated_at': '2025-12-13T05:25:11Z', 'revision_number': 1}, Subnet: {'id': '8185e688-1c02-4e39-8733-02ca1c73ff0f', 'name': 'tempest-ListServersNegativeTestJSON-719859866-subnet', 'tenant_id': '0738af41d78b4f1d94b0d91adaee41f3', 'network_id': 'ae3a36e8-d4b3-4cff-9fef-6ab5a760087e', 'ip_version': 4, 'subnetpool_id': None, 'enable_dhcp': True, 'ipv6_ra_mode': None, 'ipv6_address_mode': None, 'gateway_ip': '192.168.128.1', 'cidr': '192.168.128.0/28', 'allocation_pools': [{'start': '192.168.128.2', 'end': '192.168.128.14'}], 'host_routes': [], 'dns_nameservers': [], 'description': '', 'router:external': False, 'service_types': [], 'tags': [], 'created_at': '2025-12-13T05:25:11Z', 'updated_at': '2025-12-13T05:25:11Z', 'revision_number': 0, 'project_id': '0738af41d78b4f1d94b0d91adaee41f3'}, Router: {'id': '1694f5c8-2b12-444b-be36-09c051da7512', 'name': 'tempest-ListServersNegativeTestJSON-719859866-router', 'tenant_id': '0738af41d78b4f1d94b0d91adaee41f3', 'admin_state_up': True, 'status': 'ACTIVE', 'external_gateway_info': {'network_id': '229b7cde-827d-459a-aea9-bc138a9fb2ed', 'external_fixed_ips': [{'subnet_id': '86ccd149-cd30-4462-8018-a4a171f3bb5c', 'ip_address': '10.180.180.152'}], 'enable_snat': True}, 'description': '', 'availability_zones': [], 'distributed': False, 'ha': False, 'availability_zone_hints': [], 'routes': [], 'flavor_id': None, 'tags': [], 'created_at': '2025-12-13T05:25:11Z', 'updated_at': '2025-12-13T05:25:12Z', 'revision_number': 2, 'project_id': '0738af41d78b4f1d94b0d91adaee41f3'}
2025-12-13 05:25:13.258 65494 INFO tempest.lib.common.rest_client [req-7a4b8847-3b14-43b7-83e4-b8b5bcfc2b37 req-7a4b8847-3b14-43b7-83e4-b8b5bcfc2b37 ] Request (ServersTestMultiNic:test_verify_multiple_nics_order): 200 GET http://10.180.1.21/compute/v2.1/servers/7f46eae7-7bf5-476f-ba0f-8b74af54bbad 0.491s
2025-12-13 05:25:13.275 65474 INFO tempest.lib.common.rest_client [req-d4cfde54-a7dc-4ace-bf0f-e22333eb6736 req-d4cfde54-a7dc-4ace-bf0f-e22333eb6736 ] Request (ServerDiskConfigTestJSON:test_resize_server_from_auto_to_manual): 200 GET http://10.180.1.21/compute/v2.1/servers/d1a0fd1b-f28c-4929-885e-08f1aa951b0b 0.418s
2025-12-13 05:25:13.344 65486 INFO tempest.lib.common.rest_client [req-7947658c-2642-4f82-b13e-8f12140fad9f req-7947658c-2642-4f82-b13e-8f12140fad9f ] Request (ImagesTestJSON:test_create_image_from_suspended_server): 200 GET http://10.180.1.21/compute/v2.1/servers/9aeda738-58c9-4d9d-859f-29d2f743fe82 0.430s
2025-12-13 05:25:13.349 65476 INFO tempest.lib.common.rest_client [req-0e77f31b-4421-4b6d-b0ca-e13e90b56387 req-0e77f31b-4421-4b6d-b0ca-e13e90b56387 ] Request (ListServersNegativeTestJSON:setUpClass): 201 POST http://10.180.1.21/identity/v3/auth/tokens 0.115s
2025-12-13 05:25:13.385 65476 INFO tempest.lib.common.rest_client [req-1f228ad2-c4a6-4332-b5ed-5e7e613ccda7 req-1f228ad2-c4a6-4332-b5ed-5e7e613ccda7 ] Request (ListServersNegativeTestJSON:setUpClass): 201 POST http://10.180.1.21/identity/v3/auth/tokens 0.031s
2025-12-13 05:25:13.385 65476 INFO tempest.lib.common.fixed_network [-] (ListServersNegativeTestJSON:setUpClass) Found network {'id': 'ae3a36e8-d4b3-4cff-9fef-6ab5a760087e', 'name': 'tempest-ListServersNegativeTestJSON-719859866-network', 'tenant_id': '0738af41d78b4f1d94b0d91adaee41f3', 'project_id': '0738af41d78b4f1d94b0d91adaee41f3', 'admin_state_up': True, 'mtu': 8950, 'status': 'ACTIVE', 'subnets': [], 'shared': False, 'port_security_enabled': True, 'router:external': False, 'provider:network_type': 'vlan', 'provider:physical_network': 'default', 'provider:segmentation_id': 664, 'availability_zone_hints': [], 'availability_zones': [], 'ipv4_address_scope': None, 'ipv6_address_scope': None, 'description': '', 'tags': [], 'created_at': '2025-12-13T05:25:11Z', 'updated_at': '2025-12-13T05:25:11Z', 'revision_number': 1} available for tenant
2025-12-13 05:25:13.421 65506 INFO tempest.lib.common.rest_client [req-ad0b03a8-1c09-48ce-90d2-6b7b32d09cb3 req-ad0b03a8-1c09-48ce-90d2-6b7b32d09cb3 ] Request (ServerRescueTestJSONUnderV235:setUpClass): 200 GET http://10.180.1.21/compute/v2.1/servers/acef2f37-780f-45fe-b388-9060ae4549c9 0.394s
2025-12-13 05:25:13.456 65505 INFO tempest.lib.common.rest_client [req-3229fd67-600b-4d27-853d-eff4d2d4dfe5 req-3229fd67-600b-4d27-853d-eff4d2d4dfe5 ] Request (ServersNegativeTestJSON:setUpClass): 200 GET http://10.180.1.21/compute/v2.1/servers/7021ac9f-ceeb-4570-a131-019199d54494 0.479s
2025-12-13 05:25:13.493 65508 INFO tempest.lib.common.rest_client [req-1d65ff04-16a4-4088-8dce-a6cbee3be20b req-1d65ff04-16a4-4088-8dce-a6cbee3be20b ] Request (ServerMetadataNegativeTestJSON:setUpClass): 200 GET http://10.180.1.21/compute/v2.1/servers/8f33a39a-cb3f-46a8-8f65-3290d673f590 0.416s
2025-12-13 05:25:13.526 65512 INFO tempest.lib.common.rest_client [req-954fe5ac-5552-493a-bf32-3e404d240faa req-954fe5ac-5552-493a-bf32-3e404d240faa ] Request (SecurityGroupsTestJSON:test_server_security_groups): 200 GET http://10.180.1.21/compute/v2.1/servers/2681f8e4-dc4c-47be-bcc5-2b1a0122512d 0.397s
2025-12-13 05:25:13.614 65518 INFO tempest.lib.common.rest_client [req-a28b6adc-b96b-4527-8f3b-584f533a840c req-a28b6adc-b96b-4527-8f3b-584f533a840c ] Request (ServersAdminTestJSON:tearDownClass): 200 GET http://10.180.1.21/compute/v2.1/servers/bca78e70-9f85-4701-b419-a7e6d38a4a54 0.380s
2025-12-13 05:25:13.645 65482 INFO tempest.lib.common.rest_client [req-5cd5c04a-a15d-465a-8db0-49ca7c31245c req-5cd5c04a-a15d-465a-8db0-49ca7c31245c ] Request (MultipleCreateTestJSON:test_multiple_create_with_reservation_return): 200 GET http://10.180.1.21/compute/v2.1/servers/2d5e6952-096d-46b0-9fee-713b0f924030 0.471s
2025-12-13 05:25:13.654 65482 INFO tempest.common.waiters [-] State transition "BUILD/None" ==> "BUILD/block_device_mapping" after 61 second wait
2025-12-13 05:25:13.676 65536 INFO tempest.lib.common.rest_client [req-bd6a759e-7d0a-4afa-999d-dae41495fae8 req-bd6a759e-7d0a-4afa-999d-dae41495fae8 ] Request (ListServerFiltersTestJSON:tearDownClass): 200 GET http://10.180.1.21/compute/v2.1/servers/56deacbc-77b7-4674-a96a-75558649091d 0.383s
2025-12-13 05:25:13.710 65480 INFO tempest.lib.common.rest_client [req-65a1c5e3-297f-4dde-a306-dd95ccbc536d req-65a1c5e3-297f-4dde-a306-dd95ccbc536d ] Request (ServersTestManualDisk:setUpClass): 200 GET http://10.180.1.21/compute/v2.1/servers/1e67e64f-4ac1-4a7b-9ad5-a9edd74c3617 0.355s
