2025-12-13 05:24:14.408 65476 INFO tempest.lib.common.rest_client [req-c275ae5b-1fbb-4fc8-9eb7-9a7ddd3e51bf req-c275ae5b-1fbb-4fc8-9eb7-9a7ddd3e51bf ] Request (ServerExternalEventsTest:test_create_server_external_events): 200 GET http://10.180.1.21/compute/v2.1/servers/3368ae5c-2ac6-4380-ab33-84b49b8611aa 0.510s
2025-12-13 05:24:14.488 65482 INFO tempest.lib.common.rest_client [req-cd9e647e-9ccb-4c1b-9cbc-96cdb7fba92c req-cd9e647e-9ccb-4c1b-9cbc-96cdb7fba92c ] Request (MultipleCreateTestJSON:test_multiple_create_with_reservation_return): 200 GET http://10.180.1.21/compute/v2.1/servers/2d5e6952-096d-46b0-9fee-713b0f924030 0.504s
2025-12-13 05:24:14.537 65512 INFO tempest.lib.common.rest_client [req-2ef0661f-7967-40c9-aa76-9affded96717 req-2ef0661f-7967-40c9-aa76-9affded96717 ] Request (SecurityGroupsTestJSON:test_list_security_groups_by_server): 200 GET http://10.180.1.21/compute/v2.1/servers/37ce054b-5f8a-46c5-886b-41693707c0cf/os-security-groups 0.609s
2025-12-13 05:24:14.586 65530 INFO tempest.lib.common.rest_client [req-995fa990-1200-467b-b752-38c039510c98 req-995fa990-1200-467b-b752-38c039510c98 ] Request (ServersTestJSON:test_create_specify_keypair): 200 GET http://10.180.1.21/compute/v2.1/servers/025a1d95-c6a8-4759-ae09-c1e61d6b18ee 0.529s
2025-12-13 05:24:14.722 65493 INFO tempest.lib.common.rest_client [req-89e14899-1e73-40d6-94ed-7b05e51d1b2c req-89e14899-1e73-40d6-94ed-7b05e51d1b2c ] Request (ServerActionsTestOtherA:setUpClass): 200 GET http://10.180.1.21/compute/v2.1/servers/47ecfc59-faee-4f2d-bd11-25f56995691f 0.597s
2025-12-13 05:24:14.779 65484 INFO tempest.lib.common.rest_client [req-9930fe61-c463-4a3a-8106-f75288f112ec req-9930fe61-c463-4a3a-8106-f75288f112ec ] Request (ListImageFiltersTestJSON:setUpClass): 200 GET http://10.180.1.21/compute/v2.1/images/a1676c5c-a648-4af6-a48a-d934188d264b 0.625s
2025-12-13 05:24:14.810 65536 INFO tempest.lib.common.rest_client [req-2406fdd7-476d-468c-8155-63c179f6f625 req-2406fdd7-476d-468c-8155-63c179f6f625 ] Request (ListServerFiltersTestJSON:test_list_servers_filter_by_shutoff_status): 200 GET http://10.180.1.21/compute/v2.1/servers/03c432c4-bd70-4e2e-97cd-7bddc01076a6 0.697s
2025-12-13 05:24:14.857 65518 INFO tempest.lib.common.rest_client [req-17a5679c-079a-4ef3-b659-5f451ddf69da req-17a5679c-079a-4ef3-b659-5f451ddf69da ] Request (ServersAdminTestJSON:test_rebuild_server_in_error_state): 202 POST http://10.180.1.21/compute/v2.1/servers/b36232dc-3075-4c68-9f2e-4e6a0f7ca4c1/action 0.674s
2025-12-13 05:24:14.919 65522 INFO tempest.lib.common.rest_client [req-76fb4834-901f-4f30-8038-e9307e085f18 req-76fb4834-901f-4f30-8038-e9307e085f18 ] Request (TenantUsagesTestJSON:setUpClass): 200 GET http://10.180.1.21/compute/v2.1/servers/f847f94f-09ce-40ed-8a67-8483da8bc692 0.732s
2025-12-13 05:24:14.989 65534 INFO tempest.lib.common.rest_client [req-ec9b560a-4946-4825-86e1-959dae7677c4 req-ec9b560a-4946-4825-86e1-959dae7677c4 ] Request (ServersAaction247Test:test_create_backup): 200 GET http://10.180.1.21/compute/v2.1/servers/09db7a58-c527-4ea3-a55b-2f085cf4ffe9 0.801s
2025-12-13 05:24:15.211 65488 INFO tempest.lib.common.rest_client [req-6a61ddb1-1863-484b-b230-33b83bf2e4aa req-6a61ddb1-1863-484b-b230-33b83bf2e4aa ] Request (AttachInterfacesTestJSON:test_create_list_show_delete_interfaces_by_fixed_ip): 200 GET http://10.180.1.21/compute/v2.1/servers/679282ed-6a0a-4c13-a9c1-80c94b583073 0.990s
2025-12-13 05:24:15.249 65505 INFO tempest.lib.common.rest_client [req-f75de940-52af-49fa-850f-8d1b1130c979 req-f75de940-52af-49fa-850f-8d1b1130c979 ] Request (ServersNegativeTestJSON:setUpClass): 200 GET http://10.180.1.21/compute/v2.1/servers/7021ac9f-ceeb-4570-a131-019199d54494 1.009s
2025-12-13 05:24:15.281 65498 INFO tempest.lib.common.rest_client [req-932a347a-86e2-4485-9536-03462e26d947 req-932a347a-86e2-4485-9536-03462e26d947 ] Request (FloatingIPsAssociationNegativeTestJSON:tearDownClass): 404 GET http://10.180.1.21/compute/v2.1/servers/21854c4a-af0e-494e-898e-a1b3c0bb55fd 0.930s
2025-12-13 05:24:15.286 65486 INFO tempest.lib.common.rest_client [req-e79ce3e9-d2bb-42e4-a93e-4135188a854c req-e79ce3e9-d2bb-42e4-a93e-4135188a854c ] Request (ImagesTestJSON:test_create_image_from_stopped_server): 200 GET http://10.180.1.21/compute/v2.1/servers/39cb3c15-eb6f-4468-ae8d-a8f99ce49971 1.018s
2025-12-13 05:24:15.396 65474 INFO tempest.lib.common.rest_client [req-6c2d911a-3dba-4cb0-ae26-41d00233f08f req-6c2d911a-3dba-4cb0-ae26-41d00233f08f ] Request (ServerDiskConfigTestJSON:_run_cleanups): 204 DELETE http://10.180.1.21/compute/v2.1/servers/f521bb6e-27aa-4202-9b8a-5c3119fb4809 1.003s
2025-12-13 05:24:15.483 65474 INFO tempest.lib.common.rest_client [req-748622a6-b3f0-431a-90b5-32511605a40c req-748622a6-b3f0-431a-90b5-32511605a40c ] Request (ServerDiskConfigTestJSON:test_resize_server_from_auto_to_manual): 201 POST http://10.180.1.21/identity/v3/auth/tokens 0.082s
2025-12-13 05:24:15.484 65474 INFO tempest.lib.common.fixed_network [-] (ServerDiskConfigTestJSON:test_resize_server_from_auto_to_manual) Found network {'id': '13e12356-3ce8-4a31-94ce-dff589d3ba4f', 'name': 'tempest-ServerDiskConfigTestJSON-1829057259-network', 'tenant_id': '0a5775536979415cb12f9afcde589a23', 'project_id': '0a5775536979415cb12f9afcde589a23', 'admin_state_up': True, 'mtu': 8950, 'status': 'ACTIVE', 'subnets': [], 'shared': False, 'port_security_enabled': True, 'router:external': False, 'provider:network_type': 'vlan', 'provider:physical_network': 'default', 'provider:segmentation_id': 619, 'availability_zone_hints': [], 'availability_zones': [], 'ipv4_address_scope': None, 'ipv6_address_scope': None, 'description': '', 'tags': [], 'created_at': '2025-12-13T05:21:20Z', 'updated_at': '2025-12-13T05:21:20Z', 'revision_number': 1} available for tenant
2025-12-13 05:24:15.674 65508 INFO tempest.lib.common.rest_client [req-1b7d8469-a485-493e-acd2-60f13f11d6f4 req-1b7d8469-a485-493e-acd2-60f13f11d6f4 ] Request (ServersTestFqdnHostnames:tearDownClass): 200 PUT http://10.180.1.21/networking/v2.0/routers/47a41199-255b-4a66-837f-1ae87bc4d1ed/remove_router_interface 1.300s
2025-12-13 05:24:15.735 65480 INFO tempest.lib.common.rest_client [req-8eca0622-5be9-4aeb-b640-873f7836d5e6 req-8eca0622-5be9-4aeb-b640-873f7836d5e6 ] Request (FloatingIPsAssociationTestJSON:tearDownClass): 200 GET http://10.180.1.21/compute/v2.1/servers/0c3f022f-afdf-4e93-bf46-616c6a5b382b 1.296s
2025-12-13 05:24:15.749 65514 INFO tempest.lib.common.rest_client [req-ccbd9408-892a-46f7-a164-72e03ef2fc68 req-ccbd9408-892a-46f7-a164-72e03ef2fc68 ] Request (ServersTestJSON:setUpClass): 200 GET http://10.180.1.21/compute/v2.1/servers/c4f9ff7b-fe49-4ab5-ace5-97c4e8fa740b 1.262s
2025-12-13 05:24:16.092 65498 INFO tempest.lib.common.rest_client [req-d53fe40f-f9f0-47cc-89fb-ded2ce9dd497 req-d53fe40f-f9f0-47cc-89fb-ded2ce9dd497 ] Request (FloatingIPsAssociationNegativeTestJSON:tearDownClass): 200 PUT http://10.180.1.21/networking/v2.0/routers/366d3911-db74-42f5-a2a5-4b49e22b32c0/remove_router_interface 0.811s
2025-12-13 05:24:16.155 65525 INFO tempest.lib.common.rest_client [req-1cd0f7cd-e6df-4dbc-9fe4-654863a107d2 req-1cd0f7cd-e6df-4dbc-9fe4-654863a107d2 ] Request (ServerRescueTestJSON:tearDownClass): 200 GET http://10.180.1.21/compute/v2.1/servers/f9fddeb4-3b6a-4dea-9ee4-88d023a65dbd 1.649s
2025-12-13 05:24:16.169 65526 INFO tempest.lib.common.rest_client [req-fb656fe4-54e8-4fd1-a7e9-ea79bf8a0a7f req-fb656fe4-54e8-4fd1-a7e9-ea79bf8a0a7f ] Request (ServerGroupTestJSON:test_create_server_with_scheduler_hint_group): 200 GET http://10.180.1.21/compute/v2.1/servers/e9bf03b0-a091-45e5-a7e3-2ee790d4c7da 1.633s
2025-12-13 05:24:16.186 65508 INFO tempest.lib.common.rest_client [req-1f77ec9c-ba01-45d2-8f5d-f40c9dd3d569 req-1f77ec9c-ba01-45d2-8f5d-f40c9dd3d569 ] Request (ServersTestFqdnHostnames:tearDownClass): 204 DELETE http://10.180.1.21/networking/v2.0/routers/47a41199-255b-4a66-837f-1ae87bc4d1ed 0.511s
2025-12-13 05:24:16.306 65512 INFO tempest.lib.common.rest_client [req-b9a59ed5-575e-41c9-8984-894deb51658e req-b9a59ed5-575e-41c9-8984-894deb51658e ] Request (SecurityGroupsTestJSON:test_security_group_create_get_delete): 200 POST http://10.180.1.21/compute/v2.1/os-security-groups 1.765s
2025-12-13 05:24:16.426 65508 INFO tempest.lib.common.rest_client [req-37f4d8b1-4e23-41d6-a44f-5411baf7b396 req-37f4d8b1-4e23-41d6-a44f-5411baf7b396 ] Request (ServersTestFqdnHostnames:tearDownClass): 204 DELETE http://10.180.1.21/networking/v2.0/subnets/3ede56f7-5309-4d8a-b47c-7120e5ea3f98 0.239s
2025-12-13 05:24:16.451 65478 INFO tempest.lib.common.rest_client [req-105a14c3-338c-48de-ad3b-e786b9c6bf2a req-105a14c3-338c-48de-ad3b-e786b9c6bf2a ] Request (MigrationsAdminTest:test_resize_server_revert_deleted_flavor): 200 GET http://10.180.1.21/compute/v2.1/servers/0df8c1cf-18d3-418d-85bd-73dc3bcb485f 1.901s
2025-12-13 05:24:16.474 65520 INFO tempest.lib.common.rest_client [req-a0efccca-f4a1-4deb-a170-809e774f4aa2 req-a0efccca-f4a1-4deb-a170-809e774f4aa2 ] Request (ServersAdminNegativeTestJSON:tearDownClass): 200 GET http://10.180.1.21/compute/v2.1/servers/cd38998b-2392-4c72-a897-a4163ccb1bf8 1.883s
2025-12-13 05:24:16.578 65498 INFO tempest.lib.common.rest_client [req-5323c5ec-6f2e-47bd-8085-f3e607d82880 req-5323c5ec-6f2e-47bd-8085-f3e607d82880 ] Request (FloatingIPsAssociationNegativeTestJSON:tearDownClass): 204 DELETE http://10.180.1.21/networking/v2.0/routers/366d3911-db74-42f5-a2a5-4b49e22b32c0 0.485s
2025-12-13 05:24:16.615 65510 INFO tempest.lib.common.rest_client [req-732fdcc9-7522-425f-aab5-4193d5cc8ba5 req-732fdcc9-7522-425f-aab5-4193d5cc8ba5 ] Request (ServersAdmin275Test:tearDownClass): 200 GET http://10.180.1.21/compute/v2.1/servers/6d36925f-56c9-48a5-81d7-3acf5b2bf972 1.957s
2025-12-13 05:24:16.623 65490 INFO tempest.lib.common.rest_client [req-a16c21de-3756-401f-9d74-76d012a35396 req-a16c21de-3756-401f-9d74-76d012a35396 ] Request (ImagesOneServerTestJSON:tearDownClass): 200 GET http://10.180.1.21/compute/v2.1/servers/44039faa-3c09-4cc2-9d9d-a80bb0ddce3d 1.910s
2025-12-13 05:24:16.776 65498 INFO tempest.lib.common.rest_client [req-e2fc736d-02ed-48b4-8fa7-42810585bac2 req-e2fc736d-02ed-48b4-8fa7-42810585bac2 ] Request (FloatingIPsAssociationNegativeTestJSON:tearDownClass): 204 DELETE http://10.180.1.21/networking/v2.0/subnets/21558f7b-2007-4651-ad53-c4086ebd7750 0.197s
2025-12-13 05:24:16.789 65508 INFO tempest.lib.common.rest_client [req-cab46e36-51cb-4ec6-b8d5-2121ca5a7360 req-cab46e36-51cb-4ec6-b8d5-2121ca5a7360 ] Request (ServersTestFqdnHostnames:tearDownClass): 204 DELETE http://10.180.1.21/networking/v2.0/networks/abab8a8f-d2aa-4f7b-b562-0f8673883429 0.363s
2025-12-13 05:24:16.805 65506 INFO tempest.lib.common.rest_client [req-24bc6d8c-a949-48fb-90fc-cabe8fa4d7ab req-24bc6d8c-a949-48fb-90fc-cabe8fa4d7ab ] Request (ServerRescueTestJSONUnderV235:setUpClass): 200 GET http://10.180.1.21/compute/v2.1/servers/acef2f37-780f-45fe-b388-9060ae4549c9 1.797s
2025-12-13 05:24:16.848 65518 INFO tempest.lib.common.rest_client [req-ef6410fc-773d-44f9-a602-20faea33508b req-ef6410fc-773d-44f9-a602-20faea33508b ] Request (ServersAdminTestJSON:test_rebuild_server_in_error_state): 202 POST http://10.180.1.21/compute/v2.1/servers/b36232dc-3075-4c68-9f2e-4e6a0f7ca4c1/action 1.990s
2025-12-13 05:24:16.887 65516 INFO tempest.lib.common.rest_client [req-f6cf7887-de27-4640-afed-cb44b236eed0 req-f6cf7887-de27-4640-afed-cb44b236eed0 ] Request (ImagesNegativeTestJSON:test_create_image_from_deleted_server): 200 GET http://10.180.1.21/compute/v2.1/servers/919224a8-25fe-47c7-a078-75847b2ca85a 1.784s
2025-12-13 05:24:16.918 65502 INFO tempest.lib.common.rest_client [req-884aec46-f7c2-4d15-b489-7d213dcce68d req-884aec46-f7c2-4d15-b489-7d213dcce68d ] Request (ImagesOneServerNegativeTestJSON:setUpClass): 200 GET http://10.180.1.21/compute/v2.1/servers/562af50f-6a9f-492d-924f-05a1bd9e8072 1.760s
2025-12-13 05:24:16.964 65508 INFO tempest.lib.common.rest_client [req-bab85943-8804-432d-80fc-8120b21ee32c req-bab85943-8804-432d-80fc-8120b21ee32c ] Request (ServersTestFqdnHostnames:tearDownClass): 204 DELETE http://10.180.1.21/identity/v3/users/832f04dfc0eb49fa88fa82ada5d1c8ee 0.172s
2025-12-13 05:24:16.964 65508 INFO tempest.lib.common.dynamic_creds [-] Deleting project and security group for project: cc77a2620b9747bba22ca0752ab8eb6a
2025-12-13 05:24:16.966 65494 INFO tempest.lib.common.rest_client [req-193c250f-58c9-4e21-99da-51020924eeb0 req-193c250f-58c9-4e21-99da-51020924eeb0 ] Request (ServersTestMultiNic:_run_cleanups): 200 GET http://10.180.1.21/compute/v2.1/servers/0bebee5a-38d4-48c8-b442-8a82ad7a0f7c 1.712s
2025-12-13 05:24:16.979 65496 WARNING tempest.lib.common.ssh [-] Failed to establish authenticated ssh connection to cirros@10.180.180.241 ([Errno None] Unable to connect to port 22 on 10.180.180.241). Number attempts: 2. Retry after 3 seconds.: paramiko.ssh_exception.NoValidConnectionsError: [Errno None] Unable to connect to port 22 on 10.180.180.241
2025-12-13 05:24:17.019 65508 INFO tempest.lib.common.rest_client [req-0f20057d-af04-4419-afba-10de90d98071 req-0f20057d-af04-4419-afba-10de90d98071 ] Request (ServersTestFqdnHostnames:tearDownClass): 200 GET http://10.180.1.21/networking/v2.0/security-groups?tenant_id=cc77a2620b9747bba22ca0752ab8eb6a&name=default 0.055s
2025-12-13 05:24:17.160 65498 INFO tempest.lib.common.rest_client [req-5f756f3f-52f0-483d-88a9-3d9f8b213523 req-5f756f3f-52f0-483d-88a9-3d9f8b213523 ] Request (FloatingIPsAssociationNegativeTestJSON:tearDownClass): 204 DELETE http://10.180.1.21/networking/v2.0/networks/dd4a59da-565a-4905-a66b-b8891a40d1a8 0.383s
2025-12-13 05:24:17.211 65508 INFO tempest.lib.common.rest_client [req-b3529aac-54c6-469b-9146-8fe8a805041b req-b3529aac-54c6-469b-9146-8fe8a805041b ] Request (ServersTestFqdnHostnames:tearDownClass): 204 DELETE http://10.180.1.21/networking/v2.0/security-groups/dce4b762-1a27-4bcf-bac9-ab86488101fe 0.191s
2025-12-13 05:24:17.260 65476 INFO tempest.lib.common.rest_client [req-7c8cd509-257a-4bb3-92db-3bc0cd037c33 req-7c8cd509-257a-4bb3-92db-3bc0cd037c33 ] Request (ServerExternalEventsTest:test_create_server_external_events): 200 GET http://10.180.1.21/compute/v2.1/servers/3368ae5c-2ac6-4380-ab33-84b49b8611aa 1.842s
2025-12-13 05:24:17.336 65498 INFO tempest.lib.common.rest_client [req-a099a70d-d977-4e3f-a6b7-3719cf4e8c10 req-a099a70d-d977-4e3f-a6b7-3719cf4e8c10 ] Request (FloatingIPsAssociationNegativeTestJSON:tearDownClass): 204 DELETE http://10.180.1.21/identity/v3/users/263182e24f9141eca8739bad6d92ca07 0.175s
2025-12-13 05:24:17.336 65482 INFO tempest.lib.common.rest_client [req-bb0791ed-0746-4040-b4f5-8227e74ff87d req-bb0791ed-0746-4040-b4f5-8227e74ff87d ] Request (MultipleCreateTestJSON:test_multiple_create_with_reservation_return): 200 GET http://10.180.1.21/compute/v2.1/servers/2d5e6952-096d-46b0-9fee-713b0f924030 1.840s
2025-12-13 05:24:17.336 65498 INFO tempest.lib.common.dynamic_creds [-] Deleting project and security group for project: b0a49b17400f42df8cc416bed51d8892
2025-12-13 05:24:17.337 65508 INFO tempest.lib.common.rest_client [req-9e91d058-1f77-4836-be0b-9f4563461c7b req-9e91d058-1f77-4836-be0b-9f4563461c7b ] Request (ServersTestFqdnHostnames:tearDownClass): 204 DELETE http://10.180.1.21/identity/v3/projects/cc77a2620b9747bba22ca0752ab8eb6a 0.125s
2025-12-13 05:24:17.396 65498 INFO tempest.lib.common.rest_client [req-5509142e-fcfa-4b80-b62a-e2b2d758c151 req-5509142e-fcfa-4b80-b62a-e2b2d758c151 ] Request (FloatingIPsAssociationNegativeTestJSON:tearDownClass): 200 GET http://10.180.1.21/networking/v2.0/security-groups?tenant_id=b0a49b17400f42df8cc416bed51d8892&name=default 0.059s
2025-12-13 05:24:17.426 65508 INFO tempest.lib.common.rest_client [req-0a0dee76-84f2-45cd-96d6-c8126b0d9315 req-0a0dee76-84f2-45cd-96d6-c8126b0d9315 ] Request (ServerMetadataNegativeTestJSON:setUpClass): 201 POST http://10.180.1.21/identity/v3/auth/tokens 0.083s
2025-12-13 05:24:17.447 65530 INFO tempest.lib.common.rest_client [req-48812874-c0ff-48b6-b652-1820e8a53d90 req-48812874-c0ff-48b6-b652-1820e8a53d90 ] Request (ServersTestJSON:test_create_specify_keypair): 200 GET http://10.180.1.21/compute/v2.1/servers/025a1d95-c6a8-4759-ae09-c1e61d6b18ee 1.851s
2025-12-13 05:24:17.478 65508 INFO tempest.lib.common.rest_client [req-d2c8e101-2159-4d36-8534-6f4ea86e2bb4 req-d2c8e101-2159-4d36-8534-6f4ea86e2bb4 ] Request (ServerMetadataNegativeTestJSON:setUpClass): 201 POST http://10.180.1.21/identity/v3/auth/tokens 0.046s
2025-12-13 05:24:17.481 65474 INFO tempest.lib.common.rest_client [req-11473de6-9c7c-4657-a401-d416ecdda278 req-11473de6-9c7c-4657-a401-d416ecdda278 ] Request (ServerDiskConfigTestJSON:test_resize_server_from_auto_to_manual): 202 POST http://10.180.1.21/compute/v2.1/servers 1.997s
2025-12-13 05:24:17.516 65508 INFO tempest.lib.common.rest_client [req-32e86bfe-a268-4c6c-b9a2-3a1dbeeefdb4 req-32e86bfe-a268-4c6c-b9a2-3a1dbeeefdb4 ] Request (ServerMetadataNegativeTestJSON:setUpClass): 200 GET http://10.180.1.21/identity/v3/domains?name=Default 0.038s
2025-12-13 05:24:17.526 65484 INFO tempest.lib.common.rest_client [req-8259ea78-6eca-4a9d-9841-66b2d358b4f2 req-8259ea78-6eca-4a9d-9841-66b2d358b4f2 ] Request (ListImageFiltersTestJSON:setUpClass): 200 GET http://10.180.1.21/compute/v2.1/images/a1676c5c-a648-4af6-a48a-d934188d264b 1.736s
2025-12-13 05:24:17.527 65498 INFO tempest.lib.common.rest_client [req-8d507d72-8f39-4720-b4a2-1d083a22c316 req-8d507d72-8f39-4720-b4a2-1d083a22c316 ] Request (FloatingIPsAssociationNegativeTestJSON:tearDownClass): 204 DELETE http://10.180.1.21/networking/v2.0/security-groups/1e04df77-288a-45a2-8502-8a557cf60a40 0.130s
2025-12-13 05:24:17.567 65508 INFO tempest.lib.common.rest_client [req-91056c82-8864-4182-9868-20ef976dee77 req-91056c82-8864-4182-9868-20ef976dee77 ] Request (ServerMetadataNegativeTestJSON:setUpClass): 201 POST http://10.180.1.21/identity/v3/projects 0.050s
2025-12-13 05:24:17.570 65493 INFO tempest.lib.common.rest_client [req-65e1b77e-7f72-49b6-88dc-8c55091e080b req-65e1b77e-7f72-49b6-88dc-8c55091e080b ] Request (ServerActionsTestOtherA:setUpClass): 200 GET http://10.180.1.21/compute/v2.1/servers/47ecfc59-faee-4f2d-bd11-25f56995691f 1.839s
2025-12-13 05:24:17.633 65498 INFO tempest.lib.common.rest_client [req-b56e6c7a-0361-4fbf-8193-be262e691451 req-b56e6c7a-0361-4fbf-8193-be262e691451 ] Request (FloatingIPsAssociationNegativeTestJSON:tearDownClass): 204 DELETE http://10.180.1.21/identity/v3/projects/b0a49b17400f42df8cc416bed51d8892 0.106s
2025-12-13 05:24:17.679 65536 INFO tempest.lib.common.rest_client [req-1669269c-cb07-47dc-81fd-5d0a1f88e631 req-1669269c-cb07-47dc-81fd-5d0a1f88e631 ] Request (ListServerFiltersTestJSON:test_list_servers_filter_by_shutoff_status): 200 GET http://10.180.1.21/compute/v2.1/servers/03c432c4-bd70-4e2e-97cd-7bddc01076a6 1.855s
2025-12-13 05:24:17.690 65508 INFO tempest.lib.common.rest_client [req-48120fa3-9481-43e8-8947-69abd1f7735c req-48120fa3-9481-43e8-8947-69abd1f7735c ] Request (ServerMetadataNegativeTestJSON:setUpClass): 201 POST http://10.180.1.21/identity/v3/users 0.122s
2025-12-13 05:24:17.691 65536 INFO tempest.common.waiters [-] State transition "SHUTOFF/powering-on" ==> "ACTIVE/None" after 4 second wait
2025-12-13 05:24:17.693 65522 INFO tempest.lib.common.rest_client [req-4befd85b-b587-4aa1-a5e3-8e933a00b10b req-4befd85b-b587-4aa1-a5e3-8e933a00b10b ] Request (TenantUsagesTestJSON:setUpClass): 200 GET http://10.180.1.21/compute/v2.1/servers/f847f94f-09ce-40ed-8a67-8483da8bc692 1.764s
2025-12-13 05:24:17.718 65498 INFO tempest.lib.common.rest_client [req-4f49047f-c4f3-4202-a49f-ea6eb18f2397 req-4f49047f-c4f3-4202-a49f-ea6eb18f2397 ] Request (AZV2TestJSON:setUpClass): 201 POST http://10.180.1.21/identity/v3/auth/tokens 0.082s
2025-12-13 05:24:17.720 65508 INFO tempest.lib.common.rest_client [req-bfd36d0f-dc5e-4f8e-9086-afb93be14c30 req-bfd36d0f-dc5e-4f8e-9086-afb93be14c30 ] Request (ServerMetadataNegativeTestJSON:setUpClass): 200 GET http://10.180.1.21/identity/v3/roles 0.029s
2025-12-13 05:24:17.758 65498 INFO tempest.lib.common.rest_client [req-22f2cc38-0391-427c-932e-86935da3295d req-22f2cc38-0391-427c-932e-86935da3295d ] Request (AZV2TestJSON:setUpClass): 201 POST http://10.180.1.21/identity/v3/auth/tokens 0.036s
2025-12-13 05:24:17.781 65508 INFO tempest.lib.common.rest_client [req-0bd842d2-7bfa-4d04-ba82-4eee4606796a req-0bd842d2-7bfa-4d04-ba82-4eee4606796a ] Request (ServerMetadataNegativeTestJSON:setUpClass): 204 PUT http://10.180.1.21/identity/v3/projects/1d0e8780ce9445b3af14b3dbd65c070a/users/ea6a6e483e824dbda1cb4ef865050337/roles/2f8d1a60dd314c8f8cd332f9c70155ca 0.060s
2025-12-13 05:24:17.782 65508 INFO tempest.lib.common.dynamic_creds [-] Dynamic test user ea6a6e483e824dbda1cb4ef865050337 is created with scope project and roles: ['member']
2025-12-13 05:24:17.782 65508 INFO tempest.lib.common.dynamic_creds [-] Acquired dynamic creds: credentials: Credentials: {'domain_id': 'default', 'domain_name': 'Default', 'username': 'tempest-ServerMetadataNegativeTestJSON-1662490506-project-member', 'project_domain_id': 'default', 'project_domain_name': 'Default', 'project_id': '1d0e8780ce9445b3af14b3dbd65c070a', 'project_name': 'tempest-ServerMetadataNegativeTestJSON-1662490506', 'tenant_id': '1d0e8780ce9445b3af14b3dbd65c070a', 'tenant_name': 'tempest-ServerMetadataNegativeTestJSON-1662490506', 'user_domain_id': 'default', 'user_domain_name': 'Default', 'user_id': 'ea6a6e483e824dbda1cb4ef865050337', 'system': None}, Network: None, Subnet: None, Router: None
2025-12-13 05:24:17.794 65534 INFO tempest.lib.common.rest_client [req-f64c918c-cc6e-4786-af77-552c07bd9c51 req-f64c918c-cc6e-4786-af77-552c07bd9c51 ] Request (ServersAaction247Test:test_create_backup): 200 GET http://10.180.1.21/compute/v2.1/servers/09db7a58-c527-4ea3-a55b-2f085cf4ffe9 1.796s
2025-12-13 05:24:17.852 65498 INFO tempest.lib.common.rest_client [req-cd597ff9-3876-4638-820f-353ea3afd4cd req-cd597ff9-3876-4638-820f-353ea3afd4cd ] Request (AZV2TestJSON:setUpClass): 200 GET http://10.180.1.21/identity/v3/domains?name=Default 0.093s
2025-12-13 05:24:17.861 65488 INFO tempest.lib.common.rest_client [req-1fd53f5c-9158-4ed0-912a-c103d4e5289d req-1fd53f5c-9158-4ed0-912a-c103d4e5289d ] Request (AttachInterfacesTestJSON:test_create_list_show_delete_interfaces_by_fixed_ip): 200 GET http://10.180.1.21/compute/v2.1/servers/679282ed-6a0a-4c13-a9c1-80c94b583073 1.642s
2025-12-13 05:24:17.875 65508 INFO tempest.lib.common.rest_client [req-fa685fdb-6b03-479f-b8d8-68ae9e357924 req-fa685fdb-6b03-479f-b8d8-68ae9e357924 ] Request (ServerMetadataNegativeTestJSON:setUpClass): 201 POST http://10.180.1.21/identity/v3/auth/tokens 0.092s
2025-12-13 05:24:17.890 65498 INFO tempest.lib.common.rest_client [req-7c83af69-ade7-4ce2-b5d7-0015bb99e31a req-7c83af69-ade7-4ce2-b5d7-0015bb99e31a ] Request (AZV2TestJSON:setUpClass): 201 POST http://10.180.1.21/identity/v3/projects 0.037s
2025-12-13 05:24:17.972 65498 INFO tempest.lib.common.rest_client [req-449a2a85-a0fb-4525-b13c-e95d1b3c402d req-449a2a85-a0fb-4525-b13c-e95d1b3c402d ] Request (AZV2TestJSON:setUpClass): 201 POST http://10.180.1.21/identity/v3/users 0.080s
2025-12-13 05:24:17.978 65505 INFO tempest.lib.common.rest_client [req-e7561bd0-dafc-4a6f-96ac-e8bd8d72bd83 req-e7561bd0-dafc-4a6f-96ac-e8bd8d72bd83 ] Request (ServersNegativeTestJSON:setUpClass): 200 GET http://10.180.1.21/compute/v2.1/servers/7021ac9f-ceeb-4570-a131-019199d54494 1.720s
2025-12-13 05:24:17.998 65498 INFO tempest.lib.common.rest_client [req-b466f21d-56d3-46b5-b49a-8156fb07476a req-b466f21d-56d3-46b5-b49a-8156fb07476a ] Request (AZV2TestJSON:setUpClass): 200 GET http://10.180.1.21/identity/v3/roles 0.025s
2025-12-13 05:24:18.039 65498 INFO tempest.lib.common.rest_client [req-7ae286ec-9342-43fa-b643-5ea22dd3a364 req-7ae286ec-9342-43fa-b643-5ea22dd3a364 ] Request (AZV2TestJSON:setUpClass): 204 PUT http://10.180.1.21/identity/v3/projects/22bc8e34f62549e9a5cef401e632bad1/users/b04880bfe76942aa9c6aba04bc44b830/roles/2f8d1a60dd314c8f8cd332f9c70155ca 0.041s
2025-12-13 05:24:18.039 65498 INFO tempest.lib.common.dynamic_creds [-] Dynamic test user b04880bfe76942aa9c6aba04bc44b830 is created with scope project and roles: ['member']
2025-12-13 05:24:18.040 65498 INFO tempest.lib.common.dynamic_creds [-] Acquired dynamic creds: credentials: Credentials: {'domain_id': 'default', 'domain_name': 'Default', 'username': 'tempest-AZV2TestJSON-542588932-project-member', 'project_domain_id': 'default', 'project_domain_name': 'Default', 'project_id': '22bc8e34f62549e9a5cef401e632bad1', 'project_name': 'tempest-AZV2TestJSON-542588932', 'tenant_id': '22bc8e34f62549e9a5cef401e632bad1', 'tenant_name': 'tempest-AZV2TestJSON-542588932', 'user_domain_id': 'default', 'user_domain_name': 'Default', 'user_id': 'b04880bfe76942aa9c6aba04bc44b830', 'system': None}, Network: None, Subnet: None, Router: None
2025-12-13 05:24:18.040 65498 INFO tempest.lib.common.dynamic_creds [-] Created isolated network resources for: credentials: Credentials: {'domain_id': 'default', 'domain_name': 'Default', 'username': 'tempest-AZV2TestJSON-542588932-project-member', 'project_domain_id': 'default', 'project_domain_name': 'Default', 'project_id': '22bc8e34f62549e9a5cef401e632bad1', 'project_name': 'tempest-AZV2TestJSON-542588932', 'tenant_id': '22bc8e34f62549e9a5cef401e632bad1', 'tenant_name': 'tempest-AZV2TestJSON-542588932', 'user_domain_id': 'default', 'user_domain_name': 'Default', 'user_id': 'b04880bfe76942aa9c6aba04bc44b830', 'system': None}, Network: None, Subnet: None, Router: None
2025-12-13 05:24:18.047 65486 INFO tempest.lib.common.rest_client [req-a6c2d92e-0331-4927-bdda-ae3772f5f2aa req-a6c2d92e-0331-4927-bdda-ae3772f5f2aa ] Request (ImagesTestJSON:test_create_image_from_stopped_server): 200 GET http://10.180.1.21/compute/v2.1/servers/39cb3c15-eb6f-4468-ae8d-a8f99ce49971 1.750s
2025-12-13 05:24:18.112 65512 INFO tempest.lib.common.rest_client [req-c9b6226e-48f5-48db-b17f-c227bf3a5964 req-c9b6226e-48f5-48db-b17f-c227bf3a5964 ] Request (SecurityGroupsTestJSON:test_security_group_create_get_delete): 200 GET http://10.180.1.21/compute/v2.1/os-security-groups/665c44ac-c689-4c85-95d2-cf29346480b2 1.801s
2025-12-13 05:24:18.122 65498 INFO tempest.lib.common.rest_client [req-7aad09d6-014f-4cb0-bcb3-54cc26aeea44 req-7aad09d6-014f-4cb0-bcb3-54cc26aeea44 ] Request (AZV2TestJSON:setUpClass): 201 POST http://10.180.1.21/identity/v3/auth/tokens 0.078s
2025-12-13 05:24:18.140 65480 INFO tempest.lib.common.rest_client [req-c34d9bc6-406c-4f10-893e-d12ab3950e0a req-c34d9bc6-406c-4f10-893e-d12ab3950e0a ] Request (FloatingIPsAssociationTestJSON:tearDownClass): 200 GET http://10.180.1.21/compute/v2.1/servers/0c3f022f-afdf-4e93-bf46-616c6a5b382b 1.394s
2025-12-13 05:24:18.185 65514 INFO tempest.lib.common.rest_client [req-f4f07d93-45c1-4423-a236-9cc965e40e36 req-f4f07d93-45c1-4423-a236-9cc965e40e36 ] Request (ServersTestJSON:setUpClass): 200 GET http://10.180.1.21/compute/v2.1/servers/c4f9ff7b-fe49-4ab5-ace5-97c4e8fa740b 1.422s
2025-12-13 05:24:18.304 65508 INFO tempest.lib.common.rest_client [req-c8675b74-87f9-4bf0-bcb4-87842d55cc68 req-c8675b74-87f9-4bf0-bcb4-87842d55cc68 ] Request (ServerMetadataNegativeTestJSON:setUpClass): 201 POST http://10.180.1.21/networking/v2.0/networks 0.429s
2025-12-13 05:24:18.326 65525 INFO tempest.lib.common.rest_client [req-a3244352-04e0-41a8-82af-660c7b5df8b4 req-a3244352-04e0-41a8-82af-660c7b5df8b4 ] Request (ServerRescueTestJSON:tearDownClass): 200 GET http://10.180.1.21/compute/v2.1/servers/f9fddeb4-3b6a-4dea-9ee4-88d023a65dbd 1.163s
2025-12-13 05:24:18.333 65525 INFO tempest.common.waiters [-] State transition "ACTIVE/deleting" ==> "DELETED/None" after 5 second wait
2025-12-13 05:24:18.364 65518 INFO tempest.lib.common.rest_client [req-ef47e45b-c737-4a46-8ffd-0d90498f3022 req-ef47e45b-c737-4a46-8ffd-0d90498f3022 ] Request (ServersAdminTestJSON:test_rebuild_server_in_error_state): 200 GET http://10.180.1.21/compute/v2.1/servers/b36232dc-3075-4c68-9f2e-4e6a0f7ca4c1 1.510s
2025-12-13 05:24:18.410 65526 INFO tempest.lib.common.rest_client [req-a2c92c4b-dd4a-43cc-a642-389b4de524c2 req-a2c92c4b-dd4a-43cc-a642-389b4de524c2 ] Request (ServerGroupTestJSON:test_create_server_with_scheduler_hint_group): 200 GET http://10.180.1.21/compute/v2.1/servers/e9bf03b0-a091-45e5-a7e3-2ee790d4c7da 1.224s
2025-12-13 05:24:18.448 65478 INFO tempest.lib.common.rest_client [req-d5ef8f72-fafa-4615-94de-7888e5c1f726 req-d5ef8f72-fafa-4615-94de-7888e5c1f726 ] Request (MigrationsAdminTest:test_resize_server_revert_deleted_flavor): 200 GET http://10.180.1.21/compute/v2.1/servers/0df8c1cf-18d3-418d-85bd-73dc3bcb485f 0.985s
2025-12-13 05:24:18.493 65474 INFO tempest.lib.common.rest_client [req-86a1dcd2-02ed-4430-b734-59414b680383 req-86a1dcd2-02ed-4430-b734-59414b680383 ] Request (ServerDiskConfigTestJSON:test_resize_server_from_auto_to_manual): 200 GET http://10.180.1.21/compute/v2.1/servers/d1a0fd1b-f28c-4929-885e-08f1aa951b0b 1.009s
2025-12-13 05:24:18.517 65508 INFO tempest.lib.common.rest_client [req-32e314ea-3182-49d1-a11e-fd24346cd5c2 req-32e314ea-3182-49d1-a11e-fd24346cd5c2 ] Request (ServerMetadataNegativeTestJSON:setUpClass): 201 POST http://10.180.1.21/networking/v2.0/subnets 0.212s
2025-12-13 05:24:18.528 65510 INFO tempest.lib.common.rest_client [req-52245f47-d619-4be3-b0b7-2afbda242c67 req-52245f47-d619-4be3-b0b7-2afbda242c67 ] Request (ServersAdmin275Test:tearDownClass): 404 GET http://10.180.1.21/compute/v2.1/servers/6d36925f-56c9-48a5-81d7-3acf5b2bf972 0.895s
2025-12-13 05:24:18.551 65520 INFO tempest.lib.common.rest_client [req-0335d829-06ce-4c05-bf7e-1b7a2492012c req-0335d829-06ce-4c05-bf7e-1b7a2492012c ] Request (ServersAdminNegativeTestJSON:tearDownClass): 200 GET http://10.180.1.21/compute/v2.1/servers/cd38998b-2392-4c72-a897-a4163ccb1bf8 1.064s
2025-12-13 05:24:18.566 65536 INFO tempest.lib.common.rest_client [req-d757160a-d0cd-4d29-9342-8289db8aa8ba req-d757160a-d0cd-4d29-9342-8289db8aa8ba ] Request (ListServerFiltersTestJSON:test_list_servers_filter_by_zero_limit): 200 GET http://10.180.1.21/compute/v2.1/servers?limit=0 0.869s
2025-12-13 05:24:18.620 65490 INFO tempest.lib.common.rest_client [req-ca9a98ae-1e76-4bcf-a5be-4827fba9e850 req-ca9a98ae-1e76-4bcf-a5be-4827fba9e850 ] Request (ImagesOneServerTestJSON:tearDownClass): 200 GET http://10.180.1.21/compute/v2.1/servers/44039faa-3c09-4cc2-9d9d-a80bb0ddce3d 0.981s
2025-12-13 05:24:18.678 65506 INFO tempest.lib.common.rest_client [req-df91d9f6-c385-4a7a-9960-fdad39e1a321 req-df91d9f6-c385-4a7a-9960-fdad39e1a321 ] Request (ServerRescueTestJSONUnderV235:setUpClass): 200 GET http://10.180.1.21/compute/v2.1/servers/acef2f37-780f-45fe-b388-9060ae4549c9 0.863s
2025-12-13 05:24:18.691 65516 INFO tempest.lib.common.rest_client [req-eb04fdc4-1d5a-4121-81b4-7d2737b0818a req-eb04fdc4-1d5a-4121-81b4-7d2737b0818a ] Request (ImagesNegativeTestJSON:test_create_image_from_deleted_server): 200 GET http://10.180.1.21/compute/v2.1/servers/919224a8-25fe-47c7-a078-75847b2ca85a 0.789s
2025-12-13 05:24:18.693 65510 INFO tempest.lib.common.rest_client [req-6c7dc626-413b-4075-9e46-ff1b7766a06d req-6c7dc626-413b-4075-9e46-ff1b7766a06d ] Request (ServersAdmin275Test:tearDownClass): 204 DELETE http://10.180.1.21/identity/v3/users/eec6e49d6d5949df92b602c96232eb51 0.165s
2025-12-13 05:24:18.742 65502 INFO tempest.lib.common.rest_client [req-cd0653b2-c2de-4dd3-ac72-2f463a2fab6b req-cd0653b2-c2de-4dd3-ac72-2f463a2fab6b ] Request (ImagesOneServerNegativeTestJSON:setUpClass): 200 GET http://10.180.1.21/compute/v2.1/servers/562af50f-6a9f-492d-924f-05a1bd9e8072 0.813s
2025-12-13 05:24:18.767 65494 INFO tempest.lib.common.rest_client [req-b679adaf-d518-456e-93ef-372a019d9b28 req-b679adaf-d518-456e-93ef-372a019d9b28 ] Request (ServersTestMultiNic:_run_cleanups): 200 GET http://10.180.1.21/compute/v2.1/servers/0bebee5a-38d4-48c8-b442-8a82ad7a0f7c 0.783s
2025-12-13 05:24:18.837 65510 INFO tempest.lib.common.rest_client [req-ed2efa22-10de-4ca7-b83a-83a3417576ef req-ed2efa22-10de-4ca7-b83a-83a3417576ef ] Request (ServersAdmin275Test:tearDownClass): 204 DELETE http://10.180.1.21/identity/v3/users/02191a9ec1b7417b887564278afe6324 0.143s
2025-12-13 05:24:18.837 65510 INFO tempest.lib.common.dynamic_creds [-] Deleting project and security group for project: a00ed5d36f1440f181e25a21b23dcead
2025-12-13 05:24:18.892 65512 INFO tempest.lib.common.rest_client [req-bc240c6f-f419-48c1-801c-ad6ca3414491 req-bc240c6f-f419-48c1-801c-ad6ca3414491 ] Request (SecurityGroupsTestJSON:test_security_group_create_get_delete): 202 DELETE http://10.180.1.21/compute/v2.1/os-security-groups/665c44ac-c689-4c85-95d2-cf29346480b2 0.776s
2025-12-13 05:24:18.914 65510 INFO tempest.lib.common.rest_client [req-1284862a-0b0c-4dd8-a92b-a137b1e612c9 req-1284862a-0b0c-4dd8-a92b-a137b1e612c9 ] Request (ServersAdmin275Test:tearDownClass): 201 POST http://10.180.1.21/identity/v3/auth/tokens 0.077s
2025-12-13 05:24:18.959 65498 INFO tempest.lib.common.rest_client [req-2cf66084-7ad2-4760-bd55-525f24816ea0 req-2cf66084-7ad2-4760-bd55-525f24816ea0 ] Request (AZV2TestJSON:test_get_availability_zone_list_with_non_admin_user): 200 GET http://10.180.1.21/compute/v2.1/os-availability-zone 0.835s
2025-12-13 05:24:19.104 65498 INFO tempest.lib.common.rest_client [req-d3a0a91f-3239-41e7-8184-2af954474637 req-d3a0a91f-3239-41e7-8184-2af954474637 ] Request (AZV2TestJSON:tearDownClass): 204 DELETE http://10.180.1.21/identity/v3/users/b04880bfe76942aa9c6aba04bc44b830 0.137s
2025-12-13 05:24:19.105 65498 INFO tempest.lib.common.dynamic_creds [-] Deleting project and security group for project: 22bc8e34f62549e9a5cef401e632bad1
2025-12-13 05:24:19.129 65510 INFO tempest.lib.common.rest_client [req-2f9bc616-7bc3-4fbe-ac1c-3e5e47817ad5 req-2f9bc616-7bc3-4fbe-ac1c-3e5e47817ad5 ] Request (ServersAdmin275Test:tearDownClass): 200 GET http://10.180.1.21/networking/v2.0/security-groups?tenant_id=a00ed5d36f1440f181e25a21b23dcead&name=default 0.213s
2025-12-13 05:24:19.178 65498 INFO tempest.lib.common.rest_client [req-21c2f1dd-ea4a-4e35-af77-ad3b3437acaa req-21c2f1dd-ea4a-4e35-af77-ad3b3437acaa ] Request (AZV2TestJSON:tearDownClass): 201 POST http://10.180.1.21/identity/v3/auth/tokens 0.073s
2025-12-13 05:24:19.187 65482 INFO tempest.lib.common.rest_client [req-d36f6fe2-768e-4f5d-bf78-e52b5aa7f4d1 req-d36f6fe2-768e-4f5d-bf78-e52b5aa7f4d1 ] Request (MultipleCreateTestJSON:test_multiple_create_with_reservation_return): 200 GET http://10.180.1.21/compute/v2.1/servers/2d5e6952-096d-46b0-9fee-713b0f924030 0.843s
2025-12-13 05:24:19.257 65510 INFO tempest.lib.common.rest_client [req-4c1a01c2-1044-46d3-9d62-fe45be425a4a req-4c1a01c2-1044-46d3-9d62-fe45be425a4a ] Request (ServersAdmin275Test:tearDownClass): 204 DELETE http://10.180.1.21/networking/v2.0/security-groups/1afefc07-ad31-40d8-8bd0-32931309938f 0.128s
2025-12-13 05:24:19.291 65476 INFO tempest.lib.common.rest_client [req-93bf60f9-49cc-4a26-89e2-9db55851eb71 req-93bf60f9-49cc-4a26-89e2-9db55851eb71 ] Request (ServerExternalEventsTest:test_create_server_external_events): 200 GET http://10.180.1.21/compute/v2.1/servers/3368ae5c-2ac6-4380-ab33-84b49b8611aa 1.019s
2025-12-13 05:24:19.325 65510 INFO tempest.lib.common.rest_client [req-f604b7ca-1094-4f02-9e44-58573cc9122a req-f604b7ca-1094-4f02-9e44-58573cc9122a ] Request (ServersAdmin275Test:tearDownClass): 204 DELETE http://10.180.1.21/identity/v3/projects/a00ed5d36f1440f181e25a21b23dcead 0.068s
2025-12-13 05:24:19.326 65510 INFO tempest.lib.common.dynamic_creds [-] Deleting project and security group for project: 0846932e540f487380c3f21b4332194a
2025-12-13 05:24:19.328 65484 INFO tempest.lib.common.rest_client [req-761e195c-b810-478a-a731-8398b09157b3 req-761e195c-b810-478a-a731-8398b09157b3 ] Request (ListImageFiltersTestJSON:setUpClass): 200 GET http://10.180.1.21/compute/v2.1/images/a1676c5c-a648-4af6-a48a-d934188d264b 0.797s
2025-12-13 05:24:19.375 65508 INFO tempest.lib.common.rest_client [req-daaa31fe-ff71-4d1b-8b60-dbb71570a66e req-daaa31fe-ff71-4d1b-8b60-dbb71570a66e ] Request (ServerMetadataNegativeTestJSON:setUpClass): 201 POST http://10.180.1.21/networking/v2.0/routers 0.857s
2025-12-13 05:24:19.396 65530 INFO tempest.lib.common.rest_client [req-35c09edd-eadc-492e-8894-471a8c4868ec req-35c09edd-eadc-492e-8894-471a8c4868ec ] Request (ServersTestJSON:test_create_specify_keypair): 200 GET http://10.180.1.21/compute/v2.1/servers/025a1d95-c6a8-4759-ae09-c1e61d6b18ee 0.933s
2025-12-13 05:24:19.491 65510 INFO tempest.lib.common.rest_client [req-f691ecbc-4e19-40bf-8271-f3cb1365c820 req-f691ecbc-4e19-40bf-8271-f3cb1365c820 ] Request (ServersAdmin275Test:tearDownClass): 200 GET http://10.180.1.21/networking/v2.0/security-groups?tenant_id=0846932e540f487380c3f21b4332194a&name=default 0.165s
2025-12-13 05:24:19.501 65498 INFO tempest.lib.common.rest_client [req-d91aa578-8ecc-4791-aa0c-c57dcb0a124f req-d91aa578-8ecc-4791-aa0c-c57dcb0a124f ] Request (AZV2TestJSON:tearDownClass): 200 GET http://10.180.1.21/networking/v2.0/security-groups?tenant_id=22bc8e34f62549e9a5cef401e632bad1&name=default 0.322s
2025-12-13 05:24:19.569 65493 INFO tempest.lib.common.rest_client [req-8ee7a6ed-c3c4-4d43-a573-9b1754133a9a req-8ee7a6ed-c3c4-4d43-a573-9b1754133a9a ] Request (ServerActionsTestOtherA:setUpClass): 200 GET http://10.180.1.21/compute/v2.1/servers/47ecfc59-faee-4f2d-bd11-25f56995691f 0.990s
2025-12-13 05:24:19.656 65510 INFO tempest.lib.common.rest_client [req-05a06126-7908-49fe-a883-d161e3e1d398 req-05a06126-7908-49fe-a883-d161e3e1d398 ] Request (ServersAdmin275Test:tearDownClass): 204 DELETE http://10.180.1.21/networking/v2.0/security-groups/db020407-6faf-4893-97b5-5766e82986e7 0.164s
2025-12-13 05:24:19.726 65510 INFO tempest.lib.common.rest_client [req-3ab5b3da-f140-4435-b7f4-a283d1833565 req-3ab5b3da-f140-4435-b7f4-a283d1833565 ] Request (ServersAdmin275Test:tearDownClass): 204 DELETE http://10.180.1.21/identity/v3/projects/0846932e540f487380c3f21b4332194a 0.069s
2025-12-13 05:24:19.740 65498 INFO tempest.lib.common.rest_client [req-2b306461-99c2-46e6-b95c-6780ce1aea9b req-2b306461-99c2-46e6-b95c-6780ce1aea9b ] Request (AZV2TestJSON:tearDownClass): 204 DELETE http://10.180.1.21/networking/v2.0/security-groups/5b4f5c2b-3286-4c76-ab61-530405a8916a 0.238s
2025-12-13 05:24:19.779 65536 INFO tempest.lib.common.rest_client [req-86053d4b-67a7-4856-a9fc-94c8c8a3669e req-86053d4b-67a7-4856-a9fc-94c8c8a3669e ] Request (ListServerFiltersTestJSON:test_list_servers_filtered_by_ip): 200 GET http://10.180.1.21/compute/v2.1/servers/03c432c4-bd70-4e2e-97cd-7bddc01076a6 1.210s
2025-12-13 05:24:19.803 65522 INFO tempest.lib.common.rest_client [req-419e6c48-1c80-437e-a74e-a5f4a25a58ab req-419e6c48-1c80-437e-a74e-a5f4a25a58ab ] Request (TenantUsagesTestJSON:setUpClass): 200 GET http://10.180.1.21/compute/v2.1/servers/f847f94f-09ce-40ed-8a67-8483da8bc692 1.096s
2025-12-13 05:24:19.820 65510 INFO tempest.lib.common.rest_client [req-bd8e999a-9cbf-4dce-bb33-df8a5b58d0b5 req-bd8e999a-9cbf-4dce-bb33-df8a5b58d0b5 ] Request (FlavorsV2NegativeTest:setUpClass): 201 POST http://10.180.1.21/identity/v3/auth/tokens 0.092s
2025-12-13 05:24:19.878 65534 INFO tempest.lib.common.rest_client [req-ab70af78-9e39-4d17-a54c-3ec23da7db00 req-ab70af78-9e39-4d17-a54c-3ec23da7db00 ] Request (ServersAaction247Test:test_create_backup): 200 GET http://10.180.1.21/compute/v2.1/servers/09db7a58-c527-4ea3-a55b-2f085cf4ffe9 1.073s
2025-12-13 05:24:19.884 65488 INFO tempest.lib.common.rest_client [req-973b3e17-b35d-4e07-820f-cbfd4903b479 req-973b3e17-b35d-4e07-820f-cbfd4903b479 ] Request (AttachInterfacesTestJSON:test_create_list_show_delete_interfaces_by_fixed_ip): 200 GET http://10.180.1.21/compute/v2.1/servers/679282ed-6a0a-4c13-a9c1-80c94b583073 1.011s
2025-12-13 05:24:19.892 65498 INFO tempest.lib.common.rest_client [req-537b065f-900b-44bc-aac9-a54d2bb4480a req-537b065f-900b-44bc-aac9-a54d2bb4480a ] Request (AZV2TestJSON:tearDownClass): 204 DELETE http://10.180.1.21/identity/v3/projects/22bc8e34f62549e9a5cef401e632bad1 0.151s
2025-12-13 05:24:19.901 65510 INFO tempest.lib.common.rest_client [req-113b4bb7-6e02-4677-a75e-73ab368d1f69 req-113b4bb7-6e02-4677-a75e-73ab368d1f69 ] Request (FlavorsV2NegativeTest:setUpClass): 201 POST http://10.180.1.21/identity/v3/auth/tokens 0.079s
2025-12-13 05:24:19.902 65512 INFO tempest.lib.common.rest_client [req-0ad3076e-be70-45f7-b1ed-a5a02213d042 req-0ad3076e-be70-45f7-b1ed-a5a02213d042 ] Request (SecurityGroupsTestJSON:test_security_group_create_get_delete): 404 GET http://10.180.1.21/compute/v2.1/os-security-groups/665c44ac-c689-4c85-95d2-cf29346480b2 1.010s
2025-12-13 05:24:19.936 65510 INFO tempest.lib.common.rest_client [req-56bfd29e-c2b2-40bb-9c54-8c07241dca7e req-56bfd29e-c2b2-40bb-9c54-8c07241dca7e ] Request (FlavorsV2NegativeTest:setUpClass): 200 GET http://10.180.1.21/identity/v3/domains?name=Default 0.032s
2025-12-13 05:24:19.972 65510 INFO tempest.lib.common.rest_client [req-956de68b-6ddd-4d2c-864e-53cf1894606c req-956de68b-6ddd-4d2c-864e-53cf1894606c ] Request (FlavorsV2NegativeTest:setUpClass): 201 POST http://10.180.1.21/identity/v3/projects 0.036s
2025-12-13 05:24:19.975 65505 INFO tempest.lib.common.rest_client [req-a0860bf0-c0de-4d83-bd06-99f216035454 req-a0860bf0-c0de-4d83-bd06-99f216035454 ] Request (ServersNegativeTestJSON:setUpClass): 200 GET http://10.180.1.21/compute/v2.1/servers/7021ac9f-ceeb-4570-a131-019199d54494 0.989s
2025-12-13 05:24:19.989 65486 INFO tempest.lib.common.rest_client [req-b78e0452-31f5-490f-a5c9-a053b8a36e93 req-b78e0452-31f5-490f-a5c9-a053b8a36e93 ] Request (ImagesTestJSON:test_create_image_from_stopped_server): 200 GET http://10.180.1.21/compute/v2.1/servers/39cb3c15-eb6f-4468-ae8d-a8f99ce49971 0.930s
2025-12-13 05:24:19.998 65486 INFO tempest.common.waiters [-] State transition "BUILD/None" ==> "BUILD/networking" after 65 second wait
2025-12-13 05:24:20.070 65514 INFO tempest.lib.common.rest_client [req-a3b36041-61b4-4d5a-a2d3-bc7b47fe4f1c req-a3b36041-61b4-4d5a-a2d3-bc7b47fe4f1c ] Request (ServersTestJSON:setUpClass): 200 GET http://10.180.1.21/compute/v2.1/servers/c4f9ff7b-fe49-4ab5-ace5-97c4e8fa740b 0.870s
2025-12-13 05:24:20.085 65510 INFO tempest.lib.common.rest_client [req-48d91c45-4bba-46ed-b600-93a56070664e req-48d91c45-4bba-46ed-b600-93a56070664e ] Request (FlavorsV2NegativeTest:setUpClass): 201 POST http://10.180.1.21/identity/v3/users 0.113s
2025-12-13 05:24:20.088 65480 INFO tempest.lib.common.rest_client [req-3e27e003-088e-4437-afd6-c6fda03903f5 req-3e27e003-088e-4437-afd6-c6fda03903f5 ] Request (FloatingIPsAssociationTestJSON:tearDownClass): 200 GET http://10.180.1.21/compute/v2.1/servers/0c3f022f-afdf-4e93-bf46-616c6a5b382b 0.939s
2025-12-13 05:24:20.128 65510 INFO tempest.lib.common.rest_client [req-32ddeb83-3b34-4045-a877-6ae3e3fa2895 req-32ddeb83-3b34-4045-a877-6ae3e3fa2895 ] Request (FlavorsV2NegativeTest:setUpClass): 200 GET http://10.180.1.21/identity/v3/roles 0.042s
2025-12-13 05:24:20.136 65484 INFO tempest.lib.common.rest_client [req-d6ee9451-383b-4125-b37f-787382813cbe req-d6ee9451-383b-4125-b37f-787382813cbe ] Request (ListImageFiltersTestJSON:setUpClass): 200 GET http://10.180.1.21/compute/v2.1/images/a1676c5c-a648-4af6-a48a-d934188d264b 0.804s
2025-12-13 05:24:20.166 65510 INFO tempest.lib.common.rest_client [req-2a555335-142d-4815-ae46-e2c863c92fbb req-2a555335-142d-4815-ae46-e2c863c92fbb ] Request (FlavorsV2NegativeTest:setUpClass): 204 PUT http://10.180.1.21/identity/v3/projects/4b193ac72d214325b1972552dc0b6d74/users/43f6e566f7ba4ce09b85800f592bc187/roles/2f8d1a60dd314c8f8cd332f9c70155ca 0.037s
2025-12-13 05:24:20.166 65510 INFO tempest.lib.common.dynamic_creds [-] Dynamic test user 43f6e566f7ba4ce09b85800f592bc187 is created with scope project and roles: ['member']
2025-12-13 05:24:20.166 65510 INFO tempest.lib.common.dynamic_creds [-] Acquired dynamic creds: credentials: Credentials: {'domain_id': 'default', 'domain_name': 'Default', 'username': 'tempest-FlavorsV2NegativeTest-181817702-project-member', 'project_domain_id': 'default', 'project_domain_name': 'Default', 'project_id': '4b193ac72d214325b1972552dc0b6d74', 'project_name': 'tempest-FlavorsV2NegativeTest-181817702', 'tenant_id': '4b193ac72d214325b1972552dc0b6d74', 'tenant_name': 'tempest-FlavorsV2NegativeTest-181817702', 'user_domain_id': 'default', 'user_domain_name': 'Default', 'user_id': '43f6e566f7ba4ce09b85800f592bc187', 'system': None}, Network: None, Subnet: None, Router: None
2025-12-13 05:24:20.166 65510 INFO tempest.lib.common.dynamic_creds [-] Created isolated network resources for: credentials: Credentials: {'domain_id': 'default', 'domain_name': 'Default', 'username': 'tempest-FlavorsV2NegativeTest-181817702-project-member', 'project_domain_id': 'default', 'project_domain_name': 'Default', 'project_id': '4b193ac72d214325b1972552dc0b6d74', 'project_name': 'tempest-FlavorsV2NegativeTest-181817702', 'tenant_id': '4b193ac72d214325b1972552dc0b6d74', 'tenant_name': 'tempest-FlavorsV2NegativeTest-181817702', 'user_domain_id': 'default', 'user_domain_name': 'Default', 'user_id': '43f6e566f7ba4ce09b85800f592bc187', 'system': None}, Network: None, Subnet: None, Router: None
2025-12-13 05:24:20.177 65525 INFO tempest.lib.common.rest_client [req-a9984cd2-e2e5-4a07-9fc7-e164562085b8 req-a9984cd2-e2e5-4a07-9fc7-e164562085b8 ] Request (ServerRescueTestJSON:tearDownClass): 200 GET http://10.180.1.21/compute/v2.1/servers/f9fddeb4-3b6a-4dea-9ee4-88d023a65dbd 0.842s
2025-12-13 05:24:20.230 65526 INFO tempest.lib.common.rest_client [req-381a90b5-d03a-4578-a8a5-974919b28753 req-381a90b5-d03a-4578-a8a5-974919b28753 ] Request (ServerGroupTestJSON:test_create_server_with_scheduler_hint_group): 200 GET http://10.180.1.21/compute/v2.1/servers/e9bf03b0-a091-45e5-a7e3-2ee790d4c7da 0.809s
2025-12-13 05:24:20.245 65510 INFO tempest.lib.common.rest_client [req-25e5a9a5-45e6-49d9-b2c9-3a4f893fa213 req-25e5a9a5-45e6-49d9-b2c9-3a4f893fa213 ] Request (FlavorsV2NegativeTest:setUpClass): 201 POST http://10.180.1.21/identity/v3/auth/tokens 0.075s
2025-12-13 05:24:20.259 65518 INFO tempest.lib.common.rest_client [req-98ee8079-6aec-4d98-868d-2446ea414171 req-98ee8079-6aec-4d98-868d-2446ea414171 ] Request (ServersAdminTestJSON:test_rebuild_server_in_error_state): 200 GET http://10.180.1.21/compute/v2.1/servers/b36232dc-3075-4c68-9f2e-4e6a0f7ca4c1 0.884s
2025-12-13 05:24:20.267 65518 INFO tempest.common.waiters [-] State transition "REBUILD/rebuilding" ==> "REBUILD/rebuild_spawning" after 2 second wait
2025-12-13 05:24:20.288 65478 INFO tempest.lib.common.rest_client [req-d7f30d5f-8286-498d-85b4-5ab63ead5053 req-d7f30d5f-8286-498d-85b4-5ab63ead5053 ] Request (MigrationsAdminTest:test_resize_server_revert_deleted_flavor): 200 GET http://10.180.1.21/compute/v2.1/servers/0df8c1cf-18d3-418d-85bd-73dc3bcb485f 0.831s
2025-12-13 05:24:20.341 65474 INFO tempest.lib.common.rest_client [req-1ab53cef-1339-4afe-8fc8-044c1046741b req-1ab53cef-1339-4afe-8fc8-044c1046741b ] Request (ServerDiskConfigTestJSON:test_resize_server_from_auto_to_manual): 200 GET http://10.180.1.21/compute/v2.1/servers/d1a0fd1b-f28c-4929-885e-08f1aa951b0b 0.837s
2025-12-13 05:24:20.539 65508 INFO tempest.lib.common.rest_client [req-b60e1818-74ce-4b60-8e22-c85612e42c07 req-b60e1818-74ce-4b60-8e22-c85612e42c07 ] Request (ServerMetadataNegativeTestJSON:setUpClass): 200 PUT http://10.180.1.21/networking/v2.0/routers/2955ac7a-5509-4882-923f-41759550ad23/add_router_interface 1.164s
