2025-12-15 14:50:10.479 65835 INFO tempest.lib.common.rest_client [req-9b00a53f-a771-4b6b-bcb1-122662f9057e req-9b00a53f-a771-4b6b-bcb1-122662f9057e ] Request (FlavorsExtraSpecsNegativeTestJSON:tearDownClass): 202 DELETE http://10.180.1.21/compute/v2.1/flavors/474075623 0.175s
2025-12-15 14:50:10.487 65841 WARNING tempest.lib.common.ssh [-] Failed to establish authenticated ssh connection to cirros@10.180.180.246 ([Errno None] Unable to connect to port 22 on 10.180.180.246). Number attempts: 10. Retry after 11 seconds.: paramiko.ssh_exception.NoValidConnectionsError: [Errno None] Unable to connect to port 22 on 10.180.180.246
2025-12-15 14:50:10.527 65833 INFO tempest.lib.common.rest_client [req-19378581-d99c-46e9-ab57-5c07aaa7fce4 req-19378581-d99c-46e9-ab57-5c07aaa7fce4 ] Request (ServerMetadataTestJSON:setUp): 200 PUT http://10.180.1.21/compute/v2.1/servers/88502565-54c7-4795-a012-a248fac386fd/metadata 0.247s
2025-12-15 14:50:10.545 65821 INFO tempest.lib.common.rest_client [req-25ccd1f6-76cd-4f6d-a2f1-72287a06b3cc req-25ccd1f6-76cd-4f6d-a2f1-72287a06b3cc ] Request (ServersTestManualDisk:tearDownClass): 200 GET http://10.180.1.21/compute/v2.1/servers/295acdaf-8a46-4d16-b51a-44ff90684324 0.212s
2025-12-15 14:50:10.614 65819 INFO tempest.lib.common.rest_client [req-7495ca34-8267-4c43-acec-668c6848f31e req-7495ca34-8267-4c43-acec-668c6848f31e ] Request (FloatingIPsAssociationTestJSON:setUpClass): 200 GET http://10.180.1.21/compute/v2.1/servers/74314af8-8fa5-4546-ad55-de4a448fda2d 0.227s
2025-12-15 14:50:10.688 65855 INFO tempest.lib.common.rest_client [req-9f66acd8-55f7-4a54-9f38-8557743b612d req-9f66acd8-55f7-4a54-9f38-8557743b612d ] Request (ServerAddressesTestJSON:setUpClass): 200 GET http://10.180.1.21/compute/v2.1/servers/af4dfa1f-4d9f-4b5c-b7fb-338832dbe2a5 0.353s
2025-12-15 14:50:10.721 65839 INFO tempest.lib.common.rest_client [req-c69db2f5-af87-4d4e-a3d0-a7056af373ee req-c69db2f5-af87-4d4e-a3d0-a7056af373ee ] Request (ServersTestBootFromVolume:setUpClass): 200 GET http://10.180.1.21/volume/v3/volumes/e999401b-ae09-41f5-a861-20889f1a3340 0.040s
2025-12-15 14:50:10.785 65847 INFO tempest.lib.common.rest_client [req-b7650a8b-9ee1-455e-b3d8-3278da9d4cc4 req-b7650a8b-9ee1-455e-b3d8-3278da9d4cc4 ] Request (ImagesOneServerNegativeTestJSON:setUp): 200 GET http://10.180.1.21/compute/v2.1/servers/2d2acdb1-61be-449c-937c-4a6378d84d27 0.393s
2025-12-15 14:50:10.804 65807 INFO tempest.lib.common.rest_client [req-1ac25daa-8058-401b-8014-c2c2ae2a9f04 req-1ac25daa-8058-401b-8014-c2c2ae2a9f04 ] Request (FloatingIPsAssociationNegativeTestJSON:tearDownClass): 200 GET http://10.180.1.21/compute/v2.1/servers/b9bdfe7c-a5f2-48b9-9e81-f7571cd56007 0.402s
2025-12-15 14:50:10.865 65831 INFO tempest.lib.common.rest_client [req-3f4c0a65-fbb5-4ba6-97c0-53d6ac5ec358 req-3f4c0a65-fbb5-4ba6-97c0-53d6ac5ec358 ] Request (ServerRescueNegativeTestJSON:setUpClass): 200 GET http://10.180.1.21/compute/v2.1/servers/bddce0c8-2220-4ca8-8f65-fecaf9f0bd32 0.424s
2025-12-15 14:50:10.879 65859 INFO tempest.lib.common.rest_client [req-8dd5c6a2-50ce-488c-a985-844a15b37c23 req-8dd5c6a2-50ce-488c-a985-844a15b37c23 ] Request (ServerShowV257Test:test_rebuild_server): 200 GET http://10.180.1.21/compute/v2.1/servers/b6ded7d9-e908-492f-b80d-fc063b412417 0.405s
2025-12-15 14:50:10.889 65835 INFO tempest.lib.common.rest_client [req-1fe2a385-40c1-4100-b3b0-128dc6dd1af5 req-1fe2a385-40c1-4100-b3b0-128dc6dd1af5 ] Request (FlavorsExtraSpecsNegativeTestJSON:tearDownClass): 200 GET http://10.180.1.21/compute/v2.1/flavors/detail 0.410s
2025-12-15 14:50:10.944 65846 INFO tempest.lib.common.rest_client [req-7adb553d-8a68-4e86-9e2d-40295824b0fb req-7adb553d-8a68-4e86-9e2d-40295824b0fb ] Request (ServersTestFqdnHostnames:test_create_server_with_fqdn_name): 200 GET http://10.180.1.21/compute/v2.1/servers/c1ebff82-7ecc-4a7c-862c-79695ee2c407 0.417s
2025-12-15 14:50:10.977 65833 INFO tempest.lib.common.rest_client [req-a717edc6-3a4e-4972-af9c-e03ad4f43933 req-a717edc6-3a4e-4972-af9c-e03ad4f43933 ] Request (ServerMetadataTestJSON:test_set_server_metadata_item): 200 PUT http://10.180.1.21/compute/v2.1/servers/88502565-54c7-4795-a012-a248fac386fd/metadata/nova 0.448s
2025-12-15 14:50:11.017 65849 INFO tempest.lib.common.rest_client [req-1a07dacc-618a-4aed-81d6-166650a81c62 req-1a07dacc-618a-4aed-81d6-166650a81c62 ] Request (ServerPasswordTestJSON:tearDownClass): 200 GET http://10.180.1.21/compute/v2.1/servers/d29c8f98-799e-4774-a481-7ecd10641fee 0.418s
2025-12-15 14:50:11.022 65835 INFO tempest.lib.common.rest_client [req-d8d80e3f-e809-4335-a91e-4a7cad4975e2 req-d8d80e3f-e809-4335-a91e-4a7cad4975e2 ] Request (FlavorsExtraSpecsNegativeTestJSON:tearDownClass): 204 DELETE http://10.180.1.21/identity/v3/users/8c34b69f79d046d0ae81fe47ac43478e 0.123s
2025-12-15 14:50:11.050 65851 INFO tempest.lib.common.rest_client [req-2f560bb6-8c04-4bb3-823d-33443ed104b6 req-2f560bb6-8c04-4bb3-823d-33443ed104b6 ] Request (ServerShowV254Test:test_rebuild_server): 200 GET http://10.180.1.21/compute/v2.1/servers/3c2a6e1d-2d18-45fa-9bf2-f9c9dda1da1b 0.338s
2025-12-15 14:50:11.054 65847 INFO tempest.lib.common.rest_client [req-168a3e10-c5fb-40db-8802-a1a6785053ea req-168a3e10-c5fb-40db-8802-a1a6785053ea ] Request (ImagesOneServerNegativeTestJSON:test_create_image_specify_metadata_over_limits): 400 POST http://10.180.1.21/compute/v2.1/servers/2d2acdb1-61be-449c-937c-4a6378d84d27/action 0.251s
2025-12-15 14:50:11.100 65857 INFO tempest.lib.common.rest_client [req-19206b1e-7f1f-4af7-9734-1ed3bf3a7b72 req-19206b1e-7f1f-4af7-9734-1ed3bf3a7b72 ] Request (InstanceActionsNegativeTestJSON:tearDownClass): 200 GET http://10.180.1.21/compute/v2.1/servers/adf2dd28-de7f-4ae4-98e8-d1376b8a85ca 0.321s
2025-12-15 14:50:11.144 65825 WARNING tempest.lib.common.ssh [-] Failed to establish authenticated ssh connection to cirros@10.180.180.216 ([Errno None] Unable to connect to port 22 on 10.180.180.216). Number attempts: 2. Retry after 3 seconds.: paramiko.ssh_exception.NoValidConnectionsError: [Errno None] Unable to connect to port 22 on 10.180.180.216
2025-12-15 14:50:11.153 65799 INFO tempest.lib.common.rest_client [req-8404483f-e7b5-4023-aac3-fc1d4d65e53a req-8404483f-e7b5-4023-aac3-fc1d4d65e53a ] Request (ServerDiagnosticsNegativeTest:tearDownClass): 200 GET http://10.180.1.21/compute/v2.1/servers/aa881c5a-a3ad-420b-a2fa-724d3748c7bc 0.322s
2025-12-15 14:50:11.178 65835 INFO tempest.lib.common.rest_client [req-09337121-ed7d-4586-9cbb-d319c047562f req-09337121-ed7d-4586-9cbb-d319c047562f ] Request (FlavorsExtraSpecsNegativeTestJSON:tearDownClass): 204 DELETE http://10.180.1.21/identity/v3/users/0bd6624549704f66af0346a52da59ed6 0.156s
2025-12-15 14:50:11.179 65835 INFO tempest.lib.common.dynamic_creds [-] Deleting project and security group for project: 406bccd7d1ed4040b852299f21166d44
2025-12-15 14:50:11.216 65837 INFO tempest.lib.common.rest_client [req-e9f27654-2ee0-476d-8798-656b031dc8aa req-e9f27654-2ee0-476d-8798-656b031dc8aa ] Request (AttachInterfacesV270Test:tearDownClass): 200 GET http://10.180.1.21/compute/v2.1/servers/02dd4177-4691-46eb-b856-90b57b35d3d0 0.358s
2025-12-15 14:50:11.268 65835 INFO tempest.lib.common.rest_client [req-3950fa07-863e-4264-a923-d8ac808e8d70 req-3950fa07-863e-4264-a923-d8ac808e8d70 ] Request (FlavorsExtraSpecsNegativeTestJSON:tearDownClass): 201 POST http://10.180.1.21/identity/v3/auth/tokens 0.087s
2025-12-15 14:50:11.271 65861 INFO tempest.lib.common.rest_client [req-f5d1fcf4-c21a-4d6a-b8dc-26acdaaf24f5 req-f5d1fcf4-c21a-4d6a-b8dc-26acdaaf24f5 ] Request (MultipleCreateTestJSON:test_multiple_create_with_reservation_return): 200 GET http://10.180.1.21/compute/v2.1/servers/fc639027-6000-4007-b65a-b275df0d9fc3 0.379s
2025-12-15 14:50:11.316 65823 INFO tempest.lib.common.rest_client [req-ccb634b8-179a-466e-b061-48465f206849 req-ccb634b8-179a-466e-b061-48465f206849 ] Request (DeleteServersTestJSON:test_delete_server_while_in_attached_volume): 200 GET http://10.180.1.21/compute/v2.1/servers/65a55e3f-ff23-4fba-9ff8-92254fac6fc5 0.397s
2025-12-15 14:50:11.353 65833 INFO tempest.lib.common.rest_client [req-dde11684-4e04-4887-b03d-1c4595192155 req-dde11684-4e04-4887-b03d-1c4595192155 ] Request (ServerMetadataTestJSON:test_set_server_metadata_item): 200 GET http://10.180.1.21/compute/v2.1/servers/88502565-54c7-4795-a012-a248fac386fd/metadata 0.375s
2025-12-15 14:50:11.607 65835 INFO tempest.lib.common.rest_client [req-f25d42e6-e595-40c6-97b3-cd14ec31f819 req-f25d42e6-e595-40c6-97b3-cd14ec31f819 ] Request (FlavorsExtraSpecsNegativeTestJSON:tearDownClass): 200 GET http://10.180.1.21/networking/v2.0/security-groups?tenant_id=406bccd7d1ed4040b852299f21166d44&name=default 0.339s
2025-12-15 14:50:11.689 65829 INFO tempest.lib.common.rest_client [req-827f28d0-823f-4664-92e0-12c5a89cc643 req-827f28d0-823f-4664-92e0-12c5a89cc643 ] Request (ServersTestMultiNic:test_verify_multiple_nics_order): 200 GET http://10.180.1.21/compute/v2.1/servers/01ea69c5-1028-48e0-9562-b5cc21012a8a 0.741s
2025-12-15 14:50:11.707 65801 INFO tempest.lib.common.rest_client [req-373e78f5-7bf8-4f5d-8457-043e98328c85 req-373e78f5-7bf8-4f5d-8457-043e98328c85 ] Request (ServerDiagnosticsTest:tearDownClass): 200 GET http://10.180.1.21/compute/v2.1/servers/0be9a021-1f4c-45cf-be6e-821d01b6b899 0.712s
2025-12-15 14:50:11.773 65839 INFO tempest.lib.common.rest_client [req-fcac80b8-e2b8-4458-9803-f3d603a68cc5 req-fcac80b8-e2b8-4458-9803-f3d603a68cc5 ] Request (ServersTestBootFromVolume:setUpClass): 200 GET http://10.180.1.21/volume/v3/volumes/e999401b-ae09-41f5-a861-20889f1a3340 0.039s
2025-12-15 14:50:11.825 65835 INFO tempest.lib.common.rest_client [req-6a107d95-e3d9-45a8-9f1e-7505eb9c724b req-6a107d95-e3d9-45a8-9f1e-7505eb9c724b ] Request (FlavorsExtraSpecsNegativeTestJSON:tearDownClass): 204 DELETE http://10.180.1.21/networking/v2.0/security-groups/85522731-533f-4ce3-81c1-a349634ef9ad 0.217s
2025-12-15 14:50:11.887 65809 INFO tempest.lib.common.rest_client [req-9f07f796-e654-4d0f-a524-bfd6e53b551f req-9f07f796-e654-4d0f-a524-bfd6e53b551f ] Request (ServersAaction247Test:test_create_backup): 200 GET http://10.180.1.21/compute/v2.1/servers/954d4f35-598e-41f4-9292-8b5b7e46217c 0.713s
2025-12-15 14:50:11.915 65835 INFO tempest.lib.common.rest_client [req-0a756057-922f-4098-9f2c-67b9b0e8c159 req-0a756057-922f-4098-9f2c-67b9b0e8c159 ] Request (FlavorsExtraSpecsNegativeTestJSON:tearDownClass): 204 DELETE http://10.180.1.21/identity/v3/projects/406bccd7d1ed4040b852299f21166d44 0.090s
2025-12-15 14:50:11.916 65835 INFO tempest.lib.common.dynamic_creds [-] Deleting project and security group for project: 7de981686a74485a9b6e06e6a07c847f
2025-12-15 14:50:11.948 65847 INFO tempest.lib.common.rest_client [req-3cfb33a8-145e-4e7a-b1b4-8804146d3e73 req-3cfb33a8-145e-4e7a-b1b4-8804146d3e73 ] Request (ImagesOneServerNegativeTestJSON:tearDown): 200 GET http://10.180.1.21/compute/v2.1/servers/2d2acdb1-61be-449c-937c-4a6378d84d27 0.893s
2025-12-15 14:50:11.962 65811 INFO tempest.lib.common.rest_client [req-97e98fa1-3d9d-43d2-903c-5aa48d2883dc req-97e98fa1-3d9d-43d2-903c-5aa48d2883dc ] Request (ServersAdminNegativeTestJSON:tearDownClass): 200 GET http://10.180.1.21/compute/v2.1/servers/eba4cddb-bd5f-490a-a561-c86543f6be54 0.762s
2025-12-15 14:50:12.009 65827 INFO tempest.lib.common.rest_client [req-e421170f-4da3-485c-b157-549c3ae9904a req-e421170f-4da3-485c-b157-549c3ae9904a ] Request (ImagesOneServerTestJSON:setUpClass): 200 GET http://10.180.1.21/compute/v2.1/servers/756b7752-c0bd-43c8-bcfc-8e5f2b20d2d7 0.757s
2025-12-15 14:50:12.048 65843 INFO tempest.lib.common.rest_client [req-170f56eb-9835-4110-ab74-1d41aba980c3 req-170f56eb-9835-4110-ab74-1d41aba980c3 ] Request (ListServersNegativeTestJSON:tearDownClass): 200 GET http://10.180.1.21/compute/v2.1/servers/bb2a7b04-35ba-45a9-991d-b988e420ff15 0.742s
2025-12-15 14:50:12.068 65817 INFO tempest.lib.common.rest_client [req-a91ff46d-beb2-4408-aa53-234d570ebc65 req-a91ff46d-beb2-4408-aa53-234d570ebc65 ] Request (ListImageFiltersTestJSON:setUpClass): 200 GET http://10.180.1.21/compute/v2.1/images/0db92c90-f3a9-4758-8e69-f9afdf09d07c 0.722s
2025-12-15 14:50:12.094 65835 INFO tempest.lib.common.rest_client [req-5d575f08-735b-4a05-b16a-24e5dfa46a12 req-5d575f08-735b-4a05-b16a-24e5dfa46a12 ] Request (FlavorsExtraSpecsNegativeTestJSON:tearDownClass): 200 GET http://10.180.1.21/networking/v2.0/security-groups?tenant_id=7de981686a74485a9b6e06e6a07c847f&name=default 0.178s
2025-12-15 14:50:12.121 65833 INFO tempest.lib.common.rest_client [req-892d1d52-c285-459e-b597-52e53fa252dd req-892d1d52-c285-459e-b597-52e53fa252dd ] Request (ServerMetadataTestJSON:setUp): 200 PUT http://10.180.1.21/compute/v2.1/servers/88502565-54c7-4795-a012-a248fac386fd/metadata 0.766s
2025-12-15 14:50:12.123 65815 INFO tempest.lib.common.rest_client [req-afe0de27-1fa1-4031-ad2b-c81d3e0a530c req-afe0de27-1fa1-4031-ad2b-c81d3e0a530c ] Request (MigrationsAdminTest:test_resize_server_revert_deleted_flavor): 200 GET http://10.180.1.21/compute/v2.1/servers/88c282e5-2ee4-49a1-bea6-7b79cc59aaff 0.712s
2025-12-15 14:50:12.176 65813 INFO tempest.lib.common.rest_client [req-3b705051-178d-49e3-83cd-90748346a5e8 req-3b705051-178d-49e3-83cd-90748346a5e8 ] Request (ServersAdminTestJSON:setUpClass): 200 GET http://10.180.1.21/compute/v2.1/servers/cd946476-a360-4d87-ad50-35da4f21b24e 0.732s
2025-12-15 14:50:12.191 65805 INFO tempest.lib.common.rest_client [req-06fce1a8-d886-40d5-96c1-efafb651fb77 req-06fce1a8-d886-40d5-96c1-efafb651fb77 ] Request (ServersWithSpecificFlavorTestJSON:test_verify_created_server_ephemeral_disk): 200 GET http://10.180.1.21/compute/v2.1/servers/2c5e55bf-ad49-4946-be85-42dd6e1e1399 0.720s
2025-12-15 14:50:12.200 65835 INFO tempest.lib.common.rest_client [req-d68b8521-b757-42d6-95a1-83e1c330d87b req-d68b8521-b757-42d6-95a1-83e1c330d87b ] Request (FlavorsExtraSpecsNegativeTestJSON:tearDownClass): 204 DELETE http://10.180.1.21/networking/v2.0/security-groups/6edd839f-da79-4f02-a6c8-7c2f48070e36 0.105s
2025-12-15 14:50:12.251 65821 INFO tempest.lib.common.rest_client [req-0f56bfec-ef11-459b-a1da-5e3d4b5bcf84 req-0f56bfec-ef11-459b-a1da-5e3d4b5bcf84 ] Request (ServersTestManualDisk:tearDownClass): 200 GET http://10.180.1.21/compute/v2.1/servers/295acdaf-8a46-4d16-b51a-44ff90684324 0.696s
2025-12-15 14:50:12.274 65819 INFO tempest.lib.common.rest_client [req-36d92627-d6f2-45f5-9e6b-ca68f7440526 req-36d92627-d6f2-45f5-9e6b-ca68f7440526 ] Request (FloatingIPsAssociationTestJSON:setUpClass): 200 GET http://10.180.1.21/compute/v2.1/servers/74314af8-8fa5-4546-ad55-de4a448fda2d 0.649s
2025-12-15 14:50:12.336 65835 INFO tempest.lib.common.rest_client [req-c4ddc41f-f1ab-4658-8ff3-2959bfdc934f req-c4ddc41f-f1ab-4658-8ff3-2959bfdc934f ] Request (FlavorsExtraSpecsNegativeTestJSON:tearDownClass): 204 DELETE http://10.180.1.21/identity/v3/projects/7de981686a74485a9b6e06e6a07c847f 0.135s
2025-12-15 14:50:12.337 65835 INFO tempest.test [-] raised in UnshelveToHostMultiNodesTest.setUpClass. Invoking tearDownClass.
2025-12-15 14:50:12.339 65835 INFO tempest.test [-] raised in TestMultiAttachVolumeSwap.setUpClass. Invoking tearDownClass.
2025-12-15 14:50:12.369 65807 INFO tempest.lib.common.rest_client [req-b0dc1fa7-de7f-4a69-8630-2534946a99b2 req-b0dc1fa7-de7f-4a69-8630-2534946a99b2 ] Request (FloatingIPsAssociationNegativeTestJSON:tearDownClass): 200 GET http://10.180.1.21/compute/v2.1/servers/b9bdfe7c-a5f2-48b9-9e81-f7571cd56007 0.555s
2025-12-15 14:50:12.407 65855 INFO tempest.lib.common.rest_client [req-e3c2521b-c29c-4680-aaed-b85d7005dada req-e3c2521b-c29c-4680-aaed-b85d7005dada ] Request (ServerAddressesTestJSON:setUpClass): 200 GET http://10.180.1.21/compute/v2.1/servers/af4dfa1f-4d9f-4b5c-b7fb-338832dbe2a5 0.711s
2025-12-15 14:50:12.426 65831 INFO tempest.lib.common.rest_client [req-c96ae45e-e5fa-4c40-8724-24a3aa7736a8 req-c96ae45e-e5fa-4c40-8724-24a3aa7736a8 ] Request (ServerRescueNegativeTestJSON:setUpClass): 200 GET http://10.180.1.21/compute/v2.1/servers/bddce0c8-2220-4ca8-8f65-fecaf9f0bd32 0.547s
2025-12-15 14:50:12.428 65835 INFO tempest.lib.common.rest_client [req-75d1bf88-6898-49ab-a70e-ce9e1085b1e9 req-75d1bf88-6898-49ab-a70e-ce9e1085b1e9 ] Request (KeyPairsNegativeTestJSON:setUpClass): 201 POST http://10.180.1.21/identity/v3/auth/tokens 0.087s
2025-12-15 14:50:12.463 65835 INFO tempest.lib.common.rest_client [req-3eec9cc1-2d60-423b-8a4f-26fdbbc3fe11 req-3eec9cc1-2d60-423b-8a4f-26fdbbc3fe11 ] Request (KeyPairsNegativeTestJSON:setUpClass): 201 POST http://10.180.1.21/identity/v3/auth/tokens 0.031s
2025-12-15 14:50:12.465 65859 INFO tempest.lib.common.rest_client [req-bbd3528b-2b77-4b03-b361-f1bc642e8e91 req-bbd3528b-2b77-4b03-b361-f1bc642e8e91 ] Request (ServerShowV257Test:test_rebuild_server): 200 GET http://10.180.1.21/compute/v2.1/servers/b6ded7d9-e908-492f-b80d-fc063b412417 0.575s
2025-12-15 14:50:12.491 65835 INFO tempest.lib.common.rest_client [req-e5f22c81-cf16-49ce-ba51-49895734cd06 req-e5f22c81-cf16-49ce-ba51-49895734cd06 ] Request (KeyPairsNegativeTestJSON:setUpClass): 200 GET http://10.180.1.21/identity/v3/domains?name=Default 0.028s
2025-12-15 14:50:12.519 65846 INFO tempest.lib.common.rest_client [req-5ac8030f-ed28-40e0-98ff-1f636af64dec req-5ac8030f-ed28-40e0-98ff-1f636af64dec ] Request (ServersTestFqdnHostnames:test_create_server_with_fqdn_name): 200 GET http://10.180.1.21/compute/v2.1/servers/c1ebff82-7ecc-4a7c-862c-79695ee2c407 0.562s
2025-12-15 14:50:12.539 65835 INFO tempest.lib.common.rest_client [req-3a5f7492-2ac8-47b9-ba66-8959d4ed3685 req-3a5f7492-2ac8-47b9-ba66-8959d4ed3685 ] Request (KeyPairsNegativeTestJSON:setUpClass): 201 POST http://10.180.1.21/identity/v3/projects 0.046s
2025-12-15 14:50:12.592 65847 INFO tempest.lib.common.rest_client [req-53e07c42-1626-4a65-a753-228327b4b2ac req-53e07c42-1626-4a65-a753-228327b4b2ac ] Request (ImagesOneServerNegativeTestJSON:setUp): 200 GET http://10.180.1.21/compute/v2.1/servers/2d2acdb1-61be-449c-937c-4a6378d84d27 0.634s
2025-12-15 14:50:12.594 65849 INFO tempest.lib.common.rest_client [req-96d099a2-ac35-4161-8cf9-e62c79f33a4b req-96d099a2-ac35-4161-8cf9-e62c79f33a4b ] Request (ServerPasswordTestJSON:tearDownClass): 200 GET http://10.180.1.21/compute/v2.1/servers/d29c8f98-799e-4774-a481-7ecd10641fee 0.562s
2025-12-15 14:50:12.621 65835 INFO tempest.lib.common.rest_client [req-c73aa945-485b-49a6-a87e-d9eefd156b39 req-c73aa945-485b-49a6-a87e-d9eefd156b39 ] Request (KeyPairsNegativeTestJSON:setUpClass): 201 POST http://10.180.1.21/identity/v3/users 0.082s
2025-12-15 14:50:12.658 65835 INFO tempest.lib.common.rest_client [req-158e33cc-7959-4daf-86ba-a9c1ec112160 req-158e33cc-7959-4daf-86ba-a9c1ec112160 ] Request (KeyPairsNegativeTestJSON:setUpClass): 200 GET http://10.180.1.21/identity/v3/roles 0.034s
2025-12-15 14:50:12.679 65851 INFO tempest.lib.common.rest_client [req-97d7ace3-dc6d-40cb-81f8-1007ad79ab1f req-97d7ace3-dc6d-40cb-81f8-1007ad79ab1f ] Request (ServerShowV254Test:test_rebuild_server): 200 GET http://10.180.1.21/compute/v2.1/servers/3c2a6e1d-2d18-45fa-9bf2-f9c9dda1da1b 0.615s
2025-12-15 14:50:12.689 65857 INFO tempest.lib.common.rest_client [req-39256820-b843-40af-b169-56956e1ad96f req-39256820-b843-40af-b169-56956e1ad96f ] Request (InstanceActionsNegativeTestJSON:tearDownClass): 200 GET http://10.180.1.21/compute/v2.1/servers/adf2dd28-de7f-4ae4-98e8-d1376b8a85ca 0.576s
2025-12-15 14:50:12.711 65835 INFO tempest.lib.common.rest_client [req-c6deaae9-a7d8-4c33-96c3-e9769eedacfc req-c6deaae9-a7d8-4c33-96c3-e9769eedacfc ] Request (KeyPairsNegativeTestJSON:setUpClass): 204 PUT http://10.180.1.21/identity/v3/projects/c724e470ad41471f993b31fe941da328/users/b0591df5b84848419b7dfc0f277be7f7/roles/652945ebb6c141019ec18f794b37f80f 0.052s
2025-12-15 14:50:12.711 65835 INFO tempest.lib.common.dynamic_creds [-] Dynamic test user b0591df5b84848419b7dfc0f277be7f7 is created with scope project and roles: ['member']
2025-12-15 14:50:12.711 65835 INFO tempest.lib.common.dynamic_creds [-] Acquired dynamic creds: credentials: Credentials: {'domain_id': 'default', 'domain_name': 'Default', 'username': 'tempest-KeyPairsNegativeTestJSON-1839516856-project-member', 'project_domain_id': 'default', 'project_domain_name': 'Default', 'project_id': 'c724e470ad41471f993b31fe941da328', 'project_name': 'tempest-KeyPairsNegativeTestJSON-1839516856', 'tenant_id': 'c724e470ad41471f993b31fe941da328', 'tenant_name': 'tempest-KeyPairsNegativeTestJSON-1839516856', 'user_domain_id': 'default', 'user_domain_name': 'Default', 'user_id': 'b0591df5b84848419b7dfc0f277be7f7', 'system': None}, Network: None, Subnet: None, Router: None
2025-12-15 14:50:12.712 65835 INFO tempest.lib.common.dynamic_creds [-] Created isolated network resources for: credentials: Credentials: {'domain_id': 'default', 'domain_name': 'Default', 'username': 'tempest-KeyPairsNegativeTestJSON-1839516856-project-member', 'project_domain_id': 'default', 'project_domain_name': 'Default', 'project_id': 'c724e470ad41471f993b31fe941da328', 'project_name': 'tempest-KeyPairsNegativeTestJSON-1839516856', 'tenant_id': 'c724e470ad41471f993b31fe941da328', 'tenant_name': 'tempest-KeyPairsNegativeTestJSON-1839516856', 'user_domain_id': 'default', 'user_domain_name': 'Default', 'user_id': 'b0591df5b84848419b7dfc0f277be7f7', 'system': None}, Network: None, Subnet: None, Router: None
2025-12-15 14:50:12.755 65833 INFO tempest.lib.common.rest_client [req-c0f9c2d5-b3ca-4d2d-bd48-1c24014c52d3 req-c0f9c2d5-b3ca-4d2d-bd48-1c24014c52d3 ] Request (ServerMetadataTestJSON:test_update_metadata_empty_body): 200 POST http://10.180.1.21/compute/v2.1/servers/88502565-54c7-4795-a012-a248fac386fd/metadata 0.631s
2025-12-15 14:50:12.758 65799 INFO tempest.lib.common.rest_client [req-2a5f5175-9bba-45fa-a2ec-851fb42beb2b req-2a5f5175-9bba-45fa-a2ec-851fb42beb2b ] Request (ServerDiagnosticsNegativeTest:tearDownClass): 200 GET http://10.180.1.21/compute/v2.1/servers/aa881c5a-a3ad-420b-a2fa-724d3748c7bc 0.592s
2025-12-15 14:50:12.802 65835 INFO tempest.lib.common.rest_client [req-6cbe6c2e-60d5-4400-882b-c3b68d7960ff req-6cbe6c2e-60d5-4400-882b-c3b68d7960ff ] Request (KeyPairsNegativeTestJSON:setUpClass): 201 POST http://10.180.1.21/identity/v3/auth/tokens 0.085s
2025-12-15 14:50:12.813 65839 INFO tempest.lib.common.rest_client [req-fcfb2b7d-332f-4e2f-862b-7cfc4e73a541 req-fcfb2b7d-332f-4e2f-862b-7cfc4e73a541 ] Request (ServersTestBootFromVolume:setUpClass): 200 GET http://10.180.1.21/volume/v3/volumes/e999401b-ae09-41f5-a861-20889f1a3340 0.030s
2025-12-15 14:50:12.817 65861 INFO tempest.lib.common.rest_client [req-d173e25d-3218-45ad-a709-75d14cc23ae2 req-d173e25d-3218-45ad-a709-75d14cc23ae2 ] Request (MultipleCreateTestJSON:test_multiple_create_with_reservation_return): 200 GET http://10.180.1.21/compute/v2.1/servers/fc639027-6000-4007-b65a-b275df0d9fc3 0.538s
2025-12-15 14:50:12.820 65837 INFO tempest.lib.common.rest_client [req-7a2325d8-4937-4001-83c4-827e69a71055 req-7a2325d8-4937-4001-83c4-827e69a71055 ] Request (AttachInterfacesV270Test:tearDownClass): 200 GET http://10.180.1.21/compute/v2.1/servers/02dd4177-4691-46eb-b856-90b57b35d3d0 0.594s
2025-12-15 14:50:12.854 65847 INFO tempest.lib.common.rest_client [req-9bae577a-6e15-4ec9-b961-9850ae3efb56 req-9bae577a-6e15-4ec9-b961-9850ae3efb56 ] Request (ImagesOneServerNegativeTestJSON:test_create_image_specify_name_over_character_limit): 400 POST http://10.180.1.21/compute/v2.1/servers/2d2acdb1-61be-449c-937c-4a6378d84d27/action 0.253s
2025-12-15 14:50:12.892 65823 INFO tempest.lib.common.rest_client [req-b98dad05-4cf5-4743-a723-bca32d4c8418 req-b98dad05-4cf5-4743-a723-bca32d4c8418 ] Request (DeleteServersTestJSON:test_delete_server_while_in_attached_volume): 200 GET http://10.180.1.21/compute/v2.1/servers/65a55e3f-ff23-4fba-9ff8-92254fac6fc5 0.564s
2025-12-15 14:50:12.910 65829 INFO tempest.lib.common.rest_client [req-34ee7f6b-bb78-40bf-9491-ee432bbf6718 req-34ee7f6b-bb78-40bf-9491-ee432bbf6718 ] Request (ServersTestMultiNic:test_verify_multiple_nics_order): 200 GET http://10.180.1.21/compute/v2.1/servers/01ea69c5-1028-48e0-9562-b5cc21012a8a 0.210s
2025-12-15 14:50:12.939 65833 INFO tempest.lib.common.rest_client [req-eb11206f-c5a5-47c7-a278-5b26d3829efd req-eb11206f-c5a5-47c7-a278-5b26d3829efd ] Request (ServerMetadataTestJSON:test_update_metadata_empty_body): 200 GET http://10.180.1.21/compute/v2.1/servers/88502565-54c7-4795-a012-a248fac386fd/metadata 0.183s
2025-12-15 14:50:12.957 65801 INFO tempest.lib.common.rest_client [req-81f2d7e8-d934-43a7-b8c3-db365f1ce56b req-81f2d7e8-d934-43a7-b8c3-db365f1ce56b ] Request (ServerDiagnosticsTest:tearDownClass): 200 GET http://10.180.1.21/compute/v2.1/servers/0be9a021-1f4c-45cf-be6e-821d01b6b899 0.240s
2025-12-15 14:50:13.044 65835 INFO tempest.lib.common.rest_client [req-5f9f5381-ad14-41b3-8e88-ab945e74d07b req-5f9f5381-ad14-41b3-8e88-ab945e74d07b ] Request (KeyPairsNegativeTestJSON:test_create_keypair_invalid_name): 400 POST http://10.180.1.21/compute/v2.1/os-keypairs 0.240s
2025-12-15 14:50:13.101 65809 INFO tempest.lib.common.rest_client [req-f7f557e1-d946-4afb-be3d-1d91a494317e req-f7f557e1-d946-4afb-be3d-1d91a494317e ] Request (ServersAaction247Test:test_create_backup): 200 GET http://10.180.1.21/compute/v2.1/servers/954d4f35-598e-41f4-9292-8b5b7e46217c 0.197s
2025-12-15 14:50:13.102 65847 INFO tempest.lib.common.rest_client [req-4ad7efce-d6fd-494e-b8da-8758bb184afd req-4ad7efce-d6fd-494e-b8da-8758bb184afd ] Request (ImagesOneServerNegativeTestJSON:tearDown): 200 GET http://10.180.1.21/compute/v2.1/servers/2d2acdb1-61be-449c-937c-4a6378d84d27 0.248s
2025-12-15 14:50:13.167 65811 INFO tempest.lib.common.rest_client [req-6bfc5018-60a6-46f6-9ffa-26864d4b5d2b req-6bfc5018-60a6-46f6-9ffa-26864d4b5d2b ] Request (ServersAdminNegativeTestJSON:tearDownClass): 200 GET http://10.180.1.21/compute/v2.1/servers/eba4cddb-bd5f-490a-a561-c86543f6be54 0.192s
2025-12-15 14:50:13.167 65833 INFO tempest.lib.common.rest_client [req-7a34b12b-ebbf-4e3a-98f5-d3f19934fbda req-7a34b12b-ebbf-4e3a-98f5-d3f19934fbda ] Request (ServerMetadataTestJSON:setUp): 200 PUT http://10.180.1.21/compute/v2.1/servers/88502565-54c7-4795-a012-a248fac386fd/metadata 0.226s
2025-12-15 14:50:13.173 65811 INFO tempest.common.waiters [-] State transition "SUSPENDED/deleting" ==> "DELETED/None" after 3 second wait
2025-12-15 14:50:13.197 65835 INFO tempest.lib.common.rest_client [req-24fa9b66-8f77-4a5c-9a1b-459909d911ac req-24fa9b66-8f77-4a5c-9a1b-459909d911ac ] Request (KeyPairsNegativeTestJSON:test_create_keypair_when_public_key_bits_exceeds_maximum): 400 POST http://10.180.1.21/compute/v2.1/os-keypairs 0.150s
2025-12-15 14:50:13.223 65827 INFO tempest.lib.common.rest_client [req-775ff2de-c114-48c2-90cb-82782eca445d req-775ff2de-c114-48c2-90cb-82782eca445d ] Request (ImagesOneServerTestJSON:setUpClass): 200 GET http://10.180.1.21/compute/v2.1/servers/756b7752-c0bd-43c8-bcfc-8e5f2b20d2d7 0.205s
2025-12-15 14:50:13.256 65843 INFO tempest.lib.common.rest_client [req-60502172-18a0-46be-980f-6cb407fc8341 req-60502172-18a0-46be-980f-6cb407fc8341 ] Request (ListServersNegativeTestJSON:tearDownClass): 200 GET http://10.180.1.21/compute/v2.1/servers/bb2a7b04-35ba-45a9-991d-b988e420ff15 0.194s
2025-12-15 14:50:13.263 65817 INFO tempest.lib.common.rest_client [req-09687d12-4c84-4431-b098-aac6b7485af5 req-09687d12-4c84-4431-b098-aac6b7485af5 ] Request (ListImageFiltersTestJSON:setUpClass): 200 GET http://10.180.1.21/compute/v2.1/images/0db92c90-f3a9-4758-8e69-f9afdf09d07c 0.190s
2025-12-15 14:50:13.263 65843 INFO tempest.common.waiters [-] State transition "ACTIVE/deleting" ==> "DELETED/None" after 3 second wait
2025-12-15 14:50:13.319 65815 INFO tempest.lib.common.rest_client [req-cb80bbcb-e9ba-4884-9062-c8bed9d092d8 req-cb80bbcb-e9ba-4884-9062-c8bed9d092d8 ] Request (MigrationsAdminTest:test_resize_server_revert_deleted_flavor): 200 GET http://10.180.1.21/compute/v2.1/servers/88c282e5-2ee4-49a1-bea6-7b79cc59aaff 0.187s
2025-12-15 14:50:13.356 65847 INFO tempest.lib.common.rest_client [req-adecedb2-8171-4b18-b23f-b344eef98bbf req-adecedb2-8171-4b18-b23f-b344eef98bbf ] Request (ImagesOneServerNegativeTestJSON:setUp): 200 GET http://10.180.1.21/compute/v2.1/servers/2d2acdb1-61be-449c-937c-4a6378d84d27 0.244s
2025-12-15 14:50:13.381 65833 INFO tempest.lib.common.rest_client [req-54f3ac84-09f2-4e73-8d89-490c63b6ca4c req-54f3ac84-09f2-4e73-8d89-490c63b6ca4c ] Request (ServerMetadataTestJSON:test_update_server_metadata): 200 POST http://10.180.1.21/compute/v2.1/servers/88502565-54c7-4795-a012-a248fac386fd/metadata 0.213s
2025-12-15 14:50:13.407 65813 INFO tempest.lib.common.rest_client [req-e72acc20-12ab-4c6c-84cf-29ee8b69cbb6 req-e72acc20-12ab-4c6c-84cf-29ee8b69cbb6 ] Request (ServersAdminTestJSON:setUpClass): 200 GET http://10.180.1.21/compute/v2.1/servers/cd946476-a360-4d87-ad50-35da4f21b24e 0.223s
2025-12-15 14:50:13.414 65835 INFO tempest.lib.common.rest_client [req-637f95bf-d1c3-4653-ba54-5a38a088320f req-637f95bf-d1c3-4653-ba54-5a38a088320f ] Request (KeyPairsNegativeTestJSON:test_create_keypair_with_duplicate_name): 200 POST http://10.180.1.21/compute/v2.1/os-keypairs 0.215s
2025-12-15 14:50:13.466 65805 INFO tempest.lib.common.rest_client [req-ffc6a58c-14bc-4754-9bab-779a5a3d6bb2 req-ffc6a58c-14bc-4754-9bab-779a5a3d6bb2 ] Request (ServersWithSpecificFlavorTestJSON:test_verify_created_server_ephemeral_disk): 200 GET http://10.180.1.21/compute/v2.1/servers/2c5e55bf-ad49-4946-be85-42dd6e1e1399 0.267s
2025-12-15 14:50:13.485 65821 INFO tempest.lib.common.rest_client [req-6136c0a6-0b6d-44fd-916d-6be2223afdbd req-6136c0a6-0b6d-44fd-916d-6be2223afdbd ] Request (ServersTestManualDisk:tearDownClass): 200 GET http://10.180.1.21/compute/v2.1/servers/295acdaf-8a46-4d16-b51a-44ff90684324 0.223s
2025-12-15 14:50:13.514 65819 INFO tempest.lib.common.rest_client [req-170fe5eb-7fd9-46ea-b56b-607c6f74d68a req-170fe5eb-7fd9-46ea-b56b-607c6f74d68a ] Request (FloatingIPsAssociationTestJSON:setUpClass): 200 GET http://10.180.1.21/compute/v2.1/servers/74314af8-8fa5-4546-ad55-de4a448fda2d 0.230s
2025-12-15 14:50:13.574 65807 INFO tempest.lib.common.rest_client [req-dc99ab3a-8fe4-4832-b611-708d91ef0483 req-dc99ab3a-8fe4-4832-b611-708d91ef0483 ] Request (FloatingIPsAssociationNegativeTestJSON:tearDownClass): 200 GET http://10.180.1.21/compute/v2.1/servers/b9bdfe7c-a5f2-48b9-9e81-f7571cd56007 0.195s
2025-12-15 14:50:13.602 65833 INFO tempest.lib.common.rest_client [req-f5bb5003-ef7d-445e-ad23-90d6ba37eccb req-f5bb5003-ef7d-445e-ad23-90d6ba37eccb ] Request (ServerMetadataTestJSON:test_update_server_metadata): 200 GET http://10.180.1.21/compute/v2.1/servers/88502565-54c7-4795-a012-a248fac386fd/metadata 0.219s
2025-12-15 14:50:13.767 65855 INFO tempest.lib.common.rest_client [req-58944061-89cc-40c7-b2bb-274dd2415141 req-58944061-89cc-40c7-b2bb-274dd2415141 ] Request (ServerAddressesTestJSON:setUpClass): 200 GET http://10.180.1.21/compute/v2.1/servers/af4dfa1f-4d9f-4b5c-b7fb-338832dbe2a5 0.352s
2025-12-15 14:50:13.808 65835 INFO tempest.lib.common.rest_client [req-fbf5214d-7224-429a-8df8-89377d883a59 req-fbf5214d-7224-429a-8df8-89377d883a59 ] Request (KeyPairsNegativeTestJSON:test_create_keypair_with_duplicate_name): 409 POST http://10.180.1.21/compute/v2.1/os-keypairs 0.392s
2025-12-15 14:50:13.855 65839 INFO tempest.lib.common.rest_client [req-6b81bfed-8217-4fec-96e8-c628084e75f9 req-6b81bfed-8217-4fec-96e8-c628084e75f9 ] Request (ServersTestBootFromVolume:setUpClass): 200 GET http://10.180.1.21/volume/v3/volumes/e999401b-ae09-41f5-a861-20889f1a3340 0.034s
2025-12-15 14:50:13.884 65831 INFO tempest.lib.common.rest_client [req-24d3c783-da96-4f36-8001-a4c676fd2ec5 req-24d3c783-da96-4f36-8001-a4c676fd2ec5 ] Request (ServerRescueNegativeTestJSON:setUpClass): 200 GET http://10.180.1.21/compute/v2.1/servers/bddce0c8-2220-4ca8-8f65-fecaf9f0bd32 0.449s
2025-12-15 14:50:13.950 65859 INFO tempest.lib.common.rest_client [req-be970564-a394-4d76-811f-595a8b4fd366 req-be970564-a394-4d76-811f-595a8b4fd366 ] Request (ServerShowV257Test:test_rebuild_server): 200 GET http://10.180.1.21/compute/v2.1/servers/b6ded7d9-e908-492f-b80d-fc063b412417 0.471s
2025-12-15 14:50:13.970 65847 INFO tempest.lib.common.rest_client [req-9fb04bd0-1cf8-4d45-bf4d-17bca703c916 req-9fb04bd0-1cf8-4d45-bf4d-17bca703c916 ] Request (ImagesOneServerNegativeTestJSON:test_create_second_image_when_first_image_is_being_saved): 202 POST http://10.180.1.21/compute/v2.1/servers/2d2acdb1-61be-449c-937c-4a6378d84d27/action 0.606s
2025-12-15 14:50:14.012 65846 INFO tempest.lib.common.rest_client [req-d23d2746-a78f-433b-8584-541bdaf86954 req-d23d2746-a78f-433b-8584-541bdaf86954 ] Request (ServersTestFqdnHostnames:test_create_server_with_fqdn_name): 200 GET http://10.180.1.21/compute/v2.1/servers/c1ebff82-7ecc-4a7c-862c-79695ee2c407 0.483s
2025-12-15 14:50:14.053 65849 INFO tempest.lib.common.rest_client [req-9e7f6a3b-2301-475f-81d2-43182c1edecd req-9e7f6a3b-2301-475f-81d2-43182c1edecd ] Request (ServerPasswordTestJSON:tearDownClass): 200 GET http://10.180.1.21/compute/v2.1/servers/d29c8f98-799e-4774-a481-7ecd10641fee 0.450s
2025-12-15 14:50:14.115 65851 INFO tempest.lib.common.rest_client [req-4eb91acf-f4d8-403d-a1aa-1da31df14a83 req-4eb91acf-f4d8-403d-a1aa-1da31df14a83 ] Request (ServerShowV254Test:test_rebuild_server): 200 GET http://10.180.1.21/compute/v2.1/servers/3c2a6e1d-2d18-45fa-9bf2-f9c9dda1da1b 0.422s
2025-12-15 14:50:14.126 65833 INFO tempest.lib.common.rest_client [req-caf2b3b1-3cdc-4983-9698-717b65290722 req-caf2b3b1-3cdc-4983-9698-717b65290722 ] Request (ServerMetadataTestJSON:tearDownClass): 204 DELETE http://10.180.1.21/compute/v2.1/servers/88502565-54c7-4795-a012-a248fac386fd 0.519s
2025-12-15 14:50:14.188 65857 INFO tempest.lib.common.rest_client [req-f0313290-d725-4416-89b9-470e6f3fb020 req-f0313290-d725-4416-89b9-470e6f3fb020 ] Request (InstanceActionsNegativeTestJSON:tearDownClass): 200 GET http://10.180.1.21/compute/v2.1/servers/adf2dd28-de7f-4ae4-98e8-d1376b8a85ca 0.490s
2025-12-15 14:50:14.192 65799 INFO tempest.lib.common.rest_client [req-435a0104-365f-4268-8ae7-e432a8df74e2 req-435a0104-365f-4268-8ae7-e432a8df74e2 ] Request (ServerDiagnosticsNegativeTest:tearDownClass): 200 GET http://10.180.1.21/compute/v2.1/servers/aa881c5a-a3ad-420b-a2fa-724d3748c7bc 0.424s
2025-12-15 14:50:14.205 65835 INFO tempest.lib.common.rest_client [req-aa095a05-78c9-4ee9-bf88-ef19f8a6f787 req-aa095a05-78c9-4ee9-bf88-ef19f8a6f787 ] Request (KeyPairsNegativeTestJSON:test_create_keypair_with_duplicate_name): 202 DELETE http://10.180.1.21/compute/v2.1/os-keypairs/tempest-keypair-410333998 0.396s
2025-12-15 14:50:14.254 65861 INFO tempest.lib.common.rest_client [req-3e0498d9-0f74-47c4-a3f4-b48319e0ae20 req-3e0498d9-0f74-47c4-a3f4-b48319e0ae20 ] Request (MultipleCreateTestJSON:test_multiple_create_with_reservation_return): 200 GET http://10.180.1.21/compute/v2.1/servers/fc639027-6000-4007-b65a-b275df0d9fc3 0.428s
2025-12-15 14:50:14.278 65837 INFO tempest.lib.common.rest_client [req-e017d881-9ded-4485-a9d9-a24067b1fdd9 req-e017d881-9ded-4485-a9d9-a24067b1fdd9 ] Request (AttachInterfacesV270Test:tearDownClass): 200 GET http://10.180.1.21/compute/v2.1/servers/02dd4177-4691-46eb-b856-90b57b35d3d0 0.446s
2025-12-15 14:50:14.322 65823 INFO tempest.lib.common.rest_client [req-c8210d40-7df4-49d8-81bc-9467bb5c5b24 req-c8210d40-7df4-49d8-81bc-9467bb5c5b24 ] Request (DeleteServersTestJSON:test_delete_server_while_in_attached_volume): 200 GET http://10.180.1.21/compute/v2.1/servers/65a55e3f-ff23-4fba-9ff8-92254fac6fc5 0.422s
2025-12-15 14:50:14.334 65829 INFO tempest.lib.common.rest_client [req-80fb5db3-af6e-45cd-b73c-20ee1c77fa68 req-80fb5db3-af6e-45cd-b73c-20ee1c77fa68 ] Request (ServersTestMultiNic:test_verify_multiple_nics_order): 200 GET http://10.180.1.21/compute/v2.1/servers/01ea69c5-1028-48e0-9562-b5cc21012a8a 0.415s
2025-12-15 14:50:14.364 65847 INFO tempest.lib.common.rest_client [req-39cccd3e-e3e0-45ba-bf71-267810c0df77 req-39cccd3e-e3e0-45ba-bf71-267810c0df77 ] Request (ImagesOneServerNegativeTestJSON:test_create_second_image_when_first_image_is_being_saved): 409 POST http://10.180.1.21/compute/v2.1/servers/2d2acdb1-61be-449c-937c-4a6378d84d27/action 0.393s
2025-12-15 14:50:14.379 65801 INFO tempest.lib.common.rest_client [req-f31b1715-5bb0-4544-830f-7f6dbf13d347 req-f31b1715-5bb0-4544-830f-7f6dbf13d347 ] Request (ServerDiagnosticsTest:tearDownClass): 200 GET http://10.180.1.21/compute/v2.1/servers/0be9a021-1f4c-45cf-be6e-821d01b6b899 0.408s
2025-12-15 14:50:14.419 65809 INFO tempest.lib.common.rest_client [req-74310e32-2e4c-4900-aaa6-59dff8298775 req-74310e32-2e4c-4900-aaa6-59dff8298775 ] Request (ServersAaction247Test:test_create_backup): 200 GET http://10.180.1.21/compute/v2.1/servers/954d4f35-598e-41f4-9292-8b5b7e46217c 0.308s
2025-12-15 14:50:14.481 65811 INFO tempest.lib.common.rest_client [req-b4943512-a876-4746-83b8-d468399c7f9d req-b4943512-a876-4746-83b8-d468399c7f9d ] Request (ServersAdminNegativeTestJSON:tearDownClass): 200 GET http://10.180.1.21/compute/v2.1/servers/eba4cddb-bd5f-490a-a561-c86543f6be54 0.306s
2025-12-15 14:50:14.486 65835 INFO tempest.lib.common.rest_client [req-3758c1ca-f303-4cc4-b8ad-1095e17bcd38 req-3758c1ca-f303-4cc4-b8ad-1095e17bcd38 ] Request (KeyPairsNegativeTestJSON:test_create_keypair_with_empty_name_string): 400 POST http://10.180.1.21/compute/v2.1/os-keypairs 0.278s
2025-12-15 14:50:14.529 65833 INFO tempest.lib.common.rest_client [req-61685862-ba47-4cae-8ec4-66ae8afad7ce req-61685862-ba47-4cae-8ec4-66ae8afad7ce ] Request (ServerMetadataTestJSON:tearDownClass): 200 GET http://10.180.1.21/compute/v2.1/servers/88502565-54c7-4795-a012-a248fac386fd 0.402s
2025-12-15 14:50:14.536 65827 INFO tempest.lib.common.rest_client [req-5040181a-ff0a-4e9a-94f8-73d861704919 req-5040181a-ff0a-4e9a-94f8-73d861704919 ] Request (ImagesOneServerTestJSON:setUpClass): 200 GET http://10.180.1.21/compute/v2.1/servers/756b7752-c0bd-43c8-bcfc-8e5f2b20d2d7 0.302s
2025-12-15 14:50:14.569 65817 INFO tempest.lib.common.rest_client [req-a4eaee09-c380-4c04-b937-ea5343af8f0e req-a4eaee09-c380-4c04-b937-ea5343af8f0e ] Request (ListImageFiltersTestJSON:setUpClass): 200 GET http://10.180.1.21/compute/v2.1/images/0db92c90-f3a9-4758-8e69-f9afdf09d07c 0.300s
2025-12-15 14:50:14.586 65843 INFO tempest.lib.common.rest_client [req-e2eec049-b7a1-4717-a4ba-c80e5e24ad12 req-e2eec049-b7a1-4717-a4ba-c80e5e24ad12 ] Request (ListServersNegativeTestJSON:tearDownClass): 200 GET http://10.180.1.21/compute/v2.1/servers/bb2a7b04-35ba-45a9-991d-b988e420ff15 0.321s
2025-12-15 14:50:14.616 65815 INFO tempest.lib.common.rest_client [req-9a1dd752-55cc-4d88-aa94-787090f93e53 req-9a1dd752-55cc-4d88-aa94-787090f93e53 ] Request (MigrationsAdminTest:test_resize_server_revert_deleted_flavor): 200 GET http://10.180.1.21/compute/v2.1/servers/88c282e5-2ee4-49a1-bea6-7b79cc59aaff 0.288s
2025-12-15 14:50:14.649 65825 WARNING tempest.lib.common.ssh [-] Failed to establish authenticated ssh connection to cirros@10.180.180.216 ([Errno None] Unable to connect to port 22 on 10.180.180.216). Number attempts: 3. Retry after 4 seconds.: paramiko.ssh_exception.NoValidConnectionsError: [Errno None] Unable to connect to port 22 on 10.180.180.216
2025-12-15 14:50:14.675 65847 INFO tempest.lib.common.rest_client [req-a58cf490-eb76-4597-8c4f-e02fbeaeb5f2 req-a58cf490-eb76-4597-8c4f-e02fbeaeb5f2 ] Request (ImagesOneServerNegativeTestJSON:test_create_second_image_when_first_image_is_being_saved): 204 DELETE http://10.180.1.21/compute/v2.1/images/dee20da7-40ce-4b81-9b40-c8f4994eba5a 0.310s
2025-12-15 14:50:14.688 65813 INFO tempest.lib.common.rest_client [req-3c2aa955-277c-466e-b9ec-91995b0ee5ab req-3c2aa955-277c-466e-b9ec-91995b0ee5ab ] Request (ServersAdminTestJSON:setUpClass): 200 GET http://10.180.1.21/compute/v2.1/servers/cd946476-a360-4d87-ad50-35da4f21b24e 0.273s
2025-12-15 14:50:14.726 65835 INFO tempest.lib.common.rest_client [req-9f07e9fc-fce7-4a2a-b2ef-6dc6f7ea194b req-9f07e9fc-fce7-4a2a-b2ef-6dc6f7ea194b ] Request (KeyPairsNegativeTestJSON:test_create_keypair_with_empty_public_key): 400 POST http://10.180.1.21/compute/v2.1/os-keypairs 0.239s
2025-12-15 14:50:14.735 65805 INFO tempest.lib.common.rest_client [req-c2b47b00-01a7-4150-8074-ba0471175480 req-c2b47b00-01a7-4150-8074-ba0471175480 ] Request (ServersWithSpecificFlavorTestJSON:test_verify_created_server_ephemeral_disk): 200 GET http://10.180.1.21/compute/v2.1/servers/2c5e55bf-ad49-4946-be85-42dd6e1e1399 0.258s
2025-12-15 14:50:14.784 65819 INFO tempest.lib.common.rest_client [req-6f338a8d-d0d1-444e-87c6-a0e7e35806df req-6f338a8d-d0d1-444e-87c6-a0e7e35806df ] Request (FloatingIPsAssociationTestJSON:setUpClass): 200 GET http://10.180.1.21/compute/v2.1/servers/74314af8-8fa5-4546-ad55-de4a448fda2d 0.263s
2025-12-15 14:50:14.787 65821 INFO tempest.lib.common.rest_client [req-50f80af7-544e-428a-9192-5c72b0cb7b8e req-50f80af7-544e-428a-9192-5c72b0cb7b8e ] Request (ServersTestManualDisk:tearDownClass): 200 GET http://10.180.1.21/compute/v2.1/servers/295acdaf-8a46-4d16-b51a-44ff90684324 0.287s
2025-12-15 14:50:14.820 65817 INFO tempest.lib.common.rest_client [req-575f9f08-5f20-419f-b38f-e340acc1972f req-575f9f08-5f20-419f-b38f-e340acc1972f ] Request (ListImageFiltersTestJSON:setUpClass): 200 GET http://10.180.1.21/compute/v2.1/images/0db92c90-f3a9-4758-8e69-f9afdf09d07c 0.248s
2025-12-15 14:50:14.843 65807 INFO tempest.lib.common.rest_client [req-1c7230ec-1384-4a9b-b52f-b6fe098627b9 req-1c7230ec-1384-4a9b-b52f-b6fe098627b9 ] Request (FloatingIPsAssociationNegativeTestJSON:tearDownClass): 200 GET http://10.180.1.21/compute/v2.1/servers/b9bdfe7c-a5f2-48b9-9e81-f7571cd56007 0.262s
2025-12-15 14:50:14.849 65835 INFO tempest.lib.common.rest_client [req-e692e384-1443-4bb6-91d9-4be2aae82ec6 req-e692e384-1443-4bb6-91d9-4be2aae82ec6 ] Request (KeyPairsNegativeTestJSON:test_create_keypair_with_long_keynames): 400 POST http://10.180.1.21/compute/v2.1/os-keypairs 0.121s
2025-12-15 14:50:14.896 65839 INFO tempest.lib.common.rest_client [req-4f829848-1a03-401c-a37f-5abf3f6eeefb req-4f829848-1a03-401c-a37f-5abf3f6eeefb ] Request (ServersTestBootFromVolume:setUpClass): 200 GET http://10.180.1.21/volume/v3/volumes/e999401b-ae09-41f5-a861-20889f1a3340 0.032s
2025-12-15 14:50:14.955 65855 INFO tempest.lib.common.rest_client [req-b0e14ab2-48f3-4a8b-8efd-25ec0ff17459 req-b0e14ab2-48f3-4a8b-8efd-25ec0ff17459 ] Request (ServerAddressesTestJSON:setUpClass): 200 GET http://10.180.1.21/compute/v2.1/servers/af4dfa1f-4d9f-4b5c-b7fb-338832dbe2a5 0.180s
2025-12-15 14:50:14.964 65855 INFO tempest.common.waiters [-] State transition "BUILD/spawning" ==> "ACTIVE/None" after 43 second wait
2025-12-15 14:50:14.970 65847 INFO tempest.lib.common.rest_client [req-436fd41a-74d3-456d-828e-4c870c9e97d9 req-436fd41a-74d3-456d-828e-4c870c9e97d9 ] Request (ImagesOneServerNegativeTestJSON:tearDown): 200 GET http://10.180.1.21/compute/v2.1/servers/2d2acdb1-61be-449c-937c-4a6378d84d27 0.294s
2025-12-15 14:50:15.009 65835 INFO tempest.lib.common.rest_client [req-0fb713f5-68c4-4e1e-8f4d-a607525b877f req-0fb713f5-68c4-4e1e-8f4d-a607525b877f ] Request (KeyPairsNegativeTestJSON:test_keypair_create_with_invalid_pub_key): 400 POST http://10.180.1.21/compute/v2.1/os-keypairs 0.158s
2025-12-15 14:50:15.070 65831 INFO tempest.lib.common.rest_client [req-65d65d4f-d7e9-4df0-8231-6cc14a424536 req-65d65d4f-d7e9-4df0-8231-6cc14a424536 ] Request (ServerRescueNegativeTestJSON:setUpClass): 200 GET http://10.180.1.21/compute/v2.1/servers/bddce0c8-2220-4ca8-8f65-fecaf9f0bd32 0.178s
2025-12-15 14:50:15.087 65817 INFO tempest.lib.common.rest_client [req-dfe3f21f-3266-4a80-9e47-ee6f2acbda1d req-dfe3f21f-3266-4a80-9e47-ee6f2acbda1d ] Request (ListImageFiltersTestJSON:setUpClass): 200 GET http://10.180.1.21/compute/v2.1/servers/0b4d4b21-b565-4f03-b1f9-7a79bb7fd14e 0.263s
2025-12-15 14:50:15.116 65855 INFO tempest.lib.common.rest_client [req-e061d9c0-97da-42fc-9c43-612861538c39 req-e061d9c0-97da-42fc-9c43-612861538c39 ] Request (ServerAddressesTestJSON:test_list_server_addresses): 200 GET http://10.180.1.21/compute/v2.1/servers/af4dfa1f-4d9f-4b5c-b7fb-338832dbe2a5/ips 0.152s
2025-12-15 14:50:15.128 65835 INFO tempest.lib.common.rest_client [req-036dfa0b-6d93-4ee7-95ce-8f210de5c867 req-036dfa0b-6d93-4ee7-95ce-8f210de5c867 ] Request (KeyPairsNegativeTestJSON:test_keypair_delete_nonexistent_key): 404 DELETE http://10.180.1.21/compute/v2.1/os-keypairs/tempest-keypair-non-existent-1943365940 0.118s
2025-12-15 14:50:15.129 65859 INFO tempest.lib.common.rest_client [req-9dfca110-94b0-4d87-81a2-0a02743ec47d req-9dfca110-94b0-4d87-81a2-0a02743ec47d ] Request (ServerShowV257Test:test_rebuild_server): 200 GET http://10.180.1.21/compute/v2.1/servers/b6ded7d9-e908-492f-b80d-fc063b412417 0.168s
2025-12-15 14:50:15.193 65849 INFO tempest.lib.common.rest_client [req-dc06b757-33c1-48aa-a432-e5f359ae5f77 req-dc06b757-33c1-48aa-a432-e5f359ae5f77 ] Request (ServerPasswordTestJSON:tearDownClass): 200 GET http://10.180.1.21/compute/v2.1/servers/d29c8f98-799e-4774-a481-7ecd10641fee 0.131s
2025-12-15 14:50:15.195 65846 INFO tempest.lib.common.rest_client [req-60c0ecea-aa9a-459d-b24b-07a29975600f req-60c0ecea-aa9a-459d-b24b-07a29975600f ] Request (ServersTestFqdnHostnames:test_create_server_with_fqdn_name): 200 GET http://10.180.1.21/compute/v2.1/servers/c1ebff82-7ecc-4a7c-862c-79695ee2c407 0.175s
2025-12-15 14:50:15.227 65855 INFO tempest.lib.common.rest_client [req-d9be6b5d-a8c3-4a7c-86bf-c87a4e7a1013 req-d9be6b5d-a8c3-4a7c-86bf-c87a4e7a1013 ] Request (ServerAddressesTestJSON:test_list_server_addresses_by_network): 200 GET http://10.180.1.21/compute/v2.1/servers/af4dfa1f-4d9f-4b5c-b7fb-338832dbe2a5/ips 0.108s
2025-12-15 14:50:15.260 65851 INFO tempest.lib.common.rest_client [req-898706cd-7938-4baf-b83e-536c04f993a0 req-898706cd-7938-4baf-b83e-536c04f993a0 ] Request (ServerShowV254Test:test_rebuild_server): 200 GET http://10.180.1.21/compute/v2.1/servers/3c2a6e1d-2d18-45fa-9bf2-f9c9dda1da1b 0.132s
2025-12-15 14:50:15.287 65835 INFO tempest.lib.common.rest_client [req-9cb93c0f-d02e-4a7f-bfa8-a1e6e5319f4f req-9cb93c0f-d02e-4a7f-bfa8-a1e6e5319f4f ] Request (KeyPairsNegativeTestJSON:tearDownClass): 204 DELETE http://10.180.1.21/identity/v3/users/b0591df5b84848419b7dfc0f277be7f7 0.153s
2025-12-15 14:50:15.287 65835 INFO tempest.lib.common.dynamic_creds [-] Deleting project and security group for project: c724e470ad41471f993b31fe941da328
2025-12-15 14:50:15.301 65857 INFO tempest.lib.common.rest_client [req-83dd6da8-7a52-4aaa-b9c7-9b1d82fa15c1 req-83dd6da8-7a52-4aaa-b9c7-9b1d82fa15c1 ] Request (InstanceActionsNegativeTestJSON:tearDownClass): 200 GET http://10.180.1.21/compute/v2.1/servers/adf2dd28-de7f-4ae4-98e8-d1376b8a85ca 0.103s
2025-12-15 14:50:15.334 65799 INFO tempest.lib.common.rest_client [req-15c4591e-1434-44d0-aa0e-aab742ccad7a req-15c4591e-1434-44d0-aa0e-aab742ccad7a ] Request (ServerDiagnosticsNegativeTest:tearDownClass): 200 GET http://10.180.1.21/compute/v2.1/servers/aa881c5a-a3ad-420b-a2fa-724d3748c7bc 0.132s
2025-12-15 14:50:15.335 65855 INFO tempest.lib.common.rest_client [req-0e6900a4-e5a5-43a2-910a-99d99ed7c202 req-0e6900a4-e5a5-43a2-910a-99d99ed7c202 ] Request (ServerAddressesTestJSON:test_list_server_addresses_by_network): 200 GET http://10.180.1.21/compute/v2.1/servers/af4dfa1f-4d9f-4b5c-b7fb-338832dbe2a5/ips/tempest-ServerAddressesTestJSON-649558230-network 0.106s
2025-12-15 14:50:15.353 65835 INFO tempest.lib.common.rest_client [req-0f7c8f73-ba5e-4449-8896-6a7530380e5d req-0f7c8f73-ba5e-4449-8896-6a7530380e5d ] Request (KeyPairsNegativeTestJSON:tearDownClass): 201 POST http://10.180.1.21/identity/v3/auth/tokens 0.065s
2025-12-15 14:50:15.397 65861 INFO tempest.lib.common.rest_client [req-df4b4409-1ccc-4cf2-9358-cc47ab7745ad req-df4b4409-1ccc-4cf2-9358-cc47ab7745ad ] Request (MultipleCreateTestJSON:test_multiple_create_with_reservation_return): 200 GET http://10.180.1.21/compute/v2.1/servers/fc639027-6000-4007-b65a-b275df0d9fc3 0.133s
2025-12-15 14:50:15.411 65837 INFO tempest.lib.common.rest_client [req-ef746af6-bcf7-454f-93bf-a2746db8611e req-ef746af6-bcf7-454f-93bf-a2746db8611e ] Request (AttachInterfacesV270Test:tearDownClass): 200 GET http://10.180.1.21/compute/v2.1/servers/02dd4177-4691-46eb-b856-90b57b35d3d0 0.120s
2025-12-15 14:50:15.457 65823 INFO tempest.lib.common.rest_client [req-5fc1a097-3f8a-4579-9dca-f2d7af74ab3b req-5fc1a097-3f8a-4579-9dca-f2d7af74ab3b ] Request (DeleteServersTestJSON:test_delete_server_while_in_attached_volume): 200 GET http://10.180.1.21/compute/v2.1/servers/65a55e3f-ff23-4fba-9ff8-92254fac6fc5 0.125s
2025-12-15 14:50:15.501 65855 INFO tempest.lib.common.rest_client [req-73cde36e-a605-4686-a0ec-364a93a0db0a req-73cde36e-a605-4686-a0ec-364a93a0db0a ] Request (ServerAddressesTestJSON:tearDownClass): 204 DELETE http://10.180.1.21/compute/v2.1/servers/af4dfa1f-4d9f-4b5c-b7fb-338832dbe2a5 0.163s
2025-12-15 14:50:15.514 65829 INFO tempest.lib.common.rest_client [req-8616ef34-c5fb-4826-a85d-faa524166b94 req-8616ef34-c5fb-4826-a85d-faa524166b94 ] Request (ServersTestMultiNic:test_verify_multiple_nics_order): 200 GET http://10.180.1.21/compute/v2.1/servers/01ea69c5-1028-48e0-9562-b5cc21012a8a 0.172s
2025-12-15 14:50:15.546 65835 INFO tempest.lib.common.rest_client [req-2d6e851d-d2bc-4d22-9aa9-123975897a07 req-2d6e851d-d2bc-4d22-9aa9-123975897a07 ] Request (KeyPairsNegativeTestJSON:tearDownClass): 200 GET http://10.180.1.21/networking/v2.0/security-groups?tenant_id=c724e470ad41471f993b31fe941da328&name=default 0.192s
2025-12-15 14:50:15.566 65801 INFO tempest.lib.common.rest_client [req-9984678e-534b-46fd-b620-8b48c213df41 req-9984678e-534b-46fd-b620-8b48c213df41 ] Request (ServerDiagnosticsTest:tearDownClass): 200 GET http://10.180.1.21/compute/v2.1/servers/0be9a021-1f4c-45cf-be6e-821d01b6b899 0.179s
2025-12-15 14:50:15.596 65809 INFO tempest.lib.common.rest_client [req-f74be91e-999c-43f0-9814-ae6860f49ce6 req-f74be91e-999c-43f0-9814-ae6860f49ce6 ] Request (ServersAaction247Test:test_create_backup): 200 GET http://10.180.1.21/compute/v2.1/servers/954d4f35-598e-41f4-9292-8b5b7e46217c 0.166s
