2025-12-15 14:48:18.559 65817 INFO tempest.lib.common.rest_client [req-578951c5-55b7-4218-a070-9041cbf1cbf1 req-578951c5-55b7-4218-a070-9041cbf1cbf1 ] Request (ListImageFiltersTestJSON:setUpClass): 200 GET http://10.180.1.21/compute/v2.1/images/9ec72975-614e-463f-a55d-c804e25487ee 4.294s
2025-12-15 14:48:18.642 65833 INFO tempest.lib.common.rest_client [req-988e4466-9f76-4fc2-8e5e-12834418ea0b req-988e4466-9f76-4fc2-8e5e-12834418ea0b ] Request (FlavorsV261TestJSON:_run_cleanups): 202 DELETE http://10.180.1.21/compute/v2.1/flavors/737054942 4.310s
2025-12-15 14:48:18.653 65857 INFO tempest.lib.common.rest_client [req-78c2f038-6721-4da9-a22c-907334be51a6 req-78c2f038-6721-4da9-a22c-907334be51a6 ] Request (HypervisorAdminNegativeTestJSON:test_get_nonexistent_hypervisor_uptime): 404 GET http://10.180.1.21/compute/v2.1/os-hypervisors/3fa839d4-c79a-42f7-bf67-7a79b0b2b6a3/uptime 4.316s
2025-12-15 14:48:18.755 65811 INFO tempest.lib.common.rest_client [req-2f6af491-fbcc-4e88-8fc2-06abaaaa5f06 req-2f6af491-fbcc-4e88-8fc2-06abaaaa5f06 ] Request (FlavorsV255TestJSON:tearDownClass): 204 DELETE http://10.180.1.21/identity/v3/users/6b0d645a430f48ca80ee0902e38d3d9c 0.234s
2025-12-15 14:48:18.855 65835 INFO tempest.lib.common.rest_client [req-1b1b8739-8660-4cac-8d68-6e2b0b9e30f2 req-1b1b8739-8660-4cac-8d68-6e2b0b9e30f2 ] Request (DeleteServersAdminTestJSON:test_admin_delete_servers_of_others): 200 GET http://10.180.1.21/compute/v2.1/servers/f41481bc-3ac7-45c7-8682-ca96d6a441bb 5.134s
2025-12-15 14:48:18.864 65835 INFO tempest.common.waiters [-] State transition "BUILD/spawning" ==> "ACTIVE/None" after 18 second wait
2025-12-15 14:48:18.891 65811 INFO tempest.lib.common.rest_client [req-7b5c1eca-5511-4051-b6fd-133756cfbc8f req-7b5c1eca-5511-4051-b6fd-133756cfbc8f ] Request (FlavorsV255TestJSON:tearDownClass): 204 DELETE http://10.180.1.21/identity/v3/users/4d06f8ff4384438a8053761948644ab0 0.135s
2025-12-15 14:48:18.891 65811 INFO tempest.lib.common.dynamic_creds [-] Deleting project and security group for project: deedd2da73bf42ecb4df33c02e3605fd
2025-12-15 14:48:18.969 65811 INFO tempest.lib.common.rest_client [req-18e07784-9a83-424d-a512-52feb9e9ad11 req-18e07784-9a83-424d-a512-52feb9e9ad11 ] Request (FlavorsV255TestJSON:tearDownClass): 201 POST http://10.180.1.21/identity/v3/auth/tokens 0.077s
2025-12-15 14:48:19.000 65815 INFO tempest.lib.common.rest_client [req-3f73e3ed-a8cd-407f-8dc7-7cdfd34bbadc req-3f73e3ed-a8cd-407f-8dc7-7cdfd34bbadc ] Request (MigrationsAdminTest:test_list_migrations_in_flavor_resize_situation): 200 GET http://10.180.1.21/compute/v2.1/servers/7c1cb5fe-9422-48a0-971e-827e1ef780cd 4.496s
2025-12-15 14:48:19.213 65811 INFO tempest.lib.common.rest_client [req-0e4c2b70-48d0-415e-99b6-c2d4a0f16cd9 req-0e4c2b70-48d0-415e-99b6-c2d4a0f16cd9 ] Request (FlavorsV255TestJSON:tearDownClass): 200 GET http://10.180.1.21/networking/v2.0/security-groups?tenant_id=deedd2da73bf42ecb4df33c02e3605fd&name=default 0.244s
2025-12-15 14:48:19.255 65861 INFO tempest.lib.common.rest_client [req-bce58dc0-bcf6-41fb-ade6-8803422d14e8 req-bce58dc0-bcf6-41fb-ade6-8803422d14e8 ] Request (SecurityGroupsNegativeTestJSON:test_security_group_get_nonexistent_group): 404 GET http://10.180.1.21/compute/v2.1/os-security-groups/6102835d-246e-4e18-8f7e-66d4b41a3246 4.146s
2025-12-15 14:48:19.340 65811 INFO tempest.lib.common.rest_client [req-a30e49d2-df82-44ac-8c6f-550ad85f386f req-a30e49d2-df82-44ac-8c6f-550ad85f386f ] Request (FlavorsV255TestJSON:tearDownClass): 204 DELETE http://10.180.1.21/networking/v2.0/security-groups/aeffbafe-b945-4463-bae5-e6a72143d9f6 0.126s
2025-12-15 14:48:19.376 65839 INFO tempest.lib.common.rest_client [req-9c1a3e9a-70ad-4442-a9f4-25b698856355 req-9c1a3e9a-70ad-4442-a9f4-25b698856355 ] Request (SecurityGroupsTestAdminJSON:test_list_security_groups_list_all_tenants_filter): 200 GET http://10.180.1.21/compute/v2.1/os-security-groups?all_tenants=true 4.333s
2025-12-15 14:48:19.422 65855 INFO tempest.lib.common.rest_client [req-a4d90249-c5d2-4431-92bd-dd87d6c51ef3 req-a4d90249-c5d2-4431-92bd-dd87d6c51ef3 ] Request (QuotasAdminNegativeTest:test_create_server_when_instances_quota_is_full): 200 PUT http://10.180.1.21/compute/v2.1/os-quota-sets/61dd8c4f51d24f10b8f525495ffb6219 4.252s
2025-12-15 14:48:19.426 65811 INFO tempest.lib.common.rest_client [req-3790293b-2980-40e3-98eb-64abd1b3b0d8 req-3790293b-2980-40e3-98eb-64abd1b3b0d8 ] Request (FlavorsV255TestJSON:tearDownClass): 204 DELETE http://10.180.1.21/identity/v3/projects/deedd2da73bf42ecb4df33c02e3605fd 0.086s
2025-12-15 14:48:19.427 65811 INFO tempest.lib.common.dynamic_creds [-] Deleting project and security group for project: fb22c43929414b839e33e573ebc0342e
2025-12-15 14:48:19.516 65855 INFO tempest.lib.common.rest_client [req-78e2d479-8ab3-4a87-97c3-865b7475ead4 req-78e2d479-8ab3-4a87-97c3-865b7475ead4 ] Request (QuotasAdminNegativeTest:test_create_server_when_instances_quota_is_full): 201 POST http://10.180.1.21/identity/v3/auth/tokens 0.088s
2025-12-15 14:48:19.517 65855 INFO tempest.lib.common.fixed_network [-] (QuotasAdminNegativeTest:test_create_server_when_instances_quota_is_full) Found network None available for tenant
2025-12-15 14:48:19.619 65811 INFO tempest.lib.common.rest_client [req-40fc05ae-319d-4163-bbbd-a412c1785183 req-40fc05ae-319d-4163-bbbd-a412c1785183 ] Request (FlavorsV255TestJSON:tearDownClass): 200 GET http://10.180.1.21/networking/v2.0/security-groups?tenant_id=fb22c43929414b839e33e573ebc0342e&name=default 0.191s
2025-12-15 14:48:19.870 65811 INFO tempest.lib.common.rest_client [req-125f3a9c-87b7-4b2a-b99f-36b462bd06a7 req-125f3a9c-87b7-4b2a-b99f-36b462bd06a7 ] Request (FlavorsV255TestJSON:tearDownClass): 204 DELETE http://10.180.1.21/networking/v2.0/security-groups/b40f385e-f197-485d-abf1-719540083b35 0.251s
2025-12-15 14:48:19.891 65849 INFO tempest.lib.common.rest_client [req-ebaf86e2-57a8-45fa-8f43-d36f17f6710c req-ebaf86e2-57a8-45fa-8f43-d36f17f6710c ] Request (InstanceActionsV221TestJSON:test_get_list_deleted_instance_actions): 200 GET http://10.180.1.21/compute/v2.1/servers/c3bd0b75-1deb-46f4-97ec-de9a691cb5d0 4.026s
2025-12-15 14:48:20.014 65841 INFO tempest.lib.common.rest_client [req-48b7a73f-92c5-4995-9c7a-417abb9fb53d req-48b7a73f-92c5-4995-9c7a-417abb9fb53d ] Request (VolumesAssistedSnapshotsTest:test_volume_assisted_snapshot_create_delete): 200 GET http://10.180.1.21/compute/v2.1/servers/5813042a-cd98-4dea-9dc5-52be93bbe43f 2.757s
2025-12-15 14:48:20.030 65811 INFO tempest.lib.common.rest_client [req-c3adcc7c-8875-49c7-97d8-f9f03cb8d9a1 req-c3adcc7c-8875-49c7-97d8-f9f03cb8d9a1 ] Request (FlavorsV255TestJSON:tearDownClass): 204 DELETE http://10.180.1.21/identity/v3/projects/fb22c43929414b839e33e573ebc0342e 0.159s
2025-12-15 14:48:20.124 65811 INFO tempest.lib.common.rest_client [req-060d2afc-2a60-4ebc-833f-cc01aa17f6ad req-060d2afc-2a60-4ebc-833f-cc01aa17f6ad ] Request (ServersAdminNegativeTestJSON:setUpClass): 201 POST http://10.180.1.21/identity/v3/auth/tokens 0.093s
2025-12-15 14:48:20.161 65811 INFO tempest.lib.common.rest_client [req-44584641-be8e-4cc7-8b4b-ed790b4b4cd3 req-44584641-be8e-4cc7-8b4b-ed790b4b4cd3 ] Request (ServersAdminNegativeTestJSON:setUpClass): 201 POST http://10.180.1.21/identity/v3/auth/tokens 0.033s
2025-12-15 14:48:20.198 65811 INFO tempest.lib.common.rest_client [req-1b176876-854a-42ef-be33-694e2f048ad4 req-1b176876-854a-42ef-be33-694e2f048ad4 ] Request (ServersAdminNegativeTestJSON:setUpClass): 200 GET http://10.180.1.21/identity/v3/domains?name=Default 0.037s
2025-12-15 14:48:20.232 65811 INFO tempest.lib.common.rest_client [req-39f03ae9-faa7-4795-853f-795261b1a7cc req-39f03ae9-faa7-4795-853f-795261b1a7cc ] Request (ServersAdminNegativeTestJSON:setUpClass): 201 POST http://10.180.1.21/identity/v3/projects 0.033s
2025-12-15 14:48:20.248 65825 INFO tempest.lib.common.rest_client [req-3e2ad57d-8231-40f4-a136-14ffc6a66439 req-3e2ad57d-8231-40f4-a136-14ffc6a66439 ] Request (ServerActionsTestJSON:setUpClass): 202 POST http://10.180.1.21/compute/v2.1/servers 4.828s
2025-12-15 14:48:20.286 65859 INFO tempest.lib.common.rest_client [req-bba1ca91-f63f-46f5-9bab-0f0b9a972192 req-bba1ca91-f63f-46f5-9bab-0f0b9a972192 ] Request (FlavorsAccessNegativeTestJSON:_run_cleanups): 200 GET http://10.180.1.21/compute/v2.1/flavors/detail 2.838s
2025-12-15 14:48:20.311 65805 INFO tempest.lib.common.rest_client [req-944d5cfe-6e95-4015-8f11-70350b3d5f44 req-944d5cfe-6e95-4015-8f11-70350b3d5f44 ] Request (ServersWithSpecificFlavorTestJSON:test_verify_created_server_ephemeral_disk): 200 POST http://10.180.1.21/compute/v2.1/flavors 2.798s
2025-12-15 14:48:20.319 65811 INFO tempest.lib.common.rest_client [req-c05a26f8-0c1b-47df-8785-734e60d121ce req-c05a26f8-0c1b-47df-8785-734e60d121ce ] Request (ServersAdminNegativeTestJSON:setUpClass): 201 POST http://10.180.1.21/identity/v3/users 0.086s
2025-12-15 14:48:20.346 65843 INFO tempest.lib.common.rest_client [req-0fb19071-e4b8-4d9a-9765-27f15927e881 req-0fb19071-e4b8-4d9a-9765-27f15927e881 ] Request (ServicesAdminTestJSON:test_list_services): 200 GET http://10.180.1.21/compute/v2.1/os-services 2.805s
2025-12-15 14:48:20.351 65847 INFO tempest.lib.common.rest_client [req-e463f4aa-76d8-4764-a4c2-62100f374c6a req-e463f4aa-76d8-4764-a4c2-62100f374c6a ] Request (HostsAdminNegativeTestJSON:test_update_host_with_invalid_maintenance_mode): 400 PUT http://10.180.1.21/compute/v2.1/os-hosts/devstack 2.663s
2025-12-15 14:48:20.365 65811 INFO tempest.lib.common.rest_client [req-e8e6f5af-7f0f-4f66-8a5c-c8c38fdcac45 req-e8e6f5af-7f0f-4f66-8a5c-c8c38fdcac45 ] Request (ServersAdminNegativeTestJSON:setUpClass): 200 GET http://10.180.1.21/identity/v3/roles 0.044s
2025-12-15 14:48:20.381 65799 INFO tempest.lib.common.rest_client [req-fb86815a-fb37-4abf-b3fd-cc282ec6d158 req-fb86815a-fb37-4abf-b3fd-cc282ec6d158 ] Request (FlavorsAccessTestJSON:_run_cleanups): 200 GET http://10.180.1.21/compute/v2.1/flavors/detail 2.673s
2025-12-15 14:48:20.402 65803 INFO tempest.lib.common.rest_client [req-92a16aca-27d6-4929-bcb3-34fce7a87167 req-92a16aca-27d6-4929-bcb3-34fce7a87167 ] Request (FlavorsV2TestJSON:test_list_flavors_detailed_filter_by_min_disk): 200 GET http://10.180.1.21/compute/v2.1/flavors/42 2.679s
2025-12-15 14:48:20.423 65851 INFO tempest.lib.common.rest_client [req-6e0d13cf-4961-4447-99b8-1adec2d1d7bd req-6e0d13cf-4961-4447-99b8-1adec2d1d7bd ] Request (QuotaClassesAdmin257Test:test_update_default_quotas): 200 GET http://10.180.1.21/compute/v2.1/os-quota-class-sets/default 2.687s
2025-12-15 14:48:20.438 65811 INFO tempest.lib.common.rest_client [req-271efbd1-c102-40a9-9e06-89bd6b7da84b req-271efbd1-c102-40a9-9e06-89bd6b7da84b ] Request (ServersAdminNegativeTestJSON:setUpClass): 204 PUT http://10.180.1.21/identity/v3/projects/7f504c0df5ef43a88e77907e842b89b7/users/5e13d394c7ad47cf95ab32d3a994bf77/roles/652945ebb6c141019ec18f794b37f80f 0.071s
2025-12-15 14:48:20.438 65811 INFO tempest.lib.common.dynamic_creds [-] Dynamic test user 5e13d394c7ad47cf95ab32d3a994bf77 is created with scope project and roles: ['member']
2025-12-15 14:48:20.439 65811 INFO tempest.lib.common.dynamic_creds [-] Acquired dynamic creds: credentials: Credentials: {'domain_id': 'default', 'domain_name': 'Default', 'username': 'tempest-ServersAdminNegativeTestJSON-1179735760-project-member', 'project_domain_id': 'default', 'project_domain_name': 'Default', 'project_id': '7f504c0df5ef43a88e77907e842b89b7', 'project_name': 'tempest-ServersAdminNegativeTestJSON-1179735760', 'tenant_id': '7f504c0df5ef43a88e77907e842b89b7', 'tenant_name': 'tempest-ServersAdminNegativeTestJSON-1179735760', 'user_domain_id': 'default', 'user_domain_name': 'Default', 'user_id': '5e13d394c7ad47cf95ab32d3a994bf77', 'system': None}, Network: None, Subnet: None, Router: None
2025-12-15 14:48:20.439 65811 INFO tempest.lib.common.dynamic_creds [-] Created isolated network resources for: credentials: Credentials: {'domain_id': 'default', 'domain_name': 'Default', 'username': 'tempest-ServersAdminNegativeTestJSON-1179735760-project-member', 'project_domain_id': 'default', 'project_domain_name': 'Default', 'project_id': '7f504c0df5ef43a88e77907e842b89b7', 'project_name': 'tempest-ServersAdminNegativeTestJSON-1179735760', 'tenant_id': '7f504c0df5ef43a88e77907e842b89b7', 'tenant_name': 'tempest-ServersAdminNegativeTestJSON-1179735760', 'user_domain_id': 'default', 'user_domain_name': 'Default', 'user_id': '5e13d394c7ad47cf95ab32d3a994bf77', 'system': None}, Network: None, Subnet: None, Router: None
2025-12-15 14:48:20.486 65843 INFO tempest.lib.common.rest_client [req-b27a740a-8945-43dc-9bdd-d0f383d74e84 req-b27a740a-8945-43dc-9bdd-d0f383d74e84 ] Request (ServicesAdminTestJSON:tearDownClass): 204 DELETE http://10.180.1.21/identity/v3/users/2bf380d59e7c411085d47a16f86e94ef 0.131s
2025-12-15 14:48:20.560 65811 INFO tempest.lib.common.rest_client [req-6f02047d-12c3-420d-b40e-0c85652c8e12 req-6f02047d-12c3-420d-b40e-0c85652c8e12 ] Request (ServersAdminNegativeTestJSON:setUpClass): 201 POST http://10.180.1.21/identity/v3/auth/tokens 0.118s
2025-12-15 14:48:20.657 65811 INFO tempest.lib.common.rest_client [req-cd023ddf-a84e-4ba8-9288-d17742cb1b70 req-cd023ddf-a84e-4ba8-9288-d17742cb1b70 ] Request (ServersAdminNegativeTestJSON:setUpClass): 201 POST http://10.180.1.21/identity/v3/projects 0.096s
2025-12-15 14:48:20.714 65843 INFO tempest.lib.common.rest_client [req-bac4be47-4df8-4fdc-81be-6c1a1ed07912 req-bac4be47-4df8-4fdc-81be-6c1a1ed07912 ] Request (ServicesAdminTestJSON:tearDownClass): 204 DELETE http://10.180.1.21/identity/v3/users/25d4b02617eb4bfbaaf74ec4fc5ab1ee 0.228s
2025-12-15 14:48:20.714 65843 INFO tempest.lib.common.dynamic_creds [-] Deleting project and security group for project: b5ac091eb2014cd7a22b168714008ac8
2025-12-15 14:48:20.783 65811 INFO tempest.lib.common.rest_client [req-2760a7a6-9a8b-483d-b034-f570f9ef43e5 req-2760a7a6-9a8b-483d-b034-f570f9ef43e5 ] Request (ServersAdminNegativeTestJSON:setUpClass): 201 POST http://10.180.1.21/identity/v3/users 0.126s
2025-12-15 14:48:20.788 65843 INFO tempest.lib.common.rest_client [req-96341009-46f3-404c-bdc6-69aa55a73753 req-96341009-46f3-404c-bdc6-69aa55a73753 ] Request (ServicesAdminTestJSON:tearDownClass): 201 POST http://10.180.1.21/identity/v3/auth/tokens 0.073s
2025-12-15 14:48:20.819 65811 INFO tempest.lib.common.rest_client [req-249c172d-421c-459a-bfb0-ae9f85d201f1 req-249c172d-421c-459a-bfb0-ae9f85d201f1 ] Request (ServersAdminNegativeTestJSON:setUpClass): 200 GET http://10.180.1.21/identity/v3/roles 0.035s
2025-12-15 14:48:20.855 65811 INFO tempest.lib.common.rest_client [req-a18744a7-fec2-467d-8833-4695189efd35 req-a18744a7-fec2-467d-8833-4695189efd35 ] Request (ServersAdminNegativeTestJSON:setUpClass): 204 PUT http://10.180.1.21/identity/v3/projects/3a8860d022554e0891538226c46e97d0/users/d123a83b2dd941fca267891ae4a6981b/roles/318ccae10ce944d4a762ed942978e7b7 0.035s
2025-12-15 14:48:20.920 65811 INFO tempest.lib.common.rest_client [req-2fe7f45a-3b9f-4d0f-8429-d836c653cf3a req-2fe7f45a-3b9f-4d0f-8429-d836c653cf3a ] Request (ServersAdminNegativeTestJSON:setUpClass): 200 GET http://10.180.1.21/identity/v3/roles 0.064s
2025-12-15 14:48:20.939 65811 INFO tempest.lib.common.rest_client [req-cefa1016-affb-403f-973d-eb13bf156292 req-cefa1016-affb-403f-973d-eb13bf156292 ] Request (ServersAdminNegativeTestJSON:setUpClass): 204 PUT http://10.180.1.21/identity/v3/projects/3a8860d022554e0891538226c46e97d0/users/d123a83b2dd941fca267891ae4a6981b/roles/318ccae10ce944d4a762ed942978e7b7 0.018s
2025-12-15 14:48:20.939 65811 INFO tempest.lib.common.dynamic_creds [-] Dynamic test user d123a83b2dd941fca267891ae4a6981b is created with scope project and roles: ['admin']
2025-12-15 14:48:20.939 65811 INFO tempest.lib.common.dynamic_creds [-] Acquired dynamic creds: credentials: Credentials: {'domain_id': 'default', 'domain_name': 'Default', 'username': 'tempest-ServersAdminNegativeTestJSON-1214142189-project-admin', 'project_domain_id': 'default', 'project_domain_name': 'Default', 'project_id': '3a8860d022554e0891538226c46e97d0', 'project_name': 'tempest-ServersAdminNegativeTestJSON-1214142189', 'tenant_id': '3a8860d022554e0891538226c46e97d0', 'tenant_name': 'tempest-ServersAdminNegativeTestJSON-1214142189', 'user_domain_id': 'default', 'user_domain_name': 'Default', 'user_id': 'd123a83b2dd941fca267891ae4a6981b', 'system': None}, Network: None, Subnet: None, Router: None
2025-12-15 14:48:20.939 65811 INFO tempest.lib.common.dynamic_creds [-] Created isolated network resources for: credentials: Credentials: {'domain_id': 'default', 'domain_name': 'Default', 'username': 'tempest-ServersAdminNegativeTestJSON-1214142189-project-admin', 'project_domain_id': 'default', 'project_domain_name': 'Default', 'project_id': '3a8860d022554e0891538226c46e97d0', 'project_name': 'tempest-ServersAdminNegativeTestJSON-1214142189', 'tenant_id': '3a8860d022554e0891538226c46e97d0', 'tenant_name': 'tempest-ServersAdminNegativeTestJSON-1214142189', 'user_domain_id': 'default', 'user_domain_name': 'Default', 'user_id': 'd123a83b2dd941fca267891ae4a6981b', 'system': None}, Network: None, Subnet: None, Router: None
2025-12-15 14:48:21.036 65811 INFO tempest.lib.common.rest_client [req-f85abb54-76e2-43c9-8192-a1cde3112878 req-f85abb54-76e2-43c9-8192-a1cde3112878 ] Request (ServersAdminNegativeTestJSON:setUpClass): 201 POST http://10.180.1.21/identity/v3/auth/tokens 0.093s
2025-12-15 14:48:21.038 65811 WARNING tempest.lib.common.rest_client [-] Deprecated: "tenant_id" property is deprecated for removal, use "project_id" instead
2025-12-15 14:48:21.087 65843 INFO tempest.lib.common.rest_client [req-41397382-4756-41d1-8634-7f3619aa05ae req-41397382-4756-41d1-8634-7f3619aa05ae ] Request (ServicesAdminTestJSON:tearDownClass): 200 GET http://10.180.1.21/networking/v2.0/security-groups?tenant_id=b5ac091eb2014cd7a22b168714008ac8&name=default 0.299s
2025-12-15 14:48:21.096 65853 INFO tempest.lib.common.rest_client [req-dbe66316-b144-43e2-9c6a-a94ad1b11f7b req-dbe66316-b144-43e2-9c6a-a94ad1b11f7b ] Request (FloatingIPsTestJSON:test_delete_floating_ip): 200 POST http://10.180.1.21/compute/v2.1/os-floating-ips 3.690s
2025-12-15 14:48:21.111 65811 INFO tempest.lib.common.rest_client [req-72b0c1ef-8eae-4511-a2aa-02d93a1d8572 req-72b0c1ef-8eae-4511-a2aa-02d93a1d8572 ] Request (ServersAdminNegativeTestJSON:setUpClass): 201 POST http://10.180.1.21/identity/v3/auth/tokens 0.069s
2025-12-15 14:48:21.112 65811 INFO tempest.lib.common.fixed_network [-] (ServersAdminNegativeTestJSON:setUpClass) Found network None available for tenant
2025-12-15 14:48:21.125 65837 INFO tempest.lib.common.rest_client [req-c2bc565d-31a6-4b4d-a576-d091a20b6dd5 req-c2bc565d-31a6-4b4d-a576-d091a20b6dd5 ] Request (FlavorsExtraSpecsTestJSON:test_flavor_non_admin_get_specific_key): 200 POST http://10.180.1.21/compute/v2.1/flavors/1308153724/os-extra_specs 3.264s
2025-12-15 14:48:21.265 65843 INFO tempest.lib.common.rest_client [req-7f9c0c36-3da8-4ce1-9369-132715feda3b req-7f9c0c36-3da8-4ce1-9369-132715feda3b ] Request (ServicesAdminTestJSON:tearDownClass): 204 DELETE http://10.180.1.21/networking/v2.0/security-groups/815b1b64-e4bb-45ad-92ff-c3d60a64c1a2 0.177s
2025-12-15 14:48:21.334 65813 INFO tempest.lib.common.rest_client [req-4d2d6142-a03b-4274-be87-f0a75732b3db req-4d2d6142-a03b-4274-be87-f0a75732b3db ] Request (ServersAdmin275Test:test_rebuild_update_server_275): 200 GET http://10.180.1.21/compute/v2.1/servers/356e9c29-e671-446f-933a-dd832bd4d1c0 3.249s
2025-12-15 14:48:21.402 65843 INFO tempest.lib.common.rest_client [req-819f36a9-12e3-4d45-b1bd-309a00caa287 req-819f36a9-12e3-4d45-b1bd-309a00caa287 ] Request (ServicesAdminTestJSON:tearDownClass): 204 DELETE http://10.180.1.21/identity/v3/projects/b5ac091eb2014cd7a22b168714008ac8 0.136s
2025-12-15 14:48:21.402 65843 INFO tempest.lib.common.dynamic_creds [-] Deleting project and security group for project: 5764e96fe1d143d082146b396e3ac336
2025-12-15 14:48:21.403 65807 INFO tempest.lib.common.rest_client [req-d39b7776-9ce7-4baa-931c-0b7904f1f340 req-d39b7776-9ce7-4baa-931c-0b7904f1f340 ] Request (FloatingIPsAssociationNegativeTestJSON:setUpClass): 202 POST http://10.180.1.21/compute/v2.1/servers 3.559s
2025-12-15 14:48:21.413 65809 INFO tempest.lib.common.rest_client [req-bd01aae6-e7dc-4bb7-a0d1-7ba467cc2207 req-bd01aae6-e7dc-4bb7-a0d1-7ba467cc2207 ] Request (ServerExternalEventsTest:test_create_server_external_events): 200 GET http://10.180.1.21/compute/v2.1/servers/9b437bf8-7db1-47e7-8969-920b853543a8 3.145s
2025-12-15 14:48:21.417 65846 INFO tempest.lib.common.rest_client [req-fb3f8c24-430c-47ec-b426-1caef3a24215 req-fb3f8c24-430c-47ec-b426-1caef3a24215 ] Request (KeyPairsV22TestJSON:test_get_keypair_detail): 200 GET http://10.180.1.21/compute/v2.1/os-keypairs/tempest-keypair-436657178 3.121s
2025-12-15 14:48:21.466 65819 INFO tempest.lib.common.rest_client [req-c11e3344-21c9-4e07-9502-29f1f7c32abd req-c11e3344-21c9-4e07-9502-29f1f7c32abd ] Request (AggregatesAdminNegativeTestJSON:test_aggregate_add_host_as_user): 200 POST http://10.180.1.21/compute/v2.1/os-aggregates 2.980s
2025-12-15 14:48:21.496 65801 INFO tempest.lib.common.rest_client [req-563c6bac-23e4-4d4b-b436-2146f9e52af2 req-563c6bac-23e4-4d4b-b436-2146f9e52af2 ] Request (HostsAdminTestJSON:test_list_hosts_with_zone): 200 GET http://10.180.1.21/compute/v2.1/os-hosts 2.941s
2025-12-15 14:48:21.549 65817 INFO tempest.lib.common.rest_client [req-bc5d347e-0db9-4957-8f68-7c1957f4f80b req-bc5d347e-0db9-4957-8f68-7c1957f4f80b ] Request (ListImageFiltersTestJSON:setUpClass): 200 GET http://10.180.1.21/compute/v2.1/images/9ec72975-614e-463f-a55d-c804e25487ee 2.984s
2025-12-15 14:48:21.587 65833 INFO tempest.lib.common.rest_client [req-a71e94a7-4a95-4e44-91ec-be174093be3e req-a71e94a7-4a95-4e44-91ec-be174093be3e ] Request (FlavorsV261TestJSON:_run_cleanups): 200 GET http://10.180.1.21/compute/v2.1/flavors/detail 2.944s
2025-12-15 14:48:21.614 65857 INFO tempest.lib.common.rest_client [req-31bc2024-55a7-46e1-b574-70ec187c479c req-31bc2024-55a7-46e1-b574-70ec187c479c ] Request (HypervisorAdminNegativeTestJSON:test_show_hypervisor_with_non_admin_user): 200 GET http://10.180.1.21/compute/v2.1/os-hypervisors 2.960s
2025-12-15 14:48:21.665 65843 INFO tempest.lib.common.rest_client [req-6c9ab2e9-264f-43a3-98ae-ded1fa7ba7f2 req-6c9ab2e9-264f-43a3-98ae-ded1fa7ba7f2 ] Request (ServicesAdminTestJSON:tearDownClass): 200 GET http://10.180.1.21/networking/v2.0/security-groups?tenant_id=5764e96fe1d143d082146b396e3ac336&name=default 0.263s
2025-12-15 14:48:21.744 65833 INFO tempest.lib.common.rest_client [req-38898777-eafe-40ac-9bf8-704f309a797d req-38898777-eafe-40ac-9bf8-704f309a797d ] Request (FlavorsV261TestJSON:tearDownClass): 204 DELETE http://10.180.1.21/identity/v3/users/95d4a045c1364126b936685da3e327ab 0.139s
2025-12-15 14:48:21.806 65843 INFO tempest.lib.common.rest_client [req-a315f2ea-910b-4e0a-bed5-af64abbe5069 req-a315f2ea-910b-4e0a-bed5-af64abbe5069 ] Request (ServicesAdminTestJSON:tearDownClass): 204 DELETE http://10.180.1.21/networking/v2.0/security-groups/7b48b480-730c-4a5e-9314-1701c09c4995 0.140s
2025-12-15 14:48:21.880 65833 INFO tempest.lib.common.rest_client [req-15d4e9f9-9b18-4c64-a1d9-74251dded341 req-15d4e9f9-9b18-4c64-a1d9-74251dded341 ] Request (FlavorsV261TestJSON:tearDownClass): 204 DELETE http://10.180.1.21/identity/v3/users/e1371dab3c8d468bb6c55711492a69d4 0.135s
2025-12-15 14:48:21.881 65833 INFO tempest.lib.common.dynamic_creds [-] Deleting project and security group for project: d078b6e42bd64c49a9d783b328f53c87
2025-12-15 14:48:21.972 65831 INFO tempest.lib.common.rest_client [req-79e0974b-9506-4b20-a4fa-aa9c2fed3b5d req-79e0974b-9506-4b20-a4fa-aa9c2fed3b5d ] Request (SecurityGroupRulesTestJSON:test_security_group_rules_create_with_optional_cidr): 200 POST http://10.180.1.21/compute/v2.1/os-security-group-rules 3.523s
2025-12-15 14:48:22.006 65823 INFO tempest.lib.common.rest_client [req-bcc47a0f-48a2-4f21-9024-00f87fcfa741 req-bcc47a0f-48a2-4f21-9024-00f87fcfa741 ] Request (DeleteServersTestJSON:test_delete_active_server): 200 GET http://10.180.1.21/compute/v2.1/servers/a3baac15-5d08-4795-90a9-0f3309082417 3.342s
2025-12-15 14:48:22.038 65843 INFO tempest.lib.common.rest_client [req-94ba314d-03bc-4d91-a9ca-5770e566d4db req-94ba314d-03bc-4d91-a9ca-5770e566d4db ] Request (ServicesAdminTestJSON:tearDownClass): 204 DELETE http://10.180.1.21/identity/v3/projects/5764e96fe1d143d082146b396e3ac336 0.231s
2025-12-15 14:48:22.087 65833 INFO tempest.lib.common.rest_client [req-161b5fe1-26af-42e7-b8a3-0a682ebda438 req-161b5fe1-26af-42e7-b8a3-0a682ebda438 ] Request (FlavorsV261TestJSON:tearDownClass): 201 POST http://10.180.1.21/identity/v3/auth/tokens 0.205s
2025-12-15 14:48:22.115 65843 INFO tempest.lib.common.rest_client [req-46e9b27e-ce28-4612-8f9b-3836719c01c8 req-46e9b27e-ce28-4612-8f9b-3836719c01c8 ] Request (ListServersNegativeTestJSON:setUpClass): 201 POST http://10.180.1.21/identity/v3/auth/tokens 0.075s
2025-12-15 14:48:22.146 65843 INFO tempest.lib.common.rest_client [req-6085a88a-643b-4e49-97f8-72c46799eaff req-6085a88a-643b-4e49-97f8-72c46799eaff ] Request (ListServersNegativeTestJSON:setUpClass): 201 POST http://10.180.1.21/identity/v3/auth/tokens 0.028s
2025-12-15 14:48:22.173 65843 INFO tempest.lib.common.rest_client [req-47794d37-cc12-4c5e-99a0-9218807237f7 req-47794d37-cc12-4c5e-99a0-9218807237f7 ] Request (ListServersNegativeTestJSON:setUpClass): 200 GET http://10.180.1.21/identity/v3/domains?name=Default 0.026s
2025-12-15 14:48:22.183 65817 INFO tempest.lib.common.rest_client [req-e711f89b-2355-4ae1-b2e0-e6ab9c38a2e2 req-e711f89b-2355-4ae1-b2e0-e6ab9c38a2e2 ] Request (ListImageFiltersTestJSON:setUpClass): 201 POST http://10.180.1.21/image/v2/images 0.629s
2025-12-15 14:48:22.203 65843 INFO tempest.lib.common.rest_client [req-1845475d-069b-491a-a826-d75a6d45b79e req-1845475d-069b-491a-a826-d75a6d45b79e ] Request (ListServersNegativeTestJSON:setUpClass): 201 POST http://10.180.1.21/identity/v3/projects 0.029s
2025-12-15 14:48:22.264 65843 INFO tempest.lib.common.rest_client [req-69da19bf-1f5a-4d4c-a5a4-ef67b7af4ad1 req-69da19bf-1f5a-4d4c-a5a4-ef67b7af4ad1 ] Request (ListServersNegativeTestJSON:setUpClass): 201 POST http://10.180.1.21/identity/v3/users 0.060s
2025-12-15 14:48:22.288 65843 INFO tempest.lib.common.rest_client [req-ad213c15-6195-4bb4-8960-d3b211d6017f req-ad213c15-6195-4bb4-8960-d3b211d6017f ] Request (ListServersNegativeTestJSON:setUpClass): 200 GET http://10.180.1.21/identity/v3/roles 0.023s
2025-12-15 14:48:22.323 65843 INFO tempest.lib.common.rest_client [req-b8fc0380-71b8-4774-8a48-223db238813c req-b8fc0380-71b8-4774-8a48-223db238813c ] Request (ListServersNegativeTestJSON:setUpClass): 204 PUT http://10.180.1.21/identity/v3/projects/9888277ebe044d0cba46e95c7c992830/users/d7356fb08c384aafa3b84d3af74bfba1/roles/652945ebb6c141019ec18f794b37f80f 0.035s
2025-12-15 14:48:22.324 65843 INFO tempest.lib.common.dynamic_creds [-] Dynamic test user d7356fb08c384aafa3b84d3af74bfba1 is created with scope project and roles: ['member']
2025-12-15 14:48:22.324 65843 INFO tempest.lib.common.dynamic_creds [-] Acquired dynamic creds: credentials: Credentials: {'domain_id': 'default', 'domain_name': 'Default', 'username': 'tempest-ListServersNegativeTestJSON-366548564-project-member', 'project_domain_id': 'default', 'project_domain_name': 'Default', 'project_id': '9888277ebe044d0cba46e95c7c992830', 'project_name': 'tempest-ListServersNegativeTestJSON-366548564', 'tenant_id': '9888277ebe044d0cba46e95c7c992830', 'tenant_name': 'tempest-ListServersNegativeTestJSON-366548564', 'user_domain_id': 'default', 'user_domain_name': 'Default', 'user_id': 'd7356fb08c384aafa3b84d3af74bfba1', 'system': None}, Network: None, Subnet: None, Router: None
2025-12-15 14:48:22.381 65843 INFO tempest.lib.common.rest_client [req-77960544-7c3f-4a16-9b4b-30370f13b554 req-77960544-7c3f-4a16-9b4b-30370f13b554 ] Request (ListServersNegativeTestJSON:setUpClass): 201 POST http://10.180.1.21/identity/v3/auth/tokens 0.057s
2025-12-15 14:48:22.389 65833 INFO tempest.lib.common.rest_client [req-f905e25c-186d-4436-bd02-c7bd468bde4d req-f905e25c-186d-4436-bd02-c7bd468bde4d ] Request (FlavorsV261TestJSON:tearDownClass): 200 GET http://10.180.1.21/networking/v2.0/security-groups?tenant_id=d078b6e42bd64c49a9d783b328f53c87&name=default 0.302s
2025-12-15 14:48:22.429 65829 INFO tempest.lib.common.rest_client [req-8b9079c3-82e1-42ca-a4c5-529e8a70b09e req-8b9079c3-82e1-42ca-a4c5-529e8a70b09e ] Request (ServersTestMultiNic:test_verify_duplicate_network_nics): 200 GET http://10.180.1.21/compute/v2.1/servers/7e638e3d-f443-4912-8ce2-69bc2ae0c88e 3.748s
2025-12-15 14:48:22.437 65829 INFO tempest.common.waiters [-] State transition "BUILD/None" ==> "BUILD/spawning" after 5 second wait
2025-12-15 14:48:22.458 65821 INFO tempest.lib.common.rest_client [req-ad190611-e7f6-406f-abf7-e900e24991b4 req-ad190611-e7f6-406f-abf7-e900e24991b4 ] Request (ServersTestManualDisk:setUpClass): 200 GET http://10.180.1.21/compute/v2.1/servers/295acdaf-8a46-4d16-b51a-44ff90684324 3.645s
2025-12-15 14:48:22.470 65821 INFO tempest.common.waiters [-] State transition "BUILD/networking" ==> "BUILD/spawning" after 11 second wait
2025-12-15 14:48:22.968 65835 INFO tempest.lib.common.rest_client [req-6d0150f6-021a-44d4-a796-d2cfc73744ef req-6d0150f6-021a-44d4-a796-d2cfc73744ef ] Request (DeleteServersAdminTestJSON:test_admin_delete_servers_of_others): 204 DELETE http://10.180.1.21/compute/v2.1/servers/f41481bc-3ac7-45c7-8682-ca96d6a441bb 4.103s
2025-12-15 14:48:23.066 65843 INFO tempest.lib.common.rest_client [req-44c53e4c-efc3-43e1-b408-b1630a6b012b req-44c53e4c-efc3-43e1-b408-b1630a6b012b ] Request (ListServersNegativeTestJSON:setUpClass): 201 POST http://10.180.1.21/networking/v2.0/networks 0.684s
2025-12-15 14:48:23.097 65827 INFO tempest.lib.common.rest_client [req-0b87854a-5611-4f55-902f-9459e0c07864 req-0b87854a-5611-4f55-902f-9459e0c07864 ] Request (ServerDiagnosticsV248Test:test_get_server_diagnostics): 200 GET http://10.180.1.21/compute/v2.1/servers/fdfb78e7-2e4b-484c-a67c-b9b1b09b7e3e 3.918s
2025-12-15 14:48:23.107 65827 INFO tempest.common.waiters [-] State transition "BUILD/spawning" ==> "ACTIVE/None" after 15 second wait
2025-12-15 14:48:23.146 65833 INFO tempest.lib.common.rest_client [req-e6863f9e-b5fc-44e3-b946-351c92fa1c49 req-e6863f9e-b5fc-44e3-b946-351c92fa1c49 ] Request (FlavorsV261TestJSON:tearDownClass): 204 DELETE http://10.180.1.21/networking/v2.0/security-groups/241a9880-009e-4082-bd29-0f36e277239d 0.756s
2025-12-15 14:48:23.160 65861 INFO tempest.lib.common.rest_client [req-ca2b02a8-a0a9-47df-91f5-0f6a88fde3c9 req-ca2b02a8-a0a9-47df-91f5-0f6a88fde3c9 ] Request (SecurityGroupsNegativeTestJSON:test_update_non_existent_security_group): 404 PUT http://10.180.1.21/compute/v2.1/os-security-groups/ac1b0e6e-ec0c-4488-8087-6108deceeb12 3.903s
2025-12-15 14:48:23.226 65833 INFO tempest.lib.common.rest_client [req-b0549b90-cd15-4d5f-8b78-1f57027dec35 req-b0549b90-cd15-4d5f-8b78-1f57027dec35 ] Request (FlavorsV261TestJSON:tearDownClass): 204 DELETE http://10.180.1.21/identity/v3/projects/d078b6e42bd64c49a9d783b328f53c87 0.079s
2025-12-15 14:48:23.227 65833 INFO tempest.lib.common.dynamic_creds [-] Deleting project and security group for project: ab968a063e6245ed95a010ccf18f9884
2025-12-15 14:48:23.369 65843 INFO tempest.lib.common.rest_client [req-e569116d-e1e4-4826-aaf7-3a1bc43bedf8 req-e569116d-e1e4-4826-aaf7-3a1bc43bedf8 ] Request (ListServersNegativeTestJSON:setUpClass): 201 POST http://10.180.1.21/networking/v2.0/subnets 0.303s
2025-12-15 14:48:23.974 65817 INFO tempest.lib.common.rest_client [req-3dcd4f4d-f579-465a-b545-6369303fb72a req-3dcd4f4d-f579-465a-b545-6369303fb72a ] Request (ListImageFiltersTestJSON:setUpClass): 204 PUT http://10.180.1.21/image/v2/images/5fa3c8a4-b230-4c58-adea-f7e9c94c3d93/file 0.790s
2025-12-15 14:48:24.680 65861 INFO tempest.lib.common.rest_client [req-1f0fde68-4625-47bb-9033-d715407cdc24 req-1f0fde68-4625-47bb-9033-d715407cdc24 ] Request (SecurityGroupsNegativeTestJSON:tearDownClass): 200 PUT http://10.180.1.21/networking/v2.0/routers/668ec8c0-f95b-41c8-8bfa-7016d8e73e9a/remove_router_interface 1.517s
2025-12-15 14:48:24.807 65833 INFO tempest.lib.common.rest_client [req-28ccc414-dd0e-4bed-9394-1dd632777c51 req-28ccc414-dd0e-4bed-9394-1dd632777c51 ] Request (FlavorsV261TestJSON:tearDownClass): 200 GET http://10.180.1.21/networking/v2.0/security-groups?tenant_id=ab968a063e6245ed95a010ccf18f9884&name=default 1.580s
2025-12-15 14:48:24.898 65839 INFO tempest.lib.common.rest_client [req-6580e760-20f0-41e4-8df2-f1c8b264e06b req-6580e760-20f0-41e4-8df2-f1c8b264e06b ] Request (SecurityGroupsTestAdminJSON:_run_cleanups): 202 DELETE http://10.180.1.21/compute/v2.1/os-security-groups/fe28d054-5bad-400a-80f1-c30a7e8da24b 5.519s
2025-12-15 14:48:25.570 65843 INFO tempest.lib.common.rest_client [req-23f4af62-b2b1-4165-91c0-af6163db0486 req-23f4af62-b2b1-4165-91c0-af6163db0486 ] Request (ListServersNegativeTestJSON:setUpClass): 201 POST http://10.180.1.21/networking/v2.0/routers 2.200s
2025-12-15 14:48:26.425 65861 INFO tempest.lib.common.rest_client [req-6395c72a-b554-4b9f-9e0b-8723b81d631c req-6395c72a-b554-4b9f-9e0b-8723b81d631c ] Request (SecurityGroupsNegativeTestJSON:tearDownClass): 204 DELETE http://10.180.1.21/networking/v2.0/routers/668ec8c0-f95b-41c8-8bfa-7016d8e73e9a 1.744s
2025-12-15 14:48:26.574 65833 INFO tempest.lib.common.rest_client [req-658b6768-f2ab-47e3-8587-949f97dab167 req-658b6768-f2ab-47e3-8587-949f97dab167 ] Request (FlavorsV261TestJSON:tearDownClass): 204 DELETE http://10.180.1.21/networking/v2.0/security-groups/7e55dc3a-0e38-466c-8130-e6d366eb6d53 1.766s
2025-12-15 14:48:26.726 65833 INFO tempest.lib.common.rest_client [req-9e6bfacb-450c-4c8f-811d-0f8dbd8a15c6 req-9e6bfacb-450c-4c8f-811d-0f8dbd8a15c6 ] Request (FlavorsV261TestJSON:tearDownClass): 204 DELETE http://10.180.1.21/identity/v3/projects/ab968a063e6245ed95a010ccf18f9884 0.152s
2025-12-15 14:48:26.801 65833 INFO tempest.lib.common.rest_client [req-a3e5cf42-cd8c-4ec7-95b0-9ccaac28f460 req-a3e5cf42-cd8c-4ec7-95b0-9ccaac28f460 ] Request (HypervisorAdminV228Test:setUpClass): 201 POST http://10.180.1.21/identity/v3/auth/tokens 0.073s
2025-12-15 14:48:26.845 65833 INFO tempest.lib.common.rest_client [req-45ff8539-7cc0-4a17-893c-2e7f7eb9fc3e req-45ff8539-7cc0-4a17-893c-2e7f7eb9fc3e ] Request (HypervisorAdminV228Test:setUpClass): 201 POST http://10.180.1.21/identity/v3/auth/tokens 0.039s
2025-12-15 14:48:26.876 65833 INFO tempest.lib.common.rest_client [req-c0f0e97b-1bcd-4031-98e5-6b69f48dfd44 req-c0f0e97b-1bcd-4031-98e5-6b69f48dfd44 ] Request (HypervisorAdminV228Test:setUpClass): 200 GET http://10.180.1.21/identity/v3/domains?name=Default 0.030s
2025-12-15 14:48:26.878 65861 INFO tempest.lib.common.rest_client [req-2c230247-00d0-4a39-b5a2-ef15c637aaf1 req-2c230247-00d0-4a39-b5a2-ef15c637aaf1 ] Request (SecurityGroupsNegativeTestJSON:tearDownClass): 204 DELETE http://10.180.1.21/networking/v2.0/subnets/791dc976-7ea0-4b10-84a0-c3abe117f4e7 0.452s
2025-12-15 14:48:26.914 65833 INFO tempest.lib.common.rest_client [req-1f20262c-d10a-4b6a-b1dd-c5c98c2d0567 req-1f20262c-d10a-4b6a-b1dd-c5c98c2d0567 ] Request (HypervisorAdminV228Test:setUpClass): 201 POST http://10.180.1.21/identity/v3/projects 0.038s
2025-12-15 14:48:26.930 65815 INFO tempest.lib.common.rest_client [req-b0483baf-4f89-438b-8c3a-017c9398b7b6 req-b0483baf-4f89-438b-8c3a-017c9398b7b6 ] Request (MigrationsAdminTest:test_list_migrations_in_flavor_resize_situation): 200 GET http://10.180.1.21/compute/v2.1/servers/7c1cb5fe-9422-48a0-971e-827e1ef780cd 6.919s
2025-12-15 14:48:26.943 65815 INFO tempest.common.waiters [-] State transition "BUILD/spawning" ==> "ACTIVE/None" after 18 second wait
2025-12-15 14:48:27.001 65833 INFO tempest.lib.common.rest_client [req-7a777237-fac6-460f-9526-f28398b0f5cb req-7a777237-fac6-460f-9526-f28398b0f5cb ] Request (HypervisorAdminV228Test:setUpClass): 201 POST http://10.180.1.21/identity/v3/users 0.085s
2025-12-15 14:48:27.032 65833 INFO tempest.lib.common.rest_client [req-7b12014b-c235-455c-b5f0-29f0203841df req-7b12014b-c235-455c-b5f0-29f0203841df ] Request (HypervisorAdminV228Test:setUpClass): 200 GET http://10.180.1.21/identity/v3/roles 0.030s
2025-12-15 14:48:27.071 65833 INFO tempest.lib.common.rest_client [req-7f924500-ffde-41d2-900b-e657a1302330 req-7f924500-ffde-41d2-900b-e657a1302330 ] Request (HypervisorAdminV228Test:setUpClass): 204 PUT http://10.180.1.21/identity/v3/projects/b570d3a779e8478585e94dd554be9bef/users/bc4e776543c345cb80e35a343ac3795d/roles/652945ebb6c141019ec18f794b37f80f 0.039s
2025-12-15 14:48:27.072 65833 INFO tempest.lib.common.dynamic_creds [-] Dynamic test user bc4e776543c345cb80e35a343ac3795d is created with scope project and roles: ['member']
2025-12-15 14:48:27.072 65833 INFO tempest.lib.common.dynamic_creds [-] Acquired dynamic creds: credentials: Credentials: {'domain_id': 'default', 'domain_name': 'Default', 'username': 'tempest-HypervisorAdminV228Test-2146889723-project-member', 'project_domain_id': 'default', 'project_domain_name': 'Default', 'project_id': 'b570d3a779e8478585e94dd554be9bef', 'project_name': 'tempest-HypervisorAdminV228Test-2146889723', 'tenant_id': 'b570d3a779e8478585e94dd554be9bef', 'tenant_name': 'tempest-HypervisorAdminV228Test-2146889723', 'user_domain_id': 'default', 'user_domain_name': 'Default', 'user_id': 'bc4e776543c345cb80e35a343ac3795d', 'system': None}, Network: None, Subnet: None, Router: None
2025-12-15 14:48:27.072 65833 INFO tempest.lib.common.dynamic_creds [-] Created isolated network resources for: credentials: Credentials: {'domain_id': 'default', 'domain_name': 'Default', 'username': 'tempest-HypervisorAdminV228Test-2146889723-project-member', 'project_domain_id': 'default', 'project_domain_name': 'Default', 'project_id': 'b570d3a779e8478585e94dd554be9bef', 'project_name': 'tempest-HypervisorAdminV228Test-2146889723', 'tenant_id': 'b570d3a779e8478585e94dd554be9bef', 'tenant_name': 'tempest-HypervisorAdminV228Test-2146889723', 'user_domain_id': 'default', 'user_domain_name': 'Default', 'user_id': 'bc4e776543c345cb80e35a343ac3795d', 'system': None}, Network: None, Subnet: None, Router: None
2025-12-15 14:48:27.164 65833 INFO tempest.lib.common.rest_client [req-5c6950f4-3e97-45f8-b885-35fa9f8c2dbb req-5c6950f4-3e97-45f8-b885-35fa9f8c2dbb ] Request (HypervisorAdminV228Test:setUpClass): 201 POST http://10.180.1.21/identity/v3/auth/tokens 0.086s
2025-12-15 14:48:27.238 65833 INFO tempest.lib.common.rest_client [req-6d1c3e86-4d06-4641-9e8d-059aa686122e req-6d1c3e86-4d06-4641-9e8d-059aa686122e ] Request (HypervisorAdminV228Test:setUpClass): 201 POST http://10.180.1.21/identity/v3/projects 0.074s
2025-12-15 14:48:27.332 65833 INFO tempest.lib.common.rest_client [req-f0ce2c35-f234-4196-8389-b41b940548c3 req-f0ce2c35-f234-4196-8389-b41b940548c3 ] Request (HypervisorAdminV228Test:setUpClass): 201 POST http://10.180.1.21/identity/v3/users 0.094s
2025-12-15 14:48:27.355 65833 INFO tempest.lib.common.rest_client [req-0a5006c6-7008-4292-85b0-f4b651b5a75f req-0a5006c6-7008-4292-85b0-f4b651b5a75f ] Request (HypervisorAdminV228Test:setUpClass): 200 GET http://10.180.1.21/identity/v3/roles 0.022s
2025-12-15 14:48:27.403 65833 INFO tempest.lib.common.rest_client [req-22f497ec-7dc0-4459-b0dc-cdf4dd543349 req-22f497ec-7dc0-4459-b0dc-cdf4dd543349 ] Request (HypervisorAdminV228Test:setUpClass): 204 PUT http://10.180.1.21/identity/v3/projects/19b50a16fb804ca2ad9c02ab9b8d5c21/users/959c1a74d9b343da9d645ee81d933c85/roles/318ccae10ce944d4a762ed942978e7b7 0.048s
2025-12-15 14:48:27.464 65833 INFO tempest.lib.common.rest_client [req-0713e7f8-661f-46f1-878c-a2f7bd6236a9 req-0713e7f8-661f-46f1-878c-a2f7bd6236a9 ] Request (HypervisorAdminV228Test:setUpClass): 200 GET http://10.180.1.21/identity/v3/roles 0.060s
2025-12-15 14:48:27.486 65843 INFO tempest.lib.common.rest_client [req-b6a0d3e3-60ed-4b9a-8df8-506503802006 req-b6a0d3e3-60ed-4b9a-8df8-506503802006 ] Request (ListServersNegativeTestJSON:setUpClass): 200 PUT http://10.180.1.21/networking/v2.0/routers/ae2cb005-1db4-4cd7-a4cd-1e41e0562a5f/add_router_interface 1.915s
2025-12-15 14:48:27.487 65843 INFO tempest.lib.common.dynamic_creds [-] Created isolated network resources for: credentials: Credentials: {'domain_id': 'default', 'domain_name': 'Default', 'username': 'tempest-ListServersNegativeTestJSON-366548564-project-member', 'project_domain_id': 'default', 'project_domain_name': 'Default', 'project_id': '9888277ebe044d0cba46e95c7c992830', 'project_name': 'tempest-ListServersNegativeTestJSON-366548564', 'tenant_id': '9888277ebe044d0cba46e95c7c992830', 'tenant_name': 'tempest-ListServersNegativeTestJSON-366548564', 'user_domain_id': 'default', 'user_domain_name': 'Default', 'user_id': 'd7356fb08c384aafa3b84d3af74bfba1', 'system': None}, Network: {'id': '154ad59d-1f98-482c-8dc0-9261285df780', 'name': 'tempest-ListServersNegativeTestJSON-8054190-network', 'tenant_id': '9888277ebe044d0cba46e95c7c992830', 'project_id': '9888277ebe044d0cba46e95c7c992830', 'admin_state_up': True, 'mtu': 8950, 'status': 'ACTIVE', 'subnets': [], 'shared': False, 'port_security_enabled': True, 'router:external': False, 'provider:network_type': 'vlan', 'provider:physical_network': 'default', 'provider:segmentation_id': 578, 'availability_zone_hints': [], 'availability_zones': [], 'ipv4_address_scope': None, 'ipv6_address_scope': None, 'description': '', 'tags': [], 'created_at': '2025-12-15T14:48:22Z', 'updated_at': '2025-12-15T14:48:23Z', 'revision_number': 1}, Subnet: {'id': '9fc3fdf3-6371-4b9c-8da2-d15a8232efa9', 'name': 'tempest-ListServersNegativeTestJSON-8054190-subnet', 'tenant_id': '9888277ebe044d0cba46e95c7c992830', 'network_id': '154ad59d-1f98-482c-8dc0-9261285df780', 'ip_version': 4, 'subnetpool_id': None, 'enable_dhcp': True, 'ipv6_ra_mode': None, 'ipv6_address_mode': None, 'gateway_ip': '192.168.128.1', 'cidr': '192.168.128.0/28', 'allocation_pools': [{'start': '192.168.128.2', 'end': '192.168.128.14'}], 'host_routes': [], 'dns_nameservers': [], 'description': '', 'router:external': False, 'service_types': [], 'tags': [], 'created_at': '2025-12-15T14:48:23Z', 'updated_at': '2025-12-15T14:48:23Z', 'revision_number': 0, 'project_id': '9888277ebe044d0cba46e95c7c992830'}, Router: {'id': 'ae2cb005-1db4-4cd7-a4cd-1e41e0562a5f', 'name': 'tempest-ListServersNegativeTestJSON-8054190-router', 'tenant_id': '9888277ebe044d0cba46e95c7c992830', 'admin_state_up': True, 'status': 'ACTIVE', 'external_gateway_info': {'network_id': '52390ffd-5de6-4b15-9dd9-ab43a139f407', 'external_fixed_ips': [{'subnet_id': '3db1cd90-1d35-4fa2-8bb0-2e247878cdaf', 'ip_address': '10.180.180.183'}], 'enable_snat': True}, 'description': '', 'availability_zones': [], 'distributed': False, 'ha': False, 'availability_zone_hints': [], 'routes': [], 'flavor_id': None, 'tags': [], 'created_at': '2025-12-15T14:48:24Z', 'updated_at': '2025-12-15T14:48:25Z', 'revision_number': 2, 'project_id': '9888277ebe044d0cba46e95c7c992830'}
2025-12-15 14:48:27.492 65833 INFO tempest.lib.common.rest_client [req-0652250c-9cda-4a89-ae44-f94f3351084a req-0652250c-9cda-4a89-ae44-f94f3351084a ] Request (HypervisorAdminV228Test:setUpClass): 204 PUT http://10.180.1.21/identity/v3/projects/19b50a16fb804ca2ad9c02ab9b8d5c21/users/959c1a74d9b343da9d645ee81d933c85/roles/318ccae10ce944d4a762ed942978e7b7 0.028s
2025-12-15 14:48:27.492 65833 INFO tempest.lib.common.dynamic_creds [-] Dynamic test user 959c1a74d9b343da9d645ee81d933c85 is created with scope project and roles: ['admin']
2025-12-15 14:48:27.493 65833 INFO tempest.lib.common.dynamic_creds [-] Acquired dynamic creds: credentials: Credentials: {'domain_id': 'default', 'domain_name': 'Default', 'username': 'tempest-HypervisorAdminV228Test-585086091-project-admin', 'project_domain_id': 'default', 'project_domain_name': 'Default', 'project_id': '19b50a16fb804ca2ad9c02ab9b8d5c21', 'project_name': 'tempest-HypervisorAdminV228Test-585086091', 'tenant_id': '19b50a16fb804ca2ad9c02ab9b8d5c21', 'tenant_name': 'tempest-HypervisorAdminV228Test-585086091', 'user_domain_id': 'default', 'user_domain_name': 'Default', 'user_id': '959c1a74d9b343da9d645ee81d933c85', 'system': None}, Network: None, Subnet: None, Router: None
2025-12-15 14:48:27.493 65833 INFO tempest.lib.common.dynamic_creds [-] Created isolated network resources for: credentials: Credentials: {'domain_id': 'default', 'domain_name': 'Default', 'username': 'tempest-HypervisorAdminV228Test-585086091-project-admin', 'project_domain_id': 'default', 'project_domain_name': 'Default', 'project_id': '19b50a16fb804ca2ad9c02ab9b8d5c21', 'project_name': 'tempest-HypervisorAdminV228Test-585086091', 'tenant_id': '19b50a16fb804ca2ad9c02ab9b8d5c21', 'tenant_name': 'tempest-HypervisorAdminV228Test-585086091', 'user_domain_id': 'default', 'user_domain_name': 'Default', 'user_id': '959c1a74d9b343da9d645ee81d933c85', 'system': None}, Network: None, Subnet: None, Router: None
2025-12-15 14:48:27.650 65843 INFO tempest.lib.common.rest_client [req-71e7a36f-157a-433c-ae6f-3eccccd0cee7 req-71e7a36f-157a-433c-ae6f-3eccccd0cee7 ] Request (ListServersNegativeTestJSON:setUpClass): 201 POST http://10.180.1.21/identity/v3/auth/tokens 0.160s
2025-12-15 14:48:27.651 65833 INFO tempest.lib.common.rest_client [req-387e9b11-ca8b-4ec7-8599-9c70eef2c198 req-387e9b11-ca8b-4ec7-8599-9c70eef2c198 ] Request (HypervisorAdminV228Test:setUpClass): 201 POST http://10.180.1.21/identity/v3/auth/tokens 0.156s
2025-12-15 14:48:27.693 65855 INFO tempest.lib.common.rest_client [req-62229db8-fe40-4f3a-b702-5d8c154c40fe req-62229db8-fe40-4f3a-b702-5d8c154c40fe ] Request (QuotasAdminNegativeTest:test_create_server_when_instances_quota_is_full): 403 POST http://10.180.1.21/compute/v2.1/servers 8.176s
2025-12-15 14:48:27.702 65843 INFO tempest.lib.common.rest_client [req-ea979ca5-0651-4b28-9a77-326d8eb56156 req-ea979ca5-0651-4b28-9a77-326d8eb56156 ] Request (ListServersNegativeTestJSON:setUpClass): 201 POST http://10.180.1.21/identity/v3/auth/tokens 0.047s
2025-12-15 14:48:27.702 65825 INFO tempest.lib.common.rest_client [req-a7c66d09-62f8-4537-bbda-9ff717f3d630 req-a7c66d09-62f8-4537-bbda-9ff717f3d630 ] Request (ServerActionsTestJSON:setUpClass): 200 GET http://10.180.1.21/compute/v2.1/servers/b7e1e95a-d24b-45ca-832b-5039cb054289 7.452s
2025-12-15 14:48:27.702 65843 INFO tempest.lib.common.fixed_network [-] (ListServersNegativeTestJSON:setUpClass) Found network {'id': '154ad59d-1f98-482c-8dc0-9261285df780', 'name': 'tempest-ListServersNegativeTestJSON-8054190-network', 'tenant_id': '9888277ebe044d0cba46e95c7c992830', 'project_id': '9888277ebe044d0cba46e95c7c992830', 'admin_state_up': True, 'mtu': 8950, 'status': 'ACTIVE', 'subnets': [], 'shared': False, 'port_security_enabled': True, 'router:external': False, 'provider:network_type': 'vlan', 'provider:physical_network': 'default', 'provider:segmentation_id': 578, 'availability_zone_hints': [], 'availability_zones': [], 'ipv4_address_scope': None, 'ipv6_address_scope': None, 'description': '', 'tags': [], 'created_at': '2025-12-15T14:48:22Z', 'updated_at': '2025-12-15T14:48:23Z', 'revision_number': 1} available for tenant
2025-12-15 14:48:27.713 65859 INFO tempest.lib.common.rest_client [req-746ca984-d20f-4287-8ddf-a37ddec455f9 req-746ca984-d20f-4287-8ddf-a37ddec455f9 ] Request (FlavorsAccessNegativeTestJSON:test_flavor_access_list_with_public_flavor): 200 POST http://10.180.1.21/compute/v2.1/flavors 7.415s
2025-12-15 14:48:27.720 65805 INFO tempest.lib.common.rest_client [req-e4d08f67-fdeb-4c1c-82d0-b8fa13b0b6fa req-e4d08f67-fdeb-4c1c-82d0-b8fa13b0b6fa ] Request (ServersWithSpecificFlavorTestJSON:test_verify_created_server_ephemeral_disk): 200 GET http://10.180.1.21/compute/v2.1/flavors/42/os-extra_specs 7.403s
2025-12-15 14:48:27.725 65847 INFO tempest.lib.common.rest_client [req-eb132062-c3bc-438b-bd9f-deadeac20bd1 req-eb132062-c3bc-438b-bd9f-deadeac20bd1 ] Request (HostsAdminNegativeTestJSON:test_update_host_with_invalid_status): 400 PUT http://10.180.1.21/compute/v2.1/os-hosts/devstack 7.373s
2025-12-15 14:48:27.742 65799 INFO tempest.lib.common.rest_client [req-d326b1a3-a13e-43b9-ab10-4681cdee2330 req-d326b1a3-a13e-43b9-ab10-4681cdee2330 ] Request (FlavorsAccessTestJSON:test_flavor_access_list_with_private_flavor): 200 POST http://10.180.1.21/compute/v2.1/flavors 7.347s
2025-12-15 14:48:27.773 65803 INFO tempest.lib.common.rest_client [req-28131ee5-21d7-4fca-95b8-63036b18fa17 req-28131ee5-21d7-4fca-95b8-63036b18fa17 ] Request (FlavorsV2TestJSON:test_list_flavors_detailed_filter_by_min_disk): 200 GET http://10.180.1.21/compute/v2.1/flavors/detail?minDisk=2 7.364s
2025-12-15 14:48:27.823 65851 INFO tempest.lib.common.rest_client [req-0913d6ba-54ec-438d-ae9c-bbd6f8250a0f req-0913d6ba-54ec-438d-ae9c-bbd6f8250a0f ] Request (QuotaClassesAdmin257Test:_run_cleanups): 200 PUT http://10.180.1.21/compute/v2.1/os-quota-class-sets/default 7.398s
2025-12-15 14:48:27.868 65861 INFO tempest.lib.common.rest_client [req-46ad0b12-d873-44ee-b8f6-91cebc0da14b req-46ad0b12-d873-44ee-b8f6-91cebc0da14b ] Request (SecurityGroupsNegativeTestJSON:tearDownClass): 204 DELETE http://10.180.1.21/networking/v2.0/networks/166ba442-2488-42ab-bc2c-3e3fe95e5d28 0.988s
2025-12-15 14:48:27.983 65851 INFO tempest.lib.common.rest_client [req-35bdc57c-17b2-4de3-8b45-cb3d26fa27a2 req-35bdc57c-17b2-4de3-8b45-cb3d26fa27a2 ] Request (QuotaClassesAdmin257Test:tearDownClass): 204 DELETE http://10.180.1.21/identity/v3/users/6832d457236f406789717d9c052d8502 0.153s
2025-12-15 14:48:27.986 65861 INFO tempest.lib.common.rest_client [req-54a4031a-783c-47f8-adf5-cab66cd6c680 req-54a4031a-783c-47f8-adf5-cab66cd6c680 ] Request (SecurityGroupsNegativeTestJSON:tearDownClass): 204 DELETE http://10.180.1.21/identity/v3/users/1f5ecd0f6f5d4505b228dfa14f496526 0.118s
2025-12-15 14:48:27.987 65861 INFO tempest.lib.common.dynamic_creds [-] Deleting project and security group for project: f143e433477a4c62be44a9a3bcdc6086
