2025-12-15 14:49:19.586 65859 INFO tempest.lib.common.rest_client [req-6e8bf1a9-4c6f-4a6d-8ee2-241afca4d555 req-6e8bf1a9-4c6f-4a6d-8ee2-241afca4d555 ] Request (FlavorsAccessNegativeTestJSON:_run_cleanups): 202 DELETE http://10.180.1.21/compute/v2.1/flavors/749505725 5.759s
2025-12-15 14:49:19.627 65803 INFO tempest.lib.common.rest_client [req-a50ad97e-018d-4cdf-8681-1d9d7fb4cb4e req-a50ad97e-018d-4cdf-8681-1d9d7fb4cb4e ] Request (FlavorsV2TestJSON:test_list_flavors_using_marker): 200 GET http://10.180.1.21/compute/v2.1/flavors?marker=42 5.749s
2025-12-15 14:49:19.654 65827 INFO tempest.lib.common.rest_client [req-bd4464fa-8163-4ba4-b04c-6172b4f9197b req-bd4464fa-8163-4ba4-b04c-6172b4f9197b ] Request (ServerDiagnosticsV248Test:tearDownClass): 404 GET http://10.180.1.21/compute/v2.1/servers/fdfb78e7-2e4b-484c-a67c-b9b1b09b7e3e 5.756s
2025-12-15 14:49:19.663 65809 INFO tempest.lib.common.rest_client [req-06a3c096-0b24-471d-95a4-1fbdfa08717e req-06a3c096-0b24-471d-95a4-1fbdfa08717e ] Request (ServerExternalEventsTest:tearDownClass): 204 DELETE http://10.180.1.21/networking/v2.0/security-groups/df9add5c-c992-43ca-9245-5304b7194290 0.731s
2025-12-15 14:49:19.776 65809 INFO tempest.lib.common.rest_client [req-f864a655-edb7-42f3-9876-e98302e2189d req-f864a655-edb7-42f3-9876-e98302e2189d ] Request (ServerExternalEventsTest:tearDownClass): 204 DELETE http://10.180.1.21/identity/v3/projects/f1315b16799a4c9bbc288f9dddf1c49c 0.112s
2025-12-15 14:49:19.776 65809 INFO tempest.lib.common.dynamic_creds [-] Deleting project and security group for project: 41698b668ea946ffa0e402816c2a466d
2025-12-15 14:49:19.782 65827 INFO tempest.lib.common.rest_client [req-04ad1fc0-2ed5-4417-80b2-370b35bb2fd0 req-04ad1fc0-2ed5-4417-80b2-370b35bb2fd0 ] Request (ServerDiagnosticsV248Test:tearDownClass): 204 DELETE http://10.180.1.21/identity/v3/users/0feacadd8daf4461ad269e8b0d113720 0.128s
2025-12-15 14:49:19.935 65827 INFO tempest.lib.common.rest_client [req-84c276ef-906e-4dff-bfcf-e602cc65b289 req-84c276ef-906e-4dff-bfcf-e602cc65b289 ] Request (ServerDiagnosticsV248Test:tearDownClass): 204 DELETE http://10.180.1.21/identity/v3/users/8fa206f78dab407d96edc39d0e90f7d2 0.152s
2025-12-15 14:49:19.935 65827 INFO tempest.lib.common.dynamic_creds [-] Deleting project and security group for project: 94782dfab3ec4845bc2cb107b2fd9845
2025-12-15 14:49:20.005 65827 INFO tempest.lib.common.rest_client [req-c28a82c7-c141-4b36-9745-337a4401c089 req-c28a82c7-c141-4b36-9745-337a4401c089 ] Request (ServerDiagnosticsV248Test:tearDownClass): 201 POST http://10.180.1.21/identity/v3/auth/tokens 0.069s
2025-12-15 14:49:20.579 65847 INFO tempest.lib.common.rest_client [req-0c501347-c38b-47a8-a6d8-c90da1567500 req-0c501347-c38b-47a8-a6d8-c90da1567500 ] Request (ImagesOneServerNegativeTestJSON:setUpClass): 200 PUT http://10.180.1.21/networking/v2.0/routers/06c34284-d8b2-4059-8b3f-02ffd13335ad/add_router_interface 1.548s
2025-12-15 14:49:20.580 65847 INFO tempest.lib.common.dynamic_creds [-] Created isolated network resources for: credentials: Credentials: {'domain_id': 'default', 'domain_name': 'Default', 'username': 'tempest-ImagesOneServerNegativeTestJSON-1601333446-project-member', 'project_domain_id': 'default', 'project_domain_name': 'Default', 'project_id': 'b9e8bf7ee12e4a65b45a3d702cdb78c9', 'project_name': 'tempest-ImagesOneServerNegativeTestJSON-1601333446', 'tenant_id': 'b9e8bf7ee12e4a65b45a3d702cdb78c9', 'tenant_name': 'tempest-ImagesOneServerNegativeTestJSON-1601333446', 'user_domain_id': 'default', 'user_domain_name': 'Default', 'user_id': 'd2cd5588cc154836b7ffa6f12f9de80e', 'system': None}, Network: {'id': '67de3cc9-3494-4b05-b52e-58e92b9013a3', 'name': 'tempest-ImagesOneServerNegativeTestJSON-2115935739-network', 'tenant_id': 'b9e8bf7ee12e4a65b45a3d702cdb78c9', 'project_id': 'b9e8bf7ee12e4a65b45a3d702cdb78c9', 'admin_state_up': True, 'mtu': 8950, 'status': 'ACTIVE', 'subnets': [], 'shared': False, 'port_security_enabled': True, 'router:external': False, 'provider:network_type': 'vlan', 'provider:physical_network': 'default', 'provider:segmentation_id': 403, 'availability_zone_hints': [], 'availability_zones': [], 'ipv4_address_scope': None, 'ipv6_address_scope': None, 'description': '', 'tags': [], 'created_at': '2025-12-15T14:49:17Z', 'updated_at': '2025-12-15T14:49:17Z', 'revision_number': 1}, Subnet: {'id': 'b9288c21-0384-4060-bcc5-2b504a0da3f8', 'name': 'tempest-ImagesOneServerNegativeTestJSON-2115935739-subnet', 'tenant_id': 'b9e8bf7ee12e4a65b45a3d702cdb78c9', 'network_id': '67de3cc9-3494-4b05-b52e-58e92b9013a3', 'ip_version': 4, 'subnetpool_id': None, 'enable_dhcp': True, 'ipv6_ra_mode': None, 'ipv6_address_mode': None, 'gateway_ip': '192.168.128.1', 'cidr': '192.168.128.0/28', 'allocation_pools': [{'start': '192.168.128.2', 'end': '192.168.128.14'}], 'host_routes': [], 'dns_nameservers': [], 'description': '', 'router:external': False, 'service_types': [], 'tags': [], 'created_at': '2025-12-15T14:49:17Z', 'updated_at': '2025-12-15T14:49:17Z', 'revision_number': 0, 'project_id': 'b9e8bf7ee12e4a65b45a3d702cdb78c9'}, Router: {'id': '06c34284-d8b2-4059-8b3f-02ffd13335ad', 'name': 'tempest-ImagesOneServerNegativeTestJSON-2115935739-router', 'tenant_id': 'b9e8bf7ee12e4a65b45a3d702cdb78c9', 'admin_state_up': True, 'status': 'ACTIVE', 'external_gateway_info': {'network_id': '52390ffd-5de6-4b15-9dd9-ab43a139f407', 'external_fixed_ips': [{'subnet_id': '3db1cd90-1d35-4fa2-8bb0-2e247878cdaf', 'ip_address': '10.180.180.196'}], 'enable_snat': True}, 'description': '', 'availability_zones': [], 'distributed': False, 'ha': False, 'availability_zone_hints': [], 'routes': [], 'flavor_id': None, 'tags': [], 'created_at': '2025-12-15T14:49:18Z', 'updated_at': '2025-12-15T14:49:18Z', 'revision_number': 2, 'project_id': 'b9e8bf7ee12e4a65b45a3d702cdb78c9'}
2025-12-15 14:49:20.690 65847 INFO tempest.lib.common.rest_client [req-c55784cf-5f06-4d78-94b5-2072c5f7f49d req-c55784cf-5f06-4d78-94b5-2072c5f7f49d ] Request (ImagesOneServerNegativeTestJSON:setUpClass): 201 POST http://10.180.1.21/identity/v3/auth/tokens 0.107s
2025-12-15 14:49:20.721 65855 INFO tempest.lib.common.rest_client [req-6a799b0f-d4a1-4c43-960c-e68b197b1813 req-6a799b0f-d4a1-4c43-960c-e68b197b1813 ] Request (FloatingIPsNegativeTestJSON:tearDownClass): 204 DELETE http://10.180.1.21/networking/v2.0/subnets/3891c856-193e-48c1-976c-e1c60af6c88c 1.195s
2025-12-15 14:49:20.746 65847 INFO tempest.lib.common.rest_client [req-3a9d886e-a4c8-4385-800a-ffd48108e692 req-3a9d886e-a4c8-4385-800a-ffd48108e692 ] Request (ImagesOneServerNegativeTestJSON:setUpClass): 201 POST http://10.180.1.21/identity/v3/auth/tokens 0.050s
2025-12-15 14:49:20.747 65847 INFO tempest.lib.common.fixed_network [-] (ImagesOneServerNegativeTestJSON:setUpClass) Found network {'id': '67de3cc9-3494-4b05-b52e-58e92b9013a3', 'name': 'tempest-ImagesOneServerNegativeTestJSON-2115935739-network', 'tenant_id': 'b9e8bf7ee12e4a65b45a3d702cdb78c9', 'project_id': 'b9e8bf7ee12e4a65b45a3d702cdb78c9', 'admin_state_up': True, 'mtu': 8950, 'status': 'ACTIVE', 'subnets': [], 'shared': False, 'port_security_enabled': True, 'router:external': False, 'provider:network_type': 'vlan', 'provider:physical_network': 'default', 'provider:segmentation_id': 403, 'availability_zone_hints': [], 'availability_zones': [], 'ipv4_address_scope': None, 'ipv6_address_scope': None, 'description': '', 'tags': [], 'created_at': '2025-12-15T14:49:17Z', 'updated_at': '2025-12-15T14:49:17Z', 'revision_number': 1} available for tenant
2025-12-15 14:49:20.822 65813 INFO tempest.lib.common.rest_client [req-03d910d1-1aad-413f-81af-deae9e145b45 req-03d910d1-1aad-413f-81af-deae9e145b45 ] Request (ServersAdminTestJSON:setUpClass): 201 POST http://10.180.1.21/networking/v2.0/networks 1.357s
2025-12-15 14:49:20.910 65809 INFO tempest.lib.common.rest_client [req-27ae6200-0e97-48db-b18b-4fabb4eeadaa req-27ae6200-0e97-48db-b18b-4fabb4eeadaa ] Request (ServerExternalEventsTest:tearDownClass): 200 GET http://10.180.1.21/networking/v2.0/security-groups?tenant_id=41698b668ea946ffa0e402816c2a466d&name=default 1.133s
2025-12-15 14:49:20.941 65827 INFO tempest.lib.common.rest_client [req-c7fd163f-1697-4a5c-8617-c806e21e2dc9 req-c7fd163f-1697-4a5c-8617-c806e21e2dc9 ] Request (ServerDiagnosticsV248Test:tearDownClass): 200 GET http://10.180.1.21/networking/v2.0/security-groups?tenant_id=94782dfab3ec4845bc2cb107b2fd9845&name=default 0.936s
2025-12-15 14:49:21.017 65857 INFO tempest.lib.common.rest_client [req-5e69b36f-ced9-40cc-9af3-aa7dd44aedd5 req-5e69b36f-ced9-40cc-9af3-aa7dd44aedd5 ] Request (InstanceActionsNegativeTestJSON:setUpClass): 200 GET http://10.180.1.21/compute/v2.1/servers/adf2dd28-de7f-4ae4-98e8-d1376b8a85ca 6.786s
2025-12-15 14:49:21.028 65839 INFO tempest.lib.common.rest_client [req-899f55e1-f9cb-4d6f-8c9a-624d393027a3 req-899f55e1-f9cb-4d6f-8c9a-624d393027a3 ] Request (SecurityGroupRulesNegativeTestJSON:test_create_security_group_rule_with_invalid_id): 400 POST http://10.180.1.21/compute/v2.1/os-security-group-rules 6.687s
2025-12-15 14:49:21.059 65837 INFO tempest.lib.common.rest_client [req-f007d662-d662-42d8-bd8e-594e62a51ca7 req-f007d662-d662-42d8-bd8e-594e62a51ca7 ] Request (AttachInterfacesV270Test:test_create_get_list_interfaces): 202 POST http://10.180.1.21/compute/v2.1/servers 7.736s
2025-12-15 14:49:21.111 65855 INFO tempest.lib.common.rest_client [req-13cb619a-5841-4acd-8861-983ba781cf6f req-13cb619a-5841-4acd-8861-983ba781cf6f ] Request (FloatingIPsNegativeTestJSON:tearDownClass): 204 DELETE http://10.180.1.21/networking/v2.0/networks/8d1a78b4-8b72-4399-bd61-eea83fa85de5 0.389s
2025-12-15 14:49:21.207 65813 INFO tempest.lib.common.rest_client [req-da6c5f67-b421-45ba-8421-e47dd8834d2b req-da6c5f67-b421-45ba-8421-e47dd8834d2b ] Request (ServersAdminTestJSON:setUpClass): 201 POST http://10.180.1.21/networking/v2.0/subnets 0.384s
2025-12-15 14:49:21.226 65855 INFO tempest.lib.common.rest_client [req-a30dc40b-fdde-408d-815d-7db1d705aca2 req-a30dc40b-fdde-408d-815d-7db1d705aca2 ] Request (FloatingIPsNegativeTestJSON:tearDownClass): 204 DELETE http://10.180.1.21/identity/v3/users/e8fafe6c98ae489e93c3dda0742c5ea7 0.115s
2025-12-15 14:49:21.227 65855 INFO tempest.lib.common.dynamic_creds [-] Deleting project and security group for project: baeed1dca121401fb4a8493cf0e08134
2025-12-15 14:49:21.227 65809 INFO tempest.lib.common.rest_client [req-262ec617-9444-49af-bd1d-5f141a4175c9 req-262ec617-9444-49af-bd1d-5f141a4175c9 ] Request (ServerExternalEventsTest:tearDownClass): 204 DELETE http://10.180.1.21/networking/v2.0/security-groups/52c97f0c-4b06-41b0-8f59-d07930ed3a8b 0.317s
2025-12-15 14:49:21.290 65831 INFO tempest.lib.common.rest_client [req-e089c16a-8f92-4636-9f5d-db92d610271b req-e089c16a-8f92-4636-9f5d-db92d610271b ] Request (SecurityGroupRulesTestJSON:test_security_group_rules_list): 200 GET http://10.180.1.21/compute/v2.1/os-security-groups/249a08f6-89c5-47f1-a97f-1184bef7140e 5.568s
2025-12-15 14:49:21.327 65827 INFO tempest.lib.common.rest_client [req-59457132-b3fd-4710-b048-cdbaef5562c2 req-59457132-b3fd-4710-b048-cdbaef5562c2 ] Request (ServerDiagnosticsV248Test:tearDownClass): 204 DELETE http://10.180.1.21/networking/v2.0/security-groups/34e914b3-6a0b-491d-9880-13c56786f1f7 0.385s
2025-12-15 14:49:21.357 65855 INFO tempest.lib.common.rest_client [req-288b586e-202a-45ed-aafc-5bf818a6d442 req-288b586e-202a-45ed-aafc-5bf818a6d442 ] Request (FloatingIPsNegativeTestJSON:tearDownClass): 200 GET http://10.180.1.21/networking/v2.0/security-groups?tenant_id=baeed1dca121401fb4a8493cf0e08134&name=default 0.130s
2025-12-15 14:49:21.378 65809 INFO tempest.lib.common.rest_client [req-37d57870-ad73-422f-89a1-e604fcb6b492 req-37d57870-ad73-422f-89a1-e604fcb6b492 ] Request (ServerExternalEventsTest:tearDownClass): 204 DELETE http://10.180.1.21/identity/v3/projects/41698b668ea946ffa0e402816c2a466d 0.150s
2025-12-15 14:49:21.400 65827 INFO tempest.lib.common.rest_client [req-e0b0c8e2-a074-4d05-b870-64f398dab14b req-e0b0c8e2-a074-4d05-b870-64f398dab14b ] Request (ServerDiagnosticsV248Test:tearDownClass): 204 DELETE http://10.180.1.21/identity/v3/projects/94782dfab3ec4845bc2cb107b2fd9845 0.073s
2025-12-15 14:49:21.401 65827 INFO tempest.lib.common.dynamic_creds [-] Deleting project and security group for project: 69d769de81b848408393f7c66c57a435
2025-12-15 14:49:21.443 65809 INFO tempest.lib.common.rest_client [req-aa8b1be0-67f2-4513-b784-0cf79841804f req-aa8b1be0-67f2-4513-b784-0cf79841804f ] Request (ImagesMetadataTestJSON:setUpClass): 201 POST http://10.180.1.21/identity/v3/auth/tokens 0.064s
2025-12-15 14:49:21.477 65809 INFO tempest.lib.common.rest_client [req-0d70fd2e-f61c-4121-a171-41b32958debd req-0d70fd2e-f61c-4121-a171-41b32958debd ] Request (ImagesMetadataTestJSON:setUpClass): 201 POST http://10.180.1.21/identity/v3/auth/tokens 0.031s
2025-12-15 14:49:21.500 65809 INFO tempest.lib.common.rest_client [req-72429811-068f-4b53-b43b-a54d1f7f7e01 req-72429811-068f-4b53-b43b-a54d1f7f7e01 ] Request (ImagesMetadataTestJSON:setUpClass): 200 GET http://10.180.1.21/identity/v3/domains?name=Default 0.023s
2025-12-15 14:49:21.538 65809 INFO tempest.lib.common.rest_client [req-a8ca3c43-6910-459a-85d8-6100034e1fa1 req-a8ca3c43-6910-459a-85d8-6100034e1fa1 ] Request (ImagesMetadataTestJSON:setUpClass): 201 POST http://10.180.1.21/identity/v3/projects 0.037s
2025-12-15 14:49:21.539 65855 INFO tempest.lib.common.rest_client [req-0326cc1b-7728-4329-bdf2-c3688010a1b8 req-0326cc1b-7728-4329-bdf2-c3688010a1b8 ] Request (FloatingIPsNegativeTestJSON:tearDownClass): 204 DELETE http://10.180.1.21/networking/v2.0/security-groups/352469ff-e9e8-45c9-baa9-3496b511cba6 0.180s
2025-12-15 14:49:21.624 65809 INFO tempest.lib.common.rest_client [req-61ed6b98-2202-463c-bcfd-d8f0e8f99bea req-61ed6b98-2202-463c-bcfd-d8f0e8f99bea ] Request (ImagesMetadataTestJSON:setUpClass): 201 POST http://10.180.1.21/identity/v3/users 0.084s
2025-12-15 14:49:21.677 65827 INFO tempest.lib.common.rest_client [req-c78a2f71-01d2-436c-b6c1-5629734a3f2c req-c78a2f71-01d2-436c-b6c1-5629734a3f2c ] Request (ServerDiagnosticsV248Test:tearDownClass): 200 GET http://10.180.1.21/networking/v2.0/security-groups?tenant_id=69d769de81b848408393f7c66c57a435&name=default 0.276s
2025-12-15 14:49:21.677 65855 INFO tempest.lib.common.rest_client [req-9a3f81f3-8ad2-4c9b-b8fa-4816df9b8585 req-9a3f81f3-8ad2-4c9b-b8fa-4816df9b8585 ] Request (FloatingIPsNegativeTestJSON:tearDownClass): 204 DELETE http://10.180.1.21/identity/v3/projects/baeed1dca121401fb4a8493cf0e08134 0.138s
2025-12-15 14:49:21.704 65809 INFO tempest.lib.common.rest_client [req-6ac69d0b-4a45-4041-8149-c47f4d731d29 req-6ac69d0b-4a45-4041-8149-c47f4d731d29 ] Request (ImagesMetadataTestJSON:setUpClass): 200 GET http://10.180.1.21/identity/v3/roles 0.080s
2025-12-15 14:49:21.719 65855 INFO tempest.lib.common.rest_client [req-61ca8ce4-8724-4533-bc2d-fae09f814f45 req-61ca8ce4-8724-4533-bc2d-fae09f814f45 ] Request (ServerAddressesTestJSON:setUpClass): 201 POST http://10.180.1.21/identity/v3/auth/tokens 0.039s
2025-12-15 14:49:21.744 65815 INFO tempest.lib.common.rest_client [req-bf491489-e317-4b93-af6b-c5c58bafe650 req-bf491489-e317-4b93-af6b-c5c58bafe650 ] Request (MigrationsAdminTest:test_list_migrations_in_flavor_resize_situation): 200 GET http://10.180.1.21/compute/v2.1/servers/7c1cb5fe-9422-48a0-971e-827e1ef780cd 6.000s
2025-12-15 14:49:21.762 65809 INFO tempest.lib.common.rest_client [req-c0b436be-bfee-4ef3-ada2-1caa9c944b48 req-c0b436be-bfee-4ef3-ada2-1caa9c944b48 ] Request (ImagesMetadataTestJSON:setUpClass): 204 PUT http://10.180.1.21/identity/v3/projects/9fa5624e14a6488dbbd04d1ff0f9b810/users/11d07fcaf100427bbef7ead860173607/roles/652945ebb6c141019ec18f794b37f80f 0.057s
2025-12-15 14:49:21.762 65809 INFO tempest.lib.common.dynamic_creds [-] Dynamic test user 11d07fcaf100427bbef7ead860173607 is created with scope project and roles: ['member']
2025-12-15 14:49:21.762 65809 INFO tempest.lib.common.dynamic_creds [-] Acquired dynamic creds: credentials: Credentials: {'domain_id': 'default', 'domain_name': 'Default', 'username': 'tempest-ImagesMetadataTestJSON-279134012-project-member', 'project_domain_id': 'default', 'project_domain_name': 'Default', 'project_id': '9fa5624e14a6488dbbd04d1ff0f9b810', 'project_name': 'tempest-ImagesMetadataTestJSON-279134012', 'tenant_id': '9fa5624e14a6488dbbd04d1ff0f9b810', 'tenant_name': 'tempest-ImagesMetadataTestJSON-279134012', 'user_domain_id': 'default', 'user_domain_name': 'Default', 'user_id': '11d07fcaf100427bbef7ead860173607', 'system': None}, Network: None, Subnet: None, Router: None
2025-12-15 14:49:21.762 65809 INFO tempest.lib.common.dynamic_creds [-] Created isolated network resources for: credentials: Credentials: {'domain_id': 'default', 'domain_name': 'Default', 'username': 'tempest-ImagesMetadataTestJSON-279134012-project-member', 'project_domain_id': 'default', 'project_domain_name': 'Default', 'project_id': '9fa5624e14a6488dbbd04d1ff0f9b810', 'project_name': 'tempest-ImagesMetadataTestJSON-279134012', 'tenant_id': '9fa5624e14a6488dbbd04d1ff0f9b810', 'tenant_name': 'tempest-ImagesMetadataTestJSON-279134012', 'user_domain_id': 'default', 'user_domain_name': 'Default', 'user_id': '11d07fcaf100427bbef7ead860173607', 'system': None}, Network: None, Subnet: None, Router: None
2025-12-15 14:49:21.808 65855 INFO tempest.lib.common.rest_client [req-c2a4532e-16bf-4ace-ab65-b35382b96e56 req-c2a4532e-16bf-4ace-ab65-b35382b96e56 ] Request (ServerAddressesTestJSON:setUpClass): 201 POST http://10.180.1.21/identity/v3/auth/tokens 0.086s
2025-12-15 14:49:21.840 65855 INFO tempest.lib.common.rest_client [req-809744d4-bdc0-444a-9f20-1f552e4e2ca3 req-809744d4-bdc0-444a-9f20-1f552e4e2ca3 ] Request (ServerAddressesTestJSON:setUpClass): 200 GET http://10.180.1.21/identity/v3/domains?name=Default 0.031s
2025-12-15 14:49:21.872 65855 INFO tempest.lib.common.rest_client [req-1015cefc-300a-44b0-9339-edb9287954e2 req-1015cefc-300a-44b0-9339-edb9287954e2 ] Request (ServerAddressesTestJSON:setUpClass): 201 POST http://10.180.1.21/identity/v3/projects 0.031s
2025-12-15 14:49:21.884 65809 INFO tempest.lib.common.rest_client [req-3d67ec38-6d13-4e08-9cb7-844f37226e0c req-3d67ec38-6d13-4e08-9cb7-844f37226e0c ] Request (ImagesMetadataTestJSON:setUpClass): 201 POST http://10.180.1.21/identity/v3/auth/tokens 0.116s
2025-12-15 14:49:21.917 65843 INFO tempest.lib.common.rest_client [req-d14b45aa-ebf9-4bd4-a25a-036ce2a5a1c9 req-d14b45aa-ebf9-4bd4-a25a-036ce2a5a1c9 ] Request (ListServersNegativeTestJSON:setUpClass): 204 DELETE http://10.180.1.21/compute/v2.1/servers/b56a98ff-b24c-44a2-8089-df80be9feecd 5.853s
2025-12-15 14:49:21.922 65827 INFO tempest.lib.common.rest_client [req-8e3801d4-bde7-4519-b63c-5a1528a1f949 req-8e3801d4-bde7-4519-b63c-5a1528a1f949 ] Request (ServerDiagnosticsV248Test:tearDownClass): 204 DELETE http://10.180.1.21/networking/v2.0/security-groups/2b11ee6a-da79-4219-a5dd-ad94ec90cf62 0.244s
2025-12-15 14:49:21.955 65855 INFO tempest.lib.common.rest_client [req-c8eb15d0-726a-496e-aeb6-b9ae48b88ce6 req-c8eb15d0-726a-496e-aeb6-b9ae48b88ce6 ] Request (ServerAddressesTestJSON:setUpClass): 201 POST http://10.180.1.21/identity/v3/users 0.082s
2025-12-15 14:49:22.022 65827 INFO tempest.lib.common.rest_client [req-5c543b18-a038-4683-81be-391ef5a2b5a8 req-5c543b18-a038-4683-81be-391ef5a2b5a8 ] Request (ServerDiagnosticsV248Test:tearDownClass): 204 DELETE http://10.180.1.21/identity/v3/projects/69d769de81b848408393f7c66c57a435 0.098s
2025-12-15 14:49:22.031 65823 INFO tempest.lib.common.rest_client [req-71727d2d-9ee9-42ce-81aa-90e1305a06e7 req-71727d2d-9ee9-42ce-81aa-90e1305a06e7 ] Request (DeleteServersTestJSON:test_delete_server_while_in_attached_volume): 200 GET http://10.180.1.21/compute/v2.1/servers/65a55e3f-ff23-4fba-9ff8-92254fac6fc5 5.920s
2025-12-15 14:49:22.073 65827 INFO tempest.lib.common.rest_client [req-2b786fe9-c45b-48bf-b5f5-6b7bc85fb5b4 req-2b786fe9-c45b-48bf-b5f5-6b7bc85fb5b4 ] Request (ServicesAdminNegativeTestJSON:setUpClass): 201 POST http://10.180.1.21/identity/v3/auth/tokens 0.050s
2025-12-15 14:49:22.095 65855 INFO tempest.lib.common.rest_client [req-9eba4788-9986-45e5-b597-51435b2bc6f1 req-9eba4788-9986-45e5-b597-51435b2bc6f1 ] Request (ServerAddressesTestJSON:setUpClass): 200 GET http://10.180.1.21/identity/v3/roles 0.139s
2025-12-15 14:49:22.112 65827 INFO tempest.lib.common.rest_client [req-54350997-abe4-4639-bf9d-2f8be24d91e7 req-54350997-abe4-4639-bf9d-2f8be24d91e7 ] Request (ServicesAdminNegativeTestJSON:setUpClass): 201 POST http://10.180.1.21/identity/v3/auth/tokens 0.036s
2025-12-15 14:49:22.142 65855 INFO tempest.lib.common.rest_client [req-d60df187-7b5f-4114-b3a3-e5b334229a59 req-d60df187-7b5f-4114-b3a3-e5b334229a59 ] Request (ServerAddressesTestJSON:setUpClass): 204 PUT http://10.180.1.21/identity/v3/projects/5c744a79479d42e9a1ec403e363a07cb/users/8f357851b7bf48379509c57ca51e17ac/roles/652945ebb6c141019ec18f794b37f80f 0.047s
2025-12-15 14:49:22.143 65855 INFO tempest.lib.common.dynamic_creds [-] Dynamic test user 8f357851b7bf48379509c57ca51e17ac is created with scope project and roles: ['member']
2025-12-15 14:49:22.143 65855 INFO tempest.lib.common.dynamic_creds [-] Acquired dynamic creds: credentials: Credentials: {'domain_id': 'default', 'domain_name': 'Default', 'username': 'tempest-ServerAddressesTestJSON-602000790-project-member', 'project_domain_id': 'default', 'project_domain_name': 'Default', 'project_id': '5c744a79479d42e9a1ec403e363a07cb', 'project_name': 'tempest-ServerAddressesTestJSON-602000790', 'tenant_id': '5c744a79479d42e9a1ec403e363a07cb', 'tenant_name': 'tempest-ServerAddressesTestJSON-602000790', 'user_domain_id': 'default', 'user_domain_name': 'Default', 'user_id': '8f357851b7bf48379509c57ca51e17ac', 'system': None}, Network: None, Subnet: None, Router: None
2025-12-15 14:49:22.165 65799 INFO tempest.lib.common.rest_client [req-e9bf9420-80da-4421-943c-f4a4e05dc286 req-e9bf9420-80da-4421-943c-f4a4e05dc286 ] Request (ServerDiagnosticsNegativeTest:test_get_server_diagnostics_by_non_admin): 200 GET http://10.180.1.21/compute/v2.1/servers/aa881c5a-a3ad-420b-a2fa-724d3748c7bc 5.776s
2025-12-15 14:49:22.167 65813 INFO tempest.lib.common.rest_client [req-38a95f86-167f-4c95-a876-fd694756b4df req-38a95f86-167f-4c95-a876-fd694756b4df ] Request (ServersAdminTestJSON:setUpClass): 201 POST http://10.180.1.21/networking/v2.0/routers 0.959s
2025-12-15 14:49:22.232 65855 INFO tempest.lib.common.rest_client [req-e611243f-4805-4a75-bf93-a8233740ad92 req-e611243f-4805-4a75-bf93-a8233740ad92 ] Request (ServerAddressesTestJSON:setUpClass): 201 POST http://10.180.1.21/identity/v3/auth/tokens 0.089s
2025-12-15 14:49:22.249 65827 INFO tempest.lib.common.rest_client [req-66976fb0-cb89-43bb-9f4f-fae53d4fc8ca req-66976fb0-cb89-43bb-9f4f-fae53d4fc8ca ] Request (ServicesAdminNegativeTestJSON:setUpClass): 200 GET http://10.180.1.21/identity/v3/domains?name=Default 0.136s
2025-12-15 14:49:22.286 65827 INFO tempest.lib.common.rest_client [req-8670bc01-da7e-494f-95a3-24adb7430c3f req-8670bc01-da7e-494f-95a3-24adb7430c3f ] Request (ServicesAdminNegativeTestJSON:setUpClass): 201 POST http://10.180.1.21/identity/v3/projects 0.037s
2025-12-15 14:49:22.289 65833 INFO tempest.lib.common.rest_client [req-1dba0810-927d-4049-92c0-617f76674b53 req-1dba0810-927d-4049-92c0-617f76674b53 ] Request (ServerMetadataTestJSON:setUpClass): 202 POST http://10.180.1.21/compute/v2.1/servers 7.862s
2025-12-15 14:49:22.327 65861 INFO tempest.lib.common.rest_client [req-555426bb-091b-4769-87f2-40f1fe4e246a req-555426bb-091b-4769-87f2-40f1fe4e246a ] Request (MultipleCreateTestJSON:_run_cleanups): 204 DELETE http://10.180.1.21/compute/v2.1/servers/e2557e44-e148-4b43-a660-84f898d22c7e 5.819s
2025-12-15 14:49:22.378 65827 INFO tempest.lib.common.rest_client [req-2bb59b59-89b6-4975-ad9b-b961abb80898 req-2bb59b59-89b6-4975-ad9b-b961abb80898 ] Request (ServicesAdminNegativeTestJSON:setUpClass): 201 POST http://10.180.1.21/identity/v3/users 0.091s
2025-12-15 14:49:22.507 65827 INFO tempest.lib.common.rest_client [req-276d2c42-5a7c-4350-b2a8-d9d9a3db0645 req-276d2c42-5a7c-4350-b2a8-d9d9a3db0645 ] Request (ServicesAdminNegativeTestJSON:setUpClass): 200 GET http://10.180.1.21/identity/v3/roles 0.128s
2025-12-15 14:49:22.562 65851 INFO tempest.lib.common.rest_client [req-7e16e2e6-c1d8-4e4f-86a3-2e0d6bb7a18d req-7e16e2e6-c1d8-4e4f-86a3-2e0d6bb7a18d ] Request (TenantUsagesNegativeTestJSON:test_get_usage_tenant_with_empty_tenant_id): 404 GET http://10.180.1.21/compute/v2.1/os-simple-tenant-usage/?start=2025-12-14T14%3A49%3A16.571818&end=2025-12-16T14%3A49%3A16.571818 5.989s
2025-12-15 14:49:22.569 65851 WARNING tempest.lib.common.rest_client [-] Deprecated: "tenant_id" property is deprecated for removal, use "project_id" instead
2025-12-15 14:49:22.589 65827 INFO tempest.lib.common.rest_client [req-b8286b54-d096-4ff6-8d61-e9175dea88c8 req-b8286b54-d096-4ff6-8d61-e9175dea88c8 ] Request (ServicesAdminNegativeTestJSON:setUpClass): 204 PUT http://10.180.1.21/identity/v3/projects/0c973b624df34c1cb572ebaf2a3904fd/users/023d17df33e04a90bff03135be234854/roles/652945ebb6c141019ec18f794b37f80f 0.081s
2025-12-15 14:49:22.590 65827 INFO tempest.lib.common.dynamic_creds [-] Dynamic test user 023d17df33e04a90bff03135be234854 is created with scope project and roles: ['member']
2025-12-15 14:49:22.591 65827 INFO tempest.lib.common.dynamic_creds [-] Acquired dynamic creds: credentials: Credentials: {'domain_id': 'default', 'domain_name': 'Default', 'username': 'tempest-ServicesAdminNegativeTestJSON-1883540644-project-member', 'project_domain_id': 'default', 'project_domain_name': 'Default', 'project_id': '0c973b624df34c1cb572ebaf2a3904fd', 'project_name': 'tempest-ServicesAdminNegativeTestJSON-1883540644', 'tenant_id': '0c973b624df34c1cb572ebaf2a3904fd', 'tenant_name': 'tempest-ServicesAdminNegativeTestJSON-1883540644', 'user_domain_id': 'default', 'user_domain_name': 'Default', 'user_id': '023d17df33e04a90bff03135be234854', 'system': None}, Network: None, Subnet: None, Router: None
2025-12-15 14:49:22.591 65827 INFO tempest.lib.common.dynamic_creds [-] Created isolated network resources for: credentials: Credentials: {'domain_id': 'default', 'domain_name': 'Default', 'username': 'tempest-ServicesAdminNegativeTestJSON-1883540644-project-member', 'project_domain_id': 'default', 'project_domain_name': 'Default', 'project_id': '0c973b624df34c1cb572ebaf2a3904fd', 'project_name': 'tempest-ServicesAdminNegativeTestJSON-1883540644', 'tenant_id': '0c973b624df34c1cb572ebaf2a3904fd', 'tenant_name': 'tempest-ServicesAdminNegativeTestJSON-1883540644', 'user_domain_id': 'default', 'user_domain_name': 'Default', 'user_id': '023d17df33e04a90bff03135be234854', 'system': None}, Network: None, Subnet: None, Router: None
2025-12-15 14:49:22.641 65809 INFO tempest.lib.common.rest_client [req-94e32d6f-75e9-4ec6-b163-f4e7702b534d req-94e32d6f-75e9-4ec6-b163-f4e7702b534d ] Request (ImagesMetadataTestJSON:setUpClass): 201 POST http://10.180.1.21/image/v2/images 0.755s
2025-12-15 14:49:22.678 65855 INFO tempest.lib.common.rest_client [req-38179d33-b3ee-442a-a9c4-25e1e75a85f7 req-38179d33-b3ee-442a-a9c4-25e1e75a85f7 ] Request (ServerAddressesTestJSON:setUpClass): 201 POST http://10.180.1.21/networking/v2.0/networks 0.445s
2025-12-15 14:49:22.695 65827 INFO tempest.lib.common.rest_client [req-02bec26b-143f-4e2a-9172-fd0fa4e16a1a req-02bec26b-143f-4e2a-9172-fd0fa4e16a1a ] Request (ServicesAdminNegativeTestJSON:setUpClass): 201 POST http://10.180.1.21/identity/v3/auth/tokens 0.099s
2025-12-15 14:49:22.730 65835 INFO tempest.lib.common.rest_client [req-58a13e06-080a-4d30-8a6d-3eafdc1f68d3 req-58a13e06-080a-4d30-8a6d-3eafdc1f68d3 ] Request (DeleteServersAdminTestJSON:test_delete_server_while_in_error_state): 204 DELETE http://10.180.1.21/compute/v2.1/servers/0a791323-263d-4497-850d-5b05614fc868 5.966s
2025-12-15 14:49:22.794 65827 INFO tempest.lib.common.rest_client [req-36b900eb-3a22-4b66-ab8d-94982a060885 req-36b900eb-3a22-4b66-ab8d-94982a060885 ] Request (ServicesAdminNegativeTestJSON:setUpClass): 201 POST http://10.180.1.21/identity/v3/projects 0.099s
2025-12-15 14:49:22.885 65827 INFO tempest.lib.common.rest_client [req-ec68d85d-153f-4bcd-8e3a-bf744d09c2c4 req-ec68d85d-153f-4bcd-8e3a-bf744d09c2c4 ] Request (ServicesAdminNegativeTestJSON:setUpClass): 201 POST http://10.180.1.21/identity/v3/users 0.090s
2025-12-15 14:49:22.913 65827 INFO tempest.lib.common.rest_client [req-8d225fbc-d74f-41b4-ada6-69c3d8494155 req-8d225fbc-d74f-41b4-ada6-69c3d8494155 ] Request (ServicesAdminNegativeTestJSON:setUpClass): 200 GET http://10.180.1.21/identity/v3/roles 0.027s
2025-12-15 14:49:22.957 65827 INFO tempest.lib.common.rest_client [req-fc99e579-61d5-42cd-952d-fcf26dd38b16 req-fc99e579-61d5-42cd-952d-fcf26dd38b16 ] Request (ServicesAdminNegativeTestJSON:setUpClass): 204 PUT http://10.180.1.21/identity/v3/projects/5b87f71d99574fb492550f4ad9db084e/users/0cf8da1b838645228a695e024952a791/roles/318ccae10ce944d4a762ed942978e7b7 0.043s
2025-12-15 14:49:22.971 65855 INFO tempest.lib.common.rest_client [req-460574d9-daec-40c2-ba9c-0d2f1208e326 req-460574d9-daec-40c2-ba9c-0d2f1208e326 ] Request (ServerAddressesTestJSON:setUpClass): 201 POST http://10.180.1.21/networking/v2.0/subnets 0.292s
2025-12-15 14:49:23.035 65827 INFO tempest.lib.common.rest_client [req-d116cfed-ff4f-422d-bd39-843b6d1d7b25 req-d116cfed-ff4f-422d-bd39-843b6d1d7b25 ] Request (ServicesAdminNegativeTestJSON:setUpClass): 200 GET http://10.180.1.21/identity/v3/roles 0.077s
2025-12-15 14:49:23.061 65827 INFO tempest.lib.common.rest_client [req-251373ad-6d41-4f3c-9500-01d9f9403cf2 req-251373ad-6d41-4f3c-9500-01d9f9403cf2 ] Request (ServicesAdminNegativeTestJSON:setUpClass): 204 PUT http://10.180.1.21/identity/v3/projects/5b87f71d99574fb492550f4ad9db084e/users/0cf8da1b838645228a695e024952a791/roles/318ccae10ce944d4a762ed942978e7b7 0.026s
2025-12-15 14:49:23.061 65827 INFO tempest.lib.common.dynamic_creds [-] Dynamic test user 0cf8da1b838645228a695e024952a791 is created with scope project and roles: ['admin']
2025-12-15 14:49:23.062 65827 INFO tempest.lib.common.dynamic_creds [-] Acquired dynamic creds: credentials: Credentials: {'domain_id': 'default', 'domain_name': 'Default', 'username': 'tempest-ServicesAdminNegativeTestJSON-422680610-project-admin', 'project_domain_id': 'default', 'project_domain_name': 'Default', 'project_id': '5b87f71d99574fb492550f4ad9db084e', 'project_name': 'tempest-ServicesAdminNegativeTestJSON-422680610', 'tenant_id': '5b87f71d99574fb492550f4ad9db084e', 'tenant_name': 'tempest-ServicesAdminNegativeTestJSON-422680610', 'user_domain_id': 'default', 'user_domain_name': 'Default', 'user_id': '0cf8da1b838645228a695e024952a791', 'system': None}, Network: None, Subnet: None, Router: None
2025-12-15 14:49:23.062 65827 INFO tempest.lib.common.dynamic_creds [-] Created isolated network resources for: credentials: Credentials: {'domain_id': 'default', 'domain_name': 'Default', 'username': 'tempest-ServicesAdminNegativeTestJSON-422680610-project-admin', 'project_domain_id': 'default', 'project_domain_name': 'Default', 'project_id': '5b87f71d99574fb492550f4ad9db084e', 'project_name': 'tempest-ServicesAdminNegativeTestJSON-422680610', 'tenant_id': '5b87f71d99574fb492550f4ad9db084e', 'tenant_name': 'tempest-ServicesAdminNegativeTestJSON-422680610', 'user_domain_id': 'default', 'user_domain_name': 'Default', 'user_id': '0cf8da1b838645228a695e024952a791', 'system': None}, Network: None, Subnet: None, Router: None
2025-12-15 14:49:23.072 65805 INFO tempest.lib.common.rest_client [req-dcb59b78-c11e-4dea-abd9-c6c68754278e req-dcb59b78-c11e-4dea-abd9-c6c68754278e ] Request (ServersWithSpecificFlavorTestJSON:test_verify_created_server_ephemeral_disk): 200 GET http://10.180.1.21/compute/v2.1/servers/867a7eb3-d962-451d-9b48-ba4cd311fbf2/os-interface 6.041s
2025-12-15 14:49:23.167 65827 INFO tempest.lib.common.rest_client [req-baa10ccb-ae1c-4dbd-9b49-ed3ddc1d9d3e req-baa10ccb-ae1c-4dbd-9b49-ed3ddc1d9d3e ] Request (ServicesAdminNegativeTestJSON:setUpClass): 201 POST http://10.180.1.21/identity/v3/auth/tokens 0.100s
2025-12-15 14:49:23.380 65813 INFO tempest.lib.common.rest_client [req-e240c7ea-c8ae-482a-88ee-93b2a470fcf8 req-e240c7ea-c8ae-482a-88ee-93b2a470fcf8 ] Request (ServersAdminTestJSON:setUpClass): 200 PUT http://10.180.1.21/networking/v2.0/routers/727a8f98-acaf-4c87-b1f4-ea713b7006b3/add_router_interface 1.212s
2025-12-15 14:49:23.380 65813 INFO tempest.lib.common.dynamic_creds [-] Created isolated network resources for: credentials: Credentials: {'domain_id': 'default', 'domain_name': 'Default', 'username': 'tempest-ServersAdminTestJSON-228595505-project-member', 'project_domain_id': 'default', 'project_domain_name': 'Default', 'project_id': '50044c6239d849898e8ce425dad0b362', 'project_name': 'tempest-ServersAdminTestJSON-228595505', 'tenant_id': '50044c6239d849898e8ce425dad0b362', 'tenant_name': 'tempest-ServersAdminTestJSON-228595505', 'user_domain_id': 'default', 'user_domain_name': 'Default', 'user_id': '38f50a3c64c74953bee872af868a3617', 'system': None}, Network: {'id': '65847369-5b7e-48d8-a91e-4cc8dd31e2ce', 'name': 'tempest-ServersAdminTestJSON-2054918086-network', 'tenant_id': '50044c6239d849898e8ce425dad0b362', 'project_id': '50044c6239d849898e8ce425dad0b362', 'admin_state_up': True, 'mtu': 8950, 'status': 'ACTIVE', 'subnets': [], 'shared': False, 'port_security_enabled': True, 'router:external': False, 'provider:network_type': 'vlan', 'provider:physical_network': 'default', 'provider:segmentation_id': 917, 'availability_zone_hints': [], 'availability_zones': [], 'ipv4_address_scope': None, 'ipv6_address_scope': None, 'description': '', 'tags': [], 'created_at': '2025-12-15T14:49:20Z', 'updated_at': '2025-12-15T14:49:20Z', 'revision_number': 1}, Subnet: {'id': '1b710b38-994c-499c-85ca-9004a43ec154', 'name': 'tempest-ServersAdminTestJSON-2054918086-subnet', 'tenant_id': '50044c6239d849898e8ce425dad0b362', 'network_id': '65847369-5b7e-48d8-a91e-4cc8dd31e2ce', 'ip_version': 4, 'subnetpool_id': None, 'enable_dhcp': True, 'ipv6_ra_mode': None, 'ipv6_address_mode': None, 'gateway_ip': '192.168.128.1', 'cidr': '192.168.128.0/28', 'allocation_pools': [{'start': '192.168.128.2', 'end': '192.168.128.14'}], 'host_routes': [], 'dns_nameservers': [], 'description': '', 'router:external': False, 'service_types': [], 'tags': [], 'created_at': '2025-12-15T14:49:21Z', 'updated_at': '2025-12-15T14:49:21Z', 'revision_number': 0, 'project_id': '50044c6239d849898e8ce425dad0b362'}, Router: {'id': '727a8f98-acaf-4c87-b1f4-ea713b7006b3', 'name': 'tempest-ServersAdminTestJSON-2054918086-router', 'tenant_id': '50044c6239d849898e8ce425dad0b362', 'admin_state_up': True, 'status': 'ACTIVE', 'external_gateway_info': {'network_id': '52390ffd-5de6-4b15-9dd9-ab43a139f407', 'external_fixed_ips': [{'subnet_id': '3db1cd90-1d35-4fa2-8bb0-2e247878cdaf', 'ip_address': '10.180.180.244'}], 'enable_snat': True}, 'description': '', 'availability_zones': [], 'distributed': False, 'ha': False, 'availability_zone_hints': [], 'routes': [], 'flavor_id': None, 'tags': [], 'created_at': '2025-12-15T14:49:21Z', 'updated_at': '2025-12-15T14:49:21Z', 'revision_number': 2, 'project_id': '50044c6239d849898e8ce425dad0b362'}
2025-12-15 14:49:23.482 65809 INFO tempest.lib.common.rest_client [req-d9978dc3-b4a1-4449-b07a-8daa38a800df req-d9978dc3-b4a1-4449-b07a-8daa38a800df ] Request (ImagesMetadataTestJSON:setUpClass): 204 PUT http://10.180.1.21/image/v2/images/2768091e-415e-40af-9456-b9980ec833eb/file 0.841s
2025-12-15 14:49:23.489 65813 INFO tempest.lib.common.rest_client [req-bceae80f-11ba-4414-9e30-09ea3c659ee3 req-bceae80f-11ba-4414-9e30-09ea3c659ee3 ] Request (ServersAdminTestJSON:setUpClass): 201 POST http://10.180.1.21/identity/v3/auth/tokens 0.103s
2025-12-15 14:49:23.597 65813 INFO tempest.lib.common.rest_client [req-aa5ed245-aafe-46ac-b676-5e65ae95d4ce req-aa5ed245-aafe-46ac-b676-5e65ae95d4ce ] Request (ServersAdminTestJSON:setUpClass): 201 POST http://10.180.1.21/identity/v3/projects 0.107s
2025-12-15 14:49:23.712 65813 INFO tempest.lib.common.rest_client [req-13431898-2347-4119-9a2a-a23569084fee req-13431898-2347-4119-9a2a-a23569084fee ] Request (ServersAdminTestJSON:setUpClass): 201 POST http://10.180.1.21/identity/v3/users 0.114s
2025-12-15 14:49:23.753 65813 INFO tempest.lib.common.rest_client [req-df609563-b431-4443-ac68-dcaf5e5a6ab7 req-df609563-b431-4443-ac68-dcaf5e5a6ab7 ] Request (ServersAdminTestJSON:setUpClass): 200 GET http://10.180.1.21/identity/v3/roles 0.040s
2025-12-15 14:49:23.795 65813 INFO tempest.lib.common.rest_client [req-563f89b0-a308-445b-87d5-69ad934abb45 req-563f89b0-a308-445b-87d5-69ad934abb45 ] Request (ServersAdminTestJSON:setUpClass): 204 PUT http://10.180.1.21/identity/v3/projects/8414adc1cd9b4d19ad70424b7a4e1a4f/users/fe916fd869e246ac9985ca6539e32160/roles/318ccae10ce944d4a762ed942978e7b7 0.041s
2025-12-15 14:49:23.869 65813 INFO tempest.lib.common.rest_client [req-aa2c8b28-2ab9-4d04-bec3-5809b4453da1 req-aa2c8b28-2ab9-4d04-bec3-5809b4453da1 ] Request (ServersAdminTestJSON:setUpClass): 200 GET http://10.180.1.21/identity/v3/roles 0.073s
2025-12-15 14:49:23.895 65813 INFO tempest.lib.common.rest_client [req-519226d4-2b82-4c3b-94ed-e22c987bb302 req-519226d4-2b82-4c3b-94ed-e22c987bb302 ] Request (ServersAdminTestJSON:setUpClass): 204 PUT http://10.180.1.21/identity/v3/projects/8414adc1cd9b4d19ad70424b7a4e1a4f/users/fe916fd869e246ac9985ca6539e32160/roles/318ccae10ce944d4a762ed942978e7b7 0.025s
2025-12-15 14:49:23.895 65813 INFO tempest.lib.common.dynamic_creds [-] Dynamic test user fe916fd869e246ac9985ca6539e32160 is created with scope project and roles: ['admin']
2025-12-15 14:49:23.895 65813 INFO tempest.lib.common.dynamic_creds [-] Acquired dynamic creds: credentials: Credentials: {'domain_id': 'default', 'domain_name': 'Default', 'username': 'tempest-ServersAdminTestJSON-22965531-project-admin', 'project_domain_id': 'default', 'project_domain_name': 'Default', 'project_id': '8414adc1cd9b4d19ad70424b7a4e1a4f', 'project_name': 'tempest-ServersAdminTestJSON-22965531', 'tenant_id': '8414adc1cd9b4d19ad70424b7a4e1a4f', 'tenant_name': 'tempest-ServersAdminTestJSON-22965531', 'user_domain_id': 'default', 'user_domain_name': 'Default', 'user_id': 'fe916fd869e246ac9985ca6539e32160', 'system': None}, Network: None, Subnet: None, Router: None
2025-12-15 14:49:24.008 65855 INFO tempest.lib.common.rest_client [req-cec0da31-5067-450f-9866-5a6c88a6c9cf req-cec0da31-5067-450f-9866-5a6c88a6c9cf ] Request (ServerAddressesTestJSON:setUpClass): 201 POST http://10.180.1.21/networking/v2.0/routers 1.037s
2025-12-15 14:49:24.462 65813 INFO tempest.lib.common.rest_client [req-44b85d58-1207-47d2-b81b-212c2326453e req-44b85d58-1207-47d2-b81b-212c2326453e ] Request (ServersAdminTestJSON:setUpClass): 201 POST http://10.180.1.21/networking/v2.0/networks 0.567s
2025-12-15 14:49:24.570 65805 INFO tempest.lib.common.rest_client [req-47d26bdb-2a7c-4d0a-8d82-275a6025644e req-47d26bdb-2a7c-4d0a-8d82-275a6025644e ] Request (ServersWithSpecificFlavorTestJSON:test_verify_created_server_ephemeral_disk): 200 PUT http://10.180.1.21/networking/v2.0/floatingips/fc3bff28-c8a4-47b2-8be5-319636d05bd7 1.495s
2025-12-15 14:49:24.639 65825 INFO tempest.lib.common.rest_client [req-b8f7a38e-506b-4722-b725-c1b43600883c req-b8f7a38e-506b-4722-b725-c1b43600883c ] Request (ServerActionsTestJSON:setUp): 200 GET http://10.180.1.21/compute/v2.1/servers/b7e1e95a-d24b-45ca-832b-5039cb054289 7.450s
2025-12-15 14:49:24.905 65807 INFO tempest.lib.common.rest_client [req-47476b7a-0af1-4189-9a93-f43f4e52cc3e req-47476b7a-0af1-4189-9a93-f43f4e52cc3e ] Request (FloatingIPsAssociationNegativeTestJSON:_run_cleanups): 202 DELETE http://10.180.1.21/compute/v2.1/os-floating-ips/be27a5ef-1658-4495-b9f5-8c57c20139ed 8.387s
2025-12-15 14:49:24.967 65846 INFO tempest.lib.common.rest_client [req-db2027d7-8301-4cd4-bf47-c77a6c8f0cad req-db2027d7-8301-4cd4-bf47-c77a6c8f0cad ] Request (KeyPairsV22TestJSON:test_keypairsv22_create_list_show): 201 POST http://10.180.1.21/compute/v2.1/os-keypairs 7.587s
2025-12-15 14:49:24.970 65819 INFO tempest.lib.common.rest_client [req-ba83c860-f37d-4548-9715-add2ccdebc37 req-ba83c860-f37d-4548-9715-add2ccdebc37 ] Request (AggregatesAdminNegativeTestJSON:test_aggregate_delete_as_user): 403 DELETE http://10.180.1.21/compute/v2.1/os-aggregates/5 7.559s
2025-12-15 14:49:25.130 65813 INFO tempest.lib.common.rest_client [req-3aeb1cd1-68af-46c4-b233-807b6b137aa0 req-3aeb1cd1-68af-46c4-b233-807b6b137aa0 ] Request (ServersAdminTestJSON:setUpClass): 201 POST http://10.180.1.21/networking/v2.0/subnets 0.667s
2025-12-15 14:49:25.309 65849 INFO tempest.lib.common.rest_client [req-6a948c3d-2d28-4b81-8557-d354cd675e3e req-6a948c3d-2d28-4b81-8557-d354cd675e3e ] Request (ServerPasswordTestJSON:setUpClass): 200 GET http://10.180.1.21/compute/v2.1/servers/d29c8f98-799e-4774-a481-7ecd10641fee 7.753s
2025-12-15 14:49:25.444 65855 INFO tempest.lib.common.rest_client [req-9e3456a9-157e-462b-84a4-44444f50b551 req-9e3456a9-157e-462b-84a4-44444f50b551 ] Request (ServerAddressesTestJSON:setUpClass): 200 PUT http://10.180.1.21/networking/v2.0/routers/d72e29df-00df-46c2-96cb-1ae7ee903cec/add_router_interface 1.435s
2025-12-15 14:49:25.445 65855 INFO tempest.lib.common.dynamic_creds [-] Created isolated network resources for: credentials: Credentials: {'domain_id': 'default', 'domain_name': 'Default', 'username': 'tempest-ServerAddressesTestJSON-602000790-project-member', 'project_domain_id': 'default', 'project_domain_name': 'Default', 'project_id': '5c744a79479d42e9a1ec403e363a07cb', 'project_name': 'tempest-ServerAddressesTestJSON-602000790', 'tenant_id': '5c744a79479d42e9a1ec403e363a07cb', 'tenant_name': 'tempest-ServerAddressesTestJSON-602000790', 'user_domain_id': 'default', 'user_domain_name': 'Default', 'user_id': '8f357851b7bf48379509c57ca51e17ac', 'system': None}, Network: {'id': '6b6040ec-7a7b-4677-b81f-3387320d3491', 'name': 'tempest-ServerAddressesTestJSON-649558230-network', 'tenant_id': '5c744a79479d42e9a1ec403e363a07cb', 'project_id': '5c744a79479d42e9a1ec403e363a07cb', 'admin_state_up': True, 'mtu': 8950, 'status': 'ACTIVE', 'subnets': [], 'shared': False, 'port_security_enabled': True, 'router:external': False, 'provider:network_type': 'vlan', 'provider:physical_network': 'default', 'provider:segmentation_id': 936, 'availability_zone_hints': [], 'availability_zones': [], 'ipv4_address_scope': None, 'ipv6_address_scope': None, 'description': '', 'tags': [], 'created_at': '2025-12-15T14:49:22Z', 'updated_at': '2025-12-15T14:49:22Z', 'revision_number': 1}, Subnet: {'id': '89d249a6-96fe-42fa-a38f-1056d3743432', 'name': 'tempest-ServerAddressesTestJSON-649558230-subnet', 'tenant_id': '5c744a79479d42e9a1ec403e363a07cb', 'network_id': '6b6040ec-7a7b-4677-b81f-3387320d3491', 'ip_version': 4, 'subnetpool_id': None, 'enable_dhcp': True, 'ipv6_ra_mode': None, 'ipv6_address_mode': None, 'gateway_ip': '192.168.128.1', 'cidr': '192.168.128.0/28', 'allocation_pools': [{'start': '192.168.128.2', 'end': '192.168.128.14'}], 'host_routes': [], 'dns_nameservers': [], 'description': '', 'router:external': False, 'service_types': [], 'tags': [], 'created_at': '2025-12-15T14:49:22Z', 'updated_at': '2025-12-15T14:49:22Z', 'revision_number': 0, 'project_id': '5c744a79479d42e9a1ec403e363a07cb'}, Router: {'id': 'd72e29df-00df-46c2-96cb-1ae7ee903cec', 'name': 'tempest-ServerAddressesTestJSON-649558230-router', 'tenant_id': '5c744a79479d42e9a1ec403e363a07cb', 'admin_state_up': True, 'status': 'ACTIVE', 'external_gateway_info': {'network_id': '52390ffd-5de6-4b15-9dd9-ab43a139f407', 'external_fixed_ips': [{'subnet_id': '3db1cd90-1d35-4fa2-8bb0-2e247878cdaf', 'ip_address': '10.180.180.211'}], 'enable_snat': True}, 'description': '', 'availability_zones': [], 'distributed': False, 'ha': False, 'availability_zone_hints': [], 'routes': [], 'flavor_id': None, 'tags': [], 'created_at': '2025-12-15T14:49:23Z', 'updated_at': '2025-12-15T14:49:23Z', 'revision_number': 2, 'project_id': '5c744a79479d42e9a1ec403e363a07cb'}
2025-12-15 14:49:25.484 65801 INFO tempest.lib.common.rest_client [req-42bce481-83be-4842-9f6d-b664408dbc61 req-42bce481-83be-4842-9f6d-b664408dbc61 ] Request (ServerDiagnosticsTest:test_get_server_diagnostics): 200 GET http://10.180.1.21/compute/v2.1/servers/0be9a021-1f4c-45cf-be6e-821d01b6b899 8.227s
2025-12-15 14:49:25.497 65801 INFO tempest.common.waiters [-] State transition "BUILD/spawning" ==> "ACTIVE/None" after 32 second wait
2025-12-15 14:49:25.548 65855 INFO tempest.lib.common.rest_client [req-5847ad56-bd0a-4360-a89a-b98a73c550f1 req-5847ad56-bd0a-4360-a89a-b98a73c550f1 ] Request (ServerAddressesTestJSON:setUpClass): 201 POST http://10.180.1.21/identity/v3/auth/tokens 0.096s
2025-12-15 14:49:25.581 65855 INFO tempest.lib.common.rest_client [req-ec59d661-5270-4b1d-89bf-f9b96182b718 req-ec59d661-5270-4b1d-89bf-f9b96182b718 ] Request (ServerAddressesTestJSON:setUpClass): 201 POST http://10.180.1.21/identity/v3/auth/tokens 0.028s
2025-12-15 14:49:25.582 65855 INFO tempest.lib.common.fixed_network [-] (ServerAddressesTestJSON:setUpClass) Found network {'id': '6b6040ec-7a7b-4677-b81f-3387320d3491', 'name': 'tempest-ServerAddressesTestJSON-649558230-network', 'tenant_id': '5c744a79479d42e9a1ec403e363a07cb', 'project_id': '5c744a79479d42e9a1ec403e363a07cb', 'admin_state_up': True, 'mtu': 8950, 'status': 'ACTIVE', 'subnets': [], 'shared': False, 'port_security_enabled': True, 'router:external': False, 'provider:network_type': 'vlan', 'provider:physical_network': 'default', 'provider:segmentation_id': 936, 'availability_zone_hints': [], 'availability_zones': [], 'ipv4_address_scope': None, 'ipv6_address_scope': None, 'description': '', 'tags': [], 'created_at': '2025-12-15T14:49:22Z', 'updated_at': '2025-12-15T14:49:22Z', 'revision_number': 1} available for tenant
2025-12-15 14:49:25.878 65811 INFO tempest.lib.common.rest_client [req-a28a3d33-ac23-422e-a57a-487d26d6c0e6 req-a28a3d33-ac23-422e-a57a-487d26d6c0e6 ] Request (ServersAdminNegativeTestJSON:test_migrate_server_invalid_state): 200 GET http://10.180.1.21/compute/v2.1/servers/eba4cddb-bd5f-490a-a561-c86543f6be54 8.276s
2025-12-15 14:49:25.882 65853 INFO tempest.lib.common.rest_client [req-3af770ed-caa9-45ef-97e8-3db35df7922d req-3af770ed-caa9-45ef-97e8-3db35df7922d ] Request (MultipleCreateNegativeTestJSON:test_min_count_non_integer): 400 POST http://10.180.1.21/compute/v2.1/servers 8.007s
2025-12-15 14:49:25.971 65813 INFO tempest.lib.common.rest_client [req-a1cb92e9-4f53-4c9f-ac55-49bdbaaae7c7 req-a1cb92e9-4f53-4c9f-ac55-49bdbaaae7c7 ] Request (ServersAdminTestJSON:setUpClass): 201 POST http://10.180.1.21/networking/v2.0/routers 0.840s
2025-12-15 14:49:26.048 65853 INFO tempest.lib.common.rest_client [req-289ad107-daae-4ca0-9d75-650730f2e872 req-289ad107-daae-4ca0-9d75-650730f2e872 ] Request (MultipleCreateNegativeTestJSON:tearDownClass): 204 DELETE http://10.180.1.21/identity/v3/users/5137809917394bf2b821fa9cd7401905 0.160s
2025-12-15 14:49:26.048 65853 INFO tempest.lib.common.dynamic_creds [-] Deleting project and security group for project: 590452b741954ab990e4f4998f49f4c8
2025-12-15 14:49:26.087 65817 INFO tempest.lib.common.rest_client [req-b1d17731-bf87-4de3-8af9-90c66722eeca req-b1d17731-bf87-4de3-8af9-90c66722eeca ] Request (ListImageFiltersTestJSON:setUpClass): 200 GET http://10.180.1.21/compute/v2.1/servers/0b4d4b21-b565-4f03-b1f9-7a79bb7fd14e 8.503s
2025-12-15 14:49:26.095 65817 INFO tempest.common.waiters [-] State transition "BUILD/None" ==> "BUILD/spawning" after 29 second wait
2025-12-15 14:49:26.102 65829 INFO tempest.lib.common.rest_client [req-291cb395-1b0b-4a52-a031-3f6773b4db48 req-291cb395-1b0b-4a52-a031-3f6773b4db48 ] Request (ServersTestMultiNic:_run_cleanups): 200 GET http://10.180.1.21/compute/v2.1/servers/7e638e3d-f443-4912-8ce2-69bc2ae0c88e 7.733s
2025-12-15 14:49:26.113 65821 INFO tempest.lib.common.rest_client [req-f7997a84-2279-4e61-89a5-6545ff43e69b req-f7997a84-2279-4e61-89a5-6545ff43e69b ] Request (ServersTestManualDisk:test_verify_created_server_vcpus): 200 GET http://10.180.1.21/compute/v2.1/flavors/42 6.543s
2025-12-15 14:49:26.116 65821 INFO tempest.lib.common.ssh [-] Creating ssh connection to '10.180.180.180:22' as 'cirros' with public key authentication
2025-12-15 14:49:26.117 65853 INFO tempest.lib.common.rest_client [req-8d67b58b-ef6a-4a73-bebc-b46b30c82abf req-8d67b58b-ef6a-4a73-bebc-b46b30c82abf ] Request (MultipleCreateNegativeTestJSON:tearDownClass): 201 POST http://10.180.1.21/identity/v3/auth/tokens 0.068s
2025-12-15 14:49:26.121 65821 INFO paramiko.transport [-] Connected (version 2.0, client dropbear_2020.81)
2025-12-15 14:49:26.125 65859 INFO tempest.lib.common.rest_client [req-ff2f9070-030a-4088-9248-0f4f4c9b41fa req-ff2f9070-030a-4088-9248-0f4f4c9b41fa ] Request (FlavorsAccessNegativeTestJSON:_run_cleanups): 200 GET http://10.180.1.21/compute/v2.1/flavors/detail 6.539s
2025-12-15 14:49:26.138 65803 INFO tempest.lib.common.rest_client [req-14c8df34-eb24-44d5-84c1-0fc41bfd8a7c req-14c8df34-eb24-44d5-84c1-0fc41bfd8a7c ] Request (FlavorsV2TestJSON:test_list_flavors_with_detail): 200 GET http://10.180.1.21/compute/v2.1/flavors/detail 6.507s
2025-12-15 14:49:26.178 65821 INFO paramiko.transport [-] Authentication (publickey) successful!
2025-12-15 14:49:26.178 65821 INFO tempest.lib.common.ssh [-] ssh connection to cirros@10.180.180.180 successfully created
2025-12-15 14:49:26.552 65853 INFO tempest.lib.common.rest_client [req-fc1f03b0-e08a-4e3e-90f2-ce6fb5858265 req-fc1f03b0-e08a-4e3e-90f2-ce6fb5858265 ] Request (MultipleCreateNegativeTestJSON:tearDownClass): 200 GET http://10.180.1.21/networking/v2.0/security-groups?tenant_id=590452b741954ab990e4f4998f49f4c8&name=default 0.435s
