2025-12-13 04:54:33.827 65485 INFO tempest.lib.common.rest_client [req-b9a43e7c-adfa-4849-b751-1b2b452cda02 req-b9a43e7c-adfa-4849-b751-1b2b452cda02 ] Request (ServersAdminTestJSON:tearDownClass): 200 GET http://10.180.1.21/compute/v2.1/servers/9dceb2bb-b6d5-46e0-afe1-9e10b4aea934 0.752s
2025-12-13 04:54:33.890 65521 INFO tempest.lib.common.rest_client [req-fe01f3b2-2cca-4e4f-9a4c-ebca21f48593 req-fe01f3b2-2cca-4e4f-9a4c-ebca21f48593 ] Request (InstanceActionsTestJSON:setUpClass): 200 PUT http://10.180.1.21/networking/v2.0/routers/b58c7db3-9a59-426e-88d3-eb6beeec1bf6/add_router_interface 0.814s
2025-12-13 04:54:33.890 65521 INFO tempest.lib.common.dynamic_creds [-] Created isolated network resources for: credentials: Credentials: {'domain_id': 'default', 'domain_name': 'Default', 'username': 'tempest-InstanceActionsTestJSON-288461535-project-member', 'project_domain_id': 'default', 'project_domain_name': 'Default', 'project_id': 'f78ccd95d48e4394a4dc3a06faf013e0', 'project_name': 'tempest-InstanceActionsTestJSON-288461535', 'tenant_id': 'f78ccd95d48e4394a4dc3a06faf013e0', 'tenant_name': 'tempest-InstanceActionsTestJSON-288461535', 'user_domain_id': 'default', 'user_domain_name': 'Default', 'user_id': '0254492e1bb1433abcb3019b10bc9bc9', 'system': None}, Network: {'id': 'e33a79ab-e983-4c8c-bd58-dc026374e9ab', 'name': 'tempest-InstanceActionsTestJSON-1369200790-network', 'tenant_id': 'f78ccd95d48e4394a4dc3a06faf013e0', 'project_id': 'f78ccd95d48e4394a4dc3a06faf013e0', 'admin_state_up': True, 'mtu': 8950, 'status': 'ACTIVE', 'subnets': [], 'shared': False, 'port_security_enabled': True, 'router:external': False, 'provider:network_type': 'vlan', 'provider:physical_network': 'default', 'provider:segmentation_id': 907, 'availability_zone_hints': [], 'availability_zones': [], 'ipv4_address_scope': None, 'ipv6_address_scope': None, 'description': '', 'tags': [], 'created_at': '2025-12-13T04:54:32Z', 'updated_at': '2025-12-13T04:54:32Z', 'revision_number': 1}, Subnet: {'id': 'a68f394b-d66e-4cca-a04b-fda0396333ca', 'name': 'tempest-InstanceActionsTestJSON-1369200790-subnet', 'tenant_id': 'f78ccd95d48e4394a4dc3a06faf013e0', 'network_id': 'e33a79ab-e983-4c8c-bd58-dc026374e9ab', 'ip_version': 4, 'subnetpool_id': None, 'enable_dhcp': True, 'ipv6_ra_mode': None, 'ipv6_address_mode': None, 'gateway_ip': '192.168.128.1', 'cidr': '192.168.128.0/28', 'allocation_pools': [{'start': '192.168.128.2', 'end': '192.168.128.14'}], 'host_routes': [], 'dns_nameservers': [], 'description': '', 'router:external': False, 'service_types': [], 'tags': [], 'created_at': '2025-12-13T04:54:32Z', 'updated_at': '2025-12-13T04:54:32Z', 'revision_number': 0, 'project_id': 'f78ccd95d48e4394a4dc3a06faf013e0'}, Router: {'id': 'b58c7db3-9a59-426e-88d3-eb6beeec1bf6', 'name': 'tempest-InstanceActionsTestJSON-1369200790-router', 'tenant_id': 'f78ccd95d48e4394a4dc3a06faf013e0', 'admin_state_up': True, 'status': 'ACTIVE', 'external_gateway_info': {'network_id': '9728d5d9-75b2-47df-849a-e02526358913', 'external_fixed_ips': [{'subnet_id': '20256e5a-743d-4424-a341-2ad98d03105a', 'ip_address': '10.180.180.211'}], 'enable_snat': True}, 'description': '', 'availability_zones': [], 'distributed': False, 'ha': False, 'availability_zone_hints': [], 'routes': [], 'flavor_id': None, 'tags': [], 'created_at': '2025-12-13T04:54:32Z', 'updated_at': '2025-12-13T04:54:32Z', 'revision_number': 2, 'project_id': 'f78ccd95d48e4394a4dc3a06faf013e0'}
2025-12-13 04:54:33.951 65493 INFO tempest.lib.common.rest_client [req-2d1f5e5d-565a-4d93-afc8-a1bbae58b9cd req-2d1f5e5d-565a-4d93-afc8-a1bbae58b9cd ] Request (ServerAddressesNegativeTestJSON:tearDownClass): 200 GET http://10.180.1.21/compute/v2.1/servers/88dc432e-d38f-4fe5-b93f-5a79179710a6 0.777s
2025-12-13 04:54:33.952 65487 INFO tempest.lib.common.rest_client [req-019cb00e-b276-47a2-9abc-fbf6b38f9077 req-019cb00e-b276-47a2-9abc-fbf6b38f9077 ] Request (ServerActionsTestJSON:test_lock_unlock_server): 200 GET http://10.180.1.21/compute/v2.1/servers/6b58ba2a-b5e3-4af4-ae25-877489c249ef 0.926s
2025-12-13 04:54:33.999 65521 INFO tempest.lib.common.rest_client [req-c7107382-68ae-4290-b633-37184112e071 req-c7107382-68ae-4290-b633-37184112e071 ] Request (InstanceActionsTestJSON:setUpClass): 201 POST http://10.180.1.21/identity/v3/auth/tokens 0.104s
2025-12-13 04:54:34.033 65521 INFO tempest.lib.common.rest_client [req-a4b541ca-5b2f-4867-907a-e56ee7f5d79e req-a4b541ca-5b2f-4867-907a-e56ee7f5d79e ] Request (InstanceActionsTestJSON:setUpClass): 201 POST http://10.180.1.21/identity/v3/auth/tokens 0.030s
2025-12-13 04:54:34.034 65521 INFO tempest.lib.common.fixed_network [-] (InstanceActionsTestJSON:setUpClass) Found network {'id': 'e33a79ab-e983-4c8c-bd58-dc026374e9ab', 'name': 'tempest-InstanceActionsTestJSON-1369200790-network', 'tenant_id': 'f78ccd95d48e4394a4dc3a06faf013e0', 'project_id': 'f78ccd95d48e4394a4dc3a06faf013e0', 'admin_state_up': True, 'mtu': 8950, 'status': 'ACTIVE', 'subnets': [], 'shared': False, 'port_security_enabled': True, 'router:external': False, 'provider:network_type': 'vlan', 'provider:physical_network': 'default', 'provider:segmentation_id': 907, 'availability_zone_hints': [], 'availability_zones': [], 'ipv4_address_scope': None, 'ipv6_address_scope': None, 'description': '', 'tags': [], 'created_at': '2025-12-13T04:54:32Z', 'updated_at': '2025-12-13T04:54:32Z', 'revision_number': 1} available for tenant
2025-12-13 04:54:34.239 65519 INFO tempest.lib.common.rest_client [req-f388a4ef-7ab0-427e-a1b0-9ec739e06188 req-f388a4ef-7ab0-427e-a1b0-9ec739e06188 ] Request (AttachVolumeTestJSON:test_attach_detach_volume): 200 GET http://10.180.1.21/compute/v2.1/servers/0958f8a9-3e4b-4427-8d60-923580bed491 1.038s
2025-12-13 04:54:34.275 65507 INFO tempest.lib.common.rest_client [req-3d5f90a0-ae94-44fc-98c4-e1920a8a5765 req-3d5f90a0-ae94-44fc-98c4-e1920a8a5765 ] Request (MigrationsAdminTest:test_resize_server_revert_deleted_flavor): 200 GET http://10.180.1.21/compute/v2.1/servers/02c73f69-6d13-4f20-bbbf-e6a32f523698 0.991s
2025-12-13 04:54:34.282 65507 INFO tempest.common.waiters [-] State transition "RESIZE/resize_finish" ==> "VERIFY_RESIZE/None" after 45 second wait
2025-12-13 04:54:34.319 65525 INFO tempest.lib.common.rest_client [req-4858ff52-0dc6-4a97-8914-b23b29ce91ce req-4858ff52-0dc6-4a97-8914-b23b29ce91ce ] Request (ServersTestFqdnHostnames:tearDownClass): 204 DELETE http://10.180.1.21/networking/v2.0/routers/8493eed4-7e64-4d16-88e4-d28c0baafd39 0.575s
2025-12-13 04:54:34.323 65545 INFO tempest.lib.common.rest_client [req-2fd95d49-40d7-48b0-8f6e-bab1aa7ca4f8 req-2fd95d49-40d7-48b0-8f6e-bab1aa7ca4f8 ] Request (ServersTestJSON:test_create_specify_keypair): 200 GET http://10.180.1.21/compute/v2.1/servers/7e64fd78-5071-4b13-9679-023093236628 1.024s
2025-12-13 04:54:34.371 65497 INFO tempest.lib.common.rest_client [req-f89afd57-d6d3-420e-9223-bb0af4cdad33 req-f89afd57-d6d3-420e-9223-bb0af4cdad33 ] Request (ListServersNegativeTestJSON:setUpClass): 200 GET http://10.180.1.21/compute/v2.1/servers/95d73deb-2a84-453c-89af-5b00fbbb781b 0.943s
2025-12-13 04:54:34.436 65525 INFO tempest.lib.common.rest_client [req-ce80db9a-39e9-4989-8698-ca29cb0ff277 req-ce80db9a-39e9-4989-8698-ca29cb0ff277 ] Request (ServersTestFqdnHostnames:tearDownClass): 204 DELETE http://10.180.1.21/networking/v2.0/subnets/962a50bd-e377-401c-8b33-32ea9eaf780e 0.116s
2025-12-13 04:54:34.458 65541 INFO tempest.lib.common.rest_client [req-7088392f-3c18-4c84-afcc-0a97bee06471 req-7088392f-3c18-4c84-afcc-0a97bee06471 ] Request (ImagesTestJSON:test_create_server_from_snapshot): 200 GET http://10.180.1.21/compute/v2.1/servers/a8660408-1e6a-4d12-bb38-d6ab98f2d119 0.975s
2025-12-13 04:54:34.488 65503 INFO tempest.lib.common.rest_client [req-c7130a9e-0669-4904-aab8-513170132280 req-c7130a9e-0669-4904-aab8-513170132280 ] Request (ServerPasswordTestJSON:setUpClass): 200 GET http://10.180.1.21/compute/v2.1/servers/aa76c66d-bf40-48e2-ad61-bfd6894a6763 1.031s
2025-12-13 04:54:34.497 65503 INFO tempest.common.waiters [-] State transition "BUILD/spawning" ==> "ACTIVE/None" after 42 second wait
2025-12-13 04:54:34.524 65537 INFO tempest.lib.common.rest_client [req-3562c259-9974-41ab-bb75-1adf97264c76 req-3562c259-9974-41ab-bb75-1adf97264c76 ] Request (DeleteServersTestJSON:test_delete_active_server): 200 GET http://10.180.1.21/compute/v2.1/servers/8d78413d-466e-4d9a-94f3-3f4df0d2c027 1.010s
2025-12-13 04:54:34.545 65483 INFO tempest.lib.common.rest_client [req-6dcaeb34-c403-44ef-b685-2c90d7155cb2 req-6dcaeb34-c403-44ef-b685-2c90d7155cb2 ] Request (ServerDiskConfigTestJSON:test_rebuild_server_with_manual_disk_config): 200 GET http://10.180.1.21/compute/v2.1/servers/0a1774a3-c1e5-4c96-b1d5-e0837c6b87a5 0.998s
2025-12-13 04:54:34.587 65543 INFO tempest.lib.common.rest_client [req-c89fa12b-72da-4182-87cb-de484ecf748d req-c89fa12b-72da-4182-87cb-de484ecf748d ] Request (ListImageFiltersTestJSON:tearDownClass): 200 GET http://10.180.1.21/compute/v2.1/servers/b78695ff-f59f-4982-a2ce-5e1a4d2f8aea 0.985s
2025-12-13 04:54:34.599 65499 INFO tempest.lib.common.rest_client [req-a68beb9e-0c7a-403b-8fa7-0df2150acaa3 req-a68beb9e-0c7a-403b-8fa7-0df2150acaa3 ] Request (MultipleCreateTestJSON:test_multiple_create_with_reservation_return): 200 GET http://10.180.1.21/compute/v2.1/servers/af1d3498-748d-4ad7-881d-8d2b98dfac90 0.958s
2025-12-13 04:54:34.653 65511 INFO tempest.lib.common.rest_client [req-750f766b-8e64-498f-9b24-02e2dd484891 req-750f766b-8e64-498f-9b24-02e2dd484891 ] Request (ServersNegativeTestMultiTenantJSON:tearDownClass): 200 GET http://10.180.1.21/compute/v2.1/servers/da22ff0b-0310-4c4e-a094-9cab1b9ccaba 0.963s
2025-12-13 04:54:34.667 65539 INFO tempest.lib.common.rest_client [req-c2d5c01c-8f87-4e5f-b4e8-4d4e5917c354 req-c2d5c01c-8f87-4e5f-b4e8-4d4e5917c354 ] Request (FloatingIPsAssociationNegativeTestJSON:setUpClass): 200 GET http://10.180.1.21/compute/v2.1/servers/f23be136-0b91-4493-8b6e-3d22847d58f6 0.860s
2025-12-13 04:54:34.713 65525 INFO tempest.lib.common.rest_client [req-895cf4be-005b-4de4-b220-91924b08d423 req-895cf4be-005b-4de4-b220-91924b08d423 ] Request (ServersTestFqdnHostnames:tearDownClass): 204 DELETE http://10.180.1.21/networking/v2.0/networks/6d82bab8-fe0b-4951-9b04-3ea6a43651aa 0.276s
2025-12-13 04:54:34.731 65495 INFO tempest.lib.common.rest_client [req-999747ee-f1ee-480b-8602-bad562503e24 req-999747ee-f1ee-480b-8602-bad562503e24 ] Request (SecurityGroupsTestJSON:test_server_security_groups): 200 GET http://10.180.1.21/compute/v2.1/servers/c8803164-f25e-4161-bf8e-cb9ab8cde603 0.898s
2025-12-13 04:54:34.800 65489 INFO tempest.lib.common.rest_client [req-bfc3407c-a381-49ac-9d8d-56d54df4c19a req-bfc3407c-a381-49ac-9d8d-56d54df4c19a ] Request (ImagesOneServerNegativeTestJSON:_run_cleanups): 200 GET http://10.180.1.21/compute/v2.1/servers/1732653b-4418-45f2-b974-e6603ce3fc57 0.677s
2025-12-13 04:54:34.832 65525 INFO tempest.lib.common.rest_client [req-31e149f2-3462-4b3b-a144-8d061e528e99 req-31e149f2-3462-4b3b-a144-8d061e528e99 ] Request (ServersTestFqdnHostnames:tearDownClass): 204 DELETE http://10.180.1.21/identity/v3/users/edeed908fa234d59b478b8c85131ddbb 0.118s
2025-12-13 04:54:34.832 65525 INFO tempest.lib.common.dynamic_creds [-] Deleting project and security group for project: 6f0ae02bc02c4f1e902b5daf3ef9fa16
2025-12-13 04:54:34.875 65510 INFO tempest.lib.common.rest_client [req-7d831a0b-3925-48d8-93aa-58bca6f27b5c req-7d831a0b-3925-48d8-93aa-58bca6f27b5c ] Request (ServerDiagnosticsV248Test:tearDownClass): 200 GET http://10.180.1.21/compute/v2.1/servers/9fad83d4-18ec-4194-9f17-1de63742dd55 0.742s
2025-12-13 04:54:34.897 65525 INFO tempest.lib.common.rest_client [req-35218f8f-960f-460b-b9ce-5719b3bf57aa req-35218f8f-960f-460b-b9ce-5719b3bf57aa ] Request (ServersTestFqdnHostnames:tearDownClass): 200 GET http://10.180.1.21/networking/v2.0/security-groups?tenant_id=6f0ae02bc02c4f1e902b5daf3ef9fa16&name=default 0.065s
2025-12-13 04:54:35.014 65525 INFO tempest.lib.common.rest_client [req-22ad8b7a-1464-4ea7-8063-2392a0808b99 req-22ad8b7a-1464-4ea7-8063-2392a0808b99 ] Request (ServersTestFqdnHostnames:tearDownClass): 204 DELETE http://10.180.1.21/networking/v2.0/security-groups/751005f3-ce0e-48f9-9d39-f8be39901da2 0.117s
2025-12-13 04:54:35.023 65507 INFO tempest.lib.common.rest_client [req-25331c84-eadc-4df8-a534-1578f07e63a0 req-25331c84-eadc-4df8-a534-1578f07e63a0 ] Request (MigrationsAdminTest:test_resize_server_revert_deleted_flavor): 202 POST http://10.180.1.21/compute/v2.1/servers/02c73f69-6d13-4f20-bbbf-e6a32f523698/action 0.740s
2025-12-13 04:54:35.036 65501 WARNING tempest.lib.common.ssh [-] Failed to establish authenticated ssh connection to cirros@10.180.180.134 ([Errno None] Unable to connect to port 22 on 10.180.180.134). Number attempts: 13. Retry after 14 seconds.: paramiko.ssh_exception.NoValidConnectionsError: [Errno None] Unable to connect to port 22 on 10.180.180.134
2025-12-13 04:54:35.089 65503 INFO tempest.lib.common.rest_client [req-5afd204c-d00d-4e34-826e-0dfe6f16c8df req-5afd204c-d00d-4e34-826e-0dfe6f16c8df ] Request (ServerPasswordTestJSON:test_delete_server_password): 204 DELETE http://10.180.1.21/compute/v2.1/servers/aa76c66d-bf40-48e2-ad61-bfd6894a6763/os-server-password 0.590s
2025-12-13 04:54:35.137 65525 INFO tempest.lib.common.rest_client [req-c63906d2-5c07-4371-89a5-411a95e6ae06 req-c63906d2-5c07-4371-89a5-411a95e6ae06 ] Request (ServersTestFqdnHostnames:tearDownClass): 204 DELETE http://10.180.1.21/identity/v3/projects/6f0ae02bc02c4f1e902b5daf3ef9fa16 0.122s
2025-12-13 04:54:35.182 65485 INFO tempest.lib.common.rest_client [req-8918cf21-a1d7-491b-a36e-a78848b8976c req-8918cf21-a1d7-491b-a36e-a78848b8976c ] Request (ServersAdminTestJSON:tearDownClass): 200 GET http://10.180.1.21/compute/v2.1/servers/9dceb2bb-b6d5-46e0-afe1-9e10b4aea934 0.345s
2025-12-13 04:54:35.206 65525 INFO tempest.lib.common.rest_client [req-17e2b2f6-5bfa-4470-99c8-5375cd914179 req-17e2b2f6-5bfa-4470-99c8-5375cd914179 ] Request (ServerGroup264TestJSON:setUpClass): 201 POST http://10.180.1.21/identity/v3/auth/tokens 0.068s
2025-12-13 04:54:35.210 65521 INFO tempest.lib.common.rest_client [req-67f57f67-1f23-4a08-a39d-5a718767540c req-67f57f67-1f23-4a08-a39d-5a718767540c ] Request (InstanceActionsTestJSON:setUpClass): 202 POST http://10.180.1.21/compute/v2.1/servers 1.175s
2025-12-13 04:54:35.243 65525 INFO tempest.lib.common.rest_client [req-55e7c621-bbbd-43ff-83b3-4713b982e51a req-55e7c621-bbbd-43ff-83b3-4713b982e51a ] Request (ServerGroup264TestJSON:setUpClass): 201 POST http://10.180.1.21/identity/v3/auth/tokens 0.034s
2025-12-13 04:54:35.276 65493 INFO tempest.lib.common.rest_client [req-c2bc17da-6416-4dc1-9e35-058f30baef15 req-c2bc17da-6416-4dc1-9e35-058f30baef15 ] Request (ServerAddressesNegativeTestJSON:tearDownClass): 200 GET http://10.180.1.21/compute/v2.1/servers/88dc432e-d38f-4fe5-b93f-5a79179710a6 0.314s
2025-12-13 04:54:35.280 65525 INFO tempest.lib.common.rest_client [req-3c97005e-a3e6-4ab8-8da2-4a0a00dc3d2f req-3c97005e-a3e6-4ab8-8da2-4a0a00dc3d2f ] Request (ServerGroup264TestJSON:setUpClass): 200 GET http://10.180.1.21/identity/v3/domains?name=Default 0.036s
2025-12-13 04:54:35.294 65487 INFO tempest.lib.common.rest_client [req-062a9e22-ab0a-4da8-ae01-d677f0d1d16a req-062a9e22-ab0a-4da8-ae01-d677f0d1d16a ] Request (ServerActionsTestJSON:test_lock_unlock_server): 200 GET http://10.180.1.21/compute/v2.1/servers/6b58ba2a-b5e3-4af4-ae25-877489c249ef 0.332s
2025-12-13 04:54:35.313 65525 INFO tempest.lib.common.rest_client [req-a132d99a-635a-48a0-b705-c569ba21a199 req-a132d99a-635a-48a0-b705-c569ba21a199 ] Request (ServerGroup264TestJSON:setUpClass): 201 POST http://10.180.1.21/identity/v3/projects 0.032s
2025-12-13 04:54:35.321 65503 INFO tempest.lib.common.rest_client [req-f22d644f-682c-4423-a426-3fd9cf20a664 req-f22d644f-682c-4423-a426-3fd9cf20a664 ] Request (ServerPasswordTestJSON:test_get_server_password): 200 GET http://10.180.1.21/compute/v2.1/servers/aa76c66d-bf40-48e2-ad61-bfd6894a6763/os-server-password 0.227s
2025-12-13 04:54:35.375 65521 INFO tempest.lib.common.rest_client [req-cb66caf7-e17f-4f92-b3b6-c69a9f65cc98 req-cb66caf7-e17f-4f92-b3b6-c69a9f65cc98 ] Request (InstanceActionsTestJSON:setUpClass): 200 GET http://10.180.1.21/compute/v2.1/servers/066d2417-0110-4a50-b8a0-4fa8c3c31c37 0.163s
2025-12-13 04:54:35.391 65507 INFO tempest.lib.common.rest_client [req-d0458b96-139c-46c0-98f0-ea97e6df977b req-d0458b96-139c-46c0-98f0-ea97e6df977b ] Request (MigrationsAdminTest:test_resize_server_revert_deleted_flavor): 200 GET http://10.180.1.21/compute/v2.1/servers/02c73f69-6d13-4f20-bbbf-e6a32f523698 0.367s
2025-12-13 04:54:35.420 65525 INFO tempest.lib.common.rest_client [req-5c75bfba-4919-4e11-a58d-ceb06647635c req-5c75bfba-4919-4e11-a58d-ceb06647635c ] Request (ServerGroup264TestJSON:setUpClass): 201 POST http://10.180.1.21/identity/v3/users 0.107s
2025-12-13 04:54:35.445 65525 INFO tempest.lib.common.rest_client [req-6d311872-e81d-47cd-aa91-9d342d759d94 req-6d311872-e81d-47cd-aa91-9d342d759d94 ] Request (ServerGroup264TestJSON:setUpClass): 200 GET http://10.180.1.21/identity/v3/roles 0.024s
2025-12-13 04:54:35.475 65503 INFO tempest.lib.common.rest_client [req-9d7fbf4f-9256-445a-82c7-3de9042d032e req-9d7fbf4f-9256-445a-82c7-3de9042d032e ] Request (ServerPasswordTestJSON:tearDownClass): 204 DELETE http://10.180.1.21/compute/v2.1/servers/aa76c66d-bf40-48e2-ad61-bfd6894a6763 0.152s
2025-12-13 04:54:35.482 65491 WARNING tempest.lib.common.ssh [-] Failed to establish authenticated ssh connection to cirros@10.180.180.199 ([Errno None] Unable to connect to port 22 on 10.180.180.199). Number attempts: 15. Retry after 16 seconds.: paramiko.ssh_exception.NoValidConnectionsError: [Errno None] Unable to connect to port 22 on 10.180.180.199
2025-12-13 04:54:35.494 65525 INFO tempest.lib.common.rest_client [req-77c8c6d1-9162-41bc-a718-0d660b2369dc req-77c8c6d1-9162-41bc-a718-0d660b2369dc ] Request (ServerGroup264TestJSON:setUpClass): 204 PUT http://10.180.1.21/identity/v3/projects/c4fbbe038eb34e729d3413175d8c5ee8/users/5957bebd943644079c6fdfc25145d77a/roles/792686e83c254ebd957b042d1a33cc2b 0.048s
2025-12-13 04:54:35.495 65525 INFO tempest.lib.common.dynamic_creds [-] Dynamic test user 5957bebd943644079c6fdfc25145d77a is created with scope project and roles: ['member']
2025-12-13 04:54:35.495 65525 INFO tempest.lib.common.dynamic_creds [-] Acquired dynamic creds: credentials: Credentials: {'domain_id': 'default', 'domain_name': 'Default', 'username': 'tempest-ServerGroup264TestJSON-2004270066-project-member', 'project_domain_id': 'default', 'project_domain_name': 'Default', 'project_id': 'c4fbbe038eb34e729d3413175d8c5ee8', 'project_name': 'tempest-ServerGroup264TestJSON-2004270066', 'tenant_id': 'c4fbbe038eb34e729d3413175d8c5ee8', 'tenant_name': 'tempest-ServerGroup264TestJSON-2004270066', 'user_domain_id': 'default', 'user_domain_name': 'Default', 'user_id': '5957bebd943644079c6fdfc25145d77a', 'system': None}, Network: None, Subnet: None, Router: None
2025-12-13 04:54:35.518 65519 INFO tempest.lib.common.rest_client [req-e9c77a7c-eba9-45c8-82d1-bd6b13da7356 req-e9c77a7c-eba9-45c8-82d1-bd6b13da7356 ] Request (AttachVolumeTestJSON:test_attach_detach_volume): 200 GET http://10.180.1.21/compute/v2.1/servers/0958f8a9-3e4b-4427-8d60-923580bed491 0.268s
2025-12-13 04:54:35.535 65545 INFO tempest.lib.common.rest_client [req-23bd27c0-ccb5-446e-aa3d-c9a3c00004ba req-23bd27c0-ccb5-446e-aa3d-c9a3c00004ba ] Request (ServersTestJSON:test_create_specify_keypair): 200 GET http://10.180.1.21/compute/v2.1/servers/7e64fd78-5071-4b13-9679-023093236628 0.200s
2025-12-13 04:54:35.575 65525 INFO tempest.lib.common.rest_client [req-9c488fc2-9b42-48f0-80cc-551589d9879a req-9c488fc2-9b42-48f0-80cc-551589d9879a ] Request (ServerGroup264TestJSON:setUpClass): 201 POST http://10.180.1.21/identity/v3/auth/tokens 0.080s
2025-12-13 04:54:35.589 65497 INFO tempest.lib.common.rest_client [req-f0833fd1-cb5b-4a76-9eee-326596bb9683 req-f0833fd1-cb5b-4a76-9eee-326596bb9683 ] Request (ListServersNegativeTestJSON:setUpClass): 200 GET http://10.180.1.21/compute/v2.1/servers/95d73deb-2a84-453c-89af-5b00fbbb781b 0.209s
2025-12-13 04:54:35.607 65541 INFO tempest.lib.common.rest_client [req-fe38d0ee-2ae9-4a46-86bc-b4ba96e854ee req-fe38d0ee-2ae9-4a46-86bc-b4ba96e854ee ] Request (ImagesTestJSON:test_create_server_from_snapshot): 200 GET http://10.180.1.21/compute/v2.1/servers/a8660408-1e6a-4d12-bb38-d6ab98f2d119 0.138s
2025-12-13 04:54:35.614 65517 WARNING tempest.lib.common.ssh [-] Failed to establish authenticated ssh connection to cirros@10.180.180.142 ([Errno None] Unable to connect to port 22 on 10.180.180.142). Number attempts: 2. Retry after 3 seconds.: paramiko.ssh_exception.NoValidConnectionsError: [Errno None] Unable to connect to port 22 on 10.180.180.142
2025-12-13 04:54:35.633 65537 INFO tempest.lib.common.rest_client [req-9de7f6d7-5e00-4232-912b-87d81e13850f req-9de7f6d7-5e00-4232-912b-87d81e13850f ] Request (DeleteServersTestJSON:test_delete_active_server): 404 GET http://10.180.1.21/compute/v2.1/servers/8d78413d-466e-4d9a-94f3-3f4df0d2c027 0.099s
2025-12-13 04:54:35.701 65537 INFO tempest.lib.common.rest_client [req-a3348d67-9db1-4c05-b364-9c0f4e8e79bf req-a3348d67-9db1-4c05-b364-9c0f4e8e79bf ] Request (DeleteServersTestJSON:test_delete_server_while_in_attached_volume): 201 POST http://10.180.1.21/identity/v3/auth/tokens 0.063s
2025-12-13 04:54:35.701 65537 INFO tempest.lib.common.fixed_network [-] (DeleteServersTestJSON:test_delete_server_while_in_attached_volume) Found network {'id': '53f2f68b-e995-4ed3-963a-c01badaaa831', 'name': 'tempest-DeleteServersTestJSON-263026288-network', 'tenant_id': 'd4f729306d794bf9878e70c19cd56b86', 'project_id': 'd4f729306d794bf9878e70c19cd56b86', 'admin_state_up': True, 'mtu': 8950, 'status': 'ACTIVE', 'subnets': [], 'shared': False, 'port_security_enabled': True, 'router:external': False, 'provider:network_type': 'vlan', 'provider:physical_network': 'default', 'provider:segmentation_id': 606, 'availability_zone_hints': [], 'availability_zones': [], 'ipv4_address_scope': None, 'ipv6_address_scope': None, 'description': '', 'tags': [], 'created_at': '2025-12-13T04:53:13Z', 'updated_at': '2025-12-13T04:53:13Z', 'revision_number': 1} available for tenant
2025-12-13 04:54:35.707 65483 INFO tempest.lib.common.rest_client [req-b0da4f0a-22a3-405f-8f2c-9abde6d5aaef req-b0da4f0a-22a3-405f-8f2c-9abde6d5aaef ] Request (ServerDiskConfigTestJSON:test_rebuild_server_with_manual_disk_config): 200 GET http://10.180.1.21/compute/v2.1/servers/0a1774a3-c1e5-4c96-b1d5-e0837c6b87a5 0.153s
2025-12-13 04:54:35.747 65503 INFO tempest.lib.common.rest_client [req-a8ea3c97-d11b-43b3-9a9d-36bd4d584c8b req-a8ea3c97-d11b-43b3-9a9d-36bd4d584c8b ] Request (ServerPasswordTestJSON:tearDownClass): 200 GET http://10.180.1.21/compute/v2.1/servers/aa76c66d-bf40-48e2-ad61-bfd6894a6763 0.271s
2025-12-13 04:54:35.794 65543 INFO tempest.lib.common.rest_client [req-dc37c5d2-f567-469b-bb06-b1641f78a2b7 req-dc37c5d2-f567-469b-bb06-b1641f78a2b7 ] Request (ListImageFiltersTestJSON:tearDownClass): 200 GET http://10.180.1.21/compute/v2.1/servers/b78695ff-f59f-4982-a2ce-5e1a4d2f8aea 0.197s
2025-12-13 04:54:35.808 65499 INFO tempest.lib.common.rest_client [req-36ad1aa8-31e5-4e99-9acb-4de24fa4d4f8 req-36ad1aa8-31e5-4e99-9acb-4de24fa4d4f8 ] Request (MultipleCreateTestJSON:test_multiple_create_with_reservation_return): 200 GET http://10.180.1.21/compute/v2.1/servers/af1d3498-748d-4ad7-881d-8d2b98dfac90 0.188s
2025-12-13 04:54:35.870 65511 INFO tempest.lib.common.rest_client [req-c3de7771-3414-4f85-b1de-ef868839777a req-c3de7771-3414-4f85-b1de-ef868839777a ] Request (ServersNegativeTestMultiTenantJSON:tearDownClass): 200 GET http://10.180.1.21/compute/v2.1/servers/da22ff0b-0310-4c4e-a094-9cab1b9ccaba 0.208s
2025-12-13 04:54:35.901 65539 INFO tempest.lib.common.rest_client [req-a487530b-709b-4462-baad-ef58270a3cbf req-a487530b-709b-4462-baad-ef58270a3cbf ] Request (FloatingIPsAssociationNegativeTestJSON:setUpClass): 200 GET http://10.180.1.21/compute/v2.1/servers/f23be136-0b91-4493-8b6e-3d22847d58f6 0.221s
2025-12-13 04:54:35.947 65525 INFO tempest.lib.common.rest_client [req-5ad086fb-5d72-4f84-8b04-10040b48db39 req-5ad086fb-5d72-4f84-8b04-10040b48db39 ] Request (ServerGroup264TestJSON:setUpClass): 201 POST http://10.180.1.21/networking/v2.0/networks 0.371s
2025-12-13 04:54:35.985 65535 WARNING tempest.lib.common.ssh [-] Failed to establish authenticated ssh connection to cirros@10.180.180.252 ([Errno None] Unable to connect to port 22 on 10.180.180.252). Number attempts: 9. Retry after 10 seconds.: paramiko.ssh_exception.NoValidConnectionsError: [Errno None] Unable to connect to port 22 on 10.180.180.252
2025-12-13 04:54:36.020 65495 INFO tempest.lib.common.rest_client [req-2e20bcc6-e164-4f34-af13-b41937e80798 req-2e20bcc6-e164-4f34-af13-b41937e80798 ] Request (SecurityGroupsTestJSON:test_server_security_groups): 200 GET http://10.180.1.21/compute/v2.1/servers/c8803164-f25e-4161-bf8e-cb9ab8cde603 0.277s
2025-12-13 04:54:36.122 65489 INFO tempest.lib.common.rest_client [req-bfc91d25-4ac7-4900-b678-e4e0fcd9f1fd req-bfc91d25-4ac7-4900-b678-e4e0fcd9f1fd ] Request (ImagesOneServerNegativeTestJSON:_run_cleanups): 200 GET http://10.180.1.21/compute/v2.1/servers/1732653b-4418-45f2-b974-e6603ce3fc57 0.310s
2025-12-13 04:54:36.127 65525 INFO tempest.lib.common.rest_client [req-f570927a-cd0c-4a90-a74c-d83f5d4afa63 req-f570927a-cd0c-4a90-a74c-d83f5d4afa63 ] Request (ServerGroup264TestJSON:setUpClass): 201 POST http://10.180.1.21/networking/v2.0/subnets 0.179s
2025-12-13 04:54:36.244 65510 INFO tempest.lib.common.rest_client [req-04e3dd42-f644-4c65-ab0a-bfa094e9aa53 req-04e3dd42-f644-4c65-ab0a-bfa094e9aa53 ] Request (ServerDiagnosticsV248Test:tearDownClass): 200 GET http://10.180.1.21/compute/v2.1/servers/9fad83d4-18ec-4194-9f17-1de63742dd55 0.357s
2025-12-13 04:54:36.268 65537 INFO tempest.lib.common.rest_client [req-48733c89-a6a4-42fc-8c93-44a050751d6d req-48733c89-a6a4-42fc-8c93-44a050751d6d ] Request (DeleteServersTestJSON:test_delete_server_while_in_attached_volume): 202 POST http://10.180.1.21/compute/v2.1/servers 0.566s
2025-12-13 04:54:36.319 65485 INFO tempest.lib.common.rest_client [req-e07fb388-691b-40cf-a8bc-b87923d47150 req-e07fb388-691b-40cf-a8bc-b87923d47150 ] Request (ServersAdminTestJSON:tearDownClass): 200 GET http://10.180.1.21/compute/v2.1/servers/9dceb2bb-b6d5-46e0-afe1-9e10b4aea934 0.127s
2025-12-13 04:54:36.377 65537 INFO tempest.lib.common.rest_client [req-2d36ad5d-6d3e-4306-b38a-038069323e36 req-2d36ad5d-6d3e-4306-b38a-038069323e36 ] Request (DeleteServersTestJSON:test_delete_server_while_in_attached_volume): 200 GET http://10.180.1.21/compute/v2.1/servers/15b29936-8979-45cb-be20-5fb215a4fe41 0.106s
2025-12-13 04:54:36.435 65493 INFO tempest.lib.common.rest_client [req-e5afdea6-c2b8-435f-8b0a-e8c83079b682 req-e5afdea6-c2b8-435f-8b0a-e8c83079b682 ] Request (ServerAddressesNegativeTestJSON:tearDownClass): 200 GET http://10.180.1.21/compute/v2.1/servers/88dc432e-d38f-4fe5-b93f-5a79179710a6 0.150s
2025-12-13 04:54:36.588 65521 INFO tempest.lib.common.rest_client [req-c97597ff-ab5c-457a-9911-cc4fee8b9b78 req-c97597ff-ab5c-457a-9911-cc4fee8b9b78 ] Request (InstanceActionsTestJSON:setUpClass): 200 GET http://10.180.1.21/compute/v2.1/servers/066d2417-0110-4a50-b8a0-4fa8c3c31c37 0.201s
2025-12-13 04:54:36.646 65487 INFO tempest.lib.common.rest_client [req-17131ef0-ffb6-4a46-9f10-9f5d222f030a req-17131ef0-ffb6-4a46-9f10-9f5d222f030a ] Request (ServerActionsTestJSON:test_lock_unlock_server): 200 GET http://10.180.1.21/compute/v2.1/servers/6b58ba2a-b5e3-4af4-ae25-877489c249ef 0.341s
2025-12-13 04:54:36.705 65507 INFO tempest.lib.common.rest_client [req-e51b80b3-9646-43c5-9383-d3b73d4de71e req-e51b80b3-9646-43c5-9383-d3b73d4de71e ] Request (MigrationsAdminTest:test_resize_server_revert_deleted_flavor): 200 GET http://10.180.1.21/compute/v2.1/servers/02c73f69-6d13-4f20-bbbf-e6a32f523698 0.303s
2025-12-13 04:54:36.761 65545 INFO tempest.lib.common.rest_client [req-2bd407c7-b494-43cf-8857-d1714d200462 req-2bd407c7-b494-43cf-8857-d1714d200462 ] Request (ServersTestJSON:test_create_specify_keypair): 200 GET http://10.180.1.21/compute/v2.1/servers/7e64fd78-5071-4b13-9679-023093236628 0.217s
2025-12-13 04:54:36.783 65519 INFO tempest.lib.common.rest_client [req-278e43d7-d8fb-4ff0-9662-8c41bb043695 req-278e43d7-d8fb-4ff0-9662-8c41bb043695 ] Request (AttachVolumeTestJSON:test_attach_detach_volume): 200 GET http://10.180.1.21/compute/v2.1/servers/0958f8a9-3e4b-4427-8d60-923580bed491 0.255s
2025-12-13 04:54:36.793 65519 INFO tempest.common.waiters [-] State transition "BUILD/spawning" ==> "ACTIVE/None" after 41 second wait
2025-12-13 04:54:36.826 65497 INFO tempest.lib.common.rest_client [req-63981991-42fd-45c2-b0fb-cda607f0a460 req-63981991-42fd-45c2-b0fb-cda607f0a460 ] Request (ListServersNegativeTestJSON:setUpClass): 200 GET http://10.180.1.21/compute/v2.1/servers/95d73deb-2a84-453c-89af-5b00fbbb781b 0.228s
2025-12-13 04:54:36.832 65525 INFO tempest.lib.common.rest_client [req-a56c915a-59ee-4d8c-8039-752e525ee8ec req-a56c915a-59ee-4d8c-8039-752e525ee8ec ] Request (ServerGroup264TestJSON:setUpClass): 201 POST http://10.180.1.21/networking/v2.0/routers 0.705s
2025-12-13 04:54:36.844 65541 INFO tempest.lib.common.rest_client [req-ce5693c8-47e0-4ed0-ad2a-60f2ede9265c req-ce5693c8-47e0-4ed0-ad2a-60f2ede9265c ] Request (ImagesTestJSON:test_create_server_from_snapshot): 200 GET http://10.180.1.21/compute/v2.1/servers/a8660408-1e6a-4d12-bb38-d6ab98f2d119 0.228s
2025-12-13 04:54:36.894 65483 INFO tempest.lib.common.rest_client [req-03ec48c1-6408-4487-adc2-e1f904b909e5 req-03ec48c1-6408-4487-adc2-e1f904b909e5 ] Request (ServerDiskConfigTestJSON:test_rebuild_server_with_manual_disk_config): 200 GET http://10.180.1.21/compute/v2.1/servers/0a1774a3-c1e5-4c96-b1d5-e0837c6b87a5 0.179s
2025-12-13 04:54:37.009 65519 INFO tempest.lib.common.rest_client [req-f3005025-22f7-4ce0-9085-f54bd352a654 req-f3005025-22f7-4ce0-9085-f54bd352a654 ] Request (AttachVolumeTestJSON:test_attach_detach_volume): 200 GET http://10.180.1.21/compute/v2.1/servers/0958f8a9-3e4b-4427-8d60-923580bed491/os-interface 0.215s
2025-12-13 04:54:37.048 65503 INFO tempest.lib.common.rest_client [req-2f774009-34a2-472c-bdbe-c142d42f5f1f req-2f774009-34a2-472c-bdbe-c142d42f5f1f ] Request (ServerPasswordTestJSON:tearDownClass): 200 GET http://10.180.1.21/compute/v2.1/servers/aa76c66d-bf40-48e2-ad61-bfd6894a6763 0.292s
2025-12-13 04:54:37.505 65519 INFO tempest.lib.common.rest_client [req-8d58d292-fa10-40bd-afca-ad4b7716467f req-8d58d292-fa10-40bd-afca-ad4b7716467f ] Request (AttachVolumeTestJSON:test_attach_detach_volume): 200 PUT http://10.180.1.21/networking/v2.0/floatingips/f6ca8e9d-6fcb-4d31-a558-b6d0fea4d478 0.493s
2025-12-13 04:54:37.507 65519 INFO tempest.lib.common.ssh [-] Creating ssh connection to '10.180.180.235:22' as 'cirros' with public key authentication
2025-12-13 04:54:37.531 65543 INFO tempest.lib.common.rest_client [req-bb0129f8-2956-46c1-bb40-c27ab903d2bc req-bb0129f8-2956-46c1-bb40-c27ab903d2bc ] Request (ListImageFiltersTestJSON:tearDownClass): 200 GET http://10.180.1.21/compute/v2.1/servers/b78695ff-f59f-4982-a2ce-5e1a4d2f8aea 0.727s
2025-12-13 04:54:37.551 65499 INFO tempest.lib.common.rest_client [req-447bc596-819f-4da6-ac0e-893f01011865 req-447bc596-819f-4da6-ac0e-893f01011865 ] Request (MultipleCreateTestJSON:test_multiple_create_with_reservation_return): 200 GET http://10.180.1.21/compute/v2.1/servers/af1d3498-748d-4ad7-881d-8d2b98dfac90 0.731s
2025-12-13 04:54:37.604 65511 INFO tempest.lib.common.rest_client [req-f00146e9-8e7b-4bcd-a02b-135fbf79a128 req-f00146e9-8e7b-4bcd-a02b-135fbf79a128 ] Request (ServersNegativeTestMultiTenantJSON:tearDownClass): 200 GET http://10.180.1.21/compute/v2.1/servers/da22ff0b-0310-4c4e-a094-9cab1b9ccaba 0.718s
2025-12-13 04:54:37.621 65539 INFO tempest.lib.common.rest_client [req-371e0a3c-d616-4a07-b339-6e624c82d085 req-371e0a3c-d616-4a07-b339-6e624c82d085 ] Request (FloatingIPsAssociationNegativeTestJSON:setUpClass): 200 GET http://10.180.1.21/compute/v2.1/servers/f23be136-0b91-4493-8b6e-3d22847d58f6 0.710s
2025-12-13 04:54:37.667 65495 INFO tempest.lib.common.rest_client [req-bbe587d2-97e5-4743-b651-b58519ed8718 req-bbe587d2-97e5-4743-b651-b58519ed8718 ] Request (SecurityGroupsTestJSON:test_server_security_groups): 200 GET http://10.180.1.21/compute/v2.1/servers/c8803164-f25e-4161-bf8e-cb9ab8cde603 0.636s
2025-12-13 04:54:37.677 65495 INFO tempest.common.waiters [-] State transition "BUILD/None" ==> "BUILD/networking" after 38 second wait
2025-12-13 04:54:37.683 65489 INFO tempest.lib.common.rest_client [req-89066ddc-0c11-48a2-8f84-63ecb41b35aa req-89066ddc-0c11-48a2-8f84-63ecb41b35aa ] Request (ImagesOneServerNegativeTestJSON:_run_cleanups): 200 GET http://10.180.1.21/compute/v2.1/servers/1732653b-4418-45f2-b974-e6603ce3fc57 0.549s
2025-12-13 04:54:37.691 65525 INFO tempest.lib.common.rest_client [req-284eb920-48d3-4e78-a77c-94ed64f13b4d req-284eb920-48d3-4e78-a77c-94ed64f13b4d ] Request (ServerGroup264TestJSON:setUpClass): 200 PUT http://10.180.1.21/networking/v2.0/routers/e2d9c935-44e2-4b8c-90c8-e55ad262459b/add_router_interface 0.857s
2025-12-13 04:54:37.691 65525 INFO tempest.lib.common.dynamic_creds [-] Created isolated network resources for: credentials: Credentials: {'domain_id': 'default', 'domain_name': 'Default', 'username': 'tempest-ServerGroup264TestJSON-2004270066-project-member', 'project_domain_id': 'default', 'project_domain_name': 'Default', 'project_id': 'c4fbbe038eb34e729d3413175d8c5ee8', 'project_name': 'tempest-ServerGroup264TestJSON-2004270066', 'tenant_id': 'c4fbbe038eb34e729d3413175d8c5ee8', 'tenant_name': 'tempest-ServerGroup264TestJSON-2004270066', 'user_domain_id': 'default', 'user_domain_name': 'Default', 'user_id': '5957bebd943644079c6fdfc25145d77a', 'system': None}, Network: {'id': '69d4afee-9dcf-4682-a155-7c4a771a888f', 'name': 'tempest-ServerGroup264TestJSON-1507468063-network', 'tenant_id': 'c4fbbe038eb34e729d3413175d8c5ee8', 'project_id': 'c4fbbe038eb34e729d3413175d8c5ee8', 'admin_state_up': True, 'mtu': 8950, 'status': 'ACTIVE', 'subnets': [], 'shared': False, 'port_security_enabled': True, 'router:external': False, 'provider:network_type': 'vlan', 'provider:physical_network': 'default', 'provider:segmentation_id': 722, 'availability_zone_hints': [], 'availability_zones': [], 'ipv4_address_scope': None, 'ipv6_address_scope': None, 'description': '', 'tags': [], 'created_at': '2025-12-13T04:54:35Z', 'updated_at': '2025-12-13T04:54:35Z', 'revision_number': 1}, Subnet: {'id': '0c10ce98-c32a-4fad-8da3-18654907236e', 'name': 'tempest-ServerGroup264TestJSON-1507468063-subnet', 'tenant_id': 'c4fbbe038eb34e729d3413175d8c5ee8', 'network_id': '69d4afee-9dcf-4682-a155-7c4a771a888f', 'ip_version': 4, 'subnetpool_id': None, 'enable_dhcp': True, 'ipv6_ra_mode': None, 'ipv6_address_mode': None, 'gateway_ip': '192.168.128.1', 'cidr': '192.168.128.0/28', 'allocation_pools': [{'start': '192.168.128.2', 'end': '192.168.128.14'}], 'host_routes': [], 'dns_nameservers': [], 'description': '', 'router:external': False, 'service_types': [], 'tags': [], 'created_at': '2025-12-13T04:54:36Z', 'updated_at': '2025-12-13T04:54:36Z', 'revision_number': 0, 'project_id': 'c4fbbe038eb34e729d3413175d8c5ee8'}, Router: {'id': 'e2d9c935-44e2-4b8c-90c8-e55ad262459b', 'name': 'tempest-ServerGroup264TestJSON-1507468063-router', 'tenant_id': 'c4fbbe038eb34e729d3413175d8c5ee8', 'admin_state_up': True, 'status': 'ACTIVE', 'external_gateway_info': {'network_id': '9728d5d9-75b2-47df-849a-e02526358913', 'external_fixed_ips': [{'subnet_id': '20256e5a-743d-4424-a341-2ad98d03105a', 'ip_address': '10.180.180.149'}], 'enable_snat': True}, 'description': '', 'availability_zones': [], 'distributed': False, 'ha': False, 'availability_zone_hints': [], 'routes': [], 'flavor_id': None, 'tags': [], 'created_at': '2025-12-13T04:54:36Z', 'updated_at': '2025-12-13T04:54:36Z', 'revision_number': 2, 'project_id': 'c4fbbe038eb34e729d3413175d8c5ee8'}
2025-12-13 04:54:37.739 65510 INFO tempest.lib.common.rest_client [req-a2168033-ab39-44be-bfac-f1620131369e req-a2168033-ab39-44be-bfac-f1620131369e ] Request (ServerDiagnosticsV248Test:tearDownClass): 200 GET http://10.180.1.21/compute/v2.1/servers/9fad83d4-18ec-4194-9f17-1de63742dd55 0.484s
2025-12-13 04:54:37.759 65485 INFO tempest.lib.common.rest_client [req-13e73820-0563-4903-aac0-33656f5f0dd7 req-13e73820-0563-4903-aac0-33656f5f0dd7 ] Request (ServersAdminTestJSON:tearDownClass): 200 GET http://10.180.1.21/compute/v2.1/servers/9dceb2bb-b6d5-46e0-afe1-9e10b4aea934 0.430s
2025-12-13 04:54:37.784 65525 INFO tempest.lib.common.rest_client [req-b4cf0055-150d-4b77-bbe1-55d3986dfc05 req-b4cf0055-150d-4b77-bbe1-55d3986dfc05 ] Request (ServerGroup264TestJSON:setUpClass): 201 POST http://10.180.1.21/identity/v3/auth/tokens 0.089s
2025-12-13 04:54:37.792 65537 INFO tempest.lib.common.rest_client [req-95dab0bf-4d6b-416c-8aae-05d4d0985bab req-95dab0bf-4d6b-416c-8aae-05d4d0985bab ] Request (DeleteServersTestJSON:test_delete_server_while_in_attached_volume): 200 GET http://10.180.1.21/compute/v2.1/servers/15b29936-8979-45cb-be20-5fb215a4fe41 0.394s
2025-12-13 04:54:37.801 65537 INFO tempest.common.waiters [-] State transition "BUILD/scheduling" ==> "BUILD/None" after 1 second wait
2025-12-13 04:54:37.826 65493 INFO tempest.lib.common.rest_client [req-a3338a26-5bfa-4dc5-9c20-42646641607a req-a3338a26-5bfa-4dc5-9c20-42646641607a ] Request (ServerAddressesNegativeTestJSON:tearDownClass): 200 GET http://10.180.1.21/compute/v2.1/servers/88dc432e-d38f-4fe5-b93f-5a79179710a6 0.381s
2025-12-13 04:54:37.875 65521 INFO tempest.lib.common.rest_client [req-c8542e62-7cf1-4f44-9e5a-1d7d3938bd52 req-c8542e62-7cf1-4f44-9e5a-1d7d3938bd52 ] Request (InstanceActionsTestJSON:setUpClass): 200 GET http://10.180.1.21/compute/v2.1/servers/066d2417-0110-4a50-b8a0-4fa8c3c31c37 0.275s
2025-12-13 04:54:37.883 65521 INFO tempest.common.waiters [-] State transition "BUILD/scheduling" ==> "BUILD/None" after 2 second wait
2025-12-13 04:54:37.960 65487 INFO tempest.lib.common.rest_client [req-be7dde39-0916-4366-8d84-9290cbae1e44 req-be7dde39-0916-4366-8d84-9290cbae1e44 ] Request (ServerActionsTestJSON:test_lock_unlock_server): 200 GET http://10.180.1.21/compute/v2.1/servers/6b58ba2a-b5e3-4af4-ae25-877489c249ef 0.305s
2025-12-13 04:54:37.967 65487 INFO tempest.common.waiters [-] State transition "SHUTOFF/powering-on" ==> "ACTIVE/None" after 5 second wait
2025-12-13 04:54:38.040 65545 INFO tempest.lib.common.rest_client [req-33446bb4-1d22-4ea5-8900-541bf76a767b req-33446bb4-1d22-4ea5-8900-541bf76a767b ] Request (ServersTestJSON:test_create_specify_keypair): 200 GET http://10.180.1.21/compute/v2.1/servers/7e64fd78-5071-4b13-9679-023093236628 0.271s
2025-12-13 04:54:38.041 65507 INFO tempest.lib.common.rest_client [req-8c5c0e21-148a-4dad-a3c0-cba029ee4f19 req-8c5c0e21-148a-4dad-a3c0-cba029ee4f19 ] Request (MigrationsAdminTest:test_resize_server_revert_deleted_flavor): 200 GET http://10.180.1.21/compute/v2.1/servers/02c73f69-6d13-4f20-bbbf-e6a32f523698 0.327s
2025-12-13 04:54:38.117 65497 INFO tempest.lib.common.rest_client [req-498ba713-8b55-4df0-9f36-afce5af6a144 req-498ba713-8b55-4df0-9f36-afce5af6a144 ] Request (ListServersNegativeTestJSON:setUpClass): 200 GET http://10.180.1.21/compute/v2.1/servers/95d73deb-2a84-453c-89af-5b00fbbb781b 0.283s
2025-12-13 04:54:38.220 65541 INFO tempest.lib.common.rest_client [req-3572df88-0fc9-47b5-a48e-e15c07ffe68b req-3572df88-0fc9-47b5-a48e-e15c07ffe68b ] Request (ImagesTestJSON:test_create_server_from_snapshot): 200 GET http://10.180.1.21/compute/v2.1/servers/a8660408-1e6a-4d12-bb38-d6ab98f2d119 0.362s
2025-12-13 04:54:38.250 65525 INFO tempest.lib.common.rest_client [req-32a04eda-b7c0-4b88-a9fb-184131edc74b req-32a04eda-b7c0-4b88-a9fb-184131edc74b ] Request (ServerGroup264TestJSON:test_create_get_server_group): 200 POST http://10.180.1.21/compute/v2.1/os-server-groups 0.463s
2025-12-13 04:54:38.454 65483 INFO tempest.lib.common.rest_client [req-f297f0d4-73f4-4740-9b9b-c5586c5b4304 req-f297f0d4-73f4-4740-9b9b-c5586c5b4304 ] Request (ServerDiskConfigTestJSON:test_rebuild_server_with_manual_disk_config): 200 GET http://10.180.1.21/compute/v2.1/servers/0a1774a3-c1e5-4c96-b1d5-e0837c6b87a5 0.551s
2025-12-13 04:54:38.616 65523 WARNING tempest.lib.common.ssh [-] Failed to establish authenticated ssh connection to cirros@10.180.180.154 ([Errno None] Unable to connect to port 22 on 10.180.180.154). Number attempts: 11. Retry after 12 seconds.: paramiko.ssh_exception.NoValidConnectionsError: [Errno None] Unable to connect to port 22 on 10.180.180.154
2025-12-13 04:54:38.893 65487 INFO tempest.lib.common.rest_client [req-7aa9ab35-c8b6-46aa-996b-7b6bdb0964f5 req-7aa9ab35-c8b6-46aa-996b-7b6bdb0964f5 ] Request (ServerActionsTestJSON:tearDown): 200 GET http://10.180.1.21/compute/v2.1/servers/6b58ba2a-b5e3-4af4-ae25-877489c249ef 0.925s
2025-12-13 04:54:38.910 65503 INFO tempest.lib.common.rest_client [req-5219fa49-0f8e-4c85-ac11-ec49dcf1a34d req-5219fa49-0f8e-4c85-ac11-ec49dcf1a34d ] Request (ServerPasswordTestJSON:tearDownClass): 200 GET http://10.180.1.21/compute/v2.1/servers/aa76c66d-bf40-48e2-ad61-bfd6894a6763 0.849s
2025-12-13 04:54:38.917 65525 INFO tempest.lib.common.rest_client [req-0c9d26e7-665b-488c-8615-ec4d8310e73d req-0c9d26e7-665b-488c-8615-ec4d8310e73d ] Request (ServerGroup264TestJSON:test_create_get_server_group): 200 GET http://10.180.1.21/compute/v2.1/os-server-groups 0.664s
2025-12-13 04:54:39.005 65499 INFO tempest.lib.common.rest_client [req-83107819-4f33-42e2-a8e6-7ad2af51dcbc req-83107819-4f33-42e2-a8e6-7ad2af51dcbc ] Request (MultipleCreateTestJSON:test_multiple_create_with_reservation_return): 200 GET http://10.180.1.21/compute/v2.1/servers/af1d3498-748d-4ad7-881d-8d2b98dfac90 0.440s
2025-12-13 04:54:39.017 65543 INFO tempest.lib.common.rest_client [req-dee1e7fe-8ddb-4c69-9445-47cf6432da7d req-dee1e7fe-8ddb-4c69-9445-47cf6432da7d ] Request (ListImageFiltersTestJSON:tearDownClass): 200 GET http://10.180.1.21/compute/v2.1/servers/b78695ff-f59f-4982-a2ce-5e1a4d2f8aea 0.472s
2025-12-13 04:54:39.082 65539 INFO tempest.lib.common.rest_client [req-19882a0d-97aa-4aff-8117-aa77791740ae req-19882a0d-97aa-4aff-8117-aa77791740ae ] Request (FloatingIPsAssociationNegativeTestJSON:setUpClass): 200 GET http://10.180.1.21/compute/v2.1/servers/f23be136-0b91-4493-8b6e-3d22847d58f6 0.449s
2025-12-13 04:54:39.095 65511 INFO tempest.lib.common.rest_client [req-fa66aee3-5e53-41f4-bb64-d8645872f22d req-fa66aee3-5e53-41f4-bb64-d8645872f22d ] Request (ServersNegativeTestMultiTenantJSON:tearDownClass): 200 GET http://10.180.1.21/compute/v2.1/servers/da22ff0b-0310-4c4e-a094-9cab1b9ccaba 0.482s
2025-12-13 04:54:39.224 65489 INFO tempest.lib.common.rest_client [req-081f517f-559a-4676-8aeb-ede431a10387 req-081f517f-559a-4676-8aeb-ede431a10387 ] Request (ImagesOneServerNegativeTestJSON:_run_cleanups): 200 GET http://10.180.1.21/compute/v2.1/servers/1732653b-4418-45f2-b974-e6603ce3fc57 0.529s
2025-12-13 04:54:39.245 65495 INFO tempest.lib.common.rest_client [req-39913471-c524-4c8c-b3b8-3e7d8c5bae81 req-39913471-c524-4c8c-b3b8-3e7d8c5bae81 ] Request (SecurityGroupsTestJSON:test_server_security_groups): 200 GET http://10.180.1.21/compute/v2.1/servers/c8803164-f25e-4161-bf8e-cb9ab8cde603 0.567s
2025-12-13 04:54:39.253 65495 INFO tempest.common.waiters [-] State transition "BUILD/networking" ==> "BUILD/spawning" after 40 second wait
2025-12-13 04:54:39.286 65510 INFO tempest.lib.common.rest_client [req-f91ce96a-1bb9-4dde-8fee-5c3f93aa1bba req-f91ce96a-1bb9-4dde-8fee-5c3f93aa1bba ] Request (ServerDiagnosticsV248Test:tearDownClass): 200 GET http://10.180.1.21/compute/v2.1/servers/9fad83d4-18ec-4194-9f17-1de63742dd55 0.536s
2025-12-13 04:54:39.302 65485 INFO tempest.lib.common.rest_client [req-91f920ac-486b-4ce8-8701-ad62e7f082c6 req-91f920ac-486b-4ce8-8701-ad62e7f082c6 ] Request (ServersAdminTestJSON:tearDownClass): 200 GET http://10.180.1.21/compute/v2.1/servers/9dceb2bb-b6d5-46e0-afe1-9e10b4aea934 0.534s
2025-12-13 04:54:39.333 65537 INFO tempest.lib.common.rest_client [req-a94c520d-7c2a-4d51-b9a5-f13f16f65bc0 req-a94c520d-7c2a-4d51-b9a5-f13f16f65bc0 ] Request (DeleteServersTestJSON:test_delete_server_while_in_attached_volume): 200 GET http://10.180.1.21/compute/v2.1/servers/15b29936-8979-45cb-be20-5fb215a4fe41 0.531s
2025-12-13 04:54:39.362 65493 INFO tempest.lib.common.rest_client [req-6fdc1bbf-571c-4603-b714-5b25603dd814 req-6fdc1bbf-571c-4603-b714-5b25603dd814 ] Request (ServerAddressesNegativeTestJSON:tearDownClass): 200 GET http://10.180.1.21/compute/v2.1/servers/88dc432e-d38f-4fe5-b93f-5a79179710a6 0.526s
2025-12-13 04:54:39.382 65521 INFO tempest.lib.common.rest_client [req-9aef3a71-799a-4c4a-9a9b-f820fd62fdfc req-9aef3a71-799a-4c4a-9a9b-f820fd62fdfc ] Request (InstanceActionsTestJSON:setUpClass): 200 GET http://10.180.1.21/compute/v2.1/servers/066d2417-0110-4a50-b8a0-4fa8c3c31c37 0.498s
2025-12-13 04:54:39.400 65525 INFO tempest.lib.common.rest_client [req-d92f72db-2c53-40a4-b551-8384c57f4047 req-d92f72db-2c53-40a4-b551-8384c57f4047 ] Request (ServerGroup264TestJSON:test_create_get_server_group): 200 GET http://10.180.1.21/compute/v2.1/os-server-groups/c1f180a4-d4ed-4121-bc42-237c3129437d 0.481s
2025-12-13 04:54:39.429 65487 INFO tempest.lib.common.rest_client [req-644f03d9-e7d1-4f76-9e14-de839597412e req-644f03d9-e7d1-4f76-9e14-de839597412e ] Request (ServerActionsTestJSON:_run_cleanups): 202 POST http://10.180.1.21/compute/v2.1/servers/6b58ba2a-b5e3-4af4-ae25-877489c249ef/action 0.527s
2025-12-13 04:54:39.450 65545 INFO tempest.lib.common.rest_client [req-b2d6548e-bfb1-46d3-a738-73d2c68fff1d req-b2d6548e-bfb1-46d3-a738-73d2c68fff1d ] Request (ServersTestJSON:test_create_specify_keypair): 200 GET http://10.180.1.21/compute/v2.1/servers/7e64fd78-5071-4b13-9679-023093236628 0.396s
2025-12-13 04:54:39.541 65497 INFO tempest.lib.common.rest_client [req-14290bdb-f4d9-497e-8124-75c3376fe51e req-14290bdb-f4d9-497e-8124-75c3376fe51e ] Request (ListServersNegativeTestJSON:setUpClass): 200 GET http://10.180.1.21/compute/v2.1/servers/95d73deb-2a84-453c-89af-5b00fbbb781b 0.413s
2025-12-13 04:54:39.565 65507 INFO tempest.lib.common.rest_client [req-bd28bf10-ddc3-4a7e-9411-7a7436f1cd34 req-bd28bf10-ddc3-4a7e-9411-7a7436f1cd34 ] Request (MigrationsAdminTest:test_resize_server_revert_deleted_flavor): 200 GET http://10.180.1.21/compute/v2.1/servers/02c73f69-6d13-4f20-bbbf-e6a32f523698 0.511s
2025-12-13 04:54:39.596 65541 INFO tempest.lib.common.rest_client [req-632be22a-14b0-4f77-9d98-17c279b9c4ad req-632be22a-14b0-4f77-9d98-17c279b9c4ad ] Request (ImagesTestJSON:test_create_server_from_snapshot): 200 GET http://10.180.1.21/compute/v2.1/servers/a8660408-1e6a-4d12-bb38-d6ab98f2d119 0.365s
2025-12-13 04:54:39.603 65525 INFO tempest.lib.common.rest_client [req-23eeac39-0c44-4aa8-af30-2d3efed4f54d req-23eeac39-0c44-4aa8-af30-2d3efed4f54d ] Request (ServerGroup264TestJSON:_run_cleanups): 204 DELETE http://10.180.1.21/compute/v2.1/os-server-groups/c1f180a4-d4ed-4121-bc42-237c3129437d 0.202s
2025-12-13 04:54:39.693 65483 INFO tempest.lib.common.rest_client [req-772092f6-e687-4c1f-b923-6fde2d01a01b req-772092f6-e687-4c1f-b923-6fde2d01a01b ] Request (ServerDiskConfigTestJSON:test_rebuild_server_with_manual_disk_config): 200 GET http://10.180.1.21/compute/v2.1/servers/0a1774a3-c1e5-4c96-b1d5-e0837c6b87a5 0.231s
2025-12-13 04:54:39.701 65525 INFO tempest.lib.common.rest_client [req-e77bbfdc-486c-45a3-85ae-f88e648506fa req-e77bbfdc-486c-45a3-85ae-f88e648506fa ] Request (ServerGroup264TestJSON:tearDownClass): 404 DELETE http://10.180.1.21/compute/v2.1/os-server-groups/c1f180a4-d4ed-4121-bc42-237c3129437d 0.096s
2025-12-13 04:54:39.712 65487 INFO tempest.lib.common.rest_client [req-9b2cb2a1-418b-4686-ac6b-b621668928e8 req-9b2cb2a1-418b-4686-ac6b-b621668928e8 ] Request (ServerActionsTestJSON:setUp): 200 GET http://10.180.1.21/compute/v2.1/servers/6b58ba2a-b5e3-4af4-ae25-877489c249ef 0.281s
2025-12-13 04:54:40.232 65503 INFO tempest.lib.common.rest_client [req-d58dfa34-6a97-4e7d-a45c-8e76226a4db6 req-d58dfa34-6a97-4e7d-a45c-8e76226a4db6 ] Request (ServerPasswordTestJSON:tearDownClass): 200 GET http://10.180.1.21/compute/v2.1/servers/aa76c66d-bf40-48e2-ad61-bfd6894a6763 0.313s
2025-12-13 04:54:40.239 65503 INFO tempest.common.waiters [-] State transition "ACTIVE/deleting" ==> "DELETED/None" after 5 second wait
2025-12-13 04:54:40.262 65487 INFO tempest.lib.common.rest_client [req-4685a1a7-fade-4311-8f4e-03a310f8d8b6 req-4685a1a7-fade-4311-8f4e-03a310f8d8b6 ] Request (ServerActionsTestJSON:test_reboot_server_hard): 200 GET http://10.180.1.21/compute/v2.1/servers/6b58ba2a-b5e3-4af4-ae25-877489c249ef 0.542s
2025-12-13 04:54:40.271 65487 INFO tempest.lib.common.ssh [-] Creating ssh connection to '10.180.180.168:22' as 'cirros' with public key authentication
2025-12-13 04:54:40.315 65499 INFO tempest.lib.common.rest_client [req-08462401-9ee9-4f99-a1c9-dd5ebf4f584e req-08462401-9ee9-4f99-a1c9-dd5ebf4f584e ] Request (MultipleCreateTestJSON:test_multiple_create_with_reservation_return): 200 GET http://10.180.1.21/compute/v2.1/servers/af1d3498-748d-4ad7-881d-8d2b98dfac90 0.299s
2025-12-13 04:54:40.334 65543 INFO tempest.lib.common.rest_client [req-ceae2d65-1568-42bf-8e6f-92303e92fabf req-ceae2d65-1568-42bf-8e6f-92303e92fabf ] Request (ListImageFiltersTestJSON:tearDownClass): 200 GET http://10.180.1.21/compute/v2.1/servers/b78695ff-f59f-4982-a2ce-5e1a4d2f8aea 0.308s
2025-12-13 04:54:40.356 65511 INFO tempest.lib.common.rest_client [req-b0590b05-915a-4edc-8c09-55d919cdd9f1 req-b0590b05-915a-4edc-8c09-55d919cdd9f1 ] Request (ServersNegativeTestMultiTenantJSON:tearDownClass): 404 GET http://10.180.1.21/compute/v2.1/servers/da22ff0b-0310-4c4e-a094-9cab1b9ccaba 0.254s
