2025-12-13 04:52:04.111 65501 INFO tempest.lib.common.rest_client [req-4358e18e-9e8d-42ea-9803-0d4106e7ada2 req-4358e18e-9e8d-42ea-9803-0d4106e7ada2 ] Request (ServersWithSpecificFlavorTestJSON:test_verify_created_server_ephemeral_disk): 200 GET http://10.180.1.21/compute/v2.1/servers/bb5d4a8a-5fb5-4c05-97f5-376d449e5427 3.100s
2025-12-13 04:52:04.243 65531 INFO tempest.lib.common.rest_client [req-42351237-eeff-4750-b0b0-b7c781478576 req-42351237-eeff-4750-b0b0-b7c781478576 ] Request (TenantUsagesTestJSON:tearDownClass): 200 GET http://10.180.1.21/compute/v2.1/servers/90c2d845-c741-4a24-880c-4c9038807f4c 2.708s
2025-12-13 04:52:04.271 65510 INFO tempest.lib.common.rest_client [req-327ea968-db0a-4d86-8e2c-d8cd83d2affa req-327ea968-db0a-4d86-8e2c-d8cd83d2affa ] Request (FlavorsAdminTestJSON:_run_cleanups): 202 DELETE http://10.180.1.21/compute/v2.1/flavors/1135249855 2.340s
2025-12-13 04:52:04.280 65495 INFO tempest.lib.common.rest_client [req-5fa430f8-49fe-490c-b2ec-37bb4e196d60 req-5fa430f8-49fe-490c-b2ec-37bb4e196d60 ] Request (ServerExternalEventsTest:tearDownClass): 204 DELETE http://10.180.1.21/identity/v3/users/ff26644c86b54f21bcfb6e9651491b62 0.173s
2025-12-13 04:52:04.285 65517 INFO tempest.lib.common.rest_client [req-98639a23-a644-480f-ac1b-c52fc7d53174 req-98639a23-a644-480f-ac1b-c52fc7d53174 ] Request (VolumesAdminNegativeTest:test_update_attached_volume_with_nonexistent_volume_in_uri): 200 GET http://10.180.1.21/compute/v2.1/servers/194e8f40-d423-4ea9-8886-9204bb6eb79b 3.076s
2025-12-13 04:52:04.292 65517 INFO tempest.common.waiters [-] State transition "BUILD/networking" ==> "BUILD/spawning" after 19 second wait
2025-12-13 04:52:04.331 65503 INFO tempest.lib.common.rest_client [req-a8fa1034-f617-4715-9527-be692dbd7e65 req-a8fa1034-f617-4715-9527-be692dbd7e65 ] Request (DeleteServersAdminTestJSON:test_delete_server_while_in_error_state): 200 GET http://10.180.1.21/compute/v2.1/servers/5e8ba13f-04d9-4581-9719-a80344f2d340 2.307s
2025-12-13 04:52:04.381 65485 INFO tempest.lib.common.rest_client [req-c3c02d6e-9a79-4417-9773-f827f1be4fea req-c3c02d6e-9a79-4417-9773-f827f1be4fea ] Request (ServersAdminTestJSON:test_create_server_with_scheduling_hint): 200 GET http://10.180.1.21/compute/v2.1/servers/29abcd0c-acd4-45b5-8643-681b4c688e93 2.347s
2025-12-13 04:52:04.383 65529 INFO tempest.lib.common.rest_client [req-b8e22472-d338-453b-9620-35659f364084 req-b8e22472-d338-453b-9620-35659f364084 ] Request (ServicesAdminTestJSON:test_list_services): 200 GET http://10.180.1.21/compute/v2.1/os-services 2.012s
2025-12-13 04:52:04.437 65511 INFO tempest.lib.common.rest_client [req-228b9cf4-502e-43dd-8388-f583ef1afdfa req-228b9cf4-502e-43dd-8388-f583ef1afdfa ] Request (ServerShowV257Test:test_rebuild_server): 200 GET http://10.180.1.21/compute/v2.1/servers/bd5d8195-f174-4c75-a2b0-0885701e7094 1.513s
2025-12-13 04:52:04.449 65513 INFO tempest.lib.common.rest_client [req-1921ebd0-2919-4823-b5bc-bf20ec8c1297 req-1921ebd0-2919-4823-b5bc-bf20ec8c1297 ] Request (ImagesNegativeTestJSON:test_create_image_specify_uuid_37_characters_or_more): 404 POST http://10.180.1.21/compute/v2.1/servers/aaaaaaaaaaaaaaaaaaaaaaaaaaaaaaaaaaaaa/action 1.442s
2025-12-13 04:52:04.461 65483 INFO tempest.lib.common.rest_client [req-63bab8dd-049d-4f0e-a3b0-8a189b4445a7 req-63bab8dd-049d-4f0e-a3b0-8a189b4445a7 ] Request (AggregatesAdminNegativeTestJSON:test_aggregate_get_details_with_invalid_id): 404 GET http://10.180.1.21/compute/v2.1/os-aggregates/-1 1.424s
2025-12-13 04:52:04.467 65495 INFO tempest.lib.common.rest_client [req-7867f580-d7fc-4728-aaa7-203d9c9d3068 req-7867f580-d7fc-4728-aaa7-203d9c9d3068 ] Request (ServerExternalEventsTest:tearDownClass): 204 DELETE http://10.180.1.21/identity/v3/users/36da6873c4d6492da533c77a9251ed20 0.186s
2025-12-13 04:52:04.480 65541 INFO tempest.lib.common.rest_client [req-d261fd06-9145-41af-aa25-700a2f296056 req-d261fd06-9145-41af-aa25-700a2f296056 ] Request (ImagesTestJSON:test_create_image_from_stopped_server): 200 GET http://10.180.1.21/compute/v2.1/servers/0e25849a-b6f3-4b02-b0ac-a6aa626437c6 1.571s
2025-12-13 04:52:04.561 65529 INFO tempest.lib.common.rest_client [req-30262ed2-82d3-4cf0-b671-0ba1c219e4bf req-30262ed2-82d3-4cf0-b671-0ba1c219e4bf ] Request (ServicesAdminTestJSON:tearDownClass): 204 DELETE http://10.180.1.21/identity/v3/users/2d75f97eaeda4ceab0605beb05242f29 0.175s
2025-12-13 04:52:04.562 65535 INFO tempest.lib.common.rest_client [req-94e7d610-bea9-4e35-bf49-c4462eed2ac0 req-94e7d610-bea9-4e35-bf49-c4462eed2ac0 ] Request (ServerDiagnosticsTest:test_get_server_diagnostics): 200 GET http://10.180.1.21/compute/v2.1/servers/e341ec8a-9674-4b85-8948-4730da746d6e 1.219s
2025-12-13 04:52:04.572 65535 INFO tempest.common.waiters [-] State transition "BUILD/None" ==> "BUILD/networking" after 13 second wait
2025-12-13 04:52:04.666 65529 INFO tempest.lib.common.rest_client [req-1309a636-f6d1-496d-9751-64a7e90b992c req-1309a636-f6d1-496d-9751-64a7e90b992c ] Request (ServicesAdminTestJSON:tearDownClass): 204 DELETE http://10.180.1.21/identity/v3/users/0893d35380cf4be99b1381e7533b3cf6 0.105s
2025-12-13 04:52:04.667 65529 INFO tempest.lib.common.dynamic_creds [-] Deleting project and security group for project: ba9a83f951af4b09a84aeeb0261c7338
2025-12-13 04:52:04.700 65491 WARNING tempest.lib.common.ssh [-] Failed to establish authenticated ssh connection to cirros@10.180.180.199 ([Errno None] Unable to connect to port 22 on 10.180.180.199). Number attempts: 3. Retry after 4 seconds.: paramiko.ssh_exception.NoValidConnectionsError: [Errno None] Unable to connect to port 22 on 10.180.180.199
2025-12-13 04:52:04.791 65521 INFO tempest.lib.common.rest_client [req-d6211400-6710-46e7-818a-17c96a6074ff req-d6211400-6710-46e7-818a-17c96a6074ff ] Request (QuotasAdminNegativeTest:test_create_server_when_instances_quota_is_full): 403 POST http://10.180.1.21/compute/v2.1/servers 1.699s
2025-12-13 04:52:04.800 65495 INFO tempest.lib.common.rest_client [req-e7711492-2d7a-49a5-aeee-9e72cf8ef8f6 req-e7711492-2d7a-49a5-aeee-9e72cf8ef8f6 ] Request (ServerExternalEventsTest:tearDownClass): 204 DELETE http://10.180.1.21/identity/v3/users/201677a032b64662acdb371834b37a2c 0.331s
2025-12-13 04:52:04.800 65495 INFO tempest.lib.common.dynamic_creds [-] Deleting project and security group for project: f88a440c80994167a9d5476eb028267a
2025-12-13 04:52:04.848 65487 INFO tempest.lib.common.rest_client [req-1b1a144d-7adc-4f3a-920d-51af8d0f5391 req-1b1a144d-7adc-4f3a-920d-51af8d0f5391 ] Request (ServerActionsTestJSON:setUpClass): 200 PUT http://10.180.1.21/networking/v2.0/routers/9138b2a6-8d34-476a-b4fb-0bb7a63c14be/add_router_interface 1.033s
2025-12-13 04:52:04.848 65487 INFO tempest.lib.common.dynamic_creds [-] Created isolated network resources for: credentials: Credentials: {'domain_id': 'default', 'domain_name': 'Default', 'username': 'tempest-ServerActionsTestJSON-1424708554-project-member', 'project_domain_id': 'default', 'project_domain_name': 'Default', 'project_id': 'c9ed236b8b6d49b392f48532755fcbaa', 'project_name': 'tempest-ServerActionsTestJSON-1424708554', 'tenant_id': 'c9ed236b8b6d49b392f48532755fcbaa', 'tenant_name': 'tempest-ServerActionsTestJSON-1424708554', 'user_domain_id': 'default', 'user_domain_name': 'Default', 'user_id': 'a7145c1ca50642559f4b278439f32687', 'system': None}, Network: {'id': '8a9637c9-867e-41b1-8d69-1221b28ba9d8', 'name': 'tempest-ServerActionsTestJSON-2105950712-network', 'tenant_id': 'c9ed236b8b6d49b392f48532755fcbaa', 'project_id': 'c9ed236b8b6d49b392f48532755fcbaa', 'admin_state_up': True, 'mtu': 8950, 'status': 'ACTIVE', 'subnets': [], 'shared': False, 'port_security_enabled': True, 'router:external': False, 'provider:network_type': 'vlan', 'provider:physical_network': 'default', 'provider:segmentation_id': 840, 'availability_zone_hints': [], 'availability_zones': [], 'ipv4_address_scope': None, 'ipv6_address_scope': None, 'description': '', 'tags': [], 'created_at': '2025-12-13T04:52:02Z', 'updated_at': '2025-12-13T04:52:02Z', 'revision_number': 1}, Subnet: {'id': 'beccfe5a-a727-4246-97b3-f3b7a3fe69ee', 'name': 'tempest-ServerActionsTestJSON-2105950712-subnet', 'tenant_id': 'c9ed236b8b6d49b392f48532755fcbaa', 'network_id': '8a9637c9-867e-41b1-8d69-1221b28ba9d8', 'ip_version': 4, 'subnetpool_id': None, 'enable_dhcp': True, 'ipv6_ra_mode': None, 'ipv6_address_mode': None, 'gateway_ip': '192.168.128.1', 'cidr': '192.168.128.0/28', 'allocation_pools': [{'start': '192.168.128.2', 'end': '192.168.128.14'}], 'host_routes': [], 'dns_nameservers': [], 'description': '', 'router:external': False, 'service_types': [], 'tags': [], 'created_at': '2025-12-13T04:52:02Z', 'updated_at': '2025-12-13T04:52:02Z', 'revision_number': 0, 'project_id': 'c9ed236b8b6d49b392f48532755fcbaa'}, Router: {'id': '9138b2a6-8d34-476a-b4fb-0bb7a63c14be', 'name': 'tempest-ServerActionsTestJSON-2105950712-router', 'tenant_id': 'c9ed236b8b6d49b392f48532755fcbaa', 'admin_state_up': True, 'status': 'ACTIVE', 'external_gateway_info': {'network_id': '9728d5d9-75b2-47df-849a-e02526358913', 'external_fixed_ips': [{'subnet_id': '20256e5a-743d-4424-a341-2ad98d03105a', 'ip_address': '10.180.180.240'}], 'enable_snat': True}, 'description': '', 'availability_zones': [], 'distributed': False, 'ha': False, 'availability_zone_hints': [], 'routes': [], 'flavor_id': None, 'tags': [], 'created_at': '2025-12-13T04:52:02Z', 'updated_at': '2025-12-13T04:52:03Z', 'revision_number': 2, 'project_id': 'c9ed236b8b6d49b392f48532755fcbaa'}
2025-12-13 04:52:04.882 65529 INFO tempest.lib.common.rest_client [req-248f46df-437c-4d32-aa26-440dd5ac5e45 req-248f46df-437c-4d32-aa26-440dd5ac5e45 ] Request (ServicesAdminTestJSON:tearDownClass): 201 POST http://10.180.1.21/identity/v3/auth/tokens 0.215s
2025-12-13 04:52:04.892 65539 INFO tempest.lib.common.rest_client [req-0760d5f7-0231-4554-a22c-8e2958b5145e req-0760d5f7-0231-4554-a22c-8e2958b5145e ] Request (FloatingIPsAssociationTestJSON:test_associate_already_associated_floating_ip): 200 GET http://10.180.1.21/compute/v2.1/servers/4791ab7e-b43b-4529-bfcf-3f53f4adef11 1.331s
2025-12-13 04:52:04.926 65495 INFO tempest.lib.common.rest_client [req-feaf7414-f631-4601-b703-e7c89794e6f3 req-feaf7414-f631-4601-b703-e7c89794e6f3 ] Request (ServerExternalEventsTest:tearDownClass): 201 POST http://10.180.1.21/identity/v3/auth/tokens 0.126s
2025-12-13 04:52:04.932 65537 INFO tempest.lib.common.rest_client [req-39e33720-fa72-4ee0-831c-17ae9e73c891 req-39e33720-fa72-4ee0-831c-17ae9e73c891 ] Request (FlavorsAccessNegativeTestJSON:_run_cleanups): 202 DELETE http://10.180.1.21/compute/v2.1/flavors/1584414952 1.314s
2025-12-13 04:52:04.980 65487 INFO tempest.lib.common.rest_client [req-549c5c62-ca3c-40f4-a544-c7c28e7ecfa4 req-549c5c62-ca3c-40f4-a544-c7c28e7ecfa4 ] Request (ServerActionsTestJSON:setUpClass): 201 POST http://10.180.1.21/identity/v3/auth/tokens 0.125s
2025-12-13 04:52:05.105 65529 INFO tempest.lib.common.rest_client [req-c00c602a-bf69-4101-9aba-20c4123e1c55 req-c00c602a-bf69-4101-9aba-20c4123e1c55 ] Request (ServicesAdminTestJSON:tearDownClass): 200 GET http://10.180.1.21/networking/v2.0/security-groups?tenant_id=ba9a83f951af4b09a84aeeb0261c7338&name=default 0.223s
2025-12-13 04:52:05.190 65495 INFO tempest.lib.common.rest_client [req-bb9be2e8-ff39-4da2-893c-0bbd6b9bca8b req-bb9be2e8-ff39-4da2-893c-0bbd6b9bca8b ] Request (ServerExternalEventsTest:tearDownClass): 200 GET http://10.180.1.21/networking/v2.0/security-groups?tenant_id=f88a440c80994167a9d5476eb028267a&name=default 0.262s
2025-12-13 04:52:05.228 65515 INFO tempest.lib.common.rest_client [req-fe275f88-3acf-47e4-8d25-fe04464130ae req-fe275f88-3acf-47e4-8d25-fe04464130ae ] Request (ServersListShow2100Test:test_list_show_rebuild_update_server_2100): 200 GET http://10.180.1.21/compute/v2.1/servers/634ad096-a84d-45fc-83e6-bf39b28772c0 1.448s
2025-12-13 04:52:05.288 65529 INFO tempest.lib.common.rest_client [req-c052d06a-89ac-494c-9623-de491857e38f req-c052d06a-89ac-494c-9623-de491857e38f ] Request (ServicesAdminTestJSON:tearDownClass): 204 DELETE http://10.180.1.21/networking/v2.0/security-groups/b1a17575-d1ca-486f-a2f1-d6c4b4b5eaa4 0.182s
2025-12-13 04:52:05.330 65495 INFO tempest.lib.common.rest_client [req-3d8eea4c-887f-4d2f-9e76-982e5fcd7cff req-3d8eea4c-887f-4d2f-9e76-982e5fcd7cff ] Request (ServerExternalEventsTest:tearDownClass): 204 DELETE http://10.180.1.21/networking/v2.0/security-groups/58ea535e-6679-43e5-9c51-e76bdbd02b02 0.139s
2025-12-13 04:52:05.377 65529 INFO tempest.lib.common.rest_client [req-f3642089-2676-4cb8-9e49-a5c6245732f0 req-f3642089-2676-4cb8-9e49-a5c6245732f0 ] Request (ServicesAdminTestJSON:tearDownClass): 204 DELETE http://10.180.1.21/identity/v3/projects/ba9a83f951af4b09a84aeeb0261c7338 0.088s
2025-12-13 04:52:05.377 65529 INFO tempest.lib.common.dynamic_creds [-] Deleting project and security group for project: 3a433dc0602c4b9d86a9717d42f64dc9
2025-12-13 04:52:05.383 65543 INFO tempest.lib.common.rest_client [req-50fd9937-79ee-40d5-8efd-965f392254ed req-50fd9937-79ee-40d5-8efd-965f392254ed ] Request (ListImageFiltersTestJSON:setUpClass): 200 GET http://10.180.1.21/compute/v2.1/servers/b78695ff-f59f-4982-a2ce-5e1a4d2f8aea 1.535s
2025-12-13 04:52:05.408 65495 INFO tempest.lib.common.rest_client [req-6dcde1bd-c6dc-49ba-b0bd-ecf771982e33 req-6dcde1bd-c6dc-49ba-b0bd-ecf771982e33 ] Request (ServerExternalEventsTest:tearDownClass): 204 DELETE http://10.180.1.21/identity/v3/projects/f88a440c80994167a9d5476eb028267a 0.077s
2025-12-13 04:52:05.408 65495 INFO tempest.lib.common.dynamic_creds [-] Deleting project and security group for project: d9911607d3bc4083833f301a1e6752c8
2025-12-13 04:52:05.515 65529 INFO tempest.lib.common.rest_client [req-487238b7-2108-4a86-8aed-2e8689e5e29f req-487238b7-2108-4a86-8aed-2e8689e5e29f ] Request (ServicesAdminTestJSON:tearDownClass): 200 GET http://10.180.1.21/networking/v2.0/security-groups?tenant_id=3a433dc0602c4b9d86a9717d42f64dc9&name=default 0.138s
2025-12-13 04:52:05.560 65523 INFO tempest.lib.common.rest_client [req-3e9f182f-9acd-464a-bcd3-59aa980d91dc req-3e9f182f-9acd-464a-bcd3-59aa980d91dc ] Request (QuotasAdminTestV257:test_get_updated_quotas): 200 GET http://10.180.1.21/compute/v2.1/os-quota-sets/8e80d056cd7c4d64bfeec7e5dcba0e12/detail 1.681s
2025-12-13 04:52:05.595 65523 INFO tempest.lib.common.rest_client [req-ac2f3dde-3e22-4573-b824-a4991dc2c8cb req-ac2f3dde-3e22-4573-b824-a4991dc2c8cb ] Request (QuotasAdminTestV257:test_get_updated_quotas): 200 GET http://10.180.1.21/identity/v3/domains?name=Default 0.032s
2025-12-13 04:52:05.637 65495 INFO tempest.lib.common.rest_client [req-bfff45c7-1d6b-43b6-9f7b-c2ca7bd842fb req-bfff45c7-1d6b-43b6-9f7b-c2ca7bd842fb ] Request (ServerExternalEventsTest:tearDownClass): 200 GET http://10.180.1.21/networking/v2.0/security-groups?tenant_id=d9911607d3bc4083833f301a1e6752c8&name=default 0.228s
2025-12-13 04:52:05.652 65523 INFO tempest.lib.common.rest_client [req-46bde46d-6c76-4262-a33f-1ccef3ecf90c req-46bde46d-6c76-4262-a33f-1ccef3ecf90c ] Request (QuotasAdminTestV257:test_get_updated_quotas): 201 POST http://10.180.1.21/identity/v3/users 0.056s
2025-12-13 04:52:05.657 65493 INFO tempest.lib.common.rest_client [req-f6a90403-162a-43b8-b857-300b3c67f250 req-f6a90403-162a-43b8-b857-300b3c67f250 ] Request (ServicesAdminNegativeV253TestJSON:test_disable_log_reason_with_invalid_service_id): 404 PUT http://10.180.1.21/compute/v2.1/os-services/47c98d06-16b7-4a7b-b8d1-9f1a58c75770 1.621s
2025-12-13 04:52:05.698 65510 INFO tempest.lib.common.rest_client [req-89297f1d-b7f5-4e44-9623-d250775a1749 req-89297f1d-b7f5-4e44-9623-d250775a1749 ] Request (FlavorsAdminTestJSON:_run_cleanups): 200 GET http://10.180.1.21/compute/v2.1/flavors/detail 1.426s
2025-12-13 04:52:05.710 65523 INFO tempest.lib.common.rest_client [req-db6ad422-1cbc-483f-b670-1c684a203abf req-db6ad422-1cbc-483f-b670-1c684a203abf ] Request (QuotasAdminTestV257:test_get_updated_quotas): 200 GET http://10.180.1.21/identity/v3/domains?name=Default 0.057s
2025-12-13 04:52:05.830 65529 INFO tempest.lib.common.rest_client [req-cfbd06e4-d20b-4608-8776-4109f31d35b7 req-cfbd06e4-d20b-4608-8776-4109f31d35b7 ] Request (ServicesAdminTestJSON:tearDownClass): 204 DELETE http://10.180.1.21/networking/v2.0/security-groups/d66933dc-60a3-4497-b48f-3d8123a5b3f5 0.315s
2025-12-13 04:52:05.859 65545 INFO tempest.lib.common.rest_client [req-e6852a94-2136-4f5e-8bc4-41fd3f338d84 req-e6852a94-2136-4f5e-8bc4-41fd3f338d84 ] Request (ServersTestJSON:test_create_server_specify_multibyte_character_name): 202 POST http://10.180.1.21/compute/v2.1/servers 2.336s
2025-12-13 04:52:05.894 65513 INFO tempest.lib.common.rest_client [req-982a1002-36db-4eba-a21d-c36a5238c633 req-982a1002-36db-4eba-a21d-c36a5238c633 ] Request (ImagesNegativeTestJSON:tearDownClass): 404 DELETE http://10.180.1.21/compute/v2.1/servers/86f97bb5-286e-416a-a37e-23f770288f6a 1.443s
2025-12-13 04:52:05.900 65483 INFO tempest.lib.common.rest_client [req-74670bff-4d86-43ad-97cb-b786f7a4820e req-74670bff-4d86-43ad-97cb-b786f7a4820e ] Request (AggregatesAdminNegativeTestJSON:test_aggregate_list_as_user): 403 GET http://10.180.1.21/compute/v2.1/os-aggregates 1.437s
2025-12-13 04:52:05.966 65495 INFO tempest.lib.common.rest_client [req-3eae64d0-08b1-468f-8fcc-7905519244e2 req-3eae64d0-08b1-468f-8fcc-7905519244e2 ] Request (ServerExternalEventsTest:tearDownClass): 204 DELETE http://10.180.1.21/networking/v2.0/security-groups/441604cc-e368-49ef-a964-dc2deda20b47 0.328s
2025-12-13 04:52:06.041 65529 INFO tempest.lib.common.rest_client [req-df752cb9-1f94-404c-b9a5-f68077648a7e req-df752cb9-1f94-404c-b9a5-f68077648a7e ] Request (ServicesAdminTestJSON:tearDownClass): 204 DELETE http://10.180.1.21/identity/v3/projects/3a433dc0602c4b9d86a9717d42f64dc9 0.210s
2025-12-13 04:52:06.094 65507 INFO tempest.lib.common.rest_client [req-376d2d62-6b18-4f1b-9f37-8b46be0e4ec7 req-376d2d62-6b18-4f1b-9f37-8b46be0e4ec7 ] Request (MigrationsAdminTest:test_list_migrations_in_flavor_resize_situation): 200 GET http://10.180.1.21/compute/v2.1/servers/f329632c-382d-4ca6-899f-c7c280ff1e7c 1.674s
2025-12-13 04:52:06.102 65507 INFO tempest.common.waiters [-] State transition "RESIZE/resize_migrated" ==> "RESIZE/resize_finish" after 24 second wait
2025-12-13 04:52:06.108 65529 INFO tempest.lib.common.rest_client [req-6730a7f9-e861-40d8-b786-8545c44cc750 req-6730a7f9-e861-40d8-b786-8545c44cc750 ] Request (FloatingIPsNegativeTestJSON:setUpClass): 201 POST http://10.180.1.21/identity/v3/auth/tokens 0.064s
2025-12-13 04:52:06.121 65537 INFO tempest.lib.common.rest_client [req-35c51916-ec31-424f-ae23-a18ab8e73791 req-35c51916-ec31-424f-ae23-a18ab8e73791 ] Request (FlavorsAccessNegativeTestJSON:_run_cleanups): 200 GET http://10.180.1.21/compute/v2.1/flavors/detail 1.188s
2025-12-13 04:52:06.139 65521 INFO tempest.lib.common.rest_client [req-60acf2ac-5b0b-413e-a9ad-4bf33f4e1050 req-60acf2ac-5b0b-413e-a9ad-4bf33f4e1050 ] Request (QuotasAdminNegativeTest:_run_cleanups): 200 PUT http://10.180.1.21/compute/v2.1/os-quota-sets/6ad536bd7266410d94e73b35f57ac4c3 1.348s
2025-12-13 04:52:06.154 65495 INFO tempest.lib.common.rest_client [req-7d2478a5-db38-4e6a-be86-fbea97cc1abf req-7d2478a5-db38-4e6a-be86-fbea97cc1abf ] Request (ServerExternalEventsTest:tearDownClass): 204 DELETE http://10.180.1.21/identity/v3/projects/d9911607d3bc4083833f301a1e6752c8 0.187s
2025-12-13 04:52:06.154 65495 INFO tempest.lib.common.dynamic_creds [-] Deleting project and security group for project: 62221bf506214e79b07ac9d8e5bb7593
2025-12-13 04:52:06.194 65529 INFO tempest.lib.common.rest_client [req-18dd79f9-d30b-41df-b6b1-c73947d667ba req-18dd79f9-d30b-41df-b6b1-c73947d667ba ] Request (FloatingIPsNegativeTestJSON:setUpClass): 201 POST http://10.180.1.21/identity/v3/auth/tokens 0.082s
2025-12-13 04:52:06.266 65495 INFO tempest.lib.common.rest_client [req-fef6108c-f3b7-41be-84fc-329d26abfa82 req-fef6108c-f3b7-41be-84fc-329d26abfa82 ] Request (ServerExternalEventsTest:tearDownClass): 200 GET http://10.180.1.21/networking/v2.0/security-groups?tenant_id=62221bf506214e79b07ac9d8e5bb7593&name=default 0.111s
2025-12-13 04:52:06.266 65537 INFO tempest.lib.common.rest_client [req-14e25999-bec7-435b-91c4-aaca1acb4428 req-14e25999-bec7-435b-91c4-aaca1acb4428 ] Request (FlavorsAccessNegativeTestJSON:tearDownClass): 204 DELETE http://10.180.1.21/identity/v3/users/3c3bf904d0ce474987a98b1a1350e03f 0.136s
2025-12-13 04:52:06.288 65519 INFO tempest.lib.common.rest_client [req-a2fbe343-81f5-4407-b8c1-88671ec74cfb req-a2fbe343-81f5-4407-b8c1-88671ec74cfb ] Request (ServersTestBootFromVolume:setUpClass): 200 GET http://10.180.1.21/compute/v2.1/servers/b695d6d9-d8a1-467c-bd7a-2d5f0938af81 1.327s
2025-12-13 04:52:06.366 65529 INFO tempest.lib.common.rest_client [req-fb316d56-b6e7-47aa-bc1b-2b3bd593f02e req-fb316d56-b6e7-47aa-bc1b-2b3bd593f02e ] Request (FloatingIPsNegativeTestJSON:setUpClass): 200 GET http://10.180.1.21/identity/v3/domains?name=Default 0.171s
2025-12-13 04:52:06.388 65487 INFO tempest.lib.common.rest_client [req-14bb804c-1927-457c-b80f-119c8beef3d9 req-14bb804c-1927-457c-b80f-119c8beef3d9 ] Request (ServerActionsTestJSON:setUpClass): 200 POST http://10.180.1.21/compute/v2.1/os-keypairs 1.406s
2025-12-13 04:52:06.404 65495 INFO tempest.lib.common.rest_client [req-f230df9f-83df-4746-b4a6-0f5f0375d671 req-f230df9f-83df-4746-b4a6-0f5f0375d671 ] Request (ServerExternalEventsTest:tearDownClass): 204 DELETE http://10.180.1.21/networking/v2.0/security-groups/d0e39a87-a698-4e64-ad5e-7788d6912aa7 0.137s
2025-12-13 04:52:06.420 65529 INFO tempest.lib.common.rest_client [req-16ef2bd1-747f-413c-a921-3846a398f150 req-16ef2bd1-747f-413c-a921-3846a398f150 ] Request (FloatingIPsNegativeTestJSON:setUpClass): 201 POST http://10.180.1.21/identity/v3/projects 0.054s
2025-12-13 04:52:06.453 65537 INFO tempest.lib.common.rest_client [req-508f2beb-f115-4829-a78d-08c9b8e46676 req-508f2beb-f115-4829-a78d-08c9b8e46676 ] Request (FlavorsAccessNegativeTestJSON:tearDownClass): 204 DELETE http://10.180.1.21/identity/v3/users/7399954bed0f4fb7bc4a2232d0c3ebfc 0.186s
2025-12-13 04:52:06.491 65525 WARNING tempest.lib.common.ssh [-] Failed to establish authenticated ssh connection to cirros@10.180.180.203 ([Errno None] Unable to connect to port 22 on 10.180.180.203). Number attempts: 3. Retry after 4 seconds.: paramiko.ssh_exception.NoValidConnectionsError: [Errno None] Unable to connect to port 22 on 10.180.180.203
2025-12-13 04:52:06.516 65529 INFO tempest.lib.common.rest_client [req-7bdf3b17-2909-42cd-a085-326daff4966e req-7bdf3b17-2909-42cd-a085-326daff4966e ] Request (FloatingIPsNegativeTestJSON:setUpClass): 201 POST http://10.180.1.21/identity/v3/users 0.096s
2025-12-13 04:52:06.556 65495 INFO tempest.lib.common.rest_client [req-12dfb1f8-3414-45bd-995c-74c9a7487e31 req-12dfb1f8-3414-45bd-995c-74c9a7487e31 ] Request (ServerExternalEventsTest:tearDownClass): 204 DELETE http://10.180.1.21/identity/v3/projects/62221bf506214e79b07ac9d8e5bb7593 0.152s
2025-12-13 04:52:06.575 65537 INFO tempest.lib.common.rest_client [req-9a315607-6c56-471c-bff4-d0f01a9c98fd req-9a315607-6c56-471c-bff4-d0f01a9c98fd ] Request (FlavorsAccessNegativeTestJSON:tearDownClass): 204 DELETE http://10.180.1.21/identity/v3/users/9f748487588a478db9c226c6c7e5c3d9 0.121s
2025-12-13 04:52:06.575 65537 INFO tempest.lib.common.dynamic_creds [-] Deleting project and security group for project: 3de419b604bf48269248dd4c7ccb00cf
2025-12-13 04:52:06.599 65487 INFO tempest.lib.common.rest_client [req-272d8163-fdfc-44e8-9f21-da06497f31a3 req-272d8163-fdfc-44e8-9f21-da06497f31a3 ] Request (ServerActionsTestJSON:setUpClass): 201 POST http://10.180.1.21/networking/v2.0/security-groups 0.209s
2025-12-13 04:52:06.618 65489 INFO tempest.lib.common.rest_client [req-aac7bc32-a556-4e87-806e-a34471a266fc req-aac7bc32-a556-4e87-806e-a34471a266fc ] Request (ServerDiagnosticsNegativeTest:tearDownClass): 200 GET http://10.180.1.21/compute/v2.1/servers/4acfb495-ffab-4682-a1a4-cf26f40f9729 1.525s
2025-12-13 04:52:06.638 65495 INFO tempest.lib.common.rest_client [req-6ec4ebf1-035e-4349-9415-952c1092c288 req-6ec4ebf1-035e-4349-9415-952c1092c288 ] Request (SecurityGroupsTestJSON:setUpClass): 201 POST http://10.180.1.21/identity/v3/auth/tokens 0.080s
2025-12-13 04:52:06.645 65499 INFO tempest.lib.common.rest_client [req-7fa2a5c4-e6e9-4a08-8681-17230b28c228 req-7fa2a5c4-e6e9-4a08-8681-17230b28c228 ] Request (InstanceActionsV221TestJSON:test_get_list_deleted_instance_actions): 200 GET http://10.180.1.21/compute/v2.1/servers/0837cca3-a8cb-4093-9138-779ad3a732b0 1.645s
2025-12-13 04:52:06.652 65529 INFO tempest.lib.common.rest_client [req-77cf035d-ea42-4f59-8651-47a837a65c9c req-77cf035d-ea42-4f59-8651-47a837a65c9c ] Request (FloatingIPsNegativeTestJSON:setUpClass): 200 GET http://10.180.1.21/identity/v3/roles 0.135s
2025-12-13 04:52:06.672 65537 INFO tempest.lib.common.rest_client [req-e728700d-4de7-444f-bda6-40f235fc1130 req-e728700d-4de7-444f-bda6-40f235fc1130 ] Request (FlavorsAccessNegativeTestJSON:tearDownClass): 201 POST http://10.180.1.21/identity/v3/auth/tokens 0.097s
2025-12-13 04:52:06.690 65495 INFO tempest.lib.common.rest_client [req-584dc27a-4744-4dd4-a0b6-02949d2531ce req-584dc27a-4744-4dd4-a0b6-02949d2531ce ] Request (SecurityGroupsTestJSON:setUpClass): 201 POST http://10.180.1.21/identity/v3/auth/tokens 0.049s
2025-12-13 04:52:06.742 65529 INFO tempest.lib.common.rest_client [req-11c9d8b6-ec71-4425-b7b4-cb7188d11472 req-11c9d8b6-ec71-4425-b7b4-cb7188d11472 ] Request (FloatingIPsNegativeTestJSON:setUpClass): 204 PUT http://10.180.1.21/identity/v3/projects/c33e0eaea4bf49a9a8f8f49d2ce51b08/users/48baf623f1ab43fa8215a0a7883080f0/roles/792686e83c254ebd957b042d1a33cc2b 0.089s
2025-12-13 04:52:06.742 65495 INFO tempest.lib.common.rest_client [req-5d3c7495-9e3d-4395-9f1b-f8586604ed14 req-5d3c7495-9e3d-4395-9f1b-f8586604ed14 ] Request (SecurityGroupsTestJSON:setUpClass): 200 GET http://10.180.1.21/identity/v3/domains?name=Default 0.052s
2025-12-13 04:52:06.742 65529 INFO tempest.lib.common.dynamic_creds [-] Dynamic test user 48baf623f1ab43fa8215a0a7883080f0 is created with scope project and roles: ['member']
2025-12-13 04:52:06.743 65529 INFO tempest.lib.common.dynamic_creds [-] Acquired dynamic creds: credentials: Credentials: {'domain_id': 'default', 'domain_name': 'Default', 'username': 'tempest-FloatingIPsNegativeTestJSON-1818070801-project-member', 'project_domain_id': 'default', 'project_domain_name': 'Default', 'project_id': 'c33e0eaea4bf49a9a8f8f49d2ce51b08', 'project_name': 'tempest-FloatingIPsNegativeTestJSON-1818070801', 'tenant_id': 'c33e0eaea4bf49a9a8f8f49d2ce51b08', 'tenant_name': 'tempest-FloatingIPsNegativeTestJSON-1818070801', 'user_domain_id': 'default', 'user_domain_name': 'Default', 'user_id': '48baf623f1ab43fa8215a0a7883080f0', 'system': None}, Network: None, Subnet: None, Router: None
2025-12-13 04:52:06.781 65487 INFO tempest.lib.common.rest_client [req-7d0eb120-a26e-4d34-9e6b-150e4f29dd28 req-7d0eb120-a26e-4d34-9e6b-150e4f29dd28 ] Request (ServerActionsTestJSON:setUpClass): 201 POST http://10.180.1.21/networking/v2.0/security-group-rules 0.182s
2025-12-13 04:52:06.853 65529 INFO tempest.lib.common.rest_client [req-76531f73-87ef-4e1a-b729-714fb3866356 req-76531f73-87ef-4e1a-b729-714fb3866356 ] Request (FloatingIPsNegativeTestJSON:setUpClass): 201 POST http://10.180.1.21/identity/v3/auth/tokens 0.108s
2025-12-13 04:52:06.884 65495 INFO tempest.lib.common.rest_client [req-6f6e6ba8-4a29-484d-9fdc-ad67f9978ebc req-6f6e6ba8-4a29-484d-9fdc-ad67f9978ebc ] Request (SecurityGroupsTestJSON:setUpClass): 201 POST http://10.180.1.21/identity/v3/projects 0.141s
2025-12-13 04:52:06.980 65495 INFO tempest.lib.common.rest_client [req-48d8f6c3-2705-4f0e-b327-3b56bc63f611 req-48d8f6c3-2705-4f0e-b327-3b56bc63f611 ] Request (SecurityGroupsTestJSON:setUpClass): 201 POST http://10.180.1.21/identity/v3/users 0.095s
2025-12-13 04:52:07.004 65495 INFO tempest.lib.common.rest_client [req-22e54053-f44d-4c2b-a1a0-4308720866db req-22e54053-f44d-4c2b-a1a0-4308720866db ] Request (SecurityGroupsTestJSON:setUpClass): 200 GET http://10.180.1.21/identity/v3/roles 0.023s
2025-12-13 04:52:07.050 65495 INFO tempest.lib.common.rest_client [req-06abf70c-21ad-49db-816c-e4f69285f06e req-06abf70c-21ad-49db-816c-e4f69285f06e ] Request (SecurityGroupsTestJSON:setUpClass): 204 PUT http://10.180.1.21/identity/v3/projects/e85be107f7d14a66b685bad9f343e8e1/users/1110f127f19a42079111813192bfab84/roles/792686e83c254ebd957b042d1a33cc2b 0.045s
2025-12-13 04:52:07.051 65495 INFO tempest.lib.common.dynamic_creds [-] Dynamic test user 1110f127f19a42079111813192bfab84 is created with scope project and roles: ['member']
2025-12-13 04:52:07.051 65495 INFO tempest.lib.common.dynamic_creds [-] Acquired dynamic creds: credentials: Credentials: {'domain_id': 'default', 'domain_name': 'Default', 'username': 'tempest-SecurityGroupsTestJSON-584188284-project-member', 'project_domain_id': 'default', 'project_domain_name': 'Default', 'project_id': 'e85be107f7d14a66b685bad9f343e8e1', 'project_name': 'tempest-SecurityGroupsTestJSON-584188284', 'tenant_id': 'e85be107f7d14a66b685bad9f343e8e1', 'tenant_name': 'tempest-SecurityGroupsTestJSON-584188284', 'user_domain_id': 'default', 'user_domain_name': 'Default', 'user_id': '1110f127f19a42079111813192bfab84', 'system': None}, Network: None, Subnet: None, Router: None
2025-12-13 04:52:07.131 65537 INFO tempest.lib.common.rest_client [req-c6872d2c-1363-4b69-8161-968687b191f5 req-c6872d2c-1363-4b69-8161-968687b191f5 ] Request (FlavorsAccessNegativeTestJSON:tearDownClass): 200 GET http://10.180.1.21/networking/v2.0/security-groups?tenant_id=3de419b604bf48269248dd4c7ccb00cf&name=default 0.458s
2025-12-13 04:52:07.135 65495 INFO tempest.lib.common.rest_client [req-02c76cda-2ba0-4aae-938d-e73134934092 req-02c76cda-2ba0-4aae-938d-e73134934092 ] Request (SecurityGroupsTestJSON:setUpClass): 201 POST http://10.180.1.21/identity/v3/auth/tokens 0.083s
2025-12-13 04:52:07.231 65487 INFO tempest.lib.common.rest_client [req-195cb79e-8676-4a31-84c2-9fbf39b16c0c req-195cb79e-8676-4a31-84c2-9fbf39b16c0c ] Request (ServerActionsTestJSON:setUpClass): 201 POST http://10.180.1.21/networking/v2.0/security-group-rules 0.449s
2025-12-13 04:52:07.264 65501 INFO tempest.lib.common.rest_client [req-e256bac6-1433-4cee-8b5b-08b0bee6c7e1 req-e256bac6-1433-4cee-8b5b-08b0bee6c7e1 ] Request (ServersWithSpecificFlavorTestJSON:test_verify_created_server_ephemeral_disk): 200 GET http://10.180.1.21/compute/v2.1/servers/bb5d4a8a-5fb5-4c05-97f5-376d449e5427 2.144s
2025-12-13 04:52:07.273 65501 INFO tempest.common.waiters [-] State transition "BUILD/spawning" ==> "ACTIVE/None" after 24 second wait
2025-12-13 04:52:07.285 65515 INFO tempest.lib.common.rest_client [req-716f2e9a-c840-4543-94ae-93ef08b3a96c req-716f2e9a-c840-4543-94ae-93ef08b3a96c ] Request (ServersListShow2100Test:test_list_show_rebuild_update_server_2100): 202 POST http://10.180.1.21/compute/v2.1/servers/634ad096-a84d-45fc-83e6-bf39b28772c0/action 2.039s
2025-12-13 04:52:07.287 65531 INFO tempest.lib.common.rest_client [req-1c4cdf70-260d-41b4-a3b4-1d7bc44c6717 req-1c4cdf70-260d-41b4-a3b4-1d7bc44c6717 ] Request (TenantUsagesTestJSON:tearDownClass): 404 GET http://10.180.1.21/compute/v2.1/servers/90c2d845-c741-4a24-880c-4c9038807f4c 2.032s
2025-12-13 04:52:07.375 65531 INFO tempest.lib.common.rest_client [req-190a4efd-5e92-4208-8ade-3ec87a5ceb6d req-190a4efd-5e92-4208-8ade-3ec87a5ceb6d ] Request (TenantUsagesTestJSON:tearDownClass): 204 DELETE http://10.180.1.21/identity/v3/users/8e8a13a7db6748ea991e2b3d40d1fab4 0.087s
2025-12-13 04:52:07.400 65537 INFO tempest.lib.common.rest_client [req-d362a5c0-d3a1-488d-a934-040270d4aae6 req-d362a5c0-d3a1-488d-a934-040270d4aae6 ] Request (FlavorsAccessNegativeTestJSON:tearDownClass): 204 DELETE http://10.180.1.21/networking/v2.0/security-groups/deb71a1c-2294-4ebe-8b09-c4ab65aa094b 0.269s
2025-12-13 04:52:07.461 65529 INFO tempest.lib.common.rest_client [req-f77823b9-b4af-479e-ba3a-3f46a7731995 req-f77823b9-b4af-479e-ba3a-3f46a7731995 ] Request (FloatingIPsNegativeTestJSON:setUpClass): 201 POST http://10.180.1.21/networking/v2.0/networks 0.607s
2025-12-13 04:52:07.482 65531 INFO tempest.lib.common.rest_client [req-df42e04a-73f3-4734-8c0b-fc443ab23e0d req-df42e04a-73f3-4734-8c0b-fc443ab23e0d ] Request (TenantUsagesTestJSON:tearDownClass): 204 DELETE http://10.180.1.21/identity/v3/users/9bb33eafd5774b558fc73b4c5813c799 0.106s
2025-12-13 04:52:07.482 65531 INFO tempest.lib.common.dynamic_creds [-] Deleting project and security group for project: fc220933e2644595a2b7be7fface72c5
2025-12-13 04:52:07.505 65537 INFO tempest.lib.common.rest_client [req-81b301dc-39ac-4cae-a27e-dd00a0ad5c28 req-81b301dc-39ac-4cae-a27e-dd00a0ad5c28 ] Request (FlavorsAccessNegativeTestJSON:tearDownClass): 204 DELETE http://10.180.1.21/identity/v3/projects/3de419b604bf48269248dd4c7ccb00cf 0.104s
2025-12-13 04:52:07.505 65537 INFO tempest.lib.common.dynamic_creds [-] Deleting project and security group for project: 4fa3cb02168c4423a0dae01672a5ecc0
2025-12-13 04:52:07.564 65531 INFO tempest.lib.common.rest_client [req-e71d06dc-f067-45ad-89a9-99ca4333fd19 req-e71d06dc-f067-45ad-89a9-99ca4333fd19 ] Request (TenantUsagesTestJSON:tearDownClass): 201 POST http://10.180.1.21/identity/v3/auth/tokens 0.082s
2025-12-13 04:52:07.836 65505 WARNING tempest.lib.common.ssh [-] Failed to establish authenticated ssh connection to cirros@10.180.180.135 ([Errno None] Unable to connect to port 22 on 10.180.180.135). Number attempts: 3. Retry after 4 seconds.: paramiko.ssh_exception.NoValidConnectionsError: [Errno None] Unable to connect to port 22 on 10.180.180.135
2025-12-13 04:52:07.838 65495 INFO tempest.lib.common.rest_client [req-4b7a808f-7338-4950-87ee-18e8412e0021 req-4b7a808f-7338-4950-87ee-18e8412e0021 ] Request (SecurityGroupsTestJSON:setUpClass): 201 POST http://10.180.1.21/networking/v2.0/networks 0.702s
2025-12-13 04:52:07.885 65487 INFO tempest.lib.common.rest_client [req-abda7c7c-034a-4cd3-9586-97eaafee9dff req-abda7c7c-034a-4cd3-9586-97eaafee9dff ] Request (ServerActionsTestJSON:setUpClass): 201 POST http://10.180.1.21/networking/v2.0/floatingips 0.654s
2025-12-13 04:52:07.916 65503 INFO tempest.lib.common.rest_client [req-22d14005-d4a3-4dbd-a8c3-2f0ee12084e4 req-22d14005-d4a3-4dbd-a8c3-2f0ee12084e4 ] Request (DeleteServersAdminTestJSON:test_delete_server_while_in_error_state): 200 GET http://10.180.1.21/compute/v2.1/servers/5e8ba13f-04d9-4581-9719-a80344f2d340 2.574s
2025-12-13 04:52:07.967 65487 INFO tempest.lib.common.rest_client [req-3cdfb00d-ab77-4145-aaf0-bd27e2bca1c1 req-3cdfb00d-ab77-4145-aaf0-bd27e2bca1c1 ] Request (ServerActionsTestJSON:setUpClass): 201 POST http://10.180.1.21/identity/v3/auth/tokens 0.077s
2025-12-13 04:52:07.967 65487 INFO tempest.lib.common.fixed_network [-] (ServerActionsTestJSON:setUpClass) Found network {'id': '8a9637c9-867e-41b1-8d69-1221b28ba9d8', 'name': 'tempest-ServerActionsTestJSON-2105950712-network', 'tenant_id': 'c9ed236b8b6d49b392f48532755fcbaa', 'project_id': 'c9ed236b8b6d49b392f48532755fcbaa', 'admin_state_up': True, 'mtu': 8950, 'status': 'ACTIVE', 'subnets': [], 'shared': False, 'port_security_enabled': True, 'router:external': False, 'provider:network_type': 'vlan', 'provider:physical_network': 'default', 'provider:segmentation_id': 840, 'availability_zone_hints': [], 'availability_zones': [], 'ipv4_address_scope': None, 'ipv6_address_scope': None, 'description': '', 'tags': [], 'created_at': '2025-12-13T04:52:02Z', 'updated_at': '2025-12-13T04:52:02Z', 'revision_number': 1} available for tenant
2025-12-13 04:52:08.024 65537 INFO tempest.lib.common.rest_client [req-1e7c0234-1782-4fdc-8c50-a55373fd679b req-1e7c0234-1782-4fdc-8c50-a55373fd679b ] Request (FlavorsAccessNegativeTestJSON:tearDownClass): 200 GET http://10.180.1.21/networking/v2.0/security-groups?tenant_id=4fa3cb02168c4423a0dae01672a5ecc0&name=default 0.519s
2025-12-13 04:52:08.070 65529 INFO tempest.lib.common.rest_client [req-54b7a30c-4db4-4424-be46-ad9aa7785b38 req-54b7a30c-4db4-4424-be46-ad9aa7785b38 ] Request (FloatingIPsNegativeTestJSON:setUpClass): 201 POST http://10.180.1.21/networking/v2.0/subnets 0.608s
2025-12-13 04:52:08.087 65531 INFO tempest.lib.common.rest_client [req-1bfe5d4f-46cd-40d4-b2ce-379c1d39d746 req-1bfe5d4f-46cd-40d4-b2ce-379c1d39d746 ] Request (TenantUsagesTestJSON:tearDownClass): 200 GET http://10.180.1.21/networking/v2.0/security-groups?tenant_id=fc220933e2644595a2b7be7fface72c5&name=default 0.522s
2025-12-13 04:52:08.122 65517 INFO tempest.lib.common.rest_client [req-d4d41019-2ff8-4dfc-8143-29d457b433d4 req-d4d41019-2ff8-4dfc-8143-29d457b433d4 ] Request (VolumesAdminNegativeTest:test_update_attached_volume_with_nonexistent_volume_in_uri): 200 GET http://10.180.1.21/compute/v2.1/servers/194e8f40-d423-4ea9-8886-9204bb6eb79b 2.828s
2025-12-13 04:52:08.133 65485 INFO tempest.lib.common.rest_client [req-a73d9707-50ee-4f87-8f95-094da9dc0ce6 req-a73d9707-50ee-4f87-8f95-094da9dc0ce6 ] Request (ServersAdminTestJSON:test_create_server_with_scheduling_hint): 200 GET http://10.180.1.21/compute/v2.1/servers/29abcd0c-acd4-45b5-8643-681b4c688e93 2.739s
2025-12-13 04:52:08.200 65537 INFO tempest.lib.common.rest_client [req-0b786fae-7336-47cd-af73-577ba403be6e req-0b786fae-7336-47cd-af73-577ba403be6e ] Request (FlavorsAccessNegativeTestJSON:tearDownClass): 204 DELETE http://10.180.1.21/networking/v2.0/security-groups/135e0ade-dac3-4f75-8f6c-05b964301fcc 0.175s
2025-12-13 04:52:08.219 65495 INFO tempest.lib.common.rest_client [req-6c1db9cc-9e77-44a4-af84-59f48f9ecc69 req-6c1db9cc-9e77-44a4-af84-59f48f9ecc69 ] Request (SecurityGroupsTestJSON:setUpClass): 201 POST http://10.180.1.21/networking/v2.0/subnets 0.380s
2025-12-13 04:52:08.273 65537 INFO tempest.lib.common.rest_client [req-c1ff81c0-5189-4eaf-81ab-ade7657fdd0c req-c1ff81c0-5189-4eaf-81ab-ade7657fdd0c ] Request (FlavorsAccessNegativeTestJSON:tearDownClass): 204 DELETE http://10.180.1.21/identity/v3/projects/4fa3cb02168c4423a0dae01672a5ecc0 0.073s
2025-12-13 04:52:08.273 65537 INFO tempest.lib.common.dynamic_creds [-] Deleting project and security group for project: 72dd7b3bcf164d6bb7505fc9ecd829dc
2025-12-13 04:52:08.293 65531 INFO tempest.lib.common.rest_client [req-ec4b0e39-63d9-4854-ba50-7c620d28771c req-ec4b0e39-63d9-4854-ba50-7c620d28771c ] Request (TenantUsagesTestJSON:tearDownClass): 204 DELETE http://10.180.1.21/networking/v2.0/security-groups/a175414b-f2bb-436a-9396-30efb190c8aa 0.206s
2025-12-13 04:52:08.313 65511 INFO tempest.lib.common.rest_client [req-6fbb878b-60ca-4b77-bd81-9d3bc7714f0f req-6fbb878b-60ca-4b77-bd81-9d3bc7714f0f ] Request (ServerShowV257Test:test_rebuild_server): 200 GET http://10.180.1.21/compute/v2.1/servers/bd5d8195-f174-4c75-a2b0-0885701e7094 2.861s
2025-12-13 04:52:08.325 65541 INFO tempest.lib.common.rest_client [req-a98838f3-0021-462e-a28e-7ba185b47dc8 req-a98838f3-0021-462e-a28e-7ba185b47dc8 ] Request (ImagesTestJSON:test_create_image_from_stopped_server): 200 GET http://10.180.1.21/compute/v2.1/servers/0e25849a-b6f3-4b02-b0ac-a6aa626437c6 2.831s
2025-12-13 04:52:08.346 65493 INFO tempest.lib.common.rest_client [req-594ca389-e063-45ec-a2e0-339aeb91c1c2 req-594ca389-e063-45ec-a2e0-339aeb91c1c2 ] Request (ServicesAdminNegativeV253TestJSON:test_disable_service_with_invalid_service_id): 404 PUT http://10.180.1.21/compute/v2.1/os-services/47c98d06-16b7-4a7b-b8d1-9f1a58c75770 2.686s
2025-12-13 04:52:08.416 65531 INFO tempest.lib.common.rest_client [req-696bacfd-d0a2-412b-a682-1ae15204b30d req-696bacfd-d0a2-412b-a682-1ae15204b30d ] Request (TenantUsagesTestJSON:tearDownClass): 204 DELETE http://10.180.1.21/identity/v3/projects/fc220933e2644595a2b7be7fface72c5 0.123s
2025-12-13 04:52:08.416 65531 INFO tempest.lib.common.dynamic_creds [-] Deleting project and security group for project: 11eaada4af3b411f9c0ea65fc86266d6
2025-12-13 04:52:08.581 65523 INFO tempest.lib.common.rest_client [req-28a8eb3e-b5b6-468b-bde8-167e791846ae req-28a8eb3e-b5b6-468b-bde8-167e791846ae ] Request (QuotasAdminTestV257:test_get_updated_quotas): 200 PUT http://10.180.1.21/compute/v2.1/os-quota-sets/8e80d056cd7c4d64bfeec7e5dcba0e12?user_id=cc30b578e8844613b48a81e13e8a1d99 2.871s
2025-12-13 04:52:08.608 65510 INFO tempest.lib.common.rest_client [req-84c1085b-1ba5-4fba-b320-a9030feac3a7 req-84c1085b-1ba5-4fba-b320-a9030feac3a7 ] Request (FlavorsAdminTestJSON:test_is_public_string_variations): 200 POST http://10.180.1.21/compute/v2.1/flavors 2.902s
2025-12-13 04:52:09.068 65495 INFO tempest.lib.common.rest_client [req-053a410f-8847-47bf-a515-18bff26312fa req-053a410f-8847-47bf-a515-18bff26312fa ] Request (SecurityGroupsTestJSON:setUpClass): 201 POST http://10.180.1.21/networking/v2.0/routers 0.848s
2025-12-13 04:52:09.208 65537 INFO tempest.lib.common.rest_client [req-73f9a4e1-83ce-44d3-861d-26f7e003deba req-73f9a4e1-83ce-44d3-861d-26f7e003deba ] Request (FlavorsAccessNegativeTestJSON:tearDownClass): 200 GET http://10.180.1.21/networking/v2.0/security-groups?tenant_id=72dd7b3bcf164d6bb7505fc9ecd829dc&name=default 0.935s
2025-12-13 04:52:09.322 65529 INFO tempest.lib.common.rest_client [req-ffd0dab6-f24e-4677-9b23-0455acd1d2f9 req-ffd0dab6-f24e-4677-9b23-0455acd1d2f9 ] Request (FloatingIPsNegativeTestJSON:setUpClass): 201 POST http://10.180.1.21/networking/v2.0/routers 1.252s
2025-12-13 04:52:09.353 65545 INFO tempest.lib.common.rest_client [req-bc9279c0-4aa9-4450-b841-dd9a371b05e1 req-bc9279c0-4aa9-4450-b841-dd9a371b05e1 ] Request (ServersTestJSON:test_create_server_specify_multibyte_character_name): 200 GET http://10.180.1.21/compute/v2.1/servers/aa83ff00-3e99-4096-8b08-8a271d746d81 3.493s
2025-12-13 04:52:09.379 65513 INFO tempest.lib.common.rest_client [req-3f73e27c-cd07-45a5-850e-ca015f1309f1 req-3f73e27c-cd07-45a5-850e-ca015f1309f1 ] Request (ImagesNegativeTestJSON:tearDownClass): 404 GET http://10.180.1.21/compute/v2.1/servers/86f97bb5-286e-416a-a37e-23f770288f6a 3.484s
2025-12-13 04:52:09.416 65531 INFO tempest.lib.common.rest_client [req-442c78c2-e44b-4fac-8300-dd5975338f5d req-442c78c2-e44b-4fac-8300-dd5975338f5d ] Request (TenantUsagesTestJSON:tearDownClass): 200 GET http://10.180.1.21/networking/v2.0/security-groups?tenant_id=11eaada4af3b411f9c0ea65fc86266d6&name=default 0.999s
2025-12-13 04:52:09.423 65483 INFO tempest.lib.common.rest_client [req-f79dbd2c-86b1-4176-af8d-4b26e9fbf789 req-f79dbd2c-86b1-4176-af8d-4b26e9fbf789 ] Request (AggregatesAdminNegativeTestJSON:test_aggregate_remove_host_as_user): 200 POST http://10.180.1.21/compute/v2.1/os-aggregates 3.522s
2025-12-13 04:52:09.540 65537 INFO tempest.lib.common.rest_client [req-47e62e47-1a27-4916-ac18-a545a4cfba01 req-47e62e47-1a27-4916-ac18-a545a4cfba01 ] Request (FlavorsAccessNegativeTestJSON:tearDownClass): 204 DELETE http://10.180.1.21/networking/v2.0/security-groups/0cb562b5-6de5-4040-a4f1-7f8a55685504 0.331s
2025-12-13 04:52:09.577 65535 INFO tempest.lib.common.rest_client [req-26dcff8e-e44e-4448-9b6d-c053b8bb6579 req-26dcff8e-e44e-4448-9b6d-c053b8bb6579 ] Request (ServerDiagnosticsTest:test_get_server_diagnostics): 200 GET http://10.180.1.21/compute/v2.1/servers/e341ec8a-9674-4b85-8948-4730da746d6e 4.004s
2025-12-13 04:52:09.585 65535 INFO tempest.common.waiters [-] State transition "BUILD/networking" ==> "BUILD/spawning" after 18 second wait
2025-12-13 04:52:09.669 65537 INFO tempest.lib.common.rest_client [req-672f5415-4b18-4422-b25c-5762e785f993 req-672f5415-4b18-4422-b25c-5762e785f993 ] Request (FlavorsAccessNegativeTestJSON:tearDownClass): 204 DELETE http://10.180.1.21/identity/v3/projects/72dd7b3bcf164d6bb7505fc9ecd829dc 0.128s
2025-12-13 04:52:09.670 65537 INFO tempest.test [-] raised in TestMultiAttachVolumeSwap.setUpClass. Invoking tearDownClass.
2025-12-13 04:52:09.741 65537 INFO tempest.lib.common.rest_client [req-a7876bc6-d974-4061-8051-31623f62427c req-a7876bc6-d974-4061-8051-31623f62427c ] Request (SecurityGroupRulesNegativeTestJSON:setUpClass): 201 POST http://10.180.1.21/identity/v3/auth/tokens 0.067s
2025-12-13 04:52:09.786 65521 INFO tempest.lib.common.rest_client [req-40c6f298-02a3-4426-b8dc-98bf1d3b9e29 req-40c6f298-02a3-4426-b8dc-98bf1d3b9e29 ] Request (QuotasAdminNegativeTest:test_create_server_when_memory_quota_is_full): 200 GET http://10.180.1.21/compute/v2.1/os-quota-sets/6ad536bd7266410d94e73b35f57ac4c3 3.643s
2025-12-13 04:52:09.788 65537 INFO tempest.lib.common.rest_client [req-4cd9a932-c252-4c9d-b31f-f4b7d06dd32e req-4cd9a932-c252-4c9d-b31f-f4b7d06dd32e ] Request (SecurityGroupRulesNegativeTestJSON:setUpClass): 201 POST http://10.180.1.21/identity/v3/auth/tokens 0.044s
2025-12-13 04:52:09.829 65537 INFO tempest.lib.common.rest_client [req-93da5fe3-0fea-434f-bd7c-8005a0c32124 req-93da5fe3-0fea-434f-bd7c-8005a0c32124 ] Request (SecurityGroupRulesNegativeTestJSON:setUpClass): 200 GET http://10.180.1.21/identity/v3/domains?name=Default 0.040s
2025-12-13 04:52:09.878 65537 INFO tempest.lib.common.rest_client [req-fa4cb13f-d1df-4dd4-b727-2993867859b9 req-fa4cb13f-d1df-4dd4-b727-2993867859b9 ] Request (SecurityGroupRulesNegativeTestJSON:setUpClass): 201 POST http://10.180.1.21/identity/v3/projects 0.048s
2025-12-13 04:52:09.959 65537 INFO tempest.lib.common.rest_client [req-35046d80-7ced-4a5d-8da0-51fcdd0b029b req-35046d80-7ced-4a5d-8da0-51fcdd0b029b ] Request (SecurityGroupRulesNegativeTestJSON:setUpClass): 201 POST http://10.180.1.21/identity/v3/users 0.079s
2025-12-13 04:52:09.985 65537 INFO tempest.lib.common.rest_client [req-412dbafc-3f58-407f-80c2-83d0b07a5091 req-412dbafc-3f58-407f-80c2-83d0b07a5091 ] Request (SecurityGroupRulesNegativeTestJSON:setUpClass): 200 GET http://10.180.1.21/identity/v3/roles 0.026s
2025-12-13 04:52:10.021 65537 INFO tempest.lib.common.rest_client [req-6db67739-5740-41fd-838d-a9a1f84219f5 req-6db67739-5740-41fd-838d-a9a1f84219f5 ] Request (SecurityGroupRulesNegativeTestJSON:setUpClass): 204 PUT http://10.180.1.21/identity/v3/projects/366b79404f674d53beed4e99697f54a2/users/49f264459b644613823e06476044f27c/roles/792686e83c254ebd957b042d1a33cc2b 0.035s
2025-12-13 04:52:10.021 65537 INFO tempest.lib.common.dynamic_creds [-] Dynamic test user 49f264459b644613823e06476044f27c is created with scope project and roles: ['member']
2025-12-13 04:52:10.022 65537 INFO tempest.lib.common.dynamic_creds [-] Acquired dynamic creds: credentials: Credentials: {'domain_id': 'default', 'domain_name': 'Default', 'username': 'tempest-SecurityGroupRulesNegativeTestJSON-477596312-project-member', 'project_domain_id': 'default', 'project_domain_name': 'Default', 'project_id': '366b79404f674d53beed4e99697f54a2', 'project_name': 'tempest-SecurityGroupRulesNegativeTestJSON-477596312', 'tenant_id': '366b79404f674d53beed4e99697f54a2', 'tenant_name': 'tempest-SecurityGroupRulesNegativeTestJSON-477596312', 'user_domain_id': 'default', 'user_domain_name': 'Default', 'user_id': '49f264459b644613823e06476044f27c', 'system': None}, Network: None, Subnet: None, Router: None
2025-12-13 04:52:10.089 65537 INFO tempest.lib.common.rest_client [req-55bfe71c-3e4b-461b-9602-35f46836a0a7 req-55bfe71c-3e4b-461b-9602-35f46836a0a7 ] Request (SecurityGroupRulesNegativeTestJSON:setUpClass): 201 POST http://10.180.1.21/identity/v3/auth/tokens 0.067s
2025-12-13 04:52:10.343 65495 INFO tempest.lib.common.rest_client [req-d3d3eb58-8133-4404-91bf-7c783616c01e req-d3d3eb58-8133-4404-91bf-7c783616c01e ] Request (SecurityGroupsTestJSON:setUpClass): 200 PUT http://10.180.1.21/networking/v2.0/routers/f22472cc-b707-4108-a743-1273e1114c94/add_router_interface 1.274s
