2025-12-13 04:51:43.232 65511 INFO tempest.lib.common.rest_client [req-8440b8da-d76a-41d6-9634-905df05d3432 req-8440b8da-d76a-41d6-9634-905df05d3432 ] Request (FloatingIPsTestJSON:test_delete_floating_ip): 404 GET http://10.180.1.21/compute/v2.1/os-floating-ips/50486ffa-ead0-4bc9-aee2-f155fd2ebae9 1.253s
2025-12-13 04:51:43.239 65503 INFO tempest.lib.common.rest_client [req-3ed764e3-774d-4bfa-859d-a556e1ad1af5 req-3ed764e3-774d-4bfa-859d-a556e1ad1af5 ] Request (DeleteServersAdminTestJSON:test_admin_delete_servers_of_others): 200 GET http://10.180.1.21/compute/v2.1/servers/d3e2c4ab-5892-4759-962b-69a531e8abc9 1.335s
2025-12-13 04:51:43.270 65535 INFO tempest.lib.common.rest_client [req-2c5d75e2-a374-4d60-a3b9-365c8dbc9656 req-2c5d75e2-a374-4d60-a3b9-365c8dbc9656 ] Request (FlavorsAccessTestJSON:tearDownClass): 204 DELETE http://10.180.1.21/identity/v3/projects/9fef6904c55745a582bd2b878a2ad6c5 0.078s
2025-12-13 04:51:43.270 65535 INFO tempest.lib.common.dynamic_creds [-] Deleting project and security group for project: 1dd144dc0c1d4eb28417b0c1069522e8
2025-12-13 04:51:43.276 65531 INFO tempest.lib.common.rest_client [req-fdee9ffa-c8d4-468e-ae5b-f0d00cebcc07 req-fdee9ffa-c8d4-468e-ae5b-f0d00cebcc07 ] Request (TenantUsagesTestJSON:test_list_usage_all_tenants): 200 GET http://10.180.1.21/compute/v2.1/os-simple-tenant-usage?start=2025-12-12T04%3A51%3A30.629821&end=2025-12-14T04%3A51%3A30.629821&detailed=1 1.244s
2025-12-13 04:51:43.303 65523 INFO tempest.lib.common.rest_client [req-794f1c4c-9954-469e-8244-a08b672d9ea7 req-794f1c4c-9954-469e-8244-a08b672d9ea7 ] Request (FlavorsV255TestJSON:_run_cleanups): 200 GET http://10.180.1.21/compute/v2.1/flavors/detail 1.074s
2025-12-13 04:51:43.401 65535 INFO tempest.lib.common.rest_client [req-dfd2c5db-5a0f-49e1-923d-2383e577a89c req-dfd2c5db-5a0f-49e1-923d-2383e577a89c ] Request (FlavorsAccessTestJSON:tearDownClass): 200 GET http://10.180.1.21/networking/v2.0/security-groups?tenant_id=1dd144dc0c1d4eb28417b0c1069522e8&name=default 0.130s
2025-12-13 04:51:43.456 65523 INFO tempest.lib.common.rest_client [req-cf77259c-52c8-4111-9132-be75d207e0af req-cf77259c-52c8-4111-9132-be75d207e0af ] Request (FlavorsV255TestJSON:tearDownClass): 204 DELETE http://10.180.1.21/identity/v3/users/cd3a8441969c42af88136fb8281b4e54 0.146s
2025-12-13 04:51:43.507 65491 INFO tempest.lib.common.rest_client [req-3d34c210-f7ea-4650-8955-e0aac3d52f29 req-3d34c210-f7ea-4650-8955-e0aac3d52f29 ] Request (VolumesAssistedSnapshotsTest:test_volume_assisted_snapshot_create_delete): 200 GET http://10.180.1.21/compute/v2.1/servers/8f6fcad9-c54b-42d7-9d53-fd6c9780df76 1.213s
2025-12-13 04:51:43.548 65535 INFO tempest.lib.common.rest_client [req-65d228bf-cc1c-400f-aa24-18bb68361690 req-65d228bf-cc1c-400f-aa24-18bb68361690 ] Request (FlavorsAccessTestJSON:tearDownClass): 204 DELETE http://10.180.1.21/networking/v2.0/security-groups/ce6a3ce6-e9c0-4b36-abf4-b51a87bceca2 0.146s
2025-12-13 04:51:43.614 65523 INFO tempest.lib.common.rest_client [req-b9069c9c-95d1-439f-b9e1-19f808a853ac req-b9069c9c-95d1-439f-b9e1-19f808a853ac ] Request (FlavorsV255TestJSON:tearDownClass): 204 DELETE http://10.180.1.21/identity/v3/users/89f29407f17f4ba1acb202f11fa5fdee 0.158s
2025-12-13 04:51:43.615 65523 INFO tempest.lib.common.dynamic_creds [-] Deleting project and security group for project: d1ce6849e55b4723a4db3da188323bf4
2025-12-13 04:51:43.634 65541 INFO tempest.lib.common.rest_client [req-8585ffa6-cf60-42da-867c-e232cabbce67 req-8585ffa6-cf60-42da-867c-e232cabbce67 ] Request (QuotasAdminTestJSON:test_update_all_quota_resources_for_tenant): 200 PUT http://10.180.1.21/compute/v2.1/os-quota-sets/61fd818eaa994b7d880eafd04da8c36f 1.493s
2025-12-13 04:51:43.650 65487 INFO tempest.lib.common.rest_client [req-bbd31f3a-0c00-4d04-b509-5efd220a4a28 req-bbd31f3a-0c00-4d04-b509-5efd220a4a28 ] Request (HostsAdminNegativeTestJSON:test_update_host_with_non_admin_user): 403 PUT http://10.180.1.21/compute/v2.1/os-hosts/devstack 1.280s
2025-12-13 04:51:43.675 65537 INFO tempest.lib.common.rest_client [req-3d541f9f-7a0d-4958-8591-85adae5dd57f req-3d541f9f-7a0d-4958-8591-85adae5dd57f ] Request (FlavorsAccessNegativeTestJSON:test_flavor_non_admin_add): 200 POST http://10.180.1.21/compute/v2.1/flavors 1.303s
2025-12-13 04:51:43.689 65519 INFO tempest.lib.common.rest_client [req-4c56b7ab-14a0-48be-97f9-63cf38357116 req-4c56b7ab-14a0-48be-97f9-63cf38357116 ] Request (ServersTestBootFromVolume:setUpClass): 200 GET http://10.180.1.21/volume/v3/volumes/dd264ec8-ada1-4f55-809e-8d8640f0dc7e 0.043s
2025-12-13 04:51:43.692 65521 INFO tempest.lib.common.rest_client [req-ce5cbb0c-a43c-4858-b14f-558383799680 req-ce5cbb0c-a43c-4858-b14f-558383799680 ] Request (FlavorsExtraSpecsTestJSON:test_flavor_set_get_update_show_unset_keys): 200 GET http://10.180.1.21/compute/v2.1/flavors/652475587/os-extra_specs 1.305s
2025-12-13 04:51:43.709 65535 INFO tempest.lib.common.rest_client [req-1428fb90-e4a8-4a53-84a2-d8b5cd95fbc9 req-1428fb90-e4a8-4a53-84a2-d8b5cd95fbc9 ] Request (FlavorsAccessTestJSON:tearDownClass): 204 DELETE http://10.180.1.21/identity/v3/projects/1dd144dc0c1d4eb28417b0c1069522e8 0.159s
2025-12-13 04:51:43.797 65495 INFO tempest.lib.common.rest_client [req-d9686c29-9694-440b-aca1-6169d942f9f8 req-d9686c29-9694-440b-aca1-6169d942f9f8 ] Request (ServerExternalEventsTest:tearDownClass): 200 GET http://10.180.1.21/compute/v2.1/servers/60cca084-24dc-48b6-bf59-519451b5bd76 1.463s
2025-12-13 04:51:43.819 65523 INFO tempest.lib.common.rest_client [req-2ae3eb0f-2f31-47dd-a98e-cfa73e2b9eb8 req-2ae3eb0f-2f31-47dd-a98e-cfa73e2b9eb8 ] Request (FlavorsV255TestJSON:tearDownClass): 201 POST http://10.180.1.21/identity/v3/auth/tokens 0.204s
2025-12-13 04:51:43.846 65535 INFO tempest.lib.common.rest_client [req-61903c40-b961-46d0-8c19-609f08723d3b req-61903c40-b961-46d0-8c19-609f08723d3b ] Request (ServerDiagnosticsTest:setUpClass): 201 POST http://10.180.1.21/identity/v3/auth/tokens 0.135s
2025-12-13 04:51:43.884 65535 INFO tempest.lib.common.rest_client [req-ef940f07-9aa9-443f-bd70-e84e966d69f1 req-ef940f07-9aa9-443f-bd70-e84e966d69f1 ] Request (ServerDiagnosticsTest:setUpClass): 201 POST http://10.180.1.21/identity/v3/auth/tokens 0.034s
2025-12-13 04:51:43.915 65535 INFO tempest.lib.common.rest_client [req-9f6a688a-226b-4588-94d3-1e4baa48fd05 req-9f6a688a-226b-4588-94d3-1e4baa48fd05 ] Request (ServerDiagnosticsTest:setUpClass): 200 GET http://10.180.1.21/identity/v3/domains?name=Default 0.031s
2025-12-13 04:51:43.964 65535 INFO tempest.lib.common.rest_client [req-f3aec5e3-c1c8-4a82-b420-67e06d11eb6b req-f3aec5e3-c1c8-4a82-b420-67e06d11eb6b ] Request (ServerDiagnosticsTest:setUpClass): 201 POST http://10.180.1.21/identity/v3/projects 0.048s
2025-12-13 04:51:44.044 65535 INFO tempest.lib.common.rest_client [req-50a77be9-37bf-49a0-bab9-ba67b4530e62 req-50a77be9-37bf-49a0-bab9-ba67b4530e62 ] Request (ServerDiagnosticsTest:setUpClass): 201 POST http://10.180.1.21/identity/v3/users 0.079s
2025-12-13 04:51:44.067 65485 INFO tempest.lib.common.rest_client [req-93c439b0-a5dc-46e3-846d-e799718d6ff2 req-93c439b0-a5dc-46e3-846d-e799718d6ff2 ] Request (ServersAdminTestJSON:setUpClass): 200 GET http://10.180.1.21/compute/v2.1/servers/4bb29b62-33da-4c99-9d66-81d2853a6ab9 1.559s
2025-12-13 04:51:44.074 65483 INFO tempest.lib.common.rest_client [req-d8bb2528-63b0-45fe-b536-9b6d03f953d3 req-d8bb2528-63b0-45fe-b536-9b6d03f953d3 ] Request (AggregatesAdminNegativeTestJSON:test_aggregate_create_aggregate_name_length_less_than_1): 400 POST http://10.180.1.21/compute/v2.1/os-aggregates 1.504s
2025-12-13 04:51:44.103 65510 INFO tempest.lib.common.rest_client [req-b5cacf47-b6fb-4d83-a558-ddade8fad89c req-b5cacf47-b6fb-4d83-a558-ddade8fad89c ] Request (FlavorsAdminTestJSON:_run_cleanups): 200 GET http://10.180.1.21/compute/v2.1/flavors/detail 1.345s
2025-12-13 04:51:44.107 65535 INFO tempest.lib.common.rest_client [req-ecec1892-3554-4bf2-b8fd-f942dd8f3165 req-ecec1892-3554-4bf2-b8fd-f942dd8f3165 ] Request (ServerDiagnosticsTest:setUpClass): 200 GET http://10.180.1.21/identity/v3/roles 0.063s
2025-12-13 04:51:44.149 65535 INFO tempest.lib.common.rest_client [req-4b898a0b-301e-4639-af41-c4ba2976e1aa req-4b898a0b-301e-4639-af41-c4ba2976e1aa ] Request (ServerDiagnosticsTest:setUpClass): 204 PUT http://10.180.1.21/identity/v3/projects/32ccbff249d24cc88aa044133be31f12/users/55c4af6bda9c4b9f9c4f6057c7f5c677/roles/792686e83c254ebd957b042d1a33cc2b 0.041s
2025-12-13 04:51:44.149 65535 INFO tempest.lib.common.dynamic_creds [-] Dynamic test user 55c4af6bda9c4b9f9c4f6057c7f5c677 is created with scope project and roles: ['member']
2025-12-13 04:51:44.149 65535 INFO tempest.lib.common.dynamic_creds [-] Acquired dynamic creds: credentials: Credentials: {'domain_id': 'default', 'domain_name': 'Default', 'username': 'tempest-ServerDiagnosticsTest-2063634734-project-member', 'project_domain_id': 'default', 'project_domain_name': 'Default', 'project_id': '32ccbff249d24cc88aa044133be31f12', 'project_name': 'tempest-ServerDiagnosticsTest-2063634734', 'tenant_id': '32ccbff249d24cc88aa044133be31f12', 'tenant_name': 'tempest-ServerDiagnosticsTest-2063634734', 'user_domain_id': 'default', 'user_domain_name': 'Default', 'user_id': '55c4af6bda9c4b9f9c4f6057c7f5c677', 'system': None}, Network: None, Subnet: None, Router: None
2025-12-13 04:51:44.150 65535 INFO tempest.lib.common.dynamic_creds [-] Created isolated network resources for: credentials: Credentials: {'domain_id': 'default', 'domain_name': 'Default', 'username': 'tempest-ServerDiagnosticsTest-2063634734-project-member', 'project_domain_id': 'default', 'project_domain_name': 'Default', 'project_id': '32ccbff249d24cc88aa044133be31f12', 'project_name': 'tempest-ServerDiagnosticsTest-2063634734', 'tenant_id': '32ccbff249d24cc88aa044133be31f12', 'tenant_name': 'tempest-ServerDiagnosticsTest-2063634734', 'user_domain_id': 'default', 'user_domain_name': 'Default', 'user_id': '55c4af6bda9c4b9f9c4f6057c7f5c677', 'system': None}, Network: None, Subnet: None, Router: None
2025-12-13 04:51:44.200 65523 INFO tempest.lib.common.rest_client [req-3473d720-4945-4164-b1ac-9a42adc69516 req-3473d720-4945-4164-b1ac-9a42adc69516 ] Request (FlavorsV255TestJSON:tearDownClass): 200 GET http://10.180.1.21/networking/v2.0/security-groups?tenant_id=d1ce6849e55b4723a4db3da188323bf4&name=default 0.380s
2025-12-13 04:51:44.228 65535 INFO tempest.lib.common.rest_client [req-a0ae0aef-a62c-4b46-943a-15754c3d2ef1 req-a0ae0aef-a62c-4b46-943a-15754c3d2ef1 ] Request (ServerDiagnosticsTest:setUpClass): 201 POST http://10.180.1.21/identity/v3/auth/tokens 0.075s
2025-12-13 04:51:44.284 65535 INFO tempest.lib.common.rest_client [req-1d0c03b6-3814-4201-b126-afe8b478fd56 req-1d0c03b6-3814-4201-b126-afe8b478fd56 ] Request (ServerDiagnosticsTest:setUpClass): 201 POST http://10.180.1.21/identity/v3/projects 0.056s
2025-12-13 04:51:44.337 65535 INFO tempest.lib.common.rest_client [req-d1b4c1c3-4710-4072-930c-d5e84d7f759e req-d1b4c1c3-4710-4072-930c-d5e84d7f759e ] Request (ServerDiagnosticsTest:setUpClass): 201 POST http://10.180.1.21/identity/v3/users 0.052s
2025-12-13 04:51:44.359 65535 INFO tempest.lib.common.rest_client [req-2c9472e0-570b-4c2d-bac5-0ba9d4bf2c39 req-2c9472e0-570b-4c2d-bac5-0ba9d4bf2c39 ] Request (ServerDiagnosticsTest:setUpClass): 200 GET http://10.180.1.21/identity/v3/roles 0.022s
2025-12-13 04:51:44.388 65535 INFO tempest.lib.common.rest_client [req-674a7109-04a7-43c3-8a34-342aa7776376 req-674a7109-04a7-43c3-8a34-342aa7776376 ] Request (ServerDiagnosticsTest:setUpClass): 204 PUT http://10.180.1.21/identity/v3/projects/35765dc8cd754ebe807fcc2b2c179f0d/users/9eb282256c31431b99d7e941ad1b0815/roles/34145b9c84cc492884d9e064f71d4d1a 0.028s
2025-12-13 04:51:44.401 65523 INFO tempest.lib.common.rest_client [req-c7b30afe-17d4-4249-ab2f-762c7fc6adb3 req-c7b30afe-17d4-4249-ab2f-762c7fc6adb3 ] Request (FlavorsV255TestJSON:tearDownClass): 204 DELETE http://10.180.1.21/networking/v2.0/security-groups/43668006-e043-489a-bc33-e08879762a62 0.200s
2025-12-13 04:51:44.444 65535 INFO tempest.lib.common.rest_client [req-cfca1750-1ec5-4cbc-bc82-09d6f6d46117 req-cfca1750-1ec5-4cbc-bc82-09d6f6d46117 ] Request (ServerDiagnosticsTest:setUpClass): 200 GET http://10.180.1.21/identity/v3/roles 0.056s
2025-12-13 04:51:44.457 65543 INFO tempest.lib.common.rest_client [req-d7fe065b-d945-420f-9932-35ac60b95953 req-d7fe065b-d945-420f-9932-35ac60b95953 ] Request (ListImageFiltersTestJSON:setUpClass): 204 PUT http://10.180.1.21/image/v2/images/4cc143ee-47d3-44eb-a4f8-9a58c9c185e0/file 0.861s
2025-12-13 04:51:44.466 65535 INFO tempest.lib.common.rest_client [req-0da55bfe-62c6-40ae-adc4-247584c9f258 req-0da55bfe-62c6-40ae-adc4-247584c9f258 ] Request (ServerDiagnosticsTest:setUpClass): 204 PUT http://10.180.1.21/identity/v3/projects/35765dc8cd754ebe807fcc2b2c179f0d/users/9eb282256c31431b99d7e941ad1b0815/roles/34145b9c84cc492884d9e064f71d4d1a 0.021s
2025-12-13 04:51:44.466 65535 INFO tempest.lib.common.dynamic_creds [-] Dynamic test user 9eb282256c31431b99d7e941ad1b0815 is created with scope project and roles: ['admin']
2025-12-13 04:51:44.466 65535 INFO tempest.lib.common.dynamic_creds [-] Acquired dynamic creds: credentials: Credentials: {'domain_id': 'default', 'domain_name': 'Default', 'username': 'tempest-ServerDiagnosticsTest-713746576-project-admin', 'project_domain_id': 'default', 'project_domain_name': 'Default', 'project_id': '35765dc8cd754ebe807fcc2b2c179f0d', 'project_name': 'tempest-ServerDiagnosticsTest-713746576', 'tenant_id': '35765dc8cd754ebe807fcc2b2c179f0d', 'tenant_name': 'tempest-ServerDiagnosticsTest-713746576', 'user_domain_id': 'default', 'user_domain_name': 'Default', 'user_id': '9eb282256c31431b99d7e941ad1b0815', 'system': None}, Network: None, Subnet: None, Router: None
2025-12-13 04:51:44.466 65535 INFO tempest.lib.common.dynamic_creds [-] Created isolated network resources for: credentials: Credentials: {'domain_id': 'default', 'domain_name': 'Default', 'username': 'tempest-ServerDiagnosticsTest-713746576-project-admin', 'project_domain_id': 'default', 'project_domain_name': 'Default', 'project_id': '35765dc8cd754ebe807fcc2b2c179f0d', 'project_name': 'tempest-ServerDiagnosticsTest-713746576', 'tenant_id': '35765dc8cd754ebe807fcc2b2c179f0d', 'tenant_name': 'tempest-ServerDiagnosticsTest-713746576', 'user_domain_id': 'default', 'user_domain_name': 'Default', 'user_id': '9eb282256c31431b99d7e941ad1b0815', 'system': None}, Network: None, Subnet: None, Router: None
2025-12-13 04:51:44.535 65539 INFO tempest.lib.common.rest_client [req-3e9b9d93-335f-4b6a-b420-5f40ab631890 req-3e9b9d93-335f-4b6a-b420-5f40ab631890 ] Request (FloatingIPsAssociationTestJSON:setUpClass): 200 GET http://10.180.1.21/compute/v2.1/servers/5c856770-b4c6-4988-b065-a000dfe77cc9 1.527s
2025-12-13 04:51:44.549 65539 INFO tempest.common.waiters [-] State transition "BUILD/None" ==> "BUILD/block_device_mapping" after 2 second wait
2025-12-13 04:51:44.553 65523 INFO tempest.lib.common.rest_client [req-759896bf-1e04-4197-b81f-7d0c39a89fe2 req-759896bf-1e04-4197-b81f-7d0c39a89fe2 ] Request (FlavorsV255TestJSON:tearDownClass): 204 DELETE http://10.180.1.21/identity/v3/projects/d1ce6849e55b4723a4db3da188323bf4 0.151s
2025-12-13 04:51:44.553 65523 INFO tempest.lib.common.dynamic_creds [-] Deleting project and security group for project: 97ca0783ead04429bbc0d485c4ef141d
2025-12-13 04:51:44.564 65535 INFO tempest.lib.common.rest_client [req-d6e86ee5-c661-4682-999c-7e28d7d54eaf req-d6e86ee5-c661-4682-999c-7e28d7d54eaf ] Request (ServerDiagnosticsTest:setUpClass): 201 POST http://10.180.1.21/identity/v3/auth/tokens 0.094s
2025-12-13 04:51:44.622 65535 INFO tempest.lib.common.rest_client [req-419212e9-6b8c-413c-a8bb-f243801201a1 req-419212e9-6b8c-413c-a8bb-f243801201a1 ] Request (ServerDiagnosticsTest:test_get_server_diagnostics): 201 POST http://10.180.1.21/identity/v3/auth/tokens 0.054s
2025-12-13 04:51:44.623 65535 INFO tempest.lib.common.fixed_network [-] (ServerDiagnosticsTest:test_get_server_diagnostics) Found network None available for tenant
2025-12-13 04:51:44.744 65519 INFO tempest.lib.common.rest_client [req-eb429886-aff4-46fe-bb09-7a5a359fe058 req-eb429886-aff4-46fe-bb09-7a5a359fe058 ] Request (ServersTestBootFromVolume:setUpClass): 200 GET http://10.180.1.21/volume/v3/volumes/dd264ec8-ada1-4f55-809e-8d8640f0dc7e 0.045s
2025-12-13 04:51:44.751 65519 INFO tempest.common.waiters [-] volume dd264ec8-ada1-4f55-809e-8d8640f0dc7e reached available after waiting for 21.751059 seconds
2025-12-13 04:51:44.857 65533 INFO tempest.lib.common.rest_client [req-7437ae1d-0bf4-4742-8511-0f9b1e01d05c req-7437ae1d-0bf4-4742-8511-0f9b1e01d05c ] Request (FloatingIPDetailsTestJSON:tearDownClass): 202 DELETE http://10.180.1.21/compute/v2.1/os-floating-ips/179c18a2-9342-4197-b24a-847a2d844cd4 2.296s
2025-12-13 04:51:45.000 65523 INFO tempest.lib.common.rest_client [req-ddc09f64-cb1a-47b3-a83f-73c0fda133b0 req-ddc09f64-cb1a-47b3-a83f-73c0fda133b0 ] Request (FlavorsV255TestJSON:tearDownClass): 200 GET http://10.180.1.21/networking/v2.0/security-groups?tenant_id=97ca0783ead04429bbc0d485c4ef141d&name=default 0.447s
2025-12-13 04:51:45.030 65517 INFO tempest.lib.common.rest_client [req-960318dd-1888-488a-92c6-3f5149aaaa6c req-960318dd-1888-488a-92c6-3f5149aaaa6c ] Request (VolumesAdminNegativeTest:test_update_attached_volume_with_nonexistent_volume_in_uri): 200 GET http://10.180.1.21/compute/v2.1/servers/194e8f40-d423-4ea9-8886-9204bb6eb79b 1.988s
2025-12-13 04:51:45.120 65545 INFO tempest.lib.common.rest_client [req-7f5d4e5b-cee6-4c02-8abf-c157f3b046f0 req-7f5d4e5b-cee6-4c02-8abf-c157f3b046f0 ] Request (ImagesMetadataTestJSON:test_set_image_metadata): 200 PUT http://10.180.1.21/compute/v2.1/images/d39def85-18a7-4223-88ad-135b771b5557/metadata 2.059s
2025-12-13 04:51:45.163 65489 INFO tempest.lib.common.rest_client [req-847ca75c-3997-4942-b4c1-d26880333796 req-847ca75c-3997-4942-b4c1-d26880333796 ] Request (ServerDiagnosticsNegativeTest:test_get_server_diagnostics_by_non_admin): 403 GET http://10.180.1.21/compute/v2.1/servers/4acfb495-ffab-4682-a1a4-cf26f40f9729/diagnostics 1.952s
2025-12-13 04:51:45.963 65533 INFO tempest.lib.common.rest_client [req-2a9c9e01-1bed-44c5-a4d6-bf2227cdf179 req-2a9c9e01-1bed-44c5-a4d6-bf2227cdf179 ] Request (FloatingIPDetailsTestJSON:tearDownClass): 200 PUT http://10.180.1.21/networking/v2.0/routers/7e747361-2dc1-446d-a978-80574ab2ad7f/remove_router_interface 1.105s
2025-12-13 04:51:46.061 65523 INFO tempest.lib.common.rest_client [req-d3a46ba0-3ed2-452b-b33e-520cab205e75 req-d3a46ba0-3ed2-452b-b33e-520cab205e75 ] Request (FlavorsV255TestJSON:tearDownClass): 204 DELETE http://10.180.1.21/networking/v2.0/security-groups/4b898b9f-20fe-4798-ab95-8cc86c2a6dbc 1.060s
2025-12-13 04:51:46.096 65515 INFO tempest.lib.common.rest_client [req-4fb791c3-887e-4504-899d-aaba2fd4ed5e req-4fb791c3-887e-4504-899d-aaba2fd4ed5e ] Request (ServersListShow2100Test:test_list_show_rebuild_update_server_2100): 200 GET http://10.180.1.21/compute/v2.1/servers/634ad096-a84d-45fc-83e6-bf39b28772c0 2.959s
2025-12-13 04:51:46.109 65513 INFO tempest.lib.common.rest_client [req-8bb1b4fa-55d6-4535-9a4d-44ba8a561f8d req-8bb1b4fa-55d6-4535-9a4d-44ba8a561f8d ] Request (ImagesNegativeTestJSON:test_create_image_from_deleted_server): 200 GET http://10.180.1.21/compute/v2.1/servers/86f97bb5-286e-416a-a37e-23f770288f6a 2.897s
2025-12-13 04:51:46.117 65513 INFO tempest.common.waiters [-] State transition "ACTIVE/deleting" ==> "DELETED/None" after 4 second wait
2025-12-13 04:51:46.221 65523 INFO tempest.lib.common.rest_client [req-68b4224c-a5e6-42bc-8691-3e995055d213 req-68b4224c-a5e6-42bc-8691-3e995055d213 ] Request (FlavorsV255TestJSON:tearDownClass): 204 DELETE http://10.180.1.21/identity/v3/projects/97ca0783ead04429bbc0d485c4ef141d 0.159s
2025-12-13 04:51:46.228 65531 INFO tempest.lib.common.rest_client [req-473ca74f-b729-4a12-89f4-b1d73febb9a9 req-473ca74f-b729-4a12-89f4-b1d73febb9a9 ] Request (TenantUsagesTestJSON:tearDownClass): 204 DELETE http://10.180.1.21/compute/v2.1/servers/90c2d845-c741-4a24-880c-4c9038807f4c 2.945s
2025-12-13 04:51:46.314 65523 INFO tempest.lib.common.rest_client [req-2fbb6425-8778-47a6-9846-8802908c86f7 req-2fbb6425-8778-47a6-9846-8802908c86f7 ] Request (HypervisorAdminTestJSON:setUpClass): 201 POST http://10.180.1.21/identity/v3/auth/tokens 0.091s
2025-12-13 04:51:46.345 65523 INFO tempest.lib.common.rest_client [req-f678e73b-b746-4f15-8649-8b5a10210c30 req-f678e73b-b746-4f15-8649-8b5a10210c30 ] Request (HypervisorAdminTestJSON:setUpClass): 201 POST http://10.180.1.21/identity/v3/auth/tokens 0.027s
2025-12-13 04:51:46.371 65523 INFO tempest.lib.common.rest_client [req-7674f5da-bb4c-4a78-8e1b-a97abad48263 req-7674f5da-bb4c-4a78-8e1b-a97abad48263 ] Request (HypervisorAdminTestJSON:setUpClass): 200 GET http://10.180.1.21/identity/v3/domains?name=Default 0.025s
2025-12-13 04:51:46.399 65523 INFO tempest.lib.common.rest_client [req-c7c7270b-4525-458f-a993-7d0f0b780595 req-c7c7270b-4525-458f-a993-7d0f0b780595 ] Request (HypervisorAdminTestJSON:setUpClass): 201 POST http://10.180.1.21/identity/v3/projects 0.026s
2025-12-13 04:51:46.459 65511 INFO tempest.lib.common.rest_client [req-b35f52e8-bcac-45e3-b550-f98bb62a250b req-b35f52e8-bcac-45e3-b550-f98bb62a250b ] Request (FloatingIPsTestJSON:_run_cleanups): 404 DELETE http://10.180.1.21/compute/v2.1/os-floating-ips/50486ffa-ead0-4bc9-aee2-f155fd2ebae9 3.226s
2025-12-13 04:51:46.464 65523 INFO tempest.lib.common.rest_client [req-f38e7c95-8189-4354-a881-b169f79e13b7 req-f38e7c95-8189-4354-a881-b169f79e13b7 ] Request (HypervisorAdminTestJSON:setUpClass): 201 POST http://10.180.1.21/identity/v3/users 0.064s
2025-12-13 04:51:46.473 65533 INFO tempest.lib.common.rest_client [req-4803e5d3-ce0b-4a42-b66e-134f677c66d3 req-4803e5d3-ce0b-4a42-b66e-134f677c66d3 ] Request (FloatingIPDetailsTestJSON:tearDownClass): 204 DELETE http://10.180.1.21/networking/v2.0/routers/7e747361-2dc1-446d-a978-80574ab2ad7f 0.510s
2025-12-13 04:51:46.490 65523 INFO tempest.lib.common.rest_client [req-c3c2db59-fdc4-4eca-abcf-80265dc4d58f req-c3c2db59-fdc4-4eca-abcf-80265dc4d58f ] Request (HypervisorAdminTestJSON:setUpClass): 200 GET http://10.180.1.21/identity/v3/roles 0.026s
2025-12-13 04:51:46.545 65523 INFO tempest.lib.common.rest_client [req-8d1ea186-0e4b-4a29-9a9f-6ea0604f82af req-8d1ea186-0e4b-4a29-9a9f-6ea0604f82af ] Request (HypervisorAdminTestJSON:setUpClass): 204 PUT http://10.180.1.21/identity/v3/projects/36760ff83d4945928066feb52d1f30b9/users/a51864ae134e4f1e825396d0498d2661/roles/792686e83c254ebd957b042d1a33cc2b 0.053s
2025-12-13 04:51:46.545 65523 INFO tempest.lib.common.dynamic_creds [-] Dynamic test user a51864ae134e4f1e825396d0498d2661 is created with scope project and roles: ['member']
2025-12-13 04:51:46.545 65523 INFO tempest.lib.common.dynamic_creds [-] Acquired dynamic creds: credentials: Credentials: {'domain_id': 'default', 'domain_name': 'Default', 'username': 'tempest-HypervisorAdminTestJSON-747151632-project-member', 'project_domain_id': 'default', 'project_domain_name': 'Default', 'project_id': '36760ff83d4945928066feb52d1f30b9', 'project_name': 'tempest-HypervisorAdminTestJSON-747151632', 'tenant_id': '36760ff83d4945928066feb52d1f30b9', 'tenant_name': 'tempest-HypervisorAdminTestJSON-747151632', 'user_domain_id': 'default', 'user_domain_name': 'Default', 'user_id': 'a51864ae134e4f1e825396d0498d2661', 'system': None}, Network: None, Subnet: None, Router: None
2025-12-13 04:51:46.545 65523 INFO tempest.lib.common.dynamic_creds [-] Created isolated network resources for: credentials: Credentials: {'domain_id': 'default', 'domain_name': 'Default', 'username': 'tempest-HypervisorAdminTestJSON-747151632-project-member', 'project_domain_id': 'default', 'project_domain_name': 'Default', 'project_id': '36760ff83d4945928066feb52d1f30b9', 'project_name': 'tempest-HypervisorAdminTestJSON-747151632', 'tenant_id': '36760ff83d4945928066feb52d1f30b9', 'tenant_name': 'tempest-HypervisorAdminTestJSON-747151632', 'user_domain_id': 'default', 'user_domain_name': 'Default', 'user_id': 'a51864ae134e4f1e825396d0498d2661', 'system': None}, Network: None, Subnet: None, Router: None
2025-12-13 04:51:46.630 65523 INFO tempest.lib.common.rest_client [req-ff065370-5a30-4489-9e2e-bbb8b18781b6 req-ff065370-5a30-4489-9e2e-bbb8b18781b6 ] Request (HypervisorAdminTestJSON:setUpClass): 201 POST http://10.180.1.21/identity/v3/auth/tokens 0.082s
2025-12-13 04:51:46.694 65533 INFO tempest.lib.common.rest_client [req-9e0ddfa2-f9b0-4cf4-b2ca-fa735eca88a1 req-9e0ddfa2-f9b0-4cf4-b2ca-fa735eca88a1 ] Request (FloatingIPDetailsTestJSON:tearDownClass): 204 DELETE http://10.180.1.21/networking/v2.0/subnets/a06a6846-1d18-452e-8db9-835e0dda87f0 0.220s
2025-12-13 04:51:46.699 65523 INFO tempest.lib.common.rest_client [req-2d3a73f9-2f26-4a95-9e8e-db79c68a0dbd req-2d3a73f9-2f26-4a95-9e8e-db79c68a0dbd ] Request (HypervisorAdminTestJSON:setUpClass): 201 POST http://10.180.1.21/identity/v3/projects 0.068s
2025-12-13 04:51:46.763 65525 INFO tempest.lib.common.rest_client [req-7b968067-e4d1-49e8-b578-6b78668ea0fc req-7b968067-e4d1-49e8-b578-6b78668ea0fc ] Request (ServersTestFqdnHostnames:test_create_server_with_fqdn_name): 200 GET http://10.180.1.21/compute/v2.1/servers/2905230f-468d-4f4b-9387-a1067bbd6824 3.193s
2025-12-13 04:51:46.769 65487 INFO tempest.lib.common.rest_client [req-7aa1204d-7557-4197-a619-7fb05a910ea5 req-7aa1204d-7557-4197-a619-7fb05a910ea5 ] Request (HostsAdminNegativeTestJSON:test_update_host_without_param): 400 PUT http://10.180.1.21/compute/v2.1/os-hosts/devstack 3.117s
2025-12-13 04:51:46.788 65523 INFO tempest.lib.common.rest_client [req-a38fde20-7d9e-4153-80fe-bf17ecdba088 req-a38fde20-7d9e-4153-80fe-bf17ecdba088 ] Request (HypervisorAdminTestJSON:setUpClass): 201 POST http://10.180.1.21/identity/v3/users 0.089s
2025-12-13 04:51:46.811 65523 INFO tempest.lib.common.rest_client [req-eaf9abd1-46a1-4b5b-b186-91c3d5b9a9a0 req-eaf9abd1-46a1-4b5b-b186-91c3d5b9a9a0 ] Request (HypervisorAdminTestJSON:setUpClass): 200 GET http://10.180.1.21/identity/v3/roles 0.022s
2025-12-13 04:51:46.843 65523 INFO tempest.lib.common.rest_client [req-c8731779-5dda-493e-9f1d-ad9c4c8b1ec8 req-c8731779-5dda-493e-9f1d-ad9c4c8b1ec8 ] Request (HypervisorAdminTestJSON:setUpClass): 204 PUT http://10.180.1.21/identity/v3/projects/5b2ee704007745bbab52a199e09d8bf0/users/5d60356eaf914033af9000118b0dc990/roles/34145b9c84cc492884d9e064f71d4d1a 0.031s
2025-12-13 04:51:46.857 65541 INFO tempest.lib.common.rest_client [req-24608125-4fe5-4b30-8fe7-efde53951edd req-24608125-4fe5-4b30-8fe7-efde53951edd ] Request (QuotasAdminTestJSON:_run_cleanups): 200 PUT http://10.180.1.21/compute/v2.1/os-quota-sets/61fd818eaa994b7d880eafd04da8c36f 3.220s
2025-12-13 04:51:46.878 65521 INFO tempest.lib.common.rest_client [req-662e2b0a-0f5b-4361-80ef-fc154c003dc2 req-662e2b0a-0f5b-4361-80ef-fc154c003dc2 ] Request (FlavorsExtraSpecsTestJSON:tearDownClass): 202 DELETE http://10.180.1.21/compute/v2.1/flavors/652475587 3.183s
2025-12-13 04:51:46.887 65537 INFO tempest.lib.common.rest_client [req-21a8d5fb-e945-4235-84f0-a14308defda8 req-21a8d5fb-e945-4235-84f0-a14308defda8 ] Request (FlavorsAccessNegativeTestJSON:test_flavor_non_admin_add): 403 POST http://10.180.1.21/compute/v2.1/flavors/162898629/action 3.209s
2025-12-13 04:51:46.906 65523 INFO tempest.lib.common.rest_client [req-37bde9ef-5976-4aac-9d0f-20fcff4b7114 req-37bde9ef-5976-4aac-9d0f-20fcff4b7114 ] Request (HypervisorAdminTestJSON:setUpClass): 200 GET http://10.180.1.21/identity/v3/roles 0.063s
2025-12-13 04:51:46.930 65523 INFO tempest.lib.common.rest_client [req-094caa81-2524-49e9-af17-646fff90ba71 req-094caa81-2524-49e9-af17-646fff90ba71 ] Request (HypervisorAdminTestJSON:setUpClass): 204 PUT http://10.180.1.21/identity/v3/projects/5b2ee704007745bbab52a199e09d8bf0/users/5d60356eaf914033af9000118b0dc990/roles/34145b9c84cc492884d9e064f71d4d1a 0.023s
2025-12-13 04:51:46.930 65523 INFO tempest.lib.common.dynamic_creds [-] Dynamic test user 5d60356eaf914033af9000118b0dc990 is created with scope project and roles: ['admin']
2025-12-13 04:51:46.931 65523 INFO tempest.lib.common.dynamic_creds [-] Acquired dynamic creds: credentials: Credentials: {'domain_id': 'default', 'domain_name': 'Default', 'username': 'tempest-HypervisorAdminTestJSON-1626364196-project-admin', 'project_domain_id': 'default', 'project_domain_name': 'Default', 'project_id': '5b2ee704007745bbab52a199e09d8bf0', 'project_name': 'tempest-HypervisorAdminTestJSON-1626364196', 'tenant_id': '5b2ee704007745bbab52a199e09d8bf0', 'tenant_name': 'tempest-HypervisorAdminTestJSON-1626364196', 'user_domain_id': 'default', 'user_domain_name': 'Default', 'user_id': '5d60356eaf914033af9000118b0dc990', 'system': None}, Network: None, Subnet: None, Router: None
2025-12-13 04:51:46.931 65523 INFO tempest.lib.common.dynamic_creds [-] Created isolated network resources for: credentials: Credentials: {'domain_id': 'default', 'domain_name': 'Default', 'username': 'tempest-HypervisorAdminTestJSON-1626364196-project-admin', 'project_domain_id': 'default', 'project_domain_name': 'Default', 'project_id': '5b2ee704007745bbab52a199e09d8bf0', 'project_name': 'tempest-HypervisorAdminTestJSON-1626364196', 'tenant_id': '5b2ee704007745bbab52a199e09d8bf0', 'tenant_name': 'tempest-HypervisorAdminTestJSON-1626364196', 'user_domain_id': 'default', 'user_domain_name': 'Default', 'user_id': '5d60356eaf914033af9000118b0dc990', 'system': None}, Network: None, Subnet: None, Router: None
2025-12-13 04:51:46.953 65541 INFO tempest.lib.common.rest_client [req-aec15065-0d9c-4d0c-aa58-59ea5d0d2f88 req-aec15065-0d9c-4d0c-aa58-59ea5d0d2f88 ] Request (QuotasAdminTestJSON:tearDownClass): 204 DELETE http://10.180.1.21/identity/v3/users/59f5861e956646dfae502154153a8e5a 0.090s
2025-12-13 04:51:47.003 65523 INFO tempest.lib.common.rest_client [req-6776d94b-c72e-426e-ab7e-681fb40fe093 req-6776d94b-c72e-426e-ab7e-681fb40fe093 ] Request (HypervisorAdminTestJSON:setUpClass): 201 POST http://10.180.1.21/identity/v3/auth/tokens 0.070s
2025-12-13 04:51:47.049 65533 INFO tempest.lib.common.rest_client [req-22ecfdba-9a02-4506-8dcf-ecbb1559172c req-22ecfdba-9a02-4506-8dcf-ecbb1559172c ] Request (FloatingIPDetailsTestJSON:tearDownClass): 204 DELETE http://10.180.1.21/networking/v2.0/networks/134cad6d-eb83-46b6-90cc-a69b897da68b 0.354s
2025-12-13 04:51:47.065 65541 INFO tempest.lib.common.rest_client [req-e5b2e7d2-c385-403a-aa7b-64c370506c8d req-e5b2e7d2-c385-403a-aa7b-64c370506c8d ] Request (QuotasAdminTestJSON:tearDownClass): 204 DELETE http://10.180.1.21/identity/v3/users/01d4855919e944b38728d6db8aa45532 0.111s
2025-12-13 04:51:47.065 65541 INFO tempest.lib.common.dynamic_creds [-] Deleting project and security group for project: 61fd818eaa994b7d880eafd04da8c36f
2025-12-13 04:51:47.125 65541 INFO tempest.lib.common.rest_client [req-6377b667-b0f2-4d3b-b383-ceaa90d5f492 req-6377b667-b0f2-4d3b-b383-ceaa90d5f492 ] Request (QuotasAdminTestJSON:tearDownClass): 201 POST http://10.180.1.21/identity/v3/auth/tokens 0.059s
2025-12-13 04:51:47.162 65533 INFO tempest.lib.common.rest_client [req-bfd86144-23f0-4bce-adc3-85972002f01e req-bfd86144-23f0-4bce-adc3-85972002f01e ] Request (FloatingIPDetailsTestJSON:tearDownClass): 204 DELETE http://10.180.1.21/identity/v3/users/c26863cc181d421c854acbec50d6d30b 0.112s
2025-12-13 04:51:47.162 65533 INFO tempest.lib.common.dynamic_creds [-] Deleting project and security group for project: 934180fba5544715b29c04de0ec0144e
2025-12-13 04:51:47.236 65511 INFO tempest.lib.common.rest_client [req-b484f1ed-fa11-4d7c-8890-c3102c901c31 req-b484f1ed-fa11-4d7c-8890-c3102c901c31 ] Request (FloatingIPsTestJSON:tearDownClass): 200 PUT http://10.180.1.21/networking/v2.0/routers/2a3d8ddf-0fec-4290-85d8-463d2d2ca9a7/remove_router_interface 0.775s
2025-12-13 04:51:47.283 65505 INFO tempest.lib.common.rest_client [req-f5dd4349-9987-4484-84ba-270e3512f544 req-f5dd4349-9987-4484-84ba-270e3512f544 ] Request (AttachInterfacesUnderV243Test:test_add_remove_fixed_ip): 200 GET http://10.180.1.21/compute/v2.1/servers/af5b7bc6-ad99-4720-9cdf-63c161675f93 3.396s
2025-12-13 04:51:47.299 65533 INFO tempest.lib.common.rest_client [req-8f0a6ca5-fa1e-4131-b84f-1c4ee231f7f6 req-8f0a6ca5-fa1e-4131-b84f-1c4ee231f7f6 ] Request (FloatingIPDetailsTestJSON:tearDownClass): 200 GET http://10.180.1.21/networking/v2.0/security-groups?tenant_id=934180fba5544715b29c04de0ec0144e&name=default 0.137s
2025-12-13 04:51:47.328 65507 INFO tempest.lib.common.rest_client [req-001d9390-3557-4692-b95f-45942991149b req-001d9390-3557-4692-b95f-45942991149b ] Request (MigrationsAdminTest:test_list_migrations_in_flavor_resize_situation): 200 GET http://10.180.1.21/compute/v2.1/servers/f329632c-382d-4ca6-899f-c7c280ff1e7c 3.596s
2025-12-13 04:51:47.336 65483 INFO tempest.lib.common.rest_client [req-f7c9b9d9-3ce9-48f3-a480-060239161bdb req-f7c9b9d9-3ce9-48f3-a480-060239161bdb ] Request (AggregatesAdminNegativeTestJSON:test_aggregate_create_as_user): 403 POST http://10.180.1.21/compute/v2.1/os-aggregates 3.260s
2025-12-13 04:51:47.358 65510 INFO tempest.lib.common.rest_client [req-2379a670-3b5c-49da-870e-571f60bb7128 req-2379a670-3b5c-49da-870e-571f60bb7128 ] Request (FlavorsAdminTestJSON:test_create_flavor_with_uuid_id): 200 POST http://10.180.1.21/compute/v2.1/flavors 3.243s
2025-12-13 04:51:47.468 65541 INFO tempest.lib.common.rest_client [req-b5123826-2b43-472a-9892-cae02c7b6cff req-b5123826-2b43-472a-9892-cae02c7b6cff ] Request (QuotasAdminTestJSON:tearDownClass): 200 GET http://10.180.1.21/networking/v2.0/security-groups?tenant_id=61fd818eaa994b7d880eafd04da8c36f&name=default 0.343s
2025-12-13 04:51:47.566 65533 INFO tempest.lib.common.rest_client [req-88f4a522-e4cc-4450-81c3-3159e72ca55c req-88f4a522-e4cc-4450-81c3-3159e72ca55c ] Request (FloatingIPDetailsTestJSON:tearDownClass): 204 DELETE http://10.180.1.21/networking/v2.0/security-groups/7a71599b-b529-4f6c-8cc9-b3bed86fdd3f 0.267s
2025-12-13 04:51:47.595 65499 INFO tempest.lib.common.rest_client [req-88021542-bca6-4e58-8801-ca86d34d9517 req-88021542-bca6-4e58-8801-ca86d34d9517 ] Request (InstanceActionsV221TestJSON:test_get_list_deleted_instance_actions): 200 GET http://10.180.1.21/compute/v2.1/servers/0837cca3-a8cb-4093-9138-779ad3a732b0 3.655s
2025-12-13 04:51:47.620 65503 INFO tempest.lib.common.rest_client [req-e1642695-0116-49d5-a9b4-97f322060f0f req-e1642695-0116-49d5-a9b4-97f322060f0f ] Request (DeleteServersAdminTestJSON:test_admin_delete_servers_of_others): 404 GET http://10.180.1.21/compute/v2.1/servers/d3e2c4ab-5892-4759-962b-69a531e8abc9 3.368s
2025-12-13 04:51:47.652 65501 INFO tempest.lib.common.rest_client [req-12890ebe-8970-4791-bbcc-7d621f01c11c req-12890ebe-8970-4791-bbcc-7d621f01c11c ] Request (ServersWithSpecificFlavorTestJSON:test_verify_created_server_ephemeral_disk): 200 GET http://10.180.1.21/compute/v2.1/servers/bb5d4a8a-5fb5-4c05-97f5-376d449e5427 3.473s
2025-12-13 04:51:47.665 65533 INFO tempest.lib.common.rest_client [req-e36da3ee-a14e-405a-a7aa-c35d15e28675 req-e36da3ee-a14e-405a-a7aa-c35d15e28675 ] Request (FloatingIPDetailsTestJSON:tearDownClass): 204 DELETE http://10.180.1.21/identity/v3/projects/934180fba5544715b29c04de0ec0144e 0.098s
2025-12-13 04:51:47.666 65501 INFO tempest.common.waiters [-] State transition "BUILD/scheduling" ==> "BUILD/None" after 4 second wait
2025-12-13 04:51:47.680 65543 INFO tempest.lib.common.rest_client [req-f1e0deeb-4d14-40a0-977f-51c1da6faef5 req-f1e0deeb-4d14-40a0-977f-51c1da6faef5 ] Request (ListImageFiltersTestJSON:setUpClass): 200 GET http://10.180.1.21/compute/v2.1/images/4cc143ee-47d3-44eb-a4f8-9a58c9c185e0 3.223s
2025-12-13 04:51:47.717 65503 INFO tempest.lib.common.rest_client [req-cfe36388-145d-4dcc-b78d-7a93ac7f51e3 req-cfe36388-145d-4dcc-b78d-7a93ac7f51e3 ] Request (DeleteServersAdminTestJSON:test_delete_server_while_in_error_state): 201 POST http://10.180.1.21/identity/v3/auth/tokens 0.084s
2025-12-13 04:51:47.718 65503 INFO tempest.lib.common.fixed_network [-] (DeleteServersAdminTestJSON:test_delete_server_while_in_error_state) Found network None available for tenant
2025-12-13 04:51:47.767 65541 INFO tempest.lib.common.rest_client [req-a05fd923-db4a-4917-ac70-ecf8b90740eb req-a05fd923-db4a-4917-ac70-ecf8b90740eb ] Request (QuotasAdminTestJSON:tearDownClass): 204 DELETE http://10.180.1.21/networking/v2.0/security-groups/ea64c246-2510-4101-9dad-8e069a61e229 0.298s
2025-12-13 04:51:47.774 65533 INFO tempest.lib.common.rest_client [req-27fca6a5-0d06-4616-810f-c79a73ca08ee req-27fca6a5-0d06-4616-810f-c79a73ca08ee ] Request (AbsoluteLimitsNegativeTestJSON:setUpClass): 201 POST http://10.180.1.21/identity/v3/auth/tokens 0.107s
2025-12-13 04:51:47.844 65511 INFO tempest.lib.common.rest_client [req-df46072e-dd4c-4e9d-8231-903968ea4a7e req-df46072e-dd4c-4e9d-8231-903968ea4a7e ] Request (FloatingIPsTestJSON:tearDownClass): 204 DELETE http://10.180.1.21/networking/v2.0/routers/2a3d8ddf-0fec-4290-85d8-463d2d2ca9a7 0.607s
2025-12-13 04:51:47.890 65541 INFO tempest.lib.common.rest_client [req-7afc2328-4ec6-4513-afc4-dc2149f49963 req-7afc2328-4ec6-4513-afc4-dc2149f49963 ] Request (QuotasAdminTestJSON:tearDownClass): 204 DELETE http://10.180.1.21/identity/v3/projects/61fd818eaa994b7d880eafd04da8c36f 0.121s
2025-12-13 04:51:47.890 65541 INFO tempest.lib.common.dynamic_creds [-] Deleting project and security group for project: 0db1d2074baa4e2085d9456beb05beeb
2025-12-13 04:51:47.938 65533 INFO tempest.lib.common.rest_client [req-f84233c6-4cb0-4851-a84e-95f5302efca4 req-f84233c6-4cb0-4851-a84e-95f5302efca4 ] Request (AbsoluteLimitsNegativeTestJSON:setUpClass): 201 POST http://10.180.1.21/identity/v3/auth/tokens 0.162s
2025-12-13 04:51:47.967 65533 INFO tempest.lib.common.rest_client [req-12dc788e-5e96-4e2a-b5c4-5076f78b3fcf req-12dc788e-5e96-4e2a-b5c4-5076f78b3fcf ] Request (AbsoluteLimitsNegativeTestJSON:setUpClass): 200 GET http://10.180.1.21/identity/v3/domains?name=Default 0.028s
2025-12-13 04:51:48.000 65533 INFO tempest.lib.common.rest_client [req-25eff3aa-f19f-440f-bbad-b46e5a597672 req-25eff3aa-f19f-440f-bbad-b46e5a597672 ] Request (AbsoluteLimitsNegativeTestJSON:setUpClass): 201 POST http://10.180.1.21/identity/v3/projects 0.033s
2025-12-13 04:51:48.023 65541 INFO tempest.lib.common.rest_client [req-3abf9f9d-2e08-4043-be0a-630456da2d0c req-3abf9f9d-2e08-4043-be0a-630456da2d0c ] Request (QuotasAdminTestJSON:tearDownClass): 200 GET http://10.180.1.21/networking/v2.0/security-groups?tenant_id=0db1d2074baa4e2085d9456beb05beeb&name=default 0.133s
2025-12-13 04:51:48.049 65511 INFO tempest.lib.common.rest_client [req-de785a6e-7998-45be-8af3-ef477607fcfd req-de785a6e-7998-45be-8af3-ef477607fcfd ] Request (FloatingIPsTestJSON:tearDownClass): 204 DELETE http://10.180.1.21/networking/v2.0/subnets/01f39fb5-8014-4bf3-9aee-ced86606191d 0.205s
2025-12-13 04:51:48.069 65491 INFO tempest.lib.common.rest_client [req-aad5c097-32f3-4ea8-b9f5-34fd18010c1d req-aad5c097-32f3-4ea8-b9f5-34fd18010c1d ] Request (VolumesAssistedSnapshotsTest:test_volume_assisted_snapshot_create_delete): 200 GET http://10.180.1.21/compute/v2.1/servers/8f6fcad9-c54b-42d7-9d53-fd6c9780df76 3.554s
2025-12-13 04:51:48.076 65491 INFO tempest.common.waiters [-] State transition "BUILD/spawning" ==> "ACTIVE/None" after 25 second wait
2025-12-13 04:51:48.077 65533 INFO tempest.lib.common.rest_client [req-177fdb5e-ad14-4a43-88ae-cfeaa48cf3e1 req-177fdb5e-ad14-4a43-88ae-cfeaa48cf3e1 ] Request (AbsoluteLimitsNegativeTestJSON:setUpClass): 201 POST http://10.180.1.21/identity/v3/users 0.076s
2025-12-13 04:51:48.109 65533 INFO tempest.lib.common.rest_client [req-40baddc7-e84c-4f05-913b-a0bdeca77a31 req-40baddc7-e84c-4f05-913b-a0bdeca77a31 ] Request (AbsoluteLimitsNegativeTestJSON:setUpClass): 200 GET http://10.180.1.21/identity/v3/roles 0.031s
2025-12-13 04:51:48.151 65533 INFO tempest.lib.common.rest_client [req-08b4d089-688a-4fb0-b852-0a22259d2264 req-08b4d089-688a-4fb0-b852-0a22259d2264 ] Request (AbsoluteLimitsNegativeTestJSON:setUpClass): 204 PUT http://10.180.1.21/identity/v3/projects/fa2dcff84eae4a3a988d913ba842ce03/users/d07f43c037ba4ebc91896ec85ca90858/roles/792686e83c254ebd957b042d1a33cc2b 0.041s
2025-12-13 04:51:48.152 65533 INFO tempest.lib.common.dynamic_creds [-] Dynamic test user d07f43c037ba4ebc91896ec85ca90858 is created with scope project and roles: ['member']
2025-12-13 04:51:48.152 65533 INFO tempest.lib.common.dynamic_creds [-] Acquired dynamic creds: credentials: Credentials: {'domain_id': 'default', 'domain_name': 'Default', 'username': 'tempest-AbsoluteLimitsNegativeTestJSON-1563903762-project-member', 'project_domain_id': 'default', 'project_domain_name': 'Default', 'project_id': 'fa2dcff84eae4a3a988d913ba842ce03', 'project_name': 'tempest-AbsoluteLimitsNegativeTestJSON-1563903762', 'tenant_id': 'fa2dcff84eae4a3a988d913ba842ce03', 'tenant_name': 'tempest-AbsoluteLimitsNegativeTestJSON-1563903762', 'user_domain_id': 'default', 'user_domain_name': 'Default', 'user_id': 'd07f43c037ba4ebc91896ec85ca90858', 'system': None}, Network: None, Subnet: None, Router: None
2025-12-13 04:51:48.152 65533 INFO tempest.lib.common.dynamic_creds [-] Created isolated network resources for: credentials: Credentials: {'domain_id': 'default', 'domain_name': 'Default', 'username': 'tempest-AbsoluteLimitsNegativeTestJSON-1563903762-project-member', 'project_domain_id': 'default', 'project_domain_name': 'Default', 'project_id': 'fa2dcff84eae4a3a988d913ba842ce03', 'project_name': 'tempest-AbsoluteLimitsNegativeTestJSON-1563903762', 'tenant_id': 'fa2dcff84eae4a3a988d913ba842ce03', 'tenant_name': 'tempest-AbsoluteLimitsNegativeTestJSON-1563903762', 'user_domain_id': 'default', 'user_domain_name': 'Default', 'user_id': 'd07f43c037ba4ebc91896ec85ca90858', 'system': None}, Network: None, Subnet: None, Router: None
2025-12-13 04:51:48.156 65541 INFO tempest.lib.common.rest_client [req-5bff288f-4f13-4b2f-9359-b57885bd3c10 req-5bff288f-4f13-4b2f-9359-b57885bd3c10 ] Request (QuotasAdminTestJSON:tearDownClass): 204 DELETE http://10.180.1.21/networking/v2.0/security-groups/0cf32637-4c2d-4852-9b56-1c38582899f7 0.132s
2025-12-13 04:51:48.229 65533 INFO tempest.lib.common.rest_client [req-963d9104-f238-4360-8a9b-f884014354e3 req-963d9104-f238-4360-8a9b-f884014354e3 ] Request (AbsoluteLimitsNegativeTestJSON:setUpClass): 201 POST http://10.180.1.21/identity/v3/auth/tokens 0.071s
2025-12-13 04:51:48.271 65541 INFO tempest.lib.common.rest_client [req-9741d1cb-8a97-4bb4-a288-3fb46a929e81 req-9741d1cb-8a97-4bb4-a288-3fb46a929e81 ] Request (QuotasAdminTestJSON:tearDownClass): 204 DELETE http://10.180.1.21/identity/v3/projects/0db1d2074baa4e2085d9456beb05beeb 0.115s
2025-12-13 04:51:48.345 65541 INFO tempest.lib.common.rest_client [req-46f255f8-42bd-4ca2-be8b-e81c287468d3 req-46f255f8-42bd-4ca2-be8b-e81c287468d3 ] Request (ImagesTestJSON:setUpClass): 201 POST http://10.180.1.21/identity/v3/auth/tokens 0.071s
2025-12-13 04:51:48.366 65535 INFO tempest.lib.common.rest_client [req-bf3b733f-ccf2-41f3-8b6d-130cf71ea2dc req-bf3b733f-ccf2-41f3-8b6d-130cf71ea2dc ] Request (ServerDiagnosticsTest:test_get_server_diagnostics): 202 POST http://10.180.1.21/compute/v2.1/servers 3.742s
2025-12-13 04:51:48.373 65511 INFO tempest.lib.common.rest_client [req-2abd3e15-f64b-4262-8d3e-f32dbb35520d req-2abd3e15-f64b-4262-8d3e-f32dbb35520d ] Request (FloatingIPsTestJSON:tearDownClass): 204 DELETE http://10.180.1.21/networking/v2.0/networks/99f228c1-618d-4a31-a902-215c22f3c254 0.324s
2025-12-13 04:51:48.381 65541 INFO tempest.lib.common.rest_client [req-0e1d0be7-d415-4b73-86a1-99512fd96443 req-0e1d0be7-d415-4b73-86a1-99512fd96443 ] Request (ImagesTestJSON:setUpClass): 201 POST http://10.180.1.21/identity/v3/auth/tokens 0.032s
2025-12-13 04:51:48.408 65541 INFO tempest.lib.common.rest_client [req-6185244f-5a4c-4704-a40b-079760d3a581 req-6185244f-5a4c-4704-a40b-079760d3a581 ] Request (ImagesTestJSON:setUpClass): 200 GET http://10.180.1.21/identity/v3/domains?name=Default 0.027s
2025-12-13 04:51:48.453 65541 INFO tempest.lib.common.rest_client [req-99c16b0f-8081-49a0-9b25-51ce966de147 req-99c16b0f-8081-49a0-9b25-51ce966de147 ] Request (ImagesTestJSON:setUpClass): 201 POST http://10.180.1.21/identity/v3/projects 0.044s
2025-12-13 04:51:48.471 65495 INFO tempest.lib.common.rest_client [req-2b777356-710d-40ee-b0db-14e070ca6d90 req-2b777356-710d-40ee-b0db-14e070ca6d90 ] Request (ServerExternalEventsTest:tearDownClass): 200 GET http://10.180.1.21/compute/v2.1/servers/60cca084-24dc-48b6-bf59-519451b5bd76 3.664s
2025-12-13 04:51:48.473 65511 INFO tempest.lib.common.rest_client [req-deb004f3-c1ed-4291-8a03-3698540698d4 req-deb004f3-c1ed-4291-8a03-3698540698d4 ] Request (FloatingIPsTestJSON:tearDownClass): 204 DELETE http://10.180.1.21/identity/v3/users/9e17fa1cffb74c7abca0c66276477388 0.099s
2025-12-13 04:51:48.473 65511 INFO tempest.lib.common.dynamic_creds [-] Deleting project and security group for project: 7b5333ecbcda4462bf6c286aa2416a68
2025-12-13 04:51:48.478 65495 INFO tempest.common.waiters [-] State transition "ACTIVE/deleting" ==> "DELETED/None" after 5 second wait
2025-12-13 04:51:48.539 65511 INFO tempest.lib.common.rest_client [req-7f843c08-892d-4a26-8aee-bcdfc2928399 req-7f843c08-892d-4a26-8aee-bcdfc2928399 ] Request (FloatingIPsTestJSON:tearDownClass): 200 GET http://10.180.1.21/networking/v2.0/security-groups?tenant_id=7b5333ecbcda4462bf6c286aa2416a68&name=default 0.065s
2025-12-13 04:51:48.573 65541 INFO tempest.lib.common.rest_client [req-4c51cdbc-8822-4589-94f2-354d864f1776 req-4c51cdbc-8822-4589-94f2-354d864f1776 ] Request (ImagesTestJSON:setUpClass): 201 POST http://10.180.1.21/identity/v3/users 0.120s
2025-12-13 04:51:48.604 65541 INFO tempest.lib.common.rest_client [req-a6cd9df1-b842-4ff6-997b-3e280fae4e80 req-a6cd9df1-b842-4ff6-997b-3e280fae4e80 ] Request (ImagesTestJSON:setUpClass): 200 GET http://10.180.1.21/identity/v3/roles 0.030s
2025-12-13 04:51:48.637 65541 INFO tempest.lib.common.rest_client [req-72566270-40b0-4993-b7c4-35148ed6bebd req-72566270-40b0-4993-b7c4-35148ed6bebd ] Request (ImagesTestJSON:setUpClass): 204 PUT http://10.180.1.21/identity/v3/projects/70e117bf76574e679cf89d4703433e28/users/811f8992e0834298b79aa835a6181885/roles/792686e83c254ebd957b042d1a33cc2b 0.033s
2025-12-13 04:51:48.638 65541 INFO tempest.lib.common.dynamic_creds [-] Dynamic test user 811f8992e0834298b79aa835a6181885 is created with scope project and roles: ['member']
2025-12-13 04:51:48.638 65541 INFO tempest.lib.common.dynamic_creds [-] Acquired dynamic creds: credentials: Credentials: {'domain_id': 'default', 'domain_name': 'Default', 'username': 'tempest-ImagesTestJSON-844462913-project-member', 'project_domain_id': 'default', 'project_domain_name': 'Default', 'project_id': '70e117bf76574e679cf89d4703433e28', 'project_name': 'tempest-ImagesTestJSON-844462913', 'tenant_id': '70e117bf76574e679cf89d4703433e28', 'tenant_name': 'tempest-ImagesTestJSON-844462913', 'user_domain_id': 'default', 'user_domain_name': 'Default', 'user_id': '811f8992e0834298b79aa835a6181885', 'system': None}, Network: None, Subnet: None, Router: None
2025-12-13 04:51:48.706 65511 INFO tempest.lib.common.rest_client [req-72cc14b9-cb51-4f04-9419-46f5c9c0ce6e req-72cc14b9-cb51-4f04-9419-46f5c9c0ce6e ] Request (FloatingIPsTestJSON:tearDownClass): 204 DELETE http://10.180.1.21/networking/v2.0/security-groups/0c5506bd-0677-4472-b106-5f4fc3aa5f1d 0.165s
2025-12-13 04:51:48.725 65541 INFO tempest.lib.common.rest_client [req-fcdb5ccc-4293-4a1e-a91b-fa475e87d360 req-fcdb5ccc-4293-4a1e-a91b-fa475e87d360 ] Request (ImagesTestJSON:setUpClass): 201 POST http://10.180.1.21/identity/v3/auth/tokens 0.087s
2025-12-13 04:51:48.759 65485 INFO tempest.lib.common.rest_client [req-b11c6ded-0832-49b1-ae7a-f72d9dc9ecac req-b11c6ded-0832-49b1-ae7a-f72d9dc9ecac ] Request (ServersAdminTestJSON:setUpClass): 200 GET http://10.180.1.21/compute/v2.1/servers/4bb29b62-33da-4c99-9d66-81d2853a6ab9 3.682s
2025-12-13 04:51:48.769 65485 INFO tempest.common.waiters [-] State transition "BUILD/spawning" ==> "ACTIVE/None" after 25 second wait
2025-12-13 04:51:48.774 65519 INFO tempest.lib.common.rest_client [req-a970def4-c830-427c-a505-f435c10605b7 req-a970def4-c830-427c-a505-f435c10605b7 ] Request (ServersTestBootFromVolume:setUpClass): 202 POST http://10.180.1.21/compute/v2.1/servers 4.023s
2025-12-13 04:51:48.832 65545 INFO tempest.lib.common.rest_client [req-0262af24-1c6c-4e05-940a-f348c7ff4285 req-0262af24-1c6c-4e05-940a-f348c7ff4285 ] Request (ImagesMetadataTestJSON:test_set_image_metadata): 200 GET http://10.180.1.21/compute/v2.1/images/d39def85-18a7-4223-88ad-135b771b5557/metadata 3.711s
2025-12-13 04:51:48.891 65511 INFO tempest.lib.common.rest_client [req-50d844cb-6d2f-47ed-ab26-a7fd767f2184 req-50d844cb-6d2f-47ed-ab26-a7fd767f2184 ] Request (FloatingIPsTestJSON:tearDownClass): 204 DELETE http://10.180.1.21/identity/v3/projects/7b5333ecbcda4462bf6c286aa2416a68 0.185s
2025-12-13 04:51:48.937 65489 INFO tempest.lib.common.rest_client [req-ff3ac994-8e48-4228-a940-5426991338cd req-ff3ac994-8e48-4228-a940-5426991338cd ] Request (ServerDiagnosticsNegativeTest:tearDownClass): 204 DELETE http://10.180.1.21/compute/v2.1/servers/4acfb495-ffab-4682-a1a4-cf26f40f9729 3.772s
2025-12-13 04:51:48.983 65511 INFO tempest.lib.common.rest_client [req-d2c6ce19-efa4-4c8b-83a3-5c03fd4d5253 req-d2c6ce19-efa4-4c8b-83a3-5c03fd4d5253 ] Request (ServerShowV257Test:setUpClass): 201 POST http://10.180.1.21/identity/v3/auth/tokens 0.089s
2025-12-13 04:51:48.995 65539 INFO tempest.lib.common.rest_client [req-8b6a283e-1ff6-49ab-a64d-2f7bbf768d5e req-8b6a283e-1ff6-49ab-a64d-2f7bbf768d5e ] Request (FloatingIPsAssociationTestJSON:setUpClass): 200 GET http://10.180.1.21/compute/v2.1/servers/5c856770-b4c6-4988-b065-a000dfe77cc9 3.444s
2025-12-13 04:51:49.004 65539 INFO tempest.common.waiters [-] State transition "BUILD/block_device_mapping" ==> "BUILD/spawning" after 7 second wait
