2025-12-13 04:53:16.900 65537 INFO tempest.lib.common.dynamic_creds [-] Created isolated network resources for: credentials: Credentials: {'domain_id': 'default', 'domain_name': 'Default', 'username': 'tempest-DeleteServersTestJSON-1766806868-project-member', 'project_domain_id': 'default', 'project_domain_name': 'Default', 'project_id': 'd4f729306d794bf9878e70c19cd56b86', 'project_name': 'tempest-DeleteServersTestJSON-1766806868', 'tenant_id': 'd4f729306d794bf9878e70c19cd56b86', 'tenant_name': 'tempest-DeleteServersTestJSON-1766806868', 'user_domain_id': 'default', 'user_domain_name': 'Default', 'user_id': '2ea5074200164d67a6b3a7b9de98d59a', 'system': None}, Network: {'id': '53f2f68b-e995-4ed3-963a-c01badaaa831', 'name': 'tempest-DeleteServersTestJSON-263026288-network', 'tenant_id': 'd4f729306d794bf9878e70c19cd56b86', 'project_id': 'd4f729306d794bf9878e70c19cd56b86', 'admin_state_up': True, 'mtu': 8950, 'status': 'ACTIVE', 'subnets': [], 'shared': False, 'port_security_enabled': True, 'router:external': False, 'provider:network_type': 'vlan', 'provider:physical_network': 'default', 'provider:segmentation_id': 606, 'availability_zone_hints': [], 'availability_zones': [], 'ipv4_address_scope': None, 'ipv6_address_scope': None, 'description': '', 'tags': [], 'created_at': '2025-12-13T04:53:13Z', 'updated_at': '2025-12-13T04:53:13Z', 'revision_number': 1}, Subnet: {'id': 'b586ab1a-143b-4d12-82f0-17f587b11da2', 'name': 'tempest-DeleteServersTestJSON-263026288-subnet', 'tenant_id': 'd4f729306d794bf9878e70c19cd56b86', 'network_id': '53f2f68b-e995-4ed3-963a-c01badaaa831', 'ip_version': 4, 'subnetpool_id': None, 'enable_dhcp': True, 'ipv6_ra_mode': None, 'ipv6_address_mode': None, 'gateway_ip': '192.168.128.1', 'cidr': '192.168.128.0/28', 'allocation_pools': [{'start': '192.168.128.2', 'end': '192.168.128.14'}], 'host_routes': [], 'dns_nameservers': [], 'description': '', 'router:external': False, 'service_types': [], 'tags': [], 'created_at': '2025-12-13T04:53:14Z', 'updated_at': '2025-12-13T04:53:14Z', 'revision_number': 0, 'project_id': 'd4f729306d794bf9878e70c19cd56b86'}, Router: {'id': '8353ed2e-5973-456c-b7d5-cf9c727af013', 'name': 'tempest-DeleteServersTestJSON-263026288-router', 'tenant_id': 'd4f729306d794bf9878e70c19cd56b86', 'admin_state_up': True, 'status': 'ACTIVE', 'external_gateway_info': {'network_id': '9728d5d9-75b2-47df-849a-e02526358913', 'external_fixed_ips': [{'subnet_id': '20256e5a-743d-4424-a341-2ad98d03105a', 'ip_address': '10.180.180.177'}], 'enable_snat': True}, 'description': '', 'availability_zones': [], 'distributed': False, 'ha': False, 'availability_zone_hints': [], 'routes': [], 'flavor_id': None, 'tags': [], 'created_at': '2025-12-13T04:53:14Z', 'updated_at': '2025-12-13T04:53:14Z', 'revision_number': 2, 'project_id': 'd4f729306d794bf9878e70c19cd56b86'}
2025-12-13 04:53:16.955 65539 INFO tempest.lib.common.rest_client [req-e48616e7-1676-4355-a391-302fb9a40245 req-e48616e7-1676-4355-a391-302fb9a40245 ] Request (FloatingIPsAssociationTestJSON:test_associate_disassociate_floating_ip): 200 GET http://10.180.1.21/compute/v2.1/os-floating-ips/4621edd3-279e-4a3f-9337-b6cc83da6df6 4.128s
2025-12-13 04:53:16.992 65537 INFO tempest.lib.common.rest_client [req-87f87c25-5a21-4130-9942-e2090f2a4420 req-87f87c25-5a21-4130-9942-e2090f2a4420 ] Request (DeleteServersTestJSON:setUpClass): 201 POST http://10.180.1.21/identity/v3/auth/tokens 0.088s
2025-12-13 04:53:17.031 65537 INFO tempest.lib.common.rest_client [req-cf555f25-1b71-41d3-a3ac-c9cb5e3e40d3 req-cf555f25-1b71-41d3-a3ac-c9cb5e3e40d3 ] Request (DeleteServersTestJSON:test_delete_active_server): 201 POST http://10.180.1.21/identity/v3/auth/tokens 0.035s
2025-12-13 04:53:17.032 65537 INFO tempest.lib.common.fixed_network [-] (DeleteServersTestJSON:test_delete_active_server) Found network {'id': '53f2f68b-e995-4ed3-963a-c01badaaa831', 'name': 'tempest-DeleteServersTestJSON-263026288-network', 'tenant_id': 'd4f729306d794bf9878e70c19cd56b86', 'project_id': 'd4f729306d794bf9878e70c19cd56b86', 'admin_state_up': True, 'mtu': 8950, 'status': 'ACTIVE', 'subnets': [], 'shared': False, 'port_security_enabled': True, 'router:external': False, 'provider:network_type': 'vlan', 'provider:physical_network': 'default', 'provider:segmentation_id': 606, 'availability_zone_hints': [], 'availability_zones': [], 'ipv4_address_scope': None, 'ipv6_address_scope': None, 'description': '', 'tags': [], 'created_at': '2025-12-13T04:53:13Z', 'updated_at': '2025-12-13T04:53:13Z', 'revision_number': 1} available for tenant
2025-12-13 04:53:17.080 65511 INFO tempest.lib.common.rest_client [req-fc3ec645-a72d-407d-83a7-dd6b50bcc3b2 req-fc3ec645-a72d-407d-83a7-dd6b50bcc3b2 ] Request (ServersNegativeTestMultiTenantJSON:setUpClass): 201 POST http://10.180.1.21/networking/v2.0/subnets 1.653s
2025-12-13 04:53:17.164 65521 INFO tempest.lib.common.rest_client [req-459ed798-c65d-4808-8455-ed2f9ec436dc req-459ed798-c65d-4808-8455-ed2f9ec436dc ] Request (ServersAdmin275Test:test_rebuild_update_server_275): 200 GET http://10.180.1.21/compute/v2.1/servers/a098c4b0-92e3-45b0-80b5-1bff2a5e72d4 3.862s
2025-12-13 04:53:17.175 65521 INFO tempest.common.waiters [-] State transition "BUILD/spawning" ==> "ACTIVE/None" after 38 second wait
2025-12-13 04:53:17.914 65495 INFO tempest.lib.common.rest_client [req-c3143419-4004-4719-81f2-690a706495fe req-c3143419-4004-4719-81f2-690a706495fe ] Request (SecurityGroupsTestJSON:test_list_security_groups_by_server): 202 POST http://10.180.1.21/compute/v2.1/servers/0a7a39cb-ebe3-4f37-8937-1538e35e50a6/action 4.849s
2025-12-13 04:53:17.920 65511 INFO tempest.lib.common.rest_client [req-8142217a-9390-45c8-8613-eca0ac40e44a req-8142217a-9390-45c8-8613-eca0ac40e44a ] Request (ServersNegativeTestMultiTenantJSON:setUpClass): 201 POST http://10.180.1.21/networking/v2.0/routers 0.838s
2025-12-13 04:53:17.934 65493 INFO tempest.lib.common.rest_client [req-840a36d3-cbd0-4a80-8dbe-c59ac3a8964d req-840a36d3-cbd0-4a80-8dbe-c59ac3a8964d ] Request (FlavorsV2TestJSON:test_list_flavors_filter_by_min_ram): 200 GET http://10.180.1.21/compute/v2.1/flavors/42 4.493s
2025-12-13 04:53:17.947 65541 INFO tempest.lib.common.rest_client [req-259e5664-9416-44a6-9224-d3317e658102 req-259e5664-9416-44a6-9224-d3317e658102 ] Request (ImagesTestJSON:test_create_image_from_suspended_server): 200 GET http://10.180.1.21/compute/v2.1/servers/447959a0-f0a2-4bf9-be22-4ac51f80ab14 4.527s
2025-12-13 04:53:18.001 65543 INFO tempest.lib.common.rest_client [req-2b195991-7496-4a13-8489-3c9e8ad20b92 req-2b195991-7496-4a13-8489-3c9e8ad20b92 ] Request (ListImageFiltersTestJSON:setUpClass): 200 GET http://10.180.1.21/compute/v2.1/images/886c50ac-8145-43a7-9c74-c937371bad58 4.550s
2025-12-13 04:53:18.016 65505 INFO tempest.lib.common.rest_client [req-3414ccc2-894b-4ab0-a8de-59f3d79c694c req-3414ccc2-894b-4ab0-a8de-59f3d79c694c ] Request (AttachInterfacesUnderV243Test:test_add_remove_fixed_ip): 200 GET http://10.180.1.21/compute/v2.1/servers/af5b7bc6-ad99-4720-9cdf-63c161675f93/ips 4.534s
2025-12-13 04:53:18.069 65497 INFO tempest.lib.common.rest_client [req-40e5e1ec-511c-4c1f-a26b-8d19177d4cff req-40e5e1ec-511c-4c1f-a26b-8d19177d4cff ] Request (KeyPairsNegativeTestJSON:test_keypair_create_with_invalid_pub_key): 400 POST http://10.180.1.21/compute/v2.1/os-keypairs 4.579s
2025-12-13 04:53:18.093 65503 INFO tempest.lib.common.rest_client [req-26a7db3d-d4e8-41ce-8e43-88fe2b4a4c00 req-26a7db3d-d4e8-41ce-8e43-88fe2b4a4c00 ] Request (DeleteServersAdminTestJSON:tearDownClass): 404 GET http://10.180.1.21/compute/v2.1/servers/d3e2c4ab-5892-4759-962b-69a531e8abc9 4.518s
2025-12-13 04:53:18.096 65517 INFO tempest.lib.common.rest_client [req-1f95bb53-cf53-473c-a828-ca587f0f7d97 req-1f95bb53-cf53-473c-a828-ca587f0f7d97 ] Request (SecurityGroupsNegativeTestJSON:test_delete_security_group_without_passing_id): 404 DELETE http://10.180.1.21/compute/v2.1/os-security-groups/ 4.484s
2025-12-13 04:53:18.217 65503 INFO tempest.lib.common.rest_client [req-3f763c74-8216-4b51-b1d6-5e3f1eba81b1 req-3f763c74-8216-4b51-b1d6-5e3f1eba81b1 ] Request (DeleteServersAdminTestJSON:tearDownClass): 204 DELETE http://10.180.1.21/identity/v3/users/5ae11c240a684c64be72e3af744172b1 0.123s
2025-12-13 04:53:18.336 65503 INFO tempest.lib.common.rest_client [req-bab5b173-f1ca-472e-a3ef-bfcf766c19e3 req-bab5b173-f1ca-472e-a3ef-bfcf766c19e3 ] Request (DeleteServersAdminTestJSON:tearDownClass): 204 DELETE http://10.180.1.21/identity/v3/users/8915bd8271284af59965d6818f7bb12d 0.116s
2025-12-13 04:53:18.336 65503 INFO tempest.lib.common.dynamic_creds [-] Deleting project and security group for project: 240b3319eb5a4695837071457b03f72c
2025-12-13 04:53:18.435 65503 INFO tempest.lib.common.rest_client [req-c022bc87-ab76-4015-ba35-afd9c9c16ce7 req-c022bc87-ab76-4015-ba35-afd9c9c16ce7 ] Request (DeleteServersAdminTestJSON:tearDownClass): 201 POST http://10.180.1.21/identity/v3/auth/tokens 0.098s
2025-12-13 04:53:18.812 65491 WARNING tempest.lib.common.ssh [-] Failed to establish authenticated ssh connection to cirros@10.180.180.199 ([Errno None] Unable to connect to port 22 on 10.180.180.199). Number attempts: 10. Retry after 11 seconds.: paramiko.ssh_exception.NoValidConnectionsError: [Errno None] Unable to connect to port 22 on 10.180.180.199
2025-12-13 04:53:18.999 65511 INFO tempest.lib.common.rest_client [req-88877db8-fe31-41c7-8ef1-07c04ea755d9 req-88877db8-fe31-41c7-8ef1-07c04ea755d9 ] Request (ServersNegativeTestMultiTenantJSON:setUpClass): 200 PUT http://10.180.1.21/networking/v2.0/routers/56e2c532-9b1e-4ed1-9c70-a6a3bf9d8dd0/add_router_interface 1.078s
2025-12-13 04:53:18.999 65511 INFO tempest.lib.common.dynamic_creds [-] Created isolated network resources for: credentials: Credentials: {'domain_id': 'default', 'domain_name': 'Default', 'username': 'tempest-ServersNegativeTestMultiTenantJSON-1283265872-project-member', 'project_domain_id': 'default', 'project_domain_name': 'Default', 'project_id': 'ce305d923fe2494dbb4b6cb6b3a85325', 'project_name': 'tempest-ServersNegativeTestMultiTenantJSON-1283265872', 'tenant_id': 'ce305d923fe2494dbb4b6cb6b3a85325', 'tenant_name': 'tempest-ServersNegativeTestMultiTenantJSON-1283265872', 'user_domain_id': 'default', 'user_domain_name': 'Default', 'user_id': 'aec914368a4b410d9b0c8777eb7d518b', 'system': None}, Network: {'id': '03467d9b-3a7d-4d02-99f3-40e249cc51a2', 'name': 'tempest-ServersNegativeTestMultiTenantJSON-1077635909-network', 'tenant_id': 'ce305d923fe2494dbb4b6cb6b3a85325', 'project_id': 'ce305d923fe2494dbb4b6cb6b3a85325', 'admin_state_up': True, 'mtu': 8950, 'status': 'ACTIVE', 'subnets': [], 'shared': False, 'port_security_enabled': True, 'router:external': False, 'provider:network_type': 'vlan', 'provider:physical_network': 'default', 'provider:segmentation_id': 271, 'availability_zone_hints': [], 'availability_zones': [], 'ipv4_address_scope': None, 'ipv6_address_scope': None, 'description': '', 'tags': [], 'created_at': '2025-12-13T04:53:15Z', 'updated_at': '2025-12-13T04:53:15Z', 'revision_number': 1}, Subnet: {'id': '8cca9067-3745-45ac-b64a-e16a40aeb0a4', 'name': 'tempest-ServersNegativeTestMultiTenantJSON-1077635909-subnet', 'tenant_id': 'ce305d923fe2494dbb4b6cb6b3a85325', 'network_id': '03467d9b-3a7d-4d02-99f3-40e249cc51a2', 'ip_version': 4, 'subnetpool_id': None, 'enable_dhcp': True, 'ipv6_ra_mode': None, 'ipv6_address_mode': None, 'gateway_ip': '192.168.128.1', 'cidr': '192.168.128.0/28', 'allocation_pools': [{'start': '192.168.128.2', 'end': '192.168.128.14'}], 'host_routes': [], 'dns_nameservers': [], 'description': '', 'router:external': False, 'service_types': [], 'tags': [], 'created_at': '2025-12-13T04:53:16Z', 'updated_at': '2025-12-13T04:53:16Z', 'revision_number': 0, 'project_id': 'ce305d923fe2494dbb4b6cb6b3a85325'}, Router: {'id': '56e2c532-9b1e-4ed1-9c70-a6a3bf9d8dd0', 'name': 'tempest-ServersNegativeTestMultiTenantJSON-1077635909-router', 'tenant_id': 'ce305d923fe2494dbb4b6cb6b3a85325', 'admin_state_up': True, 'status': 'ACTIVE', 'external_gateway_info': {'network_id': '9728d5d9-75b2-47df-849a-e02526358913', 'external_fixed_ips': [{'subnet_id': '20256e5a-743d-4424-a341-2ad98d03105a', 'ip_address': '10.180.180.231'}], 'enable_snat': True}, 'description': '', 'availability_zones': [], 'distributed': False, 'ha': False, 'availability_zone_hints': [], 'routes': [], 'flavor_id': None, 'tags': [], 'created_at': '2025-12-13T04:53:17Z', 'updated_at': '2025-12-13T04:53:17Z', 'revision_number': 2, 'project_id': 'ce305d923fe2494dbb4b6cb6b3a85325'}
2025-12-13 04:53:19.088 65511 INFO tempest.lib.common.rest_client [req-5f56a011-2c89-4eba-966e-e58beddc1217 req-5f56a011-2c89-4eba-966e-e58beddc1217 ] Request (ServersNegativeTestMultiTenantJSON:setUpClass): 201 POST http://10.180.1.21/identity/v3/auth/tokens 0.085s
2025-12-13 04:53:19.133 65511 INFO tempest.lib.common.rest_client [req-da1ab387-a3d1-4b34-8daf-113b9719f88e req-da1ab387-a3d1-4b34-8daf-113b9719f88e ] Request (ServersNegativeTestMultiTenantJSON:setUpClass): 201 POST http://10.180.1.21/identity/v3/projects 0.044s
2025-12-13 04:53:19.201 65511 INFO tempest.lib.common.rest_client [req-fc85b935-370f-499f-9383-8048459a4d25 req-fc85b935-370f-499f-9383-8048459a4d25 ] Request (ServersNegativeTestMultiTenantJSON:setUpClass): 201 POST http://10.180.1.21/identity/v3/users 0.068s
2025-12-13 04:53:19.225 65511 INFO tempest.lib.common.rest_client [req-c787fa2c-28c7-4fce-9e23-53c4b9e97fd0 req-c787fa2c-28c7-4fce-9e23-53c4b9e97fd0 ] Request (ServersNegativeTestMultiTenantJSON:setUpClass): 200 GET http://10.180.1.21/identity/v3/roles 0.023s
2025-12-13 04:53:19.252 65511 INFO tempest.lib.common.rest_client [req-46c735bb-fc0e-4a5b-9d3b-9f2e0fa69831 req-46c735bb-fc0e-4a5b-9d3b-9f2e0fa69831 ] Request (ServersNegativeTestMultiTenantJSON:setUpClass): 204 PUT http://10.180.1.21/identity/v3/projects/2c4e92bcd46845b08a6ebd39d67bf245/users/df2d24e9941a4fe8a56be567e838a48b/roles/792686e83c254ebd957b042d1a33cc2b 0.026s
2025-12-13 04:53:19.252 65511 INFO tempest.lib.common.dynamic_creds [-] Dynamic test user df2d24e9941a4fe8a56be567e838a48b is created with scope project and roles: ['member']
2025-12-13 04:53:19.252 65511 INFO tempest.lib.common.dynamic_creds [-] Acquired dynamic creds: credentials: Credentials: {'domain_id': 'default', 'domain_name': 'Default', 'username': 'tempest-ServersNegativeTestMultiTenantJSON-1076492061-project-member', 'project_domain_id': 'default', 'project_domain_name': 'Default', 'project_id': '2c4e92bcd46845b08a6ebd39d67bf245', 'project_name': 'tempest-ServersNegativeTestMultiTenantJSON-1076492061', 'tenant_id': '2c4e92bcd46845b08a6ebd39d67bf245', 'tenant_name': 'tempest-ServersNegativeTestMultiTenantJSON-1076492061', 'user_domain_id': 'default', 'user_domain_name': 'Default', 'user_id': 'df2d24e9941a4fe8a56be567e838a48b', 'system': None}, Network: None, Subnet: None, Router: None
2025-12-13 04:53:19.361 65503 INFO tempest.lib.common.rest_client [req-21c24f8d-bb30-45ae-8f93-3e13689669a6 req-21c24f8d-bb30-45ae-8f93-3e13689669a6 ] Request (DeleteServersAdminTestJSON:tearDownClass): 200 GET http://10.180.1.21/networking/v2.0/security-groups?tenant_id=240b3319eb5a4695837071457b03f72c&name=default 0.926s
2025-12-13 04:53:19.573 65499 INFO tempest.lib.common.rest_client [req-8511b34f-1f80-473b-b2f5-b99cf4575867 req-8511b34f-1f80-473b-b2f5-b99cf4575867 ] Request (MultipleCreateTestJSON:test_multiple_create): 200 GET http://10.180.1.21/compute/v2.1/servers/5563a9e6-b5cd-4dce-8be3-fda8fc808296 6.087s
2025-12-13 04:53:19.584 65499 INFO tempest.common.waiters [-] State transition "BUILD/None" ==> "BUILD/spawning" after 14 second wait
2025-12-13 04:53:19.595 65513 INFO tempest.lib.common.rest_client [req-68acb36e-4f89-45d5-bab9-adf2b6775505 req-68acb36e-4f89-45d5-bab9-adf2b6775505 ] Request (ServerActionsV293TestJSON:setUpClass): 200 GET http://10.180.1.21/compute/v2.1/servers/0a42d908-aa22-48ba-93dc-c0abb232b334 5.789s
2025-12-13 04:53:19.607 65489 INFO tempest.lib.common.rest_client [req-8422541c-bba9-4caf-adc2-1c44cb6a4189 req-8422541c-bba9-4caf-adc2-1c44cb6a4189 ] Request (ImagesOneServerNegativeTestJSON:test_create_image_specify_metadata_over_limits): 400 POST http://10.180.1.21/compute/v2.1/servers/5a77431d-deba-49dc-8065-7291fc69f005/action 5.324s
2025-12-13 04:53:19.629 65483 INFO tempest.lib.common.rest_client [req-180469ca-1722-4bdc-a633-4a3dc245872c req-180469ca-1722-4bdc-a633-4a3dc245872c ] Request (ServicesAdminNegativeTestJSON:test_get_service_by_invalid_params): 200 GET http://10.180.1.21/compute/v2.1/os-services?xxx=nova-compute 5.282s
2025-12-13 04:53:19.668 65503 INFO tempest.lib.common.rest_client [req-233595e9-7869-4900-a40f-a74d8514d572 req-233595e9-7869-4900-a40f-a74d8514d572 ] Request (DeleteServersAdminTestJSON:tearDownClass): 204 DELETE http://10.180.1.21/networking/v2.0/security-groups/c07044ca-c7b5-4b1a-9325-a02c0d0d19e9 0.306s
2025-12-13 04:53:19.708 65531 WARNING tempest.lib.common.ssh [-] Failed to establish authenticated ssh connection to cirros@10.180.180.172 ([Errno None] Unable to connect to port 22 on 10.180.180.172). Number attempts: 3. Retry after 4 seconds.: paramiko.ssh_exception.NoValidConnectionsError: [Errno None] Unable to connect to port 22 on 10.180.180.172
2025-12-13 04:53:19.774 65503 INFO tempest.lib.common.rest_client [req-c742780e-eaa1-419c-b12b-214b1c6db2a9 req-c742780e-eaa1-419c-b12b-214b1c6db2a9 ] Request (DeleteServersAdminTestJSON:tearDownClass): 204 DELETE http://10.180.1.21/identity/v3/projects/240b3319eb5a4695837071457b03f72c 0.106s
2025-12-13 04:53:19.775 65503 INFO tempest.lib.common.dynamic_creds [-] Deleting project and security group for project: dca7d36f75f2473f939451ccbd170e74
2025-12-13 04:53:19.789 65511 INFO tempest.lib.common.rest_client [req-f1856970-150e-4618-8ef3-addd0f66bf22 req-f1856970-150e-4618-8ef3-addd0f66bf22 ] Request (ServersNegativeTestMultiTenantJSON:setUpClass): 201 POST http://10.180.1.21/networking/v2.0/networks 0.535s
2025-12-13 04:53:19.841 65545 INFO tempest.lib.common.rest_client [req-20d71899-99d2-4c79-a5cc-c007f55c0104 req-20d71899-99d2-4c79-a5cc-c007f55c0104 ] Request (ServersTestJSON:test_create_server_with_ipv6_addr_only): 200 GET http://10.180.1.21/compute/v2.1/servers/df96cec4-a47c-4e2b-8db6-ec1452c21bac 5.973s
2025-12-13 04:53:19.930 65510 INFO tempest.lib.common.rest_client [req-c900f77b-bc7f-43d3-a44c-359e24c060a4 req-c900f77b-bc7f-43d3-a44c-359e24c060a4 ] Request (ServerDiagnosticsV248Test:test_get_server_diagnostics): 200 GET http://10.180.1.21/compute/v2.1/servers/9fad83d4-18ec-4194-9f17-1de63742dd55 5.367s
2025-12-13 04:53:20.043 65503 INFO tempest.lib.common.rest_client [req-ac5edab8-6f62-4bca-9fba-b30aba934efc req-ac5edab8-6f62-4bca-9fba-b30aba934efc ] Request (DeleteServersAdminTestJSON:tearDownClass): 200 GET http://10.180.1.21/networking/v2.0/security-groups?tenant_id=dca7d36f75f2473f939451ccbd170e74&name=default 0.268s
2025-12-13 04:53:20.254 65511 INFO tempest.lib.common.rest_client [req-dbe35929-7249-4d98-8aa5-3dad51e79ed9 req-dbe35929-7249-4d98-8aa5-3dad51e79ed9 ] Request (ServersNegativeTestMultiTenantJSON:setUpClass): 201 POST http://10.180.1.21/networking/v2.0/subnets 0.464s
2025-12-13 04:53:20.403 65535 INFO tempest.lib.common.rest_client [req-b770a311-0634-4db1-b7dc-6220d644d2ff req-b770a311-0634-4db1-b7dc-6220d644d2ff ] Request (AttachVolumeShelveTestJSON:test_attach_volume_shelved_or_offload_server): 200 GET http://10.180.1.21/compute/v2.1/servers/629e8c11-e230-47d6-97f5-01736dd1a397 5.837s
2025-12-13 04:53:20.507 65487 WARNING tempest.lib.common.ssh [-] Failed to establish authenticated ssh connection to cirros@10.180.180.168 ([Errno None] Unable to connect to port 22 on 10.180.180.168). Number attempts: 5. Retry after 6 seconds.: paramiko.ssh_exception.NoValidConnectionsError: [Errno None] Unable to connect to port 22 on 10.180.180.168
2025-12-13 04:53:20.523 65503 INFO tempest.lib.common.rest_client [req-9abdf384-98f3-4852-ad3b-75550ccb96a0 req-9abdf384-98f3-4852-ad3b-75550ccb96a0 ] Request (DeleteServersAdminTestJSON:tearDownClass): 204 DELETE http://10.180.1.21/networking/v2.0/security-groups/90bc1665-54ee-4e76-98f7-a953e2945f96 0.479s
2025-12-13 04:53:20.661 65503 INFO tempest.lib.common.rest_client [req-d2c817d5-346d-4099-a898-383a34683c58 req-d2c817d5-346d-4099-a898-383a34683c58 ] Request (DeleteServersAdminTestJSON:tearDownClass): 204 DELETE http://10.180.1.21/identity/v3/projects/dca7d36f75f2473f939451ccbd170e74 0.137s
2025-12-13 04:53:20.735 65503 INFO tempest.lib.common.rest_client [req-d364ca2d-7c85-493e-aa7e-faddbf8f46a2 req-d364ca2d-7c85-493e-aa7e-faddbf8f46a2 ] Request (FlavorsV2NegativeTest:setUpClass): 201 POST http://10.180.1.21/identity/v3/auth/tokens 0.072s
2025-12-13 04:53:20.773 65503 INFO tempest.lib.common.rest_client [req-c5296fcf-a1ad-41b6-a559-2306b5c3005a req-c5296fcf-a1ad-41b6-a559-2306b5c3005a ] Request (FlavorsV2NegativeTest:setUpClass): 201 POST http://10.180.1.21/identity/v3/auth/tokens 0.033s
2025-12-13 04:53:20.804 65503 INFO tempest.lib.common.rest_client [req-bda68af4-e6ae-478e-9af9-7060acd1b092 req-bda68af4-e6ae-478e-9af9-7060acd1b092 ] Request (FlavorsV2NegativeTest:setUpClass): 200 GET http://10.180.1.21/identity/v3/domains?name=Default 0.030s
2025-12-13 04:53:20.843 65503 INFO tempest.lib.common.rest_client [req-47994b6e-db92-45e6-984b-5403e2f0fa71 req-47994b6e-db92-45e6-984b-5403e2f0fa71 ] Request (FlavorsV2NegativeTest:setUpClass): 201 POST http://10.180.1.21/identity/v3/projects 0.039s
2025-12-13 04:53:20.986 65503 INFO tempest.lib.common.rest_client [req-0a31bdda-abbf-40f1-be38-38f9e639a52f req-0a31bdda-abbf-40f1-be38-38f9e639a52f ] Request (FlavorsV2NegativeTest:setUpClass): 201 POST http://10.180.1.21/identity/v3/users 0.142s
2025-12-13 04:53:21.012 65503 INFO tempest.lib.common.rest_client [req-8fe65666-dbee-4432-bb3c-a9b20eaf3d2e req-8fe65666-dbee-4432-bb3c-a9b20eaf3d2e ] Request (FlavorsV2NegativeTest:setUpClass): 200 GET http://10.180.1.21/identity/v3/roles 0.025s
2025-12-13 04:53:21.043 65503 INFO tempest.lib.common.rest_client [req-1fda38d8-8618-4569-a5c0-2dfabe14c0db req-1fda38d8-8618-4569-a5c0-2dfabe14c0db ] Request (FlavorsV2NegativeTest:setUpClass): 204 PUT http://10.180.1.21/identity/v3/projects/0b55d055e71a4283ab8d90b16861bd3a/users/8d3383454fd1425591732ac4cb422cb0/roles/792686e83c254ebd957b042d1a33cc2b 0.031s
2025-12-13 04:53:21.044 65503 INFO tempest.lib.common.dynamic_creds [-] Dynamic test user 8d3383454fd1425591732ac4cb422cb0 is created with scope project and roles: ['member']
2025-12-13 04:53:21.044 65503 INFO tempest.lib.common.dynamic_creds [-] Acquired dynamic creds: credentials: Credentials: {'domain_id': 'default', 'domain_name': 'Default', 'username': 'tempest-FlavorsV2NegativeTest-1141916685-project-member', 'project_domain_id': 'default', 'project_domain_name': 'Default', 'project_id': '0b55d055e71a4283ab8d90b16861bd3a', 'project_name': 'tempest-FlavorsV2NegativeTest-1141916685', 'tenant_id': '0b55d055e71a4283ab8d90b16861bd3a', 'tenant_name': 'tempest-FlavorsV2NegativeTest-1141916685', 'user_domain_id': 'default', 'user_domain_name': 'Default', 'user_id': '8d3383454fd1425591732ac4cb422cb0', 'system': None}, Network: None, Subnet: None, Router: None
2025-12-13 04:53:21.044 65503 INFO tempest.lib.common.dynamic_creds [-] Created isolated network resources for: credentials: Credentials: {'domain_id': 'default', 'domain_name': 'Default', 'username': 'tempest-FlavorsV2NegativeTest-1141916685-project-member', 'project_domain_id': 'default', 'project_domain_name': 'Default', 'project_id': '0b55d055e71a4283ab8d90b16861bd3a', 'project_name': 'tempest-FlavorsV2NegativeTest-1141916685', 'tenant_id': '0b55d055e71a4283ab8d90b16861bd3a', 'tenant_name': 'tempest-FlavorsV2NegativeTest-1141916685', 'user_domain_id': 'default', 'user_domain_name': 'Default', 'user_id': '8d3383454fd1425591732ac4cb422cb0', 'system': None}, Network: None, Subnet: None, Router: None
2025-12-13 04:53:21.116 65523 WARNING tempest.lib.common.ssh [-] Failed to establish authenticated ssh connection to cirros@10.180.180.154 ([Errno None] Unable to connect to port 22 on 10.180.180.154). Number attempts: 1. Retry after 2 seconds.: paramiko.ssh_exception.NoValidConnectionsError: [Errno None] Unable to connect to port 22 on 10.180.180.154
2025-12-13 04:53:21.133 65533 INFO tempest.lib.common.rest_client [req-60e8099a-c5ce-4ea8-bd14-9b6e7b913447 req-60e8099a-c5ce-4ea8-bd14-9b6e7b913447 ] Request (ServerAddressesTestJSON:setUpClass): 200 GET http://10.180.1.21/compute/v2.1/servers/628c31fa-fe30-487d-a4e0-f4061718b05d 6.148s
2025-12-13 04:53:21.151 65503 INFO tempest.lib.common.rest_client [req-4ea4e665-5527-4062-b2d5-87bb76dc9a86 req-4ea4e665-5527-4062-b2d5-87bb76dc9a86 ] Request (FlavorsV2NegativeTest:setUpClass): 201 POST http://10.180.1.21/identity/v3/auth/tokens 0.103s
2025-12-13 04:53:21.756 65511 INFO tempest.lib.common.rest_client [req-3dddb25e-9bf5-4f3c-9d73-dc3a7e4838da req-3dddb25e-9bf5-4f3c-9d73-dc3a7e4838da ] Request (ServersNegativeTestMultiTenantJSON:setUpClass): 201 POST http://10.180.1.21/networking/v2.0/routers 1.502s
2025-12-13 04:53:21.794 65485 INFO tempest.lib.common.rest_client [req-c5ce248a-a818-4551-8e0f-9e0a0a0413b2 req-c5ce248a-a818-4551-8e0f-9e0a0a0413b2 ] Request (ServersAdminTestJSON:test_inject_network_info): 200 GET http://10.180.1.21/compute/v2.1/servers/9dceb2bb-b6d5-46e0-afe1-9e10b4aea934 6.783s
2025-12-13 04:53:21.812 65485 INFO tempest.common.waiters [-] State transition "BUILD/spawning" ==> "ACTIVE/None" after 44 second wait
2025-12-13 04:53:22.076 65501 WARNING tempest.lib.common.ssh [-] Failed to establish authenticated ssh connection to cirros@10.180.180.134 ([Errno None] Unable to connect to port 22 on 10.180.180.134). Number attempts: 8. Retry after 9 seconds.: paramiko.ssh_exception.NoValidConnectionsError: [Errno None] Unable to connect to port 22 on 10.180.180.134
2025-12-13 04:53:22.794 65511 INFO tempest.lib.common.rest_client [req-5f436dbc-f8ba-41f8-b3d4-f4c1cb55f1c6 req-5f436dbc-f8ba-41f8-b3d4-f4c1cb55f1c6 ] Request (ServersNegativeTestMultiTenantJSON:setUpClass): 200 PUT http://10.180.1.21/networking/v2.0/routers/3413b101-1ac8-4954-b3fa-03d5804da818/add_router_interface 1.038s
2025-12-13 04:53:22.794 65511 INFO tempest.lib.common.dynamic_creds [-] Created isolated network resources for: credentials: Credentials: {'domain_id': 'default', 'domain_name': 'Default', 'username': 'tempest-ServersNegativeTestMultiTenantJSON-1076492061-project-member', 'project_domain_id': 'default', 'project_domain_name': 'Default', 'project_id': '2c4e92bcd46845b08a6ebd39d67bf245', 'project_name': 'tempest-ServersNegativeTestMultiTenantJSON-1076492061', 'tenant_id': '2c4e92bcd46845b08a6ebd39d67bf245', 'tenant_name': 'tempest-ServersNegativeTestMultiTenantJSON-1076492061', 'user_domain_id': 'default', 'user_domain_name': 'Default', 'user_id': 'df2d24e9941a4fe8a56be567e838a48b', 'system': None}, Network: {'id': '3d65a38e-c225-4a90-9904-3821a7f568e9', 'name': 'tempest-ServersNegativeTestMultiTenantJSON-49734807-network', 'tenant_id': '2c4e92bcd46845b08a6ebd39d67bf245', 'project_id': '2c4e92bcd46845b08a6ebd39d67bf245', 'admin_state_up': True, 'mtu': 8950, 'status': 'ACTIVE', 'subnets': [], 'shared': False, 'port_security_enabled': True, 'router:external': False, 'provider:network_type': 'vlan', 'provider:physical_network': 'default', 'provider:segmentation_id': 923, 'availability_zone_hints': [], 'availability_zones': [], 'ipv4_address_scope': None, 'ipv6_address_scope': None, 'description': '', 'tags': [], 'created_at': '2025-12-13T04:53:19Z', 'updated_at': '2025-12-13T04:53:19Z', 'revision_number': 1}, Subnet: {'id': 'dbdfe396-9bb5-4857-91f2-2842a680ad42', 'name': 'tempest-ServersNegativeTestMultiTenantJSON-49734807-subnet', 'tenant_id': '2c4e92bcd46845b08a6ebd39d67bf245', 'network_id': '3d65a38e-c225-4a90-9904-3821a7f568e9', 'ip_version': 4, 'subnetpool_id': None, 'enable_dhcp': True, 'ipv6_ra_mode': None, 'ipv6_address_mode': None, 'gateway_ip': '192.168.128.1', 'cidr': '192.168.128.0/28', 'allocation_pools': [{'start': '192.168.128.2', 'end': '192.168.128.14'}], 'host_routes': [], 'dns_nameservers': [], 'description': '', 'router:external': False, 'service_types': [], 'tags': [], 'created_at': '2025-12-13T04:53:20Z', 'updated_at': '2025-12-13T04:53:20Z', 'revision_number': 0, 'project_id': '2c4e92bcd46845b08a6ebd39d67bf245'}, Router: {'id': '3413b101-1ac8-4954-b3fa-03d5804da818', 'name': 'tempest-ServersNegativeTestMultiTenantJSON-49734807-router', 'tenant_id': '2c4e92bcd46845b08a6ebd39d67bf245', 'admin_state_up': True, 'status': 'ACTIVE', 'external_gateway_info': {'network_id': '9728d5d9-75b2-47df-849a-e02526358913', 'external_fixed_ips': [{'subnet_id': '20256e5a-743d-4424-a341-2ad98d03105a', 'ip_address': '10.180.180.214'}], 'enable_snat': True}, 'description': '', 'availability_zones': [], 'distributed': False, 'ha': False, 'availability_zone_hints': [], 'routes': [], 'flavor_id': None, 'tags': [], 'created_at': '2025-12-13T04:53:20Z', 'updated_at': '2025-12-13T04:53:21Z', 'revision_number': 2, 'project_id': '2c4e92bcd46845b08a6ebd39d67bf245'}
2025-12-13 04:53:22.828 65519 INFO tempest.lib.common.rest_client [req-92712133-f60d-4b98-9fb9-779bc25dd040 req-92712133-f60d-4b98-9fb9-779bc25dd040 ] Request (ServersTestBootFromVolume:tearDownClass): 200 GET http://10.180.1.21/compute/v2.1/servers/b695d6d9-d8a1-467c-bd7a-2d5f0938af81 7.640s
2025-12-13 04:53:22.882 65507 INFO tempest.lib.common.rest_client [req-4d83ca03-4b45-4108-816d-aab6c717ed73 req-4d83ca03-4b45-4108-816d-aab6c717ed73 ] Request (MigrationsAdminTest:test_resize_server_revert_deleted_flavor): 200 GET http://10.180.1.21/compute/v2.1/servers/02c73f69-6d13-4f20-bbbf-e6a32f523698 7.695s
2025-12-13 04:53:22.891 65507 INFO tempest.common.waiters [-] State transition "BUILD/None" ==> "BUILD/spawning" after 17 second wait
2025-12-13 04:53:22.949 65511 INFO tempest.lib.common.rest_client [req-5be5c527-5d69-4fbb-8cd9-0dd86a022915 req-5be5c527-5d69-4fbb-8cd9-0dd86a022915 ] Request (ServersNegativeTestMultiTenantJSON:setUpClass): 201 POST http://10.180.1.21/identity/v3/auth/tokens 0.151s
2025-12-13 04:53:23.042 65511 INFO tempest.lib.common.rest_client [req-dd7f8c88-1d30-444b-b305-15241c9e0be3 req-dd7f8c88-1d30-444b-b305-15241c9e0be3 ] Request (ServersNegativeTestMultiTenantJSON:setUpClass): 201 POST http://10.180.1.21/identity/v3/auth/tokens 0.087s
2025-12-13 04:53:23.042 65511 INFO tempest.lib.common.fixed_network [-] (ServersNegativeTestMultiTenantJSON:setUpClass) Found network {'id': '03467d9b-3a7d-4d02-99f3-40e249cc51a2', 'name': 'tempest-ServersNegativeTestMultiTenantJSON-1077635909-network', 'tenant_id': 'ce305d923fe2494dbb4b6cb6b3a85325', 'project_id': 'ce305d923fe2494dbb4b6cb6b3a85325', 'admin_state_up': True, 'mtu': 8950, 'status': 'ACTIVE', 'subnets': [], 'shared': False, 'port_security_enabled': True, 'router:external': False, 'provider:network_type': 'vlan', 'provider:physical_network': 'default', 'provider:segmentation_id': 271, 'availability_zone_hints': [], 'availability_zones': [], 'ipv4_address_scope': None, 'ipv6_address_scope': None, 'description': '', 'tags': [], 'created_at': '2025-12-13T04:53:15Z', 'updated_at': '2025-12-13T04:53:15Z', 'revision_number': 1} available for tenant
2025-12-13 04:53:23.974 65537 INFO tempest.lib.common.rest_client [req-654e6a6d-4395-4031-9e4b-8008a1d90873 req-654e6a6d-4395-4031-9e4b-8008a1d90873 ] Request (DeleteServersTestJSON:test_delete_active_server): 202 POST http://10.180.1.21/compute/v2.1/servers 6.941s
2025-12-13 04:53:24.187 65523 WARNING tempest.lib.common.ssh [-] Failed to establish authenticated ssh connection to cirros@10.180.180.154 ([Errno None] Unable to connect to port 22 on 10.180.180.154). Number attempts: 2. Retry after 3 seconds.: paramiko.ssh_exception.NoValidConnectionsError: [Errno None] Unable to connect to port 22 on 10.180.180.154
2025-12-13 04:53:24.402 65521 INFO tempest.lib.common.rest_client [req-c0a48bc2-1186-49ea-8db7-64d2ad4b9780 req-c0a48bc2-1186-49ea-8db7-64d2ad4b9780 ] Request (ServersAdmin275Test:test_rebuild_update_server_275): 202 POST http://10.180.1.21/compute/v2.1/servers/a098c4b0-92e3-45b0-80b5-1bff2a5e72d4/action 7.226s
2025-12-13 04:53:24.683 65539 INFO tempest.lib.common.rest_client [req-85382c97-8965-4bcf-bb5c-ba19686c5e62 req-85382c97-8965-4bcf-bb5c-ba19686c5e62 ] Request (FloatingIPsAssociationTestJSON:test_associate_disassociate_floating_ip): 202 POST http://10.180.1.21/compute/v2.1/servers/5c856770-b4c6-4988-b065-a000dfe77cc9/action 7.725s
2025-12-13 04:53:24.710 65493 INFO tempest.lib.common.rest_client [req-7a743a4e-747e-4087-9ceb-70227819f4ed req-7a743a4e-747e-4087-9ceb-70227819f4ed ] Request (FlavorsV2TestJSON:test_list_flavors_filter_by_min_ram): 200 GET http://10.180.1.21/compute/v2.1/flavors?minRam=193 6.774s
2025-12-13 04:53:24.732 65497 INFO tempest.lib.common.rest_client [req-5447286b-bbe0-4d9f-9c7e-db63cb8e6156 req-5447286b-bbe0-4d9f-9c7e-db63cb8e6156 ] Request (KeyPairsNegativeTestJSON:test_keypair_delete_nonexistent_key): 404 DELETE http://10.180.1.21/compute/v2.1/os-keypairs/tempest-keypair-non-existent-84261320 6.661s
2025-12-13 04:53:24.948 65497 INFO tempest.lib.common.rest_client [req-9f38253b-13eb-4fa8-9e1c-b9b3012f077e req-9f38253b-13eb-4fa8-9e1c-b9b3012f077e ] Request (KeyPairsNegativeTestJSON:tearDownClass): 204 DELETE http://10.180.1.21/identity/v3/users/6dde4920219340a083ac91aba23fc36a 0.214s
2025-12-13 04:53:24.948 65497 INFO tempest.lib.common.dynamic_creds [-] Deleting project and security group for project: a9997d0a250a487fbb90ff8195f06d11
2025-12-13 04:53:25.054 65497 INFO tempest.lib.common.rest_client [req-84a37e15-d4d0-4eca-b3ad-8aef8d114fa5 req-84a37e15-d4d0-4eca-b3ad-8aef8d114fa5 ] Request (KeyPairsNegativeTestJSON:tearDownClass): 201 POST http://10.180.1.21/identity/v3/auth/tokens 0.106s
2025-12-13 04:53:25.080 65517 INFO tempest.lib.common.rest_client [req-4ca0e4a9-0a6d-40d7-b1fa-12da1fc1ac6a req-4ca0e4a9-0a6d-40d7-b1fa-12da1fc1ac6a ] Request (SecurityGroupsNegativeTestJSON:test_delete_the_default_security_group): 200 GET http://10.180.1.21/compute/v2.1/os-security-groups 6.982s
2025-12-13 04:53:25.185 65495 INFO tempest.lib.common.rest_client [req-c063edf9-c630-412a-aed5-c8d8ee91f253 req-c063edf9-c630-412a-aed5-c8d8ee91f253 ] Request (SecurityGroupsTestJSON:test_list_security_groups_by_server): 202 POST http://10.180.1.21/compute/v2.1/servers/0a7a39cb-ebe3-4f37-8937-1538e35e50a6/action 7.268s
2025-12-13 04:53:25.205 65541 INFO tempest.lib.common.rest_client [req-069cf45f-9365-4d08-8153-b21df12c50ac req-069cf45f-9365-4d08-8153-b21df12c50ac ] Request (ImagesTestJSON:test_create_image_from_suspended_server): 200 GET http://10.180.1.21/compute/v2.1/servers/447959a0-f0a2-4bf9-be22-4ac51f80ab14 6.249s
2025-12-13 04:53:25.242 65505 INFO tempest.lib.common.rest_client [req-a5585911-5bde-4509-81c9-2c8d183e8374 req-a5585911-5bde-4509-81c9-2c8d183e8374 ] Request (AttachInterfacesUnderV243Test:test_add_remove_fixed_ip): 200 GET http://10.180.1.21/compute/v2.1/servers/af5b7bc6-ad99-4720-9cdf-63c161675f93/ips 6.221s
2025-12-13 04:53:25.249 65543 INFO tempest.lib.common.rest_client [req-1313498a-e0ac-4503-a47f-5755a9ec9964 req-1313498a-e0ac-4503-a47f-5755a9ec9964 ] Request (ListImageFiltersTestJSON:setUpClass): 200 GET http://10.180.1.21/compute/v2.1/images/886c50ac-8145-43a7-9c74-c937371bad58 6.243s
2025-12-13 04:53:25.281 65483 INFO tempest.lib.common.rest_client [req-58b69abe-80de-4661-b036-6cc706b67c08 req-58b69abe-80de-4661-b036-6cc706b67c08 ] Request (ServicesAdminNegativeTestJSON:test_get_service_by_invalid_service_and_valid_host): 200 GET http://10.180.1.21/compute/v2.1/os-services 5.648s
2025-12-13 04:53:25.282 65497 INFO tempest.lib.common.rest_client [req-9ae88b89-b493-4fa2-944a-95bd042954ae req-9ae88b89-b493-4fa2-944a-95bd042954ae ] Request (KeyPairsNegativeTestJSON:tearDownClass): 200 GET http://10.180.1.21/networking/v2.0/security-groups?tenant_id=a9997d0a250a487fbb90ff8195f06d11&name=default 0.227s
2025-12-13 04:53:25.416 65497 INFO tempest.lib.common.rest_client [req-3efa970f-ee5b-4c43-a9bf-149613bd4bcd req-3efa970f-ee5b-4c43-a9bf-149613bd4bcd ] Request (KeyPairsNegativeTestJSON:tearDownClass): 204 DELETE http://10.180.1.21/networking/v2.0/security-groups/33ddda87-4831-4640-82f3-98ac2a25b3f4 0.133s
2025-12-13 04:53:25.491 65497 INFO tempest.lib.common.rest_client [req-f3f8b76c-2cdf-4c4c-b19d-2c0c00af0800 req-f3f8b76c-2cdf-4c4c-b19d-2c0c00af0800 ] Request (KeyPairsNegativeTestJSON:tearDownClass): 204 DELETE http://10.180.1.21/identity/v3/projects/a9997d0a250a487fbb90ff8195f06d11 0.075s
2025-12-13 04:53:25.582 65489 INFO tempest.lib.common.rest_client [req-69625a3a-a821-4e5e-9e79-9846427a520e req-69625a3a-a821-4e5e-9e79-9846427a520e ] Request (ImagesOneServerNegativeTestJSON:tearDown): 200 GET http://10.180.1.21/compute/v2.1/servers/5a77431d-deba-49dc-8065-7291fc69f005 5.974s
2025-12-13 04:53:25.588 65497 INFO tempest.lib.common.rest_client [req-2372d73b-d490-4cde-abb4-2ad55641a0ea req-2372d73b-d490-4cde-abb4-2ad55641a0ea ] Request (ListServersNegativeTestJSON:setUpClass): 201 POST http://10.180.1.21/identity/v3/auth/tokens 0.095s
2025-12-13 04:53:25.613 65499 INFO tempest.lib.common.rest_client [req-fefc3834-e782-401f-b4f1-4fe29a9fe4ba req-fefc3834-e782-401f-b4f1-4fe29a9fe4ba ] Request (MultipleCreateTestJSON:test_multiple_create): 200 GET http://10.180.1.21/compute/v2.1/servers/5563a9e6-b5cd-4dce-8be3-fda8fc808296 5.028s
2025-12-13 04:53:25.633 65497 INFO tempest.lib.common.rest_client [req-28da5e50-daa1-426b-96b5-26f5d644ece2 req-28da5e50-daa1-426b-96b5-26f5d644ece2 ] Request (ListServersNegativeTestJSON:setUpClass): 201 POST http://10.180.1.21/identity/v3/auth/tokens 0.041s
2025-12-13 04:53:25.671 65497 INFO tempest.lib.common.rest_client [req-70bfd6ea-ca09-4537-9b8e-befa04c7169f req-70bfd6ea-ca09-4537-9b8e-befa04c7169f ] Request (ListServersNegativeTestJSON:setUpClass): 200 GET http://10.180.1.21/identity/v3/domains?name=Default 0.038s
2025-12-13 04:53:25.712 65497 INFO tempest.lib.common.rest_client [req-c4b9e4d6-87d1-4e41-bd28-1ac17f6e3357 req-c4b9e4d6-87d1-4e41-bd28-1ac17f6e3357 ] Request (ListServersNegativeTestJSON:setUpClass): 201 POST http://10.180.1.21/identity/v3/projects 0.039s
2025-12-13 04:53:25.832 65497 INFO tempest.lib.common.rest_client [req-f2543a0a-81ab-4cd0-8133-0cf2b79c8fdc req-f2543a0a-81ab-4cd0-8133-0cf2b79c8fdc ] Request (ListServersNegativeTestJSON:setUpClass): 201 POST http://10.180.1.21/identity/v3/users 0.120s
2025-12-13 04:53:25.862 65497 INFO tempest.lib.common.rest_client [req-f9305525-9f1c-4794-810b-d23ae2da3e67 req-f9305525-9f1c-4794-810b-d23ae2da3e67 ] Request (ListServersNegativeTestJSON:setUpClass): 200 GET http://10.180.1.21/identity/v3/roles 0.029s
2025-12-13 04:53:25.878 65513 INFO tempest.lib.common.rest_client [req-bd3963b0-db05-49fc-bf7e-29e013c06143 req-bd3963b0-db05-49fc-bf7e-29e013c06143 ] Request (ServerActionsV293TestJSON:setUpClass): 200 GET http://10.180.1.21/compute/v2.1/servers/0a42d908-aa22-48ba-93dc-c0abb232b334 5.265s
2025-12-13 04:53:25.894 65513 INFO tempest.common.waiters [-] State transition "BUILD/spawning" ==> "ACTIVE/None" after 29 second wait
2025-12-13 04:53:25.901 65545 INFO tempest.lib.common.rest_client [req-117198ba-61d5-4b59-b621-fb8526942453 req-117198ba-61d5-4b59-b621-fb8526942453 ] Request (ServersTestJSON:test_create_server_with_ipv6_addr_only): 200 GET http://10.180.1.21/compute/v2.1/servers/df96cec4-a47c-4e2b-8db6-ec1452c21bac 5.046s
2025-12-13 04:53:25.910 65545 INFO tempest.common.waiters [-] State transition "BUILD/None" ==> "BUILD/spawning" after 19 second wait
2025-12-13 04:53:25.915 65497 INFO tempest.lib.common.rest_client [req-cd3e9432-f19f-4a62-bece-7f611f5c0d21 req-cd3e9432-f19f-4a62-bece-7f611f5c0d21 ] Request (ListServersNegativeTestJSON:setUpClass): 204 PUT http://10.180.1.21/identity/v3/projects/aa6d0f093b02422fa764618184ac89b3/users/5d2cd1bcb7d24fc4a32d350c98ee1433/roles/792686e83c254ebd957b042d1a33cc2b 0.052s
2025-12-13 04:53:25.916 65497 INFO tempest.lib.common.dynamic_creds [-] Dynamic test user 5d2cd1bcb7d24fc4a32d350c98ee1433 is created with scope project and roles: ['member']
2025-12-13 04:53:25.916 65497 INFO tempest.lib.common.dynamic_creds [-] Acquired dynamic creds: credentials: Credentials: {'domain_id': 'default', 'domain_name': 'Default', 'username': 'tempest-ListServersNegativeTestJSON-28496433-project-member', 'project_domain_id': 'default', 'project_domain_name': 'Default', 'project_id': 'aa6d0f093b02422fa764618184ac89b3', 'project_name': 'tempest-ListServersNegativeTestJSON-28496433', 'tenant_id': 'aa6d0f093b02422fa764618184ac89b3', 'tenant_name': 'tempest-ListServersNegativeTestJSON-28496433', 'user_domain_id': 'default', 'user_domain_name': 'Default', 'user_id': '5d2cd1bcb7d24fc4a32d350c98ee1433', 'system': None}, Network: None, Subnet: None, Router: None
2025-12-13 04:53:25.969 65510 INFO tempest.lib.common.rest_client [req-9849f7d5-9400-44bd-98e1-97916c12b259 req-9849f7d5-9400-44bd-98e1-97916c12b259 ] Request (ServerDiagnosticsV248Test:test_get_server_diagnostics): 200 GET http://10.180.1.21/compute/v2.1/servers/9fad83d4-18ec-4194-9f17-1de63742dd55 5.023s
2025-12-13 04:53:25.970 65525 WARNING tempest.lib.common.ssh [-] Failed to establish authenticated ssh connection to cirros@10.180.180.203 ([Errno None] Unable to connect to port 22 on 10.180.180.203). Number attempts: 11. Retry after 12 seconds.: paramiko.ssh_exception.NoValidConnectionsError: [Errno None] Unable to connect to port 22 on 10.180.180.203
2025-12-13 04:53:25.991 65497 INFO tempest.lib.common.rest_client [req-6fd031fc-6efe-441f-b21a-91bf12faf315 req-6fd031fc-6efe-441f-b21a-91bf12faf315 ] Request (ListServersNegativeTestJSON:setUpClass): 201 POST http://10.180.1.21/identity/v3/auth/tokens 0.075s
2025-12-13 04:53:26.066 65503 INFO tempest.lib.common.rest_client [req-feedb6d1-8efb-4619-9ed8-d70069392e2e req-feedb6d1-8efb-4619-9ed8-d70069392e2e ] Request (FlavorsV2NegativeTest:test_boot_with_low_ram): 200 GET http://10.180.1.21/compute/v2.1/flavors/42 4.914s
2025-12-13 04:53:26.173 65485 INFO tempest.lib.common.rest_client [req-af3796bf-3127-485c-ad39-b66ad4f4fb32 req-af3796bf-3127-485c-ad39-b66ad4f4fb32 ] Request (ServersAdminTestJSON:test_inject_network_info): 202 POST http://10.180.1.21/compute/v2.1/servers/9dceb2bb-b6d5-46e0-afe1-9e10b4aea934/action 4.360s
2025-12-13 04:53:26.318 65497 INFO tempest.lib.common.rest_client [req-73e7069e-b0a6-4172-a81f-07eea27f45b2 req-73e7069e-b0a6-4172-a81f-07eea27f45b2 ] Request (ListServersNegativeTestJSON:setUpClass): 201 POST http://10.180.1.21/networking/v2.0/networks 0.326s
2025-12-13 04:53:26.471 65503 INFO tempest.lib.common.rest_client [req-7fc8b51e-207a-431f-a403-d207588e5400 req-7fc8b51e-207a-431f-a403-d207588e5400 ] Request (FlavorsV2NegativeTest:test_boot_with_low_ram): 201 POST http://10.180.1.21/image/v2/images 0.399s
2025-12-13 04:53:26.624 65497 INFO tempest.lib.common.rest_client [req-398bdf07-813f-4e6f-9829-4214cb51c1ae req-398bdf07-813f-4e6f-9829-4214cb51c1ae ] Request (ListServersNegativeTestJSON:setUpClass): 201 POST http://10.180.1.21/networking/v2.0/subnets 0.305s
2025-12-13 04:53:26.678 65535 INFO tempest.lib.common.rest_client [req-a096cabf-5293-4037-b778-61f493887da5 req-a096cabf-5293-4037-b778-61f493887da5 ] Request (AttachVolumeShelveTestJSON:test_attach_volume_shelved_or_offload_server): 200 GET http://10.180.1.21/compute/v2.1/servers/629e8c11-e230-47d6-97f5-01736dd1a397 5.260s
2025-12-13 04:53:26.686 65535 INFO tempest.common.waiters [-] State transition "BUILD/None" ==> "BUILD/block_device_mapping" after 13 second wait
2025-12-13 04:53:26.740 65533 INFO tempest.lib.common.rest_client [req-898a66ff-1d26-4069-a871-93415ab1a7bf req-898a66ff-1d26-4069-a871-93415ab1a7bf ] Request (ServerAddressesTestJSON:setUpClass): 200 GET http://10.180.1.21/compute/v2.1/servers/628c31fa-fe30-487d-a4e0-f4061718b05d 4.595s
2025-12-13 04:53:26.749 65533 INFO tempest.common.waiters [-] State transition "BUILD/spawning" ==> "ACTIVE/None" after 35 second wait
2025-12-13 04:53:27.015 65487 WARNING tempest.lib.common.ssh [-] Failed to establish authenticated ssh connection to cirros@10.180.180.168 ([Errno None] Unable to connect to port 22 on 10.180.180.168). Number attempts: 6. Retry after 7 seconds.: paramiko.ssh_exception.NoValidConnectionsError: [Errno None] Unable to connect to port 22 on 10.180.180.168
2025-12-13 04:53:27.178 65503 INFO tempest.lib.common.rest_client [req-ded7fc29-32bb-463c-b0fb-c1ad3a0a8957 req-ded7fc29-32bb-463c-b0fb-c1ad3a0a8957 ] Request (FlavorsV2NegativeTest:test_boot_with_low_ram): 204 PUT http://10.180.1.21/image/v2/images/5666fa40-786b-4c35-91cb-e0b754aeccc3/file 0.706s
2025-12-13 04:53:27.218 65503 INFO tempest.lib.common.rest_client [req-dab75f3a-84b6-4d48-aadc-8721245c1594 req-dab75f3a-84b6-4d48-aadc-8721245c1594 ] Request (FlavorsV2NegativeTest:test_boot_with_low_ram): 201 POST http://10.180.1.21/identity/v3/auth/tokens 0.037s
2025-12-13 04:53:27.219 65503 INFO tempest.lib.common.fixed_network [-] (FlavorsV2NegativeTest:test_boot_with_low_ram) Found network None available for tenant
2025-12-13 04:53:27.325 65531 WARNING tempest.lib.common.ssh [-] Failed to establish authenticated ssh connection to cirros@10.180.180.172 ([Errno None] Unable to connect to port 22 on 10.180.180.172). Number attempts: 4. Retry after 5 seconds.: paramiko.ssh_exception.NoValidConnectionsError: [Errno None] Unable to connect to port 22 on 10.180.180.172
2025-12-13 04:53:27.600 65519 INFO tempest.lib.common.rest_client [req-5a69e584-c8a5-4a64-ad63-7bb38551665b req-5a69e584-c8a5-4a64-ad63-7bb38551665b ] Request (ServersTestBootFromVolume:tearDownClass): 200 GET http://10.180.1.21/compute/v2.1/servers/b695d6d9-d8a1-467c-bd7a-2d5f0938af81 3.760s
2025-12-13 04:53:27.608 65519 INFO tempest.common.waiters [-] State transition "ACTIVE/deleting" ==> "DELETED/None" after 5 second wait
2025-12-13 04:53:27.616 65497 INFO tempest.lib.common.rest_client [req-a6d12d1c-fd0a-4859-8efe-e0ac78c78efe req-a6d12d1c-fd0a-4859-8efe-e0ac78c78efe ] Request (ListServersNegativeTestJSON:setUpClass): 201 POST http://10.180.1.21/networking/v2.0/routers 0.992s
2025-12-13 04:53:27.933 65507 INFO tempest.lib.common.rest_client [req-952d11b2-71d9-47ce-b10e-8d1db969c097 req-952d11b2-71d9-47ce-b10e-8d1db969c097 ] Request (MigrationsAdminTest:test_resize_server_revert_deleted_flavor): 200 GET http://10.180.1.21/compute/v2.1/servers/02c73f69-6d13-4f20-bbbf-e6a32f523698 4.041s
2025-12-13 04:53:28.167 65537 INFO tempest.lib.common.rest_client [req-a9e59505-a311-4258-baf9-2a706678302e req-a9e59505-a311-4258-baf9-2a706678302e ] Request (DeleteServersTestJSON:test_delete_active_server): 200 GET http://10.180.1.21/compute/v2.1/servers/8d78413d-466e-4d9a-94f3-3f4df0d2c027 4.191s
2025-12-13 04:53:28.331 65521 INFO tempest.lib.common.rest_client [req-c4e020e5-520b-4a54-9285-d3f65de964df req-c4e020e5-520b-4a54-9285-d3f65de964df ] Request (ServersAdmin275Test:test_rebuild_update_server_275): 200 GET http://10.180.1.21/compute/v2.1/servers/a098c4b0-92e3-45b0-80b5-1bff2a5e72d4 3.915s
2025-12-13 04:53:28.361 65539 INFO tempest.lib.common.rest_client [req-c6965111-cbc7-4c08-a7da-6776a5ee8bb5 req-c6965111-cbc7-4c08-a7da-6776a5ee8bb5 ] Request (FloatingIPsAssociationTestJSON:tearDownClass): 404 DELETE http://10.180.1.21/compute/v2.1/servers/4791ab7e-b43b-4529-bfcf-3f53f4adef11 3.677s
2025-12-13 04:53:28.378 65493 INFO tempest.lib.common.rest_client [req-57c10f76-f11b-453c-88aa-0af8a116ddf0 req-57c10f76-f11b-453c-88aa-0af8a116ddf0 ] Request (FlavorsV2TestJSON:test_list_flavors_limit_results): 200 GET http://10.180.1.21/compute/v2.1/flavors?limit=1 3.664s
2025-12-13 04:53:28.394 65511 INFO tempest.lib.common.rest_client [req-5149a654-1731-4694-9fb6-e9a2738fc722 req-5149a654-1731-4694-9fb6-e9a2738fc722 ] Request (ServersNegativeTestMultiTenantJSON:setUpClass): 202 POST http://10.180.1.21/compute/v2.1/servers 5.350s
2025-12-13 04:53:28.629 65517 INFO tempest.lib.common.rest_client [req-0ee9e3e1-a5fe-451f-92fd-cbf2ab56416d req-0ee9e3e1-a5fe-451f-92fd-cbf2ab56416d ] Request (SecurityGroupsNegativeTestJSON:test_delete_the_default_security_group): 400 DELETE http://10.180.1.21/compute/v2.1/os-security-groups/decd594b-d4bd-48de-8c55-0bcd4e19119d 3.544s
2025-12-13 04:53:28.646 65497 INFO tempest.lib.common.rest_client [req-abe81324-bd8b-4cbd-b76b-55830fb20b30 req-abe81324-bd8b-4cbd-b76b-55830fb20b30 ] Request (ListServersNegativeTestJSON:setUpClass): 200 PUT http://10.180.1.21/networking/v2.0/routers/5255ad5a-6fee-4c3a-88b5-98f05bf8ec89/add_router_interface 1.029s
