2025-12-13 04:52:33.301 65543 INFO tempest.lib.common.rest_client [req-695415ed-80bc-45c3-a0b8-09acddac729d req-695415ed-80bc-45c3-a0b8-09acddac729d ] Request (ListImageFiltersTestJSON:setUpClass): 200 GET http://10.180.1.21/compute/v2.1/servers/b78695ff-f59f-4982-a2ce-5e1a4d2f8aea 6.145s
2025-12-13 04:52:33.307 65543 INFO tempest.common.waiters [-] State transition "BUILD/None" ==> "BUILD/spawning" after 34 second wait
2025-12-13 04:52:33.314 65521 INFO tempest.lib.common.rest_client [req-a0de3409-dce1-4ee7-be80-05c467b124d5 req-a0de3409-dce1-4ee7-be80-05c467b124d5 ] Request (QuotasAdminNegativeTest:test_update_quota_normal_user): 403 PUT http://10.180.1.21/compute/v2.1/os-quota-sets/6ad536bd7266410d94e73b35f57ac4c3 5.881s
2025-12-13 04:52:33.413 65513 INFO tempest.lib.common.rest_client [req-5a599b0c-a10a-42db-98de-a51020da226b req-5a599b0c-a10a-42db-98de-a51020da226b ] Request (ServerActionsV293TestJSON:setUpClass): 200 GET http://10.180.1.21/volume/v3/volumes/aab771ad-4685-4655-919f-2e7b3ad95d22 0.034s
2025-12-13 04:52:33.464 65521 INFO tempest.lib.common.rest_client [req-0cd6400e-c6d4-4f5e-86be-d505e623504d req-0cd6400e-c6d4-4f5e-86be-d505e623504d ] Request (QuotasAdminNegativeTest:tearDownClass): 204 DELETE http://10.180.1.21/identity/v3/users/6e7e75b16a304a339428d3958bf2b0c7 0.148s
2025-12-13 04:52:33.474 65499 INFO tempest.lib.common.rest_client [req-eb9dbdc5-d70c-45b9-acb8-97adb4da7031 req-eb9dbdc5-d70c-45b9-acb8-97adb4da7031 ] Request (InstanceActionsV221TestJSON:test_get_list_deleted_instance_actions): 200 GET http://10.180.1.21/compute/v2.1/servers/0837cca3-a8cb-4093-9138-779ad3a732b0 6.019s
2025-12-13 04:52:33.483 65499 INFO tempest.common.waiters [-] State transition "ACTIVE/deleting" ==> "DELETED/None" after 7 second wait
2025-12-13 04:52:33.589 65521 INFO tempest.lib.common.rest_client [req-1aaf38bd-73d0-461d-81ab-ad5fe7cf10db req-1aaf38bd-73d0-461d-81ab-ad5fe7cf10db ] Request (QuotasAdminNegativeTest:tearDownClass): 204 DELETE http://10.180.1.21/identity/v3/users/69a1782b2f4f475bb040787d096ac281 0.124s
2025-12-13 04:52:33.589 65521 INFO tempest.lib.common.dynamic_creds [-] Deleting project and security group for project: 6ad536bd7266410d94e73b35f57ac4c3
2025-12-13 04:52:33.631 65531 INFO tempest.lib.common.rest_client [req-0c38fa4a-94c8-499a-a794-4ab61e926c22 req-0c38fa4a-94c8-499a-a794-4ab61e926c22 ] Request (ServerActionsTestOtherA:setUpClass): 200 GET http://10.180.1.21/compute/v2.1/servers/fdf5c056-9c0e-44a1-a9cb-0df10cf05dc3 6.075s
2025-12-13 04:52:33.661 65521 INFO tempest.lib.common.rest_client [req-eecd0423-3292-4118-929f-9c2cc1304b01 req-eecd0423-3292-4118-929f-9c2cc1304b01 ] Request (QuotasAdminNegativeTest:tearDownClass): 201 POST http://10.180.1.21/identity/v3/auth/tokens 0.071s
2025-12-13 04:52:33.806 65487 INFO tempest.lib.common.rest_client [req-ba2fab8d-ccc4-498c-9ca0-3295bbb8a306 req-ba2fab8d-ccc4-498c-9ca0-3295bbb8a306 ] Request (ServerActionsTestJSON:setUpClass): 200 GET http://10.180.1.21/compute/v2.1/servers/6b58ba2a-b5e3-4af4-ae25-877489c249ef 5.539s
2025-12-13 04:52:33.993 65521 INFO tempest.lib.common.rest_client [req-f7c5d38f-1b8e-4514-b7c5-8049bb01f087 req-f7c5d38f-1b8e-4514-b7c5-8049bb01f087 ] Request (QuotasAdminNegativeTest:tearDownClass): 200 GET http://10.180.1.21/networking/v2.0/security-groups?tenant_id=6ad536bd7266410d94e73b35f57ac4c3&name=default 0.332s
2025-12-13 04:52:34.130 65523 INFO tempest.lib.common.rest_client [req-c44800a7-c204-4362-9b1b-99f3660dbc4d req-c44800a7-c204-4362-9b1b-99f3660dbc4d ] Request (ServerActionsTestOtherB:setUpClass): 202 POST http://10.180.1.21/compute/v2.1/servers 6.791s
2025-12-13 04:52:34.139 65501 WARNING tempest.lib.common.ssh [-] Failed to establish authenticated ssh connection to cirros@10.180.180.134 ([Errno None] Unable to connect to port 22 on 10.180.180.134). Number attempts: 3. Retry after 4 seconds.: paramiko.ssh_exception.NoValidConnectionsError: [Errno None] Unable to connect to port 22 on 10.180.180.134
2025-12-13 04:52:34.180 65521 INFO tempest.lib.common.rest_client [req-635bb15f-b461-4385-8ec0-ca6964462d32 req-635bb15f-b461-4385-8ec0-ca6964462d32 ] Request (QuotasAdminNegativeTest:tearDownClass): 204 DELETE http://10.180.1.21/networking/v2.0/security-groups/9b89d700-db1f-47d8-ac2a-b5df0a0619c2 0.186s
2025-12-13 04:52:34.184 65503 INFO tempest.lib.common.rest_client [req-a159eddd-e7d2-4a49-967a-83f0c2b75dd8 req-a159eddd-e7d2-4a49-967a-83f0c2b75dd8 ] Request (DeleteServersAdminTestJSON:test_delete_server_while_in_error_state): 200 GET http://10.180.1.21/compute/v2.1/servers/5e8ba13f-04d9-4581-9719-a80344f2d340 5.542s
2025-12-13 04:52:34.197 65503 INFO tempest.common.waiters [-] State transition "BUILD/spawning" ==> "ACTIVE/None" after 42 second wait
2025-12-13 04:52:34.215 65517 INFO tempest.lib.common.rest_client [req-7d497c3a-22f7-4a0f-833f-d65fff73cd4a req-7d497c3a-22f7-4a0f-833f-d65fff73cd4a ] Request (VolumesAdminNegativeTest:tearDownClass): 200 GET http://10.180.1.21/compute/v2.1/servers/194e8f40-d423-4ea9-8886-9204bb6eb79b 4.857s
2025-12-13 04:52:34.259 65535 INFO tempest.lib.common.rest_client [req-aa4861bc-4fbe-468c-aa7a-2fa28230fcb1 req-aa4861bc-4fbe-468c-aa7a-2fa28230fcb1 ] Request (ServerDiagnosticsTest:tearDownClass): 200 GET http://10.180.1.21/compute/v2.1/servers/e341ec8a-9674-4b85-8948-4730da746d6e 4.812s
2025-12-13 04:52:34.265 65521 INFO tempest.lib.common.rest_client [req-3c086b99-8a4c-47a6-84cd-b3c2bbbc46d3 req-3c086b99-8a4c-47a6-84cd-b3c2bbbc46d3 ] Request (QuotasAdminNegativeTest:tearDownClass): 204 DELETE http://10.180.1.21/identity/v3/projects/6ad536bd7266410d94e73b35f57ac4c3 0.084s
2025-12-13 04:52:34.265 65521 INFO tempest.lib.common.dynamic_creds [-] Deleting project and security group for project: 42d6c7638bb54d158ecbc7fde02b0b49
2025-12-13 04:52:34.284 65495 INFO tempest.lib.common.rest_client [req-79d06329-c05d-4153-b2c3-e0b785952906 req-79d06329-c05d-4153-b2c3-e0b785952906 ] Request (SecurityGroupsTestJSON:test_list_security_groups_by_server): 200 GET http://10.180.1.21/compute/v2.1/servers/0a7a39cb-ebe3-4f37-8937-1538e35e50a6 4.695s
2025-12-13 04:52:34.392 65521 INFO tempest.lib.common.rest_client [req-92123765-a82e-4fe3-9521-ab7fa0c833ba req-92123765-a82e-4fe3-9521-ab7fa0c833ba ] Request (QuotasAdminNegativeTest:tearDownClass): 200 GET http://10.180.1.21/networking/v2.0/security-groups?tenant_id=42d6c7638bb54d158ecbc7fde02b0b49&name=default 0.126s
2025-12-13 04:52:34.440 65485 INFO tempest.lib.common.rest_client [req-d3b12687-bc00-4e50-b3d7-6d730a869a62 req-d3b12687-bc00-4e50-b3d7-6d730a869a62 ] Request (ServersAdminTestJSON:test_create_server_with_scheduling_hint): 200 GET http://10.180.1.21/compute/v2.1/servers/29abcd0c-acd4-45b5-8643-681b4c688e93 4.194s
2025-12-13 04:52:34.448 65485 INFO tempest.common.waiters [-] State transition "BUILD/spawning" ==> "ACTIVE/None" after 39 second wait
2025-12-13 04:52:34.463 65513 INFO tempest.lib.common.rest_client [req-8420e1c7-9852-4bb8-bfe5-134f9c6c7dce req-8420e1c7-9852-4bb8-bfe5-134f9c6c7dce ] Request (ServerActionsV293TestJSON:setUpClass): 200 GET http://10.180.1.21/volume/v3/volumes/aab771ad-4685-4655-919f-2e7b3ad95d22 0.035s
2025-12-13 04:52:34.499 65511 INFO tempest.lib.common.rest_client [req-96f881ab-221d-4772-9e2b-27907dbd3094 req-96f881ab-221d-4772-9e2b-27907dbd3094 ] Request (ServerShowV257Test:test_rebuild_server): 202 POST http://10.180.1.21/compute/v2.1/servers/bd5d8195-f174-4c75-a2b0-0885701e7094/action 4.677s
2025-12-13 04:52:34.524 65493 INFO tempest.lib.common.rest_client [req-0a1d43f2-b4bd-4465-935b-d5919f571bf5 req-0a1d43f2-b4bd-4465-935b-d5919f571bf5 ] Request (ServicesAdminNegativeV253TestJSON:test_get_service_by_invalid_service_and_valid_host): 200 GET http://10.180.1.21/compute/v2.1/os-services?host=devstack&binary=xxx 2.865s
2025-12-13 04:52:34.525 65521 INFO tempest.lib.common.rest_client [req-7739c0e5-8c90-48b8-807d-e4a6c54231db req-7739c0e5-8c90-48b8-807d-e4a6c54231db ] Request (QuotasAdminNegativeTest:tearDownClass): 204 DELETE http://10.180.1.21/networking/v2.0/security-groups/2ee574f5-a425-4274-934c-a36dad487ed9 0.132s
2025-12-13 04:52:34.534 65485 INFO tempest.lib.common.rest_client [req-6634d91c-9dac-412f-a9ff-5a1923e9738f req-6634d91c-9dac-412f-a9ff-5a1923e9738f ] Request (ServersAdminTestJSON:test_inject_network_info): 201 POST http://10.180.1.21/identity/v3/auth/tokens 0.082s
2025-12-13 04:52:34.535 65485 INFO tempest.lib.common.fixed_network [-] (ServersAdminTestJSON:test_inject_network_info) Found network {'id': 'fc019963-ea16-4621-916f-2c4c8b8d9389', 'name': 'tempest-ServersAdminTestJSON-224060713-network', 'tenant_id': '2d154aff97424015b40c4c90564f1b71', 'project_id': '2d154aff97424015b40c4c90564f1b71', 'admin_state_up': True, 'mtu': 8950, 'status': 'ACTIVE', 'subnets': [], 'shared': False, 'port_security_enabled': True, 'router:external': False, 'provider:network_type': 'vlan', 'provider:physical_network': 'default', 'provider:segmentation_id': 289, 'availability_zone_hints': [], 'availability_zones': [], 'ipv4_address_scope': None, 'ipv6_address_scope': None, 'description': '', 'tags': [], 'created_at': '2025-12-13T04:51:01Z', 'updated_at': '2025-12-13T04:51:01Z', 'revision_number': 1} available for tenant
2025-12-13 04:52:34.538 65510 INFO tempest.lib.common.rest_client [req-dba1a662-da0a-4fda-8fec-9cba90403da3 req-dba1a662-da0a-4fda-8fec-9cba90403da3 ] Request (FlavorsAdminTestJSON:test_is_public_string_variations): 200 GET http://10.180.1.21/compute/v2.1/flavors/detail?is_public=0 2.857s
2025-12-13 04:52:34.584 65545 INFO tempest.lib.common.rest_client [req-98b8540c-c3a9-4fa5-bad4-f21a76a2a767 req-98b8540c-c3a9-4fa5-bad4-f21a76a2a767 ] Request (ServersTestJSON:test_create_server_specify_multibyte_character_name): 200 GET http://10.180.1.21/compute/v2.1/servers/aa83ff00-3e99-4096-8b08-8a271d746d81 3.318s
2025-12-13 04:52:34.591 65545 INFO tempest.common.waiters [-] State transition "BUILD/None" ==> "BUILD/spawning" after 25 second wait
2025-12-13 04:52:34.641 65521 INFO tempest.lib.common.rest_client [req-d760fe5d-4074-4609-95a0-059081c70d33 req-d760fe5d-4074-4609-95a0-059081c70d33 ] Request (QuotasAdminNegativeTest:tearDownClass): 204 DELETE http://10.180.1.21/identity/v3/projects/42d6c7638bb54d158ecbc7fde02b0b49 0.116s
2025-12-13 04:52:34.689 65537 INFO tempest.lib.common.rest_client [req-7c1350a7-bfda-42ed-bd6e-33e84777b8fc req-7c1350a7-bfda-42ed-bd6e-33e84777b8fc ] Request (SecurityGroupRulesNegativeTestJSON:_run_cleanups): 202 DELETE http://10.180.1.21/compute/v2.1/os-security-group-rules/ee6db27f-f4b9-41c8-afc1-69560e0dccf1 2.729s
2025-12-13 04:52:34.710 65521 INFO tempest.lib.common.rest_client [req-a914e60f-042f-4a36-8c03-f78145e23353 req-a914e60f-042f-4a36-8c03-f78145e23353 ] Request (ServersAdmin275Test:setUpClass): 201 POST http://10.180.1.21/identity/v3/auth/tokens 0.066s
2025-12-13 04:52:34.719 65483 INFO tempest.lib.common.rest_client [req-4702edb5-5a29-49db-8542-e9cb13b85c37 req-4702edb5-5a29-49db-8542-e9cb13b85c37 ] Request (AggregatesAdminNegativeTestJSON:test_aggregate_remove_nonexistent_host): 200 POST http://10.180.1.21/compute/v2.1/os-aggregates 2.734s
2025-12-13 04:52:34.769 65521 INFO tempest.lib.common.rest_client [req-c17bfd41-839d-4119-b7e1-62490f04c870 req-c17bfd41-839d-4119-b7e1-62490f04c870 ] Request (ServersAdmin275Test:setUpClass): 201 POST http://10.180.1.21/identity/v3/auth/tokens 0.056s
2025-12-13 04:52:34.772 65497 INFO tempest.lib.common.rest_client [req-d8b26cf4-bd2a-4ccb-9f8e-436b2bdf4a23 req-d8b26cf4-bd2a-4ccb-9f8e-436b2bdf4a23 ] Request (QuotasAdminTestV236:test_get_updated_quotas): 200 GET http://10.180.1.21/compute/v2.1/os-quota-sets/8681ecdfd6be422cb5b62ae929617c5c?user_id=5836565fffbe40799a895720a38cfc25 2.789s
2025-12-13 04:52:34.803 65521 INFO tempest.lib.common.rest_client [req-ec6a9090-eab7-4c29-b0c5-225e4f73091e req-ec6a9090-eab7-4c29-b0c5-225e4f73091e ] Request (ServersAdmin275Test:setUpClass): 200 GET http://10.180.1.21/identity/v3/domains?name=Default 0.033s
2025-12-13 04:52:34.840 65521 INFO tempest.lib.common.rest_client [req-bbd418a9-d017-43a9-a5c9-8abd70840276 req-bbd418a9-d017-43a9-a5c9-8abd70840276 ] Request (ServersAdmin275Test:setUpClass): 201 POST http://10.180.1.21/identity/v3/projects 0.036s
2025-12-13 04:52:34.897 65541 INFO tempest.lib.common.rest_client [req-096ad36d-4a42-4b41-beb6-39a692a80533 req-096ad36d-4a42-4b41-beb6-39a692a80533 ] Request (ImagesTestJSON:test_create_image_from_stopped_server): 200 GET http://10.180.1.21/compute/v2.1/servers/0e25849a-b6f3-4b02-b0ac-a6aa626437c6 2.273s
2025-12-13 04:52:34.902 65489 INFO tempest.lib.common.rest_client [req-74f19ed7-4d53-4d9a-abc8-b3ecff92b89a req-74f19ed7-4d53-4d9a-abc8-b3ecff92b89a ] Request (ImagesOneServerNegativeTestJSON:setUpClass): 200 GET http://10.180.1.21/compute/v2.1/servers/5a77431d-deba-49dc-8065-7291fc69f005 2.259s
2025-12-13 04:52:34.924 65497 INFO tempest.lib.common.rest_client [req-26bbdbc8-742b-4522-9ee6-0951e2461032 req-26bbdbc8-742b-4522-9ee6-0951e2461032 ] Request (QuotasAdminTestV236:_run_cleanups): 204 DELETE http://10.180.1.21/identity/v3/users/5836565fffbe40799a895720a38cfc25 0.150s
2025-12-13 04:52:34.950 65521 INFO tempest.lib.common.rest_client [req-f098a482-901a-4458-86a7-c32af71408b7 req-f098a482-901a-4458-86a7-c32af71408b7 ] Request (ServersAdmin275Test:setUpClass): 201 POST http://10.180.1.21/identity/v3/users 0.109s
2025-12-13 04:52:34.983 65505 WARNING tempest.lib.common.ssh [-] Failed to establish authenticated ssh connection to cirros@10.180.180.135 ([Errno None] Unable to connect to port 22 on 10.180.180.135). Number attempts: 7. Retry after 8 seconds.: paramiko.ssh_exception.NoValidConnectionsError: [Errno None] Unable to connect to port 22 on 10.180.180.135
2025-12-13 04:52:34.986 65515 INFO tempest.lib.common.rest_client [req-9823ac4b-1961-4d8b-add5-bca0f5d82862 req-9823ac4b-1961-4d8b-add5-bca0f5d82862 ] Request (ServersListShow2100Test:tearDownClass): 200 GET http://10.180.1.21/compute/v2.1/servers/634ad096-a84d-45fc-83e6-bf39b28772c0 2.113s
2025-12-13 04:52:35.002 65515 INFO tempest.common.waiters [-] State transition "ACTIVE/deleting" ==> "DELETED/None" after 4 second wait
2025-12-13 04:52:35.025 65521 INFO tempest.lib.common.rest_client [req-7d0ec85d-8998-44a3-b816-ed0d92fb51a6 req-7d0ec85d-8998-44a3-b816-ed0d92fb51a6 ] Request (ServersAdmin275Test:setUpClass): 200 GET http://10.180.1.21/identity/v3/roles 0.074s
2025-12-13 04:52:35.050 65497 INFO tempest.lib.common.rest_client [req-f2caa6cb-3de4-4ab2-a176-15c5eb6b8bf1 req-f2caa6cb-3de4-4ab2-a176-15c5eb6b8bf1 ] Request (QuotasAdminTestV236:_run_cleanups): 204 DELETE http://10.180.1.21/identity/v3/projects/8681ecdfd6be422cb5b62ae929617c5c 0.126s
2025-12-13 04:52:35.081 65519 INFO tempest.lib.common.rest_client [req-47ffdbdd-cbea-4ee3-8e02-434d42dc5e01 req-47ffdbdd-cbea-4ee3-8e02-434d42dc5e01 ] Request (ServersTestBootFromVolume:setUpClass): 200 GET http://10.180.1.21/compute/v2.1/servers/b695d6d9-d8a1-467c-bd7a-2d5f0938af81 2.157s
2025-12-13 04:52:35.092 65519 INFO tempest.lib.common.ssh [-] Creating ssh connection to '10.180.180.201:22' as 'cirros' with public key authentication
2025-12-13 04:52:35.108 65521 INFO tempest.lib.common.rest_client [req-53d59821-e663-498b-bdfc-76e449823d4e req-53d59821-e663-498b-bdfc-76e449823d4e ] Request (ServersAdmin275Test:setUpClass): 204 PUT http://10.180.1.21/identity/v3/projects/bc6727b1bac74247bea6836cacb5aa66/users/98161e1d97ec4d81a355949809abd04f/roles/792686e83c254ebd957b042d1a33cc2b 0.083s
2025-12-13 04:52:35.109 65521 INFO tempest.lib.common.dynamic_creds [-] Dynamic test user 98161e1d97ec4d81a355949809abd04f is created with scope project and roles: ['member']
2025-12-13 04:52:35.109 65521 INFO tempest.lib.common.dynamic_creds [-] Acquired dynamic creds: credentials: Credentials: {'domain_id': 'default', 'domain_name': 'Default', 'username': 'tempest-ServersAdmin275Test-1571749929-project-member', 'project_domain_id': 'default', 'project_domain_name': 'Default', 'project_id': 'bc6727b1bac74247bea6836cacb5aa66', 'project_name': 'tempest-ServersAdmin275Test-1571749929', 'tenant_id': 'bc6727b1bac74247bea6836cacb5aa66', 'tenant_name': 'tempest-ServersAdmin275Test-1571749929', 'user_domain_id': 'default', 'user_domain_name': 'Default', 'user_id': '98161e1d97ec4d81a355949809abd04f', 'system': None}, Network: None, Subnet: None, Router: None
2025-12-13 04:52:35.109 65521 INFO tempest.lib.common.dynamic_creds [-] Created isolated network resources for: credentials: Credentials: {'domain_id': 'default', 'domain_name': 'Default', 'username': 'tempest-ServersAdmin275Test-1571749929-project-member', 'project_domain_id': 'default', 'project_domain_name': 'Default', 'project_id': 'bc6727b1bac74247bea6836cacb5aa66', 'project_name': 'tempest-ServersAdmin275Test-1571749929', 'tenant_id': 'bc6727b1bac74247bea6836cacb5aa66', 'tenant_name': 'tempest-ServersAdmin275Test-1571749929', 'user_domain_id': 'default', 'user_domain_name': 'Default', 'user_id': '98161e1d97ec4d81a355949809abd04f', 'system': None}, Network: None, Subnet: None, Router: None
2025-12-13 04:52:35.140 65523 INFO tempest.lib.common.rest_client [req-d2659df8-e4e0-4219-ba2d-4100d165364c req-d2659df8-e4e0-4219-ba2d-4100d165364c ] Request (ServerActionsTestOtherB:setUpClass): 200 GET http://10.180.1.21/compute/v2.1/servers/ae5ba004-d9c7-4593-93ea-281123cafd72 1.008s
2025-12-13 04:52:35.141 65507 INFO tempest.lib.common.rest_client [req-cc471a38-0ee7-4e7b-8f0b-b2dd4101ceb4 req-cc471a38-0ee7-4e7b-8f0b-b2dd4101ceb4 ] Request (MigrationsAdminTest:test_list_migrations_in_flavor_resize_situation): 200 GET http://10.180.1.21/compute/v2.1/servers/f329632c-382d-4ca6-899f-c7c280ff1e7c 1.679s
2025-12-13 04:52:35.199 65521 INFO tempest.lib.common.rest_client [req-11f6cf97-6ed9-48f1-aa8e-e9a1348390d3 req-11f6cf97-6ed9-48f1-aa8e-e9a1348390d3 ] Request (ServersAdmin275Test:setUpClass): 201 POST http://10.180.1.21/identity/v3/auth/tokens 0.085s
2025-12-13 04:52:35.210 65497 INFO tempest.lib.common.rest_client [req-94350109-69a6-42f6-b866-7032787e1ac4 req-94350109-69a6-42f6-b866-7032787e1ac4 ] Request (QuotasAdminTestV236:tearDownClass): 204 DELETE http://10.180.1.21/identity/v3/users/19811f653f1347cba61320100d63e16a 0.149s
2025-12-13 04:52:35.219 65503 INFO tempest.lib.common.rest_client [req-c68d9f79-2896-45b6-8213-0ab7823d460a req-c68d9f79-2896-45b6-8213-0ab7823d460a ] Request (DeleteServersAdminTestJSON:test_delete_server_while_in_error_state): 202 POST http://10.180.1.21/compute/v2.1/servers/5e8ba13f-04d9-4581-9719-a80344f2d340/action 1.022s
2025-12-13 04:52:35.279 65521 INFO tempest.lib.common.rest_client [req-f7d3a850-7e89-4106-975c-2190213e3ff8 req-f7d3a850-7e89-4106-975c-2190213e3ff8 ] Request (ServersAdmin275Test:setUpClass): 201 POST http://10.180.1.21/identity/v3/projects 0.080s
2025-12-13 04:52:35.281 65539 INFO tempest.lib.common.rest_client [req-781e57a3-1683-47a0-aaef-adcc5ad08635 req-781e57a3-1683-47a0-aaef-adcc5ad08635 ] Request (FloatingIPsAssociationTestJSON:test_associate_already_associated_floating_ip): 200 GET http://10.180.1.21/compute/v2.1/servers/4791ab7e-b43b-4529-bfcf-3f53f4adef11 1.071s
2025-12-13 04:52:35.309 65497 INFO tempest.lib.common.rest_client [req-c3c88292-ca7b-498e-b98b-69450a5de757 req-c3c88292-ca7b-498e-b98b-69450a5de757 ] Request (QuotasAdminTestV236:tearDownClass): 204 DELETE http://10.180.1.21/identity/v3/users/50858a9647c5474e9044a972ddf9fa40 0.099s
2025-12-13 04:52:35.309 65497 INFO tempest.lib.common.dynamic_creds [-] Deleting project and security group for project: 3ea1ee84c7254f1b993a150c034b5db4
2025-12-13 04:52:35.345 65543 INFO tempest.lib.common.rest_client [req-8c3672d0-c202-452d-9d85-534b2cc6e411 req-8c3672d0-c202-452d-9d85-534b2cc6e411 ] Request (ListImageFiltersTestJSON:setUpClass): 200 GET http://10.180.1.21/compute/v2.1/servers/b78695ff-f59f-4982-a2ce-5e1a4d2f8aea 1.036s
2025-12-13 04:52:35.368 65499 INFO tempest.lib.common.rest_client [req-5d7a6e80-a5ca-42ff-9ded-b6ce5198cffc req-5d7a6e80-a5ca-42ff-9ded-b6ce5198cffc ] Request (InstanceActionsV221TestJSON:test_get_list_deleted_instance_actions): 200 GET http://10.180.1.21/compute/v2.1/servers/0837cca3-a8cb-4093-9138-779ad3a732b0 0.883s
2025-12-13 04:52:35.395 65497 INFO tempest.lib.common.rest_client [req-b2403b8c-4afc-4957-977d-34bb8badf819 req-b2403b8c-4afc-4957-977d-34bb8badf819 ] Request (QuotasAdminTestV236:tearDownClass): 201 POST http://10.180.1.21/identity/v3/auth/tokens 0.085s
2025-12-13 04:52:35.398 65493 INFO tempest.lib.common.rest_client [req-43d63b14-8d65-4e72-acff-2a2225a9e32a req-43d63b14-8d65-4e72-acff-2a2225a9e32a ] Request (ServicesAdminNegativeV253TestJSON:test_get_service_with_valid_service_and_invalid_host): 200 GET http://10.180.1.21/compute/v2.1/os-services 0.869s
2025-12-13 04:52:35.406 65521 INFO tempest.lib.common.rest_client [req-b3eecebc-4373-4331-aec4-9e62b5b34160 req-b3eecebc-4373-4331-aec4-9e62b5b34160 ] Request (ServersAdmin275Test:setUpClass): 201 POST http://10.180.1.21/identity/v3/users 0.126s
2025-12-13 04:52:35.417 65511 INFO tempest.lib.common.rest_client [req-8ca51896-c5fc-4076-a2ca-29d2098bc81f req-8ca51896-c5fc-4076-a2ca-29d2098bc81f ] Request (ServerShowV257Test:test_rebuild_server): 200 GET http://10.180.1.21/compute/v2.1/servers/bd5d8195-f174-4c75-a2b0-0885701e7094 0.911s
2025-12-13 04:52:35.441 65521 INFO tempest.lib.common.rest_client [req-c409b01b-d554-469e-b0f8-821e5c1fdae4 req-c409b01b-d554-469e-b0f8-821e5c1fdae4 ] Request (ServersAdmin275Test:setUpClass): 200 GET http://10.180.1.21/identity/v3/roles 0.033s
2025-12-13 04:52:35.442 65510 INFO tempest.lib.common.rest_client [req-01e9f619-58e3-4bdb-84c6-fd9bdb292e39 req-01e9f619-58e3-4bdb-84c6-fd9bdb292e39 ] Request (FlavorsAdminTestJSON:test_is_public_string_variations): 200 GET http://10.180.1.21/compute/v2.1/flavors/detail?is_public=t 0.901s
2025-12-13 04:52:35.482 65521 INFO tempest.lib.common.rest_client [req-68762ce2-5e36-400c-a398-55f6b4b0e8b7 req-68762ce2-5e36-400c-a398-55f6b4b0e8b7 ] Request (ServersAdmin275Test:setUpClass): 204 PUT http://10.180.1.21/identity/v3/projects/2aaee3d8f5024017b5257f4fb333c25d/users/aaf942cdce744341bb8a925768962ebc/roles/34145b9c84cc492884d9e064f71d4d1a 0.040s
2025-12-13 04:52:35.502 65513 INFO tempest.lib.common.rest_client [req-e1449362-3ed0-452e-afbe-ecdc0e4ae440 req-e1449362-3ed0-452e-afbe-ecdc0e4ae440 ] Request (ServerActionsV293TestJSON:setUpClass): 200 GET http://10.180.1.21/volume/v3/volumes/aab771ad-4685-4655-919f-2e7b3ad95d22 0.028s
2025-12-13 04:52:35.539 65521 INFO tempest.lib.common.rest_client [req-276fa0d9-79ea-4b7a-a49f-39e0f143193e req-276fa0d9-79ea-4b7a-a49f-39e0f143193e ] Request (ServersAdmin275Test:setUpClass): 200 GET http://10.180.1.21/identity/v3/roles 0.056s
2025-12-13 04:52:35.543 65531 INFO tempest.lib.common.rest_client [req-d95be5cd-63b5-466f-a52a-de6bfb5c1afe req-d95be5cd-63b5-466f-a52a-de6bfb5c1afe ] Request (ServerActionsTestOtherA:setUpClass): 200 GET http://10.180.1.21/compute/v2.1/servers/fdf5c056-9c0e-44a1-a9cb-0df10cf05dc3 0.904s
2025-12-13 04:52:35.561 65521 INFO tempest.lib.common.rest_client [req-fb48bc77-3062-4f3c-9a33-a2e7f4a60ded req-fb48bc77-3062-4f3c-9a33-a2e7f4a60ded ] Request (ServersAdmin275Test:setUpClass): 204 PUT http://10.180.1.21/identity/v3/projects/2aaee3d8f5024017b5257f4fb333c25d/users/aaf942cdce744341bb8a925768962ebc/roles/34145b9c84cc492884d9e064f71d4d1a 0.021s
2025-12-13 04:52:35.561 65521 INFO tempest.lib.common.dynamic_creds [-] Dynamic test user aaf942cdce744341bb8a925768962ebc is created with scope project and roles: ['admin']
2025-12-13 04:52:35.561 65521 INFO tempest.lib.common.dynamic_creds [-] Acquired dynamic creds: credentials: Credentials: {'domain_id': 'default', 'domain_name': 'Default', 'username': 'tempest-ServersAdmin275Test-701616499-project-admin', 'project_domain_id': 'default', 'project_domain_name': 'Default', 'project_id': '2aaee3d8f5024017b5257f4fb333c25d', 'project_name': 'tempest-ServersAdmin275Test-701616499', 'tenant_id': '2aaee3d8f5024017b5257f4fb333c25d', 'tenant_name': 'tempest-ServersAdmin275Test-701616499', 'user_domain_id': 'default', 'user_domain_name': 'Default', 'user_id': 'aaf942cdce744341bb8a925768962ebc', 'system': None}, Network: None, Subnet: None, Router: None
2025-12-13 04:52:35.561 65521 INFO tempest.lib.common.dynamic_creds [-] Created isolated network resources for: credentials: Credentials: {'domain_id': 'default', 'domain_name': 'Default', 'username': 'tempest-ServersAdmin275Test-701616499-project-admin', 'project_domain_id': 'default', 'project_domain_name': 'Default', 'project_id': '2aaee3d8f5024017b5257f4fb333c25d', 'project_name': 'tempest-ServersAdmin275Test-701616499', 'tenant_id': '2aaee3d8f5024017b5257f4fb333c25d', 'tenant_name': 'tempest-ServersAdmin275Test-701616499', 'user_domain_id': 'default', 'user_domain_name': 'Default', 'user_id': 'aaf942cdce744341bb8a925768962ebc', 'system': None}, Network: None, Subnet: None, Router: None
2025-12-13 04:52:35.608 65497 INFO tempest.lib.common.rest_client [req-abdc9865-060d-421b-bf48-34cd988dd7df req-abdc9865-060d-421b-bf48-34cd988dd7df ] Request (QuotasAdminTestV236:tearDownClass): 200 GET http://10.180.1.21/networking/v2.0/security-groups?tenant_id=3ea1ee84c7254f1b993a150c034b5db4&name=default 0.211s
2025-12-13 04:52:35.648 65521 INFO tempest.lib.common.rest_client [req-a7c61ce1-53e2-4adb-b1c7-fa04588ea117 req-a7c61ce1-53e2-4adb-b1c7-fa04588ea117 ] Request (ServersAdmin275Test:setUpClass): 201 POST http://10.180.1.21/identity/v3/auth/tokens 0.085s
2025-12-13 04:52:35.705 65537 INFO tempest.lib.common.rest_client [req-2c621d11-63d2-487a-b7f1-49deb9479a8e req-2c621d11-63d2-487a-b7f1-49deb9479a8e ] Request (SecurityGroupRulesNegativeTestJSON:test_create_security_group_rule_with_invalid_from_port): 200 POST http://10.180.1.21/compute/v2.1/os-security-groups 1.013s
2025-12-13 04:52:35.734 65483 INFO tempest.lib.common.rest_client [req-3b8d4a2e-fe6d-4eae-a236-7d0727102891 req-3b8d4a2e-fe6d-4eae-a236-7d0727102891 ] Request (AggregatesAdminNegativeTestJSON:test_aggregate_remove_nonexistent_host): 404 POST http://10.180.1.21/compute/v2.1/os-aggregates/8/action 1.010s
2025-12-13 04:52:35.736 65521 INFO tempest.lib.common.rest_client [req-3aa3adf3-5dd3-48cc-b9e1-5f2c70670fe7 req-3aa3adf3-5dd3-48cc-b9e1-5f2c70670fe7 ] Request (ServersAdmin275Test:test_rebuild_update_server_275): 201 POST http://10.180.1.21/identity/v3/auth/tokens 0.082s
2025-12-13 04:52:35.736 65521 INFO tempest.lib.common.fixed_network [-] (ServersAdmin275Test:test_rebuild_update_server_275) Found network None available for tenant
2025-12-13 04:52:35.754 65497 INFO tempest.lib.common.rest_client [req-be30f43e-f601-4e57-aec6-0f8fb5ad4e8f req-be30f43e-f601-4e57-aec6-0f8fb5ad4e8f ] Request (QuotasAdminTestV236:tearDownClass): 204 DELETE http://10.180.1.21/networking/v2.0/security-groups/46249585-ac8a-4201-afc7-910a5b60b556 0.146s
2025-12-13 04:52:35.803 65487 INFO tempest.lib.common.rest_client [req-f4b1e6ee-062b-4c1f-bddf-73f761c768c0 req-f4b1e6ee-062b-4c1f-bddf-73f761c768c0 ] Request (ServerActionsTestJSON:setUpClass): 200 GET http://10.180.1.21/compute/v2.1/servers/6b58ba2a-b5e3-4af4-ae25-877489c249ef 0.987s
2025-12-13 04:52:35.815 65487 INFO tempest.common.waiters [-] State transition "BUILD/None" ==> "BUILD/networking" after 13 second wait
2025-12-13 04:52:35.925 65485 INFO tempest.lib.common.rest_client [req-28bbe8c4-63c7-439b-b8ec-eb36422a2401 req-28bbe8c4-63c7-439b-b8ec-eb36422a2401 ] Request (ServersAdminTestJSON:test_inject_network_info): 202 POST http://10.180.1.21/compute/v2.1/servers 1.389s
2025-12-13 04:52:35.937 65497 INFO tempest.lib.common.rest_client [req-29eaffc0-d6be-42a9-b86a-47fbb87797c3 req-29eaffc0-d6be-42a9-b86a-47fbb87797c3 ] Request (QuotasAdminTestV236:tearDownClass): 204 DELETE http://10.180.1.21/identity/v3/projects/3ea1ee84c7254f1b993a150c034b5db4 0.182s
2025-12-13 04:52:35.937 65497 INFO tempest.lib.common.dynamic_creds [-] Deleting project and security group for project: b6839b3f328145239de74e060e9eb080
2025-12-13 04:52:35.974 65533 INFO tempest.lib.common.rest_client [req-9c6467f4-9978-4f83-8761-af13df379343 req-9c6467f4-9978-4f83-8761-af13df379343 ] Request (AbsoluteLimitsNegativeTestJSON:test_max_metadata_exceed_limit): 200 GET http://10.180.1.21/compute/v2.1/limits 0.896s
2025-12-13 04:52:36.056 65533 INFO tempest.lib.common.rest_client [req-dc498990-288b-4436-92b7-ec2f978a715b req-dc498990-288b-4436-92b7-ec2f978a715b ] Request (AbsoluteLimitsNegativeTestJSON:test_max_metadata_exceed_limit): 201 POST http://10.180.1.21/identity/v3/auth/tokens 0.075s
2025-12-13 04:52:36.056 65533 INFO tempest.lib.common.fixed_network [-] (AbsoluteLimitsNegativeTestJSON:test_max_metadata_exceed_limit) Found network None available for tenant
2025-12-13 04:52:36.071 65497 INFO tempest.lib.common.rest_client [req-23c1ee12-44ec-4c08-81a4-b2517d4f1df5 req-23c1ee12-44ec-4c08-81a4-b2517d4f1df5 ] Request (QuotasAdminTestV236:tearDownClass): 200 GET http://10.180.1.21/networking/v2.0/security-groups?tenant_id=b6839b3f328145239de74e060e9eb080&name=default 0.133s
2025-12-13 04:52:36.178 65517 INFO tempest.lib.common.rest_client [req-7c0437f2-2b53-4520-bb32-4a7703a0a358 req-7c0437f2-2b53-4520-bb32-4a7703a0a358 ] Request (VolumesAdminNegativeTest:tearDownClass): 200 GET http://10.180.1.21/compute/v2.1/servers/194e8f40-d423-4ea9-8886-9204bb6eb79b 0.948s
2025-12-13 04:52:36.290 65497 INFO tempest.lib.common.rest_client [req-e9ac34d1-ef18-4f3a-adfe-d7e897634216 req-e9ac34d1-ef18-4f3a-adfe-d7e897634216 ] Request (QuotasAdminTestV236:tearDownClass): 204 DELETE http://10.180.1.21/networking/v2.0/security-groups/9c469fb0-ec7f-4f8d-b522-3743b5bb6470 0.217s
2025-12-13 04:52:36.324 65503 INFO tempest.lib.common.rest_client [req-7925a3e0-ee81-4b34-ab58-49153493a751 req-7925a3e0-ee81-4b34-ab58-49153493a751 ] Request (DeleteServersAdminTestJSON:test_delete_server_while_in_error_state): 200 GET http://10.180.1.21/compute/v2.1/servers/5e8ba13f-04d9-4581-9719-a80344f2d340 1.104s
2025-12-13 04:52:36.340 65535 INFO tempest.lib.common.rest_client [req-eabc657e-18e9-476b-844e-1d3a98782b6b req-eabc657e-18e9-476b-844e-1d3a98782b6b ] Request (ServerDiagnosticsTest:tearDownClass): 200 GET http://10.180.1.21/compute/v2.1/servers/e341ec8a-9674-4b85-8948-4730da746d6e 1.071s
2025-12-13 04:52:36.348 65535 INFO tempest.common.waiters [-] State transition "ACTIVE/deleting" ==> "DELETED/None" after 2 second wait
2025-12-13 04:52:36.371 65493 INFO tempest.lib.common.rest_client [req-3d45b06c-dd6a-4cc7-84b7-a321fdd1ea61 req-3d45b06c-dd6a-4cc7-84b7-a321fdd1ea61 ] Request (ServicesAdminNegativeV253TestJSON:test_get_service_with_valid_service_and_invalid_host): 200 GET http://10.180.1.21/compute/v2.1/os-services?host=xxx&binary=nova-scheduler 0.971s
2025-12-13 04:52:36.420 65510 INFO tempest.lib.common.rest_client [req-83e23295-4415-4e0c-8f80-2d212b4927ee req-83e23295-4415-4e0c-8f80-2d212b4927ee ] Request (FlavorsAdminTestJSON:test_is_public_string_variations): 200 GET http://10.180.1.21/compute/v2.1/flavors/detail?is_public=true 0.969s
2025-12-13 04:52:36.441 65495 INFO tempest.lib.common.rest_client [req-599f83ef-f1ae-46dd-8c04-681372627265 req-599f83ef-f1ae-46dd-8c04-681372627265 ] Request (SecurityGroupsTestJSON:test_list_security_groups_by_server): 200 GET http://10.180.1.21/compute/v2.1/servers/0a7a39cb-ebe3-4f37-8937-1538e35e50a6 1.140s
2025-12-13 04:52:36.474 65497 INFO tempest.lib.common.rest_client [req-0bee6a45-d8b6-4ac5-a6d1-61527eb72547 req-0bee6a45-d8b6-4ac5-a6d1-61527eb72547 ] Request (QuotasAdminTestV236:tearDownClass): 204 DELETE http://10.180.1.21/identity/v3/projects/b6839b3f328145239de74e060e9eb080 0.184s
2025-12-13 04:52:36.486 65537 INFO tempest.lib.common.rest_client [req-a09e3bbf-6567-45f0-be25-55700fd2c6cc req-a09e3bbf-6567-45f0-be25-55700fd2c6cc ] Request (SecurityGroupRulesNegativeTestJSON:test_create_security_group_rule_with_invalid_from_port): 400 POST http://10.180.1.21/compute/v2.1/os-security-group-rules 0.777s
2025-12-13 04:52:36.520 65483 INFO tempest.lib.common.rest_client [req-31a32ed9-9b37-44f7-b029-928b601a96ac req-31a32ed9-9b37-44f7-b029-928b601a96ac ] Request (AggregatesAdminNegativeTestJSON:_run_cleanups): 200 DELETE http://10.180.1.21/compute/v2.1/os-aggregates/8 0.786s
2025-12-13 04:52:36.557 65497 INFO tempest.lib.common.rest_client [req-16389c74-78de-45fb-bd38-c84f4700692e req-16389c74-78de-45fb-bd38-c84f4700692e ] Request (ImagesMetadataNegativeTestJSON:setUpClass): 201 POST http://10.180.1.21/identity/v3/auth/tokens 0.081s
2025-12-13 04:52:36.565 65513 INFO tempest.lib.common.rest_client [req-d0a914a9-ed6a-42fd-bf4a-6edff98182c1 req-d0a914a9-ed6a-42fd-bf4a-6edff98182c1 ] Request (ServerActionsV293TestJSON:setUpClass): 200 GET http://10.180.1.21/volume/v3/volumes/aab771ad-4685-4655-919f-2e7b3ad95d22 0.053s
2025-12-13 04:52:36.640 65483 INFO tempest.lib.common.rest_client [req-dc1d20b3-b64f-4332-9b8e-02a9e2579018 req-dc1d20b3-b64f-4332-9b8e-02a9e2579018 ] Request (AggregatesAdminNegativeTestJSON:tearDownClass): 204 DELETE http://10.180.1.21/identity/v3/users/4c1487fb52a2425db828d44c5f5a305b 0.117s
2025-12-13 04:52:36.651 65545 INFO tempest.lib.common.rest_client [req-092d0814-9f6d-485d-8394-5557d57dbedb req-092d0814-9f6d-485d-8394-5557d57dbedb ] Request (ServersTestJSON:test_create_server_specify_multibyte_character_name): 200 GET http://10.180.1.21/compute/v2.1/servers/aa83ff00-3e99-4096-8b08-8a271d746d81 1.058s
2025-12-13 04:52:36.719 65497 INFO tempest.lib.common.rest_client [req-00fd940f-0cc3-49e2-a053-4dacce68f064 req-00fd940f-0cc3-49e2-a053-4dacce68f064 ] Request (ImagesMetadataNegativeTestJSON:setUpClass): 201 POST http://10.180.1.21/identity/v3/auth/tokens 0.156s
2025-12-13 04:52:36.749 65497 INFO tempest.lib.common.rest_client [req-9575c6fb-e313-404e-8b01-b37c9f1a88f1 req-9575c6fb-e313-404e-8b01-b37c9f1a88f1 ] Request (ImagesMetadataNegativeTestJSON:setUpClass): 200 GET http://10.180.1.21/identity/v3/domains?name=Default 0.029s
2025-12-13 04:52:36.799 65483 INFO tempest.lib.common.rest_client [req-b696e89d-4c75-412d-b67f-22b27bf2fe95 req-b696e89d-4c75-412d-b67f-22b27bf2fe95 ] Request (AggregatesAdminNegativeTestJSON:tearDownClass): 204 DELETE http://10.180.1.21/identity/v3/users/db66f56002114b5d9b3236d14c0ea5f3 0.158s
2025-12-13 04:52:36.799 65483 INFO tempest.lib.common.dynamic_creds [-] Deleting project and security group for project: 6c5ac44ab3504683a85ec7eb6bf658b8
2025-12-13 04:52:36.845 65521 INFO tempest.lib.common.rest_client [req-cb925b8e-58d6-44d6-a48b-17e7acf8491f req-cb925b8e-58d6-44d6-a48b-17e7acf8491f ] Request (ServersAdmin275Test:test_rebuild_update_server_275): 202 POST http://10.180.1.21/compute/v2.1/servers 1.108s
2025-12-13 04:52:36.872 65497 INFO tempest.lib.common.rest_client [req-986149f4-5760-44d0-9221-0d27eff43bd2 req-986149f4-5760-44d0-9221-0d27eff43bd2 ] Request (ImagesMetadataNegativeTestJSON:setUpClass): 201 POST http://10.180.1.21/identity/v3/projects 0.122s
2025-12-13 04:52:36.900 65483 INFO tempest.lib.common.rest_client [req-212b8acd-75e9-4dfd-b216-7e0235f67632 req-212b8acd-75e9-4dfd-b216-7e0235f67632 ] Request (AggregatesAdminNegativeTestJSON:tearDownClass): 201 POST http://10.180.1.21/identity/v3/auth/tokens 0.100s
2025-12-13 04:52:36.967 65497 INFO tempest.lib.common.rest_client [req-1e6683bd-b2d2-4862-af0b-14b63a65a194 req-1e6683bd-b2d2-4862-af0b-14b63a65a194 ] Request (ImagesMetadataNegativeTestJSON:setUpClass): 201 POST http://10.180.1.21/identity/v3/users 0.094s
2025-12-13 04:52:36.992 65497 INFO tempest.lib.common.rest_client [req-253416d4-09f1-4a29-92ed-8445831a5505 req-253416d4-09f1-4a29-92ed-8445831a5505 ] Request (ImagesMetadataNegativeTestJSON:setUpClass): 200 GET http://10.180.1.21/identity/v3/roles 0.024s
2025-12-13 04:52:37.022 65497 INFO tempest.lib.common.rest_client [req-659b8df7-e240-46a9-b9f5-892d2a8c6044 req-659b8df7-e240-46a9-b9f5-892d2a8c6044 ] Request (ImagesMetadataNegativeTestJSON:setUpClass): 204 PUT http://10.180.1.21/identity/v3/projects/8f68d308b5944fd590bbb4f12e140177/users/884093bab77040f2aa6770243a231ebe/roles/792686e83c254ebd957b042d1a33cc2b 0.030s
2025-12-13 04:52:37.023 65497 INFO tempest.lib.common.dynamic_creds [-] Dynamic test user 884093bab77040f2aa6770243a231ebe is created with scope project and roles: ['member']
2025-12-13 04:52:37.023 65497 INFO tempest.lib.common.dynamic_creds [-] Acquired dynamic creds: credentials: Credentials: {'domain_id': 'default', 'domain_name': 'Default', 'username': 'tempest-ImagesMetadataNegativeTestJSON-84808326-project-member', 'project_domain_id': 'default', 'project_domain_name': 'Default', 'project_id': '8f68d308b5944fd590bbb4f12e140177', 'project_name': 'tempest-ImagesMetadataNegativeTestJSON-84808326', 'tenant_id': '8f68d308b5944fd590bbb4f12e140177', 'tenant_name': 'tempest-ImagesMetadataNegativeTestJSON-84808326', 'user_domain_id': 'default', 'user_domain_name': 'Default', 'user_id': '884093bab77040f2aa6770243a231ebe', 'system': None}, Network: None, Subnet: None, Router: None
2025-12-13 04:52:37.023 65497 INFO tempest.lib.common.dynamic_creds [-] Created isolated network resources for: credentials: Credentials: {'domain_id': 'default', 'domain_name': 'Default', 'username': 'tempest-ImagesMetadataNegativeTestJSON-84808326-project-member', 'project_domain_id': 'default', 'project_domain_name': 'Default', 'project_id': '8f68d308b5944fd590bbb4f12e140177', 'project_name': 'tempest-ImagesMetadataNegativeTestJSON-84808326', 'tenant_id': '8f68d308b5944fd590bbb4f12e140177', 'tenant_name': 'tempest-ImagesMetadataNegativeTestJSON-84808326', 'user_domain_id': 'default', 'user_domain_name': 'Default', 'user_id': '884093bab77040f2aa6770243a231ebe', 'system': None}, Network: None, Subnet: None, Router: None
2025-12-13 04:52:37.121 65497 INFO tempest.lib.common.rest_client [req-e6f7b182-fafc-4e28-b48c-880e9e31feba req-e6f7b182-fafc-4e28-b48c-880e9e31feba ] Request (ImagesMetadataNegativeTestJSON:setUpClass): 201 POST http://10.180.1.21/identity/v3/auth/tokens 0.094s
2025-12-13 04:52:37.162 65483 INFO tempest.lib.common.rest_client [req-bc4bf56b-5b56-443c-92ef-4965acb4802a req-bc4bf56b-5b56-443c-92ef-4965acb4802a ] Request (AggregatesAdminNegativeTestJSON:tearDownClass): 200 GET http://10.180.1.21/networking/v2.0/security-groups?tenant_id=6c5ac44ab3504683a85ec7eb6bf658b8&name=default 0.262s
2025-12-13 04:52:37.196 65541 INFO tempest.lib.common.rest_client [req-f7d677b0-a619-472f-86a1-b5a8e9b8c3ce req-f7d677b0-a619-472f-86a1-b5a8e9b8c3ce ] Request (ImagesTestJSON:test_create_image_from_stopped_server): 200 GET http://10.180.1.21/compute/v2.1/servers/0e25849a-b6f3-4b02-b0ac-a6aa626437c6 1.288s
2025-12-13 04:52:37.204 65541 INFO tempest.common.waiters [-] State transition "BUILD/spawning" ==> "ACTIVE/None" after 42 second wait
2025-12-13 04:52:37.210 65489 INFO tempest.lib.common.rest_client [req-b4ff6978-1d20-4abf-815c-e821aab9d34f req-b4ff6978-1d20-4abf-815c-e821aab9d34f ] Request (ImagesOneServerNegativeTestJSON:setUpClass): 200 GET http://10.180.1.21/compute/v2.1/servers/5a77431d-deba-49dc-8065-7291fc69f005 1.297s
2025-12-13 04:52:37.286 65483 INFO tempest.lib.common.rest_client [req-4f3cbd04-178c-4780-924b-0bf8264081b7 req-4f3cbd04-178c-4780-924b-0bf8264081b7 ] Request (AggregatesAdminNegativeTestJSON:tearDownClass): 204 DELETE http://10.180.1.21/networking/v2.0/security-groups/58177256-3b2f-4dc2-82c3-4783e3b61537 0.123s
2025-12-13 04:52:37.346 65485 INFO tempest.lib.common.rest_client [req-04a635b0-8223-411d-9560-bce9f3468157 req-04a635b0-8223-411d-9560-bce9f3468157 ] Request (ServersAdminTestJSON:test_inject_network_info): 200 GET http://10.180.1.21/compute/v2.1/servers/9dceb2bb-b6d5-46e0-afe1-9e10b4aea934 1.419s
2025-12-13 04:52:37.398 65515 INFO tempest.lib.common.rest_client [req-afdfaa10-bb3d-4afe-b445-ad909e8b011c req-afdfaa10-bb3d-4afe-b445-ad909e8b011c ] Request (ServersListShow2100Test:tearDownClass): 200 GET http://10.180.1.21/compute/v2.1/servers/634ad096-a84d-45fc-83e6-bf39b28772c0 1.395s
2025-12-13 04:52:37.403 65483 INFO tempest.lib.common.rest_client [req-d000e8dd-40de-4032-85a0-f83f1726967a req-d000e8dd-40de-4032-85a0-f83f1726967a ] Request (AggregatesAdminNegativeTestJSON:tearDownClass): 204 DELETE http://10.180.1.21/identity/v3/projects/6c5ac44ab3504683a85ec7eb6bf658b8 0.117s
2025-12-13 04:52:37.404 65483 INFO tempest.lib.common.dynamic_creds [-] Deleting project and security group for project: 1de2a0164de045e6b1e28c8792d96226
2025-12-13 04:52:37.603 65483 INFO tempest.lib.common.rest_client [req-b1d20df1-729f-46ce-b478-fab3c659680c req-b1d20df1-729f-46ce-b478-fab3c659680c ] Request (AggregatesAdminNegativeTestJSON:tearDownClass): 200 GET http://10.180.1.21/networking/v2.0/security-groups?tenant_id=1de2a0164de045e6b1e28c8792d96226&name=default 0.198s
2025-12-13 04:52:37.608 65513 INFO tempest.lib.common.rest_client [req-b76bdc72-562f-40f4-9a3e-b85f1c4519fe req-b76bdc72-562f-40f4-9a3e-b85f1c4519fe ] Request (ServerActionsV293TestJSON:setUpClass): 200 GET http://10.180.1.21/volume/v3/volumes/aab771ad-4685-4655-919f-2e7b3ad95d22 0.030s
2025-12-13 04:52:37.634 65523 INFO tempest.lib.common.rest_client [req-f6eb7cc3-005b-4a09-bdf2-dd9a6735c244 req-f6eb7cc3-005b-4a09-bdf2-dd9a6735c244 ] Request (ServerActionsTestOtherB:setUpClass): 200 GET http://10.180.1.21/compute/v2.1/servers/ae5ba004-d9c7-4593-93ea-281123cafd72 1.485s
2025-12-13 04:52:37.641 65523 INFO tempest.common.waiters [-] State transition "BUILD/scheduling" ==> "BUILD/None" after 2 second wait
2025-12-13 04:52:37.727 65483 INFO tempest.lib.common.rest_client [req-bc6be854-5d94-436d-83e0-a53ecf854f52 req-bc6be854-5d94-436d-83e0-a53ecf854f52 ] Request (AggregatesAdminNegativeTestJSON:tearDownClass): 204 DELETE http://10.180.1.21/networking/v2.0/security-groups/62f31ac4-21b8-4651-a70b-aa28b96e95a5 0.124s
2025-12-13 04:52:37.847 65483 INFO tempest.lib.common.rest_client [req-25727251-3480-4206-9167-a7c0dead44a4 req-25727251-3480-4206-9167-a7c0dead44a4 ] Request (AggregatesAdminNegativeTestJSON:tearDownClass): 204 DELETE http://10.180.1.21/identity/v3/projects/1de2a0164de045e6b1e28c8792d96226 0.119s
2025-12-13 04:52:37.916 65483 INFO tempest.lib.common.rest_client [req-cd44fd40-6d69-4108-bda7-c93017ba17ea req-cd44fd40-6d69-4108-bda7-c93017ba17ea ] Request (SecurityGroupsTestAdminJSON:setUpClass): 201 POST http://10.180.1.21/identity/v3/auth/tokens 0.067s
2025-12-13 04:52:37.952 65483 INFO tempest.lib.common.rest_client [req-9423c294-92e9-45a2-aeec-0d78cac391a7 req-9423c294-92e9-45a2-aeec-0d78cac391a7 ] Request (SecurityGroupsTestAdminJSON:setUpClass): 201 POST http://10.180.1.21/identity/v3/auth/tokens 0.032s
2025-12-13 04:52:37.966 65507 INFO tempest.lib.common.rest_client [req-6b8fcbb4-5136-4585-9d04-a8a8fe2ed8c2 req-6b8fcbb4-5136-4585-9d04-a8a8fe2ed8c2 ] Request (MigrationsAdminTest:test_list_migrations_in_flavor_resize_situation): 200 GET http://10.180.1.21/compute/v2.1/servers/f329632c-382d-4ca6-899f-c7c280ff1e7c 1.816s
2025-12-13 04:52:38.003 65483 INFO tempest.lib.common.rest_client [req-0a4a278f-2fb4-4eaa-959c-f9aca190c28c req-0a4a278f-2fb4-4eaa-959c-f9aca190c28c ] Request (SecurityGroupsTestAdminJSON:setUpClass): 200 GET http://10.180.1.21/identity/v3/domains?name=Default 0.050s
2025-12-13 04:52:38.014 65533 INFO tempest.lib.common.rest_client [req-e850c5fe-9e6b-4b4b-894c-86ab49a77df4 req-e850c5fe-9e6b-4b4b-894c-86ab49a77df4 ] Request (AbsoluteLimitsNegativeTestJSON:test_max_metadata_exceed_limit): 403 POST http://10.180.1.21/compute/v2.1/servers 1.956s
2025-12-13 04:52:38.036 65483 INFO tempest.lib.common.rest_client [req-0e6d38c4-7d23-4e1f-a566-5ba3662b125b req-0e6d38c4-7d23-4e1f-a566-5ba3662b125b ] Request (SecurityGroupsTestAdminJSON:setUpClass): 201 POST http://10.180.1.21/identity/v3/projects 0.032s
2025-12-13 04:52:38.098 65533 INFO tempest.lib.common.rest_client [req-f0fdbfa4-d6c9-4156-8512-55b48866440a req-f0fdbfa4-d6c9-4156-8512-55b48866440a ] Request (AbsoluteLimitsNegativeTestJSON:tearDownClass): 204 DELETE http://10.180.1.21/identity/v3/users/d07f43c037ba4ebc91896ec85ca90858 0.082s
2025-12-13 04:52:38.098 65533 INFO tempest.lib.common.dynamic_creds [-] Deleting project and security group for project: fa2dcff84eae4a3a988d913ba842ce03
2025-12-13 04:52:38.098 65503 INFO tempest.lib.common.rest_client [req-cdf37273-09dc-49be-9dcf-89eb91902efc req-cdf37273-09dc-49be-9dcf-89eb91902efc ] Request (DeleteServersAdminTestJSON:test_delete_server_while_in_error_state): 204 DELETE http://10.180.1.21/compute/v2.1/servers/5e8ba13f-04d9-4581-9719-a80344f2d340 1.764s
2025-12-13 04:52:38.133 65539 INFO tempest.lib.common.rest_client [req-ce7e9c78-298d-4f10-9422-3c69729cdae6 req-ce7e9c78-298d-4f10-9422-3c69729cdae6 ] Request (FloatingIPsAssociationTestJSON:test_associate_already_associated_floating_ip): 200 GET http://10.180.1.21/compute/v2.1/servers/4791ab7e-b43b-4529-bfcf-3f53f4adef11 1.841s
2025-12-13 04:52:38.144 65483 INFO tempest.lib.common.rest_client [req-a2a458b2-caaa-43cf-a214-b3e80c1e8665 req-a2a458b2-caaa-43cf-a214-b3e80c1e8665 ] Request (SecurityGroupsTestAdminJSON:setUpClass): 201 POST http://10.180.1.21/identity/v3/users 0.108s
2025-12-13 04:52:38.165 65533 INFO tempest.lib.common.rest_client [req-f3a90505-48a1-40b8-8a2b-ccdb155d4797 req-f3a90505-48a1-40b8-8a2b-ccdb155d4797 ] Request (AbsoluteLimitsNegativeTestJSON:tearDownClass): 201 POST http://10.180.1.21/identity/v3/auth/tokens 0.067s
2025-12-13 04:52:38.188 65483 INFO tempest.lib.common.rest_client [req-413a7d92-3453-4e5f-94b2-3e5b243115e3 req-413a7d92-3453-4e5f-94b2-3e5b243115e3 ] Request (SecurityGroupsTestAdminJSON:setUpClass): 200 GET http://10.180.1.21/identity/v3/roles 0.043s
2025-12-13 04:52:38.221 65543 INFO tempest.lib.common.rest_client [req-ee8e03e8-f4fb-46da-9d06-1aeea3b87633 req-ee8e03e8-f4fb-46da-9d06-1aeea3b87633 ] Request (ListImageFiltersTestJSON:setUpClass): 200 GET http://10.180.1.21/compute/v2.1/servers/b78695ff-f59f-4982-a2ce-5e1a4d2f8aea 1.864s
2025-12-13 04:52:38.258 65483 INFO tempest.lib.common.rest_client [req-32adc8a6-d3f8-4e27-a26d-ceb8d82379fa req-32adc8a6-d3f8-4e27-a26d-ceb8d82379fa ] Request (SecurityGroupsTestAdminJSON:setUpClass): 204 PUT http://10.180.1.21/identity/v3/projects/af3b4631b115473194ca18db5f5129be/users/1594bc03cd9d428bb37e4cac18aea090/roles/792686e83c254ebd957b042d1a33cc2b 0.069s
2025-12-13 04:52:38.258 65483 INFO tempest.lib.common.dynamic_creds [-] Dynamic test user 1594bc03cd9d428bb37e4cac18aea090 is created with scope project and roles: ['member']
2025-12-13 04:52:38.258 65483 INFO tempest.lib.common.dynamic_creds [-] Acquired dynamic creds: credentials: Credentials: {'domain_id': 'default', 'domain_name': 'Default', 'username': 'tempest-SecurityGroupsTestAdminJSON-1790289261-project-member', 'project_domain_id': 'default', 'project_domain_name': 'Default', 'project_id': 'af3b4631b115473194ca18db5f5129be', 'project_name': 'tempest-SecurityGroupsTestAdminJSON-1790289261', 'tenant_id': 'af3b4631b115473194ca18db5f5129be', 'tenant_name': 'tempest-SecurityGroupsTestAdminJSON-1790289261', 'user_domain_id': 'default', 'user_domain_name': 'Default', 'user_id': '1594bc03cd9d428bb37e4cac18aea090', 'system': None}, Network: None, Subnet: None, Router: None
2025-12-13 04:52:38.258 65483 INFO tempest.lib.common.dynamic_creds [-] Created isolated network resources for: credentials: Credentials: {'domain_id': 'default', 'domain_name': 'Default', 'username': 'tempest-SecurityGroupsTestAdminJSON-1790289261-project-member', 'project_domain_id': 'default', 'project_domain_name': 'Default', 'project_id': 'af3b4631b115473194ca18db5f5129be', 'project_name': 'tempest-SecurityGroupsTestAdminJSON-1790289261', 'tenant_id': 'af3b4631b115473194ca18db5f5129be', 'tenant_name': 'tempest-SecurityGroupsTestAdminJSON-1790289261', 'user_domain_id': 'default', 'user_domain_name': 'Default', 'user_id': '1594bc03cd9d428bb37e4cac18aea090', 'system': None}, Network: None, Subnet: None, Router: None
2025-12-13 04:52:38.271 65493 INFO tempest.lib.common.rest_client [req-26ee1d80-6551-4b59-b9c8-ff07eedacd88 req-26ee1d80-6551-4b59-b9c8-ff07eedacd88 ] Request (ServicesAdminNegativeV253TestJSON:test_list_services_with_non_admin_user): 403 GET http://10.180.1.21/compute/v2.1/os-services 1.892s
2025-12-13 04:52:38.283 65499 INFO tempest.lib.common.rest_client [req-7f916fc9-210f-41f8-9bdb-95b1e72f6455 req-7f916fc9-210f-41f8-9bdb-95b1e72f6455 ] Request (InstanceActionsV221TestJSON:test_get_list_deleted_instance_actions): 200 GET http://10.180.1.21/compute/v2.1/servers/0837cca3-a8cb-4093-9138-779ad3a732b0 1.896s
2025-12-13 04:52:38.291 65519 WARNING tempest.lib.common.ssh [-] Failed to establish authenticated ssh connection to cirros@10.180.180.201 ([Errno None] Unable to connect to port 22 on 10.180.180.201). Number attempts: 1. Retry after 2 seconds.: paramiko.ssh_exception.NoValidConnectionsError: [Errno None] Unable to connect to port 22 on 10.180.180.201
2025-12-13 04:52:38.316 65510 INFO tempest.lib.common.rest_client [req-3d59d0a2-89e5-4010-af86-ac4eb2dfe1e7 req-3d59d0a2-89e5-4010-af86-ac4eb2dfe1e7 ] Request (FlavorsAdminTestJSON:test_is_public_string_variations): 200 GET http://10.180.1.21/compute/v2.1/flavors/detail?is_public=yes 1.889s
2025-12-13 04:52:38.323 65537 INFO tempest.lib.common.rest_client [req-4921a763-39e9-47a2-af1e-006f8a65483a req-4921a763-39e9-47a2-af1e-006f8a65483a ] Request (SecurityGroupRulesNegativeTestJSON:test_create_security_group_rule_with_invalid_id): 400 POST http://10.180.1.21/compute/v2.1/os-security-group-rules 1.835s
2025-12-13 04:52:38.336 65483 INFO tempest.lib.common.rest_client [req-7c198bf9-b6ac-4fbe-a5f5-45754bca7145 req-7c198bf9-b6ac-4fbe-a5f5-45754bca7145 ] Request (SecurityGroupsTestAdminJSON:setUpClass): 201 POST http://10.180.1.21/identity/v3/auth/tokens 0.075s
2025-12-13 04:52:38.351 65533 INFO tempest.lib.common.rest_client [req-a141aba8-0fc7-45ed-aeba-36dce7ae536a req-a141aba8-0fc7-45ed-aeba-36dce7ae536a ] Request (AbsoluteLimitsNegativeTestJSON:tearDownClass): 200 GET http://10.180.1.21/networking/v2.0/security-groups?tenant_id=fa2dcff84eae4a3a988d913ba842ce03&name=default 0.185s
