2025-12-13 04:51:19.266 65505 INFO tempest.lib.common.rest_client [req-116ae410-7de6-4b7f-8ac1-add2d68bd363 req-116ae410-7de6-4b7f-8ac1-add2d68bd363 ] Request (AttachInterfacesUnderV243Test:test_add_remove_fixed_ip): 201 POST http://10.180.1.21/identity/v3/auth/tokens 0.070s
2025-12-13 04:51:19.267 65505 INFO tempest.lib.common.fixed_network [-] (AttachInterfacesUnderV243Test:test_add_remove_fixed_ip) Found network {'id': '9b127e89-afb1-4481-b5d9-2957e6a343e5', 'name': 'tempest-AttachInterfacesUnderV243Test-866123578-network', 'tenant_id': 'faf40ad311d64443b3244c21ed336188', 'project_id': 'faf40ad311d64443b3244c21ed336188', 'admin_state_up': True, 'mtu': 8950, 'status': 'ACTIVE', 'subnets': [], 'shared': False, 'port_security_enabled': True, 'router:external': False, 'provider:network_type': 'vlan', 'provider:physical_network': 'default', 'provider:segmentation_id': 807, 'availability_zone_hints': [], 'availability_zones': [], 'ipv4_address_scope': None, 'ipv6_address_scope': None, 'description': '', 'tags': [], 'created_at': '2025-12-13T04:51:09Z', 'updated_at': '2025-12-13T04:51:09Z', 'revision_number': 1} available for tenant
2025-12-13 04:51:19.288 65523 INFO tempest.lib.common.rest_client [req-80c80d81-ae07-4930-81bf-8f643b347f5b req-80c80d81-ae07-4930-81bf-8f643b347f5b ] Request (FlavorsV255TestJSON:setUpClass): 201 POST http://10.180.1.21/identity/v3/auth/tokens 0.074s
2025-12-13 04:51:19.328 65529 INFO tempest.lib.common.rest_client [req-23d7dd4c-6e77-48b6-9742-15a2e6a79126 req-23d7dd4c-6e77-48b6-9742-15a2e6a79126 ] Request (QuotaClassesAdminTestJSON:setUpClass): 201 POST http://10.180.1.21/identity/v3/users 0.104s
2025-12-13 04:51:19.347 65529 INFO tempest.lib.common.rest_client [req-12fd9310-471a-48b0-994e-08dc1e70cf90 req-12fd9310-471a-48b0-994e-08dc1e70cf90 ] Request (QuotaClassesAdminTestJSON:setUpClass): 200 GET http://10.180.1.21/identity/v3/roles 0.018s
2025-12-13 04:51:19.351 65523 INFO tempest.lib.common.rest_client [req-8c9270c5-714e-4b96-854c-4ede77decf6c req-8c9270c5-714e-4b96-854c-4ede77decf6c ] Request (FlavorsV255TestJSON:setUpClass): 201 POST http://10.180.1.21/identity/v3/projects 0.061s
2025-12-13 04:51:19.415 65529 INFO tempest.lib.common.rest_client [req-99a9c615-80b8-4f62-914f-c7498c17cedd req-99a9c615-80b8-4f62-914f-c7498c17cedd ] Request (QuotaClassesAdminTestJSON:setUpClass): 204 PUT http://10.180.1.21/identity/v3/projects/ad910a2770124d9e9f9fdf79898dc4ce/users/c05e86a910cd4e71a5d3fbe42209b0a9/roles/34145b9c84cc492884d9e064f71d4d1a 0.067s
2025-12-13 04:51:19.419 65523 INFO tempest.lib.common.rest_client [req-f8413aef-84a3-40c6-92d2-b2ea3592a170 req-f8413aef-84a3-40c6-92d2-b2ea3592a170 ] Request (FlavorsV255TestJSON:setUpClass): 201 POST http://10.180.1.21/identity/v3/users 0.068s
2025-12-13 04:51:19.481 65523 INFO tempest.lib.common.rest_client [req-32e32a98-8230-4829-997b-33c69b873603 req-32e32a98-8230-4829-997b-33c69b873603 ] Request (FlavorsV255TestJSON:setUpClass): 200 GET http://10.180.1.21/identity/v3/roles 0.059s
2025-12-13 04:51:19.486 65529 INFO tempest.lib.common.rest_client [req-447156ad-0b90-4adb-8372-9d9f452c89c5 req-447156ad-0b90-4adb-8372-9d9f452c89c5 ] Request (QuotaClassesAdminTestJSON:setUpClass): 200 GET http://10.180.1.21/identity/v3/roles 0.066s
2025-12-13 04:51:19.513 65489 INFO tempest.lib.common.rest_client [req-005ed1aa-b8ef-48cf-b4f8-3cbbdc7145f7 req-005ed1aa-b8ef-48cf-b4f8-3cbbdc7145f7 ] Request (ServerDiagnosticsNegativeTest:test_get_server_diagnostics_by_non_admin): 202 POST http://10.180.1.21/compute/v2.1/servers 5.075s
2025-12-13 04:51:19.517 65529 INFO tempest.lib.common.rest_client [req-a3d01d6b-c380-4947-a3e8-7575955bdbf0 req-a3d01d6b-c380-4947-a3e8-7575955bdbf0 ] Request (QuotaClassesAdminTestJSON:setUpClass): 204 PUT http://10.180.1.21/identity/v3/projects/ad910a2770124d9e9f9fdf79898dc4ce/users/c05e86a910cd4e71a5d3fbe42209b0a9/roles/34145b9c84cc492884d9e064f71d4d1a 0.030s
2025-12-13 04:51:19.517 65529 INFO tempest.lib.common.dynamic_creds [-] Dynamic test user c05e86a910cd4e71a5d3fbe42209b0a9 is created with scope project and roles: ['admin']
2025-12-13 04:51:19.517 65529 INFO tempest.lib.common.dynamic_creds [-] Acquired dynamic creds: credentials: Credentials: {'domain_id': 'default', 'domain_name': 'Default', 'username': 'tempest-QuotaClassesAdminTestJSON-1955204385-project-admin', 'project_domain_id': 'default', 'project_domain_name': 'Default', 'project_id': 'ad910a2770124d9e9f9fdf79898dc4ce', 'project_name': 'tempest-QuotaClassesAdminTestJSON-1955204385', 'tenant_id': 'ad910a2770124d9e9f9fdf79898dc4ce', 'tenant_name': 'tempest-QuotaClassesAdminTestJSON-1955204385', 'user_domain_id': 'default', 'user_domain_name': 'Default', 'user_id': 'c05e86a910cd4e71a5d3fbe42209b0a9', 'system': None}, Network: None, Subnet: None, Router: None
2025-12-13 04:51:19.518 65529 INFO tempest.lib.common.dynamic_creds [-] Created isolated network resources for: credentials: Credentials: {'domain_id': 'default', 'domain_name': 'Default', 'username': 'tempest-QuotaClassesAdminTestJSON-1955204385-project-admin', 'project_domain_id': 'default', 'project_domain_name': 'Default', 'project_id': 'ad910a2770124d9e9f9fdf79898dc4ce', 'project_name': 'tempest-QuotaClassesAdminTestJSON-1955204385', 'tenant_id': 'ad910a2770124d9e9f9fdf79898dc4ce', 'tenant_name': 'tempest-QuotaClassesAdminTestJSON-1955204385', 'user_domain_id': 'default', 'user_domain_name': 'Default', 'user_id': 'c05e86a910cd4e71a5d3fbe42209b0a9', 'system': None}, Network: None, Subnet: None, Router: None
2025-12-13 04:51:19.523 65523 INFO tempest.lib.common.rest_client [req-a920809e-8b9c-4bef-a585-d1af88433349 req-a920809e-8b9c-4bef-a585-d1af88433349 ] Request (FlavorsV255TestJSON:setUpClass): 204 PUT http://10.180.1.21/identity/v3/projects/d1ce6849e55b4723a4db3da188323bf4/users/89f29407f17f4ba1acb202f11fa5fdee/roles/34145b9c84cc492884d9e064f71d4d1a 0.041s
2025-12-13 04:51:19.529 65491 INFO tempest.lib.common.rest_client [req-3dfbe311-8dfd-490a-9967-caa955c8db5b req-3dfbe311-8dfd-490a-9967-caa955c8db5b ] Request (VolumesAssistedSnapshotsTest:test_volume_assisted_snapshot_create_delete): 202 POST http://10.180.1.21/compute/v2.1/servers 5.594s
2025-12-13 04:51:19.623 65529 INFO tempest.lib.common.rest_client [req-658dfc74-4782-49c5-b5ba-64950eacfad1 req-658dfc74-4782-49c5-b5ba-64950eacfad1 ] Request (QuotaClassesAdminTestJSON:setUpClass): 201 POST http://10.180.1.21/identity/v3/auth/tokens 0.102s
2025-12-13 04:51:19.726 65523 INFO tempest.lib.common.rest_client [req-f5c31517-338d-47f9-be5e-61e13aa2a549 req-f5c31517-338d-47f9-be5e-61e13aa2a549 ] Request (FlavorsV255TestJSON:setUpClass): 200 GET http://10.180.1.21/identity/v3/roles 0.203s
2025-12-13 04:51:19.752 65523 INFO tempest.lib.common.rest_client [req-15a0fab6-f083-4ad7-a522-916f51153c8f req-15a0fab6-f083-4ad7-a522-916f51153c8f ] Request (FlavorsV255TestJSON:setUpClass): 204 PUT http://10.180.1.21/identity/v3/projects/d1ce6849e55b4723a4db3da188323bf4/users/89f29407f17f4ba1acb202f11fa5fdee/roles/34145b9c84cc492884d9e064f71d4d1a 0.025s
2025-12-13 04:51:19.752 65523 INFO tempest.lib.common.dynamic_creds [-] Dynamic test user 89f29407f17f4ba1acb202f11fa5fdee is created with scope project and roles: ['admin']
2025-12-13 04:51:19.752 65523 INFO tempest.lib.common.dynamic_creds [-] Acquired dynamic creds: credentials: Credentials: {'domain_id': 'default', 'domain_name': 'Default', 'username': 'tempest-FlavorsV255TestJSON-809648425-project-admin', 'project_domain_id': 'default', 'project_domain_name': 'Default', 'project_id': 'd1ce6849e55b4723a4db3da188323bf4', 'project_name': 'tempest-FlavorsV255TestJSON-809648425', 'tenant_id': 'd1ce6849e55b4723a4db3da188323bf4', 'tenant_name': 'tempest-FlavorsV255TestJSON-809648425', 'user_domain_id': 'default', 'user_domain_name': 'Default', 'user_id': '89f29407f17f4ba1acb202f11fa5fdee', 'system': None}, Network: None, Subnet: None, Router: None
2025-12-13 04:51:19.752 65523 INFO tempest.lib.common.dynamic_creds [-] Created isolated network resources for: credentials: Credentials: {'domain_id': 'default', 'domain_name': 'Default', 'username': 'tempest-FlavorsV255TestJSON-809648425-project-admin', 'project_domain_id': 'default', 'project_domain_name': 'Default', 'project_id': 'd1ce6849e55b4723a4db3da188323bf4', 'project_name': 'tempest-FlavorsV255TestJSON-809648425', 'tenant_id': 'd1ce6849e55b4723a4db3da188323bf4', 'tenant_name': 'tempest-FlavorsV255TestJSON-809648425', 'user_domain_id': 'default', 'user_domain_name': 'Default', 'user_id': '89f29407f17f4ba1acb202f11fa5fdee', 'system': None}, Network: None, Subnet: None, Router: None
2025-12-13 04:51:19.881 65523 INFO tempest.lib.common.rest_client [req-6496d506-92c6-4f02-9f28-4619db5ac6d1 req-6496d506-92c6-4f02-9f28-4619db5ac6d1 ] Request (FlavorsV255TestJSON:setUpClass): 201 POST http://10.180.1.21/identity/v3/auth/tokens 0.123s
2025-12-13 04:51:20.555 65511 INFO tempest.lib.common.rest_client [req-96b738bb-3162-4ee3-9f46-3cf53971e0b5 req-96b738bb-3162-4ee3-9f46-3cf53971e0b5 ] Request (FloatingIPsTestJSON:test_allocate_floating_ip): 200 POST http://10.180.1.21/compute/v2.1/os-floating-ips 5.509s
2025-12-13 04:51:20.643 65485 INFO tempest.lib.common.rest_client [req-9eb492d3-1378-46b9-b623-4a0999dcc9fb req-9eb492d3-1378-46b9-b623-4a0999dcc9fb ] Request (ServersAdminTestJSON:setUpClass): 202 POST http://10.180.1.21/compute/v2.1/servers 4.853s
2025-12-13 04:51:20.645 65503 INFO tempest.lib.common.rest_client [req-1da5657d-d46b-460b-827a-25aa040bb50a req-1da5657d-d46b-460b-827a-25aa040bb50a ] Request (DeleteServersAdminTestJSON:test_admin_delete_servers_of_others): 200 GET http://10.180.1.21/compute/v2.1/servers/d3e2c4ab-5892-4759-962b-69a531e8abc9 4.301s
2025-12-13 04:51:20.674 65517 INFO tempest.lib.common.rest_client [req-7fe93301-17df-4443-9b7f-f393cf45e609 req-7fe93301-17df-4443-9b7f-f393cf45e609 ] Request (FlavorsV261TestJSON:test_crud_flavor): 200 GET http://10.180.1.21/compute/v2.1/flavors 4.093s
2025-12-13 04:51:20.827 65537 INFO tempest.lib.common.rest_client [req-f63261c1-6687-4c83-b4a0-0fed33084549 req-f63261c1-6687-4c83-b4a0-0fed33084549 ] Request (FlavorsAccessNegativeTestJSON:_run_cleanups): 200 POST http://10.180.1.21/compute/v2.1/flavors/153393008/action 4.295s
2025-12-13 04:51:20.839 65543 INFO tempest.lib.common.rest_client [req-414313fc-762f-46f7-aa8f-540831a01816 req-414313fc-762f-46f7-aa8f-540831a01816 ] Request (KeyPairsV210TestJSON:test_admin_manage_keypairs_for_other_users): 200 GET http://10.180.1.21/compute/v2.1/os-keypairs?user_id=46cdb0aba9ab48ae8152757eb328f4a0 4.225s
2025-12-13 04:51:20.844 65499 INFO tempest.lib.common.rest_client [req-cf9a6124-5db4-4390-bb3b-25b52757171d req-cf9a6124-5db4-4390-bb3b-25b52757171d ] Request (HypervisorAdminNegativeTestJSON:test_get_nonexistent_hypervisor_uptime): 404 GET http://10.180.1.21/compute/v2.1/os-hypervisors/910e0fed-2cca-456f-9712-aee7aee1bcc6/uptime 4.222s
2025-12-13 04:51:21.209 65531 INFO tempest.lib.common.rest_client [req-3c116904-d1b0-41df-85d5-36cc9108007b req-3c116904-d1b0-41df-85d5-36cc9108007b ] Request (TenantUsagesTestJSON:setUpClass): 200 GET http://10.180.1.21/compute/v2.1/servers/90c2d845-c741-4a24-880c-4c9038807f4c 4.546s
2025-12-13 04:51:21.220 65531 INFO tempest.common.waiters [-] State transition "BUILD/None" ==> "BUILD/spawning" after 6 second wait
2025-12-13 04:51:21.223 65521 INFO tempest.lib.common.rest_client [req-a02ae78e-ada1-48e5-b709-c29654220a96 req-a02ae78e-ada1-48e5-b709-c29654220a96 ] Request (FlavorsExtraSpecsTestJSON:test_flavor_non_admin_get_specific_key): 200 GET http://10.180.1.21/compute/v2.1/flavors/652475587/os-extra_specs/hw:numa_nodes 4.555s
2025-12-13 04:51:21.229 65539 INFO tempest.lib.common.rest_client [req-776c907e-59ec-44da-84e3-53050fbd9767 req-776c907e-59ec-44da-84e3-53050fbd9767 ] Request (HypervisorAdminNegativeUnderV252Test:test_show_servers_with_non_admin_user): 403 GET http://10.180.1.21/compute/v2.1/os-hypervisors/1/servers 4.508s
2025-12-13 04:51:21.252 65535 INFO tempest.lib.common.rest_client [req-856d93cc-35ea-483a-bf59-66899fefe579 req-856d93cc-35ea-483a-bf59-66899fefe579 ] Request (FlavorsAccessTestJSON:test_flavor_access_add_remove): 200 GET http://10.180.1.21/compute/v2.1/flavors/detail 4.474s
2025-12-13 04:51:21.261 65487 INFO tempest.lib.common.rest_client [req-9882c9e1-5e32-4703-bf26-1fdcdf5589dc req-9882c9e1-5e32-4703-bf26-1fdcdf5589dc ] Request (HostsAdminNegativeTestJSON:test_show_host_detail_with_nonexistent_hostname): 404 GET http://10.180.1.21/compute/v2.1/os-hosts/nonexistent_hostname 4.441s
2025-12-13 04:51:21.285 65483 INFO tempest.lib.common.rest_client [req-10c67799-f381-4c5e-b9d3-c18d82bd4567 req-10c67799-f381-4c5e-b9d3-c18d82bd4567 ] Request (AggregatesAdminNegativeTestJSON:test_aggregate_add_host_as_user): 200 POST http://10.180.1.21/compute/v2.1/os-aggregates 4.471s
2025-12-13 04:51:21.294 65493 INFO tempest.lib.common.rest_client [req-f99502c9-aec3-405d-84d0-7ccfc8788227 req-f99502c9-aec3-405d-84d0-7ccfc8788227 ] Request (FlavorsExtraSpecsNegativeTestJSON:test_flavor_unset_nonexistent_key): 404 DELETE http://10.180.1.21/compute/v2.1/flavors/1929242329/os-extra_specs/hw:cpu_thread_policy 4.469s
2025-12-13 04:51:21.298 65533 INFO tempest.lib.common.rest_client [req-99e6571f-273c-448e-ad08-4039f4776f9f req-99e6571f-273c-448e-ad08-4039f4776f9f ] Request (FloatingIPDetailsTestJSON:test_get_floating_ip_details): 200 POST http://10.180.1.21/compute/v2.1/os-floating-ips 4.690s
2025-12-13 04:51:21.314 65515 INFO tempest.lib.common.rest_client [req-646ebf8e-7423-490f-8001-0fda5a101245 req-646ebf8e-7423-490f-8001-0fda5a101245 ] Request (HostsAdminTestJSON:test_list_hosts_with_zone): 200 GET http://10.180.1.21/compute/v2.1/os-hosts 4.487s
2025-12-13 04:51:21.324 65510 INFO tempest.lib.common.rest_client [req-4932f1d6-1a66-42f4-9c0f-6e6437c76b11 req-4932f1d6-1a66-42f4-9c0f-6e6437c76b11 ] Request (FlavorsAdminTestJSON:_run_cleanups): 202 DELETE http://10.180.1.21/compute/v2.1/flavors/1578854534 4.466s
2025-12-13 04:51:21.337 65501 INFO tempest.lib.common.rest_client [req-fb4dc508-bb30-4561-9bf4-1b40cb43804e req-fb4dc508-bb30-4561-9bf4-1b40cb43804e ] Request (ServersWithSpecificFlavorTestJSON:test_verify_created_server_ephemeral_disk): 200 POST http://10.180.1.21/compute/v2.1/flavors/873146791/os-extra_specs 4.143s
2025-12-13 04:51:21.424 65541 INFO tempest.lib.common.rest_client [req-8c4dbe41-0cf9-4bcd-bedc-e35593696080 req-8c4dbe41-0cf9-4bcd-bedc-e35593696080 ] Request (QuotasAdminTestJSON:test_get_default_quotas): 200 GET http://10.180.1.21/compute/v2.1/os-quota-sets/61fd818eaa994b7d880eafd04da8c36f/defaults 4.059s
2025-12-13 04:51:21.457 65541 INFO tempest.lib.common.rest_client [req-880cd344-af17-47a9-a26e-652d3e1ae080 req-880cd344-af17-47a9-a26e-652d3e1ae080 ] Request (QuotasAdminTestJSON:test_get_updated_quotas): 200 GET http://10.180.1.21/identity/v3/domains?name=Default 0.029s
2025-12-13 04:51:21.489 65541 INFO tempest.lib.common.rest_client [req-60a9f803-98fb-4d48-85e8-0c7b95cc26c8 req-60a9f803-98fb-4d48-85e8-0c7b95cc26c8 ] Request (QuotasAdminTestJSON:test_get_updated_quotas): 201 POST http://10.180.1.21/identity/v3/projects 0.032s
2025-12-13 04:51:21.544 65541 INFO tempest.lib.common.rest_client [req-ed761cfb-0b1b-4fd1-a68f-82c2f7b817a4 req-ed761cfb-0b1b-4fd1-a68f-82c2f7b817a4 ] Request (QuotasAdminTestJSON:test_get_updated_quotas): 200 GET http://10.180.1.21/identity/v3/domains?name=Default 0.054s
2025-12-13 04:51:21.746 65513 INFO tempest.lib.common.rest_client [req-8e2484e8-7377-487b-87f0-e336b8c604a0 req-8e2484e8-7377-487b-87f0-e336b8c604a0 ] Request (ImagesNegativeTestJSON:test_create_image_from_deleted_server): 200 GET http://10.180.1.21/compute/v2.1/servers/86f97bb5-286e-416a-a37e-23f770288f6a 4.331s
2025-12-13 04:51:21.899 65545 INFO tempest.lib.common.rest_client [req-2e3c0ca9-a828-4591-8c87-91a927b20798 req-2e3c0ca9-a828-4591-8c87-91a927b20798 ] Request (ImagesMetadataTestJSON:test_delete_image_metadata_item): 204 DELETE http://10.180.1.21/compute/v2.1/images/d39def85-18a7-4223-88ad-135b771b5557/metadata/os_version 4.426s
2025-12-13 04:51:21.959 65525 INFO tempest.lib.common.rest_client [req-20c337c4-69ae-42a0-8f6a-f18c9ec4f9ee req-20c337c4-69ae-42a0-8f6a-f18c9ec4f9ee ] Request (ServersTestFqdnHostnames:test_create_server_with_fqdn_name): 202 POST http://10.180.1.21/compute/v2.1/servers 4.694s
2025-12-13 04:51:22.024 65519 INFO tempest.lib.common.rest_client [req-9ddec752-b676-4881-9a55-dfe77cec1ce0 req-9ddec752-b676-4881-9a55-dfe77cec1ce0 ] Request (ServersTestBootFromVolume:setUpClass): 200 POST http://10.180.1.21/compute/v2.1/os-keypairs 4.372s
2025-12-13 04:51:22.132 65519 INFO tempest.lib.common.rest_client [req-3fb2c253-8f34-43d5-92fa-75d8328c2cd5 req-3fb2c253-8f34-43d5-92fa-75d8328c2cd5 ] Request (ServersTestBootFromVolume:setUpClass): 201 POST http://10.180.1.21/networking/v2.0/security-groups 0.106s
2025-12-13 04:51:22.247 65519 INFO tempest.lib.common.rest_client [req-b6846cbe-086a-47fc-bf8c-7491de9af082 req-b6846cbe-086a-47fc-bf8c-7491de9af082 ] Request (ServersTestBootFromVolume:setUpClass): 201 POST http://10.180.1.21/networking/v2.0/security-group-rules 0.115s
2025-12-13 04:51:22.289 65495 INFO tempest.lib.common.rest_client [req-2c896386-9b95-4f9d-a409-d0c217ed3ea4 req-2c896386-9b95-4f9d-a409-d0c217ed3ea4 ] Request (ServerExternalEventsTest:test_create_server_external_events): 200 GET http://10.180.1.21/compute/v2.1/servers/60cca084-24dc-48b6-bf59-519451b5bd76 3.607s
2025-12-13 04:51:22.364 65519 INFO tempest.lib.common.rest_client [req-f0959128-fe4f-49c3-86d3-461c110d3a0b req-f0959128-fe4f-49c3-86d3-461c110d3a0b ] Request (ServersTestBootFromVolume:setUpClass): 201 POST http://10.180.1.21/networking/v2.0/security-group-rules 0.116s
2025-12-13 04:51:22.451 65527 INFO tempest.lib.common.rest_client [req-cad9908f-dc3f-47a5-a8e2-5333391bbfc6 req-cad9908f-dc3f-47a5-a8e2-5333391bbfc6 ] Request (ServersAaction247Test:test_create_backup): 202 POST http://10.180.1.21/compute/v2.1/servers/a6cd5999-c264-46cb-90d9-3561f641d647/action 4.248s
2025-12-13 04:51:22.872 65519 INFO tempest.lib.common.rest_client [req-7b8f2b71-8994-4e7d-82ef-16c9b5d0e29c req-7b8f2b71-8994-4e7d-82ef-16c9b5d0e29c ] Request (ServersTestBootFromVolume:setUpClass): 201 POST http://10.180.1.21/networking/v2.0/floatingips 0.507s
2025-12-13 04:51:22.907 65507 INFO tempest.lib.common.rest_client [req-f21bb605-6bfe-408f-a7b5-140a09010dd5 req-f21bb605-6bfe-408f-a7b5-140a09010dd5 ] Request (MigrationsAdminTest:test_list_migrations_in_flavor_resize_situation): 200 GET http://10.180.1.21/compute/v2.1/servers/f329632c-382d-4ca6-899f-c7c280ff1e7c 3.980s
2025-12-13 04:51:22.909 65519 INFO tempest.lib.common.rest_client [req-6e9bc275-a6b7-4ca3-b96a-4b3f642b58fb req-6e9bc275-a6b7-4ca3-b96a-4b3f642b58fb ] Request (ServersTestBootFromVolume:setUpClass): 201 POST http://10.180.1.21/identity/v3/auth/tokens 0.033s
2025-12-13 04:51:22.912 65519 INFO tempest.lib.common.fixed_network [-] (ServersTestBootFromVolume:setUpClass) Found network {'id': '527b330d-e2e2-4fb5-b11e-94ffb153cc1f', 'name': 'tempest-ServersTestBootFromVolume-579719674-network', 'tenant_id': '34cfcb885d124d6b9d2e5da4dfc02514', 'project_id': '34cfcb885d124d6b9d2e5da4dfc02514', 'admin_state_up': True, 'mtu': 8950, 'status': 'ACTIVE', 'subnets': [], 'shared': False, 'port_security_enabled': True, 'router:external': False, 'provider:network_type': 'vlan', 'provider:physical_network': 'default', 'provider:segmentation_id': 254, 'availability_zone_hints': [], 'availability_zones': [], 'ipv4_address_scope': None, 'ipv6_address_scope': None, 'description': '', 'tags': [], 'created_at': '2025-12-13T04:51:15Z', 'updated_at': '2025-12-13T04:51:15Z', 'revision_number': 1} available for tenant
2025-12-13 04:51:22.920 65507 INFO tempest.common.waiters [-] State transition "BUILD/None" ==> "BUILD/spawning" after 5 second wait
2025-12-13 04:51:23.026 65489 INFO tempest.lib.common.rest_client [req-1cac6246-e3c5-4e77-91d5-d7d6e1986efd req-1cac6246-e3c5-4e77-91d5-d7d6e1986efd ] Request (ServerDiagnosticsNegativeTest:test_get_server_diagnostics_by_non_admin): 200 GET http://10.180.1.21/compute/v2.1/servers/4acfb495-ffab-4682-a1a4-cf26f40f9729 3.511s
2025-12-13 04:51:23.143 65491 INFO tempest.lib.common.rest_client [req-05319862-b65a-4725-9480-b22bca8dcac5 req-05319862-b65a-4725-9480-b22bca8dcac5 ] Request (VolumesAssistedSnapshotsTest:test_volume_assisted_snapshot_create_delete): 200 GET http://10.180.1.21/compute/v2.1/servers/8f6fcad9-c54b-42d7-9d53-fd6c9780df76 3.612s
2025-12-13 04:51:23.290 65523 INFO tempest.lib.common.rest_client [req-855ea46f-f296-43d2-9a2b-66d839554c66 req-855ea46f-f296-43d2-9a2b-66d839554c66 ] Request (FlavorsV255TestJSON:test_crud_flavor): 200 POST http://10.180.1.21/compute/v2.1/flavors 3.408s
2025-12-13 04:51:23.352 65505 INFO tempest.lib.common.rest_client [req-a17fc4f8-95f3-4693-8b06-82634b5d25f0 req-a17fc4f8-95f3-4693-8b06-82634b5d25f0 ] Request (AttachInterfacesUnderV243Test:test_add_remove_fixed_ip): 202 POST http://10.180.1.21/compute/v2.1/servers 4.084s
2025-12-13 04:51:23.423 65485 INFO tempest.lib.common.rest_client [req-d9fa98c0-0b78-4559-91b2-433e15ca2c9f req-d9fa98c0-0b78-4559-91b2-433e15ca2c9f ] Request (ServersAdminTestJSON:setUpClass): 200 GET http://10.180.1.21/compute/v2.1/servers/4bb29b62-33da-4c99-9d66-81d2853a6ab9 2.778s
2025-12-13 04:51:23.440 65511 INFO tempest.lib.common.rest_client [req-907e4fb5-dc5a-42ea-bd21-e5dae2cdfcb1 req-907e4fb5-dc5a-42ea-bd21-e5dae2cdfcb1 ] Request (FloatingIPsTestJSON:test_allocate_floating_ip): 200 GET http://10.180.1.21/compute/v2.1/os-floating-ips/50e96d26-d020-413b-9ecc-315f9560eed8 2.883s
2025-12-13 04:51:23.444 65517 INFO tempest.lib.common.rest_client [req-b93a6132-0dc6-4cef-a217-45ac2b600b05 req-b93a6132-0dc6-4cef-a217-45ac2b600b05 ] Request (FlavorsV261TestJSON:_run_cleanups): 202 DELETE http://10.180.1.21/compute/v2.1/flavors/1031009764 2.764s
2025-12-13 04:51:23.459 65537 INFO tempest.lib.common.rest_client [req-2648ab00-6a9f-4403-b6b1-e205c3339923 req-2648ab00-6a9f-4403-b6b1-e205c3339923 ] Request (FlavorsAccessNegativeTestJSON:_run_cleanups): 202 DELETE http://10.180.1.21/compute/v2.1/flavors/153393008 2.631s
2025-12-13 04:51:23.466 65543 INFO tempest.lib.common.rest_client [req-950bed28-afd3-4f9f-8ad0-d072adb034fc req-950bed28-afd3-4f9f-8ad0-d072adb034fc ] Request (KeyPairsV210TestJSON:_run_cleanups): 204 DELETE http://10.180.1.21/compute/v2.1/os-keypairs/tempest-KeyPairsV210TestJSON-keypair-136921045 2.625s
2025-12-13 04:51:23.479 65499 INFO tempest.lib.common.rest_client [req-d8502009-3f87-4641-8197-393918c2bb06 req-d8502009-3f87-4641-8197-393918c2bb06 ] Request (HypervisorAdminNegativeTestJSON:test_show_hypervisor_with_non_admin_user): 200 GET http://10.180.1.21/compute/v2.1/os-hypervisors 2.634s
2025-12-13 04:51:23.484 65521 INFO tempest.lib.common.rest_client [req-b29021de-4a62-41fe-823a-01fbbdceeded req-b29021de-4a62-41fe-823a-01fbbdceeded ] Request (FlavorsExtraSpecsTestJSON:test_flavor_set_get_update_show_unset_keys): 200 POST http://10.180.1.21/compute/v2.1/flavors/652475587/os-extra_specs 2.259s
2025-12-13 04:51:23.493 65539 INFO tempest.lib.common.rest_client [req-81cdc0a4-435a-4427-bc41-c4ec256e4548 req-81cdc0a4-435a-4427-bc41-c4ec256e4548 ] Request (HypervisorAdminNegativeUnderV252Test:test_show_servers_with_nonexistent_hypervisor): 404 GET http://10.180.1.21/compute/v2.1/os-hypervisors/b9a49be3-d685-47a6-ba1e-4340ff33f893/servers 2.262s
2025-12-13 04:51:23.496 65487 INFO tempest.lib.common.rest_client [req-38623acf-da29-4887-a5a6-824908860d87 req-38623acf-da29-4887-a5a6-824908860d87 ] Request (HostsAdminNegativeTestJSON:test_shutdown_host_with_non_admin_user): 403 GET http://10.180.1.21/compute/v2.1/os-hosts/devstack/shutdown 2.233s
2025-12-13 04:51:23.502 65535 INFO tempest.lib.common.rest_client [req-ab069efa-ceb3-4dfc-849c-8f5ad0ee65f7 req-ab069efa-ceb3-4dfc-849c-8f5ad0ee65f7 ] Request (FlavorsAccessTestJSON:_run_cleanups): 202 DELETE http://10.180.1.21/compute/v2.1/flavors/1957172771 2.244s
2025-12-13 04:51:23.507 65493 INFO tempest.lib.common.rest_client [req-41376c14-2880-48b6-a1fa-4a064e9679f0 req-41376c14-2880-48b6-a1fa-4a064e9679f0 ] Request (FlavorsExtraSpecsNegativeTestJSON:test_flavor_update_mismatch_key): 400 PUT http://10.180.1.21/compute/v2.1/flavors/1929242329/os-extra_specs/hw:numa_nodes 2.211s
2025-12-13 04:51:23.573 65483 INFO tempest.lib.common.rest_client [req-9cb879da-fd87-4dfc-8553-ad2d268b5055 req-9cb879da-fd87-4dfc-8553-ad2d268b5055 ] Request (AggregatesAdminNegativeTestJSON:test_aggregate_add_host_as_user): 403 POST http://10.180.1.21/compute/v2.1/os-aggregates/2/action 2.286s
2025-12-13 04:51:23.603 65515 INFO tempest.lib.common.rest_client [req-0ba95d56-2ba7-4c1a-a278-a0252d64bea0 req-0ba95d56-2ba7-4c1a-a278-a0252d64bea0 ] Request (HostsAdminTestJSON:test_list_hosts_with_zone): 200 GET http://10.180.1.21/compute/v2.1/os-hosts?zone=internal 2.287s
2025-12-13 04:51:23.620 65533 INFO tempest.lib.common.rest_client [req-86f80362-c4c8-499f-8bb6-8757588f1559 req-86f80362-c4c8-499f-8bb6-8757588f1559 ] Request (FloatingIPDetailsTestJSON:test_get_floating_ip_details): 200 GET http://10.180.1.21/compute/v2.1/os-floating-ips/181ac3c1-a4e9-4e60-943c-e4464c637e29 2.320s
2025-12-13 04:51:23.625 65519 INFO tempest.lib.common.rest_client [req-5fda7818-a5f0-4ec0-898b-f22a35b7fe4e req-5fda7818-a5f0-4ec0-898b-f22a35b7fe4e ] Request (ServersTestBootFromVolume:setUpClass): 202 POST http://10.180.1.21/volume/v3/volumes 0.711s
2025-12-13 04:51:23.633 65539 INFO tempest.lib.common.rest_client [req-deed4199-c71f-4f6e-b48f-a6fb5548750e req-deed4199-c71f-4f6e-b48f-a6fb5548750e ] Request (HypervisorAdminNegativeUnderV252Test:tearDownClass): 204 DELETE http://10.180.1.21/identity/v3/users/780f0e4bb04e40a2bcf9d1c1af33c614 0.139s
2025-12-13 04:51:23.636 65510 INFO tempest.lib.common.rest_client [req-4c2ce92f-66ce-4a24-b2e2-f4acb5120e9f req-4c2ce92f-66ce-4a24-b2e2-f4acb5120e9f ] Request (FlavorsAdminTestJSON:_run_cleanups): 200 GET http://10.180.1.21/compute/v2.1/flavors/detail 2.310s
2025-12-13 04:51:23.649 65501 INFO tempest.lib.common.rest_client [req-e9eaff25-4b76-4e99-9d5f-df86b568c725 req-e9eaff25-4b76-4e99-9d5f-df86b568c725 ] Request (ServersWithSpecificFlavorTestJSON:test_verify_created_server_ephemeral_disk): 200 POST http://10.180.1.21/compute/v2.1/flavors 2.311s
2025-12-13 04:51:23.684 65519 INFO tempest.lib.common.rest_client [req-78f6f29f-8db9-4069-97ee-b0bbce2a7757 req-78f6f29f-8db9-4069-97ee-b0bbce2a7757 ] Request (ServersTestBootFromVolume:setUpClass): 200 GET http://10.180.1.21/volume/v3/volumes/dd264ec8-ada1-4f55-809e-8d8640f0dc7e 0.052s
2025-12-13 04:51:23.777 65539 INFO tempest.lib.common.rest_client [req-2058c024-db15-4e99-a99d-13c566f61ad7 req-2058c024-db15-4e99-a99d-13c566f61ad7 ] Request (HypervisorAdminNegativeUnderV252Test:tearDownClass): 204 DELETE http://10.180.1.21/identity/v3/users/2f05549bc0934d4bb2e17144a6e3c9db 0.143s
2025-12-13 04:51:23.777 65539 INFO tempest.lib.common.dynamic_creds [-] Deleting project and security group for project: bf134c0dea074d5697d456167f7dd5d3
2025-12-13 04:51:23.834 65503 INFO tempest.lib.common.rest_client [req-b5d5305d-3528-4da4-8663-e64a03cd527b req-b5d5305d-3528-4da4-8663-e64a03cd527b ] Request (DeleteServersAdminTestJSON:test_admin_delete_servers_of_others): 200 GET http://10.180.1.21/compute/v2.1/servers/d3e2c4ab-5892-4759-962b-69a531e8abc9 2.182s
2025-12-13 04:51:23.868 65539 INFO tempest.lib.common.rest_client [req-c5687a57-c5c1-4109-83ba-25b64225b812 req-c5687a57-c5c1-4109-83ba-25b64225b812 ] Request (HypervisorAdminNegativeUnderV252Test:tearDownClass): 201 POST http://10.180.1.21/identity/v3/auth/tokens 0.090s
2025-12-13 04:51:23.877 65545 INFO tempest.lib.common.rest_client [req-619f8435-4042-484b-8f0a-2e89778b1da8 req-619f8435-4042-484b-8f0a-2e89778b1da8 ] Request (ImagesMetadataTestJSON:test_delete_image_metadata_item): 200 GET http://10.180.1.21/compute/v2.1/images/d39def85-18a7-4223-88ad-135b771b5557/metadata 1.977s
2025-12-13 04:51:23.895 65541 INFO tempest.lib.common.rest_client [req-cd65f002-abd0-43fd-b8b7-48131b5aa4d4 req-cd65f002-abd0-43fd-b8b7-48131b5aa4d4 ] Request (QuotasAdminTestJSON:test_get_updated_quotas): 200 PUT http://10.180.1.21/compute/v2.1/os-quota-sets/fd542f66fe384219ab55b57fee32a807 2.349s
2025-12-13 04:51:24.062 65539 INFO tempest.lib.common.rest_client [req-0bfcc512-f5d6-4109-b07b-9e77ce7444ff req-0bfcc512-f5d6-4109-b07b-9e77ce7444ff ] Request (HypervisorAdminNegativeUnderV252Test:tearDownClass): 200 GET http://10.180.1.21/networking/v2.0/security-groups?tenant_id=bf134c0dea074d5697d456167f7dd5d3&name=default 0.194s
2025-12-13 04:51:24.115 65525 INFO tempest.lib.common.rest_client [req-2384d5cf-8eb6-4b8f-bca9-1b789472106c req-2384d5cf-8eb6-4b8f-bca9-1b789472106c ] Request (ServersTestFqdnHostnames:test_create_server_with_fqdn_name): 200 GET http://10.180.1.21/compute/v2.1/servers/2905230f-468d-4f4b-9387-a1067bbd6824 2.154s
2025-12-13 04:51:24.214 65539 INFO tempest.lib.common.rest_client [req-9ad5d5a3-6178-4be8-9b2c-02606b025783 req-9ad5d5a3-6178-4be8-9b2c-02606b025783 ] Request (HypervisorAdminNegativeUnderV252Test:tearDownClass): 204 DELETE http://10.180.1.21/networking/v2.0/security-groups/420225db-3d89-4502-b14c-1c2722000c6c 0.151s
2025-12-13 04:51:24.243 65531 INFO tempest.lib.common.rest_client [req-dbb4e243-56ab-419f-b628-8bc33c756796 req-dbb4e243-56ab-419f-b628-8bc33c756796 ] Request (TenantUsagesTestJSON:setUpClass): 200 GET http://10.180.1.21/compute/v2.1/servers/90c2d845-c741-4a24-880c-4c9038807f4c 2.021s
2025-12-13 04:51:24.264 65527 INFO tempest.lib.common.rest_client [req-99f921e5-f469-49ef-a0b1-e0b6bd77a697 req-99f921e5-f469-49ef-a0b1-e0b6bd77a697 ] Request (ServersAaction247Test:tearDownClass): 204 DELETE http://10.180.1.21/compute/v2.1/servers/a6cd5999-c264-46cb-90d9-3561f641d647 1.811s
2025-12-13 04:51:24.316 65539 INFO tempest.lib.common.rest_client [req-b5c9f3d0-1af3-4baf-bd13-b4aaea61d411 req-b5c9f3d0-1af3-4baf-bd13-b4aaea61d411 ] Request (HypervisorAdminNegativeUnderV252Test:tearDownClass): 204 DELETE http://10.180.1.21/identity/v3/projects/bf134c0dea074d5697d456167f7dd5d3 0.102s
2025-12-13 04:51:24.316 65539 INFO tempest.lib.common.dynamic_creds [-] Deleting project and security group for project: a5352f7d6ec944cc8e4d0d2302d43abf
2025-12-13 04:51:24.451 65523 INFO tempest.lib.common.rest_client [req-bc811adc-a807-4fa4-a542-6c59df3276e0 req-bc811adc-a807-4fa4-a542-6c59df3276e0 ] Request (FlavorsV255TestJSON:test_crud_flavor): 200 GET http://10.180.1.21/compute/v2.1/flavors/2048932304 1.158s
2025-12-13 04:51:24.498 65539 INFO tempest.lib.common.rest_client [req-6b64b988-4744-4885-b4b1-3cd3cf7dee63 req-6b64b988-4744-4885-b4b1-3cd3cf7dee63 ] Request (HypervisorAdminNegativeUnderV252Test:tearDownClass): 200 GET http://10.180.1.21/networking/v2.0/security-groups?tenant_id=a5352f7d6ec944cc8e4d0d2302d43abf&name=default 0.181s
2025-12-13 04:51:24.519 65513 INFO tempest.lib.common.rest_client [req-849c45cf-0956-4458-b4bc-71ee9626edf9 req-849c45cf-0956-4458-b4bc-71ee9626edf9 ] Request (ImagesNegativeTestJSON:test_create_image_from_deleted_server): 200 GET http://10.180.1.21/compute/v2.1/servers/86f97bb5-286e-416a-a37e-23f770288f6a 1.762s
2025-12-13 04:51:24.628 65495 INFO tempest.lib.common.rest_client [req-ab27a321-2a43-4f59-88f9-5087bd3f6fb2 req-ab27a321-2a43-4f59-88f9-5087bd3f6fb2 ] Request (ServerExternalEventsTest:test_create_server_external_events): 200 GET http://10.180.1.21/compute/v2.1/servers/60cca084-24dc-48b6-bf59-519451b5bd76 1.329s
2025-12-13 04:51:24.633 65539 INFO tempest.lib.common.rest_client [req-df66f08a-d93b-4d7d-a033-7d61da37f230 req-df66f08a-d93b-4d7d-a033-7d61da37f230 ] Request (HypervisorAdminNegativeUnderV252Test:tearDownClass): 204 DELETE http://10.180.1.21/networking/v2.0/security-groups/f3d27cc1-fb78-43cf-9f69-e37225d9160e 0.135s
2025-12-13 04:51:24.644 65505 INFO tempest.lib.common.rest_client [req-d1395a96-96cd-45c4-9f9b-87fa68aa9b55 req-d1395a96-96cd-45c4-9f9b-87fa68aa9b55 ] Request (AttachInterfacesUnderV243Test:test_add_remove_fixed_ip): 200 GET http://10.180.1.21/compute/v2.1/servers/af5b7bc6-ad99-4720-9cdf-63c161675f93 1.290s
2025-12-13 04:51:24.672 65517 INFO tempest.lib.common.rest_client [req-7ba9b1e1-9e85-42b1-a816-941d86beb169 req-7ba9b1e1-9e85-42b1-a816-941d86beb169 ] Request (FlavorsV261TestJSON:_run_cleanups): 200 GET http://10.180.1.21/compute/v2.1/flavors/detail 1.228s
2025-12-13 04:51:24.700 65537 INFO tempest.lib.common.rest_client [req-79307a49-afb2-4b67-8b9f-0bbbb1995782 req-79307a49-afb2-4b67-8b9f-0bbbb1995782 ] Request (FlavorsAccessNegativeTestJSON:_run_cleanups): 200 GET http://10.180.1.21/compute/v2.1/flavors/detail 1.241s
2025-12-13 04:51:24.729 65543 INFO tempest.lib.common.rest_client [req-d68922a5-8b20-46c2-9bfa-bd9e4f84920e req-d68922a5-8b20-46c2-9bfa-bd9e4f84920e ] Request (KeyPairsV210TestJSON:_run_cleanups): 204 DELETE http://10.180.1.21/compute/v2.1/os-keypairs/tempest-keypair-141384604?user_id=46cdb0aba9ab48ae8152757eb328f4a0 1.263s
2025-12-13 04:51:24.740 65519 INFO tempest.lib.common.rest_client [req-029b9e57-de8c-4f27-a730-e80507defbd0 req-029b9e57-de8c-4f27-a730-e80507defbd0 ] Request (ServersTestBootFromVolume:setUpClass): 200 GET http://10.180.1.21/volume/v3/volumes/dd264ec8-ada1-4f55-809e-8d8640f0dc7e 0.042s
2025-12-13 04:51:24.744 65499 INFO tempest.lib.common.rest_client [req-b285699a-b8a0-48b3-bc1a-0c48cca7fd58 req-b285699a-b8a0-48b3-bc1a-0c48cca7fd58 ] Request (HypervisorAdminNegativeTestJSON:test_show_hypervisor_with_non_admin_user): 403 GET http://10.180.1.21/compute/v2.1/os-hypervisors/1 1.262s
2025-12-13 04:51:24.746 65539 INFO tempest.lib.common.rest_client [req-9a8eaeb9-fd82-46d5-acb8-ac2fa23c8e85 req-9a8eaeb9-fd82-46d5-acb8-ac2fa23c8e85 ] Request (HypervisorAdminNegativeUnderV252Test:tearDownClass): 204 DELETE http://10.180.1.21/identity/v3/projects/a5352f7d6ec944cc8e4d0d2302d43abf 0.112s
2025-12-13 04:51:24.766 65521 INFO tempest.lib.common.rest_client [req-a0a30b06-ab89-4ab9-b380-f00c1ecb23e9 req-a0a30b06-ab89-4ab9-b380-f00c1ecb23e9 ] Request (FlavorsExtraSpecsTestJSON:test_flavor_set_get_update_show_unset_keys): 200 GET http://10.180.1.21/compute/v2.1/flavors/652475587/os-extra_specs 1.281s
2025-12-13 04:51:24.784 65487 INFO tempest.lib.common.rest_client [req-0a9d6012-1e6a-442b-b23e-4dc90b92c632 req-0a9d6012-1e6a-442b-b23e-4dc90b92c632 ] Request (HostsAdminNegativeTestJSON:test_shutdown_nonexistent_host): 404 GET http://10.180.1.21/compute/v2.1/os-hosts/nonexistent_hostname/shutdown 1.287s
2025-12-13 04:51:24.785 65511 INFO tempest.lib.common.rest_client [req-ba7a145f-1e47-4895-932c-20ca5660a0cf req-ba7a145f-1e47-4895-932c-20ca5660a0cf ] Request (FloatingIPsTestJSON:test_allocate_floating_ip): 200 GET http://10.180.1.21/compute/v2.1/os-floating-ips 1.343s
2025-12-13 04:51:24.792 65493 INFO tempest.lib.common.rest_client [req-8b95306f-d1aa-4ab3-a5ed-e7d89e662064 req-8b95306f-d1aa-4ab3-a5ed-e7d89e662064 ] Request (FlavorsExtraSpecsNegativeTestJSON:test_flavor_update_more_key): 400 PUT http://10.180.1.21/compute/v2.1/flavors/1929242329/os-extra_specs/hw:numa_nodes 1.284s
2025-12-13 04:51:24.813 65535 INFO tempest.lib.common.rest_client [req-9290b894-e9fb-4199-8710-e1d376e8762c req-9290b894-e9fb-4199-8710-e1d376e8762c ] Request (FlavorsAccessTestJSON:_run_cleanups): 200 GET http://10.180.1.21/compute/v2.1/flavors/detail 1.311s
2025-12-13 04:51:24.818 65483 INFO tempest.lib.common.rest_client [req-fa9ddfed-df6b-47ac-ac71-24f22682fe41 req-fa9ddfed-df6b-47ac-ac71-24f22682fe41 ] Request (AggregatesAdminNegativeTestJSON:_run_cleanups): 200 DELETE http://10.180.1.21/compute/v2.1/os-aggregates/2 1.244s
2025-12-13 04:51:24.824 65517 INFO tempest.lib.common.rest_client [req-19f1a7e4-4fae-4624-b197-a2e8039e8977 req-19f1a7e4-4fae-4624-b197-a2e8039e8977 ] Request (FlavorsV261TestJSON:tearDownClass): 204 DELETE http://10.180.1.21/identity/v3/users/c46f7f3a07524d6e910154a68fbb058a 0.138s
2025-12-13 04:51:24.840 65515 INFO tempest.lib.common.rest_client [req-51601b00-d728-41f0-b30e-8ada8243bffa req-51601b00-d728-41f0-b30e-8ada8243bffa ] Request (HostsAdminTestJSON:test_show_host_detail): 200 GET http://10.180.1.21/compute/v2.1/os-hosts 1.235s
2025-12-13 04:51:24.847 65539 INFO tempest.lib.common.rest_client [req-654cecac-4a15-43ab-bfae-710042ee8a78 req-654cecac-4a15-43ab-bfae-710042ee8a78 ] Request (FloatingIPsAssociationTestJSON:setUpClass): 201 POST http://10.180.1.21/identity/v3/auth/tokens 0.094s
2025-12-13 04:51:24.859 65510 INFO tempest.lib.common.rest_client [req-9db236f7-748b-42b8-90ff-45807416d487 req-9db236f7-748b-42b8-90ff-45807416d487 ] Request (FlavorsAdminTestJSON:test_create_flavor_with_int_id): 200 POST http://10.180.1.21/compute/v2.1/flavors 1.215s
2025-12-13 04:51:24.874 65501 INFO tempest.lib.common.rest_client [req-76b9ca67-6d12-412f-8edf-d88cf1b3981e req-76b9ca67-6d12-412f-8edf-d88cf1b3981e ] Request (ServersWithSpecificFlavorTestJSON:test_verify_created_server_ephemeral_disk): 200 GET http://10.180.1.21/compute/v2.1/flavors/42/os-extra_specs 1.223s
2025-12-13 04:51:24.885 65539 INFO tempest.lib.common.rest_client [req-d53758d2-d4d8-4ce1-951e-85b4032e4ff7 req-d53758d2-d4d8-4ce1-951e-85b4032e4ff7 ] Request (FloatingIPsAssociationTestJSON:setUpClass): 201 POST http://10.180.1.21/identity/v3/auth/tokens 0.033s
2025-12-13 04:51:24.919 65539 INFO tempest.lib.common.rest_client [req-711851ef-7109-4860-a049-0e07e7d00d5d req-711851ef-7109-4860-a049-0e07e7d00d5d ] Request (FloatingIPsAssociationTestJSON:setUpClass): 200 GET http://10.180.1.21/identity/v3/domains?name=Default 0.034s
2025-12-13 04:51:24.960 65517 INFO tempest.lib.common.rest_client [req-c7b6c7a2-cf4a-4a48-b685-6cc0e7bb2bcd req-c7b6c7a2-cf4a-4a48-b685-6cc0e7bb2bcd ] Request (FlavorsV261TestJSON:tearDownClass): 204 DELETE http://10.180.1.21/identity/v3/users/e15ff1d3a5514d9c9835c053ee80e7e7 0.135s
2025-12-13 04:51:24.960 65517 INFO tempest.lib.common.dynamic_creds [-] Deleting project and security group for project: acf6c2f10d564669b99e21c9eeff2ea4
2025-12-13 04:51:24.990 65539 INFO tempest.lib.common.rest_client [req-a7db0667-ef0c-4292-a14f-b84464696d71 req-a7db0667-ef0c-4292-a14f-b84464696d71 ] Request (FloatingIPsAssociationTestJSON:setUpClass): 201 POST http://10.180.1.21/identity/v3/projects 0.070s
2025-12-13 04:51:25.028 65517 INFO tempest.lib.common.rest_client [req-21669fec-9a1c-4a2d-a58f-485f6a05a3aa req-21669fec-9a1c-4a2d-a58f-485f6a05a3aa ] Request (FlavorsV261TestJSON:tearDownClass): 201 POST http://10.180.1.21/identity/v3/auth/tokens 0.067s
2025-12-13 04:51:25.049 65539 INFO tempest.lib.common.rest_client [req-282db2c1-c716-4ac4-b8da-25a11aebf106 req-282db2c1-c716-4ac4-b8da-25a11aebf106 ] Request (FloatingIPsAssociationTestJSON:setUpClass): 201 POST http://10.180.1.21/identity/v3/users 0.059s
2025-12-13 04:51:25.073 65539 INFO tempest.lib.common.rest_client [req-e7bb1b42-e503-4cdb-88f1-409a6719cfda req-e7bb1b42-e503-4cdb-88f1-409a6719cfda ] Request (FloatingIPsAssociationTestJSON:setUpClass): 200 GET http://10.180.1.21/identity/v3/roles 0.023s
2025-12-13 04:51:25.107 65539 INFO tempest.lib.common.rest_client [req-d89e2539-690e-474b-b9a3-f99084bfeabe req-d89e2539-690e-474b-b9a3-f99084bfeabe ] Request (FloatingIPsAssociationTestJSON:setUpClass): 204 PUT http://10.180.1.21/identity/v3/projects/65b96506cf9d490bb0d8ceb906972557/users/63734d3e729740b4aacf393eca044b98/roles/792686e83c254ebd957b042d1a33cc2b 0.034s
2025-12-13 04:51:25.109 65539 INFO tempest.lib.common.dynamic_creds [-] Dynamic test user 63734d3e729740b4aacf393eca044b98 is created with scope project and roles: ['member']
2025-12-13 04:51:25.110 65539 INFO tempest.lib.common.dynamic_creds [-] Acquired dynamic creds: credentials: Credentials: {'domain_id': 'default', 'domain_name': 'Default', 'username': 'tempest-FloatingIPsAssociationTestJSON-1451562236-project-member', 'project_domain_id': 'default', 'project_domain_name': 'Default', 'project_id': '65b96506cf9d490bb0d8ceb906972557', 'project_name': 'tempest-FloatingIPsAssociationTestJSON-1451562236', 'tenant_id': '65b96506cf9d490bb0d8ceb906972557', 'tenant_name': 'tempest-FloatingIPsAssociationTestJSON-1451562236', 'user_domain_id': 'default', 'user_domain_name': 'Default', 'user_id': '63734d3e729740b4aacf393eca044b98', 'system': None}, Network: None, Subnet: None, Router: None
2025-12-13 04:51:25.120 65545 INFO tempest.lib.common.rest_client [req-bb0d3eac-f772-4371-9b54-d24c7c391c88 req-bb0d3eac-f772-4371-9b54-d24c7c391c88 ] Request (ImagesMetadataTestJSON:setUp): 200 PUT http://10.180.1.21/compute/v2.1/images/d39def85-18a7-4223-88ad-135b771b5557/metadata 1.239s
2025-12-13 04:51:25.186 65539 INFO tempest.lib.common.rest_client [req-b75b29d1-2f39-4cd3-b846-563439b480c0 req-b75b29d1-2f39-4cd3-b846-563439b480c0 ] Request (FloatingIPsAssociationTestJSON:setUpClass): 201 POST http://10.180.1.21/identity/v3/auth/tokens 0.076s
2025-12-13 04:51:25.277 65541 INFO tempest.lib.common.rest_client [req-0e044052-5357-43b0-94b0-a137bde1c518 req-0e044052-5357-43b0-94b0-a137bde1c518 ] Request (QuotasAdminTestJSON:test_get_updated_quotas): 200 GET http://10.180.1.21/compute/v2.1/os-quota-sets/fd542f66fe384219ab55b57fee32a807/detail 1.379s
2025-12-13 04:51:25.316 65541 INFO tempest.lib.common.rest_client [req-aa278305-f679-428c-b420-17351a561c41 req-aa278305-f679-428c-b420-17351a561c41 ] Request (QuotasAdminTestJSON:test_get_updated_quotas): 200 GET http://10.180.1.21/identity/v3/domains?name=Default 0.031s
2025-12-13 04:51:25.339 65533 INFO tempest.lib.common.rest_client [req-be2ae764-4ce3-49c2-9cc8-c76cfd5dfd8e req-be2ae764-4ce3-49c2-9cc8-c76cfd5dfd8e ] Request (FloatingIPDetailsTestJSON:_run_cleanups): 202 DELETE http://10.180.1.21/compute/v2.1/os-floating-ips/181ac3c1-a4e9-4e60-943c-e4464c637e29 1.714s
2025-12-13 04:51:25.357 65541 INFO tempest.lib.common.rest_client [req-f1dcc227-c128-4a0e-a64e-6c3abd2ff212 req-f1dcc227-c128-4a0e-a64e-6c3abd2ff212 ] Request (QuotasAdminTestJSON:test_get_updated_quotas): 201 POST http://10.180.1.21/identity/v3/users 0.041s
2025-12-13 04:51:25.389 65541 INFO tempest.lib.common.rest_client [req-1ab1fffc-41e4-4b30-ac40-be0edec7c99d req-1ab1fffc-41e4-4b30-ac40-be0edec7c99d ] Request (QuotasAdminTestJSON:test_get_updated_quotas): 200 GET http://10.180.1.21/identity/v3/domains?name=Default 0.031s
2025-12-13 04:51:25.533 65517 INFO tempest.lib.common.rest_client [req-996ca86c-3af4-486c-9b0e-d45243e6e7ae req-996ca86c-3af4-486c-9b0e-d45243e6e7ae ] Request (FlavorsV261TestJSON:tearDownClass): 200 GET http://10.180.1.21/networking/v2.0/security-groups?tenant_id=acf6c2f10d564669b99e21c9eeff2ea4&name=default 0.505s
2025-12-13 04:51:25.692 65539 INFO tempest.lib.common.rest_client [req-2940c3b6-a1d5-4787-aa7a-1cbb43561df3 req-2940c3b6-a1d5-4787-aa7a-1cbb43561df3 ] Request (FloatingIPsAssociationTestJSON:setUpClass): 201 POST http://10.180.1.21/networking/v2.0/networks 0.506s
2025-12-13 04:51:25.798 65517 INFO tempest.lib.common.rest_client [req-1888755e-881b-44d6-8992-89730db9a19d req-1888755e-881b-44d6-8992-89730db9a19d ] Request (FlavorsV261TestJSON:tearDownClass): 204 DELETE http://10.180.1.21/networking/v2.0/security-groups/7dbd9f30-b337-441c-8fbc-a52b87deeb21 0.264s
2025-12-13 04:51:25.864 65507 INFO tempest.lib.common.rest_client [req-cfc7b0c3-a315-480f-8d1b-b299dbef372a req-cfc7b0c3-a315-480f-8d1b-b299dbef372a ] Request (MigrationsAdminTest:test_list_migrations_in_flavor_resize_situation): 200 GET http://10.180.1.21/compute/v2.1/servers/f329632c-382d-4ca6-899f-c7c280ff1e7c 1.942s
2025-12-13 04:51:25.883 65517 INFO tempest.lib.common.rest_client [req-f72e53a8-b939-4571-bbd4-9f6f2e794d2a req-f72e53a8-b939-4571-bbd4-9f6f2e794d2a ] Request (FlavorsV261TestJSON:tearDownClass): 204 DELETE http://10.180.1.21/identity/v3/projects/acf6c2f10d564669b99e21c9eeff2ea4 0.085s
2025-12-13 04:51:25.884 65517 INFO tempest.lib.common.dynamic_creds [-] Deleting project and security group for project: 31334216792b42938503c66e8d33d1e1
2025-12-13 04:51:25.891 65489 INFO tempest.lib.common.rest_client [req-28aedcd2-bd92-4404-abc9-327b14df4047 req-28aedcd2-bd92-4404-abc9-327b14df4047 ] Request (ServerDiagnosticsNegativeTest:test_get_server_diagnostics_by_non_admin): 200 GET http://10.180.1.21/compute/v2.1/servers/4acfb495-ffab-4682-a1a4-cf26f40f9729 1.853s
2025-12-13 04:51:25.905 65489 INFO tempest.common.waiters [-] State transition "BUILD/None" ==> "BUILD/networking" after 2 second wait
2025-12-13 04:51:25.914 65519 INFO tempest.lib.common.rest_client [req-5353aea0-bf8b-41ee-a5cd-27b5b535e8cd req-5353aea0-bf8b-41ee-a5cd-27b5b535e8cd ] Request (ServersTestBootFromVolume:setUpClass): 200 GET http://10.180.1.21/volume/v3/volumes/dd264ec8-ada1-4f55-809e-8d8640f0dc7e 0.162s
2025-12-13 04:51:26.040 65539 INFO tempest.lib.common.rest_client [req-2344b040-aa81-4be3-8d7c-f4366e4c0238 req-2344b040-aa81-4be3-8d7c-f4366e4c0238 ] Request (FloatingIPsAssociationTestJSON:setUpClass): 201 POST http://10.180.1.21/networking/v2.0/subnets 0.347s
2025-12-13 04:51:26.198 65517 INFO tempest.lib.common.rest_client [req-c8636ba1-a563-4c73-9954-2f97af479ea9 req-c8636ba1-a563-4c73-9954-2f97af479ea9 ] Request (FlavorsV261TestJSON:tearDownClass): 200 GET http://10.180.1.21/networking/v2.0/security-groups?tenant_id=31334216792b42938503c66e8d33d1e1&name=default 0.314s
2025-12-13 04:51:26.224 65491 INFO tempest.lib.common.rest_client [req-cdc0c426-c1b1-4a54-9314-b72d01b8630d req-cdc0c426-c1b1-4a54-9314-b72d01b8630d ] Request (VolumesAssistedSnapshotsTest:test_volume_assisted_snapshot_create_delete): 200 GET http://10.180.1.21/compute/v2.1/servers/8f6fcad9-c54b-42d7-9d53-fd6c9780df76 2.069s
2025-12-13 04:51:26.241 65527 INFO tempest.lib.common.rest_client [req-76f1f677-5e25-4c40-b3ce-d09d2d8f6679 req-76f1f677-5e25-4c40-b3ce-d09d2d8f6679 ] Request (ServersAaction247Test:tearDownClass): 200 GET http://10.180.1.21/compute/v2.1/servers/a6cd5999-c264-46cb-90d9-3561f641d647 1.976s
2025-12-13 04:51:26.288 65523 INFO tempest.lib.common.rest_client [req-df468c55-eb5e-407a-a607-2c3869bb96ef req-df468c55-eb5e-407a-a607-2c3869bb96ef ] Request (FlavorsV255TestJSON:test_crud_flavor): 200 PUT http://10.180.1.21/compute/v2.1/flavors/2048932304 1.834s
2025-12-13 04:51:26.308 65537 INFO tempest.lib.common.rest_client [req-4364a2bf-ccd3-4817-a22f-5cb7622cffee req-4364a2bf-ccd3-4817-a22f-5cb7622cffee ] Request (FlavorsAccessNegativeTestJSON:test_flavor_access_list_with_public_flavor): 200 POST http://10.180.1.21/compute/v2.1/flavors 1.595s
2025-12-13 04:51:26.328 65543 INFO tempest.lib.common.rest_client [req-6c4ad425-381d-4c30-ad35-8366fbae63ba req-6c4ad425-381d-4c30-ad35-8366fbae63ba ] Request (KeyPairsV210TestJSON:_run_cleanups): 204 DELETE http://10.180.1.21/compute/v2.1/os-keypairs/tempest-keypair-189508485?user_id=46cdb0aba9ab48ae8152757eb328f4a0 1.598s
2025-12-13 04:51:26.336 65499 INFO tempest.lib.common.rest_client [req-cfdcfb57-83d6-4e5f-b0f9-a45c2ffbbbdd req-cfdcfb57-83d6-4e5f-b0f9-a45c2ffbbbdd ] Request (HypervisorAdminNegativeTestJSON:test_show_nonexistent_hypervisor): 404 GET http://10.180.1.21/compute/v2.1/os-hypervisors/6fb3ccbb-439f-4262-9312-a5846f290a6b 1.590s
2025-12-13 04:51:26.363 65521 INFO tempest.lib.common.rest_client [req-eaaea153-21d3-443d-aef3-ebbd812de24f req-eaaea153-21d3-443d-aef3-ebbd812de24f ] Request (FlavorsExtraSpecsTestJSON:test_flavor_set_get_update_show_unset_keys): 200 PUT http://10.180.1.21/compute/v2.1/flavors/652475587/os-extra_specs/hw:numa_nodes 1.596s
2025-12-13 04:51:26.368 65487 INFO tempest.lib.common.rest_client [req-7cefbf67-b404-46ee-8e8a-7e6b00952d24 req-7cefbf67-b404-46ee-8e8a-7e6b00952d24 ] Request (HostsAdminNegativeTestJSON:test_startup_host_with_non_admin_user): 403 GET http://10.180.1.21/compute/v2.1/os-hosts/devstack/startup 1.583s
2025-12-13 04:51:26.492 65543 INFO tempest.lib.common.rest_client [req-713fd33a-3f1e-481f-ad06-a454506f0d22 req-713fd33a-3f1e-481f-ad06-a454506f0d22 ] Request (KeyPairsV210TestJSON:tearDownClass): 204 DELETE http://10.180.1.21/identity/v3/users/46cdb0aba9ab48ae8152757eb328f4a0 0.157s
2025-12-13 04:51:26.501 65499 INFO tempest.lib.common.rest_client [req-002e82d6-fe3b-4260-bb38-158f68f0019c req-002e82d6-fe3b-4260-bb38-158f68f0019c ] Request (HypervisorAdminNegativeTestJSON:tearDownClass): 204 DELETE http://10.180.1.21/identity/v3/users/4afaf796108b4ff2962a738b1fc34903 0.160s
2025-12-13 04:51:26.591 65499 INFO tempest.lib.common.rest_client [req-fc589fc6-051a-4b14-aa50-74a8e214ef34 req-fc589fc6-051a-4b14-aa50-74a8e214ef34 ] Request (HypervisorAdminNegativeTestJSON:tearDownClass): 204 DELETE http://10.180.1.21/identity/v3/users/3b4e30a4ee59410b8e476d8abe356ced 0.089s
2025-12-13 04:51:26.591 65499 INFO tempest.lib.common.dynamic_creds [-] Deleting project and security group for project: 766bfd90c4204107b08307908f41af8e
2025-12-13 04:51:26.593 65543 INFO tempest.lib.common.rest_client [req-f3df1a9f-42a3-46c2-bbdd-91e0c36aea7b req-f3df1a9f-42a3-46c2-bbdd-91e0c36aea7b ] Request (KeyPairsV210TestJSON:tearDownClass): 204 DELETE http://10.180.1.21/identity/v3/users/8a0e563cf60c449da2dce2a95323b4bc 0.100s
2025-12-13 04:51:26.593 65543 INFO tempest.lib.common.dynamic_creds [-] Deleting project and security group for project: 4e056bca5c6449baa2efb8d88aad4743
2025-12-13 04:51:26.648 65499 INFO tempest.lib.common.rest_client [req-bdfd9648-8f18-4eb9-91bf-c3ebd87c7129 req-bdfd9648-8f18-4eb9-91bf-c3ebd87c7129 ] Request (HypervisorAdminNegativeTestJSON:tearDownClass): 201 POST http://10.180.1.21/identity/v3/auth/tokens 0.056s
2025-12-13 04:51:26.649 65543 INFO tempest.lib.common.rest_client [req-8f2355c7-2cdd-41b1-9b10-d2b0e129c2c5 req-8f2355c7-2cdd-41b1-9b10-d2b0e129c2c5 ] Request (KeyPairsV210TestJSON:tearDownClass): 201 POST http://10.180.1.21/identity/v3/auth/tokens 0.056s
2025-12-13 04:51:26.951 65519 INFO tempest.lib.common.rest_client [req-dd69e44b-d654-4621-801f-4df1c7474a00 req-dd69e44b-d654-4621-801f-4df1c7474a00 ] Request (ServersTestBootFromVolume:setUpClass): 200 GET http://10.180.1.21/volume/v3/volumes/dd264ec8-ada1-4f55-809e-8d8640f0dc7e 0.028s
