2025-12-13 04:55:14.020 65487 WARNING tempest.lib.common.ssh [-] Failed to establish authenticated ssh connection to cirros@10.180.180.168 ([Errno None] Unable to connect to port 22 on 10.180.180.168). Number attempts: 6. Retry after 7 seconds.: paramiko.ssh_exception.NoValidConnectionsError: [Errno None] Unable to connect to port 22 on 10.180.180.168
2025-12-13 04:55:14.041 65531 INFO tempest.lib.common.rest_client [req-8e11162f-0838-4da8-b3a3-4577a6dc2fc5 req-8e11162f-0838-4da8-b3a3-4577a6dc2fc5 ] Request (ServerActionsTestOtherA:test_rebuild_server_in_stop_state): 200 GET http://10.180.1.21/compute/v2.1/servers/d1c966e7-3e69-4afc-858d-060536b8fd5c 0.099s
2025-12-13 04:55:14.105 65493 INFO tempest.lib.common.rest_client [req-db7bbbf7-0f53-410e-b1dd-a68f0b8ffd54 req-db7bbbf7-0f53-410e-b1dd-a68f0b8ffd54 ] Request (ServerAddressesNegativeTestJSON:tearDownClass): 204 DELETE http://10.180.1.21/networking/v2.0/security-groups/a5fe2ddc-2fc1-4dbb-b5ea-71c894a687ae 0.120s
2025-12-13 04:55:14.136 65507 INFO tempest.lib.common.rest_client [req-4afd9f06-8006-4d7d-9a35-ffc59e66ac0a req-4afd9f06-8006-4d7d-9a35-ffc59e66ac0a ] Request (MigrationsAdminTest:test_resize_server_revert_deleted_flavor): 200 GET http://10.180.1.21/compute/v2.1/servers/02c73f69-6d13-4f20-bbbf-e6a32f523698 0.180s
2025-12-13 04:55:14.148 65539 INFO tempest.lib.common.rest_client [req-1a7b5cd8-4c3e-4190-ac27-9a07fe5913c1 req-1a7b5cd8-4c3e-4190-ac27-9a07fe5913c1 ] Request (FloatingIPsAssociationNegativeTestJSON:tearDownClass): 200 GET http://10.180.1.21/compute/v2.1/servers/f23be136-0b91-4493-8b6e-3d22847d58f6 0.138s
2025-12-13 04:55:14.216 65525 INFO tempest.lib.common.rest_client [req-4e1e511c-f02a-44bf-a727-60736119f662 req-4e1e511c-f02a-44bf-a727-60736119f662 ] Request (ServerMetadataNegativeTestJSON:setUpClass): 200 GET http://10.180.1.21/compute/v2.1/servers/f6781485-c567-4f19-bfc7-e62d4a1157db 0.188s
2025-12-13 04:55:14.223 65499 INFO tempest.lib.common.rest_client [req-c2740517-c94c-448b-afbc-82acb009a30e req-c2740517-c94c-448b-afbc-82acb009a30e ] Request (MultipleCreateTestJSON:tearDownClass): 200 GET http://10.180.1.21/compute/v2.1/servers/a899b972-7d1e-443b-b5d7-493dd0db42a4 0.139s
2025-12-13 04:55:14.254 65493 INFO tempest.lib.common.rest_client [req-b6053074-7cee-47e9-877b-c51e4379dffe req-b6053074-7cee-47e9-877b-c51e4379dffe ] Request (ServerAddressesNegativeTestJSON:tearDownClass): 204 DELETE http://10.180.1.21/identity/v3/projects/5e6667c08911410d80d5269ae06c5039 0.149s
2025-12-13 04:55:14.285 65521 INFO tempest.lib.common.rest_client [req-9609177f-ac8f-452c-8b76-adea752aa5d7 req-9609177f-ac8f-452c-8b76-adea752aa5d7 ] Request (InstanceActionsTestJSON:setUpClass): 200 GET http://10.180.1.21/compute/v2.1/servers/066d2417-0110-4a50-b8a0-4fa8c3c31c37 0.149s
2025-12-13 04:55:14.292 65543 INFO tempest.lib.common.rest_client [req-8e244c8c-280c-4fba-b25e-938c95dd8a26 req-8e244c8c-280c-4fba-b25e-938c95dd8a26 ] Request (ListImageFiltersTestJSON:tearDownClass): 200 GET http://10.180.1.21/compute/v2.1/servers/3e06519f-3402-4dbd-a56c-44b3ed8576bf 0.191s
2025-12-13 04:55:14.336 65537 INFO tempest.lib.common.rest_client [req-e1b32363-bb64-4d9a-9b10-33f58e99016e req-e1b32363-bb64-4d9a-9b10-33f58e99016e ] Request (DeleteServersTestJSON:test_delete_server_while_in_attached_volume): 200 GET http://10.180.1.21/compute/v2.1/servers/15b29936-8979-45cb-be20-5fb215a4fe41 0.180s
2025-12-13 04:55:14.345 65495 INFO tempest.lib.common.rest_client [req-3273bd82-9082-4822-8c5e-d4cb24d79e1c req-3273bd82-9082-4822-8c5e-d4cb24d79e1c ] Request (SecurityGroupsTestJSON:test_server_security_groups): 200 GET http://10.180.1.21/compute/v2.1/servers/c8803164-f25e-4161-bf8e-cb9ab8cde603 0.117s
2025-12-13 04:55:14.409 65497 INFO tempest.lib.common.rest_client [req-0cfd240c-12ee-4c18-a99f-c89dda9d5a8f req-0cfd240c-12ee-4c18-a99f-c89dda9d5a8f ] Request (ListServersNegativeTestJSON:tearDownClass): 200 GET http://10.180.1.21/compute/v2.1/servers/e2c67e47-ee39-4b45-a3c8-0e84957a1278 0.083s
2025-12-13 04:55:14.452 65513 INFO tempest.lib.common.rest_client [req-b2e84edd-3cc9-4524-8bf8-6b1f05417670 req-b2e84edd-3cc9-4524-8bf8-6b1f05417670 ] Request (ServerGroupTestJSON:test_create_server_with_scheduler_hint_group): 200 GET http://10.180.1.21/compute/v2.1/servers/5a069b1f-53c1-4e97-a356-786a30ca2c66 0.062s
2025-12-13 04:55:14.506 65491 INFO tempest.lib.common.rest_client [req-943d0fcf-6210-42af-a835-155dbab3a69d req-943d0fcf-6210-42af-a835-155dbab3a69d ] Request (VolumesAssistedSnapshotsTest:test_volume_assisted_snapshot_create_delete): 200 GET http://10.180.1.21/volume/v3/volumes/fb97b76d-3486-4bf5-b025-b386767fb09c 0.029s
2025-12-13 04:55:14.558 65545 INFO tempest.lib.common.rest_client [req-b23396d9-7266-4dc3-9d43-297f137fcbfd req-b23396d9-7266-4dc3-9d43-297f137fcbfd ] Request (ServersTestJSON:test_create_specify_keypair): 200 GET http://10.180.1.21/compute/v2.1/servers/7e64fd78-5071-4b13-9679-023093236628 0.139s
2025-12-13 04:55:14.565 65545 INFO tempest.common.waiters [-] State transition "BUILD/spawning" ==> "ACTIVE/None" after 60 second wait
2025-12-13 04:55:14.588 65483 INFO tempest.lib.common.rest_client [req-cc040911-71ed-425d-8efb-e67b0e4ce660 req-cc040911-71ed-425d-8efb-e67b0e4ce660 ] Request (ServerDiskConfigTestJSON:test_rebuild_server_with_manual_disk_config): 200 GET http://10.180.1.21/compute/v2.1/servers/0a1774a3-c1e5-4c96-b1d5-e0837c6b87a5 0.055s
2025-12-13 04:55:14.649 65519 WARNING tempest.lib.common.ssh [-] Failed to establish authenticated ssh connection to cirros@10.180.180.235 ([Errno None] Unable to connect to port 22 on 10.180.180.235). Number attempts: 7. Retry after 8 seconds.: paramiko.ssh_exception.NoValidConnectionsError: [Errno None] Unable to connect to port 22 on 10.180.180.235
2025-12-13 04:55:14.671 65545 INFO tempest.lib.common.rest_client [req-ecfb57c7-e737-4c4d-ab5d-1b5ee3fcb87f req-ecfb57c7-e737-4c4d-ab5d-1b5ee3fcb87f ] Request (ServersTestJSON:test_create_specify_keypair): 200 GET http://10.180.1.21/compute/v2.1/servers/7e64fd78-5071-4b13-9679-023093236628 0.106s
2025-12-13 04:55:14.703 65510 INFO tempest.lib.common.rest_client [req-03ee3129-4f50-4823-b18d-eb402a3c438b req-03ee3129-4f50-4823-b18d-eb402a3c438b ] Request (ServersTestMultiNic:test_verify_duplicate_network_nics): 200 GET http://10.180.1.21/compute/v2.1/servers/66bcc21a-4c6a-4981-a478-12a25d1f0fb8 0.056s
2025-12-13 04:55:14.759 65545 INFO tempest.lib.common.rest_client [req-615052ea-0c61-48aa-aec7-cc5dc0666919 req-615052ea-0c61-48aa-aec7-cc5dc0666919 ] Request (ServersTestJSON:_run_cleanups): 204 DELETE http://10.180.1.21/compute/v2.1/servers/7e64fd78-5071-4b13-9679-023093236628 0.080s
2025-12-13 04:55:14.828 65523 INFO tempest.lib.common.rest_client [req-158267ae-ef23-49a0-b27b-cd6d85228b07 req-158267ae-ef23-49a0-b27b-cd6d85228b07 ] Request (ServerActionsTestOtherB:test_create_backup): 200 GET http://10.180.1.21/compute/v2.1/servers/ae5ba004-d9c7-4593-93ea-281123cafd72 0.110s
2025-12-13 04:55:14.836 65523 INFO tempest.common.waiters [-] State transition "ACTIVE/image_uploading" ==> "ACTIVE/None" after 2 second wait
2025-12-13 04:55:14.841 65503 INFO tempest.lib.common.rest_client [req-468c5ef9-2d9b-464b-8682-f122c7c4370d req-468c5ef9-2d9b-464b-8682-f122c7c4370d ] Request (ServerPasswordTestJSON:tearDownClass): 200 GET http://10.180.1.21/compute/v2.1/servers/aa76c66d-bf40-48e2-ad61-bfd6894a6763 0.096s
2025-12-13 04:55:14.864 65541 INFO tempest.lib.common.rest_client [req-5cc2f020-fd5d-4391-8a3d-c4f6a3b8bd73 req-5cc2f020-fd5d-4391-8a3d-c4f6a3b8bd73 ] Request (ImagesTestJSON:test_create_server_from_snapshot): 200 GET http://10.180.1.21/compute/v2.1/images/7053d82a-92ec-49e8-be86-f42929036765 0.108s
2025-12-13 04:55:14.949 65489 INFO tempest.lib.common.rest_client [req-3d4624ec-0b58-4354-bae8-6a434998115e req-3d4624ec-0b58-4354-bae8-6a434998115e ] Request (ImagesOneServerNegativeTestJSON:_run_cleanups): 200 GET http://10.180.1.21/compute/v2.1/servers/1732653b-4418-45f2-b974-e6603ce3fc57 0.142s
2025-12-13 04:55:14.975 65545 INFO tempest.lib.common.rest_client [req-45e0e691-f51c-434a-9be8-300f370e9feb req-45e0e691-f51c-434a-9be8-300f370e9feb ] Request (ServersTestJSON:_run_cleanups): 200 GET http://10.180.1.21/compute/v2.1/servers/7e64fd78-5071-4b13-9679-023093236628 0.216s
2025-12-13 04:55:15.036 65485 INFO tempest.lib.common.rest_client [req-e7626bf4-8d27-4d35-bc92-c587dda75822 req-e7626bf4-8d27-4d35-bc92-c587dda75822 ] Request (ServersAdminTestJSON:tearDownClass): 200 GET http://10.180.1.21/compute/v2.1/servers/29abcd0c-acd4-45b5-8643-681b4c688e93 0.060s
2025-12-13 04:55:15.193 65535 INFO tempest.lib.common.rest_client [req-1317431a-7cfe-4a63-92bb-4701e873454f req-1317431a-7cfe-4a63-92bb-4701e873454f ] Request (AttachVolumeShelveTestJSON:test_attach_volume_shelved_or_offload_server): 200 GET http://10.180.1.21/compute/v2.1/servers/629e8c11-e230-47d6-97f5-01736dd1a397 0.188s
2025-12-13 04:55:15.243 65531 INFO tempest.lib.common.rest_client [req-928373de-d60c-4194-8758-20309b4bf25e req-928373de-d60c-4194-8758-20309b4bf25e ] Request (ServerActionsTestOtherA:test_rebuild_server_in_stop_state): 200 GET http://10.180.1.21/compute/v2.1/servers/d1c966e7-3e69-4afc-858d-060536b8fd5c 0.192s
2025-12-13 04:55:15.364 65507 INFO tempest.lib.common.rest_client [req-bc589f21-ec7a-41ae-9d37-c9504078e028 req-bc589f21-ec7a-41ae-9d37-c9504078e028 ] Request (MigrationsAdminTest:test_resize_server_revert_deleted_flavor): 200 GET http://10.180.1.21/compute/v2.1/servers/02c73f69-6d13-4f20-bbbf-e6a32f523698 0.217s
2025-12-13 04:55:15.390 65523 INFO tempest.lib.common.rest_client [req-3f75b5c2-c748-4fc7-a9d4-6c4de98525f5 req-3f75b5c2-c748-4fc7-a9d4-6c4de98525f5 ] Request (ServerActionsTestOtherB:test_create_backup): 202 POST http://10.180.1.21/compute/v2.1/servers/ae5ba004-d9c7-4593-93ea-281123cafd72/action 0.554s
2025-12-13 04:55:15.405 65523 INFO tempest.lib.common.rest_client [req-5011a3a8-21b2-4fe1-97fb-5cb030edada7 req-5011a3a8-21b2-4fe1-97fb-5cb030edada7 ] Request (ServerActionsTestOtherB:test_create_backup): 200 GET http://10.180.1.21/image/v2/images/df349ddf-3e39-4a34-a395-b9e61e46e63f 0.015s
2025-12-13 04:55:15.429 65539 INFO tempest.lib.common.rest_client [req-369b900f-f5a5-4676-a5bf-2a6b49de6304 req-369b900f-f5a5-4676-a5bf-2a6b49de6304 ] Request (FloatingIPsAssociationNegativeTestJSON:tearDownClass): 200 GET http://10.180.1.21/compute/v2.1/servers/f23be136-0b91-4493-8b6e-3d22847d58f6 0.269s
2025-12-13 04:55:15.442 65525 INFO tempest.lib.common.rest_client [req-4c310298-8408-4883-b6c6-de1dff5db5e9 req-4c310298-8408-4883-b6c6-de1dff5db5e9 ] Request (ServerMetadataNegativeTestJSON:setUpClass): 200 GET http://10.180.1.21/compute/v2.1/servers/f6781485-c567-4f19-bfc7-e62d4a1157db 0.212s
2025-12-13 04:55:15.487 65499 INFO tempest.lib.common.rest_client [req-bcd60eb7-0eeb-4be0-84b8-14a74c6f080a req-bcd60eb7-0eeb-4be0-84b8-14a74c6f080a ] Request (MultipleCreateTestJSON:tearDownClass): 200 GET http://10.180.1.21/compute/v2.1/servers/a899b972-7d1e-443b-b5d7-493dd0db42a4 0.253s
2025-12-13 04:55:15.501 65521 INFO tempest.lib.common.rest_client [req-c408287e-5422-41a3-909f-bcef92cf5cbb req-c408287e-5422-41a3-909f-bcef92cf5cbb ] Request (InstanceActionsTestJSON:setUpClass): 200 GET http://10.180.1.21/compute/v2.1/servers/066d2417-0110-4a50-b8a0-4fa8c3c31c37 0.203s
2025-12-13 04:55:15.506 65517 WARNING tempest.lib.common.ssh [-] Failed to establish authenticated ssh connection to cirros@10.180.180.142 ([Errno None] Unable to connect to port 22 on 10.180.180.142). Number attempts: 7. Retry after 8 seconds.: paramiko.ssh_exception.NoValidConnectionsError: [Errno None] Unable to connect to port 22 on 10.180.180.142
2025-12-13 04:55:15.548 65543 INFO tempest.lib.common.rest_client [req-bfe26243-8eea-4ea9-be9a-28122cc4f408 req-bfe26243-8eea-4ea9-be9a-28122cc4f408 ] Request (ListImageFiltersTestJSON:tearDownClass): 200 GET http://10.180.1.21/compute/v2.1/servers/3e06519f-3402-4dbd-a56c-44b3ed8576bf 0.248s
2025-12-13 04:55:15.549 65491 INFO tempest.lib.common.rest_client [req-35d70c3c-00a9-4824-b8cf-b456053dd6d6 req-35d70c3c-00a9-4824-b8cf-b456053dd6d6 ] Request (VolumesAssistedSnapshotsTest:test_volume_assisted_snapshot_create_delete): 200 GET http://10.180.1.21/volume/v3/volumes/fb97b76d-3486-4bf5-b025-b386767fb09c 0.032s
2025-12-13 04:55:15.561 65537 INFO tempest.lib.common.rest_client [req-62e82546-5a26-442b-8da8-9ae00d7bdd73 req-62e82546-5a26-442b-8da8-9ae00d7bdd73 ] Request (DeleteServersTestJSON:test_delete_server_while_in_attached_volume): 200 GET http://10.180.1.21/compute/v2.1/servers/15b29936-8979-45cb-be20-5fb215a4fe41 0.216s
2025-12-13 04:55:15.603 65495 INFO tempest.lib.common.rest_client [req-3005fa4f-5deb-43a7-8cc7-85809b7e1ee0 req-3005fa4f-5deb-43a7-8cc7-85809b7e1ee0 ] Request (SecurityGroupsTestJSON:test_server_security_groups): 200 GET http://10.180.1.21/compute/v2.1/servers/c8803164-f25e-4161-bf8e-cb9ab8cde603 0.237s
2025-12-13 04:55:15.622 65497 INFO tempest.lib.common.rest_client [req-2e98fdfd-f10c-4022-985d-8b0e577607ab req-2e98fdfd-f10c-4022-985d-8b0e577607ab ] Request (ListServersNegativeTestJSON:tearDownClass): 200 GET http://10.180.1.21/compute/v2.1/servers/e2c67e47-ee39-4b45-a3c8-0e84957a1278 0.204s
2025-12-13 04:55:15.666 65513 INFO tempest.lib.common.rest_client [req-45cf3650-0756-4800-b72c-606146299e9d req-45cf3650-0756-4800-b72c-606146299e9d ] Request (ServerGroupTestJSON:test_create_server_with_scheduler_hint_group): 200 GET http://10.180.1.21/compute/v2.1/servers/5a069b1f-53c1-4e97-a356-786a30ca2c66 0.206s
2025-12-13 04:55:15.769 65483 INFO tempest.lib.common.rest_client [req-2dc98642-eaab-4044-a50f-197ddd2d7729 req-2dc98642-eaab-4044-a50f-197ddd2d7729 ] Request (ServerDiskConfigTestJSON:test_rebuild_server_with_manual_disk_config): 200 GET http://10.180.1.21/compute/v2.1/servers/0a1774a3-c1e5-4c96-b1d5-e0837c6b87a5 0.173s
2025-12-13 04:55:15.780 65483 INFO tempest.common.waiters [-] State transition "BUILD/None" ==> "BUILD/networking" after 45 second wait
2025-12-13 04:55:15.786 65510 INFO tempest.lib.common.rest_client [req-389e9402-dae5-4523-b596-6de5f0b9079c req-389e9402-dae5-4523-b596-6de5f0b9079c ] Request (ServersTestMultiNic:test_verify_duplicate_network_nics): 200 GET http://10.180.1.21/compute/v2.1/servers/66bcc21a-4c6a-4981-a478-12a25d1f0fb8 0.076s
2025-12-13 04:55:15.918 65541 INFO tempest.lib.common.rest_client [req-36a18b37-899e-4f12-bcdb-eca080dc230c req-36a18b37-899e-4f12-bcdb-eca080dc230c ] Request (ImagesTestJSON:test_create_server_from_snapshot): 200 GET http://10.180.1.21/compute/v2.1/images/7053d82a-92ec-49e8-be86-f42929036765 0.049s
2025-12-13 04:55:15.941 65503 INFO tempest.lib.common.rest_client [req-97a7bd0f-c77c-4d34-8980-0fad7970c964 req-97a7bd0f-c77c-4d34-8980-0fad7970c964 ] Request (ServerPasswordTestJSON:tearDownClass): 200 GET http://10.180.1.21/compute/v2.1/servers/aa76c66d-bf40-48e2-ad61-bfd6894a6763 0.092s
2025-12-13 04:55:16.029 65489 INFO tempest.lib.common.rest_client [req-1e9dfb28-b29f-4d32-813f-ebc6b42129a8 req-1e9dfb28-b29f-4d32-813f-ebc6b42129a8 ] Request (ImagesOneServerNegativeTestJSON:_run_cleanups): 200 GET http://10.180.1.21/compute/v2.1/servers/1732653b-4418-45f2-b974-e6603ce3fc57 0.072s
2025-12-13 04:55:16.116 65545 INFO tempest.lib.common.rest_client [req-2857916c-a9cc-436a-b4d8-f605bfc60d8c req-2857916c-a9cc-436a-b4d8-f605bfc60d8c ] Request (ServersTestJSON:_run_cleanups): 200 GET http://10.180.1.21/compute/v2.1/servers/7e64fd78-5071-4b13-9679-023093236628 0.132s
2025-12-13 04:55:16.131 65485 INFO tempest.lib.common.rest_client [req-6f724982-3405-468c-9880-56747f1ec4bc req-6f724982-3405-468c-9880-56747f1ec4bc ] Request (ServersAdminTestJSON:tearDownClass): 200 GET http://10.180.1.21/compute/v2.1/servers/29abcd0c-acd4-45b5-8643-681b4c688e93 0.084s
2025-12-13 04:55:16.319 65535 INFO tempest.lib.common.rest_client [req-889ea1d5-9dd8-484c-9629-4e97356f46e8 req-889ea1d5-9dd8-484c-9629-4e97356f46e8 ] Request (AttachVolumeShelveTestJSON:test_attach_volume_shelved_or_offload_server): 200 GET http://10.180.1.21/compute/v2.1/servers/629e8c11-e230-47d6-97f5-01736dd1a397 0.116s
2025-12-13 04:55:16.334 65531 INFO tempest.lib.common.rest_client [req-8f29e300-0ace-4154-9e83-ec169140e7f9 req-8f29e300-0ace-4154-9e83-ec169140e7f9 ] Request (ServerActionsTestOtherA:test_rebuild_server_in_stop_state): 200 GET http://10.180.1.21/compute/v2.1/servers/d1c966e7-3e69-4afc-858d-060536b8fd5c 0.082s
2025-12-13 04:55:16.431 65523 INFO tempest.lib.common.rest_client [req-df6983f2-9ab4-4320-8155-247f3c588075 req-df6983f2-9ab4-4320-8155-247f3c588075 ] Request (ServerActionsTestOtherB:test_create_backup): 200 GET http://10.180.1.21/image/v2/images/df349ddf-3e39-4a34-a395-b9e61e46e63f 0.024s
2025-12-13 04:55:16.482 65507 INFO tempest.lib.common.rest_client [req-b6b05a72-f42f-4698-8907-cb95f8076284 req-b6b05a72-f42f-4698-8907-cb95f8076284 ] Request (MigrationsAdminTest:test_resize_server_revert_deleted_flavor): 200 GET http://10.180.1.21/compute/v2.1/servers/02c73f69-6d13-4f20-bbbf-e6a32f523698 0.109s
2025-12-13 04:55:16.509 65539 INFO tempest.lib.common.rest_client [req-971e90c7-afd2-4457-b2e4-0377f6b9a19d req-971e90c7-afd2-4457-b2e4-0377f6b9a19d ] Request (FloatingIPsAssociationNegativeTestJSON:tearDownClass): 200 GET http://10.180.1.21/compute/v2.1/servers/f23be136-0b91-4493-8b6e-3d22847d58f6 0.071s
2025-12-13 04:55:16.535 65525 INFO tempest.lib.common.rest_client [req-ba05154a-8157-4870-983c-e96b099c4486 req-ba05154a-8157-4870-983c-e96b099c4486 ] Request (ServerMetadataNegativeTestJSON:setUpClass): 200 GET http://10.180.1.21/compute/v2.1/servers/f6781485-c567-4f19-bfc7-e62d4a1157db 0.083s
2025-12-13 04:55:16.587 65499 INFO tempest.lib.common.rest_client [req-7998688b-cad1-4f0c-b6e1-3e94c2f43829 req-7998688b-cad1-4f0c-b6e1-3e94c2f43829 ] Request (MultipleCreateTestJSON:tearDownClass): 200 GET http://10.180.1.21/compute/v2.1/servers/a899b972-7d1e-443b-b5d7-493dd0db42a4 0.091s
2025-12-13 04:55:16.587 65491 INFO tempest.lib.common.rest_client [req-192e722d-239e-4135-a56d-124bf8add415 req-192e722d-239e-4135-a56d-124bf8add415 ] Request (VolumesAssistedSnapshotsTest:test_volume_assisted_snapshot_create_delete): 200 GET http://10.180.1.21/volume/v3/volumes/fb97b76d-3486-4bf5-b025-b386767fb09c 0.030s
2025-12-13 04:55:16.604 65521 INFO tempest.lib.common.rest_client [req-9e22b573-2713-419b-b8fa-61f3f0ad38d0 req-9e22b573-2713-419b-b8fa-61f3f0ad38d0 ] Request (InstanceActionsTestJSON:setUpClass): 200 GET http://10.180.1.21/compute/v2.1/servers/066d2417-0110-4a50-b8a0-4fa8c3c31c37 0.095s
2025-12-13 04:55:16.653 65543 INFO tempest.lib.common.rest_client [req-81b1c69c-05e1-411b-8e1f-f6fda2faf510 req-81b1c69c-05e1-411b-8e1f-f6fda2faf510 ] Request (ListImageFiltersTestJSON:tearDownClass): 200 GET http://10.180.1.21/compute/v2.1/servers/3e06519f-3402-4dbd-a56c-44b3ed8576bf 0.098s
2025-12-13 04:55:16.669 65537 INFO tempest.lib.common.rest_client [req-66053b83-8a91-49e5-b12c-7db02fc5b6fd req-66053b83-8a91-49e5-b12c-7db02fc5b6fd ] Request (DeleteServersTestJSON:test_delete_server_while_in_attached_volume): 200 GET http://10.180.1.21/compute/v2.1/servers/15b29936-8979-45cb-be20-5fb215a4fe41 0.100s
2025-12-13 04:55:16.718 65495 INFO tempest.lib.common.rest_client [req-01b0c916-dcf5-4701-a7c0-d40c6cdde965 req-01b0c916-dcf5-4701-a7c0-d40c6cdde965 ] Request (SecurityGroupsTestJSON:test_server_security_groups): 200 GET http://10.180.1.21/compute/v2.1/servers/c8803164-f25e-4161-bf8e-cb9ab8cde603 0.105s
2025-12-13 04:55:16.734 65497 INFO tempest.lib.common.rest_client [req-5c6bb49a-683f-4949-940c-08811e52a0dc req-5c6bb49a-683f-4949-940c-08811e52a0dc ] Request (ListServersNegativeTestJSON:tearDownClass): 200 GET http://10.180.1.21/compute/v2.1/servers/e2c67e47-ee39-4b45-a3c8-0e84957a1278 0.104s
2025-12-13 04:55:16.776 65513 INFO tempest.lib.common.rest_client [req-f669a50a-5ab3-42a4-9748-0c5f3b336bb0 req-f669a50a-5ab3-42a4-9748-0c5f3b336bb0 ] Request (ServerGroupTestJSON:test_create_server_with_scheduler_hint_group): 200 GET http://10.180.1.21/compute/v2.1/servers/5a069b1f-53c1-4e97-a356-786a30ca2c66 0.102s
2025-12-13 04:55:16.884 65510 INFO tempest.lib.common.rest_client [req-97996df4-8654-43b2-af93-93ebee0c1535 req-97996df4-8654-43b2-af93-93ebee0c1535 ] Request (ServersTestMultiNic:test_verify_duplicate_network_nics): 200 GET http://10.180.1.21/compute/v2.1/servers/66bcc21a-4c6a-4981-a478-12a25d1f0fb8 0.086s
2025-12-13 04:55:16.919 65483 INFO tempest.lib.common.rest_client [req-7e8fa603-8274-4f19-b6c8-a380889d7c0e req-7e8fa603-8274-4f19-b6c8-a380889d7c0e ] Request (ServerDiskConfigTestJSON:test_rebuild_server_with_manual_disk_config): 200 GET http://10.180.1.21/compute/v2.1/servers/0a1774a3-c1e5-4c96-b1d5-e0837c6b87a5 0.137s
2025-12-13 04:55:16.927 65483 INFO tempest.common.waiters [-] State transition "BUILD/networking" ==> "BUILD/spawning" after 46 second wait
2025-12-13 04:55:16.962 65541 INFO tempest.lib.common.rest_client [req-8cd4989a-850e-451a-8729-955cdacd4dca req-8cd4989a-850e-451a-8729-955cdacd4dca ] Request (ImagesTestJSON:test_create_server_from_snapshot): 200 GET http://10.180.1.21/compute/v2.1/images/7053d82a-92ec-49e8-be86-f42929036765 0.040s
2025-12-13 04:55:17.223 65503 INFO tempest.lib.common.rest_client [req-933dc2a9-b61d-40bf-a19e-316389e00c73 req-933dc2a9-b61d-40bf-a19e-316389e00c73 ] Request (ServerPasswordTestJSON:tearDownClass): 200 GET http://10.180.1.21/compute/v2.1/servers/aa76c66d-bf40-48e2-ad61-bfd6894a6763 0.268s
2025-12-13 04:55:17.237 65489 INFO tempest.lib.common.rest_client [req-0b98885a-1ad4-41a5-899f-f020c886ef6b req-0b98885a-1ad4-41a5-899f-f020c886ef6b ] Request (ImagesOneServerNegativeTestJSON:_run_cleanups): 200 GET http://10.180.1.21/compute/v2.1/servers/1732653b-4418-45f2-b974-e6603ce3fc57 0.198s
2025-12-13 04:55:17.281 65545 INFO tempest.lib.common.rest_client [req-d5215c75-c87f-4f5d-91d5-22719f277ae8 req-d5215c75-c87f-4f5d-91d5-22719f277ae8 ] Request (ServersTestJSON:_run_cleanups): 200 GET http://10.180.1.21/compute/v2.1/servers/7e64fd78-5071-4b13-9679-023093236628 0.157s
2025-12-13 04:55:17.296 65485 INFO tempest.lib.common.rest_client [req-badb15e9-5b65-4bfa-8c14-c5ca41679af0 req-badb15e9-5b65-4bfa-8c14-c5ca41679af0 ] Request (ServersAdminTestJSON:tearDownClass): 200 GET http://10.180.1.21/compute/v2.1/servers/29abcd0c-acd4-45b5-8643-681b4c688e93 0.156s
2025-12-13 04:55:17.305 65485 INFO tempest.common.waiters [-] State transition "ACTIVE/deleting" ==> "DELETED/None" after 5 second wait
2025-12-13 04:55:17.405 65531 INFO tempest.lib.common.rest_client [req-10fef22f-d407-4f56-adbd-3ed7a0b75ec6 req-10fef22f-d407-4f56-adbd-3ed7a0b75ec6 ] Request (ServerActionsTestOtherA:test_rebuild_server_in_stop_state): 200 GET http://10.180.1.21/compute/v2.1/servers/d1c966e7-3e69-4afc-858d-060536b8fd5c 0.063s
2025-12-13 04:55:17.442 65535 INFO tempest.lib.common.rest_client [req-e3b01fa4-ca5f-4070-b067-34f62e7c661b req-e3b01fa4-ca5f-4070-b067-34f62e7c661b ] Request (AttachVolumeShelveTestJSON:test_attach_volume_shelved_or_offload_server): 200 GET http://10.180.1.21/compute/v2.1/servers/629e8c11-e230-47d6-97f5-01736dd1a397 0.113s
2025-12-13 04:55:17.445 65523 INFO tempest.lib.common.rest_client [req-2c8319cd-c20a-45e5-a88a-f2ee7be3face req-2c8319cd-c20a-45e5-a88a-f2ee7be3face ] Request (ServerActionsTestOtherB:test_create_backup): 200 GET http://10.180.1.21/image/v2/images/df349ddf-3e39-4a34-a395-b9e61e46e63f 0.012s
2025-12-13 04:55:17.584 65539 INFO tempest.lib.common.rest_client [req-8a22b9bc-288c-48b8-a5a0-bd8820353caa req-8a22b9bc-288c-48b8-a5a0-bd8820353caa ] Request (FloatingIPsAssociationNegativeTestJSON:tearDownClass): 200 GET http://10.180.1.21/compute/v2.1/servers/f23be136-0b91-4493-8b6e-3d22847d58f6 0.067s
2025-12-13 04:55:17.618 65507 INFO tempest.lib.common.rest_client [req-79468249-e0e4-457e-9e6b-59a0530dde65 req-79468249-e0e4-457e-9e6b-59a0530dde65 ] Request (MigrationsAdminTest:test_resize_server_revert_deleted_flavor): 200 GET http://10.180.1.21/compute/v2.1/servers/02c73f69-6d13-4f20-bbbf-e6a32f523698 0.126s
2025-12-13 04:55:17.646 65491 INFO tempest.lib.common.rest_client [req-da30ed6c-02c0-4e0b-ba92-6df1ff62773a req-da30ed6c-02c0-4e0b-ba92-6df1ff62773a ] Request (VolumesAssistedSnapshotsTest:test_volume_assisted_snapshot_create_delete): 200 GET http://10.180.1.21/volume/v3/volumes/fb97b76d-3486-4bf5-b025-b386767fb09c 0.050s
2025-12-13 04:55:17.647 65525 INFO tempest.lib.common.rest_client [req-70dbf95e-5cb7-4096-9358-ee6e85660fc2 req-70dbf95e-5cb7-4096-9358-ee6e85660fc2 ] Request (ServerMetadataNegativeTestJSON:setUpClass): 200 GET http://10.180.1.21/compute/v2.1/servers/f6781485-c567-4f19-bfc7-e62d4a1157db 0.098s
2025-12-13 04:55:17.680 65499 INFO tempest.lib.common.rest_client [req-5cc36424-0423-4432-8a2e-c1ed4a4e90ff req-5cc36424-0423-4432-8a2e-c1ed4a4e90ff ] Request (MultipleCreateTestJSON:tearDownClass): 200 GET http://10.180.1.21/compute/v2.1/servers/a899b972-7d1e-443b-b5d7-493dd0db42a4 0.085s
2025-12-13 04:55:17.708 65521 INFO tempest.lib.common.rest_client [req-724ba63a-3cff-4217-8b82-149df548ccc1 req-724ba63a-3cff-4217-8b82-149df548ccc1 ] Request (InstanceActionsTestJSON:setUpClass): 200 GET http://10.180.1.21/compute/v2.1/servers/066d2417-0110-4a50-b8a0-4fa8c3c31c37 0.090s
2025-12-13 04:55:17.751 65543 INFO tempest.lib.common.rest_client [req-9abe6882-5522-4b2b-a2d4-7016cbfe5a20 req-9abe6882-5522-4b2b-a2d4-7016cbfe5a20 ] Request (ListImageFiltersTestJSON:tearDownClass): 200 GET http://10.180.1.21/compute/v2.1/servers/3e06519f-3402-4dbd-a56c-44b3ed8576bf 0.089s
2025-12-13 04:55:17.763 65537 INFO tempest.lib.common.rest_client [req-302f27fa-7b00-4ad2-968f-7e92f5ee065b req-302f27fa-7b00-4ad2-968f-7e92f5ee065b ] Request (DeleteServersTestJSON:test_delete_server_while_in_attached_volume): 200 GET http://10.180.1.21/compute/v2.1/servers/15b29936-8979-45cb-be20-5fb215a4fe41 0.086s
2025-12-13 04:55:17.818 65495 INFO tempest.lib.common.rest_client [req-62f36783-fd9c-41ec-b0c5-e49cd6437c23 req-62f36783-fd9c-41ec-b0c5-e49cd6437c23 ] Request (SecurityGroupsTestJSON:test_server_security_groups): 200 GET http://10.180.1.21/compute/v2.1/servers/c8803164-f25e-4161-bf8e-cb9ab8cde603 0.092s
2025-12-13 04:55:17.836 65497 INFO tempest.lib.common.rest_client [req-a01077fe-2c89-48bd-806a-c17cf3e9703c req-a01077fe-2c89-48bd-806a-c17cf3e9703c ] Request (ListServersNegativeTestJSON:tearDownClass): 200 GET http://10.180.1.21/compute/v2.1/servers/e2c67e47-ee39-4b45-a3c8-0e84957a1278 0.093s
2025-12-13 04:55:17.872 65513 INFO tempest.lib.common.rest_client [req-1980a116-5aed-4924-8d86-c5f374fe7756 req-1980a116-5aed-4924-8d86-c5f374fe7756 ] Request (ServerGroupTestJSON:test_create_server_with_scheduler_hint_group): 200 GET http://10.180.1.21/compute/v2.1/servers/5a069b1f-53c1-4e97-a356-786a30ca2c66 0.087s
2025-12-13 04:55:17.971 65510 INFO tempest.lib.common.rest_client [req-d35c528f-1f80-4b68-a6b2-c87aef356522 req-d35c528f-1f80-4b68-a6b2-c87aef356522 ] Request (ServersTestMultiNic:test_verify_duplicate_network_nics): 200 GET http://10.180.1.21/compute/v2.1/servers/66bcc21a-4c6a-4981-a478-12a25d1f0fb8 0.076s
2025-12-13 04:55:18.052 65483 INFO tempest.lib.common.rest_client [req-4c7539bb-392e-4ed0-ba86-bc5f750779f9 req-4c7539bb-392e-4ed0-ba86-bc5f750779f9 ] Request (ServerDiskConfigTestJSON:test_rebuild_server_with_manual_disk_config): 200 GET http://10.180.1.21/compute/v2.1/servers/0a1774a3-c1e5-4c96-b1d5-e0837c6b87a5 0.123s
2025-12-13 04:55:18.155 65541 INFO tempest.lib.common.rest_client [req-07a0de96-3df3-4d3c-bdd2-587ab5c11111 req-07a0de96-3df3-4d3c-bdd2-587ab5c11111 ] Request (ImagesTestJSON:test_create_server_from_snapshot): 200 GET http://10.180.1.21/compute/v2.1/images/7053d82a-92ec-49e8-be86-f42929036765 0.188s
2025-12-13 04:55:18.299 65503 INFO tempest.lib.common.rest_client [req-24bedd2b-b5e3-48c5-986d-8edd06a12518 req-24bedd2b-b5e3-48c5-986d-8edd06a12518 ] Request (ServerPasswordTestJSON:tearDownClass): 200 GET http://10.180.1.21/compute/v2.1/servers/aa76c66d-bf40-48e2-ad61-bfd6894a6763 0.067s
2025-12-13 04:55:18.303 65489 INFO tempest.lib.common.rest_client [req-b3ce1667-2d2a-4245-84e0-40013fef347e req-b3ce1667-2d2a-4245-84e0-40013fef347e ] Request (ImagesOneServerNegativeTestJSON:_run_cleanups): 200 GET http://10.180.1.21/compute/v2.1/servers/1732653b-4418-45f2-b974-e6603ce3fc57 0.058s
2025-12-13 04:55:18.310 65489 INFO tempest.common.waiters [-] State transition "BUILD/None" ==> "BUILD/networking" after 48 second wait
2025-12-13 04:55:18.365 65545 INFO tempest.lib.common.rest_client [req-ea38b304-6fc0-467b-971f-d56d77d0f5fc req-ea38b304-6fc0-467b-971f-d56d77d0f5fc ] Request (ServersTestJSON:_run_cleanups): 200 GET http://10.180.1.21/compute/v2.1/servers/7e64fd78-5071-4b13-9679-023093236628 0.076s
2025-12-13 04:55:18.373 65545 INFO tempest.common.waiters [-] State transition "ACTIVE/deleting" ==> "DELETED/None" after 4 second wait
2025-12-13 04:55:18.386 65485 INFO tempest.lib.common.rest_client [req-0196d163-abf9-43fb-b0e6-7ca1d5c92f95 req-0196d163-abf9-43fb-b0e6-7ca1d5c92f95 ] Request (ServersAdminTestJSON:tearDownClass): 200 GET http://10.180.1.21/compute/v2.1/servers/29abcd0c-acd4-45b5-8643-681b4c688e93 0.080s
2025-12-13 04:55:18.488 65531 INFO tempest.lib.common.rest_client [req-14c14cc0-c441-487d-8362-bdd71327e30f req-14c14cc0-c441-487d-8362-bdd71327e30f ] Request (ServerActionsTestOtherA:test_rebuild_server_in_stop_state): 200 GET http://10.180.1.21/compute/v2.1/servers/d1c966e7-3e69-4afc-858d-060536b8fd5c 0.075s
2025-12-13 04:55:18.598 65535 INFO tempest.lib.common.rest_client [req-173709e5-aa13-4fcb-8849-ff97c8db9acd req-173709e5-aa13-4fcb-8849-ff97c8db9acd ] Request (AttachVolumeShelveTestJSON:test_attach_volume_shelved_or_offload_server): 200 GET http://10.180.1.21/compute/v2.1/servers/629e8c11-e230-47d6-97f5-01736dd1a397 0.146s
2025-12-13 04:55:18.696 65491 INFO tempest.lib.common.rest_client [req-549d2bc2-c86b-4d7d-ade0-668afe78a745 req-549d2bc2-c86b-4d7d-ade0-668afe78a745 ] Request (VolumesAssistedSnapshotsTest:test_volume_assisted_snapshot_create_delete): 200 GET http://10.180.1.21/volume/v3/volumes/fb97b76d-3486-4bf5-b025-b386767fb09c 0.043s
2025-12-13 04:55:18.709 65491 INFO tempest.common.waiters [-] Attachment e56ac473-e47e-4524-8f2d-4fb65e99a3da created for volume fb97b76d-3486-4bf5-b025-b386767fb09c to server 8f6fcad9-c54b-42d7-9d53-fd6c9780df76 after waiting for 7.709415 seconds
2025-12-13 04:55:18.762 65491 INFO tempest.lib.common.rest_client [req-2dd5e9aa-869a-4aae-bd30-2162215c3cc8 req-2dd5e9aa-869a-4aae-bd30-2162215c3cc8 ] Request (VolumesAssistedSnapshotsTest:test_volume_assisted_snapshot_create_delete): 200 GET http://10.180.1.21/volume/v3/volumes/fb97b76d-3486-4bf5-b025-b386767fb09c 0.052s
2025-12-13 04:55:18.768 65539 INFO tempest.lib.common.rest_client [req-718dc61d-269f-4f06-abba-ac62fbc56e96 req-718dc61d-269f-4f06-abba-ac62fbc56e96 ] Request (FloatingIPsAssociationNegativeTestJSON:tearDownClass): 200 GET http://10.180.1.21/compute/v2.1/servers/f23be136-0b91-4493-8b6e-3d22847d58f6 0.176s
2025-12-13 04:55:18.773 65491 INFO tempest.common.waiters [-] volume fb97b76d-3486-4bf5-b025-b386767fb09c reached in-use after waiting for 0.773007 seconds
2025-12-13 04:55:18.832 65523 INFO tempest.lib.common.rest_client [req-c52c0ee8-f059-4da3-8c0e-3559cda92ed9 req-c52c0ee8-f059-4da3-8c0e-3559cda92ed9 ] Request (ServerActionsTestOtherB:test_create_backup): 200 GET http://10.180.1.21/image/v2/images/df349ddf-3e39-4a34-a395-b9e61e46e63f 0.386s
2025-12-13 04:55:18.866 65525 INFO tempest.lib.common.rest_client [req-63a69757-65b3-4b16-a7c6-a6cdc6a7923e req-63a69757-65b3-4b16-a7c6-a6cdc6a7923e ] Request (ServerMetadataNegativeTestJSON:setUpClass): 200 GET http://10.180.1.21/compute/v2.1/servers/f6781485-c567-4f19-bfc7-e62d4a1157db 0.211s
2025-12-13 04:55:18.914 65507 INFO tempest.lib.common.rest_client [req-ed2a4571-15d2-4c98-bfa9-4a7439a8a7be req-ed2a4571-15d2-4c98-bfa9-4a7439a8a7be ] Request (MigrationsAdminTest:test_resize_server_revert_deleted_flavor): 200 GET http://10.180.1.21/compute/v2.1/servers/02c73f69-6d13-4f20-bbbf-e6a32f523698 0.286s
2025-12-13 04:55:18.955 65499 INFO tempest.lib.common.rest_client [req-26a756e6-d7a5-4744-800a-024404700a0b req-26a756e6-d7a5-4744-800a-024404700a0b ] Request (MultipleCreateTestJSON:tearDownClass): 200 GET http://10.180.1.21/compute/v2.1/servers/a899b972-7d1e-443b-b5d7-493dd0db42a4 0.263s
2025-12-13 04:55:18.990 65521 INFO tempest.lib.common.rest_client [req-3c190273-03a3-4cb9-98cd-df0ce693a900 req-3c190273-03a3-4cb9-98cd-df0ce693a900 ] Request (InstanceActionsTestJSON:setUpClass): 200 GET http://10.180.1.21/compute/v2.1/servers/066d2417-0110-4a50-b8a0-4fa8c3c31c37 0.272s
2025-12-13 04:55:19.051 65543 INFO tempest.lib.common.rest_client [req-7183f3f4-0a72-40de-b99d-524ecbbcf361 req-7183f3f4-0a72-40de-b99d-524ecbbcf361 ] Request (ListImageFiltersTestJSON:tearDownClass): 200 GET http://10.180.1.21/compute/v2.1/servers/3e06519f-3402-4dbd-a56c-44b3ed8576bf 0.291s
2025-12-13 04:55:19.077 65537 INFO tempest.lib.common.rest_client [req-72f91307-6a26-4291-9494-761a492e0e85 req-72f91307-6a26-4291-9494-761a492e0e85 ] Request (DeleteServersTestJSON:test_delete_server_while_in_attached_volume): 200 GET http://10.180.1.21/compute/v2.1/servers/15b29936-8979-45cb-be20-5fb215a4fe41 0.304s
2025-12-13 04:55:19.157 65495 INFO tempest.lib.common.rest_client [req-ff146eda-6070-4266-b615-3a0889641214 req-ff146eda-6070-4266-b615-3a0889641214 ] Request (SecurityGroupsTestJSON:test_server_security_groups): 200 GET http://10.180.1.21/compute/v2.1/servers/c8803164-f25e-4161-bf8e-cb9ab8cde603 0.329s
2025-12-13 04:55:19.238 65491 INFO tempest.lib.common.rest_client [req-ca2e0349-df92-42ad-8afa-74562f24acc5 req-ca2e0349-df92-42ad-8afa-74562f24acc5 ] Request (VolumesAssistedSnapshotsTest:test_volume_assisted_snapshot_create_delete): 200 POST http://10.180.1.21/compute/v2.1/os-assisted-volume-snapshots 0.465s
2025-12-13 04:55:19.269 65497 INFO tempest.lib.common.rest_client [req-8fe1e4b9-0eaa-4215-8318-630f53b2c88c req-8fe1e4b9-0eaa-4215-8318-630f53b2c88c ] Request (ListServersNegativeTestJSON:tearDownClass): 200 GET http://10.180.1.21/compute/v2.1/servers/e2c67e47-ee39-4b45-a3c8-0e84957a1278 0.424s
2025-12-13 04:55:19.320 65513 INFO tempest.lib.common.rest_client [req-361f112b-44b0-42b7-9b9e-2ff41375c344 req-361f112b-44b0-42b7-9b9e-2ff41375c344 ] Request (ServerGroupTestJSON:test_create_server_with_scheduler_hint_group): 200 GET http://10.180.1.21/compute/v2.1/servers/5a069b1f-53c1-4e97-a356-786a30ca2c66 0.434s
2025-12-13 04:55:19.351 65510 INFO tempest.lib.common.rest_client [req-e4081d4d-69d9-4aa6-8f57-990ff1a24f56 req-e4081d4d-69d9-4aa6-8f57-990ff1a24f56 ] Request (ServersTestMultiNic:test_verify_duplicate_network_nics): 200 GET http://10.180.1.21/compute/v2.1/servers/66bcc21a-4c6a-4981-a478-12a25d1f0fb8 0.372s
2025-12-13 04:55:19.395 65541 INFO tempest.lib.common.rest_client [req-e09c3506-2a8c-4b33-8bc0-c8ccd0a10f99 req-e09c3506-2a8c-4b33-8bc0-c8ccd0a10f99 ] Request (ImagesTestJSON:test_create_server_from_snapshot): 200 GET http://10.180.1.21/compute/v2.1/images/7053d82a-92ec-49e8-be86-f42929036765 0.236s
2025-12-13 04:55:19.441 65491 INFO tempest.lib.common.rest_client [req-6f5739e6-a5b7-4c60-974f-56d6f64f01d5 req-6f5739e6-a5b7-4c60-974f-56d6f64f01d5 ] Request (VolumesAssistedSnapshotsTest:test_volume_assisted_snapshot_create_delete): 204 DELETE http://10.180.1.21/compute/v2.1/os-assisted-volume-snapshots/None?delete_info=%7B%22volume_id%22%3A+%22fb97b76d-3486-4bf5-b025-b386767fb09c%22%7D 0.201s
2025-12-13 04:55:19.447 65483 INFO tempest.lib.common.rest_client [req-f4ca7225-f2a5-4e6d-abea-e56d2d20df92 req-f4ca7225-f2a5-4e6d-abea-e56d2d20df92 ] Request (ServerDiskConfigTestJSON:test_rebuild_server_with_manual_disk_config): 200 GET http://10.180.1.21/compute/v2.1/servers/0a1774a3-c1e5-4c96-b1d5-e0837c6b87a5 0.381s
2025-12-13 04:55:19.500 65491 INFO tempest.lib.common.rest_client [req-19bd4296-b4b7-4d2d-840e-0b9fb171d889 req-19bd4296-b4b7-4d2d-840e-0b9fb171d889 ] Request (VolumesAssistedSnapshotsTest:_run_cleanups): 200 GET http://10.180.1.21/volume/v3/volumes/fb97b76d-3486-4bf5-b025-b386767fb09c 0.058s
2025-12-13 04:55:19.585 65503 INFO tempest.lib.common.rest_client [req-a70b06a1-168b-46bf-b1a8-a37118d8d207 req-a70b06a1-168b-46bf-b1a8-a37118d8d207 ] Request (ServerPasswordTestJSON:tearDownClass): 200 GET http://10.180.1.21/compute/v2.1/servers/aa76c66d-bf40-48e2-ad61-bfd6894a6763 0.278s
2025-12-13 04:55:19.609 65489 INFO tempest.lib.common.rest_client [req-35ffe81d-e4f4-495f-86c6-3fbe4ba312d4 req-35ffe81d-e4f4-495f-86c6-3fbe4ba312d4 ] Request (ImagesOneServerNegativeTestJSON:_run_cleanups): 200 GET http://10.180.1.21/compute/v2.1/servers/1732653b-4418-45f2-b974-e6603ce3fc57 0.296s
2025-12-13 04:55:19.617 65489 INFO tempest.common.waiters [-] State transition "BUILD/networking" ==> "BUILD/spawning" after 49 second wait
2025-12-13 04:55:19.652 65545 INFO tempest.lib.common.rest_client [req-70af6ef3-580f-4899-bd09-0e844eedbaee req-70af6ef3-580f-4899-bd09-0e844eedbaee ] Request (ServersTestJSON:_run_cleanups): 200 GET http://10.180.1.21/compute/v2.1/servers/7e64fd78-5071-4b13-9679-023093236628 0.277s
2025-12-13 04:55:19.677 65485 INFO tempest.lib.common.rest_client [req-32cf0ce9-29b8-4650-ad86-e7103a637041 req-32cf0ce9-29b8-4650-ad86-e7103a637041 ] Request (ServersAdminTestJSON:tearDownClass): 200 GET http://10.180.1.21/compute/v2.1/servers/29abcd0c-acd4-45b5-8643-681b4c688e93 0.279s
2025-12-13 04:55:19.735 65531 INFO tempest.lib.common.rest_client [req-07fd3232-c760-4fc3-83e7-b829db5580ff req-07fd3232-c760-4fc3-83e7-b829db5580ff ] Request (ServerActionsTestOtherA:test_rebuild_server_in_stop_state): 200 GET http://10.180.1.21/compute/v2.1/servers/d1c966e7-3e69-4afc-858d-060536b8fd5c 0.238s
2025-12-13 04:55:19.839 65491 INFO tempest.lib.common.rest_client [req-f7408095-35cb-4b5c-a378-ba69a39f68a6 req-f7408095-35cb-4b5c-a378-ba69a39f68a6 ] Request (VolumesAssistedSnapshotsTest:_run_cleanups): 202 DELETE http://10.180.1.21/compute/v2.1/servers/8f6fcad9-c54b-42d7-9d53-fd6c9780df76/os-volume_attachments/fb97b76d-3486-4bf5-b025-b386767fb09c 0.327s
2025-12-13 04:55:19.843 65535 INFO tempest.lib.common.rest_client [req-c41a2e2c-245f-4d86-add8-15548a0b364f req-c41a2e2c-245f-4d86-add8-15548a0b364f ] Request (AttachVolumeShelveTestJSON:test_attach_volume_shelved_or_offload_server): 200 GET http://10.180.1.21/compute/v2.1/servers/629e8c11-e230-47d6-97f5-01736dd1a397 0.234s
2025-12-13 04:55:19.854 65523 INFO tempest.lib.common.rest_client [req-7f24fa0d-ba4c-498b-bd78-520c84494159 req-7f24fa0d-ba4c-498b-bd78-520c84494159 ] Request (ServerActionsTestOtherB:test_create_backup): 200 GET http://10.180.1.21/image/v2/images/df349ddf-3e39-4a34-a395-b9e61e46e63f 0.020s
2025-12-13 04:55:19.885 65491 INFO tempest.lib.common.rest_client [req-56d99fb2-571c-4589-b4f9-6662e89bbd5c req-56d99fb2-571c-4589-b4f9-6662e89bbd5c ] Request (VolumesAssistedSnapshotsTest:_run_cleanups): 200 GET http://10.180.1.21/compute/v2.1/servers/8f6fcad9-c54b-42d7-9d53-fd6c9780df76/os-volume_attachments 0.045s
2025-12-13 04:55:19.912 65539 INFO tempest.lib.common.rest_client [req-1d9e233c-6fef-493e-8ca0-7099e97952d2 req-1d9e233c-6fef-493e-8ca0-7099e97952d2 ] Request (FloatingIPsAssociationNegativeTestJSON:tearDownClass): 200 GET http://10.180.1.21/compute/v2.1/servers/f23be136-0b91-4493-8b6e-3d22847d58f6 0.127s
2025-12-13 04:55:19.943 65525 INFO tempest.lib.common.rest_client [req-faa92674-0a81-44b2-abb4-7d956f960b4b req-faa92674-0a81-44b2-abb4-7d956f960b4b ] Request (ServerMetadataNegativeTestJSON:setUpClass): 200 GET http://10.180.1.21/compute/v2.1/servers/f6781485-c567-4f19-bfc7-e62d4a1157db 0.064s
2025-12-13 04:55:20.050 65507 INFO tempest.lib.common.rest_client [req-b462f217-d365-409d-bc19-113002c0e61d req-b462f217-d365-409d-bc19-113002c0e61d ] Request (MigrationsAdminTest:test_resize_server_revert_deleted_flavor): 200 GET http://10.180.1.21/compute/v2.1/servers/02c73f69-6d13-4f20-bbbf-e6a32f523698 0.125s
2025-12-13 04:55:20.067 65499 INFO tempest.lib.common.rest_client [req-f5add199-2d89-4eb3-b5e7-f381b0f707d3 req-f5add199-2d89-4eb3-b5e7-f381b0f707d3 ] Request (MultipleCreateTestJSON:tearDownClass): 200 GET http://10.180.1.21/compute/v2.1/servers/a899b972-7d1e-443b-b5d7-493dd0db42a4 0.099s
2025-12-13 04:55:20.108 65521 INFO tempest.lib.common.rest_client [req-08ec8ebe-7c79-44e1-9482-8236635199a1 req-08ec8ebe-7c79-44e1-9482-8236635199a1 ] Request (InstanceActionsTestJSON:setUpClass): 200 GET http://10.180.1.21/compute/v2.1/servers/066d2417-0110-4a50-b8a0-4fa8c3c31c37 0.110s
2025-12-13 04:55:20.143 65543 INFO tempest.lib.common.rest_client [req-51f87552-0a62-4189-9939-c0929bc9d9a2 req-51f87552-0a62-4189-9939-c0929bc9d9a2 ] Request (ListImageFiltersTestJSON:tearDownClass): 200 GET http://10.180.1.21/compute/v2.1/servers/3e06519f-3402-4dbd-a56c-44b3ed8576bf 0.082s
2025-12-13 04:55:20.166 65537 INFO tempest.lib.common.rest_client [req-52e6c499-da48-48cb-bc0a-3ae1e411be22 req-52e6c499-da48-48cb-bc0a-3ae1e411be22 ] Request (DeleteServersTestJSON:test_delete_server_while_in_attached_volume): 200 GET http://10.180.1.21/compute/v2.1/servers/15b29936-8979-45cb-be20-5fb215a4fe41 0.082s
2025-12-13 04:55:20.248 65495 INFO tempest.lib.common.rest_client [req-b0c8f2e6-1f2e-4f3b-997a-442454db07e3 req-b0c8f2e6-1f2e-4f3b-997a-442454db07e3 ] Request (SecurityGroupsTestJSON:test_server_security_groups): 200 GET http://10.180.1.21/compute/v2.1/servers/c8803164-f25e-4161-bf8e-cb9ab8cde603 0.080s
2025-12-13 04:55:20.363 65497 INFO tempest.lib.common.rest_client [req-42768dc2-ece2-4ca6-8684-cfd0b044a90d req-42768dc2-ece2-4ca6-8684-cfd0b044a90d ] Request (ListServersNegativeTestJSON:tearDownClass): 200 GET http://10.180.1.21/compute/v2.1/servers/e2c67e47-ee39-4b45-a3c8-0e84957a1278 0.084s
2025-12-13 04:55:20.409 65513 INFO tempest.lib.common.rest_client [req-28dda44b-56aa-4664-b332-5ef3fe62aa58 req-28dda44b-56aa-4664-b332-5ef3fe62aa58 ] Request (ServerGroupTestJSON:test_create_server_with_scheduler_hint_group): 200 GET http://10.180.1.21/compute/v2.1/servers/5a069b1f-53c1-4e97-a356-786a30ca2c66 0.080s
2025-12-13 04:55:20.424 65510 INFO tempest.lib.common.rest_client [req-06bd94e7-13e4-42de-90f0-2b680031a566 req-06bd94e7-13e4-42de-90f0-2b680031a566 ] Request (ServersTestMultiNic:test_verify_duplicate_network_nics): 200 GET http://10.180.1.21/compute/v2.1/servers/66bcc21a-4c6a-4981-a478-12a25d1f0fb8 0.064s
2025-12-13 04:55:20.452 65541 INFO tempest.lib.common.rest_client [req-87c7e07b-3a5a-4bda-8586-bb1f1d09a66b req-87c7e07b-3a5a-4bda-8586-bb1f1d09a66b ] Request (ImagesTestJSON:test_create_server_from_snapshot): 200 GET http://10.180.1.21/compute/v2.1/images/7053d82a-92ec-49e8-be86-f42929036765 0.053s
2025-12-13 04:55:20.567 65483 INFO tempest.lib.common.rest_client [req-29135c4e-547a-4e10-9c10-fcd21cd12ced req-29135c4e-547a-4e10-9c10-fcd21cd12ced ] Request (ServerDiskConfigTestJSON:test_rebuild_server_with_manual_disk_config): 200 GET http://10.180.1.21/compute/v2.1/servers/0a1774a3-c1e5-4c96-b1d5-e0837c6b87a5 0.110s
2025-12-13 04:55:20.664 65503 INFO tempest.lib.common.rest_client [req-89d0d61a-664f-4c20-878c-299f9f3bc076 req-89d0d61a-664f-4c20-878c-299f9f3bc076 ] Request (ServerPasswordTestJSON:tearDownClass): 200 GET http://10.180.1.21/compute/v2.1/servers/aa76c66d-bf40-48e2-ad61-bfd6894a6763 0.070s
2025-12-13 04:55:20.722 65489 INFO tempest.lib.common.rest_client [req-8a4879f1-747a-454d-8102-e06cd7e7112b req-8a4879f1-747a-454d-8102-e06cd7e7112b ] Request (ImagesOneServerNegativeTestJSON:_run_cleanups): 200 GET http://10.180.1.21/compute/v2.1/servers/1732653b-4418-45f2-b974-e6603ce3fc57 0.103s
2025-12-13 04:55:20.736 65545 INFO tempest.lib.common.rest_client [req-bca0a3c2-5d51-4552-afb8-e6460c1cf1c0 req-bca0a3c2-5d51-4552-afb8-e6460c1cf1c0 ] Request (ServersTestJSON:_run_cleanups): 200 GET http://10.180.1.21/compute/v2.1/servers/7e64fd78-5071-4b13-9679-023093236628 0.072s
2025-12-13 04:55:20.788 65485 INFO tempest.lib.common.rest_client [req-1a8f9317-0292-448b-a121-d93f904a1a65 req-1a8f9317-0292-448b-a121-d93f904a1a65 ] Request (ServersAdminTestJSON:tearDownClass): 200 GET http://10.180.1.21/compute/v2.1/servers/29abcd0c-acd4-45b5-8643-681b4c688e93 0.102s
2025-12-13 04:55:20.799 65531 INFO tempest.lib.common.rest_client [req-86a847c2-c4f7-4b30-910c-a1fc9737286a req-86a847c2-c4f7-4b30-910c-a1fc9737286a ] Request (ServerActionsTestOtherA:test_rebuild_server_in_stop_state): 200 GET http://10.180.1.21/compute/v2.1/servers/d1c966e7-3e69-4afc-858d-060536b8fd5c 0.056s
2025-12-13 04:55:20.869 65523 INFO tempest.lib.common.rest_client [req-078d4ece-2fdd-4782-805a-7b7a73141804 req-078d4ece-2fdd-4782-805a-7b7a73141804 ] Request (ServerActionsTestOtherB:test_create_backup): 200 GET http://10.180.1.21/image/v2/images/df349ddf-3e39-4a34-a395-b9e61e46e63f 0.013s
2025-12-13 04:55:20.936 65491 INFO tempest.lib.common.rest_client [req-e28de92a-6fb3-4b61-b7d8-bdab142e07c0 req-e28de92a-6fb3-4b61-b7d8-bdab142e07c0 ] Request (VolumesAssistedSnapshotsTest:_run_cleanups): 200 GET http://10.180.1.21/compute/v2.1/servers/8f6fcad9-c54b-42d7-9d53-fd6c9780df76/os-volume_attachments 0.048s
2025-12-13 04:55:21.008 65539 INFO tempest.lib.common.rest_client [req-e43cda0f-8000-4867-b117-9e4b7808b0e6 req-e43cda0f-8000-4867-b117-9e4b7808b0e6 ] Request (FloatingIPsAssociationNegativeTestJSON:tearDownClass): 200 GET http://10.180.1.21/compute/v2.1/servers/f23be136-0b91-4493-8b6e-3d22847d58f6 0.088s
2025-12-13 04:55:21.032 65535 INFO tempest.lib.common.rest_client [req-d52d99ce-3265-4ddc-ba5f-cbc4fe474991 req-d52d99ce-3265-4ddc-ba5f-cbc4fe474991 ] Request (AttachVolumeShelveTestJSON:test_attach_volume_shelved_or_offload_server): 200 GET http://10.180.1.21/compute/v2.1/servers/629e8c11-e230-47d6-97f5-01736dd1a397 0.179s
2025-12-13 04:55:21.042 65535 INFO tempest.common.waiters [-] State transition "ACTIVE/shelving_image_uploading" ==> "SHELVED/shelving_offloading" after 18 second wait
2025-12-13 04:55:21.073 65525 INFO tempest.lib.common.rest_client [req-099ddd11-f559-4775-bee3-4776b1bb3a55 req-099ddd11-f559-4775-bee3-4776b1bb3a55 ] Request (ServerMetadataNegativeTestJSON:setUpClass): 200 GET http://10.180.1.21/compute/v2.1/servers/f6781485-c567-4f19-bfc7-e62d4a1157db 0.119s
2025-12-13 04:55:21.149 65499 INFO tempest.lib.common.rest_client [req-9653c4c5-adf9-4886-809b-6676cb58fd20 req-9653c4c5-adf9-4886-809b-6676cb58fd20 ] Request (MultipleCreateTestJSON:tearDownClass): 200 GET http://10.180.1.21/compute/v2.1/servers/a899b972-7d1e-443b-b5d7-493dd0db42a4 0.070s
2025-12-13 04:55:21.180 65507 INFO tempest.lib.common.rest_client [req-efd64402-e6ce-4a39-8f8e-8a99df538a3a req-efd64402-e6ce-4a39-8f8e-8a99df538a3a ] Request (MigrationsAdminTest:test_resize_server_revert_deleted_flavor): 200 GET http://10.180.1.21/compute/v2.1/servers/02c73f69-6d13-4f20-bbbf-e6a32f523698 0.122s
2025-12-13 04:55:21.200 65521 INFO tempest.lib.common.rest_client [req-2715eed6-3c63-42cc-9103-a045fc9666ba req-2715eed6-3c63-42cc-9103-a045fc9666ba ] Request (InstanceActionsTestJSON:setUpClass): 200 GET http://10.180.1.21/compute/v2.1/servers/066d2417-0110-4a50-b8a0-4fa8c3c31c37 0.083s
2025-12-13 04:55:21.208 65521 INFO tempest.common.waiters [-] State transition "BUILD/None" ==> "BUILD/networking" after 46 second wait
2025-12-13 04:55:21.248 65543 INFO tempest.lib.common.rest_client [req-7bc85d0f-e842-46ea-93da-fb2edd04e476 req-7bc85d0f-e842-46ea-93da-fb2edd04e476 ] Request (ListImageFiltersTestJSON:tearDownClass): 200 GET http://10.180.1.21/compute/v2.1/servers/3e06519f-3402-4dbd-a56c-44b3ed8576bf 0.097s
2025-12-13 04:55:21.266 65537 INFO tempest.lib.common.rest_client [req-d98ac163-84ae-4594-90c2-031c7504ec68 req-d98ac163-84ae-4594-90c2-031c7504ec68 ] Request (DeleteServersTestJSON:test_delete_server_while_in_attached_volume): 200 GET http://10.180.1.21/compute/v2.1/servers/15b29936-8979-45cb-be20-5fb215a4fe41 0.092s
2025-12-13 04:55:21.329 65495 INFO tempest.lib.common.rest_client [req-59c7e2e6-9f9d-44d2-b078-78fe70981f94 req-59c7e2e6-9f9d-44d2-b078-78fe70981f94 ] Request (SecurityGroupsTestJSON:test_server_security_groups): 200 GET http://10.180.1.21/compute/v2.1/servers/c8803164-f25e-4161-bf8e-cb9ab8cde603 0.069s
2025-12-13 04:55:21.445 65497 INFO tempest.lib.common.rest_client [req-c249acc7-8bac-4439-9da0-b1268ca54dc5 req-c249acc7-8bac-4439-9da0-b1268ca54dc5 ] Request (ListServersNegativeTestJSON:tearDownClass): 200 GET http://10.180.1.21/compute/v2.1/servers/e2c67e47-ee39-4b45-a3c8-0e84957a1278 0.072s
2025-12-13 04:55:21.491 65513 INFO tempest.lib.common.rest_client [req-171b5e0a-fd1a-4ca9-8af0-c70d2c9ec770 req-171b5e0a-fd1a-4ca9-8af0-c70d2c9ec770 ] Request (ServerGroupTestJSON:test_create_server_with_scheduler_hint_group): 200 GET http://10.180.1.21/compute/v2.1/servers/5a069b1f-53c1-4e97-a356-786a30ca2c66 0.073s
2025-12-13 04:55:21.512 65510 INFO tempest.lib.common.rest_client [req-668747f0-59e3-4c84-9125-279c0fa7eed3 req-668747f0-59e3-4c84-9125-279c0fa7eed3 ] Request (ServersTestMultiNic:test_verify_duplicate_network_nics): 200 GET http://10.180.1.21/compute/v2.1/servers/66bcc21a-4c6a-4981-a478-12a25d1f0fb8 0.079s
2025-12-13 04:55:21.531 65487 INFO paramiko.transport [-] Connected (version 2.0, client dropbear_2020.81)
2025-12-13 04:55:21.538 65541 INFO tempest.lib.common.rest_client [req-c41c8653-fbdd-40b2-99a6-2b5fc04b2374 req-c41c8653-fbdd-40b2-99a6-2b5fc04b2374 ] Request (ImagesTestJSON:test_create_server_from_snapshot): 200 GET http://10.180.1.21/compute/v2.1/images/7053d82a-92ec-49e8-be86-f42929036765 0.081s
2025-12-13 04:55:21.635 65487 INFO paramiko.transport [-] Authentication (publickey) successful!
2025-12-13 04:55:21.635 65487 INFO tempest.lib.common.ssh [-] ssh connection to cirros@10.180.180.168 successfully created
2025-12-13 04:55:21.644 65487 INFO tempest.lib.common.ssh [-] Creating ssh connection to '10.180.180.168:22' as 'cirros' with public key authentication
2025-12-13 04:55:21.647 65487 INFO paramiko.transport [-] Connected (version 2.0, client dropbear_2020.81)
