2025-12-13 04:53:45.830 65519 INFO tempest.lib.common.rest_client [req-a4fee64e-1505-4dd9-b394-e2b6dfe84caa req-a4fee64e-1505-4dd9-b394-e2b6dfe84caa ] Request (AttachVolumeTestJSON:setUpClass): 201 POST http://10.180.1.21/identity/v3/auth/tokens 0.074s
2025-12-13 04:53:45.860 65503 INFO tempest.lib.common.rest_client [req-63785496-373e-406b-8d89-876f1d48c474 req-63785496-373e-406b-8d89-876f1d48c474 ] Request (ServerPasswordTestJSON:setUpClass): 201 POST http://10.180.1.21/identity/v3/auth/tokens 0.074s
2025-12-13 04:53:45.868 65519 INFO tempest.lib.common.rest_client [req-b04a6cb4-f4e7-43f3-969e-ea311be63ec2 req-b04a6cb4-f4e7-43f3-969e-ea311be63ec2 ] Request (AttachVolumeTestJSON:setUpClass): 200 GET http://10.180.1.21/identity/v3/domains?name=Default 0.037s
2025-12-13 04:53:45.909 65519 INFO tempest.lib.common.rest_client [req-a18096d3-6be3-4350-904c-87da5e041e10 req-a18096d3-6be3-4350-904c-87da5e041e10 ] Request (AttachVolumeTestJSON:setUpClass): 201 POST http://10.180.1.21/identity/v3/projects 0.040s
2025-12-13 04:53:45.979 65519 INFO tempest.lib.common.rest_client [req-50e86bbf-4c10-4c3c-9868-983a8d247f63 req-50e86bbf-4c10-4c3c-9868-983a8d247f63 ] Request (AttachVolumeTestJSON:setUpClass): 201 POST http://10.180.1.21/identity/v3/users 0.069s
2025-12-13 04:53:45.983 65495 INFO tempest.lib.common.rest_client [req-f5e7b0d3-c851-4e25-afeb-812e57fa6372 req-f5e7b0d3-c851-4e25-afeb-812e57fa6372 ] Request (SecurityGroupsTestJSON:test_security_groups_create_list_delete): 200 POST http://10.180.1.21/compute/v2.1/os-security-groups 3.810s
2025-12-13 04:53:45.999 65519 INFO tempest.lib.common.rest_client [req-91399116-7203-4b76-89ed-7f11df3ecfa6 req-91399116-7203-4b76-89ed-7f11df3ecfa6 ] Request (AttachVolumeTestJSON:setUpClass): 200 GET http://10.180.1.21/identity/v3/roles 0.019s
2025-12-13 04:53:46.038 65519 INFO tempest.lib.common.rest_client [req-3816b8c4-8941-496f-8427-bff2eaf25f53 req-3816b8c4-8941-496f-8427-bff2eaf25f53 ] Request (AttachVolumeTestJSON:setUpClass): 204 PUT http://10.180.1.21/identity/v3/projects/74a19672757f4b56a32fdc87f049a018/users/e5eab458a2354ee983e4741030d9da30/roles/792686e83c254ebd957b042d1a33cc2b 0.038s
2025-12-13 04:53:46.038 65519 INFO tempest.lib.common.dynamic_creds [-] Dynamic test user e5eab458a2354ee983e4741030d9da30 is created with scope project and roles: ['member']
2025-12-13 04:53:46.039 65519 INFO tempest.lib.common.dynamic_creds [-] Acquired dynamic creds: credentials: Credentials: {'domain_id': 'default', 'domain_name': 'Default', 'username': 'tempest-AttachVolumeTestJSON-293892057-project-member', 'project_domain_id': 'default', 'project_domain_name': 'Default', 'project_id': '74a19672757f4b56a32fdc87f049a018', 'project_name': 'tempest-AttachVolumeTestJSON-293892057', 'tenant_id': '74a19672757f4b56a32fdc87f049a018', 'tenant_name': 'tempest-AttachVolumeTestJSON-293892057', 'user_domain_id': 'default', 'user_domain_name': 'Default', 'user_id': 'e5eab458a2354ee983e4741030d9da30', 'system': None}, Network: None, Subnet: None, Router: None
2025-12-13 04:53:46.052 65489 INFO tempest.lib.common.rest_client [req-4734cd1d-2aea-44b1-b164-db0331652daa req-4734cd1d-2aea-44b1-b164-db0331652daa ] Request (ImagesOneServerNegativeTestJSON:tearDown): 200 GET http://10.180.1.21/compute/v2.1/servers/5a77431d-deba-49dc-8065-7291fc69f005 3.910s
2025-12-13 04:53:46.089 65485 INFO tempest.lib.common.rest_client [req-11fa49a7-a917-431f-8219-356ed20d0ec5 req-11fa49a7-a917-431f-8219-356ed20d0ec5 ] Request (ServersAdminTestJSON:test_list_servers_filter_by_error_status): 200 GET http://10.180.1.21/compute/v2.1/servers?status=error 3.685s
2025-12-13 04:53:46.107 65519 INFO tempest.lib.common.rest_client [req-b99db15b-a6dd-4699-9927-7fdf7189d131 req-b99db15b-a6dd-4699-9927-7fdf7189d131 ] Request (AttachVolumeTestJSON:setUpClass): 201 POST http://10.180.1.21/identity/v3/auth/tokens 0.068s
2025-12-13 04:53:46.130 65543 INFO tempest.lib.common.rest_client [req-4cbd0a77-b7c2-4b39-a31f-b3a0537b89c7 req-4cbd0a77-b7c2-4b39-a31f-b3a0537b89c7 ] Request (ListImageFiltersTestJSON:setUpClass): 200 GET http://10.180.1.21/compute/v2.1/images/6d65154e-7722-414e-bcb4-b9be08a44c34 3.479s
2025-12-13 04:53:46.316 65503 INFO tempest.lib.common.rest_client [req-638e527e-aa5a-492e-939b-0eec93aa2dad req-638e527e-aa5a-492e-939b-0eec93aa2dad ] Request (ServerPasswordTestJSON:setUpClass): 201 POST http://10.180.1.21/networking/v2.0/networks 0.452s
2025-12-13 04:53:46.348 65505 INFO tempest.lib.common.rest_client [req-92c69bfd-a2de-446f-8926-4f9829b45f1a req-92c69bfd-a2de-446f-8926-4f9829b45f1a ] Request (AttachInterfacesUnderV243Test:_run_cleanups): 200 GET http://10.180.1.21/compute/v2.1/servers/af5b7bc6-ad99-4720-9cdf-63c161675f93 3.757s
2025-12-13 04:53:46.565 65519 INFO tempest.lib.common.rest_client [req-e5d70b43-547e-43e3-bd12-bc639d38e8ed req-e5d70b43-547e-43e3-bd12-bc639d38e8ed ] Request (AttachVolumeTestJSON:setUpClass): 201 POST http://10.180.1.21/networking/v2.0/networks 0.458s
2025-12-13 04:53:46.739 65533 INFO tempest.lib.common.rest_client [req-8d45d284-445e-4570-93b9-6a2b24a2e5cb req-8d45d284-445e-4570-93b9-6a2b24a2e5cb ] Request (ServerAddressesTestJSON:tearDownClass): 200 GET http://10.180.1.21/compute/v2.1/servers/628c31fa-fe30-487d-a4e0-f4061718b05d 3.814s
2025-12-13 04:53:46.929 65503 INFO tempest.lib.common.rest_client [req-2a2fcb7b-593e-4097-ac36-be6a563b6e6e req-2a2fcb7b-593e-4097-ac36-be6a563b6e6e ] Request (ServerPasswordTestJSON:setUpClass): 201 POST http://10.180.1.21/networking/v2.0/subnets 0.613s
2025-12-13 04:53:46.963 65537 INFO tempest.lib.common.rest_client [req-aab630ab-523d-423f-968a-5a0fa7450e68 req-aab630ab-523d-423f-968a-5a0fa7450e68 ] Request (DeleteServersTestJSON:test_delete_active_server): 200 GET http://10.180.1.21/compute/v2.1/servers/8d78413d-466e-4d9a-94f3-3f4df0d2c027 4.067s
2025-12-13 04:53:46.973 65537 INFO tempest.common.waiters [-] State transition "BUILD/block_device_mapping" ==> "BUILD/spawning" after 18 second wait
2025-12-13 04:53:46.992 65519 INFO tempest.lib.common.rest_client [req-eb100464-6c4a-4eda-aa6f-e9aec2215024 req-eb100464-6c4a-4eda-aa6f-e9aec2215024 ] Request (AttachVolumeTestJSON:setUpClass): 201 POST http://10.180.1.21/networking/v2.0/subnets 0.426s
2025-12-13 04:53:47.004 65499 INFO tempest.lib.common.rest_client [req-0fd640d5-48d2-4d7d-b5b9-c3fe90b78f9a req-0fd640d5-48d2-4d7d-b5b9-c3fe90b78f9a ] Request (MultipleCreateTestJSON:_run_cleanups): 200 GET http://10.180.1.21/compute/v2.1/servers/90c3b707-e4b9-41c5-ab90-2ff8ea1943f7 3.664s
2025-12-13 04:53:47.016 65499 INFO tempest.common.waiters [-] State transition "ACTIVE/deleting" ==> "DELETED/None" after 5 second wait
2025-12-13 04:53:47.357 65535 WARNING tempest.lib.common.ssh [-] Failed to establish authenticated ssh connection to cirros@10.180.180.252 ([Errno None] Unable to connect to port 22 on 10.180.180.252). Number attempts: 1. Retry after 2 seconds.: paramiko.ssh_exception.NoValidConnectionsError: [Errno None] Unable to connect to port 22 on 10.180.180.252
2025-12-13 04:53:47.754 65503 INFO tempest.lib.common.rest_client [req-e3c01302-7e04-4066-8f78-a9d18094f79e req-e3c01302-7e04-4066-8f78-a9d18094f79e ] Request (ServerPasswordTestJSON:setUpClass): 201 POST http://10.180.1.21/networking/v2.0/routers 0.824s
2025-12-13 04:53:47.781 65519 INFO tempest.lib.common.rest_client [req-7cda0dc4-85ae-41de-a63c-b60560d0405a req-7cda0dc4-85ae-41de-a63c-b60560d0405a ] Request (AttachVolumeTestJSON:setUpClass): 201 POST http://10.180.1.21/networking/v2.0/routers 0.788s
2025-12-13 04:53:47.794 65497 INFO tempest.lib.common.rest_client [req-6759c2e9-e569-426d-92f4-0ac774b242a0 req-6759c2e9-e569-426d-92f4-0ac774b242a0 ] Request (ListServersNegativeTestJSON:setUpClass): 200 GET http://10.180.1.21/compute/v2.1/servers/95d73deb-2a84-453c-89af-5b00fbbb781b 4.001s
2025-12-13 04:53:47.804 65497 INFO tempest.common.waiters [-] State transition "BUILD/None" ==> "BUILD/networking" after 12 second wait
2025-12-13 04:53:47.815 65493 INFO tempest.lib.common.rest_client [req-86fa2e8f-94b7-43d6-8728-2b3ee8dcff65 req-86fa2e8f-94b7-43d6-8728-2b3ee8dcff65 ] Request (ServerAddressesNegativeTestJSON:setUpClass): 200 GET http://10.180.1.21/compute/v2.1/servers/88dc432e-d38f-4fe5-b93f-5a79179710a6 3.938s
2025-12-13 04:53:48.252 65501 WARNING tempest.lib.common.ssh [-] Failed to establish authenticated ssh connection to cirros@10.180.180.134 ([Errno None] Unable to connect to port 22 on 10.180.180.134). Number attempts: 10. Retry after 11 seconds.: paramiko.ssh_exception.NoValidConnectionsError: [Errno None] Unable to connect to port 22 on 10.180.180.134
2025-12-13 04:53:48.611 65513 WARNING tempest.lib.common.ssh [-] Failed to establish authenticated ssh connection to cirros@10.180.180.192 ([Errno None] Unable to connect to port 22 on 10.180.180.192). Number attempts: 5. Retry after 6 seconds.: paramiko.ssh_exception.NoValidConnectionsError: [Errno None] Unable to connect to port 22 on 10.180.180.192
2025-12-13 04:53:48.752 65503 INFO tempest.lib.common.rest_client [req-b129c879-383d-41a2-9c96-466c7b916f01 req-b129c879-383d-41a2-9c96-466c7b916f01 ] Request (ServerPasswordTestJSON:setUpClass): 200 PUT http://10.180.1.21/networking/v2.0/routers/8d1e84c4-0f01-49cb-b829-00cfcd11ce7a/add_router_interface 0.997s
2025-12-13 04:53:48.752 65503 INFO tempest.lib.common.dynamic_creds [-] Created isolated network resources for: credentials: Credentials: {'domain_id': 'default', 'domain_name': 'Default', 'username': 'tempest-ServerPasswordTestJSON-209108382-project-member', 'project_domain_id': 'default', 'project_domain_name': 'Default', 'project_id': '0e5ce9b2578043f8a447fc0e5c99c7f8', 'project_name': 'tempest-ServerPasswordTestJSON-209108382', 'tenant_id': '0e5ce9b2578043f8a447fc0e5c99c7f8', 'tenant_name': 'tempest-ServerPasswordTestJSON-209108382', 'user_domain_id': 'default', 'user_domain_name': 'Default', 'user_id': '75c9b5a2cc844704b4600309aafec547', 'system': None}, Network: {'id': '0d951161-9b38-4e27-9a6b-78112f4b55f6', 'name': 'tempest-ServerPasswordTestJSON-687069408-network', 'tenant_id': '0e5ce9b2578043f8a447fc0e5c99c7f8', 'project_id': '0e5ce9b2578043f8a447fc0e5c99c7f8', 'admin_state_up': True, 'mtu': 8950, 'status': 'ACTIVE', 'subnets': [], 'shared': False, 'port_security_enabled': True, 'router:external': False, 'provider:network_type': 'vlan', 'provider:physical_network': 'default', 'provider:segmentation_id': 19, 'availability_zone_hints': [], 'availability_zones': [], 'ipv4_address_scope': None, 'ipv6_address_scope': None, 'description': '', 'tags': [], 'created_at': '2025-12-13T04:53:46Z', 'updated_at': '2025-12-13T04:53:46Z', 'revision_number': 1}, Subnet: {'id': '74f892c7-16f0-4b46-8d8f-7959905ef3df', 'name': 'tempest-ServerPasswordTestJSON-687069408-subnet', 'tenant_id': '0e5ce9b2578043f8a447fc0e5c99c7f8', 'network_id': '0d951161-9b38-4e27-9a6b-78112f4b55f6', 'ip_version': 4, 'subnetpool_id': None, 'enable_dhcp': True, 'ipv6_ra_mode': None, 'ipv6_address_mode': None, 'gateway_ip': '192.168.128.1', 'cidr': '192.168.128.0/28', 'allocation_pools': [{'start': '192.168.128.2', 'end': '192.168.128.14'}], 'host_routes': [], 'dns_nameservers': [], 'description': '', 'router:external': False, 'service_types': [], 'tags': [], 'created_at': '2025-12-13T04:53:46Z', 'updated_at': '2025-12-13T04:53:46Z', 'revision_number': 0, 'project_id': '0e5ce9b2578043f8a447fc0e5c99c7f8'}, Router: {'id': '8d1e84c4-0f01-49cb-b829-00cfcd11ce7a', 'name': 'tempest-ServerPasswordTestJSON-687069408-router', 'tenant_id': '0e5ce9b2578043f8a447fc0e5c99c7f8', 'admin_state_up': True, 'status': 'ACTIVE', 'external_gateway_info': {'network_id': '9728d5d9-75b2-47df-849a-e02526358913', 'external_fixed_ips': [{'subnet_id': '20256e5a-743d-4424-a341-2ad98d03105a', 'ip_address': '10.180.180.150'}], 'enable_snat': True}, 'description': '', 'availability_zones': [], 'distributed': False, 'ha': False, 'availability_zone_hints': [], 'routes': [], 'flavor_id': None, 'tags': [], 'created_at': '2025-12-13T04:53:47Z', 'updated_at': '2025-12-13T04:53:47Z', 'revision_number': 2, 'project_id': '0e5ce9b2578043f8a447fc0e5c99c7f8'}
2025-12-13 04:53:48.900 65503 INFO tempest.lib.common.rest_client [req-f224a5fc-8410-402e-88aa-ec330a228252 req-f224a5fc-8410-402e-88aa-ec330a228252 ] Request (ServerPasswordTestJSON:setUpClass): 201 POST http://10.180.1.21/identity/v3/auth/tokens 0.144s
2025-12-13 04:53:48.922 65510 INFO tempest.lib.common.rest_client [req-3252cb2a-b05b-44fa-acd2-25352bb02cb4 req-3252cb2a-b05b-44fa-acd2-25352bb02cb4 ] Request (ServerDiagnosticsV248Test:test_get_server_diagnostics): 200 GET http://10.180.1.21/compute/v2.1/servers/9fad83d4-18ec-4194-9f17-1de63742dd55 4.062s
2025-12-13 04:53:48.933 65510 INFO tempest.common.waiters [-] State transition "BUILD/spawning" ==> "ACTIVE/None" after 29 second wait
2025-12-13 04:53:48.950 65503 INFO tempest.lib.common.rest_client [req-59cecc9a-6ffd-4c6d-85d8-c65d45118263 req-59cecc9a-6ffd-4c6d-85d8-c65d45118263 ] Request (ServerPasswordTestJSON:setUpClass): 201 POST http://10.180.1.21/identity/v3/auth/tokens 0.046s
2025-12-13 04:53:48.951 65503 INFO tempest.lib.common.fixed_network [-] (ServerPasswordTestJSON:setUpClass) Found network {'id': '0d951161-9b38-4e27-9a6b-78112f4b55f6', 'name': 'tempest-ServerPasswordTestJSON-687069408-network', 'tenant_id': '0e5ce9b2578043f8a447fc0e5c99c7f8', 'project_id': '0e5ce9b2578043f8a447fc0e5c99c7f8', 'admin_state_up': True, 'mtu': 8950, 'status': 'ACTIVE', 'subnets': [], 'shared': False, 'port_security_enabled': True, 'router:external': False, 'provider:network_type': 'vlan', 'provider:physical_network': 'default', 'provider:segmentation_id': 19, 'availability_zone_hints': [], 'availability_zones': [], 'ipv4_address_scope': None, 'ipv6_address_scope': None, 'description': '', 'tags': [], 'created_at': '2025-12-13T04:53:46Z', 'updated_at': '2025-12-13T04:53:46Z', 'revision_number': 1} available for tenant
2025-12-13 04:53:49.019 65491 WARNING tempest.lib.common.ssh [-] Failed to establish authenticated ssh connection to cirros@10.180.180.199 ([Errno None] Unable to connect to port 22 on 10.180.180.199). Number attempts: 12. Retry after 13 seconds.: paramiko.ssh_exception.NoValidConnectionsError: [Errno None] Unable to connect to port 22 on 10.180.180.199
2025-12-13 04:53:49.192 65519 INFO tempest.lib.common.rest_client [req-71913d25-e8ee-4628-8365-83224998e0f8 req-71913d25-e8ee-4628-8365-83224998e0f8 ] Request (AttachVolumeTestJSON:setUpClass): 200 PUT http://10.180.1.21/networking/v2.0/routers/96d57617-2fc0-4437-adcf-82e8ecbd50a8/add_router_interface 1.411s
2025-12-13 04:53:49.193 65519 INFO tempest.lib.common.dynamic_creds [-] Created isolated network resources for: credentials: Credentials: {'domain_id': 'default', 'domain_name': 'Default', 'username': 'tempest-AttachVolumeTestJSON-293892057-project-member', 'project_domain_id': 'default', 'project_domain_name': 'Default', 'project_id': '74a19672757f4b56a32fdc87f049a018', 'project_name': 'tempest-AttachVolumeTestJSON-293892057', 'tenant_id': '74a19672757f4b56a32fdc87f049a018', 'tenant_name': 'tempest-AttachVolumeTestJSON-293892057', 'user_domain_id': 'default', 'user_domain_name': 'Default', 'user_id': 'e5eab458a2354ee983e4741030d9da30', 'system': None}, Network: {'id': 'cf07635e-13ce-406b-8c18-c69d8a8f2e85', 'name': 'tempest-AttachVolumeTestJSON-1104080382-network', 'tenant_id': '74a19672757f4b56a32fdc87f049a018', 'project_id': '74a19672757f4b56a32fdc87f049a018', 'admin_state_up': True, 'mtu': 8950, 'status': 'ACTIVE', 'subnets': [], 'shared': False, 'port_security_enabled': True, 'router:external': False, 'provider:network_type': 'vlan', 'provider:physical_network': 'default', 'provider:segmentation_id': 301, 'availability_zone_hints': [], 'availability_zones': [], 'ipv4_address_scope': None, 'ipv6_address_scope': None, 'description': '', 'tags': [], 'created_at': '2025-12-13T04:53:46Z', 'updated_at': '2025-12-13T04:53:46Z', 'revision_number': 1}, Subnet: {'id': 'b85b0756-8d8e-4eda-a6e8-5e7cf727752c', 'name': 'tempest-AttachVolumeTestJSON-1104080382-subnet', 'tenant_id': '74a19672757f4b56a32fdc87f049a018', 'network_id': 'cf07635e-13ce-406b-8c18-c69d8a8f2e85', 'ip_version': 4, 'subnetpool_id': None, 'enable_dhcp': True, 'ipv6_ra_mode': None, 'ipv6_address_mode': None, 'gateway_ip': '192.168.128.1', 'cidr': '192.168.128.0/28', 'allocation_pools': [{'start': '192.168.128.2', 'end': '192.168.128.14'}], 'host_routes': [], 'dns_nameservers': [], 'description': '', 'router:external': False, 'service_types': [], 'tags': [], 'created_at': '2025-12-13T04:53:46Z', 'updated_at': '2025-12-13T04:53:46Z', 'revision_number': 0, 'project_id': '74a19672757f4b56a32fdc87f049a018'}, Router: {'id': '96d57617-2fc0-4437-adcf-82e8ecbd50a8', 'name': 'tempest-AttachVolumeTestJSON-1104080382-router', 'tenant_id': '74a19672757f4b56a32fdc87f049a018', 'admin_state_up': True, 'status': 'ACTIVE', 'external_gateway_info': {'network_id': '9728d5d9-75b2-47df-849a-e02526358913', 'external_fixed_ips': [{'subnet_id': '20256e5a-743d-4424-a341-2ad98d03105a', 'ip_address': '10.180.180.165'}], 'enable_snat': True}, 'description': '', 'availability_zones': [], 'distributed': False, 'ha': False, 'availability_zone_hints': [], 'routes': [], 'flavor_id': None, 'tags': [], 'created_at': '2025-12-13T04:53:47Z', 'updated_at': '2025-12-13T04:53:47Z', 'revision_number': 2, 'project_id': '74a19672757f4b56a32fdc87f049a018'}
2025-12-13 04:53:49.237 65541 INFO tempest.lib.common.rest_client [req-894aa2d4-3f93-48f9-9d6b-a4d65cd6f35f req-894aa2d4-3f93-48f9-9d6b-a4d65cd6f35f ] Request (ImagesTestJSON:test_create_image_from_suspended_server): 200 GET http://10.180.1.21/compute/v2.1/servers/447959a0-f0a2-4bf9-be22-4ac51f80ab14 4.514s
2025-12-13 04:53:49.247 65541 INFO tempest.common.waiters [-] State transition "BUILD/spawning" ==> "ACTIVE/None" after 32 second wait
2025-12-13 04:53:49.292 65519 INFO tempest.lib.common.rest_client [req-2ae0e548-fade-4152-be65-5400243d64cb req-2ae0e548-fade-4152-be65-5400243d64cb ] Request (AttachVolumeTestJSON:setUpClass): 201 POST http://10.180.1.21/identity/v3/auth/tokens 0.096s
2025-12-13 04:53:49.343 65521 INFO tempest.lib.common.rest_client [req-946225db-fcf9-4b35-a21e-3b5c97b104d3 req-946225db-fcf9-4b35-a21e-3b5c97b104d3 ] Request (ServersAdmin275Test:_run_cleanups): 200 GET http://10.180.1.21/compute/v2.1/servers/a098c4b0-92e3-45b0-80b5-1bff2a5e72d4 4.044s
2025-12-13 04:53:49.359 65521 INFO tempest.common.waiters [-] State transition "REBUILD/rebuild_block_device_mapping" ==> "REBUILD/rebuild_spawning" after 5 second wait
2025-12-13 04:53:49.380 65517 INFO tempest.lib.common.rest_client [req-6a9f1856-f2d3-4456-89f6-250d354a12c8 req-6a9f1856-f2d3-4456-89f6-250d354a12c8 ] Request (ServersV294TestFqdnHostnames:setUpClass): 200 GET http://10.180.1.21/compute/v2.1/servers/73c4ebcc-867b-44ee-a6c9-a70af0fa5368 3.858s
2025-12-13 04:53:49.465 65545 INFO tempest.lib.common.rest_client [req-235cf4e2-5c03-4f37-beac-f92109480899 req-235cf4e2-5c03-4f37-beac-f92109480899 ] Request (ServersTestJSON:_run_cleanups): 200 GET http://10.180.1.21/compute/v2.1/servers/df96cec4-a47c-4e2b-8db6-ec1452c21bac 3.826s
2025-12-13 04:53:49.473 65545 INFO tempest.common.waiters [-] State transition "ACTIVE/deleting" ==> "DELETED/None" after 5 second wait
2025-12-13 04:53:49.671 65507 INFO tempest.lib.common.rest_client [req-1283e914-2bbf-4e83-b8bd-2eb7c02dbeaa req-1283e914-2bbf-4e83-b8bd-2eb7c02dbeaa ] Request (MigrationsAdminTest:test_resize_server_revert_deleted_flavor): 200 GET http://10.180.1.21/compute/v2.1/servers/02c73f69-6d13-4f20-bbbf-e6a32f523698 3.881s
2025-12-13 04:53:49.739 65485 INFO tempest.lib.common.rest_client [req-c09a73f5-208d-421a-8d00-d5c0cd849bd8 req-c09a73f5-208d-421a-8d00-d5c0cd849bd8 ] Request (ServersAdminTestJSON:test_list_servers_filter_by_error_status): 202 POST http://10.180.1.21/compute/v2.1/servers/c43dc7be-b3f6-4ff4-adca-7da96731b6b1/action 3.648s
2025-12-13 04:53:49.820 65495 INFO tempest.lib.common.rest_client [req-502e74fa-9d2e-4ee7-8893-2977758bb1aa req-502e74fa-9d2e-4ee7-8893-2977758bb1aa ] Request (SecurityGroupsTestJSON:test_security_groups_create_list_delete): 200 GET http://10.180.1.21/compute/v2.1/os-security-groups 3.832s
2025-12-13 04:53:49.922 65531 WARNING tempest.lib.common.ssh [-] Failed to establish authenticated ssh connection to cirros@10.180.180.172 ([Errno None] Unable to connect to port 22 on 10.180.180.172). Number attempts: 7. Retry after 8 seconds.: paramiko.ssh_exception.NoValidConnectionsError: [Errno None] Unable to connect to port 22 on 10.180.180.172
2025-12-13 04:53:50.203 65511 INFO tempest.lib.common.rest_client [req-049c1443-130e-4df6-8351-dccf97eafcea req-049c1443-130e-4df6-8351-dccf97eafcea ] Request (ServersNegativeTestMultiTenantJSON:setUpClass): 200 GET http://10.180.1.21/compute/v2.1/servers/da22ff0b-0310-4c4e-a094-9cab1b9ccaba 3.893s
2025-12-13 04:53:50.218 65511 INFO tempest.common.waiters [-] State transition "BUILD/block_device_mapping" ==> "BUILD/spawning" after 21 second wait
2025-12-13 04:53:50.230 65539 INFO tempest.lib.common.rest_client [req-e5ec21d7-0e6c-4805-b9c5-32333d0b573c req-e5ec21d7-0e6c-4805-b9c5-32333d0b573c ] Request (FloatingIPsAssociationTestJSON:tearDownClass): 200 GET http://10.180.1.21/compute/v2.1/servers/5c856770-b4c6-4988-b065-a000dfe77cc9 3.761s
2025-12-13 04:53:50.428 65535 WARNING tempest.lib.common.ssh [-] Failed to establish authenticated ssh connection to cirros@10.180.180.252 ([Errno None] Unable to connect to port 22 on 10.180.180.252). Number attempts: 2. Retry after 3 seconds.: paramiko.ssh_exception.NoValidConnectionsError: [Errno None] Unable to connect to port 22 on 10.180.180.252
2025-12-13 04:53:50.628 65483 INFO tempest.lib.common.rest_client [req-50a0f408-883a-429a-a9c0-767b100b1a37 req-50a0f408-883a-429a-a9c0-767b100b1a37 ] Request (ServerDiskConfigTestJSON:test_rebuild_server_with_auto_disk_config): 200 GET http://10.180.1.21/compute/v2.1/servers/1153bd4d-a81e-4306-a146-af9b1660e20c 3.957s
2025-12-13 04:53:50.715 65543 INFO tempest.lib.common.rest_client [req-58fc204d-b834-454a-8a7f-19df8826be47 req-58fc204d-b834-454a-8a7f-19df8826be47 ] Request (ListImageFiltersTestJSON:setUpClass): 200 GET http://10.180.1.21/compute/v2.1/images/6d65154e-7722-414e-bcb4-b9be08a44c34 3.581s
2025-12-13 04:53:50.811 65489 INFO tempest.lib.common.rest_client [req-9ba7fe95-1323-423a-9b9a-373f02d7e0e3 req-9ba7fe95-1323-423a-9b9a-373f02d7e0e3 ] Request (ImagesOneServerNegativeTestJSON:tearDown): 200 GET http://10.180.1.21/compute/v2.1/servers/5a77431d-deba-49dc-8065-7291fc69f005 3.746s
2025-12-13 04:53:50.821 65489 INFO tempest.common.waiters [-] State transition "ACTIVE/image_uploading" ==> "ACTIVE/None" after 4 second wait
2025-12-13 04:53:50.842 65505 INFO tempest.lib.common.rest_client [req-fa4dfe91-799d-4eeb-af49-4fa07561fccf req-fa4dfe91-799d-4eeb-af49-4fa07561fccf ] Request (AttachInterfacesUnderV243Test:_run_cleanups): 200 GET http://10.180.1.21/compute/v2.1/servers/af5b7bc6-ad99-4720-9cdf-63c161675f93 3.483s
2025-12-13 04:53:50.921 65533 INFO tempest.lib.common.rest_client [req-6ade3b5c-6f73-43ec-9ebf-882a7fbe68f0 req-6ade3b5c-6f73-43ec-9ebf-882a7fbe68f0 ] Request (ServerAddressesTestJSON:tearDownClass): 200 GET http://10.180.1.21/compute/v2.1/servers/628c31fa-fe30-487d-a4e0-f4061718b05d 3.172s
2025-12-13 04:53:50.996 65499 INFO tempest.lib.common.rest_client [req-f8a3ef86-b0e3-44d6-add4-3db6ed8eff06 req-f8a3ef86-b0e3-44d6-add4-3db6ed8eff06 ] Request (MultipleCreateTestJSON:_run_cleanups): 200 GET http://10.180.1.21/compute/v2.1/servers/90c3b707-e4b9-41c5-ab90-2ff8ea1943f7 2.979s
2025-12-13 04:53:51.027 65537 INFO tempest.lib.common.rest_client [req-0e013e04-64bc-4109-891a-4db9611748c8 req-0e013e04-64bc-4109-891a-4db9611748c8 ] Request (DeleteServersTestJSON:test_delete_active_server): 200 GET http://10.180.1.21/compute/v2.1/servers/8d78413d-466e-4d9a-94f3-3f4df0d2c027 3.053s
2025-12-13 04:53:51.056 65523 WARNING tempest.lib.common.ssh [-] Failed to establish authenticated ssh connection to cirros@10.180.180.154 ([Errno None] Unable to connect to port 22 on 10.180.180.154). Number attempts: 6. Retry after 7 seconds.: paramiko.ssh_exception.NoValidConnectionsError: [Errno None] Unable to connect to port 22 on 10.180.180.154
2025-12-13 04:53:51.124 65493 INFO tempest.lib.common.rest_client [req-d2f555b1-9b96-438d-8a81-1010b4b45b66 req-d2f555b1-9b96-438d-8a81-1010b4b45b66 ] Request (ServerAddressesNegativeTestJSON:setUpClass): 200 GET http://10.180.1.21/compute/v2.1/servers/88dc432e-d38f-4fe5-b93f-5a79179710a6 2.296s
2025-12-13 04:53:51.167 65497 INFO tempest.lib.common.rest_client [req-48b6557d-20a7-4847-a801-fb7449b8ca26 req-48b6557d-20a7-4847-a801-fb7449b8ca26 ] Request (ListServersNegativeTestJSON:setUpClass): 200 GET http://10.180.1.21/compute/v2.1/servers/95d73deb-2a84-453c-89af-5b00fbbb781b 2.362s
2025-12-13 04:53:51.175 65497 INFO tempest.common.waiters [-] State transition "BUILD/networking" ==> "BUILD/spawning" after 16 second wait
2025-12-13 04:53:51.615 65503 INFO tempest.lib.common.rest_client [req-c0f3b155-1fab-409c-9e9e-6fce45043450 req-c0f3b155-1fab-409c-9e9e-6fce45043450 ] Request (ServerPasswordTestJSON:setUpClass): 202 POST http://10.180.1.21/compute/v2.1/servers 2.664s
2025-12-13 04:53:51.744 65541 INFO tempest.lib.common.rest_client [req-7679177d-86c3-467b-852b-e70e1a6d1d44 req-7679177d-86c3-467b-852b-e70e1a6d1d44 ] Request (ImagesTestJSON:test_create_image_from_suspended_server): 202 POST http://10.180.1.21/compute/v2.1/servers/447959a0-f0a2-4bf9-be22-4ac51f80ab14/action 2.497s
2025-12-13 04:53:51.769 65510 INFO tempest.lib.common.rest_client [req-231010cf-1ec3-4457-a7f0-4275b8bb1941 req-231010cf-1ec3-4457-a7f0-4275b8bb1941 ] Request (ServerDiagnosticsV248Test:test_get_server_diagnostics): 200 GET http://10.180.1.21/compute/v2.1/servers/9fad83d4-18ec-4194-9f17-1de63742dd55/diagnostics 2.835s
2025-12-13 04:53:51.809 65519 INFO tempest.lib.common.rest_client [req-f6b81b29-3858-45f8-8d6d-5f65f5b2e7c0 req-f6b81b29-3858-45f8-8d6d-5f65f5b2e7c0 ] Request (ValidationResourcesFixture:setUp): 200 POST http://10.180.1.21/compute/v2.1/os-keypairs 2.515s
2025-12-13 04:53:51.948 65519 INFO tempest.lib.common.rest_client [req-4f0182f6-1ac6-4815-a08d-7f86c474fb0e req-4f0182f6-1ac6-4815-a08d-7f86c474fb0e ] Request (ValidationResourcesFixture:setUp): 201 POST http://10.180.1.21/networking/v2.0/security-groups 0.137s
2025-12-13 04:53:52.005 65525 INFO paramiko.transport [-] Connected (version 2.0, client dropbear_2020.81)
2025-12-13 04:53:52.006 65485 INFO tempest.lib.common.rest_client [req-93464432-f39e-4313-b17f-50e4b2a5e7a4 req-93464432-f39e-4313-b17f-50e4b2a5e7a4 ] Request (ServersAdminTestJSON:test_list_servers_filter_by_error_status): 200 GET http://10.180.1.21/compute/v2.1/servers/c43dc7be-b3f6-4ff4-adca-7da96731b6b1 2.266s
2025-12-13 04:53:52.033 65495 INFO tempest.lib.common.rest_client [req-16b8907c-40d3-4dce-be55-9c5a93e73935 req-16b8907c-40d3-4dce-be55-9c5a93e73935 ] Request (SecurityGroupsTestJSON:test_security_groups_create_list_delete): 202 DELETE http://10.180.1.21/compute/v2.1/os-security-groups/f2fd3e83-4c24-4e25-baf1-d58728c85478 2.199s
2025-12-13 04:53:52.117 65519 INFO tempest.lib.common.rest_client [req-a476f587-1ef3-460f-9f5b-d869843f76e8 req-a476f587-1ef3-460f-9f5b-d869843f76e8 ] Request (ValidationResourcesFixture:setUp): 201 POST http://10.180.1.21/networking/v2.0/security-group-rules 0.168s
2025-12-13 04:53:52.119 65521 INFO tempest.lib.common.rest_client [req-a3bc801c-613c-454b-8ac7-e18950034156 req-a3bc801c-613c-454b-8ac7-e18950034156 ] Request (ServersAdmin275Test:_run_cleanups): 200 GET http://10.180.1.21/compute/v2.1/servers/a098c4b0-92e3-45b0-80b5-1bff2a5e72d4 1.757s
2025-12-13 04:53:52.121 65525 INFO paramiko.transport [-] Authentication (publickey) successful!
2025-12-13 04:53:52.122 65525 INFO tempest.lib.common.ssh [-] ssh connection to cirros@10.180.180.203 successfully created
2025-12-13 04:53:52.129 65521 INFO tempest.common.waiters [-] State transition "REBUILD/rebuild_spawning" ==> "ACTIVE/None" after 8 second wait
2025-12-13 04:53:52.131 65517 INFO tempest.lib.common.rest_client [req-6bff5de0-ffe2-4836-bd4e-4ba1153ea1a8 req-6bff5de0-ffe2-4836-bd4e-4ba1153ea1a8 ] Request (ServersV294TestFqdnHostnames:setUpClass): 200 GET http://10.180.1.21/compute/v2.1/servers/73c4ebcc-867b-44ee-a6c9-a70af0fa5368 1.733s
2025-12-13 04:53:52.213 65519 INFO tempest.lib.common.rest_client [req-f3c377cf-5a9f-4116-85c0-a532235f5e75 req-f3c377cf-5a9f-4116-85c0-a532235f5e75 ] Request (ValidationResourcesFixture:setUp): 201 POST http://10.180.1.21/networking/v2.0/security-group-rules 0.096s
2025-12-13 04:53:52.241 65545 INFO tempest.lib.common.rest_client [req-48f1e637-5033-43b6-af33-f394dfdeae4c req-48f1e637-5033-43b6-af33-f394dfdeae4c ] Request (ServersTestJSON:_run_cleanups): 200 GET http://10.180.1.21/compute/v2.1/servers/df96cec4-a47c-4e2b-8db6-ec1452c21bac 1.767s
2025-12-13 04:53:52.269 65507 INFO tempest.lib.common.rest_client [req-62b84da7-3046-4ba0-97dc-f89d86389617 req-62b84da7-3046-4ba0-97dc-f89d86389617 ] Request (MigrationsAdminTest:test_resize_server_revert_deleted_flavor): 200 GET http://10.180.1.21/compute/v2.1/servers/02c73f69-6d13-4f20-bbbf-e6a32f523698 1.586s
2025-12-13 04:53:52.336 65489 INFO tempest.lib.common.rest_client [req-2ec48eab-2d38-4231-af6b-64f61c03f548 req-2ec48eab-2d38-4231-af6b-64f61c03f548 ] Request (ImagesOneServerNegativeTestJSON:_run_cleanups): 204 DELETE http://10.180.1.21/compute/v2.1/servers/5a77431d-deba-49dc-8065-7291fc69f005 1.514s
2025-12-13 04:53:52.476 65539 INFO tempest.lib.common.rest_client [req-316d60fa-7477-4262-bf1f-56406acea824 req-316d60fa-7477-4262-bf1f-56406acea824 ] Request (FloatingIPsAssociationTestJSON:tearDownClass): 200 GET http://10.180.1.21/compute/v2.1/servers/5c856770-b4c6-4988-b065-a000dfe77cc9 1.232s
2025-12-13 04:53:52.527 65511 INFO tempest.lib.common.rest_client [req-4ad422d8-d390-48a3-9c11-b7e3ce4f8b88 req-4ad422d8-d390-48a3-9c11-b7e3ce4f8b88 ] Request (ServersNegativeTestMultiTenantJSON:setUpClass): 200 GET http://10.180.1.21/compute/v2.1/servers/da22ff0b-0310-4c4e-a094-9cab1b9ccaba 1.306s
2025-12-13 04:53:52.550 65487 WARNING tempest.lib.common.ssh [-] Failed to establish authenticated ssh connection to cirros@10.180.180.168 ([Errno None] Unable to connect to port 22 on 10.180.180.168). Number attempts: 9. Retry after 10 seconds.: paramiko.ssh_exception.NoValidConnectionsError: [Errno None] Unable to connect to port 22 on 10.180.180.168
2025-12-13 04:53:52.582 65503 INFO tempest.lib.common.rest_client [req-18084a4f-9a8a-41f1-88a6-15d861d49f7d req-18084a4f-9a8a-41f1-88a6-15d861d49f7d ] Request (ServerPasswordTestJSON:setUpClass): 200 GET http://10.180.1.21/compute/v2.1/servers/aa76c66d-bf40-48e2-ad61-bfd6894a6763 0.964s
2025-12-13 04:53:52.641 65543 INFO tempest.lib.common.rest_client [req-4c239161-fb5b-426b-aba8-ee7c9cdafdf0 req-4c239161-fb5b-426b-aba8-ee7c9cdafdf0 ] Request (ListImageFiltersTestJSON:setUpClass): 200 GET http://10.180.1.21/compute/v2.1/images/6d65154e-7722-414e-bcb4-b9be08a44c34 0.920s
2025-12-13 04:53:52.659 65483 INFO tempest.lib.common.rest_client [req-4fbcacb9-9ea3-47c6-a25a-03ce8ed42b05 req-4fbcacb9-9ea3-47c6-a25a-03ce8ed42b05 ] Request (ServerDiskConfigTestJSON:test_rebuild_server_with_auto_disk_config): 200 GET http://10.180.1.21/compute/v2.1/servers/1153bd4d-a81e-4306-a146-af9b1660e20c 1.020s
2025-12-13 04:53:52.808 65519 INFO tempest.lib.common.rest_client [req-2d076330-86a2-4835-8c03-043d10c72346 req-2d076330-86a2-4835-8c03-043d10c72346 ] Request (ValidationResourcesFixture:setUp): 201 POST http://10.180.1.21/networking/v2.0/floatingips 0.594s
2025-12-13 04:53:52.879 65519 INFO tempest.lib.common.rest_client [req-910a2bf9-c686-42aa-bfad-7976a96fcfb9 req-910a2bf9-c686-42aa-bfad-7976a96fcfb9 ] Request (AttachVolumeTestJSON:test_attach_detach_volume): 201 POST http://10.180.1.21/identity/v3/auth/tokens 0.064s
2025-12-13 04:53:52.880 65519 INFO tempest.lib.common.fixed_network [-] (AttachVolumeTestJSON:test_attach_detach_volume) Found network {'id': 'cf07635e-13ce-406b-8c18-c69d8a8f2e85', 'name': 'tempest-AttachVolumeTestJSON-1104080382-network', 'tenant_id': '74a19672757f4b56a32fdc87f049a018', 'project_id': '74a19672757f4b56a32fdc87f049a018', 'admin_state_up': True, 'mtu': 8950, 'status': 'ACTIVE', 'subnets': [], 'shared': False, 'port_security_enabled': True, 'router:external': False, 'provider:network_type': 'vlan', 'provider:physical_network': 'default', 'provider:segmentation_id': 301, 'availability_zone_hints': [], 'availability_zones': [], 'ipv4_address_scope': None, 'ipv6_address_scope': None, 'description': '', 'tags': [], 'created_at': '2025-12-13T04:53:46Z', 'updated_at': '2025-12-13T04:53:46Z', 'revision_number': 1} available for tenant
2025-12-13 04:53:52.885 65505 INFO tempest.lib.common.rest_client [req-71af222a-bb17-4531-8c68-2a83247ad6ff req-71af222a-bb17-4531-8c68-2a83247ad6ff ] Request (AttachInterfacesUnderV243Test:_run_cleanups): 200 GET http://10.180.1.21/compute/v2.1/servers/af5b7bc6-ad99-4720-9cdf-63c161675f93 1.031s
2025-12-13 04:53:53.045 65541 INFO tempest.lib.common.rest_client [req-8dd68144-6efb-492e-af7f-00055dcc11bd req-8dd68144-6efb-492e-af7f-00055dcc11bd ] Request (ImagesTestJSON:test_create_image_from_suspended_server): 200 GET http://10.180.1.21/compute/v2.1/servers/447959a0-f0a2-4bf9-be22-4ac51f80ab14 1.301s
2025-12-13 04:53:53.086 65533 INFO tempest.lib.common.rest_client [req-f27f1f01-d3dd-4819-adc5-be42101889dc req-f27f1f01-d3dd-4819-adc5-be42101889dc ] Request (ServerAddressesTestJSON:tearDownClass): 200 GET http://10.180.1.21/compute/v2.1/servers/628c31fa-fe30-487d-a4e0-f4061718b05d 1.158s
2025-12-13 04:53:53.157 65499 INFO tempest.lib.common.rest_client [req-09ceebcc-6c32-4bab-94d3-3822b34fdb3f req-09ceebcc-6c32-4bab-94d3-3822b34fdb3f ] Request (MultipleCreateTestJSON:_run_cleanups): 200 GET http://10.180.1.21/compute/v2.1/servers/90c3b707-e4b9-41c5-ab90-2ff8ea1943f7 1.151s
2025-12-13 04:53:53.246 65495 INFO tempest.lib.common.rest_client [req-5e9d3e94-7da3-4f20-84da-67c9b1e8ae62 req-5e9d3e94-7da3-4f20-84da-67c9b1e8ae62 ] Request (SecurityGroupsTestJSON:test_security_groups_create_list_delete): 404 GET http://10.180.1.21/compute/v2.1/os-security-groups/f2fd3e83-4c24-4e25-baf1-d58728c85478 1.213s
2025-12-13 04:53:53.331 65485 INFO tempest.lib.common.rest_client [req-07d2ffa4-be47-4c65-b71c-1971978dd10e req-07d2ffa4-be47-4c65-b71c-1971978dd10e ] Request (ServersAdminTestJSON:test_list_servers_filter_by_exist_host): 200 GET http://10.180.1.21/compute/v2.1/servers/c43dc7be-b3f6-4ff4-adca-7da96731b6b1 1.314s
2025-12-13 04:53:53.427 65521 INFO tempest.lib.common.rest_client [req-2d22ffaa-7b6f-4df8-962e-074127e2bd41 req-2d22ffaa-7b6f-4df8-962e-074127e2bd41 ] Request (ServersAdmin275Test:tearDownClass): 204 DELETE http://10.180.1.21/compute/v2.1/servers/a098c4b0-92e3-45b0-80b5-1bff2a5e72d4 1.296s
2025-12-13 04:53:53.495 65537 INFO tempest.lib.common.rest_client [req-80db4d4d-12c2-43a4-af82-132e9d49b3c1 req-80db4d4d-12c2-43a4-af82-132e9d49b3c1 ] Request (DeleteServersTestJSON:test_delete_active_server): 200 GET http://10.180.1.21/compute/v2.1/servers/8d78413d-466e-4d9a-94f3-3f4df0d2c027 1.457s
2025-12-13 04:53:53.504 65537 INFO tempest.common.waiters [-] State transition "BUILD/spawning" ==> "ACTIVE/None" after 25 second wait
2025-12-13 04:53:53.538 65493 INFO tempest.lib.common.rest_client [req-c6373dc1-bbf4-4cb7-b4c0-b8032a5fb78a req-c6373dc1-bbf4-4cb7-b4c0-b8032a5fb78a ] Request (ServerAddressesNegativeTestJSON:setUpClass): 200 GET http://10.180.1.21/compute/v2.1/servers/88dc432e-d38f-4fe5-b93f-5a79179710a6 1.402s
2025-12-13 04:53:53.574 65525 INFO tempest.lib.common.rest_client [req-fe2632c9-9842-40c9-8fc6-2bda1930b4bf req-fe2632c9-9842-40c9-8fc6-2bda1930b4bf ] Request (ServersTestFqdnHostnames:tearDownClass): 204 DELETE http://10.180.1.21/compute/v2.1/servers/2905230f-468d-4f4b-9387-a1067bbd6824 1.435s
2025-12-13 04:53:53.635 65497 INFO tempest.lib.common.rest_client [req-99dcf110-f471-4156-8da6-72eea5e589c5 req-99dcf110-f471-4156-8da6-72eea5e589c5 ] Request (ListServersNegativeTestJSON:setUpClass): 200 GET http://10.180.1.21/compute/v2.1/servers/95d73deb-2a84-453c-89af-5b00fbbb781b 1.459s
2025-12-13 04:53:53.693 65489 INFO tempest.lib.common.rest_client [req-6ec9663c-ed82-4ecb-9115-5e8b98d5fd92 req-6ec9663c-ed82-4ecb-9115-5e8b98d5fd92 ] Request (ImagesOneServerNegativeTestJSON:_run_cleanups): 200 GET http://10.180.1.21/compute/v2.1/servers/5a77431d-deba-49dc-8065-7291fc69f005 1.356s
2025-12-13 04:53:53.765 65517 INFO tempest.lib.common.rest_client [req-6876f486-4b53-4d16-8557-2637ecee8f8d req-6876f486-4b53-4d16-8557-2637ecee8f8d ] Request (ServersV294TestFqdnHostnames:setUpClass): 200 GET http://10.180.1.21/compute/v2.1/servers/73c4ebcc-867b-44ee-a6c9-a70af0fa5368 0.619s
2025-12-13 04:53:53.933 65535 WARNING tempest.lib.common.ssh [-] Failed to establish authenticated ssh connection to cirros@10.180.180.252 ([Errno None] Unable to connect to port 22 on 10.180.180.252). Number attempts: 3. Retry after 4 seconds.: paramiko.ssh_exception.NoValidConnectionsError: [Errno None] Unable to connect to port 22 on 10.180.180.252
2025-12-13 04:53:53.939 65495 INFO tempest.lib.common.rest_client [req-3ff31a50-bb48-4dc6-a32f-14564659b27e req-3ff31a50-bb48-4dc6-a32f-14564659b27e ] Request (SecurityGroupsTestJSON:test_security_groups_create_list_delete): 202 DELETE http://10.180.1.21/compute/v2.1/os-security-groups/5d90e882-531a-49ce-b8e0-cd34fb2cca9e 0.692s
2025-12-13 04:53:54.049 65545 INFO tempest.lib.common.rest_client [req-ccc653c3-0493-4a1d-b807-55cd75066f47 req-ccc653c3-0493-4a1d-b807-55cd75066f47 ] Request (ServersTestJSON:_run_cleanups): 200 GET http://10.180.1.21/compute/v2.1/servers/df96cec4-a47c-4e2b-8db6-ec1452c21bac 0.798s
2025-12-13 04:53:54.202 65507 INFO tempest.lib.common.rest_client [req-de3a4565-952a-41a8-b379-99f9d57e1229 req-de3a4565-952a-41a8-b379-99f9d57e1229 ] Request (MigrationsAdminTest:test_resize_server_revert_deleted_flavor): 200 GET http://10.180.1.21/compute/v2.1/servers/02c73f69-6d13-4f20-bbbf-e6a32f523698 0.923s
2025-12-13 04:53:54.212 65519 INFO tempest.lib.common.rest_client [req-e519fd08-2b1e-4fc2-b156-c9b0239050a1 req-e519fd08-2b1e-4fc2-b156-c9b0239050a1 ] Request (AttachVolumeTestJSON:test_attach_detach_volume): 202 POST http://10.180.1.21/compute/v2.1/servers 1.331s
2025-12-13 04:53:54.312 65521 INFO tempest.lib.common.rest_client [req-f0716529-121b-4d4e-8a63-7c11a87db1a8 req-f0716529-121b-4d4e-8a63-7c11a87db1a8 ] Request (ServersAdmin275Test:tearDownClass): 200 GET http://10.180.1.21/compute/v2.1/servers/a098c4b0-92e3-45b0-80b5-1bff2a5e72d4 0.885s
2025-12-13 04:53:54.347 65485 INFO tempest.lib.common.rest_client [req-2be4f838-5d49-481c-b1c2-20d97ee98f45 req-2be4f838-5d49-481c-b1c2-20d97ee98f45 ] Request (ServersAdminTestJSON:test_list_servers_filter_by_exist_host): 200 GET http://10.180.1.21/compute/v2.1/servers?host=cpu-1&all_tenants=1 1.007s
2025-12-13 04:53:54.418 65539 INFO tempest.lib.common.rest_client [req-49b467e9-f8bb-41c0-99b9-95f891f99438 req-49b467e9-f8bb-41c0-99b9-95f891f99438 ] Request (FloatingIPsAssociationTestJSON:tearDownClass): 200 GET http://10.180.1.21/compute/v2.1/servers/5c856770-b4c6-4988-b065-a000dfe77cc9 0.933s
2025-12-13 04:53:54.441 65537 INFO tempest.lib.common.rest_client [req-061dc665-982c-48af-9dd9-3cd5d11fe676 req-061dc665-982c-48af-9dd9-3cd5d11fe676 ] Request (DeleteServersTestJSON:test_delete_active_server): 204 DELETE http://10.180.1.21/compute/v2.1/servers/8d78413d-466e-4d9a-94f3-3f4df0d2c027 0.937s
2025-12-13 04:53:54.646 65511 INFO tempest.lib.common.rest_client [req-3ed413cd-e32d-4197-b81b-3d62577806cb req-3ed413cd-e32d-4197-b81b-3d62577806cb ] Request (ServersNegativeTestMultiTenantJSON:setUpClass): 200 GET http://10.180.1.21/compute/v2.1/servers/da22ff0b-0310-4c4e-a094-9cab1b9ccaba 1.108s
2025-12-13 04:53:54.694 65525 INFO tempest.lib.common.rest_client [req-c952d691-8e61-4899-bfc7-7cfd52d3bd55 req-c952d691-8e61-4899-bfc7-7cfd52d3bd55 ] Request (ServersTestFqdnHostnames:tearDownClass): 200 GET http://10.180.1.21/compute/v2.1/servers/2905230f-468d-4f4b-9387-a1067bbd6824 1.119s
2025-12-13 04:53:54.733 65503 INFO tempest.lib.common.rest_client [req-ff4af39b-461f-4325-8018-5686da55a8f5 req-ff4af39b-461f-4325-8018-5686da55a8f5 ] Request (ServerPasswordTestJSON:setUpClass): 200 GET http://10.180.1.21/compute/v2.1/servers/aa76c66d-bf40-48e2-ad61-bfd6894a6763 1.141s
2025-12-13 04:53:54.737 65543 INFO tempest.lib.common.rest_client [req-02bf5349-e1ba-4542-8b59-5550d42c235f req-02bf5349-e1ba-4542-8b59-5550d42c235f ] Request (ListImageFiltersTestJSON:setUpClass): 200 GET http://10.180.1.21/compute/v2.1/images/6d65154e-7722-414e-bcb4-b9be08a44c34 1.089s
2025-12-13 04:53:54.741 65503 INFO tempest.common.waiters [-] State transition "BUILD/scheduling" ==> "BUILD/None" after 2 second wait
2025-12-13 04:53:54.781 65505 INFO tempest.lib.common.rest_client [req-e72bf0dd-f82a-4545-87b2-b3806760e4cf req-e72bf0dd-f82a-4545-87b2-b3806760e4cf ] Request (AttachInterfacesUnderV243Test:_run_cleanups): 404 GET http://10.180.1.21/compute/v2.1/servers/af5b7bc6-ad99-4720-9cdf-63c161675f93 0.882s
2025-12-13 04:53:54.804 65483 INFO tempest.lib.common.rest_client [req-3eb4d202-fb0f-417d-af22-65c750ec3132 req-3eb4d202-fb0f-417d-af22-65c750ec3132 ] Request (ServerDiskConfigTestJSON:test_rebuild_server_with_auto_disk_config): 200 GET http://10.180.1.21/compute/v2.1/servers/1153bd4d-a81e-4306-a146-af9b1660e20c 1.131s
2025-12-13 04:53:54.815 65495 INFO tempest.lib.common.rest_client [req-938405f7-aa38-46d1-833a-653e3c3e3ffd req-938405f7-aa38-46d1-833a-653e3c3e3ffd ] Request (SecurityGroupsTestJSON:test_security_groups_create_list_delete): 404 GET http://10.180.1.21/compute/v2.1/os-security-groups/5d90e882-531a-49ce-b8e0-cd34fb2cca9e 0.875s
2025-12-13 04:53:54.961 65533 INFO tempest.lib.common.rest_client [req-50d49cbd-e68e-44d1-9585-cde82adcdb68 req-50d49cbd-e68e-44d1-9585-cde82adcdb68 ] Request (ServerAddressesTestJSON:tearDownClass): 200 GET http://10.180.1.21/compute/v2.1/servers/628c31fa-fe30-487d-a4e0-f4061718b05d 0.861s
2025-12-13 04:53:54.985 65541 INFO tempest.lib.common.rest_client [req-64f64204-6ab4-4988-ada0-a597f2160cd1 req-64f64204-6ab4-4988-ada0-a597f2160cd1 ] Request (ImagesTestJSON:test_create_image_from_suspended_server): 200 GET http://10.180.1.21/compute/v2.1/servers/447959a0-f0a2-4bf9-be22-4ac51f80ab14 0.931s
2025-12-13 04:53:54.993 65541 INFO tempest.common.waiters [-] State transition "ACTIVE/suspending" ==> "SUSPENDED/None" after 1 second wait
2025-12-13 04:53:55.027 65499 INFO tempest.lib.common.rest_client [req-cebb8f18-f226-44ea-8988-337d7200562d req-cebb8f18-f226-44ea-8988-337d7200562d ] Request (MultipleCreateTestJSON:_run_cleanups): 200 GET http://10.180.1.21/compute/v2.1/servers/90c3b707-e4b9-41c5-ab90-2ff8ea1943f7 0.856s
2025-12-13 04:53:55.043 65519 INFO tempest.lib.common.rest_client [req-3068fe2c-f8d4-4f85-b9c2-8905dcd47be4 req-3068fe2c-f8d4-4f85-b9c2-8905dcd47be4 ] Request (AttachVolumeTestJSON:test_attach_detach_volume): 200 GET http://10.180.1.21/compute/v2.1/servers/0958f8a9-3e4b-4427-8d60-923580bed491 0.829s
2025-12-13 04:53:55.080 65485 INFO tempest.lib.common.rest_client [req-db739d28-037e-4377-b5e5-1e0b8bb9e796 req-db739d28-037e-4377-b5e5-1e0b8bb9e796 ] Request (ServersAdminTestJSON:test_list_servers_filter_by_exist_host): 200 GET http://10.180.1.21/compute/v2.1/servers?host=nonexistent_host&all_tenants=1 0.729s
2025-12-13 04:53:55.117 65513 WARNING tempest.lib.common.ssh [-] Failed to establish authenticated ssh connection to cirros@10.180.180.192 ([Errno None] Unable to connect to port 22 on 10.180.180.192). Number attempts: 6. Retry after 7 seconds.: paramiko.ssh_exception.NoValidConnectionsError: [Errno None] Unable to connect to port 22 on 10.180.180.192
2025-12-13 04:53:55.134 65493 INFO tempest.lib.common.rest_client [req-bdf5cde8-0c67-49ec-8aca-556544664106 req-bdf5cde8-0c67-49ec-8aca-556544664106 ] Request (ServerAddressesNegativeTestJSON:setUpClass): 200 GET http://10.180.1.21/compute/v2.1/servers/88dc432e-d38f-4fe5-b93f-5a79179710a6 0.584s
2025-12-13 04:53:55.143 65537 INFO tempest.lib.common.rest_client [req-830415d1-8dfa-4a5d-9292-d17a2c9614bb req-830415d1-8dfa-4a5d-9292-d17a2c9614bb ] Request (DeleteServersTestJSON:test_delete_active_server): 200 GET http://10.180.1.21/compute/v2.1/servers/8d78413d-466e-4d9a-94f3-3f4df0d2c027 0.701s
2025-12-13 04:53:55.201 65489 INFO tempest.lib.common.rest_client [req-45105bb3-a188-427b-bbfd-20cbbd32f635 req-45105bb3-a188-427b-bbfd-20cbbd32f635 ] Request (ImagesOneServerNegativeTestJSON:_run_cleanups): 200 GET http://10.180.1.21/compute/v2.1/servers/5a77431d-deba-49dc-8065-7291fc69f005 0.499s
2025-12-13 04:53:55.218 65505 INFO tempest.lib.common.rest_client [req-b7dd571f-d44a-49ea-aa3d-52af3f624da1 req-b7dd571f-d44a-49ea-aa3d-52af3f624da1 ] Request (AttachInterfacesUnderV243Test:_run_cleanups): 202 DELETE http://10.180.1.21/compute/v2.1/os-keypairs/tempest-keypair-1568619143 0.436s
2025-12-13 04:53:55.248 65497 INFO tempest.lib.common.rest_client [req-f92f5a0d-5fdd-4302-a0e3-db34245d1214 req-f92f5a0d-5fdd-4302-a0e3-db34245d1214 ] Request (ListServersNegativeTestJSON:setUpClass): 200 GET http://10.180.1.21/compute/v2.1/servers/95d73deb-2a84-453c-89af-5b00fbbb781b 0.604s
2025-12-13 04:53:55.278 65517 INFO tempest.lib.common.rest_client [req-66d12d67-e18a-4599-9c4f-9a9c283268d3 req-66d12d67-e18a-4599-9c4f-9a9c283268d3 ] Request (ServersV294TestFqdnHostnames:setUpClass): 200 GET http://10.180.1.21/compute/v2.1/servers/73c4ebcc-867b-44ee-a6c9-a70af0fa5368 0.496s
2025-12-13 04:53:55.322 65505 INFO tempest.lib.common.rest_client [req-611b58db-09b4-4a90-9ed1-59dac82a6e4f req-611b58db-09b4-4a90-9ed1-59dac82a6e4f ] Request (AttachInterfacesUnderV243Test:_run_cleanups): 204 DELETE http://10.180.1.21/networking/v2.0/security-groups/9f8d7b61-36e9-45e8-af54-d7edfeb09ff7 0.104s
2025-12-13 04:53:55.338 65505 INFO tempest.lib.common.rest_client [req-8b76b10c-f7b0-4159-b2e7-ccefb4b6d089 req-8b76b10c-f7b0-4159-b2e7-ccefb4b6d089 ] Request (AttachInterfacesUnderV243Test:_run_cleanups): 404 GET http://10.180.1.21/networking/v2.0/security-groups/9f8d7b61-36e9-45e8-af54-d7edfeb09ff7 0.015s
2025-12-13 04:53:55.417 65495 INFO tempest.lib.common.rest_client [req-16808448-bcf6-425b-9de4-36e5f7a9a7c2 req-16808448-bcf6-425b-9de4-36e5f7a9a7c2 ] Request (SecurityGroupsTestJSON:test_security_groups_create_list_delete): 202 DELETE http://10.180.1.21/compute/v2.1/os-security-groups/dfdb63f6-293c-4f0a-8fee-007c4b3940b4 0.599s
2025-12-13 04:53:55.522 65545 INFO tempest.lib.common.rest_client [req-d06a1000-6c99-4189-b4cd-6eb254b3621a req-d06a1000-6c99-4189-b4cd-6eb254b3621a ] Request (ServersTestJSON:_run_cleanups): 200 GET http://10.180.1.21/compute/v2.1/servers/df96cec4-a47c-4e2b-8db6-ec1452c21bac 0.464s
2025-12-13 04:53:55.595 65485 INFO tempest.lib.common.rest_client [req-e65cbfc7-dc86-4575-8348-75b7cdb90f44 req-e65cbfc7-dc86-4575-8348-75b7cdb90f44 ] Request (ServersAdminTestJSON:test_rebuild_server_in_error_state): 202 POST http://10.180.1.21/compute/v2.1/servers/c43dc7be-b3f6-4ff4-adca-7da96731b6b1/action 0.511s
2025-12-13 04:53:55.711 65505 INFO tempest.lib.common.rest_client [req-c885123b-43d3-4d1e-af3f-859e1c88d5bf req-c885123b-43d3-4d1e-af3f-859e1c88d5bf ] Request (AttachInterfacesUnderV243Test:_run_cleanups): 204 DELETE http://10.180.1.21/networking/v2.0/floatingips/9e5b336d-a1e9-4137-a497-ced303b6127c 0.372s
2025-12-13 04:53:55.795 65507 INFO tempest.lib.common.rest_client [req-2765f978-711b-409c-a9e8-5b9a60b4ebed req-2765f978-711b-409c-a9e8-5b9a60b4ebed ] Request (MigrationsAdminTest:test_resize_server_revert_deleted_flavor): 200 GET http://10.180.1.21/compute/v2.1/servers/02c73f69-6d13-4f20-bbbf-e6a32f523698 0.584s
2025-12-13 04:53:55.816 65541 INFO tempest.lib.common.rest_client [req-b68a9b09-4c27-4558-9ffd-9650cb3bffd1 req-b68a9b09-4c27-4558-9ffd-9650cb3bffd1 ] Request (ImagesTestJSON:test_create_image_from_suspended_server): 202 POST http://10.180.1.21/compute/v2.1/servers/447959a0-f0a2-4bf9-be22-4ac51f80ab14/action 0.822s
2025-12-13 04:53:55.847 65495 INFO tempest.lib.common.rest_client [req-a32ef31b-7f14-4e30-8d89-cfc93a57a0ce req-a32ef31b-7f14-4e30-8d89-cfc93a57a0ce ] Request (SecurityGroupsTestJSON:test_security_groups_create_list_delete): 404 GET http://10.180.1.21/compute/v2.1/os-security-groups/dfdb63f6-293c-4f0a-8fee-007c4b3940b4 0.430s
2025-12-13 04:53:55.885 65521 INFO tempest.lib.common.rest_client [req-1cbfb4f5-51fe-4a90-9f31-0209ddff2dd9 req-1cbfb4f5-51fe-4a90-9f31-0209ddff2dd9 ] Request (ServersAdmin275Test:tearDownClass): 200 GET http://10.180.1.21/compute/v2.1/servers/a098c4b0-92e3-45b0-80b5-1bff2a5e72d4 0.559s
2025-12-13 04:53:55.944 65539 INFO tempest.lib.common.rest_client [req-a066a3a5-54e8-4918-bdd5-68532f4de77e req-a066a3a5-54e8-4918-bdd5-68532f4de77e ] Request (FloatingIPsAssociationTestJSON:tearDownClass): 200 GET http://10.180.1.21/compute/v2.1/servers/5c856770-b4c6-4988-b065-a000dfe77cc9 0.513s
2025-12-13 04:53:56.096 65511 INFO tempest.lib.common.rest_client [req-a0046ea4-b0c4-463a-9118-7e7ee7d6ae7a req-a0046ea4-b0c4-463a-9118-7e7ee7d6ae7a ] Request (ServersNegativeTestMultiTenantJSON:setUpClass): 200 GET http://10.180.1.21/compute/v2.1/servers/da22ff0b-0310-4c4e-a094-9cab1b9ccaba 0.441s
2025-12-13 04:53:56.120 65485 INFO tempest.lib.common.rest_client [req-0fcb4d0d-4eda-4d0a-883b-9131d3719dd4 req-0fcb4d0d-4eda-4d0a-883b-9131d3719dd4 ] Request (ServersAdminTestJSON:test_rebuild_server_in_error_state): 202 POST http://10.180.1.21/compute/v2.1/servers/c43dc7be-b3f6-4ff4-adca-7da96731b6b1/action 0.524s
2025-12-13 04:53:56.144 65505 INFO tempest.lib.common.rest_client [req-f6dcdf59-5bc6-4bfa-b4db-d50c699f961f req-f6dcdf59-5bc6-4bfa-b4db-d50c699f961f ] Request (AttachInterfacesUnderV243Test:tearDownClass): 404 DELETE http://10.180.1.21/compute/v2.1/servers/af5b7bc6-ad99-4720-9cdf-63c161675f93 0.431s
