2025-11-23 03:01:24.406 67532 INFO tempest.lib.common.rest_client [req-600abcf4-a9ea-4d6c-9022-f7e458d0ab46 req-600abcf4-a9ea-4d6c-9022-f7e458d0ab46 ] Request (ServersAdminTestJSON:test_list_servers_filter_by_exist_host): 200 GET http://10.180.1.21/compute/v2.1/servers?host=nonexistent_host&all_tenants=1 0.755s
2025-11-23 03:01:24.453 67572 INFO tempest.lib.common.rest_client [req-120ad534-4b6b-49a9-8471-67ac718e248a req-120ad534-4b6b-49a9-8471-67ac718e248a ] Request (ServerTagsTestJSON:setUpClass): 201 POST http://10.180.1.21/networking/v2.0/subnets 0.212s
2025-11-23 03:01:24.508 67546 INFO tempest.lib.common.rest_client [req-62e55cb9-fb14-47e4-8a0e-46bb91ec564a req-62e55cb9-fb14-47e4-8a0e-46bb91ec564a ] Request (ListServerFiltersTestJSON:test_list_servers_filtered_by_name_regex): 200 GET http://10.180.1.21/compute/v2.1/servers?name=%5E.%2A%5C-instance%5C-.%2A%24 0.789s
2025-11-23 03:01:24.516 67542 INFO tempest.lib.common.rest_client [req-5c81adc7-4ee9-4b69-adaf-05771cec577e req-5c81adc7-4ee9-4b69-adaf-05771cec577e ] Request (ServerGroup264TestJSON:tearDownClass): 200 PUT http://10.180.1.21/networking/v2.0/routers/b1d0b187-14bc-4aa2-93c8-635a97fefe6c/remove_router_interface 0.847s
2025-11-23 03:01:24.979 67542 INFO tempest.lib.common.rest_client [req-18fba197-f950-450f-8f63-53fe95483679 req-18fba197-f950-450f-8f63-53fe95483679 ] Request (ServerGroup264TestJSON:tearDownClass): 204 DELETE http://10.180.1.21/networking/v2.0/routers/b1d0b187-14bc-4aa2-93c8-635a97fefe6c 0.463s
2025-11-23 03:01:25.248 67572 INFO tempest.lib.common.rest_client [req-bdc02bce-357c-4798-bafe-79b021374d8e req-bdc02bce-357c-4798-bafe-79b021374d8e ] Request (ServerTagsTestJSON:setUpClass): 201 POST http://10.180.1.21/networking/v2.0/routers 0.794s
2025-11-23 03:01:25.291 67542 INFO tempest.lib.common.rest_client [req-d8d50861-083a-43d4-8c38-30c75ab45707 req-d8d50861-083a-43d4-8c38-30c75ab45707 ] Request (ServerGroup264TestJSON:tearDownClass): 204 DELETE http://10.180.1.21/networking/v2.0/subnets/d95e02f2-7eed-4853-a70f-129ae1938e0e 0.311s
2025-11-23 03:01:25.328 67580 INFO tempest.lib.common.rest_client [req-5f4a43b2-9612-4ec1-b92b-0d3001bd0ff2 req-5f4a43b2-9612-4ec1-b92b-0d3001bd0ff2 ] Request (AttachInterfacesUnderV243Test:test_add_remove_fixed_ip): 200 GET http://10.180.1.21/compute/v2.1/servers/477ee93b-fc99-415c-a6c8-496796072b85 1.401s
2025-11-23 03:01:25.356 67570 INFO tempest.lib.common.rest_client [req-d6b26876-3689-4997-8259-8c9310529e75 req-d6b26876-3689-4997-8259-8c9310529e75 ] Request (VolumesAssistedSnapshotsTest:test_volume_assisted_snapshot_create_delete): 204 DELETE http://10.180.1.21/compute/v2.1/os-assisted-volume-snapshots/None?delete_info=%7B%22volume_id%22%3A+%227a8f2e30-0ca1-4057-9d07-46640d501abc%22%7D 1.405s
2025-11-23 03:01:25.405 67570 INFO tempest.lib.common.rest_client [req-2dd13ad8-4e95-43d1-8924-c7f16e213cc9 req-2dd13ad8-4e95-43d1-8924-c7f16e213cc9 ] Request (VolumesAssistedSnapshotsTest:_run_cleanups): 200 GET http://10.180.1.21/volume/v3/volumes/7a8f2e30-0ca1-4057-9d07-46640d501abc 0.048s
2025-11-23 03:01:25.787 67574 WARNING tempest.lib.common.ssh [-] Failed to establish authenticated ssh connection to cirros@10.180.180.164 ([Errno None] Unable to connect to port 22 on 10.180.180.164). Number attempts: 3. Retry after 4 seconds.: paramiko.ssh_exception.NoValidConnectionsError: [Errno None] Unable to connect to port 22 on 10.180.180.164
2025-11-23 03:01:25.908 67542 INFO tempest.lib.common.rest_client [req-40f33beb-3c0f-4004-a01a-8c2bf1bbc990 req-40f33beb-3c0f-4004-a01a-8c2bf1bbc990 ] Request (ServerGroup264TestJSON:tearDownClass): 204 DELETE http://10.180.1.21/networking/v2.0/networks/52764452-6e17-4ce7-9eef-6927a4e0dfbc 0.617s
2025-11-23 03:01:26.026 67542 INFO tempest.lib.common.rest_client [req-68868adb-46c5-443f-a830-85e89c2f3842 req-68868adb-46c5-443f-a830-85e89c2f3842 ] Request (ServerGroup264TestJSON:tearDownClass): 204 DELETE http://10.180.1.21/identity/v3/users/0e6c56d93f4a4692b07c591b47af2cf7 0.117s
2025-11-23 03:01:26.026 67542 INFO tempest.lib.common.dynamic_creds [-] Deleting project and security group for project: c85ea9942f454d5e8a01d7fd64728e6d
2025-11-23 03:01:26.152 67534 INFO tempest.lib.common.rest_client [req-28d78706-0789-47ca-a556-d03769aa74b6 req-28d78706-0789-47ca-a556-d03769aa74b6 ] Request (InstanceActionsNegativeTestJSON:setUpClass): 200 GET http://10.180.1.21/compute/v2.1/servers/f3e1809d-a0b8-4d4a-84dc-66f1097ba937 2.016s
2025-11-23 03:01:26.172 67568 WARNING tempest.lib.common.ssh [-] Failed to establish authenticated ssh connection to cirros@10.180.180.217 ([Errno None] Unable to connect to port 22 on 10.180.180.217). Number attempts: 5. Retry after 6 seconds.: paramiko.ssh_exception.NoValidConnectionsError: [Errno None] Unable to connect to port 22 on 10.180.180.217
2025-11-23 03:01:26.186 67542 INFO tempest.lib.common.rest_client [req-9ed44ac9-d0d5-4514-b574-ccccae83be6b req-9ed44ac9-d0d5-4514-b574-ccccae83be6b ] Request (ServerGroup264TestJSON:tearDownClass): 200 GET http://10.180.1.21/networking/v2.0/security-groups?tenant_id=c85ea9942f454d5e8a01d7fd64728e6d&name=default 0.160s
2025-11-23 03:01:26.417 67542 INFO tempest.lib.common.rest_client [req-4d5dfd97-9d5b-4788-b7b7-35034b4f795d req-4d5dfd97-9d5b-4788-b7b7-35034b4f795d ] Request (ServerGroup264TestJSON:tearDownClass): 204 DELETE http://10.180.1.21/networking/v2.0/security-groups/3c4f12ea-7a0b-4046-a0b2-606ca23da6c7 0.231s
2025-11-23 03:01:26.448 67538 INFO tempest.lib.common.rest_client [req-7d86e980-7938-4d37-a993-fd20bb151703 req-7d86e980-7938-4d37-a993-fd20bb151703 ] Request (SecurityGroupsTestJSON:test_server_security_groups): 200 GET http://10.180.1.21/compute/v2.1/servers/6ff358b7-f2aa-4e0f-bc2f-b2e7b685aa6b 2.298s
2025-11-23 03:01:26.521 67572 INFO tempest.lib.common.rest_client [req-5076c425-b564-4fdb-b46b-27ecbc4df006 req-5076c425-b564-4fdb-b46b-27ecbc4df006 ] Request (ServerTagsTestJSON:setUpClass): 200 PUT http://10.180.1.21/networking/v2.0/routers/5137bf8d-5ae3-4e07-8ee9-9d5828381b3e/add_router_interface 1.273s
2025-11-23 03:01:26.521 67572 INFO tempest.lib.common.dynamic_creds [-] Created isolated network resources for: credentials: Credentials: {'domain_id': 'default', 'domain_name': 'Default', 'username': 'tempest-ServerTagsTestJSON-407050034-project-member', 'project_domain_id': 'default', 'project_domain_name': 'Default', 'project_id': '3bece91bfa8949e7b605fe4e426b5433', 'project_name': 'tempest-ServerTagsTestJSON-407050034', 'tenant_id': '3bece91bfa8949e7b605fe4e426b5433', 'tenant_name': 'tempest-ServerTagsTestJSON-407050034', 'user_domain_id': 'default', 'user_domain_name': 'Default', 'user_id': '6361a1c674c9426cb82c0bd573c02853', 'system': None}, Network: {'id': '48878f50-83c5-4a02-b2eb-512822bf37f7', 'name': 'tempest-ServerTagsTestJSON-1918882608-network', 'tenant_id': '3bece91bfa8949e7b605fe4e426b5433', 'project_id': '3bece91bfa8949e7b605fe4e426b5433', 'admin_state_up': True, 'mtu': 8950, 'status': 'ACTIVE', 'subnets': [], 'shared': False, 'port_security_enabled': True, 'router:external': False, 'provider:network_type': 'vlan', 'provider:physical_network': 'default', 'provider:segmentation_id': 280, 'availability_zone_hints': [], 'availability_zones': [], 'ipv4_address_scope': None, 'ipv6_address_scope': None, 'description': '', 'tags': [], 'created_at': '2025-11-23T03:01:24Z', 'updated_at': '2025-11-23T03:01:24Z', 'revision_number': 1}, Subnet: {'id': '1834af2a-472f-4639-a4a3-ddd6e31ea114', 'name': 'tempest-ServerTagsTestJSON-1918882608-subnet', 'tenant_id': '3bece91bfa8949e7b605fe4e426b5433', 'network_id': '48878f50-83c5-4a02-b2eb-512822bf37f7', 'ip_version': 4, 'subnetpool_id': None, 'enable_dhcp': True, 'ipv6_ra_mode': None, 'ipv6_address_mode': None, 'gateway_ip': '192.168.128.1', 'cidr': '192.168.128.0/28', 'allocation_pools': [{'start': '192.168.128.2', 'end': '192.168.128.14'}], 'host_routes': [], 'dns_nameservers': [], 'description': '', 'router:external': False, 'service_types': [], 'tags': [], 'created_at': '2025-11-23T03:01:24Z', 'updated_at': '2025-11-23T03:01:24Z', 'revision_number': 0, 'project_id': '3bece91bfa8949e7b605fe4e426b5433'}, Router: {'id': '5137bf8d-5ae3-4e07-8ee9-9d5828381b3e', 'name': 'tempest-ServerTagsTestJSON-1918882608-router', 'tenant_id': '3bece91bfa8949e7b605fe4e426b5433', 'admin_state_up': True, 'status': 'ACTIVE', 'external_gateway_info': {'network_id': 'c8ac6d81-241e-4503-bb07-e2231c138cf7', 'external_fixed_ips': [{'subnet_id': 'bc108464-51f8-4fc6-81f6-1ffcfbecfd08', 'ip_address': '10.180.180.168'}], 'enable_snat': True}, 'description': '', 'availability_zones': [], 'distributed': False, 'ha': False, 'availability_zone_hints': [], 'routes': [], 'flavor_id': None, 'tags': [], 'created_at': '2025-11-23T03:01:24Z', 'updated_at': '2025-11-23T03:01:24Z', 'revision_number': 2, 'project_id': '3bece91bfa8949e7b605fe4e426b5433'}
2025-11-23 03:01:26.556 67556 INFO tempest.lib.common.rest_client [req-47b6e508-d54c-49de-8969-4a197b4fc58c req-47b6e508-d54c-49de-8969-4a197b4fc58c ] Request (ImagesTestJSON:test_create_image_from_suspended_server): 200 GET http://10.180.1.21/compute/v2.1/servers/f765b8d4-90c2-45b1-99c7-a6e89c7a71bd 2.353s
2025-11-23 03:01:26.627 67542 INFO tempest.lib.common.rest_client [req-3f99ed4f-ab67-4e1f-8a5a-58d6ac9e8949 req-3f99ed4f-ab67-4e1f-8a5a-58d6ac9e8949 ] Request (ServerGroup264TestJSON:tearDownClass): 204 DELETE http://10.180.1.21/identity/v3/projects/c85ea9942f454d5e8a01d7fd64728e6d 0.209s
2025-11-23 03:01:26.663 67564 INFO tempest.lib.common.rest_client [req-552f4af4-7a55-4856-b849-9cc64454e609 req-552f4af4-7a55-4856-b849-9cc64454e609 ] Request (DeleteServersTestJSON:test_delete_active_server): 200 GET http://10.180.1.21/compute/v2.1/servers/b6b5dab8-6446-42c0-8a5f-01d14d77b78e 2.384s
2025-11-23 03:01:26.678 67572 INFO tempest.lib.common.rest_client [req-1451b232-0b93-4a47-823b-9c46a0f6d6e5 req-1451b232-0b93-4a47-823b-9c46a0f6d6e5 ] Request (ServerTagsTestJSON:setUpClass): 201 POST http://10.180.1.21/identity/v3/auth/tokens 0.151s
2025-11-23 03:01:26.710 67542 INFO tempest.lib.common.rest_client [req-51d68a7b-3bcf-48c6-8286-b312eb4cb13c req-51d68a7b-3bcf-48c6-8286-b312eb4cb13c ] Request (ServerMetadataTestJSON:setUpClass): 201 POST http://10.180.1.21/identity/v3/auth/tokens 0.082s
2025-11-23 03:01:26.712 67572 INFO tempest.lib.common.rest_client [req-0ddc55b1-3abe-4131-8dc3-2009301b95aa req-0ddc55b1-3abe-4131-8dc3-2009301b95aa ] Request (ServerTagsTestJSON:setUpClass): 201 POST http://10.180.1.21/identity/v3/auth/tokens 0.030s
2025-11-23 03:01:26.712 67572 INFO tempest.lib.common.fixed_network [-] (ServerTagsTestJSON:setUpClass) Found network {'id': '48878f50-83c5-4a02-b2eb-512822bf37f7', 'name': 'tempest-ServerTagsTestJSON-1918882608-network', 'tenant_id': '3bece91bfa8949e7b605fe4e426b5433', 'project_id': '3bece91bfa8949e7b605fe4e426b5433', 'admin_state_up': True, 'mtu': 8950, 'status': 'ACTIVE', 'subnets': [], 'shared': False, 'port_security_enabled': True, 'router:external': False, 'provider:network_type': 'vlan', 'provider:physical_network': 'default', 'provider:segmentation_id': 280, 'availability_zone_hints': [], 'availability_zones': [], 'ipv4_address_scope': None, 'ipv6_address_scope': None, 'description': '', 'tags': [], 'created_at': '2025-11-23T03:01:24Z', 'updated_at': '2025-11-23T03:01:24Z', 'revision_number': 1} available for tenant
2025-11-23 03:01:26.743 67542 INFO tempest.lib.common.rest_client [req-c58e10b9-00a9-4352-9d07-b2e8be188258 req-c58e10b9-00a9-4352-9d07-b2e8be188258 ] Request (ServerMetadataTestJSON:setUpClass): 201 POST http://10.180.1.21/identity/v3/auth/tokens 0.030s
2025-11-23 03:01:26.748 67540 WARNING tempest.lib.common.ssh [-] Failed to establish authenticated ssh connection to cirros@10.180.180.137 ([Errno None] Unable to connect to port 22 on 10.180.180.137). Number attempts: 2. Retry after 3 seconds.: paramiko.ssh_exception.NoValidConnectionsError: [Errno None] Unable to connect to port 22 on 10.180.180.137
2025-11-23 03:01:26.776 67542 INFO tempest.lib.common.rest_client [req-5e5adb59-668d-407b-8468-663c1bbed3c4 req-5e5adb59-668d-407b-8468-663c1bbed3c4 ] Request (ServerMetadataTestJSON:setUpClass): 200 GET http://10.180.1.21/identity/v3/domains?name=Default 0.033s
2025-11-23 03:01:26.792 67576 INFO tempest.lib.common.rest_client [req-72901cbc-be02-4d50-80bc-e12229fc81f3 req-72901cbc-be02-4d50-80bc-e12229fc81f3 ] Request (ServerRescueTestJSONUnderV235:test_rescued_vm_associate_dissociate_floating_ip): 202 POST http://10.180.1.21/compute/v2.1/servers/c826d66f-3ddc-4cf7-9474-5050ea12536b/action 3.744s
2025-11-23 03:01:26.811 67542 INFO tempest.lib.common.rest_client [req-1f021eeb-fb8a-4cb0-b5f1-2f99e2221458 req-1f021eeb-fb8a-4cb0-b5f1-2f99e2221458 ] Request (ServerMetadataTestJSON:setUpClass): 201 POST http://10.180.1.21/identity/v3/projects 0.034s
2025-11-23 03:01:26.831 67584 INFO tempest.lib.common.rest_client [req-abfc8a86-d9da-4fff-ac60-0768971af8a5 req-abfc8a86-d9da-4fff-ac60-0768971af8a5 ] Request (ServerAddressesTestJSON:test_list_server_addresses_by_network): 200 GET http://10.180.1.21/compute/v2.1/servers/3ebeaeb4-baa4-4d69-b3bc-c50c18dd48e1/ips/tempest-ServerAddressesTestJSON-1343952153-network 2.495s
2025-11-23 03:01:26.835 67544 INFO tempest.lib.common.rest_client [req-5b7b71cc-3b95-4fbb-a8f7-3550b94b6c00 req-5b7b71cc-3b95-4fbb-a8f7-3550b94b6c00 ] Request (MigrationsAdminTest:test_list_migrations_in_flavor_resize_situation): 200 GET http://10.180.1.21/compute/v2.1/servers/918f09f8-43a7-420c-9c88-d4ac8a4d0132 2.515s
2025-11-23 03:01:26.844 67544 INFO tempest.common.waiters [-] State transition "VERIFY_RESIZE/None" ==> "ACTIVE/None" after 31 second wait
2025-11-23 03:01:26.858 67550 INFO tempest.lib.common.rest_client [req-566ce64a-b873-4e29-b515-eb38c148abd3 req-566ce64a-b873-4e29-b515-eb38c148abd3 ] Request (ImagesMetadataNegativeTestJSON:test_update_nonexistent_image_metadata): 404 POST http://10.180.1.21/compute/v2.1/images/31b53bde-22a6-4a47-9eb4-8421c7cee6a8/metadata 2.506s
2025-11-23 03:01:26.893 67542 INFO tempest.lib.common.rest_client [req-b8290c53-a650-4902-ad32-2fc264359c34 req-b8290c53-a650-4902-ad32-2fc264359c34 ] Request (ServerMetadataTestJSON:setUpClass): 201 POST http://10.180.1.21/identity/v3/users 0.081s
2025-11-23 03:01:26.912 67560 INFO tempest.lib.common.rest_client [req-83e09708-6e13-4c13-9654-fd0a409b0aee req-83e09708-6e13-4c13-9654-fd0a409b0aee ] Request (ServersListShow2100Test:test_list_show_rebuild_update_server_2100): 200 GET http://10.180.1.21/compute/v2.1/servers/b0bbdb2d-beed-4386-bf9a-adcb21eb433c 2.543s
2025-11-23 03:01:26.926 67542 INFO tempest.lib.common.rest_client [req-4ac57e07-b441-4bb0-9662-0add909512bf req-4ac57e07-b441-4bb0-9662-0add909512bf ] Request (ServerMetadataTestJSON:setUpClass): 200 GET http://10.180.1.21/identity/v3/roles 0.032s
2025-11-23 03:01:26.933 67532 INFO tempest.lib.common.rest_client [req-5633c4d6-5de4-4926-93e1-f0d27ddbf62e req-5633c4d6-5de4-4926-93e1-f0d27ddbf62e ] Request (ServersAdminTestJSON:test_rebuild_server_in_error_state): 202 POST http://10.180.1.21/compute/v2.1/servers/c62d675a-8676-4dde-a876-e20e73a67a1c/action 2.521s
2025-11-23 03:01:26.959 67542 INFO tempest.lib.common.rest_client [req-57b2b18c-22e5-41cc-80b1-3f70a810f00d req-57b2b18c-22e5-41cc-80b1-3f70a810f00d ] Request (ServerMetadataTestJSON:setUpClass): 204 PUT http://10.180.1.21/identity/v3/projects/f04b0e6047fe48a48ee24f3e7216be68/users/8680ff70d7044a91bc3db6a70f461ba2/roles/d03dd706595947f5874adee4249b9305 0.032s
2025-11-23 03:01:26.959 67542 INFO tempest.lib.common.dynamic_creds [-] Dynamic test user 8680ff70d7044a91bc3db6a70f461ba2 is created with scope project and roles: ['member']
2025-11-23 03:01:26.959 67542 INFO tempest.lib.common.dynamic_creds [-] Acquired dynamic creds: credentials: Credentials: {'domain_id': 'default', 'domain_name': 'Default', 'username': 'tempest-ServerMetadataTestJSON-1360535931-project-member', 'project_domain_id': 'default', 'project_domain_name': 'Default', 'project_id': 'f04b0e6047fe48a48ee24f3e7216be68', 'project_name': 'tempest-ServerMetadataTestJSON-1360535931', 'tenant_id': 'f04b0e6047fe48a48ee24f3e7216be68', 'tenant_name': 'tempest-ServerMetadataTestJSON-1360535931', 'user_domain_id': 'default', 'user_domain_name': 'Default', 'user_id': '8680ff70d7044a91bc3db6a70f461ba2', 'system': None}, Network: None, Subnet: None, Router: None
2025-11-23 03:01:26.968 67528 INFO tempest.lib.common.rest_client [req-c9987b95-798c-4c0d-adee-69ca6f4c7db1 req-c9987b95-798c-4c0d-adee-69ca6f4c7db1 ] Request (ServersNegativeTestJSON:setUpClass): 200 GET http://10.180.1.21/compute/v2.1/servers/b67ecda8-5f69-40f3-8bc0-fef3333dc29e 2.521s
2025-11-23 03:01:26.988 67550 INFO tempest.lib.common.rest_client [req-f8036bf0-9b13-4cc8-b4b2-e2a617282bcc req-f8036bf0-9b13-4cc8-b4b2-e2a617282bcc ] Request (ImagesMetadataNegativeTestJSON:tearDownClass): 204 DELETE http://10.180.1.21/identity/v3/users/fd3d6c8931b64ea5b72d617a58ed0b07 0.128s
2025-11-23 03:01:26.988 67550 INFO tempest.lib.common.dynamic_creds [-] Deleting project and security group for project: d8d50b7bfdb24c699a7b7ff89c7fcc26
2025-11-23 03:01:27.025 67546 INFO tempest.lib.common.rest_client [req-7f160b94-8061-41de-9cf3-7eabf8de28c6 req-7f160b94-8061-41de-9cf3-7eabf8de28c6 ] Request (ListServerFiltersTestJSON:test_list_servers_filtered_by_name_regex): 200 GET http://10.180.1.21/compute/v2.1/servers?name=-942053511 2.514s
2025-11-23 03:01:27.048 67542 INFO tempest.lib.common.rest_client [req-38d562ee-eb0d-4ee4-a1bf-258555845886 req-38d562ee-eb0d-4ee4-a1bf-258555845886 ] Request (ServerMetadataTestJSON:setUpClass): 201 POST http://10.180.1.21/identity/v3/auth/tokens 0.087s
2025-11-23 03:01:27.053 67552 INFO tempest.lib.common.rest_client [req-b70bfb19-f2f0-46d1-a4ef-6555f41ec5a3 req-b70bfb19-f2f0-46d1-a4ef-6555f41ec5a3 ] Request (FloatingIPsAssociationTestJSON:setUpClass): 200 GET http://10.180.1.21/compute/v2.1/servers/e0b14d17-bf4f-4472-8181-252956b96722 2.600s
2025-11-23 03:01:27.061 67552 INFO tempest.common.waiters [-] State transition "BUILD/spawning" ==> "ACTIVE/None" after 34 second wait
2025-11-23 03:01:27.068 67550 INFO tempest.lib.common.rest_client [req-54d95a1a-baa2-49e1-89c5-2b1250ed50d9 req-54d95a1a-baa2-49e1-89c5-2b1250ed50d9 ] Request (ImagesMetadataNegativeTestJSON:tearDownClass): 201 POST http://10.180.1.21/identity/v3/auth/tokens 0.079s
2025-11-23 03:01:27.091 67588 INFO tempest.lib.common.rest_client [req-d6f6337f-9e39-4454-8046-6ad1fd269c7b req-d6f6337f-9e39-4454-8046-6ad1fd269c7b ] Request (ServersListShow298Test:test_list_show_update_rebuild_server_298): 200 GET http://10.180.1.21/compute/v2.1/servers/461c11cd-056f-40cb-bdd5-e21d0079531e 2.577s
2025-11-23 03:01:27.103 67588 INFO tempest.common.waiters [-] State transition "REBUILD/rebuild_spawning" ==> "ACTIVE/None" after 11 second wait
2025-11-23 03:01:27.133 67562 WARNING tempest.lib.common.ssh [-] Failed to establish authenticated ssh connection to cirros@10.180.180.222 ([Errno None] Unable to connect to port 22 on 10.180.180.222). Number attempts: 9. Retry after 10 seconds.: paramiko.ssh_exception.NoValidConnectionsError: [Errno None] Unable to connect to port 22 on 10.180.180.222
2025-11-23 03:01:27.230 67550 INFO tempest.lib.common.rest_client [req-f0df5382-567b-4ab7-98fa-4db033d9a448 req-f0df5382-567b-4ab7-98fa-4db033d9a448 ] Request (ImagesMetadataNegativeTestJSON:tearDownClass): 200 GET http://10.180.1.21/networking/v2.0/security-groups?tenant_id=d8d50b7bfdb24c699a7b7ff89c7fcc26&name=default 0.162s
2025-11-23 03:01:27.259 67566 INFO tempest.lib.common.rest_client [req-fa67da66-fc24-461b-8a21-a1cb08d5878c req-fa67da66-fc24-461b-8a21-a1cb08d5878c ] Request (ServerActionsTestOtherB:setUpClass): 200 GET http://10.180.1.21/compute/v2.1/servers/e734f3a9-8d32-481a-8fba-8009b36f728f 2.740s
2025-11-23 03:01:27.271 67536 INFO tempest.lib.common.rest_client [req-122f7214-380e-42fd-89b0-b7659982fc1b req-122f7214-380e-42fd-89b0-b7659982fc1b ] Request (AttachInterfacesTestJSON:test_create_list_show_delete_interfaces_by_fixed_ip): 200 GET http://10.180.1.21/compute/v2.1/servers/e364ff57-edf9-4ad5-afc5-ea6f519c1b40 2.695s
2025-11-23 03:01:27.337 67542 INFO tempest.lib.common.rest_client [req-561040ea-7726-4b99-ba59-d9ef4c0e38e7 req-561040ea-7726-4b99-ba59-d9ef4c0e38e7 ] Request (ServerMetadataTestJSON:setUpClass): 201 POST http://10.180.1.21/networking/v2.0/networks 0.288s
2025-11-23 03:01:27.351 67550 INFO tempest.lib.common.rest_client [req-248880c9-2ff2-408f-82c8-71f335206105 req-248880c9-2ff2-408f-82c8-71f335206105 ] Request (ImagesMetadataNegativeTestJSON:tearDownClass): 204 DELETE http://10.180.1.21/networking/v2.0/security-groups/6bc4e188-883b-421e-aac0-f03d726283ff 0.120s
2025-11-23 03:01:27.362 67530 INFO tempest.lib.common.rest_client [req-5c9c4865-d489-4d86-9302-daae01cb0917 req-5c9c4865-d489-4d86-9302-daae01cb0917 ] Request (ServersTestMultiNic:test_verify_multiple_nics_order): 200 GET http://10.180.1.21/compute/v2.1/servers/d9e00ef1-f6af-4b14-a74c-cef405582a9b 2.693s
2025-11-23 03:01:27.372 67590 INFO tempest.lib.common.rest_client [req-a5db1f12-0486-41c7-b586-9c5025e16091 req-a5db1f12-0486-41c7-b586-9c5025e16091 ] Request (ImagesOneServerNegativeTestJSON:_run_cleanups): 200 GET http://10.180.1.21/compute/v2.1/servers/d32661f5-7eb0-4748-824c-454d70d31af2 2.574s
2025-11-23 03:01:27.423 67586 INFO tempest.lib.common.rest_client [req-9359bc58-fd8c-4711-b91c-e70e8a397fc4 req-9359bc58-fd8c-4711-b91c-e70e8a397fc4 ] Request (ServerDiskConfigTestJSON:test_rebuild_server_with_manual_disk_config): 200 GET http://10.180.1.21/compute/v2.1/servers/a80a0db1-3ac0-4c87-979e-541d0aa623d5 2.605s
2025-11-23 03:01:27.428 67550 INFO tempest.lib.common.rest_client [req-387fde47-6248-4a21-bb88-f448d6fd3548 req-387fde47-6248-4a21-bb88-f448d6fd3548 ] Request (ImagesMetadataNegativeTestJSON:tearDownClass): 204 DELETE http://10.180.1.21/identity/v3/projects/d8d50b7bfdb24c699a7b7ff89c7fcc26 0.075s
2025-11-23 03:01:27.441 67548 INFO tempest.lib.common.rest_client [req-d1cdfb7f-f39c-425c-9abb-86d43d7d4171 req-d1cdfb7f-f39c-425c-9abb-86d43d7d4171 ] Request (ServersV294TestFqdnHostnames:tearDownClass): 200 GET http://10.180.1.21/compute/v2.1/servers/1acbaf9e-3972-48de-af17-359e9cbdb8d7 2.544s
2025-11-23 03:01:27.511 67558 INFO tempest.lib.common.rest_client [req-e4fc10f5-9c12-4006-be39-fc3794e51f9c req-e4fc10f5-9c12-4006-be39-fc3794e51f9c ] Request (ServersListShow296Test:test_list_show_update_rebuild_server_296): 200 GET http://10.180.1.21/compute/v2.1/servers/9c7df655-c49f-45c0-8c67-73d9259ddeaa 2.215s
2025-11-23 03:01:27.522 67558 INFO tempest.common.waiters [-] State transition "REBUILD/rebuilding" ==> "REBUILD/rebuild_spawning" after 3 second wait
2025-11-23 03:01:27.527 67550 INFO tempest.lib.common.rest_client [req-694d24f0-0871-401b-b8c9-fa60dd90d062 req-694d24f0-0871-401b-b8c9-fa60dd90d062 ] Request (ServerAddressesNegativeTestJSON:setUpClass): 201 POST http://10.180.1.21/identity/v3/auth/tokens 0.097s
2025-11-23 03:01:27.529 67542 INFO tempest.lib.common.rest_client [req-d7878f4f-8afa-45d1-8080-31faad971b6e req-d7878f4f-8afa-45d1-8080-31faad971b6e ] Request (ServerMetadataTestJSON:setUpClass): 201 POST http://10.180.1.21/networking/v2.0/subnets 0.191s
2025-11-23 03:01:27.531 67554 INFO tempest.lib.common.rest_client [req-52f03526-beca-4677-a5a9-918f7ae34ef7 req-52f03526-beca-4677-a5a9-918f7ae34ef7 ] Request (InstanceActionsTestJSON:setUpClass): 200 GET http://10.180.1.21/compute/v2.1/servers/e7423c39-2dd4-429d-963c-9829b9473ee9 2.223s
2025-11-23 03:01:27.559 67580 INFO tempest.lib.common.rest_client [req-0242fb51-3b2e-4f7a-a9e1-9f39b4e0035e req-0242fb51-3b2e-4f7a-a9e1-9f39b4e0035e ] Request (AttachInterfacesUnderV243Test:test_add_remove_fixed_ip): 202 POST http://10.180.1.21/compute/v2.1/servers/477ee93b-fc99-415c-a6c8-496796072b85/action 2.220s
2025-11-23 03:01:27.573 67550 INFO tempest.lib.common.rest_client [req-49bfa7b9-4458-417c-8f91-fedd3cf48594 req-49bfa7b9-4458-417c-8f91-fedd3cf48594 ] Request (ServerAddressesNegativeTestJSON:setUpClass): 201 POST http://10.180.1.21/identity/v3/auth/tokens 0.043s
2025-11-23 03:01:27.616 67550 INFO tempest.lib.common.rest_client [req-9593b7f2-8979-44f5-975b-dcf66876f1d3 req-9593b7f2-8979-44f5-975b-dcf66876f1d3 ] Request (ServerAddressesNegativeTestJSON:setUpClass): 200 GET http://10.180.1.21/identity/v3/domains?name=Default 0.041s
2025-11-23 03:01:27.654 67550 INFO tempest.lib.common.rest_client [req-f4167d9e-dba2-4280-a6ee-510b6bd43f8e req-f4167d9e-dba2-4280-a6ee-510b6bd43f8e ] Request (ServerAddressesNegativeTestJSON:setUpClass): 201 POST http://10.180.1.21/identity/v3/projects 0.038s
2025-11-23 03:01:27.733 67550 INFO tempest.lib.common.rest_client [req-d25cb6e3-8d11-4fe3-a99d-ae0cddb849fe req-d25cb6e3-8d11-4fe3-a99d-ae0cddb849fe ] Request (ServerAddressesNegativeTestJSON:setUpClass): 201 POST http://10.180.1.21/identity/v3/users 0.077s
2025-11-23 03:01:27.758 67570 INFO tempest.lib.common.rest_client [req-1163d05d-a20f-4040-a147-7d447242431f req-1163d05d-a20f-4040-a147-7d447242431f ] Request (VolumesAssistedSnapshotsTest:_run_cleanups): 202 DELETE http://10.180.1.21/compute/v2.1/servers/34665307-343f-43a4-a6da-140a9be93b11/os-volume_attachments/7a8f2e30-0ca1-4057-9d07-46640d501abc 2.346s
2025-11-23 03:01:27.758 67550 INFO tempest.lib.common.rest_client [req-4a537816-a153-4119-92e8-7634d136992c req-4a537816-a153-4119-92e8-7634d136992c ] Request (ServerAddressesNegativeTestJSON:setUpClass): 200 GET http://10.180.1.21/identity/v3/roles 0.025s
2025-11-23 03:01:27.791 67550 INFO tempest.lib.common.rest_client [req-64519f00-9c5c-4ddc-8bf9-47ce15a91fa5 req-64519f00-9c5c-4ddc-8bf9-47ce15a91fa5 ] Request (ServerAddressesNegativeTestJSON:setUpClass): 204 PUT http://10.180.1.21/identity/v3/projects/8b7e03c576fa4838914650ea86315a0f/users/bf55f98d9c01448f9f10bcd04a72c84f/roles/d03dd706595947f5874adee4249b9305 0.032s
2025-11-23 03:01:27.791 67550 INFO tempest.lib.common.dynamic_creds [-] Dynamic test user bf55f98d9c01448f9f10bcd04a72c84f is created with scope project and roles: ['member']
2025-11-23 03:01:27.792 67550 INFO tempest.lib.common.dynamic_creds [-] Acquired dynamic creds: credentials: Credentials: {'domain_id': 'default', 'domain_name': 'Default', 'username': 'tempest-ServerAddressesNegativeTestJSON-10688833-project-member', 'project_domain_id': 'default', 'project_domain_name': 'Default', 'project_id': '8b7e03c576fa4838914650ea86315a0f', 'project_name': 'tempest-ServerAddressesNegativeTestJSON-10688833', 'tenant_id': '8b7e03c576fa4838914650ea86315a0f', 'tenant_name': 'tempest-ServerAddressesNegativeTestJSON-10688833', 'user_domain_id': 'default', 'user_domain_name': 'Default', 'user_id': 'bf55f98d9c01448f9f10bcd04a72c84f', 'system': None}, Network: None, Subnet: None, Router: None
2025-11-23 03:01:27.852 67550 INFO tempest.lib.common.rest_client [req-53aa5f2b-414d-4b1f-b5db-81c8d19c4aac req-53aa5f2b-414d-4b1f-b5db-81c8d19c4aac ] Request (ServerAddressesNegativeTestJSON:setUpClass): 201 POST http://10.180.1.21/identity/v3/auth/tokens 0.060s
2025-11-23 03:01:28.225 67550 INFO tempest.lib.common.rest_client [req-74ba0f0e-24b2-49b9-8f43-baa5d4e57f3c req-74ba0f0e-24b2-49b9-8f43-baa5d4e57f3c ] Request (ServerAddressesNegativeTestJSON:setUpClass): 201 POST http://10.180.1.21/networking/v2.0/networks 0.372s
2025-11-23 03:01:28.347 67542 INFO tempest.lib.common.rest_client [req-8ae92b26-6e94-432a-aa64-0687c98ba6ab req-8ae92b26-6e94-432a-aa64-0687c98ba6ab ] Request (ServerMetadataTestJSON:setUpClass): 201 POST http://10.180.1.21/networking/v2.0/routers 0.817s
2025-11-23 03:01:28.540 67550 INFO tempest.lib.common.rest_client [req-bc0aff24-12a6-4999-bbb8-a0c6e6e0a656 req-bc0aff24-12a6-4999-bbb8-a0c6e6e0a656 ] Request (ServerAddressesNegativeTestJSON:setUpClass): 201 POST http://10.180.1.21/networking/v2.0/subnets 0.314s
2025-11-23 03:01:29.499 67550 INFO tempest.lib.common.rest_client [req-f0394787-d995-4fd7-b211-3320e3ed67cb req-f0394787-d995-4fd7-b211-3320e3ed67cb ] Request (ServerAddressesNegativeTestJSON:setUpClass): 201 POST http://10.180.1.21/networking/v2.0/routers 0.958s
2025-11-23 03:01:29.930 67542 INFO tempest.lib.common.rest_client [req-025e31a8-932a-418f-b4f3-b84f7681667a req-025e31a8-932a-418f-b4f3-b84f7681667a ] Request (ServerMetadataTestJSON:setUpClass): 200 PUT http://10.180.1.21/networking/v2.0/routers/50aa2c36-6673-47e4-baad-54ec2f737e40/add_router_interface 1.582s
2025-11-23 03:01:29.930 67542 INFO tempest.lib.common.dynamic_creds [-] Created isolated network resources for: credentials: Credentials: {'domain_id': 'default', 'domain_name': 'Default', 'username': 'tempest-ServerMetadataTestJSON-1360535931-project-member', 'project_domain_id': 'default', 'project_domain_name': 'Default', 'project_id': 'f04b0e6047fe48a48ee24f3e7216be68', 'project_name': 'tempest-ServerMetadataTestJSON-1360535931', 'tenant_id': 'f04b0e6047fe48a48ee24f3e7216be68', 'tenant_name': 'tempest-ServerMetadataTestJSON-1360535931', 'user_domain_id': 'default', 'user_domain_name': 'Default', 'user_id': '8680ff70d7044a91bc3db6a70f461ba2', 'system': None}, Network: {'id': 'ab6adeb2-c757-4b50-9291-5c029bd94e06', 'name': 'tempest-ServerMetadataTestJSON-25795797-network', 'tenant_id': 'f04b0e6047fe48a48ee24f3e7216be68', 'project_id': 'f04b0e6047fe48a48ee24f3e7216be68', 'admin_state_up': True, 'mtu': 8950, 'status': 'ACTIVE', 'subnets': [], 'shared': False, 'port_security_enabled': True, 'router:external': False, 'provider:network_type': 'vlan', 'provider:physical_network': 'default', 'provider:segmentation_id': 817, 'availability_zone_hints': [], 'availability_zones': [], 'ipv4_address_scope': None, 'ipv6_address_scope': None, 'description': '', 'tags': [], 'created_at': '2025-11-23T03:01:27Z', 'updated_at': '2025-11-23T03:01:27Z', 'revision_number': 1}, Subnet: {'id': 'a7bc2e77-5755-4273-ad50-799fed8039d7', 'name': 'tempest-ServerMetadataTestJSON-25795797-subnet', 'tenant_id': 'f04b0e6047fe48a48ee24f3e7216be68', 'network_id': 'ab6adeb2-c757-4b50-9291-5c029bd94e06', 'ip_version': 4, 'subnetpool_id': None, 'enable_dhcp': True, 'ipv6_ra_mode': None, 'ipv6_address_mode': None, 'gateway_ip': '192.168.128.1', 'cidr': '192.168.128.0/28', 'allocation_pools': [{'start': '192.168.128.2', 'end': '192.168.128.14'}], 'host_routes': [], 'dns_nameservers': [], 'description': '', 'router:external': False, 'service_types': [], 'tags': [], 'created_at': '2025-11-23T03:01:27Z', 'updated_at': '2025-11-23T03:01:27Z', 'revision_number': 0, 'project_id': 'f04b0e6047fe48a48ee24f3e7216be68'}, Router: {'id': '50aa2c36-6673-47e4-baad-54ec2f737e40', 'name': 'tempest-ServerMetadataTestJSON-25795797-router', 'tenant_id': 'f04b0e6047fe48a48ee24f3e7216be68', 'admin_state_up': True, 'status': 'ACTIVE', 'external_gateway_info': {'network_id': 'c8ac6d81-241e-4503-bb07-e2231c138cf7', 'external_fixed_ips': [{'subnet_id': 'bc108464-51f8-4fc6-81f6-1ffcfbecfd08', 'ip_address': '10.180.180.205'}], 'enable_snat': True}, 'description': '', 'availability_zones': [], 'distributed': False, 'ha': False, 'availability_zone_hints': [], 'routes': [], 'flavor_id': None, 'tags': [], 'created_at': '2025-11-23T03:01:27Z', 'updated_at': '2025-11-23T03:01:27Z', 'revision_number': 2, 'project_id': 'f04b0e6047fe48a48ee24f3e7216be68'}
2025-11-23 03:01:30.024 67542 INFO tempest.lib.common.rest_client [req-c6e18c03-7622-4515-bca9-f6231764da21 req-c6e18c03-7622-4515-bca9-f6231764da21 ] Request (ServerMetadataTestJSON:setUpClass): 201 POST http://10.180.1.21/identity/v3/auth/tokens 0.090s
2025-11-23 03:01:30.066 67542 INFO tempest.lib.common.rest_client [req-1f084c46-e7ec-452b-aec4-723f5cbbd7da req-1f084c46-e7ec-452b-aec4-723f5cbbd7da ] Request (ServerMetadataTestJSON:setUpClass): 201 POST http://10.180.1.21/identity/v3/auth/tokens 0.038s
2025-11-23 03:01:30.067 67542 INFO tempest.lib.common.fixed_network [-] (ServerMetadataTestJSON:setUpClass) Found network {'id': 'ab6adeb2-c757-4b50-9291-5c029bd94e06', 'name': 'tempest-ServerMetadataTestJSON-25795797-network', 'tenant_id': 'f04b0e6047fe48a48ee24f3e7216be68', 'project_id': 'f04b0e6047fe48a48ee24f3e7216be68', 'admin_state_up': True, 'mtu': 8950, 'status': 'ACTIVE', 'subnets': [], 'shared': False, 'port_security_enabled': True, 'router:external': False, 'provider:network_type': 'vlan', 'provider:physical_network': 'default', 'provider:segmentation_id': 817, 'availability_zone_hints': [], 'availability_zones': [], 'ipv4_address_scope': None, 'ipv6_address_scope': None, 'description': '', 'tags': [], 'created_at': '2025-11-23T03:01:27Z', 'updated_at': '2025-11-23T03:01:27Z', 'revision_number': 1} available for tenant
2025-11-23 03:01:30.072 67572 INFO tempest.lib.common.rest_client [req-59010e8a-eed3-4028-8c35-63206c8c2d89 req-59010e8a-eed3-4028-8c35-63206c8c2d89 ] Request (ServerTagsTestJSON:setUpClass): 202 POST http://10.180.1.21/compute/v2.1/servers 3.359s
2025-11-23 03:01:30.215 67584 INFO tempest.lib.common.rest_client [req-b781ff4c-923b-4bb4-8f46-9e6c34679ee8 req-b781ff4c-923b-4bb4-8f46-9e6c34679ee8 ] Request (ServerAddressesTestJSON:tearDownClass): 204 DELETE http://10.180.1.21/compute/v2.1/servers/3ebeaeb4-baa4-4d69-b3bc-c50c18dd48e1 3.381s
2025-11-23 03:01:30.983 67550 INFO tempest.lib.common.rest_client [req-abfa2fde-1d27-46da-a2ca-92ec7a82e283 req-abfa2fde-1d27-46da-a2ca-92ec7a82e283 ] Request (ServerAddressesNegativeTestJSON:setUpClass): 200 PUT http://10.180.1.21/networking/v2.0/routers/129a01ff-1d26-4678-b3a2-e83c8f7037af/add_router_interface 1.483s
2025-11-23 03:01:30.983 67550 INFO tempest.lib.common.dynamic_creds [-] Created isolated network resources for: credentials: Credentials: {'domain_id': 'default', 'domain_name': 'Default', 'username': 'tempest-ServerAddressesNegativeTestJSON-10688833-project-member', 'project_domain_id': 'default', 'project_domain_name': 'Default', 'project_id': '8b7e03c576fa4838914650ea86315a0f', 'project_name': 'tempest-ServerAddressesNegativeTestJSON-10688833', 'tenant_id': '8b7e03c576fa4838914650ea86315a0f', 'tenant_name': 'tempest-ServerAddressesNegativeTestJSON-10688833', 'user_domain_id': 'default', 'user_domain_name': 'Default', 'user_id': 'bf55f98d9c01448f9f10bcd04a72c84f', 'system': None}, Network: {'id': 'b7b4302c-a223-4683-ab11-905d892fe92a', 'name': 'tempest-ServerAddressesNegativeTestJSON-1635966897-network', 'tenant_id': '8b7e03c576fa4838914650ea86315a0f', 'project_id': '8b7e03c576fa4838914650ea86315a0f', 'admin_state_up': True, 'mtu': 8950, 'status': 'ACTIVE', 'subnets': [], 'shared': False, 'port_security_enabled': True, 'router:external': False, 'provider:network_type': 'vlan', 'provider:physical_network': 'default', 'provider:segmentation_id': 427, 'availability_zone_hints': [], 'availability_zones': [], 'ipv4_address_scope': None, 'ipv6_address_scope': None, 'description': '', 'tags': [], 'created_at': '2025-11-23T03:01:28Z', 'updated_at': '2025-11-23T03:01:28Z', 'revision_number': 1}, Subnet: {'id': '992e33cf-7171-412a-8610-2991319bdf48', 'name': 'tempest-ServerAddressesNegativeTestJSON-1635966897-subnet', 'tenant_id': '8b7e03c576fa4838914650ea86315a0f', 'network_id': 'b7b4302c-a223-4683-ab11-905d892fe92a', 'ip_version': 4, 'subnetpool_id': None, 'enable_dhcp': True, 'ipv6_ra_mode': None, 'ipv6_address_mode': None, 'gateway_ip': '192.168.128.1', 'cidr': '192.168.128.0/28', 'allocation_pools': [{'start': '192.168.128.2', 'end': '192.168.128.14'}], 'host_routes': [], 'dns_nameservers': [], 'description': '', 'router:external': False, 'service_types': [], 'tags': [], 'created_at': '2025-11-23T03:01:28Z', 'updated_at': '2025-11-23T03:01:28Z', 'revision_number': 0, 'project_id': '8b7e03c576fa4838914650ea86315a0f'}, Router: {'id': '129a01ff-1d26-4678-b3a2-e83c8f7037af', 'name': 'tempest-ServerAddressesNegativeTestJSON-1635966897-router', 'tenant_id': '8b7e03c576fa4838914650ea86315a0f', 'admin_state_up': True, 'status': 'ACTIVE', 'external_gateway_info': {'network_id': 'c8ac6d81-241e-4503-bb07-e2231c138cf7', 'external_fixed_ips': [{'subnet_id': 'bc108464-51f8-4fc6-81f6-1ffcfbecfd08', 'ip_address': '10.180.180.194'}], 'enable_snat': True}, 'description': '', 'availability_zones': [], 'distributed': False, 'ha': False, 'availability_zone_hints': [], 'routes': [], 'flavor_id': None, 'tags': [], 'created_at': '2025-11-23T03:01:28Z', 'updated_at': '2025-11-23T03:01:29Z', 'revision_number': 2, 'project_id': '8b7e03c576fa4838914650ea86315a0f'}
2025-11-23 03:01:31.068 67550 INFO tempest.lib.common.rest_client [req-9c5990a9-2f6c-45ca-a2dd-51079e13bdf0 req-9c5990a9-2f6c-45ca-a2dd-51079e13bdf0 ] Request (ServerAddressesNegativeTestJSON:setUpClass): 201 POST http://10.180.1.21/identity/v3/auth/tokens 0.081s
2025-11-23 03:01:31.117 67550 INFO tempest.lib.common.rest_client [req-a3764051-f019-461b-91e9-fd19375d101e req-a3764051-f019-461b-91e9-fd19375d101e ] Request (ServerAddressesNegativeTestJSON:setUpClass): 201 POST http://10.180.1.21/identity/v3/auth/tokens 0.045s
2025-11-23 03:01:31.118 67550 INFO tempest.lib.common.fixed_network [-] (ServerAddressesNegativeTestJSON:setUpClass) Found network {'id': 'b7b4302c-a223-4683-ab11-905d892fe92a', 'name': 'tempest-ServerAddressesNegativeTestJSON-1635966897-network', 'tenant_id': '8b7e03c576fa4838914650ea86315a0f', 'project_id': '8b7e03c576fa4838914650ea86315a0f', 'admin_state_up': True, 'mtu': 8950, 'status': 'ACTIVE', 'subnets': [], 'shared': False, 'port_security_enabled': True, 'router:external': False, 'provider:network_type': 'vlan', 'provider:physical_network': 'default', 'provider:segmentation_id': 427, 'availability_zone_hints': [], 'availability_zones': [], 'ipv4_address_scope': None, 'ipv6_address_scope': None, 'description': '', 'tags': [], 'created_at': '2025-11-23T03:01:28Z', 'updated_at': '2025-11-23T03:01:28Z', 'revision_number': 1} available for tenant
2025-11-23 03:01:31.238 67544 INFO tempest.lib.common.rest_client [req-0ded7e88-5969-47ce-b230-61e64345c242 req-0ded7e88-5969-47ce-b230-61e64345c242 ] Request (MigrationsAdminTest:test_list_migrations_in_flavor_resize_situation): 200 GET http://10.180.1.21/compute/v2.1/servers/918f09f8-43a7-420c-9c88-d4ac8a4d0132 4.393s
2025-11-23 03:01:31.444 67532 INFO tempest.lib.common.rest_client [req-6433cd3f-4f5a-4661-bf01-ed8aa0e231bc req-6433cd3f-4f5a-4661-bf01-ed8aa0e231bc ] Request (ServersAdminTestJSON:test_rebuild_server_in_error_state): 202 POST http://10.180.1.21/compute/v2.1/servers/c62d675a-8676-4dde-a876-e20e73a67a1c/action 4.510s
2025-11-23 03:01:31.497 67546 INFO tempest.lib.common.rest_client [req-221219a2-49af-495c-a975-a03d150b56c7 req-221219a2-49af-495c-a975-a03d150b56c7 ] Request (ListServerFiltersTestJSON:test_list_servers_filtered_by_name_wildcard): 200 GET http://10.180.1.21/compute/v2.1/servers?name=-instance 4.469s
2025-11-23 03:01:31.616 67576 INFO tempest.lib.common.rest_client [req-afb2c928-decb-4f7e-bb4d-6c28e035ff88 req-afb2c928-decb-4f7e-bb4d-6c28e035ff88 ] Request (ServerRescueTestJSONUnderV235:test_rescued_vm_associate_dissociate_floating_ip): 202 POST http://10.180.1.21/compute/v2.1/servers/c826d66f-3ddc-4cf7-9474-5050ea12536b/action 4.824s
2025-11-23 03:01:31.705 67588 INFO tempest.lib.common.rest_client [req-a62da7fb-b0a1-4847-bfac-304fb51431da req-a62da7fb-b0a1-4847-bfac-304fb51431da ] Request (ServersListShow298Test:tearDownClass): 204 DELETE http://10.180.1.21/compute/v2.1/servers/461c11cd-056f-40cb-bdd5-e21d0079531e 4.594s
2025-11-23 03:01:32.128 67534 INFO tempest.lib.common.rest_client [req-278db61f-c8cd-4ed4-9ce6-b2c37edb74fc req-278db61f-c8cd-4ed4-9ce6-b2c37edb74fc ] Request (InstanceActionsNegativeTestJSON:setUpClass): 200 GET http://10.180.1.21/compute/v2.1/servers/f3e1809d-a0b8-4d4a-84dc-66f1097ba937 4.965s
2025-11-23 03:01:32.182 67552 INFO tempest.lib.common.rest_client [req-c1484590-9fb5-41e2-859a-ba35c4dd6ce1 req-c1484590-9fb5-41e2-859a-ba35c4dd6ce1 ] Request (FloatingIPsAssociationTestJSON:setUpClass): 200 POST http://10.180.1.21/compute/v2.1/os-floating-ips 5.120s
2025-11-23 03:01:32.208 67538 INFO tempest.lib.common.rest_client [req-b2ff1b4a-4325-4d76-93c2-e48d85aaaa96 req-b2ff1b4a-4325-4d76-93c2-e48d85aaaa96 ] Request (SecurityGroupsTestJSON:test_server_security_groups): 200 GET http://10.180.1.21/compute/v2.1/servers/6ff358b7-f2aa-4e0f-bc2f-b2e7b685aa6b 4.749s
2025-11-23 03:01:32.224 67580 INFO tempest.lib.common.rest_client [req-7cb1219d-a0bf-4080-addd-c689d177a19d req-7cb1219d-a0bf-4080-addd-c689d177a19d ] Request (AttachInterfacesUnderV243Test:test_add_remove_fixed_ip): 200 GET http://10.180.1.21/compute/v2.1/servers/477ee93b-fc99-415c-a6c8-496796072b85/ips 4.665s
2025-11-23 03:01:32.298 67552 INFO tempest.lib.common.rest_client [req-05bacece-0469-4bc1-a115-8e7b1d049634 req-05bacece-0469-4bc1-a115-8e7b1d049634 ] Request (FloatingIPsAssociationTestJSON:test_associate_already_associated_floating_ip): 201 POST http://10.180.1.21/identity/v3/auth/tokens 0.106s
2025-11-23 03:01:32.299 67552 INFO tempest.lib.common.fixed_network [-] (FloatingIPsAssociationTestJSON:test_associate_already_associated_floating_ip) Found network {'id': 'a26bfa32-fff6-4437-8c1b-7f027e236e9f', 'name': 'tempest-FloatingIPsAssociationTestJSON-457927790-network', 'tenant_id': 'a5adacb8145344a5a748e09af9688325', 'project_id': 'a5adacb8145344a5a748e09af9688325', 'admin_state_up': True, 'mtu': 8950, 'status': 'ACTIVE', 'subnets': [], 'shared': False, 'port_security_enabled': True, 'router:external': False, 'provider:network_type': 'vlan', 'provider:physical_network': 'default', 'provider:segmentation_id': 63, 'availability_zone_hints': [], 'availability_zones': [], 'ipv4_address_scope': None, 'ipv6_address_scope': None, 'description': '', 'tags': [], 'created_at': '2025-11-23T03:00:46Z', 'updated_at': '2025-11-23T03:00:46Z', 'revision_number': 1} available for tenant
2025-11-23 03:01:32.352 67564 INFO tempest.lib.common.rest_client [req-f97ce168-cc92-4c4a-896a-17b2c92c30da req-f97ce168-cc92-4c4a-896a-17b2c92c30da ] Request (DeleteServersTestJSON:test_delete_active_server): 200 GET http://10.180.1.21/compute/v2.1/servers/b6b5dab8-6446-42c0-8a5f-01d14d77b78e 4.677s
2025-11-23 03:01:32.394 67556 INFO tempest.lib.common.rest_client [req-a8eba89c-3be5-4546-9e9a-374d86ee8127 req-a8eba89c-3be5-4546-9e9a-374d86ee8127 ] Request (ImagesTestJSON:test_create_image_from_suspended_server): 200 GET http://10.180.1.21/compute/v2.1/servers/f765b8d4-90c2-45b1-99c7-a6e89c7a71bd 4.829s
2025-11-23 03:01:32.399 67570 INFO tempest.lib.common.rest_client [req-d4643478-53c8-466e-bf51-2beddd6f8f38 req-d4643478-53c8-466e-bf51-2beddd6f8f38 ] Request (VolumesAssistedSnapshotsTest:_run_cleanups): 200 GET http://10.180.1.21/compute/v2.1/servers/34665307-343f-43a4-a6da-140a9be93b11/os-volume_attachments 4.641s
2025-11-23 03:01:32.403 67556 INFO tempest.common.waiters [-] State transition "BUILD/None" ==> "BUILD/spawning" after 34 second wait
2025-11-23 03:01:32.437 67570 INFO tempest.lib.common.rest_client [req-2426f6ba-1664-4750-aca2-380c94938d40 req-2426f6ba-1664-4750-aca2-380c94938d40 ] Request (VolumesAssistedSnapshotsTest:_run_cleanups): 200 GET http://10.180.1.21/volume/v3/volumes/7a8f2e30-0ca1-4057-9d07-46640d501abc 0.033s
2025-11-23 03:01:32.446 67570 INFO tempest.common.waiters [-] volume 7a8f2e30-0ca1-4057-9d07-46640d501abc reached available after waiting for 0.446684 seconds
2025-11-23 03:01:32.491 67570 INFO tempest.lib.common.rest_client [req-c55ebe90-57ee-4853-ae32-31c7787c2464 req-c55ebe90-57ee-4853-ae32-31c7787c2464 ] Request (VolumesAssistedSnapshotsTest:_run_cleanups): 202 DELETE http://10.180.1.21/volume/v3/volumes/7a8f2e30-0ca1-4057-9d07-46640d501abc 0.044s
2025-11-23 03:01:32.515 67528 INFO tempest.lib.common.rest_client [req-c520d202-53d4-4327-8d0c-d6e303e22117 req-c520d202-53d4-4327-8d0c-d6e303e22117 ] Request (ServersNegativeTestJSON:setUpClass): 200 GET http://10.180.1.21/compute/v2.1/servers/b67ecda8-5f69-40f3-8bc0-fef3333dc29e 4.531s
2025-11-23 03:01:32.524 67570 INFO tempest.lib.common.rest_client [req-4452f4df-0e2a-4d60-8107-f2cc65e5b547 req-4452f4df-0e2a-4d60-8107-f2cc65e5b547 ] Request (VolumesAssistedSnapshotsTest:_run_cleanups): 200 GET http://10.180.1.21/volume/v3/volumes/7a8f2e30-0ca1-4057-9d07-46640d501abc 0.032s
2025-11-23 03:01:32.538 67560 INFO tempest.lib.common.rest_client [req-327a724a-b0bf-4100-9e58-d3ca8d452f4c req-327a724a-b0bf-4100-9e58-d3ca8d452f4c ] Request (ServersListShow2100Test:test_list_show_rebuild_update_server_2100): 200 GET http://10.180.1.21/compute/v2.1/servers/b0bbdb2d-beed-4386-bf9a-adcb21eb433c 4.611s
2025-11-23 03:01:32.556 67560 INFO tempest.common.waiters [-] State transition "BUILD/None" ==> "BUILD/spawning" after 25 second wait
2025-11-23 03:01:32.601 67566 INFO tempest.lib.common.rest_client [req-f9d06335-2f6d-48ae-a9d0-59145fe4efa0 req-f9d06335-2f6d-48ae-a9d0-59145fe4efa0 ] Request (ServerActionsTestOtherB:setUpClass): 200 GET http://10.180.1.21/compute/v2.1/servers/e734f3a9-8d32-481a-8fba-8009b36f728f 4.332s
2025-11-23 03:01:32.629 67536 INFO tempest.lib.common.rest_client [req-ac18e09a-7183-4a75-920b-2fef23f68b92 req-ac18e09a-7183-4a75-920b-2fef23f68b92 ] Request (AttachInterfacesTestJSON:test_create_list_show_delete_interfaces_by_fixed_ip): 200 GET http://10.180.1.21/compute/v2.1/servers/e364ff57-edf9-4ad5-afc5-ea6f519c1b40 4.349s
2025-11-23 03:01:32.682 67530 INFO tempest.lib.common.rest_client [req-ff3d7fbc-b1ab-4010-a689-bdc807adb338 req-ff3d7fbc-b1ab-4010-a689-bdc807adb338 ] Request (ServersTestMultiNic:test_verify_multiple_nics_order): 200 GET http://10.180.1.21/compute/v2.1/servers/d9e00ef1-f6af-4b14-a74c-cef405582a9b 4.309s
2025-11-23 03:01:32.696 67590 INFO tempest.lib.common.rest_client [req-3895504c-4640-44ff-9758-2729fd50857a req-3895504c-4640-44ff-9758-2729fd50857a ] Request (ImagesOneServerNegativeTestJSON:_run_cleanups): 200 GET http://10.180.1.21/compute/v2.1/servers/d32661f5-7eb0-4748-824c-454d70d31af2 4.315s
2025-11-23 03:01:32.707 67590 INFO tempest.common.waiters [-] State transition "BUILD/scheduling" ==> "BUILD/None" after 11 second wait
2025-11-23 03:01:32.752 67586 INFO tempest.lib.common.rest_client [req-73896adb-86be-4b19-a19f-ef4da699de7d req-73896adb-86be-4b19-a19f-ef4da699de7d ] Request (ServerDiskConfigTestJSON:test_rebuild_server_with_manual_disk_config): 200 GET http://10.180.1.21/compute/v2.1/servers/a80a0db1-3ac0-4c87-979e-541d0aa623d5 4.317s
2025-11-23 03:01:32.797 67548 INFO tempest.lib.common.rest_client [req-475779ae-d6bd-4f9d-9db7-a7e7a390d724 req-475779ae-d6bd-4f9d-9db7-a7e7a390d724 ] Request (ServersV294TestFqdnHostnames:tearDownClass): 200 GET http://10.180.1.21/compute/v2.1/servers/1acbaf9e-3972-48de-af17-359e9cbdb8d7 4.337s
2025-11-23 03:01:32.843 67558 INFO tempest.lib.common.rest_client [req-144b2510-fdbd-4864-8b8c-db076deef311 req-144b2510-fdbd-4864-8b8c-db076deef311 ] Request (ServersListShow296Test:test_list_show_update_rebuild_server_296): 200 GET http://10.180.1.21/compute/v2.1/servers/9c7df655-c49f-45c0-8c67-73d9259ddeaa 4.320s
2025-11-23 03:01:32.860 67554 INFO tempest.lib.common.rest_client [req-a3b8cbf8-f006-4831-a9cf-9b35a1e6e8ad req-a3b8cbf8-f006-4831-a9cf-9b35a1e6e8ad ] Request (InstanceActionsTestJSON:setUpClass): 200 GET http://10.180.1.21/compute/v2.1/servers/e7423c39-2dd4-429d-963c-9829b9473ee9 4.317s
2025-11-23 03:01:32.934 67572 INFO tempest.lib.common.rest_client [req-0d82af13-e1b8-46c1-9651-903dfe06e454 req-0d82af13-e1b8-46c1-9651-903dfe06e454 ] Request (ServerTagsTestJSON:setUpClass): 200 GET http://10.180.1.21/compute/v2.1/servers/523b1e2c-c93f-4d0f-9375-ffd8ff2cb443 2.860s
2025-11-23 03:01:32.992 67584 INFO tempest.lib.common.rest_client [req-507ba0ca-6a46-4601-b920-a7673e017b6d req-507ba0ca-6a46-4601-b920-a7673e017b6d ] Request (ServerAddressesTestJSON:tearDownClass): 200 GET http://10.180.1.21/compute/v2.1/servers/3ebeaeb4-baa4-4d69-b3bc-c50c18dd48e1 2.777s
2025-11-23 03:01:33.339 67540 WARNING tempest.lib.common.ssh [-] Failed to establish authenticated ssh connection to cirros@10.180.180.137 ([Errno None] Unable to connect to port 22 on 10.180.180.137). Number attempts: 3. Retry after 4 seconds.: paramiko.ssh_exception.NoValidConnectionsError: [Errno None] Unable to connect to port 22 on 10.180.180.137
2025-11-23 03:01:33.395 67542 INFO tempest.lib.common.rest_client [req-3423c8fa-c389-4de3-8201-f55c52696fa7 req-3423c8fa-c389-4de3-8201-f55c52696fa7 ] Request (ServerMetadataTestJSON:setUpClass): 202 POST http://10.180.1.21/compute/v2.1/servers 3.328s
2025-11-23 03:01:33.404 67574 WARNING tempest.lib.common.ssh [-] Failed to establish authenticated ssh connection to cirros@10.180.180.164 ([Errno None] Unable to connect to port 22 on 10.180.180.164). Number attempts: 4. Retry after 5 seconds.: paramiko.ssh_exception.NoValidConnectionsError: [Errno None] Unable to connect to port 22 on 10.180.180.164
2025-11-23 03:01:33.435 67544 INFO tempest.lib.common.rest_client [req-29725870-29ca-4954-9983-6c91cd172f71 req-29725870-29ca-4954-9983-6c91cd172f71 ] Request (MigrationsAdminTest:test_list_migrations_in_flavor_resize_situation): 200 POST http://10.180.1.21/compute/v2.1/os-keypairs 2.183s
2025-11-23 03:01:33.599 67544 INFO tempest.lib.common.rest_client [req-f85385e0-9584-410c-a53b-e940b0ce4413 req-f85385e0-9584-410c-a53b-e940b0ce4413 ] Request (MigrationsAdminTest:test_list_migrations_in_flavor_resize_situation): 201 POST http://10.180.1.21/networking/v2.0/security-groups 0.159s
2025-11-23 03:01:33.601 67570 INFO tempest.lib.common.rest_client [req-1f52963b-3864-4843-9785-9ebd688655c7 req-1f52963b-3864-4843-9785-9ebd688655c7 ] Request (VolumesAssistedSnapshotsTest:_run_cleanups): 200 GET http://10.180.1.21/volume/v3/volumes/7a8f2e30-0ca1-4057-9d07-46640d501abc 0.064s
2025-11-23 03:01:33.611 67550 INFO tempest.lib.common.rest_client [req-7e4b9cf5-75db-4efd-a024-89ebe50aa0b3 req-7e4b9cf5-75db-4efd-a024-89ebe50aa0b3 ] Request (ServerAddressesNegativeTestJSON:setUpClass): 202 POST http://10.180.1.21/compute/v2.1/servers 2.493s
