2025-11-23 02:58:43.102 67574 INFO tempest.lib.common.rest_client [req-acbd91c7-f53b-40be-b0c1-05be351573eb req-acbd91c7-f53b-40be-b0c1-05be351573eb ] Request (VolumesAdminNegativeTest:setUpClass): 201 POST http://10.180.1.21/identity/v3/projects 0.030s
2025-11-23 02:58:43.135 67542 INFO tempest.lib.common.rest_client [req-51fde178-2dbd-42b8-887a-fb49e1557622 req-51fde178-2dbd-42b8-887a-fb49e1557622 ] Request (ImagesOneServerTestJSON:setUpClass): 200 PUT http://10.180.1.21/networking/v2.0/routers/4e8c088f-2a0f-440c-aeb8-3d50fe0afd10/add_router_interface 0.966s
2025-11-23 02:58:43.135 67542 INFO tempest.lib.common.dynamic_creds [-] Created isolated network resources for: credentials: Credentials: {'domain_id': 'default', 'domain_name': 'Default', 'username': 'tempest-ImagesOneServerTestJSON-1238413421-project-member', 'project_domain_id': 'default', 'project_domain_name': 'Default', 'project_id': 'ed503247d8a64fda865bc49233504aec', 'project_name': 'tempest-ImagesOneServerTestJSON-1238413421', 'tenant_id': 'ed503247d8a64fda865bc49233504aec', 'tenant_name': 'tempest-ImagesOneServerTestJSON-1238413421', 'user_domain_id': 'default', 'user_domain_name': 'Default', 'user_id': '5890afbe851d4f568b34b336897c64fd', 'system': None}, Network: {'id': '38b2011c-3359-4c29-b1b1-bd7bdaf36214', 'name': 'tempest-ImagesOneServerTestJSON-1865243876-network', 'tenant_id': 'ed503247d8a64fda865bc49233504aec', 'project_id': 'ed503247d8a64fda865bc49233504aec', 'admin_state_up': True, 'mtu': 8950, 'status': 'ACTIVE', 'subnets': [], 'shared': False, 'port_security_enabled': True, 'router:external': False, 'provider:network_type': 'vlan', 'provider:physical_network': 'default', 'provider:segmentation_id': 892, 'availability_zone_hints': [], 'availability_zones': [], 'ipv4_address_scope': None, 'ipv6_address_scope': None, 'description': '', 'tags': [], 'created_at': '2025-11-23T02:58:39Z', 'updated_at': '2025-11-23T02:58:39Z', 'revision_number': 1}, Subnet: {'id': '717f5b72-81e8-45e8-a59d-bdced15266fb', 'name': 'tempest-ImagesOneServerTestJSON-1865243876-subnet', 'tenant_id': 'ed503247d8a64fda865bc49233504aec', 'network_id': '38b2011c-3359-4c29-b1b1-bd7bdaf36214', 'ip_version': 4, 'subnetpool_id': None, 'enable_dhcp': True, 'ipv6_ra_mode': None, 'ipv6_address_mode': None, 'gateway_ip': '192.168.128.1', 'cidr': '192.168.128.0/28', 'allocation_pools': [{'start': '192.168.128.2', 'end': '192.168.128.14'}], 'host_routes': [], 'dns_nameservers': [], 'description': '', 'router:external': False, 'service_types': [], 'tags': [], 'created_at': '2025-11-23T02:58:41Z', 'updated_at': '2025-11-23T02:58:41Z', 'revision_number': 0, 'project_id': 'ed503247d8a64fda865bc49233504aec'}, Router: {'id': '4e8c088f-2a0f-440c-aeb8-3d50fe0afd10', 'name': 'tempest-ImagesOneServerTestJSON-1865243876-router', 'tenant_id': 'ed503247d8a64fda865bc49233504aec', 'admin_state_up': True, 'status': 'ACTIVE', 'external_gateway_info': {'network_id': 'c8ac6d81-241e-4503-bb07-e2231c138cf7', 'external_fixed_ips': [{'subnet_id': 'bc108464-51f8-4fc6-81f6-1ffcfbecfd08', 'ip_address': '10.180.180.178'}], 'enable_snat': True}, 'description': '', 'availability_zones': [], 'distributed': False, 'ha': False, 'availability_zone_hints': [], 'routes': [], 'flavor_id': None, 'tags': [], 'created_at': '2025-11-23T02:58:41Z', 'updated_at': '2025-11-23T02:58:41Z', 'revision_number': 2, 'project_id': 'ed503247d8a64fda865bc49233504aec'}
2025-11-23 02:58:43.156 67578 INFO tempest.lib.common.rest_client [req-1b428199-4115-4be8-b894-5da80b0c2136 req-1b428199-4115-4be8-b894-5da80b0c2136 ] Request (HypervisorAdminUnderV252Test:setUpClass): 200 GET http://10.180.1.21/identity/v3/domains?name=Default 0.053s
2025-11-23 02:58:43.166 67574 INFO tempest.lib.common.rest_client [req-15ffc545-a6b6-4528-bc8f-707b786e0d72 req-15ffc545-a6b6-4528-bc8f-707b786e0d72 ] Request (VolumesAdminNegativeTest:setUpClass): 201 POST http://10.180.1.21/identity/v3/users 0.063s
2025-11-23 02:58:43.180 67538 INFO tempest.lib.common.rest_client [req-48f34f0d-16d5-4ce6-b89e-e2205958d37a req-48f34f0d-16d5-4ce6-b89e-e2205958d37a ] Request (NetworksTest:test_get_network): 200 GET http://10.180.1.21/compute/v2.1/os-networks/c8ac6d81-241e-4503-bb07-e2231c138cf7 6.198s
2025-11-23 02:58:43.195 67578 INFO tempest.lib.common.rest_client [req-ae526b35-90ac-4084-85ac-bd6068469e30 req-ae526b35-90ac-4084-85ac-bd6068469e30 ] Request (HypervisorAdminUnderV252Test:setUpClass): 201 POST http://10.180.1.21/identity/v3/projects 0.039s
2025-11-23 02:58:43.225 67542 INFO tempest.lib.common.rest_client [req-d7aa8fba-f6e9-4f46-9c26-e2aae401acad req-d7aa8fba-f6e9-4f46-9c26-e2aae401acad ] Request (ImagesOneServerTestJSON:setUpClass): 201 POST http://10.180.1.21/identity/v3/auth/tokens 0.084s
2025-11-23 02:58:43.251 67574 INFO tempest.lib.common.rest_client [req-9e8c067f-2741-48f3-9766-4a9583d525a1 req-9e8c067f-2741-48f3-9766-4a9583d525a1 ] Request (VolumesAdminNegativeTest:setUpClass): 200 GET http://10.180.1.21/identity/v3/roles 0.084s
2025-11-23 02:58:43.295 67578 INFO tempest.lib.common.rest_client [req-a9ebf60f-1563-473a-a65f-9b29452f07c5 req-a9ebf60f-1563-473a-a65f-9b29452f07c5 ] Request (HypervisorAdminUnderV252Test:setUpClass): 201 POST http://10.180.1.21/identity/v3/users 0.100s
2025-11-23 02:58:43.366 67542 INFO tempest.lib.common.rest_client [req-acc4667d-2b04-4142-8a55-8fbe150f83cf req-acc4667d-2b04-4142-8a55-8fbe150f83cf ] Request (ImagesOneServerTestJSON:setUpClass): 201 POST http://10.180.1.21/identity/v3/auth/tokens 0.137s
2025-11-23 02:58:43.366 67542 INFO tempest.lib.common.fixed_network [-] (ImagesOneServerTestJSON:setUpClass) Found network {'id': '38b2011c-3359-4c29-b1b1-bd7bdaf36214', 'name': 'tempest-ImagesOneServerTestJSON-1865243876-network', 'tenant_id': 'ed503247d8a64fda865bc49233504aec', 'project_id': 'ed503247d8a64fda865bc49233504aec', 'admin_state_up': True, 'mtu': 8950, 'status': 'ACTIVE', 'subnets': [], 'shared': False, 'port_security_enabled': True, 'router:external': False, 'provider:network_type': 'vlan', 'provider:physical_network': 'default', 'provider:segmentation_id': 892, 'availability_zone_hints': [], 'availability_zones': [], 'ipv4_address_scope': None, 'ipv6_address_scope': None, 'description': '', 'tags': [], 'created_at': '2025-11-23T02:58:39Z', 'updated_at': '2025-11-23T02:58:39Z', 'revision_number': 1} available for tenant
2025-11-23 02:58:43.379 67564 INFO tempest.lib.common.rest_client [req-4932dcd5-49d5-434f-8337-10910c97184e req-4932dcd5-49d5-434f-8337-10910c97184e ] Request (ServerExternalEventsTest:test_create_server_external_events): 202 POST http://10.180.1.21/compute/v2.1/servers 6.904s
2025-11-23 02:58:43.399 67574 INFO tempest.lib.common.rest_client [req-b35fda01-3b2f-4128-9d1d-46a8289a3f15 req-b35fda01-3b2f-4128-9d1d-46a8289a3f15 ] Request (VolumesAdminNegativeTest:setUpClass): 204 PUT http://10.180.1.21/identity/v3/projects/7725b32e0a154d328e58ddd16a1baae7/users/1a830e6be08c4d0e917bbf2fabb27010/roles/d03dd706595947f5874adee4249b9305 0.147s
2025-11-23 02:58:43.399 67574 INFO tempest.lib.common.dynamic_creds [-] Dynamic test user 1a830e6be08c4d0e917bbf2fabb27010 is created with scope project and roles: ['member']
2025-11-23 02:58:43.400 67574 INFO tempest.lib.common.dynamic_creds [-] Acquired dynamic creds: credentials: Credentials: {'domain_id': 'default', 'domain_name': 'Default', 'username': 'tempest-VolumesAdminNegativeTest-274902893-project-member', 'project_domain_id': 'default', 'project_domain_name': 'Default', 'project_id': '7725b32e0a154d328e58ddd16a1baae7', 'project_name': 'tempest-VolumesAdminNegativeTest-274902893', 'tenant_id': '7725b32e0a154d328e58ddd16a1baae7', 'tenant_name': 'tempest-VolumesAdminNegativeTest-274902893', 'user_domain_id': 'default', 'user_domain_name': 'Default', 'user_id': '1a830e6be08c4d0e917bbf2fabb27010', 'system': None}, Network: None, Subnet: None, Router: None
2025-11-23 02:58:43.468 67574 INFO tempest.lib.common.rest_client [req-4ff3bd79-7fa0-4328-8a5e-e6fd1fa37a57 req-4ff3bd79-7fa0-4328-8a5e-e6fd1fa37a57 ] Request (VolumesAdminNegativeTest:setUpClass): 201 POST http://10.180.1.21/identity/v3/auth/tokens 0.068s
2025-11-23 02:58:43.475 67578 INFO tempest.lib.common.rest_client [req-89ea4ea7-59c2-4c51-8a38-14509ef3282f req-89ea4ea7-59c2-4c51-8a38-14509ef3282f ] Request (HypervisorAdminUnderV252Test:setUpClass): 200 GET http://10.180.1.21/identity/v3/roles 0.179s
2025-11-23 02:58:43.483 67584 INFO tempest.lib.common.rest_client [req-693c84e3-4dd7-4fe7-86c0-cd838eb8edd4 req-693c84e3-4dd7-4fe7-86c0-cd838eb8edd4 ] Request (ServersTestManualDisk:setUpClass): 200 POST http://10.180.1.21/compute/v2.1/os-keypairs 6.397s
2025-11-23 02:58:43.515 67528 INFO tempest.lib.common.rest_client [req-7536850f-5309-4835-a37b-f615c3402355 req-7536850f-5309-4835-a37b-f615c3402355 ] Request (FlavorsV255TestJSON:test_crud_flavor): 200 GET http://10.180.1.21/compute/v2.1/flavors 6.307s
2025-11-23 02:58:43.521 67578 INFO tempest.lib.common.rest_client [req-1caa73c5-e171-4b50-864c-4af3d718325a req-1caa73c5-e171-4b50-864c-4af3d718325a ] Request (HypervisorAdminUnderV252Test:setUpClass): 204 PUT http://10.180.1.21/identity/v3/projects/63208b6ca374443ebb37b3d421bba86c/users/1ce36cca065441108abed2a1b981d20b/roles/d03dd706595947f5874adee4249b9305 0.045s
2025-11-23 02:58:43.521 67578 INFO tempest.lib.common.dynamic_creds [-] Dynamic test user 1ce36cca065441108abed2a1b981d20b is created with scope project and roles: ['member']
2025-11-23 02:58:43.522 67578 INFO tempest.lib.common.dynamic_creds [-] Acquired dynamic creds: credentials: Credentials: {'domain_id': 'default', 'domain_name': 'Default', 'username': 'tempest-HypervisorAdminUnderV252Test-77895915-project-member', 'project_domain_id': 'default', 'project_domain_name': 'Default', 'project_id': '63208b6ca374443ebb37b3d421bba86c', 'project_name': 'tempest-HypervisorAdminUnderV252Test-77895915', 'tenant_id': '63208b6ca374443ebb37b3d421bba86c', 'tenant_name': 'tempest-HypervisorAdminUnderV252Test-77895915', 'user_domain_id': 'default', 'user_domain_name': 'Default', 'user_id': '1ce36cca065441108abed2a1b981d20b', 'system': None}, Network: None, Subnet: None, Router: None
2025-11-23 02:58:43.522 67578 INFO tempest.lib.common.dynamic_creds [-] Created isolated network resources for: credentials: Credentials: {'domain_id': 'default', 'domain_name': 'Default', 'username': 'tempest-HypervisorAdminUnderV252Test-77895915-project-member', 'project_domain_id': 'default', 'project_domain_name': 'Default', 'project_id': '63208b6ca374443ebb37b3d421bba86c', 'project_name': 'tempest-HypervisorAdminUnderV252Test-77895915', 'tenant_id': '63208b6ca374443ebb37b3d421bba86c', 'tenant_name': 'tempest-HypervisorAdminUnderV252Test-77895915', 'user_domain_id': 'default', 'user_domain_name': 'Default', 'user_id': '1ce36cca065441108abed2a1b981d20b', 'system': None}, Network: None, Subnet: None, Router: None
2025-11-23 02:58:43.545 67540 INFO tempest.lib.common.rest_client [req-639ed2c3-4bf5-4341-aba0-3926e97d65fe req-639ed2c3-4bf5-4341-aba0-3926e97d65fe ] Request (HostsAdminTestJSON:test_list_hosts_with_zone): 200 GET http://10.180.1.21/compute/v2.1/os-hosts?zone=internal 6.319s
2025-11-23 02:58:43.567 67548 INFO tempest.lib.common.rest_client [req-af9147a5-544b-4f36-b780-4ddc7fbd819a req-af9147a5-544b-4f36-b780-4ddc7fbd819a ] Request (SecurityGroupsTestAdminJSON:test_list_security_groups_list_all_tenants_filter): 200 POST http://10.180.1.21/compute/v2.1/os-security-groups 6.397s
2025-11-23 02:58:43.612 67578 INFO tempest.lib.common.rest_client [req-dd4e7389-bb13-4556-8b46-4cec1cd7460d req-dd4e7389-bb13-4556-8b46-4cec1cd7460d ] Request (HypervisorAdminUnderV252Test:setUpClass): 201 POST http://10.180.1.21/identity/v3/auth/tokens 0.086s
2025-11-23 02:58:43.660 67568 INFO tempest.lib.common.rest_client [req-662d58b7-dd6f-4b64-b114-2afdd46c5058 req-662d58b7-dd6f-4b64-b114-2afdd46c5058 ] Request (InstanceUsageAuditLogNegativeTestJSON:test_instance_usage_audit_logs_with_nonadmin_user): 403 GET http://10.180.1.21/compute/v2.1/os-instance_usage_audit_log 6.325s
2025-11-23 02:58:43.682 67572 INFO tempest.lib.common.rest_client [req-3bc84d65-85da-4ca9-acdc-6cc1e2f84a1d req-3bc84d65-85da-4ca9-acdc-6cc1e2f84a1d ] Request (FlavorsAdminTestJSON:_run_cleanups): 202 DELETE http://10.180.1.21/compute/v2.1/flavors/12470022 6.157s
2025-11-23 02:58:43.720 67530 INFO tempest.lib.common.rest_client [req-ba918a80-89e9-49e2-8f66-400b85cc47f7 req-ba918a80-89e9-49e2-8f66-400b85cc47f7 ] Request (HostsAdminNegativeTestJSON:test_list_hosts_with_non_admin_user): 403 GET http://10.180.1.21/compute/v2.1/os-hosts 6.284s
2025-11-23 02:58:43.737 67578 INFO tempest.lib.common.rest_client [req-447d17e8-3777-4aa9-8789-64464f5684eb req-447d17e8-3777-4aa9-8789-64464f5684eb ] Request (HypervisorAdminUnderV252Test:setUpClass): 201 POST http://10.180.1.21/identity/v3/projects 0.125s
2025-11-23 02:58:43.777 67570 INFO tempest.lib.common.rest_client [req-21d73599-de86-44c8-a156-c5d0cde4776e req-21d73599-de86-44c8-a156-c5d0cde4776e ] Request (VolumesAssistedSnapshotsTest:setUpClass): 201 POST http://10.180.1.21/networking/v2.0/routers 0.905s
2025-11-23 02:58:43.808 67578 INFO tempest.lib.common.rest_client [req-01d89681-44b1-4839-9a7b-852678912955 req-01d89681-44b1-4839-9a7b-852678912955 ] Request (HypervisorAdminUnderV252Test:setUpClass): 201 POST http://10.180.1.21/identity/v3/users 0.071s
2025-11-23 02:58:43.843 67578 INFO tempest.lib.common.rest_client [req-51a5f48c-32ac-40e7-988e-e07a6efdac88 req-51a5f48c-32ac-40e7-988e-e07a6efdac88 ] Request (HypervisorAdminUnderV252Test:setUpClass): 200 GET http://10.180.1.21/identity/v3/roles 0.034s
2025-11-23 02:58:43.878 67558 INFO tempest.lib.common.rest_client [req-64102a0a-798e-41ce-aa7b-df7e3491b08e req-64102a0a-798e-41ce-aa7b-df7e3491b08e ] Request (FlavorsAccessNegativeTestJSON:test_add_flavor_access_duplicate): 200 POST http://10.180.1.21/compute/v2.1/flavors/2113605823/action 6.119s
2025-11-23 02:58:43.886 67578 INFO tempest.lib.common.rest_client [req-a8066794-3803-4587-863c-ee60f5c53bea req-a8066794-3803-4587-863c-ee60f5c53bea ] Request (HypervisorAdminUnderV252Test:setUpClass): 204 PUT http://10.180.1.21/identity/v3/projects/75325e7b9a09408794647f8cc9c0bb13/users/c17c0053f3474479a48787f629f45081/roles/b64a3be9937944dcb475f78e4d2b6523 0.042s
2025-11-23 02:58:43.926 67584 INFO tempest.lib.common.rest_client [req-825d600e-4584-433b-8fba-2b79c6f47f8a req-825d600e-4584-433b-8fba-2b79c6f47f8a ] Request (ServersTestManualDisk:setUpClass): 201 POST http://10.180.1.21/networking/v2.0/security-groups 0.440s
2025-11-23 02:58:43.949 67578 INFO tempest.lib.common.rest_client [req-6019e3ab-ba30-45b7-8cf9-98d5989aa25e req-6019e3ab-ba30-45b7-8cf9-98d5989aa25e ] Request (HypervisorAdminUnderV252Test:setUpClass): 200 GET http://10.180.1.21/identity/v3/roles 0.063s
2025-11-23 02:58:43.962 67580 INFO tempest.lib.common.rest_client [req-0c1688d6-3e05-4d5d-9167-cab6ecddc2e8 req-0c1688d6-3e05-4d5d-9167-cab6ecddc2e8 ] Request (SecurityGroupRulesNegativeTestJSON:test_create_security_group_rule_duplicate): 400 POST http://10.180.1.21/compute/v2.1/os-security-group-rules 6.039s
2025-11-23 02:58:43.962 67574 INFO tempest.lib.common.rest_client [req-5f6edeaa-bd2a-4dca-b193-10e034d5c707 req-5f6edeaa-bd2a-4dca-b193-10e034d5c707 ] Request (VolumesAdminNegativeTest:setUpClass): 201 POST http://10.180.1.21/networking/v2.0/networks 0.494s
2025-11-23 02:58:43.973 67536 INFO tempest.lib.common.rest_client [req-1b6e7ad5-11e2-4884-a5a4-b1ed20792f19 req-1b6e7ad5-11e2-4884-a5a4-b1ed20792f19 ] Request (HypervisorAdminNegativeTestJSON:test_get_hypervisor_list_with_non_admin_user): 403 GET http://10.180.1.21/compute/v2.1/os-hypervisors 5.936s
2025-11-23 02:58:43.976 67578 INFO tempest.lib.common.rest_client [req-c4d33a3b-04db-47ca-a4b5-f7aa894dd339 req-c4d33a3b-04db-47ca-a4b5-f7aa894dd339 ] Request (HypervisorAdminUnderV252Test:setUpClass): 204 PUT http://10.180.1.21/identity/v3/projects/75325e7b9a09408794647f8cc9c0bb13/users/c17c0053f3474479a48787f629f45081/roles/b64a3be9937944dcb475f78e4d2b6523 0.027s
2025-11-23 02:58:43.977 67578 INFO tempest.lib.common.dynamic_creds [-] Dynamic test user c17c0053f3474479a48787f629f45081 is created with scope project and roles: ['admin']
2025-11-23 02:58:43.977 67578 INFO tempest.lib.common.dynamic_creds [-] Acquired dynamic creds: credentials: Credentials: {'domain_id': 'default', 'domain_name': 'Default', 'username': 'tempest-HypervisorAdminUnderV252Test-427566617-project-admin', 'project_domain_id': 'default', 'project_domain_name': 'Default', 'project_id': '75325e7b9a09408794647f8cc9c0bb13', 'project_name': 'tempest-HypervisorAdminUnderV252Test-427566617', 'tenant_id': '75325e7b9a09408794647f8cc9c0bb13', 'tenant_name': 'tempest-HypervisorAdminUnderV252Test-427566617', 'user_domain_id': 'default', 'user_domain_name': 'Default', 'user_id': 'c17c0053f3474479a48787f629f45081', 'system': None}, Network: None, Subnet: None, Router: None
2025-11-23 02:58:43.977 67578 INFO tempest.lib.common.dynamic_creds [-] Created isolated network resources for: credentials: Credentials: {'domain_id': 'default', 'domain_name': 'Default', 'username': 'tempest-HypervisorAdminUnderV252Test-427566617-project-admin', 'project_domain_id': 'default', 'project_domain_name': 'Default', 'project_id': '75325e7b9a09408794647f8cc9c0bb13', 'project_name': 'tempest-HypervisorAdminUnderV252Test-427566617', 'tenant_id': '75325e7b9a09408794647f8cc9c0bb13', 'tenant_name': 'tempest-HypervisorAdminUnderV252Test-427566617', 'user_domain_id': 'default', 'user_domain_name': 'Default', 'user_id': 'c17c0053f3474479a48787f629f45081', 'system': None}, Network: None, Subnet: None, Router: None
2025-11-23 02:58:44.093 67584 INFO tempest.lib.common.rest_client [req-19cad581-d412-4272-bea5-135af35c5dcd req-19cad581-d412-4272-bea5-135af35c5dcd ] Request (ServersTestManualDisk:setUpClass): 201 POST http://10.180.1.21/networking/v2.0/security-group-rules 0.166s
2025-11-23 02:58:44.096 67578 INFO tempest.lib.common.rest_client [req-aa5b3f1b-325e-48ce-82e6-fbbff7625d8c req-aa5b3f1b-325e-48ce-82e6-fbbff7625d8c ] Request (HypervisorAdminUnderV252Test:setUpClass): 201 POST http://10.180.1.21/identity/v3/auth/tokens 0.117s
2025-11-23 02:58:44.115 67544 INFO tempest.lib.common.rest_client [req-b8895387-650f-4037-9442-31ef87641806 req-b8895387-650f-4037-9442-31ef87641806 ] Request (FlavorsAccessTestJSON:test_flavor_access_add_remove): 200 POST http://10.180.1.21/compute/v2.1/flavors/1048693184/action 6.189s
2025-11-23 02:58:44.203 67534 INFO tempest.lib.common.rest_client [req-66ac6469-1971-4cab-bd01-8f21ceafa4e2 req-66ac6469-1971-4cab-bd01-8f21ceafa4e2 ] Request (QuotaClassesAdminTestJSON:test_update_default_quotas): 200 PUT http://10.180.1.21/compute/v2.1/os-quota-class-sets/default 6.132s
2025-11-23 02:58:44.223 67550 INFO tempest.lib.common.rest_client [req-8a94da68-08ea-450c-996b-77f90eb33dc0 req-8a94da68-08ea-450c-996b-77f90eb33dc0 ] Request (ServicesAdminNegativeTestJSON:test_get_service_by_invalid_params): 200 GET http://10.180.1.21/compute/v2.1/os-services?xxx=nova-compute 5.889s
2025-11-23 02:58:44.236 67590 INFO tempest.lib.common.rest_client [req-29f893b3-6024-4376-81a0-547bebbdf55b req-29f893b3-6024-4376-81a0-547bebbdf55b ] Request (TenantUsagesNegativeTestJSON:test_get_usage_tenant_with_invalid_date): 400 GET http://10.180.1.21/compute/v2.1/os-simple-tenant-usage/fc0a290bc22f4fe48b9570c88acf7301?start=2025-11-24T02%3A58%3A35.711744&end=2025-11-22T02%3A58%3A35.711744 5.889s
2025-11-23 02:58:44.267 67556 INFO tempest.lib.common.rest_client [req-8eef7a46-21e4-431f-ab20-0d868d751fb9 req-8eef7a46-21e4-431f-ab20-0d868d751fb9 ] Request (ServicesAdminTestJSON:test_get_service_by_host_name): 200 GET http://10.180.1.21/compute/v2.1/os-services?host=devstack 5.758s
2025-11-23 02:58:44.287 67566 INFO tempest.lib.common.rest_client [req-469d045d-5c17-412a-96d4-808c94cac4fb req-469d045d-5c17-412a-96d4-808c94cac4fb ] Request (HypervisorAdminNegativeUnderV252Test:test_search_hypervisor_with_non_admin_user): 403 GET http://10.180.1.21/compute/v2.1/os-hypervisors/domain-c8.fc996f14-c53b-4953-92e3-bdfa48f5cc28/search 6.140s
2025-11-23 02:58:44.337 67574 INFO tempest.lib.common.rest_client [req-919c618f-5802-4141-af6f-9f8a48edc1ed req-919c618f-5802-4141-af6f-9f8a48edc1ed ] Request (VolumesAdminNegativeTest:setUpClass): 201 POST http://10.180.1.21/networking/v2.0/subnets 0.374s
2025-11-23 02:58:44.361 67588 INFO tempest.lib.common.rest_client [req-2e3dd770-c539-4a59-b220-ad6e461a7535 req-2e3dd770-c539-4a59-b220-ad6e461a7535 ] Request (FlavorsV261TestJSON:test_crud_flavor): 200 GET http://10.180.1.21/compute/v2.1/flavors/2060994157 5.413s
2025-11-23 02:58:44.412 67576 INFO tempest.lib.common.rest_client [req-d9f2a6ed-481e-4341-95b4-283b4c3ae1e5 req-d9f2a6ed-481e-4341-95b4-283b4c3ae1e5 ] Request (KeyPairsV210TestJSON:test_admin_manage_keypairs_for_other_users): 201 POST http://10.180.1.21/compute/v2.1/os-keypairs 5.358s
2025-11-23 02:58:44.470 67584 INFO tempest.lib.common.rest_client [req-03199e65-bbeb-43f4-8081-a635cf886658 req-03199e65-bbeb-43f4-8081-a635cf886658 ] Request (ServersTestManualDisk:setUpClass): 201 POST http://10.180.1.21/networking/v2.0/security-group-rules 0.376s
2025-11-23 02:58:44.934 67570 INFO tempest.lib.common.rest_client [req-5cb1eb23-a476-4dd6-a827-9771234292bf req-5cb1eb23-a476-4dd6-a827-9771234292bf ] Request (VolumesAssistedSnapshotsTest:setUpClass): 200 PUT http://10.180.1.21/networking/v2.0/routers/7f560c77-e0b5-4237-a33d-2540dec635e0/add_router_interface 1.156s
2025-11-23 02:58:44.935 67570 INFO tempest.lib.common.dynamic_creds [-] Created isolated network resources for: credentials: Credentials: {'domain_id': 'default', 'domain_name': 'Default', 'username': 'tempest-VolumesAssistedSnapshotsTest-156804750-project', 'project_domain_id': 'default', 'project_domain_name': 'Default', 'project_id': '028eea55c07548539c9be5597472ce6d', 'project_name': 'tempest-VolumesAssistedSnapshotsTest-156804750', 'tenant_id': '028eea55c07548539c9be5597472ce6d', 'tenant_name': 'tempest-VolumesAssistedSnapshotsTest-156804750', 'user_domain_id': 'default', 'user_domain_name': 'Default', 'user_id': '5c8f587f0af4440a954d2c42aed11233', 'system': None}, Network: {'id': '78e3a0de-624b-4f2a-bcb8-7349ff5498a6', 'name': 'tempest-VolumesAssistedSnapshotsTest-521074574-network', 'tenant_id': '028eea55c07548539c9be5597472ce6d', 'project_id': '028eea55c07548539c9be5597472ce6d', 'admin_state_up': True, 'mtu': 8950, 'status': 'ACTIVE', 'subnets': [], 'shared': False, 'port_security_enabled': True, 'router:external': False, 'provider:network_type': 'vlan', 'provider:physical_network': 'default', 'provider:segmentation_id': 214, 'availability_zone_hints': [], 'availability_zones': [], 'ipv4_address_scope': None, 'ipv6_address_scope': None, 'description': '', 'tags': [], 'created_at': '2025-11-23T02:58:42Z', 'updated_at': '2025-11-23T02:58:42Z', 'revision_number': 1}, Subnet: {'id': '1db191e0-e725-4a83-b68c-293f5426885d', 'name': 'tempest-VolumesAssistedSnapshotsTest-521074574-subnet', 'tenant_id': '028eea55c07548539c9be5597472ce6d', 'network_id': '78e3a0de-624b-4f2a-bcb8-7349ff5498a6', 'ip_version': 4, 'subnetpool_id': None, 'enable_dhcp': True, 'ipv6_ra_mode': None, 'ipv6_address_mode': None, 'gateway_ip': '192.168.128.1', 'cidr': '192.168.128.0/28', 'allocation_pools': [{'start': '192.168.128.2', 'end': '192.168.128.14'}], 'host_routes': [], 'dns_nameservers': [], 'description': '', 'router:external': False, 'service_types': [], 'tags': [], 'created_at': '2025-11-23T02:58:42Z', 'updated_at': '2025-11-23T02:58:42Z', 'revision_number': 0, 'project_id': '028eea55c07548539c9be5597472ce6d'}, Router: {'id': '7f560c77-e0b5-4237-a33d-2540dec635e0', 'name': 'tempest-VolumesAssistedSnapshotsTest-521074574-router', 'tenant_id': '028eea55c07548539c9be5597472ce6d', 'admin_state_up': True, 'status': 'ACTIVE', 'external_gateway_info': {'network_id': 'c8ac6d81-241e-4503-bb07-e2231c138cf7', 'external_fixed_ips': [{'subnet_id': 'bc108464-51f8-4fc6-81f6-1ffcfbecfd08', 'ip_address': '10.180.180.186'}], 'enable_snat': True}, 'description': '', 'availability_zones': [], 'distributed': False, 'ha': False, 'availability_zone_hints': [], 'routes': [], 'flavor_id': None, 'tags': [], 'created_at': '2025-11-23T02:58:42Z', 'updated_at': '2025-11-23T02:58:43Z', 'revision_number': 2, 'project_id': '028eea55c07548539c9be5597472ce6d'}
2025-11-23 02:58:44.987 67586 INFO tempest.lib.common.rest_client [req-3fd92cd8-61a4-4433-8a7b-738a7cfc834b req-3fd92cd8-61a4-4433-8a7b-738a7cfc834b ] Request (ServerDiagnosticsV248Test:test_get_server_diagnostics): 200 GET http://10.180.1.21/compute/v2.1/servers/03d29169-61d7-408a-a9b7-20891d31f84e 6.185s
2025-11-23 02:58:45.038 67570 INFO tempest.lib.common.rest_client [req-e841bbfd-51ff-4c15-b867-54752867cad0 req-e841bbfd-51ff-4c15-b867-54752867cad0 ] Request (VolumesAssistedSnapshotsTest:setUpClass): 201 POST http://10.180.1.21/identity/v3/auth/tokens 0.100s
2025-11-23 02:58:45.112 67560 INFO tempest.lib.common.rest_client [req-3dc9ef98-77b4-4d29-b4da-52aa97c992a4 req-3dc9ef98-77b4-4d29-b4da-52aa97c992a4 ] Request (ServersTestJSON:setUpClass): 200 POST http://10.180.1.21/compute/v2.1/os-keypairs 3.923s
2025-11-23 02:58:45.194 67574 INFO tempest.lib.common.rest_client [req-aaad58c0-4d6e-4638-90ff-c71add1d0bf2 req-aaad58c0-4d6e-4638-90ff-c71add1d0bf2 ] Request (VolumesAdminNegativeTest:setUpClass): 201 POST http://10.180.1.21/networking/v2.0/routers 0.856s
2025-11-23 02:58:45.217 67562 INFO tempest.lib.common.rest_client [req-d7684ad1-e277-4c78-abb2-9903bf440d6c req-d7684ad1-e277-4c78-abb2-9903bf440d6c ] Request (ServersWithSpecificFlavorTestJSON:test_verify_created_server_ephemeral_disk): 200 GET http://10.180.1.21/compute/v2.1/flavors/42 2.940s
2025-11-23 02:58:45.371 67560 INFO tempest.lib.common.rest_client [req-5f15de17-cb62-4850-964a-037e2820910c req-5f15de17-cb62-4850-964a-037e2820910c ] Request (ServersTestJSON:setUpClass): 201 POST http://10.180.1.21/networking/v2.0/security-groups 0.257s
2025-11-23 02:58:45.453 67584 INFO tempest.lib.common.rest_client [req-8ce9e85e-f46f-486d-9a97-ee6e6733e5cd req-8ce9e85e-f46f-486d-9a97-ee6e6733e5cd ] Request (ServersTestManualDisk:setUpClass): 201 POST http://10.180.1.21/networking/v2.0/floatingips 0.982s
2025-11-23 02:58:45.474 67570 INFO tempest.lib.common.rest_client [req-8a54da12-71b5-437c-a86b-016303b4a32c req-8a54da12-71b5-437c-a86b-016303b4a32c ] Request (VolumesAssistedSnapshotsTest:test_volume_assisted_snapshot_create_delete): 202 POST http://10.180.1.21/volume/v3/volumes 0.430s
2025-11-23 02:58:45.546 67570 INFO tempest.lib.common.rest_client [req-e88c7909-a855-4e3c-a8fd-fa6fc7aae4e7 req-e88c7909-a855-4e3c-a8fd-fa6fc7aae4e7 ] Request (VolumesAssistedSnapshotsTest:test_volume_assisted_snapshot_create_delete): 200 GET http://10.180.1.21/volume/v3/volumes/7a8f2e30-0ca1-4057-9d07-46640d501abc 0.063s
2025-11-23 02:58:45.549 67584 INFO tempest.lib.common.rest_client [req-4dcb20ca-6938-4a88-8c87-2a4093081f1e req-4dcb20ca-6938-4a88-8c87-2a4093081f1e ] Request (ServersTestManualDisk:setUpClass): 201 POST http://10.180.1.21/identity/v3/auth/tokens 0.090s
2025-11-23 02:58:45.549 67584 INFO tempest.lib.common.fixed_network [-] (ServersTestManualDisk:setUpClass) Found network {'id': '6012aecb-6d39-4ca0-a24d-88674e450d39', 'name': 'tempest-ServersTestManualDisk-296424649-network', 'tenant_id': '10d89e6350244a39b5ef144b9e70bcfc', 'project_id': '10d89e6350244a39b5ef144b9e70bcfc', 'admin_state_up': True, 'mtu': 8950, 'status': 'ACTIVE', 'subnets': [], 'shared': False, 'port_security_enabled': True, 'router:external': False, 'provider:network_type': 'vlan', 'provider:physical_network': 'default', 'provider:segmentation_id': 293, 'availability_zone_hints': [], 'availability_zones': [], 'ipv4_address_scope': None, 'ipv6_address_scope': None, 'description': '', 'tags': [], 'created_at': '2025-11-23T02:58:32Z', 'updated_at': '2025-11-23T02:58:32Z', 'revision_number': 1} available for tenant
2025-11-23 02:58:45.569 67560 INFO tempest.lib.common.rest_client [req-3f0bd1a3-224b-40ca-9b90-d2fec7bc5dd9 req-3f0bd1a3-224b-40ca-9b90-d2fec7bc5dd9 ] Request (ServersTestJSON:setUpClass): 201 POST http://10.180.1.21/networking/v2.0/security-group-rules 0.197s
2025-11-23 02:58:45.598 67554 INFO tempest.lib.common.rest_client [req-9be5deea-1fa6-466f-8ea2-16d146cd20d1 req-9be5deea-1fa6-466f-8ea2-16d146cd20d1 ] Request (DeleteServersAdminTestJSON:test_admin_delete_servers_of_others): 200 GET http://10.180.1.21/compute/v2.1/servers/04276902-e71a-419a-8348-2c0ca7341400 2.954s
2025-11-23 02:58:45.730 67560 INFO tempest.lib.common.rest_client [req-7f001048-34f1-4a81-a289-4361dee83164 req-7f001048-34f1-4a81-a289-4361dee83164 ] Request (ServersTestJSON:setUpClass): 201 POST http://10.180.1.21/networking/v2.0/security-group-rules 0.160s
2025-11-23 02:58:45.751 67582 INFO tempest.lib.common.rest_client [req-dc8571fe-8215-410f-a15b-fb4ccd1d4c48 req-dc8571fe-8215-410f-a15b-fb4ccd1d4c48 ] Request (ServerDiagnosticsNegativeTest:test_get_server_diagnostics_by_non_admin): 200 GET http://10.180.1.21/compute/v2.1/servers/69ab2891-d167-4f83-94a9-8c3fe431f3f8 2.952s
2025-11-23 02:58:46.176 67560 INFO tempest.lib.common.rest_client [req-7cbe1ea0-155d-449b-86d4-eb608cf75e57 req-7cbe1ea0-155d-449b-86d4-eb608cf75e57 ] Request (ServersTestJSON:setUpClass): 201 POST http://10.180.1.21/networking/v2.0/floatingips 0.446s
2025-11-23 02:58:46.199 67546 INFO tempest.lib.common.rest_client [req-ae66bd6d-ee01-49da-88a5-2259870a8782 req-ae66bd6d-ee01-49da-88a5-2259870a8782 ] Request (FloatingIPsNegativeTestJSON:test_allocate_floating_ip_from_nonexistent_pool): 404 POST http://10.180.1.21/compute/v2.1/os-floating-ips 3.275s
2025-11-23 02:58:46.214 67560 INFO tempest.lib.common.rest_client [req-b3a3a259-9747-4575-8fd8-fb864f107bca req-b3a3a259-9747-4575-8fd8-fb864f107bca ] Request (ServersTestJSON:setUpClass): 201 POST http://10.180.1.21/identity/v3/auth/tokens 0.034s
2025-11-23 02:58:46.215 67560 INFO tempest.lib.common.fixed_network [-] (ServersTestJSON:setUpClass) Found network {'id': 'c571e2a3-629c-410e-8723-a5fe64e523fe', 'name': 'tempest-ServersTestJSON-1474827460-network', 'tenant_id': 'f9e1eb7d064a4bed9bc98c9df8794f17', 'project_id': 'f9e1eb7d064a4bed9bc98c9df8794f17', 'admin_state_up': True, 'mtu': 8950, 'status': 'ACTIVE', 'subnets': [], 'shared': False, 'port_security_enabled': True, 'router:external': False, 'provider:network_type': 'vlan', 'provider:physical_network': 'default', 'provider:segmentation_id': 988, 'availability_zone_hints': [], 'availability_zones': [], 'ipv4_address_scope': None, 'ipv6_address_scope': None, 'description': '', 'tags': [], 'created_at': '2025-11-23T02:58:37Z', 'updated_at': '2025-11-23T02:58:37Z', 'revision_number': 1} available for tenant
2025-11-23 02:58:46.243 67574 INFO tempest.lib.common.rest_client [req-425bf2f1-68bc-4a2f-99de-fcd0431abcd2 req-425bf2f1-68bc-4a2f-99de-fcd0431abcd2 ] Request (VolumesAdminNegativeTest:setUpClass): 200 PUT http://10.180.1.21/networking/v2.0/routers/a5f2a8c2-fb69-4e90-b825-9a46ca86f976/add_router_interface 1.048s
2025-11-23 02:58:46.243 67574 INFO tempest.lib.common.dynamic_creds [-] Created isolated network resources for: credentials: Credentials: {'domain_id': 'default', 'domain_name': 'Default', 'username': 'tempest-VolumesAdminNegativeTest-274902893-project-member', 'project_domain_id': 'default', 'project_domain_name': 'Default', 'project_id': '7725b32e0a154d328e58ddd16a1baae7', 'project_name': 'tempest-VolumesAdminNegativeTest-274902893', 'tenant_id': '7725b32e0a154d328e58ddd16a1baae7', 'tenant_name': 'tempest-VolumesAdminNegativeTest-274902893', 'user_domain_id': 'default', 'user_domain_name': 'Default', 'user_id': '1a830e6be08c4d0e917bbf2fabb27010', 'system': None}, Network: {'id': '0936e3b5-460b-490a-b77b-5e6fb0991c8b', 'name': 'tempest-VolumesAdminNegativeTest-912501411-network', 'tenant_id': '7725b32e0a154d328e58ddd16a1baae7', 'project_id': '7725b32e0a154d328e58ddd16a1baae7', 'admin_state_up': True, 'mtu': 8950, 'status': 'ACTIVE', 'subnets': [], 'shared': False, 'port_security_enabled': True, 'router:external': False, 'provider:network_type': 'vlan', 'provider:physical_network': 'default', 'provider:segmentation_id': 185, 'availability_zone_hints': [], 'availability_zones': [], 'ipv4_address_scope': None, 'ipv6_address_scope': None, 'description': '', 'tags': [], 'created_at': '2025-11-23T02:58:43Z', 'updated_at': '2025-11-23T02:58:43Z', 'revision_number': 1}, Subnet: {'id': 'df4980fb-15ba-476c-bdd0-7918f5f4958a', 'name': 'tempest-VolumesAdminNegativeTest-912501411-subnet', 'tenant_id': '7725b32e0a154d328e58ddd16a1baae7', 'network_id': '0936e3b5-460b-490a-b77b-5e6fb0991c8b', 'ip_version': 4, 'subnetpool_id': None, 'enable_dhcp': True, 'ipv6_ra_mode': None, 'ipv6_address_mode': None, 'gateway_ip': '192.168.128.1', 'cidr': '192.168.128.0/28', 'allocation_pools': [{'start': '192.168.128.2', 'end': '192.168.128.14'}], 'host_routes': [], 'dns_nameservers': [], 'description': '', 'router:external': False, 'service_types': [], 'tags': [], 'created_at': '2025-11-23T02:58:44Z', 'updated_at': '2025-11-23T02:58:44Z', 'revision_number': 0, 'project_id': '7725b32e0a154d328e58ddd16a1baae7'}, Router: {'id': 'a5f2a8c2-fb69-4e90-b825-9a46ca86f976', 'name': 'tempest-VolumesAdminNegativeTest-912501411-router', 'tenant_id': '7725b32e0a154d328e58ddd16a1baae7', 'admin_state_up': True, 'status': 'ACTIVE', 'external_gateway_info': {'network_id': 'c8ac6d81-241e-4503-bb07-e2231c138cf7', 'external_fixed_ips': [{'subnet_id': 'bc108464-51f8-4fc6-81f6-1ffcfbecfd08', 'ip_address': '10.180.180.171'}], 'enable_snat': True}, 'description': '', 'availability_zones': [], 'distributed': False, 'ha': False, 'availability_zone_hints': [], 'routes': [], 'flavor_id': None, 'tags': [], 'created_at': '2025-11-23T02:58:44Z', 'updated_at': '2025-11-23T02:58:44Z', 'revision_number': 2, 'project_id': '7725b32e0a154d328e58ddd16a1baae7'}
2025-11-23 02:58:46.351 67574 INFO tempest.lib.common.rest_client [req-21471140-4250-430f-9797-94d7f2843fce req-21471140-4250-430f-9797-94d7f2843fce ] Request (VolumesAdminNegativeTest:setUpClass): 201 POST http://10.180.1.21/identity/v3/auth/tokens 0.103s
2025-11-23 02:58:46.358 67538 INFO tempest.lib.common.rest_client [req-f135b227-ae17-4ca0-ba59-8310619ec746 req-f135b227-ae17-4ca0-ba59-8310619ec746 ] Request (NetworksTest:test_list_all_networks): 200 GET http://10.180.1.21/compute/v2.1/os-networks 3.175s
2025-11-23 02:58:46.391 67532 INFO tempest.lib.common.rest_client [req-e8834086-63de-41a1-b8a7-2d8c102bbc36 req-e8834086-63de-41a1-b8a7-2d8c102bbc36 ] Request (ServersAdminTestJSON:setUpClass): 202 POST http://10.180.1.21/compute/v2.1/servers 5.903s
2025-11-23 02:58:46.440 67574 INFO tempest.lib.common.rest_client [req-08a5d9b1-259f-4018-86b0-fc5b2566bb4b req-08a5d9b1-259f-4018-86b0-fc5b2566bb4b ] Request (VolumesAdminNegativeTest:setUpClass): 201 POST http://10.180.1.21/identity/v3/projects 0.088s
2025-11-23 02:58:46.525 67532 INFO tempest.lib.common.rest_client [req-48305ef2-8c40-4036-8401-84185d2b238c req-48305ef2-8c40-4036-8401-84185d2b238c ] Request (ServersAdminTestJSON:setUpClass): 201 POST http://10.180.1.21/identity/v3/auth/tokens 0.129s
2025-11-23 02:58:46.526 67532 INFO tempest.lib.common.fixed_network [-] (ServersAdminTestJSON:setUpClass) Found network {'id': '175c45cd-cd7f-4cc0-962c-1f2a0c72f182', 'name': 'tempest-ServersAdminTestJSON-2009087171-network', 'tenant_id': 'a7d4a73dcc7946b8a953671b1d8870cb', 'project_id': 'a7d4a73dcc7946b8a953671b1d8870cb', 'admin_state_up': True, 'mtu': 8950, 'status': 'ACTIVE', 'subnets': [], 'shared': False, 'port_security_enabled': True, 'router:external': False, 'provider:network_type': 'vlan', 'provider:physical_network': 'default', 'provider:segmentation_id': 744, 'availability_zone_hints': [], 'availability_zones': [], 'ipv4_address_scope': None, 'ipv6_address_scope': None, 'description': '', 'tags': [], 'created_at': '2025-11-23T02:58:29Z', 'updated_at': '2025-11-23T02:58:29Z', 'revision_number': 1} available for tenant
2025-11-23 02:58:46.564 67574 INFO tempest.lib.common.rest_client [req-bcea27fb-a452-4ff4-9df5-5a8ec0d5d905 req-bcea27fb-a452-4ff4-9df5-5a8ec0d5d905 ] Request (VolumesAdminNegativeTest:setUpClass): 201 POST http://10.180.1.21/identity/v3/users 0.123s
2025-11-23 02:58:46.599 67570 INFO tempest.lib.common.rest_client [req-49526a76-e998-45ac-94f2-66bbca76c4e4 req-49526a76-e998-45ac-94f2-66bbca76c4e4 ] Request (VolumesAssistedSnapshotsTest:test_volume_assisted_snapshot_create_delete): 200 GET http://10.180.1.21/volume/v3/volumes/7a8f2e30-0ca1-4057-9d07-46640d501abc 0.045s
2025-11-23 02:58:46.607 67570 INFO tempest.common.waiters [-] volume 7a8f2e30-0ca1-4057-9d07-46640d501abc reached available after waiting for 1.607230 seconds
2025-11-23 02:58:46.620 67574 INFO tempest.lib.common.rest_client [req-196f9214-8a1e-41f0-84b9-34c82e48d263 req-196f9214-8a1e-41f0-84b9-34c82e48d263 ] Request (VolumesAdminNegativeTest:setUpClass): 200 GET http://10.180.1.21/identity/v3/roles 0.056s
2025-11-23 02:58:46.629 67538 INFO tempest.lib.common.rest_client [req-b6757eef-0f3a-4995-a577-17b03fef7f83 req-b6757eef-0f3a-4995-a577-17b03fef7f83 ] Request (NetworksTest:tearDownClass): 204 DELETE http://10.180.1.21/identity/v3/users/080a65de64214c1196c99bed2846c9a2 0.269s
2025-11-23 02:58:46.650 67574 INFO tempest.lib.common.rest_client [req-2485b8bd-38f4-424d-a919-0aff839e6830 req-2485b8bd-38f4-424d-a919-0aff839e6830 ] Request (VolumesAdminNegativeTest:setUpClass): 204 PUT http://10.180.1.21/identity/v3/projects/e54db2e2c85d4804bee90534c3982d93/users/51965dd6f056415898df8e1e0bd077b3/roles/b64a3be9937944dcb475f78e4d2b6523 0.030s
2025-11-23 02:58:46.695 67564 INFO tempest.lib.common.rest_client [req-c64ad2b5-eaed-4a96-baec-fcd2ceb3ae2f req-c64ad2b5-eaed-4a96-baec-fcd2ceb3ae2f ] Request (ServerExternalEventsTest:test_create_server_external_events): 200 GET http://10.180.1.21/compute/v2.1/servers/565a69c1-a081-4158-b193-5e9a307b69e9 3.315s
2025-11-23 02:58:46.706 67574 INFO tempest.lib.common.rest_client [req-519dbc39-7019-4b15-8f39-8b060d8247b1 req-519dbc39-7019-4b15-8f39-8b060d8247b1 ] Request (VolumesAdminNegativeTest:setUpClass): 200 GET http://10.180.1.21/identity/v3/roles 0.052s
2025-11-23 02:58:46.708 67528 INFO tempest.lib.common.rest_client [req-4b947400-ff03-44b2-a99c-1e74f57ce0e9 req-4b947400-ff03-44b2-a99c-1e74f57ce0e9 ] Request (FlavorsV255TestJSON:_run_cleanups): 202 DELETE http://10.180.1.21/compute/v2.1/flavors/1878237515 3.188s
2025-11-23 02:58:46.730 67540 INFO tempest.lib.common.rest_client [req-19e0167f-0bd5-4a89-8a88-92e237b8d85b req-19e0167f-0bd5-4a89-8a88-92e237b8d85b ] Request (HostsAdminTestJSON:test_show_host_detail): 200 GET http://10.180.1.21/compute/v2.1/os-hosts 3.180s
2025-11-23 02:58:46.750 67538 INFO tempest.lib.common.rest_client [req-fb1f0a86-5162-4e88-b82c-b2629f0a1399 req-fb1f0a86-5162-4e88-b82c-b2629f0a1399 ] Request (NetworksTest:tearDownClass): 204 DELETE http://10.180.1.21/identity/v3/users/fb01d86210884d31b7de3f4f25351cc8 0.120s
2025-11-23 02:58:46.750 67538 INFO tempest.lib.common.dynamic_creds [-] Deleting project and security group for project: 161703252bdb43a092454a52e17bdfca
2025-11-23 02:58:46.797 67574 INFO tempest.lib.common.rest_client [req-1632dd5b-c93a-4b03-ac81-a243ee85eeb6 req-1632dd5b-c93a-4b03-ac81-a243ee85eeb6 ] Request (VolumesAdminNegativeTest:setUpClass): 204 PUT http://10.180.1.21/identity/v3/projects/e54db2e2c85d4804bee90534c3982d93/users/51965dd6f056415898df8e1e0bd077b3/roles/b64a3be9937944dcb475f78e4d2b6523 0.090s
2025-11-23 02:58:46.797 67574 INFO tempest.lib.common.dynamic_creds [-] Dynamic test user 51965dd6f056415898df8e1e0bd077b3 is created with scope project and roles: ['admin']
2025-11-23 02:58:46.797 67574 INFO tempest.lib.common.dynamic_creds [-] Acquired dynamic creds: credentials: Credentials: {'domain_id': 'default', 'domain_name': 'Default', 'username': 'tempest-VolumesAdminNegativeTest-1924947363-project-admin', 'project_domain_id': 'default', 'project_domain_name': 'Default', 'project_id': 'e54db2e2c85d4804bee90534c3982d93', 'project_name': 'tempest-VolumesAdminNegativeTest-1924947363', 'tenant_id': 'e54db2e2c85d4804bee90534c3982d93', 'tenant_name': 'tempest-VolumesAdminNegativeTest-1924947363', 'user_domain_id': 'default', 'user_domain_name': 'Default', 'user_id': '51965dd6f056415898df8e1e0bd077b3', 'system': None}, Network: None, Subnet: None, Router: None
2025-11-23 02:58:46.861 67538 INFO tempest.lib.common.rest_client [req-5acec663-8c2a-4198-af5a-7fa20fc1fd53 req-5acec663-8c2a-4198-af5a-7fa20fc1fd53 ] Request (NetworksTest:tearDownClass): 201 POST http://10.180.1.21/identity/v3/auth/tokens 0.111s
2025-11-23 02:58:47.030 67574 INFO tempest.lib.common.rest_client [req-bcce0df7-52cc-44ef-af1f-266f679948c1 req-bcce0df7-52cc-44ef-af1f-266f679948c1 ] Request (VolumesAdminNegativeTest:setUpClass): 201 POST http://10.180.1.21/networking/v2.0/networks 0.232s
2025-11-23 02:58:47.154 67538 INFO tempest.lib.common.rest_client [req-4f2ef9d4-45f8-4a0d-bf95-9de6179496eb req-4f2ef9d4-45f8-4a0d-bf95-9de6179496eb ] Request (NetworksTest:tearDownClass): 200 GET http://10.180.1.21/networking/v2.0/security-groups?tenant_id=161703252bdb43a092454a52e17bdfca&name=default 0.292s
2025-11-23 02:58:47.218 67548 INFO tempest.lib.common.rest_client [req-0fc1ba01-d04f-4fb2-8feb-c81efcb277d9 req-0fc1ba01-d04f-4fb2-8feb-c81efcb277d9 ] Request (SecurityGroupsTestAdminJSON:test_list_security_groups_list_all_tenants_filter): 200 POST http://10.180.1.21/compute/v2.1/os-security-groups 3.643s
2025-11-23 02:58:47.242 67552 INFO tempest.lib.common.rest_client [req-7bfb8046-9c3e-42b0-a9b1-f2ad045c54d6 req-7bfb8046-9c3e-42b0-a9b1-f2ad045c54d6 ] Request (AggregatesAdminNegativeTestJSON:test_aggregate_add_existent_host): 200 POST http://10.180.1.21/compute/v2.1/os-aggregates 3.631s
2025-11-23 02:58:47.249 67568 INFO tempest.lib.common.rest_client [req-3e4d9a64-a570-4a9c-b56c-322b8e3ab5dc req-3e4d9a64-a570-4a9c-b56c-322b8e3ab5dc ] Request (InstanceUsageAuditLogNegativeTestJSON:test_instance_usage_audit_logs_with_nonadmin_user): 403 GET http://10.180.1.21/compute/v2.1/os-instance_usage_audit_log/2025-11-23%2002%3A58%3A43 3.589s
2025-11-23 02:58:47.279 67572 INFO tempest.lib.common.rest_client [req-5f9bf243-b8e1-4698-9451-04f5f8e76e5a req-5f9bf243-b8e1-4698-9451-04f5f8e76e5a ] Request (FlavorsAdminTestJSON:_run_cleanups): 200 GET http://10.180.1.21/compute/v2.1/flavors/detail 3.597s
2025-11-23 02:58:47.286 67530 INFO tempest.lib.common.rest_client [req-c8b4d3fe-2b00-46fa-b39e-0bfc919a5e0b req-c8b4d3fe-2b00-46fa-b39e-0bfc919a5e0b ] Request (HostsAdminNegativeTestJSON:test_reboot_host_with_non_admin_user): 403 GET http://10.180.1.21/compute/v2.1/os-hosts/devstack/reboot 3.559s
2025-11-23 02:58:47.305 67538 INFO tempest.lib.common.rest_client [req-8e021a7e-e05e-4c0f-88f2-89b31cb9f421 req-8e021a7e-e05e-4c0f-88f2-89b31cb9f421 ] Request (NetworksTest:tearDownClass): 204 DELETE http://10.180.1.21/networking/v2.0/security-groups/f95ae16f-689a-4fa6-aa1b-f57555768073 0.150s
2025-11-23 02:58:47.383 67568 INFO tempest.lib.common.rest_client [req-91922779-ee5d-4535-b063-31f12f7b5a38 req-91922779-ee5d-4535-b063-31f12f7b5a38 ] Request (InstanceUsageAuditLogNegativeTestJSON:tearDownClass): 204 DELETE http://10.180.1.21/identity/v3/users/198ad99186b149f19521b617dbf01c60 0.131s
2025-11-23 02:58:47.399 67574 INFO tempest.lib.common.rest_client [req-6a475742-b8ad-427e-93f6-7d2401fbf746 req-6a475742-b8ad-427e-93f6-7d2401fbf746 ] Request (VolumesAdminNegativeTest:setUpClass): 201 POST http://10.180.1.21/networking/v2.0/subnets 0.368s
2025-11-23 02:58:47.475 67542 INFO tempest.lib.common.rest_client [req-721eb495-c0b6-409b-ae88-5d9920259e1d req-721eb495-c0b6-409b-ae88-5d9920259e1d ] Request (ImagesOneServerTestJSON:setUpClass): 202 POST http://10.180.1.21/compute/v2.1/servers 4.108s
2025-11-23 02:58:47.494 67558 INFO tempest.lib.common.rest_client [req-908ff062-6709-491d-9cac-d3e5fd882189 req-908ff062-6709-491d-9cac-d3e5fd882189 ] Request (FlavorsAccessNegativeTestJSON:test_add_flavor_access_duplicate): 409 POST http://10.180.1.21/compute/v2.1/flavors/2113605823/action 3.614s
2025-11-23 02:58:47.503 67536 INFO tempest.lib.common.rest_client [req-9bda9d76-da98-41e4-b23c-8b5a7d497ee9 req-9bda9d76-da98-41e4-b23c-8b5a7d497ee9 ] Request (HypervisorAdminNegativeTestJSON:test_get_hypervisor_stats_with_non_admin_user): 403 GET http://10.180.1.21/compute/v2.1/os-hypervisors/statistics 3.528s
2025-11-23 02:58:47.550 67538 INFO tempest.lib.common.rest_client [req-102ad0b7-4260-4b75-b4b1-676a979bf798 req-102ad0b7-4260-4b75-b4b1-676a979bf798 ] Request (NetworksTest:tearDownClass): 204 DELETE http://10.180.1.21/identity/v3/projects/161703252bdb43a092454a52e17bdfca 0.245s
2025-11-23 02:58:47.551 67538 INFO tempest.lib.common.dynamic_creds [-] Deleting project and security group for project: 458cca26eb0d4263a57b2e4cf11ad46c
2025-11-23 02:58:47.606 67568 INFO tempest.lib.common.rest_client [req-f4a360a5-121c-4c55-a592-394eaaba0a6d req-f4a360a5-121c-4c55-a592-394eaaba0a6d ] Request (InstanceUsageAuditLogNegativeTestJSON:tearDownClass): 204 DELETE http://10.180.1.21/identity/v3/users/4e2b7dcb2e3d414887cf604d502c5e04 0.223s
2025-11-23 02:58:47.607 67568 INFO tempest.lib.common.dynamic_creds [-] Deleting project and security group for project: 1ecdc1803e034367823d77d8d8791cb1
2025-11-23 02:58:47.669 67568 INFO tempest.lib.common.rest_client [req-6f14178f-c49c-45dd-8d23-c406b0e1a4e7 req-6f14178f-c49c-45dd-8d23-c406b0e1a4e7 ] Request (InstanceUsageAuditLogNegativeTestJSON:tearDownClass): 201 POST http://10.180.1.21/identity/v3/auth/tokens 0.062s
2025-11-23 02:58:47.750 67578 INFO tempest.lib.common.rest_client [req-ea467a8f-bd83-4fe9-b912-2107a76c71ae req-ea467a8f-bd83-4fe9-b912-2107a76c71ae ] Request (HypervisorAdminUnderV252Test:test_get_hypervisor_show_servers): 200 GET http://10.180.1.21/compute/v2.1/os-hypervisors 3.653s
2025-11-23 02:58:47.851 67544 INFO tempest.lib.common.rest_client [req-c2a79cef-be47-46d0-9890-805f241286e0 req-c2a79cef-be47-46d0-9890-805f241286e0 ] Request (FlavorsAccessTestJSON:test_flavor_access_add_remove): 200 GET http://10.180.1.21/compute/v2.1/flavors/detail 3.732s
2025-11-23 02:58:47.871 67534 INFO tempest.lib.common.rest_client [req-8d37387e-a1cf-4659-a67a-d9208c8c6a48 req-8d37387e-a1cf-4659-a67a-d9208c8c6a48 ] Request (QuotaClassesAdminTestJSON:test_update_default_quotas): 200 GET http://10.180.1.21/compute/v2.1/os-quota-class-sets/default 3.664s
2025-11-23 02:58:47.894 67550 INFO tempest.lib.common.rest_client [req-e54d15d2-ec00-4c33-853f-7a8207e7021d req-e54d15d2-ec00-4c33-853f-7a8207e7021d ] Request (ServicesAdminNegativeTestJSON:test_get_service_by_invalid_service_and_valid_host): 200 GET http://10.180.1.21/compute/v2.1/os-services 3.662s
2025-11-23 02:58:47.956 67590 INFO tempest.lib.common.rest_client [req-f8a3f616-4dce-4b58-96fd-3cc8198b58bf req-f8a3f616-4dce-4b58-96fd-3cc8198b58bf ] Request (TenantUsagesNegativeTestJSON:test_list_usage_all_tenants_with_non_admin_user): 403 GET http://10.180.1.21/compute/v2.1/os-simple-tenant-usage?start=2025-11-22T02%3A58%3A35.711744&end=2025-11-24T02%3A58%3A35.711744&detailed=1 3.719s
2025-11-23 02:58:47.982 67556 INFO tempest.lib.common.rest_client [req-dab3cb19-d44b-41cd-8372-cce846e191a8 req-dab3cb19-d44b-41cd-8372-cce846e191a8 ] Request (ServicesAdminTestJSON:test_get_service_by_service_binary_name): 200 GET http://10.180.1.21/compute/v2.1/os-services?binary=nova-compute 3.705s
2025-11-23 02:58:47.999 67566 INFO tempest.lib.common.rest_client [req-df741136-3688-47b4-9ac0-8c27ea1b36e4 req-df741136-3688-47b4-9ac0-8c27ea1b36e4 ] Request (HypervisorAdminNegativeUnderV252Test:test_search_nonexistent_hypervisor): 404 GET http://10.180.1.21/compute/v2.1/os-hypervisors/nonexistent_hypervisor_name/search 3.705s
2025-11-23 02:58:48.023 67588 INFO tempest.lib.common.rest_client [req-56c15322-b79b-4058-a94d-35b4c73d2f82 req-56c15322-b79b-4058-a94d-35b4c73d2f82 ] Request (FlavorsV261TestJSON:test_crud_flavor): 200 PUT http://10.180.1.21/compute/v2.1/flavors/2060994157 3.656s
2025-11-23 02:58:48.035 67576 INFO tempest.lib.common.rest_client [req-c58b2455-c369-45f9-a748-92620c447ba5 req-c58b2455-c369-45f9-a748-92620c447ba5 ] Request (KeyPairsV210TestJSON:test_admin_manage_keypairs_for_other_users): 200 GET http://10.180.1.21/compute/v2.1/os-keypairs/tempest-keypair-1109830508?user_id=e444847639344acdab75422574b28c0c 3.621s
2025-11-23 02:58:48.081 67590 INFO tempest.lib.common.rest_client [req-a1ed25f6-a023-4a39-84e2-768b60ba8dd8 req-a1ed25f6-a023-4a39-84e2-768b60ba8dd8 ] Request (TenantUsagesNegativeTestJSON:tearDownClass): 204 DELETE http://10.180.1.21/identity/v3/users/7c83f9175e3848bca7afd63c6cc4b177 0.123s
2025-11-23 02:58:48.181 67562 INFO tempest.lib.common.rest_client [req-0a936ef8-dcdc-434f-bd05-cec91354f480 req-0a936ef8-dcdc-434f-bd05-cec91354f480 ] Request (ServersWithSpecificFlavorTestJSON:test_verify_created_server_ephemeral_disk): 200 POST http://10.180.1.21/compute/v2.1/flavors 2.962s
2025-11-23 02:58:48.189 67538 INFO tempest.lib.common.rest_client [req-32f11722-fe78-4965-9347-3789dcce2161 req-32f11722-fe78-4965-9347-3789dcce2161 ] Request (NetworksTest:tearDownClass): 200 GET http://10.180.1.21/networking/v2.0/security-groups?tenant_id=458cca26eb0d4263a57b2e4cf11ad46c&name=default 0.638s
2025-11-23 02:58:48.222 67590 INFO tempest.lib.common.rest_client [req-35f569df-eb60-4c23-a5b1-2ceac4f0f3f5 req-35f569df-eb60-4c23-a5b1-2ceac4f0f3f5 ] Request (TenantUsagesNegativeTestJSON:tearDownClass): 204 DELETE http://10.180.1.21/identity/v3/users/8eeb6b9d9bd74f878153b1d2de140dcb 0.140s
2025-11-23 02:58:48.222 67590 INFO tempest.lib.common.dynamic_creds [-] Deleting project and security group for project: fc0a290bc22f4fe48b9570c88acf7301
2025-11-23 02:58:48.276 67574 INFO tempest.lib.common.rest_client [req-846f6672-8926-4cd2-91e5-8a011524e83d req-846f6672-8926-4cd2-91e5-8a011524e83d ] Request (VolumesAdminNegativeTest:setUpClass): 201 POST http://10.180.1.21/networking/v2.0/routers 0.877s
