2025-11-23 03:01:15.979 67572 INFO tempest.lib.common.rest_client [req-aea3a8e5-f2fa-47a5-b932-d2540d19747c req-aea3a8e5-f2fa-47a5-b932-d2540d19747c ] Request (HypervisorAdminV253TestBase:setUpClass): 201 POST http://10.180.1.21/identity/v3/users 0.108s
2025-11-23 03:01:15.992 67576 INFO tempest.lib.common.rest_client [req-79997f9f-5c1c-4035-b85b-c27d272dee73 req-79997f9f-5c1c-4035-b85b-c27d272dee73 ] Request (ServerRescueTestJSONUnderV235:test_rescued_vm_add_remove_security_group): 200 POST http://10.180.1.21/compute/v2.1/os-security-groups 2.835s
2025-11-23 03:01:16.011 67572 INFO tempest.lib.common.rest_client [req-7862a1ed-85e0-41e2-b446-921dbbce3076 req-7862a1ed-85e0-41e2-b446-921dbbce3076 ] Request (HypervisorAdminV253TestBase:setUpClass): 200 GET http://10.180.1.21/identity/v3/roles 0.031s
2025-11-23 03:01:16.060 67540 INFO tempest.lib.common.rest_client [req-62075e6f-0f5b-4488-9684-69608e6e6213 req-62075e6f-0f5b-4488-9684-69608e6e6213 ] Request (ServersTestBootFromVolume:setUpClass): 200 GET http://10.180.1.21/compute/v2.1/servers/6f3a03e2-f3da-4726-b0fb-1d7cb71fd71d 2.635s
2025-11-23 03:01:16.062 67572 INFO tempest.lib.common.rest_client [req-f55a5fc1-9416-43ef-8254-3ff61feceec0 req-f55a5fc1-9416-43ef-8254-3ff61feceec0 ] Request (HypervisorAdminV253TestBase:setUpClass): 204 PUT http://10.180.1.21/identity/v3/projects/8f7b00ffdd8f4650a667babc99b05bc6/users/3c43031f9b664f40a850505a3322a7bf/roles/b64a3be9937944dcb475f78e4d2b6523 0.051s
2025-11-23 03:01:16.069 67540 INFO tempest.common.waiters [-] State transition "BUILD/spawning" ==> "ACTIVE/None" after 36 second wait
2025-11-23 03:01:16.096 67590 INFO tempest.lib.common.rest_client [req-150bfceb-beac-4922-97a5-6e1abfae2b1a req-150bfceb-beac-4922-97a5-6e1abfae2b1a ] Request (ImagesOneServerNegativeTestJSON:_run_cleanups): 201 POST http://10.180.1.21/networking/v2.0/security-group-rules 0.118s
2025-11-23 03:01:16.121 67544 INFO tempest.lib.common.rest_client [req-ac800302-5f52-484f-bf65-b8c053d1fca5 req-ac800302-5f52-484f-bf65-b8c053d1fca5 ] Request (MigrationsAdminTest:test_list_migrations_in_flavor_resize_situation): 200 GET http://10.180.1.21/compute/v2.1/servers/918f09f8-43a7-420c-9c88-d4ac8a4d0132 2.528s
2025-11-23 03:01:16.123 67572 INFO tempest.lib.common.rest_client [req-3e92752c-bedd-4db1-ab64-128eca76bf30 req-3e92752c-bedd-4db1-ab64-128eca76bf30 ] Request (HypervisorAdminV253TestBase:setUpClass): 200 GET http://10.180.1.21/identity/v3/roles 0.060s
2025-11-23 03:01:16.125 67574 WARNING tempest.lib.common.ssh [-] Failed to establish authenticated ssh connection to cirros@10.180.180.164 ([Errno None] Unable to connect to port 22 on 10.180.180.164). Number attempts: 1. Retry after 2 seconds.: paramiko.ssh_exception.NoValidConnectionsError: [Errno None] Unable to connect to port 22 on 10.180.180.164
2025-11-23 03:01:16.132 67556 INFO tempest.lib.common.rest_client [req-1e4c3390-1d12-4727-9859-e5a3d714ab5a req-1e4c3390-1d12-4727-9859-e5a3d714ab5a ] Request (ImagesTestJSON:test_create_image_from_suspended_server): 200 GET http://10.180.1.21/compute/v2.1/servers/f765b8d4-90c2-45b1-99c7-a6e89c7a71bd 2.500s
2025-11-23 03:01:16.161 67572 INFO tempest.lib.common.rest_client [req-dc546ee1-44f1-4b4e-a554-1049885929f3 req-dc546ee1-44f1-4b4e-a554-1049885929f3 ] Request (HypervisorAdminV253TestBase:setUpClass): 204 PUT http://10.180.1.21/identity/v3/projects/8f7b00ffdd8f4650a667babc99b05bc6/users/3c43031f9b664f40a850505a3322a7bf/roles/b64a3be9937944dcb475f78e4d2b6523 0.037s
2025-11-23 03:01:16.161 67572 INFO tempest.lib.common.dynamic_creds [-] Dynamic test user 3c43031f9b664f40a850505a3322a7bf is created with scope project and roles: ['admin']
2025-11-23 03:01:16.161 67572 INFO tempest.lib.common.dynamic_creds [-] Acquired dynamic creds: credentials: Credentials: {'domain_id': 'default', 'domain_name': 'Default', 'username': 'tempest-HypervisorAdminV253TestBase-1595016711-project-admin', 'project_domain_id': 'default', 'project_domain_name': 'Default', 'project_id': '8f7b00ffdd8f4650a667babc99b05bc6', 'project_name': 'tempest-HypervisorAdminV253TestBase-1595016711', 'tenant_id': '8f7b00ffdd8f4650a667babc99b05bc6', 'tenant_name': 'tempest-HypervisorAdminV253TestBase-1595016711', 'user_domain_id': 'default', 'user_domain_name': 'Default', 'user_id': '3c43031f9b664f40a850505a3322a7bf', 'system': None}, Network: None, Subnet: None, Router: None
2025-11-23 03:01:16.161 67572 INFO tempest.lib.common.dynamic_creds [-] Created isolated network resources for: credentials: Credentials: {'domain_id': 'default', 'domain_name': 'Default', 'username': 'tempest-HypervisorAdminV253TestBase-1595016711-project-admin', 'project_domain_id': 'default', 'project_domain_name': 'Default', 'project_id': '8f7b00ffdd8f4650a667babc99b05bc6', 'project_name': 'tempest-HypervisorAdminV253TestBase-1595016711', 'tenant_id': '8f7b00ffdd8f4650a667babc99b05bc6', 'tenant_name': 'tempest-HypervisorAdminV253TestBase-1595016711', 'user_domain_id': 'default', 'user_domain_name': 'Default', 'user_id': '3c43031f9b664f40a850505a3322a7bf', 'system': None}, Network: None, Subnet: None, Router: None
2025-11-23 03:01:16.230 67590 INFO tempest.lib.common.rest_client [req-5e0c191b-139a-4bcb-bfe8-3c56664cc051 req-5e0c191b-139a-4bcb-bfe8-3c56664cc051 ] Request (ImagesOneServerNegativeTestJSON:_run_cleanups): 201 POST http://10.180.1.21/networking/v2.0/security-group-rules 0.132s
2025-11-23 03:01:16.259 67564 INFO tempest.lib.common.rest_client [req-75fb8514-f23c-4272-b6f8-fb2b76b3289b req-75fb8514-f23c-4272-b6f8-fb2b76b3289b ] Request (DeleteServersTestJSON:test_delete_active_server): 200 GET http://10.180.1.21/compute/v2.1/servers/b6b5dab8-6446-42c0-8a5f-01d14d77b78e 2.592s
2025-11-23 03:01:16.270 67572 INFO tempest.lib.common.rest_client [req-3893e1c4-df71-460a-9764-28f31c152468 req-3893e1c4-df71-460a-9764-28f31c152468 ] Request (HypervisorAdminV253TestBase:setUpClass): 201 POST http://10.180.1.21/identity/v3/auth/tokens 0.104s
2025-11-23 03:01:16.278 67580 INFO tempest.lib.common.rest_client [req-55a4387b-33c3-46d4-9adc-4dacebd3cd80 req-55a4387b-33c3-46d4-9adc-4dacebd3cd80 ] Request (AttachInterfacesUnderV243Test:test_add_remove_fixed_ip): 200 GET http://10.180.1.21/compute/v2.1/servers/477ee93b-fc99-415c-a6c8-496796072b85/os-interface/323b8339-02a6-49b7-a49e-d75812b5cedd 2.260s
2025-11-23 03:01:16.337 67570 INFO tempest.lib.common.rest_client [req-a1208157-8987-4f74-9c83-f18dc7777df6 req-a1208157-8987-4f74-9c83-f18dc7777df6 ] Request (VolumesAssistedSnapshotsTest:test_volume_assisted_snapshot_create_delete): 200 GET http://10.180.1.21/volume/v3/volumes/7a8f2e30-0ca1-4057-9d07-46640d501abc 0.042s
2025-11-23 03:01:16.365 67560 INFO tempest.lib.common.rest_client [req-867fcfcd-6b60-489d-91a4-d18fc77b225b req-867fcfcd-6b60-489d-91a4-d18fc77b225b ] Request (ServersListShow2100Test:test_list_show_rebuild_update_server_2100): 200 GET http://10.180.1.21/compute/v2.1/servers/b0bbdb2d-beed-4386-bf9a-adcb21eb433c 2.194s
2025-11-23 03:01:16.512 67542 INFO tempest.lib.common.rest_client [req-3a51ead2-d179-46d1-a184-8a8cae7eee6d req-3a51ead2-d179-46d1-a184-8a8cae7eee6d ] Request (ServerGroup264TestJSON:test_create_get_server_group): 200 POST http://10.180.1.21/compute/v2.1/os-server-groups 2.323s
2025-11-23 03:01:16.703 67538 INFO tempest.lib.common.rest_client [req-332db07d-bfea-452a-8178-7d608a058d93 req-332db07d-bfea-452a-8178-7d608a058d93 ] Request (SecurityGroupsTestJSON:test_server_security_groups): 200 POST http://10.180.1.21/compute/v2.1/os-security-groups 2.251s
2025-11-23 03:01:16.721 67558 INFO tempest.lib.common.rest_client [req-274758b1-d5d0-466b-99ec-428e8685bf49 req-274758b1-d5d0-466b-99ec-428e8685bf49 ] Request (ServersListShow296Test:test_list_show_update_rebuild_server_296): 200 GET http://10.180.1.21/compute/v2.1/servers/detail 2.453s
2025-11-23 03:01:16.746 67530 INFO tempest.lib.common.rest_client [req-170eff59-ec51-4e19-92f0-602514d73fd2 req-170eff59-ec51-4e19-92f0-602514d73fd2 ] Request (ServersTestMultiNic:_run_cleanups): 404 GET http://10.180.1.21/compute/v2.1/servers/506c7c7d-eea8-4c01-bcee-208cd89805c2 2.189s
2025-11-23 03:01:16.754 67590 INFO tempest.lib.common.rest_client [req-4cc6eef8-6be9-4397-8874-9edecfa0b213 req-4cc6eef8-6be9-4397-8874-9edecfa0b213 ] Request (ImagesOneServerNegativeTestJSON:_run_cleanups): 201 POST http://10.180.1.21/networking/v2.0/floatingips 0.523s
2025-11-23 03:01:16.787 67552 INFO tempest.lib.common.rest_client [req-291d6727-ac5a-43a3-ad68-ee9965658787 req-291d6727-ac5a-43a3-ad68-ee9965658787 ] Request (FloatingIPsAssociationTestJSON:setUpClass): 200 GET http://10.180.1.21/compute/v2.1/servers/e0b14d17-bf4f-4472-8181-252956b96722 2.258s
2025-11-23 03:01:16.798 67552 INFO tempest.common.waiters [-] State transition "BUILD/None" ==> "BUILD/networking" after 23 second wait
2025-11-23 03:01:16.824 67590 INFO tempest.lib.common.rest_client [req-1d191638-fe1a-4e5c-a51e-2f046425a1cc req-1d191638-fe1a-4e5c-a51e-2f046425a1cc ] Request (ImagesOneServerNegativeTestJSON:_run_cleanups): 201 POST http://10.180.1.21/identity/v3/auth/tokens 0.067s
2025-11-23 03:01:16.824 67590 INFO tempest.lib.common.fixed_network [-] (ImagesOneServerNegativeTestJSON:_run_cleanups) Found network {'id': '41f28436-751b-4b5a-bbf9-a1e36daa1014', 'name': 'tempest-ImagesOneServerNegativeTestJSON-540970599-network', 'tenant_id': '9e8e50ffe6ca4996b30d786962821585', 'project_id': '9e8e50ffe6ca4996b30d786962821585', 'admin_state_up': True, 'mtu': 8950, 'status': 'ACTIVE', 'subnets': [], 'shared': False, 'port_security_enabled': True, 'router:external': False, 'provider:network_type': 'vlan', 'provider:physical_network': 'default', 'provider:segmentation_id': 127, 'availability_zone_hints': [], 'availability_zones': [], 'ipv4_address_scope': None, 'ipv6_address_scope': None, 'description': '', 'tags': [], 'created_at': '2025-11-23T02:59:06Z', 'updated_at': '2025-11-23T02:59:06Z', 'revision_number': 1} available for tenant
2025-11-23 03:01:16.871 67532 INFO tempest.lib.common.rest_client [req-483612af-033d-41e6-96fa-399e7dbc4a61 req-483612af-033d-41e6-96fa-399e7dbc4a61 ] Request (ServersAdminTestJSON:test_list_servers_filter_by_error_status): 202 POST http://10.180.1.21/compute/v2.1/servers/c62d675a-8676-4dde-a876-e20e73a67a1c/action 1.761s
2025-11-23 03:01:16.911 67530 INFO tempest.lib.common.rest_client [req-eb759db1-b91d-4772-8503-e1557820f8fa req-eb759db1-b91d-4772-8503-e1557820f8fa ] Request (ServersTestMultiNic:_run_cleanups): 204 DELETE http://10.180.1.21/networking/v2.0/subnets/a3b74b16-ff5e-4464-a875-086a9bc81aee 0.165s
2025-11-23 03:01:16.938 67588 INFO tempest.lib.common.rest_client [req-a2634e02-eb9d-44f0-a621-7c399657c2fd req-a2634e02-eb9d-44f0-a621-7c399657c2fd ] Request (ServersListShow298Test:test_list_show_update_rebuild_server_298): 200 GET http://10.180.1.21/compute/v2.1/servers/461c11cd-056f-40cb-bdd5-e21d0079531e 2.126s
2025-11-23 03:01:16.952 67528 INFO tempest.lib.common.rest_client [req-54147408-fe27-4d2d-a150-d9dabbeadae0 req-54147408-fe27-4d2d-a150-d9dabbeadae0 ] Request (ServersNegativeTestJSON:setUpClass): 200 GET http://10.180.1.21/compute/v2.1/servers/b67ecda8-5f69-40f3-8bc0-fef3333dc29e 1.797s
2025-11-23 03:01:17.047 67550 INFO tempest.lib.common.rest_client [req-573b77ba-812c-4d95-90f5-10433db35400 req-573b77ba-812c-4d95-90f5-10433db35400 ] Request (ImagesMetadataNegativeTestJSON:test_delete_nonexistent_image_metadata_item): 404 DELETE http://10.180.1.21/compute/v2.1/images/4f2835e4-8105-4838-a798-2e24abbaffc1/metadata/os_distro 1.658s
2025-11-23 03:01:17.144 67566 INFO tempest.lib.common.rest_client [req-2e8ebcd7-e0d3-458f-9098-907c7e13ce97 req-2e8ebcd7-e0d3-458f-9098-907c7e13ce97 ] Request (ServerActionsTestOtherB:setUpClass): 200 GET http://10.180.1.21/compute/v2.1/servers/e734f3a9-8d32-481a-8fba-8009b36f728f 1.551s
2025-11-23 03:01:17.161 67536 INFO tempest.lib.common.rest_client [req-19260320-cb36-4543-8211-70e6f84ae600 req-19260320-cb36-4543-8211-70e6f84ae600 ] Request (AttachInterfacesTestJSON:test_create_list_show_delete_interfaces_by_fixed_ip): 200 GET http://10.180.1.21/compute/v2.1/servers/e364ff57-edf9-4ad5-afc5-ea6f519c1b40 1.540s
2025-11-23 03:01:17.204 67530 INFO tempest.lib.common.rest_client [req-157801a0-6397-46a3-bdd5-10560da51492 req-157801a0-6397-46a3-bdd5-10560da51492 ] Request (ServersTestMultiNic:_run_cleanups): 204 DELETE http://10.180.1.21/networking/v2.0/networks/3b82c240-6565-44c9-85ee-dc97ba17ccbc 0.292s
2025-11-23 03:01:17.384 67570 INFO tempest.lib.common.rest_client [req-1799be71-21e2-436d-843d-1f3ab8dbe0e9 req-1799be71-21e2-436d-843d-1f3ab8dbe0e9 ] Request (VolumesAssistedSnapshotsTest:test_volume_assisted_snapshot_create_delete): 200 GET http://10.180.1.21/volume/v3/volumes/7a8f2e30-0ca1-4057-9d07-46640d501abc 0.036s
2025-11-23 03:01:17.419 67530 INFO tempest.lib.common.rest_client [req-bb452e78-26b6-42bc-afbc-9d4c5830da72 req-bb452e78-26b6-42bc-afbc-9d4c5830da72 ] Request (ServersTestMultiNic:_run_cleanups): 204 DELETE http://10.180.1.21/networking/v2.0/subnets/25ef9cdf-2c54-409a-a538-19dc7c111e29 0.215s
2025-11-23 03:01:17.457 67546 INFO tempest.lib.common.rest_client [req-78cb6fca-9150-4dc2-bf47-ecd9564b26be req-78cb6fca-9150-4dc2-bf47-ecd9564b26be ] Request (ListServerFiltersTestJSON:test_list_servers_filtered_by_ip_regex): 200 GET http://10.180.1.21/compute/v2.1/servers/4e5a0fbb-35bb-4ad4-9f24-87ec9a3520a0 1.655s
2025-11-23 03:01:17.595 67568 WARNING tempest.lib.common.ssh [-] Failed to establish authenticated ssh connection to cirros@10.180.180.217 ([Errno None] Unable to connect to port 22 on 10.180.180.217). Number attempts: 4. Retry after 5 seconds.: paramiko.ssh_exception.NoValidConnectionsError: [Errno None] Unable to connect to port 22 on 10.180.180.217
2025-11-23 03:01:17.811 67530 INFO tempest.lib.common.rest_client [req-ac2da591-48bd-47b8-9bd7-abb141527f9e req-ac2da591-48bd-47b8-9bd7-abb141527f9e ] Request (ServersTestMultiNic:_run_cleanups): 204 DELETE http://10.180.1.21/networking/v2.0/networks/107e90ac-29c5-4a86-b5f9-e687764292d3 0.391s
2025-11-23 03:01:18.129 67576 INFO tempest.lib.common.rest_client [req-edb20379-0522-42de-b803-7fa8fc2cc527 req-edb20379-0522-42de-b803-7fa8fc2cc527 ] Request (ServerRescueTestJSONUnderV235:test_rescued_vm_add_remove_security_group): 202 POST http://10.180.1.21/compute/v2.1/servers/c826d66f-3ddc-4cf7-9474-5050ea12536b/action 2.133s
2025-11-23 03:01:18.293 67530 INFO tempest.lib.common.rest_client [req-6e6fb2d9-46da-4c42-a15b-8bf4790905ee req-6e6fb2d9-46da-4c42-a15b-8bf4790905ee ] Request (ServersTestMultiNic:test_verify_multiple_nics_order): 201 POST http://10.180.1.21/networking/v2.0/networks 0.481s
2025-11-23 03:01:18.386 67540 INFO tempest.lib.common.rest_client [req-14982777-fc74-47e8-8784-c34312a2b6a6 req-14982777-fc74-47e8-8784-c34312a2b6a6 ] Request (ServersTestBootFromVolume:setUpClass): 200 GET http://10.180.1.21/compute/v2.1/servers/6f3a03e2-f3da-4726-b0fb-1d7cb71fd71d/os-interface 2.316s
2025-11-23 03:01:18.417 67584 INFO tempest.lib.common.rest_client [req-99724fc0-57dc-40e3-80dc-8b980e2cb11d req-99724fc0-57dc-40e3-80dc-8b980e2cb11d ] Request (ServerAddressesTestJSON:setUpClass): 200 GET http://10.180.1.21/compute/v2.1/servers/3ebeaeb4-baa4-4d69-b3bc-c50c18dd48e1 2.406s
2025-11-23 03:01:18.438 67570 INFO tempest.lib.common.rest_client [req-bd0c92bd-c966-432f-9fe4-3dcf056a82ed req-bd0c92bd-c966-432f-9fe4-3dcf056a82ed ] Request (VolumesAssistedSnapshotsTest:test_volume_assisted_snapshot_create_delete): 200 GET http://10.180.1.21/volume/v3/volumes/7a8f2e30-0ca1-4057-9d07-46640d501abc 0.046s
2025-11-23 03:01:18.568 67572 INFO tempest.lib.common.rest_client [req-ab083ecb-67e3-48a0-ac85-16decb64cfb5 req-ab083ecb-67e3-48a0-ac85-16decb64cfb5 ] Request (HypervisorAdminV253TestBase:test_list_show_detail_hypervisors): 200 GET http://10.180.1.21/compute/v2.1/os-hypervisors/detail?with_servers=True 2.296s
2025-11-23 03:01:18.611 67580 INFO tempest.lib.common.rest_client [req-35d710bc-717b-4a8d-8715-453be977ddde req-35d710bc-717b-4a8d-8715-453be977ddde ] Request (AttachInterfacesUnderV243Test:test_add_remove_fixed_ip): 200 GET http://10.180.1.21/compute/v2.1/servers/477ee93b-fc99-415c-a6c8-496796072b85/ips 2.329s
2025-11-23 03:01:18.634 67542 INFO tempest.lib.common.rest_client [req-a2f205bd-4ee7-4075-aee2-72232cdd0043 req-a2f205bd-4ee7-4075-aee2-72232cdd0043 ] Request (ServerGroup264TestJSON:test_create_get_server_group): 200 GET http://10.180.1.21/compute/v2.1/os-server-groups 2.120s
2025-11-23 03:01:18.659 67530 INFO tempest.lib.common.rest_client [req-cfc5aaf2-c5e2-4667-91ab-192549dd481a req-cfc5aaf2-c5e2-4667-91ab-192549dd481a ] Request (ServersTestMultiNic:test_verify_multiple_nics_order): 201 POST http://10.180.1.21/networking/v2.0/subnets 0.366s
2025-11-23 03:01:18.807 67586 INFO tempest.lib.common.rest_client [req-c940db93-ad53-4f3e-840b-77cfa442bf00 req-c940db93-ad53-4f3e-840b-77cfa442bf00 ] Request (ServerDiskConfigTestJSON:test_rebuild_server_with_manual_disk_config): 200 GET http://10.180.1.21/compute/v2.1/servers/a80a0db1-3ac0-4c87-979e-541d0aa623d5 2.628s
2025-11-23 03:01:18.919 67538 INFO tempest.lib.common.rest_client [req-c2a05d0d-89aa-4538-9466-c9e5733d412f req-c2a05d0d-89aa-4538-9466-c9e5733d412f ] Request (SecurityGroupsTestJSON:test_server_security_groups): 200 POST http://10.180.1.21/compute/v2.1/os-security-groups 2.212s
2025-11-23 03:01:19.000 67538 INFO tempest.lib.common.rest_client [req-71265753-f92f-482a-9b66-e4acce596e64 req-71265753-f92f-482a-9b66-e4acce596e64 ] Request (SecurityGroupsTestJSON:test_server_security_groups): 201 POST http://10.180.1.21/identity/v3/auth/tokens 0.072s
2025-11-23 03:01:19.000 67538 INFO tempest.lib.common.fixed_network [-] (SecurityGroupsTestJSON:test_server_security_groups) Found network {'id': '05bcb1ea-83c7-4f74-8b82-744c7af81b41', 'name': 'tempest-SecurityGroupsTestJSON-1054015379-network', 'tenant_id': '59634bc7a8094739bd2fc75033a4f0e5', 'project_id': '59634bc7a8094739bd2fc75033a4f0e5', 'admin_state_up': True, 'mtu': 8950, 'status': 'ACTIVE', 'subnets': [], 'shared': False, 'port_security_enabled': True, 'router:external': False, 'provider:network_type': 'vlan', 'provider:physical_network': 'default', 'provider:segmentation_id': 928, 'availability_zone_hints': [], 'availability_zones': [], 'ipv4_address_scope': None, 'ipv6_address_scope': None, 'description': '', 'tags': [], 'created_at': '2025-11-23T02:59:43Z', 'updated_at': '2025-11-23T02:59:43Z', 'revision_number': 1} available for tenant
2025-11-23 03:01:19.037 67530 INFO tempest.lib.common.rest_client [req-d0a69fd9-12c1-44de-8cbc-acbfe64d3ba5 req-d0a69fd9-12c1-44de-8cbc-acbfe64d3ba5 ] Request (ServersTestMultiNic:test_verify_multiple_nics_order): 201 POST http://10.180.1.21/networking/v2.0/networks 0.377s
2025-11-23 03:01:19.088 67548 INFO tempest.lib.common.rest_client [req-9290a6f6-1609-4d0f-9de3-de7def810a1c req-9290a6f6-1609-4d0f-9de3-de7def810a1c ] Request (ServersV294TestFqdnHostnames:tearDownClass): 200 GET http://10.180.1.21/compute/v2.1/servers/1acbaf9e-3972-48de-af17-359e9cbdb8d7 2.362s
2025-11-23 03:01:19.110 67558 INFO tempest.lib.common.rest_client [req-de49f711-2e4d-45da-9743-436fdabd2a2a req-de49f711-2e4d-45da-9743-436fdabd2a2a ] Request (ServersListShow296Test:test_list_show_update_rebuild_server_296): 200 GET http://10.180.1.21/compute/v2.1/servers/9c7df655-c49f-45c0-8c67-73d9259ddeaa 2.377s
2025-11-23 03:01:19.197 67574 WARNING tempest.lib.common.ssh [-] Failed to establish authenticated ssh connection to cirros@10.180.180.164 ([Errno None] Unable to connect to port 22 on 10.180.180.164). Number attempts: 2. Retry after 3 seconds.: paramiko.ssh_exception.NoValidConnectionsError: [Errno None] Unable to connect to port 22 on 10.180.180.164
2025-11-23 03:01:19.224 67540 INFO tempest.lib.common.rest_client [req-ae106b3b-34ab-40d4-be5d-cc54723b4137 req-ae106b3b-34ab-40d4-be5d-cc54723b4137 ] Request (ServersTestBootFromVolume:setUpClass): 200 PUT http://10.180.1.21/networking/v2.0/floatingips/1bd0d4d7-58ca-495c-8809-87127d199506 0.836s
2025-11-23 03:01:19.260 67554 INFO tempest.lib.common.rest_client [req-97ec47ff-e663-4345-993f-0f4bd0ef8785 req-97ec47ff-e663-4345-993f-0f4bd0ef8785 ] Request (InstanceActionsTestJSON:setUpClass): 200 GET http://10.180.1.21/compute/v2.1/servers/e7423c39-2dd4-429d-963c-9829b9473ee9 2.458s
2025-11-23 03:01:19.344 67530 INFO tempest.lib.common.rest_client [req-d30ac391-2895-43cb-b6c6-65abd06ec80d req-d30ac391-2895-43cb-b6c6-65abd06ec80d ] Request (ServersTestMultiNic:test_verify_multiple_nics_order): 201 POST http://10.180.1.21/networking/v2.0/subnets 0.307s
2025-11-23 03:01:19.420 67530 INFO tempest.lib.common.rest_client [req-c1ecc027-1f78-481c-9afd-b961124621b8 req-c1ecc027-1f78-481c-9afd-b961124621b8 ] Request (ServersTestMultiNic:test_verify_multiple_nics_order): 201 POST http://10.180.1.21/identity/v3/auth/tokens 0.072s
2025-11-23 03:01:19.421 67530 INFO tempest.lib.common.fixed_network [-] (ServersTestMultiNic:test_verify_multiple_nics_order) Found network {'id': '61eb0003-f097-4cd0-a740-2f8f750cd41e', 'name': 'tempest-ServersTestMultiNic-2028081437-network', 'tenant_id': '0c3da53a0d14437bb5bb2c35196e04c1', 'project_id': '0c3da53a0d14437bb5bb2c35196e04c1', 'admin_state_up': True, 'mtu': 8950, 'status': 'ACTIVE', 'subnets': [], 'shared': False, 'port_security_enabled': True, 'router:external': False, 'provider:network_type': 'vlan', 'provider:physical_network': 'default', 'provider:segmentation_id': 934, 'availability_zone_hints': [], 'availability_zones': [], 'ipv4_address_scope': None, 'ipv6_address_scope': None, 'description': '', 'tags': [], 'created_at': '2025-11-23T02:59:54Z', 'updated_at': '2025-11-23T02:59:54Z', 'revision_number': 1} available for tenant
2025-11-23 03:01:19.464 67532 INFO tempest.lib.common.rest_client [req-c258439c-8c64-42f3-88bc-afc4c59e981e req-c258439c-8c64-42f3-88bc-afc4c59e981e ] Request (ServersAdminTestJSON:test_list_servers_filter_by_error_status): 200 GET http://10.180.1.21/compute/v2.1/servers/c62d675a-8676-4dde-a876-e20e73a67a1c 2.592s
2025-11-23 03:01:19.486 67570 INFO tempest.lib.common.rest_client [req-144b6e9c-7fe0-4d64-8726-253960ff2ce7 req-144b6e9c-7fe0-4d64-8726-253960ff2ce7 ] Request (VolumesAssistedSnapshotsTest:test_volume_assisted_snapshot_create_delete): 200 GET http://10.180.1.21/volume/v3/volumes/7a8f2e30-0ca1-4057-9d07-46640d501abc 0.041s
2025-11-23 03:01:19.534 67534 INFO tempest.lib.common.rest_client [req-bcb92fe7-b977-4e4c-9a78-bfd5a1b07f7c req-bcb92fe7-b977-4e4c-9a78-bfd5a1b07f7c ] Request (InstanceActionsNegativeTestJSON:setUpClass): 200 GET http://10.180.1.21/compute/v2.1/servers/f3e1809d-a0b8-4d4a-84dc-66f1097ba937 2.651s
2025-11-23 03:01:19.557 67550 INFO tempest.lib.common.rest_client [req-49fa8219-1f2f-498e-a40b-1bcf323e0d6a req-49fa8219-1f2f-498e-a40b-1bcf323e0d6a ] Request (ImagesMetadataNegativeTestJSON:test_get_nonexistent_image_metadata_item): 404 GET http://10.180.1.21/compute/v2.1/images/f65a3130-a763-43b6-9af1-953eaa3916e4/metadata/os_version 2.508s
2025-11-23 03:01:19.657 67590 INFO tempest.lib.common.rest_client [req-5dac1a01-763c-45c9-9582-46042278557a req-5dac1a01-763c-45c9-9582-46042278557a ] Request (ImagesOneServerNegativeTestJSON:_run_cleanups): 202 POST http://10.180.1.21/compute/v2.1/servers 2.832s
2025-11-23 03:01:19.716 67544 INFO tempest.lib.common.rest_client [req-50e8c639-3d06-42ff-8334-ff113e705525 req-50e8c639-3d06-42ff-8334-ff113e705525 ] Request (MigrationsAdminTest:test_list_migrations_in_flavor_resize_situation): 200 GET http://10.180.1.21/compute/v2.1/servers/918f09f8-43a7-420c-9c88-d4ac8a4d0132 2.585s
2025-11-23 03:01:19.719 67556 INFO tempest.lib.common.rest_client [req-0bcf592a-57ea-4c14-9f88-97509feec729 req-0bcf592a-57ea-4c14-9f88-97509feec729 ] Request (ImagesTestJSON:test_create_image_from_suspended_server): 200 GET http://10.180.1.21/compute/v2.1/servers/f765b8d4-90c2-45b1-99c7-a6e89c7a71bd 2.571s
2025-11-23 03:01:19.774 67564 INFO tempest.lib.common.rest_client [req-4b7f3ddd-bb9f-4c14-a362-921b0b39d0a2 req-4b7f3ddd-bb9f-4c14-a362-921b0b39d0a2 ] Request (DeleteServersTestJSON:test_delete_active_server): 200 GET http://10.180.1.21/compute/v2.1/servers/b6b5dab8-6446-42c0-8a5f-01d14d77b78e 2.504s
2025-11-23 03:01:19.781 67560 INFO tempest.lib.common.rest_client [req-180b711b-5ebc-4218-9a5d-b4dd7dbd76de req-180b711b-5ebc-4218-9a5d-b4dd7dbd76de ] Request (ServersListShow2100Test:test_list_show_rebuild_update_server_2100): 200 GET http://10.180.1.21/compute/v2.1/servers/b0bbdb2d-beed-4386-bf9a-adcb21eb433c 2.402s
2025-11-23 03:01:19.913 67546 INFO tempest.lib.common.rest_client [req-89b2fb39-6dd9-41de-b843-31c15327da07 req-89b2fb39-6dd9-41de-b843-31c15327da07 ] Request (ListServerFiltersTestJSON:test_list_servers_filtered_by_ip_regex): 200 GET http://10.180.1.21/compute/v2.1/servers/detail 2.448s
2025-11-23 03:01:19.914 67552 INFO tempest.lib.common.rest_client [req-3684a9ad-81b7-4909-94c6-f63b239d17e3 req-3684a9ad-81b7-4909-94c6-f63b239d17e3 ] Request (FloatingIPsAssociationTestJSON:setUpClass): 200 GET http://10.180.1.21/compute/v2.1/servers/e0b14d17-bf4f-4472-8181-252956b96722 2.115s
2025-11-23 03:01:19.924 67552 INFO tempest.common.waiters [-] State transition "BUILD/networking" ==> "BUILD/spawning" after 26 second wait
2025-11-23 03:01:19.966 67528 INFO tempest.lib.common.rest_client [req-e3eb5cae-495e-42ad-af59-9bc3b387eb93 req-e3eb5cae-495e-42ad-af59-9bc3b387eb93 ] Request (ServersNegativeTestJSON:setUpClass): 200 GET http://10.180.1.21/compute/v2.1/servers/b67ecda8-5f69-40f3-8bc0-fef3333dc29e 2.005s
2025-11-23 03:01:19.990 67588 INFO tempest.lib.common.rest_client [req-3eecf5bb-1490-4ffe-9630-a2e2ff3d80df req-3eecf5bb-1490-4ffe-9630-a2e2ff3d80df ] Request (ServersListShow298Test:test_list_show_update_rebuild_server_298): 200 GET http://10.180.1.21/compute/v2.1/servers/461c11cd-056f-40cb-bdd5-e21d0079531e 2.040s
2025-11-23 03:01:20.000 67588 INFO tempest.common.waiters [-] State transition "REBUILD/rebuilding" ==> "REBUILD/rebuild_spawning" after 4 second wait
2025-11-23 03:01:20.040 67566 INFO tempest.lib.common.rest_client [req-2eb73016-0709-4d59-a8a0-bec6f4bd1cd1 req-2eb73016-0709-4d59-a8a0-bec6f4bd1cd1 ] Request (ServerActionsTestOtherB:setUpClass): 200 GET http://10.180.1.21/compute/v2.1/servers/e734f3a9-8d32-481a-8fba-8009b36f728f 1.888s
2025-11-23 03:01:20.091 67536 INFO tempest.lib.common.rest_client [req-a69247c4-2e23-4feb-83b0-7b436d486777 req-a69247c4-2e23-4feb-83b0-7b436d486777 ] Request (AttachInterfacesTestJSON:test_create_list_show_delete_interfaces_by_fixed_ip): 200 GET http://10.180.1.21/compute/v2.1/servers/e364ff57-edf9-4ad5-afc5-ea6f519c1b40 1.915s
2025-11-23 03:01:20.147 67572 INFO tempest.lib.common.rest_client [req-64435f91-773b-4897-886c-c13b05fbaff6 req-64435f91-773b-4897-886c-c13b05fbaff6 ] Request (HypervisorAdminV253TestBase:test_list_show_detail_hypervisors): 200 GET http://10.180.1.21/compute/v2.1/os-hypervisors?with_servers=True 1.571s
2025-11-23 03:01:20.181 67580 INFO tempest.lib.common.rest_client [req-203d6cf8-8ac0-4588-8b99-a7ef06496534 req-203d6cf8-8ac0-4588-8b99-a7ef06496534 ] Request (AttachInterfacesUnderV243Test:test_add_remove_fixed_ip): 202 POST http://10.180.1.21/compute/v2.1/servers/477ee93b-fc99-415c-a6c8-496796072b85/action 1.567s
2025-11-23 03:01:20.203 67542 INFO tempest.lib.common.rest_client [req-ef43ecf3-09cb-467d-9601-a55cc9fc0ae4 req-ef43ecf3-09cb-467d-9601-a55cc9fc0ae4 ] Request (ServerGroup264TestJSON:test_create_get_server_group): 200 GET http://10.180.1.21/compute/v2.1/os-server-groups/20544e05-0146-45bb-aa85-6ac330564357 1.566s
2025-11-23 03:01:20.354 67576 INFO tempest.lib.common.rest_client [req-e7f978d2-55f6-48f4-8621-c1638a6dd7a1 req-e7f978d2-55f6-48f4-8621-c1638a6dd7a1 ] Request (ServerRescueTestJSONUnderV235:test_rescued_vm_add_remove_security_group): 202 POST http://10.180.1.21/compute/v2.1/servers/c826d66f-3ddc-4cf7-9474-5050ea12536b/action 2.225s
2025-11-23 03:01:20.429 67558 INFO tempest.lib.common.rest_client [req-649210a8-0d65-4ed0-8ee5-9e99e49f2c8f req-649210a8-0d65-4ed0-8ee5-9e99e49f2c8f ] Request (ServersListShow296Test:test_list_show_update_rebuild_server_296): 200 PUT http://10.180.1.21/compute/v2.1/servers/9c7df655-c49f-45c0-8c67-73d9259ddeaa 1.305s
2025-11-23 03:01:20.536 67570 INFO tempest.lib.common.rest_client [req-4fe20651-a37b-42c6-b624-b7c8aa09c81f req-4fe20651-a37b-42c6-b624-b7c8aa09c81f ] Request (VolumesAssistedSnapshotsTest:test_volume_assisted_snapshot_create_delete): 200 GET http://10.180.1.21/volume/v3/volumes/7a8f2e30-0ca1-4057-9d07-46640d501abc 0.042s
2025-11-23 03:01:20.583 67540 INFO tempest.lib.common.rest_client [req-0fbfa604-21e0-48aa-80ae-aff070411e61 req-0fbfa604-21e0-48aa-80ae-aff070411e61 ] Request (ServersTestBootFromVolume:setUpClass): 200 GET http://10.180.1.21/compute/v2.1/servers/6f3a03e2-f3da-4726-b0fb-1d7cb71fd71d 1.359s
2025-11-23 03:01:20.598 67540 INFO tempest.lib.common.ssh [-] Creating ssh connection to '10.180.180.137:22' as 'cirros' with public key authentication
2025-11-23 03:01:20.666 67538 INFO tempest.lib.common.rest_client [req-affd9049-a0a3-4451-adb0-eb6e25c1c5ba req-affd9049-a0a3-4451-adb0-eb6e25c1c5ba ] Request (SecurityGroupsTestJSON:test_server_security_groups): 202 POST http://10.180.1.21/compute/v2.1/servers 1.665s
2025-11-23 03:01:20.936 67584 INFO tempest.lib.common.rest_client [req-786d4afd-4520-45e3-b7c0-d77b100040dc req-786d4afd-4520-45e3-b7c0-d77b100040dc ] Request (ServerAddressesTestJSON:setUpClass): 200 GET http://10.180.1.21/compute/v2.1/servers/3ebeaeb4-baa4-4d69-b3bc-c50c18dd48e1 1.509s
2025-11-23 03:01:20.944 67584 INFO tempest.common.waiters [-] State transition "BUILD/spawning" ==> "ACTIVE/None" after 35 second wait
2025-11-23 03:01:21.411 67532 INFO tempest.lib.common.rest_client [req-68fb8252-e502-4d95-bac4-5f9a9f2c7620 req-68fb8252-e502-4d95-bac4-5f9a9f2c7620 ] Request (ServersAdminTestJSON:test_list_servers_filter_by_exist_host): 200 GET http://10.180.1.21/compute/v2.1/servers/c62d675a-8676-4dde-a876-e20e73a67a1c 1.935s
2025-11-23 03:01:21.430 67550 INFO tempest.lib.common.rest_client [req-8195b294-96d2-47e3-bf0b-469fe0066cad req-8195b294-96d2-47e3-bf0b-469fe0066cad ] Request (ImagesMetadataNegativeTestJSON:test_list_nonexistent_image_metadata): 404 GET http://10.180.1.21/compute/v2.1/images/086f93c8-2351-418f-aad0-59ac37b7db17/metadata 1.870s
2025-11-23 03:01:21.525 67590 INFO tempest.lib.common.rest_client [req-b971db35-528d-487b-8e9a-76e083bd6790 req-b971db35-528d-487b-8e9a-76e083bd6790 ] Request (ImagesOneServerNegativeTestJSON:_run_cleanups): 200 GET http://10.180.1.21/compute/v2.1/servers/d32661f5-7eb0-4748-824c-454d70d31af2 1.867s
2025-11-23 03:01:21.618 67570 INFO tempest.lib.common.rest_client [req-eef2bc54-15a8-4ada-a40f-2eda2676a436 req-eef2bc54-15a8-4ada-a40f-2eda2676a436 ] Request (VolumesAssistedSnapshotsTest:test_volume_assisted_snapshot_create_delete): 200 GET http://10.180.1.21/volume/v3/volumes/7a8f2e30-0ca1-4057-9d07-46640d501abc 0.069s
2025-11-23 03:01:21.666 67586 INFO tempest.lib.common.rest_client [req-fd44f420-cb16-4b71-864d-ff999e31e140 req-fd44f420-cb16-4b71-864d-ff999e31e140 ] Request (ServerDiskConfigTestJSON:test_rebuild_server_with_manual_disk_config): 200 GET http://10.180.1.21/compute/v2.1/servers/a80a0db1-3ac0-4c87-979e-541d0aa623d5 1.845s
2025-11-23 03:01:21.689 67530 INFO tempest.lib.common.rest_client [req-c365e594-49a3-4e3a-8650-83a20215c5c7 req-c365e594-49a3-4e3a-8650-83a20215c5c7 ] Request (ServersTestMultiNic:test_verify_multiple_nics_order): 202 POST http://10.180.1.21/compute/v2.1/servers 2.268s
2025-11-23 03:01:21.784 67548 INFO tempest.lib.common.rest_client [req-e45875d0-61f1-4e0a-9f76-9f4589c5f57b req-e45875d0-61f1-4e0a-9f76-9f4589c5f57b ] Request (ServersV294TestFqdnHostnames:tearDownClass): 200 GET http://10.180.1.21/compute/v2.1/servers/1acbaf9e-3972-48de-af17-359e9cbdb8d7 1.682s
2025-11-23 03:01:21.812 67572 INFO tempest.lib.common.rest_client [req-f122b0df-d751-42ea-8409-6940f2770a71 req-f122b0df-d751-42ea-8409-6940f2770a71 ] Request (HypervisorAdminV253TestBase:test_list_show_detail_hypervisors): 200 GET http://10.180.1.21/compute/v2.1/os-hypervisors/fd0b2fbe-f2e7-49c4-a451-29f0b2056d36 1.661s
2025-11-23 03:01:21.842 67580 INFO tempest.lib.common.rest_client [req-22aaf46a-fcaf-442a-9eb4-e868bfe6c84b req-22aaf46a-fcaf-442a-9eb4-e868bfe6c84b ] Request (AttachInterfacesUnderV243Test:test_add_remove_fixed_ip): 200 GET http://10.180.1.21/compute/v2.1/servers/477ee93b-fc99-415c-a6c8-496796072b85/ips 1.660s
2025-11-23 03:01:21.850 67546 INFO tempest.lib.common.rest_client [req-fd76d978-2e30-41c8-a8d0-7bb7ce73e294 req-fd76d978-2e30-41c8-a8d0-7bb7ce73e294 ] Request (ListServerFiltersTestJSON:test_list_servers_filtered_by_ip_regex): 200 GET http://10.180.1.21/compute/v2.1/servers?ip=192.168.128. 1.926s
2025-11-23 03:01:21.893 67542 INFO tempest.lib.common.rest_client [req-2c8c75e0-7ac0-48de-9e07-96bd3afedf33 req-2c8c75e0-7ac0-48de-9e07-96bd3afedf33 ] Request (ServerGroup264TestJSON:_run_cleanups): 204 DELETE http://10.180.1.21/compute/v2.1/os-server-groups/20544e05-0146-45bb-aa85-6ac330564357 1.688s
2025-11-23 03:01:21.946 67572 INFO tempest.lib.common.rest_client [req-d642f4ec-5016-477e-944c-5eaa9b373939 req-d642f4ec-5016-477e-944c-5eaa9b373939 ] Request (HypervisorAdminV253TestBase:tearDownClass): 204 DELETE http://10.180.1.21/identity/v3/users/1ee5af13806c49ce87ce5b3167b94cea 0.128s
2025-11-23 03:01:21.953 67554 INFO tempest.lib.common.rest_client [req-59eb3a2c-0f89-40aa-985a-4902b1a32a26 req-59eb3a2c-0f89-40aa-985a-4902b1a32a26 ] Request (InstanceActionsTestJSON:setUpClass): 200 GET http://10.180.1.21/compute/v2.1/servers/e7423c39-2dd4-429d-963c-9829b9473ee9 1.683s
2025-11-23 03:01:22.060 67572 INFO tempest.lib.common.rest_client [req-0f4523e0-3643-4873-b5d8-407631d745ab req-0f4523e0-3643-4873-b5d8-407631d745ab ] Request (HypervisorAdminV253TestBase:tearDownClass): 204 DELETE http://10.180.1.21/identity/v3/users/3c43031f9b664f40a850505a3322a7bf 0.113s
2025-11-23 03:01:22.061 67572 INFO tempest.lib.common.dynamic_creds [-] Deleting project and security group for project: 8f7b00ffdd8f4650a667babc99b05bc6
2025-11-23 03:01:22.148 67572 INFO tempest.lib.common.rest_client [req-a5918d70-4187-45a7-8ec0-6f20d6fdc6d3 req-a5918d70-4187-45a7-8ec0-6f20d6fdc6d3 ] Request (HypervisorAdminV253TestBase:tearDownClass): 201 POST http://10.180.1.21/identity/v3/auth/tokens 0.087s
2025-11-23 03:01:22.673 67570 INFO tempest.lib.common.rest_client [req-24b61b21-f89f-464f-be9d-388d7198cefa req-24b61b21-f89f-464f-be9d-388d7198cefa ] Request (VolumesAssistedSnapshotsTest:test_volume_assisted_snapshot_create_delete): 200 GET http://10.180.1.21/volume/v3/volumes/7a8f2e30-0ca1-4057-9d07-46640d501abc 0.043s
2025-11-23 03:01:22.684 67570 INFO tempest.common.waiters [-] Attachment e517f72c-ee3d-4994-8392-c7a2c52c2455 created for volume 7a8f2e30-0ca1-4057-9d07-46640d501abc to server 34665307-343f-43a4-a6da-140a9be93b11 after waiting for 7.684033 seconds
2025-11-23 03:01:22.730 67570 INFO tempest.lib.common.rest_client [req-ad471f0e-6c67-43eb-9a1b-73af5fb6249f req-ad471f0e-6c67-43eb-9a1b-73af5fb6249f ] Request (VolumesAssistedSnapshotsTest:test_volume_assisted_snapshot_create_delete): 200 GET http://10.180.1.21/volume/v3/volumes/7a8f2e30-0ca1-4057-9d07-46640d501abc 0.045s
2025-11-23 03:01:22.742 67570 INFO tempest.common.waiters [-] volume 7a8f2e30-0ca1-4057-9d07-46640d501abc reached in-use after waiting for 0.742939 seconds
2025-11-23 03:01:22.932 67558 INFO tempest.lib.common.rest_client [req-8ab7a61c-1df4-4d09-8bc2-9d95d2c9e339 req-8ab7a61c-1df4-4d09-8bc2-9d95d2c9e339 ] Request (ServersListShow296Test:test_list_show_update_rebuild_server_296): 202 POST http://10.180.1.21/compute/v2.1/servers/9c7df655-c49f-45c0-8c67-73d9259ddeaa/action 2.492s
2025-11-23 03:01:22.957 67572 INFO tempest.lib.common.rest_client [req-2c077246-ecc3-4104-b213-db332305e2d9 req-2c077246-ecc3-4104-b213-db332305e2d9 ] Request (HypervisorAdminV253TestBase:tearDownClass): 200 GET http://10.180.1.21/networking/v2.0/security-groups?tenant_id=8f7b00ffdd8f4650a667babc99b05bc6&name=default 0.809s
2025-11-23 03:01:23.042 67576 INFO tempest.lib.common.rest_client [req-a020ff98-5ebe-47ee-811b-615080e2cf9b req-a020ff98-5ebe-47ee-811b-615080e2cf9b ] Request (ServerRescueTestJSONUnderV235:test_rescued_vm_associate_dissociate_floating_ip): 200 POST http://10.180.1.21/compute/v2.1/os-floating-ips 2.683s
2025-11-23 03:01:23.084 67572 INFO tempest.lib.common.rest_client [req-8aa9080a-c2c5-4709-94c5-b1d6c6f6abaa req-8aa9080a-c2c5-4709-94c5-b1d6c6f6abaa ] Request (HypervisorAdminV253TestBase:tearDownClass): 204 DELETE http://10.180.1.21/networking/v2.0/security-groups/816438a5-461d-45a4-86a0-9b8981cdc650 0.126s
2025-11-23 03:01:23.124 67534 INFO tempest.lib.common.rest_client [req-7816c62a-aba5-4bf6-b405-dd95729b1096 req-7816c62a-aba5-4bf6-b405-dd95729b1096 ] Request (InstanceActionsNegativeTestJSON:setUpClass): 200 GET http://10.180.1.21/compute/v2.1/servers/f3e1809d-a0b8-4d4a-84dc-66f1097ba937 2.578s
2025-11-23 03:01:23.134 67534 INFO tempest.common.waiters [-] State transition "BUILD/None" ==> "BUILD/spawning" after 28 second wait
2025-11-23 03:01:23.142 67538 INFO tempest.lib.common.rest_client [req-6e79dfd3-bb55-4390-8081-1fef6ccc697b req-6e79dfd3-bb55-4390-8081-1fef6ccc697b ] Request (SecurityGroupsTestJSON:test_server_security_groups): 200 GET http://10.180.1.21/compute/v2.1/servers/6ff358b7-f2aa-4e0f-bc2f-b2e7b685aa6b 2.474s
2025-11-23 03:01:23.181 67572 INFO tempest.lib.common.rest_client [req-3c2dd539-8ab9-4854-938c-e8d7217b2441 req-3c2dd539-8ab9-4854-938c-e8d7217b2441 ] Request (HypervisorAdminV253TestBase:tearDownClass): 204 DELETE http://10.180.1.21/identity/v3/projects/8f7b00ffdd8f4650a667babc99b05bc6 0.096s
2025-11-23 03:01:23.181 67572 INFO tempest.lib.common.dynamic_creds [-] Deleting project and security group for project: ff9e79e056914de3aa87900612fd4162
2025-11-23 03:01:23.190 67556 INFO tempest.lib.common.rest_client [req-8312844f-4ae7-4b8a-af01-30f7791bdea0 req-8312844f-4ae7-4b8a-af01-30f7791bdea0 ] Request (ImagesTestJSON:test_create_image_from_suspended_server): 200 GET http://10.180.1.21/compute/v2.1/servers/f765b8d4-90c2-45b1-99c7-a6e89c7a71bd 2.458s
2025-11-23 03:01:23.268 67564 INFO tempest.lib.common.rest_client [req-7e947ad5-f006-4daa-9877-fca90d37acfa req-7e947ad5-f006-4daa-9877-fca90d37acfa ] Request (DeleteServersTestJSON:test_delete_active_server): 200 GET http://10.180.1.21/compute/v2.1/servers/b6b5dab8-6446-42c0-8a5f-01d14d77b78e 2.485s
2025-11-23 03:01:23.298 67572 INFO tempest.lib.common.rest_client [req-90defb18-4043-466b-ab79-5cf3de53262f req-90defb18-4043-466b-ab79-5cf3de53262f ] Request (HypervisorAdminV253TestBase:tearDownClass): 200 GET http://10.180.1.21/networking/v2.0/security-groups?tenant_id=ff9e79e056914de3aa87900612fd4162&name=default 0.116s
2025-11-23 03:01:23.305 67544 INFO tempest.lib.common.rest_client [req-3ad8caec-4136-4f15-a2cd-67cd7b080149 req-3ad8caec-4136-4f15-a2cd-67cd7b080149 ] Request (MigrationsAdminTest:test_list_migrations_in_flavor_resize_situation): 200 GET http://10.180.1.21/compute/v2.1/servers/918f09f8-43a7-420c-9c88-d4ac8a4d0132 2.573s
2025-11-23 03:01:23.356 67560 INFO tempest.lib.common.rest_client [req-186db7ae-1e24-416d-8d56-16dc4c6f1fbe req-186db7ae-1e24-416d-8d56-16dc4c6f1fbe ] Request (ServersListShow2100Test:test_list_show_rebuild_update_server_2100): 200 GET http://10.180.1.21/compute/v2.1/servers/b0bbdb2d-beed-4386-bf9a-adcb21eb433c 2.561s
2025-11-23 03:01:23.382 67584 INFO tempest.lib.common.rest_client [req-be951422-d3bd-414a-b9b4-3e0c3aee4404 req-be951422-d3bd-414a-b9b4-3e0c3aee4404 ] Request (ServerAddressesTestJSON:test_list_server_addresses): 200 GET http://10.180.1.21/compute/v2.1/servers/3ebeaeb4-baa4-4d69-b3bc-c50c18dd48e1/ips 2.436s
2025-11-23 03:01:23.390 67572 INFO tempest.lib.common.rest_client [req-3d3e4211-9db0-408f-8cd7-c6e359303ee7 req-3d3e4211-9db0-408f-8cd7-c6e359303ee7 ] Request (HypervisorAdminV253TestBase:tearDownClass): 204 DELETE http://10.180.1.21/networking/v2.0/security-groups/6224b1fb-54e4-44b1-a048-05beaf034381 0.092s
2025-11-23 03:01:23.437 67528 INFO tempest.lib.common.rest_client [req-bfbadd44-28be-4382-b930-3a83f798950c req-bfbadd44-28be-4382-b930-3a83f798950c ] Request (ServersNegativeTestJSON:setUpClass): 200 GET http://10.180.1.21/compute/v2.1/servers/b67ecda8-5f69-40f3-8bc0-fef3333dc29e 2.461s
2025-11-23 03:01:23.445 67552 INFO tempest.lib.common.rest_client [req-261d9d19-cb26-4f85-a6dc-b201d97fb9b7 req-261d9d19-cb26-4f85-a6dc-b201d97fb9b7 ] Request (FloatingIPsAssociationTestJSON:setUpClass): 200 GET http://10.180.1.21/compute/v2.1/servers/e0b14d17-bf4f-4472-8181-252956b96722 2.520s
2025-11-23 03:01:23.503 67588 INFO tempest.lib.common.rest_client [req-dc35bda0-21c6-4117-b1f4-6abfbd0a4b2c req-dc35bda0-21c6-4117-b1f4-6abfbd0a4b2c ] Request (ServersListShow298Test:test_list_show_update_rebuild_server_298): 200 GET http://10.180.1.21/compute/v2.1/servers/461c11cd-056f-40cb-bdd5-e21d0079531e 2.502s
2025-11-23 03:01:23.504 67572 INFO tempest.lib.common.rest_client [req-c8554523-244c-4c0e-9975-f19996053b49 req-c8554523-244c-4c0e-9975-f19996053b49 ] Request (HypervisorAdminV253TestBase:tearDownClass): 204 DELETE http://10.180.1.21/identity/v3/projects/ff9e79e056914de3aa87900612fd4162 0.113s
2025-11-23 03:01:23.511 67566 INFO tempest.lib.common.rest_client [req-67cbccfc-a488-4a88-90c6-9d912d7986f1 req-67cbccfc-a488-4a88-90c6-9d912d7986f1 ] Request (ServerActionsTestOtherB:setUpClass): 200 GET http://10.180.1.21/compute/v2.1/servers/e734f3a9-8d32-481a-8fba-8009b36f728f 2.455s
2025-11-23 03:01:23.567 67536 INFO tempest.lib.common.rest_client [req-fae88290-8455-4687-8d8a-152832c9c5c6 req-fae88290-8455-4687-8d8a-152832c9c5c6 ] Request (AttachInterfacesTestJSON:test_create_list_show_delete_interfaces_by_fixed_ip): 200 GET http://10.180.1.21/compute/v2.1/servers/e364ff57-edf9-4ad5-afc5-ea6f519c1b40 2.468s
2025-11-23 03:01:23.575 67536 INFO tempest.common.waiters [-] State transition "BUILD/scheduling" ==> "BUILD/None" after 6 second wait
2025-11-23 03:01:23.585 67550 INFO tempest.lib.common.rest_client [req-2027feaf-93ec-49fc-8e88-444bf4af346c req-2027feaf-93ec-49fc-8e88-444bf4af346c ] Request (ImagesMetadataNegativeTestJSON:test_set_nonexistent_image_metadata): 404 PUT http://10.180.1.21/compute/v2.1/images/a7d36dd8-d7ac-444e-8851-2804fcb7d8ce/metadata 2.154s
2025-11-23 03:01:23.602 67572 INFO tempest.lib.common.rest_client [req-911dda84-396c-43d5-bdc2-040ed80a56c7 req-911dda84-396c-43d5-bdc2-040ed80a56c7 ] Request (ServerTagsTestJSON:setUpClass): 201 POST http://10.180.1.21/identity/v3/auth/tokens 0.096s
2025-11-23 03:01:23.647 67532 INFO tempest.lib.common.rest_client [req-47ff1195-be79-478d-9410-5efdfbb59528 req-47ff1195-be79-478d-9410-5efdfbb59528 ] Request (ServersAdminTestJSON:test_list_servers_filter_by_exist_host): 200 GET http://10.180.1.21/compute/v2.1/servers?host=cpu-1&all_tenants=1 2.227s
2025-11-23 03:01:23.648 67572 INFO tempest.lib.common.rest_client [req-266d71e9-6749-4e39-8a4b-714e3146ef39 req-266d71e9-6749-4e39-8a4b-714e3146ef39 ] Request (ServerTagsTestJSON:setUpClass): 201 POST http://10.180.1.21/identity/v3/auth/tokens 0.042s
2025-11-23 03:01:23.659 67530 INFO tempest.lib.common.rest_client [req-f69753fc-3db7-46e6-92c3-138f5b87ecbf req-f69753fc-3db7-46e6-92c3-138f5b87ecbf ] Request (ServersTestMultiNic:test_verify_multiple_nics_order): 200 GET http://10.180.1.21/compute/v2.1/servers/d9e00ef1-f6af-4b14-a74c-cef405582a9b 1.968s
2025-11-23 03:01:23.669 67542 INFO tempest.lib.common.rest_client [req-a3e7e3a5-799f-444c-9d50-cb932695b3e8 req-a3e7e3a5-799f-444c-9d50-cb932695b3e8 ] Request (ServerGroup264TestJSON:tearDownClass): 404 DELETE http://10.180.1.21/compute/v2.1/os-server-groups/20544e05-0146-45bb-aa85-6ac330564357 1.774s
2025-11-23 03:01:23.679 67540 WARNING tempest.lib.common.ssh [-] Failed to establish authenticated ssh connection to cirros@10.180.180.137 ([Errno None] Unable to connect to port 22 on 10.180.180.137). Number attempts: 1. Retry after 2 seconds.: paramiko.ssh_exception.NoValidConnectionsError: [Errno None] Unable to connect to port 22 on 10.180.180.137
2025-11-23 03:01:23.689 67572 INFO tempest.lib.common.rest_client [req-4fe6af8f-a6d1-4947-a31d-b6c0c505809a req-4fe6af8f-a6d1-4947-a31d-b6c0c505809a ] Request (ServerTagsTestJSON:setUpClass): 200 GET http://10.180.1.21/identity/v3/domains?name=Default 0.041s
2025-11-23 03:01:23.715 67546 INFO tempest.lib.common.rest_client [req-84771650-514f-4e05-9392-4090688d53a3 req-84771650-514f-4e05-9392-4090688d53a3 ] Request (ListServerFiltersTestJSON:test_list_servers_filtered_by_name_regex): 200 GET http://10.180.1.21/compute/v2.1/servers?name=%5E.%2A%5C-instance%5C-%5B0-9%5D%2B%24 1.862s
2025-11-23 03:01:23.737 67572 INFO tempest.lib.common.rest_client [req-07ca5391-afea-451b-be1f-bceba0b5d179 req-07ca5391-afea-451b-be1f-bceba0b5d179 ] Request (ServerTagsTestJSON:setUpClass): 201 POST http://10.180.1.21/identity/v3/projects 0.047s
2025-11-23 03:01:23.788 67590 INFO tempest.lib.common.rest_client [req-ee95e4f6-719f-4085-a158-25a93be7534e req-ee95e4f6-719f-4085-a158-25a93be7534e ] Request (ImagesOneServerNegativeTestJSON:_run_cleanups): 200 GET http://10.180.1.21/compute/v2.1/servers/d32661f5-7eb0-4748-824c-454d70d31af2 1.253s
2025-11-23 03:01:23.808 67586 INFO tempest.lib.common.rest_client [req-3a0b28e7-849f-464c-b77f-f6ec5f0b26e1 req-3a0b28e7-849f-464c-b77f-f6ec5f0b26e1 ] Request (ServerDiskConfigTestJSON:test_rebuild_server_with_manual_disk_config): 200 GET http://10.180.1.21/compute/v2.1/servers/a80a0db1-3ac0-4c87-979e-541d0aa623d5 1.133s
2025-11-23 03:01:23.810 67572 INFO tempest.lib.common.rest_client [req-def37534-aa0a-46ad-95f6-ca2b2eacaf8f req-def37534-aa0a-46ad-95f6-ca2b2eacaf8f ] Request (ServerTagsTestJSON:setUpClass): 201 POST http://10.180.1.21/identity/v3/users 0.072s
2025-11-23 03:01:23.834 67572 INFO tempest.lib.common.rest_client [req-92809299-156b-4efe-a72a-2f8b04be6514 req-92809299-156b-4efe-a72a-2f8b04be6514 ] Request (ServerTagsTestJSON:setUpClass): 200 GET http://10.180.1.21/identity/v3/roles 0.023s
2025-11-23 03:01:23.862 67572 INFO tempest.lib.common.rest_client [req-af054270-3900-4ec7-843b-bfbd0950243a req-af054270-3900-4ec7-843b-bfbd0950243a ] Request (ServerTagsTestJSON:setUpClass): 204 PUT http://10.180.1.21/identity/v3/projects/3bece91bfa8949e7b605fe4e426b5433/users/6361a1c674c9426cb82c0bd573c02853/roles/d03dd706595947f5874adee4249b9305 0.028s
2025-11-23 03:01:23.862 67572 INFO tempest.lib.common.dynamic_creds [-] Dynamic test user 6361a1c674c9426cb82c0bd573c02853 is created with scope project and roles: ['member']
2025-11-23 03:01:23.863 67572 INFO tempest.lib.common.dynamic_creds [-] Acquired dynamic creds: credentials: Credentials: {'domain_id': 'default', 'domain_name': 'Default', 'username': 'tempest-ServerTagsTestJSON-407050034-project-member', 'project_domain_id': 'default', 'project_domain_name': 'Default', 'project_id': '3bece91bfa8949e7b605fe4e426b5433', 'project_name': 'tempest-ServerTagsTestJSON-407050034', 'tenant_id': '3bece91bfa8949e7b605fe4e426b5433', 'tenant_name': 'tempest-ServerTagsTestJSON-407050034', 'user_domain_id': 'default', 'user_domain_name': 'Default', 'user_id': '6361a1c674c9426cb82c0bd573c02853', 'system': None}, Network: None, Subnet: None, Router: None
2025-11-23 03:01:23.886 67548 INFO tempest.lib.common.rest_client [req-d42a532f-39c8-4b14-b7ab-45c9d6addb73 req-d42a532f-39c8-4b14-b7ab-45c9d6addb73 ] Request (ServersV294TestFqdnHostnames:tearDownClass): 200 GET http://10.180.1.21/compute/v2.1/servers/1acbaf9e-3972-48de-af17-359e9cbdb8d7 1.088s
2025-11-23 03:01:23.924 67580 INFO tempest.lib.common.rest_client [req-5593d041-93ed-4026-b28a-d0ad9fb2a605 req-5593d041-93ed-4026-b28a-d0ad9fb2a605 ] Request (AttachInterfacesUnderV243Test:test_add_remove_fixed_ip): 200 GET http://10.180.1.21/compute/v2.1/servers/477ee93b-fc99-415c-a6c8-496796072b85/ips 1.078s
2025-11-23 03:01:23.924 67572 INFO tempest.lib.common.rest_client [req-1e26d65b-9499-41f5-973a-eb114bc603d1 req-1e26d65b-9499-41f5-973a-eb114bc603d1 ] Request (ServerTagsTestJSON:setUpClass): 201 POST http://10.180.1.21/identity/v3/auth/tokens 0.061s
2025-11-23 03:01:23.950 67570 INFO tempest.lib.common.rest_client [req-39eb0bf6-9ec3-4919-bd01-f746335c042c req-39eb0bf6-9ec3-4919-bd01-f746335c042c ] Request (VolumesAssistedSnapshotsTest:test_volume_assisted_snapshot_create_delete): 200 POST http://10.180.1.21/compute/v2.1/os-assisted-volume-snapshots 1.207s
2025-11-23 03:01:24.241 67572 INFO tempest.lib.common.rest_client [req-a89c4275-cc33-405b-a110-045e4f611eb3 req-a89c4275-cc33-405b-a110-045e4f611eb3 ] Request (ServerTagsTestJSON:setUpClass): 201 POST http://10.180.1.21/networking/v2.0/networks 0.316s
2025-11-23 03:01:24.284 67558 INFO tempest.lib.common.rest_client [req-67489db2-fb11-4aee-a74c-bfe418115695 req-67489db2-fb11-4aee-a74c-bfe418115695 ] Request (ServersListShow296Test:test_list_show_update_rebuild_server_296): 200 GET http://10.180.1.21/compute/v2.1/servers/9c7df655-c49f-45c0-8c67-73d9259ddeaa 1.340s
2025-11-23 03:01:24.293 67554 INFO tempest.lib.common.rest_client [req-fe1d1d66-9b37-4667-9c97-3d6149d3a8fb req-fe1d1d66-9b37-4667-9c97-3d6149d3a8fb ] Request (InstanceActionsTestJSON:setUpClass): 200 GET http://10.180.1.21/compute/v2.1/servers/e7423c39-2dd4-429d-963c-9829b9473ee9 1.332s
2025-11-23 03:01:24.330 67584 INFO tempest.lib.common.rest_client [req-f128e19f-25fd-4214-b3ad-7dcb6947fba1 req-f128e19f-25fd-4214-b3ad-7dcb6947fba1 ] Request (ServerAddressesTestJSON:test_list_server_addresses_by_network): 200 GET http://10.180.1.21/compute/v2.1/servers/3ebeaeb4-baa4-4d69-b3bc-c50c18dd48e1/ips 0.944s
2025-11-23 03:01:24.351 67550 INFO tempest.lib.common.rest_client [req-329be261-0749-4ae4-8ae3-9620adbc3637 req-329be261-0749-4ae4-8ae3-9620adbc3637 ] Request (ImagesMetadataNegativeTestJSON:test_set_nonexistent_image_metadata_item): 404 PUT http://10.180.1.21/compute/v2.1/images/0f623612-b9a1-4380-8ed1-aba65ce8492a/metadata/os_distro 0.764s
