2025-11-23 02:58:57.631 67554 INFO tempest.common.waiters [-] State transition "BUILD/None" ==> "BUILD/spawning" after 12 second wait
2025-11-23 02:58:57.770 67540 INFO tempest.lib.common.rest_client [req-5e0ec50a-70d7-4404-a18e-7bf4e6270e7d req-5e0ec50a-70d7-4404-a18e-7bf4e6270e7d ] Request (HostsAdminTestJSON:tearDownClass): 200 GET http://10.180.1.21/networking/v2.0/security-groups?tenant_id=94a113ef905a495891919ebdb81abdc0&name=default 1.414s
2025-11-23 02:58:57.896 67528 INFO tempest.lib.common.rest_client [req-3f66ee0c-8ee1-4aee-88e3-c10be89a6533 req-3f66ee0c-8ee1-4aee-88e3-c10be89a6533 ] Request (FlavorsV255TestJSON:tearDownClass): 200 GET http://10.180.1.21/networking/v2.0/security-groups?tenant_id=b294bf0088864883bee417fef97246cc&name=default 1.512s
2025-11-23 02:58:58.096 67546 INFO tempest.lib.common.rest_client [req-77a2f66c-c649-4a44-926c-b170055bdfb8 req-77a2f66c-c649-4a44-926c-b170055bdfb8 ] Request (ListServerFiltersTestJSON:setUpClass): 201 POST http://10.180.1.21/networking/v2.0/subnets 1.504s
2025-11-23 02:58:58.097 67546 INFO tempest.lib.common.dynamic_creds [-] Created isolated network resources for: credentials: Credentials: {'domain_id': 'default', 'domain_name': 'Default', 'username': 'tempest-ListServerFiltersTestJSON-1902535644-project-member', 'project_domain_id': 'default', 'project_domain_name': 'Default', 'project_id': 'df06c91e8b5a4d898446a58a46b9ae15', 'project_name': 'tempest-ListServerFiltersTestJSON-1902535644', 'tenant_id': 'df06c91e8b5a4d898446a58a46b9ae15', 'tenant_name': 'tempest-ListServerFiltersTestJSON-1902535644', 'user_domain_id': 'default', 'user_domain_name': 'Default', 'user_id': '69742478b16e4c5788aff80829673e9e', 'system': None}, Network: {'id': 'dfd5fb86-3f5b-496c-b788-8d538c3b7bb3', 'name': 'tempest-ListServerFiltersTestJSON-398288400-network', 'tenant_id': 'df06c91e8b5a4d898446a58a46b9ae15', 'project_id': 'df06c91e8b5a4d898446a58a46b9ae15', 'admin_state_up': True, 'mtu': 8950, 'status': 'ACTIVE', 'subnets': [], 'shared': False, 'port_security_enabled': True, 'router:external': False, 'provider:network_type': 'vlan', 'provider:physical_network': 'default', 'provider:segmentation_id': 622, 'availability_zone_hints': [], 'availability_zones': [], 'ipv4_address_scope': None, 'ipv6_address_scope': None, 'description': '', 'tags': [], 'created_at': '2025-11-23T02:58:56Z', 'updated_at': '2025-11-23T02:58:56Z', 'revision_number': 1}, Subnet: {'id': '910bed8c-ae6a-4ec2-8211-2819d1c22208', 'name': 'tempest-ListServerFiltersTestJSON-398288400-subnet', 'tenant_id': 'df06c91e8b5a4d898446a58a46b9ae15', 'network_id': 'dfd5fb86-3f5b-496c-b788-8d538c3b7bb3', 'ip_version': 4, 'subnetpool_id': None, 'enable_dhcp': True, 'ipv6_ra_mode': None, 'ipv6_address_mode': None, 'gateway_ip': '192.168.128.1', 'cidr': '192.168.128.0/28', 'allocation_pools': [{'start': '192.168.128.2', 'end': '192.168.128.14'}], 'host_routes': [], 'dns_nameservers': [], 'description': '', 'router:external': False, 'service_types': [], 'tags': [], 'created_at': '2025-11-23T02:58:57Z', 'updated_at': '2025-11-23T02:58:57Z', 'revision_number': 0, 'project_id': 'df06c91e8b5a4d898446a58a46b9ae15'}, Router: None
2025-11-23 02:58:58.195 67570 INFO tempest.lib.common.rest_client [req-3f0515ce-73a8-44ee-b0d4-75e893168551 req-3f0515ce-73a8-44ee-b0d4-75e893168551 ] Request (VolumesAssistedSnapshotsTest:test_volume_assisted_snapshot_create_delete): 201 POST http://10.180.1.21/networking/v2.0/security-group-rules 0.648s
2025-11-23 02:58:58.200 67546 INFO tempest.lib.common.rest_client [req-10a98597-08b8-4f0f-a13c-1aad0690fdab req-10a98597-08b8-4f0f-a13c-1aad0690fdab ] Request (ListServerFiltersTestJSON:setUpClass): 201 POST http://10.180.1.21/identity/v3/auth/tokens 0.099s
2025-11-23 02:58:58.240 67546 INFO tempest.lib.common.rest_client [req-989ce13b-6fd6-470c-b200-018dd7993394 req-989ce13b-6fd6-470c-b200-018dd7993394 ] Request (ListServerFiltersTestJSON:setUpClass): 201 POST http://10.180.1.21/identity/v3/auth/tokens 0.035s
2025-11-23 02:58:58.240 67546 INFO tempest.lib.common.fixed_network [-] (ListServerFiltersTestJSON:setUpClass) Found network {'id': 'dfd5fb86-3f5b-496c-b788-8d538c3b7bb3', 'name': 'tempest-ListServerFiltersTestJSON-398288400-network', 'tenant_id': 'df06c91e8b5a4d898446a58a46b9ae15', 'project_id': 'df06c91e8b5a4d898446a58a46b9ae15', 'admin_state_up': True, 'mtu': 8950, 'status': 'ACTIVE', 'subnets': [], 'shared': False, 'port_security_enabled': True, 'router:external': False, 'provider:network_type': 'vlan', 'provider:physical_network': 'default', 'provider:segmentation_id': 622, 'availability_zone_hints': [], 'availability_zones': [], 'ipv4_address_scope': None, 'ipv6_address_scope': None, 'description': '', 'tags': [], 'created_at': '2025-11-23T02:58:56Z', 'updated_at': '2025-11-23T02:58:56Z', 'revision_number': 1} available for tenant
2025-11-23 02:58:58.240 67582 INFO tempest.lib.common.rest_client [req-6d13612f-34cc-4117-8ee7-1e896df8634e req-6d13612f-34cc-4117-8ee7-1e896df8634e ] Request (ServerDiagnosticsNegativeTest:test_get_server_diagnostics_by_non_admin): 200 GET http://10.180.1.21/compute/v2.1/servers/69ab2891-d167-4f83-94a9-8c3fe431f3f8 11.476s
2025-11-23 02:58:58.257 67582 INFO tempest.common.waiters [-] State transition "BUILD/None" ==> "BUILD/spawning" after 13 second wait
2025-11-23 02:58:58.290 67546 INFO tempest.lib.common.rest_client [req-310a729f-6f28-46fc-93c9-12460b06f205 req-310a729f-6f28-46fc-93c9-12460b06f205 ] Request (ListServerFiltersTestJSON:setUpClass): 201 POST http://10.180.1.21/identity/v3/auth/tokens 0.045s
2025-11-23 02:58:58.290 67546 INFO tempest.lib.common.fixed_network [-] (ListServerFiltersTestJSON:setUpClass) Found network {'id': 'dfd5fb86-3f5b-496c-b788-8d538c3b7bb3', 'name': 'tempest-ListServerFiltersTestJSON-398288400-network', 'tenant_id': 'df06c91e8b5a4d898446a58a46b9ae15', 'project_id': 'df06c91e8b5a4d898446a58a46b9ae15', 'admin_state_up': True, 'mtu': 8950, 'status': 'ACTIVE', 'subnets': [], 'shared': False, 'port_security_enabled': True, 'router:external': False, 'provider:network_type': 'vlan', 'provider:physical_network': 'default', 'provider:segmentation_id': 622, 'availability_zone_hints': [], 'availability_zones': [], 'ipv4_address_scope': None, 'ipv6_address_scope': None, 'description': '', 'tags': [], 'created_at': '2025-11-23T02:58:56Z', 'updated_at': '2025-11-23T02:58:56Z', 'revision_number': 1} available for tenant
2025-11-23 02:58:58.356 67548 INFO tempest.lib.common.rest_client [req-b600bab9-8d25-4fb9-85c6-b7031ee440cb req-b600bab9-8d25-4fb9-85c6-b7031ee440cb ] Request (SecurityGroupsTestAdminJSON:test_list_security_groups_list_all_tenants_filter): 200 POST http://10.180.1.21/compute/v2.1/os-security-groups 11.136s
2025-11-23 02:58:58.382 67530 INFO tempest.lib.common.rest_client [req-3bf7a7e3-75a8-49fb-9fbe-ccb645520025 req-3bf7a7e3-75a8-49fb-9fbe-ccb645520025 ] Request (HostsAdminNegativeTestJSON:test_reboot_nonexistent_host): 404 GET http://10.180.1.21/compute/v2.1/os-hosts/nonexistent_hostname/reboot 11.095s
2025-11-23 02:58:58.424 67572 INFO tempest.lib.common.rest_client [req-654f9792-78dc-4b52-9cc1-108596b11789 req-654f9792-78dc-4b52-9cc1-108596b11789 ] Request (FlavorsAdminTestJSON:test_create_flavor_verify_entry_in_list_details): 200 POST http://10.180.1.21/compute/v2.1/flavors 11.136s
2025-11-23 02:58:58.483 67540 INFO tempest.lib.common.rest_client [req-92f15555-cb28-4c81-9a46-ff79ade4a79e req-92f15555-cb28-4c81-9a46-ff79ade4a79e ] Request (HostsAdminTestJSON:tearDownClass): 204 DELETE http://10.180.1.21/networking/v2.0/security-groups/9905beab-2261-47b4-adc4-c0e7b310ec90 0.712s
2025-11-23 02:58:58.483 67528 INFO tempest.lib.common.rest_client [req-7e79f2aa-8ddd-4094-9c50-24eb563f692c req-7e79f2aa-8ddd-4094-9c50-24eb563f692c ] Request (FlavorsV255TestJSON:tearDownClass): 204 DELETE http://10.180.1.21/networking/v2.0/security-groups/818d09d1-9e3b-433b-bf64-c2367f7036d5 0.587s
2025-11-23 02:58:58.545 67552 INFO tempest.lib.common.rest_client [req-9057b4a1-85e4-4fed-91d0-06b4a7ba446f req-9057b4a1-85e4-4fed-91d0-06b4a7ba446f ] Request (AggregatesAdminNegativeTestJSON:test_aggregate_add_existent_host): 200 POST http://10.180.1.21/compute/v2.1/os-aggregates/1/action 11.301s
2025-11-23 02:58:58.548 67528 INFO tempest.lib.common.rest_client [req-a8d34ebf-ebd3-409c-ae46-781713cae6e1 req-a8d34ebf-ebd3-409c-ae46-781713cae6e1 ] Request (FlavorsV255TestJSON:tearDownClass): 204 DELETE http://10.180.1.21/identity/v3/projects/b294bf0088864883bee417fef97246cc 0.064s
2025-11-23 02:58:58.548 67528 INFO tempest.lib.common.dynamic_creds [-] Deleting project and security group for project: 0971f71c77e84b96ab0472561ef67850
2025-11-23 02:58:58.558 67540 INFO tempest.lib.common.rest_client [req-847f5572-65d5-49f5-81b7-0b2dcb0a42d6 req-847f5572-65d5-49f5-81b7-0b2dcb0a42d6 ] Request (HostsAdminTestJSON:tearDownClass): 204 DELETE http://10.180.1.21/identity/v3/projects/94a113ef905a495891919ebdb81abdc0 0.074s
2025-11-23 02:58:58.558 67540 INFO tempest.lib.common.dynamic_creds [-] Deleting project and security group for project: ab0ee5f65e544105bc75d4c9daae8cf7
2025-11-23 02:58:58.667 67558 INFO tempest.lib.common.rest_client [req-84a7953e-4a20-4867-a247-51016c8820ec req-84a7953e-4a20-4867-a247-51016c8820ec ] Request (FlavorsAccessNegativeTestJSON:_run_cleanups): 200 POST http://10.180.1.21/compute/v2.1/flavors/2113605823/action 11.172s
2025-11-23 02:58:58.752 67536 INFO tempest.lib.common.rest_client [req-aa7eaa34-f557-410b-bd5f-57907f103fac req-aa7eaa34-f557-410b-bd5f-57907f103fac ] Request (HypervisorAdminNegativeTestJSON:test_get_hypervisor_uptime_with_non_admin_user): 200 GET http://10.180.1.21/compute/v2.1/os-hypervisors 11.248s
2025-11-23 02:58:58.858 67570 INFO tempest.lib.common.rest_client [req-2645931d-ff7a-469e-8fa5-90e68d6e0320 req-2645931d-ff7a-469e-8fa5-90e68d6e0320 ] Request (VolumesAssistedSnapshotsTest:test_volume_assisted_snapshot_create_delete): 201 POST http://10.180.1.21/networking/v2.0/floatingips 0.662s
2025-11-23 02:58:58.926 67570 INFO tempest.lib.common.rest_client [req-aca2b65b-fa83-4fe2-a266-03b6d0af3a50 req-aca2b65b-fa83-4fe2-a266-03b6d0af3a50 ] Request (VolumesAssistedSnapshotsTest:test_volume_assisted_snapshot_create_delete): 201 POST http://10.180.1.21/identity/v3/auth/tokens 0.066s
2025-11-23 02:58:58.927 67570 INFO tempest.lib.common.fixed_network [-] (VolumesAssistedSnapshotsTest:test_volume_assisted_snapshot_create_delete) Found network {'id': '9eb909dd-caa5-4c2f-a05f-d4f05e29a0a9', 'name': 'tempest-VolumesAssistedSnapshotsTest-1497914413-network', 'tenant_id': '36058bbc0e1c407aad4489ec8fc01ae1', 'project_id': '36058bbc0e1c407aad4489ec8fc01ae1', 'admin_state_up': True, 'mtu': 8950, 'status': 'ACTIVE', 'subnets': [], 'shared': False, 'port_security_enabled': True, 'router:external': False, 'provider:network_type': 'vlan', 'provider:physical_network': 'default', 'provider:segmentation_id': 128, 'availability_zone_hints': [], 'availability_zones': [], 'ipv4_address_scope': None, 'ipv6_address_scope': None, 'description': '', 'tags': [], 'created_at': '2025-11-23T02:58:32Z', 'updated_at': '2025-11-23T02:58:32Z', 'revision_number': 1} available for tenant
2025-11-23 02:58:58.976 67528 INFO tempest.lib.common.rest_client [req-f42f98e1-65cb-4d4b-aaa3-4dda8eeaf7a8 req-f42f98e1-65cb-4d4b-aaa3-4dda8eeaf7a8 ] Request (FlavorsV255TestJSON:tearDownClass): 200 GET http://10.180.1.21/networking/v2.0/security-groups?tenant_id=0971f71c77e84b96ab0472561ef67850&name=default 0.428s
2025-11-23 02:58:59.009 67540 INFO tempest.lib.common.rest_client [req-731c35e2-2528-4216-b4d7-de3628a256b5 req-731c35e2-2528-4216-b4d7-de3628a256b5 ] Request (HostsAdminTestJSON:tearDownClass): 200 GET http://10.180.1.21/networking/v2.0/security-groups?tenant_id=ab0ee5f65e544105bc75d4c9daae8cf7&name=default 0.450s
2025-11-23 02:58:59.182 67542 INFO tempest.lib.common.rest_client [req-5d0eb61e-41b5-479a-905c-b6cc38d62c21 req-5d0eb61e-41b5-479a-905c-b6cc38d62c21 ] Request (ImagesOneServerTestJSON:setUpClass): 200 GET http://10.180.1.21/compute/v2.1/servers/f48ba97b-d3fa-4d1d-95d2-3bee4da71085 11.705s
2025-11-23 02:58:59.235 67578 INFO tempest.lib.common.rest_client [req-0019997c-52e6-4e0c-aa2e-d6f7b68ffe94 req-0019997c-52e6-4e0c-aa2e-d6f7b68ffe94 ] Request (HypervisorAdminUnderV252Test:test_get_hypervisor_show_servers): 200 GET http://10.180.1.21/compute/v2.1/os-hypervisors/domain-c8.fc996f14-c53b-4953-92e3-bdfa48f5cc28/servers 11.483s
2025-11-23 02:58:59.243 67528 INFO tempest.lib.common.rest_client [req-5f03e81e-b096-4d74-9803-b34ca017b966 req-5f03e81e-b096-4d74-9803-b34ca017b966 ] Request (FlavorsV255TestJSON:tearDownClass): 204 DELETE http://10.180.1.21/networking/v2.0/security-groups/7922654c-1de0-4d3b-bdc0-d9c4e867e2c7 0.266s
2025-11-23 02:58:59.355 67540 INFO tempest.lib.common.rest_client [req-f6701c9f-95dc-4077-88a5-6ac8f60806da req-f6701c9f-95dc-4077-88a5-6ac8f60806da ] Request (HostsAdminTestJSON:tearDownClass): 204 DELETE http://10.180.1.21/networking/v2.0/security-groups/b173d95c-79b4-471e-99e3-e08c06691bbe 0.346s
2025-11-23 02:58:59.360 67544 INFO tempest.lib.common.rest_client [req-70bd7b0b-805d-4ecf-8ce0-7b7222cb4446 req-70bd7b0b-805d-4ecf-8ce0-7b7222cb4446 ] Request (FlavorsAccessTestJSON:test_flavor_access_add_remove): 200 POST http://10.180.1.21/compute/v2.1/flavors/1048693184/action 11.504s
2025-11-23 02:58:59.418 67528 INFO tempest.lib.common.rest_client [req-d50d52b3-4102-4816-803a-1702ffad1007 req-d50d52b3-4102-4816-803a-1702ffad1007 ] Request (FlavorsV255TestJSON:tearDownClass): 204 DELETE http://10.180.1.21/identity/v3/projects/0971f71c77e84b96ab0472561ef67850 0.174s
2025-11-23 02:58:59.420 67528 INFO tempest.test [-] raised in LiveMigrationManagerWorkflowTest.setUpClass. Invoking tearDownClass.
2025-11-23 02:58:59.432 67564 INFO tempest.lib.common.rest_client [req-9ce24bb1-b7bb-4576-8cb5-7e460a21eb2f req-9ce24bb1-b7bb-4576-8cb5-7e460a21eb2f ] Request (ServerExternalEventsTest:test_create_server_external_events): 200 GET http://10.180.1.21/compute/v2.1/servers/565a69c1-a081-4158-b193-5e9a307b69e9 11.728s
2025-11-23 02:58:59.444 67564 INFO tempest.common.waiters [-] State transition "BUILD/None" ==> "BUILD/spawning" after 13 second wait
2025-11-23 02:58:59.447 67534 INFO tempest.lib.common.rest_client [req-170ab25c-3e8c-47b9-b181-79176f8e723e req-170ab25c-3e8c-47b9-b181-79176f8e723e ] Request (QuotaClassesAdminTestJSON:_run_cleanups): 200 PUT http://10.180.1.21/compute/v2.1/os-quota-class-sets/default 11.573s
2025-11-23 02:58:59.468 67550 INFO tempest.lib.common.rest_client [req-34ed83fb-b9d0-45fc-a64b-43e23b4440f7 req-34ed83fb-b9d0-45fc-a64b-43e23b4440f7 ] Request (ServicesAdminNegativeTestJSON:test_get_service_by_invalid_service_and_valid_host): 200 GET http://10.180.1.21/compute/v2.1/os-services?host=devstack&binary=xxx 11.572s
2025-11-23 02:58:59.479 67528 INFO tempest.lib.common.rest_client [req-f02a5fd3-46f6-43a3-9272-2a0d412d78ac req-f02a5fd3-46f6-43a3-9272-2a0d412d78ac ] Request (TenantUsagesTestJSON:setUpClass): 201 POST http://10.180.1.21/identity/v3/auth/tokens 0.054s
2025-11-23 02:58:59.479 67556 INFO tempest.lib.common.rest_client [req-737a4400-cc20-4aea-bd1d-d95c5d7dc24b req-737a4400-cc20-4aea-bd1d-d95c5d7dc24b ] Request (ServicesAdminTestJSON:test_list_services): 200 GET http://10.180.1.21/compute/v2.1/os-services 11.494s
2025-11-23 02:58:59.504 67566 INFO tempest.lib.common.rest_client [req-adaf560c-3cef-42e6-b54a-f38d8d7b894e req-adaf560c-3cef-42e6-b54a-f38d8d7b894e ] Request (HypervisorAdminNegativeUnderV252Test:test_show_servers_with_non_admin_user): 200 GET http://10.180.1.21/compute/v2.1/os-hypervisors 11.503s
2025-11-23 02:58:59.519 67588 INFO tempest.lib.common.rest_client [req-2b861abb-56eb-451f-bb7e-137cd6df9ebd req-2b861abb-56eb-451f-bb7e-137cd6df9ebd ] Request (FlavorsV261TestJSON:test_crud_flavor): 200 GET http://10.180.1.21/compute/v2.1/flavors/detail 11.491s
2025-11-23 02:58:59.526 67540 INFO tempest.lib.common.rest_client [req-94bd9fd0-3a03-466d-a03f-1f037ddc5629 req-94bd9fd0-3a03-466d-a03f-1f037ddc5629 ] Request (HostsAdminTestJSON:tearDownClass): 204 DELETE http://10.180.1.21/identity/v3/projects/ab0ee5f65e544105bc75d4c9daae8cf7 0.170s
2025-11-23 02:58:59.535 67562 INFO tempest.lib.common.rest_client [req-0dc0ff18-1198-4c90-af2d-905514faec7b req-0dc0ff18-1198-4c90-af2d-905514faec7b ] Request (ServersWithSpecificFlavorTestJSON:test_verify_created_server_ephemeral_disk): 200 GET http://10.180.1.21/compute/v2.1/flavors/42/os-extra_specs 11.351s
2025-11-23 02:58:59.553 67576 INFO tempest.lib.common.rest_client [req-5ab0dd5a-648e-4384-9299-ddeedb9f310c req-5ab0dd5a-648e-4384-9299-ddeedb9f310c ] Request (KeyPairsV210TestJSON:test_admin_manage_keypairs_for_other_users): 201 POST http://10.180.1.21/compute/v2.1/os-keypairs 11.510s
2025-11-23 02:58:59.617 67534 INFO tempest.lib.common.rest_client [req-256fd99d-71d2-4572-8608-da865f25e633 req-256fd99d-71d2-4572-8608-da865f25e633 ] Request (QuotaClassesAdminTestJSON:tearDownClass): 204 DELETE http://10.180.1.21/identity/v3/users/dc25cf12b4c346eab3d4e03cedfc6d26 0.162s
2025-11-23 02:58:59.641 67538 INFO tempest.lib.common.rest_client [req-8ff7cf52-2b74-4853-9fc3-416ad56537fd req-8ff7cf52-2b74-4853-9fc3-416ad56537fd ] Request (QuotasAdminTestJSON:test_delete_quota): 200 GET http://10.180.1.21/identity/v3/domains?name=Default 0.160s
2025-11-23 02:58:59.670 67528 INFO tempest.lib.common.rest_client [req-7ef45c17-2751-4b9e-8882-b342d7a0a1cb req-7ef45c17-2751-4b9e-8882-b342d7a0a1cb ] Request (TenantUsagesTestJSON:setUpClass): 201 POST http://10.180.1.21/identity/v3/auth/tokens 0.183s
2025-11-23 02:58:59.714 67556 INFO tempest.lib.common.rest_client [req-06da90c4-b049-40cd-859d-f0acdb02eaae req-06da90c4-b049-40cd-859d-f0acdb02eaae ] Request (ServicesAdminTestJSON:tearDownClass): 204 DELETE http://10.180.1.21/identity/v3/users/cb4c4aa745c34b4fb263c7b648721423 0.230s
2025-11-23 02:58:59.724 67540 INFO tempest.lib.common.rest_client [req-c858bacc-7926-475f-9294-f92b6e7b8de0 req-c858bacc-7926-475f-9294-f92b6e7b8de0 ] Request (FloatingIPDetailsTestJSON:setUpClass): 201 POST http://10.180.1.21/identity/v3/auth/tokens 0.197s
2025-11-23 02:58:59.817 67534 INFO tempest.lib.common.rest_client [req-b8bd7a71-917b-4414-9026-4ef7b8bb70ee req-b8bd7a71-917b-4414-9026-4ef7b8bb70ee ] Request (QuotaClassesAdminTestJSON:tearDownClass): 204 DELETE http://10.180.1.21/identity/v3/users/55dd665fdd4b4b23b5399944c63d9b46 0.199s
2025-11-23 02:58:59.817 67534 INFO tempest.lib.common.dynamic_creds [-] Deleting project and security group for project: 2ad47f2ffb694e3db7731b010941198a
2025-11-23 02:58:59.825 67538 INFO tempest.lib.common.rest_client [req-cf6e635f-0861-4e92-8783-aafe97cda155 req-cf6e635f-0861-4e92-8783-aafe97cda155 ] Request (QuotasAdminTestJSON:test_delete_quota): 201 POST http://10.180.1.21/identity/v3/projects 0.183s
2025-11-23 02:58:59.897 67528 INFO tempest.lib.common.rest_client [req-ad382190-397c-4494-9366-d67d9b370c2b req-ad382190-397c-4494-9366-d67d9b370c2b ] Request (TenantUsagesTestJSON:setUpClass): 200 GET http://10.180.1.21/identity/v3/domains?name=Default 0.227s
2025-11-23 02:58:59.913 67556 INFO tempest.lib.common.rest_client [req-d9965a2c-1755-4d6d-8be8-1ba59b8bb0f8 req-d9965a2c-1755-4d6d-8be8-1ba59b8bb0f8 ] Request (ServicesAdminTestJSON:tearDownClass): 204 DELETE http://10.180.1.21/identity/v3/users/e8f2e9f5ff3c46268b15953ca6d91ca1 0.197s
2025-11-23 02:58:59.913 67556 INFO tempest.lib.common.dynamic_creds [-] Deleting project and security group for project: de5346ff5c8c408c83e60cb71f3fd115
2025-11-23 02:58:59.955 67540 INFO tempest.lib.common.rest_client [req-cad936ec-6f2e-41c6-b376-aad48295d605 req-cad936ec-6f2e-41c6-b376-aad48295d605 ] Request (FloatingIPDetailsTestJSON:setUpClass): 201 POST http://10.180.1.21/identity/v3/auth/tokens 0.227s
2025-11-23 02:58:59.968 67534 INFO tempest.lib.common.rest_client [req-834aabc1-6186-4380-b681-bbfbbd2db1d7 req-834aabc1-6186-4380-b681-bbfbbd2db1d7 ] Request (QuotaClassesAdminTestJSON:tearDownClass): 201 POST http://10.180.1.21/identity/v3/auth/tokens 0.151s
2025-11-23 02:58:59.995 67580 INFO tempest.lib.common.rest_client [req-e2528106-0b09-45f7-a219-58e983a3e090 req-e2528106-0b09-45f7-a219-58e983a3e090 ] Request (SecurityGroupRulesNegativeTestJSON:test_create_security_group_rule_with_invalid_from_port): 200 POST http://10.180.1.21/compute/v2.1/os-security-groups 11.190s
2025-11-23 02:58:59.998 67528 INFO tempest.lib.common.rest_client [req-b819afad-c596-4f30-bb87-90a5f1d77c78 req-b819afad-c596-4f30-bb87-90a5f1d77c78 ] Request (TenantUsagesTestJSON:setUpClass): 201 POST http://10.180.1.21/identity/v3/projects 0.100s
2025-11-23 02:59:00.012 67538 INFO tempest.lib.common.rest_client [req-877cfc77-b183-42c2-8d79-12ca314cd474 req-877cfc77-b183-42c2-8d79-12ca314cd474 ] Request (QuotasAdminTestJSON:test_delete_quota): 200 GET http://10.180.1.21/identity/v3/domains?name=Default 0.186s
2025-11-23 02:59:00.026 67586 INFO tempest.lib.common.rest_client [req-cdae8c4f-32f4-4332-9f83-3315e0bba620 req-cdae8c4f-32f4-4332-9f83-3315e0bba620 ] Request (ServerDiagnosticsV248Test:test_get_server_diagnostics): 200 GET http://10.180.1.21/compute/v2.1/servers/03d29169-61d7-408a-a9b7-20891d31f84e 9.078s
2025-11-23 02:59:00.037 67586 INFO tempest.common.waiters [-] State transition "BUILD/spawning" ==> "ACTIVE/None" after 15 second wait
2025-11-23 02:59:00.056 67556 INFO tempest.lib.common.rest_client [req-5938b5ca-b429-4aa9-9401-4109462dcff9 req-5938b5ca-b429-4aa9-9401-4109462dcff9 ] Request (ServicesAdminTestJSON:tearDownClass): 201 POST http://10.180.1.21/identity/v3/auth/tokens 0.142s
2025-11-23 02:59:00.071 67540 INFO tempest.lib.common.rest_client [req-c02f2fee-b550-433d-8603-d1aafb539e38 req-c02f2fee-b550-433d-8603-d1aafb539e38 ] Request (FloatingIPDetailsTestJSON:setUpClass): 200 GET http://10.180.1.21/identity/v3/domains?name=Default 0.116s
2025-11-23 02:59:00.093 67528 INFO tempest.lib.common.rest_client [req-00977463-89f9-4884-9923-31e936e40931 req-00977463-89f9-4884-9923-31e936e40931 ] Request (TenantUsagesTestJSON:setUpClass): 201 POST http://10.180.1.21/identity/v3/users 0.094s
2025-11-23 02:59:00.124 67540 INFO tempest.lib.common.rest_client [req-e377f856-f2c0-4f7a-a026-62450d5f1bf7 req-e377f856-f2c0-4f7a-a026-62450d5f1bf7 ] Request (FloatingIPDetailsTestJSON:setUpClass): 201 POST http://10.180.1.21/identity/v3/projects 0.052s
2025-11-23 02:59:00.134 67528 INFO tempest.lib.common.rest_client [req-5ca3f9c9-6a34-4c36-bbc7-b1a5346b8f1b req-5ca3f9c9-6a34-4c36-bbc7-b1a5346b8f1b ] Request (TenantUsagesTestJSON:setUpClass): 200 GET http://10.180.1.21/identity/v3/roles 0.040s
2025-11-23 02:59:00.180 67540 INFO tempest.lib.common.rest_client [req-d6bd4458-141e-4a61-a76a-1349033ffd82 req-d6bd4458-141e-4a61-a76a-1349033ffd82 ] Request (FloatingIPDetailsTestJSON:setUpClass): 201 POST http://10.180.1.21/identity/v3/users 0.055s
2025-11-23 02:59:00.185 67528 INFO tempest.lib.common.rest_client [req-e3fd10f1-21fb-43e1-8d8c-f6589f5a3820 req-e3fd10f1-21fb-43e1-8d8c-f6589f5a3820 ] Request (TenantUsagesTestJSON:setUpClass): 204 PUT http://10.180.1.21/identity/v3/projects/bfcea526aaf44622a1e75d391bbc83f3/users/00750ae0f13d4c48b98c9154f7032664/roles/d03dd706595947f5874adee4249b9305 0.050s
2025-11-23 02:59:00.185 67528 INFO tempest.lib.common.dynamic_creds [-] Dynamic test user 00750ae0f13d4c48b98c9154f7032664 is created with scope project and roles: ['member']
2025-11-23 02:59:00.185 67528 INFO tempest.lib.common.dynamic_creds [-] Acquired dynamic creds: credentials: Credentials: {'domain_id': 'default', 'domain_name': 'Default', 'username': 'tempest-TenantUsagesTestJSON-1088559770-project-member', 'project_domain_id': 'default', 'project_domain_name': 'Default', 'project_id': 'bfcea526aaf44622a1e75d391bbc83f3', 'project_name': 'tempest-TenantUsagesTestJSON-1088559770', 'tenant_id': 'bfcea526aaf44622a1e75d391bbc83f3', 'tenant_name': 'tempest-TenantUsagesTestJSON-1088559770', 'user_domain_id': 'default', 'user_domain_name': 'Default', 'user_id': '00750ae0f13d4c48b98c9154f7032664', 'system': None}, Network: None, Subnet: None, Router: None
2025-11-23 02:59:00.185 67528 INFO tempest.lib.common.dynamic_creds [-] Created isolated network resources for: credentials: Credentials: {'domain_id': 'default', 'domain_name': 'Default', 'username': 'tempest-TenantUsagesTestJSON-1088559770-project-member', 'project_domain_id': 'default', 'project_domain_name': 'Default', 'project_id': 'bfcea526aaf44622a1e75d391bbc83f3', 'project_name': 'tempest-TenantUsagesTestJSON-1088559770', 'tenant_id': 'bfcea526aaf44622a1e75d391bbc83f3', 'tenant_name': 'tempest-TenantUsagesTestJSON-1088559770', 'user_domain_id': 'default', 'user_domain_name': 'Default', 'user_id': '00750ae0f13d4c48b98c9154f7032664', 'system': None}, Network: None, Subnet: None, Router: None
2025-11-23 02:59:00.229 67540 INFO tempest.lib.common.rest_client [req-dba4699e-9475-4039-96b2-10969a0708d6 req-dba4699e-9475-4039-96b2-10969a0708d6 ] Request (FloatingIPDetailsTestJSON:setUpClass): 200 GET http://10.180.1.21/identity/v3/roles 0.049s
2025-11-23 02:59:00.258 67528 INFO tempest.lib.common.rest_client [req-8b4c924f-463c-4f5e-aeec-6fadb4303af7 req-8b4c924f-463c-4f5e-aeec-6fadb4303af7 ] Request (TenantUsagesTestJSON:setUpClass): 201 POST http://10.180.1.21/identity/v3/auth/tokens 0.069s
2025-11-23 02:59:00.259 67540 INFO tempest.lib.common.rest_client [req-69e36ec8-91ab-4e1a-99cb-eec646597479 req-69e36ec8-91ab-4e1a-99cb-eec646597479 ] Request (FloatingIPDetailsTestJSON:setUpClass): 204 PUT http://10.180.1.21/identity/v3/projects/a8593205db154efa9f8d1a579a7a842e/users/2ba62c59baf448e187bc31f5e4ed187d/roles/d03dd706595947f5874adee4249b9305 0.029s
2025-11-23 02:59:00.260 67540 INFO tempest.lib.common.dynamic_creds [-] Dynamic test user 2ba62c59baf448e187bc31f5e4ed187d is created with scope project and roles: ['member']
2025-11-23 02:59:00.260 67540 INFO tempest.lib.common.dynamic_creds [-] Acquired dynamic creds: credentials: Credentials: {'domain_id': 'default', 'domain_name': 'Default', 'username': 'tempest-FloatingIPDetailsTestJSON-914886430-project-member', 'project_domain_id': 'default', 'project_domain_name': 'Default', 'project_id': 'a8593205db154efa9f8d1a579a7a842e', 'project_name': 'tempest-FloatingIPDetailsTestJSON-914886430', 'tenant_id': 'a8593205db154efa9f8d1a579a7a842e', 'tenant_name': 'tempest-FloatingIPDetailsTestJSON-914886430', 'user_domain_id': 'default', 'user_domain_name': 'Default', 'user_id': '2ba62c59baf448e187bc31f5e4ed187d', 'system': None}, Network: None, Subnet: None, Router: None
2025-11-23 02:59:00.322 67540 INFO tempest.lib.common.rest_client [req-9173b247-b9da-42cb-981b-d35cd3711767 req-9173b247-b9da-42cb-981b-d35cd3711767 ] Request (FloatingIPDetailsTestJSON:setUpClass): 201 POST http://10.180.1.21/identity/v3/auth/tokens 0.062s
2025-11-23 02:59:00.335 67528 INFO tempest.lib.common.rest_client [req-04d3e1dc-499b-459b-ba52-2b79de603e77 req-04d3e1dc-499b-459b-ba52-2b79de603e77 ] Request (TenantUsagesTestJSON:setUpClass): 201 POST http://10.180.1.21/identity/v3/projects 0.077s
2025-11-23 02:59:00.405 67528 INFO tempest.lib.common.rest_client [req-c1a713fe-f27c-4bd7-8f84-a43e7f846ae8 req-c1a713fe-f27c-4bd7-8f84-a43e7f846ae8 ] Request (TenantUsagesTestJSON:setUpClass): 201 POST http://10.180.1.21/identity/v3/users 0.069s
2025-11-23 02:59:00.428 67528 INFO tempest.lib.common.rest_client [req-17ee87b7-799a-4d37-a5d8-83290ad29c8a req-17ee87b7-799a-4d37-a5d8-83290ad29c8a ] Request (TenantUsagesTestJSON:setUpClass): 200 GET http://10.180.1.21/identity/v3/roles 0.022s
2025-11-23 02:59:00.462 67528 INFO tempest.lib.common.rest_client [req-6cb9fad7-7264-4f57-b65d-ed4dd9e5e11d req-6cb9fad7-7264-4f57-b65d-ed4dd9e5e11d ] Request (TenantUsagesTestJSON:setUpClass): 204 PUT http://10.180.1.21/identity/v3/projects/5c1d25a1363c4f11b802ebe90f7f1b22/users/b2b62e7ed49442a9ae8b8bdcea2e7fb6/roles/b64a3be9937944dcb475f78e4d2b6523 0.033s
2025-11-23 02:59:00.513 67528 INFO tempest.lib.common.rest_client [req-7aced7ce-6673-446e-a5f5-c74d4972fd35 req-7aced7ce-6673-446e-a5f5-c74d4972fd35 ] Request (TenantUsagesTestJSON:setUpClass): 200 GET http://10.180.1.21/identity/v3/roles 0.051s
2025-11-23 02:59:00.533 67528 INFO tempest.lib.common.rest_client [req-ba1d4a6d-0a5d-4f30-ba06-8168bef0d11c req-ba1d4a6d-0a5d-4f30-ba06-8168bef0d11c ] Request (TenantUsagesTestJSON:setUpClass): 204 PUT http://10.180.1.21/identity/v3/projects/5c1d25a1363c4f11b802ebe90f7f1b22/users/b2b62e7ed49442a9ae8b8bdcea2e7fb6/roles/b64a3be9937944dcb475f78e4d2b6523 0.020s
2025-11-23 02:59:00.534 67528 INFO tempest.lib.common.dynamic_creds [-] Dynamic test user b2b62e7ed49442a9ae8b8bdcea2e7fb6 is created with scope project and roles: ['admin']
2025-11-23 02:59:00.534 67528 INFO tempest.lib.common.dynamic_creds [-] Acquired dynamic creds: credentials: Credentials: {'domain_id': 'default', 'domain_name': 'Default', 'username': 'tempest-TenantUsagesTestJSON-262392216-project-admin', 'project_domain_id': 'default', 'project_domain_name': 'Default', 'project_id': '5c1d25a1363c4f11b802ebe90f7f1b22', 'project_name': 'tempest-TenantUsagesTestJSON-262392216', 'tenant_id': '5c1d25a1363c4f11b802ebe90f7f1b22', 'tenant_name': 'tempest-TenantUsagesTestJSON-262392216', 'user_domain_id': 'default', 'user_domain_name': 'Default', 'user_id': 'b2b62e7ed49442a9ae8b8bdcea2e7fb6', 'system': None}, Network: None, Subnet: None, Router: None
2025-11-23 02:59:00.534 67528 INFO tempest.lib.common.dynamic_creds [-] Created isolated network resources for: credentials: Credentials: {'domain_id': 'default', 'domain_name': 'Default', 'username': 'tempest-TenantUsagesTestJSON-262392216-project-admin', 'project_domain_id': 'default', 'project_domain_name': 'Default', 'project_id': '5c1d25a1363c4f11b802ebe90f7f1b22', 'project_name': 'tempest-TenantUsagesTestJSON-262392216', 'tenant_id': '5c1d25a1363c4f11b802ebe90f7f1b22', 'tenant_name': 'tempest-TenantUsagesTestJSON-262392216', 'user_domain_id': 'default', 'user_domain_name': 'Default', 'user_id': 'b2b62e7ed49442a9ae8b8bdcea2e7fb6', 'system': None}, Network: None, Subnet: None, Router: None
2025-11-23 02:59:00.635 67528 INFO tempest.lib.common.rest_client [req-4479557b-6f23-49f7-a115-35db44a6f0d8 req-4479557b-6f23-49f7-a115-35db44a6f0d8 ] Request (TenantUsagesTestJSON:setUpClass): 201 POST http://10.180.1.21/identity/v3/auth/tokens 0.099s
2025-11-23 02:59:00.636 67528 WARNING tempest.lib.common.rest_client [-] Deprecated: "tenant_id" property is deprecated for removal, use "project_id" instead
2025-11-23 02:59:00.705 67528 INFO tempest.lib.common.rest_client [req-87b3f330-1443-464e-9385-d23a45a5c835 req-87b3f330-1443-464e-9385-d23a45a5c835 ] Request (TenantUsagesTestJSON:setUpClass): 201 POST http://10.180.1.21/identity/v3/auth/tokens 0.064s
2025-11-23 02:59:00.706 67528 INFO tempest.lib.common.fixed_network [-] (TenantUsagesTestJSON:setUpClass) Found network None available for tenant
2025-11-23 02:59:00.864 67534 INFO tempest.lib.common.rest_client [req-29e3f268-62f0-4216-a789-24ec3670e0d1 req-29e3f268-62f0-4216-a789-24ec3670e0d1 ] Request (QuotaClassesAdminTestJSON:tearDownClass): 200 GET http://10.180.1.21/networking/v2.0/security-groups?tenant_id=2ad47f2ffb694e3db7731b010941198a&name=default 0.895s
2025-11-23 02:59:00.970 67556 INFO tempest.lib.common.rest_client [req-197d74fb-e239-4831-88af-6e44fbd678dc req-197d74fb-e239-4831-88af-6e44fbd678dc ] Request (ServicesAdminTestJSON:tearDownClass): 200 GET http://10.180.1.21/networking/v2.0/security-groups?tenant_id=de5346ff5c8c408c83e60cb71f3fd115&name=default 0.914s
2025-11-23 02:59:01.045 67560 INFO tempest.lib.common.rest_client [req-fd308cd7-bfc8-4c82-88d7-4286f650b79b req-fd308cd7-bfc8-4c82-88d7-4286f650b79b ] Request (ServersTestJSON:setUpClass): 200 GET http://10.180.1.21/compute/v2.1/servers/6b11205f-3a35-4ce8-9a5e-da7e388c5e6c 6.397s
2025-11-23 02:59:01.233 67540 INFO tempest.lib.common.rest_client [req-f7f8ada3-32bf-465c-bba7-0311e8a6037d req-f7f8ada3-32bf-465c-bba7-0311e8a6037d ] Request (FloatingIPDetailsTestJSON:setUpClass): 201 POST http://10.180.1.21/networking/v2.0/networks 0.910s
2025-11-23 02:59:01.341 67534 INFO tempest.lib.common.rest_client [req-212ed5fd-1ddd-41a5-ace7-b5f0ecd953b4 req-212ed5fd-1ddd-41a5-ace7-b5f0ecd953b4 ] Request (QuotaClassesAdminTestJSON:tearDownClass): 204 DELETE http://10.180.1.21/networking/v2.0/security-groups/7ad172ac-7d08-488d-9390-a8095c928443 0.476s
2025-11-23 02:59:01.439 67534 INFO tempest.lib.common.rest_client [req-43cf23cf-1221-461d-8c05-c1f11180a0b7 req-43cf23cf-1221-461d-8c05-c1f11180a0b7 ] Request (QuotaClassesAdminTestJSON:tearDownClass): 204 DELETE http://10.180.1.21/identity/v3/projects/2ad47f2ffb694e3db7731b010941198a 0.097s
2025-11-23 02:59:01.439 67534 INFO tempest.lib.common.dynamic_creds [-] Deleting project and security group for project: a36b552da9e24ccdaf98ca101a0ccc32
2025-11-23 02:59:01.451 67556 INFO tempest.lib.common.rest_client [req-5e83d9c8-34fa-4d6d-a673-5b00131aac71 req-5e83d9c8-34fa-4d6d-a673-5b00131aac71 ] Request (ServicesAdminTestJSON:tearDownClass): 204 DELETE http://10.180.1.21/networking/v2.0/security-groups/8404851e-f0e9-40dd-8970-607a257f5499 0.480s
2025-11-23 02:59:01.483 67584 INFO tempest.lib.common.rest_client [req-334507d2-620f-4aaf-ad9d-904fa9e53270 req-334507d2-620f-4aaf-ad9d-904fa9e53270 ] Request (ServersTestManualDisk:setUpClass): 200 GET http://10.180.1.21/compute/v2.1/servers/993df1ca-38fc-4c6e-992b-e1062887349d 9.609s
2025-11-23 02:59:01.571 67556 INFO tempest.lib.common.rest_client [req-f07605fb-d884-4282-8c6c-f0815967649f req-f07605fb-d884-4282-8c6c-f0815967649f ] Request (ServicesAdminTestJSON:tearDownClass): 204 DELETE http://10.180.1.21/identity/v3/projects/de5346ff5c8c408c83e60cb71f3fd115 0.119s
2025-11-23 02:59:01.571 67556 INFO tempest.lib.common.dynamic_creds [-] Deleting project and security group for project: ded5f6cb619346e686921ea3bcd740cf
2025-11-23 02:59:01.744 67540 INFO tempest.lib.common.rest_client [req-2c5b2cde-7942-449e-b937-a1c6a0426efc req-2c5b2cde-7942-449e-b937-a1c6a0426efc ] Request (FloatingIPDetailsTestJSON:setUpClass): 201 POST http://10.180.1.21/networking/v2.0/subnets 0.509s
2025-11-23 02:59:01.765 67532 INFO tempest.lib.common.rest_client [req-fc1cc74b-64c2-40fa-bed7-9a70b9150f09 req-fc1cc74b-64c2-40fa-bed7-9a70b9150f09 ] Request (ServersAdminTestJSON:setUpClass): 200 GET http://10.180.1.21/compute/v2.1/servers/927a2fe3-8e27-4111-a3f9-4ed88e8642d5 5.776s
2025-11-23 02:59:01.796 67534 INFO tempest.lib.common.rest_client [req-0acbf2ec-e094-433f-bdc6-91d64ec01622 req-0acbf2ec-e094-433f-bdc6-91d64ec01622 ] Request (QuotaClassesAdminTestJSON:tearDownClass): 200 GET http://10.180.1.21/networking/v2.0/security-groups?tenant_id=a36b552da9e24ccdaf98ca101a0ccc32&name=default 0.356s
2025-11-23 02:59:01.909 67556 INFO tempest.lib.common.rest_client [req-3682483c-5535-4afc-a92b-12c7958088a0 req-3682483c-5535-4afc-a92b-12c7958088a0 ] Request (ServicesAdminTestJSON:tearDownClass): 200 GET http://10.180.1.21/networking/v2.0/security-groups?tenant_id=ded5f6cb619346e686921ea3bcd740cf&name=default 0.337s
2025-11-23 02:59:02.032 67534 INFO tempest.lib.common.rest_client [req-1f52b3c7-70a4-43e3-982f-3a64ed154526 req-1f52b3c7-70a4-43e3-982f-3a64ed154526 ] Request (QuotaClassesAdminTestJSON:tearDownClass): 204 DELETE http://10.180.1.21/networking/v2.0/security-groups/7d1e9f15-c5fb-47e8-be0c-b72618de3f9d 0.236s
2025-11-23 02:59:02.153 67534 INFO tempest.lib.common.rest_client [req-1a80edee-c5a2-4e85-81cc-111b0f64cafa req-1a80edee-c5a2-4e85-81cc-111b0f64cafa ] Request (QuotaClassesAdminTestJSON:tearDownClass): 204 DELETE http://10.180.1.21/identity/v3/projects/a36b552da9e24ccdaf98ca101a0ccc32 0.120s
2025-11-23 02:59:02.230 67534 INFO tempest.lib.common.rest_client [req-966bd917-fa4b-48eb-87e1-8e684ba60bff req-966bd917-fa4b-48eb-87e1-8e684ba60bff ] Request (KeyPairsNegativeTestJSON:setUpClass): 201 POST http://10.180.1.21/identity/v3/auth/tokens 0.073s
2025-11-23 02:59:02.267 67534 INFO tempest.lib.common.rest_client [req-b4c3916d-6426-4e64-ba76-9988b1ca2bdc req-b4c3916d-6426-4e64-ba76-9988b1ca2bdc ] Request (KeyPairsNegativeTestJSON:setUpClass): 201 POST http://10.180.1.21/identity/v3/auth/tokens 0.032s
2025-11-23 02:59:02.319 67534 INFO tempest.lib.common.rest_client [req-278097c4-6cfc-44f3-9301-62a4ab23110c req-278097c4-6cfc-44f3-9301-62a4ab23110c ] Request (KeyPairsNegativeTestJSON:setUpClass): 200 GET http://10.180.1.21/identity/v3/domains?name=Default 0.051s
2025-11-23 02:59:02.349 67534 INFO tempest.lib.common.rest_client [req-8e1b2b7b-92c8-4664-ba55-0a89859ae43b req-8e1b2b7b-92c8-4664-ba55-0a89859ae43b ] Request (KeyPairsNegativeTestJSON:setUpClass): 201 POST http://10.180.1.21/identity/v3/projects 0.029s
2025-11-23 02:59:02.435 67534 INFO tempest.lib.common.rest_client [req-f0d84253-c79f-465f-bc32-0b43b7f4dd60 req-f0d84253-c79f-465f-bc32-0b43b7f4dd60 ] Request (KeyPairsNegativeTestJSON:setUpClass): 201 POST http://10.180.1.21/identity/v3/users 0.086s
2025-11-23 02:59:02.464 67534 INFO tempest.lib.common.rest_client [req-712607df-bcff-4720-ba29-aaa5e6bdbdac req-712607df-bcff-4720-ba29-aaa5e6bdbdac ] Request (KeyPairsNegativeTestJSON:setUpClass): 200 GET http://10.180.1.21/identity/v3/roles 0.028s
2025-11-23 02:59:02.500 67534 INFO tempest.lib.common.rest_client [req-5e374d69-57b0-4d42-896e-798e0f4643d4 req-5e374d69-57b0-4d42-896e-798e0f4643d4 ] Request (KeyPairsNegativeTestJSON:setUpClass): 204 PUT http://10.180.1.21/identity/v3/projects/c730e0f6e46a439886dc8efeb3f8cd8c/users/e329a753cf424a769182f5de511d91f6/roles/d03dd706595947f5874adee4249b9305 0.035s
2025-11-23 02:59:02.501 67534 INFO tempest.lib.common.dynamic_creds [-] Dynamic test user e329a753cf424a769182f5de511d91f6 is created with scope project and roles: ['member']
2025-11-23 02:59:02.501 67534 INFO tempest.lib.common.dynamic_creds [-] Acquired dynamic creds: credentials: Credentials: {'domain_id': 'default', 'domain_name': 'Default', 'username': 'tempest-KeyPairsNegativeTestJSON-1747529839-project-member', 'project_domain_id': 'default', 'project_domain_name': 'Default', 'project_id': 'c730e0f6e46a439886dc8efeb3f8cd8c', 'project_name': 'tempest-KeyPairsNegativeTestJSON-1747529839', 'tenant_id': 'c730e0f6e46a439886dc8efeb3f8cd8c', 'tenant_name': 'tempest-KeyPairsNegativeTestJSON-1747529839', 'user_domain_id': 'default', 'user_domain_name': 'Default', 'user_id': 'e329a753cf424a769182f5de511d91f6', 'system': None}, Network: None, Subnet: None, Router: None
2025-11-23 02:59:02.501 67534 INFO tempest.lib.common.dynamic_creds [-] Created isolated network resources for: credentials: Credentials: {'domain_id': 'default', 'domain_name': 'Default', 'username': 'tempest-KeyPairsNegativeTestJSON-1747529839-project-member', 'project_domain_id': 'default', 'project_domain_name': 'Default', 'project_id': 'c730e0f6e46a439886dc8efeb3f8cd8c', 'project_name': 'tempest-KeyPairsNegativeTestJSON-1747529839', 'tenant_id': 'c730e0f6e46a439886dc8efeb3f8cd8c', 'tenant_name': 'tempest-KeyPairsNegativeTestJSON-1747529839', 'user_domain_id': 'default', 'user_domain_name': 'Default', 'user_id': 'e329a753cf424a769182f5de511d91f6', 'system': None}, Network: None, Subnet: None, Router: None
2025-11-23 02:59:02.563 67556 INFO tempest.lib.common.rest_client [req-a6d81c22-904d-4a91-8f73-a5b1605bcba3 req-a6d81c22-904d-4a91-8f73-a5b1605bcba3 ] Request (ServicesAdminTestJSON:tearDownClass): 204 DELETE http://10.180.1.21/networking/v2.0/security-groups/350aba55-0cde-463f-bb22-81ce11ae5c16 0.654s
2025-11-23 02:59:02.583 67590 INFO tempest.lib.common.rest_client [req-6457c75c-0526-4c24-aab5-cdf4c30a1132 req-6457c75c-0526-4c24-aab5-cdf4c30a1132 ] Request (FloatingIPDetailsNegativeTestJSON:test_get_nonexistent_floating_ip_details): 404 GET http://10.180.1.21/compute/v2.1/os-floating-ips/2425e8f9-3a54-47fe-a927-f8d4cab53274 5.079s
2025-11-23 02:59:02.586 67534 INFO tempest.lib.common.rest_client [req-5bf8d4ab-41e0-4b34-95e2-40fa150ae144 req-5bf8d4ab-41e0-4b34-95e2-40fa150ae144 ] Request (KeyPairsNegativeTestJSON:setUpClass): 201 POST http://10.180.1.21/identity/v3/auth/tokens 0.082s
2025-11-23 02:59:02.663 67556 INFO tempest.lib.common.rest_client [req-813fe1e8-77a4-4aeb-9984-ee8c552324e4 req-813fe1e8-77a4-4aeb-9984-ee8c552324e4 ] Request (ServicesAdminTestJSON:tearDownClass): 204 DELETE http://10.180.1.21/identity/v3/projects/ded5f6cb619346e686921ea3bcd740cf 0.099s
2025-11-23 02:59:02.698 67540 INFO tempest.lib.common.rest_client [req-ddd76b2a-63b8-44bf-99ba-2ae740f0b57b req-ddd76b2a-63b8-44bf-99ba-2ae740f0b57b ] Request (FloatingIPDetailsTestJSON:setUpClass): 201 POST http://10.180.1.21/networking/v2.0/routers 0.953s
2025-11-23 02:59:02.752 67556 INFO tempest.lib.common.rest_client [req-a239027a-8ccc-41c3-86ff-fa277f9fa6f9 req-a239027a-8ccc-41c3-86ff-fa277f9fa6f9 ] Request (ServicesAdminNegativeV253TestJSON:setUpClass): 201 POST http://10.180.1.21/identity/v3/auth/tokens 0.087s
2025-11-23 02:59:02.784 67556 INFO tempest.lib.common.rest_client [req-978a9259-4237-4cb1-947e-87bab0856cb7 req-978a9259-4237-4cb1-947e-87bab0856cb7 ] Request (ServicesAdminNegativeV253TestJSON:setUpClass): 201 POST http://10.180.1.21/identity/v3/auth/tokens 0.029s
2025-11-23 02:59:02.815 67556 INFO tempest.lib.common.rest_client [req-f86acba1-6a92-4761-afc7-5acef35fd421 req-f86acba1-6a92-4761-afc7-5acef35fd421 ] Request (ServicesAdminNegativeV253TestJSON:setUpClass): 200 GET http://10.180.1.21/identity/v3/domains?name=Default 0.031s
2025-11-23 02:59:02.851 67556 INFO tempest.lib.common.rest_client [req-69917d7a-320c-4f4a-9a8b-e34fa720044a req-69917d7a-320c-4f4a-9a8b-e34fa720044a ] Request (ServicesAdminNegativeV253TestJSON:setUpClass): 201 POST http://10.180.1.21/identity/v3/projects 0.034s
2025-11-23 02:59:02.927 67556 INFO tempest.lib.common.rest_client [req-4e228310-73e6-438d-9fb7-6fae70145b59 req-4e228310-73e6-438d-9fb7-6fae70145b59 ] Request (ServicesAdminNegativeV253TestJSON:setUpClass): 201 POST http://10.180.1.21/identity/v3/users 0.076s
2025-11-23 02:59:02.954 67556 INFO tempest.lib.common.rest_client [req-8dd7639b-5bdf-43c7-8bff-b8a185a98b08 req-8dd7639b-5bdf-43c7-8bff-b8a185a98b08 ] Request (ServicesAdminNegativeV253TestJSON:setUpClass): 200 GET http://10.180.1.21/identity/v3/roles 0.027s
2025-11-23 02:59:03.005 67556 INFO tempest.lib.common.rest_client [req-f6a0488c-6bb2-4577-8bcd-11e76b7b32ca req-f6a0488c-6bb2-4577-8bcd-11e76b7b32ca ] Request (ServicesAdminNegativeV253TestJSON:setUpClass): 204 PUT http://10.180.1.21/identity/v3/projects/cadd36fc004848158cde87d766aa0527/users/607146f077b0473480574c6ce4c9f7ae/roles/d03dd706595947f5874adee4249b9305 0.049s
2025-11-23 02:59:03.005 67556 INFO tempest.lib.common.dynamic_creds [-] Dynamic test user 607146f077b0473480574c6ce4c9f7ae is created with scope project and roles: ['member']
2025-11-23 02:59:03.005 67556 INFO tempest.lib.common.dynamic_creds [-] Acquired dynamic creds: credentials: Credentials: {'domain_id': 'default', 'domain_name': 'Default', 'username': 'tempest-ServicesAdminNegativeV253TestJSON-1952146798-project-member', 'project_domain_id': 'default', 'project_domain_name': 'Default', 'project_id': 'cadd36fc004848158cde87d766aa0527', 'project_name': 'tempest-ServicesAdminNegativeV253TestJSON-1952146798', 'tenant_id': 'cadd36fc004848158cde87d766aa0527', 'tenant_name': 'tempest-ServicesAdminNegativeV253TestJSON-1952146798', 'user_domain_id': 'default', 'user_domain_name': 'Default', 'user_id': '607146f077b0473480574c6ce4c9f7ae', 'system': None}, Network: None, Subnet: None, Router: None
2025-11-23 02:59:03.005 67556 INFO tempest.lib.common.dynamic_creds [-] Created isolated network resources for: credentials: Credentials: {'domain_id': 'default', 'domain_name': 'Default', 'username': 'tempest-ServicesAdminNegativeV253TestJSON-1952146798-project-member', 'project_domain_id': 'default', 'project_domain_name': 'Default', 'project_id': 'cadd36fc004848158cde87d766aa0527', 'project_name': 'tempest-ServicesAdminNegativeV253TestJSON-1952146798', 'tenant_id': 'cadd36fc004848158cde87d766aa0527', 'tenant_name': 'tempest-ServicesAdminNegativeV253TestJSON-1952146798', 'user_domain_id': 'default', 'user_domain_name': 'Default', 'user_id': '607146f077b0473480574c6ce4c9f7ae', 'system': None}, Network: None, Subnet: None, Router: None
2025-11-23 02:59:03.117 67556 INFO tempest.lib.common.rest_client [req-b73a5d44-1701-4a35-b568-d1a0a76c52f8 req-b73a5d44-1701-4a35-b568-d1a0a76c52f8 ] Request (ServicesAdminNegativeV253TestJSON:setUpClass): 201 POST http://10.180.1.21/identity/v3/auth/tokens 0.105s
2025-11-23 02:59:03.195 67556 INFO tempest.lib.common.rest_client [req-61a5c679-ac9e-4694-9810-3b99ea5f0695 req-61a5c679-ac9e-4694-9810-3b99ea5f0695 ] Request (ServicesAdminNegativeV253TestJSON:setUpClass): 201 POST http://10.180.1.21/identity/v3/projects 0.078s
2025-11-23 02:59:03.262 67556 INFO tempest.lib.common.rest_client [req-dfa352b9-3f4d-4a70-bbe9-bb2822c40f63 req-dfa352b9-3f4d-4a70-bbe9-bb2822c40f63 ] Request (ServicesAdminNegativeV253TestJSON:setUpClass): 201 POST http://10.180.1.21/identity/v3/users 0.067s
2025-11-23 02:59:03.291 67556 INFO tempest.lib.common.rest_client [req-29c09abd-68b8-407e-b338-27bb88c6028a req-29c09abd-68b8-407e-b338-27bb88c6028a ] Request (ServicesAdminNegativeV253TestJSON:setUpClass): 200 GET http://10.180.1.21/identity/v3/roles 0.027s
2025-11-23 02:59:03.323 67556 INFO tempest.lib.common.rest_client [req-c7450c4d-a213-4b68-b7d5-8e8a095d36a0 req-c7450c4d-a213-4b68-b7d5-8e8a095d36a0 ] Request (ServicesAdminNegativeV253TestJSON:setUpClass): 204 PUT http://10.180.1.21/identity/v3/projects/2a05e00c45dc4a008e34328fe7e2ae2e/users/52382d0ce34c44ddb2c659eedccaaba8/roles/b64a3be9937944dcb475f78e4d2b6523 0.032s
2025-11-23 02:59:03.392 67556 INFO tempest.lib.common.rest_client [req-7bdb2575-631a-4126-ac3f-8ed9fc989cb6 req-7bdb2575-631a-4126-ac3f-8ed9fc989cb6 ] Request (ServicesAdminNegativeV253TestJSON:setUpClass): 200 GET http://10.180.1.21/identity/v3/roles 0.068s
2025-11-23 02:59:03.440 67556 INFO tempest.lib.common.rest_client [req-cf629bc9-0056-4193-8dda-f550db6e34b3 req-cf629bc9-0056-4193-8dda-f550db6e34b3 ] Request (ServicesAdminNegativeV253TestJSON:setUpClass): 204 PUT http://10.180.1.21/identity/v3/projects/2a05e00c45dc4a008e34328fe7e2ae2e/users/52382d0ce34c44ddb2c659eedccaaba8/roles/b64a3be9937944dcb475f78e4d2b6523 0.047s
2025-11-23 02:59:03.440 67556 INFO tempest.lib.common.dynamic_creds [-] Dynamic test user 52382d0ce34c44ddb2c659eedccaaba8 is created with scope project and roles: ['admin']
2025-11-23 02:59:03.441 67556 INFO tempest.lib.common.dynamic_creds [-] Acquired dynamic creds: credentials: Credentials: {'domain_id': 'default', 'domain_name': 'Default', 'username': 'tempest-ServicesAdminNegativeV253TestJSON-278900514-project-admin', 'project_domain_id': 'default', 'project_domain_name': 'Default', 'project_id': '2a05e00c45dc4a008e34328fe7e2ae2e', 'project_name': 'tempest-ServicesAdminNegativeV253TestJSON-278900514', 'tenant_id': '2a05e00c45dc4a008e34328fe7e2ae2e', 'tenant_name': 'tempest-ServicesAdminNegativeV253TestJSON-278900514', 'user_domain_id': 'default', 'user_domain_name': 'Default', 'user_id': '52382d0ce34c44ddb2c659eedccaaba8', 'system': None}, Network: None, Subnet: None, Router: None
2025-11-23 02:59:03.442 67556 INFO tempest.lib.common.dynamic_creds [-] Created isolated network resources for: credentials: Credentials: {'domain_id': 'default', 'domain_name': 'Default', 'username': 'tempest-ServicesAdminNegativeV253TestJSON-278900514-project-admin', 'project_domain_id': 'default', 'project_domain_name': 'Default', 'project_id': '2a05e00c45dc4a008e34328fe7e2ae2e', 'project_name': 'tempest-ServicesAdminNegativeV253TestJSON-278900514', 'tenant_id': '2a05e00c45dc4a008e34328fe7e2ae2e', 'tenant_name': 'tempest-ServicesAdminNegativeV253TestJSON-278900514', 'user_domain_id': 'default', 'user_domain_name': 'Default', 'user_id': '52382d0ce34c44ddb2c659eedccaaba8', 'system': None}, Network: None, Subnet: None, Router: None
2025-11-23 02:59:03.544 67556 INFO tempest.lib.common.rest_client [req-d21d3cf8-1cf9-4100-8c11-6c5c8a491f81 req-d21d3cf8-1cf9-4100-8c11-6c5c8a491f81 ] Request (ServicesAdminNegativeV253TestJSON:setUpClass): 201 POST http://10.180.1.21/identity/v3/auth/tokens 0.098s
2025-11-23 02:59:04.089 67590 INFO tempest.lib.common.rest_client [req-ef9ef946-4501-496f-bb9a-e758f961b84e req-ef9ef946-4501-496f-bb9a-e758f961b84e ] Request (FloatingIPDetailsNegativeTestJSON:tearDownClass): 200 PUT http://10.180.1.21/networking/v2.0/routers/5b05a183-75d9-4e36-8ba9-e93eedc23d25/remove_router_interface 1.505s
2025-11-23 02:59:04.332 67574 INFO tempest.lib.common.rest_client [req-a272f75e-a028-4779-a844-f3875ecbe228 req-a272f75e-a028-4779-a844-f3875ecbe228 ] Request (VolumesAdminNegativeTest:test_update_attached_volume_with_nonexistent_volume_in_uri): 202 POST http://10.180.1.21/compute/v2.1/servers 9.612s
2025-11-23 02:59:04.747 67590 INFO tempest.lib.common.rest_client [req-2bf05487-cda8-4a9a-bca3-a6d01113ef56 req-2bf05487-cda8-4a9a-bca3-a6d01113ef56 ] Request (FloatingIPDetailsNegativeTestJSON:tearDownClass): 204 DELETE http://10.180.1.21/networking/v2.0/routers/5b05a183-75d9-4e36-8ba9-e93eedc23d25 0.657s
2025-11-23 02:59:05.016 67540 INFO tempest.lib.common.rest_client [req-3b1b9415-2a6a-47df-8812-18487cf0c45e req-3b1b9415-2a6a-47df-8812-18487cf0c45e ] Request (FloatingIPDetailsTestJSON:setUpClass): 200 PUT http://10.180.1.21/networking/v2.0/routers/6097de10-c124-42e2-9571-f45b68931088/add_router_interface 2.317s
