2025-11-23 03:00:52.239 67534 INFO tempest.lib.common.dynamic_creds [-] Created isolated network resources for: credentials: Credentials: {'domain_id': 'default', 'domain_name': 'Default', 'username': 'tempest-InstanceActionsNegativeTestJSON-16928782-project-member', 'project_domain_id': 'default', 'project_domain_name': 'Default', 'project_id': '378aa288fa1d41e8930f362a71211a98', 'project_name': 'tempest-InstanceActionsNegativeTestJSON-16928782', 'tenant_id': '378aa288fa1d41e8930f362a71211a98', 'tenant_name': 'tempest-InstanceActionsNegativeTestJSON-16928782', 'user_domain_id': 'default', 'user_domain_name': 'Default', 'user_id': 'd26a3608757d4438b8725d24d3e200ab', 'system': None}, Network: {'id': '0d8acae6-2f60-4170-ba5a-f1d5974341d3', 'name': 'tempest-InstanceActionsNegativeTestJSON-1805957668-network', 'tenant_id': '378aa288fa1d41e8930f362a71211a98', 'project_id': '378aa288fa1d41e8930f362a71211a98', 'admin_state_up': True, 'mtu': 8950, 'status': 'ACTIVE', 'subnets': [], 'shared': False, 'port_security_enabled': True, 'router:external': False, 'provider:network_type': 'vlan', 'provider:physical_network': 'default', 'provider:segmentation_id': 912, 'availability_zone_hints': [], 'availability_zones': [], 'ipv4_address_scope': None, 'ipv6_address_scope': None, 'description': '', 'tags': [], 'created_at': '2025-11-23T03:00:48Z', 'updated_at': '2025-11-23T03:00:48Z', 'revision_number': 1}, Subnet: {'id': '5c4fc47d-bdd8-4949-8133-60e6870e04e3', 'name': 'tempest-InstanceActionsNegativeTestJSON-1805957668-subnet', 'tenant_id': '378aa288fa1d41e8930f362a71211a98', 'network_id': '0d8acae6-2f60-4170-ba5a-f1d5974341d3', 'ip_version': 4, 'subnetpool_id': None, 'enable_dhcp': True, 'ipv6_ra_mode': None, 'ipv6_address_mode': None, 'gateway_ip': '192.168.128.1', 'cidr': '192.168.128.0/28', 'allocation_pools': [{'start': '192.168.128.2', 'end': '192.168.128.14'}], 'host_routes': [], 'dns_nameservers': [], 'description': '', 'router:external': False, 'service_types': [], 'tags': [], 'created_at': '2025-11-23T03:00:49Z', 'updated_at': '2025-11-23T03:00:49Z', 'revision_number': 0, 'project_id': '378aa288fa1d41e8930f362a71211a98'}, Router: {'id': '28224915-961b-4f91-967e-70a92bf1cedf', 'name': 'tempest-InstanceActionsNegativeTestJSON-1805957668-router', 'tenant_id': '378aa288fa1d41e8930f362a71211a98', 'admin_state_up': True, 'status': 'ACTIVE', 'external_gateway_info': {'network_id': 'c8ac6d81-241e-4503-bb07-e2231c138cf7', 'external_fixed_ips': [{'subnet_id': 'bc108464-51f8-4fc6-81f6-1ffcfbecfd08', 'ip_address': '10.180.180.161'}], 'enable_snat': True}, 'description': '', 'availability_zones': [], 'distributed': False, 'ha': False, 'availability_zone_hints': [], 'routes': [], 'flavor_id': None, 'tags': [], 'created_at': '2025-11-23T03:00:50Z', 'updated_at': '2025-11-23T03:00:50Z', 'revision_number': 2, 'project_id': '378aa288fa1d41e8930f362a71211a98'}
2025-11-23 03:00:52.257 67532 INFO tempest.lib.common.rest_client [req-490a20df-520d-471a-87bc-a7cdf503922b req-490a20df-520d-471a-87bc-a7cdf503922b ] Request (ServersAdminTestJSON:test_inject_network_info): 202 POST http://10.180.1.21/compute/v2.1/servers/32255a9a-f551-4f99-8c54-26055f8e9e53/action 2.409s
2025-11-23 03:00:52.295 67556 INFO tempest.lib.common.rest_client [req-1f013a87-e822-4f78-b878-a07af3e79e70 req-1f013a87-e822-4f78-b878-a07af3e79e70 ] Request (ImagesTestJSON:test_create_image_from_stopped_server): 200 GET http://10.180.1.21/compute/v2.1/images/680cb5d2-2488-491f-97b5-649207f91872 2.406s
2025-11-23 03:00:52.334 67528 INFO tempest.lib.common.rest_client [req-28de12c0-ca8e-4f27-aa99-556ca753cdbd req-28de12c0-ca8e-4f27-aa99-556ca753cdbd ] Request (ImagesMetadataTestJSON:test_set_image_metadata_item): 200 GET http://10.180.1.21/compute/v2.1/images/bd20d693-8127-48a7-994a-9882bd194672/metadata 2.069s
2025-11-23 03:00:52.334 67534 INFO tempest.lib.common.rest_client [req-1dea7221-d1d1-494e-b3e2-d3e3c0ddda22 req-1dea7221-d1d1-494e-b3e2-d3e3c0ddda22 ] Request (InstanceActionsNegativeTestJSON:setUpClass): 201 POST http://10.180.1.21/identity/v3/auth/tokens 0.091s
2025-11-23 03:00:52.334 67556 INFO tempest.lib.common.rest_client [req-a1f9e124-b7ed-4566-8c9b-502223e80ce8 req-a1f9e124-b7ed-4566-8c9b-502223e80ce8 ] Request (ImagesTestJSON:test_create_image_from_stopped_server): 200 GET http://10.180.1.21/image/v2/images/680cb5d2-2488-491f-97b5-649207f91872/tasks 0.036s
2025-11-23 03:00:52.358 67566 INFO tempest.lib.common.rest_client [req-d721a08e-6da9-4453-8de7-2b1d534bac43 req-d721a08e-6da9-4453-8de7-2b1d534bac43 ] Request (FlavorsV2TestJSON:test_list_flavors_filter_by_min_ram): 200 GET http://10.180.1.21/compute/v2.1/flavors?minRam=193 1.908s
2025-11-23 03:00:52.376 67572 INFO tempest.lib.common.rest_client [req-8316d0c1-5ce4-4af9-a1d5-e774b8dfd674 req-8316d0c1-5ce4-4af9-a1d5-e774b8dfd674 ] Request (FlavorsAdminTestJSON:test_list_non_public_flavor): 200 POST http://10.180.1.21/compute/v2.1/flavors 1.895s
2025-11-23 03:00:52.380 67562 WARNING tempest.lib.common.ssh [-] Failed to establish authenticated ssh connection to cirros@10.180.180.222 ([Errno None] Unable to connect to port 22 on 10.180.180.222). Number attempts: 6. Retry after 7 seconds.: paramiko.ssh_exception.NoValidConnectionsError: [Errno None] Unable to connect to port 22 on 10.180.180.222
2025-11-23 03:00:52.381 67534 INFO tempest.lib.common.rest_client [req-dd1681c7-18e3-44e0-b2ba-13ccefd0263a req-dd1681c7-18e3-44e0-b2ba-13ccefd0263a ] Request (InstanceActionsNegativeTestJSON:setUpClass): 201 POST http://10.180.1.21/identity/v3/auth/tokens 0.041s
2025-11-23 03:00:52.381 67534 INFO tempest.lib.common.fixed_network [-] (InstanceActionsNegativeTestJSON:setUpClass) Found network {'id': '0d8acae6-2f60-4170-ba5a-f1d5974341d3', 'name': 'tempest-InstanceActionsNegativeTestJSON-1805957668-network', 'tenant_id': '378aa288fa1d41e8930f362a71211a98', 'project_id': '378aa288fa1d41e8930f362a71211a98', 'admin_state_up': True, 'mtu': 8950, 'status': 'ACTIVE', 'subnets': [], 'shared': False, 'port_security_enabled': True, 'router:external': False, 'provider:network_type': 'vlan', 'provider:physical_network': 'default', 'provider:segmentation_id': 912, 'availability_zone_hints': [], 'availability_zones': [], 'ipv4_address_scope': None, 'ipv6_address_scope': None, 'description': '', 'tags': [], 'created_at': '2025-11-23T03:00:48Z', 'updated_at': '2025-11-23T03:00:48Z', 'revision_number': 1} available for tenant
2025-11-23 03:00:52.502 67576 INFO tempest.lib.common.rest_client [req-399d12cc-b73c-4155-b527-aa668c8a0b37 req-399d12cc-b73c-4155-b527-aa668c8a0b37 ] Request (ServerRescueTestJSONUnderV235:setUpClass): 200 GET http://10.180.1.21/compute/v2.1/servers/c826d66f-3ddc-4cf7-9474-5050ea12536b 1.562s
2025-11-23 03:00:52.560 67552 INFO tempest.lib.common.rest_client [req-4e6b7742-422f-43aa-aa6c-ea99a4e577f1 req-4e6b7742-422f-43aa-aa6c-ea99a4e577f1 ] Request (FloatingIPsAssociationTestJSON:setUpClass): 202 POST http://10.180.1.21/compute/v2.1/servers 3.106s
2025-11-23 03:00:52.617 67536 INFO tempest.lib.common.rest_client [req-e1fd30b6-15ea-43c4-8954-1f4ce1bbd43d req-e1fd30b6-15ea-43c4-8954-1f4ce1bbd43d ] Request (ServersAdmin275Test:tearDownClass): 200 GET http://10.180.1.21/compute/v2.1/servers/4bdc54a9-708e-4c12-ad7d-37c577c7bad1 1.445s
2025-11-23 03:00:52.632 67584 INFO tempest.lib.common.rest_client [req-f7805ad8-53b6-4c8e-9bd6-aba511743609 req-f7805ad8-53b6-4c8e-9bd6-aba511743609 ] Request (ServerAddressesTestJSON:setUpClass): 200 GET http://10.180.1.21/compute/v2.1/servers/3ebeaeb4-baa4-4d69-b3bc-c50c18dd48e1 1.188s
2025-11-23 03:00:52.749 67544 INFO tempest.lib.common.rest_client [req-97227204-a696-4845-b78d-572bf439eacc req-97227204-a696-4845-b78d-572bf439eacc ] Request (MigrationsAdminTest:test_list_migrations_in_flavor_resize_situation): 200 GET http://10.180.1.21/compute/v2.1/servers/918f09f8-43a7-420c-9c88-d4ac8a4d0132 1.036s
2025-11-23 03:00:52.757 67544 INFO tempest.common.waiters [-] State transition "RESIZE/resize_finish" ==> "VERIFY_RESIZE/None" after 29 second wait
2025-11-23 03:00:52.766 67538 INFO tempest.lib.common.rest_client [req-39d9446b-654d-49f6-9849-edcb005cd4a1 req-39d9446b-654d-49f6-9849-edcb005cd4a1 ] Request (SecurityGroupsTestJSON:test_security_groups_create_list_delete): 200 GET http://10.180.1.21/compute/v2.1/os-security-groups 0.967s
2025-11-23 03:00:52.777 67560 INFO tempest.lib.common.rest_client [req-f4ff85fa-d893-44fd-9955-f639d83c3b25 req-f4ff85fa-d893-44fd-9955-f639d83c3b25 ] Request (ServersTestJSON:tearDownClass): 404 GET http://10.180.1.21/compute/v2.1/servers/6b11205f-3a35-4ce8-9a5e-da7e388c5e6c 0.960s
2025-11-23 03:00:52.818 67580 WARNING tempest.lib.common.ssh [-] Failed to establish authenticated ssh connection to cirros@10.180.180.172 ([Errno None] Unable to connect to port 22 on 10.180.180.172). Number attempts: 3. Retry after 4 seconds.: paramiko.ssh_exception.NoValidConnectionsError: [Errno None] Unable to connect to port 22 on 10.180.180.172
2025-11-23 03:00:52.840 67588 INFO tempest.lib.common.rest_client [req-9dec3293-ac53-4060-9dec-3db07bf40dea req-9dec3293-ac53-4060-9dec-3db07bf40dea ] Request (ServersListShow298Test:test_list_show_update_rebuild_server_298): 200 GET http://10.180.1.21/compute/v2.1/servers/461c11cd-056f-40cb-bdd5-e21d0079531e 0.910s
2025-11-23 03:00:52.863 67554 INFO tempest.lib.common.rest_client [req-7a481f24-edb2-462c-ae34-94464023b715 req-7a481f24-edb2-462c-ae34-94464023b715 ] Request (HypervisorAdminTestJSON:test_get_hypervisor_list_details): 200 GET http://10.180.1.21/compute/v2.1/os-hypervisors/detail 0.711s
2025-11-23 03:00:52.954 67568 INFO tempest.lib.common.rest_client [req-213ce87e-0f5a-4435-ae81-a547a45fd236 req-213ce87e-0f5a-4435-ae81-a547a45fd236 ] Request (ServerActionsTestOtherA:setUpClass): 200 GET http://10.180.1.21/compute/v2.1/servers/955e3fa6-50c3-4fe9-8775-224a5925fd27/os-interface 0.875s
2025-11-23 03:00:52.960 67564 INFO tempest.lib.common.rest_client [req-fe35fced-04a1-477d-a5b9-87c0b434ebd6 req-fe35fced-04a1-477d-a5b9-87c0b434ebd6 ] Request (AttachInterfacesV270Test:tearDownClass): 200 GET http://10.180.1.21/compute/v2.1/servers/ff63c053-aa96-469e-91ef-6a841f89f265 0.775s
2025-11-23 03:00:53.009 67532 INFO tempest.lib.common.rest_client [req-185c5488-b61b-45e0-ab2d-ed5945b70594 req-185c5488-b61b-45e0-ab2d-ed5945b70594 ] Request (ServersAdminTestJSON:test_list_servers_by_admin): 200 GET http://10.180.1.21/compute/v2.1/servers/detail 0.751s
2025-11-23 03:00:53.261 67540 INFO tempest.lib.common.rest_client [req-fd7e7ead-5959-4c83-8094-15c7cda6c5af req-fd7e7ead-5959-4c83-8094-15c7cda6c5af ] Request (ServersTestBootFromVolume:setUpClass): 200 GET http://10.180.1.21/compute/v2.1/servers/6f3a03e2-f3da-4726-b0fb-1d7cb71fd71d 0.975s
2025-11-23 03:00:53.303 67546 INFO tempest.lib.common.rest_client [req-4bfd41e2-3124-49a0-981b-0c86742179c5 req-4bfd41e2-3124-49a0-981b-0c86742179c5 ] Request (ListServerFiltersTestJSON:test_list_servers_filter_by_shutoff_status): 200 GET http://10.180.1.21/compute/v2.1/servers/26a6ff68-af2e-4a42-9895-2d979b036d8b 1.115s
2025-11-23 03:00:53.314 67546 INFO tempest.common.waiters [-] State transition "SHUTOFF/powering-on" ==> "ACTIVE/None" after 8 second wait
2025-11-23 03:00:53.389 67590 INFO tempest.lib.common.rest_client [req-4ac3bc06-cabd-463e-b91b-54f904d0eee9 req-4ac3bc06-cabd-463e-b91b-54f904d0eee9 ] Request (ImagesOneServerNegativeTestJSON:_run_cleanups): 200 GET http://10.180.1.21/compute/v2.1/servers/42664e21-b0e8-41d4-a979-76334d702e27 1.079s
2025-11-23 03:00:53.457 67556 INFO tempest.lib.common.rest_client [req-782f12f7-8fab-4548-ad7a-e8e80b1d9f18 req-782f12f7-8fab-4548-ad7a-e8e80b1d9f18 ] Request (ImagesTestJSON:_run_cleanups): 204 DELETE http://10.180.1.21/compute/v2.1/images/680cb5d2-2488-491f-97b5-649207f91872 1.120s
2025-11-23 03:00:53.472 67566 INFO tempest.lib.common.rest_client [req-09476c09-09eb-4e9f-a8ec-94aa5153eaaa req-09476c09-09eb-4e9f-a8ec-94aa5153eaaa ] Request (FlavorsV2TestJSON:test_list_flavors_limit_results): 200 GET http://10.180.1.21/compute/v2.1/flavors?limit=1 1.107s
2025-11-23 03:00:53.496 67572 INFO tempest.lib.common.rest_client [req-6430b49e-3f45-49b1-a3b8-f24d1f638451 req-6430b49e-3f45-49b1-a3b8-f24d1f638451 ] Request (FlavorsAdminTestJSON:test_list_non_public_flavor): 200 GET http://10.180.1.21/compute/v2.1/flavors/detail 1.116s
2025-11-23 03:00:53.659 67528 INFO tempest.lib.common.rest_client [req-83f38454-7ff1-47aa-8c6a-3f19f56f9454 req-83f38454-7ff1-47aa-8c6a-3f19f56f9454 ] Request (ImagesMetadataTestJSON:setUp): 200 PUT http://10.180.1.21/compute/v2.1/images/bd20d693-8127-48a7-994a-9882bd194672/metadata 1.323s
2025-11-23 03:00:53.742 67568 INFO tempest.lib.common.rest_client [req-c6d3dba0-c35d-4ceb-9d56-5c3043589208 req-c6d3dba0-c35d-4ceb-9d56-5c3043589208 ] Request (ServerActionsTestOtherA:setUpClass): 200 PUT http://10.180.1.21/networking/v2.0/floatingips/f7880151-39b9-4d66-8496-09e3fdd1dd2f 0.785s
2025-11-23 03:00:53.746 67568 INFO tempest.lib.common.ssh [-] Creating ssh connection to '10.180.180.217:22' as 'cirros' with public key authentication
2025-11-23 03:00:53.749 67550 INFO tempest.lib.common.rest_client [req-4a4389da-a7ec-47f3-93c3-a47996b38ef9 req-4a4389da-a7ec-47f3-93c3-a47996b38ef9 ] Request (FloatingIPsAssociationNegativeTestJSON:tearDownClass): 200 GET http://10.180.1.21/compute/v2.1/servers/85b17c33-c3ba-49aa-864b-494e85813c3f 1.349s
2025-11-23 03:00:53.833 67542 INFO tempest.lib.common.rest_client [req-87932dfb-eb3b-4b59-9db3-ea9aaff1b17e req-87932dfb-eb3b-4b59-9db3-ea9aaff1b17e ] Request (ImagesOneServerTestJSON:tearDownClass): 200 GET http://10.180.1.21/compute/v2.1/servers/f48ba97b-d3fa-4d1d-95d2-3bee4da71085 1.344s
2025-11-23 03:00:53.899 67552 INFO tempest.lib.common.rest_client [req-2edcd517-244e-48cb-9641-0336514fcd9f req-2edcd517-244e-48cb-9641-0336514fcd9f ] Request (FloatingIPsAssociationTestJSON:setUpClass): 200 GET http://10.180.1.21/compute/v2.1/servers/e0b14d17-bf4f-4472-8181-252956b96722 1.338s
2025-11-23 03:00:53.984 67530 INFO tempest.lib.common.rest_client [req-1638fab3-db88-4dd2-abfb-1ff3021d6d8d req-1638fab3-db88-4dd2-abfb-1ff3021d6d8d ] Request (ServersTestMultiNic:_run_cleanups): 200 GET http://10.180.1.21/compute/v2.1/servers/506c7c7d-eea8-4c01-bcee-208cd89805c2 1.358s
2025-11-23 03:00:53.993 67530 INFO tempest.common.waiters [-] State transition "ACTIVE/deleting" ==> "DELETED/None" after 7 second wait
2025-11-23 03:00:54.053 67534 INFO tempest.lib.common.rest_client [req-f0a68cce-bcc4-4c8a-8078-01bd5c4b60c5 req-f0a68cce-bcc4-4c8a-8078-01bd5c4b60c5 ] Request (InstanceActionsNegativeTestJSON:setUpClass): 202 POST http://10.180.1.21/compute/v2.1/servers 1.670s
2025-11-23 03:00:54.156 67544 INFO tempest.lib.common.rest_client [req-1bebd90c-78da-41a7-abc6-47b4578f11c9 req-1bebd90c-78da-41a7-abc6-47b4578f11c9 ] Request (MigrationsAdminTest:test_list_migrations_in_flavor_resize_situation): 204 POST http://10.180.1.21/compute/v2.1/servers/918f09f8-43a7-420c-9c88-d4ac8a4d0132/action 1.398s
2025-11-23 03:00:54.191 67574 INFO tempest.lib.common.rest_client [req-69d29543-1597-401a-89f4-2932eed912cc req-69d29543-1597-401a-89f4-2932eed912cc ] Request (ServersTestFqdnHostnames:test_create_server_with_fqdn_name): 200 GET http://10.180.1.21/compute/v2.1/servers/e9d97b08-70f3-4262-b355-92304d30bd2e 1.526s
2025-11-23 03:00:54.217 67560 INFO tempest.lib.common.rest_client [req-1bc73956-ee6e-4220-8b53-5b5a37f874c0 req-1bc73956-ee6e-4220-8b53-5b5a37f874c0 ] Request (ServersTestJSON:tearDownClass): 202 DELETE http://10.180.1.21/compute/v2.1/os-keypairs/tempest-keypair-1977931396 1.440s
2025-11-23 03:00:54.319 67538 INFO tempest.lib.common.rest_client [req-249c1178-2d28-42b2-8faf-761a279dbf54 req-249c1178-2d28-42b2-8faf-761a279dbf54 ] Request (SecurityGroupsTestJSON:test_security_groups_create_list_delete): 202 DELETE http://10.180.1.21/compute/v2.1/os-security-groups/c5ad1509-823d-45ba-a6e0-e989bd6bcda2 1.550s
2025-11-23 03:00:54.330 67560 INFO tempest.lib.common.rest_client [req-3574f2df-68e0-47d4-8cdb-70f188168e6b req-3574f2df-68e0-47d4-8cdb-70f188168e6b ] Request (ServersTestJSON:tearDownClass): 204 DELETE http://10.180.1.21/networking/v2.0/security-groups/fbcc018e-4c0d-495a-87e9-ee9792c3c0e0 0.112s
2025-11-23 03:00:54.345 67560 INFO tempest.lib.common.rest_client [req-c019e1d6-c074-46cd-860f-fe92315f4e76 req-c019e1d6-c074-46cd-860f-fe92315f4e76 ] Request (ServersTestJSON:tearDownClass): 404 GET http://10.180.1.21/networking/v2.0/security-groups/fbcc018e-4c0d-495a-87e9-ee9792c3c0e0 0.014s
2025-11-23 03:00:54.355 67554 INFO tempest.lib.common.rest_client [req-5c95eb90-63a5-4008-9aba-70cde72b39e8 req-5c95eb90-63a5-4008-9aba-70cde72b39e8 ] Request (HypervisorAdminTestJSON:test_get_hypervisor_show_details): 200 GET http://10.180.1.21/compute/v2.1/os-hypervisors 1.486s
2025-11-23 03:00:54.356 67558 INFO tempest.lib.common.rest_client [req-aedaf91b-cd99-4e95-aa9a-7aa5243f9684 req-aedaf91b-cd99-4e95-aa9a-7aa5243f9684 ] Request (ServersListShow296Test:test_list_show_update_rebuild_server_296): 200 GET http://10.180.1.21/compute/v2.1/servers/9c7df655-c49f-45c0-8c67-73d9259ddeaa 1.522s
2025-11-23 03:00:54.465 67586 INFO tempest.lib.common.rest_client [req-16a1d2d5-3e11-44c0-864f-88f6aeac8fe0 req-16a1d2d5-3e11-44c0-864f-88f6aeac8fe0 ] Request (ServerDiskConfigTestJSON:test_rebuild_server_with_auto_disk_config): 200 GET http://10.180.1.21/compute/v2.1/servers/14def95e-06d1-40b4-835c-30b652a86671 1.432s
2025-11-23 03:00:54.474 67546 INFO tempest.lib.common.rest_client [req-3be61c46-19ab-43ee-a236-683b0995b72e req-3be61c46-19ab-43ee-a236-683b0995b72e ] Request (ListServerFiltersTestJSON:test_list_servers_filter_by_zero_limit): 200 GET http://10.180.1.21/compute/v2.1/servers?limit=0 1.155s
2025-11-23 03:00:54.572 67556 INFO tempest.lib.common.rest_client [req-9b02150d-d935-4d9a-95b3-d51a4b070b25 req-9b02150d-d935-4d9a-95b3-d51a4b070b25 ] Request (ImagesTestJSON:_run_cleanups): 204 DELETE http://10.180.1.21/compute/v2.1/servers/2452efe7-149f-4201-b81d-4584bb03ccc2 1.115s
2025-11-23 03:00:54.588 67566 INFO tempest.lib.common.rest_client [req-281d13f2-3b09-4c9c-ab63-bbd73714c292 req-281d13f2-3b09-4c9c-ab63-bbd73714c292 ] Request (FlavorsV2TestJSON:test_list_flavors_using_marker): 200 GET http://10.180.1.21/compute/v2.1/flavors/42 1.112s
2025-11-23 03:00:54.612 67572 INFO tempest.lib.common.rest_client [req-e45bb575-37bb-4a23-aa6d-8815b03e0f3e req-e45bb575-37bb-4a23-aa6d-8815b03e0f3e ] Request (FlavorsAdminTestJSON:test_list_non_public_flavor): 200 GET http://10.180.1.21/compute/v2.1/flavors/detail 1.110s
2025-11-23 03:00:54.667 67560 INFO tempest.lib.common.rest_client [req-f5747816-4957-4a24-afe9-b791beb05b0f req-f5747816-4957-4a24-afe9-b791beb05b0f ] Request (ServersTestJSON:tearDownClass): 204 DELETE http://10.180.1.21/networking/v2.0/floatingips/d629efd3-2ff1-4c85-a6a1-6fc37d67e0ec 0.322s
2025-11-23 03:00:54.675 67556 INFO tempest.lib.common.rest_client [req-f3498e5a-fc61-4352-b753-5f7afaa492cf req-f3498e5a-fc61-4352-b753-5f7afaa492cf ] Request (ImagesTestJSON:test_create_image_from_suspended_server): 201 POST http://10.180.1.21/identity/v3/auth/tokens 0.096s
2025-11-23 03:00:54.676 67556 INFO tempest.lib.common.fixed_network [-] (ImagesTestJSON:test_create_image_from_suspended_server) Found network {'id': '68d682d3-c26e-483b-96bf-81383592fcfc', 'name': 'tempest-ImagesTestJSON-699437072-network', 'tenant_id': '6c2cd6546bfc46338e0a932cd06d2a38', 'project_id': '6c2cd6546bfc46338e0a932cd06d2a38', 'admin_state_up': True, 'mtu': 8950, 'status': 'ACTIVE', 'subnets': [], 'shared': False, 'port_security_enabled': True, 'router:external': False, 'provider:network_type': 'vlan', 'provider:physical_network': 'default', 'provider:segmentation_id': 391, 'availability_zone_hints': [], 'availability_zones': [], 'ipv4_address_scope': None, 'ipv6_address_scope': None, 'description': '', 'tags': [], 'created_at': '2025-11-23T02:59:37Z', 'updated_at': '2025-11-23T02:59:37Z', 'revision_number': 1} available for tenant
2025-11-23 03:00:54.727 67532 INFO tempest.lib.common.rest_client [req-e08bd1a8-34c0-46cf-bd1c-789a2d53aefa req-e08bd1a8-34c0-46cf-bd1c-789a2d53aefa ] Request (ServersAdminTestJSON:test_list_servers_by_admin_with_all_tenants): 200 GET http://10.180.1.21/compute/v2.1/servers/detail?all_tenants= 1.709s
2025-11-23 03:00:54.761 67532 WARNING tempest.lib.common.rest_client [-] Deprecated: "tenant_id" property is deprecated for removal, use "project_id" instead
2025-11-23 03:00:54.770 67576 INFO tempest.lib.common.rest_client [req-d44424a2-6f51-4bf1-bd69-44a736689bea req-d44424a2-6f51-4bf1-bd69-44a736689bea ] Request (ServerRescueTestJSONUnderV235:setUpClass): 200 GET http://10.180.1.21/compute/v2.1/servers/c826d66f-3ddc-4cf7-9474-5050ea12536b 1.259s
2025-11-23 03:00:54.781 67576 INFO tempest.common.waiters [-] State transition "BUILD/spawning" ==> "ACTIVE/None" after 25 second wait
2025-11-23 03:00:54.808 67536 INFO tempest.lib.common.rest_client [req-1205532f-d0a7-4a43-abc7-7283af66467a req-1205532f-d0a7-4a43-abc7-7283af66467a ] Request (ServersAdmin275Test:tearDownClass): 200 GET http://10.180.1.21/compute/v2.1/servers/4bdc54a9-708e-4c12-ad7d-37c577c7bad1 1.178s
2025-11-23 03:00:54.827 67584 INFO tempest.lib.common.rest_client [req-e693e93a-ab34-4a62-8b91-a701692ea45a req-e693e93a-ab34-4a62-8b91-a701692ea45a ] Request (ServerAddressesTestJSON:setUpClass): 200 GET http://10.180.1.21/compute/v2.1/servers/3ebeaeb4-baa4-4d69-b3bc-c50c18dd48e1 1.187s
2025-11-23 03:00:54.932 67588 INFO tempest.lib.common.rest_client [req-89ca205a-c8e6-4d43-8b5d-59f190973302 req-89ca205a-c8e6-4d43-8b5d-59f190973302 ] Request (ServersListShow298Test:test_list_show_update_rebuild_server_298): 200 GET http://10.180.1.21/compute/v2.1/servers/461c11cd-056f-40cb-bdd5-e21d0079531e 1.076s
2025-11-23 03:00:54.956 67564 INFO tempest.lib.common.rest_client [req-55c4b28c-ffda-4a06-a314-a98329c0c964 req-55c4b28c-ffda-4a06-a314-a98329c0c964 ] Request (AttachInterfacesV270Test:tearDownClass): 404 GET http://10.180.1.21/compute/v2.1/servers/ff63c053-aa96-469e-91ef-6a841f89f265 0.985s
2025-11-23 03:00:55.075 67528 INFO tempest.lib.common.rest_client [req-47eeaaad-689d-4678-ba6e-9a2c7260299b req-47eeaaad-689d-4678-ba6e-9a2c7260299b ] Request (ImagesMetadataTestJSON:test_update_image_metadata): 200 POST http://10.180.1.21/compute/v2.1/images/bd20d693-8127-48a7-994a-9882bd194672/metadata 1.414s
2025-11-23 03:00:55.556 67560 INFO tempest.lib.common.rest_client [req-643996aa-d645-434a-bbba-cd5277b62120 req-643996aa-d645-434a-bbba-cd5277b62120 ] Request (ServersTestJSON:tearDownClass): 200 PUT http://10.180.1.21/networking/v2.0/routers/f4522654-9636-4a41-a77b-929d08bf0947/remove_router_interface 0.888s
2025-11-23 03:00:55.582 67534 INFO tempest.lib.common.rest_client [req-11b5b576-a868-4d24-a0d7-5382b360f066 req-11b5b576-a868-4d24-a0d7-5382b360f066 ] Request (InstanceActionsNegativeTestJSON:setUpClass): 200 GET http://10.180.1.21/compute/v2.1/servers/f3e1809d-a0b8-4d4a-84dc-66f1097ba937 1.526s
2025-11-23 03:00:55.835 67564 INFO tempest.lib.common.rest_client [req-4775d2c6-f8eb-4280-b6a1-1b5de2979069 req-4775d2c6-f8eb-4280-b6a1-1b5de2979069 ] Request (AttachInterfacesV270Test:tearDownClass): 200 PUT http://10.180.1.21/networking/v2.0/routers/1735bbdd-aaa2-4054-bb4f-f5bea4cacf72/remove_router_interface 0.878s
2025-11-23 03:00:55.864 67540 INFO tempest.lib.common.rest_client [req-68eba341-b6ed-4788-a2b9-b4be07c561d2 req-68eba341-b6ed-4788-a2b9-b4be07c561d2 ] Request (ServersTestBootFromVolume:setUpClass): 200 GET http://10.180.1.21/compute/v2.1/servers/6f3a03e2-f3da-4726-b0fb-1d7cb71fd71d 1.594s
2025-11-23 03:00:55.900 67544 INFO tempest.lib.common.rest_client [req-096f9910-1120-42f4-80ff-4b54fd24c0af req-096f9910-1120-42f4-80ff-4b54fd24c0af ] Request (MigrationsAdminTest:test_list_migrations_in_flavor_resize_situation): 200 GET http://10.180.1.21/compute/v2.1/servers/918f09f8-43a7-420c-9c88-d4ac8a4d0132 1.743s
2025-11-23 03:00:55.934 67554 INFO tempest.lib.common.rest_client [req-59ce85f7-40de-4630-9cca-d88dfeaacae9 req-59ce85f7-40de-4630-9cca-d88dfeaacae9 ] Request (HypervisorAdminTestJSON:test_get_hypervisor_show_details): 200 GET http://10.180.1.21/compute/v2.1/os-hypervisors/1 1.578s
2025-11-23 03:00:56.163 67560 INFO tempest.lib.common.rest_client [req-e6737c77-1fb2-4faa-acee-1e5c9ccb487a req-e6737c77-1fb2-4faa-acee-1e5c9ccb487a ] Request (ServersTestJSON:tearDownClass): 204 DELETE http://10.180.1.21/networking/v2.0/routers/f4522654-9636-4a41-a77b-929d08bf0947 0.606s
2025-11-23 03:00:56.174 67538 INFO tempest.lib.common.rest_client [req-83cae26c-0dca-45e0-b2a4-01baa1a1dfc3 req-83cae26c-0dca-45e0-b2a4-01baa1a1dfc3 ] Request (SecurityGroupsTestJSON:test_security_groups_create_list_delete): 404 GET http://10.180.1.21/compute/v2.1/os-security-groups/c5ad1509-823d-45ba-a6e0-e989bd6bcda2 1.854s
2025-11-23 03:00:56.283 67564 INFO tempest.lib.common.rest_client [req-51c829a6-00eb-421e-ba8b-14e82e9091ba req-51c829a6-00eb-421e-ba8b-14e82e9091ba ] Request (AttachInterfacesV270Test:tearDownClass): 204 DELETE http://10.180.1.21/networking/v2.0/routers/1735bbdd-aaa2-4054-bb4f-f5bea4cacf72 0.447s
2025-11-23 03:00:56.332 67560 INFO tempest.lib.common.rest_client [req-b7458f6e-d4b6-470b-bd64-5a4ba1faae02 req-b7458f6e-d4b6-470b-bd64-5a4ba1faae02 ] Request (ServersTestJSON:tearDownClass): 204 DELETE http://10.180.1.21/networking/v2.0/subnets/f621b131-2eb8-4dc0-8771-6352433c5d7f 0.168s
2025-11-23 03:00:56.391 67590 INFO tempest.lib.common.rest_client [req-27006443-00ac-4e48-ab86-f9bd526de3f8 req-27006443-00ac-4e48-ab86-f9bd526de3f8 ] Request (ImagesOneServerNegativeTestJSON:_run_cleanups): 200 GET http://10.180.1.21/compute/v2.1/servers/42664e21-b0e8-41d4-a979-76334d702e27 1.984s
2025-11-23 03:00:56.431 67566 INFO tempest.lib.common.rest_client [req-22455fe7-51e9-403a-a88f-ffb4d2b8ec8d req-22455fe7-51e9-403a-a88f-ffb4d2b8ec8d ] Request (FlavorsV2TestJSON:test_list_flavors_using_marker): 200 GET http://10.180.1.21/compute/v2.1/flavors?marker=42 1.841s
2025-11-23 03:00:56.449 67572 INFO tempest.lib.common.rest_client [req-ccca8d80-daef-4620-a6a8-16863f4f00b8 req-ccca8d80-daef-4620-a6a8-16863f4f00b8 ] Request (FlavorsAdminTestJSON:_run_cleanups): 202 DELETE http://10.180.1.21/compute/v2.1/flavors/1982469843 1.832s
2025-11-23 03:00:56.504 67564 INFO tempest.lib.common.rest_client [req-ac3b2ede-e675-457f-84fb-7066f7a99a38 req-ac3b2ede-e675-457f-84fb-7066f7a99a38 ] Request (AttachInterfacesV270Test:tearDownClass): 204 DELETE http://10.180.1.21/networking/v2.0/subnets/b1c73991-5e92-48f6-a970-17695af86b12 0.221s
2025-11-23 03:00:56.665 67560 INFO tempest.lib.common.rest_client [req-44daf5cd-a1b7-413a-bac9-e8ff7c649249 req-44daf5cd-a1b7-413a-bac9-e8ff7c649249 ] Request (ServersTestJSON:tearDownClass): 204 DELETE http://10.180.1.21/networking/v2.0/networks/c571e2a3-629c-410e-8723-a5fe64e523fe 0.332s
2025-11-23 03:00:56.706 67546 INFO tempest.lib.common.rest_client [req-50ec0754-8f26-4266-98aa-5c6c39a7fb7d req-50ec0754-8f26-4266-98aa-5c6c39a7fb7d ] Request (ListServerFiltersTestJSON:test_list_servers_filtered_by_ip): 200 GET http://10.180.1.21/compute/v2.1/servers/26a6ff68-af2e-4a42-9895-2d979b036d8b 2.228s
2025-11-23 03:00:56.840 67560 INFO tempest.lib.common.rest_client [req-bc735242-b849-478e-9e80-1384a5e5d030 req-bc735242-b849-478e-9e80-1384a5e5d030 ] Request (ServersTestJSON:tearDownClass): 204 DELETE http://10.180.1.21/identity/v3/users/567b0d3bc8044d33b5fd977a39c70b0a 0.175s
2025-11-23 03:00:56.840 67560 INFO tempest.lib.common.dynamic_creds [-] Deleting project and security group for project: f9e1eb7d064a4bed9bc98c9df8794f17
2025-11-23 03:00:56.877 67550 INFO tempest.lib.common.rest_client [req-5052a59f-590c-4888-a4b5-2ea4237b277b req-5052a59f-590c-4888-a4b5-2ea4237b277b ] Request (FloatingIPsAssociationNegativeTestJSON:tearDownClass): 200 GET http://10.180.1.21/compute/v2.1/servers/85b17c33-c3ba-49aa-864b-494e85813c3f 2.118s
2025-11-23 03:00:56.904 67560 INFO tempest.lib.common.rest_client [req-3a58f7b0-00cf-4eb8-945a-07ce146b1d82 req-3a58f7b0-00cf-4eb8-945a-07ce146b1d82 ] Request (ServersTestJSON:tearDownClass): 200 GET http://10.180.1.21/networking/v2.0/security-groups?tenant_id=f9e1eb7d064a4bed9bc98c9df8794f17&name=default 0.063s
2025-11-23 03:00:56.923 67532 INFO tempest.lib.common.rest_client [req-78453425-f458-4fbc-9b64-79b597fbdb55 req-78453425-f458-4fbc-9b64-79b597fbdb55 ] Request (ServersAdminTestJSON:test_list_servers_by_admin_with_specified_tenant): 200 GET http://10.180.1.21/compute/v2.1/servers/detail?tenant_id=a7d4a73dcc7946b8a953671b1d8870cb 2.162s
2025-11-23 03:00:56.945 67564 INFO tempest.lib.common.rest_client [req-bf6aa927-3c74-4e75-bccf-e4234c000f20 req-bf6aa927-3c74-4e75-bccf-e4234c000f20 ] Request (AttachInterfacesV270Test:tearDownClass): 204 DELETE http://10.180.1.21/networking/v2.0/networks/3f51ce99-0e66-4a7f-89ce-52772b136c32 0.440s
2025-11-23 03:00:57.056 67576 INFO tempest.lib.common.rest_client [req-d9d85bdd-1ea2-4b00-b849-bc587ba5b2d1 req-d9d85bdd-1ea2-4b00-b849-bc587ba5b2d1 ] Request (ServerRescueTestJSONUnderV235:setUpClass): 200 POST http://10.180.1.21/compute/v2.1/servers/c826d66f-3ddc-4cf7-9474-5050ea12536b/action 2.275s
2025-11-23 03:00:57.076 67560 INFO tempest.lib.common.rest_client [req-0b466514-9b38-48ba-b16d-9b021374dd5c req-0b466514-9b38-48ba-b16d-9b021374dd5c ] Request (ServersTestJSON:tearDownClass): 204 DELETE http://10.180.1.21/networking/v2.0/security-groups/9cfb6beb-3902-4aec-9439-50de9b2c9a8d 0.171s
2025-11-23 03:00:57.105 67564 INFO tempest.lib.common.rest_client [req-7276ccb7-27af-43fc-bdca-80a767fd1df5 req-7276ccb7-27af-43fc-bdca-80a767fd1df5 ] Request (AttachInterfacesV270Test:tearDownClass): 204 DELETE http://10.180.1.21/identity/v3/users/d2c6324370844eecad1570674497cd80 0.159s
2025-11-23 03:00:57.105 67564 INFO tempest.lib.common.dynamic_creds [-] Deleting project and security group for project: 717d430d1acb470c8f104403ba6b3990
2025-11-23 03:00:57.148 67564 INFO tempest.lib.common.rest_client [req-d4c9e358-4dae-4ec6-98fe-120e3bd8d29f req-d4c9e358-4dae-4ec6-98fe-120e3bd8d29f ] Request (AttachInterfacesV270Test:tearDownClass): 200 GET http://10.180.1.21/networking/v2.0/security-groups?tenant_id=717d430d1acb470c8f104403ba6b3990&name=default 0.042s
2025-11-23 03:00:57.165 67542 INFO tempest.lib.common.rest_client [req-051d2b78-ee0f-4dc9-ad7e-60175d3fc605 req-051d2b78-ee0f-4dc9-ad7e-60175d3fc605 ] Request (ImagesOneServerTestJSON:tearDownClass): 200 GET http://10.180.1.21/compute/v2.1/servers/f48ba97b-d3fa-4d1d-95d2-3bee4da71085 2.320s
2025-11-23 03:00:57.213 67556 INFO tempest.lib.common.rest_client [req-4096f9f8-aeb0-4e47-be79-5de05b13ac93 req-4096f9f8-aeb0-4e47-be79-5de05b13ac93 ] Request (ImagesTestJSON:test_create_image_from_suspended_server): 202 POST http://10.180.1.21/compute/v2.1/servers 2.536s
2025-11-23 03:00:57.220 67560 INFO tempest.lib.common.rest_client [req-8c262d71-bcb1-4fa7-b139-b9824f4c7b8c req-8c262d71-bcb1-4fa7-b139-b9824f4c7b8c ] Request (ServersTestJSON:tearDownClass): 204 DELETE http://10.180.1.21/identity/v3/projects/f9e1eb7d064a4bed9bc98c9df8794f17 0.144s
2025-11-23 03:00:57.264 67564 INFO tempest.lib.common.rest_client [req-f2bcd209-44de-4c75-94a0-e6aff9dbcafe req-f2bcd209-44de-4c75-94a0-e6aff9dbcafe ] Request (AttachInterfacesV270Test:tearDownClass): 204 DELETE http://10.180.1.21/networking/v2.0/security-groups/fefbb5d3-3345-4143-8887-a3a43d94e9d2 0.115s
2025-11-23 03:00:57.292 67552 INFO tempest.lib.common.rest_client [req-842a0208-1894-4475-9f6e-101f0c3031bf req-842a0208-1894-4475-9f6e-101f0c3031bf ] Request (FloatingIPsAssociationTestJSON:setUpClass): 200 GET http://10.180.1.21/compute/v2.1/servers/e0b14d17-bf4f-4472-8181-252956b96722 2.380s
2025-11-23 03:00:57.293 67530 INFO tempest.lib.common.rest_client [req-3464055b-0574-4dc8-b6fd-5ca42e92a526 req-3464055b-0574-4dc8-b6fd-5ca42e92a526 ] Request (ServersTestMultiNic:_run_cleanups): 200 GET http://10.180.1.21/compute/v2.1/servers/506c7c7d-eea8-4c01-bcee-208cd89805c2 2.298s
2025-11-23 03:00:57.305 67552 INFO tempest.common.waiters [-] State transition "BUILD/scheduling" ==> "BUILD/None" after 4 second wait
2025-11-23 03:00:57.316 67560 INFO tempest.lib.common.rest_client [req-b37b7104-4837-4dd1-a496-f59dd737f46c req-b37b7104-4837-4dd1-a496-f59dd737f46c ] Request (ServersListShow2100Test:setUpClass): 201 POST http://10.180.1.21/identity/v3/auth/tokens 0.094s
2025-11-23 03:00:57.324 67580 WARNING tempest.lib.common.ssh [-] Failed to establish authenticated ssh connection to cirros@10.180.180.172 ([Errno None] Unable to connect to port 22 on 10.180.180.172). Number attempts: 4. Retry after 5 seconds.: paramiko.ssh_exception.NoValidConnectionsError: [Errno None] Unable to connect to port 22 on 10.180.180.172
2025-11-23 03:00:57.343 67528 INFO tempest.lib.common.rest_client [req-7d53b472-6dde-4bc0-95a9-d219f68994cb req-7d53b472-6dde-4bc0-95a9-d219f68994cb ] Request (ImagesMetadataTestJSON:test_update_image_metadata): 200 GET http://10.180.1.21/compute/v2.1/images/bd20d693-8127-48a7-994a-9882bd194672/metadata 2.267s
2025-11-23 03:00:57.350 67560 INFO tempest.lib.common.rest_client [req-1dcdc1c2-b940-4601-bc98-3a49ca4d32f6 req-1dcdc1c2-b940-4601-bc98-3a49ca4d32f6 ] Request (ServersListShow2100Test:setUpClass): 201 POST http://10.180.1.21/identity/v3/auth/tokens 0.030s
2025-11-23 03:00:57.380 67560 INFO tempest.lib.common.rest_client [req-62c03620-0d73-4ea7-b8ae-b5a78e506bc8 req-62c03620-0d73-4ea7-b8ae-b5a78e506bc8 ] Request (ServersListShow2100Test:setUpClass): 200 GET http://10.180.1.21/identity/v3/domains?name=Default 0.029s
2025-11-23 03:00:57.401 67564 INFO tempest.lib.common.rest_client [req-f156e782-e42f-45b6-8dd2-989adeff5bc6 req-f156e782-e42f-45b6-8dd2-989adeff5bc6 ] Request (AttachInterfacesV270Test:tearDownClass): 204 DELETE http://10.180.1.21/identity/v3/projects/717d430d1acb470c8f104403ba6b3990 0.135s
2025-11-23 03:00:57.416 67558 INFO tempest.lib.common.rest_client [req-6af357e9-fb23-4345-a43c-f56c724f0367 req-6af357e9-fb23-4345-a43c-f56c724f0367 ] Request (ServersListShow296Test:test_list_show_update_rebuild_server_296): 200 GET http://10.180.1.21/compute/v2.1/servers/9c7df655-c49f-45c0-8c67-73d9259ddeaa 2.041s
2025-11-23 03:00:57.429 67528 INFO tempest.lib.common.rest_client [req-ffd7840a-1508-4448-973d-2a32318458c3 req-ffd7840a-1508-4448-973d-2a32318458c3 ] Request (ImagesMetadataTestJSON:tearDownClass): 204 DELETE http://10.180.1.21/image/v2/images/bd20d693-8127-48a7-994a-9882bd194672 0.083s
2025-11-23 03:00:57.443 67564 INFO tempest.lib.common.rest_client [req-6bfaacae-1631-4b2f-a66c-e86960c7dbd3 req-6bfaacae-1631-4b2f-a66c-e86960c7dbd3 ] Request (DeleteServersTestJSON:setUpClass): 201 POST http://10.180.1.21/identity/v3/auth/tokens 0.037s
2025-11-23 03:00:57.462 67574 INFO tempest.lib.common.rest_client [req-0e05fb15-b6f0-4f38-a2bc-5f52cd7888f6 req-0e05fb15-b6f0-4f38-a2bc-5f52cd7888f6 ] Request (ServersTestFqdnHostnames:test_create_server_with_fqdn_name): 200 GET http://10.180.1.21/compute/v2.1/servers/e9d97b08-70f3-4262-b355-92304d30bd2e 2.259s
2025-11-23 03:00:57.463 67560 INFO tempest.lib.common.rest_client [req-a6a86362-0fc8-4a5e-a42a-fc220f17af64 req-a6a86362-0fc8-4a5e-a42a-fc220f17af64 ] Request (ServersListShow2100Test:setUpClass): 201 POST http://10.180.1.21/identity/v3/projects 0.082s
2025-11-23 03:00:57.492 67536 INFO tempest.lib.common.rest_client [req-3b208b5b-eaef-432d-b423-c48f81dc299a req-3b208b5b-eaef-432d-b423-c48f81dc299a ] Request (ServersAdmin275Test:tearDownClass): 404 GET http://10.180.1.21/compute/v2.1/servers/4bdc54a9-708e-4c12-ad7d-37c577c7bad1 1.668s
2025-11-23 03:00:57.531 67564 INFO tempest.lib.common.rest_client [req-d0139ae4-59ff-4a71-ac01-7e9918835251 req-d0139ae4-59ff-4a71-ac01-7e9918835251 ] Request (DeleteServersTestJSON:setUpClass): 201 POST http://10.180.1.21/identity/v3/auth/tokens 0.080s
2025-11-23 03:00:57.554 67528 INFO tempest.lib.common.rest_client [req-d37bff63-cc9e-4a24-ad70-169aa3afd150 req-d37bff63-cc9e-4a24-ad70-169aa3afd150 ] Request (ImagesMetadataTestJSON:tearDownClass): 204 DELETE http://10.180.1.21/identity/v3/users/de4bd5a3f7c647b1a296af280a0c6bdd 0.124s
2025-11-23 03:00:57.554 67528 INFO tempest.lib.common.dynamic_creds [-] Deleting project and security group for project: 70f544f78fa94241bf469ca7e9e024df
2025-11-23 03:00:57.579 67584 INFO tempest.lib.common.rest_client [req-5c2a5ccd-7d20-4dac-bfb7-6552a09bd5c2 req-5c2a5ccd-7d20-4dac-bfb7-6552a09bd5c2 ] Request (ServerAddressesTestJSON:setUpClass): 200 GET http://10.180.1.21/compute/v2.1/servers/3ebeaeb4-baa4-4d69-b3bc-c50c18dd48e1 1.734s
2025-11-23 03:00:57.603 67586 INFO tempest.lib.common.rest_client [req-0da33124-cf9e-4ab4-8778-b3c9cc60e313 req-0da33124-cf9e-4ab4-8778-b3c9cc60e313 ] Request (ServerDiskConfigTestJSON:test_rebuild_server_with_auto_disk_config): 200 GET http://10.180.1.21/compute/v2.1/servers/14def95e-06d1-40b4-835c-30b652a86671 2.127s
2025-11-23 03:00:57.607 67554 INFO tempest.lib.common.rest_client [req-96c974a2-9cd8-429a-babc-0ed5d1102142 req-96c974a2-9cd8-429a-babc-0ed5d1102142 ] Request (HypervisorAdminTestJSON:test_get_hypervisor_stats): 200 GET http://10.180.1.21/compute/v2.1/os-hypervisors/statistics 1.668s
2025-11-23 03:00:57.615 67586 INFO tempest.common.waiters [-] State transition "REBUILD/rebuild_spawning" ==> "ACTIVE/None" after 13 second wait
2025-11-23 03:00:57.652 67560 INFO tempest.lib.common.rest_client [req-31aa5813-bbb1-432e-97f0-7b03a521e152 req-31aa5813-bbb1-432e-97f0-7b03a521e152 ] Request (ServersListShow2100Test:setUpClass): 201 POST http://10.180.1.21/identity/v3/users 0.188s
2025-11-23 03:00:57.683 67564 INFO tempest.lib.common.rest_client [req-7126b4f6-0ca4-40c9-8a8d-bab1f5938f1c req-7126b4f6-0ca4-40c9-8a8d-bab1f5938f1c ] Request (DeleteServersTestJSON:setUpClass): 200 GET http://10.180.1.21/identity/v3/domains?name=Default 0.152s
2025-11-23 03:00:57.692 67570 WARNING tempest.lib.common.ssh [-] Failed to establish authenticated ssh connection to cirros@10.180.180.184 ([Errno None] Unable to connect to port 22 on 10.180.180.184). Number attempts: 10. Retry after 11 seconds.: paramiko.ssh_exception.NoValidConnectionsError: [Errno None] Unable to connect to port 22 on 10.180.180.184
2025-11-23 03:00:57.705 67536 INFO tempest.lib.common.rest_client [req-642311ac-3582-4bf6-b4ec-bd12faee330b req-642311ac-3582-4bf6-b4ec-bd12faee330b ] Request (ServersAdmin275Test:tearDownClass): 204 DELETE http://10.180.1.21/identity/v3/users/51151bb3fe304cf2ad0949e31cd4c473 0.212s
2025-11-23 03:00:57.744 67528 INFO tempest.lib.common.rest_client [req-90bafabb-13bf-4ba2-ba7a-21febc03d0b2 req-90bafabb-13bf-4ba2-ba7a-21febc03d0b2 ] Request (ImagesMetadataTestJSON:tearDownClass): 201 POST http://10.180.1.21/identity/v3/auth/tokens 0.189s
2025-11-23 03:00:57.749 67538 INFO tempest.lib.common.rest_client [req-22bd8942-4f64-43b6-8689-0dcb939140ba req-22bd8942-4f64-43b6-8689-0dcb939140ba ] Request (SecurityGroupsTestJSON:test_security_groups_create_list_delete): 202 DELETE http://10.180.1.21/compute/v2.1/os-security-groups/b80a17bf-0735-4305-8baf-0ab6109995ab 1.574s
2025-11-23 03:00:57.755 67588 INFO tempest.lib.common.rest_client [req-c8f29638-b152-49d6-a3ba-6acbfc9e824e req-c8f29638-b152-49d6-a3ba-6acbfc9e824e ] Request (ServersListShow298Test:test_list_show_update_rebuild_server_298): 200 GET http://10.180.1.21/compute/v2.1/servers/461c11cd-056f-40cb-bdd5-e21d0079531e 1.809s
2025-11-23 03:00:57.769 67588 INFO tempest.common.waiters [-] State transition "BUILD/spawning" ==> "ACTIVE/None" after 24 second wait
2025-11-23 03:00:57.771 67566 INFO tempest.lib.common.rest_client [req-36e3c368-1445-4aee-8191-e06b56d600b3 req-36e3c368-1445-4aee-8191-e06b56d600b3 ] Request (FlavorsV2TestJSON:test_list_flavors_with_detail): 200 GET http://10.180.1.21/compute/v2.1/flavors/detail 1.335s
2025-11-23 03:00:57.782 67560 INFO tempest.lib.common.rest_client [req-a66af69e-d0c0-44d1-b298-cfce8f1d4317 req-a66af69e-d0c0-44d1-b298-cfce8f1d4317 ] Request (ServersListShow2100Test:setUpClass): 200 GET http://10.180.1.21/identity/v3/roles 0.130s
2025-11-23 03:00:57.787 67572 INFO tempest.lib.common.rest_client [req-6849b68d-7c27-4445-89c6-c38d7c62912c req-6849b68d-7c27-4445-89c6-c38d7c62912c ] Request (FlavorsAdminTestJSON:_run_cleanups): 200 GET http://10.180.1.21/compute/v2.1/flavors/detail 1.338s
2025-11-23 03:00:57.818 67564 INFO tempest.lib.common.rest_client [req-6c9a6060-61b8-4808-b0a2-4853b42fb701 req-6c9a6060-61b8-4808-b0a2-4853b42fb701 ] Request (DeleteServersTestJSON:setUpClass): 201 POST http://10.180.1.21/identity/v3/projects 0.135s
2025-11-23 03:00:57.824 67554 INFO tempest.lib.common.rest_client [req-543e13e0-d8a4-45d6-901d-381ee751e4a8 req-543e13e0-d8a4-45d6-901d-381ee751e4a8 ] Request (HypervisorAdminTestJSON:tearDownClass): 204 DELETE http://10.180.1.21/identity/v3/users/cc756e9fa9f54695b36f6a53b2e86fcd 0.210s
2025-11-23 03:00:57.827 67568 WARNING tempest.lib.common.ssh [-] Failed to establish authenticated ssh connection to cirros@10.180.180.217 ([Errno None] Unable to connect to port 22 on 10.180.180.217). Number attempts: 1. Retry after 2 seconds.: paramiko.ssh_exception.NoValidConnectionsError: [Errno None] Unable to connect to port 22 on 10.180.180.217
2025-11-23 03:00:57.850 67534 INFO tempest.lib.common.rest_client [req-16921fa0-bf14-469a-aa4e-662296120b60 req-16921fa0-bf14-469a-aa4e-662296120b60 ] Request (InstanceActionsNegativeTestJSON:setUpClass): 200 GET http://10.180.1.21/compute/v2.1/servers/f3e1809d-a0b8-4d4a-84dc-66f1097ba937 1.255s
2025-11-23 03:00:57.863 67534 INFO tempest.common.waiters [-] State transition "BUILD/scheduling" ==> "BUILD/None" after 2 second wait
2025-11-23 03:00:57.933 67546 INFO tempest.lib.common.rest_client [req-da9136aa-93c1-40cc-b8f3-1b8efe3f86ce req-da9136aa-93c1-40cc-b8f3-1b8efe3f86ce ] Request (ListServerFiltersTestJSON:test_list_servers_filtered_by_ip): 200 GET http://10.180.1.21/compute/v2.1/servers/6afc2f7e-7f27-4e1c-a5c0-de696b9e7408 1.214s
2025-11-23 03:00:57.949 67540 INFO tempest.lib.common.rest_client [req-e98e584a-48c9-440c-9873-09436b313513 req-e98e584a-48c9-440c-9873-09436b313513 ] Request (ServersTestBootFromVolume:setUpClass): 200 GET http://10.180.1.21/compute/v2.1/servers/6f3a03e2-f3da-4726-b0fb-1d7cb71fd71d 1.077s
2025-11-23 03:00:57.977 67536 INFO tempest.lib.common.rest_client [req-a33a6244-f4b7-4abb-9b23-c61f8133f57a req-a33a6244-f4b7-4abb-9b23-c61f8133f57a ] Request (ServersAdmin275Test:tearDownClass): 204 DELETE http://10.180.1.21/identity/v3/users/0926b735a0c045b29d5651465b9f036e 0.271s
2025-11-23 03:00:57.977 67536 INFO tempest.lib.common.dynamic_creds [-] Deleting project and security group for project: 8bb0cfeb9e7e4ecf9996ef990b78ae74
2025-11-23 03:00:58.000 67560 INFO tempest.lib.common.rest_client [req-f575d3e8-9c26-47ea-b7ab-fab3767ef73a req-f575d3e8-9c26-47ea-b7ab-fab3767ef73a ] Request (ServersListShow2100Test:setUpClass): 204 PUT http://10.180.1.21/identity/v3/projects/2c508c307cfb4d78a209b238e159f008/users/2d1ab71ef10d4e84b746d6271719ba12/roles/d03dd706595947f5874adee4249b9305 0.217s
2025-11-23 03:00:58.000 67560 INFO tempest.lib.common.dynamic_creds [-] Dynamic test user 2d1ab71ef10d4e84b746d6271719ba12 is created with scope project and roles: ['member']
2025-11-23 03:00:58.001 67560 INFO tempest.lib.common.dynamic_creds [-] Acquired dynamic creds: credentials: Credentials: {'domain_id': 'default', 'domain_name': 'Default', 'username': 'tempest-ServersListShow2100Test-1436889553-project-member', 'project_domain_id': 'default', 'project_domain_name': 'Default', 'project_id': '2c508c307cfb4d78a209b238e159f008', 'project_name': 'tempest-ServersListShow2100Test-1436889553', 'tenant_id': '2c508c307cfb4d78a209b238e159f008', 'tenant_name': 'tempest-ServersListShow2100Test-1436889553', 'user_domain_id': 'default', 'user_domain_name': 'Default', 'user_id': '2d1ab71ef10d4e84b746d6271719ba12', 'system': None}, Network: None, Subnet: None, Router: None
2025-11-23 03:00:58.001 67560 INFO tempest.lib.common.dynamic_creds [-] Created isolated network resources for: credentials: Credentials: {'domain_id': 'default', 'domain_name': 'Default', 'username': 'tempest-ServersListShow2100Test-1436889553-project-member', 'project_domain_id': 'default', 'project_domain_name': 'Default', 'project_id': '2c508c307cfb4d78a209b238e159f008', 'project_name': 'tempest-ServersListShow2100Test-1436889553', 'tenant_id': '2c508c307cfb4d78a209b238e159f008', 'tenant_name': 'tempest-ServersListShow2100Test-1436889553', 'user_domain_id': 'default', 'user_domain_name': 'Default', 'user_id': '2d1ab71ef10d4e84b746d6271719ba12', 'system': None}, Network: None, Subnet: None, Router: None
2025-11-23 03:00:58.056 67528 INFO tempest.lib.common.rest_client [req-23c53c9b-96d2-4c03-a9e3-f6fbc4c97744 req-23c53c9b-96d2-4c03-a9e3-f6fbc4c97744 ] Request (ImagesMetadataTestJSON:tearDownClass): 200 GET http://10.180.1.21/networking/v2.0/security-groups?tenant_id=70f544f78fa94241bf469ca7e9e024df&name=default 0.312s
2025-11-23 03:00:58.104 67564 INFO tempest.lib.common.rest_client [req-c7906358-122b-4082-9073-2acd75e37cf9 req-c7906358-122b-4082-9073-2acd75e37cf9 ] Request (DeleteServersTestJSON:setUpClass): 201 POST http://10.180.1.21/identity/v3/users 0.285s
2025-11-23 03:00:58.141 67554 INFO tempest.lib.common.rest_client [req-6804b4c0-fb62-4975-8bde-a1e7e9ba0b95 req-6804b4c0-fb62-4975-8bde-a1e7e9ba0b95 ] Request (HypervisorAdminTestJSON:tearDownClass): 204 DELETE http://10.180.1.21/identity/v3/users/bc87c3d4742f4e1f9e27a9d1fdee3868 0.317s
2025-11-23 03:00:58.142 67554 INFO tempest.lib.common.dynamic_creds [-] Deleting project and security group for project: 4287888d5ec248b0bcc4f7db8930c552
2025-11-23 03:00:58.163 67544 INFO tempest.lib.common.rest_client [req-682056f4-ab88-4702-9447-5a1ee2b44f5f req-682056f4-ab88-4702-9447-5a1ee2b44f5f ] Request (MigrationsAdminTest:test_list_migrations_in_flavor_resize_situation): 200 GET http://10.180.1.21/compute/v2.1/servers/918f09f8-43a7-420c-9c88-d4ac8a4d0132 1.256s
2025-11-23 03:00:58.182 67536 INFO tempest.lib.common.rest_client [req-9e9d16eb-d16e-4541-a0b3-575067574ac9 req-9e9d16eb-d16e-4541-a0b3-575067574ac9 ] Request (ServersAdmin275Test:tearDownClass): 201 POST http://10.180.1.21/identity/v3/auth/tokens 0.205s
2025-11-23 03:00:58.212 67528 INFO tempest.lib.common.rest_client [req-073a9d0e-b3f5-4381-bd84-c6b077dde52e req-073a9d0e-b3f5-4381-bd84-c6b077dde52e ] Request (ImagesMetadataTestJSON:tearDownClass): 204 DELETE http://10.180.1.21/networking/v2.0/security-groups/23c370e4-da62-4643-8060-54ee1bcc1392 0.155s
2025-11-23 03:00:58.218 67532 INFO tempest.lib.common.rest_client [req-fd792ee0-4b37-4daa-a7a6-54c295536bc1 req-fd792ee0-4b37-4daa-a7a6-54c295536bc1 ] Request (ServersAdminTestJSON:test_list_servers_by_admin_with_specified_tenant): 200 GET http://10.180.1.21/compute/v2.1/servers/detail?all_tenants=&tenant_id=a7d4a73dcc7946b8a953671b1d8870cb 1.286s
2025-11-23 03:00:58.222 67560 INFO tempest.lib.common.rest_client [req-6575bf46-6156-4a7b-9780-92ec30d7d40f req-6575bf46-6156-4a7b-9780-92ec30d7d40f ] Request (ServersListShow2100Test:setUpClass): 201 POST http://10.180.1.21/identity/v3/auth/tokens 0.217s
2025-11-23 03:00:58.244 67564 INFO tempest.lib.common.rest_client [req-a22f6e7c-e216-4959-a336-8a99fca1a022 req-a22f6e7c-e216-4959-a336-8a99fca1a022 ] Request (DeleteServersTestJSON:setUpClass): 200 GET http://10.180.1.21/identity/v3/roles 0.139s
2025-11-23 03:00:58.253 67554 INFO tempest.lib.common.rest_client [req-807b7f3c-fb7d-468b-ab4f-30f657f97875 req-807b7f3c-fb7d-468b-ab4f-30f657f97875 ] Request (HypervisorAdminTestJSON:tearDownClass): 201 POST http://10.180.1.21/identity/v3/auth/tokens 0.111s
2025-11-23 03:00:58.276 67548 INFO paramiko.transport [-] Connected (version 2.0, client dropbear_2020.81)
2025-11-23 03:00:58.317 67528 INFO tempest.lib.common.rest_client [req-f7814376-5aad-4f17-a6b2-d3559f359ad0 req-f7814376-5aad-4f17-a6b2-d3559f359ad0 ] Request (ImagesMetadataTestJSON:tearDownClass): 204 DELETE http://10.180.1.21/identity/v3/projects/70f544f78fa94241bf469ca7e9e024df 0.105s
2025-11-23 03:00:58.339 67548 INFO paramiko.transport [-] Authentication (publickey) successful!
2025-11-23 03:00:58.339 67548 INFO tempest.lib.common.ssh [-] ssh connection to cirros@10.180.180.212 successfully created
2025-11-23 03:00:58.346 67548 INFO tempest.lib.common.ssh [-] Creating ssh connection to '10.180.180.212:22' as 'cirros' with public key authentication
2025-11-23 03:00:58.349 67556 INFO tempest.lib.common.rest_client [req-4c4f3fe7-7544-4df4-b87d-a378b20182be req-4c4f3fe7-7544-4df4-b87d-a378b20182be ] Request (ImagesTestJSON:test_create_image_from_suspended_server): 200 GET http://10.180.1.21/compute/v2.1/servers/f765b8d4-90c2-45b1-99c7-a6e89c7a71bd 1.135s
2025-11-23 03:00:58.352 67548 INFO paramiko.transport [-] Connected (version 2.0, client dropbear_2020.81)
2025-11-23 03:00:58.389 67560 INFO tempest.lib.common.rest_client [req-42156dd5-6b8c-4670-99c6-f15aba2864af req-42156dd5-6b8c-4670-99c6-f15aba2864af ] Request (ServersListShow2100Test:test_list_show_rebuild_update_server_2100): 201 POST http://10.180.1.21/identity/v3/auth/tokens 0.163s
2025-11-23 03:00:58.389 67560 INFO tempest.lib.common.fixed_network [-] (ServersListShow2100Test:test_list_show_rebuild_update_server_2100) Found network None available for tenant
2025-11-23 03:00:58.414 67548 INFO paramiko.transport [-] Authentication (publickey) successful!
2025-11-23 03:00:58.414 67548 INFO tempest.lib.common.ssh [-] ssh connection to cirros@10.180.180.212 successfully created
2025-11-23 03:00:58.424 67564 INFO tempest.lib.common.rest_client [req-79eb37e3-b8ff-4f6f-bd74-38f009802b2e req-79eb37e3-b8ff-4f6f-bd74-38f009802b2e ] Request (DeleteServersTestJSON:setUpClass): 204 PUT http://10.180.1.21/identity/v3/projects/82c2c562312d4d1c9c41bb62e80d4f5b/users/0fed0a478cbf49c28493db902248daaa/roles/d03dd706595947f5874adee4249b9305 0.179s
2025-11-23 03:00:58.424 67564 INFO tempest.lib.common.dynamic_creds [-] Dynamic test user 0fed0a478cbf49c28493db902248daaa is created with scope project and roles: ['member']
