2025-11-23 03:01:33.695 67546 INFO tempest.lib.common.rest_client [req-3ac70e26-e637-4b51-aae5-f6a71a05e871 req-3ac70e26-e637-4b51-aae5-f6a71a05e871 ] Request (ListServerFiltersTestJSON:test_list_servers_filtered_by_name_wildcard): 200 GET http://10.180.1.21/compute/v2.1/servers?name=t-ListServerFiltersTestJSON-instance-94205351 2.195s
2025-11-23 03:01:33.758 67544 INFO tempest.lib.common.rest_client [req-9b51c931-cf05-4a58-b366-3f12f14dc022 req-9b51c931-cf05-4a58-b366-3f12f14dc022 ] Request (MigrationsAdminTest:test_list_migrations_in_flavor_resize_situation): 201 POST http://10.180.1.21/networking/v2.0/security-group-rules 0.159s
2025-11-23 03:01:33.758 67532 INFO tempest.lib.common.rest_client [req-09f96b87-20bb-4ca0-8916-4ea63351d121 req-09f96b87-20bb-4ca0-8916-4ea63351d121 ] Request (ServersAdminTestJSON:test_rebuild_server_in_error_state): 200 GET http://10.180.1.21/compute/v2.1/servers/c62d675a-8676-4dde-a876-e20e73a67a1c 2.309s
2025-11-23 03:01:33.871 67544 INFO tempest.lib.common.rest_client [req-b46eff0a-c0ca-4f57-8e3f-8f2ba55f2add req-b46eff0a-c0ca-4f57-8e3f-8f2ba55f2add ] Request (MigrationsAdminTest:test_list_migrations_in_flavor_resize_situation): 201 POST http://10.180.1.21/networking/v2.0/security-group-rules 0.113s
2025-11-23 03:01:33.896 67588 INFO tempest.lib.common.rest_client [req-079d74a6-529f-49db-a7b0-763a354811e7 req-079d74a6-529f-49db-a7b0-763a354811e7 ] Request (ServersListShow298Test:tearDownClass): 200 GET http://10.180.1.21/compute/v2.1/servers/461c11cd-056f-40cb-bdd5-e21d0079531e 2.191s
2025-11-23 03:01:34.291 67576 INFO tempest.lib.common.rest_client [req-5b238312-2d7e-4853-ae56-12e65a04bd40 req-5b238312-2d7e-4853-ae56-12e65a04bd40 ] Request (ServerRescueTestJSONUnderV235:_run_cleanups): 202 DELETE http://10.180.1.21/compute/v2.1/os-floating-ips/81e505c7-0d8d-4347-abb0-1aab88aa5142 2.674s
2025-11-23 03:01:34.379 67544 INFO tempest.lib.common.rest_client [req-a6327ce9-6d46-4701-8bc1-33c504a04f03 req-a6327ce9-6d46-4701-8bc1-33c504a04f03 ] Request (MigrationsAdminTest:test_list_migrations_in_flavor_resize_situation): 201 POST http://10.180.1.21/networking/v2.0/floatingips 0.507s
2025-11-23 03:01:34.488 67534 INFO tempest.lib.common.rest_client [req-41286cc4-a077-4b03-854c-6bcd19f8ab3d req-41286cc4-a077-4b03-854c-6bcd19f8ab3d ] Request (InstanceActionsNegativeTestJSON:setUpClass): 200 GET http://10.180.1.21/compute/v2.1/servers/f3e1809d-a0b8-4d4a-84dc-66f1097ba937 1.349s
2025-11-23 03:01:34.496 67534 INFO tempest.common.waiters [-] State transition "BUILD/spawning" ==> "ACTIVE/None" after 39 second wait
2025-11-23 03:01:34.610 67538 INFO tempest.lib.common.rest_client [req-dc5ddd67-981d-4533-ac1e-185e6524569b req-dc5ddd67-981d-4533-ac1e-185e6524569b ] Request (SecurityGroupsTestJSON:test_server_security_groups): 200 GET http://10.180.1.21/compute/v2.1/servers/6ff358b7-f2aa-4e0f-bc2f-b2e7b685aa6b 1.385s
2025-11-23 03:01:34.621 67538 INFO tempest.common.waiters [-] State transition "BUILD/scheduling" ==> "BUILD/None" after 11 second wait
2025-11-23 03:01:34.638 67570 INFO tempest.lib.common.rest_client [req-f2c49a9c-4e21-45e6-8707-fda45e16891c req-f2c49a9c-4e21-45e6-8707-fda45e16891c ] Request (VolumesAssistedSnapshotsTest:_run_cleanups): 404 GET http://10.180.1.21/volume/v3/volumes/7a8f2e30-0ca1-4057-9d07-46640d501abc 0.022s
2025-11-23 03:01:34.669 67580 INFO tempest.lib.common.rest_client [req-bb3b70ec-9544-4648-97ec-a3cc7c4479cb req-bb3b70ec-9544-4648-97ec-a3cc7c4479cb ] Request (AttachInterfacesUnderV243Test:test_add_remove_fixed_ip): 200 GET http://10.180.1.21/compute/v2.1/servers/477ee93b-fc99-415c-a6c8-496796072b85/ips 1.442s
2025-11-23 03:01:34.798 67564 INFO tempest.lib.common.rest_client [req-da545cf6-a672-4e66-b590-a2f15710ab0d req-da545cf6-a672-4e66-b590-a2f15710ab0d ] Request (DeleteServersTestJSON:test_delete_active_server): 200 GET http://10.180.1.21/compute/v2.1/servers/b6b5dab8-6446-42c0-8a5f-01d14d77b78e 1.432s
2025-11-23 03:01:34.806 67564 INFO tempest.common.waiters [-] State transition "BUILD/None" ==> "BUILD/block_device_mapping" after 22 second wait
2025-11-23 03:01:34.865 67542 INFO tempest.lib.common.rest_client [req-f009f208-e0e0-4375-8534-c10ef57cff33 req-f009f208-e0e0-4375-8534-c10ef57cff33 ] Request (ServerMetadataTestJSON:setUpClass): 200 GET http://10.180.1.21/compute/v2.1/servers/bcce8183-bcc6-4368-afc5-0937109b3df0 1.468s
2025-11-23 03:01:34.880 67552 INFO tempest.lib.common.rest_client [req-9082dadd-bcaf-43c3-b6ef-0221ab6434be req-9082dadd-bcaf-43c3-b6ef-0221ab6434be ] Request (FloatingIPsAssociationTestJSON:test_associate_already_associated_floating_ip): 202 POST http://10.180.1.21/compute/v2.1/servers 2.580s
2025-11-23 03:01:34.984 67528 INFO tempest.lib.common.rest_client [req-739ae060-4476-4888-9dc3-2a173ab2fe83 req-739ae060-4476-4888-9dc3-2a173ab2fe83 ] Request (ServersNegativeTestJSON:setUpClass): 200 GET http://10.180.1.21/compute/v2.1/servers/b67ecda8-5f69-40f3-8bc0-fef3333dc29e 1.458s
2025-11-23 03:01:35.078 67556 INFO tempest.lib.common.rest_client [req-eaefa2fa-c3b7-446a-8e99-c72ff189518c req-eaefa2fa-c3b7-446a-8e99-c72ff189518c ] Request (ImagesTestJSON:test_create_image_from_suspended_server): 200 GET http://10.180.1.21/compute/v2.1/servers/f765b8d4-90c2-45b1-99c7-a6e89c7a71bd 1.673s
2025-11-23 03:01:35.170 67560 INFO tempest.lib.common.rest_client [req-30d93823-3888-4e31-b429-90677e565293 req-30d93823-3888-4e31-b429-90677e565293 ] Request (ServersListShow2100Test:test_list_show_rebuild_update_server_2100): 200 GET http://10.180.1.21/compute/v2.1/servers/b0bbdb2d-beed-4386-bf9a-adcb21eb433c 1.612s
2025-11-23 03:01:35.196 67566 INFO tempest.lib.common.rest_client [req-773541fe-6915-4b83-b9e7-85ef78432e17 req-773541fe-6915-4b83-b9e7-85ef78432e17 ] Request (ServerActionsTestOtherB:setUpClass): 200 GET http://10.180.1.21/compute/v2.1/servers/e734f3a9-8d32-481a-8fba-8009b36f728f 1.586s
2025-11-23 03:01:35.237 67550 INFO tempest.lib.common.rest_client [req-8a135d5a-9d89-4c30-81ba-581b55778e13 req-8a135d5a-9d89-4c30-81ba-581b55778e13 ] Request (ServerAddressesNegativeTestJSON:setUpClass): 200 GET http://10.180.1.21/compute/v2.1/servers/6904c61d-e1d4-4da5-9584-eea5b1b4f17d 1.624s
2025-11-23 03:01:35.255 67536 INFO tempest.lib.common.rest_client [req-57d207f2-bc98-4683-b92c-04729a613e9c req-57d207f2-bc98-4683-b92c-04729a613e9c ] Request (AttachInterfacesTestJSON:test_create_list_show_delete_interfaces_by_fixed_ip): 200 GET http://10.180.1.21/compute/v2.1/servers/e364ff57-edf9-4ad5-afc5-ea6f519c1b40 1.606s
2025-11-23 03:01:35.352 67530 INFO tempest.lib.common.rest_client [req-61414350-13a8-442c-b8f9-0dbfe992d93f req-61414350-13a8-442c-b8f9-0dbfe992d93f ] Request (ServersTestMultiNic:test_verify_multiple_nics_order): 200 GET http://10.180.1.21/compute/v2.1/servers/d9e00ef1-f6af-4b14-a74c-cef405582a9b 1.658s
2025-11-23 03:01:35.358 67546 INFO tempest.lib.common.rest_client [req-ce414d6c-c262-4893-bac0-28a5caf96952 req-ce414d6c-c262-4893-bac0-28a5caf96952 ] Request (ListServerFiltersTestJSON:tearDownClass): 204 DELETE http://10.180.1.21/compute/v2.1/servers/4e5a0fbb-35bb-4ad4-9f24-87ec9a3520a0 1.658s
2025-11-23 03:01:35.403 67590 INFO tempest.lib.common.rest_client [req-89153a39-740e-4b7b-9057-cdb02b396b0b req-89153a39-740e-4b7b-9057-cdb02b396b0b ] Request (ImagesOneServerNegativeTestJSON:_run_cleanups): 200 GET http://10.180.1.21/compute/v2.1/servers/d32661f5-7eb0-4748-824c-454d70d31af2 1.695s
2025-11-23 03:01:35.417 67586 INFO tempest.lib.common.rest_client [req-a967393b-e431-4d0c-964b-b600494c0393 req-a967393b-e431-4d0c-964b-b600494c0393 ] Request (ServerDiskConfigTestJSON:test_rebuild_server_with_manual_disk_config): 200 GET http://10.180.1.21/compute/v2.1/servers/a80a0db1-3ac0-4c87-979e-541d0aa623d5 1.652s
2025-11-23 03:01:35.490 67548 INFO tempest.lib.common.rest_client [req-675b5dd5-67f6-4fd8-b3cd-3543c88ea340 req-675b5dd5-67f6-4fd8-b3cd-3543c88ea340 ] Request (ServersV294TestFqdnHostnames:tearDownClass): 200 GET http://10.180.1.21/compute/v2.1/servers/1acbaf9e-3972-48de-af17-359e9cbdb8d7 1.683s
2025-11-23 03:01:35.504 67558 INFO tempest.lib.common.rest_client [req-33780b02-6336-443b-bad0-c92324533f3d req-33780b02-6336-443b-bad0-c92324533f3d ] Request (ServersListShow296Test:test_list_show_update_rebuild_server_296): 200 GET http://10.180.1.21/compute/v2.1/servers/9c7df655-c49f-45c0-8c67-73d9259ddeaa 1.651s
2025-11-23 03:01:35.514 67558 INFO tempest.common.waiters [-] State transition "REBUILD/rebuild_spawning" ==> "ACTIVE/None" after 11 second wait
2025-11-23 03:01:35.540 67554 INFO tempest.lib.common.rest_client [req-d826b361-2f7d-4f84-9934-7724072d346e req-d826b361-2f7d-4f84-9934-7724072d346e ] Request (InstanceActionsTestJSON:setUpClass): 200 GET http://10.180.1.21/compute/v2.1/servers/e7423c39-2dd4-429d-963c-9829b9473ee9 1.668s
2025-11-23 03:01:35.560 67572 INFO tempest.lib.common.rest_client [req-b0606dac-d9b4-4ea1-af9c-1a02c45945cc req-b0606dac-d9b4-4ea1-af9c-1a02c45945cc ] Request (ServerTagsTestJSON:setUpClass): 200 GET http://10.180.1.21/compute/v2.1/servers/523b1e2c-c93f-4d0f-9375-ffd8ff2cb443 1.611s
2025-11-23 03:01:35.642 67584 INFO tempest.lib.common.rest_client [req-97767643-b0c8-4860-bf91-06e4a9991364 req-97767643-b0c8-4860-bf91-06e4a9991364 ] Request (ServerAddressesTestJSON:tearDownClass): 200 GET http://10.180.1.21/compute/v2.1/servers/3ebeaeb4-baa4-4d69-b3bc-c50c18dd48e1 1.642s
2025-11-23 03:01:35.649 67584 INFO tempest.common.waiters [-] State transition "ACTIVE/deleting" ==> "DELETED/None" after 3 second wait
2025-11-23 03:01:35.654 67544 INFO tempest.lib.common.rest_client [req-ba3caaaf-dbf0-4f9f-9efd-ad0c74c591e0 req-ba3caaaf-dbf0-4f9f-9efd-ad0c74c591e0 ] Request (MigrationsAdminTest:test_list_migrations_in_flavor_resize_situation): 200 GET http://10.180.1.21/compute/v2.1/os-migrations 1.274s
2025-11-23 03:01:35.685 67534 INFO tempest.lib.common.rest_client [req-b975debe-f122-49f4-b247-3167441febee req-b975debe-f122-49f4-b247-3167441febee ] Request (InstanceActionsNegativeTestJSON:test_get_instance_action_invalid_request): 404 GET http://10.180.1.21/compute/v2.1/servers/f3e1809d-a0b8-4d4a-84dc-66f1097ba937/os-instance-actions/999 1.188s
2025-11-23 03:01:35.708 67576 INFO tempest.lib.common.rest_client [req-a654de07-75f8-4256-94b3-03904b187fb1 req-a654de07-75f8-4256-94b3-03904b187fb1 ] Request (ServerRescueTestJSONUnderV235:tearDownClass): 202 DELETE http://10.180.1.21/compute/v2.1/os-security-groups/6a8735fe-803f-46cf-8d79-76f8fca647f1 1.411s
2025-11-23 03:01:35.763 67570 INFO tempest.lib.common.rest_client [req-e34ffd5f-0064-4b06-b7cf-336acdda06fd req-e34ffd5f-0064-4b06-b7cf-336acdda06fd ] Request (VolumesAssistedSnapshotsTest:tearDownClass): 204 DELETE http://10.180.1.21/compute/v2.1/servers/34665307-343f-43a4-a6da-140a9be93b11 1.119s
2025-11-23 03:01:35.771 67568 WARNING tempest.lib.common.ssh [-] Failed to establish authenticated ssh connection to cirros@10.180.180.217 ([Errno None] Unable to connect to port 22 on 10.180.180.217). Number attempts: 6. Retry after 7 seconds.: paramiko.ssh_exception.NoValidConnectionsError: [Errno None] Unable to connect to port 22 on 10.180.180.217
2025-11-23 03:01:35.775 67580 INFO tempest.lib.common.rest_client [req-80c791fe-13f5-4b43-9234-2dc9f96870cc req-80c791fe-13f5-4b43-9234-2dc9f96870cc ] Request (AttachInterfacesUnderV243Test:_run_cleanups): 204 DELETE http://10.180.1.21/compute/v2.1/servers/477ee93b-fc99-415c-a6c8-496796072b85 1.102s
2025-11-23 03:01:35.890 67552 INFO tempest.lib.common.rest_client [req-f9755f7f-7b5a-4335-912d-cd0f1cd3ecdf req-f9755f7f-7b5a-4335-912d-cd0f1cd3ecdf ] Request (FloatingIPsAssociationTestJSON:test_associate_already_associated_floating_ip): 200 GET http://10.180.1.21/compute/v2.1/servers/0548e6b6-90f0-4f4a-b656-a06e58fe71de 1.009s
2025-11-23 03:01:35.916 67532 INFO tempest.lib.common.rest_client [req-20c8ea08-c07d-4839-8e8c-7084c70913f8 req-20c8ea08-c07d-4839-8e8c-7084c70913f8 ] Request (ServersAdminTestJSON:test_rebuild_server_in_error_state): 200 GET http://10.180.1.21/compute/v2.1/servers/c62d675a-8676-4dde-a876-e20e73a67a1c 1.144s
2025-11-23 03:01:35.925 67532 INFO tempest.common.waiters [-] State transition "REBUILD/rebuilding" ==> "REBUILD/rebuild_spawning" after 2 second wait
2025-11-23 03:01:35.973 67588 INFO tempest.lib.common.rest_client [req-76dd6b30-8cc2-412f-ab78-acd128989fe9 req-76dd6b30-8cc2-412f-ab78-acd128989fe9 ] Request (ServersListShow298Test:tearDownClass): 200 GET http://10.180.1.21/compute/v2.1/servers/461c11cd-056f-40cb-bdd5-e21d0079531e 1.056s
2025-11-23 03:01:36.053 67558 INFO tempest.lib.common.rest_client [req-56620f8b-d055-42b2-9e33-dc9785d69496 req-56620f8b-d055-42b2-9e33-dc9785d69496 ] Request (ServersListShow296Test:tearDownClass): 204 DELETE http://10.180.1.21/compute/v2.1/servers/9c7df655-c49f-45c0-8c67-73d9259ddeaa 0.538s
2025-11-23 03:01:36.063 67546 INFO tempest.lib.common.rest_client [req-c6e10ad8-10c9-4b18-92e5-3eb790b3156d req-c6e10ad8-10c9-4b18-92e5-3eb790b3156d ] Request (ListServerFiltersTestJSON:tearDownClass): 200 GET http://10.180.1.21/compute/v2.1/servers/4e5a0fbb-35bb-4ad4-9f24-87ec9a3520a0 0.705s
2025-11-23 03:01:36.076 67544 INFO tempest.lib.common.rest_client [req-cbd8323d-0617-4249-a774-c689c00e5c5c req-cbd8323d-0617-4249-a774-c689c00e5c5c ] Request (MigrationsAdminTest:test_resize_server_revert_deleted_flavor): 200 GET http://10.180.1.21/compute/v2.1/flavors/42 0.417s
2025-11-23 03:01:36.085 67534 INFO tempest.lib.common.rest_client [req-6fc68f83-36d4-4405-a759-fae3978fd7c2 req-6fc68f83-36d4-4405-a759-fae3978fd7c2 ] Request (InstanceActionsNegativeTestJSON:test_list_instance_actions_non_existent_server): 404 GET http://10.180.1.21/compute/v2.1/servers/42f13900-9b47-40e9-b0a0-c205c7631e66/os-instance-actions 0.398s
2025-11-23 03:01:36.107 67538 INFO tempest.lib.common.rest_client [req-30296465-e246-4093-8c48-2e4fc290c2e0 req-30296465-e246-4093-8c48-2e4fc290c2e0 ] Request (SecurityGroupsTestJSON:test_server_security_groups): 200 GET http://10.180.1.21/compute/v2.1/servers/6ff358b7-f2aa-4e0f-bc2f-b2e7b685aa6b 0.485s
2025-11-23 03:01:36.164 67576 INFO tempest.lib.common.rest_client [req-a87408ac-747f-4c16-93bb-234e9c272a8f req-a87408ac-747f-4c16-93bb-234e9c272a8f ] Request (ServerRescueTestJSONUnderV235:tearDownClass): 204 DELETE http://10.180.1.21/compute/v2.1/servers/c826d66f-3ddc-4cf7-9474-5050ea12536b 0.456s
2025-11-23 03:01:36.286 67570 INFO tempest.lib.common.rest_client [req-8b643341-82a8-4df7-ac12-79869480b019 req-8b643341-82a8-4df7-ac12-79869480b019 ] Request (VolumesAssistedSnapshotsTest:tearDownClass): 200 GET http://10.180.1.21/compute/v2.1/servers/34665307-343f-43a4-a6da-140a9be93b11 0.522s
2025-11-23 03:01:36.306 67580 INFO tempest.lib.common.rest_client [req-26683ab8-35cb-430d-abde-8b9f53d98e52 req-26683ab8-35cb-430d-abde-8b9f53d98e52 ] Request (AttachInterfacesUnderV243Test:_run_cleanups): 200 GET http://10.180.1.21/compute/v2.1/servers/477ee93b-fc99-415c-a6c8-496796072b85 0.530s
2025-11-23 03:01:36.362 67542 INFO tempest.lib.common.rest_client [req-3b50236e-bef1-4a31-9f15-f68661dad987 req-3b50236e-bef1-4a31-9f15-f68661dad987 ] Request (ServerMetadataTestJSON:setUpClass): 200 GET http://10.180.1.21/compute/v2.1/servers/bcce8183-bcc6-4368-afc5-0937109b3df0 0.484s
2025-11-23 03:01:36.384 67564 INFO tempest.lib.common.rest_client [req-99c65306-4b4e-4548-a2a9-49e8ff98ff45 req-99c65306-4b4e-4548-a2a9-49e8ff98ff45 ] Request (DeleteServersTestJSON:test_delete_active_server): 200 GET http://10.180.1.21/compute/v2.1/servers/b6b5dab8-6446-42c0-8a5f-01d14d77b78e 0.577s
2025-11-23 03:01:36.391 67564 INFO tempest.common.waiters [-] State transition "BUILD/block_device_mapping" ==> "BUILD/spawning" after 24 second wait
2025-11-23 03:01:36.410 67528 INFO tempest.lib.common.rest_client [req-08ab0cb4-305f-48da-93e7-377e17399708 req-08ab0cb4-305f-48da-93e7-377e17399708 ] Request (ServersNegativeTestJSON:setUpClass): 200 GET http://10.180.1.21/compute/v2.1/servers/b67ecda8-5f69-40f3-8bc0-fef3333dc29e 0.417s
2025-11-23 03:01:36.418 67528 INFO tempest.common.waiters [-] State transition "BUILD/None" ==> "BUILD/networking" after 22 second wait
2025-11-23 03:01:36.429 67544 INFO tempest.lib.common.rest_client [req-1cf79d76-bd98-43d2-a6b0-6acfa1e64814 req-1cf79d76-bd98-43d2-a6b0-6acfa1e64814 ] Request (MigrationsAdminTest:test_resize_server_revert_deleted_flavor): 200 POST http://10.180.1.21/compute/v2.1/flavors 0.350s
2025-11-23 03:01:36.440 67558 INFO tempest.lib.common.rest_client [req-aaaaaae4-7728-47f1-9750-3b64f9615f0c req-aaaaaae4-7728-47f1-9750-3b64f9615f0c ] Request (ServersListShow296Test:tearDownClass): 200 GET http://10.180.1.21/compute/v2.1/servers/9c7df655-c49f-45c0-8c67-73d9259ddeaa 0.387s
2025-11-23 03:01:36.502 67534 INFO tempest.lib.common.rest_client [req-96288bae-64a1-4661-a0e1-061bab73145f req-96288bae-64a1-4661-a0e1-061bab73145f ] Request (InstanceActionsNegativeTestJSON:tearDownClass): 204 DELETE http://10.180.1.21/compute/v2.1/servers/f3e1809d-a0b8-4d4a-84dc-66f1097ba937 0.416s
2025-11-23 03:01:36.539 67556 INFO tempest.lib.common.rest_client [req-3235e11c-e17c-40cc-948d-5532a7c7cc97 req-3235e11c-e17c-40cc-948d-5532a7c7cc97 ] Request (ImagesTestJSON:test_create_image_from_suspended_server): 200 GET http://10.180.1.21/compute/v2.1/servers/f765b8d4-90c2-45b1-99c7-a6e89c7a71bd 0.443s
2025-11-23 03:01:36.665 67560 INFO tempest.lib.common.rest_client [req-74937c57-caec-4390-9997-eaeb58589fde req-74937c57-caec-4390-9997-eaeb58589fde ] Request (ServersListShow2100Test:test_list_show_rebuild_update_server_2100): 200 GET http://10.180.1.21/compute/v2.1/servers/b0bbdb2d-beed-4386-bf9a-adcb21eb433c 0.481s
2025-11-23 03:01:36.690 67576 INFO tempest.lib.common.rest_client [req-39105a9e-9c4a-437c-b102-a7e931aeafd5 req-39105a9e-9c4a-437c-b102-a7e931aeafd5 ] Request (ServerRescueTestJSONUnderV235:tearDownClass): 200 GET http://10.180.1.21/compute/v2.1/servers/c826d66f-3ddc-4cf7-9474-5050ea12536b 0.525s
2025-11-23 03:01:36.740 67566 INFO tempest.lib.common.rest_client [req-1b3cfb2b-24e9-476d-8108-7ae4d99ab05a req-1b3cfb2b-24e9-476d-8108-7ae4d99ab05a ] Request (ServerActionsTestOtherB:setUpClass): 200 GET http://10.180.1.21/compute/v2.1/servers/e734f3a9-8d32-481a-8fba-8009b36f728f 0.532s
2025-11-23 03:01:36.766 67550 INFO tempest.lib.common.rest_client [req-27ffc147-e211-4e87-abfc-4c585d04d779 req-27ffc147-e211-4e87-abfc-4c585d04d779 ] Request (ServerAddressesNegativeTestJSON:setUpClass): 200 GET http://10.180.1.21/compute/v2.1/servers/6904c61d-e1d4-4da5-9584-eea5b1b4f17d 0.518s
2025-11-23 03:01:36.814 67536 INFO tempest.lib.common.rest_client [req-e386691c-e76e-4e73-a69c-0b1a388bcd1e req-e386691c-e76e-4e73-a69c-0b1a388bcd1e ] Request (AttachInterfacesTestJSON:test_create_list_show_delete_interfaces_by_fixed_ip): 200 GET http://10.180.1.21/compute/v2.1/servers/e364ff57-edf9-4ad5-afc5-ea6f519c1b40 0.552s
2025-11-23 03:01:36.828 67530 INFO tempest.lib.common.rest_client [req-f1c8ea87-4aff-4a89-8fba-7bee2d164245 req-f1c8ea87-4aff-4a89-8fba-7bee2d164245 ] Request (ServersTestMultiNic:test_verify_multiple_nics_order): 200 GET http://10.180.1.21/compute/v2.1/servers/d9e00ef1-f6af-4b14-a74c-cef405582a9b 0.467s
2025-11-23 03:01:36.885 67590 INFO tempest.lib.common.rest_client [req-af1368f4-7e41-4df1-a395-4825a5b94e9b req-af1368f4-7e41-4df1-a395-4825a5b94e9b ] Request (ImagesOneServerNegativeTestJSON:_run_cleanups): 200 GET http://10.180.1.21/compute/v2.1/servers/d32661f5-7eb0-4748-824c-454d70d31af2 0.472s
2025-11-23 03:01:36.899 67586 INFO tempest.lib.common.rest_client [req-8d5b1e78-e791-476c-8db0-124bab1c061a req-8d5b1e78-e791-476c-8db0-124bab1c061a ] Request (ServerDiskConfigTestJSON:test_rebuild_server_with_manual_disk_config): 200 GET http://10.180.1.21/compute/v2.1/servers/a80a0db1-3ac0-4c87-979e-541d0aa623d5 0.474s
2025-11-23 03:01:36.900 67544 INFO tempest.lib.common.rest_client [req-43cec608-0d78-4c1e-8d27-c8ec3b6ebf5f req-43cec608-0d78-4c1e-8d27-c8ec3b6ebf5f ] Request (MigrationsAdminTest:test_resize_server_revert_deleted_flavor): 200 GET http://10.180.1.21/compute/v2.1/flavors/42/os-extra_specs 0.469s
2025-11-23 03:01:37.027 67548 INFO tempest.lib.common.rest_client [req-766b784c-aa4c-4122-bbd7-dd592e13ab8f req-766b784c-aa4c-4122-bbd7-dd592e13ab8f ] Request (ServersV294TestFqdnHostnames:tearDownClass): 200 GET http://10.180.1.21/compute/v2.1/servers/1acbaf9e-3972-48de-af17-359e9cbdb8d7 0.527s
2025-11-23 03:01:37.051 67534 INFO tempest.lib.common.rest_client [req-984333ce-47c7-48aa-bb18-bbb106b148da req-984333ce-47c7-48aa-bb18-bbb106b148da ] Request (InstanceActionsNegativeTestJSON:tearDownClass): 200 GET http://10.180.1.21/compute/v2.1/servers/f3e1809d-a0b8-4d4a-84dc-66f1097ba937 0.548s
2025-11-23 03:01:37.091 67554 INFO tempest.lib.common.rest_client [req-e907c2ce-17dc-48f4-ab4c-810c09a4087c req-e907c2ce-17dc-48f4-ab4c-810c09a4087c ] Request (InstanceActionsTestJSON:setUpClass): 200 GET http://10.180.1.21/compute/v2.1/servers/e7423c39-2dd4-429d-963c-9829b9473ee9 0.543s
2025-11-23 03:01:37.111 67572 INFO tempest.lib.common.rest_client [req-4cd65bc1-4bc9-406f-9630-efb28837ac44 req-4cd65bc1-4bc9-406f-9630-efb28837ac44 ] Request (ServerTagsTestJSON:setUpClass): 200 GET http://10.180.1.21/compute/v2.1/servers/523b1e2c-c93f-4d0f-9375-ffd8ff2cb443 0.540s
2025-11-23 03:01:37.170 67552 INFO tempest.lib.common.rest_client [req-b1c8b7e8-51dc-483d-a653-119e61563ff6 req-b1c8b7e8-51dc-483d-a653-119e61563ff6 ] Request (FloatingIPsAssociationTestJSON:test_associate_already_associated_floating_ip): 200 GET http://10.180.1.21/compute/v2.1/servers/0548e6b6-90f0-4f4a-b656-a06e58fe71de 0.271s
2025-11-23 03:01:37.171 67584 INFO tempest.lib.common.rest_client [req-c0ed7ad2-0ae1-4e9e-9042-93de67087dd3 req-c0ed7ad2-0ae1-4e9e-9042-93de67087dd3 ] Request (ServerAddressesTestJSON:tearDownClass): 200 GET http://10.180.1.21/compute/v2.1/servers/3ebeaeb4-baa4-4d69-b3bc-c50c18dd48e1 0.521s
2025-11-23 03:01:37.195 67544 INFO tempest.lib.common.rest_client [req-bf764e63-0616-46cc-ad9f-264cea90bce3 req-bf764e63-0616-46cc-ad9f-264cea90bce3 ] Request (MigrationsAdminTest:test_resize_server_revert_deleted_flavor): 200 POST http://10.180.1.21/compute/v2.1/flavors/754e0669-3e97-4906-910d-671eec9c5fa5/os-extra_specs 0.294s
2025-11-23 03:01:37.294 67544 INFO tempest.lib.common.rest_client [req-8de52121-4e28-4017-b3e1-436130c789d8 req-8de52121-4e28-4017-b3e1-436130c789d8 ] Request (MigrationsAdminTest:test_resize_server_revert_deleted_flavor): 201 POST http://10.180.1.21/identity/v3/auth/tokens 0.094s
2025-11-23 03:01:37.294 67544 INFO tempest.lib.common.fixed_network [-] (MigrationsAdminTest:test_resize_server_revert_deleted_flavor) Found network None available for tenant
2025-11-23 03:01:37.332 67588 INFO tempest.lib.common.rest_client [req-b1a2a85f-05d5-4ad7-9514-8ed2d35601a2 req-b1a2a85f-05d5-4ad7-9514-8ed2d35601a2 ] Request (ServersListShow298Test:tearDownClass): 200 GET http://10.180.1.21/compute/v2.1/servers/461c11cd-056f-40cb-bdd5-e21d0079531e 0.343s
2025-11-23 03:01:37.349 67588 INFO tempest.common.waiters [-] State transition "ACTIVE/deleting" ==> "DELETED/None" after 4 second wait
2025-11-23 03:01:37.385 67532 INFO tempest.lib.common.rest_client [req-7f45d89f-7529-491e-b35b-17a84c093f7c req-7f45d89f-7529-491e-b35b-17a84c093f7c ] Request (ServersAdminTestJSON:test_rebuild_server_in_error_state): 200 GET http://10.180.1.21/compute/v2.1/servers/c62d675a-8676-4dde-a876-e20e73a67a1c 0.458s
2025-11-23 03:01:37.541 67538 INFO tempest.lib.common.rest_client [req-7b315a66-4b1a-4b77-85c2-cea8a6022c0c req-7b315a66-4b1a-4b77-85c2-cea8a6022c0c ] Request (SecurityGroupsTestJSON:test_server_security_groups): 200 GET http://10.180.1.21/compute/v2.1/servers/6ff358b7-f2aa-4e0f-bc2f-b2e7b685aa6b 0.424s
2025-11-23 03:01:37.603 67546 INFO tempest.lib.common.rest_client [req-b66fab25-fca6-44a6-990b-5fd790a14838 req-b66fab25-fca6-44a6-990b-5fd790a14838 ] Request (ListServerFiltersTestJSON:tearDownClass): 200 GET http://10.180.1.21/compute/v2.1/servers/4e5a0fbb-35bb-4ad4-9f24-87ec9a3520a0 0.532s
2025-11-23 03:01:37.945 67570 INFO tempest.lib.common.rest_client [req-ccc098fd-c3c1-4470-b1aa-73c41a59bd50 req-ccc098fd-c3c1-4470-b1aa-73c41a59bd50 ] Request (VolumesAssistedSnapshotsTest:tearDownClass): 200 GET http://10.180.1.21/compute/v2.1/servers/34665307-343f-43a4-a6da-140a9be93b11 0.648s
2025-11-23 03:01:38.090 67580 INFO tempest.lib.common.rest_client [req-92492347-6dee-4bcc-905f-18fd41449ec5 req-92492347-6dee-4bcc-905f-18fd41449ec5 ] Request (AttachInterfacesUnderV243Test:_run_cleanups): 200 GET http://10.180.1.21/compute/v2.1/servers/477ee93b-fc99-415c-a6c8-496796072b85 0.775s
2025-11-23 03:01:38.090 67544 INFO tempest.lib.common.rest_client [req-efcecada-e26f-4512-98d1-ec48bd62684d req-efcecada-e26f-4512-98d1-ec48bd62684d ] Request (MigrationsAdminTest:test_resize_server_revert_deleted_flavor): 202 POST http://10.180.1.21/compute/v2.1/servers 0.795s
2025-11-23 03:01:38.163 67542 INFO tempest.lib.common.rest_client [req-6b5effba-d3fc-4d67-8825-26c779f5d616 req-6b5effba-d3fc-4d67-8825-26c779f5d616 ] Request (ServerMetadataTestJSON:setUpClass): 200 GET http://10.180.1.21/compute/v2.1/servers/bcce8183-bcc6-4368-afc5-0937109b3df0 0.793s
2025-11-23 03:01:38.226 67564 INFO tempest.lib.common.rest_client [req-2f222923-cfd1-46fc-b11c-916681431809 req-2f222923-cfd1-46fc-b11c-916681431809 ] Request (DeleteServersTestJSON:test_delete_active_server): 200 GET http://10.180.1.21/compute/v2.1/servers/b6b5dab8-6446-42c0-8a5f-01d14d77b78e 0.834s
2025-11-23 03:01:38.304 67528 INFO tempest.lib.common.rest_client [req-200e88ae-9ac9-4b91-bce0-36270df3da67 req-200e88ae-9ac9-4b91-bce0-36270df3da67 ] Request (ServersNegativeTestJSON:setUpClass): 200 GET http://10.180.1.21/compute/v2.1/servers/b67ecda8-5f69-40f3-8bc0-fef3333dc29e 0.885s
2025-11-23 03:01:38.311 67528 INFO tempest.common.waiters [-] State transition "BUILD/networking" ==> "BUILD/block_device_mapping" after 24 second wait
2025-11-23 03:01:38.325 67558 INFO tempest.lib.common.rest_client [req-7eb3ef21-1cff-4133-aa3d-e10b8068783f req-7eb3ef21-1cff-4133-aa3d-e10b8068783f ] Request (ServersListShow296Test:tearDownClass): 200 GET http://10.180.1.21/compute/v2.1/servers/9c7df655-c49f-45c0-8c67-73d9259ddeaa 0.873s
2025-11-23 03:01:38.473 67560 INFO tempest.lib.common.rest_client [req-be5eb774-55ec-485e-8948-5ff6a7d79b09 req-be5eb774-55ec-485e-8948-5ff6a7d79b09 ] Request (ServersListShow2100Test:test_list_show_rebuild_update_server_2100): 200 GET http://10.180.1.21/compute/v2.1/servers/b0bbdb2d-beed-4386-bf9a-adcb21eb433c 0.792s
2025-11-23 03:01:38.531 67556 INFO tempest.lib.common.rest_client [req-25a2afe8-318e-4207-9095-1f727d09d374 req-25a2afe8-318e-4207-9095-1f727d09d374 ] Request (ImagesTestJSON:test_create_image_from_suspended_server): 200 GET http://10.180.1.21/compute/v2.1/servers/f765b8d4-90c2-45b1-99c7-a6e89c7a71bd 0.978s
2025-11-23 03:01:38.926 67576 INFO tempest.lib.common.rest_client [req-d8880612-ccfe-423e-9185-2a387422bd67 req-d8880612-ccfe-423e-9185-2a387422bd67 ] Request (ServerRescueTestJSONUnderV235:tearDownClass): 200 GET http://10.180.1.21/compute/v2.1/servers/c826d66f-3ddc-4cf7-9474-5050ea12536b 1.227s
2025-11-23 03:01:38.940 67566 INFO tempest.lib.common.rest_client [req-8d15f5cb-cc96-457b-acd7-d862aff1cdc7 req-8d15f5cb-cc96-457b-acd7-d862aff1cdc7 ] Request (ServerActionsTestOtherB:setUpClass): 200 GET http://10.180.1.21/compute/v2.1/servers/e734f3a9-8d32-481a-8fba-8009b36f728f 1.193s
2025-11-23 03:01:39.565 67550 INFO tempest.lib.common.rest_client [req-6f9d2397-5a79-41d7-9aaf-75eaca0bd86b req-6f9d2397-5a79-41d7-9aaf-75eaca0bd86b ] Request (ServerAddressesNegativeTestJSON:setUpClass): 200 GET http://10.180.1.21/compute/v2.1/servers/6904c61d-e1d4-4da5-9584-eea5b1b4f17d 1.784s
2025-11-23 03:01:39.575 67536 INFO tempest.lib.common.rest_client [req-b376dfb1-0ea2-46b2-abd2-461150869f7e req-b376dfb1-0ea2-46b2-abd2-461150869f7e ] Request (AttachInterfacesTestJSON:test_create_list_show_delete_interfaces_by_fixed_ip): 200 GET http://10.180.1.21/compute/v2.1/servers/e364ff57-edf9-4ad5-afc5-ea6f519c1b40 1.751s
2025-11-23 03:01:39.801 67590 INFO tempest.lib.common.rest_client [req-d6c5f088-75ce-47bf-ba50-176110d60eae req-d6c5f088-75ce-47bf-ba50-176110d60eae ] Request (ImagesOneServerNegativeTestJSON:_run_cleanups): 200 GET http://10.180.1.21/compute/v2.1/servers/d32661f5-7eb0-4748-824c-454d70d31af2 1.906s
2025-11-23 03:01:40.123 67586 INFO tempest.lib.common.rest_client [req-fb4fe4ae-1c64-4c04-bf88-aaf73444f4d2 req-fb4fe4ae-1c64-4c04-bf88-aaf73444f4d2 ] Request (ServerDiskConfigTestJSON:test_rebuild_server_with_manual_disk_config): 200 GET http://10.180.1.21/compute/v2.1/servers/a80a0db1-3ac0-4c87-979e-541d0aa623d5 2.209s
2025-11-23 03:01:40.132 67530 INFO tempest.lib.common.rest_client [req-fe51ddc0-7dd4-45a6-8475-3c4b163fa778 req-fe51ddc0-7dd4-45a6-8475-3c4b163fa778 ] Request (ServersTestMultiNic:test_verify_multiple_nics_order): 200 GET http://10.180.1.21/compute/v2.1/servers/d9e00ef1-f6af-4b14-a74c-cef405582a9b 2.296s
2025-11-23 03:01:40.247 67548 INFO tempest.lib.common.rest_client [req-78210e01-ceed-4b07-ade8-65f029d60c71 req-78210e01-ceed-4b07-ade8-65f029d60c71 ] Request (ServersV294TestFqdnHostnames:tearDownClass): 200 GET http://10.180.1.21/compute/v2.1/servers/1acbaf9e-3972-48de-af17-359e9cbdb8d7 2.206s
2025-11-23 03:01:40.265 67534 INFO tempest.lib.common.rest_client [req-9be6ef66-b514-4e6b-aec1-7d833ff95930 req-9be6ef66-b514-4e6b-aec1-7d833ff95930 ] Request (InstanceActionsNegativeTestJSON:tearDownClass): 200 GET http://10.180.1.21/compute/v2.1/servers/f3e1809d-a0b8-4d4a-84dc-66f1097ba937 2.204s
2025-11-23 03:01:40.319 67544 INFO tempest.lib.common.rest_client [req-be89c493-053c-443a-8b48-85817cbf51ff req-be89c493-053c-443a-8b48-85817cbf51ff ] Request (MigrationsAdminTest:test_resize_server_revert_deleted_flavor): 200 GET http://10.180.1.21/compute/v2.1/servers/cabcae08-af17-4ff4-9d17-00663afe659c 2.224s
2025-11-23 03:01:40.325 67554 INFO tempest.lib.common.rest_client [req-dca65f3b-cdcb-4570-9732-365ef8b64e95 req-dca65f3b-cdcb-4570-9732-365ef8b64e95 ] Request (InstanceActionsTestJSON:setUpClass): 200 GET http://10.180.1.21/compute/v2.1/servers/e7423c39-2dd4-429d-963c-9829b9473ee9 2.227s
2025-11-23 03:01:40.382 67572 INFO tempest.lib.common.rest_client [req-adabc885-482c-4449-8bd9-0b9ec82007db req-adabc885-482c-4449-8bd9-0b9ec82007db ] Request (ServerTagsTestJSON:setUpClass): 200 GET http://10.180.1.21/compute/v2.1/servers/523b1e2c-c93f-4d0f-9375-ffd8ff2cb443 2.257s
2025-11-23 03:01:40.383 67552 INFO tempest.lib.common.rest_client [req-f0f3d69c-b3e9-4db5-8ffe-251957a6cea1 req-f0f3d69c-b3e9-4db5-8ffe-251957a6cea1 ] Request (FloatingIPsAssociationTestJSON:test_associate_already_associated_floating_ip): 200 GET http://10.180.1.21/compute/v2.1/servers/0548e6b6-90f0-4f4a-b656-a06e58fe71de 2.205s
2025-11-23 03:01:40.450 67584 INFO tempest.lib.common.rest_client [req-f854f5e4-3c29-4021-ab63-b44e795baea8 req-f854f5e4-3c29-4021-ab63-b44e795baea8 ] Request (ServerAddressesTestJSON:tearDownClass): 200 GET http://10.180.1.21/compute/v2.1/servers/3ebeaeb4-baa4-4d69-b3bc-c50c18dd48e1 2.271s
2025-11-23 03:01:40.460 67588 INFO tempest.lib.common.rest_client [req-f57b90f6-1209-48f5-9144-ca34078240bc req-f57b90f6-1209-48f5-9144-ca34078240bc ] Request (ServersListShow298Test:tearDownClass): 200 GET http://10.180.1.21/compute/v2.1/servers/461c11cd-056f-40cb-bdd5-e21d0079531e 2.110s
2025-11-23 03:01:40.523 67538 INFO tempest.lib.common.rest_client [req-c77a0d62-e885-40a6-aae6-141ca9caf61b req-c77a0d62-e885-40a6-aae6-141ca9caf61b ] Request (SecurityGroupsTestJSON:test_server_security_groups): 200 GET http://10.180.1.21/compute/v2.1/servers/6ff358b7-f2aa-4e0f-bc2f-b2e7b685aa6b 1.968s
2025-11-23 03:01:40.577 67532 INFO tempest.lib.common.rest_client [req-e4e91063-b633-46f4-a0a0-58d692f52e84 req-e4e91063-b633-46f4-a0a0-58d692f52e84 ] Request (ServersAdminTestJSON:test_rebuild_server_in_error_state): 200 GET http://10.180.1.21/compute/v2.1/servers/c62d675a-8676-4dde-a876-e20e73a67a1c 2.184s
2025-11-23 03:01:40.604 67546 INFO tempest.lib.common.rest_client [req-8bb3d422-15ea-45b1-aa98-f68742686378 req-8bb3d422-15ea-45b1-aa98-f68742686378 ] Request (ListServerFiltersTestJSON:tearDownClass): 200 GET http://10.180.1.21/compute/v2.1/servers/4e5a0fbb-35bb-4ad4-9f24-87ec9a3520a0 1.987s
2025-11-23 03:01:40.611 67546 INFO tempest.common.waiters [-] State transition "ACTIVE/deleting" ==> "DELETED/None" after 4 second wait
2025-11-23 03:01:40.670 67570 INFO tempest.lib.common.rest_client [req-11577af7-fa75-42c9-badf-75d269251f0c req-11577af7-fa75-42c9-badf-75d269251f0c ] Request (VolumesAssistedSnapshotsTest:tearDownClass): 200 GET http://10.180.1.21/compute/v2.1/servers/34665307-343f-43a4-a6da-140a9be93b11 1.712s
2025-11-23 03:01:40.678 67570 INFO tempest.common.waiters [-] State transition "ACTIVE/deleting" ==> "DELETED/None" after 4 second wait
2025-11-23 03:01:40.681 67580 INFO tempest.lib.common.rest_client [req-08df1c63-27d0-4205-8400-f99834da5110 req-08df1c63-27d0-4205-8400-f99834da5110 ] Request (AttachInterfacesUnderV243Test:_run_cleanups): 200 GET http://10.180.1.21/compute/v2.1/servers/477ee93b-fc99-415c-a6c8-496796072b85 1.583s
2025-11-23 03:01:40.699 67562 WARNING tempest.lib.common.ssh [-] Failed to establish authenticated ssh connection to cirros@10.180.180.222 ([Errno None] Unable to connect to port 22 on 10.180.180.222). Number attempts: 10. Retry after 11 seconds.: paramiko.ssh_exception.NoValidConnectionsError: [Errno None] Unable to connect to port 22 on 10.180.180.222
2025-11-23 03:01:40.738 67542 INFO tempest.lib.common.rest_client [req-11002440-2a38-437e-9b36-1ba6f76d396c req-11002440-2a38-437e-9b36-1ba6f76d396c ] Request (ServerMetadataTestJSON:setUpClass): 200 GET http://10.180.1.21/compute/v2.1/servers/bcce8183-bcc6-4368-afc5-0937109b3df0 1.566s
2025-11-23 03:01:40.842 67564 INFO tempest.lib.common.rest_client [req-3d7caf62-91d5-4aec-a2a9-ea0fb051212f req-3d7caf62-91d5-4aec-a2a9-ea0fb051212f ] Request (DeleteServersTestJSON:test_delete_active_server): 200 GET http://10.180.1.21/compute/v2.1/servers/b6b5dab8-6446-42c0-8a5f-01d14d77b78e 1.607s
2025-11-23 03:01:40.867 67528 INFO tempest.lib.common.rest_client [req-7d042d9c-ddac-4b47-836e-9c7efee0dde3 req-7d042d9c-ddac-4b47-836e-9c7efee0dde3 ] Request (ServersNegativeTestJSON:setUpClass): 200 GET http://10.180.1.21/compute/v2.1/servers/b67ecda8-5f69-40f3-8bc0-fef3333dc29e 1.554s
2025-11-23 03:01:40.874 67528 INFO tempest.common.waiters [-] State transition "BUILD/block_device_mapping" ==> "BUILD/spawning" after 26 second wait
2025-11-23 03:01:40.920 67558 INFO tempest.lib.common.rest_client [req-b791c68b-9a4d-4077-a9ed-eee5fc124191 req-b791c68b-9a4d-4077-a9ed-eee5fc124191 ] Request (ServersListShow296Test:tearDownClass): 200 GET http://10.180.1.21/compute/v2.1/servers/9c7df655-c49f-45c0-8c67-73d9259ddeaa 1.584s
2025-11-23 03:01:40.942 67560 INFO tempest.lib.common.rest_client [req-b07d2170-511b-4a8d-b504-acf9db6a08c7 req-b07d2170-511b-4a8d-b504-acf9db6a08c7 ] Request (ServersListShow2100Test:test_list_show_rebuild_update_server_2100): 200 GET http://10.180.1.21/compute/v2.1/servers/b0bbdb2d-beed-4386-bf9a-adcb21eb433c 1.447s
2025-11-23 03:01:40.958 67540 WARNING tempest.lib.common.ssh [-] Failed to establish authenticated ssh connection to cirros@10.180.180.137 ([Errno None] Unable to connect to port 22 on 10.180.180.137). Number attempts: 4. Retry after 5 seconds.: paramiko.ssh_exception.NoValidConnectionsError: [Errno None] Unable to connect to port 22 on 10.180.180.137
2025-11-23 03:01:41.001 67576 INFO tempest.lib.common.rest_client [req-a6578682-f5e0-43c6-a961-57d1d182761c req-a6578682-f5e0-43c6-a961-57d1d182761c ] Request (ServerRescueTestJSONUnderV235:tearDownClass): 200 GET http://10.180.1.21/compute/v2.1/servers/c826d66f-3ddc-4cf7-9474-5050ea12536b 1.067s
2025-11-23 03:01:41.060 67566 INFO tempest.lib.common.rest_client [req-8dea155f-813a-4fdf-ad4d-f28efa9a629d req-8dea155f-813a-4fdf-ad4d-f28efa9a629d ] Request (ServerActionsTestOtherB:setUpClass): 200 GET http://10.180.1.21/compute/v2.1/servers/e734f3a9-8d32-481a-8fba-8009b36f728f 1.112s
2025-11-23 03:01:41.086 67556 INFO tempest.lib.common.rest_client [req-f167fdb0-c69b-4a3a-b5a4-530e178f8494 req-f167fdb0-c69b-4a3a-b5a4-530e178f8494 ] Request (ImagesTestJSON:test_create_image_from_suspended_server): 200 GET http://10.180.1.21/compute/v2.1/servers/f765b8d4-90c2-45b1-99c7-a6e89c7a71bd 1.543s
2025-11-23 03:01:41.126 67550 INFO tempest.lib.common.rest_client [req-69c144cd-0fb5-4d93-b69e-2f1db3a2bff0 req-69c144cd-0fb5-4d93-b69e-2f1db3a2bff0 ] Request (ServerAddressesNegativeTestJSON:setUpClass): 200 GET http://10.180.1.21/compute/v2.1/servers/6904c61d-e1d4-4da5-9584-eea5b1b4f17d 0.547s
2025-11-23 03:01:41.142 67536 INFO tempest.lib.common.rest_client [req-08cdd8f8-cad9-46ce-b7df-12984ace4c08 req-08cdd8f8-cad9-46ce-b7df-12984ace4c08 ] Request (AttachInterfacesTestJSON:test_create_list_show_delete_interfaces_by_fixed_ip): 200 GET http://10.180.1.21/compute/v2.1/servers/e364ff57-edf9-4ad5-afc5-ea6f519c1b40 0.557s
2025-11-23 03:01:41.177 67590 INFO tempest.lib.common.rest_client [req-2d5053e0-09e8-4d52-8632-38df7f2d4b66 req-2d5053e0-09e8-4d52-8632-38df7f2d4b66 ] Request (ImagesOneServerNegativeTestJSON:_run_cleanups): 200 GET http://10.180.1.21/compute/v2.1/servers/d32661f5-7eb0-4748-824c-454d70d31af2 0.366s
2025-11-23 03:01:41.191 67586 INFO tempest.lib.common.rest_client [req-fb6be051-5e7d-41ad-80b1-2f9186212b7c req-fb6be051-5e7d-41ad-80b1-2f9186212b7c ] Request (ServerDiskConfigTestJSON:test_rebuild_server_with_manual_disk_config): 200 GET http://10.180.1.21/compute/v2.1/servers/a80a0db1-3ac0-4c87-979e-541d0aa623d5 0.056s
2025-11-23 03:01:41.224 67530 INFO tempest.lib.common.rest_client [req-cccd0108-e56b-46d9-987e-1583dfbcc39b req-cccd0108-e56b-46d9-987e-1583dfbcc39b ] Request (ServersTestMultiNic:test_verify_multiple_nics_order): 200 GET http://10.180.1.21/compute/v2.1/servers/d9e00ef1-f6af-4b14-a74c-cef405582a9b 0.075s
2025-11-23 03:01:41.333 67548 INFO tempest.lib.common.rest_client [req-a9e9f05d-06c6-4a26-b07f-51c35d47b528 req-a9e9f05d-06c6-4a26-b07f-51c35d47b528 ] Request (ServersV294TestFqdnHostnames:tearDownClass): 200 GET http://10.180.1.21/compute/v2.1/servers/1acbaf9e-3972-48de-af17-359e9cbdb8d7 0.067s
2025-11-23 03:01:41.351 67534 INFO tempest.lib.common.rest_client [req-bbea84cb-abe4-4f6d-95ae-d26a115dcb10 req-bbea84cb-abe4-4f6d-95ae-d26a115dcb10 ] Request (InstanceActionsNegativeTestJSON:tearDownClass): 200 GET http://10.180.1.21/compute/v2.1/servers/f3e1809d-a0b8-4d4a-84dc-66f1097ba937 0.074s
2025-11-23 03:01:41.359 67534 INFO tempest.common.waiters [-] State transition "ACTIVE/deleting" ==> "DELETED/None" after 4 second wait
2025-11-23 03:01:41.384 67544 INFO tempest.lib.common.rest_client [req-89a1860c-38d7-4899-a6a2-a367e9c9bf76 req-89a1860c-38d7-4899-a6a2-a367e9c9bf76 ] Request (MigrationsAdminTest:test_resize_server_revert_deleted_flavor): 200 GET http://10.180.1.21/compute/v2.1/servers/cabcae08-af17-4ff4-9d17-00663afe659c 0.052s
2025-11-23 03:01:41.404 67554 INFO tempest.lib.common.rest_client [req-ea165cd1-a325-47d2-9331-06b2e6906aea req-ea165cd1-a325-47d2-9331-06b2e6906aea ] Request (InstanceActionsTestJSON:setUpClass): 200 GET http://10.180.1.21/compute/v2.1/servers/e7423c39-2dd4-429d-963c-9829b9473ee9 0.070s
2025-11-23 03:01:41.448 67552 INFO tempest.lib.common.rest_client [req-13ce92e9-356b-4758-af97-287ec3af3c36 req-13ce92e9-356b-4758-af97-287ec3af3c36 ] Request (FloatingIPsAssociationTestJSON:test_associate_already_associated_floating_ip): 200 GET http://10.180.1.21/compute/v2.1/servers/0548e6b6-90f0-4f4a-b656-a06e58fe71de 0.056s
2025-11-23 03:01:41.463 67572 INFO tempest.lib.common.rest_client [req-067bb7c4-81b6-4164-ad1f-db83bb4bb9cb req-067bb7c4-81b6-4164-ad1f-db83bb4bb9cb ] Request (ServerTagsTestJSON:setUpClass): 200 GET http://10.180.1.21/compute/v2.1/servers/523b1e2c-c93f-4d0f-9375-ffd8ff2cb443 0.067s
2025-11-23 03:01:41.538 67584 INFO tempest.lib.common.rest_client [req-74a61c1c-9508-4b08-8e02-36bf767e370d req-74a61c1c-9508-4b08-8e02-36bf767e370d ] Request (ServerAddressesTestJSON:tearDownClass): 200 GET http://10.180.1.21/compute/v2.1/servers/3ebeaeb4-baa4-4d69-b3bc-c50c18dd48e1 0.076s
2025-11-23 03:01:41.558 67588 INFO tempest.lib.common.rest_client [req-f6cea14d-df61-4f61-bb62-91410ea99962 req-f6cea14d-df61-4f61-bb62-91410ea99962 ] Request (ServersListShow298Test:tearDownClass): 200 GET http://10.180.1.21/compute/v2.1/servers/461c11cd-056f-40cb-bdd5-e21d0079531e 0.082s
2025-11-23 03:01:41.631 67538 INFO tempest.lib.common.rest_client [req-0ff5156f-741e-478c-99e6-31ad8712ccce req-0ff5156f-741e-478c-99e6-31ad8712ccce ] Request (SecurityGroupsTestJSON:test_server_security_groups): 200 GET http://10.180.1.21/compute/v2.1/servers/6ff358b7-f2aa-4e0f-bc2f-b2e7b685aa6b 0.093s
2025-11-23 03:01:41.705 67546 INFO tempest.lib.common.rest_client [req-748c3bdd-128f-4943-84af-92d83fcb886c req-748c3bdd-128f-4943-84af-92d83fcb886c ] Request (ListServerFiltersTestJSON:tearDownClass): 200 GET http://10.180.1.21/compute/v2.1/servers/4e5a0fbb-35bb-4ad4-9f24-87ec9a3520a0 0.093s
2025-11-23 03:01:41.764 67532 INFO tempest.lib.common.rest_client [req-03d416dc-9212-4d6a-8e33-c610d567372c req-03d416dc-9212-4d6a-8e33-c610d567372c ] Request (ServersAdminTestJSON:test_rebuild_server_in_error_state): 200 GET http://10.180.1.21/compute/v2.1/servers/c62d675a-8676-4dde-a876-e20e73a67a1c 0.177s
2025-11-23 03:01:41.774 67570 INFO tempest.lib.common.rest_client [req-d6d0733a-2f47-4e5d-8c38-01a23ae551bc req-d6d0733a-2f47-4e5d-8c38-01a23ae551bc ] Request (VolumesAssistedSnapshotsTest:tearDownClass): 200 GET http://10.180.1.21/compute/v2.1/servers/34665307-343f-43a4-a6da-140a9be93b11 0.094s
2025-11-23 03:01:41.826 67580 INFO tempest.lib.common.rest_client [req-1645e9b0-f916-4b54-84fe-6568347a28f2 req-1645e9b0-f916-4b54-84fe-6568347a28f2 ] Request (AttachInterfacesUnderV243Test:_run_cleanups): 200 GET http://10.180.1.21/compute/v2.1/servers/477ee93b-fc99-415c-a6c8-496796072b85 0.135s
2025-11-23 03:01:41.831 67542 INFO tempest.lib.common.rest_client [req-089e2b37-2d78-4407-a08d-d72366edc402 req-089e2b37-2d78-4407-a08d-d72366edc402 ] Request (ServerMetadataTestJSON:setUpClass): 200 GET http://10.180.1.21/compute/v2.1/servers/bcce8183-bcc6-4368-afc5-0937109b3df0 0.084s
2025-11-23 03:01:41.833 67580 INFO tempest.common.waiters [-] State transition "ACTIVE/deleting" ==> "DELETED/None" after 5 second wait
2025-11-23 03:01:41.959 67564 INFO tempest.lib.common.rest_client [req-05e5d16c-7b2b-46da-81c5-e42da8db2230 req-05e5d16c-7b2b-46da-81c5-e42da8db2230 ] Request (DeleteServersTestJSON:test_delete_active_server): 200 GET http://10.180.1.21/compute/v2.1/servers/b6b5dab8-6446-42c0-8a5f-01d14d77b78e 0.106s
2025-11-23 03:01:41.979 67574 WARNING tempest.lib.common.ssh [-] Failed to establish authenticated ssh connection to cirros@10.180.180.164 ([Errno None] Unable to connect to port 22 on 10.180.180.164). Number attempts: 5. Retry after 6 seconds.: paramiko.ssh_exception.NoValidConnectionsError: [Errno None] Unable to connect to port 22 on 10.180.180.164
2025-11-23 03:01:42.005 67528 INFO tempest.lib.common.rest_client [req-eb9ed597-3987-4cf4-b1da-7fe11f1d4eb2 req-eb9ed597-3987-4cf4-b1da-7fe11f1d4eb2 ] Request (ServersNegativeTestJSON:setUpClass): 200 GET http://10.180.1.21/compute/v2.1/servers/b67ecda8-5f69-40f3-8bc0-fef3333dc29e 0.130s
2025-11-23 03:01:42.029 67558 INFO tempest.lib.common.rest_client [req-24de8536-3a68-439a-8a35-abff38ecde20 req-24de8536-3a68-439a-8a35-abff38ecde20 ] Request (ServersListShow296Test:tearDownClass): 200 GET http://10.180.1.21/compute/v2.1/servers/9c7df655-c49f-45c0-8c67-73d9259ddeaa 0.096s
2025-11-23 03:01:42.039 67558 INFO tempest.common.waiters [-] State transition "ACTIVE/deleting" ==> "DELETED/None" after 6 second wait
2025-11-23 03:01:42.066 67560 INFO tempest.lib.common.rest_client [req-6761eda6-c08b-4be1-858e-bb4fad20a4d6 req-6761eda6-c08b-4be1-858e-bb4fad20a4d6 ] Request (ServersListShow2100Test:test_list_show_rebuild_update_server_2100): 200 GET http://10.180.1.21/compute/v2.1/servers/b0bbdb2d-beed-4386-bf9a-adcb21eb433c 0.107s
2025-11-23 03:01:42.078 67560 INFO tempest.common.waiters [-] State transition "BUILD/spawning" ==> "ACTIVE/None" after 35 second wait
2025-11-23 03:01:42.087 67576 INFO tempest.lib.common.rest_client [req-9a2585ab-daec-489f-bc4c-596cc6e85b81 req-9a2585ab-daec-489f-bc4c-596cc6e85b81 ] Request (ServerRescueTestJSONUnderV235:tearDownClass): 200 GET http://10.180.1.21/compute/v2.1/servers/c826d66f-3ddc-4cf7-9474-5050ea12536b 0.073s
2025-11-23 03:01:42.094 67576 INFO tempest.common.waiters [-] State transition "RESCUE/deleting" ==> "DELETED/None" after 6 second wait
2025-11-23 03:01:42.122 67566 INFO tempest.lib.common.rest_client [req-bed79f58-810a-4cbe-82e8-572fc2508b3b req-bed79f58-810a-4cbe-82e8-572fc2508b3b ] Request (ServerActionsTestOtherB:setUpClass): 200 GET http://10.180.1.21/compute/v2.1/servers/e734f3a9-8d32-481a-8fba-8009b36f728f 0.053s
2025-11-23 03:01:42.174 67560 INFO tempest.lib.common.rest_client [req-7d75f81f-175b-4316-a63a-621a89393e11 req-7d75f81f-175b-4316-a63a-621a89393e11 ] Request (ServersListShow2100Test:test_list_show_rebuild_update_server_2100): 200 GET http://10.180.1.21/compute/v2.1/servers/detail 0.096s
2025-11-23 03:01:42.214 67556 INFO tempest.lib.common.rest_client [req-78c5ea93-7ae3-48fd-a15f-a9d98bb16329 req-78c5ea93-7ae3-48fd-a15f-a9d98bb16329 ] Request (ImagesTestJSON:test_create_image_from_suspended_server): 200 GET http://10.180.1.21/compute/v2.1/servers/f765b8d4-90c2-45b1-99c7-a6e89c7a71bd 0.118s
2025-11-23 03:01:42.221 67550 INFO tempest.lib.common.rest_client [req-047f2ca4-dc6a-4073-bc32-df2e06d48057 req-047f2ca4-dc6a-4073-bc32-df2e06d48057 ] Request (ServerAddressesNegativeTestJSON:setUpClass): 200 GET http://10.180.1.21/compute/v2.1/servers/6904c61d-e1d4-4da5-9584-eea5b1b4f17d 0.086s
2025-11-23 03:01:42.222 67556 INFO tempest.common.waiters [-] State transition "BUILD/spawning" ==> "ACTIVE/None" after 44 second wait
2025-11-23 03:01:42.265 67536 INFO tempest.lib.common.rest_client [req-de1c976b-9107-4026-8ae1-906fac7118a6 req-de1c976b-9107-4026-8ae1-906fac7118a6 ] Request (AttachInterfacesTestJSON:test_create_list_show_delete_interfaces_by_fixed_ip): 200 GET http://10.180.1.21/compute/v2.1/servers/e364ff57-edf9-4ad5-afc5-ea6f519c1b40 0.115s
2025-11-23 03:01:42.307 67560 INFO tempest.lib.common.rest_client [req-422e8783-e194-40df-b0e0-e1b726a6b7c0 req-422e8783-e194-40df-b0e0-e1b726a6b7c0 ] Request (ServersListShow2100Test:test_list_show_rebuild_update_server_2100): 200 GET http://10.180.1.21/compute/v2.1/servers/b0bbdb2d-beed-4386-bf9a-adcb21eb433c 0.120s
2025-11-23 03:01:42.315 67590 INFO tempest.lib.common.rest_client [req-1a9c9db1-8993-44b3-adeb-9516ca2b86b7 req-1a9c9db1-8993-44b3-adeb-9516ca2b86b7 ] Request (ImagesOneServerNegativeTestJSON:_run_cleanups): 200 GET http://10.180.1.21/compute/v2.1/servers/d32661f5-7eb0-4748-824c-454d70d31af2 0.128s
2025-11-23 03:01:42.355 67586 INFO tempest.lib.common.rest_client [req-c57176bc-2b1b-4f00-b9cc-eefccd6f49fa req-c57176bc-2b1b-4f00-b9cc-eefccd6f49fa ] Request (ServerDiskConfigTestJSON:test_rebuild_server_with_manual_disk_config): 200 GET http://10.180.1.21/compute/v2.1/servers/a80a0db1-3ac0-4c87-979e-541d0aa623d5 0.157s
2025-11-23 03:01:42.400 67556 INFO tempest.lib.common.rest_client [req-f780ab11-a8e8-4e69-aa3b-91086d86f801 req-f780ab11-a8e8-4e69-aa3b-91086d86f801 ] Request (ImagesTestJSON:test_create_image_from_suspended_server): 202 POST http://10.180.1.21/compute/v2.1/servers/f765b8d4-90c2-45b1-99c7-a6e89c7a71bd/action 0.177s
2025-11-23 03:01:42.406 67530 INFO tempest.lib.common.rest_client [req-9642f5f8-61dc-4c48-9c29-474eac8fa911 req-9642f5f8-61dc-4c48-9c29-474eac8fa911 ] Request (ServersTestMultiNic:test_verify_multiple_nics_order): 200 GET http://10.180.1.21/compute/v2.1/servers/d9e00ef1-f6af-4b14-a74c-cef405582a9b 0.175s
2025-11-23 03:01:42.428 67548 INFO tempest.lib.common.rest_client [req-c2415e64-3254-4e45-b40e-eae8bdf367c7 req-c2415e64-3254-4e45-b40e-eae8bdf367c7 ] Request (ServersV294TestFqdnHostnames:tearDownClass): 404 GET http://10.180.1.21/compute/v2.1/servers/1acbaf9e-3972-48de-af17-359e9cbdb8d7 0.084s
2025-11-23 03:01:42.472 67560 INFO tempest.lib.common.rest_client [req-0bdab17a-8bdc-4f16-a7e4-963c04f9f628 req-0bdab17a-8bdc-4f16-a7e4-963c04f9f628 ] Request (ServersListShow2100Test:test_list_show_rebuild_update_server_2100): 200 PUT http://10.180.1.21/compute/v2.1/servers/b0bbdb2d-beed-4386-bf9a-adcb21eb433c 0.154s
2025-11-23 03:01:42.486 67534 INFO tempest.lib.common.rest_client [req-e4b8c360-0aec-4454-8097-7698174bc726 req-e4b8c360-0aec-4454-8097-7698174bc726 ] Request (InstanceActionsNegativeTestJSON:tearDownClass): 200 GET http://10.180.1.21/compute/v2.1/servers/f3e1809d-a0b8-4d4a-84dc-66f1097ba937 0.126s
2025-11-23 03:01:42.520 67544 INFO tempest.lib.common.rest_client [req-679d384e-0ab3-4479-896a-7ada0e17dce9 req-679d384e-0ab3-4479-896a-7ada0e17dce9 ] Request (MigrationsAdminTest:test_resize_server_revert_deleted_flavor): 200 GET http://10.180.1.21/compute/v2.1/servers/cabcae08-af17-4ff4-9d17-00663afe659c 0.128s
2025-11-23 03:01:42.583 67554 INFO tempest.lib.common.rest_client [req-2e7cd920-2248-44c3-8d2a-f94428ad7a99 req-2e7cd920-2248-44c3-8d2a-f94428ad7a99 ] Request (InstanceActionsTestJSON:setUpClass): 200 GET http://10.180.1.21/compute/v2.1/servers/e7423c39-2dd4-429d-963c-9829b9473ee9 0.171s
2025-11-23 03:01:42.601 67556 INFO tempest.lib.common.rest_client [req-23016c03-6a61-4dcf-b8e3-a6108b605280 req-23016c03-6a61-4dcf-b8e3-a6108b605280 ] Request (ImagesTestJSON:test_create_image_from_suspended_server): 200 GET http://10.180.1.21/compute/v2.1/servers/f765b8d4-90c2-45b1-99c7-a6e89c7a71bd 0.201s
2025-11-23 03:01:42.609 67548 INFO tempest.lib.common.rest_client [req-9eb91ad6-d9a5-49e6-8328-12458cc41c9e req-9eb91ad6-d9a5-49e6-8328-12458cc41c9e ] Request (ServersV294TestFqdnHostnames:tearDownClass): 204 DELETE http://10.180.1.21/compute/v2.1/os-keypairs/tempest-keypair-747550443 0.180s
