2025-12-09 02:17:22.070 65514 INFO tempest.lib.common.rest_client [req-85450ad3-a62d-4c42-96b1-c2612e1176b4 req-85450ad3-a62d-4c42-96b1-c2612e1176b4 ] Request (SecurityGroupsTestJSON:test_security_group_create_get_delete): 202 DELETE http://10.180.1.21/compute/v2.1/os-security-groups/d1130dbc-0d39-4e85-ba35-60e5b9be8dd8 2.084s
2025-12-09 02:17:22.087 65506 INFO tempest.lib.common.rest_client [req-453b3b10-7bdc-4bbd-a50f-b3c499fa1ff2 req-453b3b10-7bdc-4bbd-a50f-b3c499fa1ff2 ] Request (KeyPairsV2TestJSON:_run_cleanups): 202 DELETE http://10.180.1.21/compute/v2.1/os-keypairs/tempest-KeyPairsV2TestJSON-keypair-1541782595 2.084s
2025-12-09 02:17:22.111 65518 INFO tempest.lib.common.rest_client [req-80d57415-375f-44ff-bdb2-a6de2ca4f10a req-80d57415-375f-44ff-bdb2-a6de2ca4f10a ] Request (ServerDiagnosticsNegativeTest:tearDownClass): 200 GET http://10.180.1.21/compute/v2.1/servers/8147c74d-d9a9-49eb-9bac-8e933aaba3f5 2.182s
2025-12-09 02:17:22.113 65520 INFO tempest.lib.common.rest_client [req-3d057182-3f47-4581-9632-95cae6014825 req-3d057182-3f47-4581-9632-95cae6014825 ] Request (ImagesOneServerTestJSON:test_create_delete_image): 404 GET http://10.180.1.21/compute/v2.1/images/89bc624b-107b-4164-a9d7-6982050547d2 1.958s
2025-12-09 02:17:22.223 65522 WARNING tempest.lib.common.ssh [-] Failed to establish authenticated ssh connection to cirros@10.180.180.130 ([Errno None] Unable to connect to port 22 on 10.180.180.130). Number attempts: 3. Retry after 4 seconds.: paramiko.ssh_exception.NoValidConnectionsError: [Errno None] Unable to connect to port 22 on 10.180.180.130
2025-12-09 02:17:22.224 65526 INFO tempest.lib.common.rest_client [req-3a4eb039-526c-49ef-b100-450e4bb21027 req-3a4eb039-526c-49ef-b100-450e4bb21027 ] Request (TenantUsagesNegativeTestJSON:test_get_usage_tenant_with_empty_tenant_id): 404 GET http://10.180.1.21/compute/v2.1/os-simple-tenant-usage/?start=2025-12-08T02%3A17%3A20.556462&end=2025-12-10T02%3A17%3A20.556462 1.667s
2025-12-09 02:17:22.226 65526 WARNING tempest.lib.common.rest_client [-] Deprecated: "tenant_id" property is deprecated for removal, use "project_id" instead
2025-12-09 02:17:22.233 65506 INFO tempest.lib.common.rest_client [req-0fd9f690-513e-4198-bdcb-615b116cd37b req-0fd9f690-513e-4198-bdcb-615b116cd37b ] Request (KeyPairsV2TestJSON:tearDownClass): 204 DELETE http://10.180.1.21/identity/v3/users/ac44ff92b4b148d0afa8109de49c9013 0.144s
2025-12-09 02:17:22.233 65506 INFO tempest.lib.common.dynamic_creds [-] Deleting project and security group for project: 62c8d4924b924d9c997bdca8e27966ba
2025-12-09 02:17:22.302 65506 INFO tempest.lib.common.rest_client [req-da78f1a4-eb77-4d89-94bc-516ce9e77e49 req-da78f1a4-eb77-4d89-94bc-516ce9e77e49 ] Request (KeyPairsV2TestJSON:tearDownClass): 201 POST http://10.180.1.21/identity/v3/auth/tokens 0.068s
2025-12-09 02:17:22.419 65496 INFO tempest.lib.common.rest_client [req-d0fa0a4c-1c8a-4e05-93d1-dc4339e5751f req-d0fa0a4c-1c8a-4e05-93d1-dc4339e5751f ] Request (FlavorsV2NegativeTest:test_boot_with_low_ram): 201 POST http://10.180.1.21/image/v2/images 0.512s
2025-12-09 02:17:22.426 65524 INFO tempest.lib.common.rest_client [req-0686eab2-8275-42ae-ab72-9400a76e1efd req-0686eab2-8275-42ae-ab72-9400a76e1efd ] Request (ServersAdmin275Test:_run_cleanups): 200 GET http://10.180.1.21/compute/v2.1/servers/f6144ac9-aa7b-44db-a7ab-35916b84df27 1.893s
2025-12-09 02:17:22.710 65506 INFO tempest.lib.common.rest_client [req-0651950b-6523-4294-91d5-55993d3d0e94 req-0651950b-6523-4294-91d5-55993d3d0e94 ] Request (KeyPairsV2TestJSON:tearDownClass): 200 GET http://10.180.1.21/networking/v2.0/security-groups?tenant_id=62c8d4924b924d9c997bdca8e27966ba&name=default 0.407s
2025-12-09 02:17:22.779 65504 INFO tempest.lib.common.rest_client [req-6f408705-a85e-4860-a428-428e688e0707 req-6f408705-a85e-4860-a428-428e688e0707 ] Request (ServersWithSpecificFlavorTestJSON:test_verify_created_server_ephemeral_disk): 200 GET http://10.180.1.21/compute/v2.1/servers/a854ab5f-9a77-4e8e-b0b6-ab8d7cf03b7b 2.190s
2025-12-09 02:17:22.789 65504 INFO tempest.lib.common.ssh [-] Creating ssh connection to '10.180.180.203:22' as 'cirros' with public key authentication
2025-12-09 02:17:22.837 65528 INFO tempest.lib.common.rest_client [req-9964921f-7dcf-4a84-bfd2-fc6101207304 req-9964921f-7dcf-4a84-bfd2-fc6101207304 ] Request (MigrationsAdminTest:test_list_migrations_in_flavor_resize_situation): 200 GET http://10.180.1.21/compute/v2.1/servers/8a03585e-3181-40a6-a0d8-70493307a843 2.008s
2025-12-09 02:17:22.848 65528 INFO tempest.common.waiters [-] State transition "RESIZE/resize_migrated" ==> "RESIZE/resize_finish" after 32 second wait
2025-12-09 02:17:22.890 65506 INFO tempest.lib.common.rest_client [req-7edfb6ba-908e-41f7-8ef9-e348ccaeeff9 req-7edfb6ba-908e-41f7-8ef9-e348ccaeeff9 ] Request (KeyPairsV2TestJSON:tearDownClass): 204 DELETE http://10.180.1.21/networking/v2.0/security-groups/ca4718dc-759d-4512-81da-9a1161d12c9b 0.179s
2025-12-09 02:17:22.923 65486 INFO tempest.lib.common.rest_client [req-63ba0741-a6fa-4876-8a22-e96de0fdf557 req-63ba0741-a6fa-4876-8a22-e96de0fdf557 ] Request (FloatingIPsAssociationTestJSON:setUpClass): 200 GET http://10.180.1.21/compute/v2.1/servers/b00f9d12-387b-4d5c-af3d-af85311caafe 1.427s
2025-12-09 02:17:22.951 65472 INFO tempest.lib.common.rest_client [req-ee52237a-5c62-4c5a-891b-5de1f1042ca7 req-ee52237a-5c62-4c5a-891b-5de1f1042ca7 ] Request (KeyPairsNegativeTestJSON:test_create_keypair_invalid_name): 400 POST http://10.180.1.21/compute/v2.1/os-keypairs 1.628s
2025-12-09 02:17:23.018 65506 INFO tempest.lib.common.rest_client [req-288700cc-e454-471f-8b51-a949b6f5f3bf req-288700cc-e454-471f-8b51-a949b6f5f3bf ] Request (KeyPairsV2TestJSON:tearDownClass): 204 DELETE http://10.180.1.21/identity/v3/projects/62c8d4924b924d9c997bdca8e27966ba 0.127s
2025-12-09 02:17:23.073 65470 INFO tempest.lib.common.rest_client [req-4e341bc0-1fd7-4199-ac08-434fa7307a0a req-4e341bc0-1fd7-4199-ac08-434fa7307a0a ] Request (VolumesAdminNegativeTest:test_update_attached_volume_with_nonexistent_volume_in_uri): 200 GET http://10.180.1.21/compute/v2.1/servers/d84f9e1d-7cf0-46d7-bc08-5a0f4efa2b9e 1.408s
2025-12-09 02:17:23.088 65506 INFO tempest.lib.common.rest_client [req-8249c34e-d176-4c98-8227-9eddc21ec620 req-8249c34e-d176-4c98-8227-9eddc21ec620 ] Request (ServerGroup264TestJSON:setUpClass): 201 POST http://10.180.1.21/identity/v3/auth/tokens 0.065s
2025-12-09 02:17:23.147 65484 INFO tempest.lib.common.rest_client [req-7c251b55-2772-49c9-b397-6dbf374aaef6 req-7c251b55-2772-49c9-b397-6dbf374aaef6 ] Request (ServersV294TestFqdnHostnames:setUpClass): 200 GET http://10.180.1.21/compute/v2.1/servers/02f80911-ea50-46ec-98c1-4a9365162c34 1.479s
2025-12-09 02:17:23.154 65478 INFO tempest.lib.common.rest_client [req-8087ebf3-fcd6-4422-898b-466cb41ce48c req-8087ebf3-fcd6-4422-898b-466cb41ce48c ] Request (QuotasAdminNegativeTest:test_create_server_when_memory_quota_is_full): 200 GET http://10.180.1.21/compute/v2.1/os-quota-sets/c434a131b26c42f081c4398d2abc8b5f 1.627s
2025-12-09 02:17:23.165 65506 INFO tempest.lib.common.rest_client [req-58c823f2-a0c4-472f-ba3a-69f4b0357022 req-58c823f2-a0c4-472f-ba3a-69f4b0357022 ] Request (ServerGroup264TestJSON:setUpClass): 201 POST http://10.180.1.21/identity/v3/auth/tokens 0.074s
2025-12-09 02:17:23.177 65492 INFO tempest.lib.common.rest_client [req-18d51068-4b0a-4cf5-bfb1-dcf88f3f7216 req-18d51068-4b0a-4cf5-bfb1-dcf88f3f7216 ] Request (FlavorsAccessNegativeTestJSON:_run_cleanups): 200 GET http://10.180.1.21/compute/v2.1/flavors/detail 1.373s
2025-12-09 02:17:23.180 65488 INFO tempest.lib.common.rest_client [req-b5e7a59a-c60e-4bb5-a3cf-6fc7019110e0 req-b5e7a59a-c60e-4bb5-a3cf-6fc7019110e0 ] Request (SecurityGroupRulesNegativeTestJSON:test_create_security_group_rule_duplicate): 400 POST http://10.180.1.21/compute/v2.1/os-security-group-rules 1.424s
2025-12-09 02:17:23.189 65506 INFO tempest.lib.common.rest_client [req-52cf973d-7f87-488b-b492-4df1f0332c21 req-52cf973d-7f87-488b-b492-4df1f0332c21 ] Request (ServerGroup264TestJSON:setUpClass): 200 GET http://10.180.1.21/identity/v3/domains?name=Default 0.024s
2025-12-09 02:17:23.197 65476 INFO tempest.lib.common.rest_client [req-725735a2-dbea-4964-bc3e-80c993e54ebd req-725735a2-dbea-4964-bc3e-80c993e54ebd ] Request (FlavorsAdminTestJSON:test_create_server_with_non_public_flavor): 400 POST http://10.180.1.21/compute/v2.1/servers 1.366s
2025-12-09 02:17:23.224 65508 INFO tempest.lib.common.rest_client [req-103d46df-d8b7-4ade-9b89-cae450370059 req-103d46df-d8b7-4ade-9b89-cae450370059 ] Request (AggregatesAdminNegativeTestJSON:test_aggregate_get_details_as_user): 200 POST http://10.180.1.21/compute/v2.1/os-aggregates 1.385s
2025-12-09 02:17:23.225 65506 INFO tempest.lib.common.rest_client [req-7c253871-db1b-4415-8fd7-1836cc3f466e req-7c253871-db1b-4415-8fd7-1836cc3f466e ] Request (ServerGroup264TestJSON:setUpClass): 201 POST http://10.180.1.21/identity/v3/projects 0.035s
2025-12-09 02:17:23.249 65490 INFO tempest.lib.common.rest_client [req-aa0321ba-2f8e-49a1-8b97-fb9ca69334ef req-aa0321ba-2f8e-49a1-8b97-fb9ca69334ef ] Request (ServerAddressesNegativeTestJSON:tearDownClass): 200 GET http://10.180.1.21/compute/v2.1/servers/fe29d450-4c53-4c66-b441-15616971b2ca 1.438s
2025-12-09 02:17:23.304 65492 INFO tempest.lib.common.rest_client [req-e5f980c8-4c20-457c-baaf-30ea32a48680 req-e5f980c8-4c20-457c-baaf-30ea32a48680 ] Request (FlavorsAccessNegativeTestJSON:tearDownClass): 204 DELETE http://10.180.1.21/identity/v3/users/4ea2d3d62123448481d7ae3b22b6d020 0.120s
2025-12-09 02:17:23.356 65496 INFO tempest.lib.common.rest_client [req-5593ec1f-0de3-4c3b-9ad6-e0903fc279ed req-5593ec1f-0de3-4c3b-9ad6-e0903fc279ed ] Request (FlavorsV2NegativeTest:test_boot_with_low_ram): 204 PUT http://10.180.1.21/image/v2/images/f9a5fe79-dcb0-4584-a753-4680303060d4/file 0.936s
2025-12-09 02:17:23.380 65506 INFO tempest.lib.common.rest_client [req-eb4c4f58-d089-4c7f-bc5c-ca2c67b1bd04 req-eb4c4f58-d089-4c7f-bc5c-ca2c67b1bd04 ] Request (ServerGroup264TestJSON:setUpClass): 201 POST http://10.180.1.21/identity/v3/users 0.154s
2025-12-09 02:17:23.429 65468 INFO tempest.lib.common.rest_client [req-592c0b0d-8c45-4ac0-8a5b-986a29a9c531 req-592c0b0d-8c45-4ac0-8a5b-986a29a9c531 ] Request (ServerMetadataNegativeTestJSON:setUpClass): 200 GET http://10.180.1.21/compute/v2.1/servers/b486512c-2aa5-40b0-9f0d-b7a76974dc6e 1.551s
2025-12-09 02:17:23.443 65468 INFO tempest.common.waiters [-] State transition "BUILD/spawning" ==> "ACTIVE/None" after 35 second wait
2025-12-09 02:17:23.457 65480 INFO tempest.lib.common.rest_client [req-693f3614-e589-435e-b206-3ebcd1fd2e2f req-693f3614-e589-435e-b206-3ebcd1fd2e2f ] Request (ServersAdminNegativeTestJSON:test_migrate_server_invalid_state): 200 GET http://10.180.1.21/compute/v2.1/servers/14ca361f-e060-44b3-be62-bc4ccc65d15d 1.391s
2025-12-09 02:17:23.457 65514 INFO tempest.lib.common.rest_client [req-fb798576-2c06-4db1-9482-6195d7a1b36d req-fb798576-2c06-4db1-9482-6195d7a1b36d ] Request (SecurityGroupsTestJSON:test_security_group_create_get_delete): 404 GET http://10.180.1.21/compute/v2.1/os-security-groups/d1130dbc-0d39-4e85-ba35-60e5b9be8dd8 1.387s
2025-12-09 02:17:23.456 65496 INFO tempest.lib.common.rest_client [req-f523b0f9-9aff-4cd4-b1ec-e02500fe33d0 req-f523b0f9-9aff-4cd4-b1ec-e02500fe33d0 ] Request (FlavorsV2NegativeTest:test_boot_with_low_ram): 201 POST http://10.180.1.21/identity/v3/auth/tokens 0.094s
2025-12-09 02:17:23.460 65496 INFO tempest.lib.common.fixed_network [-] (FlavorsV2NegativeTest:test_boot_with_low_ram) Found network None available for tenant
2025-12-09 02:17:23.473 65480 INFO tempest.common.waiters [-] State transition "BUILD/block_device_mapping" ==> "BUILD/spawning" after 32 second wait
2025-12-09 02:17:23.490 65506 INFO tempest.lib.common.rest_client [req-fddafc20-2f32-4fd4-9733-46f66a358669 req-fddafc20-2f32-4fd4-9733-46f66a358669 ] Request (ServerGroup264TestJSON:setUpClass): 200 GET http://10.180.1.21/identity/v3/roles 0.109s
2025-12-09 02:17:23.552 65468 INFO tempest.lib.common.rest_client [req-ed292aab-4be9-4f3b-9eeb-cd3395373429 req-ed292aab-4be9-4f3b-9eeb-cd3395373429 ] Request (ServerMetadataNegativeTestJSON:test_create_server_metadata_blank_key): 201 POST http://10.180.1.21/identity/v3/auth/tokens 0.105s
2025-12-09 02:17:23.553 65468 INFO tempest.lib.common.fixed_network [-] (ServerMetadataNegativeTestJSON:test_create_server_metadata_blank_key) Found network {'id': 'b523acb5-11b3-4c16-be20-5988f17eb8e7', 'name': 'tempest-ServerMetadataNegativeTestJSON-394094702-network', 'tenant_id': 'ddf936fc8a8a4189ab014140accb8343', 'project_id': 'ddf936fc8a8a4189ab014140accb8343', 'admin_state_up': True, 'mtu': 8950, 'status': 'ACTIVE', 'subnets': [], 'shared': False, 'port_security_enabled': True, 'router:external': False, 'provider:network_type': 'vlan', 'provider:physical_network': 'default', 'provider:segmentation_id': 877, 'availability_zone_hints': [], 'availability_zones': [], 'ipv4_address_scope': None, 'ipv6_address_scope': None, 'description': '', 'tags': [], 'created_at': '2025-12-09T02:16:33Z', 'updated_at': '2025-12-09T02:16:33Z', 'revision_number': 1} available for tenant
2025-12-09 02:17:23.585 65506 INFO tempest.lib.common.rest_client [req-524d64ff-7680-42e7-baa4-56677587f89f req-524d64ff-7680-42e7-baa4-56677587f89f ] Request (ServerGroup264TestJSON:setUpClass): 204 PUT http://10.180.1.21/identity/v3/projects/425169d6bf0d49b795f3be8407bcb51e/users/205752dc64c4411092c81c6783824087/roles/3c51c47f0d684115bad614dd65bf0e29 0.095s
2025-12-09 02:17:23.586 65506 INFO tempest.lib.common.dynamic_creds [-] Dynamic test user 205752dc64c4411092c81c6783824087 is created with scope project and roles: ['member']
2025-12-09 02:17:23.586 65506 INFO tempest.lib.common.dynamic_creds [-] Acquired dynamic creds: credentials: Credentials: {'domain_id': 'default', 'domain_name': 'Default', 'username': 'tempest-ServerGroup264TestJSON-1900450178-project-member', 'project_domain_id': 'default', 'project_domain_name': 'Default', 'project_id': '425169d6bf0d49b795f3be8407bcb51e', 'project_name': 'tempest-ServerGroup264TestJSON-1900450178', 'tenant_id': '425169d6bf0d49b795f3be8407bcb51e', 'tenant_name': 'tempest-ServerGroup264TestJSON-1900450178', 'user_domain_id': 'default', 'user_domain_name': 'Default', 'user_id': '205752dc64c4411092c81c6783824087', 'system': None}, Network: None, Subnet: None, Router: None
2025-12-09 02:17:23.621 65494 INFO tempest.lib.common.rest_client [req-063396ae-a39b-46b5-af2b-e15681d50ad4 req-063396ae-a39b-46b5-af2b-e15681d50ad4 ] Request (ServersAdminTestJSON:setUpClass): 200 GET http://10.180.1.21/compute/v2.1/servers/9fedda89-4431-4ea1-9191-7950ccaddfe5 1.415s
2025-12-09 02:17:23.626 65492 INFO tempest.lib.common.rest_client [req-f8a86d29-59e3-4346-94f0-387910612707 req-f8a86d29-59e3-4346-94f0-387910612707 ] Request (FlavorsAccessNegativeTestJSON:tearDownClass): 204 DELETE http://10.180.1.21/identity/v3/users/a2dc3ac60d9449198a1d311c0d4181d7 0.322s
2025-12-09 02:17:23.686 65502 INFO tempest.lib.common.rest_client [req-68a5792f-0b2e-4f4f-a7bd-29018b705f97 req-68a5792f-0b2e-4f4f-a7bd-29018b705f97 ] Request (ListImageFiltersTestJSON:setUpClass): 200 GET http://10.180.1.21/compute/v2.1/servers/e5f3ccda-fa2e-4e48-b8ee-3296218319fd 1.466s
2025-12-09 02:17:23.687 65506 INFO tempest.lib.common.rest_client [req-174f8d14-0840-4a39-aae3-a0fcfc69d921 req-174f8d14-0840-4a39-aae3-a0fcfc69d921 ] Request (ServerGroup264TestJSON:setUpClass): 201 POST http://10.180.1.21/identity/v3/auth/tokens 0.101s
2025-12-09 02:17:23.694 65526 INFO tempest.lib.common.rest_client [req-26cd490f-63a3-4e52-a764-ca57864d5428 req-26cd490f-63a3-4e52-a764-ca57864d5428 ] Request (TenantUsagesNegativeTestJSON:test_get_usage_tenant_with_invalid_date): 400 GET http://10.180.1.21/compute/v2.1/os-simple-tenant-usage/ed181c1187b64269aff7be56ed0f7b4d?start=2025-12-10T02%3A17%3A20.556462&end=2025-12-08T02%3A17%3A20.556462 1.468s
2025-12-09 02:17:23.755 65492 INFO tempest.lib.common.rest_client [req-3d5c68c6-cd02-4a59-b24a-1454d66cdbd4 req-3d5c68c6-cd02-4a59-b24a-1454d66cdbd4 ] Request (FlavorsAccessNegativeTestJSON:tearDownClass): 204 DELETE http://10.180.1.21/identity/v3/users/34e72ecf4c6f429ab844c24630fb7e04 0.129s
2025-12-09 02:17:23.756 65492 INFO tempest.lib.common.dynamic_creds [-] Deleting project and security group for project: f506e196e39d4c4d8aed75eb7e467155
2025-12-09 02:17:23.903 65492 INFO tempest.lib.common.rest_client [req-9491570a-ec69-4c08-8722-11123bf94d6a req-9491570a-ec69-4c08-8722-11123bf94d6a ] Request (FlavorsAccessNegativeTestJSON:tearDownClass): 201 POST http://10.180.1.21/identity/v3/auth/tokens 0.147s
2025-12-09 02:17:24.099 65520 INFO tempest.lib.common.rest_client [req-f8b44709-d0be-47de-aefe-a4441714bf5e req-f8b44709-d0be-47de-aefe-a4441714bf5e ] Request (ImagesOneServerTestJSON:test_create_image_specify_multibyte_character_image_name): 202 POST http://10.180.1.21/compute/v2.1/servers/4252050f-7399-4b4a-a142-19201002639d/action 1.983s
2025-12-09 02:17:24.511 65506 INFO tempest.lib.common.rest_client [req-077fe139-366a-4c05-9752-a99afc4b1fa6 req-077fe139-366a-4c05-9752-a99afc4b1fa6 ] Request (ServerGroup264TestJSON:setUpClass): 201 POST http://10.180.1.21/networking/v2.0/networks 0.824s
2025-12-09 02:17:24.698 65492 INFO tempest.lib.common.rest_client [req-57c2f199-6a28-4d6e-911a-8f222b245f06 req-57c2f199-6a28-4d6e-911a-8f222b245f06 ] Request (FlavorsAccessNegativeTestJSON:tearDownClass): 200 GET http://10.180.1.21/networking/v2.0/security-groups?tenant_id=f506e196e39d4c4d8aed75eb7e467155&name=default 0.794s
2025-12-09 02:17:24.753 65516 INFO tempest.lib.common.rest_client [req-f6539d9a-d1a7-4e4e-b71b-6afc31669433 req-f6539d9a-d1a7-4e4e-b71b-6afc31669433 ] Request (ServersTestMultiNic:_run_cleanups): 200 GET http://10.180.1.21/compute/v2.1/servers/248e565c-0919-4a26-87fa-a1120ac30752 2.394s
2025-12-09 02:17:24.902 65506 INFO tempest.lib.common.rest_client [req-a39c054b-550a-4371-b246-3320031da629 req-a39c054b-550a-4371-b246-3320031da629 ] Request (ServerGroup264TestJSON:setUpClass): 201 POST http://10.180.1.21/networking/v2.0/subnets 0.390s
2025-12-09 02:17:24.940 65498 INFO tempest.lib.common.rest_client [req-589c76ee-1a75-483c-90ba-20099e4442a6 req-589c76ee-1a75-483c-90ba-20099e4442a6 ] Request (DeleteServersAdminTestJSON:test_delete_server_while_in_error_state): 200 GET http://10.180.1.21/compute/v2.1/servers/a78f6b54-f5f2-4b33-b4e9-c8bb22924973 2.602s
2025-12-09 02:17:24.951 65498 INFO tempest.common.waiters [-] State transition "BUILD/None" ==> "BUILD/block_device_mapping" after 32 second wait
2025-12-09 02:17:25.044 65510 INFO tempest.lib.common.rest_client [req-38316ee8-379d-4f21-b7f4-7ce230d77a07 req-38316ee8-379d-4f21-b7f4-7ce230d77a07 ] Request (ServerDiagnosticsTest:tearDownClass): 200 GET http://10.180.1.21/compute/v2.1/servers/dde4163f-c966-45a0-94bd-dae5fb6c0409 2.419s
2025-12-09 02:17:25.055 65492 INFO tempest.lib.common.rest_client [req-cdfbbc85-a7ff-4f35-b359-498edd4a3ade req-cdfbbc85-a7ff-4f35-b359-498edd4a3ade ] Request (FlavorsAccessNegativeTestJSON:tearDownClass): 204 DELETE http://10.180.1.21/networking/v2.0/security-groups/168254a4-413e-429c-be80-9b0dc2006a4d 0.356s
2025-12-09 02:17:25.134 65482 INFO tempest.lib.common.rest_client [req-c34cb12d-eda9-4cdb-8c2a-3a3684109d24 req-c34cb12d-eda9-4cdb-8c2a-3a3684109d24 ] Request (ImagesTestJSON:test_create_image_from_suspended_server): 200 GET http://10.180.1.21/compute/v2.1/servers/8a8071a3-00bf-493b-92f6-71f89a3b4435 2.499s
2025-12-09 02:17:25.168 65492 INFO tempest.lib.common.rest_client [req-7987d566-1929-4d2b-8207-7f4ef4c93137 req-7987d566-1929-4d2b-8207-7f4ef4c93137 ] Request (FlavorsAccessNegativeTestJSON:tearDownClass): 204 DELETE http://10.180.1.21/identity/v3/projects/f506e196e39d4c4d8aed75eb7e467155 0.113s
2025-12-09 02:17:25.169 65492 INFO tempest.lib.common.dynamic_creds [-] Deleting project and security group for project: f8ccb661de04483cb3a403f01d833c73
2025-12-09 02:17:25.204 65474 INFO tempest.lib.common.rest_client [req-a2d8120d-8036-4e2b-8c6d-822fb4966ddf req-a2d8120d-8036-4e2b-8c6d-822fb4966ddf ] Request (ImagesNegativeTestJSON:test_create_image_from_deleted_server): 200 GET http://10.180.1.21/compute/v2.1/servers/ac9e1a32-9b97-4fc2-8472-8841a8103cdd 2.422s
2025-12-09 02:17:25.212 65474 INFO tempest.common.waiters [-] State transition "ACTIVE/deleting" ==> "DELETED/None" after 4 second wait
2025-12-09 02:17:25.237 65472 INFO tempest.lib.common.rest_client [req-52636b1c-f6dc-47b1-8272-e9ce61fc77c1 req-52636b1c-f6dc-47b1-8272-e9ce61fc77c1 ] Request (KeyPairsNegativeTestJSON:test_create_keypair_when_public_key_bits_exceeds_maximum): 400 POST http://10.180.1.21/compute/v2.1/os-keypairs 2.284s
2025-12-09 02:17:25.333 65492 INFO tempest.lib.common.rest_client [req-513f9980-f5b4-40d7-936a-2e427c0f2afa req-513f9980-f5b4-40d7-936a-2e427c0f2afa ] Request (FlavorsAccessNegativeTestJSON:tearDownClass): 200 GET http://10.180.1.21/networking/v2.0/security-groups?tenant_id=f8ccb661de04483cb3a403f01d833c73&name=default 0.164s
2025-12-09 02:17:25.353 65500 INFO tempest.lib.common.rest_client [req-7ccaad75-98bd-4f8c-82e2-bf0dc12a4d4b req-7ccaad75-98bd-4f8c-82e2-bf0dc12a4d4b ] Request (FloatingIPsAssociationNegativeTestJSON:setUpClass): 200 GET http://10.180.1.21/compute/v2.1/servers/7670e201-4962-4373-9abc-079f00dafd91 2.444s
2025-12-09 02:17:25.438 65518 INFO tempest.lib.common.rest_client [req-7f13be34-4d01-4886-a2a6-cacbda598d14 req-7f13be34-4d01-4886-a2a6-cacbda598d14 ] Request (ServerDiagnosticsNegativeTest:tearDownClass): 200 GET http://10.180.1.21/compute/v2.1/servers/8147c74d-d9a9-49eb-9bac-8e933aaba3f5 2.316s
2025-12-09 02:17:25.445 65518 INFO tempest.common.waiters [-] State transition "ACTIVE/deleting" ==> "DELETED/None" after 3 second wait
2025-12-09 02:17:25.539 65478 INFO tempest.lib.common.rest_client [req-b6e963a2-b9e0-458a-8675-7c0742d89d70 req-b6e963a2-b9e0-458a-8675-7c0742d89d70 ] Request (QuotasAdminNegativeTest:test_create_server_when_memory_quota_is_full): 200 PUT http://10.180.1.21/compute/v2.1/os-quota-sets/c434a131b26c42f081c4398d2abc8b5f 2.382s
2025-12-09 02:17:25.546 65492 INFO tempest.lib.common.rest_client [req-bde851aa-9e57-4fc0-801d-33372880b77d req-bde851aa-9e57-4fc0-801d-33372880b77d ] Request (FlavorsAccessNegativeTestJSON:tearDownClass): 204 DELETE http://10.180.1.21/networking/v2.0/security-groups/bb947c03-1495-4143-9e44-99fd1fa0db19 0.212s
2025-12-09 02:17:25.566 65476 INFO tempest.lib.common.rest_client [req-2afaf965-560c-4103-b7f9-d19f83afbe59 req-2afaf965-560c-4103-b7f9-d19f83afbe59 ] Request (FlavorsAdminTestJSON:_run_cleanups): 202 DELETE http://10.180.1.21/compute/v2.1/flavors/776457293 2.368s
2025-12-09 02:17:25.571 65508 INFO tempest.lib.common.rest_client [req-f77a9ff4-eba3-48fb-b717-9e73ca1974e4 req-f77a9ff4-eba3-48fb-b717-9e73ca1974e4 ] Request (AggregatesAdminNegativeTestJSON:test_aggregate_get_details_as_user): 403 GET http://10.180.1.21/compute/v2.1/os-aggregates/6 2.344s
2025-12-09 02:17:25.633 65478 INFO tempest.lib.common.rest_client [req-c719677e-2e4b-4dda-a912-df4670d69b98 req-c719677e-2e4b-4dda-a912-df4670d69b98 ] Request (QuotasAdminNegativeTest:test_create_server_when_memory_quota_is_full): 201 POST http://10.180.1.21/identity/v3/auth/tokens 0.082s
2025-12-09 02:17:25.634 65478 INFO tempest.lib.common.fixed_network [-] (QuotasAdminNegativeTest:test_create_server_when_memory_quota_is_full) Found network None available for tenant
2025-12-09 02:17:25.697 65492 INFO tempest.lib.common.rest_client [req-e92488c9-a1ef-453d-b208-c70c686a49e0 req-e92488c9-a1ef-453d-b208-c70c686a49e0 ] Request (FlavorsAccessNegativeTestJSON:tearDownClass): 204 DELETE http://10.180.1.21/identity/v3/projects/f8ccb661de04483cb3a403f01d833c73 0.151s
2025-12-09 02:17:25.698 65492 INFO tempest.lib.common.dynamic_creds [-] Deleting project and security group for project: 171ebbc6cf9b4c06af5c173aebecfe72
2025-12-09 02:17:25.719 65524 INFO tempest.lib.common.rest_client [req-562dc47a-6551-4a1b-9ec0-479429182858 req-562dc47a-6551-4a1b-9ec0-479429182858 ] Request (ServersAdmin275Test:_run_cleanups): 200 GET http://10.180.1.21/compute/v2.1/servers/f6144ac9-aa7b-44db-a7ab-35916b84df27 2.274s
2025-12-09 02:17:25.729 65524 INFO tempest.common.waiters [-] State transition "REBUILD/rebuilding" ==> "REBUILD/rebuild_spawning" after 3 second wait
2025-12-09 02:17:25.817 65506 INFO tempest.lib.common.rest_client [req-7cb2e38a-909d-4aca-8deb-1ecaeae21afb req-7cb2e38a-909d-4aca-8deb-1ecaeae21afb ] Request (ServerGroup264TestJSON:setUpClass): 201 POST http://10.180.1.21/networking/v2.0/routers 0.914s
2025-12-09 02:17:25.892 65492 INFO tempest.lib.common.rest_client [req-5b9102b5-2b0c-40dd-ae86-51e5a008aa15 req-5b9102b5-2b0c-40dd-ae86-51e5a008aa15 ] Request (FlavorsAccessNegativeTestJSON:tearDownClass): 200 GET http://10.180.1.21/networking/v2.0/security-groups?tenant_id=171ebbc6cf9b4c06af5c173aebecfe72&name=default 0.194s
2025-12-09 02:17:25.909 65514 INFO tempest.lib.common.rest_client [req-c51117d4-456f-44a7-a2d1-f271deb864ae req-c51117d4-456f-44a7-a2d1-f271deb864ae ] Request (SecurityGroupsTestJSON:test_security_groups_create_list_delete): 200 POST http://10.180.1.21/compute/v2.1/os-security-groups 2.451s
2025-12-09 02:17:25.930 65504 WARNING tempest.lib.common.ssh [-] Failed to establish authenticated ssh connection to cirros@10.180.180.203 ([Errno None] Unable to connect to port 22 on 10.180.180.203). Number attempts: 1. Retry after 2 seconds.: paramiko.ssh_exception.NoValidConnectionsError: [Errno None] Unable to connect to port 22 on 10.180.180.203
2025-12-09 02:17:25.985 65488 INFO tempest.lib.common.rest_client [req-fe4c81c3-94ae-4a04-80c8-8a8e82db705e req-fe4c81c3-94ae-4a04-80c8-8a8e82db705e ] Request (SecurityGroupRulesNegativeTestJSON:_run_cleanups): 202 DELETE http://10.180.1.21/compute/v2.1/os-security-group-rules/5a018657-2245-4ca0-932f-7e6b8a4c5c2b 2.805s
2025-12-09 02:17:25.992 65468 INFO tempest.lib.common.rest_client [req-b1913179-544a-4a55-86be-0c62f71167c3 req-b1913179-544a-4a55-86be-0c62f71167c3 ] Request (ServerMetadataNegativeTestJSON:test_create_server_metadata_blank_key): 400 POST http://10.180.1.21/compute/v2.1/servers 2.438s
2025-12-09 02:17:26.126 65526 INFO tempest.lib.common.rest_client [req-bd917aa7-b04b-426b-9f0a-681b1988adb7 req-bd917aa7-b04b-426b-9f0a-681b1988adb7 ] Request (TenantUsagesNegativeTestJSON:test_list_usage_all_tenants_with_non_admin_user): 403 GET http://10.180.1.21/compute/v2.1/os-simple-tenant-usage?start=2025-12-08T02%3A17%3A20.556462&end=2025-12-10T02%3A17%3A20.556462&detailed=1 2.430s
2025-12-09 02:17:26.268 65526 INFO tempest.lib.common.rest_client [req-e0e5d0e8-019c-4937-8949-304cb763e11d req-e0e5d0e8-019c-4937-8949-304cb763e11d ] Request (TenantUsagesNegativeTestJSON:tearDownClass): 204 DELETE http://10.180.1.21/identity/v3/users/5cfa994be56444038bc8831b6777c5e6 0.141s
2025-12-09 02:17:26.375 65526 INFO tempest.lib.common.rest_client [req-1c43951f-6c49-4e06-b824-f8c82a750940 req-1c43951f-6c49-4e06-b824-f8c82a750940 ] Request (TenantUsagesNegativeTestJSON:tearDownClass): 204 DELETE http://10.180.1.21/identity/v3/users/86a213403ca54fc380e5ceef9f9aad2e 0.106s
2025-12-09 02:17:26.375 65526 INFO tempest.lib.common.dynamic_creds [-] Deleting project and security group for project: ed181c1187b64269aff7be56ed0f7b4d
2025-12-09 02:17:26.450 65526 INFO tempest.lib.common.rest_client [req-9a16b038-d87a-4f1b-a526-617e7c403d8c req-9a16b038-d87a-4f1b-a526-617e7c403d8c ] Request (TenantUsagesNegativeTestJSON:tearDownClass): 201 POST http://10.180.1.21/identity/v3/auth/tokens 0.075s
2025-12-09 02:17:26.494 65492 INFO tempest.lib.common.rest_client [req-878a41e3-2d73-40df-a43a-aa92d32e2358 req-878a41e3-2d73-40df-a43a-aa92d32e2358 ] Request (FlavorsAccessNegativeTestJSON:tearDownClass): 204 DELETE http://10.180.1.21/networking/v2.0/security-groups/a855982d-a053-4d97-ba5b-dab1cf10597b 0.601s
2025-12-09 02:17:26.614 65492 INFO tempest.lib.common.rest_client [req-acef66e4-98a6-4a25-a489-1c7b1fb6cc29 req-acef66e4-98a6-4a25-a489-1c7b1fb6cc29 ] Request (FlavorsAccessNegativeTestJSON:tearDownClass): 204 DELETE http://10.180.1.21/identity/v3/projects/171ebbc6cf9b4c06af5c173aebecfe72 0.119s
2025-12-09 02:17:26.721 65492 INFO tempest.lib.common.rest_client [req-5b4bfa5b-0928-450c-a7cb-60115135b805 req-5b4bfa5b-0928-450c-a7cb-60115135b805 ] Request (FloatingIPsNegativeTestJSON:setUpClass): 201 POST http://10.180.1.21/identity/v3/auth/tokens 0.105s
2025-12-09 02:17:26.729 65522 WARNING tempest.lib.common.ssh [-] Failed to establish authenticated ssh connection to cirros@10.180.180.130 ([Errno None] Unable to connect to port 22 on 10.180.180.130). Number attempts: 4. Retry after 5 seconds.: paramiko.ssh_exception.NoValidConnectionsError: [Errno None] Unable to connect to port 22 on 10.180.180.130
2025-12-09 02:17:26.763 65492 INFO tempest.lib.common.rest_client [req-42d784ad-ec86-4668-9f16-1f5f06b7f511 req-42d784ad-ec86-4668-9f16-1f5f06b7f511 ] Request (FloatingIPsNegativeTestJSON:setUpClass): 201 POST http://10.180.1.21/identity/v3/auth/tokens 0.036s
2025-12-09 02:17:26.795 65492 INFO tempest.lib.common.rest_client [req-8953f640-8feb-44d6-aef3-d6eb52530d4d req-8953f640-8feb-44d6-aef3-d6eb52530d4d ] Request (FloatingIPsNegativeTestJSON:setUpClass): 200 GET http://10.180.1.21/identity/v3/domains?name=Default 0.031s
2025-12-09 02:17:26.832 65492 INFO tempest.lib.common.rest_client [req-29f1a224-e0ac-482a-9540-2ec8b481ccdf req-29f1a224-e0ac-482a-9540-2ec8b481ccdf ] Request (FloatingIPsNegativeTestJSON:setUpClass): 201 POST http://10.180.1.21/identity/v3/projects 0.037s
2025-12-09 02:17:26.913 65492 INFO tempest.lib.common.rest_client [req-4479f045-58a7-4fea-ba37-74d71ee6c3e2 req-4479f045-58a7-4fea-ba37-74d71ee6c3e2 ] Request (FloatingIPsNegativeTestJSON:setUpClass): 201 POST http://10.180.1.21/identity/v3/users 0.080s
2025-12-09 02:17:26.946 65492 INFO tempest.lib.common.rest_client [req-7e480a97-05b5-4ded-8c64-b5a45780aae5 req-7e480a97-05b5-4ded-8c64-b5a45780aae5 ] Request (FloatingIPsNegativeTestJSON:setUpClass): 200 GET http://10.180.1.21/identity/v3/roles 0.033s
2025-12-09 02:17:26.972 65506 INFO tempest.lib.common.rest_client [req-8c4d962b-b723-45be-815d-f438a76b1d67 req-8c4d962b-b723-45be-815d-f438a76b1d67 ] Request (ServerGroup264TestJSON:setUpClass): 200 PUT http://10.180.1.21/networking/v2.0/routers/9d22691a-8189-489a-8697-ab7044088540/add_router_interface 1.155s
2025-12-09 02:17:26.973 65506 INFO tempest.lib.common.dynamic_creds [-] Created isolated network resources for: credentials: Credentials: {'domain_id': 'default', 'domain_name': 'Default', 'username': 'tempest-ServerGroup264TestJSON-1900450178-project-member', 'project_domain_id': 'default', 'project_domain_name': 'Default', 'project_id': '425169d6bf0d49b795f3be8407bcb51e', 'project_name': 'tempest-ServerGroup264TestJSON-1900450178', 'tenant_id': '425169d6bf0d49b795f3be8407bcb51e', 'tenant_name': 'tempest-ServerGroup264TestJSON-1900450178', 'user_domain_id': 'default', 'user_domain_name': 'Default', 'user_id': '205752dc64c4411092c81c6783824087', 'system': None}, Network: {'id': '2d9d87ce-868b-49f9-86c2-7f6ad855dd29', 'name': 'tempest-ServerGroup264TestJSON-638642004-network', 'tenant_id': '425169d6bf0d49b795f3be8407bcb51e', 'project_id': '425169d6bf0d49b795f3be8407bcb51e', 'admin_state_up': True, 'mtu': 8950, 'status': 'ACTIVE', 'subnets': [], 'shared': False, 'port_security_enabled': True, 'router:external': False, 'provider:network_type': 'vlan', 'provider:physical_network': 'default', 'provider:segmentation_id': 530, 'availability_zone_hints': [], 'availability_zones': [], 'ipv4_address_scope': None, 'ipv6_address_scope': None, 'description': '', 'tags': [], 'created_at': '2025-12-09T02:17:24Z', 'updated_at': '2025-12-09T02:17:24Z', 'revision_number': 1}, Subnet: {'id': '5a401655-4de3-4271-b9b7-8bc05358332a', 'name': 'tempest-ServerGroup264TestJSON-638642004-subnet', 'tenant_id': '425169d6bf0d49b795f3be8407bcb51e', 'network_id': '2d9d87ce-868b-49f9-86c2-7f6ad855dd29', 'ip_version': 4, 'subnetpool_id': None, 'enable_dhcp': True, 'ipv6_ra_mode': None, 'ipv6_address_mode': None, 'gateway_ip': '192.168.128.1', 'cidr': '192.168.128.0/28', 'allocation_pools': [{'start': '192.168.128.2', 'end': '192.168.128.14'}], 'host_routes': [], 'dns_nameservers': [], 'description': '', 'router:external': False, 'service_types': [], 'tags': [], 'created_at': '2025-12-09T02:17:24Z', 'updated_at': '2025-12-09T02:17:24Z', 'revision_number': 0, 'project_id': '425169d6bf0d49b795f3be8407bcb51e'}, Router: {'id': '9d22691a-8189-489a-8697-ab7044088540', 'name': 'tempest-ServerGroup264TestJSON-638642004-router', 'tenant_id': '425169d6bf0d49b795f3be8407bcb51e', 'admin_state_up': True, 'status': 'ACTIVE', 'external_gateway_info': {'network_id': '9907aa5e-67a8-47d9-a99e-1b601d4a78e3', 'external_fixed_ips': [{'subnet_id': 'e0919893-60e1-4a4c-8133-e55e3a3a06e4', 'ip_address': '10.180.180.131'}], 'enable_snat': True}, 'description': '', 'availability_zones': [], 'distributed': False, 'ha': False, 'availability_zone_hints': [], 'routes': [], 'flavor_id': None, 'tags': [], 'created_at': '2025-12-09T02:17:25Z', 'updated_at': '2025-12-09T02:17:25Z', 'revision_number': 2, 'project_id': '425169d6bf0d49b795f3be8407bcb51e'}
2025-12-09 02:17:26.998 65492 INFO tempest.lib.common.rest_client [req-08933530-9aad-4631-83f4-19d51c0c22b0 req-08933530-9aad-4631-83f4-19d51c0c22b0 ] Request (FloatingIPsNegativeTestJSON:setUpClass): 204 PUT http://10.180.1.21/identity/v3/projects/148c77a0412a4c459e7fe75db42954b3/users/3cfaed7d688e4662a8654c87a253fa82/roles/3c51c47f0d684115bad614dd65bf0e29 0.051s
2025-12-09 02:17:26.998 65492 INFO tempest.lib.common.dynamic_creds [-] Dynamic test user 3cfaed7d688e4662a8654c87a253fa82 is created with scope project and roles: ['member']
2025-12-09 02:17:26.998 65492 INFO tempest.lib.common.dynamic_creds [-] Acquired dynamic creds: credentials: Credentials: {'domain_id': 'default', 'domain_name': 'Default', 'username': 'tempest-FloatingIPsNegativeTestJSON-905443300-project-member', 'project_domain_id': 'default', 'project_domain_name': 'Default', 'project_id': '148c77a0412a4c459e7fe75db42954b3', 'project_name': 'tempest-FloatingIPsNegativeTestJSON-905443300', 'tenant_id': '148c77a0412a4c459e7fe75db42954b3', 'tenant_name': 'tempest-FloatingIPsNegativeTestJSON-905443300', 'user_domain_id': 'default', 'user_domain_name': 'Default', 'user_id': '3cfaed7d688e4662a8654c87a253fa82', 'system': None}, Network: None, Subnet: None, Router: None
2025-12-09 02:17:27.083 65506 INFO tempest.lib.common.rest_client [req-d6376933-06ee-4434-98ee-50022eb7a135 req-d6376933-06ee-4434-98ee-50022eb7a135 ] Request (ServerGroup264TestJSON:setUpClass): 201 POST http://10.180.1.21/identity/v3/auth/tokens 0.104s
2025-12-09 02:17:27.148 65492 INFO tempest.lib.common.rest_client [req-7b6f74dc-013f-4a7d-9be1-0432fcb954b8 req-7b6f74dc-013f-4a7d-9be1-0432fcb954b8 ] Request (FloatingIPsNegativeTestJSON:setUpClass): 201 POST http://10.180.1.21/identity/v3/auth/tokens 0.149s
2025-12-09 02:17:27.242 65526 INFO tempest.lib.common.rest_client [req-9a8594ef-aec5-48b9-930f-b9e611b596f9 req-9a8594ef-aec5-48b9-930f-b9e611b596f9 ] Request (TenantUsagesNegativeTestJSON:tearDownClass): 200 GET http://10.180.1.21/networking/v2.0/security-groups?tenant_id=ed181c1187b64269aff7be56ed0f7b4d&name=default 0.791s
2025-12-09 02:17:27.341 65528 INFO tempest.lib.common.rest_client [req-f1c78e9e-7e54-486e-af08-96d56654d0ac req-f1c78e9e-7e54-486e-af08-96d56654d0ac ] Request (MigrationsAdminTest:test_list_migrations_in_flavor_resize_situation): 200 GET http://10.180.1.21/compute/v2.1/servers/8a03585e-3181-40a6-a0d8-70493307a843 3.491s
2025-12-09 02:17:27.357 65528 INFO tempest.common.waiters [-] State transition "RESIZE/resize_finish" ==> "VERIFY_RESIZE/None" after 37 second wait
2025-12-09 02:17:27.580 65492 INFO tempest.lib.common.rest_client [req-07a67c26-15a8-45f8-8f21-66fcec25ad86 req-07a67c26-15a8-45f8-8f21-66fcec25ad86 ] Request (FloatingIPsNegativeTestJSON:setUpClass): 201 POST http://10.180.1.21/networking/v2.0/networks 0.431s
2025-12-09 02:17:27.671 65526 INFO tempest.lib.common.rest_client [req-14b5cbe7-12d3-4216-8367-38f353dd4574 req-14b5cbe7-12d3-4216-8367-38f353dd4574 ] Request (TenantUsagesNegativeTestJSON:tearDownClass): 204 DELETE http://10.180.1.21/networking/v2.0/security-groups/4489f7cf-1da8-47b6-a08f-c45a0568b34e 0.428s
2025-12-09 02:17:27.776 65486 INFO tempest.lib.common.rest_client [req-35384e14-4565-456e-8f71-82db8a133fb3 req-35384e14-4565-456e-8f71-82db8a133fb3 ] Request (FloatingIPsAssociationTestJSON:setUpClass): 200 GET http://10.180.1.21/compute/v2.1/servers/b00f9d12-387b-4d5c-af3d-af85311caafe 3.841s
2025-12-09 02:17:27.782 65526 INFO tempest.lib.common.rest_client [req-149493ce-1a99-4fd9-b2f7-3b96f9943a97 req-149493ce-1a99-4fd9-b2f7-3b96f9943a97 ] Request (TenantUsagesNegativeTestJSON:tearDownClass): 204 DELETE http://10.180.1.21/identity/v3/projects/ed181c1187b64269aff7be56ed0f7b4d 0.111s
2025-12-09 02:17:27.783 65526 INFO tempest.lib.common.dynamic_creds [-] Deleting project and security group for project: 45d1de58be774965a0f5c89dbc48ffee
2025-12-09 02:17:27.979 65492 INFO tempest.lib.common.rest_client [req-e417e396-0e51-49a7-84ae-69976c8f39c3 req-e417e396-0e51-49a7-84ae-69976c8f39c3 ] Request (FloatingIPsNegativeTestJSON:setUpClass): 201 POST http://10.180.1.21/networking/v2.0/subnets 0.398s
2025-12-09 02:17:28.149 65496 INFO tempest.lib.common.rest_client [req-5f98cf8a-8e14-4fd1-9b39-ce45b4e60a87 req-5f98cf8a-8e14-4fd1-9b39-ce45b4e60a87 ] Request (FlavorsV2NegativeTest:test_boot_with_low_ram): 400 POST http://10.180.1.21/compute/v2.1/servers 4.689s
2025-12-09 02:17:28.199 65520 INFO tempest.lib.common.rest_client [req-6dd6127e-1683-4c2c-bd6b-ca61a440d2ae req-6dd6127e-1683-4c2c-bd6b-ca61a440d2ae ] Request (ImagesOneServerTestJSON:test_create_image_specify_multibyte_character_image_name): 200 GET http://10.180.1.21/compute/v2.1/images/382a2511-d793-4ee0-88d5-9fbf1872b350 4.098s
2025-12-09 02:17:28.221 65496 INFO tempest.lib.common.rest_client [req-9eca018e-4d57-4a32-8bbe-d566e9901fab req-9eca018e-4d57-4a32-8bbe-d566e9901fab ] Request (FlavorsV2NegativeTest:_run_cleanups): 204 DELETE http://10.180.1.21/image/v2/images/f9a5fe79-dcb0-4584-a753-4680303060d4 0.070s
2025-12-09 02:17:28.311 65526 INFO tempest.lib.common.rest_client [req-2d9e65ff-08f3-4306-93e8-723f4ce99b95 req-2d9e65ff-08f3-4306-93e8-723f4ce99b95 ] Request (TenantUsagesNegativeTestJSON:tearDownClass): 200 GET http://10.180.1.21/networking/v2.0/security-groups?tenant_id=45d1de58be774965a0f5c89dbc48ffee&name=default 0.528s
2025-12-09 02:17:28.337 65470 INFO tempest.lib.common.rest_client [req-fc0f6c70-a63a-41aa-8b32-367a5b0dc732 req-fc0f6c70-a63a-41aa-8b32-367a5b0dc732 ] Request (VolumesAdminNegativeTest:test_update_attached_volume_with_nonexistent_volume_in_uri): 200 GET http://10.180.1.21/compute/v2.1/servers/d84f9e1d-7cf0-46d7-bc08-5a0f4efa2b9e 4.255s
2025-12-09 02:17:28.366 65490 INFO tempest.lib.common.rest_client [req-13829327-9641-48ea-8f68-58b642b8885a req-13829327-9641-48ea-8f68-58b642b8885a ] Request (ServerAddressesNegativeTestJSON:tearDownClass): 404 GET http://10.180.1.21/compute/v2.1/servers/fe29d450-4c53-4c66-b441-15616971b2ca 4.108s
2025-12-09 02:17:28.387 65496 INFO tempest.lib.common.rest_client [req-2ae0b062-9d51-4623-961c-912f61d0e316 req-2ae0b062-9d51-4623-961c-912f61d0e316 ] Request (FlavorsV2NegativeTest:tearDownClass): 204 DELETE http://10.180.1.21/identity/v3/users/5dc9f42af6a841cc9cad93d508f7fb4e 0.165s
2025-12-09 02:17:28.388 65496 INFO tempest.lib.common.dynamic_creds [-] Deleting project and security group for project: 3ac48513f7bd47e7ad012c76ee0eb306
2025-12-09 02:17:28.455 65484 INFO tempest.lib.common.rest_client [req-b60df252-88cc-4321-aabf-462dd78fcf0e req-b60df252-88cc-4321-aabf-462dd78fcf0e ] Request (ServersV294TestFqdnHostnames:setUpClass): 200 GET http://10.180.1.21/compute/v2.1/servers/02f80911-ea50-46ec-98c1-4a9365162c34 4.293s
2025-12-09 02:17:28.465 65496 INFO tempest.lib.common.rest_client [req-1fc6d7cd-046e-4612-9eaa-be5673c554d2 req-1fc6d7cd-046e-4612-9eaa-be5673c554d2 ] Request (FlavorsV2NegativeTest:tearDownClass): 201 POST http://10.180.1.21/identity/v3/auth/tokens 0.077s
2025-12-09 02:17:28.467 65484 INFO tempest.common.waiters [-] State transition "BUILD/scheduling" ==> "BUILD/None" after 8 second wait
2025-12-09 02:17:28.535 65526 INFO tempest.lib.common.rest_client [req-01404f34-cb68-402a-b485-900faa89e04f req-01404f34-cb68-402a-b485-900faa89e04f ] Request (TenantUsagesNegativeTestJSON:tearDownClass): 204 DELETE http://10.180.1.21/networking/v2.0/security-groups/2d5c8e59-32b7-4962-9de1-4b42f48c7954 0.223s
2025-12-09 02:17:28.640 65526 INFO tempest.lib.common.rest_client [req-62e0c76c-3106-4a75-84ba-c06ae8db955a req-62e0c76c-3106-4a75-84ba-c06ae8db955a ] Request (TenantUsagesNegativeTestJSON:tearDownClass): 204 DELETE http://10.180.1.21/identity/v3/projects/45d1de58be774965a0f5c89dbc48ffee 0.104s
2025-12-09 02:17:28.723 65526 INFO tempest.lib.common.rest_client [req-81cbcc61-9e01-464e-9c53-4f3ba6284cf8 req-81cbcc61-9e01-464e-9c53-4f3ba6284cf8 ] Request (FlavorsV2TestJSON:setUpClass): 201 POST http://10.180.1.21/identity/v3/auth/tokens 0.081s
2025-12-09 02:17:28.773 65526 INFO tempest.lib.common.rest_client [req-6e38188a-ba8a-448f-81c6-197fcd802dec req-6e38188a-ba8a-448f-81c6-197fcd802dec ] Request (FlavorsV2TestJSON:setUpClass): 201 POST http://10.180.1.21/identity/v3/auth/tokens 0.047s
2025-12-09 02:17:28.810 65526 INFO tempest.lib.common.rest_client [req-d5611f5b-a504-4c9c-868b-5ef51feb7862 req-d5611f5b-a504-4c9c-868b-5ef51feb7862 ] Request (FlavorsV2TestJSON:setUpClass): 200 GET http://10.180.1.21/identity/v3/domains?name=Default 0.036s
2025-12-09 02:17:28.859 65526 INFO tempest.lib.common.rest_client [req-abc96e68-b462-4fe4-8f4f-4d122af86e7e req-abc96e68-b462-4fe4-8f4f-4d122af86e7e ] Request (FlavorsV2TestJSON:setUpClass): 201 POST http://10.180.1.21/identity/v3/projects 0.049s
2025-12-09 02:17:28.947 65526 INFO tempest.lib.common.rest_client [req-2afd6e4a-00d6-46ac-90f7-237d412355c7 req-2afd6e4a-00d6-46ac-90f7-237d412355c7 ] Request (FlavorsV2TestJSON:setUpClass): 201 POST http://10.180.1.21/identity/v3/users 0.087s
2025-12-09 02:17:28.982 65526 INFO tempest.lib.common.rest_client [req-046e20d9-bdc8-4329-a3de-7cb091ef51de req-046e20d9-bdc8-4329-a3de-7cb091ef51de ] Request (FlavorsV2TestJSON:setUpClass): 200 GET http://10.180.1.21/identity/v3/roles 0.035s
2025-12-09 02:17:29.028 65526 INFO tempest.lib.common.rest_client [req-d0b68e78-3d2c-4db4-af9f-98e4f095fa99 req-d0b68e78-3d2c-4db4-af9f-98e4f095fa99 ] Request (FlavorsV2TestJSON:setUpClass): 204 PUT http://10.180.1.21/identity/v3/projects/82b1358ada5842dd9d30071a578ac83b/users/02f09e52052f406a9cf62096e02c17cb/roles/3c51c47f0d684115bad614dd65bf0e29 0.045s
2025-12-09 02:17:29.028 65526 INFO tempest.lib.common.dynamic_creds [-] Dynamic test user 02f09e52052f406a9cf62096e02c17cb is created with scope project and roles: ['member']
2025-12-09 02:17:29.029 65526 INFO tempest.lib.common.dynamic_creds [-] Acquired dynamic creds: credentials: Credentials: {'domain_id': 'default', 'domain_name': 'Default', 'username': 'tempest-FlavorsV2TestJSON-938643623-project-member', 'project_domain_id': 'default', 'project_domain_name': 'Default', 'project_id': '82b1358ada5842dd9d30071a578ac83b', 'project_name': 'tempest-FlavorsV2TestJSON-938643623', 'tenant_id': '82b1358ada5842dd9d30071a578ac83b', 'tenant_name': 'tempest-FlavorsV2TestJSON-938643623', 'user_domain_id': 'default', 'user_domain_name': 'Default', 'user_id': '02f09e52052f406a9cf62096e02c17cb', 'system': None}, Network: None, Subnet: None, Router: None
2025-12-09 02:17:29.029 65526 INFO tempest.lib.common.dynamic_creds [-] Created isolated network resources for: credentials: Credentials: {'domain_id': 'default', 'domain_name': 'Default', 'username': 'tempest-FlavorsV2TestJSON-938643623-project-member', 'project_domain_id': 'default', 'project_domain_name': 'Default', 'project_id': '82b1358ada5842dd9d30071a578ac83b', 'project_name': 'tempest-FlavorsV2TestJSON-938643623', 'tenant_id': '82b1358ada5842dd9d30071a578ac83b', 'tenant_name': 'tempest-FlavorsV2TestJSON-938643623', 'user_domain_id': 'default', 'user_domain_name': 'Default', 'user_id': '02f09e52052f406a9cf62096e02c17cb', 'system': None}, Network: None, Subnet: None, Router: None
2025-12-09 02:17:29.128 65526 INFO tempest.lib.common.rest_client [req-e200e70e-b7f3-44b7-a40a-40cd6b00a3ff req-e200e70e-b7f3-44b7-a40a-40cd6b00a3ff ] Request (FlavorsV2TestJSON:setUpClass): 201 POST http://10.180.1.21/identity/v3/auth/tokens 0.094s
2025-12-09 02:17:29.161 65492 INFO tempest.lib.common.rest_client [req-036566c3-4729-46f5-80ad-fa47e875d5af req-036566c3-4729-46f5-80ad-fa47e875d5af ] Request (FloatingIPsNegativeTestJSON:setUpClass): 201 POST http://10.180.1.21/networking/v2.0/routers 1.181s
2025-12-09 02:17:29.391 65490 INFO tempest.lib.common.rest_client [req-8952179d-d262-4883-9199-e8ac61975f48 req-8952179d-d262-4883-9199-e8ac61975f48 ] Request (ServerAddressesNegativeTestJSON:tearDownClass): 200 PUT http://10.180.1.21/networking/v2.0/routers/adb5adb7-a66b-40aa-a474-26d5e950b0e4/remove_router_interface 1.024s
2025-12-09 02:17:29.498 65496 INFO tempest.lib.common.rest_client [req-d417ba64-4ace-4c64-8828-5f9166d45eda req-d417ba64-4ace-4c64-8828-5f9166d45eda ] Request (FlavorsV2NegativeTest:tearDownClass): 200 GET http://10.180.1.21/networking/v2.0/security-groups?tenant_id=3ac48513f7bd47e7ad012c76ee0eb306&name=default 1.032s
2025-12-09 02:17:29.602 65480 INFO tempest.lib.common.rest_client [req-952d9de5-701f-432c-8278-415cdcd6de69 req-952d9de5-701f-432c-8278-415cdcd6de69 ] Request (ServersAdminNegativeTestJSON:test_migrate_server_invalid_state): 200 GET http://10.180.1.21/compute/v2.1/servers/14ca361f-e060-44b3-be62-bc4ccc65d15d 5.127s
2025-12-09 02:17:30.338 65490 INFO tempest.lib.common.rest_client [req-fee8b28d-636b-4fa3-bf4d-90060892818b req-fee8b28d-636b-4fa3-bf4d-90060892818b ] Request (ServerAddressesNegativeTestJSON:tearDownClass): 204 DELETE http://10.180.1.21/networking/v2.0/routers/adb5adb7-a66b-40aa-a474-26d5e950b0e4 0.946s
2025-12-09 02:17:30.382 65494 INFO tempest.lib.common.rest_client [req-e8df9776-dfb3-4243-8ad0-539aef5a55af req-e8df9776-dfb3-4243-8ad0-539aef5a55af ] Request (ServersAdminTestJSON:setUpClass): 200 GET http://10.180.1.21/compute/v2.1/servers/9fedda89-4431-4ea1-9191-7950ccaddfe5 5.745s
2025-12-09 02:17:30.393 65494 INFO tempest.common.waiters [-] State transition "BUILD/spawning" ==> "ACTIVE/None" after 39 second wait
2025-12-09 02:17:30.425 65472 INFO tempest.lib.common.rest_client [req-5f302b53-4f2a-4ed8-9776-a5d16c6b53e8 req-5f302b53-4f2a-4ed8-9776-a5d16c6b53e8 ] Request (KeyPairsNegativeTestJSON:test_create_keypair_with_duplicate_name): 200 POST http://10.180.1.21/compute/v2.1/os-keypairs 5.185s
2025-12-09 02:17:30.457 65476 INFO tempest.lib.common.rest_client [req-a30773cc-9eaa-4d5c-b2c3-e802cd68fd54 req-a30773cc-9eaa-4d5c-b2c3-e802cd68fd54 ] Request (FlavorsAdminTestJSON:_run_cleanups): 200 GET http://10.180.1.21/compute/v2.1/flavors/detail 4.890s
2025-12-09 02:17:30.473 65496 INFO tempest.lib.common.rest_client [req-3fd69de1-dd0c-465f-add3-3b128097fb6a req-3fd69de1-dd0c-465f-add3-3b128097fb6a ] Request (FlavorsV2NegativeTest:tearDownClass): 204 DELETE http://10.180.1.21/networking/v2.0/security-groups/2f6093de-3f90-4272-aa71-e8f3f70a73d0 0.974s
2025-12-09 02:17:30.483 65508 INFO tempest.lib.common.rest_client [req-b6e7528b-a45d-49ab-9787-be09310ec7f3 req-b6e7528b-a45d-49ab-9787-be09310ec7f3 ] Request (AggregatesAdminNegativeTestJSON:_run_cleanups): 200 DELETE http://10.180.1.21/compute/v2.1/os-aggregates/6 4.911s
2025-12-09 02:17:30.518 65492 INFO tempest.lib.common.rest_client [req-77ed976f-3c03-401f-be15-621dcd3f5b07 req-77ed976f-3c03-401f-be15-621dcd3f5b07 ] Request (FloatingIPsNegativeTestJSON:setUpClass): 200 PUT http://10.180.1.21/networking/v2.0/routers/db770649-ec10-4f20-8bc9-037884358a62/add_router_interface 1.356s
