2025-12-09 02:17:30.518 65492 INFO tempest.lib.common.dynamic_creds [-] Created isolated network resources for: credentials: Credentials: {'domain_id': 'default', 'domain_name': 'Default', 'username': 'tempest-FloatingIPsNegativeTestJSON-905443300-project-member', 'project_domain_id': 'default', 'project_domain_name': 'Default', 'project_id': '148c77a0412a4c459e7fe75db42954b3', 'project_name': 'tempest-FloatingIPsNegativeTestJSON-905443300', 'tenant_id': '148c77a0412a4c459e7fe75db42954b3', 'tenant_name': 'tempest-FloatingIPsNegativeTestJSON-905443300', 'user_domain_id': 'default', 'user_domain_name': 'Default', 'user_id': '3cfaed7d688e4662a8654c87a253fa82', 'system': None}, Network: {'id': '821ebbee-7771-4965-b540-6b89c4b9415d', 'name': 'tempest-FloatingIPsNegativeTestJSON-1251966075-network', 'tenant_id': '148c77a0412a4c459e7fe75db42954b3', 'project_id': '148c77a0412a4c459e7fe75db42954b3', 'admin_state_up': True, 'mtu': 8950, 'status': 'ACTIVE', 'subnets': [], 'shared': False, 'port_security_enabled': True, 'router:external': False, 'provider:network_type': 'vlan', 'provider:physical_network': 'default', 'provider:segmentation_id': 757, 'availability_zone_hints': [], 'availability_zones': [], 'ipv4_address_scope': None, 'ipv6_address_scope': None, 'description': '', 'tags': [], 'created_at': '2025-12-09T02:17:27Z', 'updated_at': '2025-12-09T02:17:27Z', 'revision_number': 1}, Subnet: {'id': '8bd70925-3cf6-4488-b7e8-ee002623b243', 'name': 'tempest-FloatingIPsNegativeTestJSON-1251966075-subnet', 'tenant_id': '148c77a0412a4c459e7fe75db42954b3', 'network_id': '821ebbee-7771-4965-b540-6b89c4b9415d', 'ip_version': 4, 'subnetpool_id': None, 'enable_dhcp': True, 'ipv6_ra_mode': None, 'ipv6_address_mode': None, 'gateway_ip': '192.168.128.1', 'cidr': '192.168.128.0/28', 'allocation_pools': [{'start': '192.168.128.2', 'end': '192.168.128.14'}], 'host_routes': [], 'dns_nameservers': [], 'description': '', 'router:external': False, 'service_types': [], 'tags': [], 'created_at': '2025-12-09T02:17:27Z', 'updated_at': '2025-12-09T02:17:27Z', 'revision_number': 0, 'project_id': '148c77a0412a4c459e7fe75db42954b3'}, Router: {'id': 'db770649-ec10-4f20-8bc9-037884358a62', 'name': 'tempest-FloatingIPsNegativeTestJSON-1251966075-router', 'tenant_id': '148c77a0412a4c459e7fe75db42954b3', 'admin_state_up': True, 'status': 'ACTIVE', 'external_gateway_info': {'network_id': '9907aa5e-67a8-47d9-a99e-1b601d4a78e3', 'external_fixed_ips': [{'subnet_id': 'e0919893-60e1-4a4c-8133-e55e3a3a06e4', 'ip_address': '10.180.180.230'}], 'enable_snat': True}, 'description': '', 'availability_zones': [], 'distributed': False, 'ha': False, 'availability_zone_hints': [], 'routes': [], 'flavor_id': None, 'tags': [], 'created_at': '2025-12-09T02:17:28Z', 'updated_at': '2025-12-09T02:17:28Z', 'revision_number': 2, 'project_id': '148c77a0412a4c459e7fe75db42954b3'}
2025-12-09 02:17:30.553 65502 INFO tempest.lib.common.rest_client [req-1ba911ce-cde7-41c3-96f3-22ed4ffd0b35 req-1ba911ce-cde7-41c3-96f3-22ed4ffd0b35 ] Request (ListImageFiltersTestJSON:setUpClass): 200 GET http://10.180.1.21/compute/v2.1/servers/e5f3ccda-fa2e-4e48-b8ee-3296218319fd 5.856s
2025-12-09 02:17:30.580 65496 INFO tempest.lib.common.rest_client [req-de9eb7e4-97b2-4414-8dba-17a5e8e5bb67 req-de9eb7e4-97b2-4414-8dba-17a5e8e5bb67 ] Request (FlavorsV2NegativeTest:tearDownClass): 204 DELETE http://10.180.1.21/identity/v3/projects/3ac48513f7bd47e7ad012c76ee0eb306 0.106s
2025-12-09 02:17:30.649 65492 INFO tempest.lib.common.rest_client [req-7b6da7b9-e368-4063-82a3-19ac15bf5a62 req-7b6da7b9-e368-4063-82a3-19ac15bf5a62 ] Request (FloatingIPsNegativeTestJSON:setUpClass): 201 POST http://10.180.1.21/identity/v3/auth/tokens 0.127s
2025-12-09 02:17:30.653 65496 INFO tempest.lib.common.rest_client [req-252ca7da-4cec-4e75-943f-626ce79e3c91 req-252ca7da-4cec-4e75-943f-626ce79e3c91 ] Request (ServerRescueTestJSONUnderV235:setUpClass): 201 POST http://10.180.1.21/identity/v3/auth/tokens 0.071s
2025-12-09 02:17:30.671 65516 INFO tempest.lib.common.rest_client [req-4b7df027-a0de-4ccc-a9b5-da2ab99e2483 req-4b7df027-a0de-4ccc-a9b5-da2ab99e2483 ] Request (ServersTestMultiNic:_run_cleanups): 200 GET http://10.180.1.21/compute/v2.1/servers/248e565c-0919-4a26-87fa-a1120ac30752 4.909s
2025-12-09 02:17:30.700 65496 INFO tempest.lib.common.rest_client [req-88262fc3-dd93-4ac7-8f22-62a101eccc99 req-88262fc3-dd93-4ac7-8f22-62a101eccc99 ] Request (ServerRescueTestJSONUnderV235:setUpClass): 201 POST http://10.180.1.21/identity/v3/auth/tokens 0.042s
2025-12-09 02:17:30.738 65490 INFO tempest.lib.common.rest_client [req-f841739a-a0c9-428d-beaf-6d310d4f3aa9 req-f841739a-a0c9-428d-beaf-6d310d4f3aa9 ] Request (ServerAddressesNegativeTestJSON:tearDownClass): 204 DELETE http://10.180.1.21/networking/v2.0/subnets/44d2eb3a-eae7-4fba-b88e-7fe68fd808d2 0.400s
2025-12-09 02:17:30.746 65496 INFO tempest.lib.common.rest_client [req-540cc3a6-0b69-47cd-9528-5a8ded077b96 req-540cc3a6-0b69-47cd-9528-5a8ded077b96 ] Request (ServerRescueTestJSONUnderV235:setUpClass): 200 GET http://10.180.1.21/identity/v3/domains?name=Default 0.046s
2025-12-09 02:17:30.786 65496 INFO tempest.lib.common.rest_client [req-fe12a773-c2a9-4c01-b621-f3d237b1e469 req-fe12a773-c2a9-4c01-b621-f3d237b1e469 ] Request (ServerRescueTestJSONUnderV235:setUpClass): 201 POST http://10.180.1.21/identity/v3/projects 0.039s
2025-12-09 02:17:30.876 65496 INFO tempest.lib.common.rest_client [req-823fc58e-65f4-4e42-b3c6-e6d7de742ba5 req-823fc58e-65f4-4e42-b3c6-e6d7de742ba5 ] Request (ServerRescueTestJSONUnderV235:setUpClass): 201 POST http://10.180.1.21/identity/v3/users 0.089s
2025-12-09 02:17:30.906 65496 INFO tempest.lib.common.rest_client [req-37a99066-3909-4e97-8b04-4733028da940 req-37a99066-3909-4e97-8b04-4733028da940 ] Request (ServerRescueTestJSONUnderV235:setUpClass): 200 GET http://10.180.1.21/identity/v3/roles 0.029s
2025-12-09 02:17:30.936 65496 INFO tempest.lib.common.rest_client [req-929f1703-1f55-4aed-9c87-517981463860 req-929f1703-1f55-4aed-9c87-517981463860 ] Request (ServerRescueTestJSONUnderV235:setUpClass): 204 PUT http://10.180.1.21/identity/v3/projects/b96f0125646c409b8e743d53338ece57/users/7616455ca16349029d3982a4b1470b7b/roles/3c51c47f0d684115bad614dd65bf0e29 0.030s
2025-12-09 02:17:30.937 65496 INFO tempest.lib.common.dynamic_creds [-] Dynamic test user 7616455ca16349029d3982a4b1470b7b is created with scope project and roles: ['member']
2025-12-09 02:17:30.937 65496 INFO tempest.lib.common.dynamic_creds [-] Acquired dynamic creds: credentials: Credentials: {'domain_id': 'default', 'domain_name': 'Default', 'username': 'tempest-ServerRescueTestJSONUnderV235-1324172596-project-member', 'project_domain_id': 'default', 'project_domain_name': 'Default', 'project_id': 'b96f0125646c409b8e743d53338ece57', 'project_name': 'tempest-ServerRescueTestJSONUnderV235-1324172596', 'tenant_id': 'b96f0125646c409b8e743d53338ece57', 'tenant_name': 'tempest-ServerRescueTestJSONUnderV235-1324172596', 'user_domain_id': 'default', 'user_domain_name': 'Default', 'user_id': '7616455ca16349029d3982a4b1470b7b', 'system': None}, Network: None, Subnet: None, Router: None
2025-12-09 02:17:30.943 65514 INFO tempest.lib.common.rest_client [req-0868deb0-3c90-4a0f-87f4-d29a228fa37a req-0868deb0-3c90-4a0f-87f4-d29a228fa37a ] Request (SecurityGroupsTestJSON:test_security_groups_create_list_delete): 200 POST http://10.180.1.21/compute/v2.1/os-security-groups 5.031s
2025-12-09 02:17:31.034 65496 INFO tempest.lib.common.rest_client [req-724b862d-934d-4aad-aa28-903ebe4ee243 req-724b862d-934d-4aad-aa28-903ebe4ee243 ] Request (ServerRescueTestJSONUnderV235:setUpClass): 201 POST http://10.180.1.21/identity/v3/auth/tokens 0.097s
2025-12-09 02:17:31.305 65490 INFO tempest.lib.common.rest_client [req-f1b835d9-216b-497e-9e57-1d60004ed9eb req-f1b835d9-216b-497e-9e57-1d60004ed9eb ] Request (ServerAddressesNegativeTestJSON:tearDownClass): 204 DELETE http://10.180.1.21/networking/v2.0/networks/2a9aa562-ce2a-4d35-a55f-55b867bf88a3 0.566s
2025-12-09 02:17:31.422 65490 INFO tempest.lib.common.rest_client [req-c551e2f5-1e50-4875-b996-10e7675017a3 req-c551e2f5-1e50-4875-b996-10e7675017a3 ] Request (ServerAddressesNegativeTestJSON:tearDownClass): 204 DELETE http://10.180.1.21/identity/v3/users/43041fbad1284769ad374df3f8f137c1 0.116s
2025-12-09 02:17:31.422 65490 INFO tempest.lib.common.dynamic_creds [-] Deleting project and security group for project: a0746e2964fb44088a3b39ff561a1054
2025-12-09 02:17:31.514 65504 WARNING tempest.lib.common.ssh [-] Failed to establish authenticated ssh connection to cirros@10.180.180.203 ([Errno None] Unable to connect to port 22 on 10.180.180.203). Number attempts: 2. Retry after 3 seconds.: paramiko.ssh_exception.NoValidConnectionsError: [Errno None] Unable to connect to port 22 on 10.180.180.203
2025-12-09 02:17:31.555 65478 INFO tempest.lib.common.rest_client [req-b5ffce99-9b45-4574-94aa-56bcbb4a82ff req-b5ffce99-9b45-4574-94aa-56bcbb4a82ff ] Request (QuotasAdminNegativeTest:test_create_server_when_memory_quota_is_full): 403 POST http://10.180.1.21/compute/v2.1/servers 5.921s
2025-12-09 02:17:31.815 65496 INFO tempest.lib.common.rest_client [req-c3de1a07-c91c-4edb-a765-033838d7fb50 req-c3de1a07-c91c-4edb-a765-033838d7fb50 ] Request (ServerRescueTestJSONUnderV235:setUpClass): 201 POST http://10.180.1.21/networking/v2.0/networks 0.781s
2025-12-09 02:17:31.906 65490 INFO tempest.lib.common.rest_client [req-8a761ea0-0df1-4161-9f68-7db5632b710d req-8a761ea0-0df1-4161-9f68-7db5632b710d ] Request (ServerAddressesNegativeTestJSON:tearDownClass): 200 GET http://10.180.1.21/networking/v2.0/security-groups?tenant_id=a0746e2964fb44088a3b39ff561a1054&name=default 0.483s
2025-12-09 02:17:31.956 65498 INFO tempest.lib.common.rest_client [req-f4edd0f2-d115-44d7-a67a-bbf683100428 req-f4edd0f2-d115-44d7-a67a-bbf683100428 ] Request (DeleteServersAdminTestJSON:test_delete_server_while_in_error_state): 200 GET http://10.180.1.21/compute/v2.1/servers/a78f6b54-f5f2-4b33-b4e9-c8bb22924973 6.003s
2025-12-09 02:17:31.969 65468 INFO tempest.lib.common.rest_client [req-192d6007-6e3a-48ea-b2c1-ee8b04960688 req-192d6007-6e3a-48ea-b2c1-ee8b04960688 ] Request (ServerMetadataNegativeTestJSON:test_delete_metadata_non_existent_server): 404 DELETE http://10.180.1.21/compute/v2.1/servers/d9bc9cb5-5d66-498b-acbf-597f9e930a26/metadata/d 5.975s
2025-12-09 02:17:31.969 65498 INFO tempest.common.waiters [-] State transition "BUILD/block_device_mapping" ==> "BUILD/spawning" after 39 second wait
2025-12-09 02:17:32.099 65488 INFO tempest.lib.common.rest_client [req-3f41224d-9fdb-4446-b144-1a16ae778af0 req-3f41224d-9fdb-4446-b144-1a16ae778af0 ] Request (SecurityGroupRulesNegativeTestJSON:test_create_security_group_rule_with_invalid_from_port): 200 POST http://10.180.1.21/compute/v2.1/os-security-groups 6.113s
2025-12-09 02:17:32.239 65522 INFO paramiko.transport [-] Connected (version 2.0, client dropbear_2020.81)
2025-12-09 02:17:32.291 65496 INFO tempest.lib.common.rest_client [req-8b9a58f1-d391-4fe7-8954-868189572ecc req-8b9a58f1-d391-4fe7-8954-868189572ecc ] Request (ServerRescueTestJSONUnderV235:setUpClass): 201 POST http://10.180.1.21/networking/v2.0/subnets 0.475s
2025-12-09 02:17:32.303 65522 INFO paramiko.transport [-] Authentication (publickey) successful!
2025-12-09 02:17:32.303 65522 INFO tempest.lib.common.ssh [-] ssh connection to cirros@10.180.180.130 successfully created
2025-12-09 02:17:32.407 65490 INFO tempest.lib.common.rest_client [req-9ae14459-6973-4456-8723-641bc3b72f29 req-9ae14459-6973-4456-8723-641bc3b72f29 ] Request (ServerAddressesNegativeTestJSON:tearDownClass): 204 DELETE http://10.180.1.21/networking/v2.0/security-groups/ae409816-e898-46fe-b06e-b955dd9008ef 0.498s
2025-12-09 02:17:32.447 65510 INFO tempest.lib.common.rest_client [req-95a42485-c78d-4b30-a04f-0145e37b152d req-95a42485-c78d-4b30-a04f-0145e37b152d ] Request (ServerDiagnosticsTest:tearDownClass): 200 GET http://10.180.1.21/compute/v2.1/servers/dde4163f-c966-45a0-94bd-dae5fb6c0409 6.393s
2025-12-09 02:17:32.495 65490 INFO tempest.lib.common.rest_client [req-3a229b99-8c10-4464-9056-52dc3acc9ed3 req-3a229b99-8c10-4464-9056-52dc3acc9ed3 ] Request (ServerAddressesNegativeTestJSON:tearDownClass): 204 DELETE http://10.180.1.21/identity/v3/projects/a0746e2964fb44088a3b39ff561a1054 0.087s
2025-12-09 02:17:32.515 65482 INFO tempest.lib.common.rest_client [req-90e52d54-68f1-4ca9-a7ab-8f9a491e38e7 req-90e52d54-68f1-4ca9-a7ab-8f9a491e38e7 ] Request (ImagesTestJSON:test_create_image_from_suspended_server): 200 GET http://10.180.1.21/compute/v2.1/servers/8a8071a3-00bf-493b-92f6-71f89a3b4435 6.374s
2025-12-09 02:17:32.522 65482 INFO tempest.common.waiters [-] State transition "BUILD/scheduling" ==> "BUILD/None" after 11 second wait
2025-12-09 02:17:32.586 65490 INFO tempest.lib.common.rest_client [req-3c7f3b7d-18fd-4e63-b63a-ea721c840169 req-3c7f3b7d-18fd-4e63-b63a-ea721c840169 ] Request (ServerShowV257Test:setUpClass): 201 POST http://10.180.1.21/identity/v3/auth/tokens 0.089s
2025-12-09 02:17:32.622 65490 INFO tempest.lib.common.rest_client [req-7da9a075-8055-4c5e-83d5-fe33335f6f2d req-7da9a075-8055-4c5e-83d5-fe33335f6f2d ] Request (ServerShowV257Test:setUpClass): 201 POST http://10.180.1.21/identity/v3/auth/tokens 0.032s
2025-12-09 02:17:32.652 65490 INFO tempest.lib.common.rest_client [req-db316976-dc98-4859-b093-c895215b5e23 req-db316976-dc98-4859-b093-c895215b5e23 ] Request (ServerShowV257Test:setUpClass): 200 GET http://10.180.1.21/identity/v3/domains?name=Default 0.029s
2025-12-09 02:17:32.683 65490 INFO tempest.lib.common.rest_client [req-3bf3f97b-aae3-4fdd-a50a-84f04953ec7d req-3bf3f97b-aae3-4fdd-a50a-84f04953ec7d ] Request (ServerShowV257Test:setUpClass): 201 POST http://10.180.1.21/identity/v3/projects 0.030s
2025-12-09 02:17:32.780 65490 INFO tempest.lib.common.rest_client [req-e4473e45-2b24-4727-9a76-0f7ea0240a27 req-e4473e45-2b24-4727-9a76-0f7ea0240a27 ] Request (ServerShowV257Test:setUpClass): 201 POST http://10.180.1.21/identity/v3/users 0.097s
2025-12-09 02:17:32.824 65490 INFO tempest.lib.common.rest_client [req-ee083b8a-790f-4e88-a45a-100d990f0549 req-ee083b8a-790f-4e88-a45a-100d990f0549 ] Request (ServerShowV257Test:setUpClass): 200 GET http://10.180.1.21/identity/v3/roles 0.041s
2025-12-09 02:17:32.892 65490 INFO tempest.lib.common.rest_client [req-7ca4ac8f-d434-4189-a29a-3310be24e6c8 req-7ca4ac8f-d434-4189-a29a-3310be24e6c8 ] Request (ServerShowV257Test:setUpClass): 204 PUT http://10.180.1.21/identity/v3/projects/80fb2ec79c744de69d259c49afc3a0d3/users/1e74971d5fc3490ea48ceb287472c834/roles/3c51c47f0d684115bad614dd65bf0e29 0.067s
2025-12-09 02:17:32.892 65490 INFO tempest.lib.common.dynamic_creds [-] Dynamic test user 1e74971d5fc3490ea48ceb287472c834 is created with scope project and roles: ['member']
2025-12-09 02:17:32.892 65490 INFO tempest.lib.common.dynamic_creds [-] Acquired dynamic creds: credentials: Credentials: {'domain_id': 'default', 'domain_name': 'Default', 'username': 'tempest-ServerShowV257Test-1548983757-project-member', 'project_domain_id': 'default', 'project_domain_name': 'Default', 'project_id': '80fb2ec79c744de69d259c49afc3a0d3', 'project_name': 'tempest-ServerShowV257Test-1548983757', 'tenant_id': '80fb2ec79c744de69d259c49afc3a0d3', 'tenant_name': 'tempest-ServerShowV257Test-1548983757', 'user_domain_id': 'default', 'user_domain_name': 'Default', 'user_id': '1e74971d5fc3490ea48ceb287472c834', 'system': None}, Network: None, Subnet: None, Router: None
2025-12-09 02:17:32.893 65490 INFO tempest.lib.common.dynamic_creds [-] Created isolated network resources for: credentials: Credentials: {'domain_id': 'default', 'domain_name': 'Default', 'username': 'tempest-ServerShowV257Test-1548983757-project-member', 'project_domain_id': 'default', 'project_domain_name': 'Default', 'project_id': '80fb2ec79c744de69d259c49afc3a0d3', 'project_name': 'tempest-ServerShowV257Test-1548983757', 'tenant_id': '80fb2ec79c744de69d259c49afc3a0d3', 'tenant_name': 'tempest-ServerShowV257Test-1548983757', 'user_domain_id': 'default', 'user_domain_name': 'Default', 'user_id': '1e74971d5fc3490ea48ceb287472c834', 'system': None}, Network: None, Subnet: None, Router: None
2025-12-09 02:17:33.009 65490 INFO tempest.lib.common.rest_client [req-6af100c1-0fb9-4359-bada-54e81a71b8f7 req-6af100c1-0fb9-4359-bada-54e81a71b8f7 ] Request (ServerShowV257Test:setUpClass): 201 POST http://10.180.1.21/identity/v3/auth/tokens 0.113s
2025-12-09 02:17:33.057 65490 INFO tempest.lib.common.rest_client [req-e03398ba-04ad-4be6-a1ab-ea136b0927ef req-e03398ba-04ad-4be6-a1ab-ea136b0927ef ] Request (ServerShowV257Test:test_rebuild_server): 201 POST http://10.180.1.21/identity/v3/auth/tokens 0.043s
2025-12-09 02:17:33.057 65490 INFO tempest.lib.common.fixed_network [-] (ServerShowV257Test:test_rebuild_server) Found network None available for tenant
2025-12-09 02:17:33.290 65474 INFO tempest.lib.common.rest_client [req-f6e3f9b5-1683-4911-8b6e-a800b2155b02 req-f6e3f9b5-1683-4911-8b6e-a800b2155b02 ] Request (ImagesNegativeTestJSON:test_create_image_from_deleted_server): 200 GET http://10.180.1.21/compute/v2.1/servers/ac9e1a32-9b97-4fc2-8472-8841a8103cdd 7.075s
2025-12-09 02:17:33.311 65500 INFO tempest.lib.common.rest_client [req-6c02c751-59a5-45c0-8d37-adadb51c9883 req-6c02c751-59a5-45c0-8d37-adadb51c9883 ] Request (FloatingIPsAssociationNegativeTestJSON:setUpClass): 200 GET http://10.180.1.21/compute/v2.1/servers/7670e201-4962-4373-9abc-079f00dafd91 6.946s
2025-12-09 02:17:33.394 65518 INFO tempest.lib.common.rest_client [req-e5ba0e93-cdd9-4b0c-8b99-e0be3c32e831 req-e5ba0e93-cdd9-4b0c-8b99-e0be3c32e831 ] Request (ServerDiagnosticsNegativeTest:tearDownClass): 200 GET http://10.180.1.21/compute/v2.1/servers/8147c74d-d9a9-49eb-9bac-8e933aaba3f5 6.948s
2025-12-09 02:17:33.413 65496 INFO tempest.lib.common.rest_client [req-40f9f0f7-0e55-4589-8a60-02e423ca19fa req-40f9f0f7-0e55-4589-8a60-02e423ca19fa ] Request (ServerRescueTestJSONUnderV235:setUpClass): 201 POST http://10.180.1.21/networking/v2.0/routers 1.121s
2025-12-09 02:17:33.415 65524 INFO tempest.lib.common.rest_client [req-c34c06d3-c980-4ff0-b68e-dc8a7de478b0 req-c34c06d3-c980-4ff0-b68e-dc8a7de478b0 ] Request (ServersAdmin275Test:_run_cleanups): 200 GET http://10.180.1.21/compute/v2.1/servers/f6144ac9-aa7b-44db-a7ab-35916b84df27 6.684s
2025-12-09 02:17:33.430 65524 INFO tempest.common.waiters [-] State transition "REBUILD/rebuild_spawning" ==> "ACTIVE/None" after 11 second wait
2025-12-09 02:17:33.503 65528 INFO tempest.lib.common.rest_client [req-a1cfb75d-0492-40e7-8d09-6ed5ead45d11 req-a1cfb75d-0492-40e7-8d09-6ed5ead45d11 ] Request (MigrationsAdminTest:test_list_migrations_in_flavor_resize_situation): 204 POST http://10.180.1.21/compute/v2.1/servers/8a03585e-3181-40a6-a0d8-70493307a843/action 6.145s
2025-12-09 02:17:33.653 65506 INFO tempest.lib.common.rest_client [req-d354bec5-6e8f-489b-9c8d-c64ab2f0640d req-d354bec5-6e8f-489b-9c8d-c64ab2f0640d ] Request (ServerGroup264TestJSON:test_create_get_server_group): 200 POST http://10.180.1.21/compute/v2.1/os-server-groups 6.568s
2025-12-09 02:17:33.752 65526 INFO tempest.lib.common.rest_client [req-be658a34-7cf5-4fd7-8de5-e4bfddfe10d2 req-be658a34-7cf5-4fd7-8de5-e4bfddfe10d2 ] Request (FlavorsV2TestJSON:test_get_flavor): 200 GET http://10.180.1.21/compute/v2.1/flavors/42 4.623s
2025-12-09 02:17:33.809 65520 INFO tempest.lib.common.rest_client [req-5434b7ab-9f0c-40f5-9727-c429338b703d req-5434b7ab-9f0c-40f5-9727-c429338b703d ] Request (ImagesOneServerTestJSON:test_create_image_specify_multibyte_character_image_name): 200 GET http://10.180.1.21/compute/v2.1/images/382a2511-d793-4ee0-88d5-9fbf1872b350 4.601s
2025-12-09 02:17:34.438 65496 INFO tempest.lib.common.rest_client [req-abf86171-d08f-4d73-ada4-7389315fddfe req-abf86171-d08f-4d73-ada4-7389315fddfe ] Request (ServerRescueTestJSONUnderV235:setUpClass): 200 PUT http://10.180.1.21/networking/v2.0/routers/b994459f-88e8-4cd6-8c09-500c7cc3b444/add_router_interface 1.024s
2025-12-09 02:17:34.438 65496 INFO tempest.lib.common.dynamic_creds [-] Created isolated network resources for: credentials: Credentials: {'domain_id': 'default', 'domain_name': 'Default', 'username': 'tempest-ServerRescueTestJSONUnderV235-1324172596-project-member', 'project_domain_id': 'default', 'project_domain_name': 'Default', 'project_id': 'b96f0125646c409b8e743d53338ece57', 'project_name': 'tempest-ServerRescueTestJSONUnderV235-1324172596', 'tenant_id': 'b96f0125646c409b8e743d53338ece57', 'tenant_name': 'tempest-ServerRescueTestJSONUnderV235-1324172596', 'user_domain_id': 'default', 'user_domain_name': 'Default', 'user_id': '7616455ca16349029d3982a4b1470b7b', 'system': None}, Network: {'id': '4bced3a3-04a1-466a-831b-9c180a9f88ee', 'name': 'tempest-ServerRescueTestJSONUnderV235-1785202105-network', 'tenant_id': 'b96f0125646c409b8e743d53338ece57', 'project_id': 'b96f0125646c409b8e743d53338ece57', 'admin_state_up': True, 'mtu': 8950, 'status': 'ACTIVE', 'subnets': [], 'shared': False, 'port_security_enabled': True, 'router:external': False, 'provider:network_type': 'vlan', 'provider:physical_network': 'default', 'provider:segmentation_id': 643, 'availability_zone_hints': [], 'availability_zones': [], 'ipv4_address_scope': None, 'ipv6_address_scope': None, 'description': '', 'tags': [], 'created_at': '2025-12-09T02:17:31Z', 'updated_at': '2025-12-09T02:17:31Z', 'revision_number': 1}, Subnet: {'id': '49be0d9d-b88f-4d59-86cf-0b726777dc8d', 'name': 'tempest-ServerRescueTestJSONUnderV235-1785202105-subnet', 'tenant_id': 'b96f0125646c409b8e743d53338ece57', 'network_id': '4bced3a3-04a1-466a-831b-9c180a9f88ee', 'ip_version': 4, 'subnetpool_id': None, 'enable_dhcp': False, 'ipv6_ra_mode': None, 'ipv6_address_mode': None, 'gateway_ip': '192.168.128.1', 'cidr': '192.168.128.0/28', 'allocation_pools': [{'start': '192.168.128.2', 'end': '192.168.128.14'}], 'host_routes': [], 'dns_nameservers': [], 'description': '', 'router:external': False, 'service_types': [], 'tags': [], 'created_at': '2025-12-09T02:17:32Z', 'updated_at': '2025-12-09T02:17:32Z', 'revision_number': 0, 'project_id': 'b96f0125646c409b8e743d53338ece57'}, Router: {'id': 'b994459f-88e8-4cd6-8c09-500c7cc3b444', 'name': 'tempest-ServerRescueTestJSONUnderV235-1785202105-router', 'tenant_id': 'b96f0125646c409b8e743d53338ece57', 'admin_state_up': True, 'status': 'ACTIVE', 'external_gateway_info': {'network_id': '9907aa5e-67a8-47d9-a99e-1b601d4a78e3', 'external_fixed_ips': [{'subnet_id': 'e0919893-60e1-4a4c-8133-e55e3a3a06e4', 'ip_address': '10.180.180.193'}], 'enable_snat': True}, 'description': '', 'availability_zones': [], 'distributed': False, 'ha': False, 'availability_zone_hints': [], 'routes': [], 'flavor_id': None, 'tags': [], 'created_at': '2025-12-09T02:17:32Z', 'updated_at': '2025-12-09T02:17:33Z', 'revision_number': 2, 'project_id': 'b96f0125646c409b8e743d53338ece57'}
2025-12-09 02:17:34.515 65470 INFO tempest.lib.common.rest_client [req-86d090ac-cfaa-4711-8f03-c0b977499a0a req-86d090ac-cfaa-4711-8f03-c0b977499a0a ] Request (VolumesAdminNegativeTest:test_update_attached_volume_with_nonexistent_volume_in_uri): 200 GET http://10.180.1.21/compute/v2.1/servers/d84f9e1d-7cf0-46d7-bc08-5a0f4efa2b9e 5.166s
2025-12-09 02:17:34.538 65486 INFO tempest.lib.common.rest_client [req-0010f9e8-1af1-494a-9f87-8a2d4d6810cd req-0010f9e8-1af1-494a-9f87-8a2d4d6810cd ] Request (FloatingIPsAssociationTestJSON:setUpClass): 200 GET http://10.180.1.21/compute/v2.1/servers/b00f9d12-387b-4d5c-af3d-af85311caafe 5.753s
2025-12-09 02:17:34.549 65486 INFO tempest.common.waiters [-] State transition "BUILD/None" ==> "BUILD/networking" after 25 second wait
2025-12-09 02:17:34.562 65496 INFO tempest.lib.common.rest_client [req-8afe57d1-f6c5-4213-a759-bd047880cc93 req-8afe57d1-f6c5-4213-a759-bd047880cc93 ] Request (ServerRescueTestJSONUnderV235:setUpClass): 201 POST http://10.180.1.21/identity/v3/auth/tokens 0.119s
2025-12-09 02:17:34.617 65496 INFO tempest.lib.common.rest_client [req-4af46283-83d5-4f7f-92b9-72d80e5dfe0a req-4af46283-83d5-4f7f-92b9-72d80e5dfe0a ] Request (ServerRescueTestJSONUnderV235:setUpClass): 201 POST http://10.180.1.21/identity/v3/auth/tokens 0.050s
2025-12-09 02:17:34.618 65496 INFO tempest.lib.common.fixed_network [-] (ServerRescueTestJSONUnderV235:setUpClass) Found network {'id': '4bced3a3-04a1-466a-831b-9c180a9f88ee', 'name': 'tempest-ServerRescueTestJSONUnderV235-1785202105-network', 'tenant_id': 'b96f0125646c409b8e743d53338ece57', 'project_id': 'b96f0125646c409b8e743d53338ece57', 'admin_state_up': True, 'mtu': 8950, 'status': 'ACTIVE', 'subnets': [], 'shared': False, 'port_security_enabled': True, 'router:external': False, 'provider:network_type': 'vlan', 'provider:physical_network': 'default', 'provider:segmentation_id': 643, 'availability_zone_hints': [], 'availability_zones': [], 'ipv4_address_scope': None, 'ipv6_address_scope': None, 'description': '', 'tags': [], 'created_at': '2025-12-09T02:17:31Z', 'updated_at': '2025-12-09T02:17:31Z', 'revision_number': 1} available for tenant
2025-12-09 02:17:34.828 65484 INFO tempest.lib.common.rest_client [req-9c3d28cb-66e5-480d-81f5-24c0a54f55e9 req-9c3d28cb-66e5-480d-81f5-24c0a54f55e9 ] Request (ServersV294TestFqdnHostnames:setUpClass): 200 GET http://10.180.1.21/compute/v2.1/servers/02f80911-ea50-46ec-98c1-4a9365162c34 5.356s
2025-12-09 02:17:35.077 65530 INFO tempest.lib.common.rest_client [req-7c4e9db8-acc4-4b85-b8ac-4ec056388548 req-7c4e9db8-acc4-4b85-b8ac-4ec056388548 ] Request (ServerDiagnosticsV248Test:test_get_server_diagnostics): 200 GET http://10.180.1.21/compute/v2.1/servers/ea8459e1-5abf-4ab2-9f33-573f729475da/diagnostics 5.385s
2025-12-09 02:17:35.109 65494 INFO tempest.lib.common.rest_client [req-742b755f-1f7b-4f9c-aff8-d76b0525726f req-742b755f-1f7b-4f9c-aff8-d76b0525726f ] Request (ServersAdminTestJSON:setUpClass): 200 GET http://10.180.1.21/compute/v2.1/servers/6ce04904-3b16-461b-b25e-0ce90d029115 4.715s
2025-12-09 02:17:35.126 65472 INFO tempest.lib.common.rest_client [req-353ef7cc-13c2-46ff-bd96-6429d637cec0 req-353ef7cc-13c2-46ff-bd96-6429d637cec0 ] Request (KeyPairsNegativeTestJSON:test_create_keypair_with_duplicate_name): 409 POST http://10.180.1.21/compute/v2.1/os-keypairs 4.699s
2025-12-09 02:17:35.141 65508 INFO tempest.lib.common.rest_client [req-12203d43-f1e8-426c-89f5-0a7fa4ac5868 req-12203d43-f1e8-426c-89f5-0a7fa4ac5868 ] Request (AggregatesAdminNegativeTestJSON:test_aggregate_get_details_with_invalid_id): 404 GET http://10.180.1.21/compute/v2.1/os-aggregates/-1 4.652s
2025-12-09 02:17:35.149 65476 INFO tempest.lib.common.rest_client [req-041902dc-3a4e-4247-ba03-258504bb2b24 req-041902dc-3a4e-4247-ba03-258504bb2b24 ] Request (FlavorsAdminTestJSON:test_is_public_string_variations): 200 POST http://10.180.1.21/compute/v2.1/flavors 4.686s
2025-12-09 02:17:35.216 65494 INFO tempest.lib.common.rest_client [req-a2cb7919-cea4-4f7d-8fdb-8c8e06dd6668 req-a2cb7919-cea4-4f7d-8fdb-8c8e06dd6668 ] Request (ServersAdminTestJSON:test_create_server_with_scheduling_hint): 201 POST http://10.180.1.21/identity/v3/auth/tokens 0.092s
2025-12-09 02:17:35.217 65494 INFO tempest.lib.common.fixed_network [-] (ServersAdminTestJSON:test_create_server_with_scheduling_hint) Found network {'id': 'c098c123-85e6-452c-a262-c5f3c16f08f3', 'name': 'tempest-ServersAdminTestJSON-183876646-network', 'tenant_id': '6295b81c1cc84fb697ebcf1a284cf266', 'project_id': '6295b81c1cc84fb697ebcf1a284cf266', 'admin_state_up': True, 'mtu': 8950, 'status': 'ACTIVE', 'subnets': [], 'shared': False, 'port_security_enabled': True, 'router:external': False, 'provider:network_type': 'vlan', 'provider:physical_network': 'default', 'provider:segmentation_id': 100, 'availability_zone_hints': [], 'availability_zones': [], 'ipv4_address_scope': None, 'ipv6_address_scope': None, 'description': '', 'tags': [], 'created_at': '2025-12-09T02:16:32Z', 'updated_at': '2025-12-09T02:16:32Z', 'revision_number': 1} available for tenant
2025-12-09 02:17:35.292 65492 INFO tempest.lib.common.rest_client [req-c2d48c83-0593-40d2-b2f7-42a0d3f6a97c req-c2d48c83-0593-40d2-b2f7-42a0d3f6a97c ] Request (FloatingIPsNegativeTestJSON:setUpClass): 200 GET http://10.180.1.21/compute/v2.1/os-floating-ips 4.642s
2025-12-09 02:17:35.327 65480 INFO tempest.lib.common.rest_client [req-efe56db4-1a6e-420a-a812-1fd6604324d4 req-efe56db4-1a6e-420a-a812-1fd6604324d4 ] Request (ServersAdminNegativeTestJSON:test_migrate_server_invalid_state): 200 GET http://10.180.1.21/compute/v2.1/servers/14ca361f-e060-44b3-be62-bc4ccc65d15d 4.715s
2025-12-09 02:17:35.334 65480 INFO tempest.common.waiters [-] State transition "BUILD/spawning" ==> "ACTIVE/None" after 44 second wait
2025-12-09 02:17:35.447 65478 INFO tempest.lib.common.rest_client [req-b62fffa6-7a30-47d0-8fa6-6d2b626d5b10 req-b62fffa6-7a30-47d0-8fa6-6d2b626d5b10 ] Request (QuotasAdminNegativeTest:_run_cleanups): 200 PUT http://10.180.1.21/compute/v2.1/os-quota-sets/c434a131b26c42f081c4398d2abc8b5f 3.891s
2025-12-09 02:17:35.454 65514 INFO tempest.lib.common.rest_client [req-df8ed9a1-6d73-4c9a-84bb-3033b3c5e60c req-df8ed9a1-6d73-4c9a-84bb-3033b3c5e60c ] Request (SecurityGroupsTestJSON:test_security_groups_create_list_delete): 200 POST http://10.180.1.21/compute/v2.1/os-security-groups 4.507s
2025-12-09 02:17:35.551 65516 INFO tempest.lib.common.rest_client [req-0ab41738-10c6-4a1d-a59c-91a809021558 req-0ab41738-10c6-4a1d-a59c-91a809021558 ] Request (ServersTestMultiNic:_run_cleanups): 200 GET http://10.180.1.21/compute/v2.1/servers/248e565c-0919-4a26-87fa-a1120ac30752 3.862s
2025-12-09 02:17:35.563 65468 INFO tempest.lib.common.rest_client [req-a9572559-7667-46bf-adc6-49d5b51bb1f9 req-a9572559-7667-46bf-adc6-49d5b51bb1f9 ] Request (ServerMetadataNegativeTestJSON:test_list_server_metadata_non_existent_server): 404 GET http://10.180.1.21/compute/v2.1/servers/0eb00775-f58b-49bd-b4b8-c9125a68b13e/metadata 3.593s
2025-12-09 02:17:35.601 65488 INFO tempest.lib.common.rest_client [req-1736a938-cec3-4bab-b982-da0eb2fa2191 req-1736a938-cec3-4bab-b982-da0eb2fa2191 ] Request (SecurityGroupRulesNegativeTestJSON:test_create_security_group_rule_with_invalid_from_port): 400 POST http://10.180.1.21/compute/v2.1/os-security-group-rules 3.497s
2025-12-09 02:17:35.703 65522 INFO tempest.lib.common.rest_client [req-e54c7438-79ae-4883-ba0a-bf35850bab46 req-e54c7438-79ae-4883-ba0a-bf35850bab46 ] Request (AttachInterfacesUnderV243Test:test_add_remove_fixed_ip): 200 GET http://10.180.1.21/compute/v2.1/servers/5b53bcaa-0d2f-4a33-96dd-f503d09af84f/os-interface 3.399s
2025-12-09 02:17:36.005 65498 INFO tempest.lib.common.rest_client [req-be3ec0fe-cd48-44bc-89a8-0fc3844cf889 req-be3ec0fe-cd48-44bc-89a8-0fc3844cf889 ] Request (DeleteServersAdminTestJSON:test_delete_server_while_in_error_state): 200 GET http://10.180.1.21/compute/v2.1/servers/a78f6b54-f5f2-4b33-b4e9-c8bb22924973 3.034s
2025-12-09 02:17:36.066 65502 INFO tempest.lib.common.rest_client [req-3147b0b1-4bb0-4ce3-8cb8-ddac8315e8d8 req-3147b0b1-4bb0-4ce3-8cb8-ddac8315e8d8 ] Request (ListImageFiltersTestJSON:setUpClass): 200 GET http://10.180.1.21/compute/v2.1/servers/e5f3ccda-fa2e-4e48-b8ee-3296218319fd 4.501s
2025-12-09 02:17:36.077 65502 INFO tempest.common.waiters [-] State transition "BUILD/None" ==> "BUILD/spawning" after 29 second wait
2025-12-09 02:17:36.192 65524 INFO tempest.lib.common.rest_client [req-15a18049-714f-466a-a843-4e3e6708c77d req-15a18049-714f-466a-a843-4e3e6708c77d ] Request (ServersAdmin275Test:tearDownClass): 204 DELETE http://10.180.1.21/compute/v2.1/servers/f6144ac9-aa7b-44db-a7ab-35916b84df27 2.760s
2025-12-09 02:17:36.223 65490 INFO tempest.lib.common.rest_client [req-8f23b73f-4369-47f7-9bfb-b9ee3616024f req-8f23b73f-4369-47f7-9bfb-b9ee3616024f ] Request (ServerShowV257Test:test_rebuild_server): 202 POST http://10.180.1.21/compute/v2.1/servers 3.165s
2025-12-09 02:17:36.290 65510 INFO tempest.lib.common.rest_client [req-34fce7d1-564c-4d82-866c-68d6fcea3b6a req-34fce7d1-564c-4d82-866c-68d6fcea3b6a ] Request (ServerDiagnosticsTest:tearDownClass): 200 GET http://10.180.1.21/compute/v2.1/servers/dde4163f-c966-45a0-94bd-dae5fb6c0409 2.830s
2025-12-09 02:17:36.375 65528 INFO tempest.lib.common.rest_client [req-69e3996c-1a95-49bf-9d6a-dc92fd3fa6f0 req-69e3996c-1a95-49bf-9d6a-dc92fd3fa6f0 ] Request (MigrationsAdminTest:test_list_migrations_in_flavor_resize_situation): 200 GET http://10.180.1.21/compute/v2.1/servers/8a03585e-3181-40a6-a0d8-70493307a843 2.871s
2025-12-09 02:17:36.387 65482 INFO tempest.lib.common.rest_client [req-aca08e3c-3a09-4a5c-a7d8-4288c1de8e1b req-aca08e3c-3a09-4a5c-a7d8-4288c1de8e1b ] Request (ImagesTestJSON:test_create_image_from_suspended_server): 200 GET http://10.180.1.21/compute/v2.1/servers/8a8071a3-00bf-493b-92f6-71f89a3b4435 2.860s
2025-12-09 02:17:36.406 65506 INFO tempest.lib.common.rest_client [req-8dbbce7d-120f-4a04-9fad-46576c81342d req-8dbbce7d-120f-4a04-9fad-46576c81342d ] Request (ServerGroup264TestJSON:test_create_get_server_group): 200 GET http://10.180.1.21/compute/v2.1/os-server-groups 2.751s
2025-12-09 02:17:36.422 65526 INFO tempest.lib.common.rest_client [req-ade28579-d1ed-4518-82bb-96563bfdffa9 req-ade28579-d1ed-4518-82bb-96563bfdffa9 ] Request (FlavorsV2TestJSON:test_list_flavors): 200 GET http://10.180.1.21/compute/v2.1/flavors 2.665s
2025-12-09 02:17:36.479 65500 INFO tempest.lib.common.rest_client [req-d888fe9d-050e-427a-97e8-8552eda87523 req-d888fe9d-050e-427a-97e8-8552eda87523 ] Request (FloatingIPsAssociationNegativeTestJSON:setUpClass): 200 GET http://10.180.1.21/compute/v2.1/servers/7670e201-4962-4373-9abc-079f00dafd91 2.157s
2025-12-09 02:17:36.494 65474 INFO tempest.lib.common.rest_client [req-d0f04f5b-30f4-40eb-a430-d75f9be60913 req-d0f04f5b-30f4-40eb-a430-d75f9be60913 ] Request (ImagesNegativeTestJSON:test_create_image_from_deleted_server): 200 GET http://10.180.1.21/compute/v2.1/servers/ac9e1a32-9b97-4fc2-8472-8841a8103cdd 2.192s
2025-12-09 02:17:36.550 65518 INFO tempest.lib.common.rest_client [req-d67ff8a0-4a74-49a6-88df-c8e58df4b992 req-d67ff8a0-4a74-49a6-88df-c8e58df4b992 ] Request (ServerDiagnosticsNegativeTest:tearDownClass): 200 GET http://10.180.1.21/compute/v2.1/servers/8147c74d-d9a9-49eb-9bac-8e933aaba3f5 2.141s
2025-12-09 02:17:36.588 65520 INFO tempest.lib.common.rest_client [req-1d6d3fde-bb04-461c-a401-f82540c2f57b req-1d6d3fde-bb04-461c-a401-f82540c2f57b ] Request (ImagesOneServerTestJSON:test_create_image_specify_multibyte_character_image_name): 200 GET http://10.180.1.21/compute/v2.1/images/382a2511-d793-4ee0-88d5-9fbf1872b350 1.774s
2025-12-09 02:17:36.661 65530 INFO tempest.lib.common.rest_client [req-dad13b81-fbbf-44a9-a2ab-9a56835c3274 req-dad13b81-fbbf-44a9-a2ab-9a56835c3274 ] Request (ServerDiagnosticsV248Test:tearDownClass): 204 DELETE http://10.180.1.21/compute/v2.1/servers/ea8459e1-5abf-4ab2-9f33-573f729475da 1.575s
2025-12-09 02:17:36.683 65472 INFO tempest.lib.common.rest_client [req-993a6ac1-009e-41ef-bb83-6a5038aa5e24 req-993a6ac1-009e-41ef-bb83-6a5038aa5e24 ] Request (KeyPairsNegativeTestJSON:test_create_keypair_with_duplicate_name): 202 DELETE http://10.180.1.21/compute/v2.1/os-keypairs/tempest-keypair-1770695687 1.557s
2025-12-09 02:17:36.693 65508 INFO tempest.lib.common.rest_client [req-227c429c-2625-4517-b123-50128c8ee21a req-227c429c-2625-4517-b123-50128c8ee21a ] Request (AggregatesAdminNegativeTestJSON:test_aggregate_list_as_user): 403 GET http://10.180.1.21/compute/v2.1/os-aggregates 1.550s
2025-12-09 02:17:36.712 65476 INFO tempest.lib.common.rest_client [req-1f8e038f-adfe-494d-b7a5-78fa1e432bc4 req-1f8e038f-adfe-494d-b7a5-78fa1e432bc4 ] Request (FlavorsAdminTestJSON:test_is_public_string_variations): 200 POST http://10.180.1.21/compute/v2.1/flavors 1.559s
2025-12-09 02:17:37.092 65496 INFO tempest.lib.common.rest_client [req-788668fb-a967-4026-b3d0-684950a2e0d6 req-788668fb-a967-4026-b3d0-684950a2e0d6 ] Request (ServerRescueTestJSONUnderV235:setUpClass): 202 POST http://10.180.1.21/compute/v2.1/servers 2.474s
2025-12-09 02:17:37.133 65492 INFO tempest.lib.common.rest_client [req-18e7d31d-3042-4dfe-a427-a55f60d95cb2 req-18e7d31d-3042-4dfe-a427-a55f60d95cb2 ] Request (FloatingIPsNegativeTestJSON:test_allocate_floating_ip_from_nonexistent_pool): 404 POST http://10.180.1.21/compute/v2.1/os-floating-ips 1.838s
2025-12-09 02:17:37.269 65494 INFO tempest.lib.common.rest_client [req-f2022094-1a07-4ce5-955b-219aeb9b37ac req-f2022094-1a07-4ce5-955b-219aeb9b37ac ] Request (ServersAdminTestJSON:test_create_server_with_scheduling_hint): 202 POST http://10.180.1.21/compute/v2.1/servers 2.051s
2025-12-09 02:17:37.272 65478 INFO tempest.lib.common.rest_client [req-3b5fb1a5-c476-4f27-bd20-0601e4991df0 req-3b5fb1a5-c476-4f27-bd20-0601e4991df0 ] Request (QuotasAdminNegativeTest:test_update_quota_normal_user): 403 PUT http://10.180.1.21/compute/v2.1/os-quota-sets/c434a131b26c42f081c4398d2abc8b5f 1.819s
2025-12-09 02:17:37.275 65480 INFO tempest.lib.common.rest_client [req-6d7916ac-8ad4-4be5-953c-baca751698d4 req-6d7916ac-8ad4-4be5-953c-baca751698d4 ] Request (ServersAdminNegativeTestJSON:test_migrate_server_invalid_state): 202 POST http://10.180.1.21/compute/v2.1/servers/14ca361f-e060-44b3-be62-bc4ccc65d15d/action 1.940s
2025-12-09 02:17:37.447 65478 INFO tempest.lib.common.rest_client [req-35329750-b899-4432-bdbc-3eea9b176db1 req-35329750-b899-4432-bdbc-3eea9b176db1 ] Request (QuotasAdminNegativeTest:tearDownClass): 204 DELETE http://10.180.1.21/identity/v3/users/7a91c8bd72754fa4ab78aa802eb40645 0.171s
2025-12-09 02:17:37.570 65470 INFO tempest.lib.common.rest_client [req-5cdd239a-fa90-4c16-9877-b4cff6a495e7 req-5cdd239a-fa90-4c16-9877-b4cff6a495e7 ] Request (VolumesAdminNegativeTest:test_update_attached_volume_with_nonexistent_volume_in_uri): 200 GET http://10.180.1.21/compute/v2.1/servers/d84f9e1d-7cf0-46d7-bc08-5a0f4efa2b9e 2.044s
2025-12-09 02:17:37.584 65470 INFO tempest.common.waiters [-] State transition "BUILD/None" ==> "BUILD/spawning" after 28 second wait
2025-12-09 02:17:37.601 65514 INFO tempest.lib.common.rest_client [req-5410fdd1-f6dd-4b41-92e8-bf38cae89d45 req-5410fdd1-f6dd-4b41-92e8-bf38cae89d45 ] Request (SecurityGroupsTestJSON:test_security_groups_create_list_delete): 200 GET http://10.180.1.21/compute/v2.1/os-security-groups 2.144s
2025-12-09 02:17:37.615 65478 INFO tempest.lib.common.rest_client [req-251af4be-32b4-47b9-a4b8-4ca4463e2e32 req-251af4be-32b4-47b9-a4b8-4ca4463e2e32 ] Request (QuotasAdminNegativeTest:tearDownClass): 204 DELETE http://10.180.1.21/identity/v3/users/bd73347de42445b2ba037af30277c69a 0.167s
2025-12-09 02:17:37.616 65478 INFO tempest.lib.common.dynamic_creds [-] Deleting project and security group for project: d1c1e6d21a394110b8e366eacbff0292
2025-12-09 02:17:37.751 65478 INFO tempest.lib.common.rest_client [req-50aa72b8-ede2-4c01-8278-bcd6784884dc req-50aa72b8-ede2-4c01-8278-bcd6784884dc ] Request (QuotasAdminNegativeTest:tearDownClass): 201 POST http://10.180.1.21/identity/v3/auth/tokens 0.135s
2025-12-09 02:17:37.894 65468 INFO tempest.lib.common.rest_client [req-8613bb79-77dc-4a8f-8d1a-30c452305fc1 req-8613bb79-77dc-4a8f-8d1a-30c452305fc1 ] Request (ServerMetadataNegativeTestJSON:test_metadata_items_limit): 200 GET http://10.180.1.21/compute/v2.1/os-quota-sets/ddf936fc8a8a4189ab014140accb8343 2.330s
2025-12-09 02:17:37.908 65488 INFO tempest.lib.common.rest_client [req-7a894074-8752-47b8-bb88-0f65d62fd6de req-7a894074-8752-47b8-bb88-0f65d62fd6de ] Request (SecurityGroupRulesNegativeTestJSON:test_create_security_group_rule_with_invalid_id): 400 POST http://10.180.1.21/compute/v2.1/os-security-group-rules 2.306s
2025-12-09 02:17:38.102 65478 INFO tempest.lib.common.rest_client [req-ed8f695f-a628-4b2a-9eb9-d627c1aa695a req-ed8f695f-a628-4b2a-9eb9-d627c1aa695a ] Request (QuotasAdminNegativeTest:tearDownClass): 200 GET http://10.180.1.21/networking/v2.0/security-groups?tenant_id=d1c1e6d21a394110b8e366eacbff0292&name=default 0.350s
2025-12-09 02:17:38.162 65486 INFO tempest.lib.common.rest_client [req-65139a90-dd13-4c0d-b0cb-7aa2b740428b req-65139a90-dd13-4c0d-b0cb-7aa2b740428b ] Request (FloatingIPsAssociationTestJSON:setUpClass): 200 GET http://10.180.1.21/compute/v2.1/servers/b00f9d12-387b-4d5c-af3d-af85311caafe 2.612s
2025-12-09 02:17:38.169 65486 INFO tempest.common.waiters [-] State transition "BUILD/networking" ==> "BUILD/spawning" after 29 second wait
2025-12-09 02:17:38.271 65522 INFO tempest.lib.common.rest_client [req-8be5d135-c1c2-43e4-894e-2c14024b1e95 req-8be5d135-c1c2-43e4-894e-2c14024b1e95 ] Request (AttachInterfacesUnderV243Test:test_add_remove_fixed_ip): 200 GET http://10.180.1.21/compute/v2.1/servers/5b53bcaa-0d2f-4a33-96dd-f503d09af84f/os-interface/3cbfccaf-d3a1-4774-b116-a79ae1cc37eb 2.566s
2025-12-09 02:17:38.310 65478 INFO tempest.lib.common.rest_client [req-f0d6b55f-840f-4f1d-9b8e-b8129f89cbb5 req-f0d6b55f-840f-4f1d-9b8e-b8129f89cbb5 ] Request (QuotasAdminNegativeTest:tearDownClass): 204 DELETE http://10.180.1.21/networking/v2.0/security-groups/492c8e0f-c865-4f0d-9372-d94fcae21c67 0.208s
2025-12-09 02:17:38.364 65484 INFO tempest.lib.common.rest_client [req-5e4e389f-dd95-493b-ac91-abe792756ccf req-5e4e389f-dd95-493b-ac91-abe792756ccf ] Request (ServersV294TestFqdnHostnames:setUpClass): 200 GET http://10.180.1.21/compute/v2.1/servers/02f80911-ea50-46ec-98c1-4a9365162c34 2.524s
2025-12-09 02:17:38.393 65524 INFO tempest.lib.common.rest_client [req-dad1508c-86d3-4195-b7d6-137520efb6fc req-dad1508c-86d3-4195-b7d6-137520efb6fc ] Request (ServersAdmin275Test:tearDownClass): 200 GET http://10.180.1.21/compute/v2.1/servers/f6144ac9-aa7b-44db-a7ab-35916b84df27 2.200s
2025-12-09 02:17:38.414 65506 INFO tempest.lib.common.rest_client [req-905e33fd-b7b4-4363-bdfc-d5fc441a9b6d req-905e33fd-b7b4-4363-bdfc-d5fc441a9b6d ] Request (ServerGroup264TestJSON:test_create_get_server_group): 200 GET http://10.180.1.21/compute/v2.1/os-server-groups/cd1827c8-8f1a-4838-b0aa-71aa8439dd9e 2.006s
2025-12-09 02:17:38.418 65478 INFO tempest.lib.common.rest_client [req-31f668b2-46a0-4353-94de-d76f142aac33 req-31f668b2-46a0-4353-94de-d76f142aac33 ] Request (QuotasAdminNegativeTest:tearDownClass): 204 DELETE http://10.180.1.21/identity/v3/projects/d1c1e6d21a394110b8e366eacbff0292 0.107s
2025-12-09 02:17:38.418 65478 INFO tempest.lib.common.dynamic_creds [-] Deleting project and security group for project: c434a131b26c42f081c4398d2abc8b5f
2025-12-09 02:17:38.432 65526 INFO tempest.lib.common.rest_client [req-83efad66-74e1-4179-b92e-db08ed16719b req-83efad66-74e1-4179-b92e-db08ed16719b ] Request (FlavorsV2TestJSON:test_list_flavors): 200 GET http://10.180.1.21/compute/v2.1/flavors/42 2.006s
2025-12-09 02:17:38.452 65490 INFO tempest.lib.common.rest_client [req-bf3ce2c8-be2e-4d07-88b5-bd85c864714b req-bf3ce2c8-be2e-4d07-88b5-bd85c864714b ] Request (ServerShowV257Test:test_rebuild_server): 200 GET http://10.180.1.21/compute/v2.1/servers/0efa98bc-6ff7-4cb9-865d-001b0c6cd35a 2.227s
2025-12-09 02:17:38.537 65516 INFO tempest.lib.common.rest_client [req-9f5584f0-0826-44c3-b033-69d8beeeba30 req-9f5584f0-0826-44c3-b033-69d8beeeba30 ] Request (ServersTestMultiNic:_run_cleanups): 200 GET http://10.180.1.21/compute/v2.1/servers/248e565c-0919-4a26-87fa-a1120ac30752 1.978s
2025-12-09 02:17:38.543 65472 INFO tempest.lib.common.rest_client [req-7d969215-a719-47fd-a19e-9b4cd935e248 req-7d969215-a719-47fd-a19e-9b4cd935e248 ] Request (KeyPairsNegativeTestJSON:test_create_keypair_with_empty_name_string): 400 POST http://10.180.1.21/compute/v2.1/os-keypairs 1.858s
2025-12-09 02:17:38.558 65478 INFO tempest.lib.common.rest_client [req-fae8bbc7-e1ba-44c2-9e12-639118578b44 req-fae8bbc7-e1ba-44c2-9e12-639118578b44 ] Request (QuotasAdminNegativeTest:tearDownClass): 200 GET http://10.180.1.21/networking/v2.0/security-groups?tenant_id=c434a131b26c42f081c4398d2abc8b5f&name=default 0.139s
2025-12-09 02:17:38.558 65530 INFO tempest.lib.common.rest_client [req-f4068b33-beba-4cee-b484-6fe311d25c99 req-f4068b33-beba-4cee-b484-6fe311d25c99 ] Request (ServerDiagnosticsV248Test:tearDownClass): 200 GET http://10.180.1.21/compute/v2.1/servers/ea8459e1-5abf-4ab2-9f33-573f729475da 1.897s
2025-12-09 02:17:38.573 65508 INFO tempest.lib.common.rest_client [req-7e45d9f4-c3aa-4fba-9240-b68caf2075d9 req-7e45d9f4-c3aa-4fba-9240-b68caf2075d9 ] Request (AggregatesAdminNegativeTestJSON:test_aggregate_remove_host_as_user): 200 POST http://10.180.1.21/compute/v2.1/os-aggregates 1.877s
2025-12-09 02:17:38.576 65476 INFO tempest.lib.common.rest_client [req-aa848dd6-a18a-4ba7-b6e4-bf36c252f3a8 req-aa848dd6-a18a-4ba7-b6e4-bf36c252f3a8 ] Request (FlavorsAdminTestJSON:test_is_public_string_variations): 200 GET http://10.180.1.21/compute/v2.1/flavors/detail?is_public=f 1.862s
2025-12-09 02:17:38.673 65478 INFO tempest.lib.common.rest_client [req-957130ff-66fd-4e14-8262-46a7a2e243c1 req-957130ff-66fd-4e14-8262-46a7a2e243c1 ] Request (QuotasAdminNegativeTest:tearDownClass): 204 DELETE http://10.180.1.21/networking/v2.0/security-groups/733dbd7a-a918-41fc-abe9-d17fd55f59b5 0.114s
2025-12-09 02:17:38.734 65498 INFO tempest.lib.common.rest_client [req-b91771be-cd2e-4b38-9fe7-0c978e457bb0 req-b91771be-cd2e-4b38-9fe7-0c978e457bb0 ] Request (DeleteServersAdminTestJSON:test_delete_server_while_in_error_state): 200 GET http://10.180.1.21/compute/v2.1/servers/a78f6b54-f5f2-4b33-b4e9-c8bb22924973 1.720s
2025-12-09 02:17:38.743 65498 INFO tempest.common.waiters [-] State transition "BUILD/spawning" ==> "ACTIVE/None" after 46 second wait
2025-12-09 02:17:38.779 65478 INFO tempest.lib.common.rest_client [req-a7f28efe-a19e-4a63-a958-1cb6410d6496 req-a7f28efe-a19e-4a63-a958-1cb6410d6496 ] Request (QuotasAdminNegativeTest:tearDownClass): 204 DELETE http://10.180.1.21/identity/v3/projects/c434a131b26c42f081c4398d2abc8b5f 0.106s
2025-12-09 02:17:38.786 65502 INFO tempest.lib.common.rest_client [req-f214e16a-e2d3-498d-ac4e-271b4ce9bb66 req-f214e16a-e2d3-498d-ac4e-271b4ce9bb66 ] Request (ListImageFiltersTestJSON:setUpClass): 200 GET http://10.180.1.21/compute/v2.1/servers/e5f3ccda-fa2e-4e48-b8ee-3296218319fd 1.708s
2025-12-09 02:17:38.788 65496 INFO tempest.lib.common.rest_client [req-451fa808-b232-45d9-a886-c0f862bfb8e9 req-451fa808-b232-45d9-a886-c0f862bfb8e9 ] Request (ServerRescueTestJSONUnderV235:setUpClass): 200 GET http://10.180.1.21/compute/v2.1/servers/54132760-1453-4e2c-8710-6a6cff3c4810 1.694s
2025-12-09 02:17:38.818 65492 INFO tempest.lib.common.rest_client [req-e0183798-50d7-459b-b50f-784cf25665df req-e0183798-50d7-459b-b50f-784cf25665df ] Request (FloatingIPsNegativeTestJSON:test_delete_nonexistent_floating_ip): 404 DELETE http://10.180.1.21/compute/v2.1/os-floating-ips/0c3218ce-7743-4805-992a-542a1565b365 1.682s
2025-12-09 02:17:38.840 65494 INFO tempest.lib.common.rest_client [req-9f3ccd12-4b26-4ed5-96d9-6e971e989f06 req-9f3ccd12-4b26-4ed5-96d9-6e971e989f06 ] Request (ServersAdminTestJSON:test_create_server_with_scheduling_hint): 200 GET http://10.180.1.21/compute/v2.1/servers/8f1a5226-089f-4ff3-af84-88d46bad168a 1.569s
2025-12-09 02:17:38.863 65478 INFO tempest.lib.common.rest_client [req-f3864eb4-9c7e-449d-8d6f-5773dbfd1c50 req-f3864eb4-9c7e-449d-8d6f-5773dbfd1c50 ] Request (ServersTestFqdnHostnames:setUpClass): 201 POST http://10.180.1.21/identity/v3/auth/tokens 0.082s
2025-12-09 02:17:38.868 65510 INFO tempest.lib.common.rest_client [req-3de89286-1cf6-4284-a257-330d95c799ec req-3de89286-1cf6-4284-a257-330d95c799ec ] Request (ServerDiagnosticsTest:tearDownClass): 404 GET http://10.180.1.21/compute/v2.1/servers/dde4163f-c966-45a0-94bd-dae5fb6c0409 1.564s
2025-12-09 02:17:38.903 65478 INFO tempest.lib.common.rest_client [req-b95c0090-baee-4d83-9a42-063eeb09f989 req-b95c0090-baee-4d83-9a42-063eeb09f989 ] Request (ServersTestFqdnHostnames:setUpClass): 201 POST http://10.180.1.21/identity/v3/auth/tokens 0.036s
2025-12-09 02:17:38.942 65478 INFO tempest.lib.common.rest_client [req-b3ca6287-a922-43ea-910b-2f3d671c256d req-b3ca6287-a922-43ea-910b-2f3d671c256d ] Request (ServersTestFqdnHostnames:setUpClass): 200 GET http://10.180.1.21/identity/v3/domains?name=Default 0.038s
2025-12-09 02:17:38.955 65510 INFO tempest.lib.common.rest_client [req-12f29c0f-56d6-4fad-9dfd-97ec6b02e579 req-12f29c0f-56d6-4fad-9dfd-97ec6b02e579 ] Request (ServerDiagnosticsTest:tearDownClass): 204 DELETE http://10.180.1.21/identity/v3/users/3c763168c62e48f88bd1792cbe49a6a5 0.087s
2025-12-09 02:17:39.044 65504 WARNING tempest.lib.common.ssh [-] Failed to establish authenticated ssh connection to cirros@10.180.180.203 ([Errno None] Unable to connect to port 22 on 10.180.180.203). Number attempts: 3. Retry after 4 seconds.: paramiko.ssh_exception.NoValidConnectionsError: [Errno None] Unable to connect to port 22 on 10.180.180.203
2025-12-09 02:17:39.044 65478 INFO tempest.lib.common.rest_client [req-6acf3904-69c7-4f27-ac92-2a2b0480e75c req-6acf3904-69c7-4f27-ac92-2a2b0480e75c ] Request (ServersTestFqdnHostnames:setUpClass): 201 POST http://10.180.1.21/identity/v3/projects 0.101s
2025-12-09 02:17:39.106 65510 INFO tempest.lib.common.rest_client [req-74895776-53f5-4e48-af80-3d765981aada req-74895776-53f5-4e48-af80-3d765981aada ] Request (ServerDiagnosticsTest:tearDownClass): 204 DELETE http://10.180.1.21/identity/v3/users/2401c2909f00427389ba9b001b0ffdb5 0.150s
2025-12-09 02:17:39.106 65510 INFO tempest.lib.common.dynamic_creds [-] Deleting project and security group for project: 55f2bfdc640348c198593bc5315872d4
2025-12-09 02:17:39.142 65480 INFO tempest.lib.common.rest_client [req-a52fb405-a05e-4d6c-9b58-d834d0d060e4 req-a52fb405-a05e-4d6c-9b58-d834d0d060e4 ] Request (ServersAdminNegativeTestJSON:test_migrate_server_invalid_state): 200 GET http://10.180.1.21/compute/v2.1/servers/14ca361f-e060-44b3-be62-bc4ccc65d15d 1.866s
2025-12-09 02:17:39.158 65478 INFO tempest.lib.common.rest_client [req-b5a67881-fa33-4128-a645-33ea34f22500 req-b5a67881-fa33-4128-a645-33ea34f22500 ] Request (ServersTestFqdnHostnames:setUpClass): 201 POST http://10.180.1.21/identity/v3/users 0.114s
