2025-12-09 02:19:53.129 65516 INFO tempest.lib.common.rest_client [req-df8452fd-c3b8-4f57-a9e5-5afebc972804 req-df8452fd-c3b8-4f57-a9e5-5afebc972804 ] Request (ServerActionsTestJSON:setUpClass): 201 POST http://10.180.1.21/identity/v3/projects 0.073s
2025-12-09 02:19:53.202 65516 INFO tempest.lib.common.rest_client [req-36ee9d8f-c260-4533-8d08-502370841346 req-36ee9d8f-c260-4533-8d08-502370841346 ] Request (ServerActionsTestJSON:setUpClass): 201 POST http://10.180.1.21/identity/v3/users 0.073s
2025-12-09 02:19:53.225 65516 INFO tempest.lib.common.rest_client [req-22c84e1d-5e8f-4a2b-8ce6-dde7daaa5683 req-22c84e1d-5e8f-4a2b-8ce6-dde7daaa5683 ] Request (ServerActionsTestJSON:setUpClass): 200 GET http://10.180.1.21/identity/v3/roles 0.022s
2025-12-09 02:19:53.260 65516 INFO tempest.lib.common.rest_client [req-dfe58845-e888-49b5-a0df-ee5dcbdd8e65 req-dfe58845-e888-49b5-a0df-ee5dcbdd8e65 ] Request (ServerActionsTestJSON:setUpClass): 204 PUT http://10.180.1.21/identity/v3/projects/b705d357d0bd4e119fdcdccc051de8c3/users/307bd313df5b4c0c873b1ff4876893e7/roles/3c51c47f0d684115bad614dd65bf0e29 0.035s
2025-12-09 02:19:53.260 65516 INFO tempest.lib.common.dynamic_creds [-] Dynamic test user 307bd313df5b4c0c873b1ff4876893e7 is created with scope project and roles: ['member']
2025-12-09 02:19:53.260 65516 INFO tempest.lib.common.dynamic_creds [-] Acquired dynamic creds: credentials: Credentials: {'domain_id': 'default', 'domain_name': 'Default', 'username': 'tempest-ServerActionsTestJSON-130893720-project-member', 'project_domain_id': 'default', 'project_domain_name': 'Default', 'project_id': 'b705d357d0bd4e119fdcdccc051de8c3', 'project_name': 'tempest-ServerActionsTestJSON-130893720', 'tenant_id': 'b705d357d0bd4e119fdcdccc051de8c3', 'tenant_name': 'tempest-ServerActionsTestJSON-130893720', 'user_domain_id': 'default', 'user_domain_name': 'Default', 'user_id': '307bd313df5b4c0c873b1ff4876893e7', 'system': None}, Network: None, Subnet: None, Router: None
2025-12-09 02:19:53.335 65516 INFO tempest.lib.common.rest_client [req-078b10ca-5b20-4c79-aa54-d7bd1ee2d6b0 req-078b10ca-5b20-4c79-aa54-d7bd1ee2d6b0 ] Request (ServerActionsTestJSON:setUpClass): 201 POST http://10.180.1.21/identity/v3/auth/tokens 0.074s
2025-12-09 02:19:53.848 65484 INFO tempest.lib.common.rest_client [req-f18fc41b-7795-489e-91c8-81ebf9f67758 req-f18fc41b-7795-489e-91c8-81ebf9f67758 ] Request (ServerShowV254Test:test_rebuild_server): 200 GET http://10.180.1.21/compute/v2.1/servers/14954c64-80cb-44e1-89b1-519fe83173cd 2.974s
2025-12-09 02:19:53.971 65476 INFO tempest.lib.common.rest_client [req-ee303dc5-8f5b-4e96-80a7-5fc58580aa15 req-ee303dc5-8f5b-4e96-80a7-5fc58580aa15 ] Request (FloatingIPsTestJSON:tearDownClass): 204 DELETE http://10.180.1.21/networking/v2.0/security-groups/7eb2eb9d-f78d-495f-8a8d-56d8b0937812 0.915s
2025-12-09 02:19:54.105 65476 INFO tempest.lib.common.rest_client [req-d809e8c0-e476-40ae-999d-eddb616f0ccd req-d809e8c0-e476-40ae-999d-eddb616f0ccd ] Request (FloatingIPsTestJSON:tearDownClass): 204 DELETE http://10.180.1.21/identity/v3/projects/abd0566021464b0c97438d3a6f5ac9f5 0.133s
2025-12-09 02:19:54.179 65476 INFO tempest.lib.common.rest_client [req-b0a19cba-aa6f-4b78-afaf-a03034afc65d req-b0a19cba-aa6f-4b78-afaf-a03034afc65d ] Request (QuotasTestJSON:setUpClass): 201 POST http://10.180.1.21/identity/v3/auth/tokens 0.070s
2025-12-09 02:19:54.208 65476 INFO tempest.lib.common.rest_client [req-c2e9f511-b32c-4cde-b17e-e327b6baa74a req-c2e9f511-b32c-4cde-b17e-e327b6baa74a ] Request (QuotasTestJSON:setUpClass): 201 POST http://10.180.1.21/identity/v3/auth/tokens 0.027s
2025-12-09 02:19:54.231 65476 INFO tempest.lib.common.rest_client [req-5e79820e-64db-4a76-8b29-28e1e9cd7d2e req-5e79820e-64db-4a76-8b29-28e1e9cd7d2e ] Request (QuotasTestJSON:setUpClass): 200 GET http://10.180.1.21/identity/v3/domains?name=Default 0.023s
2025-12-09 02:19:54.272 65476 INFO tempest.lib.common.rest_client [req-453fba09-04d3-4cad-99ac-0edb448d9510 req-453fba09-04d3-4cad-99ac-0edb448d9510 ] Request (QuotasTestJSON:setUpClass): 201 POST http://10.180.1.21/identity/v3/projects 0.040s
2025-12-09 02:19:54.350 65476 INFO tempest.lib.common.rest_client [req-ceaa929b-e805-43eb-aba6-b7b1af47f113 req-ceaa929b-e805-43eb-aba6-b7b1af47f113 ] Request (QuotasTestJSON:setUpClass): 201 POST http://10.180.1.21/identity/v3/users 0.077s
2025-12-09 02:19:54.374 65476 INFO tempest.lib.common.rest_client [req-c4a9daf5-cbe8-4079-9f97-e98fb6e7c570 req-c4a9daf5-cbe8-4079-9f97-e98fb6e7c570 ] Request (QuotasTestJSON:setUpClass): 200 GET http://10.180.1.21/identity/v3/roles 0.024s
2025-12-09 02:19:54.409 65476 INFO tempest.lib.common.rest_client [req-ebf98bed-3dfe-4783-a35f-9799165e2b34 req-ebf98bed-3dfe-4783-a35f-9799165e2b34 ] Request (QuotasTestJSON:setUpClass): 204 PUT http://10.180.1.21/identity/v3/projects/ab21327446404344aebcd201b86f8848/users/e8c26794a78f43d58fd89e38420e8e19/roles/3c51c47f0d684115bad614dd65bf0e29 0.034s
2025-12-09 02:19:54.409 65476 INFO tempest.lib.common.dynamic_creds [-] Dynamic test user e8c26794a78f43d58fd89e38420e8e19 is created with scope project and roles: ['member']
2025-12-09 02:19:54.409 65476 INFO tempest.lib.common.dynamic_creds [-] Acquired dynamic creds: credentials: Credentials: {'domain_id': 'default', 'domain_name': 'Default', 'username': 'tempest-QuotasTestJSON-1103167080-project-member', 'project_domain_id': 'default', 'project_domain_name': 'Default', 'project_id': 'ab21327446404344aebcd201b86f8848', 'project_name': 'tempest-QuotasTestJSON-1103167080', 'tenant_id': 'ab21327446404344aebcd201b86f8848', 'tenant_name': 'tempest-QuotasTestJSON-1103167080', 'user_domain_id': 'default', 'user_domain_name': 'Default', 'user_id': 'e8c26794a78f43d58fd89e38420e8e19', 'system': None}, Network: None, Subnet: None, Router: None
2025-12-09 02:19:54.409 65476 INFO tempest.lib.common.dynamic_creds [-] Created isolated network resources for: credentials: Credentials: {'domain_id': 'default', 'domain_name': 'Default', 'username': 'tempest-QuotasTestJSON-1103167080-project-member', 'project_domain_id': 'default', 'project_domain_name': 'Default', 'project_id': 'ab21327446404344aebcd201b86f8848', 'project_name': 'tempest-QuotasTestJSON-1103167080', 'tenant_id': 'ab21327446404344aebcd201b86f8848', 'tenant_name': 'tempest-QuotasTestJSON-1103167080', 'user_domain_id': 'default', 'user_domain_name': 'Default', 'user_id': 'e8c26794a78f43d58fd89e38420e8e19', 'system': None}, Network: None, Subnet: None, Router: None
2025-12-09 02:19:54.441 65516 INFO tempest.lib.common.rest_client [req-9df833a4-b8a6-4056-8788-95153162f933 req-9df833a4-b8a6-4056-8788-95153162f933 ] Request (ServerActionsTestJSON:setUpClass): 201 POST http://10.180.1.21/networking/v2.0/networks 1.105s
2025-12-09 02:19:54.448 65508 WARNING tempest.lib.common.ssh [-] Failed to establish authenticated ssh connection to cirros@10.180.180.235 ([Errno None] Unable to connect to port 22 on 10.180.180.235). Number attempts: 7. Retry after 8 seconds.: paramiko.ssh_exception.NoValidConnectionsError: [Errno None] Unable to connect to port 22 on 10.180.180.235
2025-12-09 02:19:54.484 65526 INFO tempest.lib.common.rest_client [req-c35d8a9f-873f-4d21-a195-33c012f2aae9 req-c35d8a9f-873f-4d21-a195-33c012f2aae9 ] Request (InstanceActionsNegativeTestJSON:tearDownClass): 200 GET http://10.180.1.21/compute/v2.1/servers/5cfd076b-d16d-44bd-8e8d-973dd589fd94 3.451s
2025-12-09 02:19:54.493 65476 INFO tempest.lib.common.rest_client [req-559ca9e7-df23-48bb-8b86-0f53b70fec58 req-559ca9e7-df23-48bb-8b86-0f53b70fec58 ] Request (QuotasTestJSON:setUpClass): 201 POST http://10.180.1.21/identity/v3/auth/tokens 0.077s
2025-12-09 02:19:54.493 65476 WARNING tempest.lib.common.rest_client [-] Deprecated: "tenant_id" property is deprecated for removal, use "project_id" instead
2025-12-09 02:19:54.711 65516 INFO tempest.lib.common.rest_client [req-ce139060-8850-4075-a864-1e3237077adf req-ce139060-8850-4075-a864-1e3237077adf ] Request (ServerActionsTestJSON:setUpClass): 201 POST http://10.180.1.21/networking/v2.0/subnets 0.270s
2025-12-09 02:19:54.800 65520 INFO tempest.lib.common.rest_client [req-2e9be4f9-77c7-4977-922b-0817bb5b6e72 req-2e9be4f9-77c7-4977-922b-0817bb5b6e72 ] Request (ServersNegativeTestJSON:setUpClass): 200 GET http://10.180.1.21/compute/v2.1/servers/15b4c978-bbdf-41e6-9e35-03eb4f5387f9 3.617s
2025-12-09 02:19:54.810 65514 INFO tempest.lib.common.rest_client [req-0932c63e-d2ba-43f9-b19c-d397aa814fcd req-0932c63e-d2ba-43f9-b19c-d397aa814fcd ] Request (SecurityGroupsTestJSON:test_server_security_groups): 200 GET http://10.180.1.21/compute/v2.1/servers/26323007-7a0c-4d88-b1e2-99f29f92769d 3.554s
2025-12-09 02:19:54.903 65530 INFO tempest.lib.common.rest_client [req-9e69637a-f0fc-46c6-852c-f714bb7a93cc req-9e69637a-f0fc-46c6-852c-f714bb7a93cc ] Request (ServerRescueNegativeTestJSON:test_rescued_vm_attach_volume): 200 POST http://10.180.1.21/compute/v2.1/servers/cc1cba0d-486d-4a44-b451-6802d17fb904/action 3.538s
2025-12-09 02:19:55.538 65474 INFO tempest.lib.common.rest_client [req-c7714fe9-ddff-4d0c-810d-cd8029d29daa req-c7714fe9-ddff-4d0c-810d-cd8029d29daa ] Request (ServerDiskConfigTestJSON:test_rebuild_server_with_manual_disk_config): 200 GET http://10.180.1.21/compute/v2.1/servers/cae2a765-fcd2-4c4b-a719-cc5e8ca4a9ce 4.171s
2025-12-09 02:19:55.606 65488 INFO tempest.lib.common.rest_client [req-91cc9e2f-66fc-49bc-9128-7adc1c13dfc0 req-91cc9e2f-66fc-49bc-9128-7adc1c13dfc0 ] Request (ServersTestBootFromVolume:setUpClass): 200 GET http://10.180.1.21/compute/v2.1/servers/664220c2-9102-4786-87dd-2a794e462b52 4.258s
2025-12-09 02:19:55.615 65488 INFO tempest.common.waiters [-] State transition "BUILD/None" ==> "BUILD/spawning" after 49 second wait
2025-12-09 02:19:55.633 65492 INFO tempest.lib.common.rest_client [req-69f57a73-1c38-443d-8cf0-54e4312ea1e1 req-69f57a73-1c38-443d-8cf0-54e4312ea1e1 ] Request (ListServersNegativeTestJSON:tearDownClass): 404 GET http://10.180.1.21/compute/v2.1/servers/1e567351-ae9e-4f22-ab72-771547735241 3.999s
2025-12-09 02:19:55.643 65498 INFO tempest.lib.common.rest_client [req-a65e7fcc-bf60-4ee3-a1ae-f34b32eb67b6 req-a65e7fcc-bf60-4ee3-a1ae-f34b32eb67b6 ] Request (ServerActionsTestOtherA:setUpClass): 200 GET http://10.180.1.21/compute/v2.1/servers/7b707eca-97c3-48f5-99e6-b9ff784442a3 4.236s
2025-12-09 02:19:55.655 65516 INFO tempest.lib.common.rest_client [req-e920c496-e174-4603-9991-da82454559be req-e920c496-e174-4603-9991-da82454559be ] Request (ServerActionsTestJSON:setUpClass): 201 POST http://10.180.1.21/networking/v2.0/routers 0.942s
2025-12-09 02:19:55.778 65478 INFO tempest.lib.common.rest_client [req-e4d5118f-30f0-416b-a6f0-1b5da5f18bd8 req-e4d5118f-30f0-416b-a6f0-1b5da5f18bd8 ] Request (ServersTestFqdnHostnames:tearDownClass): 200 GET http://10.180.1.21/compute/v2.1/servers/72b77e93-c919-4705-b6bb-3308185475cb 3.906s
2025-12-09 02:19:55.825 65528 INFO tempest.lib.common.rest_client [req-8e6b5400-24b4-44af-aff4-6e93de9739e5 req-8e6b5400-24b4-44af-aff4-6e93de9739e5 ] Request (MigrationsAdminTest:test_resize_server_revert_deleted_flavor): 200 GET http://10.180.1.21/compute/v2.1/servers/84fa8a69-c674-4878-b4a4-203b2af060af 3.919s
2025-12-09 02:19:55.850 65480 INFO tempest.lib.common.rest_client [req-04d9b997-5f63-4df9-9351-41e766cbde85 req-04d9b997-5f63-4df9-9351-41e766cbde85 ] Request (ServersAdminNegativeTestJSON:tearDownClass): 404 GET http://10.180.1.21/compute/v2.1/servers/cd0822e9-acaa-4b09-8b3f-7af3fd5518cb 3.338s
2025-12-09 02:19:55.874 65472 INFO tempest.lib.common.rest_client [req-7ec21769-079c-453c-a582-cebc480bfd81 req-7ec21769-079c-453c-a582-cebc480bfd81 ] Request (ServersTestJSON:tearDownClass): 200 GET http://10.180.1.21/compute/v2.1/servers/03511bc6-c067-47ae-a187-d234354a811a 3.540s
2025-12-09 02:19:55.926 65502 INFO tempest.lib.common.rest_client [req-e04da9a2-9542-4296-aaed-0e8792a5a5d4 req-e04da9a2-9542-4296-aaed-0e8792a5a5d4 ] Request (ListImageFiltersTestJSON:tearDownClass): 200 GET http://10.180.1.21/compute/v2.1/servers/e5f3ccda-fa2e-4e48-b8ee-3296218319fd 3.216s
2025-12-09 02:19:55.938 65502 INFO tempest.common.waiters [-] State transition "ACTIVE/deleting" ==> "DELETED/None" after 4 second wait
2025-12-09 02:19:56.028 65480 INFO tempest.lib.common.rest_client [req-718473a1-eacd-4103-a9da-639c5ecabf6c req-718473a1-eacd-4103-a9da-639c5ecabf6c ] Request (ServersAdminNegativeTestJSON:tearDownClass): 204 DELETE http://10.180.1.21/identity/v3/users/df27518e6736444fb7452db865f760cc 0.177s
2025-12-09 02:19:56.049 65522 INFO tempest.lib.common.rest_client [req-e93b8f14-8656-40a0-8a92-48db7dcb2ffa req-e93b8f14-8656-40a0-8a92-48db7dcb2ffa ] Request (MultipleCreateTestJSON:test_multiple_create): 200 GET http://10.180.1.21/compute/v2.1/servers/74ef5e75-021f-4731-be57-735a08af5af6 2.821s
2025-12-09 02:19:56.072 65496 INFO tempest.lib.common.rest_client [req-b2678968-ce8f-4e3f-9de2-6efae1f066ec req-b2678968-ce8f-4e3f-9de2-6efae1f066ec ] Request (ServerRescueTestJSONUnderV235:tearDownClass): 200 GET http://10.180.1.21/compute/v2.1/servers/54132760-1453-4e2c-8710-6a6cff3c4810 3.020s
2025-12-09 02:19:56.206 65480 INFO tempest.lib.common.rest_client [req-9d3dc0e6-98a7-4bb6-82a2-03939a59a62d req-9d3dc0e6-98a7-4bb6-82a2-03939a59a62d ] Request (ServersAdminNegativeTestJSON:tearDownClass): 204 DELETE http://10.180.1.21/identity/v3/users/e8f09fa5381d4d32ab8bf529acfc01f1 0.177s
2025-12-09 02:19:56.206 65480 INFO tempest.lib.common.dynamic_creds [-] Deleting project and security group for project: 2203a0556ff94571a86c1aa5edf2abd0
2025-12-09 02:19:56.282 65486 INFO tempest.lib.common.rest_client [req-442625c0-14c1-49be-aab3-5b9947686682 req-442625c0-14c1-49be-aab3-5b9947686682 ] Request (FloatingIPsAssociationTestJSON:tearDownClass): 200 GET http://10.180.1.21/compute/v2.1/servers/b5067c26-0a94-46b6-b9df-f657f2e72423 2.511s
2025-12-09 02:19:56.282 65480 INFO tempest.lib.common.rest_client [req-639a5ec6-54c0-447f-b307-f97c3680de14 req-639a5ec6-54c0-447f-b307-f97c3680de14 ] Request (ServersAdminNegativeTestJSON:tearDownClass): 201 POST http://10.180.1.21/identity/v3/auth/tokens 0.075s
2025-12-09 02:19:56.311 65494 INFO tempest.lib.common.rest_client [req-2f40072b-f26b-4473-bbee-99e1d99bb031 req-2f40072b-f26b-4473-bbee-99e1d99bb031 ] Request (ServersAdminTestJSON:test_rebuild_server_in_error_state): 200 GET http://10.180.1.21/compute/v2.1/servers/6ce04904-3b16-461b-b25e-0ce90d029115 2.889s
2025-12-09 02:19:56.318 65494 INFO tempest.common.waiters [-] State transition "REBUILD/rebuilding" ==> "REBUILD/rebuild_spawning" after 7 second wait
2025-12-09 02:19:56.345 65524 WARNING tempest.lib.common.ssh [-] Failed to establish authenticated ssh connection to cirros@10.180.180.145 ([Errno None] Unable to connect to port 22 on 10.180.180.145). Number attempts: 4. Retry after 5 seconds.: paramiko.ssh_exception.NoValidConnectionsError: [Errno None] Unable to connect to port 22 on 10.180.180.145
2025-12-09 02:19:56.427 65480 INFO tempest.lib.common.rest_client [req-27314a48-1ac5-44c3-9ddd-188357dc96f8 req-27314a48-1ac5-44c3-9ddd-188357dc96f8 ] Request (ServersAdminNegativeTestJSON:tearDownClass): 200 GET http://10.180.1.21/networking/v2.0/security-groups?tenant_id=2203a0556ff94571a86c1aa5edf2abd0&name=default 0.145s
2025-12-09 02:19:56.461 65476 INFO tempest.lib.common.rest_client [req-99528440-5c79-4c53-8b27-153a9546a4e1 req-99528440-5c79-4c53-8b27-153a9546a4e1 ] Request (QuotasTestJSON:test_compare_tenant_quotas_with_default_quotas): 200 GET http://10.180.1.21/compute/v2.1/os-quota-sets/ab21327446404344aebcd201b86f8848/defaults 1.966s
2025-12-09 02:19:56.637 65480 INFO tempest.lib.common.rest_client [req-7e3b89ab-a253-4c1e-9184-2e3cd3546e79 req-7e3b89ab-a253-4c1e-9184-2e3cd3546e79 ] Request (ServersAdminNegativeTestJSON:tearDownClass): 204 DELETE http://10.180.1.21/networking/v2.0/security-groups/f70242f8-1fb9-4f14-8847-795c008103a5 0.209s
2025-12-09 02:19:56.638 65516 INFO tempest.lib.common.rest_client [req-20bfc7cb-ae49-4273-b7a2-c5fa1b34be30 req-20bfc7cb-ae49-4273-b7a2-c5fa1b34be30 ] Request (ServerActionsTestJSON:setUpClass): 200 PUT http://10.180.1.21/networking/v2.0/routers/66ffc023-c436-4097-8d0b-579d27088887/add_router_interface 0.982s
2025-12-09 02:19:56.639 65516 INFO tempest.lib.common.dynamic_creds [-] Created isolated network resources for: credentials: Credentials: {'domain_id': 'default', 'domain_name': 'Default', 'username': 'tempest-ServerActionsTestJSON-130893720-project-member', 'project_domain_id': 'default', 'project_domain_name': 'Default', 'project_id': 'b705d357d0bd4e119fdcdccc051de8c3', 'project_name': 'tempest-ServerActionsTestJSON-130893720', 'tenant_id': 'b705d357d0bd4e119fdcdccc051de8c3', 'tenant_name': 'tempest-ServerActionsTestJSON-130893720', 'user_domain_id': 'default', 'user_domain_name': 'Default', 'user_id': '307bd313df5b4c0c873b1ff4876893e7', 'system': None}, Network: {'id': '43c4add0-4444-4bad-9c9a-2d2d20130623', 'name': 'tempest-ServerActionsTestJSON-1216216708-network', 'tenant_id': 'b705d357d0bd4e119fdcdccc051de8c3', 'project_id': 'b705d357d0bd4e119fdcdccc051de8c3', 'admin_state_up': True, 'mtu': 8950, 'status': 'ACTIVE', 'subnets': [], 'shared': False, 'port_security_enabled': True, 'router:external': False, 'provider:network_type': 'vlan', 'provider:physical_network': 'default', 'provider:segmentation_id': 343, 'availability_zone_hints': [], 'availability_zones': [], 'ipv4_address_scope': None, 'ipv6_address_scope': None, 'description': '', 'tags': [], 'created_at': '2025-12-09T02:19:54Z', 'updated_at': '2025-12-09T02:19:54Z', 'revision_number': 1}, Subnet: {'id': '724cb8f4-1a4e-4254-a3f6-1d7fe8951c7a', 'name': 'tempest-ServerActionsTestJSON-1216216708-subnet', 'tenant_id': 'b705d357d0bd4e119fdcdccc051de8c3', 'network_id': '43c4add0-4444-4bad-9c9a-2d2d20130623', 'ip_version': 4, 'subnetpool_id': None, 'enable_dhcp': True, 'ipv6_ra_mode': None, 'ipv6_address_mode': None, 'gateway_ip': '192.168.128.1', 'cidr': '192.168.128.0/28', 'allocation_pools': [{'start': '192.168.128.2', 'end': '192.168.128.14'}], 'host_routes': [], 'dns_nameservers': [], 'description': '', 'router:external': False, 'service_types': [], 'tags': [], 'created_at': '2025-12-09T02:19:54Z', 'updated_at': '2025-12-09T02:19:54Z', 'revision_number': 0, 'project_id': 'b705d357d0bd4e119fdcdccc051de8c3'}, Router: {'id': '66ffc023-c436-4097-8d0b-579d27088887', 'name': 'tempest-ServerActionsTestJSON-1216216708-router', 'tenant_id': 'b705d357d0bd4e119fdcdccc051de8c3', 'admin_state_up': True, 'status': 'ACTIVE', 'external_gateway_info': {'network_id': '9907aa5e-67a8-47d9-a99e-1b601d4a78e3', 'external_fixed_ips': [{'subnet_id': 'e0919893-60e1-4a4c-8133-e55e3a3a06e4', 'ip_address': '10.180.180.197'}], 'enable_snat': True}, 'description': '', 'availability_zones': [], 'distributed': False, 'ha': False, 'availability_zone_hints': [], 'routes': [], 'flavor_id': None, 'tags': [], 'created_at': '2025-12-09T02:19:54Z', 'updated_at': '2025-12-09T02:19:55Z', 'revision_number': 2, 'project_id': 'b705d357d0bd4e119fdcdccc051de8c3'}
2025-12-09 02:19:56.670 65484 INFO tempest.lib.common.rest_client [req-2367ca7d-bd82-4d31-8036-e526ccecc35b req-2367ca7d-bd82-4d31-8036-e526ccecc35b ] Request (ServerShowV254Test:test_rebuild_server): 200 GET http://10.180.1.21/compute/v2.1/servers/14954c64-80cb-44e1-89b1-519fe83173cd 1.811s
2025-12-09 02:19:56.697 65482 INFO tempest.lib.common.rest_client [req-511a404d-948b-4cf0-8828-828700ba71de req-511a404d-948b-4cf0-8828-828700ba71de ] Request (ImagesTestJSON:test_create_server_from_snapshot): 200 GET http://10.180.1.21/compute/v2.1/servers/f8f1b069-ef55-4724-96f6-ad3b3b0c97e6 2.896s
2025-12-09 02:19:56.711 65482 INFO tempest.common.waiters [-] State transition "BUILD/spawning" ==> "ACTIVE/None" after 51 second wait
2025-12-09 02:19:56.784 65480 INFO tempest.lib.common.rest_client [req-e0ea87b8-0290-4267-a4f5-7c70f51c4c06 req-e0ea87b8-0290-4267-a4f5-7c70f51c4c06 ] Request (ServersAdminNegativeTestJSON:tearDownClass): 204 DELETE http://10.180.1.21/identity/v3/projects/2203a0556ff94571a86c1aa5edf2abd0 0.147s
2025-12-09 02:19:56.785 65480 INFO tempest.lib.common.dynamic_creds [-] Deleting project and security group for project: 7dd54dc4b4c6407592d28de408659034
2025-12-09 02:19:56.793 65516 INFO tempest.lib.common.rest_client [req-c5c5f9dd-ab95-4f3b-bda5-edf6733753a1 req-c5c5f9dd-ab95-4f3b-bda5-edf6733753a1 ] Request (ServerActionsTestJSON:setUpClass): 201 POST http://10.180.1.21/identity/v3/auth/tokens 0.150s
2025-12-09 02:19:56.832 65526 INFO tempest.lib.common.rest_client [req-42f0281e-6eb4-4a5a-b50e-bef0f7a2eca8 req-42f0281e-6eb4-4a5a-b50e-bef0f7a2eca8 ] Request (InstanceActionsNegativeTestJSON:tearDownClass): 200 GET http://10.180.1.21/compute/v2.1/servers/5cfd076b-d16d-44bd-8e8d-973dd589fd94 1.335s
2025-12-09 02:19:56.840 65526 INFO tempest.common.waiters [-] State transition "ACTIVE/deleting" ==> "DELETED/None" after 2 second wait
2025-12-09 02:19:56.850 65480 INFO tempest.lib.common.rest_client [req-f0073fb7-7ada-4080-bb61-b4bf20dcf2eb req-f0073fb7-7ada-4080-bb61-b4bf20dcf2eb ] Request (ServersAdminNegativeTestJSON:tearDownClass): 200 GET http://10.180.1.21/networking/v2.0/security-groups?tenant_id=7dd54dc4b4c6407592d28de408659034&name=default 0.065s
2025-12-09 02:19:56.882 65530 INFO tempest.lib.common.rest_client [req-7b097f72-1b13-4f97-956d-4ad2e6562822 req-7b097f72-1b13-4f97-956d-4ad2e6562822 ] Request (ServerRescueNegativeTestJSON:test_rescued_vm_attach_volume): 200 GET http://10.180.1.21/compute/v2.1/servers/cc1cba0d-486d-4a44-b451-6802d17fb904 1.978s
2025-12-09 02:19:56.971 65480 INFO tempest.lib.common.rest_client [req-f486645d-79a9-4947-a132-4c4a8b1421b9 req-f486645d-79a9-4947-a132-4c4a8b1421b9 ] Request (ServersAdminNegativeTestJSON:tearDownClass): 204 DELETE http://10.180.1.21/networking/v2.0/security-groups/562b8388-027e-4f71-8ef8-2da4162f2318 0.121s
2025-12-09 02:19:56.998 65492 INFO tempest.lib.common.rest_client [req-7a533f25-d16b-432a-a82f-07884f4ed640 req-7a533f25-d16b-432a-a82f-07884f4ed640 ] Request (ListServersNegativeTestJSON:tearDownClass): 200 GET http://10.180.1.21/compute/v2.1/servers/1a79e9ea-aa75-4481-b63c-ddf45725bdb8 1.365s
2025-12-09 02:19:57.086 65520 INFO tempest.lib.common.rest_client [req-10756b33-6c70-4e57-978f-a19d615ed023 req-10756b33-6c70-4e57-978f-a19d615ed023 ] Request (ServersNegativeTestJSON:setUpClass): 200 GET http://10.180.1.21/compute/v2.1/servers/15b4c978-bbdf-41e6-9e35-03eb4f5387f9 1.277s
2025-12-09 02:19:57.098 65520 INFO tempest.common.waiters [-] State transition "BUILD/spawning" ==> "ACTIVE/None" after 56 second wait
2025-12-09 02:19:57.100 65514 INFO tempest.lib.common.rest_client [req-74f27058-1a5a-400d-9afa-40a0ce0293a6 req-74f27058-1a5a-400d-9afa-40a0ce0293a6 ] Request (SecurityGroupsTestJSON:test_server_security_groups): 200 GET http://10.180.1.21/compute/v2.1/servers/26323007-7a0c-4d88-b1e2-99f29f92769d 1.281s
2025-12-09 02:19:57.141 65480 INFO tempest.lib.common.rest_client [req-2cc8f214-fcba-42e1-81b9-a192a306f149 req-2cc8f214-fcba-42e1-81b9-a192a306f149 ] Request (ServersAdminNegativeTestJSON:tearDownClass): 204 DELETE http://10.180.1.21/identity/v3/projects/7dd54dc4b4c6407592d28de408659034 0.169s
2025-12-09 02:19:57.221 65474 INFO tempest.lib.common.rest_client [req-a433d7f2-9557-49c6-83d9-3957b575bb33 req-a433d7f2-9557-49c6-83d9-3957b575bb33 ] Request (ServerDiskConfigTestJSON:test_rebuild_server_with_manual_disk_config): 200 GET http://10.180.1.21/compute/v2.1/servers/cae2a765-fcd2-4c4b-a719-cc5e8ca4a9ce 0.668s
2025-12-09 02:19:57.231 65520 INFO tempest.lib.common.rest_client [req-a175f0c8-47d1-4788-964c-1b603163f405 req-a175f0c8-47d1-4788-964c-1b603163f405 ] Request (ServersNegativeTestJSON:setUpClass): 201 POST http://10.180.1.21/identity/v3/auth/tokens 0.125s
2025-12-09 02:19:57.232 65520 INFO tempest.lib.common.fixed_network [-] (ServersNegativeTestJSON:setUpClass) Found network {'id': '06cd7fad-f926-43a2-8375-1fd85608133e', 'name': 'tempest-ServersNegativeTestJSON-1992451254-network', 'tenant_id': '11be37f4de70417d84441444199609b8', 'project_id': '11be37f4de70417d84441444199609b8', 'admin_state_up': True, 'mtu': 8950, 'status': 'ACTIVE', 'subnets': [], 'shared': False, 'port_security_enabled': True, 'router:external': False, 'provider:network_type': 'vlan', 'provider:physical_network': 'default', 'provider:segmentation_id': 352, 'availability_zone_hints': [], 'availability_zones': [], 'ipv4_address_scope': None, 'ipv6_address_scope': None, 'description': '', 'tags': [], 'created_at': '2025-12-09T02:18:50Z', 'updated_at': '2025-12-09T02:18:50Z', 'revision_number': 1} available for tenant
2025-12-09 02:19:57.293 65476 INFO tempest.lib.common.rest_client [req-04420288-bed2-4068-94cd-69845deb12a7 req-04420288-bed2-4068-94cd-69845deb12a7 ] Request (QuotasTestJSON:test_compare_tenant_quotas_with_default_quotas): 200 GET http://10.180.1.21/compute/v2.1/os-quota-sets/ab21327446404344aebcd201b86f8848 0.830s
2025-12-09 02:19:57.307 65480 INFO tempest.lib.common.rest_client [req-def27e64-dc63-4acc-ae33-37900ab773d5 req-def27e64-dc63-4acc-ae33-37900ab773d5 ] Request (ServerActionsTestOtherB:setUpClass): 201 POST http://10.180.1.21/identity/v3/auth/tokens 0.164s
2025-12-09 02:19:57.352 65480 INFO tempest.lib.common.rest_client [req-10937d2d-1b56-4c2b-948d-0966a3e27d18 req-10937d2d-1b56-4c2b-948d-0966a3e27d18 ] Request (ServerActionsTestOtherB:setUpClass): 201 POST http://10.180.1.21/identity/v3/auth/tokens 0.041s
2025-12-09 02:19:57.395 65498 INFO tempest.lib.common.rest_client [req-4f8cdc82-a18b-4a10-9a16-b30e2f45ed07 req-4f8cdc82-a18b-4a10-9a16-b30e2f45ed07 ] Request (ServerActionsTestOtherA:setUpClass): 200 GET http://10.180.1.21/compute/v2.1/servers/7b707eca-97c3-48f5-99e6-b9ff784442a3 0.742s
2025-12-09 02:19:57.406 65480 INFO tempest.lib.common.rest_client [req-4d21ee2f-235c-44d1-bf30-6ca274f0f47d req-4d21ee2f-235c-44d1-bf30-6ca274f0f47d ] Request (ServerActionsTestOtherB:setUpClass): 200 GET http://10.180.1.21/identity/v3/domains?name=Default 0.054s
2025-12-09 02:19:57.461 65480 INFO tempest.lib.common.rest_client [req-1817b8ac-afd1-4e16-938e-ed66e19aae71 req-1817b8ac-afd1-4e16-938e-ed66e19aae71 ] Request (ServerActionsTestOtherB:setUpClass): 201 POST http://10.180.1.21/identity/v3/projects 0.053s
2025-12-09 02:19:57.543 65480 INFO tempest.lib.common.rest_client [req-f8bc8efd-090a-430a-ae2e-67f67f518544 req-f8bc8efd-090a-430a-ae2e-67f67f518544 ] Request (ServerActionsTestOtherB:setUpClass): 201 POST http://10.180.1.21/identity/v3/users 0.081s
2025-12-09 02:19:57.568 65480 INFO tempest.lib.common.rest_client [req-418ce3cf-2b12-4cfe-b2d0-30ef30d96ae4 req-418ce3cf-2b12-4cfe-b2d0-30ef30d96ae4 ] Request (ServerActionsTestOtherB:setUpClass): 200 GET http://10.180.1.21/identity/v3/roles 0.024s
2025-12-09 02:19:57.603 65480 INFO tempest.lib.common.rest_client [req-ca3a5ff7-6bfb-45e8-ba71-2d5a7ee43675 req-ca3a5ff7-6bfb-45e8-ba71-2d5a7ee43675 ] Request (ServerActionsTestOtherB:setUpClass): 204 PUT http://10.180.1.21/identity/v3/projects/6751c9558b9949bcababf96f36ff1e36/users/04cc83604cc54e2ca5e1947b2306b0f9/roles/3c51c47f0d684115bad614dd65bf0e29 0.035s
2025-12-09 02:19:57.603 65480 INFO tempest.lib.common.dynamic_creds [-] Dynamic test user 04cc83604cc54e2ca5e1947b2306b0f9 is created with scope project and roles: ['member']
2025-12-09 02:19:57.603 65480 INFO tempest.lib.common.dynamic_creds [-] Acquired dynamic creds: credentials: Credentials: {'domain_id': 'default', 'domain_name': 'Default', 'username': 'tempest-ServerActionsTestOtherB-1594477749-project-member', 'project_domain_id': 'default', 'project_domain_name': 'Default', 'project_id': '6751c9558b9949bcababf96f36ff1e36', 'project_name': 'tempest-ServerActionsTestOtherB-1594477749', 'tenant_id': '6751c9558b9949bcababf96f36ff1e36', 'tenant_name': 'tempest-ServerActionsTestOtherB-1594477749', 'user_domain_id': 'default', 'user_domain_name': 'Default', 'user_id': '04cc83604cc54e2ca5e1947b2306b0f9', 'system': None}, Network: None, Subnet: None, Router: None
2025-12-09 02:19:57.664 65488 INFO tempest.lib.common.rest_client [req-c21ae3db-02bd-46a1-932b-b7b1c4a4a7d7 req-c21ae3db-02bd-46a1-932b-b7b1c4a4a7d7 ] Request (ServersTestBootFromVolume:setUpClass): 200 GET http://10.180.1.21/compute/v2.1/servers/664220c2-9102-4786-87dd-2a794e462b52 1.048s
2025-12-09 02:19:57.670 65480 INFO tempest.lib.common.rest_client [req-ca0a8da9-1948-45cf-ae11-67c20b2f593b req-ca0a8da9-1948-45cf-ae11-67c20b2f593b ] Request (ServerActionsTestOtherB:setUpClass): 201 POST http://10.180.1.21/identity/v3/auth/tokens 0.066s
2025-12-09 02:19:57.899 65482 INFO tempest.lib.common.rest_client [req-18778fb6-ee9c-4842-8acd-185d3793a187 req-18778fb6-ee9c-4842-8acd-185d3793a187 ] Request (ImagesTestJSON:test_create_server_from_snapshot): 202 POST http://10.180.1.21/compute/v2.1/servers/f8f1b069-ef55-4724-96f6-ad3b3b0c97e6/action 1.185s
2025-12-09 02:19:57.982 65480 INFO tempest.lib.common.rest_client [req-15f28fb8-ffd3-4124-9aba-4aaff021fcfc req-15f28fb8-ffd3-4124-9aba-4aaff021fcfc ] Request (ServerActionsTestOtherB:setUpClass): 201 POST http://10.180.1.21/networking/v2.0/networks 0.311s
2025-12-09 02:19:58.013 65478 INFO tempest.lib.common.rest_client [req-5b1f824b-3ca3-4b20-afeb-9c6af3944f71 req-5b1f824b-3ca3-4b20-afeb-9c6af3944f71 ] Request (ServersTestFqdnHostnames:tearDownClass): 200 GET http://10.180.1.21/compute/v2.1/servers/72b77e93-c919-4705-b6bb-3308185475cb 1.225s
2025-12-09 02:19:58.085 65516 INFO tempest.lib.common.rest_client [req-2d232daf-1bfa-4573-8b69-523a2e742771 req-2d232daf-1bfa-4573-8b69-523a2e742771 ] Request (ServerActionsTestJSON:setUpClass): 200 POST http://10.180.1.21/compute/v2.1/os-keypairs 1.290s
2025-12-09 02:19:58.266 65480 INFO tempest.lib.common.rest_client [req-61fa40e8-94d1-41dc-85f0-7a81cba8df74 req-61fa40e8-94d1-41dc-85f0-7a81cba8df74 ] Request (ServerActionsTestOtherB:setUpClass): 201 POST http://10.180.1.21/networking/v2.0/subnets 0.283s
2025-12-09 02:19:58.432 65516 INFO tempest.lib.common.rest_client [req-954a2a8f-0c38-4577-bb62-34af51809704 req-954a2a8f-0c38-4577-bb62-34af51809704 ] Request (ServerActionsTestJSON:setUpClass): 201 POST http://10.180.1.21/networking/v2.0/security-groups 0.345s
2025-12-09 02:19:58.457 65472 INFO tempest.lib.common.rest_client [req-979550a0-1a70-4f32-8f77-f7a3ec59cc9c req-979550a0-1a70-4f32-8f77-f7a3ec59cc9c ] Request (ServersTestJSON:tearDownClass): 200 GET http://10.180.1.21/compute/v2.1/servers/03511bc6-c067-47ae-a187-d234354a811a 1.567s
2025-12-09 02:19:58.468 65472 INFO tempest.common.waiters [-] State transition "ACTIVE/deleting" ==> "DELETED/None" after 3 second wait
2025-12-09 02:19:58.894 65528 INFO tempest.lib.common.rest_client [req-63a6a5f6-640d-4a3f-af35-3e1d3fce8a72 req-63a6a5f6-640d-4a3f-af35-3e1d3fce8a72 ] Request (MigrationsAdminTest:test_resize_server_revert_deleted_flavor): 200 GET http://10.180.1.21/compute/v2.1/servers/84fa8a69-c674-4878-b4a4-203b2af060af 2.060s
2025-12-09 02:19:59.014 65516 INFO tempest.lib.common.rest_client [req-5f713f2e-d179-45e1-8a04-182994215968 req-5f713f2e-d179-45e1-8a04-182994215968 ] Request (ServerActionsTestJSON:setUpClass): 201 POST http://10.180.1.21/networking/v2.0/security-group-rules 0.581s
2025-12-09 02:19:59.040 65502 INFO tempest.lib.common.rest_client [req-e6bf1221-331a-4cbb-adb0-516a74e5c332 req-e6bf1221-331a-4cbb-adb0-516a74e5c332 ] Request (ListImageFiltersTestJSON:tearDownClass): 200 GET http://10.180.1.21/compute/v2.1/servers/e5f3ccda-fa2e-4e48-b8ee-3296218319fd 2.101s
2025-12-09 02:19:59.066 65496 INFO tempest.lib.common.rest_client [req-6c70fe6a-1725-42b3-8be5-2cdb4ea46b6a req-6c70fe6a-1725-42b3-8be5-2cdb4ea46b6a ] Request (ServerRescueTestJSONUnderV235:tearDownClass): 404 GET http://10.180.1.21/compute/v2.1/servers/54132760-1453-4e2c-8710-6a6cff3c4810 1.974s
2025-12-09 02:19:59.233 65516 INFO tempest.lib.common.rest_client [req-80a7726e-fcc5-4178-8fb7-67a52ea3835e req-80a7726e-fcc5-4178-8fb7-67a52ea3835e ] Request (ServerActionsTestJSON:setUpClass): 201 POST http://10.180.1.21/networking/v2.0/security-group-rules 0.218s
2025-12-09 02:19:59.314 65480 INFO tempest.lib.common.rest_client [req-de29a16b-dc06-4826-b967-d72ac08bb464 req-de29a16b-dc06-4826-b967-d72ac08bb464 ] Request (ServerActionsTestOtherB:setUpClass): 201 POST http://10.180.1.21/networking/v2.0/routers 1.047s
2025-12-09 02:19:59.358 65522 INFO tempest.lib.common.rest_client [req-eec9a264-5a14-4242-b8d6-a3e17cc6fec0 req-eec9a264-5a14-4242-b8d6-a3e17cc6fec0 ] Request (MultipleCreateTestJSON:test_multiple_create): 200 GET http://10.180.1.21/compute/v2.1/servers/74ef5e75-021f-4731-be57-735a08af5af6 2.295s
2025-12-09 02:19:59.370 65522 INFO tempest.common.waiters [-] State transition "BUILD/None" ==> "BUILD/spawning" after 47 second wait
2025-12-09 02:19:59.418 65518 WARNING tempest.lib.common.ssh [-] Failed to establish authenticated ssh connection to cirros@10.180.180.172 ([Errno None] Unable to connect to port 22 on 10.180.180.172). Number attempts: 3. Retry after 4 seconds.: paramiko.ssh_exception.NoValidConnectionsError: [Errno None] Unable to connect to port 22 on 10.180.180.172
2025-12-09 02:19:59.904 65516 INFO tempest.lib.common.rest_client [req-876b2330-946b-452b-bd92-8a95fc87d95e req-876b2330-946b-452b-bd92-8a95fc87d95e ] Request (ServerActionsTestJSON:setUpClass): 201 POST http://10.180.1.21/networking/v2.0/floatingips 0.670s
2025-12-09 02:19:59.950 65516 INFO tempest.lib.common.rest_client [req-ddcd7eb1-b2c6-4ba5-8475-58638f5a45c1 req-ddcd7eb1-b2c6-4ba5-8475-58638f5a45c1 ] Request (ServerActionsTestJSON:setUpClass): 201 POST http://10.180.1.21/identity/v3/auth/tokens 0.043s
2025-12-09 02:19:59.951 65516 INFO tempest.lib.common.fixed_network [-] (ServerActionsTestJSON:setUpClass) Found network {'id': '43c4add0-4444-4bad-9c9a-2d2d20130623', 'name': 'tempest-ServerActionsTestJSON-1216216708-network', 'tenant_id': 'b705d357d0bd4e119fdcdccc051de8c3', 'project_id': 'b705d357d0bd4e119fdcdccc051de8c3', 'admin_state_up': True, 'mtu': 8950, 'status': 'ACTIVE', 'subnets': [], 'shared': False, 'port_security_enabled': True, 'router:external': False, 'provider:network_type': 'vlan', 'provider:physical_network': 'default', 'provider:segmentation_id': 343, 'availability_zone_hints': [], 'availability_zones': [], 'ipv4_address_scope': None, 'ipv6_address_scope': None, 'description': '', 'tags': [], 'created_at': '2025-12-09T02:19:54Z', 'updated_at': '2025-12-09T02:19:54Z', 'revision_number': 1} available for tenant
2025-12-09 02:20:00.062 65496 INFO tempest.lib.common.rest_client [req-53827423-c9b9-4d33-8b46-ea96e65b3c36 req-53827423-c9b9-4d33-8b46-ea96e65b3c36 ] Request (ServerRescueTestJSONUnderV235:tearDownClass): 200 PUT http://10.180.1.21/networking/v2.0/routers/b994459f-88e8-4cd6-8c09-500c7cc3b444/remove_router_interface 0.996s
2025-12-09 02:20:00.100 65486 INFO tempest.lib.common.rest_client [req-9e1abe47-fbfe-478b-9c10-de7d5d637368 req-9e1abe47-fbfe-478b-9c10-de7d5d637368 ] Request (FloatingIPsAssociationTestJSON:tearDownClass): 200 GET http://10.180.1.21/compute/v2.1/servers/b5067c26-0a94-46b6-b9df-f657f2e72423 2.807s
2025-12-09 02:20:00.210 65476 INFO tempest.lib.common.rest_client [req-1c4aeb82-1adb-4fcd-9abf-ea86d9b1cffe req-1c4aeb82-1adb-4fcd-9abf-ea86d9b1cffe ] Request (QuotasTestJSON:test_get_default_quotas): 200 GET http://10.180.1.21/compute/v2.1/os-quota-sets/ab21327446404344aebcd201b86f8848/defaults 2.909s
2025-12-09 02:20:00.507 65504 WARNING tempest.lib.common.ssh [-] Failed to establish authenticated ssh connection to cirros@10.180.180.203 ([Errno None] Unable to connect to port 22 on 10.180.180.203). Number attempts: 6. Retry after 7 seconds.: paramiko.ssh_exception.NoValidConnectionsError: [Errno None] Unable to connect to port 22 on 10.180.180.203
2025-12-09 02:20:00.531 65496 INFO tempest.lib.common.rest_client [req-68784960-444c-4830-af93-276c76fc8dd1 req-68784960-444c-4830-af93-276c76fc8dd1 ] Request (ServerRescueTestJSONUnderV235:tearDownClass): 204 DELETE http://10.180.1.21/networking/v2.0/routers/b994459f-88e8-4cd6-8c09-500c7cc3b444 0.469s
2025-12-09 02:20:00.792 65496 INFO tempest.lib.common.rest_client [req-10806e68-e497-44c3-9778-ebef584c54b7 req-10806e68-e497-44c3-9778-ebef584c54b7 ] Request (ServerRescueTestJSONUnderV235:tearDownClass): 204 DELETE http://10.180.1.21/networking/v2.0/subnets/49be0d9d-b88f-4d59-86cf-0b726777dc8d 0.260s
2025-12-09 02:20:00.872 65480 INFO tempest.lib.common.rest_client [req-f1b38b9d-440f-4351-8ab0-fa83116206d9 req-f1b38b9d-440f-4351-8ab0-fa83116206d9 ] Request (ServerActionsTestOtherB:setUpClass): 200 PUT http://10.180.1.21/networking/v2.0/routers/18599165-64a8-4cbe-a463-929f857ffeb4/add_router_interface 1.557s
2025-12-09 02:20:00.872 65480 INFO tempest.lib.common.dynamic_creds [-] Created isolated network resources for: credentials: Credentials: {'domain_id': 'default', 'domain_name': 'Default', 'username': 'tempest-ServerActionsTestOtherB-1594477749-project-member', 'project_domain_id': 'default', 'project_domain_name': 'Default', 'project_id': '6751c9558b9949bcababf96f36ff1e36', 'project_name': 'tempest-ServerActionsTestOtherB-1594477749', 'tenant_id': '6751c9558b9949bcababf96f36ff1e36', 'tenant_name': 'tempest-ServerActionsTestOtherB-1594477749', 'user_domain_id': 'default', 'user_domain_name': 'Default', 'user_id': '04cc83604cc54e2ca5e1947b2306b0f9', 'system': None}, Network: {'id': '91559902-78dc-4753-9006-6d888161c43e', 'name': 'tempest-ServerActionsTestOtherB-599879017-network', 'tenant_id': '6751c9558b9949bcababf96f36ff1e36', 'project_id': '6751c9558b9949bcababf96f36ff1e36', 'admin_state_up': True, 'mtu': 8950, 'status': 'ACTIVE', 'subnets': [], 'shared': False, 'port_security_enabled': True, 'router:external': False, 'provider:network_type': 'vlan', 'provider:physical_network': 'default', 'provider:segmentation_id': 755, 'availability_zone_hints': [], 'availability_zones': [], 'ipv4_address_scope': None, 'ipv6_address_scope': None, 'description': '', 'tags': [], 'created_at': '2025-12-09T02:19:57Z', 'updated_at': '2025-12-09T02:19:57Z', 'revision_number': 1}, Subnet: {'id': '25e0eae3-78da-41d5-a7f4-48cc393f2bd8', 'name': 'tempest-ServerActionsTestOtherB-599879017-subnet', 'tenant_id': '6751c9558b9949bcababf96f36ff1e36', 'network_id': '91559902-78dc-4753-9006-6d888161c43e', 'ip_version': 4, 'subnetpool_id': None, 'enable_dhcp': True, 'ipv6_ra_mode': None, 'ipv6_address_mode': None, 'gateway_ip': '192.168.128.1', 'cidr': '192.168.128.0/28', 'allocation_pools': [{'start': '192.168.128.2', 'end': '192.168.128.14'}], 'host_routes': [], 'dns_nameservers': [], 'description': '', 'router:external': False, 'service_types': [], 'tags': [], 'created_at': '2025-12-09T02:19:58Z', 'updated_at': '2025-12-09T02:19:58Z', 'revision_number': 0, 'project_id': '6751c9558b9949bcababf96f36ff1e36'}, Router: {'id': '18599165-64a8-4cbe-a463-929f857ffeb4', 'name': 'tempest-ServerActionsTestOtherB-599879017-router', 'tenant_id': '6751c9558b9949bcababf96f36ff1e36', 'admin_state_up': True, 'status': 'ACTIVE', 'external_gateway_info': {'network_id': '9907aa5e-67a8-47d9-a99e-1b601d4a78e3', 'external_fixed_ips': [{'subnet_id': 'e0919893-60e1-4a4c-8133-e55e3a3a06e4', 'ip_address': '10.180.180.217'}], 'enable_snat': True}, 'description': '', 'availability_zones': [], 'distributed': False, 'ha': False, 'availability_zone_hints': [], 'routes': [], 'flavor_id': None, 'tags': [], 'created_at': '2025-12-09T02:19:58Z', 'updated_at': '2025-12-09T02:19:58Z', 'revision_number': 2, 'project_id': '6751c9558b9949bcababf96f36ff1e36'}
2025-12-09 02:20:00.923 65494 INFO tempest.lib.common.rest_client [req-a6ff9313-550a-4d24-a2e5-ce70e87e90a4 req-a6ff9313-550a-4d24-a2e5-ce70e87e90a4 ] Request (ServersAdminTestJSON:test_rebuild_server_in_error_state): 200 GET http://10.180.1.21/compute/v2.1/servers/6ce04904-3b16-461b-b25e-0ce90d029115 3.603s
2025-12-09 02:20:00.931 65494 INFO tempest.common.waiters [-] State transition "REBUILD/rebuild_spawning" ==> "ACTIVE/None" after 11 second wait
2025-12-09 02:20:01.012 65480 INFO tempest.lib.common.rest_client [req-efda5862-7f0b-48e7-a451-1fba51716304 req-efda5862-7f0b-48e7-a451-1fba51716304 ] Request (ServerActionsTestOtherB:setUpClass): 201 POST http://10.180.1.21/identity/v3/auth/tokens 0.136s
2025-12-09 02:20:01.032 65484 INFO tempest.lib.common.rest_client [req-bfda1510-17c7-48d2-b6e1-9a91e23acf1c req-bfda1510-17c7-48d2-b6e1-9a91e23acf1c ] Request (ServerShowV254Test:test_rebuild_server): 200 GET http://10.180.1.21/compute/v2.1/servers/14954c64-80cb-44e1-89b1-519fe83173cd 3.344s
2025-12-09 02:20:01.072 65520 INFO tempest.lib.common.rest_client [req-bedc1767-4afd-4394-aca8-c5f378bca452 req-bedc1767-4afd-4394-aca8-c5f378bca452 ] Request (ServersNegativeTestJSON:setUpClass): 202 POST http://10.180.1.21/compute/v2.1/servers 3.839s
2025-12-09 02:20:01.107 65496 INFO tempest.lib.common.rest_client [req-a726842b-1b40-49e7-ae88-91b760538a25 req-a726842b-1b40-49e7-ae88-91b760538a25 ] Request (ServerRescueTestJSONUnderV235:tearDownClass): 204 DELETE http://10.180.1.21/networking/v2.0/networks/4bced3a3-04a1-466a-831b-9c180a9f88ee 0.314s
2025-12-09 02:20:01.154 65526 INFO tempest.lib.common.rest_client [req-f40e055d-12a0-44bb-9e64-a67c3a71abda req-f40e055d-12a0-44bb-9e64-a67c3a71abda ] Request (InstanceActionsNegativeTestJSON:tearDownClass): 200 GET http://10.180.1.21/compute/v2.1/servers/5cfd076b-d16d-44bd-8e8d-973dd589fd94 3.313s
2025-12-09 02:20:01.206 65482 INFO tempest.lib.common.rest_client [req-9233214e-c9ba-4f16-b03c-fe2b468cb8e9 req-9233214e-c9ba-4f16-b03c-fe2b468cb8e9 ] Request (ImagesTestJSON:test_create_server_from_snapshot): 200 GET http://10.180.1.21/compute/v2.1/images/52d9d416-cdcd-4f50-b4ee-cdb0b030f997 3.306s
2025-12-09 02:20:01.261 65496 INFO tempest.lib.common.rest_client [req-a2f0bf07-01e1-4726-87d8-1fe3a14806c0 req-a2f0bf07-01e1-4726-87d8-1fe3a14806c0 ] Request (ServerRescueTestJSONUnderV235:tearDownClass): 204 DELETE http://10.180.1.21/identity/v3/users/7616455ca16349029d3982a4b1470b7b 0.151s
2025-12-09 02:20:01.261 65530 INFO tempest.lib.common.rest_client [req-41b89974-75a4-4b74-9895-2b49d2244778 req-41b89974-75a4-4b74-9895-2b49d2244778 ] Request (ServerRescueNegativeTestJSON:test_rescued_vm_attach_volume): 200 GET http://10.180.1.21/compute/v2.1/servers/cc1cba0d-486d-4a44-b451-6802d17fb904 3.367s
2025-12-09 02:20:01.261 65496 INFO tempest.lib.common.dynamic_creds [-] Deleting project and security group for project: b96f0125646c409b8e743d53338ece57
2025-12-09 02:20:01.294 65496 INFO tempest.lib.common.rest_client [req-db92a870-be12-4a63-8f9e-23d63b361beb req-db92a870-be12-4a63-8f9e-23d63b361beb ] Request (ServerRescueTestJSONUnderV235:tearDownClass): 200 GET http://10.180.1.21/networking/v2.0/security-groups?tenant_id=b96f0125646c409b8e743d53338ece57&name=default 0.033s
2025-12-09 02:20:01.403 65496 INFO tempest.lib.common.rest_client [req-2b57d310-1677-4e36-9783-7323116f580e req-2b57d310-1677-4e36-9783-7323116f580e ] Request (ServerRescueTestJSONUnderV235:tearDownClass): 204 DELETE http://10.180.1.21/networking/v2.0/security-groups/2304da05-6fdb-4605-ba99-e497cf0fe331 0.109s
2025-12-09 02:20:01.430 65514 INFO tempest.lib.common.rest_client [req-3f992ef7-be0c-4896-b5c9-aeba4909f79c req-3f992ef7-be0c-4896-b5c9-aeba4909f79c ] Request (SecurityGroupsTestJSON:test_server_security_groups): 200 GET http://10.180.1.21/compute/v2.1/servers/26323007-7a0c-4d88-b1e2-99f29f92769d 3.319s
2025-12-09 02:20:01.495 65474 INFO tempest.lib.common.rest_client [req-2b80861e-5cf3-48e5-81b6-6acefcf3e0ff req-2b80861e-5cf3-48e5-81b6-6acefcf3e0ff ] Request (ServerDiskConfigTestJSON:test_rebuild_server_with_manual_disk_config): 200 GET http://10.180.1.21/compute/v2.1/servers/cae2a765-fcd2-4c4b-a719-cc5e8ca4a9ce 3.266s
2025-12-09 02:20:01.525 65496 INFO tempest.lib.common.rest_client [req-46b30e7a-c76e-4a6b-bccd-bb10f82e67af req-46b30e7a-c76e-4a6b-bccd-bb10f82e67af ] Request (ServerRescueTestJSONUnderV235:tearDownClass): 204 DELETE http://10.180.1.21/identity/v3/projects/b96f0125646c409b8e743d53338ece57 0.121s
2025-12-09 02:20:01.600 65498 INFO tempest.lib.common.rest_client [req-3704e28d-cde5-4669-a646-31d3e4754faa req-3704e28d-cde5-4669-a646-31d3e4754faa ] Request (ServerActionsTestOtherA:setUpClass): 200 GET http://10.180.1.21/compute/v2.1/servers/7b707eca-97c3-48f5-99e6-b9ff784442a3 3.191s
2025-12-09 02:20:01.756 65492 INFO tempest.lib.common.rest_client [req-350732f2-112d-4fa0-bc55-cb95f528d1d0 req-350732f2-112d-4fa0-bc55-cb95f528d1d0 ] Request (ListServersNegativeTestJSON:tearDownClass): 200 GET http://10.180.1.21/compute/v2.1/servers/1a79e9ea-aa75-4481-b63c-ddf45725bdb8 3.747s
2025-12-09 02:20:01.765 65488 INFO tempest.lib.common.rest_client [req-6d04fd94-04ac-410f-bf8f-730acd4a4aa7 req-6d04fd94-04ac-410f-bf8f-730acd4a4aa7 ] Request (ServersTestBootFromVolume:setUpClass): 200 GET http://10.180.1.21/compute/v2.1/servers/664220c2-9102-4786-87dd-2a794e462b52 3.090s
2025-12-09 02:20:01.819 65478 INFO tempest.lib.common.rest_client [req-4f525564-d4cb-4f62-b4e1-f3c5759d283b req-4f525564-d4cb-4f62-b4e1-f3c5759d283b ] Request (ServersTestFqdnHostnames:tearDownClass): 200 GET http://10.180.1.21/compute/v2.1/servers/72b77e93-c919-4705-b6bb-3308185475cb 2.794s
2025-12-09 02:20:01.826 65472 INFO tempest.lib.common.rest_client [req-beac6cde-c110-422c-9656-99b46602d815 req-beac6cde-c110-422c-9656-99b46602d815 ] Request (ServersTestJSON:tearDownClass): 200 GET http://10.180.1.21/compute/v2.1/servers/03511bc6-c067-47ae-a187-d234354a811a 2.356s
2025-12-09 02:20:01.975 65528 INFO tempest.lib.common.rest_client [req-2ff3ed34-be99-4b73-b7bf-69017ad2747d req-2ff3ed34-be99-4b73-b7bf-69017ad2747d ] Request (MigrationsAdminTest:test_resize_server_revert_deleted_flavor): 200 GET http://10.180.1.21/compute/v2.1/servers/84fa8a69-c674-4878-b4a4-203b2af060af 2.068s
2025-12-09 02:20:02.054 65502 INFO tempest.lib.common.rest_client [req-1eea020b-3d81-41a3-a9d7-4690929a8099 req-1eea020b-3d81-41a3-a9d7-4690929a8099 ] Request (ListImageFiltersTestJSON:tearDownClass): 200 GET http://10.180.1.21/compute/v2.1/servers/e5f3ccda-fa2e-4e48-b8ee-3296218319fd 2.004s
2025-12-09 02:20:02.246 65476 INFO tempest.lib.common.rest_client [req-877ccd6e-14cf-4985-af84-1f57cbf057c1 req-877ccd6e-14cf-4985-af84-1f57cbf057c1 ] Request (QuotasTestJSON:test_get_quotas): 200 GET http://10.180.1.21/compute/v2.1/os-quota-sets/ab21327446404344aebcd201b86f8848 2.031s
2025-12-09 02:20:02.307 65516 INFO tempest.lib.common.rest_client [req-6dc4ae1f-00d7-4ed8-b7e0-ac213cb84e0a req-6dc4ae1f-00d7-4ed8-b7e0-ac213cb84e0a ] Request (ServerActionsTestJSON:setUpClass): 202 POST http://10.180.1.21/compute/v2.1/servers 2.355s
2025-12-09 02:20:02.400 65522 INFO tempest.lib.common.rest_client [req-bc792609-4a8c-4b2d-bc43-ecd26494923b req-bc792609-4a8c-4b2d-bc43-ecd26494923b ] Request (MultipleCreateTestJSON:test_multiple_create): 200 GET http://10.180.1.21/compute/v2.1/servers/74ef5e75-021f-4731-be57-735a08af5af6 2.028s
2025-12-09 02:20:02.515 65494 INFO tempest.lib.common.rest_client [req-9a514c0d-8e09-4cb8-a62d-fa9af189f83f req-9a514c0d-8e09-4cb8-a62d-fa9af189f83f ] Request (ServersAdminTestJSON:test_rebuild_server_in_error_state): 200 GET http://10.180.1.21/compute/v2.1/servers/6ce04904-3b16-461b-b25e-0ce90d029115 1.583s
2025-12-09 02:20:02.539 65480 INFO tempest.lib.common.rest_client [req-dd8490f9-cd14-46f9-92bd-9390a1f6f556 req-dd8490f9-cd14-46f9-92bd-9390a1f6f556 ] Request (ServerActionsTestOtherB:setUpClass): 200 POST http://10.180.1.21/compute/v2.1/os-keypairs 1.525s
2025-12-09 02:20:02.565 65486 INFO tempest.lib.common.rest_client [req-a68b919e-c03e-493a-b694-061ea4c73fc7 req-a68b919e-c03e-493a-b694-061ea4c73fc7 ] Request (FloatingIPsAssociationTestJSON:tearDownClass): 404 GET http://10.180.1.21/compute/v2.1/servers/b5067c26-0a94-46b6-b9df-f657f2e72423 1.454s
2025-12-09 02:20:02.652 65520 INFO tempest.lib.common.rest_client [req-229e16c6-d2cf-4228-9476-8d27c301918f req-229e16c6-d2cf-4228-9476-8d27c301918f ] Request (ServersNegativeTestJSON:setUpClass): 200 GET http://10.180.1.21/compute/v2.1/servers/2bf94c28-086e-439a-81d1-1b96ed71a111 1.578s
2025-12-09 02:20:02.665 65484 INFO tempest.lib.common.rest_client [req-105098fb-19eb-498c-aba0-9f9dbb56b458 req-105098fb-19eb-498c-aba0-9f9dbb56b458 ] Request (ServerShowV254Test:test_rebuild_server): 200 GET http://10.180.1.21/compute/v2.1/servers/14954c64-80cb-44e1-89b1-519fe83173cd 0.621s
2025-12-09 02:20:02.700 65480 INFO tempest.lib.common.rest_client [req-76096d4f-a97d-4cda-b7dc-e152d35ba38f req-76096d4f-a97d-4cda-b7dc-e152d35ba38f ] Request (ServerActionsTestOtherB:setUpClass): 201 POST http://10.180.1.21/networking/v2.0/security-groups 0.158s
2025-12-09 02:20:02.710 65482 INFO tempest.lib.common.rest_client [req-dbd2d3b6-f76c-4aa2-9e01-5484b2daaf88 req-dbd2d3b6-f76c-4aa2-9e01-5484b2daaf88 ] Request (ImagesTestJSON:test_create_server_from_snapshot): 200 GET http://10.180.1.21/compute/v2.1/images/52d9d416-cdcd-4f50-b4ee-cdb0b030f997 0.499s
2025-12-09 02:20:02.737 65526 INFO tempest.lib.common.rest_client [req-1e961ed4-8e6b-48b2-a5ff-7ef406baca61 req-1e961ed4-8e6b-48b2-a5ff-7ef406baca61 ] Request (InstanceActionsNegativeTestJSON:tearDownClass): 200 GET http://10.180.1.21/compute/v2.1/servers/5cfd076b-d16d-44bd-8e8d-973dd589fd94 0.575s
2025-12-09 02:20:02.760 65476 INFO tempest.lib.common.rest_client [req-a4531f3a-7300-4db6-9595-a58f322cc509 req-a4531f3a-7300-4db6-9595-a58f322cc509 ] Request (QuotasTestJSON:test_get_quotas): 200 GET http://10.180.1.21/compute/v2.1/os-quota-sets/ab21327446404344aebcd201b86f8848?user_id=e8c26794a78f43d58fd89e38420e8e19 0.510s
2025-12-09 02:20:02.832 65480 INFO tempest.lib.common.rest_client [req-0954f42b-3459-47c7-8c16-f31ceef25c11 req-0954f42b-3459-47c7-8c16-f31ceef25c11 ] Request (ServerActionsTestOtherB:setUpClass): 201 POST http://10.180.1.21/networking/v2.0/security-group-rules 0.131s
2025-12-09 02:20:02.855 65516 INFO tempest.lib.common.rest_client [req-53114e94-5930-46ca-8f3d-e09100f68a20 req-53114e94-5930-46ca-8f3d-e09100f68a20 ] Request (ServerActionsTestJSON:setUpClass): 200 GET http://10.180.1.21/compute/v2.1/servers/48a83963-07ff-438e-bc08-28f484f68cd7 0.546s
