2025-12-09 02:19:35.812 65490 INFO tempest.lib.common.rest_client [req-98252763-aabb-4031-8812-b6989302cfa8 req-98252763-aabb-4031-8812-b6989302cfa8 ] Request (VolumesSnapshotsTestJSON:tearDownClass): 204 DELETE http://10.180.1.21/identity/v3/users/2adcf2ac1af64d5ebbde3969db52482a 0.142s
2025-12-09 02:19:35.812 65490 INFO tempest.lib.common.dynamic_creds [-] Deleting project and security group for project: 7b16a7ea02754be98dc39508ec4a9b85
2025-12-09 02:19:35.828 65498 INFO tempest.lib.common.rest_client [req-f8210aba-9a49-4a4e-82af-20e4c935db62 req-f8210aba-9a49-4a4e-82af-20e4c935db62 ] Request (ServerActionsTestOtherA:setUpClass): 200 GET http://10.180.1.21/compute/v2.1/servers/7b707eca-97c3-48f5-99e6-b9ff784442a3 1.770s
2025-12-09 02:19:35.844 65478 INFO tempest.lib.common.rest_client [req-1b911095-3851-4386-a74c-f92f4367d1be req-1b911095-3851-4386-a74c-f92f4367d1be ] Request (ServersTestFqdnHostnames:tearDownClass): 200 GET http://10.180.1.21/compute/v2.1/servers/72b77e93-c919-4705-b6bb-3308185475cb 1.819s
2025-12-09 02:19:35.884 65490 INFO tempest.lib.common.rest_client [req-bc6f683a-88be-4488-8b60-2abcd997ad41 req-bc6f683a-88be-4488-8b60-2abcd997ad41 ] Request (VolumesSnapshotsTestJSON:tearDownClass): 201 POST http://10.180.1.21/identity/v3/auth/tokens 0.071s
2025-12-09 02:19:35.884 65494 INFO tempest.lib.common.rest_client [req-9ed58b70-b016-459b-b3f0-546128f4e5c7 req-9ed58b70-b016-459b-b3f0-546128f4e5c7 ] Request (ServersAdminTestJSON:test_list_servers_by_admin_with_specified_tenant): 200 GET http://10.180.1.21/compute/v2.1/servers/detail?tenant_id=6295b81c1cc84fb697ebcf1a284cf266 1.821s
2025-12-09 02:19:35.887 65502 INFO tempest.lib.common.rest_client [req-6d996885-aa16-4d0b-bf93-132e4e4093c5 req-6d996885-aa16-4d0b-bf93-132e4e4093c5 ] Request (ListImageFiltersTestJSON:test_list_images_filter_by_server_ref): 200 GET http://10.180.1.21/compute/v2.1/images?server=http%3A%2F%2F10.180.1.21%2Fcompute%2Fservers%2Fe5f3ccda-fa2e-4e48-b8ee-3296218319fd 1.831s
2025-12-09 02:19:35.979 65480 INFO tempest.lib.common.rest_client [req-2f1805eb-5641-4b5a-bb50-b17e7de25b9a req-2f1805eb-5641-4b5a-bb50-b17e7de25b9a ] Request (ServersAdminNegativeTestJSON:tearDownClass): 200 GET http://10.180.1.21/compute/v2.1/servers/cd0822e9-acaa-4b09-8b3f-7af3fd5518cb 1.708s
2025-12-09 02:19:36.000 65516 INFO tempest.lib.common.rest_client [req-b78baee6-2300-4f0f-96bb-f2486583201e req-b78baee6-2300-4f0f-96bb-f2486583201e ] Request (ServersTestMultiNic:_run_cleanups): 200 GET http://10.180.1.21/compute/v2.1/servers/02d092e8-2466-4660-a19f-3240d739c9d8 1.805s
2025-12-09 02:19:36.081 65490 INFO tempest.lib.common.rest_client [req-20995712-d064-4ea4-988a-e2663c58420e req-20995712-d064-4ea4-988a-e2663c58420e ] Request (VolumesSnapshotsTestJSON:tearDownClass): 200 GET http://10.180.1.21/networking/v2.0/security-groups?tenant_id=7b16a7ea02754be98dc39508ec4a9b85&name=default 0.196s
2025-12-09 02:19:36.105 65496 INFO tempest.lib.common.rest_client [req-1cc74e11-e675-4286-b790-4a885b683304 req-1cc74e11-e675-4286-b790-4a885b683304 ] Request (ServerRescueTestJSONUnderV235:tearDownClass): 200 GET http://10.180.1.21/compute/v2.1/servers/54132760-1453-4e2c-8710-6a6cff3c4810 1.588s
2025-12-09 02:19:36.167 65528 INFO tempest.lib.common.rest_client [req-3b9d4974-6809-4e73-ae0f-160315a7e465 req-3b9d4974-6809-4e73-ae0f-160315a7e465 ] Request (MigrationsAdminTest:test_resize_server_revert_deleted_flavor): 200 GET http://10.180.1.21/compute/v2.1/servers/84fa8a69-c674-4878-b4a4-203b2af060af 1.809s
2025-12-09 02:19:36.173 65528 INFO tempest.common.waiters [-] State transition "BUILD/networking" ==> "BUILD/spawning" after 55 second wait
2025-12-09 02:19:36.183 65482 INFO tempest.lib.common.rest_client [req-d046a510-a10d-43ea-8e69-334a6fca1df4 req-d046a510-a10d-43ea-8e69-334a6fca1df4 ] Request (ImagesTestJSON:test_create_server_from_snapshot): 200 GET http://10.180.1.21/compute/v2.1/servers/f8f1b069-ef55-4724-96f6-ad3b3b0c97e6 1.582s
2025-12-09 02:19:36.204 65490 INFO tempest.lib.common.rest_client [req-4baead28-1f3e-4882-ba61-803745aef934 req-4baead28-1f3e-4882-ba61-803745aef934 ] Request (VolumesSnapshotsTestJSON:tearDownClass): 204 DELETE http://10.180.1.21/networking/v2.0/security-groups/343a431d-97fa-426d-97c8-bc847d1624c5 0.123s
2025-12-09 02:19:36.225 65522 INFO tempest.lib.common.rest_client [req-9199f469-440b-4bc5-8c78-1005a8bde65a req-9199f469-440b-4bc5-8c78-1005a8bde65a ] Request (MultipleCreateTestJSON:test_multiple_create): 200 GET http://10.180.1.21/compute/v2.1/servers/74ef5e75-021f-4731-be57-735a08af5af6 1.539s
2025-12-09 02:19:36.291 65490 INFO tempest.lib.common.rest_client [req-388d0286-3193-412e-a2fc-12185ccbf013 req-388d0286-3193-412e-a2fc-12185ccbf013 ] Request (VolumesSnapshotsTestJSON:tearDownClass): 204 DELETE http://10.180.1.21/identity/v3/projects/7b16a7ea02754be98dc39508ec4a9b85 0.085s
2025-12-09 02:19:36.382 65518 INFO tempest.lib.common.rest_client [req-75daa6b7-1366-4bb3-b7e1-df858c5e866a req-75daa6b7-1366-4bb3-b7e1-df858c5e866a ] Request (ServerActionsV293TestJSON:setUpClass): 200 GET http://10.180.1.21/compute/v2.1/servers/4b2346a5-f3b7-4246-8e62-2a8f3668d6ae 1.384s
2025-12-09 02:19:36.455 65486 INFO tempest.lib.common.rest_client [req-3e750ff7-2e4e-4824-9af8-5ceb6410ae94 req-3e750ff7-2e4e-4824-9af8-5ceb6410ae94 ] Request (FloatingIPsAssociationTestJSON:tearDownClass): 200 GET http://10.180.1.21/compute/v2.1/servers/b5067c26-0a94-46b6-b9df-f657f2e72423 1.254s
2025-12-09 02:19:36.510 65520 INFO tempest.lib.common.rest_client [req-0997b695-97db-4fc3-a061-75e6d2f167a3 req-0997b695-97db-4fc3-a061-75e6d2f167a3 ] Request (ServersNegativeTestJSON:setUpClass): 200 GET http://10.180.1.21/compute/v2.1/servers/15b4c978-bbdf-41e6-9e35-03eb4f5387f9 1.291s
2025-12-09 02:19:36.635 65524 WARNING tempest.lib.common.ssh [-] Failed to establish authenticated ssh connection to cirros@10.180.180.145 ([Errno None] Unable to connect to port 22 on 10.180.180.145). Number attempts: 1. Retry after 2 seconds.: paramiko.ssh_exception.NoValidConnectionsError: [Errno None] Unable to connect to port 22 on 10.180.180.145
2025-12-09 02:19:36.643 65476 INFO tempest.lib.common.rest_client [req-4d1836a5-23eb-4135-8a6b-033b5552eaee req-4d1836a5-23eb-4135-8a6b-033b5552eaee ] Request (SecurityGroupsTestAdminJSON:_run_cleanups): 202 DELETE http://10.180.1.21/compute/v2.1/os-security-groups/a8fd2653-a329-408a-9c26-9e4b1889a7cd 1.400s
2025-12-09 02:19:36.702 65484 INFO tempest.lib.common.rest_client [req-b2a2a8d1-aa3c-44f8-951c-c6270c282509 req-b2a2a8d1-aa3c-44f8-951c-c6270c282509 ] Request (ServerShowV254Test:test_rebuild_server): 200 GET http://10.180.1.21/compute/v2.1/servers/14954c64-80cb-44e1-89b1-519fe83173cd 1.411s
2025-12-09 02:19:36.739 65510 INFO tempest.lib.common.rest_client [req-63218941-8d3d-4b4c-9065-91b7743c667d req-63218941-8d3d-4b4c-9065-91b7743c667d ] Request (ExtensionsTest:test_list_extensions): 200 GET http://10.180.1.21/compute/v2.1/extensions 0.988s
2025-12-09 02:19:36.801 65500 INFO tempest.lib.common.rest_client [req-75cfe628-74a4-4356-a6e3-0357e9c7cff2 req-75cfe628-74a4-4356-a6e3-0357e9c7cff2 ] Request (FloatingIPDetailsTestJSON:test_get_floating_ip_details): 200 POST http://10.180.1.21/compute/v2.1/os-floating-ips 1.863s
2025-12-09 02:19:36.822 65502 INFO tempest.lib.common.rest_client [req-b81a6408-5736-46bc-b7aa-22a8d5d5a08b req-b81a6408-5736-46bc-b7aa-22a8d5d5a08b ] Request (ListImageFiltersTestJSON:test_list_images_filter_by_status): 200 GET http://10.180.1.21/compute/v2.1/images?status=ACTIVE 0.931s
2025-12-09 02:19:36.906 65510 INFO tempest.lib.common.rest_client [req-91cbe40c-d405-4a6c-861b-7ec22fa8c911 req-91cbe40c-d405-4a6c-861b-7ec22fa8c911 ] Request (ExtensionsTest:tearDownClass): 204 DELETE http://10.180.1.21/identity/v3/users/e6deffd77d2547d4b7d1364cacae3f87 0.157s
2025-12-09 02:19:36.906 65510 INFO tempest.lib.common.dynamic_creds [-] Deleting project and security group for project: b89eb8e8442b44bf87cc42cce855aef9
2025-12-09 02:19:36.922 65514 INFO tempest.lib.common.rest_client [req-6b34f859-c661-411c-abe2-6939084697b4 req-6b34f859-c661-411c-abe2-6939084697b4 ] Request (SecurityGroupsTestJSON:test_server_security_groups): 200 GET http://10.180.1.21/compute/v2.1/servers/26323007-7a0c-4d88-b1e2-99f29f92769d 1.017s
2025-12-09 02:19:36.931 65514 INFO tempest.common.waiters [-] State transition "ACTIVE/deleting" ==> "DELETED/None" after 2 second wait
2025-12-09 02:19:36.978 65510 INFO tempest.lib.common.rest_client [req-fd9eb29c-c03a-4ae5-994b-a1beee2e1c16 req-fd9eb29c-c03a-4ae5-994b-a1beee2e1c16 ] Request (ExtensionsTest:tearDownClass): 201 POST http://10.180.1.21/identity/v3/auth/tokens 0.071s
2025-12-09 02:19:37.073 65494 INFO tempest.lib.common.rest_client [req-b4f3b048-aecb-4229-8c8a-37a421bd1c41 req-b4f3b048-aecb-4229-8c8a-37a421bd1c41 ] Request (ServersAdminTestJSON:test_list_servers_by_admin_with_specified_tenant): 200 GET http://10.180.1.21/compute/v2.1/servers/detail?all_tenants=&tenant_id=6295b81c1cc84fb697ebcf1a284cf266 1.180s
2025-12-09 02:19:37.096 65492 INFO tempest.lib.common.rest_client [req-aca90aff-3367-44f9-922f-9c390b8ba3aa req-aca90aff-3367-44f9-922f-9c390b8ba3aa ] Request (ListServersNegativeTestJSON:setUpClass): 404 GET http://10.180.1.21/compute/v2.1/servers/1e567351-ae9e-4f22-ab72-771547735241 0.457s
2025-12-09 02:19:37.171 65530 INFO tempest.lib.common.rest_client [req-19d30680-b731-47ed-aa19-5bc0ce7e8c3d req-19d30680-b731-47ed-aa19-5bc0ce7e8c3d ] Request (ServerRescueNegativeTestJSON:setUpClass): 200 GET http://10.180.1.21/compute/v2.1/servers/74f9fae4-165e-4452-ad29-1dfd4385581f 0.879s
2025-12-09 02:19:37.179 65530 INFO tempest.common.waiters [-] State transition "BUILD/spawning" ==> "ACTIVE/None" after 65 second wait
2025-12-09 02:19:37.181 65510 INFO tempest.lib.common.rest_client [req-3b08ed03-cd1d-49a3-bbc8-bd3994a07576 req-3b08ed03-cd1d-49a3-bbc8-bd3994a07576 ] Request (ExtensionsTest:tearDownClass): 200 GET http://10.180.1.21/networking/v2.0/security-groups?tenant_id=b89eb8e8442b44bf87cc42cce855aef9&name=default 0.202s
2025-12-09 02:19:37.278 65510 INFO tempest.lib.common.rest_client [req-503b3a37-7616-4984-bef1-fbfaf7c73d9e req-503b3a37-7616-4984-bef1-fbfaf7c73d9e ] Request (ExtensionsTest:tearDownClass): 204 DELETE http://10.180.1.21/networking/v2.0/security-groups/b7ffe294-6f18-4b0c-8a92-6ed719f1131b 0.097s
2025-12-09 02:19:37.296 65476 INFO tempest.lib.common.rest_client [req-55cea70d-d037-41e0-a320-ba6c4ebe2940 req-55cea70d-d037-41e0-a320-ba6c4ebe2940 ] Request (SecurityGroupsTestAdminJSON:_run_cleanups): 202 DELETE http://10.180.1.21/compute/v2.1/os-security-groups/7a5cc814-cacc-45b4-b9da-4419d10f409f 0.652s
2025-12-09 02:19:37.300 65488 INFO tempest.lib.common.rest_client [req-4b6294f7-3c64-460f-a0de-7ea4cd855f07 req-4b6294f7-3c64-460f-a0de-7ea4cd855f07 ] Request (ServersTestBootFromVolume:setUpClass): 200 GET http://10.180.1.21/compute/v2.1/servers/664220c2-9102-4786-87dd-2a794e462b52 0.650s
2025-12-09 02:19:37.352 65474 INFO tempest.lib.common.rest_client [req-f28008f9-864f-47f3-85b5-969000e8db7f req-f28008f9-864f-47f3-85b5-969000e8db7f ] Request (ServerDiskConfigTestJSON:test_rebuild_server_with_manual_disk_config): 200 GET http://10.180.1.21/compute/v2.1/servers/cae2a765-fcd2-4c4b-a719-cc5e8ca4a9ce 0.645s
2025-12-09 02:19:37.355 65526 INFO tempest.lib.common.rest_client [req-d5d51888-177b-40d6-adf4-d0594a9d2ee6 req-d5d51888-177b-40d6-adf4-d0594a9d2ee6 ] Request (InstanceActionsNegativeTestJSON:setUpClass): 200 GET http://10.180.1.21/compute/v2.1/servers/5cfd076b-d16d-44bd-8e8d-973dd589fd94 0.587s
2025-12-09 02:19:37.362 65510 INFO tempest.lib.common.rest_client [req-40b57ec5-0c08-476e-95bf-63a3badf42f7 req-40b57ec5-0c08-476e-95bf-63a3badf42f7 ] Request (ExtensionsTest:tearDownClass): 204 DELETE http://10.180.1.21/identity/v3/projects/b89eb8e8442b44bf87cc42cce855aef9 0.083s
2025-12-09 02:19:37.374 65476 INFO tempest.lib.common.rest_client [req-9c89ccc5-7f4b-42d2-b6b5-08297e907643 req-9c89ccc5-7f4b-42d2-b6b5-08297e907643 ] Request (SecurityGroupsTestAdminJSON:tearDownClass): 204 DELETE http://10.180.1.21/identity/v3/users/47ac79eb8664410698b359d54825ad53 0.077s
2025-12-09 02:19:37.405 65502 INFO tempest.lib.common.rest_client [req-1501862e-9912-4f5c-97b4-a8aacf616240 req-1501862e-9912-4f5c-97b4-a8aacf616240 ] Request (ListImageFiltersTestJSON:test_list_images_filter_by_type): 200 GET http://10.180.1.21/compute/v2.1/images?type=snapshot 0.576s
2025-12-09 02:19:37.430 65510 INFO tempest.lib.common.rest_client [req-78c835f9-9bf2-4d5a-8cf6-a603c865b904 req-78c835f9-9bf2-4d5a-8cf6-a603c865b904 ] Request (VolumesNegativeTest:setUpClass): 201 POST http://10.180.1.21/identity/v3/auth/tokens 0.067s
2025-12-09 02:19:37.435 65500 INFO tempest.lib.common.rest_client [req-ba72d0b6-7fe7-4f0a-b181-d93c1389345e req-ba72d0b6-7fe7-4f0a-b181-d93c1389345e ] Request (FloatingIPDetailsTestJSON:test_get_floating_ip_details): 200 GET http://10.180.1.21/compute/v2.1/os-floating-ips/c7ab123a-bdf3-40fc-9291-7217c45d0086 0.631s
2025-12-09 02:19:37.471 65510 INFO tempest.lib.common.rest_client [req-17b8ecb4-22f8-4e48-aa19-a52edb8ad4ab req-17b8ecb4-22f8-4e48-aa19-a52edb8ad4ab ] Request (VolumesNegativeTest:setUpClass): 201 POST http://10.180.1.21/identity/v3/auth/tokens 0.035s
2025-12-09 02:19:37.475 65498 INFO tempest.lib.common.rest_client [req-d54a5310-6f5e-46cd-a544-aae3d035b38d req-d54a5310-6f5e-46cd-a544-aae3d035b38d ] Request (ServerActionsTestOtherA:setUpClass): 200 GET http://10.180.1.21/compute/v2.1/servers/7b707eca-97c3-48f5-99e6-b9ff784442a3 0.636s
2025-12-09 02:19:37.500 65476 INFO tempest.lib.common.rest_client [req-37c2a1d0-ef14-43cc-854b-37e061650306 req-37c2a1d0-ef14-43cc-854b-37e061650306 ] Request (SecurityGroupsTestAdminJSON:tearDownClass): 204 DELETE http://10.180.1.21/identity/v3/users/c2bbff7e37f24498a2bec51da20ee455 0.126s
2025-12-09 02:19:37.501 65476 INFO tempest.lib.common.dynamic_creds [-] Deleting project and security group for project: 92712f6e637d4544837588e1a26f9976
2025-12-09 02:19:37.524 65478 INFO tempest.lib.common.rest_client [req-d54d0179-133a-43d1-a900-77c641d3f965 req-d54d0179-133a-43d1-a900-77c641d3f965 ] Request (ServersTestFqdnHostnames:tearDownClass): 200 GET http://10.180.1.21/compute/v2.1/servers/72b77e93-c919-4705-b6bb-3308185475cb 0.669s
2025-12-09 02:19:37.541 65510 INFO tempest.lib.common.rest_client [req-93184873-b38e-4722-a5bc-73eebc9cb510 req-93184873-b38e-4722-a5bc-73eebc9cb510 ] Request (VolumesNegativeTest:setUpClass): 200 GET http://10.180.1.21/identity/v3/domains?name=Default 0.069s
2025-12-09 02:19:37.549 65480 INFO tempest.lib.common.rest_client [req-64fe8827-f822-4efd-b801-be9e73de4799 req-64fe8827-f822-4efd-b801-be9e73de4799 ] Request (ServersAdminNegativeTestJSON:tearDownClass): 200 GET http://10.180.1.21/compute/v2.1/servers/cd0822e9-acaa-4b09-8b3f-7af3fd5518cb 0.559s
2025-12-09 02:19:37.577 65476 INFO tempest.lib.common.rest_client [req-70e0e730-29c8-4253-9673-915f767bbb93 req-70e0e730-29c8-4253-9673-915f767bbb93 ] Request (SecurityGroupsTestAdminJSON:tearDownClass): 201 POST http://10.180.1.21/identity/v3/auth/tokens 0.076s
2025-12-09 02:19:37.585 65516 INFO tempest.lib.common.rest_client [req-d6dd9ade-6e6b-447c-bfcf-186fd9c7df8e req-d6dd9ade-6e6b-447c-bfcf-186fd9c7df8e ] Request (ServersTestMultiNic:_run_cleanups): 200 GET http://10.180.1.21/compute/v2.1/servers/02d092e8-2466-4660-a19f-3240d739c9d8 0.573s
2025-12-09 02:19:37.613 65510 INFO tempest.lib.common.rest_client [req-43150ea5-3185-48dc-8456-f9ab4874bcf1 req-43150ea5-3185-48dc-8456-f9ab4874bcf1 ] Request (VolumesNegativeTest:setUpClass): 201 POST http://10.180.1.21/identity/v3/projects 0.071s
2025-12-09 02:19:37.626 65494 INFO tempest.lib.common.rest_client [req-e9c99400-158b-4035-aa36-cf0e62ecaf9b req-e9c99400-158b-4035-aa36-cf0e62ecaf9b ] Request (ServersAdminTestJSON:test_list_servers_by_admin_with_specified_tenant): 200 GET http://10.180.1.21/compute/v2.1/servers/detail?all_tenants=&tenant_id=6bdf6bf0267243cdbd54a250605e55b5 0.544s
2025-12-09 02:19:37.650 65492 INFO tempest.lib.common.rest_client [req-3afbbd8a-0d3a-4468-b5c0-65dc1c92cdb7 req-3afbbd8a-0d3a-4468-b5c0-65dc1c92cdb7 ] Request (ListServersNegativeTestJSON:test_list_servers_by_changes_since_future_date): 200 GET http://10.180.1.21/compute/v2.1/servers?changes-since=2051-01-01T12%3A34%3A00Z&status=ACTIVE 0.550s
2025-12-09 02:19:37.684 65510 INFO tempest.lib.common.rest_client [req-347a1ca9-a3cf-4621-886a-ab545f444184 req-347a1ca9-a3cf-4621-886a-ab545f444184 ] Request (VolumesNegativeTest:setUpClass): 201 POST http://10.180.1.21/identity/v3/users 0.070s
2025-12-09 02:19:37.696 65476 INFO tempest.lib.common.rest_client [req-3106c75c-0887-4b0d-afd4-e214cf49bfc6 req-3106c75c-0887-4b0d-afd4-e214cf49bfc6 ] Request (SecurityGroupsTestAdminJSON:tearDownClass): 200 GET http://10.180.1.21/networking/v2.0/security-groups?tenant_id=92712f6e637d4544837588e1a26f9976&name=default 0.119s
2025-12-09 02:19:37.701 65496 INFO tempest.lib.common.rest_client [req-2c642f19-0ef6-4aef-a3bd-ad6cb0d0418b req-2c642f19-0ef6-4aef-a3bd-ad6cb0d0418b ] Request (ServerRescueTestJSONUnderV235:tearDownClass): 200 GET http://10.180.1.21/compute/v2.1/servers/54132760-1453-4e2c-8710-6a6cff3c4810 0.586s
2025-12-09 02:19:37.706 65510 INFO tempest.lib.common.rest_client [req-c0b8acac-9d4b-43c7-840c-03a4bc3e728e req-c0b8acac-9d4b-43c7-840c-03a4bc3e728e ] Request (VolumesNegativeTest:setUpClass): 200 GET http://10.180.1.21/identity/v3/roles 0.022s
2025-12-09 02:19:37.739 65510 INFO tempest.lib.common.rest_client [req-51a797ee-6685-46b0-96ef-126c8b5dbf52 req-51a797ee-6685-46b0-96ef-126c8b5dbf52 ] Request (VolumesNegativeTest:setUpClass): 204 PUT http://10.180.1.21/identity/v3/projects/361f8114e7a846418c6cda4fa1c1bdbf/users/6c078d0ead1649288f923b24b0596c98/roles/3c51c47f0d684115bad614dd65bf0e29 0.032s
2025-12-09 02:19:37.739 65510 INFO tempest.lib.common.dynamic_creds [-] Dynamic test user 6c078d0ead1649288f923b24b0596c98 is created with scope project and roles: ['member']
2025-12-09 02:19:37.739 65510 INFO tempest.lib.common.dynamic_creds [-] Acquired dynamic creds: credentials: Credentials: {'domain_id': 'default', 'domain_name': 'Default', 'username': 'tempest-VolumesNegativeTest-606512935-project-member', 'project_domain_id': 'default', 'project_domain_name': 'Default', 'project_id': '361f8114e7a846418c6cda4fa1c1bdbf', 'project_name': 'tempest-VolumesNegativeTest-606512935', 'tenant_id': '361f8114e7a846418c6cda4fa1c1bdbf', 'tenant_name': 'tempest-VolumesNegativeTest-606512935', 'user_domain_id': 'default', 'user_domain_name': 'Default', 'user_id': '6c078d0ead1649288f923b24b0596c98', 'system': None}, Network: None, Subnet: None, Router: None
2025-12-09 02:19:37.739 65510 INFO tempest.lib.common.dynamic_creds [-] Created isolated network resources for: credentials: Credentials: {'domain_id': 'default', 'domain_name': 'Default', 'username': 'tempest-VolumesNegativeTest-606512935-project-member', 'project_domain_id': 'default', 'project_domain_name': 'Default', 'project_id': '361f8114e7a846418c6cda4fa1c1bdbf', 'project_name': 'tempest-VolumesNegativeTest-606512935', 'tenant_id': '361f8114e7a846418c6cda4fa1c1bdbf', 'tenant_name': 'tempest-VolumesNegativeTest-606512935', 'user_domain_id': 'default', 'user_domain_name': 'Default', 'user_id': '6c078d0ead1649288f923b24b0596c98', 'system': None}, Network: None, Subnet: None, Router: None
2025-12-09 02:19:37.768 65528 INFO tempest.lib.common.rest_client [req-2b28ebb0-3dcc-4ef9-9d23-64730bc5421d req-2b28ebb0-3dcc-4ef9-9d23-64730bc5421d ] Request (MigrationsAdminTest:test_resize_server_revert_deleted_flavor): 200 GET http://10.180.1.21/compute/v2.1/servers/84fa8a69-c674-4878-b4a4-203b2af060af 0.593s
2025-12-09 02:19:37.784 65530 INFO tempest.lib.common.rest_client [req-640c0945-7583-45a8-8cbe-a3ca277e51bb req-640c0945-7583-45a8-8cbe-a3ca277e51bb ] Request (ServerRescueNegativeTestJSON:setUpClass): 200 POST http://10.180.1.21/compute/v2.1/servers/74f9fae4-165e-4452-ad29-1dfd4385581f/action 0.603s
2025-12-09 02:19:37.791 65476 INFO tempest.lib.common.rest_client [req-85da0411-0627-4e3f-a797-de2ed8e7822f req-85da0411-0627-4e3f-a797-de2ed8e7822f ] Request (SecurityGroupsTestAdminJSON:tearDownClass): 204 DELETE http://10.180.1.21/networking/v2.0/security-groups/bb7472da-a8a7-4526-8772-5e5a1c39fede 0.094s
2025-12-09 02:19:37.825 65482 INFO tempest.lib.common.rest_client [req-0696b1a5-8395-4bfb-ba79-204efd437bb7 req-0696b1a5-8395-4bfb-ba79-204efd437bb7 ] Request (ImagesTestJSON:test_create_server_from_snapshot): 200 GET http://10.180.1.21/compute/v2.1/servers/f8f1b069-ef55-4724-96f6-ad3b3b0c97e6 0.634s
2025-12-09 02:19:37.832 65510 INFO tempest.lib.common.rest_client [req-3ac3d76f-2975-4418-a9ff-471b7e40a230 req-3ac3d76f-2975-4418-a9ff-471b7e40a230 ] Request (VolumesNegativeTest:setUpClass): 201 POST http://10.180.1.21/identity/v3/auth/tokens 0.088s
2025-12-09 02:19:37.840 65522 INFO tempest.lib.common.rest_client [req-4535ef66-dc45-41bb-902d-50e95851b042 req-4535ef66-dc45-41bb-902d-50e95851b042 ] Request (MultipleCreateTestJSON:test_multiple_create): 200 GET http://10.180.1.21/compute/v2.1/servers/74ef5e75-021f-4731-be57-735a08af5af6 0.607s
2025-12-09 02:19:37.892 65502 INFO tempest.lib.common.rest_client [req-312597b1-b6fa-4200-a36d-f85d4653b416 req-312597b1-b6fa-4200-a36d-f85d4653b416 ] Request (ListImageFiltersTestJSON:test_list_images_limit_results): 200 GET http://10.180.1.21/compute/v2.1/images?limit=1 0.479s
2025-12-09 02:19:37.917 65476 INFO tempest.lib.common.rest_client [req-0e07d67f-5681-49fd-8bfe-a22a6be615b8 req-0e07d67f-5681-49fd-8bfe-a22a6be615b8 ] Request (SecurityGroupsTestAdminJSON:tearDownClass): 204 DELETE http://10.180.1.21/identity/v3/projects/92712f6e637d4544837588e1a26f9976 0.126s
2025-12-09 02:19:37.918 65476 INFO tempest.lib.common.dynamic_creds [-] Deleting project and security group for project: dffe559c28b2437c9afdc225da329380
2025-12-09 02:19:37.947 65476 INFO tempest.lib.common.rest_client [req-2e8a1d88-47c4-4cc8-97aa-b346555d87c6 req-2e8a1d88-47c4-4cc8-97aa-b346555d87c6 ] Request (SecurityGroupsTestAdminJSON:tearDownClass): 200 GET http://10.180.1.21/networking/v2.0/security-groups?tenant_id=dffe559c28b2437c9afdc225da329380&name=default 0.029s
2025-12-09 02:19:37.963 65518 INFO tempest.lib.common.rest_client [req-8ba27474-ee42-48bc-9c7e-32ef276247a9 req-8ba27474-ee42-48bc-9c7e-32ef276247a9 ] Request (ServerActionsV293TestJSON:setUpClass): 200 GET http://10.180.1.21/compute/v2.1/servers/4b2346a5-f3b7-4246-8e62-2a8f3668d6ae 0.566s
2025-12-09 02:19:38.039 65486 INFO tempest.lib.common.rest_client [req-73819790-48c6-4af9-812b-33cf69a4f4f5 req-73819790-48c6-4af9-812b-33cf69a4f4f5 ] Request (FloatingIPsAssociationTestJSON:tearDownClass): 200 GET http://10.180.1.21/compute/v2.1/servers/b5067c26-0a94-46b6-b9df-f657f2e72423 0.576s
2025-12-09 02:19:38.047 65476 INFO tempest.lib.common.rest_client [req-f2920a7c-cad4-4b93-9dee-e3643e735c0d req-f2920a7c-cad4-4b93-9dee-e3643e735c0d ] Request (SecurityGroupsTestAdminJSON:tearDownClass): 204 DELETE http://10.180.1.21/networking/v2.0/security-groups/0539ee6d-628e-4972-ae3e-628d4462ab6a 0.100s
2025-12-09 02:19:38.119 65520 INFO tempest.lib.common.rest_client [req-db4504d1-6460-4a59-93da-c11e359dced8 req-db4504d1-6460-4a59-93da-c11e359dced8 ] Request (ServersNegativeTestJSON:setUpClass): 200 GET http://10.180.1.21/compute/v2.1/servers/15b4c978-bbdf-41e6-9e35-03eb4f5387f9 0.600s
2025-12-09 02:19:38.127 65494 INFO tempest.lib.common.rest_client [req-480c9f80-17b2-4138-ad95-b6e36e62ec27 req-480c9f80-17b2-4138-ad95-b6e36e62ec27 ] Request (ServersAdminTestJSON:test_list_servers_detailed_filter_by_invalid_status): 200 GET http://10.180.1.21/compute/v2.1/servers/detail?status=invalid_status 0.490s
2025-12-09 02:19:38.131 65492 INFO tempest.lib.common.rest_client [req-581ba815-887e-49f5-ac17-0f0427eaad73 req-581ba815-887e-49f5-ac17-0f0427eaad73 ] Request (ListServersNegativeTestJSON:test_list_servers_by_changes_since_invalid_date): 400 GET http://10.180.1.21/compute/v2.1/servers?changes-since=2011%2F01%2F01 0.479s
2025-12-09 02:19:38.180 65476 INFO tempest.lib.common.rest_client [req-7856a558-c68b-45a3-9e36-57bbb85f7a73 req-7856a558-c68b-45a3-9e36-57bbb85f7a73 ] Request (SecurityGroupsTestAdminJSON:tearDownClass): 204 DELETE http://10.180.1.21/identity/v3/projects/dffe559c28b2437c9afdc225da329380 0.131s
2025-12-09 02:19:38.197 65484 INFO tempest.lib.common.rest_client [req-a9e1fad4-f01f-4ebd-959a-a0e564510b4e req-a9e1fad4-f01f-4ebd-959a-a0e564510b4e ] Request (ServerShowV254Test:test_rebuild_server): 200 GET http://10.180.1.21/compute/v2.1/servers/14954c64-80cb-44e1-89b1-519fe83173cd 0.478s
2025-12-09 02:19:38.258 65476 INFO tempest.lib.common.rest_client [req-67f44ad5-c707-4146-babb-3a64e5335d10 req-67f44ad5-c707-4146-babb-3a64e5335d10 ] Request (FloatingIPsTestJSON:setUpClass): 201 POST http://10.180.1.21/identity/v3/auth/tokens 0.076s
2025-12-09 02:19:38.287 65476 INFO tempest.lib.common.rest_client [req-c1c7c589-0b4d-4c88-ba95-ef9972d9290f req-c1c7c589-0b4d-4c88-ba95-ef9972d9290f ] Request (FloatingIPsTestJSON:setUpClass): 201 POST http://10.180.1.21/identity/v3/auth/tokens 0.026s
2025-12-09 02:19:38.303 65530 INFO tempest.lib.common.rest_client [req-a39c2883-05a3-4b0b-b84f-255be490205c req-a39c2883-05a3-4b0b-b84f-255be490205c ] Request (ServerRescueNegativeTestJSON:setUpClass): 200 GET http://10.180.1.21/compute/v2.1/servers/74f9fae4-165e-4452-ad29-1dfd4385581f 0.519s
2025-12-09 02:19:38.311 65476 INFO tempest.lib.common.rest_client [req-3df7d985-65b9-4994-9813-58e560b58e71 req-3df7d985-65b9-4994-9813-58e560b58e71 ] Request (FloatingIPsTestJSON:setUpClass): 200 GET http://10.180.1.21/identity/v3/domains?name=Default 0.024s
2025-12-09 02:19:38.327 65500 INFO tempest.lib.common.rest_client [req-6f2fb329-b4cc-4b9a-985d-5a271097c6f2 req-6f2fb329-b4cc-4b9a-985d-5a271097c6f2 ] Request (FloatingIPDetailsTestJSON:_run_cleanups): 202 DELETE http://10.180.1.21/compute/v2.1/os-floating-ips/c7ab123a-bdf3-40fc-9291-7217c45d0086 0.888s
2025-12-09 02:19:38.340 65476 INFO tempest.lib.common.rest_client [req-beceb8a6-eef0-4203-be05-0555252de659 req-beceb8a6-eef0-4203-be05-0555252de659 ] Request (FloatingIPsTestJSON:setUpClass): 201 POST http://10.180.1.21/identity/v3/projects 0.028s
2025-12-09 02:19:38.391 65502 INFO tempest.lib.common.rest_client [req-8d0abd28-1a0f-4027-8d7b-e8f508f40418 req-8d0abd28-1a0f-4027-8d7b-e8f508f40418 ] Request (ListImageFiltersTestJSON:test_list_images_with_detail_filter_by_changes_since): 200 GET http://10.180.1.21/compute/v2.1/images/detail?changes-since=2025-12-09T02%3A16%3A21Z 0.496s
2025-12-09 02:19:38.397 65476 INFO tempest.lib.common.rest_client [req-0cf898d2-167e-44e4-9011-efb2931fa8e3 req-0cf898d2-167e-44e4-9011-efb2931fa8e3 ] Request (FloatingIPsTestJSON:setUpClass): 201 POST http://10.180.1.21/identity/v3/users 0.056s
2025-12-09 02:19:38.417 65476 INFO tempest.lib.common.rest_client [req-2204f244-45fc-4ebb-84a0-3c65c40f8f5e req-2204f244-45fc-4ebb-84a0-3c65c40f8f5e ] Request (FloatingIPsTestJSON:setUpClass): 200 GET http://10.180.1.21/identity/v3/roles 0.020s
2025-12-09 02:19:38.439 65510 INFO tempest.lib.common.rest_client [req-a8e91efe-555f-4955-bec0-85314b8f5c4d req-a8e91efe-555f-4955-bec0-85314b8f5c4d ] Request (VolumesNegativeTest:test_create_volume_with_invalid_size): 400 POST http://10.180.1.21/compute/v2.1/os-volumes 0.605s
2025-12-09 02:19:38.446 65476 INFO tempest.lib.common.rest_client [req-576625ee-65fd-4bdf-aee7-a464d9bd5b56 req-576625ee-65fd-4bdf-aee7-a464d9bd5b56 ] Request (FloatingIPsTestJSON:setUpClass): 204 PUT http://10.180.1.21/identity/v3/projects/abd0566021464b0c97438d3a6f5ac9f5/users/82eaf80f85e54f2fa6ae7a034b736a26/roles/3c51c47f0d684115bad614dd65bf0e29 0.029s
2025-12-09 02:19:38.447 65476 INFO tempest.lib.common.dynamic_creds [-] Dynamic test user 82eaf80f85e54f2fa6ae7a034b736a26 is created with scope project and roles: ['member']
2025-12-09 02:19:38.447 65476 INFO tempest.lib.common.dynamic_creds [-] Acquired dynamic creds: credentials: Credentials: {'domain_id': 'default', 'domain_name': 'Default', 'username': 'tempest-FloatingIPsTestJSON-1402180495-project-member', 'project_domain_id': 'default', 'project_domain_name': 'Default', 'project_id': 'abd0566021464b0c97438d3a6f5ac9f5', 'project_name': 'tempest-FloatingIPsTestJSON-1402180495', 'tenant_id': 'abd0566021464b0c97438d3a6f5ac9f5', 'tenant_name': 'tempest-FloatingIPsTestJSON-1402180495', 'user_domain_id': 'default', 'user_domain_name': 'Default', 'user_id': '82eaf80f85e54f2fa6ae7a034b736a26', 'system': None}, Network: None, Subnet: None, Router: None
2025-12-09 02:19:38.449 65514 INFO tempest.lib.common.rest_client [req-1e26d212-4d39-436c-9f24-9a059a5729b2 req-1e26d212-4d39-436c-9f24-9a059a5729b2 ] Request (SecurityGroupsTestJSON:test_server_security_groups): 200 GET http://10.180.1.21/compute/v2.1/servers/26323007-7a0c-4d88-b1e2-99f29f92769d 0.516s
2025-12-09 02:19:38.517 65494 INFO tempest.lib.common.rest_client [req-80dea3c6-a2bb-4715-8cc8-0add8587425c req-80dea3c6-a2bb-4715-8cc8-0add8587425c ] Request (ServersAdminTestJSON:test_list_servers_filter_by_error_status): 202 POST http://10.180.1.21/compute/v2.1/servers/6ce04904-3b16-461b-b25e-0ce90d029115/action 0.381s
2025-12-09 02:19:38.517 65476 INFO tempest.lib.common.rest_client [req-5248c1fc-c389-464e-90b4-946b7c6a3e81 req-5248c1fc-c389-464e-90b4-946b7c6a3e81 ] Request (FloatingIPsTestJSON:setUpClass): 201 POST http://10.180.1.21/identity/v3/auth/tokens 0.069s
2025-12-09 02:19:38.528 65492 INFO tempest.lib.common.rest_client [req-d3671a4c-5295-406a-a061-55645de4be08 req-d3671a4c-5295-406a-a061-55645de4be08 ] Request (ListServersNegativeTestJSON:test_list_servers_by_limits_greater_than_actual_count): 200 GET http://10.180.1.21/compute/v2.1/servers 0.395s
2025-12-09 02:19:38.626 65488 INFO tempest.lib.common.rest_client [req-06b0b85d-4fba-4043-b50a-b82be0933dfd req-06b0b85d-4fba-4043-b50a-b82be0933dfd ] Request (ServersTestBootFromVolume:setUpClass): 200 GET http://10.180.1.21/compute/v2.1/servers/664220c2-9102-4786-87dd-2a794e462b52 0.314s
2025-12-09 02:19:38.773 65476 INFO tempest.lib.common.rest_client [req-072f383e-bd67-4566-b00d-59c213547213 req-072f383e-bd67-4566-b00d-59c213547213 ] Request (FloatingIPsTestJSON:setUpClass): 201 POST http://10.180.1.21/networking/v2.0/networks 0.256s
2025-12-09 02:19:38.830 65474 INFO tempest.lib.common.rest_client [req-2256ae42-1cf7-4931-8021-0c07a9f6eb14 req-2256ae42-1cf7-4931-8021-0c07a9f6eb14 ] Request (ServerDiskConfigTestJSON:test_rebuild_server_with_manual_disk_config): 200 GET http://10.180.1.21/compute/v2.1/servers/cae2a765-fcd2-4c4b-a719-cc5e8ca4a9ce 0.471s
2025-12-09 02:19:38.960 65500 INFO tempest.lib.common.rest_client [req-83956441-65af-4364-ada6-6cfe9531e20d req-83956441-65af-4364-ada6-6cfe9531e20d ] Request (FloatingIPDetailsTestJSON:test_list_floating_ips): 200 GET http://10.180.1.21/compute/v2.1/os-floating-ips 0.631s
2025-12-09 02:19:39.001 65476 INFO tempest.lib.common.rest_client [req-c0f5b854-6867-4e46-a8e9-18ea59d2deb4 req-c0f5b854-6867-4e46-a8e9-18ea59d2deb4 ] Request (FloatingIPsTestJSON:setUpClass): 201 POST http://10.180.1.21/networking/v2.0/subnets 0.227s
2025-12-09 02:19:39.004 65502 INFO tempest.lib.common.rest_client [req-96b8c06f-7682-4456-abc9-402d72172b1f req-96b8c06f-7682-4456-abc9-402d72172b1f ] Request (ListImageFiltersTestJSON:test_list_images_with_detail_filter_by_name): 200 GET http://10.180.1.21/compute/v2.1/images/detail?name=tempest-ListImageFiltersTestJSON-image-303205760 0.606s
2025-12-09 02:19:39.015 65510 INFO tempest.lib.common.rest_client [req-512d1950-6a9d-4959-b1dc-b1a9a23c4ed6 req-512d1950-6a9d-4959-b1dc-b1a9a23c4ed6 ] Request (VolumesNegativeTest:test_create_volume_with_size_zero): 400 POST http://10.180.1.21/compute/v2.1/os-volumes 0.575s
2025-12-09 02:19:39.081 65526 INFO tempest.lib.common.rest_client [req-3ea509c8-c1c2-4e8f-b035-8f12b26406c1 req-3ea509c8-c1c2-4e8f-b035-8f12b26406c1 ] Request (InstanceActionsNegativeTestJSON:setUpClass): 200 GET http://10.180.1.21/compute/v2.1/servers/5cfd076b-d16d-44bd-8e8d-973dd589fd94 0.719s
2025-12-09 02:19:39.088 65526 INFO tempest.common.waiters [-] State transition "BUILD/None" ==> "BUILD/networking" after 53 second wait
2025-12-09 02:19:39.186 65494 INFO tempest.lib.common.rest_client [req-1853db8d-c187-48eb-be82-102fdcf39235 req-1853db8d-c187-48eb-be82-102fdcf39235 ] Request (ServersAdminTestJSON:test_list_servers_filter_by_error_status): 200 GET http://10.180.1.21/compute/v2.1/servers?status=error 0.668s
2025-12-09 02:19:39.245 65492 INFO tempest.lib.common.rest_client [req-68e687c9-ccaf-4816-92b6-bb98104246db req-68e687c9-ccaf-4816-92b6-bb98104246db ] Request (ListServersNegativeTestJSON:test_list_servers_by_limits_greater_than_actual_count): 200 GET http://10.180.1.21/compute/v2.1/servers?limit=102 0.715s
2025-12-09 02:19:39.796 65472 WARNING tempest.lib.common.ssh [-] Failed to establish authenticated ssh connection to cirros@10.180.180.141 ([Errno None] Unable to connect to port 22 on 10.180.180.141). Number attempts: 7. Retry after 8 seconds.: paramiko.ssh_exception.NoValidConnectionsError: [Errno None] Unable to connect to port 22 on 10.180.180.141
2025-12-09 02:19:39.799 65476 INFO tempest.lib.common.rest_client [req-a36158bc-c5a6-425b-b4b1-6d994733bc49 req-a36158bc-c5a6-425b-b4b1-6d994733bc49 ] Request (FloatingIPsTestJSON:setUpClass): 201 POST http://10.180.1.21/networking/v2.0/routers 0.797s
2025-12-09 02:19:39.836 65498 INFO tempest.lib.common.rest_client [req-bc9b72a4-7722-407f-b078-334f07113c99 req-bc9b72a4-7722-407f-b078-334f07113c99 ] Request (ServerActionsTestOtherA:setUpClass): 200 GET http://10.180.1.21/compute/v2.1/servers/7b707eca-97c3-48f5-99e6-b9ff784442a3 1.352s
2025-12-09 02:19:39.880 65478 INFO tempest.lib.common.rest_client [req-bd918581-06ca-4024-b2ce-11435f25b8e6 req-bd918581-06ca-4024-b2ce-11435f25b8e6 ] Request (ServersTestFqdnHostnames:tearDownClass): 200 GET http://10.180.1.21/compute/v2.1/servers/72b77e93-c919-4705-b6bb-3308185475cb 1.347s
2025-12-09 02:19:40.430 65508 WARNING tempest.lib.common.ssh [-] Failed to establish authenticated ssh connection to cirros@10.180.180.235 ([Errno None] Unable to connect to port 22 on 10.180.180.235). Number attempts: 5. Retry after 6 seconds.: paramiko.ssh_exception.NoValidConnectionsError: [Errno None] Unable to connect to port 22 on 10.180.180.235
2025-12-09 02:19:40.647 65480 INFO tempest.lib.common.rest_client [req-8e6b8819-43ed-4b07-b278-b1d3b51282a3 req-8e6b8819-43ed-4b07-b278-b1d3b51282a3 ] Request (ServersAdminNegativeTestJSON:tearDownClass): 200 GET http://10.180.1.21/compute/v2.1/servers/cd0822e9-acaa-4b09-8b3f-7af3fd5518cb 2.084s
2025-12-09 02:19:40.669 65516 INFO tempest.lib.common.rest_client [req-863450ee-407d-4d50-b769-e5d1e6ec1361 req-863450ee-407d-4d50-b769-e5d1e6ec1361 ] Request (ServersTestMultiNic:_run_cleanups): 200 GET http://10.180.1.21/compute/v2.1/servers/02d092e8-2466-4660-a19f-3240d739c9d8 2.076s
2025-12-09 02:19:40.681 65476 INFO tempest.lib.common.rest_client [req-eed65c6f-0242-4b03-bc35-16d8647b9098 req-eed65c6f-0242-4b03-bc35-16d8647b9098 ] Request (FloatingIPsTestJSON:setUpClass): 200 PUT http://10.180.1.21/networking/v2.0/routers/5e2cf87e-510c-477b-b6f6-b056d2598889/add_router_interface 0.881s
2025-12-09 02:19:40.681 65476 INFO tempest.lib.common.dynamic_creds [-] Created isolated network resources for: credentials: Credentials: {'domain_id': 'default', 'domain_name': 'Default', 'username': 'tempest-FloatingIPsTestJSON-1402180495-project-member', 'project_domain_id': 'default', 'project_domain_name': 'Default', 'project_id': 'abd0566021464b0c97438d3a6f5ac9f5', 'project_name': 'tempest-FloatingIPsTestJSON-1402180495', 'tenant_id': 'abd0566021464b0c97438d3a6f5ac9f5', 'tenant_name': 'tempest-FloatingIPsTestJSON-1402180495', 'user_domain_id': 'default', 'user_domain_name': 'Default', 'user_id': '82eaf80f85e54f2fa6ae7a034b736a26', 'system': None}, Network: {'id': 'ea997ef9-1c88-4a24-9876-7d3f3eee3acd', 'name': 'tempest-FloatingIPsTestJSON-386083933-network', 'tenant_id': 'abd0566021464b0c97438d3a6f5ac9f5', 'project_id': 'abd0566021464b0c97438d3a6f5ac9f5', 'admin_state_up': True, 'mtu': 8950, 'status': 'ACTIVE', 'subnets': [], 'shared': False, 'port_security_enabled': True, 'router:external': False, 'provider:network_type': 'vlan', 'provider:physical_network': 'default', 'provider:segmentation_id': 159, 'availability_zone_hints': [], 'availability_zones': [], 'ipv4_address_scope': None, 'ipv6_address_scope': None, 'description': '', 'tags': [], 'created_at': '2025-12-09T02:19:38Z', 'updated_at': '2025-12-09T02:19:38Z', 'revision_number': 1}, Subnet: {'id': '968e2e15-2425-4d0d-b09a-f5b2b5996a41', 'name': 'tempest-FloatingIPsTestJSON-386083933-subnet', 'tenant_id': 'abd0566021464b0c97438d3a6f5ac9f5', 'network_id': 'ea997ef9-1c88-4a24-9876-7d3f3eee3acd', 'ip_version': 4, 'subnetpool_id': None, 'enable_dhcp': True, 'ipv6_ra_mode': None, 'ipv6_address_mode': None, 'gateway_ip': '192.168.128.1', 'cidr': '192.168.128.0/28', 'allocation_pools': [{'start': '192.168.128.2', 'end': '192.168.128.14'}], 'host_routes': [], 'dns_nameservers': [], 'description': '', 'router:external': False, 'service_types': [], 'tags': [], 'created_at': '2025-12-09T02:19:38Z', 'updated_at': '2025-12-09T02:19:38Z', 'revision_number': 0, 'project_id': 'abd0566021464b0c97438d3a6f5ac9f5'}, Router: {'id': '5e2cf87e-510c-477b-b6f6-b056d2598889', 'name': 'tempest-FloatingIPsTestJSON-386083933-router', 'tenant_id': 'abd0566021464b0c97438d3a6f5ac9f5', 'admin_state_up': True, 'status': 'ACTIVE', 'external_gateway_info': {'network_id': '9907aa5e-67a8-47d9-a99e-1b601d4a78e3', 'external_fixed_ips': [{'subnet_id': 'e0919893-60e1-4a4c-8133-e55e3a3a06e4', 'ip_address': '10.180.180.138'}], 'enable_snat': True}, 'description': '', 'availability_zones': [], 'distributed': False, 'ha': False, 'availability_zone_hints': [], 'routes': [], 'flavor_id': None, 'tags': [], 'created_at': '2025-12-09T02:19:39Z', 'updated_at': '2025-12-09T02:19:39Z', 'revision_number': 2, 'project_id': 'abd0566021464b0c97438d3a6f5ac9f5'}
2025-12-09 02:19:40.730 65496 INFO tempest.lib.common.rest_client [req-b6001f43-189d-4fc1-af47-f917511f64e0 req-b6001f43-189d-4fc1-af47-f917511f64e0 ] Request (ServerRescueTestJSONUnderV235:tearDownClass): 200 GET http://10.180.1.21/compute/v2.1/servers/54132760-1453-4e2c-8710-6a6cff3c4810 2.018s
2025-12-09 02:19:40.769 65476 INFO tempest.lib.common.rest_client [req-564b31bc-4516-49ae-a5d9-58717a067986 req-564b31bc-4516-49ae-a5d9-58717a067986 ] Request (FloatingIPsTestJSON:setUpClass): 201 POST http://10.180.1.21/identity/v3/auth/tokens 0.085s
2025-12-09 02:19:40.782 65482 INFO tempest.lib.common.rest_client [req-be8cac0b-dbca-420f-97c3-312453959e68 req-be8cac0b-dbca-420f-97c3-312453959e68 ] Request (ImagesTestJSON:test_create_server_from_snapshot): 200 GET http://10.180.1.21/compute/v2.1/servers/f8f1b069-ef55-4724-96f6-ad3b3b0c97e6 1.945s
2025-12-09 02:19:40.866 65522 INFO tempest.lib.common.rest_client [req-8bdca36a-121e-4092-b45c-3d3a857563ab req-8bdca36a-121e-4092-b45c-3d3a857563ab ] Request (MultipleCreateTestJSON:test_multiple_create): 200 GET http://10.180.1.21/compute/v2.1/servers/74ef5e75-021f-4731-be57-735a08af5af6 2.017s
2025-12-09 02:19:40.875 65528 INFO tempest.lib.common.rest_client [req-c506eea9-cd86-466b-94fc-18c4bb6d86f2 req-c506eea9-cd86-466b-94fc-18c4bb6d86f2 ] Request (MigrationsAdminTest:test_resize_server_revert_deleted_flavor): 200 GET http://10.180.1.21/compute/v2.1/servers/84fa8a69-c674-4878-b4a4-203b2af060af 2.098s
2025-12-09 02:19:41.002 65518 INFO tempest.lib.common.rest_client [req-eb1fb309-c98c-4acf-9173-a9ee2ac9b67a req-eb1fb309-c98c-4acf-9173-a9ee2ac9b67a ] Request (ServerActionsV293TestJSON:setUpClass): 200 GET http://10.180.1.21/compute/v2.1/servers/4b2346a5-f3b7-4246-8e62-2a8f3668d6ae 2.029s
2025-12-09 02:19:41.011 65518 INFO tempest.common.waiters [-] State transition "BUILD/spawning" ==> "ACTIVE/None" after 69 second wait
2025-12-09 02:19:41.052 65502 INFO tempest.lib.common.rest_client [req-b21d5199-9ff1-4a7d-95f4-ff193271b658 req-b21d5199-9ff1-4a7d-95f4-ff193271b658 ] Request (ListImageFiltersTestJSON:test_list_images_with_detail_filter_by_server_ref): 200 GET http://10.180.1.21/compute/v2.1/images/detail?server=http%3A%2F%2F10.180.1.21%2Fcompute%2Fv2.1%2Fservers%2Fe5f3ccda-fa2e-4e48-b8ee-3296218319fd 2.042s
2025-12-09 02:19:41.057 65510 INFO tempest.lib.common.rest_client [req-f56ed0e8-2991-4dab-8284-6f4520b7f4f1 req-f56ed0e8-2991-4dab-8284-6f4520b7f4f1 ] Request (VolumesNegativeTest:test_create_volume_without_passing_size): 400 POST http://10.180.1.21/compute/v2.1/os-volumes 2.041s
2025-12-09 02:19:41.145 65486 INFO tempest.lib.common.rest_client [req-3c8a41f6-2389-4765-817d-4c8c08c1477e req-3c8a41f6-2389-4765-817d-4c8c08c1477e ] Request (FloatingIPsAssociationTestJSON:tearDownClass): 200 GET http://10.180.1.21/compute/v2.1/servers/b5067c26-0a94-46b6-b9df-f657f2e72423 2.093s
2025-12-09 02:19:41.233 65520 INFO tempest.lib.common.rest_client [req-b554aa8c-e9f6-4b9f-8970-ee2a52ca2514 req-b554aa8c-e9f6-4b9f-8970-ee2a52ca2514 ] Request (ServersNegativeTestJSON:setUpClass): 200 GET http://10.180.1.21/compute/v2.1/servers/15b4c978-bbdf-41e6-9e35-03eb4f5387f9 2.105s
2025-12-09 02:19:41.240 65520 INFO tempest.common.waiters [-] State transition "BUILD/None" ==> "BUILD/networking" after 40 second wait
2025-12-09 02:19:41.294 65500 INFO tempest.lib.common.rest_client [req-c18e3739-a46d-4af2-bd2c-a00405b298d8 req-c18e3739-a46d-4af2-bd2c-a00405b298d8 ] Request (FloatingIPDetailsTestJSON:tearDownClass): 202 DELETE http://10.180.1.21/compute/v2.1/os-floating-ips/22f0a7ff-376c-4d33-bcb1-8f3fb055168f 2.329s
2025-12-09 02:19:41.314 65494 INFO tempest.lib.common.rest_client [req-8651d2c9-86bc-4b39-b7ae-5995fafbc26c req-8651d2c9-86bc-4b39-b7ae-5995fafbc26c ] Request (ServersAdminTestJSON:test_list_servers_filter_by_error_status): 202 POST http://10.180.1.21/compute/v2.1/servers/6ce04904-3b16-461b-b25e-0ce90d029115/action 2.126s
2025-12-09 02:19:41.323 65492 INFO tempest.lib.common.rest_client [req-ce139e56-7c72-41d1-99ce-dc4bf96ce6f7 req-ce139e56-7c72-41d1-99ce-dc4bf96ce6f7 ] Request (ListServersNegativeTestJSON:test_list_servers_by_limits_pass_negative_value): 400 GET http://10.180.1.21/compute/v2.1/servers?limit=-1 2.074s
2025-12-09 02:19:41.378 65484 INFO tempest.lib.common.rest_client [req-6b986cb2-5085-4519-8042-c6b343aab556 req-6b986cb2-5085-4519-8042-c6b343aab556 ] Request (ServerShowV254Test:test_rebuild_server): 200 GET http://10.180.1.21/compute/v2.1/servers/14954c64-80cb-44e1-89b1-519fe83173cd 2.171s
2025-12-09 02:19:41.392 65484 INFO tempest.common.waiters [-] State transition "BUILD/scheduling" ==> "BUILD/None" after 7 second wait
2025-12-09 02:19:41.457 65514 INFO tempest.lib.common.rest_client [req-d474c505-483d-49d8-b384-29d2acf44b47 req-d474c505-483d-49d8-b384-29d2acf44b47 ] Request (SecurityGroupsTestJSON:test_server_security_groups): 200 GET http://10.180.1.21/compute/v2.1/servers/26323007-7a0c-4d88-b1e2-99f29f92769d 2.000s
2025-12-09 02:19:41.481 65530 INFO tempest.lib.common.rest_client [req-d373f8be-a342-4ac9-a01e-fa4332a5a486 req-d373f8be-a342-4ac9-a01e-fa4332a5a486 ] Request (ServerRescueNegativeTestJSON:setUpClass): 200 GET http://10.180.1.21/compute/v2.1/servers/74f9fae4-165e-4452-ad29-1dfd4385581f 2.165s
2025-12-09 02:19:41.514 65488 INFO tempest.lib.common.rest_client [req-e7362f9d-b236-43d2-8a70-2016bd4123b2 req-e7362f9d-b236-43d2-8a70-2016bd4123b2 ] Request (ServersTestBootFromVolume:setUpClass): 200 GET http://10.180.1.21/compute/v2.1/servers/664220c2-9102-4786-87dd-2a794e462b52 1.876s
2025-12-09 02:19:41.534 65474 INFO tempest.lib.common.rest_client [req-814900b1-422f-4ac5-b5d1-9e6e7adaa5bc req-814900b1-422f-4ac5-b5d1-9e6e7adaa5bc ] Request (ServerDiskConfigTestJSON:test_rebuild_server_with_manual_disk_config): 200 GET http://10.180.1.21/compute/v2.1/servers/cae2a765-fcd2-4c4b-a719-cc5e8ca4a9ce 1.690s
2025-12-09 02:19:41.544 65474 INFO tempest.common.waiters [-] State transition "BUILD/scheduling" ==> "BUILD/None" after 6 second wait
2025-12-09 02:19:41.677 65526 INFO tempest.lib.common.rest_client [req-f9870518-e92c-44d9-915b-c7230e0c29d3 req-f9870518-e92c-44d9-915b-c7230e0c29d3 ] Request (InstanceActionsNegativeTestJSON:setUpClass): 200 GET http://10.180.1.21/compute/v2.1/servers/5cfd076b-d16d-44bd-8e8d-973dd589fd94 1.588s
2025-12-09 02:19:41.686 65526 INFO tempest.common.waiters [-] State transition "BUILD/networking" ==> "BUILD/spawning" after 55 second wait
2025-12-09 02:19:41.788 65498 INFO tempest.lib.common.rest_client [req-3e4abdc5-908d-4362-8e5f-5ee0428fdbbd req-3e4abdc5-908d-4362-8e5f-5ee0428fdbbd ] Request (ServerActionsTestOtherA:setUpClass): 200 GET http://10.180.1.21/compute/v2.1/servers/7b707eca-97c3-48f5-99e6-b9ff784442a3 0.934s
2025-12-09 02:19:42.203 65524 WARNING tempest.lib.common.ssh [-] Failed to establish authenticated ssh connection to cirros@10.180.180.145 ([Errno None] Unable to connect to port 22 on 10.180.180.145). Number attempts: 2. Retry after 3 seconds.: paramiko.ssh_exception.NoValidConnectionsError: [Errno None] Unable to connect to port 22 on 10.180.180.145
2025-12-09 02:19:42.271 65478 INFO tempest.lib.common.rest_client [req-53f32849-1af4-4af8-a263-fc78ea3b9e43 req-53f32849-1af4-4af8-a263-fc78ea3b9e43 ] Request (ServersTestFqdnHostnames:tearDownClass): 200 GET http://10.180.1.21/compute/v2.1/servers/72b77e93-c919-4705-b6bb-3308185475cb 1.383s
2025-12-09 02:19:42.329 65504 WARNING tempest.lib.common.ssh [-] Failed to establish authenticated ssh connection to cirros@10.180.180.203 ([Errno None] Unable to connect to port 22 on 10.180.180.203). Number attempts: 4. Retry after 5 seconds.: paramiko.ssh_exception.NoValidConnectionsError: [Errno None] Unable to connect to port 22 on 10.180.180.203
2025-12-09 02:19:42.372 65476 INFO tempest.lib.common.rest_client [req-ddfef95c-e08f-43f6-ba09-c8fbab0adaf8 req-ddfef95c-e08f-43f6-ba09-c8fbab0adaf8 ] Request (FloatingIPsTestJSON:test_allocate_floating_ip): 200 POST http://10.180.1.21/compute/v2.1/os-floating-ips 1.601s
2025-12-09 02:19:42.417 65518 INFO tempest.lib.common.rest_client [req-454a2472-dfd0-4a30-a420-dee51017e326 req-454a2472-dfd0-4a30-a420-dee51017e326 ] Request (ServerActionsV293TestJSON:setUpClass): 200 GET http://10.180.1.21/compute/v2.1/servers/4b2346a5-f3b7-4246-8e62-2a8f3668d6ae/os-interface 1.405s
2025-12-09 02:19:42.430 65502 INFO tempest.lib.common.rest_client [req-6bc815a3-f328-4898-933f-9d9e48b9bb17 req-6bc815a3-f328-4898-933f-9d9e48b9bb17 ] Request (ListImageFiltersTestJSON:test_list_images_with_detail_filter_by_server_ref): 200 GET http://10.180.1.21/compute/v2.1/images/detail?server=http%3A%2F%2F10.180.1.21%2Fcompute%2Fservers%2Fe5f3ccda-fa2e-4e48-b8ee-3296218319fd 1.374s
2025-12-09 02:19:42.446 65510 INFO tempest.lib.common.rest_client [req-e1340a99-65f1-46b1-b6c3-50d6d236d579 req-e1340a99-65f1-46b1-b6c3-50d6d236d579 ] Request (VolumesNegativeTest:test_delete_invalid_volume_id): 404 DELETE http://10.180.1.21/compute/v2.1/os-volumes/tempest-invalid-1503970205 1.387s
2025-12-09 02:19:42.915 65518 INFO tempest.lib.common.rest_client [req-26514741-e412-4ddd-81f3-a95a27647900 req-26514741-e412-4ddd-81f3-a95a27647900 ] Request (ServerActionsV293TestJSON:setUpClass): 200 PUT http://10.180.1.21/networking/v2.0/floatingips/3664f18b-63c4-4c7c-a0de-225024602853 0.496s
2025-12-09 02:19:43.054 65494 INFO tempest.lib.common.rest_client [req-71c080d2-5dff-4052-8868-2fcffcea59d5 req-71c080d2-5dff-4052-8868-2fcffcea59d5 ] Request (ServersAdminTestJSON:test_list_servers_filter_by_error_status): 200 GET http://10.180.1.21/compute/v2.1/servers/6ce04904-3b16-461b-b25e-0ce90d029115 1.739s
2025-12-09 02:19:43.063 65492 INFO tempest.lib.common.rest_client [req-89db8376-d0b9-480c-af5b-869b7809a6b9 req-89db8376-d0b9-480c-af5b-869b7809a6b9 ] Request (ListServersNegativeTestJSON:test_list_servers_by_limits_pass_string): 400 GET http://10.180.1.21/compute/v2.1/servers?limit=testing 1.739s
2025-12-09 02:19:43.166 65480 INFO tempest.lib.common.rest_client [req-2763e188-8e34-4b90-bf37-3ebc3a53c2a4 req-2763e188-8e34-4b90-bf37-3ebc3a53c2a4 ] Request (ServersAdminNegativeTestJSON:tearDownClass): 200 GET http://10.180.1.21/compute/v2.1/servers/cd0822e9-acaa-4b09-8b3f-7af3fd5518cb 1.511s
2025-12-09 02:19:43.302 65516 INFO tempest.lib.common.rest_client [req-d6141abe-1f70-410d-ba64-f161dfb4be03 req-d6141abe-1f70-410d-ba64-f161dfb4be03 ] Request (ServersTestMultiNic:_run_cleanups): 200 GET http://10.180.1.21/compute/v2.1/servers/02d092e8-2466-4660-a19f-3240d739c9d8 1.620s
2025-12-09 02:19:43.375 65496 INFO tempest.lib.common.rest_client [req-d3550f55-da34-492f-88eb-7e8922b395cd req-d3550f55-da34-492f-88eb-7e8922b395cd ] Request (ServerRescueTestJSONUnderV235:tearDownClass): 200 GET http://10.180.1.21/compute/v2.1/servers/54132760-1453-4e2c-8710-6a6cff3c4810 1.633s
2025-12-09 02:19:43.424 65500 INFO tempest.lib.common.rest_client [req-cc1a51bb-7ec5-4e86-925f-e8b1999e5895 req-cc1a51bb-7ec5-4e86-925f-e8b1999e5895 ] Request (FloatingIPDetailsTestJSON:tearDownClass): 202 DELETE http://10.180.1.21/compute/v2.1/os-floating-ips/2c68a27a-3a95-43a1-a504-664bd56e468c 2.129s
2025-12-09 02:19:43.454 65482 INFO tempest.lib.common.rest_client [req-011b92fb-72da-43ea-aad1-974b9dbbbd0d req-011b92fb-72da-43ea-aad1-974b9dbbbd0d ] Request (ImagesTestJSON:test_create_server_from_snapshot): 200 GET http://10.180.1.21/compute/v2.1/servers/f8f1b069-ef55-4724-96f6-ad3b3b0c97e6 1.661s
2025-12-09 02:19:43.481 65522 INFO tempest.lib.common.rest_client [req-de889b53-8bec-42e1-8c04-a2d262b3043f req-de889b53-8bec-42e1-8c04-a2d262b3043f ] Request (MultipleCreateTestJSON:test_multiple_create): 200 GET http://10.180.1.21/compute/v2.1/servers/74ef5e75-021f-4731-be57-735a08af5af6 1.607s
