2025-12-09 02:20:28.032 65474 INFO tempest.lib.common.rest_client [req-664c50d9-d400-4fa3-8ff5-11ae0023ff3c req-664c50d9-d400-4fa3-8ff5-11ae0023ff3c ] Request (ServerDiskConfigTestJSON:test_rebuild_server_with_manual_disk_config): 200 GET http://10.180.1.21/compute/v2.1/servers/cae2a765-fcd2-4c4b-a719-cc5e8ca4a9ce 0.104s
2025-12-09 02:20:28.055 65528 INFO tempest.lib.common.rest_client [req-b4e584f3-a699-4e00-83ab-b457e7b6b40c req-b4e584f3-a699-4e00-83ab-b457e7b6b40c ] Request (MigrationsAdminTest:test_resize_server_revert_deleted_flavor): 200 GET http://10.180.1.21/compute/v2.1/servers/84fa8a69-c674-4878-b4a4-203b2af060af 0.106s
2025-12-09 02:20:28.062 65528 INFO tempest.common.waiters [-] State transition "RESIZE/resize_prep" ==> "RESIZE/resize_migrating" after 40 second wait
2025-12-09 02:20:28.086 65484 INFO tempest.lib.common.rest_client [req-57403763-6c48-4342-a1d0-86419d655d33 req-57403763-6c48-4342-a1d0-86419d655d33 ] Request (ServerShowV254Test:test_rebuild_server): 200 GET http://10.180.1.21/compute/v2.1/servers/14954c64-80cb-44e1-89b1-519fe83173cd 0.119s
2025-12-09 02:20:28.122 65492 INFO tempest.lib.common.rest_client [req-ed64b04b-57ca-40dc-b7fc-50efb30befab req-ed64b04b-57ca-40dc-b7fc-50efb30befab ] Request (ListServersNegativeTestJSON:tearDownClass): 200 GET http://10.180.1.21/compute/v2.1/servers/1a79e9ea-aa75-4481-b63c-ddf45725bdb8 0.133s
2025-12-09 02:20:28.141 65482 INFO tempest.lib.common.rest_client [req-7e177c25-6fa2-4989-9bfc-7de1bb397d7a req-7e177c25-6fa2-4989-9bfc-7de1bb397d7a ] Request (ImagesTestJSON:test_create_server_from_snapshot): 200 GET http://10.180.1.21/compute/v2.1/servers/9b64ecd5-a926-4a6f-b332-908c82be5f21 0.140s
2025-12-09 02:20:28.187 65514 INFO tempest.lib.common.rest_client [req-03a61b2c-9dde-43cc-bc8b-1eedad66adf6 req-03a61b2c-9dde-43cc-bc8b-1eedad66adf6 ] Request (SecurityGroupsTestJSON:tearDownClass): 200 GET http://10.180.1.21/compute/v2.1/servers/281a5039-82c1-4cec-9e09-fe9e1cf0946e 0.145s
2025-12-09 02:20:28.193 65480 INFO tempest.lib.common.rest_client [req-51454f4a-561e-46da-bff9-51a8467a0108 req-51454f4a-561e-46da-bff9-51a8467a0108 ] Request (ServerActionsTestOtherB:setUpClass): 200 GET http://10.180.1.21/compute/v2.1/servers/f53b76d7-adf8-4da2-b8db-af978f422704 0.143s
2025-12-09 02:20:28.247 65472 INFO tempest.lib.common.rest_client [req-39d68c66-c557-44a1-8090-b0ee4c290146 req-39d68c66-c557-44a1-8090-b0ee4c290146 ] Request (ServersTestJSON:tearDownClass): 200 GET http://10.180.1.21/compute/v2.1/servers/03511bc6-c067-47ae-a187-d234354a811a 0.146s
2025-12-09 02:20:28.261 65530 INFO tempest.lib.common.rest_client [req-d206134c-b41b-485c-8b12-c70cd8ba0b9e req-d206134c-b41b-485c-8b12-c70cd8ba0b9e ] Request (ServerRescueNegativeTestJSON:test_rescued_vm_detach_volume): 200 GET http://10.180.1.21/compute/v2.1/servers/95e6ee2b-8319-4117-8248-b6ef767636fe 0.154s
2025-12-09 02:20:28.543 65486 INFO tempest.lib.common.rest_client [req-b641b1cd-67e6-4063-9627-15054183b519 req-b641b1cd-67e6-4063-9627-15054183b519 ] Request (FloatingIPsAssociationTestJSON:tearDownClass): 200 GET http://10.180.1.21/compute/v2.1/servers/b00f9d12-387b-4d5c-af3d-af85311caafe 0.070s
2025-12-09 02:20:28.612 65508 INFO tempest.lib.common.rest_client [req-8162239e-6536-4b13-aeba-8bd1a11493d4 req-8162239e-6536-4b13-aeba-8bd1a11493d4 ] Request (VolumesAssistedSnapshotsTest:tearDownClass): 200 GET http://10.180.1.21/compute/v2.1/servers/731da51f-6464-4d85-99a6-b8da27373d3e 0.062s
2025-12-09 02:20:28.619 65508 INFO tempest.common.waiters [-] State transition "ACTIVE/deleting" ==> "DELETED/None" after 4 second wait
2025-12-09 02:20:28.659 65520 INFO tempest.lib.common.rest_client [req-51cc41cb-4342-4037-8c8f-68902c7d3136 req-51cc41cb-4342-4037-8c8f-68902c7d3136 ] Request (ServersNegativeTestJSON:setUpClass): 200 GET http://10.180.1.21/compute/v2.1/servers/2bf94c28-086e-439a-81d1-1b96ed71a111 0.061s
2025-12-09 02:20:28.670 65502 INFO tempest.lib.common.rest_client [req-69e4b655-0bdd-4078-92b2-4f832938ebf3 req-69e4b655-0bdd-4078-92b2-4f832938ebf3 ] Request (ListImageFiltersTestJSON:tearDownClass): 200 GET http://10.180.1.21/compute/v2.1/servers/995fdd72-8fa3-422a-8003-972a63181cff 0.101s
2025-12-09 02:20:28.726 65522 INFO tempest.lib.common.rest_client [req-8d2b459c-b671-43fd-adda-c70d3e908a71 req-8d2b459c-b671-43fd-adda-c70d3e908a71 ] Request (MultipleCreateTestJSON:_run_cleanups): 200 GET http://10.180.1.21/compute/v2.1/servers/7d92f5f1-b65a-4875-80ad-6c8dee70206e 0.106s
2025-12-09 02:20:28.727 65494 INFO tempest.lib.common.rest_client [req-af2ad6fe-c15d-482d-88f2-770892a3cf6a req-af2ad6fe-c15d-482d-88f2-770892a3cf6a ] Request (ServersAdminTestJSON:tearDownClass): 200 GET http://10.180.1.21/compute/v2.1/servers/f35d71a4-3c01-443e-b029-a8ad65115790 0.069s
2025-12-09 02:20:28.730 65498 WARNING tempest.lib.common.ssh [-] Failed to establish authenticated ssh connection to cirros@10.180.180.183 ([Errno None] Unable to connect to port 22 on 10.180.180.183). Number attempts: 2. Retry after 3 seconds.: paramiko.ssh_exception.NoValidConnectionsError: [Errno None] Unable to connect to port 22 on 10.180.180.183
2025-12-09 02:20:28.781 65516 INFO tempest.lib.common.rest_client [req-19986ea6-b2e2-4ad6-a0d1-a6ced114fe64 req-19986ea6-b2e2-4ad6-a0d1-a6ced114fe64 ] Request (ServerActionsTestJSON:setUpClass): 200 GET http://10.180.1.21/compute/v2.1/servers/48a83963-07ff-438e-bc08-28f484f68cd7 0.057s
2025-12-09 02:20:28.786 65478 INFO tempest.lib.common.rest_client [req-0a484fb2-a3e8-4ca7-bb46-39d4eb6be8c9 req-0a484fb2-a3e8-4ca7-bb46-39d4eb6be8c9 ] Request (ServersTestManualDisk:setUpClass): 200 GET http://10.180.1.21/compute/v2.1/servers/2fa3eb4c-6a89-4d6c-b333-bbf8a9936f03 0.074s
2025-12-09 02:20:28.839 65526 INFO tempest.lib.common.rest_client [req-b94419a4-aa19-4056-bec9-1803f7e3d7df req-b94419a4-aa19-4056-bec9-1803f7e3d7df ] Request (InstanceActionsNegativeTestJSON:tearDownClass): 200 GET http://10.180.1.21/compute/v2.1/servers/5cfd076b-d16d-44bd-8e8d-973dd589fd94 0.071s
2025-12-09 02:20:29.194 65528 INFO tempest.lib.common.rest_client [req-5665cfd3-825c-41f7-b0ee-e9134618bebb req-5665cfd3-825c-41f7-b0ee-e9134618bebb ] Request (MigrationsAdminTest:test_resize_server_revert_deleted_flavor): 200 GET http://10.180.1.21/compute/v2.1/servers/84fa8a69-c674-4878-b4a4-203b2af060af 0.131s
2025-12-09 02:20:29.223 65474 INFO tempest.lib.common.rest_client [req-11f8a292-86a5-4532-a87b-b066b20637ad req-11f8a292-86a5-4532-a87b-b066b20637ad ] Request (ServerDiskConfigTestJSON:test_rebuild_server_with_manual_disk_config): 200 GET http://10.180.1.21/compute/v2.1/servers/cae2a765-fcd2-4c4b-a719-cc5e8ca4a9ce 0.183s
2025-12-09 02:20:29.273 65484 INFO tempest.lib.common.rest_client [req-ce2514e8-87cf-420a-9aa4-13ca1094121d req-ce2514e8-87cf-420a-9aa4-13ca1094121d ] Request (ServerShowV254Test:test_rebuild_server): 200 GET http://10.180.1.21/compute/v2.1/servers/14954c64-80cb-44e1-89b1-519fe83173cd 0.177s
2025-12-09 02:20:29.292 65492 INFO tempest.lib.common.rest_client [req-b7606237-44bd-42b9-84d3-7efdd538bccb req-b7606237-44bd-42b9-84d3-7efdd538bccb ] Request (ListServersNegativeTestJSON:tearDownClass): 200 GET http://10.180.1.21/compute/v2.1/servers/1a79e9ea-aa75-4481-b63c-ddf45725bdb8 0.161s
2025-12-09 02:20:29.334 65482 INFO tempest.lib.common.rest_client [req-97d5b66c-3b00-42df-bc32-c6167b10bf8f req-97d5b66c-3b00-42df-bc32-c6167b10bf8f ] Request (ImagesTestJSON:test_create_server_from_snapshot): 200 GET http://10.180.1.21/compute/v2.1/servers/9b64ecd5-a926-4a6f-b332-908c82be5f21 0.185s
2025-12-09 02:20:29.384 65514 INFO tempest.lib.common.rest_client [req-1df4196a-89cc-473b-a4c5-16f7810a1cce req-1df4196a-89cc-473b-a4c5-16f7810a1cce ] Request (SecurityGroupsTestJSON:tearDownClass): 200 GET http://10.180.1.21/compute/v2.1/servers/281a5039-82c1-4cec-9e09-fe9e1cf0946e 0.188s
2025-12-09 02:20:29.403 65480 INFO tempest.lib.common.rest_client [req-b591a7d7-2c66-45ef-8fb0-0c5c7647e245 req-b591a7d7-2c66-45ef-8fb0-0c5c7647e245 ] Request (ServerActionsTestOtherB:setUpClass): 200 GET http://10.180.1.21/compute/v2.1/servers/f53b76d7-adf8-4da2-b8db-af978f422704 0.201s
2025-12-09 02:20:29.454 65472 INFO tempest.lib.common.rest_client [req-3527d61f-2033-486d-a1a9-9f59132c208e req-3527d61f-2033-486d-a1a9-9f59132c208e ] Request (ServersTestJSON:tearDownClass): 200 GET http://10.180.1.21/compute/v2.1/servers/03511bc6-c067-47ae-a187-d234354a811a 0.198s
2025-12-09 02:20:29.461 65530 INFO tempest.lib.common.rest_client [req-9e2a7772-5387-4102-a44e-765a0fd7b37e req-9e2a7772-5387-4102-a44e-765a0fd7b37e ] Request (ServerRescueNegativeTestJSON:test_rescued_vm_detach_volume): 200 GET http://10.180.1.21/compute/v2.1/servers/95e6ee2b-8319-4117-8248-b6ef767636fe 0.192s
2025-12-09 02:20:29.612 65486 INFO tempest.lib.common.rest_client [req-92c13eff-9774-49a8-8719-25463224cd82 req-92c13eff-9774-49a8-8719-25463224cd82 ] Request (FloatingIPsAssociationTestJSON:tearDownClass): 200 GET http://10.180.1.21/compute/v2.1/servers/b00f9d12-387b-4d5c-af3d-af85311caafe 0.062s
2025-12-09 02:20:29.678 65508 INFO tempest.lib.common.rest_client [req-6684862d-8ae5-4082-90b7-d9fe1bf790b9 req-6684862d-8ae5-4082-90b7-d9fe1bf790b9 ] Request (VolumesAssistedSnapshotsTest:tearDownClass): 200 GET http://10.180.1.21/compute/v2.1/servers/731da51f-6464-4d85-99a6-b8da27373d3e 0.057s
2025-12-09 02:20:29.715 65520 INFO tempest.lib.common.rest_client [req-40beec20-1367-4437-bb57-fcc5e748c791 req-40beec20-1367-4437-bb57-fcc5e748c791 ] Request (ServersNegativeTestJSON:setUpClass): 200 GET http://10.180.1.21/compute/v2.1/servers/2bf94c28-086e-439a-81d1-1b96ed71a111 0.048s
2025-12-09 02:20:29.779 65502 INFO tempest.lib.common.rest_client [req-e8ef4fb1-576f-4407-9fa0-a32a6958bcec req-e8ef4fb1-576f-4407-9fa0-a32a6958bcec ] Request (ListImageFiltersTestJSON:tearDownClass): 200 GET http://10.180.1.21/compute/v2.1/servers/995fdd72-8fa3-422a-8003-972a63181cff 0.100s
2025-12-09 02:20:29.801 65494 INFO tempest.lib.common.rest_client [req-a421ae6f-64dd-4faa-b700-da1a88753eac req-a421ae6f-64dd-4faa-b700-da1a88753eac ] Request (ServersAdminTestJSON:tearDownClass): 200 GET http://10.180.1.21/compute/v2.1/servers/f35d71a4-3c01-443e-b029-a8ad65115790 0.067s
2025-12-09 02:20:29.850 65522 INFO tempest.lib.common.rest_client [req-2f9b78f1-c7a3-4336-888a-1bee08076d4b req-2f9b78f1-c7a3-4336-888a-1bee08076d4b ] Request (MultipleCreateTestJSON:_run_cleanups): 200 GET http://10.180.1.21/compute/v2.1/servers/7d92f5f1-b65a-4875-80ad-6c8dee70206e 0.112s
2025-12-09 02:20:29.868 65516 INFO tempest.lib.common.rest_client [req-e3895649-6cb4-4f5e-9ec4-bdf4e1fe6da4 req-e3895649-6cb4-4f5e-9ec4-bdf4e1fe6da4 ] Request (ServerActionsTestJSON:setUpClass): 200 GET http://10.180.1.21/compute/v2.1/servers/48a83963-07ff-438e-bc08-28f484f68cd7 0.078s
2025-12-09 02:20:29.914 65478 INFO tempest.lib.common.rest_client [req-98d8088a-dcee-4906-afc7-f646e98f5bee req-98d8088a-dcee-4906-afc7-f646e98f5bee ] Request (ServersTestManualDisk:setUpClass): 200 GET http://10.180.1.21/compute/v2.1/servers/2fa3eb4c-6a89-4d6c-b333-bbf8a9936f03 0.116s
2025-12-09 02:20:29.957 65526 INFO tempest.lib.common.rest_client [req-79b4cedd-ee8d-4051-a890-6995f294f04d req-79b4cedd-ee8d-4051-a890-6995f294f04d ] Request (InstanceActionsNegativeTestJSON:tearDownClass): 200 GET http://10.180.1.21/compute/v2.1/servers/5cfd076b-d16d-44bd-8e8d-973dd589fd94 0.111s
2025-12-09 02:20:30.325 65528 INFO tempest.lib.common.rest_client [req-a8dca741-5275-4139-80ef-41df804868ff req-a8dca741-5275-4139-80ef-41df804868ff ] Request (MigrationsAdminTest:test_resize_server_revert_deleted_flavor): 200 GET http://10.180.1.21/compute/v2.1/servers/84fa8a69-c674-4878-b4a4-203b2af060af 0.122s
2025-12-09 02:20:30.375 65474 INFO tempest.lib.common.rest_client [req-74363344-76b5-41b7-a5c7-7eff9a73caf7 req-74363344-76b5-41b7-a5c7-7eff9a73caf7 ] Request (ServerDiskConfigTestJSON:test_rebuild_server_with_manual_disk_config): 200 GET http://10.180.1.21/compute/v2.1/servers/cae2a765-fcd2-4c4b-a719-cc5e8ca4a9ce 0.142s
2025-12-09 02:20:30.395 65492 INFO tempest.lib.common.rest_client [req-4cb43299-60a7-4654-8917-52f0e92d0c4f req-4cb43299-60a7-4654-8917-52f0e92d0c4f ] Request (ListServersNegativeTestJSON:tearDownClass): 404 GET http://10.180.1.21/compute/v2.1/servers/1a79e9ea-aa75-4481-b63c-ddf45725bdb8 0.094s
2025-12-09 02:20:30.397 65484 INFO tempest.lib.common.rest_client [req-929e78cc-a772-42cb-b250-86791704e5a7 req-929e78cc-a772-42cb-b250-86791704e5a7 ] Request (ServerShowV254Test:test_rebuild_server): 200 GET http://10.180.1.21/compute/v2.1/servers/14954c64-80cb-44e1-89b1-519fe83173cd 0.109s
2025-12-09 02:20:30.447 65482 INFO tempest.lib.common.rest_client [req-3dc2cd36-4f10-4b41-9ac4-35f1a72106c4 req-3dc2cd36-4f10-4b41-9ac4-35f1a72106c4 ] Request (ImagesTestJSON:test_create_server_from_snapshot): 200 GET http://10.180.1.21/compute/v2.1/servers/9b64ecd5-a926-4a6f-b332-908c82be5f21 0.104s
2025-12-09 02:20:30.456 65514 INFO tempest.lib.common.rest_client [req-d8d44b2d-4102-4b8b-9e2f-22e7dd8028b7 req-d8d44b2d-4102-4b8b-9e2f-22e7dd8028b7 ] Request (SecurityGroupsTestJSON:tearDownClass): 200 GET http://10.180.1.21/compute/v2.1/servers/281a5039-82c1-4cec-9e09-fe9e1cf0946e 0.064s
2025-12-09 02:20:30.500 65480 INFO tempest.lib.common.rest_client [req-a7fe3e2c-084f-49dc-a74f-561e477543e9 req-a7fe3e2c-084f-49dc-a74f-561e477543e9 ] Request (ServerActionsTestOtherB:setUpClass): 200 GET http://10.180.1.21/compute/v2.1/servers/f53b76d7-adf8-4da2-b8db-af978f422704 0.089s
2025-12-09 02:20:30.518 65492 INFO tempest.lib.common.rest_client [req-72518ecc-b215-4656-8c70-97328f5e9a12 req-72518ecc-b215-4656-8c70-97328f5e9a12 ] Request (ListServersNegativeTestJSON:tearDownClass): 200 GET http://10.180.1.21/compute/v2.1/servers/0a086f36-1313-4b0a-9f67-5199e19f501a 0.122s
2025-12-09 02:20:30.572 65472 INFO tempest.lib.common.rest_client [req-b1d209aa-5b3a-4387-a866-cc24da1722ad req-b1d209aa-5b3a-4387-a866-cc24da1722ad ] Request (ServersTestJSON:tearDownClass): 200 GET http://10.180.1.21/compute/v2.1/servers/03511bc6-c067-47ae-a187-d234354a811a 0.108s
2025-12-09 02:20:30.580 65530 INFO tempest.lib.common.rest_client [req-c759a35c-d8eb-4f18-a332-6622ec1fba7b req-c759a35c-d8eb-4f18-a332-6622ec1fba7b ] Request (ServerRescueNegativeTestJSON:test_rescued_vm_detach_volume): 200 GET http://10.180.1.21/compute/v2.1/servers/95e6ee2b-8319-4117-8248-b6ef767636fe 0.109s
2025-12-09 02:20:30.691 65486 INFO tempest.lib.common.rest_client [req-0f2cf26b-28aa-402b-972a-8688b14062de req-0f2cf26b-28aa-402b-972a-8688b14062de ] Request (FloatingIPsAssociationTestJSON:tearDownClass): 200 GET http://10.180.1.21/compute/v2.1/servers/b00f9d12-387b-4d5c-af3d-af85311caafe 0.072s
2025-12-09 02:20:30.762 65508 INFO tempest.lib.common.rest_client [req-e90fcf20-541d-495d-8c18-a39db9cce74d req-e90fcf20-541d-495d-8c18-a39db9cce74d ] Request (VolumesAssistedSnapshotsTest:tearDownClass): 200 GET http://10.180.1.21/compute/v2.1/servers/731da51f-6464-4d85-99a6-b8da27373d3e 0.076s
2025-12-09 02:20:30.776 65520 INFO tempest.lib.common.rest_client [req-398c39bb-58cf-4893-b4cd-88204bdc5d41 req-398c39bb-58cf-4893-b4cd-88204bdc5d41 ] Request (ServersNegativeTestJSON:setUpClass): 200 GET http://10.180.1.21/compute/v2.1/servers/2bf94c28-086e-439a-81d1-1b96ed71a111 0.053s
2025-12-09 02:20:30.855 65502 INFO tempest.lib.common.rest_client [req-8b6ce299-a720-4dde-a994-3fbbe784f8e5 req-8b6ce299-a720-4dde-a994-3fbbe784f8e5 ] Request (ListImageFiltersTestJSON:tearDownClass): 200 GET http://10.180.1.21/compute/v2.1/servers/995fdd72-8fa3-422a-8003-972a63181cff 0.068s
2025-12-09 02:20:30.886 65494 INFO tempest.lib.common.rest_client [req-bf72875a-9170-49c6-b024-9ab41dc93067 req-bf72875a-9170-49c6-b024-9ab41dc93067 ] Request (ServersAdminTestJSON:tearDownClass): 200 GET http://10.180.1.21/compute/v2.1/servers/f35d71a4-3c01-443e-b029-a8ad65115790 0.074s
2025-12-09 02:20:30.918 65522 INFO tempest.lib.common.rest_client [req-45fa883a-82da-4a65-b50b-ff7f342e99a7 req-45fa883a-82da-4a65-b50b-ff7f342e99a7 ] Request (MultipleCreateTestJSON:_run_cleanups): 200 GET http://10.180.1.21/compute/v2.1/servers/7d92f5f1-b65a-4875-80ad-6c8dee70206e 0.058s
2025-12-09 02:20:30.932 65516 INFO tempest.lib.common.rest_client [req-ad14c351-7c88-4d68-930a-f825368ac46c req-ad14c351-7c88-4d68-930a-f825368ac46c ] Request (ServerActionsTestJSON:setUpClass): 200 GET http://10.180.1.21/compute/v2.1/servers/48a83963-07ff-438e-bc08-28f484f68cd7 0.054s
2025-12-09 02:20:30.977 65478 INFO tempest.lib.common.rest_client [req-5e7d53db-4672-491e-a2cd-90699a226a73 req-5e7d53db-4672-491e-a2cd-90699a226a73 ] Request (ServersTestManualDisk:setUpClass): 200 GET http://10.180.1.21/compute/v2.1/servers/2fa3eb4c-6a89-4d6c-b333-bbf8a9936f03 0.050s
2025-12-09 02:20:31.028 65526 INFO tempest.lib.common.rest_client [req-8720b7ac-ce55-4561-b21b-6a2be76bf352 req-8720b7ac-ce55-4561-b21b-6a2be76bf352 ] Request (InstanceActionsNegativeTestJSON:tearDownClass): 200 GET http://10.180.1.21/compute/v2.1/servers/5cfd076b-d16d-44bd-8e8d-973dd589fd94 0.056s
2025-12-09 02:20:31.451 65528 INFO tempest.lib.common.rest_client [req-557f1fe7-c91a-48e1-9c95-5d01b1861365 req-557f1fe7-c91a-48e1-9c95-5d01b1861365 ] Request (MigrationsAdminTest:test_resize_server_revert_deleted_flavor): 200 GET http://10.180.1.21/compute/v2.1/servers/84fa8a69-c674-4878-b4a4-203b2af060af 0.115s
2025-12-09 02:20:31.474 65474 INFO tempest.lib.common.rest_client [req-18d3c29b-d9f1-4448-b522-59fba2c12c5b req-18d3c29b-d9f1-4448-b522-59fba2c12c5b ] Request (ServerDiskConfigTestJSON:test_rebuild_server_with_manual_disk_config): 200 GET http://10.180.1.21/compute/v2.1/servers/cae2a765-fcd2-4c4b-a719-cc5e8ca4a9ce 0.090s
2025-12-09 02:20:31.503 65484 INFO tempest.lib.common.rest_client [req-80380321-80fd-45dd-ac6e-18bc46eb716a req-80380321-80fd-45dd-ac6e-18bc46eb716a ] Request (ServerShowV254Test:test_rebuild_server): 200 GET http://10.180.1.21/compute/v2.1/servers/14954c64-80cb-44e1-89b1-519fe83173cd 0.097s
2025-12-09 02:20:31.512 65484 INFO tempest.common.waiters [-] State transition "REBUILD/rebuilding" ==> "REBUILD/rebuild_spawning" after 3 second wait
2025-12-09 02:20:31.521 65482 INFO tempest.lib.common.rest_client [req-45a63c81-eb91-45e1-b6fd-5fd898334a69 req-45a63c81-eb91-45e1-b6fd-5fd898334a69 ] Request (ImagesTestJSON:test_create_server_from_snapshot): 200 GET http://10.180.1.21/compute/v2.1/servers/9b64ecd5-a926-4a6f-b332-908c82be5f21 0.064s
2025-12-09 02:20:31.563 65514 INFO tempest.lib.common.rest_client [req-96c27f10-8a4e-42dc-9a2b-11ddfd364c12 req-96c27f10-8a4e-42dc-9a2b-11ddfd364c12 ] Request (SecurityGroupsTestJSON:tearDownClass): 200 GET http://10.180.1.21/compute/v2.1/servers/281a5039-82c1-4cec-9e09-fe9e1cf0946e 0.099s
2025-12-09 02:20:31.571 65480 INFO tempest.lib.common.rest_client [req-c4679d6f-9148-4a9b-a22e-6efbe863bd4d req-c4679d6f-9148-4a9b-a22e-6efbe863bd4d ] Request (ServerActionsTestOtherB:setUpClass): 200 GET http://10.180.1.21/compute/v2.1/servers/f53b76d7-adf8-4da2-b8db-af978f422704 0.063s
2025-12-09 02:20:31.624 65492 INFO tempest.lib.common.rest_client [req-dd640eba-831c-46c4-a4a6-bef2894886ff req-dd640eba-831c-46c4-a4a6-bef2894886ff ] Request (ListServersNegativeTestJSON:tearDownClass): 200 GET http://10.180.1.21/compute/v2.1/servers/0a086f36-1313-4b0a-9f67-5199e19f501a 0.095s
2025-12-09 02:20:31.649 65472 INFO tempest.lib.common.rest_client [req-f6b1f8bf-cf77-48db-83a4-d70cb324c8f1 req-f6b1f8bf-cf77-48db-83a4-d70cb324c8f1 ] Request (ServersTestJSON:tearDownClass): 200 GET http://10.180.1.21/compute/v2.1/servers/03511bc6-c067-47ae-a187-d234354a811a 0.068s
2025-12-09 02:20:31.678 65530 INFO tempest.lib.common.rest_client [req-b2440e3e-2053-48bf-bb0f-0991c2ecd015 req-b2440e3e-2053-48bf-bb0f-0991c2ecd015 ] Request (ServerRescueNegativeTestJSON:test_rescued_vm_detach_volume): 200 GET http://10.180.1.21/compute/v2.1/servers/95e6ee2b-8319-4117-8248-b6ef767636fe 0.091s
2025-12-09 02:20:31.769 65486 INFO tempest.lib.common.rest_client [req-07ec0eff-5a18-4274-b530-c8082c68e567 req-07ec0eff-5a18-4274-b530-c8082c68e567 ] Request (FloatingIPsAssociationTestJSON:tearDownClass): 200 GET http://10.180.1.21/compute/v2.1/servers/b00f9d12-387b-4d5c-af3d-af85311caafe 0.069s
2025-12-09 02:20:31.844 65508 INFO tempest.lib.common.rest_client [req-6077d378-5162-4e39-848c-7024aecd3009 req-6077d378-5162-4e39-848c-7024aecd3009 ] Request (VolumesAssistedSnapshotsTest:tearDownClass): 200 GET http://10.180.1.21/compute/v2.1/servers/731da51f-6464-4d85-99a6-b8da27373d3e 0.072s
2025-12-09 02:20:31.846 65520 INFO tempest.lib.common.rest_client [req-f59f13f0-a29f-470c-aac0-f88cd561e31c req-f59f13f0-a29f-470c-aac0-f88cd561e31c ] Request (ServersNegativeTestJSON:setUpClass): 200 GET http://10.180.1.21/compute/v2.1/servers/2bf94c28-086e-439a-81d1-1b96ed71a111 0.062s
2025-12-09 02:20:31.923 65502 INFO tempest.lib.common.rest_client [req-eebce5a0-cdca-4a24-9ac3-384bf3b22fd2 req-eebce5a0-cdca-4a24-9ac3-384bf3b22fd2 ] Request (ListImageFiltersTestJSON:tearDownClass): 200 GET http://10.180.1.21/compute/v2.1/servers/995fdd72-8fa3-422a-8003-972a63181cff 0.060s
2025-12-09 02:20:31.929 65488 WARNING tempest.lib.common.ssh [-] Failed to establish authenticated ssh connection to cirros@10.180.180.246 ([Errno None] Unable to connect to port 22 on 10.180.180.246). Number attempts: 4. Retry after 5 seconds.: paramiko.ssh_exception.NoValidConnectionsError: [Errno None] Unable to connect to port 22 on 10.180.180.246
2025-12-09 02:20:31.930 65502 INFO tempest.common.waiters [-] State transition "ACTIVE/deleting" ==> "DELETED/None" after 4 second wait
2025-12-09 02:20:31.948 65494 INFO tempest.lib.common.rest_client [req-e603e738-6f9e-4305-846d-d9ba6235a963 req-e603e738-6f9e-4305-846d-d9ba6235a963 ] Request (ServersAdminTestJSON:tearDownClass): 200 GET http://10.180.1.21/compute/v2.1/servers/f35d71a4-3c01-443e-b029-a8ad65115790 0.054s
2025-12-09 02:20:31.982 65522 INFO tempest.lib.common.rest_client [req-424ce4ca-8e67-4469-955b-3a9dda3134c5 req-424ce4ca-8e67-4469-955b-3a9dda3134c5 ] Request (MultipleCreateTestJSON:_run_cleanups): 200 GET http://10.180.1.21/compute/v2.1/servers/7d92f5f1-b65a-4875-80ad-6c8dee70206e 0.054s
2025-12-09 02:20:31.997 65516 INFO tempest.lib.common.rest_client [req-06d339db-49cd-4f34-8842-130b68970017 req-06d339db-49cd-4f34-8842-130b68970017 ] Request (ServerActionsTestJSON:setUpClass): 200 GET http://10.180.1.21/compute/v2.1/servers/48a83963-07ff-438e-bc08-28f484f68cd7 0.056s
2025-12-09 02:20:32.040 65478 INFO tempest.lib.common.rest_client [req-f1c79f2f-36eb-4acb-8299-8b555ed286a8 req-f1c79f2f-36eb-4acb-8299-8b555ed286a8 ] Request (ServersTestManualDisk:setUpClass): 200 GET http://10.180.1.21/compute/v2.1/servers/2fa3eb4c-6a89-4d6c-b333-bbf8a9936f03 0.054s
2025-12-09 02:20:32.060 65526 INFO tempest.lib.common.rest_client [req-cf6765c6-b969-4b86-974e-1a347d1ad829 req-cf6765c6-b969-4b86-974e-1a347d1ad829 ] Request (InstanceActionsNegativeTestJSON:tearDownClass): 404 GET http://10.180.1.21/compute/v2.1/servers/5cfd076b-d16d-44bd-8e8d-973dd589fd94 0.023s
2025-12-09 02:20:32.646 65528 INFO tempest.lib.common.rest_client [req-13106301-2fd7-4c60-85b6-e8eb61283d8b req-13106301-2fd7-4c60-85b6-e8eb61283d8b ] Request (MigrationsAdminTest:test_resize_server_revert_deleted_flavor): 200 GET http://10.180.1.21/compute/v2.1/servers/84fa8a69-c674-4878-b4a4-203b2af060af 0.187s
2025-12-09 02:20:32.678 65474 INFO tempest.lib.common.rest_client [req-56c8a3ce-31ee-423c-b4a6-f170e552b47f req-56c8a3ce-31ee-423c-b4a6-f170e552b47f ] Request (ServerDiskConfigTestJSON:test_rebuild_server_with_manual_disk_config): 200 GET http://10.180.1.21/compute/v2.1/servers/cae2a765-fcd2-4c4b-a719-cc5e8ca4a9ce 0.195s
2025-12-09 02:20:32.690 65474 INFO tempest.common.waiters [-] State transition "BUILD/spawning" ==> "ACTIVE/None" after 57 second wait
2025-12-09 02:20:32.724 65484 INFO tempest.lib.common.rest_client [req-8b8b2c0b-a86c-416f-8476-0678cc0d7ab0 req-8b8b2c0b-a86c-416f-8476-0678cc0d7ab0 ] Request (ServerShowV254Test:test_rebuild_server): 200 GET http://10.180.1.21/compute/v2.1/servers/14954c64-80cb-44e1-89b1-519fe83173cd 0.211s
2025-12-09 02:20:32.739 65482 INFO tempest.lib.common.rest_client [req-2aa62284-bf2c-4df6-a47f-4e5c5f876170 req-2aa62284-bf2c-4df6-a47f-4e5c5f876170 ] Request (ImagesTestJSON:test_create_server_from_snapshot): 200 GET http://10.180.1.21/compute/v2.1/servers/9b64ecd5-a926-4a6f-b332-908c82be5f21 0.209s
2025-12-09 02:20:32.795 65480 INFO tempest.lib.common.rest_client [req-d65da6d6-b59a-4c82-87f3-0f42e8be7e7a req-d65da6d6-b59a-4c82-87f3-0f42e8be7e7a ] Request (ServerActionsTestOtherB:setUpClass): 200 GET http://10.180.1.21/compute/v2.1/servers/f53b76d7-adf8-4da2-b8db-af978f422704 0.215s
2025-12-09 02:20:32.818 65514 INFO tempest.lib.common.rest_client [req-e5947eff-003a-4390-a95a-477773d83c17 req-e5947eff-003a-4390-a95a-477773d83c17 ] Request (SecurityGroupsTestJSON:tearDownClass): 200 GET http://10.180.1.21/compute/v2.1/servers/281a5039-82c1-4cec-9e09-fe9e1cf0946e 0.246s
2025-12-09 02:20:32.850 65492 INFO tempest.lib.common.rest_client [req-1c4e1ffd-8ce6-47e5-84b7-f2260ad648b7 req-1c4e1ffd-8ce6-47e5-84b7-f2260ad648b7 ] Request (ListServersNegativeTestJSON:tearDownClass): 200 GET http://10.180.1.21/compute/v2.1/servers/0a086f36-1313-4b0a-9f67-5199e19f501a 0.217s
2025-12-09 02:20:32.886 65472 INFO tempest.lib.common.rest_client [req-2aa20b40-ee31-4ab2-ab2f-656684783480 req-2aa20b40-ee31-4ab2-ab2f-656684783480 ] Request (ServersTestJSON:tearDownClass): 200 GET http://10.180.1.21/compute/v2.1/servers/03511bc6-c067-47ae-a187-d234354a811a 0.229s
2025-12-09 02:20:32.917 65530 INFO tempest.lib.common.rest_client [req-a2ed68d3-85f1-413e-a847-e23f4913f904 req-a2ed68d3-85f1-413e-a847-e23f4913f904 ] Request (ServerRescueNegativeTestJSON:test_rescued_vm_detach_volume): 200 GET http://10.180.1.21/compute/v2.1/servers/95e6ee2b-8319-4117-8248-b6ef767636fe 0.231s
2025-12-09 02:20:32.971 65486 INFO tempest.lib.common.rest_client [req-a17e8b38-db6e-4163-a657-eb063d5543c0 req-a17e8b38-db6e-4163-a657-eb063d5543c0 ] Request (FloatingIPsAssociationTestJSON:tearDownClass): 200 GET http://10.180.1.21/compute/v2.1/servers/b00f9d12-387b-4d5c-af3d-af85311caafe 0.188s
2025-12-09 02:20:32.990 65474 INFO tempest.lib.common.rest_client [req-27e14e7b-2cf9-41ae-bcf8-11a48c5fa9b0 req-27e14e7b-2cf9-41ae-bcf8-11a48c5fa9b0 ] Request (ServerDiskConfigTestJSON:test_rebuild_server_with_manual_disk_config): 200 GET http://10.180.1.21/compute/v2.1/servers/cae2a765-fcd2-4c4b-a719-cc5e8ca4a9ce 0.300s
2025-12-09 02:20:33.042 65520 INFO tempest.lib.common.rest_client [req-3b32e709-d53f-431d-90b8-2e80056f3af1 req-3b32e709-d53f-431d-90b8-2e80056f3af1 ] Request (ServersNegativeTestJSON:setUpClass): 200 GET http://10.180.1.21/compute/v2.1/servers/2bf94c28-086e-439a-81d1-1b96ed71a111 0.188s
2025-12-09 02:20:33.057 65508 INFO tempest.lib.common.rest_client [req-673cd92d-fd54-4825-9641-5f531cb614d6 req-673cd92d-fd54-4825-9641-5f531cb614d6 ] Request (VolumesAssistedSnapshotsTest:tearDownClass): 200 GET http://10.180.1.21/compute/v2.1/servers/731da51f-6464-4d85-99a6-b8da27373d3e 0.204s
2025-12-09 02:20:33.104 65502 INFO tempest.lib.common.rest_client [req-fd0b82a4-724e-4600-8c1c-9c88ccba6c61 req-fd0b82a4-724e-4600-8c1c-9c88ccba6c61 ] Request (ListImageFiltersTestJSON:tearDownClass): 200 GET http://10.180.1.21/compute/v2.1/servers/995fdd72-8fa3-422a-8003-972a63181cff 0.173s
2025-12-09 02:20:33.119 65494 INFO tempest.lib.common.rest_client [req-1bf16206-fe65-4d53-a43e-76dda11f30b1 req-1bf16206-fe65-4d53-a43e-76dda11f30b1 ] Request (ServersAdminTestJSON:tearDownClass): 200 GET http://10.180.1.21/compute/v2.1/servers/f35d71a4-3c01-443e-b029-a8ad65115790 0.162s
2025-12-09 02:20:33.173 65474 INFO tempest.lib.common.rest_client [req-5d7d00e2-a16b-4870-b22f-e1a4ab83f91a req-5d7d00e2-a16b-4870-b22f-e1a4ab83f91a ] Request (ServerDiskConfigTestJSON:test_rebuild_server_with_manual_disk_config): 200 PUT http://10.180.1.21/compute/v2.1/servers/cae2a765-fcd2-4c4b-a719-cc5e8ca4a9ce 0.176s
2025-12-09 02:20:33.175 65522 INFO tempest.lib.common.rest_client [req-11c41847-87e0-4914-aa28-a6cb83ef640b req-11c41847-87e0-4914-aa28-a6cb83ef640b ] Request (MultipleCreateTestJSON:_run_cleanups): 200 GET http://10.180.1.21/compute/v2.1/servers/7d92f5f1-b65a-4875-80ad-6c8dee70206e 0.184s
2025-12-09 02:20:33.200 65526 INFO tempest.lib.common.rest_client [req-80540548-3d8d-4ad8-8f29-9649d61b57d5 req-80540548-3d8d-4ad8-8f29-9649d61b57d5 ] Request (InstanceActionsNegativeTestJSON:tearDownClass): 200 PUT http://10.180.1.21/networking/v2.0/routers/2a199095-efa4-442c-9793-4fbd2b9ce794/remove_router_interface 1.140s
2025-12-09 02:20:33.226 65516 INFO tempest.lib.common.rest_client [req-49c63615-e598-49e8-b2e3-0759bc698b76 req-49c63615-e598-49e8-b2e3-0759bc698b76 ] Request (ServerActionsTestJSON:setUpClass): 200 GET http://10.180.1.21/compute/v2.1/servers/48a83963-07ff-438e-bc08-28f484f68cd7 0.221s
2025-12-09 02:20:33.240 65478 INFO tempest.lib.common.rest_client [req-d67bc9e6-0872-4f28-8518-e48093b9c3a7 req-d67bc9e6-0872-4f28-8518-e48093b9c3a7 ] Request (ServersTestManualDisk:setUpClass): 200 GET http://10.180.1.21/compute/v2.1/servers/2fa3eb4c-6a89-4d6c-b333-bbf8a9936f03 0.191s
2025-12-09 02:20:33.337 65474 INFO tempest.lib.common.rest_client [req-9c9caa6b-464c-4cd4-a042-e96d0eef7830 req-9c9caa6b-464c-4cd4-a042-e96d0eef7830 ] Request (ServerDiskConfigTestJSON:test_rebuild_server_with_manual_disk_config): 200 GET http://10.180.1.21/compute/v2.1/servers/cae2a765-fcd2-4c4b-a719-cc5e8ca4a9ce 0.158s
2025-12-09 02:20:33.449 65474 INFO tempest.lib.common.rest_client [req-0f82c422-c56f-46c2-abf2-c095007f1218 req-0f82c422-c56f-46c2-abf2-c095007f1218 ] Request (ServerDiskConfigTestJSON:test_rebuild_server_with_manual_disk_config): 200 GET http://10.180.1.21/compute/v2.1/servers/cae2a765-fcd2-4c4b-a719-cc5e8ca4a9ce 0.102s
2025-12-09 02:20:33.565 65526 INFO tempest.lib.common.rest_client [req-fb8d47cc-2a98-40b5-84b8-a85029925ca0 req-fb8d47cc-2a98-40b5-84b8-a85029925ca0 ] Request (InstanceActionsNegativeTestJSON:tearDownClass): 204 DELETE http://10.180.1.21/networking/v2.0/routers/2a199095-efa4-442c-9793-4fbd2b9ce794 0.364s
2025-12-09 02:20:33.594 65474 INFO tempest.lib.common.rest_client [req-88997f91-a6cc-48a9-aeb1-ec4bea3517f8 req-88997f91-a6cc-48a9-aeb1-ec4bea3517f8 ] Request (ServerDiskConfigTestJSON:test_rebuild_server_with_manual_disk_config): 202 POST http://10.180.1.21/compute/v2.1/servers/cae2a765-fcd2-4c4b-a719-cc5e8ca4a9ce/action 0.138s
2025-12-09 02:20:33.698 65526 INFO tempest.lib.common.rest_client [req-87f50c9d-5146-408a-8c29-76f6f1873d96 req-87f50c9d-5146-408a-8c29-76f6f1873d96 ] Request (InstanceActionsNegativeTestJSON:tearDownClass): 204 DELETE http://10.180.1.21/networking/v2.0/subnets/4bfce079-28e5-428a-8554-0d90eb1db474 0.133s
2025-12-09 02:20:33.705 65474 INFO tempest.lib.common.rest_client [req-44a6bbc6-d34c-441e-af7a-46ecfc882e0f req-44a6bbc6-d34c-441e-af7a-46ecfc882e0f ] Request (ServerDiskConfigTestJSON:test_rebuild_server_with_manual_disk_config): 200 GET http://10.180.1.21/compute/v2.1/servers/cae2a765-fcd2-4c4b-a719-cc5e8ca4a9ce 0.104s
2025-12-09 02:20:33.767 65528 INFO tempest.lib.common.rest_client [req-b1c7776c-1c08-4313-892e-52e7e90d266e req-b1c7776c-1c08-4313-892e-52e7e90d266e ] Request (MigrationsAdminTest:test_resize_server_revert_deleted_flavor): 200 GET http://10.180.1.21/compute/v2.1/servers/84fa8a69-c674-4878-b4a4-203b2af060af 0.111s
2025-12-09 02:20:33.800 65484 INFO tempest.lib.common.rest_client [req-f516fb2b-da0a-4854-bd73-b48f613f450d req-f516fb2b-da0a-4854-bd73-b48f613f450d ] Request (ServerShowV254Test:test_rebuild_server): 200 GET http://10.180.1.21/compute/v2.1/servers/14954c64-80cb-44e1-89b1-519fe83173cd 0.065s
2025-12-09 02:20:33.824 65482 INFO tempest.lib.common.rest_client [req-6aab648b-3ceb-40e9-aeb4-4e0c72374fc2 req-6aab648b-3ceb-40e9-aeb4-4e0c72374fc2 ] Request (ImagesTestJSON:test_create_server_from_snapshot): 200 GET http://10.180.1.21/compute/v2.1/servers/9b64ecd5-a926-4a6f-b332-908c82be5f21 0.074s
2025-12-09 02:20:33.877 65480 INFO tempest.lib.common.rest_client [req-cb747bb3-a8d6-4481-afdc-6c4c5f26ad65 req-cb747bb3-a8d6-4481-afdc-6c4c5f26ad65 ] Request (ServerActionsTestOtherB:setUpClass): 200 GET http://10.180.1.21/compute/v2.1/servers/f53b76d7-adf8-4da2-b8db-af978f422704 0.065s
2025-12-09 02:20:33.896 65492 INFO tempest.lib.common.rest_client [req-2f622ef0-c531-4298-b395-839689f0c946 req-2f622ef0-c531-4298-b395-839689f0c946 ] Request (ListServersNegativeTestJSON:tearDownClass): 404 GET http://10.180.1.21/compute/v2.1/servers/0a086f36-1313-4b0a-9f67-5199e19f501a 0.035s
2025-12-09 02:20:33.901 65514 INFO tempest.lib.common.rest_client [req-74708254-3d6a-4c10-a13b-c0545f4ff81d req-74708254-3d6a-4c10-a13b-c0545f4ff81d ] Request (SecurityGroupsTestJSON:tearDownClass): 200 GET http://10.180.1.21/compute/v2.1/servers/281a5039-82c1-4cec-9e09-fe9e1cf0946e 0.067s
2025-12-09 02:20:33.971 65526 INFO tempest.lib.common.rest_client [req-5b8002ea-497a-45a3-861f-1123f8200d00 req-5b8002ea-497a-45a3-861f-1123f8200d00 ] Request (InstanceActionsNegativeTestJSON:tearDownClass): 204 DELETE http://10.180.1.21/networking/v2.0/networks/f04058b4-26c0-4488-8148-2bc37cba82f4 0.273s
2025-12-09 02:20:33.996 65472 INFO tempest.lib.common.rest_client [req-79111f5e-5db8-4739-bf1e-f5096040f3b5 req-79111f5e-5db8-4739-bf1e-f5096040f3b5 ] Request (ServersTestJSON:tearDownClass): 200 GET http://10.180.1.21/compute/v2.1/servers/03511bc6-c067-47ae-a187-d234354a811a 0.096s
2025-12-09 02:20:34.018 65530 INFO tempest.lib.common.rest_client [req-53233e6b-9d25-4226-b7b4-846ac07d3c02 req-53233e6b-9d25-4226-b7b4-846ac07d3c02 ] Request (ServerRescueNegativeTestJSON:test_rescued_vm_detach_volume): 200 GET http://10.180.1.21/compute/v2.1/servers/95e6ee2b-8319-4117-8248-b6ef767636fe 0.092s
2025-12-09 02:20:34.068 65486 INFO tempest.lib.common.rest_client [req-20d910c9-26ff-44bb-96d3-f62d9dfda468 req-20d910c9-26ff-44bb-96d3-f62d9dfda468 ] Request (FloatingIPsAssociationTestJSON:tearDownClass): 200 GET http://10.180.1.21/compute/v2.1/servers/b00f9d12-387b-4d5c-af3d-af85311caafe 0.084s
2025-12-09 02:20:34.073 65526 INFO tempest.lib.common.rest_client [req-daa302d3-3520-45ca-858b-bf17402bab77 req-daa302d3-3520-45ca-858b-bf17402bab77 ] Request (InstanceActionsNegativeTestJSON:tearDownClass): 204 DELETE http://10.180.1.21/identity/v3/users/d33b821a6cbe4e19a971805bff09b452 0.101s
2025-12-09 02:20:34.073 65526 INFO tempest.lib.common.dynamic_creds [-] Deleting project and security group for project: 8fe1381210b14ad3a62ce87a63273a52
2025-12-09 02:20:34.121 65526 INFO tempest.lib.common.rest_client [req-5778068d-a23c-41e4-b5e7-492987d33128 req-5778068d-a23c-41e4-b5e7-492987d33128 ] Request (InstanceActionsNegativeTestJSON:tearDownClass): 200 GET http://10.180.1.21/networking/v2.0/security-groups?tenant_id=8fe1381210b14ad3a62ce87a63273a52&name=default 0.048s
2025-12-09 02:20:34.149 65520 INFO tempest.lib.common.rest_client [req-170c2a41-ffc9-4694-906a-9b7d51d6c43a req-170c2a41-ffc9-4694-906a-9b7d51d6c43a ] Request (ServersNegativeTestJSON:setUpClass): 200 GET http://10.180.1.21/compute/v2.1/servers/2bf94c28-086e-439a-81d1-1b96ed71a111 0.098s
2025-12-09 02:20:34.263 65526 INFO tempest.lib.common.rest_client [req-e55ecee6-a923-4a9a-955a-daea0b4312ad req-e55ecee6-a923-4a9a-955a-daea0b4312ad ] Request (InstanceActionsNegativeTestJSON:tearDownClass): 204 DELETE http://10.180.1.21/networking/v2.0/security-groups/9125373b-7375-4872-9f2e-c95f9102b178 0.140s
2025-12-09 02:20:34.298 65508 INFO tempest.lib.common.rest_client [req-45197d51-a95b-4a86-be8a-cb0c450f9729 req-45197d51-a95b-4a86-be8a-cb0c450f9729 ] Request (VolumesAssistedSnapshotsTest:tearDownClass): 200 GET http://10.180.1.21/compute/v2.1/servers/731da51f-6464-4d85-99a6-b8da27373d3e 0.231s
2025-12-09 02:20:34.309 65502 INFO tempest.lib.common.rest_client [req-bcfb4d28-c668-4ed8-874e-47d93142d248 req-bcfb4d28-c668-4ed8-874e-47d93142d248 ] Request (ListImageFiltersTestJSON:tearDownClass): 200 GET http://10.180.1.21/compute/v2.1/servers/995fdd72-8fa3-422a-8003-972a63181cff 0.197s
2025-12-09 02:20:34.383 65522 INFO tempest.lib.common.rest_client [req-1939c0f5-3363-41c6-ace7-06ec83f81452 req-1939c0f5-3363-41c6-ace7-06ec83f81452 ] Request (MultipleCreateTestJSON:_run_cleanups): 200 GET http://10.180.1.21/compute/v2.1/servers/7d92f5f1-b65a-4875-80ad-6c8dee70206e 0.196s
2025-12-09 02:20:34.400 65494 INFO tempest.lib.common.rest_client [req-ba36ec23-eb7a-4a46-955c-e726f3e2bc97 req-ba36ec23-eb7a-4a46-955c-e726f3e2bc97 ] Request (ServersAdminTestJSON:tearDownClass): 200 GET http://10.180.1.21/compute/v2.1/servers/f35d71a4-3c01-443e-b029-a8ad65115790 0.273s
2025-12-09 02:20:34.403 65526 INFO tempest.lib.common.rest_client [req-5dc9a29f-091c-4789-aaf5-6bcf91dfd843 req-5dc9a29f-091c-4789-aaf5-6bcf91dfd843 ] Request (InstanceActionsNegativeTestJSON:tearDownClass): 204 DELETE http://10.180.1.21/identity/v3/projects/8fe1381210b14ad3a62ce87a63273a52 0.140s
2025-12-09 02:20:34.446 65516 INFO tempest.lib.common.rest_client [req-516a692d-d394-41da-943d-7a15dd03a3b2 req-516a692d-d394-41da-943d-7a15dd03a3b2 ] Request (ServerActionsTestJSON:setUpClass): 200 GET http://10.180.1.21/compute/v2.1/servers/48a83963-07ff-438e-bc08-28f484f68cd7 0.212s
2025-12-09 02:20:34.460 65478 INFO tempest.lib.common.rest_client [req-f93955b3-587c-45d9-bcea-6b76acab12ba req-f93955b3-587c-45d9-bcea-6b76acab12ba ] Request (ServersTestManualDisk:setUpClass): 200 GET http://10.180.1.21/compute/v2.1/servers/2fa3eb4c-6a89-4d6c-b333-bbf8a9936f03 0.212s
2025-12-09 02:20:34.755 65492 INFO tempest.lib.common.rest_client [req-3b3111cd-24d1-4fc8-989c-089376f546d5 req-3b3111cd-24d1-4fc8-989c-089376f546d5 ] Request (ListServersNegativeTestJSON:tearDownClass): 200 PUT http://10.180.1.21/networking/v2.0/routers/2682fede-982f-4a1f-80f5-f4cb982bb616/remove_router_interface 0.858s
2025-12-09 02:20:34.818 65474 INFO tempest.lib.common.rest_client [req-c68a5670-198d-4b51-80f4-bd145a3e22a6 req-c68a5670-198d-4b51-80f4-bd145a3e22a6 ] Request (ServerDiskConfigTestJSON:test_rebuild_server_with_manual_disk_config): 200 GET http://10.180.1.21/compute/v2.1/servers/cae2a765-fcd2-4c4b-a719-cc5e8ca4a9ce 0.104s
2025-12-09 02:20:34.890 65484 INFO tempest.lib.common.rest_client [req-ccdf46bf-1e38-4844-9826-05a900266126 req-ccdf46bf-1e38-4844-9826-05a900266126 ] Request (ServerShowV254Test:test_rebuild_server): 200 GET http://10.180.1.21/compute/v2.1/servers/14954c64-80cb-44e1-89b1-519fe83173cd 0.073s
2025-12-09 02:20:34.912 65528 INFO tempest.lib.common.rest_client [req-238a598a-c0c3-4a1b-b498-575773fc85a6 req-238a598a-c0c3-4a1b-b498-575773fc85a6 ] Request (MigrationsAdminTest:test_resize_server_revert_deleted_flavor): 200 GET http://10.180.1.21/compute/v2.1/servers/84fa8a69-c674-4878-b4a4-203b2af060af 0.136s
2025-12-09 02:20:34.920 65528 INFO tempest.common.waiters [-] State transition "RESIZE/resize_migrating" ==> "RESIZE/resize_migrated" after 46 second wait
2025-12-09 02:20:34.954 65482 INFO tempest.lib.common.rest_client [req-4f023af3-087d-4323-af37-6d6d795a82bc req-4f023af3-087d-4323-af37-6d6d795a82bc ] Request (ImagesTestJSON:test_create_server_from_snapshot): 200 GET http://10.180.1.21/compute/v2.1/servers/9b64ecd5-a926-4a6f-b332-908c82be5f21 0.116s
2025-12-09 02:20:34.971 65480 INFO tempest.lib.common.rest_client [req-19efa36b-8680-4de3-a4be-7588c7a9164e req-19efa36b-8680-4de3-a4be-7588c7a9164e ] Request (ServerActionsTestOtherB:setUpClass): 200 GET http://10.180.1.21/compute/v2.1/servers/f53b76d7-adf8-4da2-b8db-af978f422704 0.085s
2025-12-09 02:20:35.023 65514 INFO tempest.lib.common.rest_client [req-f7fb951b-dd04-4ffd-a9ab-abcff34ebbe5 req-f7fb951b-dd04-4ffd-a9ab-abcff34ebbe5 ] Request (SecurityGroupsTestJSON:tearDownClass): 200 GET http://10.180.1.21/compute/v2.1/servers/281a5039-82c1-4cec-9e09-fe9e1cf0946e 0.113s
2025-12-09 02:20:35.077 65472 INFO tempest.lib.common.rest_client [req-43b8b45a-987c-40e9-9f42-ebc46ab33324 req-43b8b45a-987c-40e9-9f42-ebc46ab33324 ] Request (ServersTestJSON:tearDownClass): 200 GET http://10.180.1.21/compute/v2.1/servers/03511bc6-c067-47ae-a187-d234354a811a 0.072s
2025-12-09 02:20:35.101 65530 INFO tempest.lib.common.rest_client [req-ced24f80-adec-4d84-bde0-94654309278c req-ced24f80-adec-4d84-bde0-94654309278c ] Request (ServerRescueNegativeTestJSON:test_rescued_vm_detach_volume): 200 GET http://10.180.1.21/compute/v2.1/servers/95e6ee2b-8319-4117-8248-b6ef767636fe 0.072s
2025-12-09 02:20:35.154 65492 INFO tempest.lib.common.rest_client [req-159cdb88-0a68-4fed-a410-616f5102e52e req-159cdb88-0a68-4fed-a410-616f5102e52e ] Request (ListServersNegativeTestJSON:tearDownClass): 204 DELETE http://10.180.1.21/networking/v2.0/routers/2682fede-982f-4a1f-80f5-f4cb982bb616 0.399s
2025-12-09 02:20:35.173 65486 INFO tempest.lib.common.rest_client [req-3089e243-93b7-49c3-8c66-59959645b075 req-3089e243-93b7-49c3-8c66-59959645b075 ] Request (FloatingIPsAssociationTestJSON:tearDownClass): 200 GET http://10.180.1.21/compute/v2.1/servers/b00f9d12-387b-4d5c-af3d-af85311caafe 0.096s
2025-12-09 02:20:35.225 65520 INFO tempest.lib.common.rest_client [req-de5fe12f-f6ca-4c39-8984-b54fe3c537a1 req-de5fe12f-f6ca-4c39-8984-b54fe3c537a1 ] Request (ServersNegativeTestJSON:setUpClass): 200 GET http://10.180.1.21/compute/v2.1/servers/2bf94c28-086e-439a-81d1-1b96ed71a111 0.065s
2025-12-09 02:20:35.257 65504 WARNING tempest.lib.common.ssh [-] Failed to establish authenticated ssh connection to cirros@10.180.180.203 ([Errno None] Unable to connect to port 22 on 10.180.180.203). Number attempts: 9. Retry after 10 seconds.: paramiko.ssh_exception.NoValidConnectionsError: [Errno None] Unable to connect to port 22 on 10.180.180.203
2025-12-09 02:20:35.299 65492 INFO tempest.lib.common.rest_client [req-e73f4d56-99e9-404a-895c-c00ff31322ac req-e73f4d56-99e9-404a-895c-c00ff31322ac ] Request (ListServersNegativeTestJSON:tearDownClass): 204 DELETE http://10.180.1.21/networking/v2.0/subnets/b1cabb16-d934-4df0-9f2d-3143836f6271 0.145s
2025-12-09 02:20:35.322 65498 WARNING tempest.lib.common.ssh [-] Failed to establish authenticated ssh connection to cirros@10.180.180.183 ([Errno None] Unable to connect to port 22 on 10.180.180.183). Number attempts: 3. Retry after 4 seconds.: paramiko.ssh_exception.NoValidConnectionsError: [Errno None] Unable to connect to port 22 on 10.180.180.183
2025-12-09 02:20:35.434 65502 INFO tempest.lib.common.rest_client [req-5daeca96-b80d-4bec-9118-ae4788cac798 req-5daeca96-b80d-4bec-9118-ae4788cac798 ] Request (ListImageFiltersTestJSON:tearDownClass): 200 GET http://10.180.1.21/compute/v2.1/servers/995fdd72-8fa3-422a-8003-972a63181cff 0.112s
2025-12-09 02:20:35.437 65508 INFO tempest.lib.common.rest_client [req-c92efb3f-f7e0-4654-a0bb-577ecd45c1dc req-c92efb3f-f7e0-4654-a0bb-577ecd45c1dc ] Request (VolumesAssistedSnapshotsTest:tearDownClass): 200 GET http://10.180.1.21/compute/v2.1/servers/731da51f-6464-4d85-99a6-b8da27373d3e 0.130s
2025-12-09 02:20:35.503 65522 INFO tempest.lib.common.rest_client [req-9acd68ae-1ff7-4e0d-8ead-3fe6d0fb8da8 req-9acd68ae-1ff7-4e0d-8ead-3fe6d0fb8da8 ] Request (MultipleCreateTestJSON:_run_cleanups): 200 GET http://10.180.1.21/compute/v2.1/servers/7d92f5f1-b65a-4875-80ad-6c8dee70206e 0.110s
2025-12-09 02:20:35.517 65494 INFO tempest.lib.common.rest_client [req-26aee7cf-28ed-4c1d-9262-3aa64d567367 req-26aee7cf-28ed-4c1d-9262-3aa64d567367 ] Request (ServersAdminTestJSON:tearDownClass): 200 GET http://10.180.1.21/compute/v2.1/servers/f35d71a4-3c01-443e-b029-a8ad65115790 0.105s
2025-12-09 02:20:35.556 65516 INFO tempest.lib.common.rest_client [req-f3860ecb-1924-4814-aa75-d2fbb1858fa3 req-f3860ecb-1924-4814-aa75-d2fbb1858fa3 ] Request (ServerActionsTestJSON:setUpClass): 200 GET http://10.180.1.21/compute/v2.1/servers/48a83963-07ff-438e-bc08-28f484f68cd7 0.101s
2025-12-09 02:20:35.566 65492 INFO tempest.lib.common.rest_client [req-cab31204-e17b-4f2b-9c10-f714bff729dc req-cab31204-e17b-4f2b-9c10-f714bff729dc ] Request (ListServersNegativeTestJSON:tearDownClass): 204 DELETE http://10.180.1.21/networking/v2.0/networks/13ccbf29-45b6-4d0c-a320-af8e317c799b 0.267s
2025-12-09 02:20:35.571 65478 INFO tempest.lib.common.rest_client [req-2392f289-b5ad-4a6d-8a46-44bc1266216c req-2392f289-b5ad-4a6d-8a46-44bc1266216c ] Request (ServersTestManualDisk:setUpClass): 200 GET http://10.180.1.21/compute/v2.1/servers/2fa3eb4c-6a89-4d6c-b333-bbf8a9936f03 0.100s
2025-12-09 02:20:35.667 65492 INFO tempest.lib.common.rest_client [req-8461d4d1-e7bf-405e-8643-fe14d8a764d8 req-8461d4d1-e7bf-405e-8643-fe14d8a764d8 ] Request (ListServersNegativeTestJSON:tearDownClass): 204 DELETE http://10.180.1.21/identity/v3/users/414eb081a313431eb166c48683d962f5 0.100s
2025-12-09 02:20:35.667 65492 INFO tempest.lib.common.dynamic_creds [-] Deleting project and security group for project: 8fa10c65b8e04143a1e43c697c1c17f3
2025-12-09 02:20:35.695 65492 INFO tempest.lib.common.rest_client [req-cdd99ef0-25f6-48e8-bf27-740fb106d886 req-cdd99ef0-25f6-48e8-bf27-740fb106d886 ] Request (ListServersNegativeTestJSON:tearDownClass): 200 GET http://10.180.1.21/networking/v2.0/security-groups?tenant_id=8fa10c65b8e04143a1e43c697c1c17f3&name=default 0.027s
2025-12-09 02:20:35.769 65518 WARNING tempest.lib.common.ssh [-] Failed to establish authenticated ssh connection to cirros@10.180.180.172 ([Errno None] Unable to connect to port 22 on 10.180.180.172). Number attempts: 7. Retry after 8 seconds.: paramiko.ssh_exception.NoValidConnectionsError: [Errno None] Unable to connect to port 22 on 10.180.180.172
2025-12-09 02:20:35.801 65492 INFO tempest.lib.common.rest_client [req-d0f794b9-46b7-470d-98f1-d6559f971be5 req-d0f794b9-46b7-470d-98f1-d6559f971be5 ] Request (ListServersNegativeTestJSON:tearDownClass): 204 DELETE http://10.180.1.21/networking/v2.0/security-groups/75e345bd-70c9-42fe-b74a-676b7bf1ce7f 0.106s
2025-12-09 02:20:35.893 65492 INFO tempest.lib.common.rest_client [req-429896cc-989f-4102-8de3-4f6815a576c7 req-429896cc-989f-4102-8de3-4f6815a576c7 ] Request (ListServersNegativeTestJSON:tearDownClass): 204 DELETE http://10.180.1.21/identity/v3/projects/8fa10c65b8e04143a1e43c697c1c17f3 0.092s
2025-12-09 02:20:35.957 65484 INFO tempest.lib.common.rest_client [req-66c86781-6380-4379-9c48-ba811fe7f733 req-66c86781-6380-4379-9c48-ba811fe7f733 ] Request (ServerShowV254Test:test_rebuild_server): 200 GET http://10.180.1.21/compute/v2.1/servers/14954c64-80cb-44e1-89b1-519fe83173cd 0.055s
2025-12-09 02:20:35.965 65492 INFO tempest.lib.common.rest_client [req-c3484504-befb-42a0-add2-dba707fcbca0 req-c3484504-befb-42a0-add2-dba707fcbca0 ] Request (ServersNegativeTestMultiTenantJSON:setUpClass): 201 POST http://10.180.1.21/identity/v3/auth/tokens 0.069s
2025-12-09 02:20:35.967 65474 INFO tempest.lib.common.rest_client [req-ed6792c4-12e6-4cd1-88c3-a950e9b1fe95 req-ed6792c4-12e6-4cd1-88c3-a950e9b1fe95 ] Request (ServerDiskConfigTestJSON:test_rebuild_server_with_manual_disk_config): 200 GET http://10.180.1.21/compute/v2.1/servers/cae2a765-fcd2-4c4b-a719-cc5e8ca4a9ce 0.140s
2025-12-09 02:20:36.003 65492 INFO tempest.lib.common.rest_client [req-39882a67-5e5e-4d53-a14c-b3843f4321fc req-39882a67-5e5e-4d53-a14c-b3843f4321fc ] Request (ServersNegativeTestMultiTenantJSON:setUpClass): 201 POST http://10.180.1.21/identity/v3/auth/tokens 0.036s
2025-12-09 02:20:36.036 65482 INFO tempest.lib.common.rest_client [req-211bd42c-b711-4f64-8b87-2b815334d61b req-211bd42c-b711-4f64-8b87-2b815334d61b ] Request (ImagesTestJSON:test_create_server_from_snapshot): 200 GET http://10.180.1.21/compute/v2.1/servers/9b64ecd5-a926-4a6f-b332-908c82be5f21 0.071s
2025-12-09 02:20:36.037 65492 INFO tempest.lib.common.rest_client [req-c3f93266-b4b2-4648-9ced-89cf3541f06f req-c3f93266-b4b2-4648-9ced-89cf3541f06f ] Request (ServersNegativeTestMultiTenantJSON:setUpClass): 200 GET http://10.180.1.21/identity/v3/domains?name=Default 0.033s
2025-12-09 02:20:36.068 65528 INFO tempest.lib.common.rest_client [req-57989ed3-239e-43fa-b09e-619718c376d0 req-57989ed3-239e-43fa-b09e-619718c376d0 ] Request (MigrationsAdminTest:test_resize_server_revert_deleted_flavor): 200 GET http://10.180.1.21/compute/v2.1/servers/84fa8a69-c674-4878-b4a4-203b2af060af 0.148s
2025-12-09 02:20:36.076 65492 INFO tempest.lib.common.rest_client [req-3a2e1f07-ea3a-4096-a1ed-88b2d76384de req-3a2e1f07-ea3a-4096-a1ed-88b2d76384de ] Request (ServersNegativeTestMultiTenantJSON:setUpClass): 201 POST http://10.180.1.21/identity/v3/projects 0.037s
2025-12-09 02:20:36.106 65480 INFO tempest.lib.common.rest_client [req-b1861341-4438-4575-9545-a46ab7620e21 req-b1861341-4438-4575-9545-a46ab7620e21 ] Request (ServerActionsTestOtherB:setUpClass): 200 GET http://10.180.1.21/compute/v2.1/servers/f53b76d7-adf8-4da2-b8db-af978f422704 0.127s
2025-12-09 02:20:36.135 65472 INFO tempest.lib.common.rest_client [req-12b081f8-4462-4361-8920-eaf941cbd03e req-12b081f8-4462-4361-8920-eaf941cbd03e ] Request (ServersTestJSON:tearDownClass): 404 GET http://10.180.1.21/compute/v2.1/servers/03511bc6-c067-47ae-a187-d234354a811a 0.050s
2025-12-09 02:20:36.171 65514 INFO tempest.lib.common.rest_client [req-d98a0e67-36f3-4868-a531-fde79964cf3e req-d98a0e67-36f3-4868-a531-fde79964cf3e ] Request (SecurityGroupsTestJSON:tearDownClass): 200 GET http://10.180.1.21/compute/v2.1/servers/281a5039-82c1-4cec-9e09-fe9e1cf0946e 0.140s
2025-12-09 02:20:36.199 65472 INFO tempest.lib.common.rest_client [req-86e7a62d-b1a3-4116-ad94-c34f921e15be req-86e7a62d-b1a3-4116-ad94-c34f921e15be ] Request (ServersTestJSON:tearDownClass): 202 DELETE http://10.180.1.21/compute/v2.1/os-keypairs/tempest-keypair-1712923791 0.063s
2025-12-09 02:20:36.209 65492 INFO tempest.lib.common.rest_client [req-0ded25d1-4323-4b27-91cc-3580a9fb916e req-0ded25d1-4323-4b27-91cc-3580a9fb916e ] Request (ServersNegativeTestMultiTenantJSON:setUpClass): 201 POST http://10.180.1.21/identity/v3/users 0.132s
2025-12-09 02:20:36.216 65530 INFO tempest.lib.common.rest_client [req-7da90ef9-bc03-4a93-888d-28af6f216efd req-7da90ef9-bc03-4a93-888d-28af6f216efd ] Request (ServerRescueNegativeTestJSON:test_rescued_vm_detach_volume): 200 GET http://10.180.1.21/compute/v2.1/servers/95e6ee2b-8319-4117-8248-b6ef767636fe 0.102s
