2025-12-09 02:20:53.411 65516 INFO tempest.common.waiters [-] State transition "BUILD/spawning" ==> "ACTIVE/None" after 51 second wait
2025-12-09 02:20:53.454 65492 INFO tempest.lib.common.rest_client [req-23b28df7-0b93-4262-89a3-2f8ca9d1bd30 req-23b28df7-0b93-4262-89a3-2f8ca9d1bd30 ] Request (ServersNegativeTestMultiTenantJSON:setUpClass): 200 GET http://10.180.1.21/compute/v2.1/servers/ea64f27f-6f2f-4934-a62b-d4c0ffcab129 0.165s
2025-12-09 02:20:53.526 65524 INFO tempest.lib.common.rest_client [req-8abe7ebe-4a5d-41fd-b239-2e62969f8d6d req-8abe7ebe-4a5d-41fd-b239-2e62969f8d6d ] Request (AttachInterfacesTestJSON:test_create_list_show_delete_interfaces_by_fixed_ip): 200 GET http://10.180.1.21/compute/v2.1/servers/1e295a00-2372-4f8b-b1da-1265ae1e821f/os-interface 0.195s
2025-12-09 02:20:53.585 65472 INFO tempest.lib.common.rest_client [req-a60c36eb-e204-4f1f-83ba-115f5df78056 req-a60c36eb-e204-4f1f-83ba-115f5df78056 ] Request (ServersAaction247Test:test_create_backup): 200 GET http://10.180.1.21/compute/v2.1/servers/c924e208-c291-4064-93d0-333c7a3766e7 0.203s
2025-12-09 02:20:53.626 65486 INFO tempest.lib.common.rest_client [req-850a6fe9-67ed-47d6-b3d9-03edfc0c1206 req-850a6fe9-67ed-47d6-b3d9-03edfc0c1206 ] Request (ServerGroupTestJSON:test_create_server_with_scheduler_hint_group): 202 POST http://10.180.1.21/compute/v2.1/servers 0.415s
2025-12-09 02:20:53.659 65516 INFO tempest.lib.common.rest_client [req-5a161eac-42fb-4ea0-b42b-626fb390cf30 req-5a161eac-42fb-4ea0-b42b-626fb390cf30 ] Request (ServerActionsTestJSON:setUpClass): 200 GET http://10.180.1.21/compute/v2.1/servers/48a83963-07ff-438e-bc08-28f484f68cd7/os-interface 0.248s
2025-12-09 02:20:53.684 65530 INFO tempest.lib.common.rest_client [req-13235038-ad0c-4657-8a40-e2b9747acb4a req-13235038-ad0c-4657-8a40-e2b9747acb4a ] Request (ServerRescueNegativeTestJSON:test_rescued_vm_detach_volume): 200 GET http://10.180.1.21/compute/v2.1/servers/95e6ee2b-8319-4117-8248-b6ef767636fe 0.223s
2025-12-09 02:20:53.759 65514 INFO tempest.lib.common.rest_client [req-b3d581e6-6b28-4ef0-9bd1-007f4b7d1644 req-b3d581e6-6b28-4ef0-9bd1-007f4b7d1644 ] Request (SecurityGroupsTestJSON:tearDownClass): 200 GET http://10.180.1.21/compute/v2.1/servers/281a5039-82c1-4cec-9e09-fe9e1cf0946e 0.222s
2025-12-09 02:20:53.789 65480 INFO tempest.lib.common.rest_client [req-c446f273-8873-4b53-b526-38127aa5b1a9 req-c446f273-8873-4b53-b526-38127aa5b1a9 ] Request (ServerActionsTestOtherB:setUpClass): 200 GET http://10.180.1.21/compute/v2.1/servers/f53b76d7-adf8-4da2-b8db-af978f422704 0.299s
2025-12-09 02:20:53.835 65486 INFO tempest.lib.common.rest_client [req-9ff1903f-0453-4480-9dc3-a6f13e7c2aa1 req-9ff1903f-0453-4480-9dc3-a6f13e7c2aa1 ] Request (ServerGroupTestJSON:test_create_server_with_scheduler_hint_group): 200 GET http://10.180.1.21/compute/v2.1/servers/db5ee29a-9f03-49f3-97ed-e74cd7c11835 0.207s
2025-12-09 02:20:53.850 65508 INFO tempest.lib.common.rest_client [req-90be88fd-5d96-4005-bba0-3a40576df9bd req-90be88fd-5d96-4005-bba0-3a40576df9bd ] Request (VolumesAssistedSnapshotsTest:tearDownClass): 200 GET http://10.180.1.21/compute/v2.1/servers/731da51f-6464-4d85-99a6-b8da27373d3e 0.295s
2025-12-09 02:20:53.938 65502 INFO tempest.lib.common.rest_client [req-d3e7183d-7e4e-43a0-a96e-dc3220f47f0c req-d3e7183d-7e4e-43a0-a96e-dc3220f47f0c ] Request (ListImageFiltersTestJSON:tearDownClass): 200 GET http://10.180.1.21/compute/v2.1/servers/995fdd72-8fa3-422a-8003-972a63181cff 0.062s
2025-12-09 02:20:54.026 65522 INFO tempest.lib.common.rest_client [req-72846a05-257d-4fc2-9b65-7019622239ce req-72846a05-257d-4fc2-9b65-7019622239ce ] Request (MultipleCreateTestJSON:_run_cleanups): 200 GET http://10.180.1.21/compute/v2.1/servers/7d92f5f1-b65a-4875-80ad-6c8dee70206e 0.081s
2025-12-09 02:20:54.102 65528 INFO tempest.lib.common.rest_client [req-f133071c-927e-4e01-96c5-a5acccd37193 req-f133071c-927e-4e01-96c5-a5acccd37193 ] Request (MigrationsAdminTest:test_resize_server_revert_deleted_flavor): 200 GET http://10.180.1.21/compute/v2.1/servers/84fa8a69-c674-4878-b4a4-203b2af060af 0.133s
2025-12-09 02:20:54.117 65494 INFO tempest.lib.common.rest_client [req-e8f27e73-bd8e-4e2e-a614-900abf84c8d9 req-e8f27e73-bd8e-4e2e-a614-900abf84c8d9 ] Request (ServersAdminTestJSON:tearDownClass): 200 GET http://10.180.1.21/compute/v2.1/servers/f35d71a4-3c01-443e-b029-a8ad65115790 0.097s
2025-12-09 02:20:54.188 65520 INFO tempest.lib.common.rest_client [req-7255ab28-0eb8-4970-9891-a7c9a9d1740c req-7255ab28-0eb8-4970-9891-a7c9a9d1740c ] Request (ServersNegativeTestJSON:setUpClass): 200 GET http://10.180.1.21/compute/v2.1/servers/2bf94c28-086e-439a-81d1-1b96ed71a111 0.160s
2025-12-09 02:20:54.203 65478 INFO tempest.lib.common.rest_client [req-efa847fa-66f9-4404-be84-bb7ab05831af req-efa847fa-66f9-4404-be84-bb7ab05831af ] Request (ServersTestManualDisk:setUpClass): 200 GET http://10.180.1.21/compute/v2.1/servers/2fa3eb4c-6a89-4d6c-b333-bbf8a9936f03 0.126s
2025-12-09 02:20:54.258 65516 INFO tempest.lib.common.rest_client [req-cb6ea342-b501-4b7c-8f11-9939562d7543 req-cb6ea342-b501-4b7c-8f11-9939562d7543 ] Request (ServerActionsTestJSON:setUpClass): 200 PUT http://10.180.1.21/networking/v2.0/floatingips/6b9b0aee-3a2b-4ebf-a75b-5c3bd8ef7d71 0.597s
2025-12-09 02:20:54.259 65516 INFO tempest.lib.common.ssh [-] Creating ssh connection to '10.180.180.160:22' as 'cirros' with public key authentication
2025-12-09 02:20:54.261 65474 INFO tempest.lib.common.rest_client [req-a02e9c84-d707-47bb-8612-e1254adc5ec2 req-a02e9c84-d707-47bb-8612-e1254adc5ec2 ] Request (ServerDiskConfigTestJSON:test_resize_server_from_auto_to_manual): 200 GET http://10.180.1.21/compute/v2.1/servers/e818b03e-f7ef-4f57-b8aa-74090d622ba4 0.121s
2025-12-09 02:20:54.283 65482 INFO tempest.lib.common.rest_client [req-8860abf1-3b22-487f-9afc-60b761eb1043 req-8860abf1-3b22-487f-9afc-60b761eb1043 ] Request (ImagesTestJSON:test_create_server_from_snapshot): 200 GET http://10.180.1.21/compute/v2.1/servers/9b64ecd5-a926-4a6f-b332-908c82be5f21 0.111s
2025-12-09 02:20:54.359 65484 INFO tempest.lib.common.rest_client [req-ce3ca0ca-c610-4ae1-ae54-eeddd34ae80d req-ce3ca0ca-c610-4ae1-ae54-eeddd34ae80d ] Request (ServerShowV254Test:tearDownClass): 200 GET http://10.180.1.21/compute/v2.1/servers/14954c64-80cb-44e1-89b1-519fe83173cd 0.068s
2025-12-09 02:20:54.514 65492 INFO tempest.lib.common.rest_client [req-fb4de3c8-afd0-4d0d-8dd0-6fc738394c29 req-fb4de3c8-afd0-4d0d-8dd0-6fc738394c29 ] Request (ServersNegativeTestMultiTenantJSON:setUpClass): 200 GET http://10.180.1.21/compute/v2.1/servers/ea64f27f-6f2f-4934-a62b-d4c0ffcab129 0.052s
2025-12-09 02:20:54.600 65524 INFO tempest.lib.common.rest_client [req-f27bd956-d61d-48f1-bd44-f0f912051410 req-f27bd956-d61d-48f1-bd44-f0f912051410 ] Request (AttachInterfacesTestJSON:test_create_list_show_delete_interfaces_by_fixed_ip): 200 GET http://10.180.1.21/compute/v2.1/servers/1e295a00-2372-4f8b-b1da-1265ae1e821f/os-interface 0.071s
2025-12-09 02:20:54.648 65472 INFO tempest.lib.common.rest_client [req-2523f541-7e7a-484b-a210-65806c1ec8c9 req-2523f541-7e7a-484b-a210-65806c1ec8c9 ] Request (ServersAaction247Test:test_create_backup): 200 GET http://10.180.1.21/compute/v2.1/servers/c924e208-c291-4064-93d0-333c7a3766e7 0.053s
2025-12-09 02:20:54.742 65530 INFO tempest.lib.common.rest_client [req-dcfe47e6-a2dd-41b2-9c79-92f87c21efa6 req-dcfe47e6-a2dd-41b2-9c79-92f87c21efa6 ] Request (ServerRescueNegativeTestJSON:test_rescued_vm_detach_volume): 200 GET http://10.180.1.21/compute/v2.1/servers/95e6ee2b-8319-4117-8248-b6ef767636fe 0.049s
2025-12-09 02:20:54.839 65514 INFO tempest.lib.common.rest_client [req-58d94c0c-bf5c-404d-a160-77b49c5f42ab req-58d94c0c-bf5c-404d-a160-77b49c5f42ab ] Request (SecurityGroupsTestJSON:tearDownClass): 200 GET http://10.180.1.21/compute/v2.1/servers/281a5039-82c1-4cec-9e09-fe9e1cf0946e 0.069s
2025-12-09 02:20:54.905 65480 INFO tempest.lib.common.rest_client [req-84099101-5f84-43f8-8095-d4e19b70e109 req-84099101-5f84-43f8-8095-d4e19b70e109 ] Request (ServerActionsTestOtherB:setUpClass): 200 GET http://10.180.1.21/compute/v2.1/servers/f53b76d7-adf8-4da2-b8db-af978f422704 0.106s
2025-12-09 02:20:54.925 65486 INFO tempest.lib.common.rest_client [req-f4314c08-e868-40b4-aa5b-eceed6b12fe0 req-f4314c08-e868-40b4-aa5b-eceed6b12fe0 ] Request (ServerGroupTestJSON:test_create_server_with_scheduler_hint_group): 200 GET http://10.180.1.21/compute/v2.1/servers/db5ee29a-9f03-49f3-97ed-e74cd7c11835 0.081s
2025-12-09 02:20:54.985 65508 INFO tempest.lib.common.rest_client [req-09e2c12b-2673-4586-bc0f-ced9199dfa45 req-09e2c12b-2673-4586-bc0f-ced9199dfa45 ] Request (VolumesAssistedSnapshotsTest:tearDownClass): 200 GET http://10.180.1.21/compute/v2.1/servers/731da51f-6464-4d85-99a6-b8da27373d3e 0.125s
2025-12-09 02:20:55.017 65502 INFO tempest.lib.common.rest_client [req-a32c0bf6-7267-4a8b-9086-cab0bdc097d0 req-a32c0bf6-7267-4a8b-9086-cab0bdc097d0 ] Request (ListImageFiltersTestJSON:tearDownClass): 200 GET http://10.180.1.21/compute/v2.1/servers/995fdd72-8fa3-422a-8003-972a63181cff 0.072s
2025-12-09 02:20:55.119 65522 INFO tempest.lib.common.rest_client [req-c082486e-1a17-49a6-85e8-b551650ece54 req-c082486e-1a17-49a6-85e8-b551650ece54 ] Request (MultipleCreateTestJSON:_run_cleanups): 200 GET http://10.180.1.21/compute/v2.1/servers/7d92f5f1-b65a-4875-80ad-6c8dee70206e 0.080s
2025-12-09 02:20:55.203 65494 INFO tempest.lib.common.rest_client [req-d74242ef-b341-43bb-8125-dfca27dc66a8 req-d74242ef-b341-43bb-8125-dfca27dc66a8 ] Request (ServersAdminTestJSON:tearDownClass): 200 GET http://10.180.1.21/compute/v2.1/servers/f35d71a4-3c01-443e-b029-a8ad65115790 0.074s
2025-12-09 02:20:55.269 65520 INFO tempest.lib.common.rest_client [req-5403165b-6b87-4711-aa9c-c6b02bdbe8ea req-5403165b-6b87-4711-aa9c-c6b02bdbe8ea ] Request (ServersNegativeTestJSON:setUpClass): 200 GET http://10.180.1.21/compute/v2.1/servers/2bf94c28-086e-439a-81d1-1b96ed71a111 0.066s
2025-12-09 02:20:55.272 65528 INFO tempest.lib.common.rest_client [req-88ad2f41-12f3-4fe6-94d3-b793df3a9e79 req-88ad2f41-12f3-4fe6-94d3-b793df3a9e79 ] Request (MigrationsAdminTest:test_resize_server_revert_deleted_flavor): 200 GET http://10.180.1.21/compute/v2.1/servers/84fa8a69-c674-4878-b4a4-203b2af060af 0.158s
2025-12-09 02:20:55.325 65474 INFO tempest.lib.common.rest_client [req-bb675bf3-1f0d-4856-9054-dfc939f7eaf3 req-bb675bf3-1f0d-4856-9054-dfc939f7eaf3 ] Request (ServerDiskConfigTestJSON:test_resize_server_from_auto_to_manual): 200 GET http://10.180.1.21/compute/v2.1/servers/e818b03e-f7ef-4f57-b8aa-74090d622ba4 0.055s
2025-12-09 02:20:55.328 65478 INFO tempest.lib.common.rest_client [req-8273e470-caf5-47cb-adca-6bf60c2cd138 req-8273e470-caf5-47cb-adca-6bf60c2cd138 ] Request (ServersTestManualDisk:setUpClass): 200 GET http://10.180.1.21/compute/v2.1/servers/2fa3eb4c-6a89-4d6c-b333-bbf8a9936f03 0.113s
2025-12-09 02:20:55.374 65482 INFO tempest.lib.common.rest_client [req-32f4ded0-f53b-49f4-9fb7-e3dcc0428c51 req-32f4ded0-f53b-49f4-9fb7-e3dcc0428c51 ] Request (ImagesTestJSON:test_create_server_from_snapshot): 200 GET http://10.180.1.21/compute/v2.1/servers/9b64ecd5-a926-4a6f-b332-908c82be5f21 0.082s
2025-12-09 02:20:55.434 65484 INFO tempest.lib.common.rest_client [req-9cd4b36c-aacb-4b67-8c81-2e3b358a3a69 req-9cd4b36c-aacb-4b67-8c81-2e3b358a3a69 ] Request (ServerShowV254Test:tearDownClass): 200 GET http://10.180.1.21/compute/v2.1/servers/14954c64-80cb-44e1-89b1-519fe83173cd 0.064s
2025-12-09 02:20:55.575 65492 INFO tempest.lib.common.rest_client [req-a1452d80-6681-464f-9289-76a2ed207ac6 req-a1452d80-6681-464f-9289-76a2ed207ac6 ] Request (ServersNegativeTestMultiTenantJSON:setUpClass): 200 GET http://10.180.1.21/compute/v2.1/servers/ea64f27f-6f2f-4934-a62b-d4c0ffcab129 0.052s
2025-12-09 02:20:55.699 65524 INFO tempest.lib.common.rest_client [req-25ca61f6-e176-4cc5-9927-343cfd81b479 req-25ca61f6-e176-4cc5-9927-343cfd81b479 ] Request (AttachInterfacesTestJSON:test_create_list_show_delete_interfaces_by_fixed_ip): 200 GET http://10.180.1.21/compute/v2.1/servers/1e295a00-2372-4f8b-b1da-1265ae1e821f/os-interface 0.096s
2025-12-09 02:20:55.710 65472 INFO tempest.lib.common.rest_client [req-51e4bd5e-9841-45b1-99d9-71e61e32fb43 req-51e4bd5e-9841-45b1-99d9-71e61e32fb43 ] Request (ServersAaction247Test:test_create_backup): 200 GET http://10.180.1.21/compute/v2.1/servers/c924e208-c291-4064-93d0-333c7a3766e7 0.052s
2025-12-09 02:20:55.799 65530 INFO tempest.lib.common.rest_client [req-8dd65f38-7a57-471c-95d0-6d898e6aa957 req-8dd65f38-7a57-471c-95d0-6d898e6aa957 ] Request (ServerRescueNegativeTestJSON:test_rescued_vm_detach_volume): 200 GET http://10.180.1.21/compute/v2.1/servers/95e6ee2b-8319-4117-8248-b6ef767636fe 0.050s
2025-12-09 02:20:55.903 65514 INFO tempest.lib.common.rest_client [req-7813d1f0-37f8-4c24-8145-8c53b765fa28 req-7813d1f0-37f8-4c24-8145-8c53b765fa28 ] Request (SecurityGroupsTestJSON:tearDownClass): 200 GET http://10.180.1.21/compute/v2.1/servers/281a5039-82c1-4cec-9e09-fe9e1cf0946e 0.056s
2025-12-09 02:20:55.998 65486 INFO tempest.lib.common.rest_client [req-de2d6b87-557e-458b-aab0-557728f7fa10 req-de2d6b87-557e-458b-aab0-557728f7fa10 ] Request (ServerGroupTestJSON:test_create_server_with_scheduler_hint_group): 200 GET http://10.180.1.21/compute/v2.1/servers/db5ee29a-9f03-49f3-97ed-e74cd7c11835 0.064s
2025-12-09 02:20:56.005 65486 INFO tempest.common.waiters [-] State transition "BUILD/scheduling" ==> "BUILD/None" after 3 second wait
2025-12-09 02:20:56.027 65480 INFO tempest.lib.common.rest_client [req-98be95fd-3364-4e59-8b52-df4c7d1a0006 req-98be95fd-3364-4e59-8b52-df4c7d1a0006 ] Request (ServerActionsTestOtherB:setUpClass): 200 GET http://10.180.1.21/compute/v2.1/servers/f53b76d7-adf8-4da2-b8db-af978f422704 0.111s
2025-12-09 02:20:56.035 65480 INFO tempest.common.waiters [-] State transition "BUILD/spawning" ==> "ACTIVE/None" after 51 second wait
2025-12-09 02:20:56.069 65508 INFO tempest.lib.common.rest_client [req-f83bcf59-29b7-49ca-9ce0-096d1b9f000e req-f83bcf59-29b7-49ca-9ce0-096d1b9f000e ] Request (VolumesAssistedSnapshotsTest:tearDownClass): 200 GET http://10.180.1.21/compute/v2.1/servers/731da51f-6464-4d85-99a6-b8da27373d3e 0.076s
2025-12-09 02:20:56.089 65502 INFO tempest.lib.common.rest_client [req-9ca9b081-c033-4cfa-a9c8-4320c24ecb85 req-9ca9b081-c033-4cfa-a9c8-4320c24ecb85 ] Request (ListImageFiltersTestJSON:tearDownClass): 200 GET http://10.180.1.21/compute/v2.1/servers/995fdd72-8fa3-422a-8003-972a63181cff 0.061s
2025-12-09 02:20:56.144 65480 INFO tempest.lib.common.rest_client [req-51c1aaa8-f1e5-40f4-9a71-766ee2c79ec3 req-51c1aaa8-f1e5-40f4-9a71-766ee2c79ec3 ] Request (ServerActionsTestOtherB:setUpClass): 200 GET http://10.180.1.21/compute/v2.1/servers/f53b76d7-adf8-4da2-b8db-af978f422704/os-interface 0.109s
2025-12-09 02:20:56.195 65522 INFO tempest.lib.common.rest_client [req-69cc8cf7-59d7-4542-88a0-ca2fac76cac3 req-69cc8cf7-59d7-4542-88a0-ca2fac76cac3 ] Request (MultipleCreateTestJSON:_run_cleanups): 200 GET http://10.180.1.21/compute/v2.1/servers/7d92f5f1-b65a-4875-80ad-6c8dee70206e 0.066s
2025-12-09 02:20:56.276 65494 INFO tempest.lib.common.rest_client [req-0643eb91-736b-4f13-ad41-bc1da600b10f req-0643eb91-736b-4f13-ad41-bc1da600b10f ] Request (ServersAdminTestJSON:tearDownClass): 200 GET http://10.180.1.21/compute/v2.1/servers/f35d71a4-3c01-443e-b029-a8ad65115790 0.065s
2025-12-09 02:20:56.632 65480 INFO tempest.lib.common.rest_client [req-6198c594-af48-4c02-ae9b-a4bad50aa6af req-6198c594-af48-4c02-ae9b-a4bad50aa6af ] Request (ServerActionsTestOtherB:setUpClass): 200 PUT http://10.180.1.21/networking/v2.0/floatingips/bb2c91d4-480b-4b56-bb5c-ca426e7af03c 0.485s
2025-12-09 02:20:56.633 65480 INFO tempest.lib.common.ssh [-] Creating ssh connection to '10.180.180.198:22' as 'cirros' with public key authentication
2025-12-09 02:20:56.649 65520 INFO tempest.lib.common.rest_client [req-b5ee2f8e-a189-4031-ab3c-f9bc2faf0f68 req-b5ee2f8e-a189-4031-ab3c-f9bc2faf0f68 ] Request (ServersNegativeTestJSON:setUpClass): 200 GET http://10.180.1.21/compute/v2.1/servers/2bf94c28-086e-439a-81d1-1b96ed71a111 0.370s
2025-12-09 02:20:56.675 65528 INFO tempest.lib.common.rest_client [req-22a88d6b-5218-4d58-93a4-3fc159e5f1f1 req-22a88d6b-5218-4d58-93a4-3fc159e5f1f1 ] Request (MigrationsAdminTest:test_resize_server_revert_deleted_flavor): 200 GET http://10.180.1.21/compute/v2.1/servers/84fa8a69-c674-4878-b4a4-203b2af060af 0.395s
2025-12-09 02:20:56.735 65474 INFO tempest.lib.common.rest_client [req-76b483ed-85ec-447d-851f-f5dd2a5fcef7 req-76b483ed-85ec-447d-851f-f5dd2a5fcef7 ] Request (ServerDiskConfigTestJSON:test_resize_server_from_auto_to_manual): 200 GET http://10.180.1.21/compute/v2.1/servers/e818b03e-f7ef-4f57-b8aa-74090d622ba4 0.401s
2025-12-09 02:20:56.801 65478 INFO tempest.lib.common.rest_client [req-ee89686d-c137-49e8-80e6-18a6d67fa90a req-ee89686d-c137-49e8-80e6-18a6d67fa90a ] Request (ServersTestManualDisk:setUpClass): 200 GET http://10.180.1.21/compute/v2.1/servers/2fa3eb4c-6a89-4d6c-b333-bbf8a9936f03 0.464s
2025-12-09 02:20:56.809 65478 INFO tempest.common.waiters [-] State transition "BUILD/None" ==> "BUILD/networking" after 40 second wait
2025-12-09 02:20:56.820 65482 INFO tempest.lib.common.rest_client [req-74980fa5-0126-4cb5-a85e-8e2fc1cc969d req-74980fa5-0126-4cb5-a85e-8e2fc1cc969d ] Request (ImagesTestJSON:test_create_server_from_snapshot): 200 GET http://10.180.1.21/compute/v2.1/servers/9b64ecd5-a926-4a6f-b332-908c82be5f21 0.437s
2025-12-09 02:20:56.869 65484 INFO tempest.lib.common.rest_client [req-3bedcd25-6dd0-4f82-8fbe-87c2988cbaee req-3bedcd25-6dd0-4f82-8fbe-87c2988cbaee ] Request (ServerShowV254Test:tearDownClass): 200 GET http://10.180.1.21/compute/v2.1/servers/14954c64-80cb-44e1-89b1-519fe83173cd 0.423s
2025-12-09 02:20:56.892 65492 INFO tempest.lib.common.rest_client [req-94f88e88-d91a-42d4-8404-cd9d41f785e0 req-94f88e88-d91a-42d4-8404-cd9d41f785e0 ] Request (ServersNegativeTestMultiTenantJSON:setUpClass): 200 GET http://10.180.1.21/compute/v2.1/servers/ea64f27f-6f2f-4934-a62b-d4c0ffcab129 0.309s
2025-12-09 02:20:56.972 65524 INFO tempest.lib.common.rest_client [req-00e75000-7c92-4c59-8b37-0eedbb8c5318 req-00e75000-7c92-4c59-8b37-0eedbb8c5318 ] Request (AttachInterfacesTestJSON:test_create_list_show_delete_interfaces_by_fixed_ip): 200 GET http://10.180.1.21/compute/v2.1/servers/1e295a00-2372-4f8b-b1da-1265ae1e821f/os-interface 0.268s
2025-12-09 02:20:57.049 65472 INFO tempest.lib.common.rest_client [req-f9852b76-b052-4000-a716-64628c617847 req-f9852b76-b052-4000-a716-64628c617847 ] Request (ServersAaction247Test:test_create_backup): 200 GET http://10.180.1.21/compute/v2.1/servers/c924e208-c291-4064-93d0-333c7a3766e7 0.329s
2025-12-09 02:20:57.056 65524 INFO tempest.lib.common.rest_client [req-37d6335e-f286-4132-91d9-c0713f0c985e req-37d6335e-f286-4132-91d9-c0713f0c985e ] Request (AttachInterfacesTestJSON:_run_cleanups): 404 DELETE http://10.180.1.21/networking/v2.0/ports/b72290f3-e326-4fe3-af57-1a3a2abcaa80 0.081s
2025-12-09 02:20:57.082 65530 INFO tempest.lib.common.rest_client [req-c9b7ea8c-9bce-401d-a198-81ee74f931a9 req-c9b7ea8c-9bce-401d-a198-81ee74f931a9 ] Request (ServerRescueNegativeTestJSON:test_rescued_vm_detach_volume): 200 GET http://10.180.1.21/compute/v2.1/servers/95e6ee2b-8319-4117-8248-b6ef767636fe 0.275s
2025-12-09 02:20:57.122 65514 INFO tempest.lib.common.rest_client [req-99f8194e-27d9-4d2a-8ad3-82be4bb35c41 req-99f8194e-27d9-4d2a-8ad3-82be4bb35c41 ] Request (SecurityGroupsTestJSON:tearDownClass): 200 GET http://10.180.1.21/compute/v2.1/servers/281a5039-82c1-4cec-9e09-fe9e1cf0946e 0.211s
2025-12-09 02:20:57.148 65486 INFO tempest.lib.common.rest_client [req-4ab02413-d28a-4682-b77d-6765e2e18afe req-4ab02413-d28a-4682-b77d-6765e2e18afe ] Request (ServerGroupTestJSON:test_create_server_with_scheduler_hint_group): 200 GET http://10.180.1.21/compute/v2.1/servers/db5ee29a-9f03-49f3-97ed-e74cd7c11835 0.143s
2025-12-09 02:20:57.228 65524 INFO tempest.lib.common.rest_client [req-903929aa-c9d6-40d8-a4d7-f3c82faea162 req-903929aa-c9d6-40d8-a4d7-f3c82faea162 ] Request (AttachInterfacesTestJSON:_run_cleanups): 204 DELETE http://10.180.1.21/compute/v2.1/servers/1e295a00-2372-4f8b-b1da-1265ae1e821f 0.171s
2025-12-09 02:20:57.229 65508 INFO tempest.lib.common.rest_client [req-71d00488-68a0-4ab4-856d-57a06ba532e2 req-71d00488-68a0-4ab4-856d-57a06ba532e2 ] Request (VolumesAssistedSnapshotsTest:tearDownClass): 200 GET http://10.180.1.21/compute/v2.1/servers/731da51f-6464-4d85-99a6-b8da27373d3e 0.151s
2025-12-09 02:20:57.308 65522 INFO tempest.lib.common.rest_client [req-b7f16676-9d3f-42a7-b603-a43ea4e45745 req-b7f16676-9d3f-42a7-b603-a43ea4e45745 ] Request (MultipleCreateTestJSON:_run_cleanups): 200 GET http://10.180.1.21/compute/v2.1/servers/7d92f5f1-b65a-4875-80ad-6c8dee70206e 0.105s
2025-12-09 02:20:57.321 65502 INFO tempest.lib.common.rest_client [req-f5c48360-7cbb-4915-96e4-6087e7e00b64 req-f5c48360-7cbb-4915-96e4-6087e7e00b64 ] Request (ListImageFiltersTestJSON:tearDownClass): 200 GET http://10.180.1.21/compute/v2.1/servers/995fdd72-8fa3-422a-8003-972a63181cff 0.224s
2025-12-09 02:20:57.410 65494 INFO tempest.lib.common.rest_client [req-89c8a394-2981-43fe-9be4-b9fe30931dbe req-89c8a394-2981-43fe-9be4-b9fe30931dbe ] Request (ServersAdminTestJSON:tearDownClass): 200 GET http://10.180.1.21/compute/v2.1/servers/f35d71a4-3c01-443e-b029-a8ad65115790 0.126s
2025-12-09 02:20:57.437 65524 INFO tempest.lib.common.rest_client [req-030e0c11-7f72-4bba-8c28-090f6f0d1bab req-030e0c11-7f72-4bba-8c28-090f6f0d1bab ] Request (AttachInterfacesTestJSON:_run_cleanups): 200 GET http://10.180.1.21/compute/v2.1/servers/1e295a00-2372-4f8b-b1da-1265ae1e821f 0.208s
2025-12-09 02:20:57.712 65520 INFO tempest.lib.common.rest_client [req-16e09f99-180e-478e-aca1-87047910436b req-16e09f99-180e-478e-aca1-87047910436b ] Request (ServersNegativeTestJSON:setUpClass): 200 GET http://10.180.1.21/compute/v2.1/servers/2bf94c28-086e-439a-81d1-1b96ed71a111 0.056s
2025-12-09 02:20:57.788 65528 INFO tempest.lib.common.rest_client [req-1b956c39-4fa9-41d4-9a96-8cda1ea0a003 req-1b956c39-4fa9-41d4-9a96-8cda1ea0a003 ] Request (MigrationsAdminTest:test_resize_server_revert_deleted_flavor): 200 GET http://10.180.1.21/compute/v2.1/servers/84fa8a69-c674-4878-b4a4-203b2af060af 0.105s
2025-12-09 02:20:57.800 65474 INFO tempest.lib.common.rest_client [req-fae5f312-92fd-4542-bead-e0582e0dcdda req-fae5f312-92fd-4542-bead-e0582e0dcdda ] Request (ServerDiskConfigTestJSON:test_resize_server_from_auto_to_manual): 200 GET http://10.180.1.21/compute/v2.1/servers/e818b03e-f7ef-4f57-b8aa-74090d622ba4 0.057s
2025-12-09 02:20:57.898 65482 INFO tempest.lib.common.rest_client [req-52e54c80-df2c-4d64-8cdb-ef6c8ec2a3a0 req-52e54c80-df2c-4d64-8cdb-ef6c8ec2a3a0 ] Request (ImagesTestJSON:test_create_server_from_snapshot): 200 GET http://10.180.1.21/compute/v2.1/servers/9b64ecd5-a926-4a6f-b332-908c82be5f21 0.064s
2025-12-09 02:20:57.920 65478 INFO tempest.lib.common.rest_client [req-11660184-d825-46d1-ae30-17383c243681 req-11660184-d825-46d1-ae30-17383c243681 ] Request (ServersTestManualDisk:setUpClass): 200 GET http://10.180.1.21/compute/v2.1/servers/2fa3eb4c-6a89-4d6c-b333-bbf8a9936f03 0.109s
2025-12-09 02:20:57.928 65478 INFO tempest.common.waiters [-] State transition "BUILD/networking" ==> "BUILD/spawning" after 41 second wait
2025-12-09 02:20:57.963 65484 INFO tempest.lib.common.rest_client [req-593aba3f-c9f0-423a-8b0a-017bc2ca1de3 req-593aba3f-c9f0-423a-8b0a-017bc2ca1de3 ] Request (ServerShowV254Test:tearDownClass): 200 GET http://10.180.1.21/compute/v2.1/servers/14954c64-80cb-44e1-89b1-519fe83173cd 0.083s
2025-12-09 02:20:57.978 65492 INFO tempest.lib.common.rest_client [req-4a7927de-2f8c-40ab-9525-95d7d428d728 req-4a7927de-2f8c-40ab-9525-95d7d428d728 ] Request (ServersNegativeTestMultiTenantJSON:setUpClass): 200 GET http://10.180.1.21/compute/v2.1/servers/ea64f27f-6f2f-4934-a62b-d4c0ffcab129 0.078s
2025-12-09 02:20:58.143 65472 INFO tempest.lib.common.rest_client [req-247c6423-2d91-4ee2-ab6f-f7a859278df1 req-247c6423-2d91-4ee2-ab6f-f7a859278df1 ] Request (ServersAaction247Test:test_create_backup): 200 GET http://10.180.1.21/compute/v2.1/servers/c924e208-c291-4064-93d0-333c7a3766e7 0.083s
2025-12-09 02:20:58.211 65530 INFO tempest.lib.common.rest_client [req-184b7a91-d372-42d6-94cc-80ad24693dd9 req-184b7a91-d372-42d6-94cc-80ad24693dd9 ] Request (ServerRescueNegativeTestJSON:test_rescued_vm_detach_volume): 200 GET http://10.180.1.21/compute/v2.1/servers/95e6ee2b-8319-4117-8248-b6ef767636fe 0.119s
2025-12-09 02:20:58.301 65514 INFO tempest.lib.common.rest_client [req-d5895ad4-d7a5-4c58-a173-09fa2be709ec req-d5895ad4-d7a5-4c58-a173-09fa2be709ec ] Request (SecurityGroupsTestJSON:tearDownClass): 200 GET http://10.180.1.21/compute/v2.1/servers/281a5039-82c1-4cec-9e09-fe9e1cf0946e 0.170s
2025-12-09 02:20:58.316 65486 INFO tempest.lib.common.rest_client [req-ebf67161-5581-453e-866b-e59f5287bf74 req-ebf67161-5581-453e-866b-e59f5287bf74 ] Request (ServerGroupTestJSON:test_create_server_with_scheduler_hint_group): 200 GET http://10.180.1.21/compute/v2.1/servers/db5ee29a-9f03-49f3-97ed-e74cd7c11835 0.156s
2025-12-09 02:20:58.377 65508 INFO tempest.lib.common.rest_client [req-937a4311-5e86-4452-9ca4-0366b9f61cdf req-937a4311-5e86-4452-9ca4-0366b9f61cdf ] Request (VolumesAssistedSnapshotsTest:tearDownClass): 200 GET http://10.180.1.21/compute/v2.1/servers/731da51f-6464-4d85-99a6-b8da27373d3e 0.135s
2025-12-09 02:20:58.391 65522 INFO tempest.lib.common.rest_client [req-28e36ebb-4837-4276-b14a-285a02ee0d8f req-28e36ebb-4837-4276-b14a-285a02ee0d8f ] Request (MultipleCreateTestJSON:_run_cleanups): 200 GET http://10.180.1.21/compute/v2.1/servers/7d92f5f1-b65a-4875-80ad-6c8dee70206e 0.074s
2025-12-09 02:20:58.404 65516 WARNING tempest.lib.common.ssh [-] Failed to establish authenticated ssh connection to cirros@10.180.180.160 ([Errno None] Unable to connect to port 22 on 10.180.180.160). Number attempts: 1. Retry after 2 seconds.: paramiko.ssh_exception.NoValidConnectionsError: [Errno None] Unable to connect to port 22 on 10.180.180.160
2025-12-09 02:20:58.432 65502 INFO tempest.lib.common.rest_client [req-5f21bfc7-2989-4a78-b4c1-32b5101bb505 req-5f21bfc7-2989-4a78-b4c1-32b5101bb505 ] Request (ListImageFiltersTestJSON:tearDownClass): 200 GET http://10.180.1.21/compute/v2.1/servers/995fdd72-8fa3-422a-8003-972a63181cff 0.102s
2025-12-09 02:20:58.474 65494 INFO tempest.lib.common.rest_client [req-d6724bd1-b9f2-4eb4-80b2-1ae5248af1af req-d6724bd1-b9f2-4eb4-80b2-1ae5248af1af ] Request (ServersAdminTestJSON:tearDownClass): 200 GET http://10.180.1.21/compute/v2.1/servers/f35d71a4-3c01-443e-b029-a8ad65115790 0.056s
2025-12-09 02:20:58.541 65524 INFO tempest.lib.common.rest_client [req-2ffb8873-0116-409e-914b-b73130157668 req-2ffb8873-0116-409e-914b-b73130157668 ] Request (AttachInterfacesTestJSON:_run_cleanups): 200 GET http://10.180.1.21/compute/v2.1/servers/1e295a00-2372-4f8b-b1da-1265ae1e821f 0.096s
2025-12-09 02:20:58.787 65520 INFO tempest.lib.common.rest_client [req-b73e7208-72a0-409e-8e24-073dc45254b2 req-b73e7208-72a0-409e-8e24-073dc45254b2 ] Request (ServersNegativeTestJSON:setUpClass): 200 GET http://10.180.1.21/compute/v2.1/servers/2bf94c28-086e-439a-81d1-1b96ed71a111 0.062s
2025-12-09 02:20:58.859 65474 INFO tempest.lib.common.rest_client [req-7a036c85-4822-4875-b942-5cf053400ead req-7a036c85-4822-4875-b942-5cf053400ead ] Request (ServerDiskConfigTestJSON:test_resize_server_from_auto_to_manual): 200 GET http://10.180.1.21/compute/v2.1/servers/e818b03e-f7ef-4f57-b8aa-74090d622ba4 0.052s
2025-12-09 02:20:58.896 65528 INFO tempest.lib.common.rest_client [req-6415e987-8be6-4252-8574-89fb18b6a3bd req-6415e987-8be6-4252-8574-89fb18b6a3bd ] Request (MigrationsAdminTest:test_resize_server_revert_deleted_flavor): 200 GET http://10.180.1.21/compute/v2.1/servers/84fa8a69-c674-4878-b4a4-203b2af060af 0.099s
2025-12-09 02:20:58.966 65482 INFO tempest.lib.common.rest_client [req-9ec61772-3df5-4969-b719-40e90714a62e req-9ec61772-3df5-4969-b719-40e90714a62e ] Request (ImagesTestJSON:test_create_server_from_snapshot): 200 GET http://10.180.1.21/compute/v2.1/servers/9b64ecd5-a926-4a6f-b332-908c82be5f21 0.054s
2025-12-09 02:20:59.038 65484 INFO tempest.lib.common.rest_client [req-76099a45-3c41-49f9-a83c-99f4f84d6ed4 req-76099a45-3c41-49f9-a83c-99f4f84d6ed4 ] Request (ServerShowV254Test:tearDownClass): 200 GET http://10.180.1.21/compute/v2.1/servers/14954c64-80cb-44e1-89b1-519fe83173cd 0.059s
2025-12-09 02:20:59.053 65478 INFO tempest.lib.common.rest_client [req-d4ba476c-1b80-4428-976d-446fe4fcbcb4 req-d4ba476c-1b80-4428-976d-446fe4fcbcb4 ] Request (ServersTestManualDisk:setUpClass): 200 GET http://10.180.1.21/compute/v2.1/servers/2fa3eb4c-6a89-4d6c-b333-bbf8a9936f03 0.124s
2025-12-09 02:20:59.087 65492 INFO tempest.lib.common.rest_client [req-67d8497a-47ac-4e33-9334-c2d940936eb3 req-67d8497a-47ac-4e33-9334-c2d940936eb3 ] Request (ServersNegativeTestMultiTenantJSON:setUpClass): 200 GET http://10.180.1.21/compute/v2.1/servers/ea64f27f-6f2f-4934-a62b-d4c0ffcab129 0.101s
2025-12-09 02:20:59.227 65472 INFO tempest.lib.common.rest_client [req-01eca7d1-59a7-4c92-ae1e-4df6e61d7880 req-01eca7d1-59a7-4c92-ae1e-4df6e61d7880 ] Request (ServersAaction247Test:test_create_backup): 200 GET http://10.180.1.21/compute/v2.1/servers/c924e208-c291-4064-93d0-333c7a3766e7 0.072s
2025-12-09 02:20:59.283 65530 INFO tempest.lib.common.rest_client [req-3c1ea6ee-cbab-4867-ae29-12d4b860f644 req-3c1ea6ee-cbab-4867-ae29-12d4b860f644 ] Request (ServerRescueNegativeTestJSON:test_rescued_vm_detach_volume): 200 GET http://10.180.1.21/compute/v2.1/servers/95e6ee2b-8319-4117-8248-b6ef767636fe 0.059s
2025-12-09 02:20:59.420 65486 INFO tempest.lib.common.rest_client [req-2126ecc1-9bc7-44f6-b4d3-aa1a0c289939 req-2126ecc1-9bc7-44f6-b4d3-aa1a0c289939 ] Request (ServerGroupTestJSON:test_create_server_with_scheduler_hint_group): 200 GET http://10.180.1.21/compute/v2.1/servers/db5ee29a-9f03-49f3-97ed-e74cd7c11835 0.096s
2025-12-09 02:20:59.430 65514 INFO tempest.lib.common.rest_client [req-5d2efb4e-d305-4dfb-b3e2-473345585a4c req-5d2efb4e-d305-4dfb-b3e2-473345585a4c ] Request (SecurityGroupsTestJSON:tearDownClass): 200 GET http://10.180.1.21/compute/v2.1/servers/281a5039-82c1-4cec-9e09-fe9e1cf0946e 0.119s
2025-12-09 02:20:59.522 65508 INFO tempest.lib.common.rest_client [req-1cc9893e-8c8d-4399-aee3-21dc37841fca req-1cc9893e-8c8d-4399-aee3-21dc37841fca ] Request (VolumesAssistedSnapshotsTest:tearDownClass): 200 GET http://10.180.1.21/compute/v2.1/servers/731da51f-6464-4d85-99a6-b8da27373d3e 0.138s
2025-12-09 02:20:59.535 65522 INFO tempest.lib.common.rest_client [req-05fdc6a7-164b-4253-810e-87e701597edc req-05fdc6a7-164b-4253-810e-87e701597edc ] Request (MultipleCreateTestJSON:_run_cleanups): 200 GET http://10.180.1.21/compute/v2.1/servers/7d92f5f1-b65a-4875-80ad-6c8dee70206e 0.137s
2025-12-09 02:20:59.616 65502 INFO tempest.lib.common.rest_client [req-d67db3e1-b983-4773-9c94-e297411b6b5b req-d67db3e1-b983-4773-9c94-e297411b6b5b ] Request (ListImageFiltersTestJSON:tearDownClass): 200 GET http://10.180.1.21/compute/v2.1/servers/995fdd72-8fa3-422a-8003-972a63181cff 0.176s
2025-12-09 02:20:59.659 65494 INFO tempest.lib.common.rest_client [req-7452942c-562d-4d85-aed2-313748fe3bfd req-7452942c-562d-4d85-aed2-313748fe3bfd ] Request (ServersAdminTestJSON:tearDownClass): 200 GET http://10.180.1.21/compute/v2.1/servers/f35d71a4-3c01-443e-b029-a8ad65115790 0.177s
2025-12-09 02:20:59.709 65524 INFO tempest.lib.common.rest_client [req-393b82fa-1c27-445e-9e39-3e269a8b62a2 req-393b82fa-1c27-445e-9e39-3e269a8b62a2 ] Request (AttachInterfacesTestJSON:_run_cleanups): 200 GET http://10.180.1.21/compute/v2.1/servers/1e295a00-2372-4f8b-b1da-1265ae1e821f 0.159s
2025-12-09 02:20:59.857 65520 INFO tempest.lib.common.rest_client [req-c8a912d7-cd2e-4efd-9ca0-25c2d5fe0b21 req-c8a912d7-cd2e-4efd-9ca0-25c2d5fe0b21 ] Request (ServersNegativeTestJSON:setUpClass): 200 GET http://10.180.1.21/compute/v2.1/servers/2bf94c28-086e-439a-81d1-1b96ed71a111 0.062s
2025-12-09 02:20:59.920 65474 INFO tempest.lib.common.rest_client [req-b4293867-2ab5-47ca-8b06-94d3706fa026 req-b4293867-2ab5-47ca-8b06-94d3706fa026 ] Request (ServerDiskConfigTestJSON:test_resize_server_from_auto_to_manual): 200 GET http://10.180.1.21/compute/v2.1/servers/e818b03e-f7ef-4f57-b8aa-74090d622ba4 0.052s
2025-12-09 02:20:59.961 65518 WARNING tempest.lib.common.ssh [-] Failed to establish authenticated ssh connection to cirros@10.180.180.172 ([Errno None] Unable to connect to port 22 on 10.180.180.172). Number attempts: 9. Retry after 10 seconds.: paramiko.ssh_exception.NoValidConnectionsError: [Errno None] Unable to connect to port 22 on 10.180.180.172
2025-12-09 02:21:00.040 65528 INFO tempest.lib.common.rest_client [req-7ddb2a01-e230-47b6-bb00-48479c30f364 req-7ddb2a01-e230-47b6-bb00-48479c30f364 ] Request (MigrationsAdminTest:test_resize_server_revert_deleted_flavor): 200 GET http://10.180.1.21/compute/v2.1/servers/84fa8a69-c674-4878-b4a4-203b2af060af 0.135s
2025-12-09 02:21:00.222 65484 INFO tempest.lib.common.rest_client [req-e19644fd-dacd-42ca-885a-5a775061e6ef req-e19644fd-dacd-42ca-885a-5a775061e6ef ] Request (ServerShowV254Test:tearDownClass): 200 GET http://10.180.1.21/compute/v2.1/servers/14954c64-80cb-44e1-89b1-519fe83173cd 0.174s
2025-12-09 02:21:00.256 65482 INFO tempest.lib.common.rest_client [req-c9a63bb1-cf7e-4c9b-b43c-20114f43c2dc req-c9a63bb1-cf7e-4c9b-b43c-20114f43c2dc ] Request (ImagesTestJSON:test_create_server_from_snapshot): 200 GET http://10.180.1.21/compute/v2.1/servers/9b64ecd5-a926-4a6f-b332-908c82be5f21 0.279s
2025-12-09 02:21:00.264 65482 INFO tempest.common.waiters [-] State transition "BUILD/None" ==> "BUILD/networking" after 43 second wait
2025-12-09 02:21:00.345 65492 INFO tempest.lib.common.rest_client [req-4c08878a-e8f2-4459-8bb7-7516c6199090 req-4c08878a-e8f2-4459-8bb7-7516c6199090 ] Request (ServersNegativeTestMultiTenantJSON:setUpClass): 200 GET http://10.180.1.21/compute/v2.1/servers/ea64f27f-6f2f-4934-a62b-d4c0ffcab129 0.250s
2025-12-09 02:21:00.370 65478 INFO tempest.lib.common.rest_client [req-92bd1488-825d-412f-8df2-a1fcf5e773e3 req-92bd1488-825d-412f-8df2-a1fcf5e773e3 ] Request (ServersTestManualDisk:setUpClass): 200 GET http://10.180.1.21/compute/v2.1/servers/2fa3eb4c-6a89-4d6c-b333-bbf8a9936f03 0.309s
2025-12-09 02:21:00.404 65472 INFO tempest.lib.common.rest_client [req-408d8746-fe94-489a-b837-ae9c644f4f20 req-408d8746-fe94-489a-b837-ae9c644f4f20 ] Request (ServersAaction247Test:test_create_backup): 200 GET http://10.180.1.21/compute/v2.1/servers/c924e208-c291-4064-93d0-333c7a3766e7 0.166s
2025-12-09 02:21:00.425 65530 INFO tempest.lib.common.rest_client [req-f2c06c7a-fe41-4e65-89c5-679428cb8d53 req-f2c06c7a-fe41-4e65-89c5-679428cb8d53 ] Request (ServerRescueNegativeTestJSON:test_rescued_vm_detach_volume): 200 GET http://10.180.1.21/compute/v2.1/servers/95e6ee2b-8319-4117-8248-b6ef767636fe 0.132s
2025-12-09 02:21:00.490 65486 INFO tempest.lib.common.rest_client [req-dd9db214-fbfa-43a1-9083-e6946c554057 req-dd9db214-fbfa-43a1-9083-e6946c554057 ] Request (ServerGroupTestJSON:test_create_server_with_scheduler_hint_group): 200 GET http://10.180.1.21/compute/v2.1/servers/db5ee29a-9f03-49f3-97ed-e74cd7c11835 0.061s
2025-12-09 02:21:00.510 65514 INFO tempest.lib.common.rest_client [req-87b31a14-6887-4d12-abdd-dfa922303ed2 req-87b31a14-6887-4d12-abdd-dfa922303ed2 ] Request (SecurityGroupsTestJSON:tearDownClass): 200 GET http://10.180.1.21/compute/v2.1/servers/281a5039-82c1-4cec-9e09-fe9e1cf0946e 0.072s
2025-12-09 02:21:00.599 65508 INFO tempest.lib.common.rest_client [req-36fbbe67-8202-4e3e-80c8-6e1b71a23800 req-36fbbe67-8202-4e3e-80c8-6e1b71a23800 ] Request (VolumesAssistedSnapshotsTest:tearDownClass): 200 GET http://10.180.1.21/compute/v2.1/servers/731da51f-6464-4d85-99a6-b8da27373d3e 0.064s
2025-12-09 02:21:00.612 65522 INFO tempest.lib.common.rest_client [req-333d8d79-3568-4e14-ac5b-c3625481f596 req-333d8d79-3568-4e14-ac5b-c3625481f596 ] Request (MultipleCreateTestJSON:_run_cleanups): 200 GET http://10.180.1.21/compute/v2.1/servers/7d92f5f1-b65a-4875-80ad-6c8dee70206e 0.059s
2025-12-09 02:21:00.666 65488 WARNING tempest.lib.common.ssh [-] Failed to establish authenticated ssh connection to cirros@10.180.180.246 ([Errno None] Unable to connect to port 22 on 10.180.180.246). Number attempts: 7. Retry after 8 seconds.: paramiko.ssh_exception.NoValidConnectionsError: [Errno None] Unable to connect to port 22 on 10.180.180.246
2025-12-09 02:21:00.684 65502 INFO tempest.lib.common.rest_client [req-c3d26468-8fa0-4ee9-ad5a-88858128a39f req-c3d26468-8fa0-4ee9-ad5a-88858128a39f ] Request (ListImageFiltersTestJSON:tearDownClass): 200 GET http://10.180.1.21/compute/v2.1/servers/995fdd72-8fa3-422a-8003-972a63181cff 0.059s
2025-12-09 02:21:00.735 65494 INFO tempest.lib.common.rest_client [req-d7b479ae-d8b7-49a5-a3b6-792f5809394b req-d7b479ae-d8b7-49a5-a3b6-792f5809394b ] Request (ServersAdminTestJSON:tearDownClass): 200 GET http://10.180.1.21/compute/v2.1/servers/f35d71a4-3c01-443e-b029-a8ad65115790 0.068s
2025-12-09 02:21:00.761 65480 WARNING tempest.lib.common.ssh [-] Failed to establish authenticated ssh connection to cirros@10.180.180.198 ([Errno None] Unable to connect to port 22 on 10.180.180.198). Number attempts: 1. Retry after 2 seconds.: paramiko.ssh_exception.NoValidConnectionsError: [Errno None] Unable to connect to port 22 on 10.180.180.198
2025-12-09 02:21:00.829 65524 INFO tempest.lib.common.rest_client [req-c282237d-c06f-4b45-9f67-e593ba73a8d7 req-c282237d-c06f-4b45-9f67-e593ba73a8d7 ] Request (AttachInterfacesTestJSON:_run_cleanups): 200 GET http://10.180.1.21/compute/v2.1/servers/1e295a00-2372-4f8b-b1da-1265ae1e821f 0.110s
2025-12-09 02:21:00.933 65520 INFO tempest.lib.common.rest_client [req-ba18d05e-8ab4-4f84-a1cc-27bb0a4cd2b6 req-ba18d05e-8ab4-4f84-a1cc-27bb0a4cd2b6 ] Request (ServersNegativeTestJSON:setUpClass): 200 GET http://10.180.1.21/compute/v2.1/servers/2bf94c28-086e-439a-81d1-1b96ed71a111 0.067s
2025-12-09 02:21:00.974 65474 INFO tempest.lib.common.rest_client [req-28eb023a-8921-4323-b20a-714ec61f4566 req-28eb023a-8921-4323-b20a-714ec61f4566 ] Request (ServerDiskConfigTestJSON:test_resize_server_from_auto_to_manual): 200 GET http://10.180.1.21/compute/v2.1/servers/e818b03e-f7ef-4f57-b8aa-74090d622ba4 0.045s
2025-12-09 02:21:01.113 65498 WARNING tempest.lib.common.ssh [-] Failed to establish authenticated ssh connection to cirros@10.180.180.183 ([Errno None] Unable to connect to port 22 on 10.180.180.183). Number attempts: 6. Retry after 7 seconds.: paramiko.ssh_exception.NoValidConnectionsError: [Errno None] Unable to connect to port 22 on 10.180.180.183
2025-12-09 02:21:01.156 65528 INFO tempest.lib.common.rest_client [req-269f12d6-3cfd-44fb-80fe-68c71bd326a2 req-269f12d6-3cfd-44fb-80fe-68c71bd326a2 ] Request (MigrationsAdminTest:test_resize_server_revert_deleted_flavor): 200 GET http://10.180.1.21/compute/v2.1/servers/84fa8a69-c674-4878-b4a4-203b2af060af 0.109s
2025-12-09 02:21:01.297 65484 INFO tempest.lib.common.rest_client [req-e2180e49-f0a9-485c-a9b1-ce00c6455637 req-e2180e49-f0a9-485c-a9b1-ce00c6455637 ] Request (ServerShowV254Test:tearDownClass): 200 GET http://10.180.1.21/compute/v2.1/servers/14954c64-80cb-44e1-89b1-519fe83173cd 0.064s
2025-12-09 02:21:01.422 65492 INFO tempest.lib.common.rest_client [req-865b43b5-5f80-41d5-bc9d-8934de1c7beb req-865b43b5-5f80-41d5-bc9d-8934de1c7beb ] Request (ServersNegativeTestMultiTenantJSON:setUpClass): 200 GET http://10.180.1.21/compute/v2.1/servers/ea64f27f-6f2f-4934-a62b-d4c0ffcab129 0.063s
2025-12-09 02:21:01.433 65516 WARNING tempest.lib.common.ssh [-] Failed to establish authenticated ssh connection to cirros@10.180.180.160 ([Errno None] Unable to connect to port 22 on 10.180.180.160). Number attempts: 2. Retry after 3 seconds.: paramiko.ssh_exception.NoValidConnectionsError: [Errno None] Unable to connect to port 22 on 10.180.180.160
2025-12-09 02:21:01.447 65482 INFO tempest.lib.common.rest_client [req-81634fbc-80b2-49a3-b36a-c474541b33f3 req-81634fbc-80b2-49a3-b36a-c474541b33f3 ] Request (ImagesTestJSON:test_create_server_from_snapshot): 200 GET http://10.180.1.21/compute/v2.1/servers/9b64ecd5-a926-4a6f-b332-908c82be5f21 0.181s
2025-12-09 02:21:01.455 65482 INFO tempest.common.waiters [-] State transition "BUILD/networking" ==> "BUILD/spawning" after 44 second wait
2025-12-09 02:21:01.513 65472 INFO tempest.lib.common.rest_client [req-81be5cdb-bb80-494a-b310-ff87ff9f4f7e req-81be5cdb-bb80-494a-b310-ff87ff9f4f7e ] Request (ServersAaction247Test:test_create_backup): 200 GET http://10.180.1.21/compute/v2.1/servers/c924e208-c291-4064-93d0-333c7a3766e7 0.096s
2025-12-09 02:21:01.534 65478 INFO tempest.lib.common.rest_client [req-24229122-c7e1-4a2a-9c2b-7e6ca6da7f5f req-24229122-c7e1-4a2a-9c2b-7e6ca6da7f5f ] Request (ServersTestManualDisk:setUpClass): 200 GET http://10.180.1.21/compute/v2.1/servers/2fa3eb4c-6a89-4d6c-b333-bbf8a9936f03 0.156s
2025-12-09 02:21:01.576 65530 INFO tempest.lib.common.rest_client [req-1e4c14c6-4fd9-478d-8678-eaaade75c768 req-1e4c14c6-4fd9-478d-8678-eaaade75c768 ] Request (ServerRescueNegativeTestJSON:test_rescued_vm_detach_volume): 200 GET http://10.180.1.21/compute/v2.1/servers/95e6ee2b-8319-4117-8248-b6ef767636fe 0.143s
2025-12-09 02:21:01.588 65486 INFO tempest.lib.common.rest_client [req-9d93c312-00ce-47eb-aee2-faf6161f3462 req-9d93c312-00ce-47eb-aee2-faf6161f3462 ] Request (ServerGroupTestJSON:test_create_server_with_scheduler_hint_group): 200 GET http://10.180.1.21/compute/v2.1/servers/db5ee29a-9f03-49f3-97ed-e74cd7c11835 0.090s
2025-12-09 02:21:01.634 65514 INFO tempest.lib.common.rest_client [req-407d06eb-b138-4362-8da5-c5e344d844db req-407d06eb-b138-4362-8da5-c5e344d844db ] Request (SecurityGroupsTestJSON:tearDownClass): 200 GET http://10.180.1.21/compute/v2.1/servers/281a5039-82c1-4cec-9e09-fe9e1cf0946e 0.116s
2025-12-09 02:21:01.673 65508 INFO tempest.lib.common.rest_client [req-41d700bc-6cb9-47eb-9fc6-e926cb12fd3c req-41d700bc-6cb9-47eb-9fc6-e926cb12fd3c ] Request (VolumesAssistedSnapshotsTest:tearDownClass): 200 GET http://10.180.1.21/compute/v2.1/servers/731da51f-6464-4d85-99a6-b8da27373d3e 0.064s
2025-12-09 02:21:01.701 65522 INFO tempest.lib.common.rest_client [req-40a0fd3a-6639-49fb-a432-a88cfad12069 req-40a0fd3a-6639-49fb-a432-a88cfad12069 ] Request (MultipleCreateTestJSON:_run_cleanups): 200 GET http://10.180.1.21/compute/v2.1/servers/7d92f5f1-b65a-4875-80ad-6c8dee70206e 0.080s
2025-12-09 02:21:01.752 65502 INFO tempest.lib.common.rest_client [req-cd2651b1-dec6-4ece-87ee-606445320077 req-cd2651b1-dec6-4ece-87ee-606445320077 ] Request (ListImageFiltersTestJSON:tearDownClass): 200 GET http://10.180.1.21/compute/v2.1/servers/995fdd72-8fa3-422a-8003-972a63181cff 0.058s
2025-12-09 02:21:01.805 65494 INFO tempest.lib.common.rest_client [req-a4bc206c-333c-42e8-9358-3f3c69f94a5f req-a4bc206c-333c-42e8-9358-3f3c69f94a5f ] Request (ServersAdminTestJSON:tearDownClass): 200 GET http://10.180.1.21/compute/v2.1/servers/f35d71a4-3c01-443e-b029-a8ad65115790 0.059s
2025-12-09 02:21:01.898 65524 INFO tempest.lib.common.rest_client [req-235ed263-474c-4e18-b34b-b7ea4a5504d9 req-235ed263-474c-4e18-b34b-b7ea4a5504d9 ] Request (AttachInterfacesTestJSON:_run_cleanups): 200 GET http://10.180.1.21/compute/v2.1/servers/1e295a00-2372-4f8b-b1da-1265ae1e821f 0.062s
2025-12-09 02:21:01.907 65524 INFO tempest.common.waiters [-] State transition "ACTIVE/deleting" ==> "DELETED/None" after 4 second wait
2025-12-09 02:21:02.014 65520 INFO tempest.lib.common.rest_client [req-98d0536c-f4d2-4d73-874b-7b5e0b46d5ee req-98d0536c-f4d2-4d73-874b-7b5e0b46d5ee ] Request (ServersNegativeTestJSON:setUpClass): 200 GET http://10.180.1.21/compute/v2.1/servers/2bf94c28-086e-439a-81d1-1b96ed71a111 0.073s
2025-12-09 02:21:02.084 65474 INFO tempest.lib.common.rest_client [req-2b28b52d-955b-429a-b0dd-6ac729c89ce1 req-2b28b52d-955b-429a-b0dd-6ac729c89ce1 ] Request (ServerDiskConfigTestJSON:test_resize_server_from_auto_to_manual): 200 GET http://10.180.1.21/compute/v2.1/servers/e818b03e-f7ef-4f57-b8aa-74090d622ba4 0.101s
2025-12-09 02:21:02.317 65528 INFO tempest.lib.common.rest_client [req-ed4613bb-7a76-47e9-b231-cb1c1dcd0f4b req-ed4613bb-7a76-47e9-b231-cb1c1dcd0f4b ] Request (MigrationsAdminTest:test_resize_server_revert_deleted_flavor): 200 GET http://10.180.1.21/compute/v2.1/servers/84fa8a69-c674-4878-b4a4-203b2af060af 0.154s
2025-12-09 02:21:02.379 65484 INFO tempest.lib.common.rest_client [req-3419ec85-b8d8-4256-848b-f914f7376142 req-3419ec85-b8d8-4256-848b-f914f7376142 ] Request (ServerShowV254Test:tearDownClass): 200 GET http://10.180.1.21/compute/v2.1/servers/14954c64-80cb-44e1-89b1-519fe83173cd 0.072s
2025-12-09 02:21:02.480 65492 INFO tempest.lib.common.rest_client [req-dde9437d-0894-4df1-88b9-8853610de29c req-dde9437d-0894-4df1-88b9-8853610de29c ] Request (ServersNegativeTestMultiTenantJSON:setUpClass): 200 GET http://10.180.1.21/compute/v2.1/servers/ea64f27f-6f2f-4934-a62b-d4c0ffcab129 0.050s
2025-12-09 02:21:02.552 65482 INFO tempest.lib.common.rest_client [req-b3fe4c56-32b1-433c-a5a0-37f2c1b94566 req-b3fe4c56-32b1-433c-a5a0-37f2c1b94566 ] Request (ImagesTestJSON:test_create_server_from_snapshot): 200 GET http://10.180.1.21/compute/v2.1/servers/9b64ecd5-a926-4a6f-b332-908c82be5f21 0.096s
2025-12-09 02:21:02.583 65472 INFO tempest.lib.common.rest_client [req-9b134661-7595-4a96-a7bb-d2d6f0a6d8ec req-9b134661-7595-4a96-a7bb-d2d6f0a6d8ec ] Request (ServersAaction247Test:test_create_backup): 200 GET http://10.180.1.21/compute/v2.1/servers/c924e208-c291-4064-93d0-333c7a3766e7 0.060s
2025-12-09 02:21:02.669 65530 INFO tempest.lib.common.rest_client [req-106c68f6-3ece-47cb-9054-ad37bff2d24f req-106c68f6-3ece-47cb-9054-ad37bff2d24f ] Request (ServerRescueNegativeTestJSON:test_rescued_vm_detach_volume): 200 GET http://10.180.1.21/compute/v2.1/servers/95e6ee2b-8319-4117-8248-b6ef767636fe 0.085s
2025-12-09 02:21:02.676 65530 INFO tempest.common.waiters [-] State transition "BUILD/None" ==> "BUILD/networking" after 45 second wait
2025-12-09 02:21:02.689 65478 INFO tempest.lib.common.rest_client [req-a7bba173-d840-4f45-866f-5fda8a9c3f09 req-a7bba173-d840-4f45-866f-5fda8a9c3f09 ] Request (ServersTestManualDisk:setUpClass): 200 GET http://10.180.1.21/compute/v2.1/servers/2fa3eb4c-6a89-4d6c-b333-bbf8a9936f03 0.146s
2025-12-09 02:21:02.707 65514 INFO tempest.lib.common.rest_client [req-dd5f728d-346b-4f76-94b3-356b97057c5f req-dd5f728d-346b-4f76-94b3-356b97057c5f ] Request (SecurityGroupsTestJSON:tearDownClass): 404 GET http://10.180.1.21/compute/v2.1/servers/281a5039-82c1-4cec-9e09-fe9e1cf0946e 0.058s
2025-12-09 02:21:02.719 65486 INFO tempest.lib.common.rest_client [req-1ce66e89-6df5-48c1-8a4f-187d09f6a3a0 req-1ce66e89-6df5-48c1-8a4f-187d09f6a3a0 ] Request (ServerGroupTestJSON:test_create_server_with_scheduler_hint_group): 200 GET http://10.180.1.21/compute/v2.1/servers/db5ee29a-9f03-49f3-97ed-e74cd7c11835 0.123s
2025-12-09 02:21:02.727 65508 INFO tempest.lib.common.rest_client [req-cdfa9816-2a5a-437a-9a38-84259a5ed844 req-cdfa9816-2a5a-437a-9a38-84259a5ed844 ] Request (VolumesAssistedSnapshotsTest:tearDownClass): 404 GET http://10.180.1.21/compute/v2.1/servers/731da51f-6464-4d85-99a6-b8da27373d3e 0.047s
2025-12-09 02:21:02.753 65522 INFO tempest.lib.common.rest_client [req-d96636cd-0186-4331-8f1e-204471f947ca req-d96636cd-0186-4331-8f1e-204471f947ca ] Request (MultipleCreateTestJSON:_run_cleanups): 404 GET http://10.180.1.21/compute/v2.1/servers/7d92f5f1-b65a-4875-80ad-6c8dee70206e 0.044s
2025-12-09 02:21:02.772 65508 INFO tempest.lib.common.rest_client [req-4fc4e6ef-aabd-4b91-883f-d2d381d98cfd req-4fc4e6ef-aabd-4b91-883f-d2d381d98cfd ] Request (VolumesAssistedSnapshotsTest:tearDownClass): 202 DELETE http://10.180.1.21/compute/v2.1/os-keypairs/tempest-keypair-1711051801 0.044s
2025-12-09 02:21:02.793 65522 INFO tempest.lib.common.rest_client [req-2d426233-3902-4533-bb6c-43220732e873 req-2d426233-3902-4533-bb6c-43220732e873 ] Request (MultipleCreateTestJSON:_run_cleanups): 404 GET http://10.180.1.21/compute/v2.1/servers/74ef5e75-021f-4731-be57-735a08af5af6 0.039s
2025-12-09 02:21:02.812 65502 INFO tempest.lib.common.rest_client [req-1f082d1c-ae70-4c2e-ad75-f334dcaabbbe req-1f082d1c-ae70-4c2e-ad75-f334dcaabbbe ] Request (ListImageFiltersTestJSON:tearDownClass): 404 GET http://10.180.1.21/compute/v2.1/servers/995fdd72-8fa3-422a-8003-972a63181cff 0.052s
2025-12-09 02:21:02.870 65522 INFO tempest.lib.common.rest_client [req-20e115f2-ce0d-413c-92d1-393e7f91cf08 req-20e115f2-ce0d-413c-92d1-393e7f91cf08 ] Request (MultipleCreateTestJSON:test_multiple_create_with_reservation_return): 201 POST http://10.180.1.21/identity/v3/auth/tokens 0.073s
2025-12-09 02:21:02.871 65522 INFO tempest.lib.common.fixed_network [-] (MultipleCreateTestJSON:test_multiple_create_with_reservation_return) Found network {'id': 'a1f27c3f-e5ec-471e-9c61-06890d3692f4', 'name': 'tempest-MultipleCreateTestJSON-569655336-network', 'tenant_id': 'c00a767da00844ebbdb9a8d708eb3d13', 'project_id': 'c00a767da00844ebbdb9a8d708eb3d13', 'admin_state_up': True, 'mtu': 8950, 'status': 'ACTIVE', 'subnets': [], 'shared': False, 'port_security_enabled': True, 'router:external': False, 'provider:network_type': 'vlan', 'provider:physical_network': 'default', 'provider:segmentation_id': 438, 'availability_zone_hints': [], 'availability_zones': [], 'ipv4_address_scope': None, 'ipv6_address_scope': None, 'description': '', 'tags': [], 'created_at': '2025-12-09T02:19:02Z', 'updated_at': '2025-12-09T02:19:02Z', 'revision_number': 1} available for tenant
2025-12-09 02:21:02.901 65508 INFO tempest.lib.common.rest_client [req-8caa39f0-19e0-4f89-9aa0-d4df793a03f4 req-8caa39f0-19e0-4f89-9aa0-d4df793a03f4 ] Request (VolumesAssistedSnapshotsTest:tearDownClass): 204 DELETE http://10.180.1.21/networking/v2.0/security-groups/560f9d77-f914-4f8b-bc22-1688e970b817 0.128s
