2025-12-09 06:51:13.996 66712 INFO tempest.lib.common.rest_client [req-807f3188-dca3-4120-8b27-594a4e466bb8 req-807f3188-dca3-4120-8b27-594a4e466bb8 ] Request (ServerTagsTestJSON:setUpClass): 200 GET http://10.180.1.21/compute/v2.1/servers/2ab3718b-f533-4960-aa82-324f372bdd06 2.050s
2025-12-09 06:51:14.012 66728 INFO tempest.lib.common.rest_client [req-faa13cf7-c34b-47dd-9a7b-614513794036 req-faa13cf7-c34b-47dd-9a7b-614513794036 ] Request (QuotaClassesAdminTestJSON:tearDownClass): 204 DELETE http://10.180.1.21/identity/v3/projects/37e8a75216e54388bd66bf9aeac340d9 0.116s
2025-12-09 06:51:14.013 66728 INFO tempest.lib.common.dynamic_creds [-] Deleting project and security group for project: 441cfa5beaf14bbd91d57fd1fd3aad5c
2025-12-09 06:51:14.070 66732 INFO tempest.lib.common.rest_client [req-4cead548-9a81-403f-8065-bd0ef173e5b0 req-4cead548-9a81-403f-8065-bd0ef173e5b0 ] Request (ListServersNegativeTestJSON:setUpClass): 200 GET http://10.180.1.21/compute/v2.1/servers 1.876s
2025-12-09 06:51:14.143 66724 INFO tempest.lib.common.rest_client [req-fb1f3b48-09ac-4695-9cd8-9ecf70a14170 req-fb1f3b48-09ac-4695-9cd8-9ecf70a14170 ] Request (ServersTestBootFromVolume:setUpClass): 200 GET http://10.180.1.21/volume/v3/volumes/e60be808-aa78-434b-a22d-971c9d0fb45a 0.036s
2025-12-09 06:51:14.153 66728 INFO tempest.lib.common.rest_client [req-22819627-0bdc-48ad-995b-4431b786ba6e req-22819627-0bdc-48ad-995b-4431b786ba6e ] Request (QuotaClassesAdminTestJSON:tearDownClass): 200 GET http://10.180.1.21/networking/v2.0/security-groups?tenant_id=441cfa5beaf14bbd91d57fd1fd3aad5c&name=default 0.140s
2025-12-09 06:51:14.182 66750 INFO tempest.lib.common.rest_client [req-dff293e2-6230-4200-8c7b-6b62d21b3813 req-dff293e2-6230-4200-8c7b-6b62d21b3813 ] Request (ServersAdminNegativeTestJSON:test_migrate_server_invalid_state): 200 GET http://10.180.1.21/compute/v2.1/servers/b690738b-312d-40e0-ab33-2eb4127a096a 1.965s
2025-12-09 06:51:14.193 66750 INFO tempest.common.waiters [-] State transition "BUILD/scheduling" ==> "BUILD/None" after 11 second wait
2025-12-09 06:51:14.317 66728 INFO tempest.lib.common.rest_client [req-de6f9f1d-da95-45ba-b0c1-f730a4df709b req-de6f9f1d-da95-45ba-b0c1-f730a4df709b ] Request (QuotaClassesAdminTestJSON:tearDownClass): 204 DELETE http://10.180.1.21/networking/v2.0/security-groups/ade1ca32-b6a0-4fa5-a2e1-1a78212ace38 0.163s
2025-12-09 06:51:14.377 66720 INFO tempest.lib.common.rest_client [req-7b670033-6450-4083-8b74-81161eca6b39 req-7b670033-6450-4083-8b74-81161eca6b39 ] Request (ServersListShow2100Test:test_list_show_rebuild_update_server_2100): 200 GET http://10.180.1.21/compute/v2.1/servers/d639e22a-2063-4c23-9775-deac2a14f1b8 2.154s
2025-12-09 06:51:14.433 66728 INFO tempest.lib.common.rest_client [req-a66b7d20-7ea9-45c5-8273-78fda917df62 req-a66b7d20-7ea9-45c5-8273-78fda917df62 ] Request (QuotaClassesAdminTestJSON:tearDownClass): 204 DELETE http://10.180.1.21/identity/v3/projects/441cfa5beaf14bbd91d57fd1fd3aad5c 0.115s
2025-12-09 06:51:14.493 66696 INFO tempest.lib.common.rest_client [req-7d5511e8-fd49-4715-bfed-0f33db6e8d4c req-7d5511e8-fd49-4715-bfed-0f33db6e8d4c ] Request (DeleteServersTestJSON:test_delete_active_server): 200 GET http://10.180.1.21/compute/v2.1/servers/ab09b2ef-43a8-4bb9-acae-64126737b3d3 2.190s
2025-12-09 06:51:14.501 66728 INFO tempest.lib.common.rest_client [req-ac2efec4-233e-4fe5-b224-8101a76edf5e req-ac2efec4-233e-4fe5-b224-8101a76edf5e ] Request (KeyPairsV22TestJSON:setUpClass): 201 POST http://10.180.1.21/identity/v3/auth/tokens 0.066s
2025-12-09 06:51:14.525 66692 INFO tempest.lib.common.rest_client [req-ab5675ce-7260-41d6-b74b-fab7308502db req-ab5675ce-7260-41d6-b74b-fab7308502db ] Request (MigrationsAdminTest:test_list_migrations_in_flavor_resize_situation): 200 GET http://10.180.1.21/compute/v2.1/servers/7abb6ee0-b37b-4400-848e-f4b0e773d82b 2.521s
2025-12-09 06:51:14.535 66728 INFO tempest.lib.common.rest_client [req-7e24b7bf-1c62-4cde-a83c-31a3504a3159 req-7e24b7bf-1c62-4cde-a83c-31a3504a3159 ] Request (KeyPairsV22TestJSON:setUpClass): 201 POST http://10.180.1.21/identity/v3/auth/tokens 0.029s
2025-12-09 06:51:14.561 66728 INFO tempest.lib.common.rest_client [req-51f31a4d-c92e-4bf1-a060-cd10e752c774 req-51f31a4d-c92e-4bf1-a060-cd10e752c774 ] Request (KeyPairsV22TestJSON:setUpClass): 200 GET http://10.180.1.21/identity/v3/domains?name=Default 0.025s
2025-12-09 06:51:14.577 66694 INFO tempest.lib.common.rest_client [req-99f2ed7e-0cc7-4c57-a818-8065b474c62b req-99f2ed7e-0cc7-4c57-a818-8065b474c62b ] Request (ServerDiskConfigTestJSON:test_rebuild_server_with_manual_disk_config): 200 GET http://10.180.1.21/compute/v2.1/servers/78d97b51-fc03-49be-b434-d100da6ac052 2.136s
2025-12-09 06:51:14.586 66728 INFO tempest.lib.common.rest_client [req-d1704da1-6797-4ef9-81d7-f2f311b6867d req-d1704da1-6797-4ef9-81d7-f2f311b6867d ] Request (KeyPairsV22TestJSON:setUpClass): 201 POST http://10.180.1.21/identity/v3/projects 0.025s
2025-12-09 06:51:14.616 66714 INFO tempest.lib.common.rest_client [req-a7ab399a-5c2f-4b25-95bc-cb26efbc3b0b req-a7ab399a-5c2f-4b25-95bc-cb26efbc3b0b ] Request (ServerExternalEventsTest:test_create_server_external_events): 200 POST http://10.180.1.21/compute/v2.1/os-server-external-events 2.284s
2025-12-09 06:51:14.647 66716 INFO tempest.lib.common.rest_client [req-f6340005-92cd-4215-ad52-7b3516dad75a req-f6340005-92cd-4215-ad52-7b3516dad75a ] Request (AggregatesAdminNegativeTestJSON:test_aggregate_remove_nonexistent_host): 200 POST http://10.180.1.21/compute/v2.1/os-aggregates 1.763s
2025-12-09 06:51:14.659 66728 INFO tempest.lib.common.rest_client [req-939472a0-c570-4a89-986b-d393bedfe3cf req-939472a0-c570-4a89-986b-d393bedfe3cf ] Request (KeyPairsV22TestJSON:setUpClass): 201 POST http://10.180.1.21/identity/v3/users 0.072s
2025-12-09 06:51:14.695 66728 INFO tempest.lib.common.rest_client [req-03b78d1d-90c4-4d05-849c-da3356a0789d req-03b78d1d-90c4-4d05-849c-da3356a0789d ] Request (KeyPairsV22TestJSON:setUpClass): 200 GET http://10.180.1.21/identity/v3/roles 0.035s
2025-12-09 06:51:14.710 66700 INFO tempest.lib.common.rest_client [req-ec6fd421-a0dd-4e3d-92ab-dc6f61fe17b5 req-ec6fd421-a0dd-4e3d-92ab-dc6f61fe17b5 ] Request (SecurityGroupRulesNegativeTestJSON:test_delete_security_group_rule_with_non_existent_id): 404 DELETE http://10.180.1.21/compute/v2.1/os-security-group-rules/62b13cb7-3422-41f4-a7dc-f6c1785f4a08 1.796s
2025-12-09 06:51:14.710 66722 INFO tempest.lib.common.rest_client [req-6f19406a-b4c5-47fc-9039-6784d788c825 req-6f19406a-b4c5-47fc-9039-6784d788c825 ] Request (ImagesMetadataNegativeTestJSON:test_delete_nonexistent_image_metadata_item): 404 DELETE http://10.180.1.21/compute/v2.1/images/8c21b630-ff7c-4bdf-bc5c-979953cc9f18/metadata/os_distro 2.231s
2025-12-09 06:51:14.735 66728 INFO tempest.lib.common.rest_client [req-438ea4f6-8f85-4633-9245-22806e4daa7d req-438ea4f6-8f85-4633-9245-22806e4daa7d ] Request (KeyPairsV22TestJSON:setUpClass): 204 PUT http://10.180.1.21/identity/v3/projects/81a15dfb38f24a518f63c480d4090760/users/f297a17d8d6541ca91f3a12a0d83ac28/roles/1a42c0d8050149b19c56ee111f2bfc96 0.039s
2025-12-09 06:51:14.735 66728 INFO tempest.lib.common.dynamic_creds [-] Dynamic test user f297a17d8d6541ca91f3a12a0d83ac28 is created with scope project and roles: ['member']
2025-12-09 06:51:14.735 66728 INFO tempest.lib.common.dynamic_creds [-] Acquired dynamic creds: credentials: Credentials: {'domain_id': 'default', 'domain_name': 'Default', 'username': 'tempest-KeyPairsV22TestJSON-1396847448-project-member', 'project_domain_id': 'default', 'project_domain_name': 'Default', 'project_id': '81a15dfb38f24a518f63c480d4090760', 'project_name': 'tempest-KeyPairsV22TestJSON-1396847448', 'tenant_id': '81a15dfb38f24a518f63c480d4090760', 'tenant_name': 'tempest-KeyPairsV22TestJSON-1396847448', 'user_domain_id': 'default', 'user_domain_name': 'Default', 'user_id': 'f297a17d8d6541ca91f3a12a0d83ac28', 'system': None}, Network: None, Subnet: None, Router: None
2025-12-09 06:51:14.735 66728 INFO tempest.lib.common.dynamic_creds [-] Created isolated network resources for: credentials: Credentials: {'domain_id': 'default', 'domain_name': 'Default', 'username': 'tempest-KeyPairsV22TestJSON-1396847448-project-member', 'project_domain_id': 'default', 'project_domain_name': 'Default', 'project_id': '81a15dfb38f24a518f63c480d4090760', 'project_name': 'tempest-KeyPairsV22TestJSON-1396847448', 'tenant_id': '81a15dfb38f24a518f63c480d4090760', 'tenant_name': 'tempest-KeyPairsV22TestJSON-1396847448', 'user_domain_id': 'default', 'user_domain_name': 'Default', 'user_id': 'f297a17d8d6541ca91f3a12a0d83ac28', 'system': None}, Network: None, Subnet: None, Router: None
2025-12-09 06:51:14.741 66734 INFO tempest.lib.common.rest_client [req-c05cedd5-28f2-4a07-8ad0-b2f9d8413173 req-c05cedd5-28f2-4a07-8ad0-b2f9d8413173 ] Request (FlavorsAdminTestJSON:test_is_public_string_variations): 200 GET http://10.180.1.21/compute/v2.1/flavors/detail?is_public=true 1.569s
2025-12-09 06:51:14.769 66708 INFO tempest.lib.common.rest_client [req-4aa419eb-7d0b-4ab9-be74-9e75a31a70f7 req-4aa419eb-7d0b-4ab9-be74-9e75a31a70f7 ] Request (InstanceActionsV221TestJSON:test_get_list_deleted_instance_actions): 200 GET http://10.180.1.21/compute/v2.1/servers/05de7946-a5d4-4e94-8fd1-9a4672037910 1.736s
2025-12-09 06:51:14.833 66728 INFO tempest.lib.common.rest_client [req-ede633bb-5a2c-4fc3-868a-8083353c0186 req-ede633bb-5a2c-4fc3-868a-8083353c0186 ] Request (KeyPairsV22TestJSON:setUpClass): 201 POST http://10.180.1.21/identity/v3/auth/tokens 0.093s
2025-12-09 06:51:14.906 66740 INFO tempest.lib.common.rest_client [req-98a4d7ce-5dbb-4427-be0b-b352db2a02c2 req-98a4d7ce-5dbb-4427-be0b-b352db2a02c2 ] Request (ServerRescueNegativeTestJSON:test_rescued_vm_attach_volume): 200 GET http://10.180.1.21/compute/v2.1/servers/b4309e6d-6b6a-4263-8238-cc76bf80a4ed 1.731s
2025-12-09 06:51:14.927 66698 INFO tempest.lib.common.rest_client [req-29358b4c-a2e2-40cb-8a24-24204d351c7f req-29358b4c-a2e2-40cb-8a24-24204d351c7f ] Request (ImagesOneServerTestJSON:setUpClass): 200 GET http://10.180.1.21/compute/v2.1/servers/5d7f4011-1902-44fb-8f28-7294241c02c8 1.622s
2025-12-09 06:51:14.993 66746 INFO tempest.lib.common.rest_client [req-ca58969a-e4ae-425d-a2d3-7b734f93e424 req-ca58969a-e4ae-425d-a2d3-7b734f93e424 ] Request (TenantUsagesTestJSON:tearDownClass): 200 GET http://10.180.1.21/compute/v2.1/servers/dec0df5a-5b1b-4a0d-ab6b-1b703065fd69 1.596s
2025-12-09 06:51:15.082 66710 INFO tempest.lib.common.rest_client [req-eceadcdd-fa9e-4f6e-84d7-7711f97905da req-eceadcdd-fa9e-4f6e-84d7-7711f97905da ] Request (ListServerFiltersTestJSON:test_list_servers_filter_by_shutoff_status): 202 POST http://10.180.1.21/compute/v2.1/servers/08eb1faf-bff1-4f68-bd3d-6ba923d56bc2/action 1.599s
2025-12-09 06:51:15.196 66724 INFO tempest.lib.common.rest_client [req-1981459c-cc2f-4da3-88a0-8d3bab4c8ae5 req-1981459c-cc2f-4da3-88a0-8d3bab4c8ae5 ] Request (ServersTestBootFromVolume:setUpClass): 200 GET http://10.180.1.21/volume/v3/volumes/e60be808-aa78-434b-a22d-971c9d0fb45a 0.040s
2025-12-09 06:51:15.334 66736 INFO tempest.lib.common.rest_client [req-3d2d9b73-1599-4760-9a2c-ac7d0c700071 req-3d2d9b73-1599-4760-9a2c-ac7d0c700071 ] Request (ServerRescueTestJSON:test_rescue_unrescue_instance): 202 POST http://10.180.1.21/compute/v2.1/servers 1.889s
2025-12-09 06:51:15.391 66752 INFO tempest.lib.common.rest_client [req-ca43b005-4565-4fde-b576-a9b8c290742e req-ca43b005-4565-4fde-b576-a9b8c290742e ] Request (ServerShowV257Test:test_rebuild_server): 202 POST http://10.180.1.21/compute/v2.1/servers 1.883s
2025-12-09 06:51:15.663 66690 INFO tempest.lib.common.rest_client [req-dc5ae6f6-42d2-4e30-aae8-19ac1cdaf6fc req-dc5ae6f6-42d2-4e30-aae8-19ac1cdaf6fc ] Request (ServersAdminTestJSON:test_create_server_with_scheduling_hint): 200 GET http://10.180.1.21/compute/v2.1/servers/c0bbbac6-1749-408e-959b-3a640cd7c1ef 2.123s
2025-12-09 06:51:15.690 66730 INFO tempest.lib.common.rest_client [req-98b6489a-2f39-43c6-b27b-5790e6091307 req-98b6489a-2f39-43c6-b27b-5790e6091307 ] Request (InstanceActionsTestJSON:test_list_instance_actions): 200 GET http://10.180.1.21/compute/v2.1/servers/4debbf33-37ac-4d62-928c-76222c40c25b 1.836s
2025-12-09 06:51:15.704 66730 INFO tempest.common.waiters [-] State transition "HARD_REBOOT/rebooting_hard" ==> "HARD_REBOOT/reboot_started_hard" after 3 second wait
2025-12-09 06:51:15.722 66718 INFO tempest.lib.common.rest_client [req-c3829f9c-e7e5-4eba-bf82-c56dd9adc109 req-c3829f9c-e7e5-4eba-bf82-c56dd9adc109 ] Request (SecurityGroupsTestJSON:test_security_groups_create_list_delete): 404 GET http://10.180.1.21/compute/v2.1/os-security-groups/e58b1700-14ab-4461-9756-015c07caa446 1.753s
2025-12-09 06:51:15.811 66732 INFO tempest.lib.common.rest_client [req-2e6a28c9-d953-400d-a51f-60a764ba46e8 req-2e6a28c9-d953-400d-a51f-60a764ba46e8 ] Request (ListServersNegativeTestJSON:setUpClass): 200 GET http://10.180.1.21/compute/v2.1/servers/6e1b1e50-0c3b-4191-9b94-7b6e35ef4f9e 1.738s
2025-12-09 06:51:16.115 66742 INFO tempest.lib.common.rest_client [req-6deee2e3-2012-4de0-b88a-7721a5e2f7db req-6deee2e3-2012-4de0-b88a-7721a5e2f7db ] Request (DeleteServersAdminTestJSON:test_delete_server_while_in_error_state): 200 GET http://10.180.1.21/compute/v2.1/servers/77154bb9-c0e2-49a8-b7ac-36430292ee85 1.972s
2025-12-09 06:51:16.208 66748 INFO tempest.lib.common.rest_client [req-3e1027ce-631b-4107-ba7c-fb314c88bfb1 req-3e1027ce-631b-4107-ba7c-fb314c88bfb1 ] Request (FloatingIPsAssociationTestJSON:setUpClass): 200 GET http://10.180.1.21/compute/v2.1/servers/916e3446-70f7-405a-99f9-f74709d3dadb 1.927s
2025-12-09 06:51:16.216 66748 INFO tempest.common.waiters [-] State transition "BUILD/networking" ==> "BUILD/spawning" after 34 second wait
2025-12-09 06:51:16.229 66706 INFO tempest.lib.common.rest_client [req-f515115d-4c7b-46c0-b12c-a98a8529ef29 req-f515115d-4c7b-46c0-b12c-a98a8529ef29 ] Request (ServerDiagnosticsTest:test_get_server_diagnostics): 200 GET http://10.180.1.21/compute/v2.1/servers/64db9266-a5ed-4159-a2d6-150ed0f9a5ed 1.861s
2025-12-09 06:51:16.250 66724 INFO tempest.lib.common.rest_client [req-15c9bd3d-9914-4bd6-ac01-100678c183ad req-15c9bd3d-9914-4bd6-ac01-100678c183ad ] Request (ServersTestBootFromVolume:setUpClass): 200 GET http://10.180.1.21/volume/v3/volumes/e60be808-aa78-434b-a22d-971c9d0fb45a 0.043s
2025-12-09 06:51:16.317 66714 INFO tempest.lib.common.rest_client [req-f357948e-294d-49c5-b4a3-5f8ee4007495 req-f357948e-294d-49c5-b4a3-5f8ee4007495 ] Request (ServerExternalEventsTest:tearDownClass): 204 DELETE http://10.180.1.21/compute/v2.1/servers/2b81aec5-f79b-4a18-ac13-83fce1809740 1.698s
2025-12-09 06:51:16.347 66716 INFO tempest.lib.common.rest_client [req-61e87e1f-3373-4a7e-a6ba-93c1d9468d75 req-61e87e1f-3373-4a7e-a6ba-93c1d9468d75 ] Request (AggregatesAdminNegativeTestJSON:test_aggregate_remove_nonexistent_host): 404 POST http://10.180.1.21/compute/v2.1/os-aggregates/8/action 1.698s
2025-12-09 06:51:16.389 66744 INFO tempest.lib.common.rest_client [req-7f15b867-114e-401e-89a9-7f78fbad3ee2 req-7f15b867-114e-401e-89a9-7f78fbad3ee2 ] Request (ServerAddressesTestJSON:setUpClass): 200 GET http://10.180.1.21/compute/v2.1/servers/647f4f9c-e014-43ab-8338-91f6126931ed 1.977s
2025-12-09 06:51:16.397 66744 INFO tempest.common.waiters [-] State transition "BUILD/None" ==> "BUILD/block_device_mapping" after 28 second wait
2025-12-09 06:51:16.408 66722 INFO tempest.lib.common.rest_client [req-0895d63f-88ca-4c8b-97a7-df9cf96e3f78 req-0895d63f-88ca-4c8b-97a7-df9cf96e3f78 ] Request (ImagesMetadataNegativeTestJSON:test_get_nonexistent_image_metadata_item): 404 GET http://10.180.1.21/compute/v2.1/images/2a9db628-b602-42dc-993e-f1e154d75afc/metadata/os_version 1.696s
2025-12-09 06:51:16.442 66734 INFO tempest.lib.common.rest_client [req-e3fcc076-deb3-4b24-847e-f10c519e0085 req-e3fcc076-deb3-4b24-847e-f10c519e0085 ] Request (FlavorsAdminTestJSON:test_is_public_string_variations): 200 GET http://10.180.1.21/compute/v2.1/flavors/detail?is_public=yes 1.694s
2025-12-09 06:51:16.545 66700 INFO tempest.lib.common.rest_client [req-9f8a791f-7f8d-4f98-9f1c-577a275b9153 req-9f8a791f-7f8d-4f98-9f1c-577a275b9153 ] Request (SecurityGroupRulesNegativeTestJSON:tearDownClass): 202 DELETE http://10.180.1.21/compute/v2.1/os-security-groups/86df461d-4337-42e0-834b-054d48c5ba47 1.834s
2025-12-09 06:51:16.625 66704 INFO tempest.lib.common.rest_client [req-2c5d996c-f2e3-458d-a8f1-a3c87514729d req-2c5d996c-f2e3-458d-a8f1-a3c87514729d ] Request (ListImageFiltersTestJSON:setUpClass): 200 GET http://10.180.1.21/compute/v2.1/servers/210da5ae-4e4b-49b3-afb8-638ccc85a6dd 1.792s
2025-12-09 06:51:16.632 66704 INFO tempest.common.waiters [-] State transition "BUILD/spawning" ==> "ACTIVE/None" after 46 second wait
2025-12-09 06:51:16.641 66728 INFO tempest.lib.common.rest_client [req-2655ec00-857d-42f3-9e30-9beab7ed12ae req-2655ec00-857d-42f3-9e30-9beab7ed12ae ] Request (KeyPairsV22TestJSON:test_get_keypair_detail): 201 POST http://10.180.1.21/compute/v2.1/os-keypairs 1.805s
2025-12-09 06:51:16.709 66712 INFO tempest.lib.common.rest_client [req-fa064d61-7eeb-4c49-9532-bee1315f4490 req-fa064d61-7eeb-4c49-9532-bee1315f4490 ] Request (ServerTagsTestJSON:setUpClass): 200 GET http://10.180.1.21/compute/v2.1/servers/2ab3718b-f533-4960-aa82-324f372bdd06 1.696s
2025-12-09 06:51:16.816 66750 INFO tempest.lib.common.rest_client [req-9c7b4470-98cf-4bf9-af3b-34aff47b9a44 req-9c7b4470-98cf-4bf9-af3b-34aff47b9a44 ] Request (ServersAdminNegativeTestJSON:test_migrate_server_invalid_state): 200 GET http://10.180.1.21/compute/v2.1/servers/b690738b-312d-40e0-ab33-2eb4127a096a 1.622s
2025-12-09 06:51:16.850 66710 INFO tempest.lib.common.rest_client [req-b844cf5b-48cd-4604-9e26-228ad92378d9 req-b844cf5b-48cd-4604-9e26-228ad92378d9 ] Request (ListServerFiltersTestJSON:test_list_servers_filter_by_shutoff_status): 200 GET http://10.180.1.21/compute/v2.1/servers/08eb1faf-bff1-4f68-bd3d-6ba923d56bc2 1.767s
2025-12-09 06:51:16.891 66736 INFO tempest.lib.common.rest_client [req-c7a97f92-9199-4644-af72-e81315cb1e5b req-c7a97f92-9199-4644-af72-e81315cb1e5b ] Request (ServerRescueTestJSON:test_rescue_unrescue_instance): 200 GET http://10.180.1.21/compute/v2.1/servers/c3d141df-3545-41ef-8a45-2c31786e105f 1.554s
2025-12-09 06:51:16.942 66752 INFO tempest.lib.common.rest_client [req-c3384547-f683-4611-8a8a-37740e4bd9fe req-c3384547-f683-4611-8a8a-37740e4bd9fe ] Request (ServerShowV257Test:test_rebuild_server): 200 GET http://10.180.1.21/compute/v2.1/servers/439d8471-340a-47b7-9ceb-3685243c886a 1.544s
2025-12-09 06:51:16.999 66720 INFO tempest.lib.common.rest_client [req-fc83264c-f1c6-4aaa-ae75-2fe19c3c105c req-fc83264c-f1c6-4aaa-ae75-2fe19c3c105c ] Request (ServersListShow2100Test:test_list_show_rebuild_update_server_2100): 200 GET http://10.180.1.21/compute/v2.1/servers/d639e22a-2063-4c23-9775-deac2a14f1b8 1.601s
2025-12-09 06:51:17.039 66696 INFO tempest.lib.common.rest_client [req-506fd08b-0409-49e9-91c1-2420689fef56 req-506fd08b-0409-49e9-91c1-2420689fef56 ] Request (DeleteServersTestJSON:test_delete_active_server): 200 GET http://10.180.1.21/compute/v2.1/servers/ab09b2ef-43a8-4bb9-acae-64126737b3d3 1.535s
2025-12-09 06:51:17.094 66694 INFO tempest.lib.common.rest_client [req-f04ea0a2-7318-453c-9b8c-1720ddbf5448 req-f04ea0a2-7318-453c-9b8c-1720ddbf5448 ] Request (ServerDiskConfigTestJSON:test_rebuild_server_with_manual_disk_config): 200 GET http://10.180.1.21/compute/v2.1/servers/78d97b51-fc03-49be-b434-d100da6ac052 1.507s
2025-12-09 06:51:17.121 66692 INFO tempest.lib.common.rest_client [req-2110aeff-a7c5-4eed-be6c-0022da36fbc1 req-2110aeff-a7c5-4eed-be6c-0022da36fbc1 ] Request (MigrationsAdminTest:test_list_migrations_in_flavor_resize_situation): 200 GET http://10.180.1.21/compute/v2.1/servers/7abb6ee0-b37b-4400-848e-f4b0e773d82b 1.585s
2025-12-09 06:51:17.261 66718 INFO tempest.lib.common.rest_client [req-32e92c53-cfa7-46bc-a1f0-7abc73860369 req-32e92c53-cfa7-46bc-a1f0-7abc73860369 ] Request (SecurityGroupsTestJSON:test_security_groups_create_list_delete): 202 DELETE http://10.180.1.21/compute/v2.1/os-security-groups/7a9398f0-9675-4b63-98bf-173f8931f641 1.538s
2025-12-09 06:51:17.288 66708 INFO tempest.lib.common.rest_client [req-cfb69a28-7c55-40a0-9c9e-cb1cfa2d7b1c req-cfb69a28-7c55-40a0-9c9e-cb1cfa2d7b1c ] Request (InstanceActionsV221TestJSON:test_get_list_deleted_instance_actions): 200 GET http://10.180.1.21/compute/v2.1/servers/05de7946-a5d4-4e94-8fd1-9a4672037910 1.503s
2025-12-09 06:51:17.304 66724 INFO tempest.lib.common.rest_client [req-8ca41482-a414-4546-81f7-f1d5940626e5 req-8ca41482-a414-4546-81f7-f1d5940626e5 ] Request (ServersTestBootFromVolume:setUpClass): 200 GET http://10.180.1.21/volume/v3/volumes/e60be808-aa78-434b-a22d-971c9d0fb45a 0.046s
2025-12-09 06:51:17.422 66698 INFO tempest.lib.common.rest_client [req-cca7fc32-90f9-41cc-8db9-976832857330 req-cca7fc32-90f9-41cc-8db9-976832857330 ] Request (ImagesOneServerTestJSON:setUpClass): 200 GET http://10.180.1.21/compute/v2.1/servers/5d7f4011-1902-44fb-8f28-7294241c02c8 1.487s
2025-12-09 06:51:17.461 66740 INFO tempest.lib.common.rest_client [req-768ced61-1c08-4c95-8db1-503f09b316fb req-768ced61-1c08-4c95-8db1-503f09b316fb ] Request (ServerRescueNegativeTestJSON:test_rescued_vm_attach_volume): 200 GET http://10.180.1.21/compute/v2.1/servers/b4309e6d-6b6a-4263-8238-cc76bf80a4ed 1.545s
2025-12-09 06:51:17.501 66746 INFO tempest.lib.common.rest_client [req-8997d5d1-ffb8-465d-a4c9-2aca8ce57d1d req-8997d5d1-ffb8-465d-a4c9-2aca8ce57d1d ] Request (TenantUsagesTestJSON:tearDownClass): 200 GET http://10.180.1.21/compute/v2.1/servers/dec0df5a-5b1b-4a0d-ab6b-1b703065fd69 1.497s
2025-12-09 06:51:17.525 66716 INFO tempest.lib.common.rest_client [req-0a2dfa52-5295-4ff4-8f6a-356a4dbd3629 req-0a2dfa52-5295-4ff4-8f6a-356a4dbd3629 ] Request (AggregatesAdminNegativeTestJSON:_run_cleanups): 200 DELETE http://10.180.1.21/compute/v2.1/os-aggregates/8 1.177s
2025-12-09 06:51:17.546 66722 INFO tempest.lib.common.rest_client [req-31e2d079-2de3-412d-b005-674302f078ab req-31e2d079-2de3-412d-b005-674302f078ab ] Request (ImagesMetadataNegativeTestJSON:test_list_nonexistent_image_metadata): 404 GET http://10.180.1.21/compute/v2.1/images/a03497e9-d5bd-49c6-a4cd-c8fd57a6be87/metadata 1.136s
2025-12-09 06:51:17.579 66734 INFO tempest.lib.common.rest_client [req-d5e63240-1697-4fdd-bbf5-2fa6cd4fa10a req-d5e63240-1697-4fdd-bbf5-2fa6cd4fa10a ] Request (FlavorsAdminTestJSON:test_is_public_string_variations): 200 GET http://10.180.1.21/compute/v2.1/flavors/detail?is_public=1 1.130s
2025-12-09 06:51:17.660 66714 INFO tempest.lib.common.rest_client [req-e35d48cd-2d4b-4a5b-88ca-a22626f7ef19 req-e35d48cd-2d4b-4a5b-88ca-a22626f7ef19 ] Request (ServerExternalEventsTest:tearDownClass): 200 GET http://10.180.1.21/compute/v2.1/servers/2b81aec5-f79b-4a18-ac13-83fce1809740 1.342s
2025-12-09 06:51:17.693 66716 INFO tempest.lib.common.rest_client [req-89fbd5d8-f6ee-44ae-b3da-0d2df967ad8f req-89fbd5d8-f6ee-44ae-b3da-0d2df967ad8f ] Request (AggregatesAdminNegativeTestJSON:tearDownClass): 204 DELETE http://10.180.1.21/identity/v3/users/6ca6c23325de4f57a3658722b7499ed5 0.167s
2025-12-09 06:51:17.815 66716 INFO tempest.lib.common.rest_client [req-c28c0249-6300-445b-ba94-15494a57c12d req-c28c0249-6300-445b-ba94-15494a57c12d ] Request (AggregatesAdminNegativeTestJSON:tearDownClass): 204 DELETE http://10.180.1.21/identity/v3/users/e6bc658cc9d34d83bb72955d7cae918f 0.121s
2025-12-09 06:51:17.815 66716 INFO tempest.lib.common.dynamic_creds [-] Deleting project and security group for project: 288c917d8fca4bd0a943d6fa3a230a94
2025-12-09 06:51:17.828 66700 INFO tempest.lib.common.rest_client [req-38609537-677a-4a1a-8804-6da383a17a00 req-38609537-677a-4a1a-8804-6da383a17a00 ] Request (SecurityGroupRulesNegativeTestJSON:tearDownClass): 202 DELETE http://10.180.1.21/compute/v2.1/os-security-groups/ab1155cd-2525-4715-8ed6-cea6b9648566 1.283s
2025-12-09 06:51:17.844 66728 INFO tempest.lib.common.rest_client [req-47e9185e-2b26-4568-a83c-1472e1d37887 req-47e9185e-2b26-4568-a83c-1472e1d37887 ] Request (KeyPairsV22TestJSON:test_get_keypair_detail): 200 GET http://10.180.1.21/compute/v2.1/os-keypairs/tempest-keypair-943225963 1.202s
2025-12-09 06:51:17.915 66704 INFO tempest.lib.common.rest_client [req-c5a2c374-186f-4dac-b969-9ae59bea088b req-c5a2c374-186f-4dac-b969-9ae59bea088b ] Request (ListImageFiltersTestJSON:setUpClass): 200 GET http://10.180.1.21/compute/v2.1/servers/6f4b9ce3-647d-4620-a9b7-b91782b15142 1.279s
2025-12-09 06:51:17.936 66716 INFO tempest.lib.common.rest_client [req-a9dfd1f9-ec77-41f8-8955-d4bbf5cffce4 req-a9dfd1f9-ec77-41f8-8955-d4bbf5cffce4 ] Request (AggregatesAdminNegativeTestJSON:tearDownClass): 201 POST http://10.180.1.21/identity/v3/auth/tokens 0.120s
2025-12-09 06:51:18.077 66690 INFO tempest.lib.common.rest_client [req-7748c8dd-dc57-43f7-8a11-93b535ae33ec req-7748c8dd-dc57-43f7-8a11-93b535ae33ec ] Request (ServersAdminTestJSON:test_create_server_with_scheduling_hint): 200 GET http://10.180.1.21/compute/v2.1/servers/c0bbbac6-1749-408e-959b-3a640cd7c1ef 1.405s
2025-12-09 06:51:18.111 66730 INFO tempest.lib.common.rest_client [req-932e8ee0-7dd4-4577-ad20-5a9ffea1558e req-932e8ee0-7dd4-4577-ad20-5a9ffea1558e ] Request (InstanceActionsTestJSON:test_list_instance_actions): 200 GET http://10.180.1.21/compute/v2.1/servers/4debbf33-37ac-4d62-928c-76222c40c25b 1.405s
2025-12-09 06:51:18.121 66730 INFO tempest.common.waiters [-] State transition "HARD_REBOOT/reboot_started_hard" ==> "ACTIVE/None" after 6 second wait
2025-12-09 06:51:18.132 66716 INFO tempest.lib.common.rest_client [req-9ba1ad6e-11e1-4196-87bd-65838a9c4dcc req-9ba1ad6e-11e1-4196-87bd-65838a9c4dcc ] Request (AggregatesAdminNegativeTestJSON:tearDownClass): 200 GET http://10.180.1.21/networking/v2.0/security-groups?tenant_id=288c917d8fca4bd0a943d6fa3a230a94&name=default 0.196s
2025-12-09 06:51:18.169 66732 INFO tempest.lib.common.rest_client [req-aecf13e6-9106-4197-b038-b659b07801ad req-aecf13e6-9106-4197-b038-b659b07801ad ] Request (ListServersNegativeTestJSON:setUpClass): 200 GET http://10.180.1.21/compute/v2.1/servers/6e1b1e50-0c3b-4191-9b94-7b6e35ef4f9e 1.346s
2025-12-09 06:51:18.242 66716 INFO tempest.lib.common.rest_client [req-199fec68-0e5e-4021-9829-3e363c9a6a3b req-199fec68-0e5e-4021-9829-3e363c9a6a3b ] Request (AggregatesAdminNegativeTestJSON:tearDownClass): 204 DELETE http://10.180.1.21/networking/v2.0/security-groups/501dac42-9383-4ecd-8c2f-c0bffc5a0200 0.110s
2025-12-09 06:51:18.273 66742 INFO tempest.lib.common.rest_client [req-55a99907-1c53-4611-b24e-3352e3cbf19f req-55a99907-1c53-4611-b24e-3352e3cbf19f ] Request (DeleteServersAdminTestJSON:test_delete_server_while_in_error_state): 200 GET http://10.180.1.21/compute/v2.1/servers/77154bb9-c0e2-49a8-b7ac-36430292ee85 1.144s
2025-12-09 06:51:18.279 66748 INFO tempest.lib.common.rest_client [req-8fa7b1b1-1831-4685-a77a-568c2d50df7b req-8fa7b1b1-1831-4685-a77a-568c2d50df7b ] Request (FloatingIPsAssociationTestJSON:setUpClass): 200 GET http://10.180.1.21/compute/v2.1/servers/916e3446-70f7-405a-99f9-f74709d3dadb 1.061s
2025-12-09 06:51:18.300 66718 INFO tempest.lib.common.rest_client [req-3d28b804-65dd-438e-ab96-0b63d57337da req-3d28b804-65dd-438e-ab96-0b63d57337da ] Request (SecurityGroupsTestJSON:test_security_groups_create_list_delete): 404 GET http://10.180.1.21/compute/v2.1/os-security-groups/7a9398f0-9675-4b63-98bf-173f8931f641 1.039s
2025-12-09 06:51:18.324 66716 INFO tempest.lib.common.rest_client [req-201b6a7d-178c-41e3-9ba8-e0e9b0701189 req-201b6a7d-178c-41e3-9ba8-e0e9b0701189 ] Request (AggregatesAdminNegativeTestJSON:tearDownClass): 204 DELETE http://10.180.1.21/identity/v3/projects/288c917d8fca4bd0a943d6fa3a230a94 0.081s
2025-12-09 06:51:18.324 66716 INFO tempest.lib.common.dynamic_creds [-] Deleting project and security group for project: 2d5f4377e6aa46c98ab5e10552107adc
2025-12-09 06:51:18.344 66724 INFO tempest.lib.common.rest_client [req-e3f9c01b-dc76-4088-92a2-ba616cf8dd7c req-e3f9c01b-dc76-4088-92a2-ba616cf8dd7c ] Request (ServersTestBootFromVolume:setUpClass): 200 GET http://10.180.1.21/volume/v3/volumes/e60be808-aa78-434b-a22d-971c9d0fb45a 0.030s
2025-12-09 06:51:18.346 66706 INFO tempest.lib.common.rest_client [req-c955edbe-cbd5-43d0-bef4-f34af2ae18ec req-c955edbe-cbd5-43d0-bef4-f34af2ae18ec ] Request (ServerDiagnosticsTest:test_get_server_diagnostics): 200 GET http://10.180.1.21/compute/v2.1/servers/64db9266-a5ed-4159-a2d6-150ed0f9a5ed 1.104s
2025-12-09 06:51:18.351 66724 INFO tempest.common.waiters [-] volume e60be808-aa78-434b-a22d-971c9d0fb45a reached available after waiting for 19.351239 seconds
2025-12-09 06:51:18.353 66706 INFO tempest.common.waiters [-] State transition "BUILD/scheduling" ==> "BUILD/None" after 14 second wait
2025-12-09 06:51:18.366 66722 INFO tempest.lib.common.rest_client [req-bc69793e-2657-4e2d-994f-1358e92166a3 req-bc69793e-2657-4e2d-994f-1358e92166a3 ] Request (ImagesMetadataNegativeTestJSON:test_set_nonexistent_image_metadata): 404 PUT http://10.180.1.21/compute/v2.1/images/8fb9e28a-77e7-41ef-81f5-e8e8613aa306/metadata 0.819s
2025-12-09 06:51:18.383 66734 INFO tempest.lib.common.rest_client [req-2510d64d-b667-4d72-a366-95f8ff5667b4 req-2510d64d-b667-4d72-a366-95f8ff5667b4 ] Request (FlavorsAdminTestJSON:_run_cleanups): 202 DELETE http://10.180.1.21/compute/v2.1/flavors/1522085368 0.797s
2025-12-09 06:51:18.417 66744 INFO tempest.lib.common.rest_client [req-cd363eec-709b-420f-a4ae-cd22509f2c2d req-cd363eec-709b-420f-a4ae-cd22509f2c2d ] Request (ServerAddressesTestJSON:setUpClass): 200 GET http://10.180.1.21/compute/v2.1/servers/647f4f9c-e014-43ab-8338-91f6126931ed 1.019s
2025-12-09 06:51:18.427 66744 INFO tempest.common.waiters [-] State transition "BUILD/block_device_mapping" ==> "BUILD/spawning" after 30 second wait
2025-12-09 06:51:18.438 66716 INFO tempest.lib.common.rest_client [req-b1675f45-c2a8-4e0b-a171-1432fe532b87 req-b1675f45-c2a8-4e0b-a171-1432fe532b87 ] Request (AggregatesAdminNegativeTestJSON:tearDownClass): 200 GET http://10.180.1.21/networking/v2.0/security-groups?tenant_id=2d5f4377e6aa46c98ab5e10552107adc&name=default 0.114s
2025-12-09 06:51:18.463 66712 INFO tempest.lib.common.rest_client [req-afef48d5-8d7b-4a49-8b0b-be18ed076999 req-afef48d5-8d7b-4a49-8b0b-be18ed076999 ] Request (ServerTagsTestJSON:setUpClass): 200 GET http://10.180.1.21/compute/v2.1/servers/2ab3718b-f533-4960-aa82-324f372bdd06 0.744s
2025-12-09 06:51:18.525 66750 INFO tempest.lib.common.rest_client [req-1db363cc-1642-49d8-ade8-f37f261998a3 req-1db363cc-1642-49d8-ade8-f37f261998a3 ] Request (ServersAdminNegativeTestJSON:test_migrate_server_invalid_state): 200 GET http://10.180.1.21/compute/v2.1/servers/b690738b-312d-40e0-ab33-2eb4127a096a 0.699s
2025-12-09 06:51:18.546 66728 INFO tempest.lib.common.rest_client [req-aa5e8e3b-c02c-40d6-ab33-d9836510bbdc req-aa5e8e3b-c02c-40d6-ab33-d9836510bbdc ] Request (KeyPairsV22TestJSON:_run_cleanups): 204 DELETE http://10.180.1.21/compute/v2.1/os-keypairs/tempest-keypair-943225963 0.699s
2025-12-09 06:51:18.561 66716 INFO tempest.lib.common.rest_client [req-337571c0-366f-4697-b190-27147291ac77 req-337571c0-366f-4697-b190-27147291ac77 ] Request (AggregatesAdminNegativeTestJSON:tearDownClass): 204 DELETE http://10.180.1.21/networking/v2.0/security-groups/2a33b626-9541-4cb7-b74d-e97f29673ccb 0.122s
2025-12-09 06:51:18.698 66716 INFO tempest.lib.common.rest_client [req-a1bc770c-1da8-4387-b41f-69364991bb15 req-a1bc770c-1da8-4387-b41f-69364991bb15 ] Request (AggregatesAdminNegativeTestJSON:tearDownClass): 204 DELETE http://10.180.1.21/identity/v3/projects/2d5f4377e6aa46c98ab5e10552107adc 0.137s
2025-12-09 06:51:18.714 66700 INFO tempest.lib.common.rest_client [req-d04b17a5-e0c3-4bf5-aa89-bd797b0966e2 req-d04b17a5-e0c3-4bf5-aa89-bd797b0966e2 ] Request (SecurityGroupRulesNegativeTestJSON:tearDownClass): 202 DELETE http://10.180.1.21/compute/v2.1/os-security-groups/8a1f1f6d-2305-4b10-bd17-ed2b701290bd 0.885s
2025-12-09 06:51:18.782 66716 INFO tempest.lib.common.rest_client [req-d1146a2f-227c-4bf3-be27-ed7652f6ed6a req-d1146a2f-227c-4bf3-be27-ed7652f6ed6a ] Request (HostsAdminTestJSON:setUpClass): 201 POST http://10.180.1.21/identity/v3/auth/tokens 0.082s
2025-12-09 06:51:18.834 66716 INFO tempest.lib.common.rest_client [req-0c87af2e-a077-420e-a30d-4092a33c9398 req-0c87af2e-a077-420e-a30d-4092a33c9398 ] Request (HostsAdminTestJSON:setUpClass): 201 POST http://10.180.1.21/identity/v3/auth/tokens 0.048s
2025-12-09 06:51:18.874 66716 INFO tempest.lib.common.rest_client [req-cd872eae-8092-43c2-94da-660e6c1ea2da req-cd872eae-8092-43c2-94da-660e6c1ea2da ] Request (HostsAdminTestJSON:setUpClass): 200 GET http://10.180.1.21/identity/v3/domains?name=Default 0.039s
2025-12-09 06:51:18.909 66716 INFO tempest.lib.common.rest_client [req-4e8c9a2c-c0ee-402f-9c3b-f7e6a83fe43c req-4e8c9a2c-c0ee-402f-9c3b-f7e6a83fe43c ] Request (HostsAdminTestJSON:setUpClass): 201 POST http://10.180.1.21/identity/v3/projects 0.035s
2025-12-09 06:51:18.987 66716 INFO tempest.lib.common.rest_client [req-5a9c59f7-e211-4a1b-bae6-9ac9de2b6bde req-5a9c59f7-e211-4a1b-bae6-9ac9de2b6bde ] Request (HostsAdminTestJSON:setUpClass): 201 POST http://10.180.1.21/identity/v3/users 0.077s
2025-12-09 06:51:19.007 66736 INFO tempest.lib.common.rest_client [req-695de32f-cebe-4543-8dc1-58e5be8be797 req-695de32f-cebe-4543-8dc1-58e5be8be797 ] Request (ServerRescueTestJSON:test_rescue_unrescue_instance): 200 GET http://10.180.1.21/compute/v2.1/servers/c3d141df-3545-41ef-8a45-2c31786e105f 1.099s
2025-12-09 06:51:19.010 66716 INFO tempest.lib.common.rest_client [req-b1b06c6f-11e9-4d39-8f42-6435667da0d4 req-b1b06c6f-11e9-4d39-8f42-6435667da0d4 ] Request (HostsAdminTestJSON:setUpClass): 200 GET http://10.180.1.21/identity/v3/roles 0.022s
2025-12-09 06:51:19.046 66716 INFO tempest.lib.common.rest_client [req-b2715ca9-6164-4c2d-af55-edbe363a2390 req-b2715ca9-6164-4c2d-af55-edbe363a2390 ] Request (HostsAdminTestJSON:setUpClass): 204 PUT http://10.180.1.21/identity/v3/projects/ce47a0a402a14d28af49c8872ddf4ece/users/747ceaab15964edc8561eabfe72264aa/roles/1a42c0d8050149b19c56ee111f2bfc96 0.035s
2025-12-09 06:51:19.047 66716 INFO tempest.lib.common.dynamic_creds [-] Dynamic test user 747ceaab15964edc8561eabfe72264aa is created with scope project and roles: ['member']
2025-12-09 06:51:19.047 66716 INFO tempest.lib.common.dynamic_creds [-] Acquired dynamic creds: credentials: Credentials: {'domain_id': 'default', 'domain_name': 'Default', 'username': 'tempest-HostsAdminTestJSON-309334581-project-member', 'project_domain_id': 'default', 'project_domain_name': 'Default', 'project_id': 'ce47a0a402a14d28af49c8872ddf4ece', 'project_name': 'tempest-HostsAdminTestJSON-309334581', 'tenant_id': 'ce47a0a402a14d28af49c8872ddf4ece', 'tenant_name': 'tempest-HostsAdminTestJSON-309334581', 'user_domain_id': 'default', 'user_domain_name': 'Default', 'user_id': '747ceaab15964edc8561eabfe72264aa', 'system': None}, Network: None, Subnet: None, Router: None
2025-12-09 06:51:19.047 66716 INFO tempest.lib.common.dynamic_creds [-] Created isolated network resources for: credentials: Credentials: {'domain_id': 'default', 'domain_name': 'Default', 'username': 'tempest-HostsAdminTestJSON-309334581-project-member', 'project_domain_id': 'default', 'project_domain_name': 'Default', 'project_id': 'ce47a0a402a14d28af49c8872ddf4ece', 'project_name': 'tempest-HostsAdminTestJSON-309334581', 'tenant_id': 'ce47a0a402a14d28af49c8872ddf4ece', 'tenant_name': 'tempest-HostsAdminTestJSON-309334581', 'user_domain_id': 'default', 'user_domain_name': 'Default', 'user_id': '747ceaab15964edc8561eabfe72264aa', 'system': None}, Network: None, Subnet: None, Router: None
2025-12-09 06:51:19.072 66710 INFO tempest.lib.common.rest_client [req-cdf593dd-85d9-45ea-a76b-4f190aba886a req-cdf593dd-85d9-45ea-a76b-4f190aba886a ] Request (ListServerFiltersTestJSON:test_list_servers_filter_by_shutoff_status): 200 GET http://10.180.1.21/compute/v2.1/servers/08eb1faf-bff1-4f68-bd3d-6ba923d56bc2 1.215s
2025-12-09 06:51:19.156 66716 INFO tempest.lib.common.rest_client [req-498c9bca-7a18-44d4-8c13-58cbdbe7c312 req-498c9bca-7a18-44d4-8c13-58cbdbe7c312 ] Request (HostsAdminTestJSON:setUpClass): 201 POST http://10.180.1.21/identity/v3/auth/tokens 0.104s
2025-12-09 06:51:19.222 66716 INFO tempest.lib.common.rest_client [req-b7201484-64fb-4f0e-9e3a-84db3f194a87 req-b7201484-64fb-4f0e-9e3a-84db3f194a87 ] Request (HostsAdminTestJSON:setUpClass): 201 POST http://10.180.1.21/identity/v3/projects 0.065s
2025-12-09 06:51:19.262 66752 INFO tempest.lib.common.rest_client [req-f00aa6fc-7194-4011-ae5c-3cc006cb99fd req-f00aa6fc-7194-4011-ae5c-3cc006cb99fd ] Request (ServerShowV257Test:test_rebuild_server): 200 GET http://10.180.1.21/compute/v2.1/servers/439d8471-340a-47b7-9ceb-3685243c886a 1.308s
2025-12-09 06:51:19.296 66716 INFO tempest.lib.common.rest_client [req-620dc310-2eb8-471b-90ac-b505474b0b37 req-620dc310-2eb8-471b-90ac-b505474b0b37 ] Request (HostsAdminTestJSON:setUpClass): 201 POST http://10.180.1.21/identity/v3/users 0.074s
2025-12-09 06:51:19.315 66716 INFO tempest.lib.common.rest_client [req-9354ed44-eb34-4036-8d8a-78a998034730 req-9354ed44-eb34-4036-8d8a-78a998034730 ] Request (HostsAdminTestJSON:setUpClass): 200 GET http://10.180.1.21/identity/v3/roles 0.019s
2025-12-09 06:51:19.344 66716 INFO tempest.lib.common.rest_client [req-5fbb3610-51a5-4111-8ad7-8593a48e7f79 req-5fbb3610-51a5-4111-8ad7-8593a48e7f79 ] Request (HostsAdminTestJSON:setUpClass): 204 PUT http://10.180.1.21/identity/v3/projects/e21a54197bb7402ba503fcbf1d63b230/users/a778bcb4516847f99ad52841d2a7599c/roles/617ba33a8d4f46faaa7a672759c4b470 0.028s
2025-12-09 06:51:19.402 66720 INFO tempest.lib.common.rest_client [req-d98aa519-da3d-46c5-913d-3da4604c0567 req-d98aa519-da3d-46c5-913d-3da4604c0567 ] Request (ServersListShow2100Test:test_list_show_rebuild_update_server_2100): 200 GET http://10.180.1.21/compute/v2.1/servers/d639e22a-2063-4c23-9775-deac2a14f1b8 1.389s
2025-12-09 06:51:19.413 66716 INFO tempest.lib.common.rest_client [req-12df5d8e-7fdd-446e-bb39-9bfcf2a7d779 req-12df5d8e-7fdd-446e-bb39-9bfcf2a7d779 ] Request (HostsAdminTestJSON:setUpClass): 200 GET http://10.180.1.21/identity/v3/roles 0.068s
2025-12-09 06:51:19.433 66716 INFO tempest.lib.common.rest_client [req-0241971b-4a9e-4743-ab93-8d644c09e35e req-0241971b-4a9e-4743-ab93-8d644c09e35e ] Request (HostsAdminTestJSON:setUpClass): 204 PUT http://10.180.1.21/identity/v3/projects/e21a54197bb7402ba503fcbf1d63b230/users/a778bcb4516847f99ad52841d2a7599c/roles/617ba33a8d4f46faaa7a672759c4b470 0.020s
2025-12-09 06:51:19.433 66716 INFO tempest.lib.common.dynamic_creds [-] Dynamic test user a778bcb4516847f99ad52841d2a7599c is created with scope project and roles: ['admin']
2025-12-09 06:51:19.433 66716 INFO tempest.lib.common.dynamic_creds [-] Acquired dynamic creds: credentials: Credentials: {'domain_id': 'default', 'domain_name': 'Default', 'username': 'tempest-HostsAdminTestJSON-146940059-project-admin', 'project_domain_id': 'default', 'project_domain_name': 'Default', 'project_id': 'e21a54197bb7402ba503fcbf1d63b230', 'project_name': 'tempest-HostsAdminTestJSON-146940059', 'tenant_id': 'e21a54197bb7402ba503fcbf1d63b230', 'tenant_name': 'tempest-HostsAdminTestJSON-146940059', 'user_domain_id': 'default', 'user_domain_name': 'Default', 'user_id': 'a778bcb4516847f99ad52841d2a7599c', 'system': None}, Network: None, Subnet: None, Router: None
2025-12-09 06:51:19.434 66716 INFO tempest.lib.common.dynamic_creds [-] Created isolated network resources for: credentials: Credentials: {'domain_id': 'default', 'domain_name': 'Default', 'username': 'tempest-HostsAdminTestJSON-146940059-project-admin', 'project_domain_id': 'default', 'project_domain_name': 'Default', 'project_id': 'e21a54197bb7402ba503fcbf1d63b230', 'project_name': 'tempest-HostsAdminTestJSON-146940059', 'tenant_id': 'e21a54197bb7402ba503fcbf1d63b230', 'tenant_name': 'tempest-HostsAdminTestJSON-146940059', 'user_domain_id': 'default', 'user_domain_name': 'Default', 'user_id': 'a778bcb4516847f99ad52841d2a7599c', 'system': None}, Network: None, Subnet: None, Router: None
2025-12-09 06:51:19.554 66716 INFO tempest.lib.common.rest_client [req-83f4ff1e-4060-46b3-b8e7-c2282c2a2cea req-83f4ff1e-4060-46b3-b8e7-c2282c2a2cea ] Request (HostsAdminTestJSON:setUpClass): 201 POST http://10.180.1.21/identity/v3/auth/tokens 0.118s
2025-12-09 06:51:19.591 66704 INFO tempest.lib.common.rest_client [req-8c3eed81-21b9-48df-bfb4-a4730bda9a60 req-8c3eed81-21b9-48df-bfb4-a4730bda9a60 ] Request (ListImageFiltersTestJSON:setUpClass): 202 POST http://10.180.1.21/compute/v2.1/servers/6f4b9ce3-647d-4620-a9b7-b91782b15142/action 1.654s
2025-12-09 06:51:19.629 66726 WARNING tempest.lib.common.ssh [-] Failed to establish authenticated ssh connection to cirros@10.180.180.200 ([Errno None] Unable to connect to port 22 on 10.180.180.200). Number attempts: 5. Retry after 6 seconds.: paramiko.ssh_exception.NoValidConnectionsError: [Errno None] Unable to connect to port 22 on 10.180.180.200
2025-12-09 06:51:19.658 66696 INFO tempest.lib.common.rest_client [req-6524b746-8127-4a2c-8812-5bef20aabea5 req-6524b746-8127-4a2c-8812-5bef20aabea5 ] Request (DeleteServersTestJSON:test_delete_active_server): 200 GET http://10.180.1.21/compute/v2.1/servers/ab09b2ef-43a8-4bb9-acae-64126737b3d3 1.610s
2025-12-09 06:51:19.665 66696 INFO tempest.common.waiters [-] State transition "BUILD/None" ==> "BUILD/block_device_mapping" after 29 second wait
2025-12-09 06:51:19.675 66694 INFO tempest.lib.common.rest_client [req-a360e7d0-e3e1-4c24-8dde-5d41eb7d8928 req-a360e7d0-e3e1-4c24-8dde-5d41eb7d8928 ] Request (ServerDiskConfigTestJSON:test_rebuild_server_with_manual_disk_config): 200 GET http://10.180.1.21/compute/v2.1/servers/78d97b51-fc03-49be-b434-d100da6ac052 1.573s
2025-12-09 06:51:19.691 66730 INFO tempest.lib.common.rest_client [req-ff5a9850-e741-4b45-b837-d1b6d8bccb0d req-ff5a9850-e741-4b45-b837-d1b6d8bccb0d ] Request (InstanceActionsTestJSON:test_list_instance_actions): 200 GET http://10.180.1.21/compute/v2.1/servers/4debbf33-37ac-4d62-928c-76222c40c25b/os-instance-actions 1.570s
2025-12-09 06:51:19.848 66692 INFO tempest.lib.common.rest_client [req-0e40d08e-2d5e-4613-8afb-f0056fa980c2 req-0e40d08e-2d5e-4613-8afb-f0056fa980c2 ] Request (MigrationsAdminTest:test_list_migrations_in_flavor_resize_situation): 200 GET http://10.180.1.21/compute/v2.1/servers/7abb6ee0-b37b-4400-848e-f4b0e773d82b 1.719s
2025-12-09 06:51:19.886 66718 INFO tempest.lib.common.rest_client [req-4a15f051-5a76-4615-96eb-a95c6fc06e6e req-4a15f051-5a76-4615-96eb-a95c6fc06e6e ] Request (SecurityGroupsTestJSON:test_security_groups_create_list_delete): 200 GET http://10.180.1.21/compute/v2.1/os-security-groups 1.585s
2025-12-09 06:51:19.925 66708 INFO tempest.lib.common.rest_client [req-7fa56f15-8376-4564-bf07-3ac5b4b72599 req-7fa56f15-8376-4564-bf07-3ac5b4b72599 ] Request (InstanceActionsV221TestJSON:test_get_list_deleted_instance_actions): 200 GET http://10.180.1.21/compute/v2.1/servers/05de7946-a5d4-4e94-8fd1-9a4672037910 1.624s
2025-12-09 06:51:19.945 66722 INFO tempest.lib.common.rest_client [req-fcbf2acc-9ebb-4d03-923a-dc09f90949b3 req-fcbf2acc-9ebb-4d03-923a-dc09f90949b3 ] Request (ImagesMetadataNegativeTestJSON:test_set_nonexistent_image_metadata_item): 404 PUT http://10.180.1.21/compute/v2.1/images/4ec191ff-409b-410b-96db-393c8fb1aff4/metadata/os_distro 1.577s
2025-12-09 06:51:19.972 66734 INFO tempest.lib.common.rest_client [req-b9b13d04-cdd5-4a87-8a31-64e34699ee8c req-b9b13d04-cdd5-4a87-8a31-64e34699ee8c ] Request (FlavorsAdminTestJSON:_run_cleanups): 200 GET http://10.180.1.21/compute/v2.1/flavors/detail 1.589s
2025-12-09 06:51:20.038 66698 INFO tempest.lib.common.rest_client [req-61c33c0d-3819-4cb4-986b-6a6cef045157 req-61c33c0d-3819-4cb4-986b-6a6cef045157 ] Request (ImagesOneServerTestJSON:setUpClass): 200 GET http://10.180.1.21/compute/v2.1/servers/5d7f4011-1902-44fb-8f28-7294241c02c8 1.607s
2025-12-09 06:51:20.169 66740 INFO tempest.lib.common.rest_client [req-621be001-868d-4be5-9fdc-45016c01234f req-621be001-868d-4be5-9fdc-45016c01234f ] Request (ServerRescueNegativeTestJSON:test_rescued_vm_attach_volume): 200 GET http://10.180.1.21/compute/v2.1/servers/b4309e6d-6b6a-4263-8238-cc76bf80a4ed 1.698s
2025-12-09 06:51:20.176 66740 INFO tempest.common.waiters [-] State transition "ACTIVE/rescuing" ==> "RESCUE/None" after 8 second wait
2025-12-09 06:51:20.261 66746 INFO tempest.lib.common.rest_client [req-2c5bd021-c8e0-4c36-a568-f5b077e8df69 req-2c5bd021-c8e0-4c36-a568-f5b077e8df69 ] Request (TenantUsagesTestJSON:tearDownClass): 200 GET http://10.180.1.21/compute/v2.1/servers/dec0df5a-5b1b-4a0d-ab6b-1b703065fd69 1.750s
2025-12-09 06:51:20.311 66728 INFO tempest.lib.common.rest_client [req-0fd51d34-491a-4c02-91c3-862e722aae71 req-0fd51d34-491a-4c02-91c3-862e722aae71 ] Request (KeyPairsV22TestJSON:test_keypair_create_delete): 201 POST http://10.180.1.21/compute/v2.1/os-keypairs 1.763s
2025-12-09 06:51:20.410 66714 INFO tempest.lib.common.rest_client [req-16a7fa8f-0d0b-4b49-b6d9-ce5a26104293 req-16a7fa8f-0d0b-4b49-b6d9-ce5a26104293 ] Request (ServerExternalEventsTest:tearDownClass): 200 GET http://10.180.1.21/compute/v2.1/servers/2b81aec5-f79b-4a18-ac13-83fce1809740 1.740s
2025-12-09 06:51:20.419 66714 INFO tempest.common.waiters [-] State transition "ACTIVE/deleting" ==> "DELETED/None" after 3 second wait
2025-12-09 06:51:20.557 66724 INFO tempest.lib.common.rest_client [req-e91d0b23-f45d-4129-8642-ea8f6edd4034 req-e91d0b23-f45d-4129-8642-ea8f6edd4034 ] Request (ServersTestBootFromVolume:setUpClass): 202 POST http://10.180.1.21/compute/v2.1/servers 2.206s
2025-12-09 06:51:20.565 66700 INFO tempest.lib.common.rest_client [req-2e953a40-f7a7-40c3-b32d-e1d6b8d52fab req-2e953a40-f7a7-40c3-b32d-e1d6b8d52fab ] Request (SecurityGroupRulesNegativeTestJSON:tearDownClass): 202 DELETE http://10.180.1.21/compute/v2.1/os-security-groups/17ca34f9-ab5d-477c-a9c3-9dd701ece560 1.851s
2025-12-09 06:51:20.656 66732 INFO tempest.lib.common.rest_client [req-c256cb5d-d663-45cf-9294-79d7a0b780fc req-c256cb5d-d663-45cf-9294-79d7a0b780fc ] Request (ListServersNegativeTestJSON:setUpClass): 200 GET http://10.180.1.21/compute/v2.1/servers/6e1b1e50-0c3b-4191-9b94-7b6e35ef4f9e 1.476s
2025-12-09 06:51:20.688 66690 INFO tempest.lib.common.rest_client [req-72e7ba76-b0bb-42fa-9de3-0f34c556aea8 req-72e7ba76-b0bb-42fa-9de3-0f34c556aea8 ] Request (ServersAdminTestJSON:test_create_server_with_scheduling_hint): 200 GET http://10.180.1.21/compute/v2.1/servers/c0bbbac6-1749-408e-959b-3a640cd7c1ef 1.601s
2025-12-09 06:51:20.699 66690 INFO tempest.common.waiters [-] State transition "BUILD/spawning" ==> "ACTIVE/None" after 44 second wait
2025-12-09 06:51:20.801 66690 INFO tempest.lib.common.rest_client [req-d761204a-c512-4ede-af8a-1f5773f39744 req-d761204a-c512-4ede-af8a-1f5773f39744 ] Request (ServersAdminTestJSON:test_inject_network_info): 201 POST http://10.180.1.21/identity/v3/auth/tokens 0.093s
2025-12-09 06:51:20.802 66690 INFO tempest.lib.common.fixed_network [-] (ServersAdminTestJSON:test_inject_network_info) Found network {'id': 'ff2e4b3a-bdbd-4c35-8a60-7a71a95615f6', 'name': 'tempest-ServersAdminTestJSON-1741301770-network', 'tenant_id': '7ede85ce6e804b1480253b584364998a', 'project_id': '7ede85ce6e804b1480253b584364998a', 'admin_state_up': True, 'mtu': 8950, 'status': 'ACTIVE', 'subnets': [], 'shared': False, 'port_security_enabled': True, 'router:external': False, 'provider:network_type': 'vlan', 'provider:physical_network': 'default', 'provider:segmentation_id': 183, 'availability_zone_hints': [], 'availability_zones': [], 'ipv4_address_scope': None, 'ipv6_address_scope': None, 'description': '', 'tags': [], 'created_at': '2025-12-09T06:49:38Z', 'updated_at': '2025-12-09T06:49:38Z', 'revision_number': 1} available for tenant
2025-12-09 06:51:20.858 66742 INFO tempest.lib.common.rest_client [req-80359b9e-2f55-4dbd-b81a-26085f6718fa req-80359b9e-2f55-4dbd-b81a-26085f6718fa ] Request (DeleteServersAdminTestJSON:test_delete_server_while_in_error_state): 200 GET http://10.180.1.21/compute/v2.1/servers/77154bb9-c0e2-49a8-b7ac-36430292ee85 1.575s
2025-12-09 06:51:20.869 66742 INFO tempest.common.waiters [-] State transition "BUILD/spawning" ==> "ACTIVE/None" after 44 second wait
2025-12-09 06:51:20.881 66748 INFO tempest.lib.common.rest_client [req-3ce1fd8f-6ebd-48cc-86c0-4aed9bb944a4 req-3ce1fd8f-6ebd-48cc-86c0-4aed9bb944a4 ] Request (FloatingIPsAssociationTestJSON:setUpClass): 200 GET http://10.180.1.21/compute/v2.1/servers/916e3446-70f7-405a-99f9-f74709d3dadb 1.588s
2025-12-09 06:51:20.923 66706 INFO tempest.lib.common.rest_client [req-1e104d50-8b87-4e3c-96ed-79e7865d5714 req-1e104d50-8b87-4e3c-96ed-79e7865d5714 ] Request (ServerDiagnosticsTest:test_get_server_diagnostics): 200 GET http://10.180.1.21/compute/v2.1/servers/64db9266-a5ed-4159-a2d6-150ed0f9a5ed 1.568s
2025-12-09 06:51:20.989 66712 INFO tempest.lib.common.rest_client [req-4174a763-67b9-40ba-962f-543fd5b2a7e6 req-4174a763-67b9-40ba-962f-543fd5b2a7e6 ] Request (ServerTagsTestJSON:setUpClass): 200 GET http://10.180.1.21/compute/v2.1/servers/2ab3718b-f533-4960-aa82-324f372bdd06 1.517s
2025-12-09 06:51:21.012 66744 INFO tempest.lib.common.rest_client [req-1f5ff219-ff10-4584-806e-cf51a01701bc req-1f5ff219-ff10-4584-806e-cf51a01701bc ] Request (ServerAddressesTestJSON:setUpClass): 200 GET http://10.180.1.21/compute/v2.1/servers/647f4f9c-e014-43ab-8338-91f6126931ed 1.583s
2025-12-09 06:51:21.045 66750 INFO tempest.lib.common.rest_client [req-6b055182-65c4-4d4b-b402-ee4b16617b9c req-6b055182-65c4-4d4b-b402-ee4b16617b9c ] Request (ServersAdminNegativeTestJSON:test_migrate_server_invalid_state): 200 GET http://10.180.1.21/compute/v2.1/servers/b690738b-312d-40e0-ab33-2eb4127a096a 1.508s
2025-12-09 06:51:21.087 66704 INFO tempest.lib.common.rest_client [req-5d382763-c785-4e7b-a7f9-3a212410dfa5 req-5d382763-c785-4e7b-a7f9-3a212410dfa5 ] Request (ListImageFiltersTestJSON:setUpClass): 200 GET http://10.180.1.21/compute/v2.1/images/30e4e7bc-9043-4fbb-a5e4-dc1e744bfdee 1.494s
