2025-12-09 06:51:07.071 66732 INFO tempest.lib.common.dynamic_creds [-] Created isolated network resources for: credentials: Credentials: {'domain_id': 'default', 'domain_name': 'Default', 'username': 'tempest-ListServersNegativeTestJSON-1870364018-project-member', 'project_domain_id': 'default', 'project_domain_name': 'Default', 'project_id': '098b0e7d1c6e45498a5484d827c2b91b', 'project_name': 'tempest-ListServersNegativeTestJSON-1870364018', 'tenant_id': '098b0e7d1c6e45498a5484d827c2b91b', 'tenant_name': 'tempest-ListServersNegativeTestJSON-1870364018', 'user_domain_id': 'default', 'user_domain_name': 'Default', 'user_id': '4bb3c0db2d844c63b695231d7c85594a', 'system': None}, Network: {'id': 'dbdedb00-d081-4cb8-b37f-ca8eba676f2c', 'name': 'tempest-ListServersNegativeTestJSON-1969339790-network', 'tenant_id': '098b0e7d1c6e45498a5484d827c2b91b', 'project_id': '098b0e7d1c6e45498a5484d827c2b91b', 'admin_state_up': True, 'mtu': 8950, 'status': 'ACTIVE', 'subnets': [], 'shared': False, 'port_security_enabled': True, 'router:external': False, 'provider:network_type': 'vlan', 'provider:physical_network': 'default', 'provider:segmentation_id': 252, 'availability_zone_hints': [], 'availability_zones': [], 'ipv4_address_scope': None, 'ipv6_address_scope': None, 'description': '', 'tags': [], 'created_at': '2025-12-09T06:51:04Z', 'updated_at': '2025-12-09T06:51:04Z', 'revision_number': 1}, Subnet: {'id': '964dc9d1-27ff-4cc9-9eca-aa50be9047a5', 'name': 'tempest-ListServersNegativeTestJSON-1969339790-subnet', 'tenant_id': '098b0e7d1c6e45498a5484d827c2b91b', 'network_id': 'dbdedb00-d081-4cb8-b37f-ca8eba676f2c', 'ip_version': 4, 'subnetpool_id': None, 'enable_dhcp': True, 'ipv6_ra_mode': None, 'ipv6_address_mode': None, 'gateway_ip': '192.168.128.1', 'cidr': '192.168.128.0/28', 'allocation_pools': [{'start': '192.168.128.2', 'end': '192.168.128.14'}], 'host_routes': [], 'dns_nameservers': [], 'description': '', 'router:external': False, 'service_types': [], 'tags': [], 'created_at': '2025-12-09T06:51:05Z', 'updated_at': '2025-12-09T06:51:05Z', 'revision_number': 0, 'project_id': '098b0e7d1c6e45498a5484d827c2b91b'}, Router: {'id': '70858466-9e6a-4868-a682-16a15ebadaec', 'name': 'tempest-ListServersNegativeTestJSON-1969339790-router', 'tenant_id': '098b0e7d1c6e45498a5484d827c2b91b', 'admin_state_up': True, 'status': 'ACTIVE', 'external_gateway_info': {'network_id': '6ff6a580-fc9e-4c63-aba2-7353470ab4f5', 'external_fixed_ips': [{'subnet_id': '16840a21-d243-47d5-a969-664ddfb9bffa', 'ip_address': '10.180.180.246'}], 'enable_snat': True}, 'description': '', 'availability_zones': [], 'distributed': False, 'ha': False, 'availability_zone_hints': [], 'routes': [], 'flavor_id': None, 'tags': [], 'created_at': '2025-12-09T06:51:05Z', 'updated_at': '2025-12-09T06:51:05Z', 'revision_number': 2, 'project_id': '098b0e7d1c6e45498a5484d827c2b91b'}
2025-12-09 06:51:07.156 66732 INFO tempest.lib.common.rest_client [req-1ea4d46b-277b-4064-b270-6822d99db908 req-1ea4d46b-277b-4064-b270-6822d99db908 ] Request (ListServersNegativeTestJSON:setUpClass): 201 POST http://10.180.1.21/identity/v3/auth/tokens 0.081s
2025-12-09 06:51:07.166 66708 INFO tempest.lib.common.rest_client [req-574d1bf5-f1a8-4259-a8e0-5b411e8a4fea req-574d1bf5-f1a8-4259-a8e0-5b411e8a4fea ] Request (FlavorsV2TestJSON:tearDownClass): 204 DELETE http://10.180.1.21/networking/v2.0/security-groups/13150b34-1d45-4a64-8c1e-f3a693ca7a04 1.017s
2025-12-09 06:51:07.187 66732 INFO tempest.lib.common.rest_client [req-e5cfaa2d-5001-4617-a629-962203891046 req-e5cfaa2d-5001-4617-a629-962203891046 ] Request (ListServersNegativeTestJSON:setUpClass): 201 POST http://10.180.1.21/identity/v3/auth/tokens 0.027s
2025-12-09 06:51:07.188 66732 INFO tempest.lib.common.fixed_network [-] (ListServersNegativeTestJSON:setUpClass) Found network {'id': 'dbdedb00-d081-4cb8-b37f-ca8eba676f2c', 'name': 'tempest-ListServersNegativeTestJSON-1969339790-network', 'tenant_id': '098b0e7d1c6e45498a5484d827c2b91b', 'project_id': '098b0e7d1c6e45498a5484d827c2b91b', 'admin_state_up': True, 'mtu': 8950, 'status': 'ACTIVE', 'subnets': [], 'shared': False, 'port_security_enabled': True, 'router:external': False, 'provider:network_type': 'vlan', 'provider:physical_network': 'default', 'provider:segmentation_id': 252, 'availability_zone_hints': [], 'availability_zones': [], 'ipv4_address_scope': None, 'ipv6_address_scope': None, 'description': '', 'tags': [], 'created_at': '2025-12-09T06:51:04Z', 'updated_at': '2025-12-09T06:51:04Z', 'revision_number': 1} available for tenant
2025-12-09 06:51:07.232 66708 INFO tempest.lib.common.rest_client [req-b70745fe-49e7-4950-a708-c1756457d7d0 req-b70745fe-49e7-4950-a708-c1756457d7d0 ] Request (FlavorsV2TestJSON:tearDownClass): 204 DELETE http://10.180.1.21/identity/v3/projects/db64457bcd1d439195101bcfac3c530c 0.066s
2025-12-09 06:51:07.276 66738 WARNING tempest.lib.common.ssh [-] Failed to establish authenticated ssh connection to cirros@10.180.180.133 ([Errno None] Unable to connect to port 22 on 10.180.180.133). Number attempts: 2. Retry after 3 seconds.: paramiko.ssh_exception.NoValidConnectionsError: [Errno None] Unable to connect to port 22 on 10.180.180.133
2025-12-09 06:51:07.297 66708 INFO tempest.lib.common.rest_client [req-1d1bc7f7-76e1-4be7-bdad-9c8e13181048 req-1d1bc7f7-76e1-4be7-bdad-9c8e13181048 ] Request (InstanceActionsV221TestJSON:setUpClass): 201 POST http://10.180.1.21/identity/v3/auth/tokens 0.063s
2025-12-09 06:51:07.329 66708 INFO tempest.lib.common.rest_client [req-eb0b1469-b7a3-4ce1-ac61-1d9f8df4e462 req-eb0b1469-b7a3-4ce1-ac61-1d9f8df4e462 ] Request (InstanceActionsV221TestJSON:setUpClass): 201 POST http://10.180.1.21/identity/v3/auth/tokens 0.029s
2025-12-09 06:51:07.362 66708 INFO tempest.lib.common.rest_client [req-f6d5ee4e-0efc-4f40-b39e-535f4b3610ed req-f6d5ee4e-0efc-4f40-b39e-535f4b3610ed ] Request (InstanceActionsV221TestJSON:setUpClass): 200 GET http://10.180.1.21/identity/v3/domains?name=Default 0.033s
2025-12-09 06:51:07.400 66708 INFO tempest.lib.common.rest_client [req-f4a75b2f-1809-4754-b2ed-d2bd0811d757 req-f4a75b2f-1809-4754-b2ed-d2bd0811d757 ] Request (InstanceActionsV221TestJSON:setUpClass): 201 POST http://10.180.1.21/identity/v3/projects 0.037s
2025-12-09 06:51:07.416 66700 INFO tempest.lib.common.rest_client [req-28cdb386-98a0-42aa-8768-a4c8225edb14 req-28cdb386-98a0-42aa-8768-a4c8225edb14 ] Request (SecurityGroupRulesNegativeTestJSON:test_create_security_group_rule_with_invalid_to_port): 200 POST http://10.180.1.21/compute/v2.1/os-security-groups 2.312s
2025-12-09 06:51:07.478 66708 INFO tempest.lib.common.rest_client [req-b19e4af3-b0c2-47f1-93e0-60f3d79841ed req-b19e4af3-b0c2-47f1-93e0-60f3d79841ed ] Request (InstanceActionsV221TestJSON:setUpClass): 201 POST http://10.180.1.21/identity/v3/users 0.077s
2025-12-09 06:51:07.502 66708 INFO tempest.lib.common.rest_client [req-67ea7c8d-ba06-4d0e-98a0-541dbbf224b9 req-67ea7c8d-ba06-4d0e-98a0-541dbbf224b9 ] Request (InstanceActionsV221TestJSON:setUpClass): 200 GET http://10.180.1.21/identity/v3/roles 0.023s
2025-12-09 06:51:07.534 66708 INFO tempest.lib.common.rest_client [req-b3acb7e3-aa37-4ced-961d-675305fbb44e req-b3acb7e3-aa37-4ced-961d-675305fbb44e ] Request (InstanceActionsV221TestJSON:setUpClass): 204 PUT http://10.180.1.21/identity/v3/projects/e32cd2220f6942549b0477915511c5c0/users/3c5ff832ba3747b09d7a3646ba89fbc1/roles/1a42c0d8050149b19c56ee111f2bfc96 0.031s
2025-12-09 06:51:07.534 66708 INFO tempest.lib.common.dynamic_creds [-] Dynamic test user 3c5ff832ba3747b09d7a3646ba89fbc1 is created with scope project and roles: ['member']
2025-12-09 06:51:07.534 66708 INFO tempest.lib.common.dynamic_creds [-] Acquired dynamic creds: credentials: Credentials: {'domain_id': 'default', 'domain_name': 'Default', 'username': 'tempest-InstanceActionsV221TestJSON-86936729-project-member', 'project_domain_id': 'default', 'project_domain_name': 'Default', 'project_id': 'e32cd2220f6942549b0477915511c5c0', 'project_name': 'tempest-InstanceActionsV221TestJSON-86936729', 'tenant_id': 'e32cd2220f6942549b0477915511c5c0', 'tenant_name': 'tempest-InstanceActionsV221TestJSON-86936729', 'user_domain_id': 'default', 'user_domain_name': 'Default', 'user_id': '3c5ff832ba3747b09d7a3646ba89fbc1', 'system': None}, Network: None, Subnet: None, Router: None
2025-12-09 06:51:07.602 66708 INFO tempest.lib.common.rest_client [req-fcc6e9ed-dbb0-4835-a61e-a50447af5e03 req-fcc6e9ed-dbb0-4835-a61e-a50447af5e03 ] Request (InstanceActionsV221TestJSON:setUpClass): 201 POST http://10.180.1.21/identity/v3/auth/tokens 0.068s
2025-12-09 06:51:07.832 66724 INFO tempest.lib.common.rest_client [req-df565a4d-3e47-4398-baa9-e397251ea959 req-df565a4d-3e47-4398-baa9-e397251ea959 ] Request (ServersTestBootFromVolume:setUpClass): 200 GET http://10.180.1.21/volume/v3/volumes/e60be808-aa78-434b-a22d-971c9d0fb45a 0.041s
2025-12-09 06:51:07.894 66694 INFO tempest.lib.common.rest_client [req-6d67a64c-177e-4dcb-898c-f12aba538706 req-6d67a64c-177e-4dcb-898c-f12aba538706 ] Request (ServerDiskConfigTestJSON:test_rebuild_server_with_manual_disk_config): 202 POST http://10.180.1.21/compute/v2.1/servers 3.540s
2025-12-09 06:51:08.022 66714 INFO tempest.lib.common.rest_client [req-c511cce4-6369-4625-9af9-808bdca94740 req-c511cce4-6369-4625-9af9-808bdca94740 ] Request (ServerExternalEventsTest:test_create_server_external_events): 200 GET http://10.180.1.21/compute/v2.1/servers/2b81aec5-f79b-4a18-ac13-83fce1809740 2.878s
2025-12-09 06:51:08.038 66734 INFO tempest.lib.common.rest_client [req-ee265f83-62ac-4b2b-a7fd-39a8f039df7f req-ee265f83-62ac-4b2b-a7fd-39a8f039df7f ] Request (FlavorsAdminTestJSON:test_is_public_string_variations): 200 GET http://10.180.1.21/compute/v2.1/flavors/detail?is_public=no 2.816s
2025-12-09 06:51:08.119 66698 INFO tempest.lib.common.rest_client [req-b27c134b-327b-4044-88e8-ec4cb51bd6dd req-b27c134b-327b-4044-88e8-ec4cb51bd6dd ] Request (ImagesOneServerTestJSON:setUpClass): 200 GET http://10.180.1.21/compute/v2.1/servers/5d7f4011-1902-44fb-8f28-7294241c02c8 2.962s
2025-12-09 06:51:08.129 66698 INFO tempest.common.waiters [-] State transition "BUILD/scheduling" ==> "BUILD/None" after 11 second wait
2025-12-09 06:51:08.155 66746 INFO tempest.lib.common.rest_client [req-a767b8ce-f44a-4f00-b679-40524d91e402 req-a767b8ce-f44a-4f00-b679-40524d91e402 ] Request (TenantUsagesTestJSON:tearDownClass): 200 GET http://10.180.1.21/compute/v2.1/servers/dec0df5a-5b1b-4a0d-ab6b-1b703065fd69 2.908s
2025-12-09 06:51:08.167 66708 INFO tempest.lib.common.rest_client [req-5409ad04-7c1d-4b87-b554-97c033417b8e req-5409ad04-7c1d-4b87-b554-97c033417b8e ] Request (InstanceActionsV221TestJSON:setUpClass): 201 POST http://10.180.1.21/networking/v2.0/networks 0.563s
2025-12-09 06:51:08.242 66710 INFO tempest.lib.common.rest_client [req-2064747b-96f2-4a3f-816c-344dc58a12fe req-2064747b-96f2-4a3f-816c-344dc58a12fe ] Request (ListServerFiltersTestJSON:test_list_servers_filter_by_shutoff_status): 202 POST http://10.180.1.21/compute/v2.1/servers/08eb1faf-bff1-4f68-bd3d-6ba923d56bc2/action 2.870s
2025-12-09 06:51:08.292 66718 INFO tempest.lib.common.rest_client [req-4729d76a-5923-462c-b7f8-492df7375964 req-4729d76a-5923-462c-b7f8-492df7375964 ] Request (SecurityGroupsTestJSON:test_security_groups_create_list_delete): 202 DELETE http://10.180.1.21/compute/v2.1/os-security-groups/28db17b2-e61c-4619-a786-ddaf295b9c81 3.033s
2025-12-09 06:51:08.368 66708 INFO tempest.lib.common.rest_client [req-192be2d3-cd56-418f-9147-9cb991b64ffd req-192be2d3-cd56-418f-9147-9cb991b64ffd ] Request (InstanceActionsV221TestJSON:setUpClass): 201 POST http://10.180.1.21/networking/v2.0/subnets 0.200s
2025-12-09 06:51:08.666 66690 INFO tempest.lib.common.rest_client [req-5cf1f358-3c0f-4bac-b84a-28879fc174ba req-5cf1f358-3c0f-4bac-b84a-28879fc174ba ] Request (ServersAdminTestJSON:test_create_server_with_scheduling_hint): 200 GET http://10.180.1.21/compute/v2.1/servers/c0bbbac6-1749-408e-959b-3a640cd7c1ef 3.203s
2025-12-09 06:51:08.676 66690 INFO tempest.common.waiters [-] State transition "BUILD/None" ==> "BUILD/spawning" after 32 second wait
2025-12-09 06:51:08.707 66692 INFO tempest.lib.common.rest_client [req-45214bf5-fb15-41cb-be49-7ffe72b55416 req-45214bf5-fb15-41cb-be49-7ffe72b55416 ] Request (MigrationsAdminTest:test_list_migrations_in_flavor_resize_situation): 200 GET http://10.180.1.21/compute/v2.1/servers/7abb6ee0-b37b-4400-848e-f4b0e773d82b 3.197s
2025-12-09 06:51:08.718 66692 INFO tempest.common.waiters [-] State transition "RESIZE/resize_finish" ==> "VERIFY_RESIZE/None" after 40 second wait
2025-12-09 06:51:08.739 66740 INFO tempest.lib.common.rest_client [req-423e7283-67a7-44b0-9ca7-94467e346315 req-423e7283-67a7-44b0-9ca7-94467e346315 ] Request (ServerRescueNegativeTestJSON:test_rescued_vm_attach_volume): 200 POST http://10.180.1.21/compute/v2.1/servers/b4309e6d-6b6a-4263-8238-cc76bf80a4ed/action 3.186s
2025-12-09 06:51:08.875 66724 INFO tempest.lib.common.rest_client [req-c91456fd-82d0-413e-a8e6-a4a872b582a8 req-c91456fd-82d0-413e-a8e6-a4a872b582a8 ] Request (ServersTestBootFromVolume:setUpClass): 200 GET http://10.180.1.21/volume/v3/volumes/e60be808-aa78-434b-a22d-971c9d0fb45a 0.035s
2025-12-09 06:51:09.364 66708 INFO tempest.lib.common.rest_client [req-584df3b8-6bc9-42e7-ad08-ea81c8bc32ac req-584df3b8-6bc9-42e7-ad08-ea81c8bc32ac ] Request (InstanceActionsV221TestJSON:setUpClass): 201 POST http://10.180.1.21/networking/v2.0/routers 0.995s
2025-12-09 06:51:09.920 66724 INFO tempest.lib.common.rest_client [req-70584e33-9158-4dfe-be98-8071ae9de260 req-70584e33-9158-4dfe-be98-8071ae9de260 ] Request (ServersTestBootFromVolume:setUpClass): 200 GET http://10.180.1.21/volume/v3/volumes/e60be808-aa78-434b-a22d-971c9d0fb45a 0.033s
2025-12-09 06:51:10.411 66708 INFO tempest.lib.common.rest_client [req-b4aae6a7-869f-414c-969a-5bf69c98128c req-b4aae6a7-869f-414c-969a-5bf69c98128c ] Request (InstanceActionsV221TestJSON:setUpClass): 200 PUT http://10.180.1.21/networking/v2.0/routers/d34fd5f2-61b5-4a64-a4a8-a9ce764619b2/add_router_interface 1.046s
2025-12-09 06:51:10.411 66708 INFO tempest.lib.common.dynamic_creds [-] Created isolated network resources for: credentials: Credentials: {'domain_id': 'default', 'domain_name': 'Default', 'username': 'tempest-InstanceActionsV221TestJSON-86936729-project-member', 'project_domain_id': 'default', 'project_domain_name': 'Default', 'project_id': 'e32cd2220f6942549b0477915511c5c0', 'project_name': 'tempest-InstanceActionsV221TestJSON-86936729', 'tenant_id': 'e32cd2220f6942549b0477915511c5c0', 'tenant_name': 'tempest-InstanceActionsV221TestJSON-86936729', 'user_domain_id': 'default', 'user_domain_name': 'Default', 'user_id': '3c5ff832ba3747b09d7a3646ba89fbc1', 'system': None}, Network: {'id': '5051445f-8d58-4af0-9fa8-62637cf3cb35', 'name': 'tempest-InstanceActionsV221TestJSON-1993502449-network', 'tenant_id': 'e32cd2220f6942549b0477915511c5c0', 'project_id': 'e32cd2220f6942549b0477915511c5c0', 'admin_state_up': True, 'mtu': 8950, 'status': 'ACTIVE', 'subnets': [], 'shared': False, 'port_security_enabled': True, 'router:external': False, 'provider:network_type': 'vlan', 'provider:physical_network': 'default', 'provider:segmentation_id': 901, 'availability_zone_hints': [], 'availability_zones': [], 'ipv4_address_scope': None, 'ipv6_address_scope': None, 'description': '', 'tags': [], 'created_at': '2025-12-09T06:51:08Z', 'updated_at': '2025-12-09T06:51:08Z', 'revision_number': 1}, Subnet: {'id': '28b8168f-8dd0-4b0f-bb82-a41746aadab2', 'name': 'tempest-InstanceActionsV221TestJSON-1993502449-subnet', 'tenant_id': 'e32cd2220f6942549b0477915511c5c0', 'network_id': '5051445f-8d58-4af0-9fa8-62637cf3cb35', 'ip_version': 4, 'subnetpool_id': None, 'enable_dhcp': True, 'ipv6_ra_mode': None, 'ipv6_address_mode': None, 'gateway_ip': '192.168.128.1', 'cidr': '192.168.128.0/28', 'allocation_pools': [{'start': '192.168.128.2', 'end': '192.168.128.14'}], 'host_routes': [], 'dns_nameservers': [], 'description': '', 'router:external': False, 'service_types': [], 'tags': [], 'created_at': '2025-12-09T06:51:08Z', 'updated_at': '2025-12-09T06:51:08Z', 'revision_number': 0, 'project_id': 'e32cd2220f6942549b0477915511c5c0'}, Router: {'id': 'd34fd5f2-61b5-4a64-a4a8-a9ce764619b2', 'name': 'tempest-InstanceActionsV221TestJSON-1993502449-router', 'tenant_id': 'e32cd2220f6942549b0477915511c5c0', 'admin_state_up': True, 'status': 'ACTIVE', 'external_gateway_info': {'network_id': '6ff6a580-fc9e-4c63-aba2-7353470ab4f5', 'external_fixed_ips': [{'subnet_id': '16840a21-d243-47d5-a969-664ddfb9bffa', 'ip_address': '10.180.180.155'}], 'enable_snat': True}, 'description': '', 'availability_zones': [], 'distributed': False, 'ha': False, 'availability_zone_hints': [], 'routes': [], 'flavor_id': None, 'tags': [], 'created_at': '2025-12-09T06:51:08Z', 'updated_at': '2025-12-09T06:51:09Z', 'revision_number': 2, 'project_id': 'e32cd2220f6942549b0477915511c5c0'}
2025-12-09 06:51:10.428 66742 INFO tempest.lib.common.rest_client [req-aab71953-0585-46d6-ae51-2b6f6025044c req-aab71953-0585-46d6-ae51-2b6f6025044c ] Request (DeleteServersAdminTestJSON:test_delete_server_while_in_error_state): 200 GET http://10.180.1.21/compute/v2.1/servers/77154bb9-c0e2-49a8-b7ac-36430292ee85 4.828s
2025-12-09 06:51:10.441 66742 INFO tempest.common.waiters [-] State transition "BUILD/None" ==> "BUILD/block_device_mapping" after 34 second wait
2025-12-09 06:51:10.459 66736 INFO tempest.lib.common.rest_client [req-59154279-b79f-4e68-9a46-ab3fa43ffc2c req-59154279-b79f-4e68-9a46-ab3fa43ffc2c ] Request (ServerRescueTestJSON:setUpClass): 200 GET http://10.180.1.21/compute/v2.1/servers/c892f83b-7af4-401c-8a45-ae907b368361 4.838s
2025-12-09 06:51:10.491 66722 INFO tempest.lib.common.rest_client [req-a09b649c-7510-4a9d-a454-97a4426645ec req-a09b649c-7510-4a9d-a454-97a4426645ec ] Request (ServersAdmin275Test:tearDownClass): 404 GET http://10.180.1.21/compute/v2.1/servers/413785de-f538-406d-a0e6-8eee90202551 4.723s
2025-12-09 06:51:10.515 66748 INFO tempest.lib.common.rest_client [req-4f21a569-e5d5-4e32-9632-a14eccbc7045 req-4f21a569-e5d5-4e32-9632-a14eccbc7045 ] Request (FloatingIPsAssociationTestJSON:setUpClass): 200 GET http://10.180.1.21/compute/v2.1/servers/916e3446-70f7-405a-99f9-f74709d3dadb 4.834s
2025-12-09 06:51:10.535 66708 INFO tempest.lib.common.rest_client [req-a407dfcc-ee15-468a-b48f-f95f9e8b2028 req-a407dfcc-ee15-468a-b48f-f95f9e8b2028 ] Request (InstanceActionsV221TestJSON:setUpClass): 201 POST http://10.180.1.21/identity/v3/auth/tokens 0.118s
2025-12-09 06:51:10.612 66706 INFO tempest.lib.common.rest_client [req-3f2e7322-edd3-4755-9559-d4c2fd624041 req-3f2e7322-edd3-4755-9559-d4c2fd624041 ] Request (ServerDiagnosticsTest:test_get_server_diagnostics): 200 GET http://10.180.1.21/compute/v2.1/servers/64db9266-a5ed-4159-a2d6-150ed0f9a5ed 4.714s
2025-12-09 06:51:10.619 66722 INFO tempest.lib.common.rest_client [req-18400be3-1e91-4c80-8dd0-c0990bc61213 req-18400be3-1e91-4c80-8dd0-c0990bc61213 ] Request (ServersAdmin275Test:tearDownClass): 204 DELETE http://10.180.1.21/identity/v3/users/0e1d7ba8a3b5423a8b2ca6f627a9288a 0.128s
2025-12-09 06:51:10.637 66708 INFO tempest.lib.common.rest_client [req-b89eac0d-32b8-4d9a-88df-b36cecbb6955 req-b89eac0d-32b8-4d9a-88df-b36cecbb6955 ] Request (InstanceActionsV221TestJSON:test_get_list_deleted_instance_actions): 201 POST http://10.180.1.21/identity/v3/auth/tokens 0.097s
2025-12-09 06:51:10.639 66708 INFO tempest.lib.common.fixed_network [-] (InstanceActionsV221TestJSON:test_get_list_deleted_instance_actions) Found network {'id': '5051445f-8d58-4af0-9fa8-62637cf3cb35', 'name': 'tempest-InstanceActionsV221TestJSON-1993502449-network', 'tenant_id': 'e32cd2220f6942549b0477915511c5c0', 'project_id': 'e32cd2220f6942549b0477915511c5c0', 'admin_state_up': True, 'mtu': 8950, 'status': 'ACTIVE', 'subnets': [], 'shared': False, 'port_security_enabled': True, 'router:external': False, 'provider:network_type': 'vlan', 'provider:physical_network': 'default', 'provider:segmentation_id': 901, 'availability_zone_hints': [], 'availability_zones': [], 'ipv4_address_scope': None, 'ipv6_address_scope': None, 'description': '', 'tags': [], 'created_at': '2025-12-09T06:51:08Z', 'updated_at': '2025-12-09T06:51:08Z', 'revision_number': 1} available for tenant
2025-12-09 06:51:10.746 66744 INFO tempest.lib.common.rest_client [req-9f0b3374-1635-43c0-811d-0bc8b7da5c61 req-9f0b3374-1635-43c0-811d-0bc8b7da5c61 ] Request (ServerAddressesTestJSON:setUpClass): 200 GET http://10.180.1.21/compute/v2.1/servers/647f4f9c-e014-43ab-8338-91f6126931ed 4.607s
2025-12-09 06:51:10.759 66722 INFO tempest.lib.common.rest_client [req-ad9c6f59-3e30-483b-b213-49f5c36579a0 req-ad9c6f59-3e30-483b-b213-49f5c36579a0 ] Request (ServersAdmin275Test:tearDownClass): 204 DELETE http://10.180.1.21/identity/v3/users/8b4f1908f3f4469f8123dfeac70cde70 0.139s
2025-12-09 06:51:10.759 66722 INFO tempest.lib.common.dynamic_creds [-] Deleting project and security group for project: f5bf26c8020342f7833bc267220db9b9
2025-12-09 06:51:10.769 66728 INFO tempest.lib.common.rest_client [req-3b67d17b-d65c-4095-bf30-f5ecbb4bf110 req-3b67d17b-d65c-4095-bf30-f5ecbb4bf110 ] Request (QuotaClassesAdminTestJSON:test_update_default_quotas): 200 GET http://10.180.1.21/compute/v2.1/os-quota-class-sets/default 4.563s
2025-12-09 06:51:10.857 66704 INFO tempest.lib.common.rest_client [req-7e4b874d-1231-4254-a88a-add8cdd61e46 req-7e4b874d-1231-4254-a88a-add8cdd61e46 ] Request (ListImageFiltersTestJSON:setUpClass): 200 GET http://10.180.1.21/compute/v2.1/servers/210da5ae-4e4b-49b3-afb8-638ccc85a6dd 4.929s
2025-12-09 06:51:10.876 66722 INFO tempest.lib.common.rest_client [req-d4de73c5-51ff-421c-bd99-1a04ffb1c835 req-d4de73c5-51ff-421c-bd99-1a04ffb1c835 ] Request (ServersAdmin275Test:tearDownClass): 201 POST http://10.180.1.21/identity/v3/auth/tokens 0.116s
2025-12-09 06:51:10.928 66712 INFO tempest.lib.common.rest_client [req-dbb74c13-1d64-4811-8b32-9c0d6caa210e req-dbb74c13-1d64-4811-8b32-9c0d6caa210e ] Request (ServerTagsTestJSON:setUpClass): 200 GET http://10.180.1.21/compute/v2.1/servers/2ab3718b-f533-4960-aa82-324f372bdd06 4.719s
2025-12-09 06:51:10.965 66730 INFO tempest.lib.common.rest_client [req-b5fd9708-eac3-4a4c-9530-6825dc66044d req-b5fd9708-eac3-4a4c-9530-6825dc66044d ] Request (InstanceActionsTestJSON:test_list_instance_actions): 202 POST http://10.180.1.21/compute/v2.1/servers/4debbf33-37ac-4d62-928c-76222c40c25b/action 4.710s
2025-12-09 06:51:10.976 66724 INFO tempest.lib.common.rest_client [req-c77b5cb0-abe8-4075-a0f5-91ca88df71c1 req-c77b5cb0-abe8-4075-a0f5-91ca88df71c1 ] Request (ServersTestBootFromVolume:setUpClass): 200 GET http://10.180.1.21/volume/v3/volumes/e60be808-aa78-434b-a22d-971c9d0fb45a 0.046s
2025-12-09 06:51:11.052 66726 WARNING tempest.lib.common.ssh [-] Failed to establish authenticated ssh connection to cirros@10.180.180.200 ([Errno None] Unable to connect to port 22 on 10.180.180.200). Number attempts: 4. Retry after 5 seconds.: paramiko.ssh_exception.NoValidConnectionsError: [Errno None] Unable to connect to port 22 on 10.180.180.200
2025-12-09 06:51:11.097 66752 INFO tempest.lib.common.rest_client [req-b32ce35a-0474-4b69-a28b-876f65864008 req-b32ce35a-0474-4b69-a28b-876f65864008 ] Request (ServicesAdminNegativeV253TestJSON:test_list_services_with_non_admin_user): 403 GET http://10.180.1.21/compute/v2.1/os-services 4.807s
2025-12-09 06:51:11.122 66716 INFO tempest.lib.common.rest_client [req-c93bef84-5e91-4fe1-8b92-e51b74c8ad5b req-c93bef84-5e91-4fe1-8b92-e51b74c8ad5b ] Request (AggregatesAdminNegativeTestJSON:_run_cleanups): 200 POST http://10.180.1.21/compute/v2.1/os-aggregates/7/action 4.864s
2025-12-09 06:51:11.172 66722 INFO tempest.lib.common.rest_client [req-011032ec-c575-42d0-a593-b5e371e4b21e req-011032ec-c575-42d0-a593-b5e371e4b21e ] Request (ServersAdmin275Test:tearDownClass): 200 GET http://10.180.1.21/networking/v2.0/security-groups?tenant_id=f5bf26c8020342f7833bc267220db9b9&name=default 0.295s
2025-12-09 06:51:11.202 66720 INFO tempest.lib.common.rest_client [req-44c5dd3a-6cd1-4b70-93d1-2d85e34f2f83 req-44c5dd3a-6cd1-4b70-93d1-2d85e34f2f83 ] Request (ServersListShow2100Test:test_list_show_rebuild_update_server_2100): 200 GET http://10.180.1.21/compute/v2.1/servers/d639e22a-2063-4c23-9775-deac2a14f1b8 4.866s
2025-12-09 06:51:11.204 66750 INFO tempest.lib.common.rest_client [req-37fdaa54-c224-49aa-aeaa-e18a2516acdd req-37fdaa54-c224-49aa-aeaa-e18a2516acdd ] Request (ServersAdminNegativeTestJSON:test_migrate_server_invalid_state): 200 GET http://10.180.1.21/compute/v2.1/servers/b690738b-312d-40e0-ab33-2eb4127a096a 4.760s
2025-12-09 06:51:11.223 66720 INFO tempest.common.waiters [-] State transition "BUILD/scheduling" ==> "BUILD/None" after 8 second wait
2025-12-09 06:51:11.241 66752 INFO tempest.lib.common.rest_client [req-4e8475f3-68f0-4975-9947-1a612b5ff53d req-4e8475f3-68f0-4975-9947-1a612b5ff53d ] Request (ServicesAdminNegativeV253TestJSON:tearDownClass): 204 DELETE http://10.180.1.21/identity/v3/users/fe0597baa4234a2caadd473bb2ebe2d6 0.141s
2025-12-09 06:51:11.292 66696 INFO tempest.lib.common.rest_client [req-1db069b5-2309-490c-9fd3-e96a6fc68afa req-1db069b5-2309-490c-9fd3-e96a6fc68afa ] Request (DeleteServersTestJSON:test_delete_active_server): 200 GET http://10.180.1.21/compute/v2.1/servers/ab09b2ef-43a8-4bb9-acae-64126737b3d3 4.217s
2025-12-09 06:51:11.341 66722 INFO tempest.lib.common.rest_client [req-027a0846-8d6e-4bcc-bb1c-ef51334dd272 req-027a0846-8d6e-4bcc-bb1c-ef51334dd272 ] Request (ServersAdmin275Test:tearDownClass): 204 DELETE http://10.180.1.21/networking/v2.0/security-groups/a6aa9713-3869-41dc-91aa-cd8329c2d839 0.168s
2025-12-09 06:51:11.343 66700 INFO tempest.lib.common.rest_client [req-b0233171-b19f-4e99-a262-b1827d501266 req-b0233171-b19f-4e99-a262-b1827d501266 ] Request (SecurityGroupRulesNegativeTestJSON:test_create_security_group_rule_with_invalid_to_port): 400 POST http://10.180.1.21/compute/v2.1/os-security-group-rules 3.924s
2025-12-09 06:51:11.430 66694 INFO tempest.lib.common.rest_client [req-ae1cbdf2-b9d4-4f20-bea2-a8b249af612f req-ae1cbdf2-b9d4-4f20-bea2-a8b249af612f ] Request (ServerDiskConfigTestJSON:test_rebuild_server_with_manual_disk_config): 200 GET http://10.180.1.21/compute/v2.1/servers/78d97b51-fc03-49be-b434-d100da6ac052 3.534s
2025-12-09 06:51:11.430 66752 INFO tempest.lib.common.rest_client [req-82c44d2e-942c-4046-9734-8e65d123bce9 req-82c44d2e-942c-4046-9734-8e65d123bce9 ] Request (ServicesAdminNegativeV253TestJSON:tearDownClass): 204 DELETE http://10.180.1.21/identity/v3/users/aea723fa74f748e1900442c783124c77 0.189s
2025-12-09 06:51:11.430 66752 INFO tempest.lib.common.dynamic_creds [-] Deleting project and security group for project: 777236773ec04b018b70f71c16d7939d
2025-12-09 06:51:11.483 66734 INFO tempest.lib.common.rest_client [req-dcc397ff-ace3-40de-bd44-8669e74279c3 req-dcc397ff-ace3-40de-bd44-8669e74279c3 ] Request (FlavorsAdminTestJSON:test_is_public_string_variations): 200 GET http://10.180.1.21/compute/v2.1/flavors/detail?is_public=0 3.440s
2025-12-09 06:51:11.503 66722 INFO tempest.lib.common.rest_client [req-7d3fb482-18d4-4e1f-883a-ea47574e0f0e req-7d3fb482-18d4-4e1f-883a-ea47574e0f0e ] Request (ServersAdmin275Test:tearDownClass): 204 DELETE http://10.180.1.21/identity/v3/projects/f5bf26c8020342f7833bc267220db9b9 0.162s
2025-12-09 06:51:11.503 66722 INFO tempest.lib.common.dynamic_creds [-] Deleting project and security group for project: 47658a4379af41c28f68382a8c7fd858
2025-12-09 06:51:11.508 66752 INFO tempest.lib.common.rest_client [req-a51f79ab-6e19-41ea-99ba-99ffb1ae66fc req-a51f79ab-6e19-41ea-99ba-99ffb1ae66fc ] Request (ServicesAdminNegativeV253TestJSON:tearDownClass): 201 POST http://10.180.1.21/identity/v3/auth/tokens 0.077s
2025-12-09 06:51:11.625 66722 INFO tempest.lib.common.rest_client [req-bddcac96-1253-4343-8046-c5872ea73925 req-bddcac96-1253-4343-8046-c5872ea73925 ] Request (ServersAdmin275Test:tearDownClass): 200 GET http://10.180.1.21/networking/v2.0/security-groups?tenant_id=47658a4379af41c28f68382a8c7fd858&name=default 0.122s
2025-12-09 06:51:11.734 66752 INFO tempest.lib.common.rest_client [req-6f8610f5-0803-4f14-9338-3005abb050ef req-6f8610f5-0803-4f14-9338-3005abb050ef ] Request (ServicesAdminNegativeV253TestJSON:tearDownClass): 200 GET http://10.180.1.21/networking/v2.0/security-groups?tenant_id=777236773ec04b018b70f71c16d7939d&name=default 0.226s
2025-12-09 06:51:11.815 66710 INFO tempest.lib.common.rest_client [req-f18d49fc-2bd1-442f-b9a3-503762726f4c req-f18d49fc-2bd1-442f-b9a3-503762726f4c ] Request (ListServerFiltersTestJSON:test_list_servers_filter_by_shutoff_status): 200 GET http://10.180.1.21/compute/v2.1/servers/08eb1faf-bff1-4f68-bd3d-6ba923d56bc2 3.572s
2025-12-09 06:51:11.878 66722 INFO tempest.lib.common.rest_client [req-800fac52-fe21-4cdc-8f68-c8abd3d3a425 req-800fac52-fe21-4cdc-8f68-c8abd3d3a425 ] Request (ServersAdmin275Test:tearDownClass): 204 DELETE http://10.180.1.21/networking/v2.0/security-groups/d1c5098d-0678-42fb-990e-c80255f6b4f9 0.252s
2025-12-09 06:51:11.936 66718 INFO tempest.lib.common.rest_client [req-6c2f1f7f-49f6-4994-af88-fc2310e9f5c8 req-6c2f1f7f-49f6-4994-af88-fc2310e9f5c8 ] Request (SecurityGroupsTestJSON:test_security_groups_create_list_delete): 404 GET http://10.180.1.21/compute/v2.1/os-security-groups/28db17b2-e61c-4619-a786-ddaf295b9c81 3.644s
2025-12-09 06:51:11.979 66722 INFO tempest.lib.common.rest_client [req-e0e367a2-96b6-4e13-b87b-cb917a93e382 req-e0e367a2-96b6-4e13-b87b-cb917a93e382 ] Request (ServersAdmin275Test:tearDownClass): 204 DELETE http://10.180.1.21/identity/v3/projects/47658a4379af41c28f68382a8c7fd858 0.101s
2025-12-09 06:51:11.981 66722 INFO tempest.test [-] raised in SpiceDirectConsoleTestJSON.setUpClass. Invoking tearDownClass.
2025-12-09 06:51:11.992 66752 INFO tempest.lib.common.rest_client [req-babdaf50-8fc3-4fa6-a8f8-4a2d439686d8 req-babdaf50-8fc3-4fa6-a8f8-4a2d439686d8 ] Request (ServicesAdminNegativeV253TestJSON:tearDownClass): 204 DELETE http://10.180.1.21/networking/v2.0/security-groups/6d00556a-6c17-4edc-8bfc-e51fd5195d45 0.257s
2025-12-09 06:51:12.004 66692 INFO tempest.lib.common.rest_client [req-3f811763-7147-4f4b-bee1-3b07e7214162 req-3f811763-7147-4f4b-bee1-3b07e7214162 ] Request (MigrationsAdminTest:test_list_migrations_in_flavor_resize_situation): 204 POST http://10.180.1.21/compute/v2.1/servers/7abb6ee0-b37b-4400-848e-f4b0e773d82b/action 3.285s
2025-12-09 06:51:12.025 66724 INFO tempest.lib.common.rest_client [req-1ddc61fd-7404-41eb-a09b-d4844a899f44 req-1ddc61fd-7404-41eb-a09b-d4844a899f44 ] Request (ServersTestBootFromVolume:setUpClass): 200 GET http://10.180.1.21/volume/v3/volumes/e60be808-aa78-434b-a22d-971c9d0fb45a 0.039s
2025-12-09 06:51:12.071 66722 INFO tempest.lib.common.rest_client [req-86b8d038-8409-4b23-b283-b222442c1e81 req-86b8d038-8409-4b23-b283-b222442c1e81 ] Request (ImagesMetadataNegativeTestJSON:setUpClass): 201 POST http://10.180.1.21/identity/v3/auth/tokens 0.087s
2025-12-09 06:51:12.125 66752 INFO tempest.lib.common.rest_client [req-68eaba83-7f7d-415d-862a-00c30ea92095 req-68eaba83-7f7d-415d-862a-00c30ea92095 ] Request (ServicesAdminNegativeV253TestJSON:tearDownClass): 204 DELETE http://10.180.1.21/identity/v3/projects/777236773ec04b018b70f71c16d7939d 0.132s
2025-12-09 06:51:12.125 66752 INFO tempest.lib.common.dynamic_creds [-] Deleting project and security group for project: 6137b2f19e3e4cfca4fc0e5231176a2f
2025-12-09 06:51:12.140 66722 INFO tempest.lib.common.rest_client [req-f0075ec9-09b4-4a8b-80ab-5584a37b5c99 req-f0075ec9-09b4-4a8b-80ab-5584a37b5c99 ] Request (ImagesMetadataNegativeTestJSON:setUpClass): 201 POST http://10.180.1.21/identity/v3/auth/tokens 0.067s
2025-12-09 06:51:12.167 66740 INFO tempest.lib.common.rest_client [req-e14e820e-731c-4f73-acb8-df2aebcb018b req-e14e820e-731c-4f73-acb8-df2aebcb018b ] Request (ServerRescueNegativeTestJSON:test_rescued_vm_attach_volume): 200 GET http://10.180.1.21/compute/v2.1/servers/b4309e6d-6b6a-4263-8238-cc76bf80a4ed 3.426s
2025-12-09 06:51:12.174 66722 INFO tempest.lib.common.rest_client [req-6434b67a-9296-485a-922f-092eab3c7077 req-6434b67a-9296-485a-922f-092eab3c7077 ] Request (ImagesMetadataNegativeTestJSON:setUpClass): 200 GET http://10.180.1.21/identity/v3/domains?name=Default 0.034s
2025-12-09 06:51:12.192 66732 INFO tempest.lib.common.rest_client [req-652063e8-ee91-4d36-acc1-8190351dfbb1 req-652063e8-ee91-4d36-acc1-8190351dfbb1 ] Request (ListServersNegativeTestJSON:setUpClass): 202 POST http://10.180.1.21/compute/v2.1/servers 5.004s
2025-12-09 06:51:12.214 66722 INFO tempest.lib.common.rest_client [req-0de9f8c6-ff2c-4d07-946b-603f0235073d req-0de9f8c6-ff2c-4d07-946b-603f0235073d ] Request (ImagesMetadataNegativeTestJSON:setUpClass): 201 POST http://10.180.1.21/identity/v3/projects 0.039s
2025-12-09 06:51:12.277 66752 INFO tempest.lib.common.rest_client [req-dae7f5ed-9d91-4f51-ad47-891caa90ccb3 req-dae7f5ed-9d91-4f51-ad47-891caa90ccb3 ] Request (ServicesAdminNegativeV253TestJSON:tearDownClass): 200 GET http://10.180.1.21/networking/v2.0/security-groups?tenant_id=6137b2f19e3e4cfca4fc0e5231176a2f&name=default 0.152s
2025-12-09 06:51:12.294 66698 INFO tempest.lib.common.rest_client [req-ba657c02-acf0-44cd-a0d5-f58464193aa9 req-ba657c02-acf0-44cd-a0d5-f58464193aa9 ] Request (ImagesOneServerTestJSON:setUpClass): 200 GET http://10.180.1.21/compute/v2.1/servers/5d7f4011-1902-44fb-8f28-7294241c02c8 3.164s
2025-12-09 06:51:12.303 66722 INFO tempest.lib.common.rest_client [req-b01ac463-ef74-4ea5-b147-cda652acbb69 req-b01ac463-ef74-4ea5-b147-cda652acbb69 ] Request (ImagesMetadataNegativeTestJSON:setUpClass): 201 POST http://10.180.1.21/identity/v3/users 0.088s
2025-12-09 06:51:12.320 66714 INFO tempest.lib.common.rest_client [req-36035f00-c436-4001-b296-cb68f3a9d8f8 req-36035f00-c436-4001-b296-cb68f3a9d8f8 ] Request (ServerExternalEventsTest:test_create_server_external_events): 200 GET http://10.180.1.21/compute/v2.1/servers/2b81aec5-f79b-4a18-ac13-83fce1809740 3.284s
2025-12-09 06:51:12.331 66722 INFO tempest.lib.common.rest_client [req-b3865e8f-3b52-4726-b811-ab13d58ae450 req-b3865e8f-3b52-4726-b811-ab13d58ae450 ] Request (ImagesMetadataNegativeTestJSON:setUpClass): 200 GET http://10.180.1.21/identity/v3/roles 0.027s
2025-12-09 06:51:12.331 66714 INFO tempest.common.waiters [-] State transition "BUILD/spawning" ==> "ACTIVE/None" after 44 second wait
2025-12-09 06:51:12.374 66722 INFO tempest.lib.common.rest_client [req-01b64fe4-9506-433e-87af-808267387cd3 req-01b64fe4-9506-433e-87af-808267387cd3 ] Request (ImagesMetadataNegativeTestJSON:setUpClass): 204 PUT http://10.180.1.21/identity/v3/projects/9f35f44678c64981b8e49219ea03db7f/users/cdae73e71fee435fbd9f6b8691c7da57/roles/1a42c0d8050149b19c56ee111f2bfc96 0.043s
2025-12-09 06:51:12.374 66722 INFO tempest.lib.common.dynamic_creds [-] Dynamic test user cdae73e71fee435fbd9f6b8691c7da57 is created with scope project and roles: ['member']
2025-12-09 06:51:12.375 66722 INFO tempest.lib.common.dynamic_creds [-] Acquired dynamic creds: credentials: Credentials: {'domain_id': 'default', 'domain_name': 'Default', 'username': 'tempest-ImagesMetadataNegativeTestJSON-1592354505-project-member', 'project_domain_id': 'default', 'project_domain_name': 'Default', 'project_id': '9f35f44678c64981b8e49219ea03db7f', 'project_name': 'tempest-ImagesMetadataNegativeTestJSON-1592354505', 'tenant_id': '9f35f44678c64981b8e49219ea03db7f', 'tenant_name': 'tempest-ImagesMetadataNegativeTestJSON-1592354505', 'user_domain_id': 'default', 'user_domain_name': 'Default', 'user_id': 'cdae73e71fee435fbd9f6b8691c7da57', 'system': None}, Network: None, Subnet: None, Router: None
2025-12-09 06:51:12.375 66722 INFO tempest.lib.common.dynamic_creds [-] Created isolated network resources for: credentials: Credentials: {'domain_id': 'default', 'domain_name': 'Default', 'username': 'tempest-ImagesMetadataNegativeTestJSON-1592354505-project-member', 'project_domain_id': 'default', 'project_domain_name': 'Default', 'project_id': '9f35f44678c64981b8e49219ea03db7f', 'project_name': 'tempest-ImagesMetadataNegativeTestJSON-1592354505', 'tenant_id': '9f35f44678c64981b8e49219ea03db7f', 'tenant_name': 'tempest-ImagesMetadataNegativeTestJSON-1592354505', 'user_domain_id': 'default', 'user_domain_name': 'Default', 'user_id': 'cdae73e71fee435fbd9f6b8691c7da57', 'system': None}, Network: None, Subnet: None, Router: None
2025-12-09 06:51:12.384 66746 INFO tempest.lib.common.rest_client [req-ef9f18b9-faf2-48e4-92ee-bccb09cccd14 req-ef9f18b9-faf2-48e4-92ee-bccb09cccd14 ] Request (TenantUsagesTestJSON:tearDownClass): 200 GET http://10.180.1.21/compute/v2.1/servers/dec0df5a-5b1b-4a0d-ab6b-1b703065fd69 3.219s
2025-12-09 06:51:12.397 66752 INFO tempest.lib.common.rest_client [req-94860195-e74f-4523-a119-3391921a7799 req-94860195-e74f-4523-a119-3391921a7799 ] Request (ServicesAdminNegativeV253TestJSON:tearDownClass): 204 DELETE http://10.180.1.21/networking/v2.0/security-groups/f1675391-fd15-4461-9f45-3ca9db48f723 0.118s
2025-12-09 06:51:12.478 66722 INFO tempest.lib.common.rest_client [req-1808b1b2-8984-4c0b-ace4-fc100e1b99fa req-1808b1b2-8984-4c0b-ace4-fc100e1b99fa ] Request (ImagesMetadataNegativeTestJSON:setUpClass): 201 POST http://10.180.1.21/identity/v3/auth/tokens 0.098s
2025-12-09 06:51:12.531 66690 INFO tempest.lib.common.rest_client [req-ec8312f8-9f38-4ce1-9b41-f21a36e86c1b req-ec8312f8-9f38-4ce1-9b41-f21a36e86c1b ] Request (ServersAdminTestJSON:test_create_server_with_scheduling_hint): 200 GET http://10.180.1.21/compute/v2.1/servers/c0bbbac6-1749-408e-959b-3a640cd7c1ef 2.854s
2025-12-09 06:51:12.620 66752 INFO tempest.lib.common.rest_client [req-be5796e5-84ca-424f-b461-99ae805db4f0 req-be5796e5-84ca-424f-b461-99ae805db4f0 ] Request (ServicesAdminNegativeV253TestJSON:tearDownClass): 204 DELETE http://10.180.1.21/identity/v3/projects/6137b2f19e3e4cfca4fc0e5231176a2f 0.222s
2025-12-09 06:51:12.620 66728 INFO tempest.lib.common.rest_client [req-73ac3323-ed26-4c25-9e5e-d32d95108686 req-73ac3323-ed26-4c25-9e5e-d32d95108686 ] Request (QuotaClassesAdminTestJSON:_run_cleanups): 200 PUT http://10.180.1.21/compute/v2.1/os-quota-class-sets/default 1.847s
2025-12-09 06:51:12.714 66752 INFO tempest.lib.common.rest_client [req-aaf789b3-8ab6-4f81-9abe-faf6c19ca33f req-aaf789b3-8ab6-4f81-9abe-faf6c19ca33f ] Request (ServerShowV257Test:setUpClass): 201 POST http://10.180.1.21/identity/v3/auth/tokens 0.093s
2025-12-09 06:51:12.753 66752 INFO tempest.lib.common.rest_client [req-4ddc532b-81e8-4f67-b4e1-894fce18e98e req-4ddc532b-81e8-4f67-b4e1-894fce18e98e ] Request (ServerShowV257Test:setUpClass): 201 POST http://10.180.1.21/identity/v3/auth/tokens 0.032s
2025-12-09 06:51:12.783 66752 INFO tempest.lib.common.rest_client [req-ec3c6214-ce2b-4e20-be6a-b1825f4ad71f req-ec3c6214-ce2b-4e20-be6a-b1825f4ad71f ] Request (ServerShowV257Test:setUpClass): 200 GET http://10.180.1.21/identity/v3/domains?name=Default 0.029s
2025-12-09 06:51:12.836 66752 INFO tempest.lib.common.rest_client [req-f27dc00b-b1c1-46bc-a1c9-728012442dc4 req-f27dc00b-b1c1-46bc-a1c9-728012442dc4 ] Request (ServerShowV257Test:setUpClass): 201 POST http://10.180.1.21/identity/v3/projects 0.053s
2025-12-09 06:51:12.840 66730 INFO tempest.lib.common.rest_client [req-b5caeff8-57c8-4e01-9205-adbb05864e63 req-b5caeff8-57c8-4e01-9205-adbb05864e63 ] Request (InstanceActionsTestJSON:test_list_instance_actions): 200 GET http://10.180.1.21/compute/v2.1/servers/4debbf33-37ac-4d62-928c-76222c40c25b 1.875s
2025-12-09 06:51:12.881 66716 INFO tempest.lib.common.rest_client [req-de6e51ee-ac9e-4fe5-b73e-426132311937 req-de6e51ee-ac9e-4fe5-b73e-426132311937 ] Request (AggregatesAdminNegativeTestJSON:_run_cleanups): 200 DELETE http://10.180.1.21/compute/v2.1/os-aggregates/7 1.757s
2025-12-09 06:51:12.911 66700 INFO tempest.lib.common.rest_client [req-98057ff3-326f-42a5-bcfb-65041c2a9a15 req-98057ff3-326f-42a5-bcfb-65041c2a9a15 ] Request (SecurityGroupRulesNegativeTestJSON:test_create_security_group_rule_with_non_existent_id): 404 POST http://10.180.1.21/compute/v2.1/os-security-group-rules 1.566s
2025-12-09 06:51:13.024 66728 INFO tempest.lib.common.rest_client [req-69066544-2223-46a6-96b9-9573c72a5b13 req-69066544-2223-46a6-96b9-9573c72a5b13 ] Request (QuotaClassesAdminTestJSON:tearDownClass): 204 DELETE http://10.180.1.21/identity/v3/users/f982b6c28922438fb0b48892ae983f22 0.397s
2025-12-09 06:51:13.025 66752 INFO tempest.lib.common.rest_client [req-66d4e941-ff1b-4239-a8c3-09c9ecbe5068 req-66d4e941-ff1b-4239-a8c3-09c9ecbe5068 ] Request (ServerShowV257Test:setUpClass): 201 POST http://10.180.1.21/identity/v3/users 0.188s
2025-12-09 06:51:13.031 66708 INFO tempest.lib.common.rest_client [req-0c0c1373-e065-4af2-b934-0ac91f8d306a req-0c0c1373-e065-4af2-b934-0ac91f8d306a ] Request (InstanceActionsV221TestJSON:test_get_list_deleted_instance_actions): 202 POST http://10.180.1.21/compute/v2.1/servers 2.390s
2025-12-09 06:51:13.099 66724 INFO tempest.lib.common.rest_client [req-89502add-cb5c-46db-82d4-df056319e7bd req-89502add-cb5c-46db-82d4-df056319e7bd ] Request (ServersTestBootFromVolume:setUpClass): 200 GET http://10.180.1.21/volume/v3/volumes/e60be808-aa78-434b-a22d-971c9d0fb45a 0.064s
2025-12-09 06:51:13.125 66742 INFO tempest.lib.common.rest_client [req-84949d7b-d407-4cb3-91a4-78bee8e40c7f req-84949d7b-d407-4cb3-91a4-78bee8e40c7f ] Request (DeleteServersAdminTestJSON:test_delete_server_while_in_error_state): 200 GET http://10.180.1.21/compute/v2.1/servers/77154bb9-c0e2-49a8-b7ac-36430292ee85 1.682s
2025-12-09 06:51:13.142 66742 INFO tempest.common.waiters [-] State transition "BUILD/block_device_mapping" ==> "BUILD/spawning" after 37 second wait
2025-12-09 06:51:13.144 66752 INFO tempest.lib.common.rest_client [req-1ee4aa41-ce1b-4811-9829-58c8c4b44d67 req-1ee4aa41-ce1b-4811-9829-58c8c4b44d67 ] Request (ServerShowV257Test:setUpClass): 200 GET http://10.180.1.21/identity/v3/roles 0.118s
2025-12-09 06:51:13.164 66734 INFO tempest.lib.common.rest_client [req-3b20d0ac-153c-4161-984c-7fc35dfa3566 req-3b20d0ac-153c-4161-984c-7fc35dfa3566 ] Request (FlavorsAdminTestJSON:test_is_public_string_variations): 200 GET http://10.180.1.21/compute/v2.1/flavors/detail?is_public=t 1.673s
2025-12-09 06:51:13.212 66752 INFO tempest.lib.common.rest_client [req-78dd5db7-a934-43cb-944b-9689f4136e2f req-78dd5db7-a934-43cb-944b-9689f4136e2f ] Request (ServerShowV257Test:setUpClass): 204 PUT http://10.180.1.21/identity/v3/projects/c94ddfc44f2a4a3e96f26894a55796af/users/d2e27d5cdb074b77b9c77b74d74529a9/roles/1a42c0d8050149b19c56ee111f2bfc96 0.067s
2025-12-09 06:51:13.212 66752 INFO tempest.lib.common.dynamic_creds [-] Dynamic test user d2e27d5cdb074b77b9c77b74d74529a9 is created with scope project and roles: ['member']
2025-12-09 06:51:13.212 66752 INFO tempest.lib.common.dynamic_creds [-] Acquired dynamic creds: credentials: Credentials: {'domain_id': 'default', 'domain_name': 'Default', 'username': 'tempest-ServerShowV257Test-2125806206-project-member', 'project_domain_id': 'default', 'project_domain_name': 'Default', 'project_id': 'c94ddfc44f2a4a3e96f26894a55796af', 'project_name': 'tempest-ServerShowV257Test-2125806206', 'tenant_id': 'c94ddfc44f2a4a3e96f26894a55796af', 'tenant_name': 'tempest-ServerShowV257Test-2125806206', 'user_domain_id': 'default', 'user_domain_name': 'Default', 'user_id': 'd2e27d5cdb074b77b9c77b74d74529a9', 'system': None}, Network: None, Subnet: None, Router: None
2025-12-09 06:51:13.212 66752 INFO tempest.lib.common.dynamic_creds [-] Created isolated network resources for: credentials: Credentials: {'domain_id': 'default', 'domain_name': 'Default', 'username': 'tempest-ServerShowV257Test-2125806206-project-member', 'project_domain_id': 'default', 'project_domain_name': 'Default', 'project_id': 'c94ddfc44f2a4a3e96f26894a55796af', 'project_name': 'tempest-ServerShowV257Test-2125806206', 'tenant_id': 'c94ddfc44f2a4a3e96f26894a55796af', 'tenant_name': 'tempest-ServerShowV257Test-2125806206', 'user_domain_id': 'default', 'user_domain_name': 'Default', 'user_id': 'd2e27d5cdb074b77b9c77b74d74529a9', 'system': None}, Network: None, Subnet: None, Router: None
2025-12-09 06:51:13.270 66748 INFO tempest.lib.common.rest_client [req-fcd637a7-48b3-433f-8451-77d47c9f8403 req-fcd637a7-48b3-433f-8451-77d47c9f8403 ] Request (FloatingIPsAssociationTestJSON:setUpClass): 200 GET http://10.180.1.21/compute/v2.1/servers/916e3446-70f7-405a-99f9-f74709d3dadb 1.740s
2025-12-09 06:51:13.279 66748 INFO tempest.common.waiters [-] State transition "BUILD/None" ==> "BUILD/networking" after 31 second wait
2025-12-09 06:51:13.313 66728 INFO tempest.lib.common.rest_client [req-77c86cc0-d98a-43ea-8f34-f2c566df72b2 req-77c86cc0-d98a-43ea-8f34-f2c566df72b2 ] Request (QuotaClassesAdminTestJSON:tearDownClass): 204 DELETE http://10.180.1.21/identity/v3/users/e5196f2253ab4477b441ec10d8b87823 0.288s
2025-12-09 06:51:13.313 66728 INFO tempest.lib.common.dynamic_creds [-] Deleting project and security group for project: 37e8a75216e54388bd66bf9aeac340d9
2025-12-09 06:51:13.323 66736 INFO tempest.lib.common.rest_client [req-fa8d5db3-a511-4959-989b-318c45c00706 req-fa8d5db3-a511-4959-989b-318c45c00706 ] Request (ServerRescueTestJSON:setUpClass): 200 GET http://10.180.1.21/compute/v2.1/servers/c892f83b-7af4-401c-8a45-ae907b368361 1.851s
2025-12-09 06:51:13.330 66736 INFO tempest.common.waiters [-] State transition "ACTIVE/rescuing" ==> "RESCUE/None" after 9 second wait
2025-12-09 06:51:13.357 66706 INFO tempest.lib.common.rest_client [req-3c81abb9-faca-4068-88e2-e75a3be960ba req-3c81abb9-faca-4068-88e2-e75a3be960ba ] Request (ServerDiagnosticsTest:test_get_server_diagnostics): 200 GET http://10.180.1.21/compute/v2.1/servers/64db9266-a5ed-4159-a2d6-150ed0f9a5ed 1.730s
2025-12-09 06:51:13.379 66752 INFO tempest.lib.common.rest_client [req-5f54860e-59db-4999-b15c-85a471725e69 req-5f54860e-59db-4999-b15c-85a471725e69 ] Request (ServerShowV257Test:setUpClass): 201 POST http://10.180.1.21/identity/v3/auth/tokens 0.163s
2025-12-09 06:51:13.399 66744 INFO tempest.lib.common.rest_client [req-202a25d8-6759-45a4-8ac8-b5b6ebf1d1ce req-202a25d8-6759-45a4-8ac8-b5b6ebf1d1ce ] Request (ServerAddressesTestJSON:setUpClass): 200 GET http://10.180.1.21/compute/v2.1/servers/647f4f9c-e014-43ab-8338-91f6126931ed 1.639s
2025-12-09 06:51:13.425 66728 INFO tempest.lib.common.rest_client [req-53bc2c4d-b227-4300-ad3a-5edb5bf8c0f1 req-53bc2c4d-b227-4300-ad3a-5edb5bf8c0f1 ] Request (QuotaClassesAdminTestJSON:tearDownClass): 201 POST http://10.180.1.21/identity/v3/auth/tokens 0.112s
2025-12-09 06:51:13.443 66736 INFO tempest.lib.common.rest_client [req-05972835-f0d2-4bf0-983b-9f77a2e222a6 req-05972835-f0d2-4bf0-983b-9f77a2e222a6 ] Request (ServerRescueTestJSON:test_rescue_unrescue_instance): 201 POST http://10.180.1.21/identity/v3/auth/tokens 0.109s
2025-12-09 06:51:13.444 66736 INFO tempest.lib.common.fixed_network [-] (ServerRescueTestJSON:test_rescue_unrescue_instance) Found network {'id': '4af719c8-a041-412f-99e7-b7692e095bd0', 'name': 'tempest-ServerRescueTestJSON-1611988452-network', 'tenant_id': '8413b8afe1fa41dea7929985d9542d02', 'project_id': '8413b8afe1fa41dea7929985d9542d02', 'admin_state_up': True, 'mtu': 8950, 'status': 'ACTIVE', 'subnets': [], 'shared': False, 'port_security_enabled': True, 'router:external': False, 'provider:network_type': 'vlan', 'provider:physical_network': 'default', 'provider:segmentation_id': 363, 'availability_zone_hints': [], 'availability_zones': [], 'ipv4_address_scope': None, 'ipv6_address_scope': None, 'description': '', 'tags': [], 'created_at': '2025-12-09T06:50:13Z', 'updated_at': '2025-12-09T06:50:13Z', 'revision_number': 1} available for tenant
2025-12-09 06:51:13.480 66710 INFO tempest.lib.common.rest_client [req-a8a11b70-818d-4ce5-8312-6f2308147f2e req-a8a11b70-818d-4ce5-8312-6f2308147f2e ] Request (ListServerFiltersTestJSON:test_list_servers_filter_by_shutoff_status): 200 GET http://10.180.1.21/compute/v2.1/servers?status=shutoff 1.655s
2025-12-09 06:51:13.507 66752 INFO tempest.lib.common.rest_client [req-28f94b6c-e541-49f0-bb5f-2915eafba0ed req-28f94b6c-e541-49f0-bb5f-2915eafba0ed ] Request (ServerShowV257Test:test_rebuild_server): 201 POST http://10.180.1.21/identity/v3/auth/tokens 0.123s
2025-12-09 06:51:13.508 66752 INFO tempest.lib.common.fixed_network [-] (ServerShowV257Test:test_rebuild_server) Found network None available for tenant
2025-12-09 06:51:13.662 66728 INFO tempest.lib.common.rest_client [req-044f6433-931e-4e4f-a16a-10cb30eaaf6b req-044f6433-931e-4e4f-a16a-10cb30eaaf6b ] Request (QuotaClassesAdminTestJSON:tearDownClass): 200 GET http://10.180.1.21/networking/v2.0/security-groups?tenant_id=37e8a75216e54388bd66bf9aeac340d9&name=default 0.236s
2025-12-09 06:51:13.821 66704 INFO tempest.lib.common.rest_client [req-cccf5e59-016a-40f2-bcda-0ed939c24cbe req-cccf5e59-016a-40f2-bcda-0ed939c24cbe ] Request (ListImageFiltersTestJSON:setUpClass): 200 GET http://10.180.1.21/compute/v2.1/servers/210da5ae-4e4b-49b3-afb8-638ccc85a6dd 1.949s
2025-12-09 06:51:13.869 66738 WARNING tempest.lib.common.ssh [-] Failed to establish authenticated ssh connection to cirros@10.180.180.133 ([Errno None] Unable to connect to port 22 on 10.180.180.133). Number attempts: 3. Retry after 4 seconds.: paramiko.ssh_exception.NoValidConnectionsError: [Errno None] Unable to connect to port 22 on 10.180.180.133
2025-12-09 06:51:13.896 66728 INFO tempest.lib.common.rest_client [req-7b3c3f46-a284-4186-b3c4-c61f35009021 req-7b3c3f46-a284-4186-b3c4-c61f35009021 ] Request (QuotaClassesAdminTestJSON:tearDownClass): 204 DELETE http://10.180.1.21/networking/v2.0/security-groups/3179a845-50c7-4fee-a73b-6198d9756b1b 0.233s
2025-12-09 06:51:13.968 66718 INFO tempest.lib.common.rest_client [req-d0bb417f-1ff4-4511-83ed-d76f113c3bb6 req-d0bb417f-1ff4-4511-83ed-d76f113c3bb6 ] Request (SecurityGroupsTestJSON:test_security_groups_create_list_delete): 202 DELETE http://10.180.1.21/compute/v2.1/os-security-groups/e58b1700-14ab-4461-9756-015c07caa446 2.031s
