2025-12-09 06:51:31.364 66694 INFO tempest.lib.common.rest_client [req-3272e952-47d2-403d-b375-4e9a12d0b1ee req-3272e952-47d2-403d-b375-4e9a12d0b1ee ] Request (ServerDiskConfigTestJSON:test_rebuild_server_with_manual_disk_config): 200 GET http://10.180.1.21/compute/v2.1/servers/78d97b51-fc03-49be-b434-d100da6ac052 3.207s
2025-12-09 06:51:31.405 66708 INFO tempest.lib.common.rest_client [req-414a3042-7ff5-4f8a-a6eb-dc7179713592 req-414a3042-7ff5-4f8a-a6eb-dc7179713592 ] Request (InstanceActionsV221TestJSON:test_get_list_deleted_instance_actions): 200 GET http://10.180.1.21/compute/v2.1/servers/05de7946-a5d4-4e94-8fd1-9a4672037910 3.137s
2025-12-09 06:51:31.415 66708 INFO tempest.common.waiters [-] State transition "BUILD/scheduling" ==> "BUILD/None" after 17 second wait
2025-12-09 06:51:31.463 66692 INFO tempest.lib.common.rest_client [req-ae9274ac-3e0d-4d43-a357-ae1088a12358 req-ae9274ac-3e0d-4d43-a357-ae1088a12358 ] Request (MigrationsAdminTest:test_list_migrations_in_flavor_resize_situation): 200 GET http://10.180.1.21/compute/v2.1/servers/7abb6ee0-b37b-4400-848e-f4b0e773d82b 3.169s
2025-12-09 06:51:31.533 66698 INFO tempest.lib.common.rest_client [req-70e1173b-9ea3-445a-bb90-dedcbcd4d283 req-70e1173b-9ea3-445a-bb90-dedcbcd4d283 ] Request (ImagesOneServerTestJSON:setUpClass): 200 GET http://10.180.1.21/compute/v2.1/servers/5d7f4011-1902-44fb-8f28-7294241c02c8 3.195s
2025-12-09 06:51:31.541 66698 INFO tempest.common.waiters [-] State transition "BUILD/networking" ==> "BUILD/spawning" after 34 second wait
2025-12-09 06:51:31.565 66740 INFO tempest.lib.common.rest_client [req-b8965cb5-da95-4e9a-be0f-5831a13b63fb req-b8965cb5-da95-4e9a-be0f-5831a13b63fb ] Request (ServerRescueNegativeTestJSON:_run_cleanups): 200 GET http://10.180.1.21/compute/v2.1/servers/b4309e6d-6b6a-4263-8238-cc76bf80a4ed 2.603s
2025-12-09 06:51:31.572 66740 INFO tempest.common.waiters [-] State transition "RESCUE/unrescuing" ==> "ACTIVE/None" after 4 second wait
2025-12-09 06:51:31.607 66730 INFO tempest.lib.common.rest_client [req-833b309b-e189-47c0-b5e5-b658beea9fd7 req-833b309b-e189-47c0-b5e5-b658beea9fd7 ] Request (InstanceActionsTestJSON:tearDownClass): 200 GET http://10.180.1.21/compute/v2.1/servers/4debbf33-37ac-4d62-928c-76222c40c25b 2.446s
2025-12-09 06:51:31.668 66722 INFO tempest.lib.common.rest_client [req-816decee-97a7-4d71-a179-1582e284bf01 req-816decee-97a7-4d71-a179-1582e284bf01 ] Request (ServerMetadataTestJSON:setUpClass): 200 GET http://10.180.1.21/compute/v2.1/servers/923ebda9-56c4-45e8-800d-fb2e645e9ee9 1.329s
2025-12-09 06:51:31.698 66746 INFO tempest.lib.common.rest_client [req-6dddb2cc-94d1-4d88-a76f-6c39fcc7495c req-6dddb2cc-94d1-4d88-a76f-6c39fcc7495c ] Request (ServerGroupTestJSON:setUp): 200 POST http://10.180.1.21/compute/v2.1/os-server-groups 1.569s
2025-12-09 06:51:31.754 66740 INFO tempest.lib.common.rest_client [req-b0ae8172-cf1a-4dcd-9ef8-10aa8041afd8 req-b0ae8172-cf1a-4dcd-9ef8-10aa8041afd8 ] Request (ServerRescueNegativeTestJSON:test_rescued_vm_detach_volume): 202 POST http://10.180.1.21/volume/v3/volumes 0.179s
2025-12-09 06:51:31.793 66740 INFO tempest.lib.common.rest_client [req-610be6f2-c6a3-4f63-974f-4ca1a6296e64 req-610be6f2-c6a3-4f63-974f-4ca1a6296e64 ] Request (ServerRescueNegativeTestJSON:test_rescued_vm_detach_volume): 200 GET http://10.180.1.21/volume/v3/volumes/8b89d645-af0f-499e-b1e4-e8a12c8fc910 0.033s
2025-12-09 06:51:31.811 66742 INFO tempest.lib.common.rest_client [req-e84d1b26-37c9-4fc2-ac0f-7878b599074c req-e84d1b26-37c9-4fc2-ac0f-7878b599074c ] Request (DeleteServersAdminTestJSON:test_delete_server_while_in_error_state): 200 GET http://10.180.1.21/compute/v2.1/servers/77154bb9-c0e2-49a8-b7ac-36430292ee85 1.367s
2025-12-09 06:51:31.853 66716 INFO tempest.lib.common.rest_client [req-6bb0cc5b-a8e7-481d-8bdb-03119eda676b req-6bb0cc5b-a8e7-481d-8bdb-03119eda676b ] Request (HostsAdminTestJSON:test_list_hosts_with_zone): 200 GET http://10.180.1.21/compute/v2.1/os-hosts?zone=internal 1.344s
2025-12-09 06:51:31.885 66734 INFO tempest.lib.common.rest_client [req-da5f26a7-31c3-4d02-96fc-3a5fde5610e8 req-da5f26a7-31c3-4d02-96fc-3a5fde5610e8 ] Request (FlavorsAdminTestJSON:test_list_non_public_flavor): 200 GET http://10.180.1.21/compute/v2.1/flavors/detail 1.348s
2025-12-09 06:51:32.006 66710 INFO tempest.lib.common.rest_client [req-7b6df5b8-2ae0-44b6-9a7d-ad83b05c363f req-7b6df5b8-2ae0-44b6-9a7d-ad83b05c363f ] Request (ListServerFiltersTestJSON:test_list_servers_filtered_by_ip): 200 GET http://10.180.1.21/compute/v2.1/servers/23108810-1113-4574-8b9a-2e567150224a 1.268s
2025-12-09 06:51:32.040 66744 INFO tempest.lib.common.rest_client [req-13a69131-0296-408f-9161-df056b6f27a3 req-13a69131-0296-408f-9161-df056b6f27a3 ] Request (ServerAddressesTestJSON:test_list_server_addresses): 200 GET http://10.180.1.21/compute/v2.1/servers/647f4f9c-e014-43ab-8338-91f6126931ed/ips 1.035s
2025-12-09 06:51:32.081 66728 INFO tempest.lib.common.rest_client [req-ded6c16a-ef08-4e42-bdfb-883328286064 req-ded6c16a-ef08-4e42-bdfb-883328286064 ] Request (KeyPairsV22TestJSON:test_keypairs_create_list_delete): 201 POST http://10.180.1.21/compute/v2.1/os-keypairs 1.042s
2025-12-09 06:51:32.100 66748 INFO tempest.lib.common.rest_client [req-b75947c0-fcf1-4e7d-95f0-80c3b91db947 req-b75947c0-fcf1-4e7d-95f0-80c3b91db947 ] Request (FloatingIPsAssociationTestJSON:test_associate_already_associated_floating_ip): 202 POST http://10.180.1.21/compute/v2.1/servers 1.617s
2025-12-09 06:51:32.189 66714 INFO tempest.lib.common.rest_client [req-37016811-5145-4f2a-b5c2-302e36cb6f84 req-37016811-5145-4f2a-b5c2-302e36cb6f84 ] Request (ServerExternalEventsTest:tearDownClass): 200 GET http://10.180.1.21/compute/v2.1/servers/2b81aec5-f79b-4a18-ac13-83fce1809740 0.713s
2025-12-09 06:51:32.195 66696 INFO tempest.lib.common.rest_client [req-e589b31f-a002-4462-b88e-1f138cd0a407 req-e589b31f-a002-4462-b88e-1f138cd0a407 ] Request (DeleteServersTestJSON:test_delete_active_server): 204 DELETE http://10.180.1.21/compute/v2.1/servers/ab09b2ef-43a8-4bb9-acae-64126737b3d3 0.836s
2025-12-09 06:51:32.259 66732 INFO tempest.lib.common.rest_client [req-1eade5f2-0556-4427-911d-b0c45d543d58 req-1eade5f2-0556-4427-911d-b0c45d543d58 ] Request (ListServersNegativeTestJSON:setUpClass): 200 GET http://10.180.1.21/compute/v2.1/servers/6e1b1e50-0c3b-4191-9b94-7b6e35ef4f9e 0.735s
2025-12-09 06:51:32.276 66706 INFO tempest.lib.common.rest_client [req-f7c26281-bb57-43ad-b249-72aa9811f069 req-f7c26281-bb57-43ad-b249-72aa9811f069 ] Request (ServerDiagnosticsTest:test_get_server_diagnostics): 200 GET http://10.180.1.21/compute/v2.1/servers/64db9266-a5ed-4159-a2d6-150ed0f9a5ed 0.688s
2025-12-09 06:51:32.339 66746 INFO tempest.lib.common.rest_client [req-8c29be43-cfcd-4dfc-bdd9-174c174f1835 req-8c29be43-cfcd-4dfc-bdd9-174c174f1835 ] Request (ServerGroupTestJSON:test_create_delete_multiple_server_groups_with_same_name_policy): 200 POST http://10.180.1.21/compute/v2.1/os-server-groups 0.639s
2025-12-09 06:51:32.411 66750 INFO tempest.lib.common.rest_client [req-62e7a819-da2e-47ac-9d93-8ecf244d8926 req-62e7a819-da2e-47ac-9d93-8ecf244d8926 ] Request (ServersAdminNegativeTestJSON:test_migrate_server_invalid_state): 200 GET http://10.180.1.21/compute/v2.1/servers/b690738b-312d-40e0-ab33-2eb4127a096a 0.616s
2025-12-09 06:51:32.438 66712 INFO tempest.lib.common.rest_client [req-9fcde030-580c-47c3-af4c-49132ffaa1a9 req-9fcde030-580c-47c3-af4c-49132ffaa1a9 ] Request (ServerTagsTestJSON:setUpClass): 200 GET http://10.180.1.21/compute/v2.1/servers/2ab3718b-f533-4960-aa82-324f372bdd06 0.719s
2025-12-09 06:51:32.445 66704 INFO tempest.lib.common.rest_client [req-d15e3a15-a67b-4a0b-babf-6e072a420c38 req-d15e3a15-a67b-4a0b-babf-6e072a420c38 ] Request (ListImageFiltersTestJSON:setUpClass): 200 GET http://10.180.1.21/compute/v2.1/images/30e4e7bc-9043-4fbb-a5e4-dc1e744bfdee 0.648s
2025-12-09 06:51:32.462 66716 INFO tempest.lib.common.rest_client [req-b82393a6-d101-47f3-af9d-18b66126c755 req-b82393a6-d101-47f3-af9d-18b66126c755 ] Request (HostsAdminTestJSON:test_show_host_detail): 200 GET http://10.180.1.21/compute/v2.1/os-hosts 0.604s
2025-12-09 06:51:32.466 66734 INFO tempest.lib.common.rest_client [req-f4454a5d-7962-4c32-b223-1eb5671c4a77 req-f4454a5d-7962-4c32-b223-1eb5671c4a77 ] Request (FlavorsAdminTestJSON:_run_cleanups): 202 DELETE http://10.180.1.21/compute/v2.1/flavors/56642444 0.576s
2025-12-09 06:51:32.521 66736 INFO tempest.lib.common.rest_client [req-6fe0afbf-7714-47ed-a4f6-07574ad2a651 req-6fe0afbf-7714-47ed-a4f6-07574ad2a651 ] Request (ServerRescueTestJSON:test_rescue_unrescue_instance): 200 GET http://10.180.1.21/compute/v2.1/servers/c3d141df-3545-41ef-8a45-2c31786e105f 0.533s
2025-12-09 06:51:32.526 66752 INFO tempest.lib.common.rest_client [req-d78af904-3f87-4400-b2b9-7bc005588928 req-d78af904-3f87-4400-b2b9-7bc005588928 ] Request (ServerShowV257Test:test_rebuild_server): 200 GET http://10.180.1.21/compute/v2.1/servers/439d8471-340a-47b7-9ceb-3685243c886a 0.599s
2025-12-09 06:51:32.553 66744 INFO tempest.lib.common.rest_client [req-d93e3243-2f1d-4526-a1b2-c3a2cbd4c1a2 req-d93e3243-2f1d-4526-a1b2-c3a2cbd4c1a2 ] Request (ServerAddressesTestJSON:test_list_server_addresses_by_network): 200 GET http://10.180.1.21/compute/v2.1/servers/647f4f9c-e014-43ab-8338-91f6126931ed/ips 0.510s
2025-12-09 06:51:32.585 66728 INFO tempest.lib.common.rest_client [req-79a3f02c-2595-4192-bfc3-1b2141d0c46c req-79a3f02c-2595-4192-bfc3-1b2141d0c46c ] Request (KeyPairsV22TestJSON:test_keypairs_create_list_delete): 201 POST http://10.180.1.21/compute/v2.1/os-keypairs 0.501s
2025-12-09 06:51:32.635 66748 INFO tempest.lib.common.rest_client [req-ff078005-2411-46d2-b0dd-9cc7aa671933 req-ff078005-2411-46d2-b0dd-9cc7aa671933 ] Request (FloatingIPsAssociationTestJSON:test_associate_already_associated_floating_ip): 200 GET http://10.180.1.21/compute/v2.1/servers/2dd3efbc-c0e7-42a1-9768-efc100b95895 0.529s
2025-12-09 06:51:32.696 66710 INFO tempest.lib.common.rest_client [req-4c8e6d54-9110-4005-9ff2-a365171dd334 req-4c8e6d54-9110-4005-9ff2-a365171dd334 ] Request (ListServerFiltersTestJSON:test_list_servers_filtered_by_ip): 200 GET http://10.180.1.21/compute/v2.1/servers?ip=192.168.128.10 0.682s
2025-12-09 06:51:32.699 66724 INFO tempest.lib.common.rest_client [req-536af3e1-f577-4137-96de-4366ffd0c406 req-536af3e1-f577-4137-96de-4366ffd0c406 ] Request (ServersTestBootFromVolume:setUpClass): 200 GET http://10.180.1.21/compute/v2.1/servers/f11de767-7383-4219-9e23-5d3c031aef51 0.590s
2025-12-09 06:51:32.760 66690 INFO tempest.lib.common.rest_client [req-279a6a41-f89b-41f7-8b71-a70f5f4d7c32 req-279a6a41-f89b-41f7-8b71-a70f5f4d7c32 ] Request (ServersAdminTestJSON:test_inject_network_info): 200 GET http://10.180.1.21/compute/v2.1/servers/cabf1018-5178-456d-a3db-7bdbd4af7fc5 0.589s
2025-12-09 06:51:32.857 66740 INFO tempest.lib.common.rest_client [req-abd3ef24-688d-4d01-9c4a-61e0f51120a7 req-abd3ef24-688d-4d01-9c4a-61e0f51120a7 ] Request (ServerRescueNegativeTestJSON:test_rescued_vm_detach_volume): 200 GET http://10.180.1.21/volume/v3/volumes/8b89d645-af0f-499e-b1e4-e8a12c8fc910 0.053s
2025-12-09 06:51:32.865 66740 INFO tempest.common.waiters [-] volume 8b89d645-af0f-499e-b1e4-e8a12c8fc910 reached available after waiting for 1.865871 seconds
2025-12-09 06:51:32.866 66718 INFO tempest.lib.common.rest_client [req-6a1f1c86-fbe6-4da9-8301-b3aa41cf91c3 req-6a1f1c86-fbe6-4da9-8301-b3aa41cf91c3 ] Request (SecurityGroupsTestJSON:test_server_security_groups): 200 GET http://10.180.1.21/compute/v2.1/servers/b3fe91f4-3264-4bd3-8a98-f79597159b3c 0.638s
2025-12-09 06:51:32.908 66696 INFO tempest.lib.common.rest_client [req-bfa87f2b-9096-4b8b-972a-d40e507fbf20 req-bfa87f2b-9096-4b8b-972a-d40e507fbf20 ] Request (DeleteServersTestJSON:test_delete_active_server): 200 GET http://10.180.1.21/compute/v2.1/servers/ab09b2ef-43a8-4bb9-acae-64126737b3d3 0.712s
2025-12-09 06:51:32.955 66720 INFO tempest.lib.common.rest_client [req-eca49c41-dcc2-4a26-bc93-443ea4e0946d req-eca49c41-dcc2-4a26-bc93-443ea4e0946d ] Request (ServersListShow2100Test:test_list_show_rebuild_update_server_2100): 200 GET http://10.180.1.21/compute/v2.1/servers/d639e22a-2063-4c23-9775-deac2a14f1b8 0.627s
2025-12-09 06:51:32.979 66746 INFO tempest.lib.common.rest_client [req-4f4958ee-e9e9-4841-a387-44d1ef95c478 req-4f4958ee-e9e9-4841-a387-44d1ef95c478 ] Request (ServerGroupTestJSON:test_create_delete_multiple_server_groups_with_same_name_policy): 200 POST http://10.180.1.21/compute/v2.1/os-server-groups 0.638s
2025-12-09 06:51:33.025 66694 INFO tempest.lib.common.rest_client [req-e6921c1f-42ea-4673-bfa0-8c789118818e req-e6921c1f-42ea-4673-bfa0-8c789118818e ] Request (ServerDiskConfigTestJSON:test_rebuild_server_with_manual_disk_config): 200 GET http://10.180.1.21/compute/v2.1/servers/78d97b51-fc03-49be-b434-d100da6ac052 0.653s
2025-12-09 06:51:33.038 66708 INFO tempest.lib.common.rest_client [req-04a3f0d4-a6de-4fa1-a8c2-cdee294c36b5 req-04a3f0d4-a6de-4fa1-a8c2-cdee294c36b5 ] Request (InstanceActionsV221TestJSON:test_get_list_deleted_instance_actions): 200 GET http://10.180.1.21/compute/v2.1/servers/05de7946-a5d4-4e94-8fd1-9a4672037910 0.622s
2025-12-09 06:51:33.069 66734 INFO tempest.lib.common.rest_client [req-2ff74162-c004-4f83-9009-064c7e05be59 req-2ff74162-c004-4f83-9009-064c7e05be59 ] Request (FlavorsAdminTestJSON:_run_cleanups): 200 GET http://10.180.1.21/compute/v2.1/flavors/detail 0.602s
2025-12-09 06:51:33.093 66716 INFO tempest.lib.common.rest_client [req-8b61d051-7535-4e04-ad11-29d07f348a4e req-8b61d051-7535-4e04-ad11-29d07f348a4e ] Request (HostsAdminTestJSON:test_show_host_detail): 200 GET http://10.180.1.21/compute/v2.1/os-hosts/cpu-1 0.629s
2025-12-09 06:51:33.212 66716 INFO tempest.lib.common.rest_client [req-683219ad-e0cc-4def-a238-f4bd6ed039f4 req-683219ad-e0cc-4def-a238-f4bd6ed039f4 ] Request (HostsAdminTestJSON:tearDownClass): 204 DELETE http://10.180.1.21/identity/v3/users/747ceaab15964edc8561eabfe72264aa 0.117s
2025-12-09 06:51:33.250 66692 INFO tempest.lib.common.rest_client [req-ffc845d9-99b4-4b60-a11f-8201c6c557f6 req-ffc845d9-99b4-4b60-a11f-8201c6c557f6 ] Request (MigrationsAdminTest:test_list_migrations_in_flavor_resize_situation): 200 GET http://10.180.1.21/compute/v2.1/servers/7abb6ee0-b37b-4400-848e-f4b0e773d82b 0.778s
2025-12-09 06:51:33.250 66698 INFO tempest.lib.common.rest_client [req-a25f1368-de88-425d-a996-29df7963ff78 req-a25f1368-de88-425d-a996-29df7963ff78 ] Request (ImagesOneServerTestJSON:setUpClass): 200 GET http://10.180.1.21/compute/v2.1/servers/5d7f4011-1902-44fb-8f28-7294241c02c8 0.708s
2025-12-09 06:51:33.267 66728 INFO tempest.lib.common.rest_client [req-e858fd36-976e-45e7-b8fb-050dd2436111 req-e858fd36-976e-45e7-b8fb-050dd2436111 ] Request (KeyPairsV22TestJSON:test_keypairs_create_list_delete): 200 GET http://10.180.1.21/compute/v2.1/os-keypairs 0.680s
2025-12-09 06:51:33.319 66744 INFO tempest.lib.common.rest_client [req-74d653e6-c599-44df-a9b5-e3d980dd3810 req-74d653e6-c599-44df-a9b5-e3d980dd3810 ] Request (ServerAddressesTestJSON:test_list_server_addresses_by_network): 200 GET http://10.180.1.21/compute/v2.1/servers/647f4f9c-e014-43ab-8338-91f6126931ed/ips/tempest-ServerAddressesTestJSON-1813177689-network 0.764s
2025-12-09 06:51:33.354 66716 INFO tempest.lib.common.rest_client [req-cb7ba312-c894-4d67-9184-6057a8c73cca req-cb7ba312-c894-4d67-9184-6057a8c73cca ] Request (HostsAdminTestJSON:tearDownClass): 204 DELETE http://10.180.1.21/identity/v3/users/a778bcb4516847f99ad52841d2a7599c 0.142s
2025-12-09 06:51:33.355 66716 INFO tempest.lib.common.dynamic_creds [-] Deleting project and security group for project: ce47a0a402a14d28af49c8872ddf4ece
2025-12-09 06:51:33.360 66730 INFO tempest.lib.common.rest_client [req-408973da-d6db-4586-a37b-96c006ec137e req-408973da-d6db-4586-a37b-96c006ec137e ] Request (InstanceActionsTestJSON:tearDownClass): 200 GET http://10.180.1.21/compute/v2.1/servers/4debbf33-37ac-4d62-928c-76222c40c25b 0.739s
2025-12-09 06:51:33.384 66722 INFO tempest.lib.common.rest_client [req-b37b312d-e5fb-49af-97a4-d0645ff12175 req-b37b312d-e5fb-49af-97a4-d0645ff12175 ] Request (ServerMetadataTestJSON:setUpClass): 200 GET http://10.180.1.21/compute/v2.1/servers/923ebda9-56c4-45e8-800d-fb2e645e9ee9 0.708s
2025-12-09 06:51:33.423 66716 INFO tempest.lib.common.rest_client [req-aca0f9a8-0d2e-458d-8878-fd4965672c68 req-aca0f9a8-0d2e-458d-8878-fd4965672c68 ] Request (HostsAdminTestJSON:tearDownClass): 201 POST http://10.180.1.21/identity/v3/auth/tokens 0.068s
2025-12-09 06:51:33.451 66742 INFO tempest.lib.common.rest_client [req-7b3a01ca-6c5c-4e78-b616-7e3eac63527f req-7b3a01ca-6c5c-4e78-b616-7e3eac63527f ] Request (DeleteServersAdminTestJSON:test_delete_server_while_in_error_state): 200 GET http://10.180.1.21/compute/v2.1/servers/77154bb9-c0e2-49a8-b7ac-36430292ee85 0.628s
2025-12-09 06:51:33.483 66710 INFO tempest.lib.common.rest_client [req-23994372-030a-4de0-880b-ea0536b9b3d6 req-23994372-030a-4de0-880b-ea0536b9b3d6 ] Request (ListServerFiltersTestJSON:test_list_servers_filtered_by_ip_regex): 200 GET http://10.180.1.21/compute/v2.1/servers/08eb1faf-bff1-4f68-bd3d-6ba923d56bc2 0.781s
2025-12-09 06:51:33.490 66740 INFO tempest.lib.common.rest_client [req-1874efcd-26f4-40a9-8bea-1cadb15442d3 req-1874efcd-26f4-40a9-8bea-1cadb15442d3 ] Request (ServerRescueNegativeTestJSON:test_rescued_vm_detach_volume): 200 POST http://10.180.1.21/compute/v2.1/os-keypairs 0.622s
2025-12-09 06:51:33.508 66734 INFO tempest.lib.common.rest_client [req-dad45e87-b09d-489e-a4bc-d4a3325deea0 req-dad45e87-b09d-489e-a4bc-d4a3325deea0 ] Request (FlavorsAdminTestJSON:test_list_public_flavor_with_other_user): 200 POST http://10.180.1.21/compute/v2.1/flavors 0.432s
2025-12-09 06:51:33.523 66746 INFO tempest.lib.common.rest_client [req-0fb94fb7-4df0-4ec9-9397-fb07f8736018 req-0fb94fb7-4df0-4ec9-9397-fb07f8736018 ] Request (ServerGroupTestJSON:test_create_delete_multiple_server_groups_with_same_name_policy): 204 DELETE http://10.180.1.21/compute/v2.1/os-server-groups/fc1abb91-d6f6-40b5-8100-479800aa60cc 0.542s
2025-12-09 06:51:33.604 66740 INFO tempest.lib.common.rest_client [req-3c967743-1fe8-4aa8-8363-32e761008bed req-3c967743-1fe8-4aa8-8363-32e761008bed ] Request (ServerRescueNegativeTestJSON:test_rescued_vm_detach_volume): 201 POST http://10.180.1.21/networking/v2.0/security-groups 0.113s
2025-12-09 06:51:33.614 66716 INFO tempest.lib.common.rest_client [req-42cc2e63-d997-4351-a53d-0e85522274df req-42cc2e63-d997-4351-a53d-0e85522274df ] Request (HostsAdminTestJSON:tearDownClass): 200 GET http://10.180.1.21/networking/v2.0/security-groups?tenant_id=ce47a0a402a14d28af49c8872ddf4ece&name=default 0.191s
2025-12-09 06:51:33.638 66732 INFO tempest.lib.common.rest_client [req-d72c06f8-5927-4b29-bfda-d5412fad81a1 req-d72c06f8-5927-4b29-bfda-d5412fad81a1 ] Request (ListServersNegativeTestJSON:setUpClass): 200 GET http://10.180.1.21/compute/v2.1/servers/6e1b1e50-0c3b-4191-9b94-7b6e35ef4f9e 0.369s
2025-12-09 06:51:33.642 66714 INFO tempest.lib.common.rest_client [req-4e28acef-874f-4893-a377-ce404e310798 req-4e28acef-874f-4893-a377-ce404e310798 ] Request (ServerExternalEventsTest:tearDownClass): 200 GET http://10.180.1.21/compute/v2.1/servers/2b81aec5-f79b-4a18-ac13-83fce1809740 0.443s
2025-12-09 06:51:33.672 66728 INFO tempest.lib.common.rest_client [req-d05a1a4f-b134-4f56-a58e-539f59d994bf req-d05a1a4f-b134-4f56-a58e-539f59d994bf ] Request (KeyPairsV22TestJSON:_run_cleanups): 204 DELETE http://10.180.1.21/compute/v2.1/os-keypairs/tempest-KeyPairsV22TestJSON-keypair-1294988573 0.402s
2025-12-09 06:51:33.741 66740 INFO tempest.lib.common.rest_client [req-e6868a7c-0e50-4b0d-a475-1ae9e540473b req-e6868a7c-0e50-4b0d-a475-1ae9e540473b ] Request (ServerRescueNegativeTestJSON:test_rescued_vm_detach_volume): 201 POST http://10.180.1.21/networking/v2.0/security-group-rules 0.136s
2025-12-09 06:51:33.763 66744 INFO tempest.lib.common.rest_client [req-f2c6e593-e5a7-4caa-8115-0c56a8de05c5 req-f2c6e593-e5a7-4caa-8115-0c56a8de05c5 ] Request (ServerAddressesTestJSON:tearDownClass): 204 DELETE http://10.180.1.21/compute/v2.1/servers/647f4f9c-e014-43ab-8338-91f6126931ed 0.440s
2025-12-09 06:51:33.769 66716 INFO tempest.lib.common.rest_client [req-0bf047bc-98e5-4dae-a006-6c6b519a4c6b req-0bf047bc-98e5-4dae-a006-6c6b519a4c6b ] Request (HostsAdminTestJSON:tearDownClass): 204 DELETE http://10.180.1.21/networking/v2.0/security-groups/f9c55f07-7d94-4823-bac0-8a6f32497dcf 0.155s
2025-12-09 06:51:33.798 66706 INFO tempest.lib.common.rest_client [req-e5d6e18a-eb94-4bba-9182-37e377f05204 req-e5d6e18a-eb94-4bba-9182-37e377f05204 ] Request (ServerDiagnosticsTest:test_get_server_diagnostics): 200 GET http://10.180.1.21/compute/v2.1/servers/64db9266-a5ed-4159-a2d6-150ed0f9a5ed 0.512s
2025-12-09 06:51:33.843 66750 INFO tempest.lib.common.rest_client [req-9b4952ca-0612-4cda-af0b-4b34e14daa19 req-9b4952ca-0612-4cda-af0b-4b34e14daa19 ] Request (ServersAdminNegativeTestJSON:test_migrate_server_invalid_state): 200 GET http://10.180.1.21/compute/v2.1/servers/b690738b-312d-40e0-ab33-2eb4127a096a 0.425s
2025-12-09 06:51:33.857 66704 INFO tempest.lib.common.rest_client [req-244284e0-6fc4-4f95-9803-ab17eb0256f7 req-244284e0-6fc4-4f95-9803-ab17eb0256f7 ] Request (ListImageFiltersTestJSON:setUpClass): 200 GET http://10.180.1.21/compute/v2.1/images/30e4e7bc-9043-4fbb-a5e4-dc1e744bfdee 0.407s
2025-12-09 06:51:33.888 66716 INFO tempest.lib.common.rest_client [req-d26f8a61-9cb0-49ad-9712-c453305ccd9f req-d26f8a61-9cb0-49ad-9712-c453305ccd9f ] Request (HostsAdminTestJSON:tearDownClass): 204 DELETE http://10.180.1.21/identity/v3/projects/ce47a0a402a14d28af49c8872ddf4ece 0.119s
2025-12-09 06:51:33.889 66716 INFO tempest.lib.common.dynamic_creds [-] Deleting project and security group for project: e21a54197bb7402ba503fcbf1d63b230
2025-12-09 06:51:33.912 66740 INFO tempest.lib.common.rest_client [req-39bfafd8-af12-4ac0-94f6-a08bd1093aba req-39bfafd8-af12-4ac0-94f6-a08bd1093aba ] Request (ServerRescueNegativeTestJSON:test_rescued_vm_detach_volume): 201 POST http://10.180.1.21/networking/v2.0/security-group-rules 0.170s
2025-12-09 06:51:34.018 66716 INFO tempest.lib.common.rest_client [req-bf532bf4-4954-4205-88c2-6d8990646649 req-bf532bf4-4954-4205-88c2-6d8990646649 ] Request (HostsAdminTestJSON:tearDownClass): 200 GET http://10.180.1.21/networking/v2.0/security-groups?tenant_id=e21a54197bb7402ba503fcbf1d63b230&name=default 0.129s
2025-12-09 06:51:34.107 66712 INFO tempest.lib.common.rest_client [req-3da6f99f-46af-4b58-b795-90871b34489c req-3da6f99f-46af-4b58-b795-90871b34489c ] Request (ServerTagsTestJSON:setUpClass): 200 GET http://10.180.1.21/compute/v2.1/servers/2ab3718b-f533-4960-aa82-324f372bdd06 0.657s
2025-12-09 06:51:34.138 66734 INFO tempest.lib.common.rest_client [req-243e95f7-90e9-4c17-9f5c-eff517e6d828 req-243e95f7-90e9-4c17-9f5c-eff517e6d828 ] Request (FlavorsAdminTestJSON:test_list_public_flavor_with_other_user): 200 GET http://10.180.1.21/compute/v2.1/flavors/detail 0.627s
2025-12-09 06:51:34.165 66746 INFO tempest.lib.common.rest_client [req-c89d5292-04eb-475d-985c-cfa7b8ba0ea6 req-c89d5292-04eb-475d-985c-cfa7b8ba0ea6 ] Request (ServerGroupTestJSON:test_create_delete_multiple_server_groups_with_same_name_policy): 200 GET http://10.180.1.21/compute/v2.1/os-server-groups 0.642s
2025-12-09 06:51:34.214 66716 INFO tempest.lib.common.rest_client [req-0fc40dee-ec06-47a5-a3e5-608f2349ae5d req-0fc40dee-ec06-47a5-a3e5-608f2349ae5d ] Request (HostsAdminTestJSON:tearDownClass): 204 DELETE http://10.180.1.21/networking/v2.0/security-groups/c06a959b-7826-4ea9-b83f-e3f9427a0e2d 0.195s
2025-12-09 06:51:34.248 66710 INFO tempest.lib.common.rest_client [req-9c5434c0-bb37-4057-bd63-16eecc49378a req-9c5434c0-bb37-4057-bd63-16eecc49378a ] Request (ListServerFiltersTestJSON:test_list_servers_filtered_by_ip_regex): 200 GET http://10.180.1.21/compute/v2.1/servers/9db16423-dca3-4cd7-b9a3-76d1f5b3dfce 0.754s
2025-12-09 06:51:34.268 66736 INFO tempest.lib.common.rest_client [req-8726d91f-44d8-469f-94ce-6cceae5b2172 req-8726d91f-44d8-469f-94ce-6cceae5b2172 ] Request (ServerRescueTestJSON:test_rescue_unrescue_instance): 200 GET http://10.180.1.21/compute/v2.1/servers/c3d141df-3545-41ef-8a45-2c31786e105f 0.737s
2025-12-09 06:51:34.327 66752 INFO tempest.lib.common.rest_client [req-6a2b8b86-1d03-46fe-8e8f-1626f77719a7 req-6a2b8b86-1d03-46fe-8e8f-1626f77719a7 ] Request (ServerShowV257Test:test_rebuild_server): 200 GET http://10.180.1.21/compute/v2.1/servers/439d8471-340a-47b7-9ceb-3685243c886a 0.788s
2025-12-09 06:51:34.356 66728 INFO tempest.lib.common.rest_client [req-1b6ac885-aa9e-4a23-a572-352558bea740 req-1b6ac885-aa9e-4a23-a572-352558bea740 ] Request (KeyPairsV22TestJSON:_run_cleanups): 204 DELETE http://10.180.1.21/compute/v2.1/os-keypairs/tempest-KeyPairsV22TestJSON-keypair-825061525 0.683s
2025-12-09 06:51:34.373 66716 INFO tempest.lib.common.rest_client [req-66796488-4e63-4cd4-b0e0-201a46f39a2f req-66796488-4e63-4cd4-b0e0-201a46f39a2f ] Request (HostsAdminTestJSON:tearDownClass): 204 DELETE http://10.180.1.21/identity/v3/projects/e21a54197bb7402ba503fcbf1d63b230 0.158s
2025-12-09 06:51:34.415 66748 INFO tempest.lib.common.rest_client [req-d258fb1c-205f-486c-83fc-6c2cea94eba4 req-d258fb1c-205f-486c-83fc-6c2cea94eba4 ] Request (FloatingIPsAssociationTestJSON:test_associate_already_associated_floating_ip): 200 GET http://10.180.1.21/compute/v2.1/servers/2dd3efbc-c0e7-42a1-9768-efc100b95895 0.771s
2025-12-09 06:51:34.473 66716 INFO tempest.lib.common.rest_client [req-31cc9e35-f404-4d40-b016-a748db991bd7 req-31cc9e35-f404-4d40-b016-a748db991bd7 ] Request (InstanceUsageAuditLogTestJSON:setUpClass): 201 POST http://10.180.1.21/identity/v3/auth/tokens 0.098s
2025-12-09 06:51:34.496 66724 INFO tempest.lib.common.rest_client [req-116f3117-c573-4159-b349-ffec098f2f27 req-116f3117-c573-4159-b349-ffec098f2f27 ] Request (ServersTestBootFromVolume:setUpClass): 200 GET http://10.180.1.21/compute/v2.1/servers/f11de767-7383-4219-9e23-5d3c031aef51 0.783s
2025-12-09 06:51:34.507 66740 INFO tempest.lib.common.rest_client [req-b01e243c-5b2d-41c4-8323-6c07148a6212 req-b01e243c-5b2d-41c4-8323-6c07148a6212 ] Request (ServerRescueNegativeTestJSON:test_rescued_vm_detach_volume): 201 POST http://10.180.1.21/networking/v2.0/floatingips 0.594s
2025-12-09 06:51:34.523 66716 INFO tempest.lib.common.rest_client [req-9571494b-961c-4414-afab-10f0ce2ff01d req-9571494b-961c-4414-afab-10f0ce2ff01d ] Request (InstanceUsageAuditLogTestJSON:setUpClass): 201 POST http://10.180.1.21/identity/v3/auth/tokens 0.047s
2025-12-09 06:51:34.551 66716 INFO tempest.lib.common.rest_client [req-184b1fcf-bd15-4162-a8e4-74464d685ead req-184b1fcf-bd15-4162-a8e4-74464d685ead ] Request (InstanceUsageAuditLogTestJSON:setUpClass): 200 GET http://10.180.1.21/identity/v3/domains?name=Default 0.027s
2025-12-09 06:51:34.569 66740 INFO tempest.lib.common.rest_client [req-3bf6b3c9-89fb-4dac-ad4c-8730f3f0f596 req-3bf6b3c9-89fb-4dac-ad4c-8730f3f0f596 ] Request (ServerRescueNegativeTestJSON:test_rescued_vm_detach_volume): 201 POST http://10.180.1.21/identity/v3/auth/tokens 0.059s
2025-12-09 06:51:34.569 66740 INFO tempest.lib.common.fixed_network [-] (ServerRescueNegativeTestJSON:test_rescued_vm_detach_volume) Found network {'id': '6563b170-a92c-4561-a184-fdfd36561cf5', 'name': 'tempest-ServerRescueNegativeTestJSON-296623259-network', 'tenant_id': '8f66171f5d4848b185d4210eeca932e3', 'project_id': '8f66171f5d4848b185d4210eeca932e3', 'admin_state_up': True, 'mtu': 8950, 'status': 'ACTIVE', 'subnets': [], 'shared': False, 'port_security_enabled': True, 'router:external': False, 'provider:network_type': 'vlan', 'provider:physical_network': 'default', 'provider:segmentation_id': 11, 'availability_zone_hints': [], 'availability_zones': [], 'ipv4_address_scope': None, 'ipv6_address_scope': None, 'description': '', 'tags': [], 'created_at': '2025-12-09T06:49:56Z', 'updated_at': '2025-12-09T06:49:56Z', 'revision_number': 1} available for tenant
2025-12-09 06:51:34.577 66690 INFO tempest.lib.common.rest_client [req-94f2863a-9722-4bc3-9042-a14f597d4cce req-94f2863a-9722-4bc3-9042-a14f597d4cce ] Request (ServersAdminTestJSON:test_inject_network_info): 200 GET http://10.180.1.21/compute/v2.1/servers/cabf1018-5178-456d-a3db-7bdbd4af7fc5 0.804s
2025-12-09 06:51:34.589 66716 INFO tempest.lib.common.rest_client [req-ca49bef9-8979-4b80-969e-4912a2c35324 req-ca49bef9-8979-4b80-969e-4912a2c35324 ] Request (InstanceUsageAuditLogTestJSON:setUpClass): 201 POST http://10.180.1.21/identity/v3/projects 0.037s
2025-12-09 06:51:34.606 66744 INFO tempest.lib.common.rest_client [req-65ad1ff9-fbd4-4690-a66f-ecfe6872ea58 req-65ad1ff9-fbd4-4690-a66f-ecfe6872ea58 ] Request (ServerAddressesTestJSON:tearDownClass): 200 GET http://10.180.1.21/compute/v2.1/servers/647f4f9c-e014-43ab-8338-91f6126931ed 0.843s
2025-12-09 06:51:34.636 66718 INFO tempest.lib.common.rest_client [req-dc5e7aed-8223-4649-a4c7-a669847431a1 req-dc5e7aed-8223-4649-a4c7-a669847431a1 ] Request (SecurityGroupsTestJSON:test_server_security_groups): 200 GET http://10.180.1.21/compute/v2.1/servers/b3fe91f4-3264-4bd3-8a98-f79597159b3c 0.755s
2025-12-09 06:51:34.657 66716 INFO tempest.lib.common.rest_client [req-673e3c26-c8c5-47c6-8ce6-11956747b119 req-673e3c26-c8c5-47c6-8ce6-11956747b119 ] Request (InstanceUsageAuditLogTestJSON:setUpClass): 201 POST http://10.180.1.21/identity/v3/users 0.067s
2025-12-09 06:51:34.689 66716 INFO tempest.lib.common.rest_client [req-96b730bc-b80c-41da-8e77-509b1fb35596 req-96b730bc-b80c-41da-8e77-509b1fb35596 ] Request (InstanceUsageAuditLogTestJSON:setUpClass): 200 GET http://10.180.1.21/identity/v3/roles 0.031s
2025-12-09 06:51:34.722 66696 INFO tempest.lib.common.rest_client [req-36fce1f3-ae39-49ae-92ec-406b73ad5391 req-36fce1f3-ae39-49ae-92ec-406b73ad5391 ] Request (DeleteServersTestJSON:test_delete_active_server): 200 GET http://10.180.1.21/compute/v2.1/servers/ab09b2ef-43a8-4bb9-acae-64126737b3d3 0.804s
2025-12-09 06:51:34.725 66716 INFO tempest.lib.common.rest_client [req-a77d0421-3962-40ef-9b59-0739fa6c0c8d req-a77d0421-3962-40ef-9b59-0739fa6c0c8d ] Request (InstanceUsageAuditLogTestJSON:setUpClass): 204 PUT http://10.180.1.21/identity/v3/projects/d27a9c87aa6a44e98f7f030148037098/users/9dd46a849f094c25a779475dec539e3b/roles/1a42c0d8050149b19c56ee111f2bfc96 0.036s
2025-12-09 06:51:34.725 66716 INFO tempest.lib.common.dynamic_creds [-] Dynamic test user 9dd46a849f094c25a779475dec539e3b is created with scope project and roles: ['member']
2025-12-09 06:51:34.726 66716 INFO tempest.lib.common.dynamic_creds [-] Acquired dynamic creds: credentials: Credentials: {'domain_id': 'default', 'domain_name': 'Default', 'username': 'tempest-InstanceUsageAuditLogTestJSON-373815844-project-member', 'project_domain_id': 'default', 'project_domain_name': 'Default', 'project_id': 'd27a9c87aa6a44e98f7f030148037098', 'project_name': 'tempest-InstanceUsageAuditLogTestJSON-373815844', 'tenant_id': 'd27a9c87aa6a44e98f7f030148037098', 'tenant_name': 'tempest-InstanceUsageAuditLogTestJSON-373815844', 'user_domain_id': 'default', 'user_domain_name': 'Default', 'user_id': '9dd46a849f094c25a779475dec539e3b', 'system': None}, Network: None, Subnet: None, Router: None
2025-12-09 06:51:34.726 66716 INFO tempest.lib.common.dynamic_creds [-] Created isolated network resources for: credentials: Credentials: {'domain_id': 'default', 'domain_name': 'Default', 'username': 'tempest-InstanceUsageAuditLogTestJSON-373815844-project-member', 'project_domain_id': 'default', 'project_domain_name': 'Default', 'project_id': 'd27a9c87aa6a44e98f7f030148037098', 'project_name': 'tempest-InstanceUsageAuditLogTestJSON-373815844', 'tenant_id': 'd27a9c87aa6a44e98f7f030148037098', 'tenant_name': 'tempest-InstanceUsageAuditLogTestJSON-373815844', 'user_domain_id': 'default', 'user_domain_name': 'Default', 'user_id': '9dd46a849f094c25a779475dec539e3b', 'system': None}, Network: None, Subnet: None, Router: None
2025-12-09 06:51:34.739 66720 INFO tempest.lib.common.rest_client [req-c23de2a0-cf86-4e10-ad10-4c9ca4717ab2 req-c23de2a0-cf86-4e10-ad10-4c9ca4717ab2 ] Request (ServersListShow2100Test:test_list_show_rebuild_update_server_2100): 200 GET http://10.180.1.21/compute/v2.1/servers/d639e22a-2063-4c23-9775-deac2a14f1b8 0.771s
2025-12-09 06:51:34.756 66720 INFO tempest.common.waiters [-] State transition "BUILD/None" ==> "BUILD/networking" after 31 second wait
2025-12-09 06:51:34.794 66694 INFO tempest.lib.common.rest_client [req-ee00bff3-2335-4f1f-978e-6ab67aa4fda3 req-ee00bff3-2335-4f1f-978e-6ab67aa4fda3 ] Request (ServerDiskConfigTestJSON:test_rebuild_server_with_manual_disk_config): 200 GET http://10.180.1.21/compute/v2.1/servers/78d97b51-fc03-49be-b434-d100da6ac052 0.756s
2025-12-09 06:51:34.816 66708 INFO tempest.lib.common.rest_client [req-78446a60-8610-4820-b8ba-51ada9697e96 req-78446a60-8610-4820-b8ba-51ada9697e96 ] Request (InstanceActionsV221TestJSON:test_get_list_deleted_instance_actions): 200 GET http://10.180.1.21/compute/v2.1/servers/05de7946-a5d4-4e94-8fd1-9a4672037910 0.767s
2025-12-09 06:51:34.822 66716 INFO tempest.lib.common.rest_client [req-11a68078-e1d0-4ec5-83ab-b757fcf3e897 req-11a68078-e1d0-4ec5-83ab-b757fcf3e897 ] Request (InstanceUsageAuditLogTestJSON:setUpClass): 201 POST http://10.180.1.21/identity/v3/auth/tokens 0.092s
2025-12-09 06:51:34.830 66734 INFO tempest.lib.common.rest_client [req-4def489d-a909-427b-aedc-91e29cd40ae5 req-4def489d-a909-427b-aedc-91e29cd40ae5 ] Request (FlavorsAdminTestJSON:_run_cleanups): 202 DELETE http://10.180.1.21/compute/v2.1/flavors/566361665 0.686s
2025-12-09 06:51:34.869 66746 INFO tempest.lib.common.rest_client [req-d4f46ccb-69b6-47c4-ae1f-b3b10da483aa req-d4f46ccb-69b6-47c4-ae1f-b3b10da483aa ] Request (ServerGroupTestJSON:test_create_delete_multiple_server_groups_with_same_name_policy): 204 DELETE http://10.180.1.21/compute/v2.1/os-server-groups/e4f023ee-8bfc-4702-9c9c-39abfe5e003a 0.700s
2025-12-09 06:51:34.935 66716 INFO tempest.lib.common.rest_client [req-21726bc6-7056-4578-bdea-a358327471bf req-21726bc6-7056-4578-bdea-a358327471bf ] Request (InstanceUsageAuditLogTestJSON:setUpClass): 201 POST http://10.180.1.21/identity/v3/projects 0.112s
2025-12-09 06:51:35.010 66716 INFO tempest.lib.common.rest_client [req-93b4d41b-1c41-4721-89fc-3fa7b15a546c req-93b4d41b-1c41-4721-89fc-3fa7b15a546c ] Request (InstanceUsageAuditLogTestJSON:setUpClass): 201 POST http://10.180.1.21/identity/v3/users 0.074s
2025-12-09 06:51:35.037 66716 INFO tempest.lib.common.rest_client [req-3314bd80-f833-4396-b6d7-5346bb3611ad req-3314bd80-f833-4396-b6d7-5346bb3611ad ] Request (InstanceUsageAuditLogTestJSON:setUpClass): 200 GET http://10.180.1.21/identity/v3/roles 0.027s
2025-12-09 06:51:35.041 66710 INFO tempest.lib.common.rest_client [req-a2c9d318-692f-4e40-be7f-aaf63e05ed6d req-a2c9d318-692f-4e40-be7f-aaf63e05ed6d ] Request (ListServerFiltersTestJSON:test_list_servers_filtered_by_ip_regex): 200 GET http://10.180.1.21/compute/v2.1/servers/23108810-1113-4574-8b9a-2e567150224a 0.784s
2025-12-09 06:51:35.041 66692 INFO tempest.lib.common.rest_client [req-75f16a14-0b13-47ce-bf04-5610902d69b1 req-75f16a14-0b13-47ce-bf04-5610902d69b1 ] Request (MigrationsAdminTest:test_list_migrations_in_flavor_resize_situation): 200 GET http://10.180.1.21/compute/v2.1/servers/7abb6ee0-b37b-4400-848e-f4b0e773d82b 0.782s
2025-12-09 06:51:35.060 66728 INFO tempest.lib.common.rest_client [req-a0788a08-199e-4a5a-8fd8-0a9371471039 req-a0788a08-199e-4a5a-8fd8-0a9371471039 ] Request (KeyPairsV22TestJSON:_run_cleanups): 204 DELETE http://10.180.1.21/compute/v2.1/os-keypairs/tempest-KeyPairsV22TestJSON-keypair-817403915 0.703s
2025-12-09 06:51:35.078 66716 INFO tempest.lib.common.rest_client [req-84dbf501-ac1d-4e5e-838f-03b68c30eb7e req-84dbf501-ac1d-4e5e-838f-03b68c30eb7e ] Request (InstanceUsageAuditLogTestJSON:setUpClass): 204 PUT http://10.180.1.21/identity/v3/projects/53eec56ef90b4941badbdc93c5bb0c9d/users/47993877fd394814bcc29698d727a615/roles/617ba33a8d4f46faaa7a672759c4b470 0.040s
2025-12-09 06:51:35.138 66716 INFO tempest.lib.common.rest_client [req-147b2b8f-bb08-4272-a97b-f40856121198 req-147b2b8f-bb08-4272-a97b-f40856121198 ] Request (InstanceUsageAuditLogTestJSON:setUpClass): 200 GET http://10.180.1.21/identity/v3/roles 0.060s
2025-12-09 06:51:35.143 66730 INFO tempest.lib.common.rest_client [req-51503aa3-3515-4ba2-9ad4-6f847859e416 req-51503aa3-3515-4ba2-9ad4-6f847859e416 ] Request (InstanceActionsTestJSON:tearDownClass): 200 GET http://10.180.1.21/compute/v2.1/servers/4debbf33-37ac-4d62-928c-76222c40c25b 0.775s
2025-12-09 06:51:35.157 66698 INFO tempest.lib.common.rest_client [req-7b0a40ac-09de-4cfa-b10f-d8c5917ce78f req-7b0a40ac-09de-4cfa-b10f-d8c5917ce78f ] Request (ImagesOneServerTestJSON:setUpClass): 200 GET http://10.180.1.21/compute/v2.1/servers/5d7f4011-1902-44fb-8f28-7294241c02c8 0.893s
2025-12-09 06:51:35.166 66716 INFO tempest.lib.common.rest_client [req-b1dfda5c-7e3e-4b17-9ec8-d8bf74568cf9 req-b1dfda5c-7e3e-4b17-9ec8-d8bf74568cf9 ] Request (InstanceUsageAuditLogTestJSON:setUpClass): 204 PUT http://10.180.1.21/identity/v3/projects/53eec56ef90b4941badbdc93c5bb0c9d/users/47993877fd394814bcc29698d727a615/roles/617ba33a8d4f46faaa7a672759c4b470 0.028s
2025-12-09 06:51:35.166 66716 INFO tempest.lib.common.dynamic_creds [-] Dynamic test user 47993877fd394814bcc29698d727a615 is created with scope project and roles: ['admin']
2025-12-09 06:51:35.166 66716 INFO tempest.lib.common.dynamic_creds [-] Acquired dynamic creds: credentials: Credentials: {'domain_id': 'default', 'domain_name': 'Default', 'username': 'tempest-InstanceUsageAuditLogTestJSON-211196664-project-admin', 'project_domain_id': 'default', 'project_domain_name': 'Default', 'project_id': '53eec56ef90b4941badbdc93c5bb0c9d', 'project_name': 'tempest-InstanceUsageAuditLogTestJSON-211196664', 'tenant_id': '53eec56ef90b4941badbdc93c5bb0c9d', 'tenant_name': 'tempest-InstanceUsageAuditLogTestJSON-211196664', 'user_domain_id': 'default', 'user_domain_name': 'Default', 'user_id': '47993877fd394814bcc29698d727a615', 'system': None}, Network: None, Subnet: None, Router: None
2025-12-09 06:51:35.166 66716 INFO tempest.lib.common.dynamic_creds [-] Created isolated network resources for: credentials: Credentials: {'domain_id': 'default', 'domain_name': 'Default', 'username': 'tempest-InstanceUsageAuditLogTestJSON-211196664-project-admin', 'project_domain_id': 'default', 'project_domain_name': 'Default', 'project_id': '53eec56ef90b4941badbdc93c5bb0c9d', 'project_name': 'tempest-InstanceUsageAuditLogTestJSON-211196664', 'tenant_id': '53eec56ef90b4941badbdc93c5bb0c9d', 'tenant_name': 'tempest-InstanceUsageAuditLogTestJSON-211196664', 'user_domain_id': 'default', 'user_domain_name': 'Default', 'user_id': '47993877fd394814bcc29698d727a615', 'system': None}, Network: None, Subnet: None, Router: None
2025-12-09 06:51:35.202 66722 INFO tempest.lib.common.rest_client [req-e15af6e6-56f9-4cb1-a1ff-c7f407594523 req-e15af6e6-56f9-4cb1-a1ff-c7f407594523 ] Request (ServerMetadataTestJSON:setUpClass): 200 GET http://10.180.1.21/compute/v2.1/servers/923ebda9-56c4-45e8-800d-fb2e645e9ee9 0.807s
2025-12-09 06:51:35.232 66742 INFO tempest.lib.common.rest_client [req-1d3e396b-523a-42b0-9e58-da39389754c5 req-1d3e396b-523a-42b0-9e58-da39389754c5 ] Request (DeleteServersAdminTestJSON:test_delete_server_while_in_error_state): 200 GET http://10.180.1.21/compute/v2.1/servers/77154bb9-c0e2-49a8-b7ac-36430292ee85 0.770s
2025-12-09 06:51:35.241 66742 INFO tempest.common.waiters [-] State transition "ERROR/deleting" ==> "DELETED/None" after 4 second wait
2025-12-09 06:51:35.250 66716 INFO tempest.lib.common.rest_client [req-20bf338f-961c-4136-8f23-b5ebb591b24b req-20bf338f-961c-4136-8f23-b5ebb591b24b ] Request (InstanceUsageAuditLogTestJSON:setUpClass): 201 POST http://10.180.1.21/identity/v3/auth/tokens 0.079s
2025-12-09 06:51:35.288 66732 INFO tempest.lib.common.rest_client [req-fc3569d3-092e-410c-a652-6bc249088067 req-fc3569d3-092e-410c-a652-6bc249088067 ] Request (ListServersNegativeTestJSON:setUpClass): 200 GET http://10.180.1.21/compute/v2.1/servers/6e1b1e50-0c3b-4191-9b94-7b6e35ef4f9e 0.634s
2025-12-09 06:51:35.357 66714 INFO tempest.lib.common.rest_client [req-9b0876ca-2e2f-4c21-a2dc-bacad054ae02 req-9b0876ca-2e2f-4c21-a2dc-bacad054ae02 ] Request (ServerExternalEventsTest:tearDownClass): 200 GET http://10.180.1.21/compute/v2.1/servers/2b81aec5-f79b-4a18-ac13-83fce1809740 0.703s
2025-12-09 06:51:35.412 66706 INFO tempest.lib.common.rest_client [req-d896eb98-a151-4cfe-b308-c7a2b6956cdc req-d896eb98-a151-4cfe-b308-c7a2b6956cdc ] Request (ServerDiagnosticsTest:test_get_server_diagnostics): 200 GET http://10.180.1.21/compute/v2.1/servers/64db9266-a5ed-4159-a2d6-150ed0f9a5ed 0.602s
2025-12-09 06:51:35.436 66734 INFO tempest.lib.common.rest_client [req-44b887ee-8a1c-41d5-9aa1-0ba6f76337d4 req-44b887ee-8a1c-41d5-9aa1-0ba6f76337d4 ] Request (FlavorsAdminTestJSON:_run_cleanups): 200 GET http://10.180.1.21/compute/v2.1/flavors/detail 0.606s
2025-12-09 06:51:35.497 66750 INFO tempest.lib.common.rest_client [req-6fff2168-0e9e-4fe8-b06b-3047ffd6ec1a req-6fff2168-0e9e-4fe8-b06b-3047ffd6ec1a ] Request (ServersAdminNegativeTestJSON:test_migrate_server_invalid_state): 200 GET http://10.180.1.21/compute/v2.1/servers/b690738b-312d-40e0-ab33-2eb4127a096a 0.643s
2025-12-09 06:51:35.536 66704 INFO tempest.lib.common.rest_client [req-2f14a2f6-f53f-4de1-be28-92e2d3900116 req-2f14a2f6-f53f-4de1-be28-92e2d3900116 ] Request (ListImageFiltersTestJSON:setUpClass): 200 GET http://10.180.1.21/compute/v2.1/images/30e4e7bc-9043-4fbb-a5e4-dc1e744bfdee 0.671s
2025-12-09 06:51:35.553 66746 INFO tempest.lib.common.rest_client [req-36ebd160-2b51-4a0f-8c5d-a8c028eabc2d req-36ebd160-2b51-4a0f-8c5d-a8c028eabc2d ] Request (ServerGroupTestJSON:test_create_delete_multiple_server_groups_with_same_name_policy): 200 GET http://10.180.1.21/compute/v2.1/os-server-groups 0.683s
2025-12-09 06:51:35.556 66734 INFO tempest.lib.common.rest_client [req-61726254-03d7-4ee6-b3be-644fc060c245 req-61726254-03d7-4ee6-b3be-644fc060c245 ] Request (FlavorsAdminTestJSON:tearDownClass): 204 DELETE http://10.180.1.21/identity/v3/users/aee58526d80948fb9f65b2d8791623a6 0.114s
2025-12-09 06:51:35.604 66740 INFO tempest.lib.common.rest_client [req-52337828-727b-4e23-8253-186f5b36eb6e req-52337828-727b-4e23-8253-186f5b36eb6e ] Request (ServerRescueNegativeTestJSON:test_rescued_vm_detach_volume): 202 POST http://10.180.1.21/compute/v2.1/servers 1.033s
2025-12-09 06:51:35.645 66728 INFO tempest.lib.common.rest_client [req-20b727f8-496b-47e5-8b65-3e0b781502cb req-20b727f8-496b-47e5-8b65-3e0b781502cb ] Request (KeyPairsV22TestJSON:test_keypairsv22_create_list_show): 201 POST http://10.180.1.21/compute/v2.1/os-keypairs 0.582s
2025-12-09 06:51:35.681 66734 INFO tempest.lib.common.rest_client [req-78207d15-004a-41b0-9bd0-0180585fe965 req-78207d15-004a-41b0-9bd0-0180585fe965 ] Request (FlavorsAdminTestJSON:tearDownClass): 204 DELETE http://10.180.1.21/identity/v3/users/9597aff6d1a647ddb2e6f7685cb55739 0.124s
2025-12-09 06:51:35.681 66734 INFO tempest.lib.common.dynamic_creds [-] Deleting project and security group for project: 79dd007b1bc24b2f95b25646a4d8d592
2025-12-09 06:51:35.771 66734 INFO tempest.lib.common.rest_client [req-30a41ab4-89fe-4138-8693-faa977471510 req-30a41ab4-89fe-4138-8693-faa977471510 ] Request (FlavorsAdminTestJSON:tearDownClass): 201 POST http://10.180.1.21/identity/v3/auth/tokens 0.089s
2025-12-09 06:51:35.917 66710 INFO tempest.lib.common.rest_client [req-c95d1f8e-9110-44c7-ba0d-16dbfedc9b7c req-c95d1f8e-9110-44c7-ba0d-16dbfedc9b7c ] Request (ListServerFiltersTestJSON:test_list_servers_filtered_by_ip_regex): 200 GET http://10.180.1.21/compute/v2.1/servers/detail 0.868s
2025-12-09 06:51:35.956 66712 INFO tempest.lib.common.rest_client [req-4d3f354a-6ef2-40ad-a78f-4583b15b1970 req-4d3f354a-6ef2-40ad-a78f-4583b15b1970 ] Request (ServerTagsTestJSON:setUpClass): 200 GET http://10.180.1.21/compute/v2.1/servers/2ab3718b-f533-4960-aa82-324f372bdd06 0.838s
2025-12-09 06:51:35.970 66712 INFO tempest.common.waiters [-] State transition "BUILD/spawning" ==> "ACTIVE/None" after 43 second wait
2025-12-09 06:51:36.031 66736 INFO tempest.lib.common.rest_client [req-852e1198-735d-4323-a24b-00f263dcbb9f req-852e1198-735d-4323-a24b-00f263dcbb9f ] Request (ServerRescueTestJSON:test_rescue_unrescue_instance): 200 GET http://10.180.1.21/compute/v2.1/servers/c3d141df-3545-41ef-8a45-2c31786e105f 0.752s
2025-12-09 06:51:36.046 66734 INFO tempest.lib.common.rest_client [req-bb0c6589-e330-49eb-b9ff-600b4b8404bf req-bb0c6589-e330-49eb-b9ff-600b4b8404bf ] Request (FlavorsAdminTestJSON:tearDownClass): 200 GET http://10.180.1.21/networking/v2.0/security-groups?tenant_id=79dd007b1bc24b2f95b25646a4d8d592&name=default 0.275s
2025-12-09 06:51:36.065 66716 INFO tempest.lib.common.rest_client [req-ca3a47d9-684b-4f90-b223-3dab1c7cd0df req-ca3a47d9-684b-4f90-b223-3dab1c7cd0df ] Request (InstanceUsageAuditLogTestJSON:test_get_instance_usage_audit_log): 200 GET http://10.180.1.21/compute/v2.1/os-instance_usage_audit_log/2025-12-09%2006%3A51%3A35 0.814s
2025-12-09 06:51:36.095 66752 INFO tempest.lib.common.rest_client [req-7d1d3375-2698-469b-b510-58ff9326ddfb req-7d1d3375-2698-469b-b510-58ff9326ddfb ] Request (ServerShowV257Test:test_rebuild_server): 200 GET http://10.180.1.21/compute/v2.1/servers/439d8471-340a-47b7-9ceb-3685243c886a 0.750s
2025-12-09 06:51:36.125 66748 INFO tempest.lib.common.rest_client [req-7e9b54c5-db97-4864-b132-a4f7cecf7863 req-7e9b54c5-db97-4864-b132-a4f7cecf7863 ] Request (FloatingIPsAssociationTestJSON:test_associate_already_associated_floating_ip): 200 GET http://10.180.1.21/compute/v2.1/servers/2dd3efbc-c0e7-42a1-9768-efc100b95895 0.695s
2025-12-09 06:51:36.153 66724 INFO tempest.lib.common.rest_client [req-ddbdb0cb-e9f1-4ff9-be57-45516fba13db req-ddbdb0cb-e9f1-4ff9-be57-45516fba13db ] Request (ServersTestBootFromVolume:setUpClass): 200 GET http://10.180.1.21/compute/v2.1/servers/f11de767-7383-4219-9e23-5d3c031aef51 0.646s
2025-12-09 06:51:36.159 66734 INFO tempest.lib.common.rest_client [req-dbdf3dd8-de3f-42dc-9b78-a583e7da780b req-dbdf3dd8-de3f-42dc-9b78-a583e7da780b ] Request (FlavorsAdminTestJSON:tearDownClass): 204 DELETE http://10.180.1.21/networking/v2.0/security-groups/a4a15578-b022-4f21-9dda-1192c0541c1a 0.113s
2025-12-09 06:51:36.206 66746 INFO tempest.lib.common.rest_client [req-a4d691dd-0b7a-47ee-8336-1e35f1f03ba8 req-a4d691dd-0b7a-47ee-8336-1e35f1f03ba8 ] Request (ServerGroupTestJSON:test_create_delete_server_group_with_affinity_policy): 200 POST http://10.180.1.21/compute/v2.1/os-server-groups 0.649s
2025-12-09 06:51:36.229 66690 INFO tempest.lib.common.rest_client [req-37b9ee05-68f3-487c-a09e-6416b4a9d9f7 req-37b9ee05-68f3-487c-a09e-6416b4a9d9f7 ] Request (ServersAdminTestJSON:test_inject_network_info): 200 GET http://10.180.1.21/compute/v2.1/servers/cabf1018-5178-456d-a3db-7bdbd4af7fc5 0.642s
2025-12-09 06:51:36.258 66734 INFO tempest.lib.common.rest_client [req-73bf642d-6c9a-4913-9baf-421fc1298227 req-73bf642d-6c9a-4913-9baf-421fc1298227 ] Request (FlavorsAdminTestJSON:tearDownClass): 204 DELETE http://10.180.1.21/identity/v3/projects/79dd007b1bc24b2f95b25646a4d8d592 0.098s
2025-12-09 06:51:36.258 66734 INFO tempest.lib.common.dynamic_creds [-] Deleting project and security group for project: 08c8cb4eded24034ab375f36384d4f85
2025-12-09 06:51:36.267 66740 INFO tempest.lib.common.rest_client [req-2eb9542a-d387-492f-9af1-d0514054e989 req-2eb9542a-d387-492f-9af1-d0514054e989 ] Request (ServerRescueNegativeTestJSON:test_rescued_vm_detach_volume): 200 GET http://10.180.1.21/compute/v2.1/servers/71554c9c-5d86-42c8-9bfc-cf56c722b9f0 0.661s
2025-12-09 06:51:36.281 66728 INFO tempest.lib.common.rest_client [req-1c55cdfc-79b3-4d0a-937e-620b6a360fc8 req-1c55cdfc-79b3-4d0a-937e-620b6a360fc8 ] Request (KeyPairsV22TestJSON:test_keypairsv22_create_list_show): 200 GET http://10.180.1.21/compute/v2.1/os-keypairs/tempest-keypair-290734535 0.634s
2025-12-09 06:51:36.304 66744 INFO tempest.lib.common.rest_client [req-00b72d8f-d16a-4a0b-a6e9-155f3a1b9de8 req-00b72d8f-d16a-4a0b-a6e9-155f3a1b9de8 ] Request (ServerAddressesTestJSON:tearDownClass): 200 GET http://10.180.1.21/compute/v2.1/servers/647f4f9c-e014-43ab-8338-91f6126931ed 0.688s
2025-12-09 06:51:36.347 66718 INFO tempest.lib.common.rest_client [req-eb77f477-4f30-4436-9e8c-364eb003e80a req-eb77f477-4f30-4436-9e8c-364eb003e80a ] Request (SecurityGroupsTestJSON:test_server_security_groups): 200 GET http://10.180.1.21/compute/v2.1/servers/b3fe91f4-3264-4bd3-8a98-f79597159b3c 0.698s
2025-12-09 06:51:36.369 66696 INFO tempest.lib.common.rest_client [req-cc1bd59b-9c71-4950-aa5d-9b49996bdf3c req-cc1bd59b-9c71-4950-aa5d-9b49996bdf3c ] Request (DeleteServersTestJSON:test_delete_active_server): 200 GET http://10.180.1.21/compute/v2.1/servers/ab09b2ef-43a8-4bb9-acae-64126737b3d3 0.632s
2025-12-09 06:51:36.376 66696 INFO tempest.common.waiters [-] State transition "ACTIVE/deleting" ==> "DELETED/None" after 4 second wait
2025-12-09 06:51:36.380 66734 INFO tempest.lib.common.rest_client [req-8395eba1-aaa3-4e44-b941-a08623f80c4b req-8395eba1-aaa3-4e44-b941-a08623f80c4b ] Request (FlavorsAdminTestJSON:tearDownClass): 200 GET http://10.180.1.21/networking/v2.0/security-groups?tenant_id=08c8cb4eded24034ab375f36384d4f85&name=default 0.122s
2025-12-09 06:51:36.414 66720 INFO tempest.lib.common.rest_client [req-3e99bf2e-3f95-491c-a1f9-29480e8612fc req-3e99bf2e-3f95-491c-a1f9-29480e8612fc ] Request (ServersListShow2100Test:test_list_show_rebuild_update_server_2100): 200 GET http://10.180.1.21/compute/v2.1/servers/d639e22a-2063-4c23-9775-deac2a14f1b8 0.656s
2025-12-09 06:51:36.429 66720 INFO tempest.common.waiters [-] State transition "BUILD/networking" ==> "BUILD/spawning" after 33 second wait
