2025-12-09 06:53:11.932 66698 INFO tempest.lib.common.rest_client [req-8ad2e098-5abe-4839-847e-e90d100109be req-8ad2e098-5abe-4839-847e-e90d100109be ] Request (ImagesOneServerTestJSON:tearDownClass): 204 DELETE http://10.180.1.21/networking/v2.0/subnets/f86d6cee-8b83-4ebe-8dc6-7e744038fb75 0.306s
2025-12-09 06:53:11.958 66742 INFO tempest.lib.common.rest_client [req-fbc0a2fd-5510-4a87-8f14-13837447cea7 req-fbc0a2fd-5510-4a87-8f14-13837447cea7 ] Request (ServerActionsTestOtherB:setUpClass): 200 GET http://10.180.1.21/compute/v2.1/servers/e8f4913e-128e-422e-b15d-77b0c0d39be9 1.209s
2025-12-09 06:53:11.982 66714 INFO tempest.lib.common.rest_client [req-3517f987-208a-4c1f-a457-b9adcfb9e042 req-3517f987-208a-4c1f-a457-b9adcfb9e042 ] Request (ImagesTestJSON:test_create_image_from_stopped_server): 200 GET http://10.180.1.21/compute/v2.1/servers/eb58f492-ea13-4142-b6ca-30f08b682d45 1.218s
2025-12-09 06:53:12.028 66750 INFO tempest.lib.common.rest_client [req-65f5fa16-853e-420a-b685-edac65358f48 req-65f5fa16-853e-420a-b685-edac65358f48 ] Request (ServersAdminNegativeTestJSON:tearDownClass): 200 GET http://10.180.1.21/compute/v2.1/servers/0058f938-2501-4067-b43c-c6d232e210a8 1.146s
2025-12-09 06:53:12.041 66732 INFO tempest.lib.common.rest_client [req-f366a975-af3a-4b5c-b67a-bb263d14cac7 req-f366a975-af3a-4b5c-b67a-bb263d14cac7 ] Request (ListServersNegativeTestJSON:tearDownClass): 200 GET http://10.180.1.21/compute/v2.1/servers/9637d808-d637-4625-8726-4b22202bbe86 0.868s
2025-12-09 06:53:12.052 66692 INFO tempest.lib.common.rest_client [req-f120531f-fec4-4d0e-9e82-cd3b47211d7d req-f120531f-fec4-4d0e-9e82-cd3b47211d7d ] Request (MigrationsAdminTest:test_resize_server_revert_deleted_flavor): 202 DELETE http://10.180.1.21/compute/v2.1/flavors/67de1c8e-14e7-4a29-ad76-c81916123eba 0.796s
2025-12-09 06:53:12.102 66748 INFO tempest.lib.common.rest_client [req-df8c7317-9019-4b83-8fb0-c904031cabca req-df8c7317-9019-4b83-8fb0-c904031cabca ] Request (FloatingIPsAssociationTestJSON:tearDownClass): 200 GET http://10.180.1.21/compute/v2.1/servers/2dd3efbc-c0e7-42a1-9768-efc100b95895 0.798s
2025-12-09 06:53:12.115 66734 INFO tempest.lib.common.rest_client [req-65e04cd8-754e-4470-8fe0-15956f57b5f6 req-65e04cd8-754e-4470-8fe0-15956f57b5f6 ] Request (VolumesAdminNegativeTest:test_update_attached_volume_with_nonexistent_volume_in_uri): 200 GET http://10.180.1.21/compute/v2.1/servers/01bb61e2-cc91-49a9-ac35-d5d459b8d611 0.626s
2025-12-09 06:53:12.154 66706 INFO tempest.lib.common.rest_client [req-de9f1824-23d3-4968-88d5-db954b852efe req-de9f1824-23d3-4968-88d5-db954b852efe ] Request (ServerShowV247Test:test_update_rebuild_list_server): 200 GET http://10.180.1.21/compute/v2.1/servers/36072abf-73fa-4fc4-b261-8bd67329e049 0.649s
2025-12-09 06:53:12.167 66716 INFO tempest.lib.common.rest_client [req-b5f18a2f-3999-4846-b038-b89373ffe12b req-b5f18a2f-3999-4846-b038-b89373ffe12b ] Request (ServersTestMultiNic:test_verify_duplicate_network_nics): 200 GET http://10.180.1.21/compute/v2.1/servers/2072b7a8-b0cb-4c96-b515-15af8464893b 0.525s
2025-12-09 06:53:12.201 66698 INFO tempest.lib.common.rest_client [req-84b1fb6e-e77e-4489-ae1c-37aff7dbf39e req-84b1fb6e-e77e-4489-ae1c-37aff7dbf39e ] Request (ImagesOneServerTestJSON:tearDownClass): 204 DELETE http://10.180.1.21/networking/v2.0/networks/b73d8526-280b-45ea-a423-351c757a8c41 0.269s
2025-12-09 06:53:12.222 66722 INFO tempest.lib.common.rest_client [req-0f9b5b2e-6a82-409f-a50c-3280b60c6be9 req-0f9b5b2e-6a82-409f-a50c-3280b60c6be9 ] Request (ServerMetadataTestJSON:tearDownClass): 200 GET http://10.180.1.21/compute/v2.1/servers/923ebda9-56c4-45e8-800d-fb2e645e9ee9 0.481s
2025-12-09 06:53:12.230 66722 INFO tempest.common.waiters [-] State transition "ACTIVE/deleting" ==> "DELETED/None" after 5 second wait
2025-12-09 06:53:12.288 66694 INFO tempest.lib.common.rest_client [req-0b2ede75-af98-40fe-a0ac-ccafd3d4b345 req-0b2ede75-af98-40fe-a0ac-ccafd3d4b345 ] Request (ServerDiskConfigTestJSON:test_resize_server_from_auto_to_manual): 200 GET http://10.180.1.21/compute/v2.1/servers/6b34e522-491c-4129-a3d7-d918b9fcb956 0.499s
2025-12-09 06:53:12.306 66690 INFO tempest.lib.common.rest_client [req-2a33303d-a7a4-4306-8221-2c42a895fb50 req-2a33303d-a7a4-4306-8221-2c42a895fb50 ] Request (ServersAdminTestJSON:_run_cleanups): 200 GET http://10.180.1.21/compute/v2.1/servers/7fe97ce1-586f-4d3a-bb85-54b2820370dc 0.618s
2025-12-09 06:53:12.316 66690 INFO tempest.common.waiters [-] State transition "REBUILD/rebuild_block_device_mapping" ==> "REBUILD/rebuild_spawning" after 5 second wait
2025-12-09 06:53:12.343 66698 INFO tempest.lib.common.rest_client [req-8080badb-1a44-44bf-9953-36f43f3e468e req-8080badb-1a44-44bf-9953-36f43f3e468e ] Request (ImagesOneServerTestJSON:tearDownClass): 204 DELETE http://10.180.1.21/identity/v3/users/52cf1a7589af471abcd78efd58082bb5 0.141s
2025-12-09 06:53:12.343 66698 INFO tempest.lib.common.dynamic_creds [-] Deleting project and security group for project: 54bb67a085e74128b7c61581dcea24ba
2025-12-09 06:53:12.357 66738 INFO tempest.lib.common.rest_client [req-5e495b55-2d6b-4460-8201-96195fded721 req-5e495b55-2d6b-4460-8201-96195fded721 ] Request (ServersWithSpecificFlavorTestJSON:test_verify_created_server_ephemeral_disk): 200 GET http://10.180.1.21/compute/v2.1/servers/3063304d-b73e-48b9-bf7d-b82289e1bd07 0.416s
2025-12-09 06:53:12.372 66698 INFO tempest.lib.common.rest_client [req-19a20e9d-3722-41c6-8656-c4183fdf3f9e req-19a20e9d-3722-41c6-8656-c4183fdf3f9e ] Request (ImagesOneServerTestJSON:tearDownClass): 200 GET http://10.180.1.21/networking/v2.0/security-groups?tenant_id=54bb67a085e74128b7c61581dcea24ba&name=default 0.028s
2025-12-09 06:53:12.372 66726 INFO tempest.lib.common.rest_client [req-aa3f2155-b3f1-4802-9edc-855464c6c96b req-aa3f2155-b3f1-4802-9edc-855464c6c96b ] Request (VolumesAssistedSnapshotsTest:tearDownClass): 200 GET http://10.180.1.21/compute/v2.1/servers/b10ea372-4c7d-4ea6-8994-565bd70daae1 0.411s
2025-12-09 06:53:12.379 66692 INFO tempest.lib.common.rest_client [req-a105d70b-1fae-418a-bc8b-3617edc425ae req-a105d70b-1fae-418a-bc8b-3617edc425ae ] Request (MigrationsAdminTest:test_resize_server_revert_deleted_flavor): 200 GET http://10.180.1.21/compute/v2.1/flavors/detail 0.324s
2025-12-09 06:53:12.418 66746 INFO tempest.lib.common.rest_client [req-88b84d2e-9d6e-4768-b0d1-cb2fd72aa6ee req-88b84d2e-9d6e-4768-b0d1-cb2fd72aa6ee ] Request (ServerGroupTestJSON:_run_cleanups): 200 GET http://10.180.1.21/compute/v2.1/servers/49f8f6b8-e280-4fb4-913c-5fc41fd01b90 0.150s
2025-12-09 06:53:12.455 66698 INFO tempest.lib.common.rest_client [req-73a9ad04-126a-4025-b04c-4315209be739 req-73a9ad04-126a-4025-b04c-4315209be739 ] Request (ImagesOneServerTestJSON:tearDownClass): 204 DELETE http://10.180.1.21/networking/v2.0/security-groups/95002cdf-8e24-4052-a368-d30cfd2a774e 0.083s
2025-12-09 06:53:12.557 66698 INFO tempest.lib.common.rest_client [req-ff5bd7b1-0ad0-4ac2-aeab-37e59918663a req-ff5bd7b1-0ad0-4ac2-aeab-37e59918663a ] Request (ImagesOneServerTestJSON:tearDownClass): 204 DELETE http://10.180.1.21/identity/v3/projects/54bb67a085e74128b7c61581dcea24ba 0.101s
2025-12-09 06:53:12.562 66692 INFO tempest.lib.common.rest_client [req-990a87ae-5e11-4351-9a23-a991359d1470 req-990a87ae-5e11-4351-9a23-a991359d1470 ] Request (MigrationsAdminTest:test_resize_server_revert_deleted_flavor): 202 POST http://10.180.1.21/compute/v2.1/servers/73bdb7a5-0809-45da-a73e-7d2dfe556bc2/action 0.179s
2025-12-09 06:53:12.578 66696 INFO tempest.lib.common.rest_client [req-71a7a586-b6aa-489d-beea-957e1c4d7ea0 req-71a7a586-b6aa-489d-beea-957e1c4d7ea0 ] Request (DeleteServersTestJSON:test_delete_server_while_in_attached_volume): 200 GET http://10.180.1.21/compute/v2.1/servers/69e1822d-61e8-485e-bdd5-b90c8d3acc70 0.059s
2025-12-09 06:53:12.582 66704 INFO tempest.lib.common.rest_client [req-62d235f5-2422-487b-963e-5c351e0151fb req-62d235f5-2422-487b-963e-5c351e0151fb ] Request (ListImageFiltersTestJSON:tearDownClass): 404 GET http://10.180.1.21/compute/v2.1/servers/210da5ae-4e4b-49b3-afb8-638ccc85a6dd 0.046s
2025-12-09 06:53:12.625 66698 INFO tempest.lib.common.rest_client [req-1b903efd-58a2-475a-9e97-410681befeb1 req-1b903efd-58a2-475a-9e97-410681befeb1 ] Request (InstanceActionsNegativeTestJSON:setUpClass): 201 POST http://10.180.1.21/identity/v3/auth/tokens 0.067s
2025-12-09 06:53:12.656 66698 INFO tempest.lib.common.rest_client [req-76b7290c-3b01-48b9-b831-02a1b01ce880 req-76b7290c-3b01-48b9-b831-02a1b01ce880 ] Request (InstanceActionsNegativeTestJSON:setUpClass): 201 POST http://10.180.1.21/identity/v3/auth/tokens 0.029s
2025-12-09 06:53:12.658 66704 INFO tempest.lib.common.rest_client [req-7cd12056-5993-443e-9c43-bdf72e3703af req-7cd12056-5993-443e-9c43-bdf72e3703af ] Request (ListImageFiltersTestJSON:tearDownClass): 204 DELETE http://10.180.1.21/compute/v2.1/servers/6f4b9ce3-647d-4620-a9b7-b91782b15142 0.075s
2025-12-09 06:53:12.671 66692 INFO tempest.lib.common.rest_client [req-cab6485d-25fc-4ad8-b22b-5f4f8f2e7bf5 req-cab6485d-25fc-4ad8-b22b-5f4f8f2e7bf5 ] Request (MigrationsAdminTest:test_resize_server_revert_deleted_flavor): 200 GET http://10.180.1.21/compute/v2.1/servers/73bdb7a5-0809-45da-a73e-7d2dfe556bc2 0.108s
2025-12-09 06:53:12.682 66698 INFO tempest.lib.common.rest_client [req-9fed3a02-c84b-4056-a52d-5b8d09d4129e req-9fed3a02-c84b-4056-a52d-5b8d09d4129e ] Request (InstanceActionsNegativeTestJSON:setUpClass): 200 GET http://10.180.1.21/identity/v3/domains?name=Default 0.026s
2025-12-09 06:53:12.710 66698 INFO tempest.lib.common.rest_client [req-aa5549bd-b820-4373-a91c-29b771573736 req-aa5549bd-b820-4373-a91c-29b771573736 ] Request (InstanceActionsNegativeTestJSON:setUpClass): 201 POST http://10.180.1.21/identity/v3/projects 0.027s
2025-12-09 06:53:12.716 66724 WARNING tempest.lib.common.ssh [-] Failed to establish authenticated ssh connection to cirros@10.180.180.202 ([Errno None] Unable to connect to port 22 on 10.180.180.202). Number attempts: 5. Retry after 6 seconds.: paramiko.ssh_exception.NoValidConnectionsError: [Errno None] Unable to connect to port 22 on 10.180.180.202
2025-12-09 06:53:12.757 66704 INFO tempest.lib.common.rest_client [req-9b6a2657-d4e5-4967-a842-9e62342960e0 req-9b6a2657-d4e5-4967-a842-9e62342960e0 ] Request (ListImageFiltersTestJSON:tearDownClass): 200 GET http://10.180.1.21/compute/v2.1/servers/6f4b9ce3-647d-4620-a9b7-b91782b15142 0.098s
2025-12-09 06:53:12.766 66698 INFO tempest.lib.common.rest_client [req-f0dab455-12d8-40e9-b7de-70e594c1bb90 req-f0dab455-12d8-40e9-b7de-70e594c1bb90 ] Request (InstanceActionsNegativeTestJSON:setUpClass): 201 POST http://10.180.1.21/identity/v3/users 0.055s
2025-12-09 06:53:12.786 66698 INFO tempest.lib.common.rest_client [req-ff0840e7-45df-483e-aaca-4d5da7545510 req-ff0840e7-45df-483e-aaca-4d5da7545510 ] Request (InstanceActionsNegativeTestJSON:setUpClass): 200 GET http://10.180.1.21/identity/v3/roles 0.020s
2025-12-09 06:53:12.824 66698 INFO tempest.lib.common.rest_client [req-756ac14f-40c8-4574-9db8-8dc4659a91d1 req-756ac14f-40c8-4574-9db8-8dc4659a91d1 ] Request (InstanceActionsNegativeTestJSON:setUpClass): 204 PUT http://10.180.1.21/identity/v3/projects/ad6611f075ce4c4a89f7fa49e2445018/users/c23cdc9f7f964d73a1a07d2e8f00b335/roles/1a42c0d8050149b19c56ee111f2bfc96 0.038s
2025-12-09 06:53:12.825 66698 INFO tempest.lib.common.dynamic_creds [-] Dynamic test user c23cdc9f7f964d73a1a07d2e8f00b335 is created with scope project and roles: ['member']
2025-12-09 06:53:12.825 66698 INFO tempest.lib.common.dynamic_creds [-] Acquired dynamic creds: credentials: Credentials: {'domain_id': 'default', 'domain_name': 'Default', 'username': 'tempest-InstanceActionsNegativeTestJSON-1548040282-project-member', 'project_domain_id': 'default', 'project_domain_name': 'Default', 'project_id': 'ad6611f075ce4c4a89f7fa49e2445018', 'project_name': 'tempest-InstanceActionsNegativeTestJSON-1548040282', 'tenant_id': 'ad6611f075ce4c4a89f7fa49e2445018', 'tenant_name': 'tempest-InstanceActionsNegativeTestJSON-1548040282', 'user_domain_id': 'default', 'user_domain_name': 'Default', 'user_id': 'c23cdc9f7f964d73a1a07d2e8f00b335', 'system': None}, Network: None, Subnet: None, Router: None
2025-12-09 06:53:12.882 66752 INFO tempest.lib.common.rest_client [req-8efc5e7f-e174-4484-8035-1b9d0b73fc74 req-8efc5e7f-e174-4484-8035-1b9d0b73fc74 ] Request (ServerShowV257Test:tearDownClass): 200 GET http://10.180.1.21/compute/v2.1/servers/439d8471-340a-47b7-9ceb-3685243c886a 0.085s
2025-12-09 06:53:12.887 66710 INFO tempest.lib.common.rest_client [req-5ef023b1-09da-4712-bd13-b8f28fc9436d req-5ef023b1-09da-4712-bd13-b8f28fc9436d ] Request (ListServerFiltersTestJSON:tearDownClass): 200 GET http://10.180.1.21/compute/v2.1/servers/9db16423-dca3-4cd7-b9a3-76d1f5b3dfce 0.079s
2025-12-09 06:53:12.899 66698 INFO tempest.lib.common.rest_client [req-61911a31-4800-40f6-bb23-d9e30d56fb60 req-61911a31-4800-40f6-bb23-d9e30d56fb60 ] Request (InstanceActionsNegativeTestJSON:setUpClass): 201 POST http://10.180.1.21/identity/v3/auth/tokens 0.074s
2025-12-09 06:53:12.987 66718 INFO tempest.lib.common.rest_client [req-86c57846-cc69-451f-840e-2600d94f3223 req-86c57846-cc69-451f-840e-2600d94f3223 ] Request (SecurityGroupsTestJSON:test_server_security_groups): 200 GET http://10.180.1.21/compute/v2.1/servers/b3fe91f4-3264-4bd3-8a98-f79597159b3c 0.073s
2025-12-09 06:53:12.999 66736 INFO tempest.lib.common.rest_client [req-56ac9151-c568-453a-8580-a829f72b8bf8 req-56ac9151-c568-453a-8580-a829f72b8bf8 ] Request (ServerRescueTestJSON:tearDownClass): 200 GET http://10.180.1.21/compute/v2.1/servers/c3d141df-3545-41ef-8a45-2c31786e105f 0.104s
2025-12-09 06:53:13.054 66742 INFO tempest.lib.common.rest_client [req-71414e25-1935-4b0b-98b1-3bdff4439a50 req-71414e25-1935-4b0b-98b1-3bdff4439a50 ] Request (ServerActionsTestOtherB:setUpClass): 200 GET http://10.180.1.21/compute/v2.1/servers/e8f4913e-128e-422e-b15d-77b0c0d39be9 0.087s
2025-12-09 06:53:13.069 66714 INFO tempest.lib.common.rest_client [req-bdaca0d2-b623-4b72-bd01-0666b18f6ba9 req-bdaca0d2-b623-4b72-bd01-0666b18f6ba9 ] Request (ImagesTestJSON:test_create_image_from_stopped_server): 200 GET http://10.180.1.21/compute/v2.1/servers/eb58f492-ea13-4142-b6ca-30f08b682d45 0.078s
2025-12-09 06:53:13.121 66750 INFO tempest.lib.common.rest_client [req-70afc1c6-b517-40a0-8c01-2effea2b014b req-70afc1c6-b517-40a0-8c01-2effea2b014b ] Request (ServersAdminNegativeTestJSON:tearDownClass): 200 GET http://10.180.1.21/compute/v2.1/servers/0058f938-2501-4067-b43c-c6d232e210a8 0.082s
2025-12-09 06:53:13.135 66732 INFO tempest.lib.common.rest_client [req-610f2531-2f10-443c-be99-c9fab3736cb0 req-610f2531-2f10-443c-be99-c9fab3736cb0 ] Request (ListServersNegativeTestJSON:tearDownClass): 200 GET http://10.180.1.21/compute/v2.1/servers/9637d808-d637-4625-8726-4b22202bbe86 0.085s
2025-12-09 06:53:13.141 66732 INFO tempest.common.waiters [-] State transition "ACTIVE/deleting" ==> "DELETED/None" after 3 second wait
2025-12-09 06:53:13.180 66748 INFO tempest.lib.common.rest_client [req-1dfc60fa-6440-4e75-bae7-5a0d89383711 req-1dfc60fa-6440-4e75-bae7-5a0d89383711 ] Request (FloatingIPsAssociationTestJSON:tearDownClass): 200 GET http://10.180.1.21/compute/v2.1/servers/2dd3efbc-c0e7-42a1-9768-efc100b95895 0.069s
2025-12-09 06:53:13.196 66734 INFO tempest.lib.common.rest_client [req-6669dc0b-4673-463e-9e5b-9ffb1b83b0d0 req-6669dc0b-4673-463e-9e5b-9ffb1b83b0d0 ] Request (VolumesAdminNegativeTest:test_update_attached_volume_with_nonexistent_volume_in_uri): 200 GET http://10.180.1.21/compute/v2.1/servers/01bb61e2-cc91-49a9-ac35-d5d459b8d611 0.070s
2025-12-09 06:53:13.206 66698 INFO tempest.lib.common.rest_client [req-4c293bd9-c2e2-4087-bc54-250b89f8d57a req-4c293bd9-c2e2-4087-bc54-250b89f8d57a ] Request (InstanceActionsNegativeTestJSON:setUpClass): 201 POST http://10.180.1.21/networking/v2.0/networks 0.306s
2025-12-09 06:53:13.244 66706 INFO tempest.lib.common.rest_client [req-1a62d5c3-f9bc-4623-a9d0-61991d3be44f req-1a62d5c3-f9bc-4623-a9d0-61991d3be44f ] Request (ServerShowV247Test:test_update_rebuild_list_server): 200 GET http://10.180.1.21/compute/v2.1/servers/36072abf-73fa-4fc4-b261-8bd67329e049 0.081s
2025-12-09 06:53:13.262 66716 INFO tempest.lib.common.rest_client [req-3766a40c-ebc5-4b8b-aaf6-c94bca3da908 req-3766a40c-ebc5-4b8b-aaf6-c94bca3da908 ] Request (ServersTestMultiNic:test_verify_duplicate_network_nics): 200 GET http://10.180.1.21/compute/v2.1/servers/2072b7a8-b0cb-4c96-b515-15af8464893b 0.084s
2025-12-09 06:53:13.326 66722 INFO tempest.lib.common.rest_client [req-347c66a9-60f7-4809-8173-9c31299895ac req-347c66a9-60f7-4809-8173-9c31299895ac ] Request (ServerMetadataTestJSON:tearDownClass): 200 GET http://10.180.1.21/compute/v2.1/servers/923ebda9-56c4-45e8-800d-fb2e645e9ee9 0.096s
2025-12-09 06:53:13.350 66694 INFO tempest.lib.common.rest_client [req-9666091f-ed91-4936-ba48-22188e825a12 req-9666091f-ed91-4936-ba48-22188e825a12 ] Request (ServerDiskConfigTestJSON:test_resize_server_from_auto_to_manual): 200 GET http://10.180.1.21/compute/v2.1/servers/6b34e522-491c-4129-a3d7-d918b9fcb956 0.055s
2025-12-09 06:53:13.386 66698 INFO tempest.lib.common.rest_client [req-17517ddf-b880-4201-bde9-023f99962a93 req-17517ddf-b880-4201-bde9-023f99962a93 ] Request (InstanceActionsNegativeTestJSON:setUpClass): 201 POST http://10.180.1.21/networking/v2.0/subnets 0.179s
2025-12-09 06:53:13.425 66738 INFO tempest.lib.common.rest_client [req-d4ce9d44-d1a4-436e-87cf-e067a09721a3 req-d4ce9d44-d1a4-436e-87cf-e067a09721a3 ] Request (ServersWithSpecificFlavorTestJSON:test_verify_created_server_ephemeral_disk): 200 GET http://10.180.1.21/compute/v2.1/servers/3063304d-b73e-48b9-bf7d-b82289e1bd07 0.059s
2025-12-09 06:53:13.453 66690 INFO tempest.lib.common.rest_client [req-1f0a2b5f-bb72-4b49-a6dc-d5d5779d0b33 req-1f0a2b5f-bb72-4b49-a6dc-d5d5779d0b33 ] Request (ServersAdminTestJSON:_run_cleanups): 200 GET http://10.180.1.21/compute/v2.1/servers/7fe97ce1-586f-4d3a-bb85-54b2820370dc 0.136s
2025-12-09 06:53:13.484 66726 INFO tempest.lib.common.rest_client [req-ffefd4fd-7d93-4a49-9e49-2588bcbb9b90 req-ffefd4fd-7d93-4a49-9e49-2588bcbb9b90 ] Request (VolumesAssistedSnapshotsTest:tearDownClass): 200 GET http://10.180.1.21/compute/v2.1/servers/b10ea372-4c7d-4ea6-8994-565bd70daae1 0.103s
2025-12-09 06:53:13.509 66746 INFO tempest.lib.common.rest_client [req-3707995e-308e-4940-bf65-0157ecf9d97b req-3707995e-308e-4940-bf65-0157ecf9d97b ] Request (ServerGroupTestJSON:_run_cleanups): 200 GET http://10.180.1.21/compute/v2.1/servers/49f8f6b8-e280-4fb4-913c-5fc41fd01b90 0.083s
2025-12-09 06:53:13.516 66746 INFO tempest.common.waiters [-] State transition "ACTIVE/deleting" ==> "DELETED/None" after 4 second wait
2025-12-09 06:53:13.646 66696 INFO tempest.lib.common.rest_client [req-07612ac6-7825-48c8-9562-3bf0979cfced req-07612ac6-7825-48c8-9562-3bf0979cfced ] Request (DeleteServersTestJSON:test_delete_server_while_in_attached_volume): 200 GET http://10.180.1.21/compute/v2.1/servers/69e1822d-61e8-485e-bdd5-b90c8d3acc70 0.059s
2025-12-09 06:53:13.793 66692 INFO tempest.lib.common.rest_client [req-1d000258-f6c0-4729-ab06-b5d7bc969ce1 req-1d000258-f6c0-4729-ab06-b5d7bc969ce1 ] Request (MigrationsAdminTest:test_resize_server_revert_deleted_flavor): 200 GET http://10.180.1.21/compute/v2.1/servers/73bdb7a5-0809-45da-a73e-7d2dfe556bc2 0.113s
2025-12-09 06:53:13.871 66704 INFO tempest.lib.common.rest_client [req-b7384487-653d-4443-b465-fdae571f0d64 req-b7384487-653d-4443-b465-fdae571f0d64 ] Request (ListImageFiltersTestJSON:tearDownClass): 200 GET http://10.180.1.21/compute/v2.1/servers/6f4b9ce3-647d-4620-a9b7-b91782b15142 0.105s
2025-12-09 06:53:13.979 66752 INFO tempest.lib.common.rest_client [req-99c64b76-fba9-46f4-85d2-d4a80fb2e650 req-99c64b76-fba9-46f4-85d2-d4a80fb2e650 ] Request (ServerShowV257Test:tearDownClass): 200 GET http://10.180.1.21/compute/v2.1/servers/439d8471-340a-47b7-9ceb-3685243c886a 0.081s
2025-12-09 06:53:13.993 66710 INFO tempest.lib.common.rest_client [req-8812eace-7206-4a46-b93b-98d22df42fcf req-8812eace-7206-4a46-b93b-98d22df42fcf ] Request (ListServerFiltersTestJSON:tearDownClass): 200 GET http://10.180.1.21/compute/v2.1/servers/9db16423-dca3-4cd7-b9a3-76d1f5b3dfce 0.097s
2025-12-09 06:53:14.071 66718 INFO tempest.lib.common.rest_client [req-842375fc-af69-4f74-b899-6198c57dfd2a req-842375fc-af69-4f74-b899-6198c57dfd2a ] Request (SecurityGroupsTestJSON:test_server_security_groups): 200 GET http://10.180.1.21/compute/v2.1/servers/b3fe91f4-3264-4bd3-8a98-f79597159b3c 0.076s
2025-12-09 06:53:14.090 66736 INFO tempest.lib.common.rest_client [req-d5de6327-eb02-4d98-b8b8-d3138b18850b req-d5de6327-eb02-4d98-b8b8-d3138b18850b ] Request (ServerRescueTestJSON:tearDownClass): 200 GET http://10.180.1.21/compute/v2.1/servers/c3d141df-3545-41ef-8a45-2c31786e105f 0.082s
2025-12-09 06:53:14.127 66742 INFO tempest.lib.common.rest_client [req-749be162-7a60-4310-9fac-fb352dc86d0d req-749be162-7a60-4310-9fac-fb352dc86d0d ] Request (ServerActionsTestOtherB:setUpClass): 200 GET http://10.180.1.21/compute/v2.1/servers/e8f4913e-128e-422e-b15d-77b0c0d39be9 0.063s
2025-12-09 06:53:14.137 66698 INFO tempest.lib.common.rest_client [req-eb709704-d2a0-4957-9a3e-8cd910997ae0 req-eb709704-d2a0-4957-9a3e-8cd910997ae0 ] Request (InstanceActionsNegativeTestJSON:setUpClass): 201 POST http://10.180.1.21/networking/v2.0/routers 0.751s
2025-12-09 06:53:14.145 66714 INFO tempest.lib.common.rest_client [req-6fa4ad55-409c-433c-96a3-6356dec73551 req-6fa4ad55-409c-433c-96a3-6356dec73551 ] Request (ImagesTestJSON:test_create_image_from_stopped_server): 200 GET http://10.180.1.21/compute/v2.1/servers/eb58f492-ea13-4142-b6ca-30f08b682d45 0.068s
2025-12-09 06:53:14.207 66750 INFO tempest.lib.common.rest_client [req-0dcd1fd4-a1bf-4585-b94d-b8f19e8ff7bb req-0dcd1fd4-a1bf-4585-b94d-b8f19e8ff7bb ] Request (ServersAdminNegativeTestJSON:tearDownClass): 200 GET http://10.180.1.21/compute/v2.1/servers/0058f938-2501-4067-b43c-c6d232e210a8 0.073s
2025-12-09 06:53:14.223 66732 INFO tempest.lib.common.rest_client [req-4669015a-b308-40e6-a816-5c0c36653aea req-4669015a-b308-40e6-a816-5c0c36653aea ] Request (ListServersNegativeTestJSON:tearDownClass): 200 GET http://10.180.1.21/compute/v2.1/servers/9637d808-d637-4625-8726-4b22202bbe86 0.080s
2025-12-09 06:53:14.273 66748 INFO tempest.lib.common.rest_client [req-928d2af7-6e23-416b-a84f-a1b69abd74ed req-928d2af7-6e23-416b-a84f-a1b69abd74ed ] Request (FloatingIPsAssociationTestJSON:tearDownClass): 200 GET http://10.180.1.21/compute/v2.1/servers/2dd3efbc-c0e7-42a1-9768-efc100b95895 0.082s
2025-12-09 06:53:14.289 66734 INFO tempest.lib.common.rest_client [req-636a628d-93f7-49d2-bd64-e387c290662b req-636a628d-93f7-49d2-bd64-e387c290662b ] Request (VolumesAdminNegativeTest:test_update_attached_volume_with_nonexistent_volume_in_uri): 200 GET http://10.180.1.21/compute/v2.1/servers/01bb61e2-cc91-49a9-ac35-d5d459b8d611 0.082s
2025-12-09 06:53:14.342 66706 INFO tempest.lib.common.rest_client [req-44147723-52c6-4788-a89b-958897500976 req-44147723-52c6-4788-a89b-958897500976 ] Request (ServerShowV247Test:test_update_rebuild_list_server): 200 GET http://10.180.1.21/compute/v2.1/servers/36072abf-73fa-4fc4-b261-8bd67329e049 0.088s
2025-12-09 06:53:14.357 66716 INFO tempest.lib.common.rest_client [req-171d11a1-2b79-4a3e-a0f9-b16770ca20da req-171d11a1-2b79-4a3e-a0f9-b16770ca20da ] Request (ServersTestMultiNic:test_verify_duplicate_network_nics): 200 GET http://10.180.1.21/compute/v2.1/servers/2072b7a8-b0cb-4c96-b515-15af8464893b 0.083s
2025-12-09 06:53:14.399 66722 INFO tempest.lib.common.rest_client [req-204f990d-e6de-44e8-85fc-0cf68a84cac2 req-204f990d-e6de-44e8-85fc-0cf68a84cac2 ] Request (ServerMetadataTestJSON:tearDownClass): 200 GET http://10.180.1.21/compute/v2.1/servers/923ebda9-56c4-45e8-800d-fb2e645e9ee9 0.063s
2025-12-09 06:53:14.412 66694 INFO tempest.lib.common.rest_client [req-f424030d-025d-4375-b2cd-27271e74bfb2 req-f424030d-025d-4375-b2cd-27271e74bfb2 ] Request (ServerDiskConfigTestJSON:test_resize_server_from_auto_to_manual): 200 GET http://10.180.1.21/compute/v2.1/servers/6b34e522-491c-4129-a3d7-d918b9fcb956 0.054s
2025-12-09 06:53:14.498 66738 INFO tempest.lib.common.rest_client [req-80b05379-9ee0-4d3e-8cb4-42ed16ce6d29 req-80b05379-9ee0-4d3e-8cb4-42ed16ce6d29 ] Request (ServersWithSpecificFlavorTestJSON:test_verify_created_server_ephemeral_disk): 200 GET http://10.180.1.21/compute/v2.1/servers/3063304d-b73e-48b9-bf7d-b82289e1bd07 0.062s
2025-12-09 06:53:14.586 66726 INFO tempest.lib.common.rest_client [req-c4dd5e0b-d454-45d1-9b17-e0427b5b5ea8 req-c4dd5e0b-d454-45d1-9b17-e0427b5b5ea8 ] Request (VolumesAssistedSnapshotsTest:tearDownClass): 200 GET http://10.180.1.21/compute/v2.1/servers/b10ea372-4c7d-4ea6-8994-565bd70daae1 0.094s
2025-12-09 06:53:14.616 66690 INFO tempest.lib.common.rest_client [req-4636def8-99b3-48af-a2d2-212ffd2da18f req-4636def8-99b3-48af-a2d2-212ffd2da18f ] Request (ServersAdminTestJSON:_run_cleanups): 200 GET http://10.180.1.21/compute/v2.1/servers/7fe97ce1-586f-4d3a-bb85-54b2820370dc 0.153s
2025-12-09 06:53:14.644 66746 INFO tempest.lib.common.rest_client [req-eacc9358-c707-4693-a7fd-782a84580f81 req-eacc9358-c707-4693-a7fd-782a84580f81 ] Request (ServerGroupTestJSON:_run_cleanups): 200 GET http://10.180.1.21/compute/v2.1/servers/49f8f6b8-e280-4fb4-913c-5fc41fd01b90 0.126s
2025-12-09 06:53:14.714 66696 INFO tempest.lib.common.rest_client [req-20dfcb3b-bb07-4732-8b5d-fbdffe0f54e5 req-20dfcb3b-bb07-4732-8b5d-fbdffe0f54e5 ] Request (DeleteServersTestJSON:test_delete_server_while_in_attached_volume): 200 GET http://10.180.1.21/compute/v2.1/servers/69e1822d-61e8-485e-bdd5-b90c8d3acc70 0.060s
2025-12-09 06:53:14.912 66692 INFO tempest.lib.common.rest_client [req-efe81c69-c038-4b37-b204-48cdea6c4760 req-efe81c69-c038-4b37-b204-48cdea6c4760 ] Request (MigrationsAdminTest:test_resize_server_revert_deleted_flavor): 200 GET http://10.180.1.21/compute/v2.1/servers/73bdb7a5-0809-45da-a73e-7d2dfe556bc2 0.111s
2025-12-09 06:53:14.966 66698 INFO tempest.lib.common.rest_client [req-ee15eb70-61cd-4920-bd4d-d23cdc3b03d9 req-ee15eb70-61cd-4920-bd4d-d23cdc3b03d9 ] Request (InstanceActionsNegativeTestJSON:setUpClass): 200 PUT http://10.180.1.21/networking/v2.0/routers/6d33f690-ca15-471f-8e65-426af8edb723/add_router_interface 0.829s
2025-12-09 06:53:14.966 66698 INFO tempest.lib.common.dynamic_creds [-] Created isolated network resources for: credentials: Credentials: {'domain_id': 'default', 'domain_name': 'Default', 'username': 'tempest-InstanceActionsNegativeTestJSON-1548040282-project-member', 'project_domain_id': 'default', 'project_domain_name': 'Default', 'project_id': 'ad6611f075ce4c4a89f7fa49e2445018', 'project_name': 'tempest-InstanceActionsNegativeTestJSON-1548040282', 'tenant_id': 'ad6611f075ce4c4a89f7fa49e2445018', 'tenant_name': 'tempest-InstanceActionsNegativeTestJSON-1548040282', 'user_domain_id': 'default', 'user_domain_name': 'Default', 'user_id': 'c23cdc9f7f964d73a1a07d2e8f00b335', 'system': None}, Network: {'id': '73e7e5e3-2b16-4120-83a0-cb3940b3a3c8', 'name': 'tempest-InstanceActionsNegativeTestJSON-1629649072-network', 'tenant_id': 'ad6611f075ce4c4a89f7fa49e2445018', 'project_id': 'ad6611f075ce4c4a89f7fa49e2445018', 'admin_state_up': True, 'mtu': 8950, 'status': 'ACTIVE', 'subnets': [], 'shared': False, 'port_security_enabled': True, 'router:external': False, 'provider:network_type': 'vlan', 'provider:physical_network': 'default', 'provider:segmentation_id': 96, 'availability_zone_hints': [], 'availability_zones': [], 'ipv4_address_scope': None, 'ipv6_address_scope': None, 'description': '', 'tags': [], 'created_at': '2025-12-09T06:53:13Z', 'updated_at': '2025-12-09T06:53:13Z', 'revision_number': 1}, Subnet: {'id': '16c184ab-2b9c-4aa2-8330-44473f9d2de3', 'name': 'tempest-InstanceActionsNegativeTestJSON-1629649072-subnet', 'tenant_id': 'ad6611f075ce4c4a89f7fa49e2445018', 'network_id': '73e7e5e3-2b16-4120-83a0-cb3940b3a3c8', 'ip_version': 4, 'subnetpool_id': None, 'enable_dhcp': True, 'ipv6_ra_mode': None, 'ipv6_address_mode': None, 'gateway_ip': '192.168.128.1', 'cidr': '192.168.128.0/28', 'allocation_pools': [{'start': '192.168.128.2', 'end': '192.168.128.14'}], 'host_routes': [], 'dns_nameservers': [], 'description': '', 'router:external': False, 'service_types': [], 'tags': [], 'created_at': '2025-12-09T06:53:13Z', 'updated_at': '2025-12-09T06:53:13Z', 'revision_number': 0, 'project_id': 'ad6611f075ce4c4a89f7fa49e2445018'}, Router: {'id': '6d33f690-ca15-471f-8e65-426af8edb723', 'name': 'tempest-InstanceActionsNegativeTestJSON-1629649072-router', 'tenant_id': 'ad6611f075ce4c4a89f7fa49e2445018', 'admin_state_up': True, 'status': 'ACTIVE', 'external_gateway_info': {'network_id': '6ff6a580-fc9e-4c63-aba2-7353470ab4f5', 'external_fixed_ips': [{'subnet_id': '16840a21-d243-47d5-a969-664ddfb9bffa', 'ip_address': '10.180.180.213'}], 'enable_snat': True}, 'description': '', 'availability_zones': [], 'distributed': False, 'ha': False, 'availability_zone_hints': [], 'routes': [], 'flavor_id': None, 'tags': [], 'created_at': '2025-12-09T06:53:13Z', 'updated_at': '2025-12-09T06:53:13Z', 'revision_number': 2, 'project_id': 'ad6611f075ce4c4a89f7fa49e2445018'}
2025-12-09 06:53:14.997 66704 INFO tempest.lib.common.rest_client [req-3a6f16ae-ad5c-43d6-aca8-94e26cf31ab8 req-3a6f16ae-ad5c-43d6-aca8-94e26cf31ab8 ] Request (ListImageFiltersTestJSON:tearDownClass): 200 GET http://10.180.1.21/compute/v2.1/servers/6f4b9ce3-647d-4620-a9b7-b91782b15142 0.118s
2025-12-09 06:53:15.065 66698 INFO tempest.lib.common.rest_client [req-7835638f-d0d9-4974-a25f-2e16defe4612 req-7835638f-d0d9-4974-a25f-2e16defe4612 ] Request (InstanceActionsNegativeTestJSON:setUpClass): 201 POST http://10.180.1.21/identity/v3/auth/tokens 0.095s
2025-12-09 06:53:15.070 66710 INFO tempest.lib.common.rest_client [req-79e59d8c-b3d8-49ec-b68b-cd7c0a8db795 req-79e59d8c-b3d8-49ec-b68b-cd7c0a8db795 ] Request (ListServerFiltersTestJSON:tearDownClass): 200 GET http://10.180.1.21/compute/v2.1/servers/9db16423-dca3-4cd7-b9a3-76d1f5b3dfce 0.069s
2025-12-09 06:53:15.072 66752 INFO tempest.lib.common.rest_client [req-cd931c0a-2c05-4d36-8aae-9121a724a150 req-cd931c0a-2c05-4d36-8aae-9121a724a150 ] Request (ServerShowV257Test:tearDownClass): 200 GET http://10.180.1.21/compute/v2.1/servers/439d8471-340a-47b7-9ceb-3685243c886a 0.083s
2025-12-09 06:53:15.101 66698 INFO tempest.lib.common.rest_client [req-11b47f2f-eb84-44a5-86d3-8ec15ed5dd05 req-11b47f2f-eb84-44a5-86d3-8ec15ed5dd05 ] Request (InstanceActionsNegativeTestJSON:setUpClass): 201 POST http://10.180.1.21/identity/v3/auth/tokens 0.033s
2025-12-09 06:53:15.102 66698 INFO tempest.lib.common.fixed_network [-] (InstanceActionsNegativeTestJSON:setUpClass) Found network {'id': '73e7e5e3-2b16-4120-83a0-cb3940b3a3c8', 'name': 'tempest-InstanceActionsNegativeTestJSON-1629649072-network', 'tenant_id': 'ad6611f075ce4c4a89f7fa49e2445018', 'project_id': 'ad6611f075ce4c4a89f7fa49e2445018', 'admin_state_up': True, 'mtu': 8950, 'status': 'ACTIVE', 'subnets': [], 'shared': False, 'port_security_enabled': True, 'router:external': False, 'provider:network_type': 'vlan', 'provider:physical_network': 'default', 'provider:segmentation_id': 96, 'availability_zone_hints': [], 'availability_zones': [], 'ipv4_address_scope': None, 'ipv6_address_scope': None, 'description': '', 'tags': [], 'created_at': '2025-12-09T06:53:13Z', 'updated_at': '2025-12-09T06:53:13Z', 'revision_number': 1} available for tenant
2025-12-09 06:53:15.151 66718 INFO tempest.lib.common.rest_client [req-ef1ba21c-16e1-4e61-8b5a-7bd6ec2d4420 req-ef1ba21c-16e1-4e61-8b5a-7bd6ec2d4420 ] Request (SecurityGroupsTestJSON:test_server_security_groups): 200 GET http://10.180.1.21/compute/v2.1/servers/b3fe91f4-3264-4bd3-8a98-f79597159b3c 0.070s
2025-12-09 06:53:15.164 66736 INFO tempest.lib.common.rest_client [req-a037570b-7ed6-4a0a-9762-182271132bee req-a037570b-7ed6-4a0a-9762-182271132bee ] Request (ServerRescueTestJSON:tearDownClass): 200 GET http://10.180.1.21/compute/v2.1/servers/c3d141df-3545-41ef-8a45-2c31786e105f 0.065s
2025-12-09 06:53:15.224 66742 INFO tempest.lib.common.rest_client [req-14540a62-df34-40e2-98a5-cbb090b31a05 req-14540a62-df34-40e2-98a5-cbb090b31a05 ] Request (ServerActionsTestOtherB:setUpClass): 200 GET http://10.180.1.21/compute/v2.1/servers/e8f4913e-128e-422e-b15d-77b0c0d39be9 0.086s
2025-12-09 06:53:15.284 66714 INFO tempest.lib.common.rest_client [req-64ea1f6e-2953-48c0-863e-af686a762525 req-64ea1f6e-2953-48c0-863e-af686a762525 ] Request (ImagesTestJSON:test_create_image_from_stopped_server): 200 GET http://10.180.1.21/compute/v2.1/servers/eb58f492-ea13-4142-b6ca-30f08b682d45 0.126s
2025-12-09 06:53:15.403 66750 INFO tempest.lib.common.rest_client [req-3a1c38b9-8167-4372-a675-3639cd05b5a0 req-3a1c38b9-8167-4372-a675-3639cd05b5a0 ] Request (ServersAdminNegativeTestJSON:tearDownClass): 200 GET http://10.180.1.21/compute/v2.1/servers/0058f938-2501-4067-b43c-c6d232e210a8 0.186s
2025-12-09 06:53:15.659 66732 INFO tempest.lib.common.rest_client [req-be430aaf-ee55-40aa-a0d4-8d0c4c7c7e68 req-be430aaf-ee55-40aa-a0d4-8d0c4c7c7e68 ] Request (ListServersNegativeTestJSON:tearDownClass): 200 GET http://10.180.1.21/compute/v2.1/servers/9637d808-d637-4625-8726-4b22202bbe86 0.428s
2025-12-09 06:53:15.756 66748 INFO tempest.lib.common.rest_client [req-6a41773e-0888-481d-923a-706832539163 req-6a41773e-0888-481d-923a-706832539163 ] Request (FloatingIPsAssociationTestJSON:tearDownClass): 200 GET http://10.180.1.21/compute/v2.1/servers/2dd3efbc-c0e7-42a1-9768-efc100b95895 0.471s
2025-12-09 06:53:15.818 66734 INFO tempest.lib.common.rest_client [req-ecfe541e-7092-420d-b7a1-402c8c563cdc req-ecfe541e-7092-420d-b7a1-402c8c563cdc ] Request (VolumesAdminNegativeTest:test_update_attached_volume_with_nonexistent_volume_in_uri): 200 GET http://10.180.1.21/compute/v2.1/servers/01bb61e2-cc91-49a9-ac35-d5d459b8d611 0.519s
2025-12-09 06:53:15.859 66698 INFO tempest.lib.common.rest_client [req-f7d1dfa6-b267-45f0-ab8d-390ab5658e64 req-f7d1dfa6-b267-45f0-ab8d-390ab5658e64 ] Request (InstanceActionsNegativeTestJSON:setUpClass): 202 POST http://10.180.1.21/compute/v2.1/servers 0.757s
2025-12-09 06:53:15.870 66706 INFO tempest.lib.common.rest_client [req-fb13a034-ffa7-4c06-a5cf-1598e37fbc91 req-fb13a034-ffa7-4c06-a5cf-1598e37fbc91 ] Request (ServerShowV247Test:test_update_rebuild_list_server): 200 GET http://10.180.1.21/compute/v2.1/servers/36072abf-73fa-4fc4-b261-8bd67329e049 0.518s
2025-12-09 06:53:16.018 66722 INFO tempest.lib.common.rest_client [req-7f0912b7-b576-44ef-b86a-359f84bf359d req-7f0912b7-b576-44ef-b86a-359f84bf359d ] Request (ServerMetadataTestJSON:tearDownClass): 200 GET http://10.180.1.21/compute/v2.1/servers/923ebda9-56c4-45e8-800d-fb2e645e9ee9 0.611s
2025-12-09 06:53:16.063 66716 INFO tempest.lib.common.rest_client [req-dd57b333-ffad-4678-9b43-d5e0576897a0 req-dd57b333-ffad-4678-9b43-d5e0576897a0 ] Request (ServersTestMultiNic:test_verify_duplicate_network_nics): 200 GET http://10.180.1.21/compute/v2.1/servers/2072b7a8-b0cb-4c96-b515-15af8464893b 0.697s
2025-12-09 06:53:16.071 66716 INFO tempest.common.waiters [-] State transition "BUILD/None" ==> "BUILD/block_device_mapping" after 77 second wait
2025-12-09 06:53:16.135 66738 INFO tempest.lib.common.rest_client [req-bbd71a60-f980-4d8c-8c6a-c738fbf36c5f req-bbd71a60-f980-4d8c-8c6a-c738fbf36c5f ] Request (ServersWithSpecificFlavorTestJSON:test_verify_created_server_ephemeral_disk): 200 GET http://10.180.1.21/compute/v2.1/servers/3063304d-b73e-48b9-bf7d-b82289e1bd07 0.628s
2025-12-09 06:53:16.233 66726 INFO tempest.lib.common.rest_client [req-85d28069-0d77-409e-9e50-3aa630206cdc req-85d28069-0d77-409e-9e50-3aa630206cdc ] Request (VolumesAssistedSnapshotsTest:tearDownClass): 200 GET http://10.180.1.21/compute/v2.1/servers/b10ea372-4c7d-4ea6-8994-565bd70daae1 0.638s
2025-12-09 06:53:16.388 66690 INFO tempest.lib.common.rest_client [req-4fb77829-d3ef-4751-9db8-328ecb82ab28 req-4fb77829-d3ef-4751-9db8-328ecb82ab28 ] Request (ServersAdminTestJSON:_run_cleanups): 200 GET http://10.180.1.21/compute/v2.1/servers/7fe97ce1-586f-4d3a-bb85-54b2820370dc 0.763s
2025-12-09 06:53:16.409 66694 INFO tempest.lib.common.rest_client [req-3aae1dff-bc9d-4968-9bc7-11ff8e1f3cc6 req-3aae1dff-bc9d-4968-9bc7-11ff8e1f3cc6 ] Request (ServerDiskConfigTestJSON:test_resize_server_from_auto_to_manual): 200 GET http://10.180.1.21/compute/v2.1/servers/6b34e522-491c-4129-a3d7-d918b9fcb956 0.990s
2025-12-09 06:53:16.473 66696 INFO tempest.lib.common.rest_client [req-69c26383-b5c7-4d22-92e8-c8ee0f49b1d8 req-69c26383-b5c7-4d22-92e8-c8ee0f49b1d8 ] Request (DeleteServersTestJSON:test_delete_server_while_in_attached_volume): 200 GET http://10.180.1.21/compute/v2.1/servers/69e1822d-61e8-485e-bdd5-b90c8d3acc70 0.750s
2025-12-09 06:53:16.495 66746 INFO tempest.lib.common.rest_client [req-b658d017-d06d-440a-9557-553059dfbb84 req-b658d017-d06d-440a-9557-553059dfbb84 ] Request (ServerGroupTestJSON:_run_cleanups): 200 GET http://10.180.1.21/compute/v2.1/servers/49f8f6b8-e280-4fb4-913c-5fc41fd01b90 0.842s
2025-12-09 06:53:16.520 66698 INFO tempest.lib.common.rest_client [req-a5677c01-6b08-46df-85ce-83e27d77b6f5 req-a5677c01-6b08-46df-85ce-83e27d77b6f5 ] Request (InstanceActionsNegativeTestJSON:setUpClass): 200 GET http://10.180.1.21/compute/v2.1/servers/68472208-c935-409e-92b0-c1695b55f90c 0.659s
2025-12-09 06:53:16.635 66704 INFO tempest.lib.common.rest_client [req-ac1da262-56ca-43cb-9555-4d1111b53055 req-ac1da262-56ca-43cb-9555-4d1111b53055 ] Request (ListImageFiltersTestJSON:tearDownClass): 200 GET http://10.180.1.21/compute/v2.1/servers/6f4b9ce3-647d-4620-a9b7-b91782b15142 0.629s
2025-12-09 06:53:16.660 66692 INFO tempest.lib.common.rest_client [req-4944815a-8000-4866-8943-8c8c95ddc3ca req-4944815a-8000-4866-8943-8c8c95ddc3ca ] Request (MigrationsAdminTest:test_resize_server_revert_deleted_flavor): 200 GET http://10.180.1.21/compute/v2.1/servers/73bdb7a5-0809-45da-a73e-7d2dfe556bc2 0.739s
2025-12-09 06:53:16.695 66710 INFO tempest.lib.common.rest_client [req-e927ae3d-39c9-406b-b65f-bdce8830091b req-e927ae3d-39c9-406b-b65f-bdce8830091b ] Request (ListServerFiltersTestJSON:tearDownClass): 200 GET http://10.180.1.21/compute/v2.1/servers/9db16423-dca3-4cd7-b9a3-76d1f5b3dfce 0.612s
2025-12-09 06:53:16.726 66752 INFO tempest.lib.common.rest_client [req-f095e70d-c48a-448f-99eb-ec644fb21695 req-f095e70d-c48a-448f-99eb-ec644fb21695 ] Request (ServerShowV257Test:tearDownClass): 200 GET http://10.180.1.21/compute/v2.1/servers/439d8471-340a-47b7-9ceb-3685243c886a 0.641s
2025-12-09 06:53:16.758 66718 INFO tempest.lib.common.rest_client [req-6d54eb82-faf4-4b3b-b548-ede19ab0238e req-6d54eb82-faf4-4b3b-b548-ede19ab0238e ] Request (SecurityGroupsTestJSON:test_server_security_groups): 200 GET http://10.180.1.21/compute/v2.1/servers/b3fe91f4-3264-4bd3-8a98-f79597159b3c 0.596s
2025-12-09 06:53:16.784 66736 INFO tempest.lib.common.rest_client [req-0d3a301d-614e-4829-a9ee-fd4ee6d141d4 req-0d3a301d-614e-4829-a9ee-fd4ee6d141d4 ] Request (ServerRescueTestJSON:tearDownClass): 200 GET http://10.180.1.21/compute/v2.1/servers/c3d141df-3545-41ef-8a45-2c31786e105f 0.608s
2025-12-09 06:53:16.811 66742 INFO tempest.lib.common.rest_client [req-7488a6ea-6c09-4290-92c0-3716e4dcb0c4 req-7488a6ea-6c09-4290-92c0-3716e4dcb0c4 ] Request (ServerActionsTestOtherB:setUpClass): 200 GET http://10.180.1.21/compute/v2.1/servers/e8f4913e-128e-422e-b15d-77b0c0d39be9 0.579s
2025-12-09 06:53:16.833 66714 INFO tempest.lib.common.rest_client [req-7c9b3baf-c7c0-4a5e-adb0-38560872c266 req-7c9b3baf-c7c0-4a5e-adb0-38560872c266 ] Request (ImagesTestJSON:test_create_image_from_stopped_server): 200 GET http://10.180.1.21/compute/v2.1/servers/eb58f492-ea13-4142-b6ca-30f08b682d45 0.539s
2025-12-09 06:53:16.863 66750 INFO tempest.lib.common.rest_client [req-05abd3e7-2a69-4681-a066-a49c238a9c02 req-05abd3e7-2a69-4681-a066-a49c238a9c02 ] Request (ServersAdminNegativeTestJSON:tearDownClass): 200 GET http://10.180.1.21/compute/v2.1/servers/0058f938-2501-4067-b43c-c6d232e210a8 0.448s
2025-12-09 06:53:16.886 66732 INFO tempest.lib.common.rest_client [req-b7b81569-e3d3-4615-9b27-4923ae1165f0 req-b7b81569-e3d3-4615-9b27-4923ae1165f0 ] Request (ListServersNegativeTestJSON:tearDownClass): 200 GET http://10.180.1.21/compute/v2.1/servers/9637d808-d637-4625-8726-4b22202bbe86 0.219s
2025-12-09 06:53:16.919 66748 INFO tempest.lib.common.rest_client [req-37a7d9c7-60d3-49d5-a504-497a62477da5 req-37a7d9c7-60d3-49d5-a504-497a62477da5 ] Request (FloatingIPsAssociationTestJSON:tearDownClass): 200 GET http://10.180.1.21/compute/v2.1/servers/2dd3efbc-c0e7-42a1-9768-efc100b95895 0.155s
2025-12-09 06:53:16.944 66734 INFO tempest.lib.common.rest_client [req-dfd98e69-ce34-48ad-a6ec-236e221d104e req-dfd98e69-ce34-48ad-a6ec-236e221d104e ] Request (VolumesAdminNegativeTest:test_update_attached_volume_with_nonexistent_volume_in_uri): 200 GET http://10.180.1.21/compute/v2.1/servers/01bb61e2-cc91-49a9-ac35-d5d459b8d611 0.116s
2025-12-09 06:53:16.982 66706 INFO tempest.lib.common.rest_client [req-137de279-64c6-4065-a2e6-531a76b943bc req-137de279-64c6-4065-a2e6-531a76b943bc ] Request (ServerShowV247Test:test_update_rebuild_list_server): 200 GET http://10.180.1.21/compute/v2.1/servers/36072abf-73fa-4fc4-b261-8bd67329e049 0.100s
2025-12-09 06:53:17.004 66740 WARNING tempest.lib.common.ssh [-] Failed to establish authenticated ssh connection to cirros@10.180.180.192 ([Errno None] Unable to connect to port 22 on 10.180.180.192). Number attempts: 3. Retry after 4 seconds.: paramiko.ssh_exception.NoValidConnectionsError: [Errno None] Unable to connect to port 22 on 10.180.180.192
2025-12-09 06:53:17.094 66722 INFO tempest.lib.common.rest_client [req-802a6439-0c33-4c73-9b16-9b5d21a895b4 req-802a6439-0c33-4c73-9b16-9b5d21a895b4 ] Request (ServerMetadataTestJSON:tearDownClass): 200 GET http://10.180.1.21/compute/v2.1/servers/923ebda9-56c4-45e8-800d-fb2e645e9ee9 0.067s
2025-12-09 06:53:17.182 66716 INFO tempest.lib.common.rest_client [req-c7767934-75a2-4414-827a-ab0414e17485 req-c7767934-75a2-4414-827a-ab0414e17485 ] Request (ServersTestMultiNic:test_verify_duplicate_network_nics): 200 GET http://10.180.1.21/compute/v2.1/servers/2072b7a8-b0cb-4c96-b515-15af8464893b 0.110s
2025-12-09 06:53:17.189 66716 INFO tempest.common.waiters [-] State transition "BUILD/block_device_mapping" ==> "BUILD/spawning" after 78 second wait
2025-12-09 06:53:17.202 66738 INFO tempest.lib.common.rest_client [req-dfc2a4c1-fa91-48ef-a7e8-a94b7302c100 req-dfc2a4c1-fa91-48ef-a7e8-a94b7302c100 ] Request (ServersWithSpecificFlavorTestJSON:test_verify_created_server_ephemeral_disk): 200 GET http://10.180.1.21/compute/v2.1/servers/3063304d-b73e-48b9-bf7d-b82289e1bd07 0.054s
2025-12-09 06:53:17.315 66726 INFO tempest.lib.common.rest_client [req-c0365478-edc9-4706-a98d-7845ce6972ec req-c0365478-edc9-4706-a98d-7845ce6972ec ] Request (VolumesAssistedSnapshotsTest:tearDownClass): 200 GET http://10.180.1.21/compute/v2.1/servers/b10ea372-4c7d-4ea6-8994-565bd70daae1 0.068s
2025-12-09 06:53:17.483 66694 INFO tempest.lib.common.rest_client [req-980196fe-59cd-4791-8101-d88e2e8d3b81 req-980196fe-59cd-4791-8101-d88e2e8d3b81 ] Request (ServerDiskConfigTestJSON:test_resize_server_from_auto_to_manual): 200 GET http://10.180.1.21/compute/v2.1/servers/6b34e522-491c-4129-a3d7-d918b9fcb956 0.060s
2025-12-09 06:53:17.515 66690 INFO tempest.lib.common.rest_client [req-c32849ed-e455-40b5-a806-722755d41cab req-c32849ed-e455-40b5-a806-722755d41cab ] Request (ServersAdminTestJSON:_run_cleanups): 200 GET http://10.180.1.21/compute/v2.1/servers/7fe97ce1-586f-4d3a-bb85-54b2820370dc 0.116s
2025-12-09 06:53:17.523 66690 INFO tempest.common.waiters [-] State transition "REBUILD/rebuild_spawning" ==> "ACTIVE/None" after 10 second wait
2025-12-09 06:53:17.535 66696 INFO tempest.lib.common.rest_client [req-4107bc69-a5b3-4a23-93c0-47ab64bb0620 req-4107bc69-a5b3-4a23-93c0-47ab64bb0620 ] Request (DeleteServersTestJSON:test_delete_server_while_in_attached_volume): 200 GET http://10.180.1.21/compute/v2.1/servers/69e1822d-61e8-485e-bdd5-b90c8d3acc70 0.052s
2025-12-09 06:53:17.585 66746 INFO tempest.lib.common.rest_client [req-9bde526f-6d79-45fa-ac9b-494be76061dd req-9bde526f-6d79-45fa-ac9b-494be76061dd ] Request (ServerGroupTestJSON:_run_cleanups): 200 GET http://10.180.1.21/compute/v2.1/servers/49f8f6b8-e280-4fb4-913c-5fc41fd01b90 0.072s
2025-12-09 06:53:17.589 66690 INFO tempest.lib.common.rest_client [req-b00b4ef7-7d54-4d08-864f-7a711ac8e581 req-b00b4ef7-7d54-4d08-864f-7a711ac8e581 ] Request (ServersAdminTestJSON:test_reset_state_server): 202 POST http://10.180.1.21/compute/v2.1/servers/7fe97ce1-586f-4d3a-bb85-54b2820370dc/action 0.064s
2025-12-09 06:53:17.655 66698 INFO tempest.lib.common.rest_client [req-2b2c795a-e9a5-4a48-837d-c3000337a078 req-2b2c795a-e9a5-4a48-837d-c3000337a078 ] Request (InstanceActionsNegativeTestJSON:setUpClass): 200 GET http://10.180.1.21/compute/v2.1/servers/68472208-c935-409e-92b0-c1695b55f90c 0.123s
2025-12-09 06:53:17.662 66698 INFO tempest.common.waiters [-] State transition "BUILD/scheduling" ==> "BUILD/None" after 1 second wait
2025-12-09 06:53:17.713 66704 INFO tempest.lib.common.rest_client [req-004f4982-47b2-4775-ae72-284f4a6fd390 req-004f4982-47b2-4775-ae72-284f4a6fd390 ] Request (ListImageFiltersTestJSON:tearDownClass): 200 GET http://10.180.1.21/compute/v2.1/servers/6f4b9ce3-647d-4620-a9b7-b91782b15142 0.070s
2025-12-09 06:53:17.721 66704 INFO tempest.common.waiters [-] State transition "ACTIVE/deleting" ==> "DELETED/None" after 5 second wait
2025-12-09 06:53:17.733 66690 INFO tempest.lib.common.rest_client [req-3548f57e-939b-4c64-9e21-bac9f19aafa9 req-3548f57e-939b-4c64-9e21-bac9f19aafa9 ] Request (ServersAdminTestJSON:test_reset_state_server): 200 GET http://10.180.1.21/compute/v2.1/servers/7fe97ce1-586f-4d3a-bb85-54b2820370dc 0.144s
2025-12-09 06:53:17.754 66710 INFO tempest.lib.common.rest_client [req-389daaf9-057d-4e43-ac5b-2f00e7bad09a req-389daaf9-057d-4e43-ac5b-2f00e7bad09a ] Request (ListServerFiltersTestJSON:tearDownClass): 404 GET http://10.180.1.21/compute/v2.1/servers/9db16423-dca3-4cd7-b9a3-76d1f5b3dfce 0.050s
2025-12-09 06:53:17.810 66692 INFO tempest.lib.common.rest_client [req-6170fa18-66b1-43bd-909a-0617e7b1d341 req-6170fa18-66b1-43bd-909a-0617e7b1d341 ] Request (MigrationsAdminTest:test_resize_server_revert_deleted_flavor): 200 GET http://10.180.1.21/compute/v2.1/servers/73bdb7a5-0809-45da-a73e-7d2dfe556bc2 0.141s
2025-12-09 06:53:17.821 66752 INFO tempest.lib.common.rest_client [req-6b925324-328d-4f07-83cb-4af90ffd2efc req-6b925324-328d-4f07-83cb-4af90ffd2efc ] Request (ServerShowV257Test:tearDownClass): 200 GET http://10.180.1.21/compute/v2.1/servers/439d8471-340a-47b7-9ceb-3685243c886a 0.086s
2025-12-09 06:53:17.864 66690 INFO tempest.lib.common.rest_client [req-11546c79-d730-4035-ba85-b57daf47ce02 req-11546c79-d730-4035-ba85-b57daf47ce02 ] Request (ServersAdminTestJSON:test_reset_state_server): 202 POST http://10.180.1.21/compute/v2.1/servers/7fe97ce1-586f-4d3a-bb85-54b2820370dc/action 0.122s
2025-12-09 06:53:17.896 66710 INFO tempest.lib.common.rest_client [req-a628e109-7d0e-432e-884a-80a456c6f0a1 req-a628e109-7d0e-432e-884a-80a456c6f0a1 ] Request (ListServerFiltersTestJSON:tearDownClass): 204 DELETE http://10.180.1.21/compute/v2.1/servers/08eb1faf-bff1-4f68-bd3d-6ba923d56bc2 0.142s
2025-12-09 06:53:17.927 66718 INFO tempest.lib.common.rest_client [req-a9e83b89-8fa3-48fc-ba77-8b4f7c8605e0 req-a9e83b89-8fa3-48fc-ba77-8b4f7c8605e0 ] Request (SecurityGroupsTestJSON:test_server_security_groups): 200 GET http://10.180.1.21/compute/v2.1/servers/b3fe91f4-3264-4bd3-8a98-f79597159b3c 0.162s
2025-12-09 06:53:17.967 66736 INFO tempest.lib.common.rest_client [req-c293e3cb-f3b7-4aa5-84f3-884ff35cee38 req-c293e3cb-f3b7-4aa5-84f3-884ff35cee38 ] Request (ServerRescueTestJSON:tearDownClass): 200 GET http://10.180.1.21/compute/v2.1/servers/c3d141df-3545-41ef-8a45-2c31786e105f 0.172s
2025-12-09 06:53:17.987 66742 INFO tempest.lib.common.rest_client [req-4f2cb82e-1280-4089-9afb-cba55e152de4 req-4f2cb82e-1280-4089-9afb-cba55e152de4 ] Request (ServerActionsTestOtherB:setUpClass): 200 GET http://10.180.1.21/compute/v2.1/servers/e8f4913e-128e-422e-b15d-77b0c0d39be9 0.169s
2025-12-09 06:53:18.014 66714 INFO tempest.lib.common.rest_client [req-9d146b33-2c94-4168-ab64-3f64e3c0fa18 req-9d146b33-2c94-4168-ab64-3f64e3c0fa18 ] Request (ImagesTestJSON:test_create_image_from_stopped_server): 200 GET http://10.180.1.21/compute/v2.1/servers/eb58f492-ea13-4142-b6ca-30f08b682d45 0.173s
2025-12-09 06:53:18.085 66750 INFO tempest.lib.common.rest_client [req-65a40f3f-de82-434a-88fd-c5f7bda646c6 req-65a40f3f-de82-434a-88fd-c5f7bda646c6 ] Request (ServersAdminNegativeTestJSON:tearDownClass): 200 GET http://10.180.1.21/compute/v2.1/servers/0058f938-2501-4067-b43c-c6d232e210a8 0.212s
2025-12-09 06:53:18.087 66690 INFO tempest.lib.common.rest_client [req-765c49cd-623f-42ad-960c-2d44576bb8c8 req-765c49cd-623f-42ad-960c-2d44576bb8c8 ] Request (ServersAdminTestJSON:test_reset_state_server): 200 GET http://10.180.1.21/compute/v2.1/servers/7fe97ce1-586f-4d3a-bb85-54b2820370dc 0.223s
2025-12-09 06:53:18.144 66732 INFO tempest.lib.common.rest_client [req-feb38662-230e-4fd7-bcc8-94d0303b4369 req-feb38662-230e-4fd7-bcc8-94d0303b4369 ] Request (ListServersNegativeTestJSON:tearDownClass): 200 GET http://10.180.1.21/compute/v2.1/servers/9637d808-d637-4625-8726-4b22202bbe86 0.249s
2025-12-09 06:53:18.199 66748 INFO tempest.lib.common.rest_client [req-0391cc4d-f289-4af7-8728-7b96aaeb3db2 req-0391cc4d-f289-4af7-8728-7b96aaeb3db2 ] Request (FloatingIPsAssociationTestJSON:tearDownClass): 200 GET http://10.180.1.21/compute/v2.1/servers/2dd3efbc-c0e7-42a1-9768-efc100b95895 0.272s
2025-12-09 06:53:18.216 66710 INFO tempest.lib.common.rest_client [req-96df583f-34fa-4d46-80e4-70f99c87f400 req-96df583f-34fa-4d46-80e4-70f99c87f400 ] Request (ListServerFiltersTestJSON:tearDownClass): 200 GET http://10.180.1.21/compute/v2.1/servers/08eb1faf-bff1-4f68-bd3d-6ba923d56bc2 0.319s
